0:00:00.017950055  2662 0x12c5370 DEBUG   GST_REGISTRY gstregistrychunks.c:740:gst_registry_chunks_load_feature: Added feature output-selector, plugin 0x12df070 coreelements
0:00:00.017956029  2662 0x12c5370 DEBUG   GST_REGISTRY gstregistrychunks.c:582:gst_registry_chunks_load_feature: Plugin 'coreelements' feature 'input-selector' typename : 'GstElementFactory'
0:00:00.013941588  2663 0x18e8350 DEBUG   GST_POLL gstpoll.c:979:gst_poll_fd_ctl_write: 0x18f0850: fd (fd:0, idx:1), active : 1
0:00:00.013947813  2663 0x18e8350 LOG   GST_POLL gstpoll.c:994:gst_poll_fd_ctl_write: 0x18f0850: pfd->events now 60 (POLLOUT:4)
0:00:00.017963290  2662 0x12c5370 TRACE   GST_REFCOUNTING gstobject.c:208:gst_object_init: 0x12e4420 new
0:00:00.013955933  2663 0x18e8350 DEBUG   GST_POLL gstpoll.c:979:gst_poll_fd_ctl_write: 0x18f0850: fd (fd:0, idx:1), active : 1
0:00:00.017975187  2662 0x12c5370 LOG   GST_REGISTRY gstregistrychunks.c:609:gst_registry_chunks_load_feature: Reading/casting for GstRegistryChunkElementFactory at address 0x12e1520
0:00:00.013962741  2663 0x18e8350 LOG   GST_POLL gstpoll.c:994:gst_poll_fd_ctl_write: 0x18f0850: pfd->events now 60 (POLLOUT:4)
0:00:00.017982978  2662 0x12c5370 TRACE   structure gststructure.c:287:gst_structure_new_id_empty_with_size: created structure 0x12e4630
0:00:00.013968745  2663 0x18e8350 DEBUG   GST_POLL gstpoll.c:979:gst_poll_fd_ctl_write: 0x18f0850: fd (fd:0, idx:1), active : 1
0:00:00.017989197  2662 0x12c5370 DEBUG   structure gststructure.c:2203:gst_structure_parse_field: trying field name 'long-name'
0:00:00.013975429  2663 0x18e8350 LOG   GST_POLL gstpoll.c:994:gst_poll_fd_ctl_write: 0x18f0850: pfd->events now 60 (POLLOUT:4)
0:00:00.017995011  2662 0x12c5370 DEBUG   default gstvalue.c:2676:_priv_gst_value_parse_value: trying type name 'string'
0:00:00.013981554  2663 0x18e8350 DEBUG   GST_POLL gstpoll.c:979:gst_poll_fd_ctl_write: 0x18f0850: fd (fd:0, idx:1), active : 1
0:00:00.018005951  2662 0x12c5370 DEBUG   structure gststructure.c:2203:gst_structure_parse_field: trying field name 'klass'
0:00:00.013991588  2663 0x18e8350 LOG   GST_POLL gstpoll.c:994:gst_poll_fd_ctl_write: 0x18f0850: pfd->events now 60 (POLLOUT:4)
0:00:00.018011666  2662 0x12c5370 DEBUG   default gstvalue.c:2676:_priv_gst_value_parse_value: trying type name 'string'
0:00:00.013998477  2663 0x18e8350 DEBUG   GST_POLL gstpoll.c:979:gst_poll_fd_ctl_write: 0x18f0850: fd (fd:0, idx:1), active : 1
0:00:00.018017594  2662 0x12c5370 DEBUG   structure gststructure.c:2203:gst_structure_parse_field: trying field name 'description'
0:00:00.014003994  2663 0x18e8350 LOG   GST_POLL gstpoll.c:994:gst_poll_fd_ctl_write: 0x18f0850: pfd->events now 60 (POLLOUT:4)
0:00:00.018023055  2662 0x12c5370 DEBUG   default gstvalue.c:2676:_priv_gst_value_parse_value: trying type name 'string'
0:00:00.014017388  2663 0x18e8350 DEBUG   GST_POLL gstpoll.c:979:gst_poll_fd_ctl_write: 0x18f0850: fd (fd:0, idx:1), active : 1
0:00:00.018035813  2662 0x12c5370 DEBUG   structure gststructure.c:2203:gst_structure_parse_field: trying field name 'author'
0:00:00.014023848  2663 0x18e8350 LOG   GST_POLL gstpoll.c:994:gst_poll_fd_ctl_write: 0x18f0850: pfd->events now 60 (POLLOUT:4)
0:00:00.018042504  2662 0x12c5370 DEBUG   default gstvalue.c:2676:_priv_gst_value_parse_value: trying type name 'string'
0:00:00.014029694  2663 0x18e8350 DEBUG   GST_POLL gstpoll.c:979:gst_poll_fd_ctl_write: 0x18f0850: fd (fd:0, idx:1), active : 1
0:00:00.018050573  2662 0x12c5370 DEBUG   GST_REGISTRY gstregistrychunks.c:626:gst_registry_chunks_load_feature: Element factory : npadtemplates=2
0:00:00.014035464  2663 0x18e8350 LOG   GST_POLL gstpoll.c:994:gst_poll_fd_ctl_write: 0x18f0850: pfd->events now 60 (POLLOUT:4)
0:00:00.018056418  2662 0x12c5370 DEBUG   GST_REGISTRY gstregistrychunks.c:525:gst_registry_chunks_load_pad_template: Reading/casting for GstRegistryChunkPadTemplate at address 0x12e1650
0:00:00.014042989  2663 0x18e8350 DEBUG   GST_POLL gstpoll.c:979:gst_poll_fd_ctl_write: 0x18f0850: fd (fd:0, idx:1), active : 1
0:00:00.018062319  2662 0x12c5370 DEBUG   GST_REGISTRY gstregistrychunks.c:539:gst_registry_chunks_load_pad_template: Added pad_template src
0:00:00.014048567  2663 0x18e8350 LOG   GST_POLL gstpoll.c:994:gst_poll_fd_ctl_write: 0x18f0850: pfd->events now 60 (POLLOUT:4)
0:00:00.018067799  2662 0x12c5370 DEBUG   GST_REGISTRY gstregistrychunks.c:525:gst_registry_chunks_load_pad_template: Reading/casting for GstRegistryChunkPadTemplate at address 0x12e1660
0:00:00.014054429  2663 0x18e8350 DEBUG   GST_POLL gstpoll.c:979:gst_poll_fd_ctl_write: 0x18f0850: fd (fd:0, idx:1), active : 1
0:00:00.018073928  2662 0x12c5370 DEBUG   GST_REGISTRY gstregistrychunks.c:539:gst_registry_chunks_load_pad_template: Added pad_template sink_%u
0:00:00.014059936  2663 0x18e8350 LOG   GST_POLL gstpoll.c:994:gst_poll_fd_ctl_write: 0x18f0850: pfd->events now 60 (POLLOUT:4)
0:00:00.018085586  2662 0x12c5370 DEBUG   GST_REGISTRY gstregistry.c:589:gst_registry_add_feature: adding feature 0x12e4420 (input-selector)
0:00:00.014072694  2663 0x18e8350 DEBUG   GST_POLL gstpoll.c:979:gst_poll_fd_ctl_write: 0x18f0850: fd (fd:0, idx:1), active : 1
0:00:00.018093308  2662 0x12c5370 DEBUG   GST_REFCOUNTING gstobject.c:708:gst_object_set_parent: set parent (ref and sink)
0:00:00.014079125  2663 0x18e8350 LOG   GST_POLL gstpoll.c:994:gst_poll_fd_ctl_write: 0x18f0850: pfd->events now 60 (POLLOUT:4)
0:00:00.018102081  2662 0x12c5370 TRACE   GST_REFCOUNTING gstobject.c:292:gst_object_ref_sink: 0x12e4420 ref_sink 1->2
0:00:00.014087091  2663 0x18e8350 DEBUG   GST_POLL gstpoll.c:979:gst_poll_fd_ctl_write: 0x18f0850: fd (fd:0, idx:1), active : 1
0:00:00.018109033  2662 0x12c5370 LOG   GST_REGISTRY gstregistry.c:607:gst_registry_add_feature: emitting feature-added for input-selector
0:00:00.014094652  2663 0x18e8350 LOG   GST_POLL gstpoll.c:994:gst_poll_fd_ctl_write: 0x18f0850: pfd->events now 60 (POLLOUT:4)
0:00:00.018115908  2662 0x12c5370 DEBUG   GST_REGISTRY gstregistrychunks.c:740:gst_registry_chunks_load_feature: Added feature input-selector, plugin 0x12df070 coreelements
0:00:00.014101311  2663 0x18e8350 DEBUG   GST_POLL gstpoll.c:979:gst_poll_fd_ctl_write: 0x18f0850: fd (fd:0, idx:1), active : 1
0:00:00.018122926  2662 0x12c5370 DEBUG   GST_REGISTRY gstregistrychunks.c:582:gst_registry_chunks_load_feature: Plugin 'coreelements' feature 'identity' typename : 'GstElementFactory'
0:00:00.014108449  2663 0x18e8350 LOG   GST_POLL gstpoll.c:994:gst_poll_fd_ctl_write: 0x18f0850: pfd->events now 60 (POLLOUT:4)
0:00:00.014115503  2663 0x18e8350 DEBUG   GST_POLL gstpoll.c:979:gst_poll_fd_ctl_write: 0x18f0850: fd (fd:0, idx:1), active : 1
0:00:00.018130699  2662 0x12c5370 TRACE   GST_REFCOUNTING gstobject.c:208:gst_object_init: 0x12e4870 new
0:00:00.014120609  2663 0x18e8350 LOG   GST_POLL gstpoll.c:994:gst_poll_fd_ctl_write: 0x18f0850: pfd->events now 60 (POLLOUT:4)
0:00:00.018139652  2662 0x12c5370 LOG   GST_REGISTRY gstregistrychunks.c:609:gst_registry_chunks_load_feature: Reading/casting for GstRegistryChunkElementFactory at address 0x12e1690
0:00:00.014128616  2663 0x18e8350 DEBUG   GST_POLL gstpoll.c:979:gst_poll_fd_ctl_write: 0x18f0850: fd (fd:0, idx:1), active : 1
0:00:00.018145927  2662 0x12c5370 TRACE   structure gststructure.c:287:gst_structure_new_id_empty_with_size: created structure 0x12e4a20
0:00:00.014135083  2663 0x18e8350 LOG   GST_POLL gstpoll.c:994:gst_poll_fd_ctl_write: 0x18f0850: pfd->events now 60 (POLLOUT:4)
0:00:00.018154441  2662 0x12c5370 DEBUG   structure gststructure.c:2203:gst_structure_parse_field: trying field name 'long-name'
0:00:00.014141145  2663 0x18e8350 DEBUG   GST_POLL gstpoll.c:979:gst_poll_fd_ctl_write: 0x18f0850: fd (fd:0, idx:1), active : 1
0:00:00.018161279  2662 0x12c5370 DEBUG   default gstvalue.c:2676:_priv_gst_value_parse_value: trying type name 'string'
0:00:00.014152372  2663 0x18e8350 LOG   GST_POLL gstpoll.c:994:gst_poll_fd_ctl_write: 0x18f0850: pfd->events now 60 (POLLOUT:4)
0:00:00.018171305  2662 0x12c5370 DEBUG   structure gststructure.c:2203:gst_structure_parse_field: trying field name 'klass'
0:00:00.014158401  2663 0x18e8350 DEBUG   GST_POLL gstpoll.c:979:gst_poll_fd_ctl_write: 0x18f0850: fd (fd:0, idx:1), active : 1
0:00:00.018177254  2662 0x12c5370 DEBUG   default gstvalue.c:2676:_priv_gst_value_parse_value: trying type name 'string'
0:00:00.014163861  2663 0x18e8350 LOG   GST_POLL gstpoll.c:994:gst_poll_fd_ctl_write: 0x18f0850: pfd->events now 60 (POLLOUT:4)
0:00:00.018183219  2662 0x12c5370 DEBUG   structure gststructure.c:2203:gst_structure_parse_field: trying field name 'description'
0:00:00.014169610  2663 0x18e8350 DEBUG   GST_POLL gstpoll.c:979:gst_poll_fd_ctl_write: 0x18f0850: fd (fd:0, idx:1), active : 1
0:00:00.018188749  2662 0x12c5370 DEBUG   default gstvalue.c:2676:_priv_gst_value_parse_value: trying type name 'string'
0:00:00.014175066  2663 0x18e8350 LOG   GST_POLL gstpoll.c:994:gst_poll_fd_ctl_write: 0x18f0850: pfd->events now 60 (POLLOUT:4)
0:00:00.018194869  2662 0x12c5370 DEBUG   structure gststructure.c:2203:gst_structure_parse_field: trying field name 'author'
0:00:00.014183284  2663 0x18e8350 DEBUG   GST_POLL gstpoll.c:979:gst_poll_fd_ctl_write: 0x18f0850: fd (fd:0, idx:1), active : 1
0:00:00.018200246  2662 0x12c5370 DEBUG   default gstvalue.c:2676:_priv_gst_value_parse_value: trying type name 'string'
0:00:00.014189983  2663 0x18e8350 LOG   GST_POLL gstpoll.c:994:gst_poll_fd_ctl_write: 0x18f0850: pfd->events now 60 (POLLOUT:4)
0:00:00.018210518  2662 0x12c5370 DEBUG   GST_REGISTRY gstregistrychunks.c:626:gst_registry_chunks_load_feature: Element factory : npadtemplates=2
0:00:00.014196176  2663 0x18e8350 DEBUG   GST_POLL gstpoll.c:979:gst_poll_fd_ctl_write: 0x18f0850: fd (fd:0, idx:1), active : 1
0:00:00.018217171  2662 0x12c5370 DEBUG   GST_REGISTRY gstregistrychunks.c:525:gst_registry_chunks_load_pad_template: Reading/casting for GstRegistryChunkPadTemplate at address 0x12e1760
0:00:00.014203378  2663 0x18e8350 LOG   GST_POLL gstpoll.c:994:gst_poll_fd_ctl_write: 0x18f0850: pfd->events now 60 (POLLOUT:4)
0:00:00.018223262  2662 0x12c5370 DEBUG   GST_REGISTRY gstregistrychunks.c:539:gst_registry_chunks_load_pad_template: Added pad_template sink
0:00:00.014209563  2663 0x18e8350 DEBUG   GST_POLL gstpoll.c:979:gst_poll_fd_ctl_write: 0x18f0850: fd (fd:0, idx:1), active : 1
0:00:00.018228892  2662 0x12c5370 DEBUG   GST_REGISTRY gstregistrychunks.c:525:gst_registry_chunks_load_pad_template: Reading/casting for GstRegistryChunkPadTemplate at address 0x12e1778
0:00:00.014215173  2663 0x18e8350 LOG   GST_POLL gstpoll.c:994:gst_poll_fd_ctl_write: 0x18f0850: pfd->events now 60 (POLLOUT:4)
0:00:00.018234476  2662 0x12c5370 DEBUG   GST_REGISTRY gstregistrychunks.c:539:gst_registry_chunks_load_pad_template: Added pad_template src
0:00:00.014233333  2663 0x18e8350 DEBUG   GST_POLL gstpoll.c:979:gst_poll_fd_ctl_write: 0x18f0850: fd (fd:0, idx:1), active : 1
0:00:00.014254072  2663 0x18e8350 LOG   GST_POLL gstpoll.c:994:gst_poll_fd_ctl_write: 0x18f0850: pfd->events now 60 (POLLOUT:4)
0:00:00.018270937  2662 0x12c5370 DEBUG   GST_REGISTRY gstregistry.c:589:gst_registry_add_feature: adding feature 0x12e4870 (identity)
0:00:00.014260023  2663 0x18e8350 DEBUG   GST_POLL gstpoll.c:979:gst_poll_fd_ctl_write: 0x18f0850: fd (fd:0, idx:1), active : 1
0:00:00.018280103  2662 0x12c5370 DEBUG   GST_REFCOUNTING gstobject.c:708:gst_object_set_parent: set parent (ref and sink)
0:00:00.014265821  2663 0x18e8350 LOG   GST_POLL gstpoll.c:994:gst_poll_fd_ctl_write: 0x18f0850: pfd->events now 60 (POLLOUT:4)
0:00:00.014273777  2663 0x18e8350 DEBUG   GST_POLL gstpoll.c:979:gst_poll_fd_ctl_write: 0x18f0850: fd (fd:0, idx:1), active : 1
0:00:00.018289833  2662 0x12c5370 TRACE   GST_REFCOUNTING gstobject.c:292:gst_object_ref_sink: 0x12e4870 ref_sink 1->2
0:00:00.014278680  2663 0x18e8350 LOG   GST_POLL gstpoll.c:994:gst_poll_fd_ctl_write: 0x18f0850: pfd->events now 60 (POLLOUT:4)
0:00:00.018297561  2662 0x12c5370 LOG   GST_REGISTRY gstregistry.c:607:gst_registry_add_feature: emitting feature-added for identity
0:00:00.014284394  2663 0x18e8350 DEBUG   GST_POLL gstpoll.c:979:gst_poll_fd_ctl_write: 0x18f0850: fd (fd:0, idx:1), active : 1
0:00:00.018304690  2662 0x12c5370 DEBUG   GST_REGISTRY gstregistrychunks.c:740:gst_registry_chunks_load_feature: Added feature identity, plugin 0x12df070 coreelements
0:00:00.014290000  2663 0x18e8350 LOG   GST_POLL gstpoll.c:994:gst_poll_fd_ctl_write: 0x18f0850: pfd->events now 60 (POLLOUT:4)
0:00:00.018311676  2662 0x12c5370 DEBUG   GST_REGISTRY gstregistrychunks.c:582:gst_registry_chunks_load_feature: Plugin 'coreelements' feature 'funnel' typename : 'GstElementFactory'
0:00:00.014299423  2663 0x18e8350 DEBUG   GST_POLL gstpoll.c:979:gst_poll_fd_ctl_write: 0x18f0850: fd (fd:0, idx:1), active : 1
0:00:00.018319538  2662 0x12c5370 TRACE   GST_REFCOUNTING gstobject.c:208:gst_object_init: 0x12e4c20 new
0:00:00.014305818  2663 0x18e8350 LOG   GST_POLL gstpoll.c:994:gst_poll_fd_ctl_write: 0x18f0850: pfd->events now 60 (POLLOUT:4)
0:00:00.018327326  2662 0x12c5370 LOG   GST_REGISTRY gstregistrychunks.c:609:gst_registry_chunks_load_feature: Reading/casting for GstRegistryChunkElementFactory at address 0x12e17a8
0:00:00.014312638  2663 0x18e8350 DEBUG   GST_POLL gstpoll.c:979:gst_poll_fd_ctl_write: 0x18f0850: fd (fd:0, idx:1), active : 1
0:00:00.018333818  2662 0x12c5370 TRACE   structure gststructure.c:287:gst_structure_new_id_empty_with_size: created structure 0x12e4e70
0:00:00.014319662  2663 0x18e8350 LOG   GST_POLL gstpoll.c:994:gst_poll_fd_ctl_write: 0x18f0850: pfd->events now 60 (POLLOUT:4)
0:00:00.018339796  2662 0x12c5370 DEBUG   structure gststructure.c:2203:gst_structure_parse_field: trying field name 'long-name'
0:00:00.014326322  2663 0x18e8350 DEBUG   GST_POLL gstpoll.c:979:gst_poll_fd_ctl_write: 0x18f0850: fd (fd:0, idx:1), active : 1
0:00:00.018351810  2662 0x12c5370 DEBUG   default gstvalue.c:2676:_priv_gst_value_parse_value: trying type name 'string'
0:00:00.014337243  2663 0x18e8350 LOG   GST_POLL gstpoll.c:994:gst_poll_fd_ctl_write: 0x18f0850: pfd->events now 60 (POLLOUT:4)
0:00:00.018359535  2662 0x12c5370 DEBUG   structure gststructure.c:2203:gst_structure_parse_field: trying field name 'klass'
0:00:00.014345137  2663 0x18e8350 DEBUG   GST_POLL gstpoll.c:979:gst_poll_fd_ctl_write: 0x18f0850: fd (fd:0, idx:1), active : 1
0:00:00.018365236  2662 0x12c5370 DEBUG   default gstvalue.c:2676:_priv_gst_value_parse_value: trying type name 'string'
0:00:00.014351353  2663 0x18e8350 LOG   GST_POLL gstpoll.c:994:gst_poll_fd_ctl_write: 0x18f0850: pfd->events now 60 (POLLOUT:4)
0:00:00.018375318  2662 0x12c5370 DEBUG   structure gststructure.c:2203:gst_structure_parse_field: trying field name 'description'
0:00:00.014359744  2663 0x18e8350 DEBUG   GST_POLL gstpoll.c:979:gst_poll_fd_ctl_write: 0x18f0850: fd (fd:0, idx:1), active : 1
0:00:00.018381336  2662 0x12c5370 DEBUG   default gstvalue.c:2676:_priv_gst_value_parse_value: trying type name 'string'
0:00:00.014368032  2663 0x18e8350 LOG   GST_POLL gstpoll.c:994:gst_poll_fd_ctl_write: 0x18f0850: pfd->events now 60 (POLLOUT:4)
0:00:00.018387593  2662 0x12c5370 DEBUG   structure gststructure.c:2203:gst_structure_parse_field: trying field name 'author'
0:00:00.014374294  2663 0x18e8350 DEBUG   GST_POLL gstpoll.c:979:gst_poll_fd_ctl_write: 0x18f0850: fd (fd:0, idx:1), active : 1
0:00:00.018393198  2662 0x12c5370 DEBUG   default gstvalue.c:2676:_priv_gst_value_parse_value: trying type name 'string'
0:00:00.014380201  2663 0x18e8350 LOG   GST_POLL gstpoll.c:994:gst_poll_fd_ctl_write: 0x18f0850: pfd->events now 60 (POLLOUT:4)
0:00:00.014386614  2663 0x18e8350 DEBUG   GST_POLL gstpoll.c:979:gst_poll_fd_ctl_write: 0x18f0850: fd (fd:0, idx:1), active : 1
0:00:00.018402357  2662 0x12c5370 DEBUG   GST_REGISTRY gstregistrychunks.c:626:gst_registry_chunks_load_feature: Element factory : npadtemplates=2
0:00:00.014391720  2663 0x18e8350 LOG   GST_POLL gstpoll.c:994:gst_poll_fd_ctl_write: 0x18f0850: pfd->events now 60 (POLLOUT:4)
0:00:00.018409648  2662 0x12c5370 DEBUG   GST_REGISTRY gstregistrychunks.c:525:gst_registry_chunks_load_pad_template: Reading/casting for GstRegistryChunkPadTemplate at address 0x12e1880
0:00:00.014397516  2663 0x18e8350 DEBUG   GST_POLL gstpoll.c:979:gst_poll_fd_ctl_write: 0x18f0850: fd (fd:0, idx:1), active : 1
0:00:00.018415927  2662 0x12c5370 DEBUG   GST_REGISTRY gstregistrychunks.c:539:gst_registry_chunks_load_pad_template: Added pad_template src
0:00:00.014403028  2663 0x18e8350 LOG   GST_POLL gstpoll.c:994:gst_poll_fd_ctl_write: 0x18f0850: pfd->events now 60 (POLLOUT:4)
0:00:00.018421636  2662 0x12c5370 DEBUG   GST_REGISTRY gstregistrychunks.c:525:gst_registry_chunks_load_pad_template: Reading/casting for GstRegistryChunkPadTemplate at address 0x12e1890
0:00:00.014411186  2663 0x18e8350 DEBUG   GST_POLL gstpoll.c:979:gst_poll_fd_ctl_write: 0x18f0850: fd (fd:0, idx:1), active : 1
0:00:00.018456085  2662 0x12c5370 DEBUG   GST_REGISTRY gstregistrychunks.c:539:gst_registry_chunks_load_pad_template: Added pad_template sink_%u
0:00:00.014443126  2663 0x18e8350 LOG   GST_POLL gstpoll.c:994:gst_poll_fd_ctl_write: 0x18f0850: pfd->events now 60 (POLLOUT:4)
0:00:00.018464395  2662 0x12c5370 DEBUG   GST_REGISTRY gstregistry.c:589:gst_registry_add_feature: adding feature 0x12e4c20 (funnel)
0:00:00.014449672  2663 0x18e8350 DEBUG   GST_POLL gstpoll.c:979:gst_poll_fd_ctl_write: 0x18f0850: fd (fd:0, idx:1), active : 1
0:00:00.018470783  2662 0x12c5370 DEBUG   GST_REFCOUNTING gstobject.c:708:gst_object_set_parent: set parent (ref and sink)
0:00:00.014456809  2663 0x18e8350 LOG   GST_POLL gstpoll.c:994:gst_poll_fd_ctl_write: 0x18f0850: pfd->events now 60 (POLLOUT:4)
0:00:00.018478553  2662 0x12c5370 TRACE   GST_REFCOUNTING gstobject.c:292:gst_object_ref_sink: 0x12e4c20 ref_sink 1->2
0:00:00.014463861  2663 0x18e8350 DEBUG   GST_POLL gstpoll.c:979:gst_poll_fd_ctl_write: 0x18f0850: fd (fd:0, idx:1), active : 1
0:00:00.014472087  2663 0x18e8350 LOG   GST_POLL gstpoll.c:994:gst_poll_fd_ctl_write: 0x18f0850: pfd->events now 60 (POLLOUT:4)
0:00:00.018487581  2662 0x12c5370 LOG   GST_REGISTRY gstregistry.c:607:gst_registry_add_feature: emitting feature-added for funnel
0:00:00.014477326  2663 0x18e8350 DEBUG   GST_POLL gstpoll.c:979:gst_poll_fd_ctl_write: 0x18f0850: fd (fd:0, idx:1), active : 1
0:00:00.018496201  2662 0x12c5370 DEBUG   GST_REGISTRY gstregistrychunks.c:740:gst_registry_chunks_load_feature: Added feature funnel, plugin 0x12df070 coreelements
0:00:00.014482822  2663 0x18e8350 LOG   GST_POLL gstpoll.c:994:gst_poll_fd_ctl_write: 0x18f0850: pfd->events now 60 (POLLOUT:4)
0:00:00.018502803  2662 0x12c5370 DEBUG   GST_REGISTRY gstregistrychunks.c:582:gst_registry_chunks_load_feature: Plugin 'coreelements' feature 'filesrc' typename : 'GstElementFactory'
0:00:00.014490718  2663 0x18e8350 DEBUG   GST_POLL gstpoll.c:979:gst_poll_fd_ctl_write: 0x18f0850: fd (fd:0, idx:1), active : 1
0:00:00.018510418  2662 0x12c5370 TRACE   GST_REFCOUNTING gstobject.c:208:gst_object_init: 0x12e5100 new
0:00:00.014497173  2663 0x18e8350 LOG   GST_POLL gstpoll.c:994:gst_poll_fd_ctl_write: 0x18f0850: pfd->events now 60 (POLLOUT:4)
0:00:00.018518317  2662 0x12c5370 LOG   GST_REGISTRY gstregistrychunks.c:609:gst_registry_chunks_load_feature: Reading/casting for GstRegistryChunkElementFactory at address 0x12e18c0
0:00:00.014503277  2663 0x18e8350 DEBUG   GST_POLL gstpoll.c:979:gst_poll_fd_ctl_write: 0x18f0850: fd (fd:0, idx:1), active : 1
0:00:00.018525265  2662 0x12c5370 TRACE   structure gststructure.c:287:gst_structure_new_id_empty_with_size: created structure 0x12e52c0
0:00:00.014510704  2663 0x18e8350 LOG   GST_POLL gstpoll.c:994:gst_poll_fd_ctl_write: 0x18f0850: pfd->events now 60 (POLLOUT:4)
0:00:00.018530948  2662 0x12c5370 DEBUG   structure gststructure.c:2203:gst_structure_parse_field: trying field name 'long-name'
0:00:00.014522340  2663 0x18e8350 DEBUG   GST_POLL gstpoll.c:979:gst_poll_fd_ctl_write: 0x18f0850: fd (fd:0, idx:1), active : 1
0:00:00.018539865  2662 0x12c5370 DEBUG   default gstvalue.c:2676:_priv_gst_value_parse_value: trying type name 'string'
0:00:00.014528293  2663 0x18e8350 LOG   GST_POLL gstpoll.c:994:gst_poll_fd_ctl_write: 0x18f0850: pfd->events now 60 (POLLOUT:4)
0:00:00.018548355  2662 0x12c5370 DEBUG   structure gststructure.c:2203:gst_structure_parse_field: trying field name 'klass'
0:00:00.014534184  2663 0x18e8350 DEBUG   GST_POLL gstpoll.c:979:gst_poll_fd_ctl_write: 0x18f0850: fd (fd:0, idx:1), active : 1
0:00:00.018555016  2662 0x12c5370 DEBUG   default gstvalue.c:2676:_priv_gst_value_parse_value: trying type name 'string'
0:00:00.014541141  2663 0x18e8350 LOG   GST_POLL gstpoll.c:994:gst_poll_fd_ctl_write: 0x18f0850: pfd->events now 60 (POLLOUT:4)
0:00:00.018560959  2662 0x12c5370 DEBUG   structure gststructure.c:2203:gst_structure_parse_field: trying field name 'description'
0:00:00.014549356  2663 0x18e8350 DEBUG   GST_POLL gstpoll.c:979:gst_poll_fd_ctl_write: 0x18f0850: fd (fd:0, idx:1), active : 1
0:00:00.018566458  2662 0x12c5370 DEBUG   default gstvalue.c:2676:_priv_gst_value_parse_value: trying type name 'string'
0:00:00.014555991  2663 0x18e8350 LOG   GST_POLL gstpoll.c:994:gst_poll_fd_ctl_write: 0x18f0850: pfd->events now 60 (POLLOUT:4)
0:00:00.018574007  2662 0x12c5370 DEBUG   structure gststructure.c:2203:gst_structure_parse_field: trying field name 'author'
0:00:00.014562317  2663 0x18e8350 DEBUG   GST_POLL gstpoll.c:979:gst_poll_fd_ctl_write: 0x18f0850: fd (fd:0, idx:1), active : 1
0:00:00.018579462  2662 0x12c5370 DEBUG   default gstvalue.c:2676:_priv_gst_value_parse_value: trying type name 'string'
0:00:00.014567997  2663 0x18e8350 LOG   GST_POLL gstpoll.c:994:gst_poll_fd_ctl_write: 0x18f0850: pfd->events now 60 (POLLOUT:4)
0:00:00.018586246  2662 0x12c5370 DEBUG   GST_REGISTRY gstregistrychunks.c:626:gst_registry_chunks_load_feature: Element factory : npadtemplates=1
0:00:00.014574034  2663 0x18e8350 DEBUG   GST_POLL gstpoll.c:979:gst_poll_fd_ctl_write: 0x18f0850: fd (fd:0, idx:1), active : 1
0:00:00.018591858  2662 0x12c5370 DEBUG   GST_REGISTRY gstregistrychunks.c:525:gst_registry_chunks_load_pad_template: Reading/casting for GstRegistryChunkPadTemplate at address 0x12e19a0
0:00:00.014579662  2663 0x18e8350 LOG   GST_POLL gstpoll.c:994:gst_poll_fd_ctl_write: 0x18f0850: pfd->events now 60 (POLLOUT:4)
0:00:00.018599348  2662 0x12c5370 DEBUG   GST_REGISTRY gstregistrychunks.c:539:gst_registry_chunks_load_pad_template: Added pad_template src
0:00:00.014585446  2663 0x18e8350 DEBUG   GST_POLL gstpoll.c:979:gst_poll_fd_ctl_write: 0x18f0850: fd (fd:0, idx:1), active : 1
0:00:00.018606653  2662 0x12c5370 DEBUG   GST_REGISTRY gstregistrychunks.c:639:gst_registry_chunks_load_feature: Reading 1 UriTypes at address 0x12e19b0
0:00:00.014591972  2663 0x18e8350 LOG   GST_POLL gstpoll.c:994:gst_poll_fd_ctl_write: 0x18f0850: pfd->events now 60 (POLLOUT:4)
0:00:00.018618236  2662 0x12c5370 DEBUG   GST_REGISTRY gstregistrychunks.c:654:gst_registry_chunks_load_feature: Reading 1 Interfaces at address 0x12e19b9
0:00:00.014606061  2663 0x18e8350 DEBUG   GST_POLL gstpoll.c:979:gst_poll_fd_ctl_write: 0x18f0850: fd (fd:0, idx:1), active : 1
0:00:00.018626347  2662 0x12c5370 DEBUG   GST_REGISTRY gstregistry.c:589:gst_registry_add_feature: adding feature 0x12e5100 (filesrc)
0:00:00.014612545  2663 0x18e8350 LOG   GST_POLL gstpoll.c:994:gst_poll_fd_ctl_write: 0x18f0850: pfd->events now 60 (POLLOUT:4)
0:00:00.018637211  2662 0x12c5370 DEBUG   GST_REFCOUNTING gstobject.c:708:gst_object_set_parent: set parent (ref and sink)
0:00:00.014623650  2663 0x18e8350 DEBUG   GST_POLL gstpoll.c:979:gst_poll_fd_ctl_write: 0x18f0850: fd (fd:0, idx:1), active : 1
0:00:00.018644925  2662 0x12c5370 TRACE   GST_REFCOUNTING gstobject.c:292:gst_object_ref_sink: 0x12e5100 ref_sink 1->2
0:00:00.014630167  2663 0x18e8350 LOG   GST_POLL gstpoll.c:994:gst_poll_fd_ctl_write: 0x18f0850: pfd->events now 60 (POLLOUT:4)
0:00:00.018652037  2662 0x12c5370 LOG   GST_REGISTRY gstregistry.c:607:gst_registry_add_feature: emitting feature-added for filesrc
0:00:00.014638219  2663 0x18e8350 DEBUG   GST_POLL gstpoll.c:979:gst_poll_fd_ctl_write: 0x18f0850: fd (fd:0, idx:1), active : 1
0:00:00.018658931  2662 0x12c5370 DEBUG   GST_REGISTRY gstregistrychunks.c:740:gst_registry_chunks_load_feature: Added feature filesrc, plugin 0x12df070 coreelements
0:00:00.014644053  2663 0x18e8350 LOG   GST_POLL gstpoll.c:994:gst_poll_fd_ctl_write: 0x18f0850: pfd->events now 60 (POLLOUT:4)
0:00:00.014652232  2663 0x18e8350 DEBUG   GST_POLL gstpoll.c:979:gst_poll_fd_ctl_write: 0x18f0850: fd (fd:0, idx:1), active : 1
0:00:00.018667586  2662 0x12c5370 DEBUG   GST_REGISTRY gstregistrychunks.c:582:gst_registry_chunks_load_feature: Plugin 'coreelements' feature 'fdsink' typename : 'GstElementFactory'
0:00:00.014657282  2663 0x18e8350 LOG   GST_POLL gstpoll.c:994:gst_poll_fd_ctl_write: 0x18f0850: pfd->events now 60 (POLLOUT:4)
0:00:00.018676965  2662 0x12c5370 TRACE   GST_REFCOUNTING gstobject.c:208:gst_object_init: 0x12e54e0 new
0:00:00.014665377  2663 0x18e8350 DEBUG   GST_POLL gstpoll.c:979:gst_poll_fd_ctl_write: 0x18f0850: fd (fd:0, idx:1), active : 1
0:00:00.018684947  2662 0x12c5370 LOG   GST_REGISTRY gstregistrychunks.c:609:gst_registry_chunks_load_feature: Reading/casting for GstRegistryChunkElementFactory at address 0x12e19e0
0:00:00.014671823  2663 0x18e8350 LOG   GST_POLL gstpoll.c:994:gst_poll_fd_ctl_write: 0x18f0850: pfd->events now 60 (POLLOUT:4)
0:00:00.018691668  2662 0x12c5370 TRACE   structure gststructure.c:287:gst_structure_new_id_empty_with_size: created structure 0x12e55d0
0:00:00.014677945  2663 0x18e8350 DEBUG   GST_POLL gstpoll.c:979:gst_poll_fd_ctl_write: 0x18f0850: fd (fd:0, idx:1), active : 1
0:00:00.018697791  2662 0x12c5370 DEBUG   structure gststructure.c:2203:gst_structure_parse_field: trying field name 'long-name'
0:00:00.014688282  2663 0x18e8350 LOG   GST_POLL gstpoll.c:994:gst_poll_fd_ctl_write: 0x18f0850: pfd->events now 60 (POLLOUT:4)
0:00:00.018706191  2662 0x12c5370 DEBUG   default gstvalue.c:2676:_priv_gst_value_parse_value: trying type name 'string'
0:00:00.014694439  2663 0x18e8350 DEBUG   GST_POLL gstpoll.c:979:gst_poll_fd_ctl_write: 0x18f0850: fd (fd:0, idx:1), active : 1
0:00:00.018712474  2662 0x12c5370 DEBUG   structure gststructure.c:2203:gst_structure_parse_field: trying field name 'klass'
0:00:00.014699849  2663 0x18e8350 LOG   GST_POLL gstpoll.c:994:gst_poll_fd_ctl_write: 0x18f0850: pfd->events now 60 (POLLOUT:4)
0:00:00.018717971  2662 0x12c5370 DEBUG   default gstvalue.c:2676:_priv_gst_value_parse_value: trying type name 'string'
0:00:00.014706035  2663 0x18e8350 DEBUG   GST_POLL gstpoll.c:979:gst_poll_fd_ctl_write: 0x18f0850: fd (fd:0, idx:1), active : 1
0:00:00.018726404  2662 0x12c5370 DEBUG   structure gststructure.c:2203:gst_structure_parse_field: trying field name 'description'
0:00:00.014711610  2663 0x18e8350 LOG   GST_POLL gstpoll.c:994:gst_poll_fd_ctl_write: 0x18f0850: pfd->events now 60 (POLLOUT:4)
0:00:00.018733207  2662 0x12c5370 DEBUG   default gstvalue.c:2676:_priv_gst_value_parse_value: trying type name 'string'
0:00:00.014721593  2663 0x18e8350 DEBUG   GST_POLL gstpoll.c:979:gst_poll_fd_ctl_write: 0x18f0850: fd (fd:0, idx:1), active : 1
0:00:00.018739730  2662 0x12c5370 DEBUG   structure gststructure.c:2203:gst_structure_parse_field: trying field name 'author'
0:00:00.014727833  2663 0x18e8350 LOG   GST_POLL gstpoll.c:994:gst_poll_fd_ctl_write: 0x18f0850: pfd->events now 60 (POLLOUT:4)
0:00:00.018745251  2662 0x12c5370 DEBUG   default gstvalue.c:2676:_priv_gst_value_parse_value: trying type name 'string'
0:00:00.014733904  2663 0x18e8350 DEBUG   GST_POLL gstpoll.c:979:gst_poll_fd_ctl_write: 0x18f0850: fd (fd:0, idx:1), active : 1
0:00:00.018751996  2662 0x12c5370 DEBUG   GST_REGISTRY gstregistrychunks.c:626:gst_registry_chunks_load_feature: Element factory : npadtemplates=1
0:00:00.014739659  2663 0x18e8350 LOG   GST_POLL gstpoll.c:994:gst_poll_fd_ctl_write: 0x18f0850: pfd->events now 60 (POLLOUT:4)
0:00:00.018757855  2662 0x12c5370 DEBUG   GST_REGISTRY gstregistrychunks.c:525:gst_registry_chunks_load_pad_template: Reading/casting for GstRegistryChunkPadTemplate at address 0x12e1ac0
0:00:00.014745719  2663 0x18e8350 DEBUG   GST_POLL gstpoll.c:979:gst_poll_fd_ctl_write: 0x18f0850: fd (fd:0, idx:1), active : 1
0:00:00.018763926  2662 0x12c5370 DEBUG   GST_REGISTRY gstregistrychunks.c:539:gst_registry_chunks_load_pad_template: Added pad_template sink
0:00:00.014751265  2663 0x18e8350 LOG   GST_POLL gstpoll.c:994:gst_poll_fd_ctl_write: 0x18f0850: pfd->events now 60 (POLLOUT:4)
0:00:00.018770502  2662 0x12c5370 DEBUG   GST_REGISTRY gstregistrychunks.c:639:gst_registry_chunks_load_feature: Reading 1 UriTypes at address 0x12e1ad1
0:00:00.014761448  2663 0x18e8350 DEBUG   GST_POLL gstpoll.c:979:gst_poll_fd_ctl_write: 0x18f0850: fd (fd:0, idx:1), active : 1
0:00:00.018781558  2662 0x12c5370 DEBUG   GST_REGISTRY gstregistrychunks.c:654:gst_registry_chunks_load_feature: Reading 1 Interfaces at address 0x12e1adf
0:00:00.014767083  2663 0x18e8350 LOG   GST_POLL gstpoll.c:994:gst_poll_fd_ctl_write: 0x18f0850: pfd->events now 60 (POLLOUT:4)
0:00:00.018790447  2662 0x12c5370 DEBUG   GST_REGISTRY gstregistry.c:589:gst_registry_add_feature: adding feature 0x12e54e0 (fdsink)
0:00:00.014776760  2663 0x18e8350 DEBUG   GST_POLL gstpoll.c:979:gst_poll_fd_ctl_write: 0x18f0850: fd (fd:0, idx:1), active : 1
0:00:00.018796673  2662 0x12c5370 DEBUG   GST_REFCOUNTING gstobject.c:708:gst_object_set_parent: set parent (ref and sink)
0:00:00.014783123  2663 0x18e8350 LOG   GST_POLL gstpoll.c:994:gst_poll_fd_ctl_write: 0x18f0850: pfd->events now 60 (POLLOUT:4)
0:00:00.018804194  2662 0x12c5370 TRACE   GST_REFCOUNTING gstobject.c:292:gst_object_ref_sink: 0x12e54e0 ref_sink 1->2
0:00:00.014789877  2663 0x18e8350 DEBUG   GST_POLL gstpoll.c:979:gst_poll_fd_ctl_write: 0x18f0850: fd (fd:0, idx:1), active : 1
0:00:00.018811286  2662 0x12c5370 LOG   GST_REGISTRY gstregistry.c:607:gst_registry_add_feature: emitting feature-added for fdsink
0:00:00.014796871  2663 0x18e8350 LOG   GST_POLL gstpoll.c:994:gst_poll_fd_ctl_write: 0x18f0850: pfd->events now 60 (POLLOUT:4)
0:00:00.018818181  2662 0x12c5370 DEBUG   GST_REGISTRY gstregistrychunks.c:740:gst_registry_chunks_load_feature: Added feature fdsink, plugin 0x12df070 coreelements
0:00:00.014803831  2663 0x18e8350 DEBUG   GST_POLL gstpoll.c:979:gst_poll_fd_ctl_write: 0x18f0850: fd (fd:0, idx:1), active : 1
0:00:00.018825043  2662 0x12c5370 DEBUG   GST_REGISTRY gstregistrychunks.c:582:gst_registry_chunks_load_feature: Plugin 'coreelements' feature 'fdsrc' typename : 'GstElementFactory'
0:00:00.014810361  2663 0x18e8350 LOG   GST_POLL gstpoll.c:994:gst_poll_fd_ctl_write: 0x18f0850: pfd->events now 60 (POLLOUT:4)
0:00:00.014817452  2663 0x18e8350 DEBUG   GST_POLL gstpoll.c:979:gst_poll_fd_ctl_write: 0x18f0850: fd (fd:0, idx:1), active : 1
0:00:00.018832710  2662 0x12c5370 TRACE   GST_REFCOUNTING gstobject.c:208:gst_object_init: 0x12e53f0 new
0:00:00.014822588  2663 0x18e8350 LOG   GST_POLL gstpoll.c:994:gst_poll_fd_ctl_write: 0x18f0850: pfd->events now 60 (POLLOUT:4)
0:00:00.018843589  2662 0x12c5370 LOG   GST_REGISTRY gstregistrychunks.c:609:gst_registry_chunks_load_feature: Reading/casting for GstRegistryChunkElementFactory at address 0x12e1b08
0:00:00.014830817  2663 0x18e8350 DEBUG   GST_POLL gstpoll.c:979:gst_poll_fd_ctl_write: 0x18f0850: fd (fd:0, idx:1), active : 1
0:00:00.018851131  2662 0x12c5370 TRACE   structure gststructure.c:287:gst_structure_new_id_empty_with_size: created structure 0x12e5950
0:00:00.014837108  2663 0x18e8350 LOG   GST_POLL gstpoll.c:994:gst_poll_fd_ctl_write: 0x18f0850: pfd->events now 60 (POLLOUT:4)
0:00:00.018862102  2662 0x12c5370 DEBUG   structure gststructure.c:2203:gst_structure_parse_field: trying field name 'long-name'
0:00:00.014848586  2663 0x18e8350 DEBUG   GST_POLL gstpoll.c:979:gst_poll_fd_ctl_write: 0x18f0850: fd (fd:0, idx:1), active : 1
0:00:00.018867906  2662 0x12c5370 DEBUG   default gstvalue.c:2676:_priv_gst_value_parse_value: trying type name 'string'
0:00:00.014854258  2663 0x18e8350 LOG   GST_POLL gstpoll.c:994:gst_poll_fd_ctl_write: 0x18f0850: pfd->events now 60 (POLLOUT:4)
0:00:00.018874783  2662 0x12c5370 DEBUG   structure gststructure.c:2203:gst_structure_parse_field: trying field name 'klass'
0:00:00.014860545  2663 0x18e8350 DEBUG   GST_POLL gstpoll.c:979:gst_poll_fd_ctl_write: 0x18f0850: fd (fd:0, idx:1), active : 1
0:00:00.018880552  2662 0x12c5370 DEBUG   default gstvalue.c:2676:_priv_gst_value_parse_value: trying type name 'string'
0:00:00.014866873  2663 0x18e8350 LOG   GST_POLL gstpoll.c:994:gst_poll_fd_ctl_write: 0x18f0850: pfd->events now 60 (POLLOUT:4)
0:00:00.018886504  2662 0x12c5370 DEBUG   structure gststructure.c:2203:gst_structure_parse_field: trying field name 'description'
0:00:00.014872657  2663 0x18e8350 DEBUG   GST_POLL gstpoll.c:979:gst_poll_fd_ctl_write: 0x18f0850: fd (fd:0, idx:1), active : 1
0:00:00.018892145  2662 0x12c5370 DEBUG   default gstvalue.c:2676:_priv_gst_value_parse_value: trying type name 'string'
0:00:00.014878409  2663 0x18e8350 LOG   GST_POLL gstpoll.c:994:gst_poll_fd_ctl_write: 0x18f0850: pfd->events now 60 (POLLOUT:4)
0:00:00.018900374  2662 0x12c5370 DEBUG   structure gststructure.c:2203:gst_structure_parse_field: trying field name 'author'
0:00:00.014887234  2663 0x18e8350 DEBUG   GST_POLL gstpoll.c:979:gst_poll_fd_ctl_write: 0x18f0850: fd (fd:0, idx:1), active : 1
0:00:00.018907102  2662 0x12c5370 DEBUG   default gstvalue.c:2676:_priv_gst_value_parse_value: trying type name 'string'
0:00:00.014893585  2663 0x18e8350 LOG   GST_POLL gstpoll.c:994:gst_poll_fd_ctl_write: 0x18f0850: pfd->events now 60 (POLLOUT:4)
0:00:00.018913834  2662 0x12c5370 DEBUG   GST_REGISTRY gstregistrychunks.c:626:gst_registry_chunks_load_feature: Element factory : npadtemplates=1
0:00:00.014899744  2663 0x18e8350 DEBUG   GST_POLL gstpoll.c:979:gst_poll_fd_ctl_write: 0x18f0850: fd (fd:0, idx:1), active : 1
0:00:00.018919676  2662 0x12c5370 DEBUG   GST_REGISTRY gstregistrychunks.c:525:gst_registry_chunks_load_pad_template: Reading/casting for GstRegistryChunkPadTemplate at address 0x12e1be8
0:00:00.014905932  2663 0x18e8350 LOG   GST_POLL gstpoll.c:994:gst_poll_fd_ctl_write: 0x18f0850: pfd->events now 60 (POLLOUT:4)
0:00:00.018925451  2662 0x12c5370 DEBUG   GST_REGISTRY gstregistrychunks.c:539:gst_registry_chunks_load_pad_template: Added pad_template src
0:00:00.014911944  2663 0x18e8350 DEBUG   GST_POLL gstpoll.c:979:gst_poll_fd_ctl_write: 0x18f0850: fd (fd:0, idx:1), active : 1
0:00:00.018931698  2662 0x12c5370 DEBUG   GST_REGISTRY gstregistrychunks.c:639:gst_registry_chunks_load_feature: Reading 1 UriTypes at address 0x12e1bf8
0:00:00.014922167  2663 0x18e8350 LOG   GST_POLL gstpoll.c:994:gst_poll_fd_ctl_write: 0x18f0850: pfd->events now 60 (POLLOUT:4)
0:00:00.018941006  2662 0x12c5370 DEBUG   GST_REGISTRY gstregistrychunks.c:654:gst_registry_chunks_load_feature: Reading 1 Interfaces at address 0x12e1bff
0:00:00.014928124  2663 0x18e8350 DEBUG   GST_POLL gstpoll.c:979:gst_poll_fd_ctl_write: 0x18f0850: fd (fd:0, idx:1), active : 1
0:00:00.018948766  2662 0x12c5370 DEBUG   GST_REGISTRY gstregistry.c:589:gst_registry_add_feature: adding feature 0x12e53f0 (fdsrc)
0:00:00.014933665  2663 0x18e8350 LOG   GST_POLL gstpoll.c:994:gst_poll_fd_ctl_write: 0x18f0850: pfd->events now 60 (POLLOUT:4)
0:00:00.018956655  2662 0x12c5370 DEBUG   GST_REFCOUNTING gstobject.c:708:gst_object_set_parent: set parent (ref and sink)
0:00:00.014944157  2663 0x18e8350 DEBUG   GST_POLL gstpoll.c:979:gst_poll_fd_ctl_write: 0x18f0850: fd (fd:0, idx:1), active : 1
0:00:00.014950594  2663 0x18e8350 LOG   GST_POLL gstpoll.c:994:gst_poll_fd_ctl_write: 0x18f0850: pfd->events now 60 (POLLOUT:4)
0:00:00.018965799  2662 0x12c5370 TRACE   GST_REFCOUNTING gstobject.c:292:gst_object_ref_sink: 0x12e53f0 ref_sink 1->2
0:00:00.014956247  2663 0x18e8350 DEBUG   GST_POLL gstpoll.c:979:gst_poll_fd_ctl_write: 0x18f0850: fd (fd:0, idx:1), active : 1
0:00:00.018974412  2662 0x12c5370 LOG   GST_REGISTRY gstregistry.c:607:gst_registry_add_feature: emitting feature-added for fdsrc
0:00:00.014961780  2663 0x18e8350 LOG   GST_POLL gstpoll.c:994:gst_poll_fd_ctl_write: 0x18f0850: pfd->events now 60 (POLLOUT:4)
0:00:00.018981431  2662 0x12c5370 DEBUG   GST_REGISTRY gstregistrychunks.c:740:gst_registry_chunks_load_feature: Added feature fdsrc, plugin 0x12df070 coreelements
0:00:00.014967644  2663 0x18e8350 DEBUG   GST_POLL gstpoll.c:979:gst_poll_fd_ctl_write: 0x18f0850: fd (fd:0, idx:1), active : 1
0:00:00.018988253  2662 0x12c5370 DEBUG   GST_REGISTRY gstregistrychunks.c:582:gst_registry_chunks_load_feature: Plugin 'coreelements' feature 'fakesink' typename : 'GstElementFactory'
0:00:00.014973576  2663 0x18e8350 LOG   GST_POLL gstpoll.c:994:gst_poll_fd_ctl_write: 0x18f0850: pfd->events now 60 (POLLOUT:4)
0:00:00.014980902  2663 0x18e8350 DEBUG   GST_POLL gstpoll.c:979:gst_poll_fd_ctl_write: 0x18f0850: fd (fd:0, idx:1), active : 1
0:00:00.018996199  2662 0x12c5370 TRACE   GST_REFCOUNTING gstobject.c:208:gst_object_init: 0x12e57c0 new
0:00:00.014986412  2663 0x18e8350 LOG   GST_POLL gstpoll.c:994:gst_poll_fd_ctl_write: 0x18f0850: pfd->events now 60 (POLLOUT:4)
0:00:00.019005352  2662 0x12c5370 LOG   GST_REGISTRY gstregistrychunks.c:609:gst_registry_chunks_load_feature: Reading/casting for GstRegistryChunkElementFactory at address 0x12e1c28
0:00:00.014994494  2663 0x18e8350 DEBUG   GST_POLL gstpoll.c:979:gst_poll_fd_ctl_write: 0x18f0850: fd (fd:0, idx:1), active : 1
0:00:00.019011789  2662 0x12c5370 TRACE   structure gststructure.c:287:gst_structure_new_id_empty_with_size: created structure 0x12e5e60
0:00:00.019024734  2662 0x12c5370 DEBUG   structure gststructure.c:2203:gst_structure_parse_field: trying field name 'long-name'
0:00:00.015005627  2663 0x18e8350 LOG   GST_POLL gstpoll.c:994:gst_poll_fd_ctl_write: 0x18f0850: pfd->events now 60 (POLLOUT:4)
0:00:00.019030946  2662 0x12c5370 DEBUG   default gstvalue.c:2676:_priv_gst_value_parse_value: trying type name 'string'
0:00:00.015017897  2663 0x18e8350 DEBUG   GST_POLL gstpoll.c:979:gst_poll_fd_ctl_write: 0x18f0850: fd (fd:0, idx:1), active : 1
0:00:00.019037676  2662 0x12c5370 DEBUG   structure gststructure.c:2203:gst_structure_parse_field: trying field name 'klass'
0:00:00.015023888  2663 0x18e8350 LOG   GST_POLL gstpoll.c:994:gst_poll_fd_ctl_write: 0x18f0850: pfd->events now 60 (POLLOUT:4)
0:00:00.019043333  2662 0x12c5370 DEBUG   default gstvalue.c:2676:_priv_gst_value_parse_value: trying type name 'string'
0:00:00.015029904  2663 0x18e8350 DEBUG   GST_POLL gstpoll.c:979:gst_poll_fd_ctl_write: 0x18f0850: fd (fd:0, idx:1), active : 1
0:00:00.019049375  2662 0x12c5370 DEBUG   structure gststructure.c:2203:gst_structure_parse_field: trying field name 'description'
0:00:00.015035457  2663 0x18e8350 LOG   GST_POLL gstpoll.c:994:gst_poll_fd_ctl_write: 0x18f0850: pfd->events now 60 (POLLOUT:4)
0:00:00.019054902  2662 0x12c5370 DEBUG   default gstvalue.c:2676:_priv_gst_value_parse_value: trying type name 'string'
0:00:00.015041684  2663 0x18e8350 DEBUG   GST_POLL gstpoll.c:979:gst_poll_fd_ctl_write: 0x18f0850: fd (fd:0, idx:1), active : 1
0:00:00.019060744  2662 0x12c5370 DEBUG   structure gststructure.c:2203:gst_structure_parse_field: trying field name 'author'
0:00:00.015049550  2663 0x18e8350 LOG   GST_POLL gstpoll.c:994:gst_poll_fd_ctl_write: 0x18f0850: pfd->events now 60 (POLLOUT:4)
0:00:00.019066745  2662 0x12c5370 DEBUG   default gstvalue.c:2676:_priv_gst_value_parse_value: trying type name 'string'
0:00:00.015057589  2663 0x18e8350 DEBUG   GST_POLL gstpoll.c:979:gst_poll_fd_ctl_write: 0x18f0850: fd (fd:0, idx:1), active : 1
0:00:00.015063451  2663 0x18e8350 LOG   GST_POLL gstpoll.c:994:gst_poll_fd_ctl_write: 0x18f0850: pfd->events now 60 (POLLOUT:4)
0:00:00.019081483  2662 0x12c5370 DEBUG   GST_REGISTRY gstregistrychunks.c:626:gst_registry_chunks_load_feature: Element factory : npadtemplates=1
0:00:00.015068884  2663 0x18e8350 DEBUG   GST_POLL gstpoll.c:979:gst_poll_fd_ctl_write: 0x18f0850: fd (fd:0, idx:1), active : 1
0:00:00.019088258  2662 0x12c5370 DEBUG   GST_REGISTRY gstregistrychunks.c:525:gst_registry_chunks_load_pad_template: Reading/casting for GstRegistryChunkPadTemplate at address 0x12e1d50
0:00:00.015074531  2663 0x18e8350 LOG   GST_POLL gstpoll.c:994:gst_poll_fd_ctl_write: 0x18f0850: pfd->events now 60 (POLLOUT:4)
0:00:00.019094313  2662 0x12c5370 DEBUG   GST_REGISTRY gstregistrychunks.c:539:gst_registry_chunks_load_pad_template: Added pad_template sink
0:00:00.015080789  2663 0x18e8350 DEBUG   GST_POLL gstpoll.c:979:gst_poll_fd_ctl_write: 0x18f0850: fd (fd:0, idx:1), active : 1
0:00:00.015092713  2663 0x18e8350 LOG   GST_POLL gstpoll.c:994:gst_poll_fd_ctl_write: 0x18f0850: pfd->events now 60 (POLLOUT:4)
0:00:00.019108475  2662 0x12c5370 DEBUG   GST_REGISTRY gstregistry.c:589:gst_registry_add_feature: adding feature 0x12e57c0 (fakesink)
0:00:00.015098031  2663 0x18e8350 DEBUG   GST_POLL gstpoll.c:979:gst_poll_fd_ctl_write: 0x18f0850: fd (fd:0, idx:1), active : 1
0:00:00.019115723  2662 0x12c5370 DEBUG   GST_REFCOUNTING gstobject.c:708:gst_object_set_parent: set parent (ref and sink)
0:00:00.015105705  2663 0x18e8350 LOG   GST_POLL gstpoll.c:994:gst_poll_fd_ctl_write: 0x18f0850: pfd->events now 60 (POLLOUT:4)
0:00:00.019123474  2662 0x12c5370 TRACE   GST_REFCOUNTING gstobject.c:292:gst_object_ref_sink: 0x12e57c0 ref_sink 1->2
0:00:00.015113208  2663 0x18e8350 DEBUG   GST_POLL gstpoll.c:979:gst_poll_fd_ctl_write: 0x18f0850: fd (fd:0, idx:1), active : 1
0:00:00.019130446  2662 0x12c5370 LOG   GST_REGISTRY gstregistry.c:607:gst_registry_add_feature: emitting feature-added for fakesink
0:00:00.015119318  2663 0x18e8350 LOG   GST_POLL gstpoll.c:994:gst_poll_fd_ctl_write: 0x18f0850: pfd->events now 60 (POLLOUT:4)
0:00:00.019140081  2662 0x12c5370 DEBUG   GST_REGISTRY gstregistrychunks.c:740:gst_registry_chunks_load_feature: Added feature fakesink, plugin 0x12df070 coreelements
0:00:00.015125420  2663 0x18e8350 DEBUG   GST_POLL gstpoll.c:979:gst_poll_fd_ctl_write: 0x18f0850: fd (fd:0, idx:1), active : 1
0:00:00.019148151  2662 0x12c5370 DEBUG   GST_REGISTRY gstregistrychunks.c:582:gst_registry_chunks_load_feature: Plugin 'coreelements' feature 'fakesrc' typename : 'GstElementFactory'
0:00:00.015133329  2663 0x18e8350 LOG   GST_POLL gstpoll.c:994:gst_poll_fd_ctl_write: 0x18f0850: pfd->events now 60 (POLLOUT:4)
0:00:00.015140744  2663 0x18e8350 DEBUG   GST_POLL gstpoll.c:979:gst_poll_fd_ctl_write: 0x18f0850: fd (fd:0, idx:1), active : 1
0:00:00.019156108  2662 0x12c5370 TRACE   GST_REFCOUNTING gstobject.c:208:gst_object_init: 0x12e5bb0 new
0:00:00.015145753  2663 0x18e8350 LOG   GST_POLL gstpoll.c:994:gst_poll_fd_ctl_write: 0x18f0850: pfd->events now 60 (POLLOUT:4)
0:00:00.019164928  2662 0x12c5370 LOG   GST_REGISTRY gstregistrychunks.c:609:gst_registry_chunks_load_feature: Reading/casting for GstRegistryChunkElementFactory at address 0x12e1d80
0:00:00.015151604  2663 0x18e8350 DEBUG   GST_POLL gstpoll.c:979:gst_poll_fd_ctl_write: 0x18f0850: fd (fd:0, idx:1), active : 1
0:00:00.019171347  2662 0x12c5370 TRACE   structure gststructure.c:287:gst_structure_new_id_empty_with_size: created structure 0x12e6240
0:00:00.015159579  2663 0x18e8350 LOG   GST_POLL gstpoll.c:994:gst_poll_fd_ctl_write: 0x18f0850: pfd->events now 60 (POLLOUT:4)
0:00:00.019177242  2662 0x12c5370 DEBUG   structure gststructure.c:2203:gst_structure_parse_field: trying field name 'long-name'
0:00:00.015166580  2663 0x18e8350 DEBUG   GST_POLL gstpoll.c:979:gst_poll_fd_ctl_write: 0x18f0850: fd (fd:0, idx:1), active : 1
0:00:00.019187768  2662 0x12c5370 DEBUG   default gstvalue.c:2676:_priv_gst_value_parse_value: trying type name 'string'
0:00:00.015174148  2663 0x18e8350 LOG   GST_POLL gstpoll.c:994:gst_poll_fd_ctl_write: 0x18f0850: pfd->events now 60 (POLLOUT:4)
0:00:00.019194423  2662 0x12c5370 DEBUG   structure gststructure.c:2203:gst_structure_parse_field: trying field name 'klass'
0:00:00.015180545  2663 0x18e8350 DEBUG   GST_POLL gstpoll.c:979:gst_poll_fd_ctl_write: 0x18f0850: fd (fd:0, idx:1), active : 1
0:00:00.019201740  2662 0x12c5370 DEBUG   default gstvalue.c:2676:_priv_gst_value_parse_value: trying type name 'string'
0:00:00.015187117  2663 0x18e8350 LOG   GST_POLL gstpoll.c:994:gst_poll_fd_ctl_write: 0x18f0850: pfd->events now 60 (POLLOUT:4)
0:00:00.019209230  2662 0x12c5370 DEBUG   structure gststructure.c:2203:gst_structure_parse_field: trying field name 'description'
0:00:00.015195224  2663 0x18e8350 DEBUG   GST_POLL gstpoll.c:979:gst_poll_fd_ctl_write: 0x18f0850: fd (fd:0, idx:1), active : 1
0:00:00.019215299  2662 0x12c5370 DEBUG   default gstvalue.c:2676:_priv_gst_value_parse_value: trying type name 'string'
0:00:00.015201630  2663 0x18e8350 LOG   GST_POLL gstpoll.c:994:gst_poll_fd_ctl_write: 0x18f0850: pfd->events now 60 (POLLOUT:4)
0:00:00.019222327  2662 0x12c5370 DEBUG   structure gststructure.c:2203:gst_structure_parse_field: trying field name 'author'
0:00:00.015207741  2663 0x18e8350 DEBUG   GST_POLL gstpoll.c:979:gst_poll_fd_ctl_write: 0x18f0850: fd (fd:0, idx:1), active : 1
0:00:00.019227941  2662 0x12c5370 DEBUG   default gstvalue.c:2676:_priv_gst_value_parse_value: trying type name 'string'
0:00:00.015216401  2663 0x18e8350 LOG   GST_POLL gstpoll.c:994:gst_poll_fd_ctl_write: 0x18f0850: pfd->events now 60 (POLLOUT:4)
0:00:00.019234489  2662 0x12c5370 DEBUG   GST_REGISTRY gstregistrychunks.c:626:gst_registry_chunks_load_feature: Element factory : npadtemplates=1
0:00:00.015233297  2663 0x18e8350 DEBUG   GST_POLL gstpoll.c:979:gst_poll_fd_ctl_write: 0x18f0850: fd (fd:0, idx:1), active : 1
0:00:00.019250998  2662 0x12c5370 DEBUG   GST_REGISTRY gstregistrychunks.c:525:gst_registry_chunks_load_pad_template: Reading/casting for GstRegistryChunkPadTemplate at address 0x12e1e80
0:00:00.015239713  2663 0x18e8350 LOG   GST_POLL gstpoll.c:994:gst_poll_fd_ctl_write: 0x18f0850: pfd->events now 60 (POLLOUT:4)
0:00:00.019259158  2662 0x12c5370 DEBUG   GST_REGISTRY gstregistrychunks.c:539:gst_registry_chunks_load_pad_template: Added pad_template src
0:00:00.015246030  2663 0x18e8350 DEBUG   GST_POLL gstpoll.c:979:gst_poll_fd_ctl_write: 0x18f0850: fd (fd:0, idx:1), active : 1
0:00:00.015252218  2663 0x18e8350 LOG   GST_POLL gstpoll.c:994:gst_poll_fd_ctl_write: 0x18f0850: pfd->events now 60 (POLLOUT:4)
0:00:00.019268111  2662 0x12c5370 DEBUG   GST_REGISTRY gstregistry.c:589:gst_registry_add_feature: adding feature 0x12e5bb0 (fakesrc)
0:00:00.015257787  2663 0x18e8350 DEBUG   GST_POLL gstpoll.c:979:gst_poll_fd_ctl_write: 0x18f0850: fd (fd:0, idx:1), active : 1
0:00:00.019280143  2662 0x12c5370 DEBUG   GST_REFCOUNTING gstobject.c:708:gst_object_set_parent: set parent (ref and sink)
0:00:00.015266277  2663 0x18e8350 LOG   GST_POLL gstpoll.c:994:gst_poll_fd_ctl_write: 0x18f0850: pfd->events now 60 (POLLOUT:4)
0:00:00.019288104  2662 0x12c5370 TRACE   GST_REFCOUNTING gstobject.c:292:gst_object_ref_sink: 0x12e5bb0 ref_sink 1->2
0:00:00.015275713  2663 0x18e8350 DEBUG   GST_POLL gstpoll.c:979:gst_poll_fd_ctl_write: 0x18f0850: fd (fd:0, idx:1), active : 1
0:00:00.019295180  2662 0x12c5370 LOG   GST_REGISTRY gstregistry.c:607:gst_registry_add_feature: emitting feature-added for fakesrc
0:00:00.015282287  2663 0x18e8350 LOG   GST_POLL gstpoll.c:994:gst_poll_fd_ctl_write: 0x18f0850: pfd->events now 60 (POLLOUT:4)
0:00:00.019301934  2662 0x12c5370 DEBUG   GST_REGISTRY gstregistrychunks.c:740:gst_registry_chunks_load_feature: Added feature fakesrc, plugin 0x12df070 coreelements
0:00:00.015288312  2663 0x18e8350 DEBUG   GST_POLL gstpoll.c:979:gst_poll_fd_ctl_write: 0x18f0850: fd (fd:0, idx:1), active : 1
0:00:00.019308929  2662 0x12c5370 DEBUG   GST_REGISTRY gstregistrychunks.c:582:gst_registry_chunks_load_feature: Plugin 'coreelements' feature 'downloadbuffer' typename : 'GstElementFactory'
0:00:00.015294293  2663 0x18e8350 LOG   GST_POLL gstpoll.c:994:gst_poll_fd_ctl_write: 0x18f0850: pfd->events now 60 (POLLOUT:4)
0:00:00.015301802  2663 0x18e8350 DEBUG   GST_POLL gstpoll.c:979:gst_poll_fd_ctl_write: 0x18f0850: fd (fd:0, idx:1), active : 1
0:00:00.019316981  2662 0x12c5370 TRACE   GST_REFCOUNTING gstobject.c:208:gst_object_init: 0x12e6030 new
0:00:00.015307790  2663 0x18e8350 LOG   GST_POLL gstpoll.c:994:gst_poll_fd_ctl_write: 0x18f0850: pfd->events now 60 (POLLOUT:4)
0:00:00.015313928  2663 0x18e8350 DEBUG   GST_POLL gstpoll.c:979:gst_poll_fd_ctl_write: 0x18f0850: fd (fd:0, idx:1), active : 1
0:00:00.019329277  2662 0x12c5370 LOG   GST_REGISTRY gstregistrychunks.c:609:gst_registry_chunks_load_feature: Reading/casting for GstRegistryChunkElementFactory at address 0x12e1eb8
0:00:00.015318972  2663 0x18e8350 LOG   GST_POLL gstpoll.c:994:gst_poll_fd_ctl_write: 0x18f0850: pfd->events now 60 (POLLOUT:4)
0:00:00.019337973  2662 0x12c5370 TRACE   structure gststructure.c:287:gst_structure_new_id_empty_with_size: created structure 0x12e6560
0:00:00.015327129  2663 0x18e8350 DEBUG   GST_POLL gstpoll.c:979:gst_poll_fd_ctl_write: 0x18f0850: fd (fd:0, idx:1), active : 1
0:00:00.019344174  2662 0x12c5370 DEBUG   structure gststructure.c:2203:gst_structure_parse_field: trying field name 'long-name'
0:00:00.015333764  2663 0x18e8350 LOG   GST_POLL gstpoll.c:994:gst_poll_fd_ctl_write: 0x18f0850: pfd->events now 60 (POLLOUT:4)
0:00:00.019351382  2662 0x12c5370 DEBUG   default gstvalue.c:2676:_priv_gst_value_parse_value: trying type name 'string'
0:00:00.015339773  2663 0x18e8350 DEBUG   GST_POLL gstpoll.c:979:gst_poll_fd_ctl_write: 0x18f0850: fd (fd:0, idx:1), active : 1
0:00:00.019362675  2662 0x12c5370 DEBUG   structure gststructure.c:2203:gst_structure_parse_field: trying field name 'klass'
0:00:00.015348246  2663 0x18e8350 LOG   GST_POLL gstpoll.c:994:gst_poll_fd_ctl_write: 0x18f0850: pfd->events now 60 (POLLOUT:4)
