0:00:00.016527006  2662 0x12c5370 DEBUG   GST_REGISTRY gstregistrychunks.c:525:gst_registry_chunks_load_pad_template: Reading/casting for GstRegistryChunkPadTemplate at address 0x12e0bd8
0:00:00.012514119  2663 0x18e8350 DEBUG   GST_REGISTRY gstregistrychunks.c:284:gst_registry_chunks_save_feature: Saved 1 UriTypes
0:00:00.016533427  2662 0x12c5370 DEBUG   GST_REGISTRY gstregistrychunks.c:539:gst_registry_chunks_load_pad_template: Added pad_template sink
0:00:00.012521750  2663 0x18e8350 DEBUG   GST_REGISTRY gstregistrychunks.c:264:gst_registry_chunks_save_feature: saved 1 interfaces 0 pad templates
0:00:00.016542213  2662 0x12c5370 DEBUG   GST_REGISTRY gstregistry.c:589:gst_registry_add_feature: adding feature 0x12df1a0 (streamiddemux)
0:00:00.012527399  2663 0x18e8350 DEBUG   GST_REGISTRY gstregistrychunks.c:284:gst_registry_chunks_save_feature: Saved 1 UriTypes
0:00:00.016550516  2662 0x12c5370 DEBUG   GST_REFCOUNTING gstobject.c:708:gst_object_set_parent: set parent (ref and sink)
0:00:00.012536647  2663 0x18e8350 DEBUG   GST_REGISTRY gstregistrychunks.c:264:gst_registry_chunks_save_feature: saved 0 interfaces 0 pad templates
0:00:00.016563699  2662 0x12c5370 TRACE   GST_REFCOUNTING gstobject.c:292:gst_object_ref_sink: 0x12df1a0 ref_sink 1->2
0:00:00.012551320  2663 0x18e8350 DEBUG   GST_REGISTRY gstregistrychunks.c:264:gst_registry_chunks_save_feature: saved 0 interfaces 0 pad templates
0:00:00.016570879  2662 0x12c5370 LOG   GST_REGISTRY gstregistry.c:607:gst_registry_add_feature: emitting feature-added for streamiddemux
0:00:00.016578176  2662 0x12c5370 DEBUG   GST_REGISTRY gstregistrychunks.c:740:gst_registry_chunks_load_feature: Added feature streamiddemux, plugin 0x12df070 coreelements
0:00:00.012562586  2663 0x18e8350 DEBUG   GST_REGISTRY gstregistrychunks.c:264:gst_registry_chunks_save_feature: saved 0 interfaces 0 pad templates
0:00:00.016587383  2662 0x12c5370 DEBUG   GST_REGISTRY gstregistrychunks.c:582:gst_registry_chunks_load_feature: Plugin 'coreelements' feature 'valve' typename : 'GstElementFactory'
0:00:00.012574936  2663 0x18e8350 DEBUG   GST_REGISTRY gstregistrychunks.c:264:gst_registry_chunks_save_feature: saved 0 interfaces 0 pad templates
0:00:00.016596286  2662 0x12c5370 TRACE   GST_REFCOUNTING gstobject.c:208:gst_object_init: 0x12e2660 new
0:00:00.012583105  2663 0x18e8350 DEBUG   GST_REGISTRY gstregistrychunks.c:264:gst_registry_chunks_save_feature: saved 0 interfaces 0 pad templates
0:00:00.016604221  2662 0x12c5370 LOG   GST_REGISTRY gstregistrychunks.c:609:gst_registry_chunks_load_feature: Reading/casting for GstRegistryChunkElementFactory at address 0x12e0c08
0:00:00.012591581  2663 0x18e8350 DEBUG   GST_REGISTRY gstregistrychunks.c:264:gst_registry_chunks_save_feature: saved 0 interfaces 0 pad templates
0:00:00.016610813  2662 0x12c5370 TRACE   structure gststructure.c:287:gst_structure_new_id_empty_with_size: created structure 0x12e2830
0:00:00.012600332  2663 0x18e8350 DEBUG   GST_REGISTRY gstregistrychunks.c:264:gst_registry_chunks_save_feature: saved 1 interfaces 0 pad templates
0:00:00.016616677  2662 0x12c5370 DEBUG   structure gststructure.c:2203:gst_structure_parse_field: trying field name 'long-name'
0:00:00.012606503  2663 0x18e8350 DEBUG   GST_REGISTRY gstregistrychunks.c:284:gst_registry_chunks_save_feature: Saved 1 UriTypes
0:00:00.016624124  2662 0x12c5370 DEBUG   default gstvalue.c:2676:_priv_gst_value_parse_value: trying type name 'string'
0:00:00.012614930  2663 0x18e8350 DEBUG   GST_REGISTRY gstregistrychunks.c:264:gst_registry_chunks_save_feature: saved 0 interfaces 0 pad templates
0:00:00.016636950  2662 0x12c5370 DEBUG   structure gststructure.c:2203:gst_structure_parse_field: trying field name 'klass'
0:00:00.012624375  2663 0x18e8350 DEBUG   GST_REGISTRY gstregistrychunks.c:264:gst_registry_chunks_save_feature: saved 0 interfaces 0 pad templates
0:00:00.016644898  2662 0x12c5370 DEBUG   default gstvalue.c:2676:_priv_gst_value_parse_value: trying type name 'string'
0:00:00.012636869  2663 0x18e8350 DEBUG   GST_REGISTRY gstregistrychunks.c:264:gst_registry_chunks_save_feature: saved 0 interfaces 0 pad templates
0:00:00.016657088  2662 0x12c5370 DEBUG   structure gststructure.c:2203:gst_structure_parse_field: trying field name 'description'
0:00:00.012646849  2663 0x18e8350 DEBUG   GST_REGISTRY gstregistrychunks.c:264:gst_registry_chunks_save_feature: saved 0 interfaces 0 pad templates
0:00:00.016662863  2662 0x12c5370 DEBUG   default gstvalue.c:2676:_priv_gst_value_parse_value: trying type name 'string'
0:00:00.016671648  2662 0x12c5370 DEBUG   structure gststructure.c:2203:gst_structure_parse_field: trying field name 'author'
0:00:00.012657352  2663 0x18e8350 DEBUG   GST_REGISTRY gstregistrychunks.c:264:gst_registry_chunks_save_feature: saved 0 interfaces 0 pad templates
0:00:00.016676483  2662 0x12c5370 DEBUG   default gstvalue.c:2676:_priv_gst_value_parse_value: trying type name 'string'
0:00:00.012666627  2663 0x18e8350 TRACE   GST_REFCOUNTING gstobject.c:264:gst_object_unref: 0x19045e0 unref 2->1
0:00:00.016682996  2662 0x12c5370 DEBUG   GST_REGISTRY gstregistrychunks.c:626:gst_registry_chunks_load_feature: Element factory : npadtemplates=2
0:00:00.012673976  2663 0x18e8350 TRACE   GST_REFCOUNTING gstobject.c:264:gst_object_unref: 0x19062d0 unref 2->1
0:00:00.016690750  2662 0x12c5370 DEBUG   GST_REGISTRY gstregistrychunks.c:525:gst_registry_chunks_load_pad_template: Reading/casting for GstRegistryChunkPadTemplate at address 0x12e0cf8
0:00:00.012680766  2663 0x18e8350 TRACE   GST_REFCOUNTING gstobject.c:264:gst_object_unref: 0x1907070 unref 2->1
0:00:00.016698006  2662 0x12c5370 DEBUG   GST_REGISTRY gstregistrychunks.c:539:gst_registry_chunks_load_pad_template: Added pad_template sink
0:00:00.012687305  2663 0x18e8350 TRACE   GST_REFCOUNTING gstobject.c:264:gst_object_unref: 0x1907f40 unref 2->1
0:00:00.016706209  2662 0x12c5370 DEBUG   GST_REGISTRY gstregistrychunks.c:525:gst_registry_chunks_load_pad_template: Reading/casting for GstRegistryChunkPadTemplate at address 0x12e0d10
0:00:00.012693631  2663 0x18e8350 TRACE   GST_REFCOUNTING gstobject.c:264:gst_object_unref: 0x19099f0 unref 2->1
0:00:00.016713548  2662 0x12c5370 DEBUG   GST_REGISTRY gstregistrychunks.c:539:gst_registry_chunks_load_pad_template: Added pad_template src
0:00:00.012702557  2663 0x18e8350 TRACE   GST_REFCOUNTING gstobject.c:264:gst_object_unref: 0x190aa30 unref 2->1
0:00:00.016721811  2662 0x12c5370 DEBUG   GST_REGISTRY gstregistry.c:589:gst_registry_add_feature: adding feature 0x12e2660 (valve)
0:00:00.012709720  2663 0x18e8350 TRACE   GST_REFCOUNTING gstobject.c:264:gst_object_unref: 0x190c580 unref 2->1
0:00:00.016727844  2662 0x12c5370 DEBUG   GST_REFCOUNTING gstobject.c:708:gst_object_set_parent: set parent (ref and sink)
0:00:00.012716301  2663 0x18e8350 TRACE   GST_REFCOUNTING gstobject.c:264:gst_object_unref: 0x190ebb0 unref 2->1
0:00:00.016735087  2662 0x12c5370 TRACE   GST_REFCOUNTING gstobject.c:292:gst_object_ref_sink: 0x12e2660 ref_sink 1->2
0:00:00.012727779  2663 0x18e8350 TRACE   GST_REFCOUNTING gstobject.c:264:gst_object_unref: 0x1908d00 unref 2->1
0:00:00.016745743  2662 0x12c5370 LOG   GST_REGISTRY gstregistry.c:607:gst_registry_add_feature: emitting feature-added for valve
0:00:00.012734265  2663 0x18e8350 TRACE   GST_REFCOUNTING gstobject.c:264:gst_object_unref: 0x19117b0 unref 2->1
0:00:00.016752822  2662 0x12c5370 DEBUG   GST_REGISTRY gstregistrychunks.c:740:gst_registry_chunks_load_feature: Added feature valve, plugin 0x12df070 coreelements
0:00:00.012740665  2663 0x18e8350 TRACE   GST_REFCOUNTING gstobject.c:264:gst_object_unref: 0x19123e0 unref 2->1
0:00:00.016759393  2662 0x12c5370 DEBUG   GST_REGISTRY gstregistrychunks.c:582:gst_registry_chunks_load_feature: Plugin 'coreelements' feature 'multiqueue' typename : 'GstElementFactory'
0:00:00.012747172  2663 0x18e8350 TRACE   GST_REFCOUNTING gstobject.c:264:gst_object_unref: 0x1913090 unref 2->1
0:00:00.012753471  2663 0x18e8350 TRACE   GST_REFCOUNTING gstobject.c:264:gst_object_unref: 0x19146c0 unref 2->1
0:00:00.016769198  2662 0x12c5370 TRACE   GST_REFCOUNTING gstobject.c:208:gst_object_init: 0x12e2960 new
0:00:00.012762345  2663 0x18e8350 TRACE   GST_REFCOUNTING gstobject.c:264:gst_object_unref: 0x19158e0 unref 2->1
0:00:00.016779977  2662 0x12c5370 LOG   GST_REGISTRY gstregistrychunks.c:609:gst_registry_chunks_load_feature: Reading/casting for GstRegistryChunkElementFactory at address 0x12e0d40
0:00:00.012769673  2663 0x18e8350 TRACE   GST_REFCOUNTING gstobject.c:264:gst_object_unref: 0x19169f0 unref 2->1
0:00:00.016787367  2662 0x12c5370 TRACE   structure gststructure.c:287:gst_structure_new_id_empty_with_size: created structure 0x12e2a50
0:00:00.012776209  2663 0x18e8350 TRACE   GST_REFCOUNTING gstobject.c:264:gst_object_unref: 0x1918500 unref 2->1
0:00:00.016793835  2662 0x12c5370 DEBUG   structure gststructure.c:2203:gst_structure_parse_field: trying field name 'long-name'
0:00:00.012783120  2663 0x18e8350 TRACE   GST_REFCOUNTING gstobject.c:264:gst_object_unref: 0x1919e50 unref 2->1
0:00:00.016800053  2662 0x12c5370 DEBUG   default gstvalue.c:2676:_priv_gst_value_parse_value: trying type name 'string'
0:00:00.012789752  2663 0x18e8350 TRACE   GST_REFCOUNTING gstobject.c:264:gst_object_unref: 0x191af50 unref 2->1
0:00:00.016807651  2662 0x12c5370 DEBUG   structure gststructure.c:2203:gst_structure_parse_field: trying field name 'klass'
0:00:00.012796074  2663 0x18e8350 TRACE   GST_REFCOUNTING gstobject.c:264:gst_object_unref: 0x191c0f0 unref 2->1
0:00:00.016813109  2662 0x12c5370 DEBUG   default gstvalue.c:2676:_priv_gst_value_parse_value: trying type name 'string'
0:00:00.012802501  2663 0x18e8350 TRACE   GST_REFCOUNTING gstobject.c:264:gst_object_unref: 0x191cec0 unref 2->1
0:00:00.016820071  2662 0x12c5370 DEBUG   structure gststructure.c:2203:gst_structure_parse_field: trying field name 'description'
0:00:00.012813354  2663 0x18e8350 TRACE   GST_REFCOUNTING gstobject.c:264:gst_object_unref: 0x191e690 unref 2->1
0:00:00.016832476  2662 0x12c5370 DEBUG   default gstvalue.c:2676:_priv_gst_value_parse_value: trying type name 'string'
0:00:00.012822437  2663 0x18e8350 TRACE   GST_REFCOUNTING gstobject.c:264:gst_object_unref: 0x191f3c0 unref 2->1
0:00:00.016839718  2662 0x12c5370 DEBUG   structure gststructure.c:2203:gst_structure_parse_field: trying field name 'author'
0:00:00.016846720  2662 0x12c5370 DEBUG   default gstvalue.c:2676:_priv_gst_value_parse_value: trying type name 'string'
0:00:00.012831877  2663 0x18e8350 DEBUG   GST_REGISTRY gstregistrychunks.c:497:_priv_gst_registry_chunks_save_plugin: Found 22 features in plugin 0x1904190 (coreelements)
0:00:00.016852813  2662 0x12c5370 DEBUG   GST_REGISTRY gstregistrychunks.c:626:gst_registry_chunks_load_feature: Element factory : npadtemplates=2
0:00:00.012839025  2663 0x18e8350 DEBUG   GST_POLL gstpoll.c:979:gst_poll_fd_ctl_write: 0x18f0850: fd (fd:0, idx:1), active : 1
0:00:00.016858201  2662 0x12c5370 DEBUG   GST_REGISTRY gstregistrychunks.c:525:gst_registry_chunks_load_pad_template: Reading/casting for GstRegistryChunkPadTemplate at address 0x12e0e00
0:00:00.012845434  2663 0x18e8350 LOG   GST_POLL gstpoll.c:994:gst_poll_fd_ctl_write: 0x18f0850: pfd->events now 60 (POLLOUT:4)
0:00:00.016863679  2662 0x12c5370 DEBUG   GST_REGISTRY gstregistrychunks.c:539:gst_registry_chunks_load_pad_template: Added pad_template src_%u
0:00:00.012851506  2663 0x18e8350 DEBUG   GST_POLL gstpoll.c:979:gst_poll_fd_ctl_write: 0x18f0850: fd (fd:0, idx:1), active : 1
0:00:00.016869149  2662 0x12c5370 DEBUG   GST_REGISTRY gstregistrychunks.c:525:gst_registry_chunks_load_pad_template: Reading/casting for GstRegistryChunkPadTemplate at address 0x12e0e18
0:00:00.012857297  2663 0x18e8350 LOG   GST_POLL gstpoll.c:994:gst_poll_fd_ctl_write: 0x18f0850: pfd->events now 60 (POLLOUT:4)
0:00:00.016874939  2662 0x12c5370 DEBUG   GST_REGISTRY gstregistrychunks.c:539:gst_registry_chunks_load_pad_template: Added pad_template sink_%u
0:00:00.012863346  2663 0x18e8350 DEBUG   GST_POLL gstpoll.c:979:gst_poll_fd_ctl_write: 0x18f0850: fd (fd:0, idx:1), active : 1
0:00:00.012869084  2663 0x18e8350 LOG   GST_POLL gstpoll.c:994:gst_poll_fd_ctl_write: 0x18f0850: pfd->events now 60 (POLLOUT:4)
0:00:00.016885033  2662 0x12c5370 DEBUG   GST_REGISTRY gstregistry.c:589:gst_registry_add_feature: adding feature 0x12e2960 (multiqueue)
0:00:00.012877374  2663 0x18e8350 DEBUG   GST_POLL gstpoll.c:979:gst_poll_fd_ctl_write: 0x18f0850: fd (fd:0, idx:1), active : 1
0:00:00.016893823  2662 0x12c5370 DEBUG   GST_REFCOUNTING gstobject.c:708:gst_object_set_parent: set parent (ref and sink)
0:00:00.012884154  2663 0x18e8350 LOG   GST_POLL gstpoll.c:994:gst_poll_fd_ctl_write: 0x18f0850: pfd->events now 60 (POLLOUT:4)
0:00:00.016902967  2662 0x12c5370 TRACE   GST_REFCOUNTING gstobject.c:292:gst_object_ref_sink: 0x12e2960 ref_sink 1->2
0:00:00.012897164  2663 0x18e8350 DEBUG   GST_POLL gstpoll.c:979:gst_poll_fd_ctl_write: 0x18f0850: fd (fd:0, idx:1), active : 1
0:00:00.016915463  2662 0x12c5370 LOG   GST_REGISTRY gstregistry.c:607:gst_registry_add_feature: emitting feature-added for multiqueue
0:00:00.012902991  2663 0x18e8350 LOG   GST_POLL gstpoll.c:994:gst_poll_fd_ctl_write: 0x18f0850: pfd->events now 60 (POLLOUT:4)
0:00:00.016922421  2662 0x12c5370 DEBUG   GST_REGISTRY gstregistrychunks.c:740:gst_registry_chunks_load_feature: Added feature multiqueue, plugin 0x12df070 coreelements
0:00:00.012909029  2663 0x18e8350 DEBUG   GST_POLL gstpoll.c:979:gst_poll_fd_ctl_write: 0x18f0850: fd (fd:0, idx:1), active : 1
0:00:00.016929356  2662 0x12c5370 DEBUG   GST_REGISTRY gstregistrychunks.c:582:gst_registry_chunks_load_feature: Plugin 'coreelements' feature 'typefind' typename : 'GstElementFactory'
0:00:00.012914798  2663 0x18e8350 LOG   GST_POLL gstpoll.c:994:gst_poll_fd_ctl_write: 0x18f0850: pfd->events now 60 (POLLOUT:4)
0:00:00.012922049  2663 0x18e8350 DEBUG   GST_POLL gstpoll.c:979:gst_poll_fd_ctl_write: 0x18f0850: fd (fd:0, idx:1), active : 1
0:00:00.016937253  2662 0x12c5370 TRACE   GST_REFCOUNTING gstobject.c:208:gst_object_init: 0x12e2bd0 new
0:00:00.012927295  2663 0x18e8350 LOG   GST_POLL gstpoll.c:994:gst_poll_fd_ctl_write: 0x18f0850: pfd->events now 60 (POLLOUT:4)
0:00:00.016946402  2662 0x12c5370 LOG   GST_REGISTRY gstregistrychunks.c:609:gst_registry_chunks_load_feature: Reading/casting for GstRegistryChunkElementFactory at address 0x12e0e48
0:00:00.012935881  2663 0x18e8350 DEBUG   GST_POLL gstpoll.c:979:gst_poll_fd_ctl_write: 0x18f0850: fd (fd:0, idx:1), active : 1
0:00:00.016955763  2662 0x12c5370 TRACE   structure gststructure.c:287:gst_structure_new_id_empty_with_size: created structure 0x12e2d90
0:00:00.012942519  2663 0x18e8350 LOG   GST_POLL gstpoll.c:994:gst_poll_fd_ctl_write: 0x18f0850: pfd->events now 60 (POLLOUT:4)
0:00:00.016963105  2662 0x12c5370 DEBUG   structure gststructure.c:2203:gst_structure_parse_field: trying field name 'long-name'
0:00:00.012949313  2663 0x18e8350 DEBUG   GST_POLL gstpoll.c:979:gst_poll_fd_ctl_write: 0x18f0850: fd (fd:0, idx:1), active : 1
0:00:00.016969276  2662 0x12c5370 DEBUG   default gstvalue.c:2676:_priv_gst_value_parse_value: trying type name 'string'
0:00:00.012955460  2663 0x18e8350 LOG   GST_POLL gstpoll.c:994:gst_poll_fd_ctl_write: 0x18f0850: pfd->events now 60 (POLLOUT:4)
0:00:00.016976061  2662 0x12c5370 DEBUG   structure gststructure.c:2203:gst_structure_parse_field: trying field name 'klass'
0:00:00.012961444  2663 0x18e8350 DEBUG   GST_POLL gstpoll.c:979:gst_poll_fd_ctl_write: 0x18f0850: fd (fd:0, idx:1), active : 1
0:00:00.016981823  2662 0x12c5370 DEBUG   default gstvalue.c:2676:_priv_gst_value_parse_value: trying type name 'string'
0:00:00.012968345  2663 0x18e8350 LOG   GST_POLL gstpoll.c:994:gst_poll_fd_ctl_write: 0x18f0850: pfd->events now 60 (POLLOUT:4)
0:00:00.016992756  2662 0x12c5370 DEBUG   structure gststructure.c:2203:gst_structure_parse_field: trying field name 'description'
0:00:00.012978721  2663 0x18e8350 DEBUG   GST_POLL gstpoll.c:979:gst_poll_fd_ctl_write: 0x18f0850: fd (fd:0, idx:1), active : 1
0:00:00.016998684  2662 0x12c5370 DEBUG   default gstvalue.c:2676:_priv_gst_value_parse_value: trying type name 'string'
0:00:00.012985253  2663 0x18e8350 LOG   GST_POLL gstpoll.c:994:gst_poll_fd_ctl_write: 0x18f0850: pfd->events now 60 (POLLOUT:4)
0:00:00.017005095  2662 0x12c5370 DEBUG   structure gststructure.c:2203:gst_structure_parse_field: trying field name 'author'
0:00:00.012993518  2663 0x18e8350 DEBUG   GST_POLL gstpoll.c:979:gst_poll_fd_ctl_write: 0x18f0850: fd (fd:0, idx:1), active : 1
0:00:00.017012830  2662 0x12c5370 DEBUG   default gstvalue.c:2676:_priv_gst_value_parse_value: trying type name 'string'
0:00:00.012999996  2663 0x18e8350 LOG   GST_POLL gstpoll.c:994:gst_poll_fd_ctl_write: 0x18f0850: pfd->events now 60 (POLLOUT:4)
0:00:00.017020779  2662 0x12c5370 DEBUG   GST_REGISTRY gstregistrychunks.c:626:gst_registry_chunks_load_feature: Element factory : npadtemplates=2
0:00:00.017026930  2662 0x12c5370 DEBUG   GST_REGISTRY gstregistrychunks.c:525:gst_registry_chunks_load_pad_template: Reading/casting for GstRegistryChunkPadTemplate at address 0x12e0f20
0:00:00.013006113  2663 0x18e8350 DEBUG   GST_POLL gstpoll.c:979:gst_poll_fd_ctl_write: 0x18f0850: fd (fd:0, idx:1), active : 1
0:00:00.017032602  2662 0x12c5370 DEBUG   GST_REGISTRY gstregistrychunks.c:539:gst_registry_chunks_load_pad_template: Added pad_template sink
0:00:00.013019181  2663 0x18e8350 LOG   GST_POLL gstpoll.c:994:gst_poll_fd_ctl_write: 0x18f0850: pfd->events now 60 (POLLOUT:4)
0:00:00.017038209  2662 0x12c5370 DEBUG   GST_REGISTRY gstregistrychunks.c:525:gst_registry_chunks_load_pad_template: Reading/casting for GstRegistryChunkPadTemplate at address 0x12e0f38
0:00:00.013025189  2663 0x18e8350 DEBUG   GST_POLL gstpoll.c:979:gst_poll_fd_ctl_write: 0x18f0850: fd (fd:0, idx:1), active : 1
0:00:00.017043771  2662 0x12c5370 DEBUG   GST_REGISTRY gstregistrychunks.c:539:gst_registry_chunks_load_pad_template: Added pad_template src
0:00:00.013030707  2663 0x18e8350 LOG   GST_POLL gstpoll.c:994:gst_poll_fd_ctl_write: 0x18f0850: pfd->events now 60 (POLLOUT:4)
0:00:00.013036603  2663 0x18e8350 DEBUG   GST_POLL gstpoll.c:979:gst_poll_fd_ctl_write: 0x18f0850: fd (fd:0, idx:1), active : 1
0:00:00.017055335  2662 0x12c5370 DEBUG   GST_REGISTRY gstregistry.c:589:gst_registry_add_feature: adding feature 0x12e2bd0 (typefind)
0:00:00.013044255  2663 0x18e8350 LOG   GST_POLL gstpoll.c:994:gst_poll_fd_ctl_write: 0x18f0850: pfd->events now 60 (POLLOUT:4)
0:00:00.017063327  2662 0x12c5370 DEBUG   GST_REFCOUNTING gstobject.c:708:gst_object_set_parent: set parent (ref and sink)
0:00:00.013051554  2663 0x18e8350 DEBUG   GST_POLL gstpoll.c:979:gst_poll_fd_ctl_write: 0x18f0850: fd (fd:0, idx:1), active : 1
0:00:00.017076607  2662 0x12c5370 TRACE   GST_REFCOUNTING gstobject.c:292:gst_object_ref_sink: 0x12e2bd0 ref_sink 1->2
0:00:00.013061654  2663 0x18e8350 LOG   GST_POLL gstpoll.c:994:gst_poll_fd_ctl_write: 0x18f0850: pfd->events now 60 (POLLOUT:4)
0:00:00.017083856  2662 0x12c5370 LOG   GST_REGISTRY gstregistry.c:607:gst_registry_add_feature: emitting feature-added for typefind
0:00:00.013070425  2663 0x18e8350 DEBUG   GST_POLL gstpoll.c:979:gst_poll_fd_ctl_write: 0x18f0850: fd (fd:0, idx:1), active : 1
0:00:00.017090543  2662 0x12c5370 DEBUG   GST_REGISTRY gstregistrychunks.c:740:gst_registry_chunks_load_feature: Added feature typefind, plugin 0x12df070 coreelements
0:00:00.013076167  2663 0x18e8350 LOG   GST_POLL gstpoll.c:994:gst_poll_fd_ctl_write: 0x18f0850: pfd->events now 60 (POLLOUT:4)
0:00:00.017097766  2662 0x12c5370 DEBUG   GST_REGISTRY gstregistrychunks.c:582:gst_registry_chunks_load_feature: Plugin 'coreelements' feature 'tee' typename : 'GstElementFactory'
0:00:00.013083400  2663 0x18e8350 DEBUG   GST_POLL gstpoll.c:979:gst_poll_fd_ctl_write: 0x18f0850: fd (fd:0, idx:1), active : 1
0:00:00.013090066  2663 0x18e8350 LOG   GST_POLL gstpoll.c:994:gst_poll_fd_ctl_write: 0x18f0850: pfd->events now 60 (POLLOUT:4)
0:00:00.017105505  2662 0x12c5370 TRACE   GST_REFCOUNTING gstobject.c:208:gst_object_init: 0x12e2f10 new
0:00:00.013095798  2663 0x18e8350 DEBUG   GST_POLL gstpoll.c:979:gst_poll_fd_ctl_write: 0x18f0850: fd (fd:0, idx:1), active : 1
0:00:00.017114783  2662 0x12c5370 LOG   GST_REGISTRY gstregistrychunks.c:609:gst_registry_chunks_load_feature: Reading/casting for GstRegistryChunkElementFactory at address 0x12e0f60
0:00:00.013103591  2663 0x18e8350 LOG   GST_POLL gstpoll.c:994:gst_poll_fd_ctl_write: 0x18f0850: pfd->events now 60 (POLLOUT:4)
0:00:00.017121515  2662 0x12c5370 TRACE   structure gststructure.c:287:gst_structure_new_id_empty_with_size: created structure 0x12e30e0
0:00:00.013110584  2663 0x18e8350 DEBUG   GST_POLL gstpoll.c:979:gst_poll_fd_ctl_write: 0x18f0850: fd (fd:0, idx:1), active : 1
0:00:00.017129522  2662 0x12c5370 DEBUG   structure gststructure.c:2203:gst_structure_parse_field: trying field name 'long-name'
0:00:00.013116394  2663 0x18e8350 LOG   GST_POLL gstpoll.c:994:gst_poll_fd_ctl_write: 0x18f0850: pfd->events now 60 (POLLOUT:4)
0:00:00.017136353  2662 0x12c5370 DEBUG   default gstvalue.c:2676:_priv_gst_value_parse_value: trying type name 'string'
0:00:00.013123041  2663 0x18e8350 DEBUG   GST_POLL gstpoll.c:979:gst_poll_fd_ctl_write: 0x18f0850: fd (fd:0, idx:1), active : 1
0:00:00.017143232  2662 0x12c5370 DEBUG   structure gststructure.c:2203:gst_structure_parse_field: trying field name 'klass'
0:00:00.013128758  2663 0x18e8350 LOG   GST_POLL gstpoll.c:994:gst_poll_fd_ctl_write: 0x18f0850: pfd->events now 60 (POLLOUT:4)
0:00:00.017149012  2662 0x12c5370 DEBUG   default gstvalue.c:2676:_priv_gst_value_parse_value: trying type name 'string'
0:00:00.013135554  2663 0x18e8350 DEBUG   GST_POLL gstpoll.c:979:gst_poll_fd_ctl_write: 0x18f0850: fd (fd:0, idx:1), active : 1
0:00:00.017160222  2662 0x12c5370 DEBUG   structure gststructure.c:2203:gst_structure_parse_field: trying field name 'description'
0:00:00.013145652  2663 0x18e8350 LOG   GST_POLL gstpoll.c:994:gst_poll_fd_ctl_write: 0x18f0850: pfd->events now 60 (POLLOUT:4)
0:00:00.017166804  2662 0x12c5370 DEBUG   default gstvalue.c:2676:_priv_gst_value_parse_value: trying type name 'string'
0:00:00.013152777  2663 0x18e8350 DEBUG   GST_POLL gstpoll.c:979:gst_poll_fd_ctl_write: 0x18f0850: fd (fd:0, idx:1), active : 1
0:00:00.017172980  2662 0x12c5370 DEBUG   structure gststructure.c:2203:gst_structure_parse_field: trying field name 'author'
0:00:00.013160758  2663 0x18e8350 LOG   GST_POLL gstpoll.c:994:gst_poll_fd_ctl_write: 0x18f0850: pfd->events now 60 (POLLOUT:4)
0:00:00.017178503  2662 0x12c5370 DEBUG   default gstvalue.c:2676:_priv_gst_value_parse_value: trying type name 'string'
0:00:00.013167717  2663 0x18e8350 DEBUG   GST_POLL gstpoll.c:979:gst_poll_fd_ctl_write: 0x18f0850: fd (fd:0, idx:1), active : 1
0:00:00.017188267  2662 0x12c5370 DEBUG   GST_REGISTRY gstregistrychunks.c:626:gst_registry_chunks_load_feature: Element factory : npadtemplates=2
0:00:00.013173581  2663 0x18e8350 LOG   GST_POLL gstpoll.c:994:gst_poll_fd_ctl_write: 0x18f0850: pfd->events now 60 (POLLOUT:4)
0:00:00.017194995  2662 0x12c5370 DEBUG   GST_REGISTRY gstregistrychunks.c:525:gst_registry_chunks_load_pad_template: Reading/casting for GstRegistryChunkPadTemplate at address 0x12e1050
0:00:00.013181606  2663 0x18e8350 DEBUG   GST_POLL gstpoll.c:979:gst_poll_fd_ctl_write: 0x18f0850: fd (fd:0, idx:1), active : 1
0:00:00.017201254  2662 0x12c5370 DEBUG   GST_REGISTRY gstregistrychunks.c:539:gst_registry_chunks_load_pad_template: Added pad_template src_%u
0:00:00.013187385  2663 0x18e8350 LOG   GST_POLL gstpoll.c:994:gst_poll_fd_ctl_write: 0x18f0850: pfd->events now 60 (POLLOUT:4)
0:00:00.017206983  2662 0x12c5370 DEBUG   GST_REGISTRY gstregistrychunks.c:525:gst_registry_chunks_load_pad_template: Reading/casting for GstRegistryChunkPadTemplate at address 0x12e1068
0:00:00.013193932  2663 0x18e8350 DEBUG   GST_POLL gstpoll.c:979:gst_poll_fd_ctl_write: 0x18f0850: fd (fd:0, idx:1), active : 1
0:00:00.017212682  2662 0x12c5370 DEBUG   GST_REGISTRY gstregistrychunks.c:539:gst_registry_chunks_load_pad_template: Added pad_template sink
0:00:00.013199758  2663 0x18e8350 LOG   GST_POLL gstpoll.c:994:gst_poll_fd_ctl_write: 0x18f0850: pfd->events now 60 (POLLOUT:4)
0:00:00.017220335  2662 0x12c5370 DEBUG   GST_REGISTRY gstregistry.c:589:gst_registry_add_feature: adding feature 0x12e2f10 (tee)
0:00:00.013205834  2663 0x18e8350 DEBUG   GST_POLL gstpoll.c:979:gst_poll_fd_ctl_write: 0x18f0850: fd (fd:0, idx:1), active : 1
0:00:00.017226507  2662 0x12c5370 DEBUG   GST_REFCOUNTING gstobject.c:708:gst_object_set_parent: set parent (ref and sink)
0:00:00.013214691  2663 0x18e8350 LOG   GST_POLL gstpoll.c:994:gst_poll_fd_ctl_write: 0x18f0850: pfd->events now 60 (POLLOUT:4)
0:00:00.013239658  2663 0x18e8350 DEBUG   GST_POLL gstpoll.c:979:gst_poll_fd_ctl_write: 0x18f0850: fd (fd:0, idx:1), active : 1
0:00:00.017253606  2662 0x12c5370 TRACE   GST_REFCOUNTING gstobject.c:292:gst_object_ref_sink: 0x12e2f10 ref_sink 1->2
0:00:00.013246324  2663 0x18e8350 LOG   GST_POLL gstpoll.c:994:gst_poll_fd_ctl_write: 0x18f0850: pfd->events now 60 (POLLOUT:4)
0:00:00.013252484  2663 0x18e8350 DEBUG   GST_POLL gstpoll.c:979:gst_poll_fd_ctl_write: 0x18f0850: fd (fd:0, idx:1), active : 1
0:00:00.017268285  2662 0x12c5370 LOG   GST_REGISTRY gstregistry.c:607:gst_registry_add_feature: emitting feature-added for tee
0:00:00.013257531  2663 0x18e8350 LOG   GST_POLL gstpoll.c:994:gst_poll_fd_ctl_write: 0x18f0850: pfd->events now 60 (POLLOUT:4)
0:00:00.013263640  2663 0x18e8350 DEBUG   GST_POLL gstpoll.c:979:gst_poll_fd_ctl_write: 0x18f0850: fd (fd:0, idx:1), active : 1
0:00:00.017278694  2662 0x12c5370 DEBUG   GST_REGISTRY gstregistrychunks.c:740:gst_registry_chunks_load_feature: Added feature tee, plugin 0x12df070 coreelements
0:00:00.013268768  2663 0x18e8350 LOG   GST_POLL gstpoll.c:994:gst_poll_fd_ctl_write: 0x18f0850: pfd->events now 60 (POLLOUT:4)
0:00:00.017289077  2662 0x12c5370 DEBUG   GST_REGISTRY gstregistrychunks.c:582:gst_registry_chunks_load_feature: Plugin 'coreelements' feature 'filesink' typename : 'GstElementFactory'
0:00:00.013277261  2663 0x18e8350 DEBUG   GST_POLL gstpoll.c:979:gst_poll_fd_ctl_write: 0x18f0850: fd (fd:0, idx:1), active : 1
0:00:00.017297266  2662 0x12c5370 TRACE   GST_REFCOUNTING gstobject.c:208:gst_object_init: 0x12e32e0 new
0:00:00.013283838  2663 0x18e8350 LOG   GST_POLL gstpoll.c:994:gst_poll_fd_ctl_write: 0x18f0850: pfd->events now 60 (POLLOUT:4)
0:00:00.017305531  2662 0x12c5370 LOG   GST_REGISTRY gstregistrychunks.c:609:gst_registry_chunks_load_feature: Reading/casting for GstRegistryChunkElementFactory at address 0x12e1098
0:00:00.013290466  2663 0x18e8350 DEBUG   GST_POLL gstpoll.c:979:gst_poll_fd_ctl_write: 0x18f0850: fd (fd:0, idx:1), active : 1
0:00:00.017312165  2662 0x12c5370 TRACE   structure gststructure.c:287:gst_structure_new_id_empty_with_size: created structure 0x12e34a0
0:00:00.013297948  2663 0x18e8350 LOG   GST_POLL gstpoll.c:994:gst_poll_fd_ctl_write: 0x18f0850: pfd->events now 60 (POLLOUT:4)
0:00:00.017320268  2662 0x12c5370 DEBUG   structure gststructure.c:2203:gst_structure_parse_field: trying field name 'long-name'
0:00:00.013305657  2663 0x18e8350 DEBUG   GST_POLL gstpoll.c:979:gst_poll_fd_ctl_write: 0x18f0850: fd (fd:0, idx:1), active : 1
0:00:00.017327319  2662 0x12c5370 DEBUG   default gstvalue.c:2676:_priv_gst_value_parse_value: trying type name 'string'
0:00:00.013313125  2663 0x18e8350 LOG   GST_POLL gstpoll.c:994:gst_poll_fd_ctl_write: 0x18f0850: pfd->events now 60 (POLLOUT:4)
0:00:00.017334250  2662 0x12c5370 DEBUG   structure gststructure.c:2203:gst_structure_parse_field: trying field name 'klass'
0:00:00.013325294  2663 0x18e8350 DEBUG   GST_POLL gstpoll.c:979:gst_poll_fd_ctl_write: 0x18f0850: fd (fd:0, idx:1), active : 1
0:00:00.017342605  2662 0x12c5370 DEBUG   default gstvalue.c:2676:_priv_gst_value_parse_value: trying type name 'string'
0:00:00.013331250  2663 0x18e8350 LOG   GST_POLL gstpoll.c:994:gst_poll_fd_ctl_write: 0x18f0850: pfd->events now 60 (POLLOUT:4)
0:00:00.017349375  2662 0x12c5370 DEBUG   structure gststructure.c:2203:gst_structure_parse_field: trying field name 'description'
0:00:00.017355389  2662 0x12c5370 DEBUG   default gstvalue.c:2676:_priv_gst_value_parse_value: trying type name 'string'
0:00:00.013339605  2663 0x18e8350 DEBUG   GST_POLL gstpoll.c:979:gst_poll_fd_ctl_write: 0x18f0850: fd (fd:0, idx:1), active : 1
0:00:00.017361039  2662 0x12c5370 DEBUG   structure gststructure.c:2203:gst_structure_parse_field: trying field name 'author'
0:00:00.013347310  2663 0x18e8350 LOG   GST_POLL gstpoll.c:994:gst_poll_fd_ctl_write: 0x18f0850: pfd->events now 60 (POLLOUT:4)
0:00:00.017366379  2662 0x12c5370 DEBUG   default gstvalue.c:2676:_priv_gst_value_parse_value: trying type name 'string'
0:00:00.013353754  2663 0x18e8350 DEBUG   GST_POLL gstpoll.c:979:gst_poll_fd_ctl_write: 0x18f0850: fd (fd:0, idx:1), active : 1
0:00:00.013359585  2663 0x18e8350 LOG   GST_POLL gstpoll.c:994:gst_poll_fd_ctl_write: 0x18f0850: pfd->events now 60 (POLLOUT:4)
0:00:00.017375437  2662 0x12c5370 DEBUG   GST_REGISTRY gstregistrychunks.c:626:gst_registry_chunks_load_feature: Element factory : npadtemplates=1
0:00:00.013365297  2663 0x18e8350 DEBUG   GST_POLL gstpoll.c:979:gst_poll_fd_ctl_write: 0x18f0850: fd (fd:0, idx:1), active : 1
0:00:00.017382843  2662 0x12c5370 DEBUG   GST_REGISTRY gstregistrychunks.c:525:gst_registry_chunks_load_pad_template: Reading/casting for GstRegistryChunkPadTemplate at address 0x12e1178
0:00:00.013371110  2663 0x18e8350 LOG   GST_POLL gstpoll.c:994:gst_poll_fd_ctl_write: 0x18f0850: pfd->events now 60 (POLLOUT:4)
0:00:00.017388895  2662 0x12c5370 DEBUG   GST_REGISTRY gstregistrychunks.c:539:gst_registry_chunks_load_pad_template: Added pad_template sink
0:00:00.013377179  2663 0x18e8350 DEBUG   GST_POLL gstpoll.c:979:gst_poll_fd_ctl_write: 0x18f0850: fd (fd:0, idx:1), active : 1
0:00:00.017395838  2662 0x12c5370 DEBUG   GST_REGISTRY gstregistrychunks.c:639:gst_registry_chunks_load_feature: Reading 1 UriTypes at address 0x12e1189
0:00:00.013382877  2663 0x18e8350 LOG   GST_POLL gstpoll.c:994:gst_poll_fd_ctl_write: 0x18f0850: pfd->events now 60 (POLLOUT:4)
0:00:00.017404048  2662 0x12c5370 DEBUG   GST_REGISTRY gstregistrychunks.c:654:gst_registry_chunks_load_feature: Reading 1 Interfaces at address 0x12e1199
0:00:00.013390953  2663 0x18e8350 DEBUG   GST_POLL gstpoll.c:979:gst_poll_fd_ctl_write: 0x18f0850: fd (fd:0, idx:1), active : 1
0:00:00.017412310  2662 0x12c5370 DEBUG   GST_REGISTRY gstregistry.c:589:gst_registry_add_feature: adding feature 0x12e32e0 (filesink)
0:00:00.013397738  2663 0x18e8350 LOG   GST_POLL gstpoll.c:994:gst_poll_fd_ctl_write: 0x18f0850: pfd->events now 60 (POLLOUT:4)
0:00:00.017423388  2662 0x12c5370 DEBUG   GST_REFCOUNTING gstobject.c:708:gst_object_set_parent: set parent (ref and sink)
0:00:00.013410050  2663 0x18e8350 DEBUG   GST_POLL gstpoll.c:979:gst_poll_fd_ctl_write: 0x18f0850: fd (fd:0, idx:1), active : 1
0:00:00.017431132  2662 0x12c5370 TRACE   GST_REFCOUNTING gstobject.c:292:gst_object_ref_sink: 0x12e32e0 ref_sink 1->2
0:00:00.013416381  2663 0x18e8350 LOG   GST_POLL gstpoll.c:994:gst_poll_fd_ctl_write: 0x18f0850: pfd->events now 60 (POLLOUT:4)
0:00:00.013425172  2663 0x18e8350 DEBUG   GST_POLL gstpoll.c:979:gst_poll_fd_ctl_write: 0x18f0850: fd (fd:0, idx:1), active : 1
0:00:00.017440131  2662 0x12c5370 LOG   GST_REGISTRY gstregistry.c:607:gst_registry_add_feature: emitting feature-added for filesink
0:00:00.013430685  2663 0x18e8350 LOG   GST_POLL gstpoll.c:994:gst_poll_fd_ctl_write: 0x18f0850: pfd->events now 60 (POLLOUT:4)
0:00:00.017449423  2662 0x12c5370 DEBUG   GST_REGISTRY gstregistrychunks.c:740:gst_registry_chunks_load_feature: Added feature filesink, plugin 0x12df070 coreelements
0:00:00.013436680  2663 0x18e8350 DEBUG   GST_POLL gstpoll.c:979:gst_poll_fd_ctl_write: 0x18f0850: fd (fd:0, idx:1), active : 1
0:00:00.017456312  2662 0x12c5370 DEBUG   GST_REGISTRY gstregistrychunks.c:582:gst_registry_chunks_load_feature: Plugin 'coreelements' feature 'queue2' typename : 'GstElementFactory'
0:00:00.013442489  2663 0x18e8350 LOG   GST_POLL gstpoll.c:994:gst_poll_fd_ctl_write: 0x18f0850: pfd->events now 60 (POLLOUT:4)
0:00:00.017464419  2662 0x12c5370 TRACE   GST_REFCOUNTING gstobject.c:208:gst_object_init: 0x12e3650 new
0:00:00.013451418  2663 0x18e8350 DEBUG   GST_POLL gstpoll.c:979:gst_poll_fd_ctl_write: 0x18f0850: fd (fd:0, idx:1), active : 1
0:00:00.017472224  2662 0x12c5370 LOG   GST_REGISTRY gstregistrychunks.c:609:gst_registry_chunks_load_feature: Reading/casting for GstRegistryChunkElementFactory at address 0x12e11c0
0:00:00.013457955  2663 0x18e8350 LOG   GST_POLL gstpoll.c:994:gst_poll_fd_ctl_write: 0x18f0850: pfd->events now 60 (POLLOUT:4)
0:00:00.017479072  2662 0x12c5370 TRACE   structure gststructure.c:287:gst_structure_new_id_empty_with_size: created structure 0x12e3820
0:00:00.013465206  2663 0x18e8350 DEBUG   GST_POLL gstpoll.c:979:gst_poll_fd_ctl_write: 0x18f0850: fd (fd:0, idx:1), active : 1
0:00:00.017484980  2662 0x12c5370 DEBUG   structure gststructure.c:2203:gst_structure_parse_field: trying field name 'long-name'
0:00:00.013471401  2663 0x18e8350 LOG   GST_POLL gstpoll.c:994:gst_poll_fd_ctl_write: 0x18f0850: pfd->events now 60 (POLLOUT:4)
0:00:00.017490745  2662 0x12c5370 DEBUG   default gstvalue.c:2676:_priv_gst_value_parse_value: trying type name 'string'
0:00:00.013477486  2663 0x18e8350 DEBUG   GST_POLL gstpoll.c:979:gst_poll_fd_ctl_write: 0x18f0850: fd (fd:0, idx:1), active : 1
0:00:00.017499031  2662 0x12c5370 DEBUG   structure gststructure.c:2203:gst_structure_parse_field: trying field name 'klass'
0:00:00.013487807  2663 0x18e8350 LOG   GST_POLL gstpoll.c:994:gst_poll_fd_ctl_write: 0x18f0850: pfd->events now 60 (POLLOUT:4)
0:00:00.017506018  2662 0x12c5370 DEBUG   default gstvalue.c:2676:_priv_gst_value_parse_value: trying type name 'string'
0:00:00.013493834  2663 0x18e8350 DEBUG   GST_POLL gstpoll.c:979:gst_poll_fd_ctl_write: 0x18f0850: fd (fd:0, idx:1), active : 1
0:00:00.017512663  2662 0x12c5370 DEBUG   structure gststructure.c:2203:gst_structure_parse_field: trying field name 'description'
0:00:00.013499748  2663 0x18e8350 LOG   GST_POLL gstpoll.c:994:gst_poll_fd_ctl_write: 0x18f0850: pfd->events now 60 (POLLOUT:4)
0:00:00.017518351  2662 0x12c5370 DEBUG   default gstvalue.c:2676:_priv_gst_value_parse_value: trying type name 'string'
0:00:00.013508161  2663 0x18e8350 DEBUG   GST_POLL gstpoll.c:979:gst_poll_fd_ctl_write: 0x18f0850: fd (fd:0, idx:1), active : 1
0:00:00.017524403  2662 0x12c5370 DEBUG   structure gststructure.c:2203:gst_structure_parse_field: trying field name 'author'
0:00:00.013514818  2663 0x18e8350 LOG   GST_POLL gstpoll.c:994:gst_poll_fd_ctl_write: 0x18f0850: pfd->events now 60 (POLLOUT:4)
0:00:00.017531978  2662 0x12c5370 DEBUG   default gstvalue.c:2676:_priv_gst_value_parse_value: trying type name 'string'
0:00:00.013521404  2663 0x18e8350 DEBUG   GST_POLL gstpoll.c:979:gst_poll_fd_ctl_write: 0x18f0850: fd (fd:0, idx:1), active : 1
0:00:00.017539684  2662 0x12c5370 DEBUG   GST_REGISTRY gstregistrychunks.c:626:gst_registry_chunks_load_feature: Element factory : npadtemplates=2
0:00:00.013527300  2663 0x18e8350 LOG   GST_POLL gstpoll.c:994:gst_poll_fd_ctl_write: 0x18f0850: pfd->events now 60 (POLLOUT:4)
0:00:00.017545427  2662 0x12c5370 DEBUG   GST_REGISTRY gstregistrychunks.c:525:gst_registry_chunks_load_pad_template: Reading/casting for GstRegistryChunkPadTemplate at address 0x12e12b0
0:00:00.013533457  2663 0x18e8350 DEBUG   GST_POLL gstpoll.c:979:gst_poll_fd_ctl_write: 0x18f0850: fd (fd:0, idx:1), active : 1
0:00:00.017553533  2662 0x12c5370 DEBUG   GST_REGISTRY gstregistrychunks.c:539:gst_registry_chunks_load_pad_template: Added pad_template sink
0:00:00.013538966  2663 0x18e8350 LOG   GST_POLL gstpoll.c:994:gst_poll_fd_ctl_write: 0x18f0850: pfd->events now 60 (POLLOUT:4)
0:00:00.017560356  2662 0x12c5370 DEBUG   GST_REGISTRY gstregistrychunks.c:525:gst_registry_chunks_load_pad_template: Reading/casting for GstRegistryChunkPadTemplate at address 0x12e12c8
0:00:00.013546851  2663 0x18e8350 DEBUG   GST_POLL gstpoll.c:979:gst_poll_fd_ctl_write: 0x18f0850: fd (fd:0, idx:1), active : 1
0:00:00.017566709  2662 0x12c5370 DEBUG   GST_REGISTRY gstregistrychunks.c:539:gst_registry_chunks_load_pad_template: Added pad_template src
0:00:00.013552537  2663 0x18e8350 LOG   GST_POLL gstpoll.c:994:gst_poll_fd_ctl_write: 0x18f0850: pfd->events now 60 (POLLOUT:4)
0:00:00.017574607  2662 0x12c5370 DEBUG   GST_REGISTRY gstregistry.c:589:gst_registry_add_feature: adding feature 0x12e3650 (queue2)
0:00:00.013561427  2663 0x18e8350 DEBUG   GST_POLL gstpoll.c:979:gst_poll_fd_ctl_write: 0x18f0850: fd (fd:0, idx:1), active : 1
0:00:00.017588554  2662 0x12c5370 DEBUG   GST_REFCOUNTING gstobject.c:708:gst_object_set_parent: set parent (ref and sink)
0:00:00.013574800  2663 0x18e8350 LOG   GST_POLL gstpoll.c:994:gst_poll_fd_ctl_write: 0x18f0850: pfd->events now 60 (POLLOUT:4)
0:00:00.017596110  2662 0x12c5370 TRACE   GST_REFCOUNTING gstobject.c:292:gst_object_ref_sink: 0x12e3650 ref_sink 1->2
0:00:00.013581617  2663 0x18e8350 DEBUG   GST_POLL gstpoll.c:979:gst_poll_fd_ctl_write: 0x18f0850: fd (fd:0, idx:1), active : 1
0:00:00.017603255  2662 0x12c5370 LOG   GST_REGISTRY gstregistry.c:607:gst_registry_add_feature: emitting feature-added for queue2
0:00:00.013588949  2663 0x18e8350 LOG   GST_POLL gstpoll.c:994:gst_poll_fd_ctl_write: 0x18f0850: pfd->events now 60 (POLLOUT:4)
0:00:00.017609877  2662 0x12c5370 DEBUG   GST_REGISTRY gstregistrychunks.c:740:gst_registry_chunks_load_feature: Added feature queue2, plugin 0x12df070 coreelements
0:00:00.013595673  2663 0x18e8350 DEBUG   GST_POLL gstpoll.c:979:gst_poll_fd_ctl_write: 0x18f0850: fd (fd:0, idx:1), active : 1
0:00:00.013602933  2663 0x18e8350 LOG   GST_POLL gstpoll.c:994:gst_poll_fd_ctl_write: 0x18f0850: pfd->events now 60 (POLLOUT:4)
0:00:00.017618837  2662 0x12c5370 DEBUG   GST_REGISTRY gstregistrychunks.c:582:gst_registry_chunks_load_feature: Plugin 'coreelements' feature 'queue' typename : 'GstElementFactory'
0:00:00.013608394  2663 0x18e8350 DEBUG   GST_POLL gstpoll.c:979:gst_poll_fd_ctl_write: 0x18f0850: fd (fd:0, idx:1), active : 1
0:00:00.013613967  2663 0x18e8350 LOG   GST_POLL gstpoll.c:994:gst_poll_fd_ctl_write: 0x18f0850: pfd->events now 60 (POLLOUT:4)
0:00:00.017628361  2662 0x12c5370 TRACE   GST_REFCOUNTING gstobject.c:208:gst_object_init: 0x12e3aa0 new
0:00:00.013621947  2663 0x18e8350 DEBUG   GST_POLL gstpoll.c:979:gst_poll_fd_ctl_write: 0x18f0850: fd (fd:0, idx:1), active : 1
0:00:00.017642777  2662 0x12c5370 LOG   GST_REGISTRY gstregistrychunks.c:609:gst_registry_chunks_load_feature: Reading/casting for GstRegistryChunkElementFactory at address 0x12e12f0
0:00:00.013628397  2663 0x18e8350 LOG   GST_POLL gstpoll.c:994:gst_poll_fd_ctl_write: 0x18f0850: pfd->events now 60 (POLLOUT:4)
0:00:00.017649981  2662 0x12c5370 TRACE   structure gststructure.c:287:gst_structure_new_id_empty_with_size: created structure 0x12e3cd0
0:00:00.013636050  2663 0x18e8350 DEBUG   GST_POLL gstpoll.c:979:gst_poll_fd_ctl_write: 0x18f0850: fd (fd:0, idx:1), active : 1
0:00:00.017656062  2662 0x12c5370 DEBUG   structure gststructure.c:2203:gst_structure_parse_field: trying field name 'long-name'
0:00:00.013642065  2663 0x18e8350 LOG   GST_POLL gstpoll.c:994:gst_poll_fd_ctl_write: 0x18f0850: pfd->events now 60 (POLLOUT:4)
0:00:00.017661915  2662 0x12c5370 DEBUG   default gstvalue.c:2676:_priv_gst_value_parse_value: trying type name 'string'
0:00:00.013648740  2663 0x18e8350 DEBUG   GST_POLL gstpoll.c:979:gst_poll_fd_ctl_write: 0x18f0850: fd (fd:0, idx:1), active : 1
0:00:00.017673279  2662 0x12c5370 DEBUG   structure gststructure.c:2203:gst_structure_parse_field: trying field name 'klass'
0:00:00.013658791  2663 0x18e8350 LOG   GST_POLL gstpoll.c:994:gst_poll_fd_ctl_write: 0x18f0850: pfd->events now 60 (POLLOUT:4)
0:00:00.017681003  2662 0x12c5370 DEBUG   default gstvalue.c:2676:_priv_gst_value_parse_value: trying type name 'string'
0:00:00.013666750  2663 0x18e8350 DEBUG   GST_POLL gstpoll.c:979:gst_poll_fd_ctl_write: 0x18f0850: fd (fd:0, idx:1), active : 1
0:00:00.017689062  2662 0x12c5370 DEBUG   structure gststructure.c:2203:gst_structure_parse_field: trying field name 'description'
0:00:00.013674091  2663 0x18e8350 LOG   GST_POLL gstpoll.c:994:gst_poll_fd_ctl_write: 0x18f0850: pfd->events now 60 (POLLOUT:4)
0:00:00.017695527  2662 0x12c5370 DEBUG   default gstvalue.c:2676:_priv_gst_value_parse_value: trying type name 'string'
0:00:00.013684137  2663 0x18e8350 DEBUG   GST_POLL gstpoll.c:979:gst_poll_fd_ctl_write: 0x18f0850: fd (fd:0, idx:1), active : 1
0:00:00.017701907  2662 0x12c5370 DEBUG   structure gststructure.c:2203:gst_structure_parse_field: trying field name 'author'
0:00:00.013690640  2663 0x18e8350 LOG   GST_POLL gstpoll.c:994:gst_poll_fd_ctl_write: 0x18f0850: pfd->events now 60 (POLLOUT:4)
0:00:00.017708048  2662 0x12c5370 DEBUG   default gstvalue.c:2676:_priv_gst_value_parse_value: trying type name 'string'
0:00:00.013696990  2663 0x18e8350 DEBUG   GST_POLL gstpoll.c:979:gst_poll_fd_ctl_write: 0x18f0850: fd (fd:0, idx:1), active : 1
0:00:00.017715110  2662 0x12c5370 DEBUG   GST_REGISTRY gstregistrychunks.c:626:gst_registry_chunks_load_feature: Element factory : npadtemplates=2
0:00:00.013702781  2663 0x18e8350 LOG   GST_POLL gstpoll.c:994:gst_poll_fd_ctl_write: 0x18f0850: pfd->events now 60 (POLLOUT:4)
0:00:00.017720789  2662 0x12c5370 DEBUG   GST_REGISTRY gstregistrychunks.c:525:gst_registry_chunks_load_pad_template: Reading/casting for GstRegistryChunkPadTemplate at address 0x12e13a8
0:00:00.013708877  2663 0x18e8350 DEBUG   GST_POLL gstpoll.c:979:gst_poll_fd_ctl_write: 0x18f0850: fd (fd:0, idx:1), active : 1
0:00:00.017726511  2662 0x12c5370 DEBUG   GST_REGISTRY gstregistrychunks.c:539:gst_registry_chunks_load_pad_template: Added pad_template sink
0:00:00.013714547  2663 0x18e8350 LOG   GST_POLL gstpoll.c:994:gst_poll_fd_ctl_write: 0x18f0850: pfd->events now 60 (POLLOUT:4)
0:00:00.017734069  2662 0x12c5370 DEBUG   GST_REGISTRY gstregistrychunks.c:525:gst_registry_chunks_load_pad_template: Reading/casting for GstRegistryChunkPadTemplate at address 0x12e13c0
0:00:00.013720842  2663 0x18e8350 DEBUG   GST_POLL gstpoll.c:979:gst_poll_fd_ctl_write: 0x18f0850: fd (fd:0, idx:1), active : 1
0:00:00.017741166  2662 0x12c5370 DEBUG   GST_REGISTRY gstregistrychunks.c:539:gst_registry_chunks_load_pad_template: Added pad_template src
0:00:00.013727229  2663 0x18e8350 LOG   GST_POLL gstpoll.c:994:gst_poll_fd_ctl_write: 0x18f0850: pfd->events now 60 (POLLOUT:4)
0:00:00.017753526  2662 0x12c5370 DEBUG   GST_REGISTRY gstregistry.c:589:gst_registry_add_feature: adding feature 0x12e3aa0 (queue)
0:00:00.013740313  2663 0x18e8350 DEBUG   GST_POLL gstpoll.c:979:gst_poll_fd_ctl_write: 0x18f0850: fd (fd:0, idx:1), active : 1
0:00:00.017759924  2662 0x12c5370 DEBUG   GST_REFCOUNTING gstobject.c:708:gst_object_set_parent: set parent (ref and sink)
0:00:00.013746726  2663 0x18e8350 LOG   GST_POLL gstpoll.c:994:gst_poll_fd_ctl_write: 0x18f0850: pfd->events now 60 (POLLOUT:4)
0:00:00.017767491  2662 0x12c5370 TRACE   GST_REFCOUNTING gstobject.c:292:gst_object_ref_sink: 0x12e3aa0 ref_sink 1->2
0:00:00.013753130  2663 0x18e8350 DEBUG   GST_POLL gstpoll.c:979:gst_poll_fd_ctl_write: 0x18f0850: fd (fd:0, idx:1), active : 1
0:00:00.017774566  2662 0x12c5370 LOG   GST_REGISTRY gstregistry.c:607:gst_registry_add_feature: emitting feature-added for queue
0:00:00.013760348  2663 0x18e8350 LOG   GST_POLL gstpoll.c:994:gst_poll_fd_ctl_write: 0x18f0850: pfd->events now 60 (POLLOUT:4)
0:00:00.017781378  2662 0x12c5370 DEBUG   GST_REGISTRY gstregistrychunks.c:740:gst_registry_chunks_load_feature: Added feature queue, plugin 0x12df070 coreelements
0:00:00.013767265  2663 0x18e8350 DEBUG   GST_POLL gstpoll.c:979:gst_poll_fd_ctl_write: 0x18f0850: fd (fd:0, idx:1), active : 1
0:00:00.017787801  2662 0x12c5370 DEBUG   GST_REGISTRY gstregistrychunks.c:582:gst_registry_chunks_load_feature: Plugin 'coreelements' feature 'output-selector' typename : 'GstElementFactory'
0:00:00.013773369  2663 0x18e8350 LOG   GST_POLL gstpoll.c:994:gst_poll_fd_ctl_write: 0x18f0850: pfd->events now 60 (POLLOUT:4)
0:00:00.013781281  2663 0x18e8350 DEBUG   GST_POLL gstpoll.c:979:gst_poll_fd_ctl_write: 0x18f0850: fd (fd:0, idx:1), active : 1
0:00:00.017797787  2662 0x12c5370 TRACE   GST_REFCOUNTING gstobject.c:208:gst_object_init: 0x12e3e00 new
0:00:00.013786260  2663 0x18e8350 LOG   GST_POLL gstpoll.c:994:gst_poll_fd_ctl_write: 0x18f0850: pfd->events now 60 (POLLOUT:4)
0:00:00.017810396  2662 0x12c5370 LOG   GST_REGISTRY gstregistrychunks.c:609:gst_registry_chunks_load_feature: Reading/casting for GstRegistryChunkElementFactory at address 0x12e13f8
0:00:00.013794599  2663 0x18e8350 DEBUG   GST_POLL gstpoll.c:979:gst_poll_fd_ctl_write: 0x18f0850: fd (fd:0, idx:1), active : 1
0:00:00.017817162  2662 0x12c5370 TRACE   structure gststructure.c:287:gst_structure_new_id_empty_with_size: created structure 0x12e4100
0:00:00.013803242  2663 0x18e8350 LOG   GST_POLL gstpoll.c:994:gst_poll_fd_ctl_write: 0x18f0850: pfd->events now 60 (POLLOUT:4)
0:00:00.017822923  2662 0x12c5370 DEBUG   structure gststructure.c:2203:gst_structure_parse_field: trying field name 'long-name'
0:00:00.013809897  2663 0x18e8350 DEBUG   GST_POLL gstpoll.c:979:gst_poll_fd_ctl_write: 0x18f0850: fd (fd:0, idx:1), active : 1
0:00:00.017828247  2662 0x12c5370 DEBUG   default gstvalue.c:2676:_priv_gst_value_parse_value: trying type name 'string'
0:00:00.013815439  2663 0x18e8350 LOG   GST_POLL gstpoll.c:994:gst_poll_fd_ctl_write: 0x18f0850: pfd->events now 60 (POLLOUT:4)
0:00:00.017839233  2662 0x12c5370 DEBUG   structure gststructure.c:2203:gst_structure_parse_field: trying field name 'klass'
0:00:00.013825408  2663 0x18e8350 DEBUG   GST_POLL gstpoll.c:979:gst_poll_fd_ctl_write: 0x18f0850: fd (fd:0, idx:1), active : 1
0:00:00.017844666  2662 0x12c5370 DEBUG   default gstvalue.c:2676:_priv_gst_value_parse_value: trying type name 'string'
0:00:00.013831052  2663 0x18e8350 LOG   GST_POLL gstpoll.c:994:gst_poll_fd_ctl_write: 0x18f0850: pfd->events now 60 (POLLOUT:4)
0:00:00.017852858  2662 0x12c5370 DEBUG   structure gststructure.c:2203:gst_structure_parse_field: trying field name 'description'
0:00:00.013838124  2663 0x18e8350 DEBUG   GST_POLL gstpoll.c:979:gst_poll_fd_ctl_write: 0x18f0850: fd (fd:0, idx:1), active : 1
0:00:00.017859927  2662 0x12c5370 DEBUG   default gstvalue.c:2676:_priv_gst_value_parse_value: trying type name 'string'
0:00:00.013846001  2663 0x18e8350 LOG   GST_POLL gstpoll.c:994:gst_poll_fd_ctl_write: 0x18f0850: pfd->events now 60 (POLLOUT:4)
0:00:00.017866673  2662 0x12c5370 DEBUG   structure gststructure.c:2203:gst_structure_parse_field: trying field name 'author'
0:00:00.013854826  2663 0x18e8350 DEBUG   GST_POLL gstpoll.c:979:gst_poll_fd_ctl_write: 0x18f0850: fd (fd:0, idx:1), active : 1
0:00:00.017872311  2662 0x12c5370 DEBUG   default gstvalue.c:2676:_priv_gst_value_parse_value: trying type name 'string'
0:00:00.013861704  2663 0x18e8350 LOG   GST_POLL gstpoll.c:994:gst_poll_fd_ctl_write: 0x18f0850: pfd->events now 60 (POLLOUT:4)
0:00:00.017879648  2662 0x12c5370 DEBUG   GST_REGISTRY gstregistrychunks.c:626:gst_registry_chunks_load_feature: Element factory : npadtemplates=2
0:00:00.013868276  2663 0x18e8350 DEBUG   GST_POLL gstpoll.c:979:gst_poll_fd_ctl_write: 0x18f0850: fd (fd:0, idx:1), active : 1
0:00:00.017885197  2662 0x12c5370 DEBUG   GST_REGISTRY gstregistrychunks.c:525:gst_registry_chunks_load_pad_template: Reading/casting for GstRegistryChunkPadTemplate at address 0x12e14d0
0:00:00.013874057  2663 0x18e8350 LOG   GST_POLL gstpoll.c:994:gst_poll_fd_ctl_write: 0x18f0850: pfd->events now 60 (POLLOUT:4)
0:00:00.017891739  2662 0x12c5370 DEBUG   GST_REGISTRY gstregistrychunks.c:539:gst_registry_chunks_load_pad_template: Added pad_template src_%u
0:00:00.013880183  2663 0x18e8350 DEBUG   GST_POLL gstpoll.c:979:gst_poll_fd_ctl_write: 0x18f0850: fd (fd:0, idx:1), active : 1
0:00:00.017896962  2662 0x12c5370 DEBUG   GST_REGISTRY gstregistrychunks.c:525:gst_registry_chunks_load_pad_template: Reading/casting for GstRegistryChunkPadTemplate at address 0x12e14e8
0:00:00.013885901  2663 0x18e8350 LOG   GST_POLL gstpoll.c:994:gst_poll_fd_ctl_write: 0x18f0850: pfd->events now 60 (POLLOUT:4)
0:00:00.017905183  2662 0x12c5370 DEBUG   GST_REGISTRY gstregistrychunks.c:539:gst_registry_chunks_load_pad_template: Added pad_template sink
0:00:00.013891848  2663 0x18e8350 DEBUG   GST_POLL gstpoll.c:979:gst_poll_fd_ctl_write: 0x18f0850: fd (fd:0, idx:1), active : 1
0:00:00.013902413  2663 0x18e8350 LOG   GST_POLL gstpoll.c:994:gst_poll_fd_ctl_write: 0x18f0850: pfd->events now 60 (POLLOUT:4)
0:00:00.017918602  2662 0x12c5370 DEBUG   GST_REGISTRY gstregistry.c:589:gst_registry_add_feature: adding feature 0x12e3e00 (output-selector)
0:00:00.013910725  2663 0x18e8350 DEBUG   GST_POLL gstpoll.c:979:gst_poll_fd_ctl_write: 0x18f0850: fd (fd:0, idx:1), active : 1
0:00:00.017928278  2662 0x12c5370 DEBUG   GST_REFCOUNTING gstobject.c:708:gst_object_set_parent: set parent (ref and sink)
0:00:00.013917402  2663 0x18e8350 LOG   GST_POLL gstpoll.c:994:gst_poll_fd_ctl_write: 0x18f0850: pfd->events now 60 (POLLOUT:4)
0:00:00.017936343  2662 0x12c5370 TRACE   GST_REFCOUNTING gstobject.c:292:gst_object_ref_sink: 0x12e3e00 ref_sink 1->2
0:00:00.013923956  2663 0x18e8350 LOG   GST_PLUGIN_LOADING gstpluginloader.c:645:put_chunk: Expanding tx buf from 10158 to 13209 for chunk of size 209
0:00:00.017943203  2662 0x12c5370 LOG   GST_REGISTRY gstregistry.c:607:gst_registry_add_feature: emitting feature-added for output-selector
