0:00:00.010545457  2663 0x18e8350 DEBUG   GST_POLL gstpoll.c:979:gst_poll_fd_ctl_write: 0x18f0850: fd (fd:0, idx:1), active : 1
0:00:00.010550335  2663 0x18e8350 LOG   GST_POLL gstpoll.c:994:gst_poll_fd_ctl_write: 0x18f0850: pfd->events now 60 (POLLOUT:4)
0:00:00.010555571  2663 0x18e8350 DEBUG   GST_POLL gstpoll.c:979:gst_poll_fd_ctl_write: 0x18f0850: fd (fd:0, idx:1), active : 1
0:00:00.010568347  2663 0x18e8350 LOG   GST_POLL gstpoll.c:994:gst_poll_fd_ctl_write: 0x18f0850: pfd->events now 60 (POLLOUT:4)
0:00:00.010574785  2663 0x18e8350 DEBUG   GST_POLL gstpoll.c:979:gst_poll_fd_ctl_write: 0x18f0850: fd (fd:0, idx:1), active : 1
0:00:00.010579991  2663 0x18e8350 LOG   GST_POLL gstpoll.c:994:gst_poll_fd_ctl_write: 0x18f0850: pfd->events now 60 (POLLOUT:4)
0:00:00.010585159  2663 0x18e8350 DEBUG   GST_POLL gstpoll.c:979:gst_poll_fd_ctl_write: 0x18f0850: fd (fd:0, idx:1), active : 1
0:00:00.010590038  2663 0x18e8350 LOG   GST_POLL gstpoll.c:994:gst_poll_fd_ctl_write: 0x18f0850: pfd->events now 60 (POLLOUT:4)
0:00:00.010595147  2663 0x18e8350 DEBUG   GST_POLL gstpoll.c:979:gst_poll_fd_ctl_write: 0x18f0850: fd (fd:0, idx:1), active : 1
0:00:00.010600073  2663 0x18e8350 LOG   GST_POLL gstpoll.c:994:gst_poll_fd_ctl_write: 0x18f0850: pfd->events now 60 (POLLOUT:4)
0:00:00.010605250  2663 0x18e8350 DEBUG   GST_POLL gstpoll.c:979:gst_poll_fd_ctl_write: 0x18f0850: fd (fd:0, idx:1), active : 1
0:00:00.010612996  2663 0x18e8350 LOG   GST_POLL gstpoll.c:994:gst_poll_fd_ctl_write: 0x18f0850: pfd->events now 60 (POLLOUT:4)
0:00:00.010619324  2663 0x18e8350 DEBUG   GST_POLL gstpoll.c:979:gst_poll_fd_ctl_write: 0x18f0850: fd (fd:0, idx:1), active : 1
0:00:00.010624625  2663 0x18e8350 LOG   GST_POLL gstpoll.c:994:gst_poll_fd_ctl_write: 0x18f0850: pfd->events now 60 (POLLOUT:4)
0:00:00.010630090  2663 0x18e8350 DEBUG   GST_POLL gstpoll.c:979:gst_poll_fd_ctl_write: 0x18f0850: fd (fd:0, idx:1), active : 1
0:00:00.010635070  2663 0x18e8350 LOG   GST_POLL gstpoll.c:994:gst_poll_fd_ctl_write: 0x18f0850: pfd->events now 60 (POLLOUT:4)
0:00:00.010640392  2663 0x18e8350 DEBUG   GST_POLL gstpoll.c:979:gst_poll_fd_ctl_write: 0x18f0850: fd (fd:0, idx:1), active : 1
0:00:00.010645366  2663 0x18e8350 LOG   GST_POLL gstpoll.c:994:gst_poll_fd_ctl_write: 0x18f0850: pfd->events now 60 (POLLOUT:4)
0:00:00.010650568  2663 0x18e8350 DEBUG   GST_POLL gstpoll.c:979:gst_poll_fd_ctl_write: 0x18f0850: fd (fd:0, idx:1), active : 1
0:00:00.010658315  2663 0x18e8350 LOG   GST_POLL gstpoll.c:994:gst_poll_fd_ctl_write: 0x18f0850: pfd->events now 60 (POLLOUT:4)
0:00:00.010664633  2663 0x18e8350 DEBUG   GST_POLL gstpoll.c:979:gst_poll_fd_ctl_write: 0x18f0850: fd (fd:0, idx:1), active : 1
0:00:00.010669852  2663 0x18e8350 LOG   GST_POLL gstpoll.c:994:gst_poll_fd_ctl_write: 0x18f0850: pfd->events now 60 (POLLOUT:4)
0:00:00.010675273  2663 0x18e8350 DEBUG   GST_POLL gstpoll.c:979:gst_poll_fd_ctl_write: 0x18f0850: fd (fd:0, idx:1), active : 1
0:00:00.010680205  2663 0x18e8350 LOG   GST_POLL gstpoll.c:994:gst_poll_fd_ctl_write: 0x18f0850: pfd->events now 60 (POLLOUT:4)
0:00:00.010685363  2663 0x18e8350 DEBUG   GST_POLL gstpoll.c:979:gst_poll_fd_ctl_write: 0x18f0850: fd (fd:0, idx:1), active : 1
0:00:00.010690306  2663 0x18e8350 LOG   GST_POLL gstpoll.c:994:gst_poll_fd_ctl_write: 0x18f0850: pfd->events now 60 (POLLOUT:4)
0:00:00.010701764  2663 0x18e8350 DEBUG   GST_POLL gstpoll.c:979:gst_poll_fd_ctl_write: 0x18f0850: fd (fd:0, idx:1), active : 1
0:00:00.010709543  2663 0x18e8350 LOG   GST_POLL gstpoll.c:994:gst_poll_fd_ctl_write: 0x18f0850: pfd->events now 60 (POLLOUT:4)
0:00:00.010715990  2663 0x18e8350 DEBUG   GST_POLL gstpoll.c:979:gst_poll_fd_ctl_write: 0x18f0850: fd (fd:0, idx:1), active : 1
0:00:00.010721274  2663 0x18e8350 LOG   GST_POLL gstpoll.c:994:gst_poll_fd_ctl_write: 0x18f0850: pfd->events now 60 (POLLOUT:4)
0:00:00.010726779  2663 0x18e8350 DEBUG   GST_POLL gstpoll.c:979:gst_poll_fd_ctl_write: 0x18f0850: fd (fd:0, idx:1), active : 1
0:00:00.010731742  2663 0x18e8350 LOG   GST_POLL gstpoll.c:994:gst_poll_fd_ctl_write: 0x18f0850: pfd->events now 60 (POLLOUT:4)
0:00:00.010737107  2663 0x18e8350 DEBUG   GST_POLL gstpoll.c:979:gst_poll_fd_ctl_write: 0x18f0850: fd (fd:0, idx:1), active : 1
0:00:00.010742090  2663 0x18e8350 LOG   GST_POLL gstpoll.c:994:gst_poll_fd_ctl_write: 0x18f0850: pfd->events now 60 (POLLOUT:4)
0:00:00.010747293  2663 0x18e8350 DEBUG   GST_POLL gstpoll.c:979:gst_poll_fd_ctl_write: 0x18f0850: fd (fd:0, idx:1), active : 1
0:00:00.010754865  2663 0x18e8350 LOG   GST_POLL gstpoll.c:994:gst_poll_fd_ctl_write: 0x18f0850: pfd->events now 60 (POLLOUT:4)
0:00:00.010761138  2663 0x18e8350 DEBUG   GST_POLL gstpoll.c:979:gst_poll_fd_ctl_write: 0x18f0850: fd (fd:0, idx:1), active : 1
0:00:00.010766225  2663 0x18e8350 LOG   GST_POLL gstpoll.c:994:gst_poll_fd_ctl_write: 0x18f0850: pfd->events now 60 (POLLOUT:4)
0:00:00.010771484  2663 0x18e8350 DEBUG   GST_POLL gstpoll.c:979:gst_poll_fd_ctl_write: 0x18f0850: fd (fd:0, idx:1), active : 1
0:00:00.010776417  2663 0x18e8350 LOG   GST_POLL gstpoll.c:994:gst_poll_fd_ctl_write: 0x18f0850: pfd->events now 60 (POLLOUT:4)
0:00:00.010781545  2663 0x18e8350 DEBUG   GST_POLL gstpoll.c:979:gst_poll_fd_ctl_write: 0x18f0850: fd (fd:0, idx:1), active : 1
0:00:00.010786464  2663 0x18e8350 LOG   GST_POLL gstpoll.c:994:gst_poll_fd_ctl_write: 0x18f0850: pfd->events now 60 (POLLOUT:4)
0:00:00.010791664  2663 0x18e8350 DEBUG   GST_POLL gstpoll.c:979:gst_poll_fd_ctl_write: 0x18f0850: fd (fd:0, idx:1), active : 1
0:00:00.010799396  2663 0x18e8350 LOG   GST_POLL gstpoll.c:994:gst_poll_fd_ctl_write: 0x18f0850: pfd->events now 60 (POLLOUT:4)
0:00:00.010805751  2663 0x18e8350 DEBUG   GST_POLL gstpoll.c:979:gst_poll_fd_ctl_write: 0x18f0850: fd (fd:0, idx:1), active : 1
0:00:00.010811194  2663 0x18e8350 LOG   GST_POLL gstpoll.c:994:gst_poll_fd_ctl_write: 0x18f0850: pfd->events now 60 (POLLOUT:4)
0:00:00.010816615  2663 0x18e8350 DEBUG   GST_POLL gstpoll.c:979:gst_poll_fd_ctl_write: 0x18f0850: fd (fd:0, idx:1), active : 1
0:00:00.010821717  2663 0x18e8350 LOG   GST_POLL gstpoll.c:994:gst_poll_fd_ctl_write: 0x18f0850: pfd->events now 60 (POLLOUT:4)
0:00:00.010827034  2663 0x18e8350 LOG   GST_PLUGIN_LOADING gstpluginloader.c:645:put_chunk: Expanding tx buf from 5764 to 7717 for chunk of size 229
0:00:00.010837232  2663 0x18e8350 DEBUG   GST_POLL gstpoll.c:979:gst_poll_fd_ctl_write: 0x18f0850: fd (fd:0, idx:1), active : 1
0:00:00.010842282  2663 0x18e8350 LOG   GST_POLL gstpoll.c:994:gst_poll_fd_ctl_write: 0x18f0850: pfd->events now 60 (POLLOUT:4)
0:00:00.010850421  2663 0x18e8350 DEBUG   GST_POLL gstpoll.c:979:gst_poll_fd_ctl_write: 0x18f0850: fd (fd:0, idx:1), active : 1
0:00:00.010856516  2663 0x18e8350 LOG   GST_POLL gstpoll.c:994:gst_poll_fd_ctl_write: 0x18f0850: pfd->events now 60 (POLLOUT:4)
0:00:00.010861974  2663 0x18e8350 DEBUG   GST_POLL gstpoll.c:979:gst_poll_fd_ctl_write: 0x18f0850: fd (fd:0, idx:1), active : 1
0:00:00.010867091  2663 0x18e8350 LOG   GST_POLL gstpoll.c:994:gst_poll_fd_ctl_write: 0x18f0850: pfd->events now 60 (POLLOUT:4)
0:00:00.010872414  2663 0x18e8350 DEBUG   GST_POLL gstpoll.c:979:gst_poll_fd_ctl_write: 0x18f0850: fd (fd:0, idx:1), active : 1
0:00:00.010877334  2663 0x18e8350 LOG   GST_POLL gstpoll.c:994:gst_poll_fd_ctl_write: 0x18f0850: pfd->events now 60 (POLLOUT:4)
0:00:00.010882525  2663 0x18e8350 DEBUG   GST_POLL gstpoll.c:979:gst_poll_fd_ctl_write: 0x18f0850: fd (fd:0, idx:1), active : 1
0:00:00.010887678  2663 0x18e8350 LOG   GST_POLL gstpoll.c:994:gst_poll_fd_ctl_write: 0x18f0850: pfd->events now 60 (POLLOUT:4)
0:00:00.010895940  2663 0x18e8350 DEBUG   GST_POLL gstpoll.c:979:gst_poll_fd_ctl_write: 0x18f0850: fd (fd:0, idx:1), active : 1
0:00:00.010902204  2663 0x18e8350 LOG   GST_POLL gstpoll.c:994:gst_poll_fd_ctl_write: 0x18f0850: pfd->events now 60 (POLLOUT:4)
0:00:00.010907751  2663 0x18e8350 DEBUG   GST_POLL gstpoll.c:979:gst_poll_fd_ctl_write: 0x18f0850: fd (fd:0, idx:1), active : 1
0:00:00.010912864  2663 0x18e8350 LOG   GST_POLL gstpoll.c:994:gst_poll_fd_ctl_write: 0x18f0850: pfd->events now 60 (POLLOUT:4)
0:00:00.010918222  2663 0x18e8350 DEBUG   GST_POLL gstpoll.c:979:gst_poll_fd_ctl_write: 0x18f0850: fd (fd:0, idx:1), active : 1
0:00:00.010923120  2663 0x18e8350 LOG   GST_POLL gstpoll.c:994:gst_poll_fd_ctl_write: 0x18f0850: pfd->events now 60 (POLLOUT:4)
0:00:00.010928454  2663 0x18e8350 DEBUG   GST_POLL gstpoll.c:979:gst_poll_fd_ctl_write: 0x18f0850: fd (fd:0, idx:1), active : 1
0:00:00.010933350  2663 0x18e8350 LOG   GST_POLL gstpoll.c:994:gst_poll_fd_ctl_write: 0x18f0850: pfd->events now 60 (POLLOUT:4)
0:00:00.010941575  2663 0x18e8350 DEBUG   GST_POLL gstpoll.c:979:gst_poll_fd_ctl_write: 0x18f0850: fd (fd:0, idx:1), active : 1
0:00:00.010948035  2663 0x18e8350 LOG   GST_POLL gstpoll.c:994:gst_poll_fd_ctl_write: 0x18f0850: pfd->events now 60 (POLLOUT:4)
0:00:00.010953518  2663 0x18e8350 DEBUG   GST_POLL gstpoll.c:979:gst_poll_fd_ctl_write: 0x18f0850: fd (fd:0, idx:1), active : 1
0:00:00.010958583  2663 0x18e8350 LOG   GST_POLL gstpoll.c:994:gst_poll_fd_ctl_write: 0x18f0850: pfd->events now 60 (POLLOUT:4)
0:00:00.010963710  2663 0x18e8350 DEBUG   GST_POLL gstpoll.c:979:gst_poll_fd_ctl_write: 0x18f0850: fd (fd:0, idx:1), active : 1
0:00:00.010973058  2663 0x18e8350 LOG   GST_POLL gstpoll.c:994:gst_poll_fd_ctl_write: 0x18f0850: pfd->events now 60 (POLLOUT:4)
0:00:00.010978274  2663 0x18e8350 DEBUG   GST_POLL gstpoll.c:979:gst_poll_fd_ctl_write: 0x18f0850: fd (fd:0, idx:1), active : 1
0:00:00.010983171  2663 0x18e8350 LOG   GST_POLL gstpoll.c:994:gst_poll_fd_ctl_write: 0x18f0850: pfd->events now 60 (POLLOUT:4)
0:00:00.010991222  2663 0x18e8350 DEBUG   GST_POLL gstpoll.c:979:gst_poll_fd_ctl_write: 0x18f0850: fd (fd:0, idx:1), active : 1
0:00:00.010997251  2663 0x18e8350 LOG   GST_POLL gstpoll.c:994:gst_poll_fd_ctl_write: 0x18f0850: pfd->events now 60 (POLLOUT:4)
0:00:00.011002822  2663 0x18e8350 DEBUG   GST_POLL gstpoll.c:979:gst_poll_fd_ctl_write: 0x18f0850: fd (fd:0, idx:1), active : 1
0:00:00.011014005  2663 0x18e8350 LOG   GST_POLL gstpoll.c:994:gst_poll_fd_ctl_write: 0x18f0850: pfd->events now 60 (POLLOUT:4)
0:00:00.011019550  2663 0x18e8350 DEBUG   GST_POLL gstpoll.c:979:gst_poll_fd_ctl_write: 0x18f0850: fd (fd:0, idx:1), active : 1
0:00:00.011024501  2663 0x18e8350 LOG   GST_POLL gstpoll.c:994:gst_poll_fd_ctl_write: 0x18f0850: pfd->events now 60 (POLLOUT:4)
0:00:00.011029585  2663 0x18e8350 DEBUG   GST_POLL gstpoll.c:979:gst_poll_fd_ctl_write: 0x18f0850: fd (fd:0, idx:1), active : 1
0:00:00.011037154  2663 0x18e8350 LOG   GST_POLL gstpoll.c:994:gst_poll_fd_ctl_write: 0x18f0850: pfd->events now 60 (POLLOUT:4)
0:00:00.011043421  2663 0x18e8350 DEBUG   GST_POLL gstpoll.c:979:gst_poll_fd_ctl_write: 0x18f0850: fd (fd:0, idx:1), active : 1
0:00:00.011048604  2663 0x18e8350 LOG   GST_POLL gstpoll.c:994:gst_poll_fd_ctl_write: 0x18f0850: pfd->events now 60 (POLLOUT:4)
0:00:00.011053951  2663 0x18e8350 DEBUG   GST_POLL gstpoll.c:979:gst_poll_fd_ctl_write: 0x18f0850: fd (fd:0, idx:1), active : 1
0:00:00.011058873  2663 0x18e8350 LOG   GST_POLL gstpoll.c:994:gst_poll_fd_ctl_write: 0x18f0850: pfd->events now 60 (POLLOUT:4)
0:00:00.011064113  2663 0x18e8350 DEBUG   GST_POLL gstpoll.c:979:gst_poll_fd_ctl_write: 0x18f0850: fd (fd:0, idx:1), active : 1
0:00:00.011069172  2663 0x18e8350 LOG   GST_POLL gstpoll.c:994:gst_poll_fd_ctl_write: 0x18f0850: pfd->events now 60 (POLLOUT:4)
0:00:00.011074416  2663 0x18e8350 DEBUG   GST_POLL gstpoll.c:979:gst_poll_fd_ctl_write: 0x18f0850: fd (fd:0, idx:1), active : 1
0:00:00.011081983  2663 0x18e8350 LOG   GST_POLL gstpoll.c:994:gst_poll_fd_ctl_write: 0x18f0850: pfd->events now 60 (POLLOUT:4)
0:00:00.011088245  2663 0x18e8350 DEBUG   GST_POLL gstpoll.c:979:gst_poll_fd_ctl_write: 0x18f0850: fd (fd:0, idx:1), active : 1
0:00:00.011093469  2663 0x18e8350 LOG   GST_POLL gstpoll.c:994:gst_poll_fd_ctl_write: 0x18f0850: pfd->events now 60 (POLLOUT:4)
0:00:00.011098809  2663 0x18e8350 DEBUG   GST_POLL gstpoll.c:979:gst_poll_fd_ctl_write: 0x18f0850: fd (fd:0, idx:1), active : 1
0:00:00.011103762  2663 0x18e8350 LOG   GST_POLL gstpoll.c:994:gst_poll_fd_ctl_write: 0x18f0850: pfd->events now 60 (POLLOUT:4)
0:00:00.011116801  2663 0x18e8350 DEBUG   GST_POLL gstpoll.c:979:gst_poll_fd_ctl_write: 0x18f0850: fd (fd:0, idx:1), active : 1
0:00:00.011121870  2663 0x18e8350 LOG   GST_POLL gstpoll.c:994:gst_poll_fd_ctl_write: 0x18f0850: pfd->events now 60 (POLLOUT:4)
0:00:00.011127075  2663 0x18e8350 DEBUG   GST_POLL gstpoll.c:979:gst_poll_fd_ctl_write: 0x18f0850: fd (fd:0, idx:1), active : 1
0:00:00.011134760  2663 0x18e8350 LOG   GST_POLL gstpoll.c:994:gst_poll_fd_ctl_write: 0x18f0850: pfd->events now 60 (POLLOUT:4)
0:00:00.011141042  2663 0x18e8350 DEBUG   GST_POLL gstpoll.c:979:gst_poll_fd_ctl_write: 0x18f0850: fd (fd:0, idx:1), active : 1
0:00:00.011146238  2663 0x18e8350 LOG   GST_POLL gstpoll.c:994:gst_poll_fd_ctl_write: 0x18f0850: pfd->events now 60 (POLLOUT:4)
0:00:00.011151705  2663 0x18e8350 DEBUG   GST_POLL gstpoll.c:979:gst_poll_fd_ctl_write: 0x18f0850: fd (fd:0, idx:1), active : 1
0:00:00.011156616  2663 0x18e8350 LOG   GST_POLL gstpoll.c:994:gst_poll_fd_ctl_write: 0x18f0850: pfd->events now 60 (POLLOUT:4)
0:00:00.011161900  2663 0x18e8350 DEBUG   GST_POLL gstpoll.c:979:gst_poll_fd_ctl_write: 0x18f0850: fd (fd:0, idx:1), active : 1
0:00:00.011166952  2663 0x18e8350 LOG   GST_POLL gstpoll.c:994:gst_poll_fd_ctl_write: 0x18f0850: pfd->events now 60 (POLLOUT:4)
0:00:00.011201162  2663 0x18e8350 DEBUG   GST_POLL gstpoll.c:979:gst_poll_fd_ctl_write: 0x18f0850: fd (fd:0, idx:1), active : 1
0:00:00.011207423  2663 0x18e8350 LOG   GST_POLL gstpoll.c:994:gst_poll_fd_ctl_write: 0x18f0850: pfd->events now 60 (POLLOUT:4)
0:00:00.011212931  2663 0x18e8350 DEBUG   GST_POLL gstpoll.c:979:gst_poll_fd_ctl_write: 0x18f0850: fd (fd:0, idx:1), active : 1
0:00:00.011217998  2663 0x18e8350 LOG   GST_POLL gstpoll.c:994:gst_poll_fd_ctl_write: 0x18f0850: pfd->events now 60 (POLLOUT:4)
0:00:00.011236702  2663 0x18e8350 DEBUG   GST_POLL gstpoll.c:979:gst_poll_fd_ctl_write: 0x18f0850: fd (fd:0, idx:1), active : 1
0:00:00.011242922  2663 0x18e8350 LOG   GST_POLL gstpoll.c:994:gst_poll_fd_ctl_write: 0x18f0850: pfd->events now 60 (POLLOUT:4)
0:00:00.011248056  2663 0x18e8350 DEBUG   GST_POLL gstpoll.c:979:gst_poll_fd_ctl_write: 0x18f0850: fd (fd:0, idx:1), active : 1
0:00:00.011255756  2663 0x18e8350 LOG   GST_POLL gstpoll.c:994:gst_poll_fd_ctl_write: 0x18f0850: pfd->events now 60 (POLLOUT:4)
0:00:00.011262013  2663 0x18e8350 DEBUG   GST_POLL gstpoll.c:979:gst_poll_fd_ctl_write: 0x18f0850: fd (fd:0, idx:1), active : 1
0:00:00.011267230  2663 0x18e8350 LOG   GST_POLL gstpoll.c:994:gst_poll_fd_ctl_write: 0x18f0850: pfd->events now 60 (POLLOUT:4)
0:00:00.011272540  2663 0x18e8350 DEBUG   GST_POLL gstpoll.c:979:gst_poll_fd_ctl_write: 0x18f0850: fd (fd:0, idx:1), active : 1
0:00:00.011277443  2663 0x18e8350 LOG   GST_POLL gstpoll.c:994:gst_poll_fd_ctl_write: 0x18f0850: pfd->events now 60 (POLLOUT:4)
0:00:00.011282677  2663 0x18e8350 DEBUG   GST_POLL gstpoll.c:979:gst_poll_fd_ctl_write: 0x18f0850: fd (fd:0, idx:1), active : 1
0:00:00.011293841  2663 0x18e8350 LOG   GST_POLL gstpoll.c:994:gst_poll_fd_ctl_write: 0x18f0850: pfd->events now 60 (POLLOUT:4)
0:00:00.011299254  2663 0x18e8350 DEBUG   GST_POLL gstpoll.c:979:gst_poll_fd_ctl_write: 0x18f0850: fd (fd:0, idx:1), active : 1
0:00:00.011306994  2663 0x18e8350 LOG   GST_POLL gstpoll.c:994:gst_poll_fd_ctl_write: 0x18f0850: pfd->events now 60 (POLLOUT:4)
0:00:00.011313641  2663 0x18e8350 DEBUG   GST_POLL gstpoll.c:979:gst_poll_fd_ctl_write: 0x18f0850: fd (fd:0, idx:1), active : 1
0:00:00.011318732  2663 0x18e8350 LOG   GST_POLL gstpoll.c:994:gst_poll_fd_ctl_write: 0x18f0850: pfd->events now 60 (POLLOUT:4)
0:00:00.011324046  2663 0x18e8350 DEBUG   GST_POLL gstpoll.c:979:gst_poll_fd_ctl_write: 0x18f0850: fd (fd:0, idx:1), active : 1
0:00:00.011328965  2663 0x18e8350 LOG   GST_POLL gstpoll.c:994:gst_poll_fd_ctl_write: 0x18f0850: pfd->events now 60 (POLLOUT:4)
0:00:00.011334198  2663 0x18e8350 DEBUG   GST_POLL gstpoll.c:979:gst_poll_fd_ctl_write: 0x18f0850: fd (fd:0, idx:1), active : 1
0:00:00.011339062  2663 0x18e8350 LOG   GST_POLL gstpoll.c:994:gst_poll_fd_ctl_write: 0x18f0850: pfd->events now 60 (POLLOUT:4)
0:00:00.011344266  2663 0x18e8350 DEBUG   GST_POLL gstpoll.c:979:gst_poll_fd_ctl_write: 0x18f0850: fd (fd:0, idx:1), active : 1
0:00:00.011351850  2663 0x18e8350 LOG   GST_POLL gstpoll.c:994:gst_poll_fd_ctl_write: 0x18f0850: pfd->events now 60 (POLLOUT:4)
0:00:00.011358078  2663 0x18e8350 DEBUG   GST_POLL gstpoll.c:979:gst_poll_fd_ctl_write: 0x18f0850: fd (fd:0, idx:1), active : 1
0:00:00.011363245  2663 0x18e8350 LOG   GST_POLL gstpoll.c:994:gst_poll_fd_ctl_write: 0x18f0850: pfd->events now 60 (POLLOUT:4)
0:00:00.011368503  2663 0x18e8350 DEBUG   GST_POLL gstpoll.c:979:gst_poll_fd_ctl_write: 0x18f0850: fd (fd:0, idx:1), active : 1
0:00:00.011373494  2663 0x18e8350 LOG   GST_POLL gstpoll.c:994:gst_poll_fd_ctl_write: 0x18f0850: pfd->events now 60 (POLLOUT:4)
0:00:00.011378631  2663 0x18e8350 DEBUG   GST_POLL gstpoll.c:979:gst_poll_fd_ctl_write: 0x18f0850: fd (fd:0, idx:1), active : 1
0:00:00.011383571  2663 0x18e8350 LOG   GST_POLL gstpoll.c:994:gst_poll_fd_ctl_write: 0x18f0850: pfd->events now 60 (POLLOUT:4)
0:00:00.011388652  2663 0x18e8350 DEBUG   GST_POLL gstpoll.c:979:gst_poll_fd_ctl_write: 0x18f0850: fd (fd:0, idx:1), active : 1
0:00:00.011396445  2663 0x18e8350 LOG   GST_POLL gstpoll.c:994:gst_poll_fd_ctl_write: 0x18f0850: pfd->events now 60 (POLLOUT:4)
0:00:00.011402705  2663 0x18e8350 DEBUG   GST_POLL gstpoll.c:979:gst_poll_fd_ctl_write: 0x18f0850: fd (fd:0, idx:1), active : 1
0:00:00.011408066  2663 0x18e8350 LOG   GST_POLL gstpoll.c:994:gst_poll_fd_ctl_write: 0x18f0850: pfd->events now 60 (POLLOUT:4)
0:00:00.011413400  2663 0x18e8350 DEBUG   GST_POLL gstpoll.c:979:gst_poll_fd_ctl_write: 0x18f0850: fd (fd:0, idx:1), active : 1
0:00:00.011418575  2663 0x18e8350 LOG   GST_POLL gstpoll.c:994:gst_poll_fd_ctl_write: 0x18f0850: pfd->events now 60 (POLLOUT:4)
0:00:00.011428581  2663 0x18e8350 DEBUG   GST_POLL gstpoll.c:979:gst_poll_fd_ctl_write: 0x18f0850: fd (fd:0, idx:1), active : 1
0:00:00.011433778  2663 0x18e8350 LOG   GST_POLL gstpoll.c:994:gst_poll_fd_ctl_write: 0x18f0850: pfd->events now 60 (POLLOUT:4)
0:00:00.011439039  2663 0x18e8350 DEBUG   GST_POLL gstpoll.c:979:gst_poll_fd_ctl_write: 0x18f0850: fd (fd:0, idx:1), active : 1
0:00:00.011446651  2663 0x18e8350 LOG   GST_POLL gstpoll.c:994:gst_poll_fd_ctl_write: 0x18f0850: pfd->events now 60 (POLLOUT:4)
0:00:00.011453102  2663 0x18e8350 DEBUG   GST_POLL gstpoll.c:979:gst_poll_fd_ctl_write: 0x18f0850: fd (fd:0, idx:1), active : 1
0:00:00.011458413  2663 0x18e8350 LOG   GST_POLL gstpoll.c:994:gst_poll_fd_ctl_write: 0x18f0850: pfd->events now 60 (POLLOUT:4)
0:00:00.011463856  2663 0x18e8350 DEBUG   GST_POLL gstpoll.c:979:gst_poll_fd_ctl_write: 0x18f0850: fd (fd:0, idx:1), active : 1
0:00:00.011468782  2663 0x18e8350 LOG   GST_POLL gstpoll.c:994:gst_poll_fd_ctl_write: 0x18f0850: pfd->events now 60 (POLLOUT:4)
0:00:00.011473897  2663 0x18e8350 DEBUG   GST_POLL gstpoll.c:979:gst_poll_fd_ctl_write: 0x18f0850: fd (fd:0, idx:1), active : 1
0:00:00.011478784  2663 0x18e8350 LOG   GST_POLL gstpoll.c:994:gst_poll_fd_ctl_write: 0x18f0850: pfd->events now 60 (POLLOUT:4)
0:00:00.011483983  2663 0x18e8350 DEBUG   GST_POLL gstpoll.c:979:gst_poll_fd_ctl_write: 0x18f0850: fd (fd:0, idx:1), active : 1
0:00:00.011492013  2663 0x18e8350 LOG   GST_POLL gstpoll.c:994:gst_poll_fd_ctl_write: 0x18f0850: pfd->events now 60 (POLLOUT:4)
0:00:00.011498462  2663 0x18e8350 DEBUG   GST_POLL gstpoll.c:979:gst_poll_fd_ctl_write: 0x18f0850: fd (fd:0, idx:1), active : 1
0:00:00.011503623  2663 0x18e8350 LOG   GST_POLL gstpoll.c:994:gst_poll_fd_ctl_write: 0x18f0850: pfd->events now 60 (POLLOUT:4)
0:00:00.011508809  2663 0x18e8350 DEBUG   GST_POLL gstpoll.c:979:gst_poll_fd_ctl_write: 0x18f0850: fd (fd:0, idx:1), active : 1
0:00:00.011513698  2663 0x18e8350 LOG   GST_POLL gstpoll.c:994:gst_poll_fd_ctl_write: 0x18f0850: pfd->events now 60 (POLLOUT:4)
0:00:00.011523851  2663 0x18e8350 TRACE   GST_REFCOUNTING gstobject.c:264:gst_object_unref: 0x1904190 unref 2->1
0:00:00.011530742  2663 0x18e8350 DEBUG   GST_POLL gstpoll.c:1241:gst_poll_fd_has_error: 0x18f0850: fd (fd:0, idx:1) 0
0:00:00.011536149  2663 0x18e8350 DEBUG   GST_POLL gstpoll.c:1335:gst_poll_fd_can_write: 0x18f0850: fd (fd:0, idx:1) 1
0:00:00.011544132  2663 0x18e8350 LOG   GST_PLUGIN_LOADING gstpluginloader.c:690:write_one: Writing packet of size 488 bytes to fd 0
0:00:00.011565711  2663 0x18e8350 DEBUG   GST_POLL gstpoll.c:1414:gst_poll_wait: 0x18f0850: timeout :0:00:01.000000000
0:00:00.011577579  2663 0x18e8350 LOG   GST_PLUGIN_LOADING gstpluginloader.c:1027:exchange_packets: Poll res = 2. 6872 bytes pending for write
0:00:00.011583693  2663 0x18e8350 DEBUG   GST_POLL gstpoll.c:1241:gst_poll_fd_has_error: 0x18f0850: fd (fd:5, idx:2) 0
0:00:00.011589085  2663 0x18e8350 DEBUG   GST_POLL gstpoll.c:1266:gst_poll_fd_can_read_unlocked: 0x18f0850: fd (fd:5, idx:2) 1
0:00:00.015602443  2662 0x12c5370 LOG   GST_PLUGIN_LOADING gstpluginloader.c:1027:exchange_packets: Poll res = 1. 0 bytes pending for write
0:00:00.011605051  2663 0x18e8350 DEBUG   GST_PLUGIN_LOADING gstpluginloader.c:722:do_plugin_load: Plugin scanner loading file /home/conan/w/prod/BuildSingleReference/.conan/data/gstreamer/1.18.3/_/_/package/0387548ec0d21c08cb6b492d670dcb344087cb15/lib/gstreamer-1.0/libgstcoretracers.so. tag 2
0:00:00.015625036  2662 0x12c5370 DEBUG   GST_POLL gstpoll.c:1241:gst_poll_fd_has_error: 0x12deb40: fd (fd:8, idx:2) 0
0:00:00.011620734  2663 0x18e8350 TRACE   GST_REFCOUNTING gstobject.c:237:gst_object_ref: 0x1901d60 ref 1->2
0:00:00.015639292  2662 0x12c5370 DEBUG   GST_POLL gstpoll.c:1266:gst_poll_fd_can_read_unlocked: 0x12deb40: fd (fd:8, idx:2) 1
0:00:00.011629236  2663 0x18e8350 TRACE   GST_REFCOUNTING gstobject.c:237:gst_object_ref: 0x1902de0 ref 1->2
0:00:00.011635930  2663 0x18e8350 TRACE   GST_REFCOUNTING gstobject.c:237:gst_object_ref: 0x1902b90 ref 1->2
0:00:00.015653694  2662 0x12c5370 DEBUG   GST_PLUGIN_LOADING gstpluginloader.c:848:handle_rx_packet: Received plugin details from child w/ tag 0. 476 bytes info
0:00:00.011641754  2663 0x18e8350 TRACE   GST_REFCOUNTING gstobject.c:237:gst_object_ref: 0x19028c0 ref 1->2
0:00:00.015660899  2662 0x12c5370 LOG   GST_REGISTRY gstregistrychunks.c:836:_priv_gst_registry_chunks_load_plugin: Reading/casting for GstRegistryChunkPluginElement at address 0x12df070
0:00:00.011647871  2663 0x18e8350 TRACE   GST_REFCOUNTING gstobject.c:237:gst_object_ref: 0x19026b0 ref 1->2
0:00:00.011656724  2663 0x18e8350 TRACE   GST_REFCOUNTING gstobject.c:237:gst_object_ref: 0x19021c0 ref 1->2
0:00:00.015680259  2662 0x12c5370 TRACE   GST_REFCOUNTING gstobject.c:208:gst_object_init: 0x12df6e0 new
0:00:00.011666653  2663 0x18e8350 TRACE   GST_REFCOUNTING gstobject.c:264:gst_object_unref: 0x19021c0 unref 2->1
0:00:00.011675198  2663 0x18e8350 TRACE   GST_REFCOUNTING gstobject.c:264:gst_object_unref: 0x19026b0 unref 2->1
0:00:00.011680905  2663 0x18e8350 TRACE   GST_REFCOUNTING gstobject.c:264:gst_object_unref: 0x19028c0 unref 2->1
0:00:00.011686253  2663 0x18e8350 TRACE   GST_REFCOUNTING gstobject.c:264:gst_object_unref: 0x1902b90 unref 2->1
0:00:00.011691554  2663 0x18e8350 TRACE   GST_REFCOUNTING gstobject.c:264:gst_object_unref: 0x1902de0 unref 2->1
0:00:00.011698644  2663 0x18e8350 DEBUG   GST_REGISTRY gstregistrychunks.c:497:_priv_gst_registry_chunks_save_plugin: Found 5 features in plugin 0x1901d60 (coretracers)
0:00:00.011704401  2663 0x18e8350 DEBUG   GST_POLL gstpoll.c:979:gst_poll_fd_ctl_write: 0x18f0850: fd (fd:0, idx:1), active : 1
0:00:00.015724458  2662 0x12c5370 LOG   GST_REGISTRY gstregistrychunks.c:858:_priv_gst_registry_chunks_load_plugin: read strings for name='coretracers'
0:00:00.011712267  2663 0x18e8350 LOG   GST_POLL gstpoll.c:994:gst_poll_fd_ctl_write: 0x18f0850: pfd->events now 60 (POLLOUT:4)
0:00:00.015732566  2662 0x12c5370 LOG   GST_REGISTRY gstregistrychunks.c:859:_priv_gst_registry_chunks_load_plugin: desc.description='GStreamer core tracers'
0:00:00.011725030  2663 0x18e8350 DEBUG   GST_POLL gstpoll.c:979:gst_poll_fd_ctl_write: 0x18f0850: fd (fd:0, idx:1), active : 1
0:00:00.015742988  2662 0x12c5370 LOG   GST_REGISTRY gstregistrychunks.c:860:_priv_gst_registry_chunks_load_plugin: filename='/home/conan/w/prod/BuildSingleReference/.conan/data/gstreamer/1.18.3/_/_/package/0387548ec0d21c08cb6b492d670dcb344087cb15/lib/gstreamer-1.0/libgstcoretracers.so'
0:00:00.011731032  2663 0x18e8350 LOG   GST_POLL gstpoll.c:994:gst_poll_fd_ctl_write: 0x18f0850: pfd->events now 60 (POLLOUT:4)
0:00:00.015749160  2662 0x12c5370 LOG   GST_REGISTRY gstregistrychunks.c:861:_priv_gst_registry_chunks_load_plugin: desc.version='1.18.3'
0:00:00.011736942  2663 0x18e8350 DEBUG   GST_POLL gstpoll.c:979:gst_poll_fd_ctl_write: 0x18f0850: fd (fd:0, idx:1), active : 1
0:00:00.015754496  2662 0x12c5370 LOG   GST_REGISTRY gstregistrychunks.c:862:_priv_gst_registry_chunks_load_plugin: desc.license='LGPL'
0:00:00.011742628  2663 0x18e8350 LOG   GST_POLL gstpoll.c:994:gst_poll_fd_ctl_write: 0x18f0850: pfd->events now 60 (POLLOUT:4)
0:00:00.015761931  2662 0x12c5370 LOG   GST_REGISTRY gstregistrychunks.c:863:_priv_gst_registry_chunks_load_plugin: desc.source='gstreamer'
0:00:00.011748481  2663 0x18e8350 DEBUG   GST_POLL gstpoll.c:979:gst_poll_fd_ctl_write: 0x18f0850: fd (fd:0, idx:1), active : 1
0:00:00.015768712  2662 0x12c5370 LOG   GST_REGISTRY gstregistrychunks.c:864:_priv_gst_registry_chunks_load_plugin: desc.package='GStreamer source release'
0:00:00.011754697  2663 0x18e8350 LOG   GST_POLL gstpoll.c:994:gst_poll_fd_ctl_write: 0x18f0850: pfd->events now 60 (POLLOUT:4)
0:00:00.015774909  2662 0x12c5370 LOG   GST_REGISTRY gstregistrychunks.c:865:_priv_gst_registry_chunks_load_plugin: desc.origin='Unknown package origin'
0:00:00.011761214  2663 0x18e8350 DEBUG   GST_POLL gstpoll.c:979:gst_poll_fd_ctl_write: 0x18f0850: fd (fd:0, idx:1), active : 1
0:00:00.015780384  2662 0x12c5370 LOG   GST_REGISTRY gstregistrychunks.c:866:_priv_gst_registry_chunks_load_plugin: desc.datetime=2021-01-13
0:00:00.011769142  2663 0x18e8350 LOG   GST_POLL gstpoll.c:994:gst_poll_fd_ctl_write: 0x18f0850: pfd->events now 60 (POLLOUT:4)
0:00:00.015789812  2662 0x12c5370 DEBUG   GST_REGISTRY gstregistry.c:473:gst_registry_add_plugin: adding plugin 0x12df6e0 for filename "/home/conan/w/prod/BuildSingleReference/.conan/data/gstreamer/1.18.3/_/_/package/0387548ec0d21c08cb6b492d670dcb344087cb15/lib/gstreamer-1.0/libgstcoretracers.so"
0:00:00.011775909  2663 0x18e8350 DEBUG   GST_POLL gstpoll.c:979:gst_poll_fd_ctl_write: 0x18f0850: fd (fd:0, idx:1), active : 1
0:00:00.011782530  2663 0x18e8350 LOG   GST_POLL gstpoll.c:994:gst_poll_fd_ctl_write: 0x18f0850: pfd->events now 60 (POLLOUT:4)
0:00:00.015799232  2662 0x12c5370 TRACE   GST_REFCOUNTING gstobject.c:292:gst_object_ref_sink: 0x12df6e0 ref_sink 1->2
0:00:00.011787862  2663 0x18e8350 DEBUG   GST_POLL gstpoll.c:979:gst_poll_fd_ctl_write: 0x18f0850: fd (fd:0, idx:1), active : 1
0:00:00.015815245  2662 0x12c5370 LOG   GST_REGISTRY gstregistry.c:486:gst_registry_add_plugin: emitting plugin-added for filename "/home/conan/w/prod/BuildSingleReference/.conan/data/gstreamer/1.18.3/_/_/package/0387548ec0d21c08cb6b492d670dcb344087cb15/lib/gstreamer-1.0/libgstcoretracers.so"
0:00:00.011800159  2663 0x18e8350 LOG   GST_POLL gstpoll.c:994:gst_poll_fd_ctl_write: 0x18f0850: pfd->events now 60 (POLLOUT:4)
0:00:00.011809018  2663 0x18e8350 DEBUG   GST_POLL gstpoll.c:979:gst_poll_fd_ctl_write: 0x18f0850: fd (fd:0, idx:1), active : 1
0:00:00.015824900  2662 0x12c5370 DEBUG   GST_REGISTRY gstregistrychunks.c:886:_priv_gst_registry_chunks_load_plugin: Added plugin 'coretracers' plugin with 5 features from binary registry
0:00:00.011814032  2663 0x18e8350 LOG   GST_POLL gstpoll.c:994:gst_poll_fd_ctl_write: 0x18f0850: pfd->events now 60 (POLLOUT:4)
0:00:00.015833148  2662 0x12c5370 DEBUG   GST_REGISTRY gstregistrychunks.c:582:gst_registry_chunks_load_feature: Plugin 'coretracers' feature 'leaks' typename : 'GstTracerFactory'
0:00:00.011819959  2663 0x18e8350 DEBUG   GST_POLL gstpoll.c:979:gst_poll_fd_ctl_write: 0x18f0850: fd (fd:0, idx:1), active : 1
0:00:00.011827971  2663 0x18e8350 LOG   GST_POLL gstpoll.c:994:gst_poll_fd_ctl_write: 0x18f0850: pfd->events now 60 (POLLOUT:4)
0:00:00.015848139  2662 0x12c5370 TRACE   GST_REFCOUNTING gstobject.c:208:gst_object_init: 0x12df9f0 new
0:00:00.011834396  2663 0x18e8350 DEBUG   GST_POLL gstpoll.c:979:gst_poll_fd_ctl_write: 0x18f0850: fd (fd:0, idx:1), active : 1
0:00:00.011841375  2663 0x18e8350 LOG   GST_POLL gstpoll.c:994:gst_poll_fd_ctl_write: 0x18f0850: pfd->events now 60 (POLLOUT:4)
0:00:00.015858555  2662 0x12c5370 DEBUG   GST_REGISTRY gstregistrychunks.c:716:gst_registry_chunks_load_feature: Reading/casting for GstRegistryChunkPluginFeature at address 0x12df1b8
0:00:00.011846741  2663 0x18e8350 DEBUG   GST_POLL gstpoll.c:979:gst_poll_fd_ctl_write: 0x18f0850: fd (fd:0, idx:1), active : 1
0:00:00.015866212  2662 0x12c5370 DEBUG   GST_REGISTRY gstregistry.c:589:gst_registry_add_feature: adding feature 0x12df9f0 (leaks)
0:00:00.011852234  2663 0x18e8350 LOG   GST_POLL gstpoll.c:994:gst_poll_fd_ctl_write: 0x18f0850: pfd->events now 60 (POLLOUT:4)
0:00:00.015872612  2662 0x12c5370 DEBUG   GST_REFCOUNTING gstobject.c:708:gst_object_set_parent: set parent (ref and sink)
0:00:00.011858790  2663 0x18e8350 DEBUG   GST_POLL gstpoll.c:979:gst_poll_fd_ctl_write: 0x18f0850: fd (fd:0, idx:1), active : 1
0:00:00.015882079  2662 0x12c5370 TRACE   GST_REFCOUNTING gstobject.c:292:gst_object_ref_sink: 0x12df9f0 ref_sink 1->2
0:00:00.011869546  2663 0x18e8350 LOG   GST_POLL gstpoll.c:994:gst_poll_fd_ctl_write: 0x18f0850: pfd->events now 60 (POLLOUT:4)
0:00:00.015889703  2662 0x12c5370 LOG   GST_REGISTRY gstregistry.c:607:gst_registry_add_feature: emitting feature-added for leaks
0:00:00.011875545  2663 0x18e8350 DEBUG   GST_POLL gstpoll.c:979:gst_poll_fd_ctl_write: 0x18f0850: fd (fd:0, idx:1), active : 1
0:00:00.015901585  2662 0x12c5370 DEBUG   GST_REGISTRY gstregistrychunks.c:740:gst_registry_chunks_load_feature: Added feature leaks, plugin 0x12df6e0 coretracers
0:00:00.011888924  2663 0x18e8350 LOG   GST_POLL gstpoll.c:994:gst_poll_fd_ctl_write: 0x18f0850: pfd->events now 60 (POLLOUT:4)
0:00:00.015908512  2662 0x12c5370 DEBUG   GST_REGISTRY gstregistrychunks.c:582:gst_registry_chunks_load_feature: Plugin 'coretracers' feature 'stats' typename : 'GstTracerFactory'
0:00:00.011895979  2663 0x18e8350 DEBUG   GST_POLL gstpoll.c:979:gst_poll_fd_ctl_write: 0x18f0850: fd (fd:0, idx:1), active : 1
0:00:00.015916138  2662 0x12c5370 TRACE   GST_REFCOUNTING gstobject.c:208:gst_object_init: 0x12dfbf0 new
0:00:00.011905225  2663 0x18e8350 LOG   GST_POLL gstpoll.c:994:gst_poll_fd_ctl_write: 0x18f0850: pfd->events now 60 (POLLOUT:4)
0:00:00.015923972  2662 0x12c5370 DEBUG   GST_REGISTRY gstregistrychunks.c:716:gst_registry_chunks_load_feature: Reading/casting for GstRegistryChunkPluginFeature at address 0x12df1d8
0:00:00.011914281  2663 0x18e8350 DEBUG   GST_POLL gstpoll.c:979:gst_poll_fd_ctl_write: 0x18f0850: fd (fd:0, idx:1), active : 1
0:00:00.015931839  2662 0x12c5370 DEBUG   GST_REGISTRY gstregistry.c:589:gst_registry_add_feature: adding feature 0x12dfbf0 (stats)
0:00:00.011922165  2663 0x18e8350 LOG   GST_POLL gstpoll.c:994:gst_poll_fd_ctl_write: 0x18f0850: pfd->events now 60 (POLLOUT:4)
0:00:00.015939015  2662 0x12c5370 DEBUG   GST_REFCOUNTING gstobject.c:708:gst_object_set_parent: set parent (ref and sink)
0:00:00.011930750  2663 0x18e8350 LOG   GST_PLUGIN_LOADING gstpluginloader.c:645:put_chunk: Expanding tx buf from 7717 to 10158 for chunk of size 17
0:00:00.015949832  2662 0x12c5370 TRACE   GST_REFCOUNTING gstobject.c:292:gst_object_ref_sink: 0x12dfbf0 ref_sink 1->2
0:00:00.015957099  2662 0x12c5370 LOG   GST_REGISTRY gstregistry.c:607:gst_registry_add_feature: emitting feature-added for stats
0:00:00.011945663  2663 0x18e8350 DEBUG   GST_POLL gstpoll.c:979:gst_poll_fd_ctl_write: 0x18f0850: fd (fd:0, idx:1), active : 1
0:00:00.015963083  2662 0x12c5370 DEBUG   GST_REGISTRY gstregistrychunks.c:740:gst_registry_chunks_load_feature: Added feature stats, plugin 0x12df6e0 coretracers
0:00:00.011956705  2663 0x18e8350 LOG   GST_POLL gstpoll.c:994:gst_poll_fd_ctl_write: 0x18f0850: pfd->events now 60 (POLLOUT:4)
0:00:00.015973058  2662 0x12c5370 DEBUG   GST_REGISTRY gstregistrychunks.c:582:gst_registry_chunks_load_feature: Plugin 'coretracers' feature 'rusage' typename : 'GstTracerFactory'
0:00:00.011963562  2663 0x18e8350 DEBUG   GST_POLL gstpoll.c:979:gst_poll_fd_ctl_write: 0x18f0850: fd (fd:0, idx:1), active : 1
0:00:00.015982175  2662 0x12c5370 TRACE   GST_REFCOUNTING gstobject.c:208:gst_object_init: 0x12dfdf0 new
0:00:00.011969581  2663 0x18e8350 LOG   GST_POLL gstpoll.c:994:gst_poll_fd_ctl_write: 0x18f0850: pfd->events now 60 (POLLOUT:4)
0:00:00.015989632  2662 0x12c5370 DEBUG   GST_REGISTRY gstregistrychunks.c:716:gst_registry_chunks_load_feature: Reading/casting for GstRegistryChunkPluginFeature at address 0x12df1f8
0:00:00.011980425  2663 0x18e8350 DEBUG   GST_POLL gstpoll.c:979:gst_poll_fd_ctl_write: 0x18f0850: fd (fd:0, idx:1), active : 1
0:00:00.015998948  2662 0x12c5370 DEBUG   GST_REGISTRY gstregistry.c:589:gst_registry_add_feature: adding feature 0x12dfdf0 (rusage)
0:00:00.011986204  2663 0x18e8350 LOG   GST_POLL gstpoll.c:994:gst_poll_fd_ctl_write: 0x18f0850: pfd->events now 60 (POLLOUT:4)
0:00:00.016004792  2662 0x12c5370 DEBUG   GST_REFCOUNTING gstobject.c:708:gst_object_set_parent: set parent (ref and sink)
0:00:00.011992047  2663 0x18e8350 DEBUG   GST_POLL gstpoll.c:979:gst_poll_fd_ctl_write: 0x18f0850: fd (fd:0, idx:1), active : 1
0:00:00.011998270  2663 0x18e8350 LOG   GST_POLL gstpoll.c:994:gst_poll_fd_ctl_write: 0x18f0850: pfd->events now 60 (POLLOUT:4)
0:00:00.016013947  2662 0x12c5370 TRACE   GST_REFCOUNTING gstobject.c:292:gst_object_ref_sink: 0x12dfdf0 ref_sink 1->2
0:00:00.012003463  2663 0x18e8350 DEBUG   GST_POLL gstpoll.c:979:gst_poll_fd_ctl_write: 0x18f0850: fd (fd:0, idx:1), active : 1
0:00:00.016021615  2662 0x12c5370 LOG   GST_REGISTRY gstregistry.c:607:gst_registry_add_feature: emitting feature-added for rusage
0:00:00.012016979  2663 0x18e8350 LOG   GST_POLL gstpoll.c:994:gst_poll_fd_ctl_write: 0x18f0850: pfd->events now 60 (POLLOUT:4)
0:00:00.016033721  2662 0x12c5370 DEBUG   GST_REGISTRY gstregistrychunks.c:740:gst_registry_chunks_load_feature: Added feature rusage, plugin 0x12df6e0 coretracers
0:00:00.016041557  2662 0x12c5370 DEBUG   GST_REGISTRY gstregistrychunks.c:582:gst_registry_chunks_load_feature: Plugin 'coretracers' feature 'log' typename : 'GstTracerFactory'
0:00:00.012023864  2663 0x18e8350 DEBUG   GST_POLL gstpoll.c:979:gst_poll_fd_ctl_write: 0x18f0850: fd (fd:0, idx:1), active : 1
0:00:00.016048174  2662 0x12c5370 TRACE   GST_REFCOUNTING gstobject.c:208:gst_object_init: 0x12dfff0 new
0:00:00.012035125  2663 0x18e8350 LOG   GST_POLL gstpoll.c:994:gst_poll_fd_ctl_write: 0x18f0850: pfd->events now 60 (POLLOUT:4)
0:00:00.016055586  2662 0x12c5370 DEBUG   GST_REGISTRY gstregistrychunks.c:716:gst_registry_chunks_load_feature: Reading/casting for GstRegistryChunkPluginFeature at address 0x12df218
0:00:00.012045052  2663 0x18e8350 DEBUG   GST_POLL gstpoll.c:979:gst_poll_fd_ctl_write: 0x18f0850: fd (fd:0, idx:1), active : 1
0:00:00.016062604  2662 0x12c5370 DEBUG   GST_REGISTRY gstregistry.c:589:gst_registry_add_feature: adding feature 0x12dfff0 (log)
0:00:00.012053397  2663 0x18e8350 LOG   GST_POLL gstpoll.c:994:gst_poll_fd_ctl_write: 0x18f0850: pfd->events now 60 (POLLOUT:4)
0:00:00.016070134  2662 0x12c5370 DEBUG   GST_REFCOUNTING gstobject.c:708:gst_object_set_parent: set parent (ref and sink)
0:00:00.012062728  2663 0x18e8350 DEBUG   GST_POLL gstpoll.c:979:gst_poll_fd_ctl_write: 0x18f0850: fd (fd:0, idx:1), active : 1
0:00:00.016081590  2662 0x12c5370 TRACE   GST_REFCOUNTING gstobject.c:292:gst_object_ref_sink: 0x12dfff0 ref_sink 1->2
0:00:00.016095050  2662 0x12c5370 LOG   GST_REGISTRY gstregistry.c:607:gst_registry_add_feature: emitting feature-added for log
0:00:00.012078598  2663 0x18e8350 LOG   GST_POLL gstpoll.c:994:gst_poll_fd_ctl_write: 0x18f0850: pfd->events now 60 (POLLOUT:4)
0:00:00.016101217  2662 0x12c5370 DEBUG   GST_REGISTRY gstregistrychunks.c:740:gst_registry_chunks_load_feature: Added feature log, plugin 0x12df6e0 coretracers
0:00:00.012089325  2663 0x18e8350 DEBUG   GST_POLL gstpoll.c:979:gst_poll_fd_ctl_write: 0x18f0850: fd (fd:0, idx:1), active : 1
0:00:00.016107784  2662 0x12c5370 DEBUG   GST_REGISTRY gstregistrychunks.c:582:gst_registry_chunks_load_feature: Plugin 'coretracers' feature 'latency' typename : 'GstTracerFactory'
0:00:00.012098141  2663 0x18e8350 LOG   GST_POLL gstpoll.c:994:gst_poll_fd_ctl_write: 0x18f0850: pfd->events now 60 (POLLOUT:4)
0:00:00.016116355  2662 0x12c5370 TRACE   GST_REFCOUNTING gstobject.c:208:gst_object_init: 0x12e01f0 new
0:00:00.012107730  2663 0x18e8350 DEBUG   GST_POLL gstpoll.c:979:gst_poll_fd_ctl_write: 0x18f0850: fd (fd:0, idx:1), active : 1
0:00:00.016125303  2662 0x12c5370 DEBUG   GST_REGISTRY gstregistrychunks.c:716:gst_registry_chunks_load_feature: Reading/casting for GstRegistryChunkPluginFeature at address 0x12df240
0:00:00.012115798  2663 0x18e8350 LOG   GST_POLL gstpoll.c:994:gst_poll_fd_ctl_write: 0x18f0850: pfd->events now 60 (POLLOUT:4)
0:00:00.016134371  2662 0x12c5370 DEBUG   GST_REGISTRY gstregistry.c:589:gst_registry_add_feature: adding feature 0x12e01f0 (latency)
0:00:00.012121731  2663 0x18e8350 DEBUG   GST_POLL gstpoll.c:979:gst_poll_fd_ctl_write: 0x18f0850: fd (fd:0, idx:1), active : 1
0:00:00.016139993  2662 0x12c5370 DEBUG   GST_REFCOUNTING gstobject.c:708:gst_object_set_parent: set parent (ref and sink)
0:00:00.012127413  2663 0x18e8350 LOG   GST_POLL gstpoll.c:994:gst_poll_fd_ctl_write: 0x18f0850: pfd->events now 60 (POLLOUT:4)
0:00:00.012133593  2663 0x18e8350 DEBUG   GST_POLL gstpoll.c:979:gst_poll_fd_ctl_write: 0x18f0850: fd (fd:0, idx:1), active : 1
0:00:00.016149119  2662 0x12c5370 TRACE   GST_REFCOUNTING gstobject.c:292:gst_object_ref_sink: 0x12e01f0 ref_sink 1->2
0:00:00.012141425  2663 0x18e8350 LOG   GST_POLL gstpoll.c:994:gst_poll_fd_ctl_write: 0x18f0850: pfd->events now 60 (POLLOUT:4)
0:00:00.016158619  2662 0x12c5370 LOG   GST_REGISTRY gstregistry.c:607:gst_registry_add_feature: emitting feature-added for latency
0:00:00.012149323  2663 0x18e8350 TRACE   GST_REFCOUNTING gstobject.c:264:gst_object_unref: 0x1901d60 unref 2->1
0:00:00.016166263  2662 0x12c5370 DEBUG   GST_REGISTRY gstregistrychunks.c:740:gst_registry_chunks_load_feature: Added feature latency, plugin 0x12df6e0 coretracers
0:00:00.012157055  2663 0x18e8350 DEBUG   GST_POLL gstpoll.c:1241:gst_poll_fd_has_error: 0x18f0850: fd (fd:0, idx:1) 0
0:00:00.016175495  2662 0x12c5370 LOG   GST_PLUGIN_LOADING gstpluginloader.c:887:handle_rx_packet: marking plugin 0x12df6e0 as registered as /home/conan/w/prod/BuildSingleReference/.conan/data/gstreamer/1.18.3/_/_/package/0387548ec0d21c08cb6b492d670dcb344087cb15/lib/gstreamer-1.0/libgstcoretracers.so
0:00:00.012168107  2663 0x18e8350 DEBUG   GST_POLL gstpoll.c:1335:gst_poll_fd_can_write: 0x18f0850: fd (fd:0, idx:1) 1
0:00:00.012173883  2663 0x18e8350 LOG   GST_PLUGIN_LOADING gstpluginloader.c:690:write_one: Writing packet of size 6872 bytes to fd 0
0:00:00.016190343  2662 0x12c5370 DEBUG   GST_POLL gstpoll.c:1414:gst_poll_wait: 0x12deb40: timeout :0:00:01.000000000
0:00:00.012184847  2663 0x18e8350 DEBUG   GST_POLL gstpoll.c:1414:gst_poll_wait: 0x18f0850: timeout :0:00:01.000000000
0:00:00.016200370  2662 0x12c5370 LOG   GST_PLUGIN_LOADING gstpluginloader.c:1027:exchange_packets: Poll res = 1. 0 bytes pending for write
0:00:00.016209164  2662 0x12c5370 DEBUG   GST_POLL gstpoll.c:1241:gst_poll_fd_has_error: 0x12deb40: fd (fd:8, idx:2) 0
0:00:00.012195127  2663 0x18e8350 LOG   GST_PLUGIN_LOADING gstpluginloader.c:1027:exchange_packets: Poll res = 2. 488 bytes pending for write
0:00:00.016217509  2662 0x12c5370 DEBUG   GST_POLL gstpoll.c:1266:gst_poll_fd_can_read_unlocked: 0x12deb40: fd (fd:8, idx:2) 1
0:00:00.012203261  2663 0x18e8350 DEBUG   GST_POLL gstpoll.c:1241:gst_poll_fd_has_error: 0x18f0850: fd (fd:5, idx:2) 0
0:00:00.012210898  2663 0x18e8350 DEBUG   GST_POLL gstpoll.c:1266:gst_poll_fd_can_read_unlocked: 0x18f0850: fd (fd:5, idx:2) 1
0:00:00.016226343  2662 0x12c5370 LOG   GST_PLUGIN_LOADING gstpluginloader.c:985:read_one: Expanding rx buf from 512 to 7384
0:00:00.012219369  2663 0x18e8350 DEBUG   GST_PLUGIN_LOADING gstpluginloader.c:722:do_plugin_load: Plugin scanner loading file /home/conan/w/prod/BuildSingleReference/.conan/data/gstreamer/1.18.3/_/_/package/0387548ec0d21c08cb6b492d670dcb344087cb15/lib/gstreamer-1.0/libgstcoreelements.so. tag 3
0:00:00.012244085  2663 0x18e8350 TRACE   GST_REFCOUNTING gstobject.c:237:gst_object_ref: 0x1904190 ref 1->2
0:00:00.012251379  2663 0x18e8350 TRACE   GST_REFCOUNTING gstobject.c:237:gst_object_ref: 0x191f3c0 ref 1->2
0:00:00.016265564  2662 0x12c5370 DEBUG   GST_PLUGIN_LOADING gstpluginloader.c:848:handle_rx_packet: Received plugin details from child w/ tag 1. 6860 bytes info
0:00:00.012257390  2663 0x18e8350 TRACE   GST_REFCOUNTING gstobject.c:237:gst_object_ref: 0x191e690 ref 1->2
0:00:00.012263901  2663 0x18e8350 TRACE   GST_REFCOUNTING gstobject.c:237:gst_object_ref: 0x191cec0 ref 1->2
0:00:00.016279206  2662 0x12c5370 LOG   GST_REGISTRY gstregistrychunks.c:836:_priv_gst_registry_chunks_load_plugin: Reading/casting for GstRegistryChunkPluginElement at address 0x12e0990
0:00:00.012269550  2663 0x18e8350 TRACE   GST_REFCOUNTING gstobject.c:237:gst_object_ref: 0x191c0f0 ref 1->2
0:00:00.016290529  2662 0x12c5370 TRACE   GST_REFCOUNTING gstobject.c:208:gst_object_init: 0x12df070 new
0:00:00.012275805  2663 0x18e8350 TRACE   GST_REFCOUNTING gstobject.c:237:gst_object_ref: 0x191af50 ref 1->2
0:00:00.012288734  2663 0x18e8350 TRACE   GST_REFCOUNTING gstobject.c:237:gst_object_ref: 0x1919e50 ref 1->2
0:00:00.016306887  2662 0x12c5370 LOG   GST_REGISTRY gstregistrychunks.c:858:_priv_gst_registry_chunks_load_plugin: read strings for name='coreelements'
0:00:00.012294260  2663 0x18e8350 TRACE   GST_REFCOUNTING gstobject.c:237:gst_object_ref: 0x1918500 ref 1->2
0:00:00.016314069  2662 0x12c5370 LOG   GST_REGISTRY gstregistrychunks.c:859:_priv_gst_registry_chunks_load_plugin: desc.description='GStreamer core elements'
0:00:00.012302853  2663 0x18e8350 TRACE   GST_REFCOUNTING gstobject.c:237:gst_object_ref: 0x19169f0 ref 1->2
0:00:00.016322629  2662 0x12c5370 LOG   GST_REGISTRY gstregistrychunks.c:860:_priv_gst_registry_chunks_load_plugin: filename='/home/conan/w/prod/BuildSingleReference/.conan/data/gstreamer/1.18.3/_/_/package/0387548ec0d21c08cb6b492d670dcb344087cb15/lib/gstreamer-1.0/libgstcoreelements.so'
0:00:00.012310070  2663 0x18e8350 TRACE   GST_REFCOUNTING gstobject.c:237:gst_object_ref: 0x19158e0 ref 1->2
0:00:00.016329611  2662 0x12c5370 LOG   GST_REGISTRY gstregistrychunks.c:861:_priv_gst_registry_chunks_load_plugin: desc.version='1.18.3'
0:00:00.012317254  2663 0x18e8350 TRACE   GST_REFCOUNTING gstobject.c:237:gst_object_ref: 0x19146c0 ref 1->2
0:00:00.016335042  2662 0x12c5370 LOG   GST_REGISTRY gstregistrychunks.c:862:_priv_gst_registry_chunks_load_plugin: desc.license='LGPL'
0:00:00.012323868  2663 0x18e8350 TRACE   GST_REFCOUNTING gstobject.c:237:gst_object_ref: 0x1913090 ref 1->2
0:00:00.016340848  2662 0x12c5370 LOG   GST_REGISTRY gstregistrychunks.c:863:_priv_gst_registry_chunks_load_plugin: desc.source='gstreamer'
0:00:00.012330412  2663 0x18e8350 TRACE   GST_REFCOUNTING gstobject.c:237:gst_object_ref: 0x19123e0 ref 1->2
0:00:00.016349526  2662 0x12c5370 LOG   GST_REGISTRY gstregistrychunks.c:864:_priv_gst_registry_chunks_load_plugin: desc.package='GStreamer source release'
0:00:00.012336704  2663 0x18e8350 TRACE   GST_REFCOUNTING gstobject.c:237:gst_object_ref: 0x19117b0 ref 1->2
0:00:00.016356104  2662 0x12c5370 LOG   GST_REGISTRY gstregistrychunks.c:865:_priv_gst_registry_chunks_load_plugin: desc.origin='Unknown package origin'
0:00:00.016361664  2662 0x12c5370 LOG   GST_REGISTRY gstregistrychunks.c:866:_priv_gst_registry_chunks_load_plugin: desc.datetime=2021-01-13
0:00:00.012342960  2663 0x18e8350 TRACE   GST_REFCOUNTING gstobject.c:237:gst_object_ref: 0x1908d00 ref 1->2
0:00:00.016369355  2662 0x12c5370 DEBUG   GST_REGISTRY gstregistry.c:473:gst_registry_add_plugin: adding plugin 0x12df070 for filename "/home/conan/w/prod/BuildSingleReference/.conan/data/gstreamer/1.18.3/_/_/package/0387548ec0d21c08cb6b492d670dcb344087cb15/lib/gstreamer-1.0/libgstcoreelements.so"
0:00:00.012355711  2663 0x18e8350 TRACE   GST_REFCOUNTING gstobject.c:237:gst_object_ref: 0x190ebb0 ref 1->2
0:00:00.016376687  2662 0x12c5370 TRACE   GST_REFCOUNTING gstobject.c:292:gst_object_ref_sink: 0x12df070 ref_sink 1->2
0:00:00.012367880  2663 0x18e8350 TRACE   GST_REFCOUNTING gstobject.c:237:gst_object_ref: 0x190c580 ref 1->2
0:00:00.016386004  2662 0x12c5370 LOG   GST_REGISTRY gstregistry.c:486:gst_registry_add_plugin: emitting plugin-added for filename "/home/conan/w/prod/BuildSingleReference/.conan/data/gstreamer/1.18.3/_/_/package/0387548ec0d21c08cb6b492d670dcb344087cb15/lib/gstreamer-1.0/libgstcoreelements.so"
0:00:00.012374310  2663 0x18e8350 TRACE   GST_REFCOUNTING gstobject.c:237:gst_object_ref: 0x190aa30 ref 1->2
0:00:00.016392962  2662 0x12c5370 DEBUG   GST_REGISTRY gstregistrychunks.c:886:_priv_gst_registry_chunks_load_plugin: Added plugin 'coreelements' plugin with 22 features from binary registry
0:00:00.012380575  2663 0x18e8350 TRACE   GST_REFCOUNTING gstobject.c:237:gst_object_ref: 0x19099f0 ref 1->2
0:00:00.016399738  2662 0x12c5370 DEBUG   GST_REGISTRY gstregistrychunks.c:582:gst_registry_chunks_load_feature: Plugin 'coreelements' feature 'streamiddemux' typename : 'GstElementFactory'
0:00:00.012387001  2663 0x18e8350 TRACE   GST_REFCOUNTING gstobject.c:237:gst_object_ref: 0x1907f40 ref 1->2
0:00:00.012393342  2663 0x18e8350 TRACE   GST_REFCOUNTING gstobject.c:237:gst_object_ref: 0x1907070 ref 1->2
0:00:00.016411786  2662 0x12c5370 TRACE   GST_REFCOUNTING gstobject.c:208:gst_object_init: 0x12df1a0 new
0:00:00.012398841  2663 0x18e8350 TRACE   GST_REFCOUNTING gstobject.c:237:gst_object_ref: 0x19062d0 ref 1->2
0:00:00.016420986  2662 0x12c5370 LOG   GST_REGISTRY gstregistrychunks.c:609:gst_registry_chunks_load_feature: Reading/casting for GstRegistryChunkElementFactory at address 0x12e0ae8
0:00:00.012405607  2663 0x18e8350 TRACE   GST_REFCOUNTING gstobject.c:237:gst_object_ref: 0x19045e0 ref 1->2
0:00:00.016429847  2662 0x12c5370 TRACE   structure gststructure.c:287:gst_structure_new_id_empty_with_size: created structure 0x12e0560
0:00:00.012416597  2663 0x18e8350 DEBUG   GST_REGISTRY gstregistrychunks.c:264:gst_registry_chunks_save_feature: saved 0 interfaces 0 pad templates
0:00:00.016436866  2662 0x12c5370 DEBUG   structure gststructure.c:2203:gst_structure_parse_field: trying field name 'long-name'
0:00:00.012428305  2663 0x18e8350 DEBUG   GST_REGISTRY gstregistrychunks.c:264:gst_registry_chunks_save_feature: saved 0 interfaces 0 pad templates
0:00:00.016448317  2662 0x12c5370 DEBUG   default gstvalue.c:2676:_priv_gst_value_parse_value: trying type name 'string'
0:00:00.012436608  2663 0x18e8350 DEBUG   GST_REGISTRY gstregistrychunks.c:264:gst_registry_chunks_save_feature: saved 0 interfaces 0 pad templates
0:00:00.012445053  2663 0x18e8350 DEBUG   GST_REGISTRY gstregistrychunks.c:264:gst_registry_chunks_save_feature: saved 1 interfaces 0 pad templates
0:00:00.016461861  2662 0x12c5370 DEBUG   structure gststructure.c:2203:gst_structure_parse_field: trying field name 'klass'
0:00:00.012450450  2663 0x18e8350 DEBUG   GST_REGISTRY gstregistrychunks.c:284:gst_registry_chunks_save_feature: Saved 1 UriTypes
0:00:00.016474209  2662 0x12c5370 DEBUG   default gstvalue.c:2676:_priv_gst_value_parse_value: trying type name 'string'
0:00:00.012463333  2663 0x18e8350 DEBUG   GST_REGISTRY gstregistrychunks.c:264:gst_registry_chunks_save_feature: saved 0 interfaces 0 pad templates
0:00:00.016481388  2662 0x12c5370 DEBUG   structure gststructure.c:2203:gst_structure_parse_field: trying field name 'description'
0:00:00.016487108  2662 0x12c5370 DEBUG   default gstvalue.c:2676:_priv_gst_value_parse_value: trying type name 'string'
0:00:00.012471471  2663 0x18e8350 DEBUG   GST_REGISTRY gstregistrychunks.c:264:gst_registry_chunks_save_feature: saved 0 interfaces 0 pad templates
0:00:00.016492960  2662 0x12c5370 DEBUG   structure gststructure.c:2203:gst_structure_parse_field: trying field name 'author'
0:00:00.012481191  2663 0x18e8350 DEBUG   GST_REGISTRY gstregistrychunks.c:264:gst_registry_chunks_save_feature: saved 0 interfaces 0 pad templates
0:00:00.016498362  2662 0x12c5370 DEBUG   default gstvalue.c:2676:_priv_gst_value_parse_value: trying type name 'string'
0:00:00.016506444  2662 0x12c5370 DEBUG   GST_REGISTRY gstregistrychunks.c:626:gst_registry_chunks_load_feature: Element factory : npadtemplates=2
0:00:00.012493474  2663 0x18e8350 DEBUG   GST_REGISTRY gstregistrychunks.c:264:gst_registry_chunks_save_feature: saved 1 interfaces 0 pad templates
0:00:00.016511573  2662 0x12c5370 DEBUG   GST_REGISTRY gstregistrychunks.c:525:gst_registry_chunks_load_pad_template: Reading/casting for GstRegistryChunkPadTemplate at address 0x12e0bc0
0:00:00.012500162  2663 0x18e8350 DEBUG   GST_REGISTRY gstregistrychunks.c:284:gst_registry_chunks_save_feature: Saved 1 UriTypes
0:00:00.016520354  2662 0x12c5370 DEBUG   GST_REGISTRY gstregistrychunks.c:539:gst_registry_chunks_load_pad_template: Added pad_template src_%u
0:00:00.012508505  2663 0x18e8350 DEBUG   GST_REGISTRY gstregistrychunks.c:264:gst_registry_chunks_save_feature: saved 1 interfaces 0 pad templates
