0:00:00.019368352  2662 0x12c5370 DEBUG   default gstvalue.c:2676:_priv_gst_value_parse_value: trying type name 'string'
0:00:00.015355509  2663 0x18e8350 LOG   GST_PLUGIN_LOADING gstpluginloader.c:645:put_chunk: Expanding tx buf from 13209 to 17023 for chunk of size 229
0:00:00.019375166  2662 0x12c5370 DEBUG   structure gststructure.c:2203:gst_structure_parse_field: trying field name 'description'
0:00:00.019380770  2662 0x12c5370 DEBUG   default gstvalue.c:2676:_priv_gst_value_parse_value: trying type name 'string'
0:00:00.015366392  2663 0x18e8350 DEBUG   GST_POLL gstpoll.c:979:gst_poll_fd_ctl_write: 0x18f0850: fd (fd:0, idx:1), active : 1
0:00:00.015373479  2663 0x18e8350 LOG   GST_POLL gstpoll.c:994:gst_poll_fd_ctl_write: 0x18f0850: pfd->events now 60 (POLLOUT:4)
0:00:00.019388792  2662 0x12c5370 DEBUG   structure gststructure.c:2203:gst_structure_parse_field: trying field name 'author'
0:00:00.015381562  2663 0x18e8350 DEBUG   GST_POLL gstpoll.c:979:gst_poll_fd_ctl_write: 0x18f0850: fd (fd:0, idx:1), active : 1
0:00:00.019397773  2662 0x12c5370 DEBUG   default gstvalue.c:2676:_priv_gst_value_parse_value: trying type name 'string'
0:00:00.015388125  2663 0x18e8350 LOG   GST_POLL gstpoll.c:994:gst_poll_fd_ctl_write: 0x18f0850: pfd->events now 60 (POLLOUT:4)
0:00:00.019406716  2662 0x12c5370 DEBUG   GST_REGISTRY gstregistrychunks.c:626:gst_registry_chunks_load_feature: Element factory : npadtemplates=2
0:00:00.015394236  2663 0x18e8350 DEBUG   GST_POLL gstpoll.c:979:gst_poll_fd_ctl_write: 0x18f0850: fd (fd:0, idx:1), active : 1
0:00:00.019412459  2662 0x12c5370 DEBUG   GST_REGISTRY gstregistrychunks.c:525:gst_registry_chunks_load_pad_template: Reading/casting for GstRegistryChunkPadTemplate at address 0x12e1f80
0:00:00.015400017  2663 0x18e8350 LOG   GST_POLL gstpoll.c:994:gst_poll_fd_ctl_write: 0x18f0850: pfd->events now 60 (POLLOUT:4)
0:00:00.019418338  2662 0x12c5370 DEBUG   GST_REGISTRY gstregistrychunks.c:539:gst_registry_chunks_load_pad_template: Added pad_template sink
0:00:00.015405837  2663 0x18e8350 DEBUG   GST_POLL gstpoll.c:979:gst_poll_fd_ctl_write: 0x18f0850: fd (fd:0, idx:1), active : 1
0:00:00.019423825  2662 0x12c5370 DEBUG   GST_REGISTRY gstregistrychunks.c:525:gst_registry_chunks_load_pad_template: Reading/casting for GstRegistryChunkPadTemplate at address 0x12e1f98
0:00:00.015411378  2663 0x18e8350 LOG   GST_POLL gstpoll.c:994:gst_poll_fd_ctl_write: 0x18f0850: pfd->events now 60 (POLLOUT:4)
0:00:00.019430050  2662 0x12c5370 DEBUG   GST_REGISTRY gstregistrychunks.c:539:gst_registry_chunks_load_pad_template: Added pad_template src
0:00:00.015417400  2663 0x18e8350 DEBUG   GST_POLL gstpoll.c:979:gst_poll_fd_ctl_write: 0x18f0850: fd (fd:0, idx:1), active : 1
0:00:00.019437400  2662 0x12c5370 DEBUG   GST_REGISTRY gstregistry.c:589:gst_registry_add_feature: adding feature 0x12e6030 (downloadbuffer)
0:00:00.015427763  2663 0x18e8350 LOG   GST_POLL gstpoll.c:994:gst_poll_fd_ctl_write: 0x18f0850: pfd->events now 60 (POLLOUT:4)
0:00:00.019447090  2662 0x12c5370 DEBUG   GST_REFCOUNTING gstobject.c:708:gst_object_set_parent: set parent (ref and sink)
0:00:00.015435904  2663 0x18e8350 DEBUG   GST_POLL gstpoll.c:979:gst_poll_fd_ctl_write: 0x18f0850: fd (fd:0, idx:1), active : 1
0:00:00.019455781  2662 0x12c5370 TRACE   GST_REFCOUNTING gstobject.c:292:gst_object_ref_sink: 0x12e6030 ref_sink 1->2
0:00:00.015442264  2663 0x18e8350 LOG   GST_POLL gstpoll.c:994:gst_poll_fd_ctl_write: 0x18f0850: pfd->events now 60 (POLLOUT:4)
0:00:00.019463098  2662 0x12c5370 LOG   GST_REGISTRY gstregistry.c:607:gst_registry_add_feature: emitting feature-added for downloadbuffer
0:00:00.015449029  2663 0x18e8350 DEBUG   GST_POLL gstpoll.c:979:gst_poll_fd_ctl_write: 0x18f0850: fd (fd:0, idx:1), active : 1
0:00:00.019470512  2662 0x12c5370 DEBUG   GST_REGISTRY gstregistrychunks.c:740:gst_registry_chunks_load_feature: Added feature downloadbuffer, plugin 0x12df070 coreelements
0:00:00.015455715  2663 0x18e8350 LOG   GST_POLL gstpoll.c:994:gst_poll_fd_ctl_write: 0x18f0850: pfd->events now 60 (POLLOUT:4)
0:00:00.019477471  2662 0x12c5370 DEBUG   GST_REGISTRY gstregistrychunks.c:582:gst_registry_chunks_load_feature: Plugin 'coreelements' feature 'dataurisrc' typename : 'GstElementFactory'
0:00:00.015463216  2663 0x18e8350 DEBUG   GST_POLL gstpoll.c:979:gst_poll_fd_ctl_write: 0x18f0850: fd (fd:0, idx:1), active : 1
0:00:00.015469808  2663 0x18e8350 LOG   GST_POLL gstpoll.c:994:gst_poll_fd_ctl_write: 0x18f0850: pfd->events now 60 (POLLOUT:4)
0:00:00.019485351  2662 0x12c5370 TRACE   GST_REFCOUNTING gstobject.c:208:gst_object_init: 0x12e6840 new
0:00:00.015475220  2663 0x18e8350 DEBUG   GST_POLL gstpoll.c:979:gst_poll_fd_ctl_write: 0x18f0850: fd (fd:0, idx:1), active : 1
0:00:00.019493998  2662 0x12c5370 LOG   GST_REGISTRY gstregistrychunks.c:609:gst_registry_chunks_load_feature: Reading/casting for GstRegistryChunkElementFactory at address 0x12e1fc8
0:00:00.015480773  2663 0x18e8350 LOG   GST_POLL gstpoll.c:994:gst_poll_fd_ctl_write: 0x18f0850: pfd->events now 60 (POLLOUT:4)
0:00:00.019501039  2662 0x12c5370 TRACE   structure gststructure.c:287:gst_structure_new_id_empty_with_size: created structure 0x12e6a40
0:00:00.015488809  2663 0x18e8350 DEBUG   GST_POLL gstpoll.c:979:gst_poll_fd_ctl_write: 0x18f0850: fd (fd:0, idx:1), active : 1
0:00:00.019508882  2662 0x12c5370 DEBUG   structure gststructure.c:2203:gst_structure_parse_field: trying field name 'long-name'
0:00:00.015495364  2663 0x18e8350 LOG   GST_POLL gstpoll.c:994:gst_poll_fd_ctl_write: 0x18f0850: pfd->events now 60 (POLLOUT:4)
0:00:00.019515742  2662 0x12c5370 DEBUG   default gstvalue.c:2676:_priv_gst_value_parse_value: trying type name 'string'
0:00:00.015502044  2663 0x18e8350 DEBUG   GST_POLL gstpoll.c:979:gst_poll_fd_ctl_write: 0x18f0850: fd (fd:0, idx:1), active : 1
0:00:00.019527102  2662 0x12c5370 DEBUG   structure gststructure.c:2203:gst_structure_parse_field: trying field name 'klass'
0:00:00.015512479  2663 0x18e8350 LOG   GST_POLL gstpoll.c:994:gst_poll_fd_ctl_write: 0x18f0850: pfd->events now 60 (POLLOUT:4)
0:00:00.019533126  2662 0x12c5370 DEBUG   default gstvalue.c:2676:_priv_gst_value_parse_value: trying type name 'string'
0:00:00.015519946  2663 0x18e8350 DEBUG   GST_POLL gstpoll.c:979:gst_poll_fd_ctl_write: 0x18f0850: fd (fd:0, idx:1), active : 1
0:00:00.019539562  2662 0x12c5370 DEBUG   structure gststructure.c:2203:gst_structure_parse_field: trying field name 'description'
0:00:00.015525580  2663 0x18e8350 LOG   GST_POLL gstpoll.c:994:gst_poll_fd_ctl_write: 0x18f0850: pfd->events now 60 (POLLOUT:4)
0:00:00.019545244  2662 0x12c5370 DEBUG   default gstvalue.c:2676:_priv_gst_value_parse_value: trying type name 'string'
0:00:00.015531960  2663 0x18e8350 DEBUG   GST_POLL gstpoll.c:979:gst_poll_fd_ctl_write: 0x18f0850: fd (fd:0, idx:1), active : 1
0:00:00.019551467  2662 0x12c5370 DEBUG   structure gststructure.c:2203:gst_structure_parse_field: trying field name 'author'
0:00:00.015537378  2663 0x18e8350 LOG   GST_POLL gstpoll.c:994:gst_poll_fd_ctl_write: 0x18f0850: pfd->events now 60 (POLLOUT:4)
0:00:00.019557142  2662 0x12c5370 DEBUG   default gstvalue.c:2676:_priv_gst_value_parse_value: trying type name 'string'
0:00:00.015545975  2663 0x18e8350 DEBUG   GST_POLL gstpoll.c:979:gst_poll_fd_ctl_write: 0x18f0850: fd (fd:0, idx:1), active : 1
0:00:00.019566467  2662 0x12c5370 DEBUG   GST_REGISTRY gstregistrychunks.c:626:gst_registry_chunks_load_feature: Element factory : npadtemplates=1
0:00:00.015552372  2663 0x18e8350 LOG   GST_POLL gstpoll.c:994:gst_poll_fd_ctl_write: 0x18f0850: pfd->events now 60 (POLLOUT:4)
0:00:00.019573301  2662 0x12c5370 DEBUG   GST_REGISTRY gstregistrychunks.c:525:gst_registry_chunks_load_pad_template: Reading/casting for GstRegistryChunkPadTemplate at address 0x12e20e0
0:00:00.015559748  2663 0x18e8350 DEBUG   GST_POLL gstpoll.c:979:gst_poll_fd_ctl_write: 0x18f0850: fd (fd:0, idx:1), active : 1
0:00:00.019579454  2662 0x12c5370 DEBUG   GST_REGISTRY gstregistrychunks.c:539:gst_registry_chunks_load_pad_template: Added pad_template src
0:00:00.015565543  2663 0x18e8350 LOG   GST_POLL gstpoll.c:994:gst_poll_fd_ctl_write: 0x18f0850: pfd->events now 60 (POLLOUT:4)
0:00:00.019586197  2662 0x12c5370 DEBUG   GST_REGISTRY gstregistrychunks.c:639:gst_registry_chunks_load_feature: Reading 1 UriTypes at address 0x12e20f0
0:00:00.015571987  2663 0x18e8350 DEBUG   GST_POLL gstpoll.c:979:gst_poll_fd_ctl_write: 0x18f0850: fd (fd:0, idx:1), active : 1
0:00:00.019593220  2662 0x12c5370 DEBUG   GST_REGISTRY gstregistrychunks.c:654:gst_registry_chunks_load_feature: Reading 1 Interfaces at address 0x12e20f9
0:00:00.015578564  2663 0x18e8350 LOG   GST_POLL gstpoll.c:994:gst_poll_fd_ctl_write: 0x18f0850: pfd->events now 60 (POLLOUT:4)
0:00:00.019605547  2662 0x12c5370 DEBUG   GST_REGISTRY gstregistry.c:589:gst_registry_add_feature: adding feature 0x12e6840 (dataurisrc)
0:00:00.015590094  2663 0x18e8350 DEBUG   GST_POLL gstpoll.c:979:gst_poll_fd_ctl_write: 0x18f0850: fd (fd:0, idx:1), active : 1
0:00:00.019612036  2662 0x12c5370 DEBUG   GST_REFCOUNTING gstobject.c:708:gst_object_set_parent: set parent (ref and sink)
0:00:00.015597777  2663 0x18e8350 LOG   GST_POLL gstpoll.c:994:gst_poll_fd_ctl_write: 0x18f0850: pfd->events now 60 (POLLOUT:4)
0:00:00.019619605  2662 0x12c5370 TRACE   GST_REFCOUNTING gstobject.c:292:gst_object_ref_sink: 0x12e6840 ref_sink 1->2
0:00:00.015607197  2663 0x18e8350 DEBUG   GST_POLL gstpoll.c:979:gst_poll_fd_ctl_write: 0x18f0850: fd (fd:0, idx:1), active : 1
0:00:00.015613692  2663 0x18e8350 LOG   GST_POLL gstpoll.c:994:gst_poll_fd_ctl_write: 0x18f0850: pfd->events now 60 (POLLOUT:4)
0:00:00.019628588  2662 0x12c5370 LOG   GST_REGISTRY gstregistry.c:607:gst_registry_add_feature: emitting feature-added for dataurisrc
0:00:00.015619460  2663 0x18e8350 DEBUG   GST_POLL gstpoll.c:979:gst_poll_fd_ctl_write: 0x18f0850: fd (fd:0, idx:1), active : 1
0:00:00.019641302  2662 0x12c5370 DEBUG   GST_REGISTRY gstregistrychunks.c:740:gst_registry_chunks_load_feature: Added feature dataurisrc, plugin 0x12df070 coreelements
0:00:00.015626319  2663 0x18e8350 LOG   GST_POLL gstpoll.c:994:gst_poll_fd_ctl_write: 0x18f0850: pfd->events now 60 (POLLOUT:4)
0:00:00.019648167  2662 0x12c5370 DEBUG   GST_REGISTRY gstregistrychunks.c:582:gst_registry_chunks_load_feature: Plugin 'coreelements' feature 'concat' typename : 'GstElementFactory'
0:00:00.015634048  2663 0x18e8350 DEBUG   GST_POLL gstpoll.c:979:gst_poll_fd_ctl_write: 0x18f0850: fd (fd:0, idx:1), active : 1
0:00:00.015640737  2663 0x18e8350 LOG   GST_POLL gstpoll.c:994:gst_poll_fd_ctl_write: 0x18f0850: pfd->events now 60 (POLLOUT:4)
0:00:00.019656471  2662 0x12c5370 TRACE   GST_REFCOUNTING gstobject.c:208:gst_object_init: 0x12e6bf0 new
0:00:00.015646376  2663 0x18e8350 DEBUG   GST_POLL gstpoll.c:979:gst_poll_fd_ctl_write: 0x18f0850: fd (fd:0, idx:1), active : 1
0:00:00.019665482  2662 0x12c5370 LOG   GST_REGISTRY gstregistrychunks.c:609:gst_registry_chunks_load_feature: Reading/casting for GstRegistryChunkElementFactory at address 0x12e2120
0:00:00.015651960  2663 0x18e8350 LOG   GST_POLL gstpoll.c:994:gst_poll_fd_ctl_write: 0x18f0850: pfd->events now 60 (POLLOUT:4)
0:00:00.019672259  2662 0x12c5370 TRACE   structure gststructure.c:287:gst_structure_new_id_empty_with_size: created structure 0x12e6e80
0:00:00.015660523  2663 0x18e8350 DEBUG   GST_POLL gstpoll.c:979:gst_poll_fd_ctl_write: 0x18f0850: fd (fd:0, idx:1), active : 1
0:00:00.019678091  2662 0x12c5370 DEBUG   structure gststructure.c:2203:gst_structure_parse_field: trying field name 'long-name'
0:00:00.015667038  2663 0x18e8350 LOG   GST_POLL gstpoll.c:994:gst_poll_fd_ctl_write: 0x18f0850: pfd->events now 60 (POLLOUT:4)
0:00:00.019690431  2662 0x12c5370 DEBUG   default gstvalue.c:2676:_priv_gst_value_parse_value: trying type name 'string'
0:00:00.015676378  2663 0x18e8350 DEBUG   GST_POLL gstpoll.c:979:gst_poll_fd_ctl_write: 0x18f0850: fd (fd:0, idx:1), active : 1
0:00:00.019697840  2662 0x12c5370 DEBUG   structure gststructure.c:2203:gst_structure_parse_field: trying field name 'klass'
0:00:00.015683330  2663 0x18e8350 LOG   GST_POLL gstpoll.c:994:gst_poll_fd_ctl_write: 0x18f0850: pfd->events now 60 (POLLOUT:4)
0:00:00.019703578  2662 0x12c5370 DEBUG   default gstvalue.c:2676:_priv_gst_value_parse_value: trying type name 'string'
0:00:00.015690226  2663 0x18e8350 DEBUG   GST_POLL gstpoll.c:979:gst_poll_fd_ctl_write: 0x18f0850: fd (fd:0, idx:1), active : 1
0:00:00.019709549  2662 0x12c5370 DEBUG   structure gststructure.c:2203:gst_structure_parse_field: trying field name 'description'
0:00:00.015695789  2663 0x18e8350 LOG   GST_POLL gstpoll.c:994:gst_poll_fd_ctl_write: 0x18f0850: pfd->events now 60 (POLLOUT:4)
0:00:00.019714789  2662 0x12c5370 DEBUG   default gstvalue.c:2676:_priv_gst_value_parse_value: trying type name 'string'
0:00:00.015701732  2663 0x18e8350 DEBUG   GST_POLL gstpoll.c:979:gst_poll_fd_ctl_write: 0x18f0850: fd (fd:0, idx:1), active : 1
0:00:00.019720886  2662 0x12c5370 DEBUG   structure gststructure.c:2203:gst_structure_parse_field: trying field name 'author'
0:00:00.015707215  2663 0x18e8350 LOG   GST_POLL gstpoll.c:994:gst_poll_fd_ctl_write: 0x18f0850: pfd->events now 60 (POLLOUT:4)
0:00:00.019726450  2662 0x12c5370 DEBUG   default gstvalue.c:2676:_priv_gst_value_parse_value: trying type name 'string'
0:00:00.015715397  2663 0x18e8350 DEBUG   GST_POLL gstpoll.c:979:gst_poll_fd_ctl_write: 0x18f0850: fd (fd:0, idx:1), active : 1
0:00:00.019732891  2662 0x12c5370 DEBUG   GST_REGISTRY gstregistrychunks.c:626:gst_registry_chunks_load_feature: Element factory : npadtemplates=2
0:00:00.015721799  2663 0x18e8350 LOG   GST_POLL gstpoll.c:994:gst_poll_fd_ctl_write: 0x18f0850: pfd->events now 60 (POLLOUT:4)
0:00:00.015727976  2663 0x18e8350 DEBUG   GST_POLL gstpoll.c:979:gst_poll_fd_ctl_write: 0x18f0850: fd (fd:0, idx:1), active : 1
0:00:00.019744170  2662 0x12c5370 DEBUG   GST_REGISTRY gstregistrychunks.c:525:gst_registry_chunks_load_pad_template: Reading/casting for GstRegistryChunkPadTemplate at address 0x12e21f8
0:00:00.015733202  2663 0x18e8350 LOG   GST_POLL gstpoll.c:994:gst_poll_fd_ctl_write: 0x18f0850: pfd->events now 60 (POLLOUT:4)
0:00:00.019751594  2662 0x12c5370 DEBUG   GST_REGISTRY gstregistrychunks.c:539:gst_registry_chunks_load_pad_template: Added pad_template src
0:00:00.015739008  2663 0x18e8350 DEBUG   GST_POLL gstpoll.c:979:gst_poll_fd_ctl_write: 0x18f0850: fd (fd:0, idx:1), active : 1
0:00:00.019757248  2662 0x12c5370 DEBUG   GST_REGISTRY gstregistrychunks.c:525:gst_registry_chunks_load_pad_template: Reading/casting for GstRegistryChunkPadTemplate at address 0x12e2208
0:00:00.015744648  2663 0x18e8350 LOG   GST_POLL gstpoll.c:994:gst_poll_fd_ctl_write: 0x18f0850: pfd->events now 60 (POLLOUT:4)
0:00:00.019767348  2662 0x12c5370 DEBUG   GST_REGISTRY gstregistrychunks.c:539:gst_registry_chunks_load_pad_template: Added pad_template sink_%u
0:00:00.015754117  2663 0x18e8350 DEBUG   GST_POLL gstpoll.c:979:gst_poll_fd_ctl_write: 0x18f0850: fd (fd:0, idx:1), active : 1
0:00:00.019774659  2662 0x12c5370 DEBUG   GST_REGISTRY gstregistry.c:589:gst_registry_add_feature: adding feature 0x12e6bf0 (concat)
0:00:00.015759580  2663 0x18e8350 LOG   GST_POLL gstpoll.c:994:gst_poll_fd_ctl_write: 0x18f0850: pfd->events now 60 (POLLOUT:4)
0:00:00.019780653  2662 0x12c5370 DEBUG   GST_REFCOUNTING gstobject.c:708:gst_object_set_parent: set parent (ref and sink)
0:00:00.015769566  2663 0x18e8350 DEBUG   GST_POLL gstpoll.c:979:gst_poll_fd_ctl_write: 0x18f0850: fd (fd:0, idx:1), active : 1
0:00:00.019787863  2662 0x12c5370 TRACE   GST_REFCOUNTING gstobject.c:292:gst_object_ref_sink: 0x12e6bf0 ref_sink 1->2
0:00:00.015775860  2663 0x18e8350 LOG   GST_POLL gstpoll.c:994:gst_poll_fd_ctl_write: 0x18f0850: pfd->events now 60 (POLLOUT:4)
0:00:00.019796910  2662 0x12c5370 LOG   GST_REGISTRY gstregistry.c:607:gst_registry_add_feature: emitting feature-added for concat
0:00:00.015782051  2663 0x18e8350 DEBUG   GST_POLL gstpoll.c:979:gst_poll_fd_ctl_write: 0x18f0850: fd (fd:0, idx:1), active : 1
0:00:00.019804819  2662 0x12c5370 DEBUG   GST_REGISTRY gstregistrychunks.c:740:gst_registry_chunks_load_feature: Added feature concat, plugin 0x12df070 coreelements
0:00:00.015790054  2663 0x18e8350 LOG   GST_POLL gstpoll.c:994:gst_poll_fd_ctl_write: 0x18f0850: pfd->events now 60 (POLLOUT:4)
0:00:00.019811590  2662 0x12c5370 DEBUG   GST_REGISTRY gstregistrychunks.c:582:gst_registry_chunks_load_feature: Plugin 'coreelements' feature 'clocksync' typename : 'GstElementFactory'
0:00:00.015797354  2663 0x18e8350 DEBUG   GST_POLL gstpoll.c:979:gst_poll_fd_ctl_write: 0x18f0850: fd (fd:0, idx:1), active : 1
0:00:00.015803575  2663 0x18e8350 LOG   GST_POLL gstpoll.c:994:gst_poll_fd_ctl_write: 0x18f0850: pfd->events now 60 (POLLOUT:4)
0:00:00.019819328  2662 0x12c5370 TRACE   GST_REFCOUNTING gstobject.c:208:gst_object_init: 0x12e6370 new
0:00:00.015808888  2663 0x18e8350 DEBUG   GST_POLL gstpoll.c:979:gst_poll_fd_ctl_write: 0x18f0850: fd (fd:0, idx:1), active : 1
0:00:00.019827663  2662 0x12c5370 LOG   GST_REGISTRY gstregistrychunks.c:609:gst_registry_chunks_load_feature: Reading/casting for GstRegistryChunkElementFactory at address 0x12e2238
0:00:00.015814379  2663 0x18e8350 LOG   GST_POLL gstpoll.c:994:gst_poll_fd_ctl_write: 0x18f0850: pfd->events now 60 (POLLOUT:4)
0:00:00.019833974  2662 0x12c5370 TRACE   structure gststructure.c:287:gst_structure_new_id_empty_with_size: created structure 0x12e73b0
0:00:00.015822661  2663 0x18e8350 DEBUG   GST_POLL gstpoll.c:979:gst_poll_fd_ctl_write: 0x18f0850: fd (fd:0, idx:1), active : 1
0:00:00.019839739  2662 0x12c5370 DEBUG   structure gststructure.c:2203:gst_structure_parse_field: trying field name 'long-name'
0:00:00.015833584  2663 0x18e8350 LOG   GST_POLL gstpoll.c:994:gst_poll_fd_ctl_write: 0x18f0850: pfd->events now 60 (POLLOUT:4)
0:00:00.019851125  2662 0x12c5370 DEBUG   default gstvalue.c:2676:_priv_gst_value_parse_value: trying type name 'string'
0:00:00.015839840  2663 0x18e8350 DEBUG   GST_POLL gstpoll.c:979:gst_poll_fd_ctl_write: 0x18f0850: fd (fd:0, idx:1), active : 1
0:00:00.019859294  2662 0x12c5370 DEBUG   structure gststructure.c:2203:gst_structure_parse_field: trying field name 'klass'
0:00:00.015845493  2663 0x18e8350 LOG   GST_POLL gstpoll.c:994:gst_poll_fd_ctl_write: 0x18f0850: pfd->events now 60 (POLLOUT:4)
0:00:00.019865978  2662 0x12c5370 DEBUG   default gstvalue.c:2676:_priv_gst_value_parse_value: trying type name 'string'
0:00:00.015852344  2663 0x18e8350 DEBUG   GST_POLL gstpoll.c:979:gst_poll_fd_ctl_write: 0x18f0850: fd (fd:0, idx:1), active : 1
0:00:00.019872488  2662 0x12c5370 DEBUG   structure gststructure.c:2203:gst_structure_parse_field: trying field name 'description'
0:00:00.015858228  2663 0x18e8350 LOG   GST_POLL gstpoll.c:994:gst_poll_fd_ctl_write: 0x18f0850: pfd->events now 60 (POLLOUT:4)
0:00:00.019878122  2662 0x12c5370 DEBUG   default gstvalue.c:2676:_priv_gst_value_parse_value: trying type name 'string'
0:00:00.015864812  2663 0x18e8350 DEBUG   GST_POLL gstpoll.c:979:gst_poll_fd_ctl_write: 0x18f0850: fd (fd:0, idx:1), active : 1
0:00:00.019884533  2662 0x12c5370 DEBUG   structure gststructure.c:2203:gst_structure_parse_field: trying field name 'author'
0:00:00.015870362  2663 0x18e8350 LOG   GST_POLL gstpoll.c:994:gst_poll_fd_ctl_write: 0x18f0850: pfd->events now 60 (POLLOUT:4)
0:00:00.019889991  2662 0x12c5370 DEBUG   default gstvalue.c:2676:_priv_gst_value_parse_value: trying type name 'string'
0:00:00.015878875  2663 0x18e8350 DEBUG   GST_POLL gstpoll.c:979:gst_poll_fd_ctl_write: 0x18f0850: fd (fd:0, idx:1), active : 1
0:00:00.019896104  2662 0x12c5370 DEBUG   GST_REGISTRY gstregistrychunks.c:626:gst_registry_chunks_load_feature: Element factory : npadtemplates=2
0:00:00.015885371  2663 0x18e8350 LOG   GST_POLL gstpoll.c:994:gst_poll_fd_ctl_write: 0x18f0850: pfd->events now 60 (POLLOUT:4)
0:00:00.019902642  2662 0x12c5370 DEBUG   GST_REGISTRY gstregistrychunks.c:525:gst_registry_chunks_load_pad_template: Reading/casting for GstRegistryChunkPadTemplate at address 0x12e2308
0:00:00.019910834  2662 0x12c5370 DEBUG   GST_REGISTRY gstregistrychunks.c:539:gst_registry_chunks_load_pad_template: Added pad_template sink
0:00:00.019916994  2662 0x12c5370 DEBUG   GST_REGISTRY gstregistrychunks.c:525:gst_registry_chunks_load_pad_template: Reading/casting for GstRegistryChunkPadTemplate at address 0x12e2320
0:00:00.019921996  2662 0x12c5370 DEBUG   GST_REGISTRY gstregistrychunks.c:539:gst_registry_chunks_load_pad_template: Added pad_template src
0:00:00.015891761  2663 0x18e8350 DEBUG   GST_POLL gstpoll.c:979:gst_poll_fd_ctl_write: 0x18f0850: fd (fd:0, idx:1), active : 1
0:00:00.019928392  2662 0x12c5370 DEBUG   GST_REGISTRY gstregistry.c:589:gst_registry_add_feature: adding feature 0x12e6370 (clocksync)
0:00:00.015926055  2663 0x18e8350 LOG   GST_POLL gstpoll.c:994:gst_poll_fd_ctl_write: 0x18f0850: pfd->events now 60 (POLLOUT:4)
0:00:00.019943213  2662 0x12c5370 DEBUG   GST_REFCOUNTING gstobject.c:708:gst_object_set_parent: set parent (ref and sink)
0:00:00.015935678  2663 0x18e8350 DEBUG   GST_POLL gstpoll.c:979:gst_poll_fd_ctl_write: 0x18f0850: fd (fd:0, idx:1), active : 1
0:00:00.019954358  2662 0x12c5370 TRACE   GST_REFCOUNTING gstobject.c:292:gst_object_ref_sink: 0x12e6370 ref_sink 1->2
0:00:00.015943180  2663 0x18e8350 LOG   GST_POLL gstpoll.c:994:gst_poll_fd_ctl_write: 0x18f0850: pfd->events now 60 (POLLOUT:4)
0:00:00.019963940  2662 0x12c5370 LOG   GST_REGISTRY gstregistry.c:607:gst_registry_add_feature: emitting feature-added for clocksync
0:00:00.015953725  2663 0x18e8350 DEBUG   GST_POLL gstpoll.c:979:gst_poll_fd_ctl_write: 0x18f0850: fd (fd:0, idx:1), active : 1
0:00:00.019973791  2662 0x12c5370 DEBUG   GST_REGISTRY gstregistrychunks.c:740:gst_registry_chunks_load_feature: Added feature clocksync, plugin 0x12df070 coreelements
0:00:00.015963740  2663 0x18e8350 LOG   GST_POLL gstpoll.c:994:gst_poll_fd_ctl_write: 0x18f0850: pfd->events now 60 (POLLOUT:4)
0:00:00.019984605  2662 0x12c5370 DEBUG   GST_REGISTRY gstregistrychunks.c:582:gst_registry_chunks_load_feature: Plugin 'coreelements' feature 'capsfilter' typename : 'GstElementFactory'
0:00:00.015973017  2663 0x18e8350 DEBUG   GST_POLL gstpoll.c:979:gst_poll_fd_ctl_write: 0x18f0850: fd (fd:0, idx:1), active : 1
0:00:00.015981576  2663 0x18e8350 LOG   GST_POLL gstpoll.c:994:gst_poll_fd_ctl_write: 0x18f0850: pfd->events now 60 (POLLOUT:4)
0:00:00.019996574  2662 0x12c5370 TRACE   GST_REFCOUNTING gstobject.c:208:gst_object_init: 0x12e70d0 new
0:00:00.015989966  2663 0x18e8350 DEBUG   GST_POLL gstpoll.c:979:gst_poll_fd_ctl_write: 0x18f0850: fd (fd:0, idx:1), active : 1
0:00:00.020010222  2662 0x12c5370 LOG   GST_REGISTRY gstregistrychunks.c:609:gst_registry_chunks_load_feature: Reading/casting for GstRegistryChunkElementFactory at address 0x12e2350
0:00:00.015998549  2663 0x18e8350 LOG   GST_POLL gstpoll.c:994:gst_poll_fd_ctl_write: 0x18f0850: pfd->events now 60 (POLLOUT:4)
0:00:00.020016886  2662 0x12c5370 TRACE   structure gststructure.c:287:gst_structure_new_id_empty_with_size: created structure 0x12e7820
0:00:00.020023623  2662 0x12c5370 DEBUG   structure gststructure.c:2203:gst_structure_parse_field: trying field name 'long-name'
0:00:00.020028550  2662 0x12c5370 DEBUG   default gstvalue.c:2676:_priv_gst_value_parse_value: trying type name 'string'
0:00:00.016012524  2663 0x18e8350 DEBUG   GST_POLL gstpoll.c:979:gst_poll_fd_ctl_write: 0x18f0850: fd (fd:0, idx:1), active : 1
0:00:00.020033933  2662 0x12c5370 DEBUG   structure gststructure.c:2203:gst_structure_parse_field: trying field name 'klass'
0:00:00.016023224  2663 0x18e8350 LOG   GST_POLL gstpoll.c:994:gst_poll_fd_ctl_write: 0x18f0850: pfd->events now 60 (POLLOUT:4)
0:00:00.020044854  2662 0x12c5370 DEBUG   default gstvalue.c:2676:_priv_gst_value_parse_value: trying type name 'string'
0:00:00.016034337  2663 0x18e8350 DEBUG   GST_POLL gstpoll.c:979:gst_poll_fd_ctl_write: 0x18f0850: fd (fd:0, idx:1), active : 1
0:00:00.020053434  2662 0x12c5370 DEBUG   structure gststructure.c:2203:gst_structure_parse_field: trying field name 'description'
0:00:00.016043164  2663 0x18e8350 LOG   GST_POLL gstpoll.c:994:gst_poll_fd_ctl_write: 0x18f0850: pfd->events now 60 (POLLOUT:4)
0:00:00.020060286  2662 0x12c5370 DEBUG   default gstvalue.c:2676:_priv_gst_value_parse_value: trying type name 'string'
0:00:00.016052230  2663 0x18e8350 DEBUG   GST_POLL gstpoll.c:979:gst_poll_fd_ctl_write: 0x18f0850: fd (fd:0, idx:1), active : 1
0:00:00.020069206  2662 0x12c5370 DEBUG   structure gststructure.c:2203:gst_structure_parse_field: trying field name 'author'
0:00:00.020077402  2662 0x12c5370 DEBUG   default gstvalue.c:2676:_priv_gst_value_parse_value: trying type name 'string'
0:00:00.016060840  2663 0x18e8350 LOG   GST_POLL gstpoll.c:994:gst_poll_fd_ctl_write: 0x18f0850: pfd->events now 60 (POLLOUT:4)
0:00:00.020083044  2662 0x12c5370 DEBUG   GST_REGISTRY gstregistrychunks.c:626:gst_registry_chunks_load_feature: Element factory : npadtemplates=2
0:00:00.016070760  2663 0x18e8350 DEBUG   GST_POLL gstpoll.c:979:gst_poll_fd_ctl_write: 0x18f0850: fd (fd:0, idx:1), active : 1
0:00:00.020088521  2662 0x12c5370 DEBUG   GST_REGISTRY gstregistrychunks.c:525:gst_registry_chunks_load_pad_template: Reading/casting for GstRegistryChunkPadTemplate at address 0x12e2430
0:00:00.020095869  2662 0x12c5370 DEBUG   GST_REGISTRY gstregistrychunks.c:539:gst_registry_chunks_load_pad_template: Added pad_template sink
0:00:00.016079242  2663 0x18e8350 LOG   GST_POLL gstpoll.c:994:gst_poll_fd_ctl_write: 0x18f0850: pfd->events now 60 (POLLOUT:4)
0:00:00.020100842  2662 0x12c5370 DEBUG   GST_REGISTRY gstregistrychunks.c:525:gst_registry_chunks_load_pad_template: Reading/casting for GstRegistryChunkPadTemplate at address 0x12e2448
0:00:00.016089464  2663 0x18e8350 DEBUG   GST_POLL gstpoll.c:979:gst_poll_fd_ctl_write: 0x18f0850: fd (fd:0, idx:1), active : 1
0:00:00.020108380  2662 0x12c5370 DEBUG   GST_REGISTRY gstregistrychunks.c:539:gst_registry_chunks_load_pad_template: Added pad_template src
0:00:00.016099985  2663 0x18e8350 LOG   GST_POLL gstpoll.c:994:gst_poll_fd_ctl_write: 0x18f0850: pfd->events now 60 (POLLOUT:4)
0:00:00.020117608  2662 0x12c5370 DEBUG   GST_REGISTRY gstregistry.c:589:gst_registry_add_feature: adding feature 0x12e70d0 (capsfilter)
0:00:00.016109760  2663 0x18e8350 DEBUG   GST_POLL gstpoll.c:979:gst_poll_fd_ctl_write: 0x18f0850: fd (fd:0, idx:1), active : 1
0:00:00.020126204  2662 0x12c5370 DEBUG   GST_REFCOUNTING gstobject.c:708:gst_object_set_parent: set parent (ref and sink)
0:00:00.016118340  2663 0x18e8350 LOG   GST_POLL gstpoll.c:994:gst_poll_fd_ctl_write: 0x18f0850: pfd->events now 60 (POLLOUT:4)
0:00:00.020140507  2662 0x12c5370 TRACE   GST_REFCOUNTING gstobject.c:292:gst_object_ref_sink: 0x12e70d0 ref_sink 1->2
0:00:00.016127716  2663 0x18e8350 DEBUG   GST_POLL gstpoll.c:979:gst_poll_fd_ctl_write: 0x18f0850: fd (fd:0, idx:1), active : 1
0:00:00.020147522  2662 0x12c5370 LOG   GST_REGISTRY gstregistry.c:607:gst_registry_add_feature: emitting feature-added for capsfilter
0:00:00.016136144  2663 0x18e8350 LOG   GST_POLL gstpoll.c:994:gst_poll_fd_ctl_write: 0x18f0850: pfd->events now 60 (POLLOUT:4)
0:00:00.020154156  2662 0x12c5370 DEBUG   GST_REGISTRY gstregistrychunks.c:740:gst_registry_chunks_load_feature: Added feature capsfilter, plugin 0x12df070 coreelements
0:00:00.016145429  2663 0x18e8350 DEBUG   GST_POLL gstpoll.c:979:gst_poll_fd_ctl_write: 0x18f0850: fd (fd:0, idx:1), active : 1
0:00:00.020167734  2662 0x12c5370 LOG   GST_PLUGIN_LOADING gstpluginloader.c:887:handle_rx_packet: marking plugin 0x12df070 as registered as /home/conan/w/prod/BuildSingleReference/.conan/data/gstreamer/1.18.3/_/_/package/0387548ec0d21c08cb6b492d670dcb344087cb15/lib/gstreamer-1.0/libgstcoreelements.so
0:00:00.016158416  2663 0x18e8350 LOG   GST_POLL gstpoll.c:994:gst_poll_fd_ctl_write: 0x18f0850: pfd->events now 60 (POLLOUT:4)
0:00:00.020180485  2662 0x12c5370 DEBUG   GST_POLL gstpoll.c:1414:gst_poll_wait: 0x12deb40: timeout :0:00:01.000000000
0:00:00.016169545  2663 0x18e8350 DEBUG   GST_POLL gstpoll.c:979:gst_poll_fd_ctl_write: 0x18f0850: fd (fd:0, idx:1), active : 1
0:00:00.016178740  2663 0x18e8350 LOG   GST_POLL gstpoll.c:994:gst_poll_fd_ctl_write: 0x18f0850: pfd->events now 60 (POLLOUT:4)
0:00:00.016187088  2663 0x18e8350 DEBUG   GST_POLL gstpoll.c:979:gst_poll_fd_ctl_write: 0x18f0850: fd (fd:0, idx:1), active : 1
0:00:00.016194855  2663 0x18e8350 LOG   GST_POLL gstpoll.c:994:gst_poll_fd_ctl_write: 0x18f0850: pfd->events now 60 (POLLOUT:4)
0:00:00.016203320  2663 0x18e8350 DEBUG   GST_POLL gstpoll.c:979:gst_poll_fd_ctl_write: 0x18f0850: fd (fd:0, idx:1), active : 1
0:00:00.016211017  2663 0x18e8350 LOG   GST_POLL gstpoll.c:994:gst_poll_fd_ctl_write: 0x18f0850: pfd->events now 60 (POLLOUT:4)
0:00:00.016240792  2663 0x18e8350 TRACE   GST_REFCOUNTING gstobject.c:264:gst_object_unref: 0x1904190 unref 2->1
0:00:00.016254134  2663 0x18e8350 DEBUG   GST_POLL gstpoll.c:1241:gst_poll_fd_has_error: 0x18f0850: fd (fd:0, idx:1) 0
0:00:00.016262703  2663 0x18e8350 DEBUG   GST_POLL gstpoll.c:1335:gst_poll_fd_can_write: 0x18f0850: fd (fd:0, idx:1) 1
0:00:00.016270546  2663 0x18e8350 LOG   GST_PLUGIN_LOADING gstpluginloader.c:690:write_one: Writing packet of size 488 bytes to fd 0
0:00:00.016291308  2663 0x18e8350 DEBUG   GST_POLL gstpoll.c:1414:gst_poll_wait: 0x18f0850: timeout :0:00:01.000000000
0:00:00.016303937  2663 0x18e8350 LOG   GST_PLUGIN_LOADING gstpluginloader.c:1027:exchange_packets: Poll res = 2. 6872 bytes pending for write
0:00:00.020322362  2662 0x12c5370 LOG   GST_PLUGIN_LOADING gstpluginloader.c:1027:exchange_packets: Poll res = 1. 0 bytes pending for write
0:00:00.016321334  2663 0x18e8350 DEBUG   GST_POLL gstpoll.c:1241:gst_poll_fd_has_error: 0x18f0850: fd (fd:5, idx:2) 0
0:00:00.020339219  2662 0x12c5370 DEBUG   GST_POLL gstpoll.c:1241:gst_poll_fd_has_error: 0x12deb40: fd (fd:8, idx:2) 0
0:00:00.016330880  2663 0x18e8350 DEBUG   GST_POLL gstpoll.c:1266:gst_poll_fd_can_read_unlocked: 0x18f0850: fd (fd:5, idx:2) 1
0:00:00.020347939  2662 0x12c5370 DEBUG   GST_POLL gstpoll.c:1266:gst_poll_fd_can_read_unlocked: 0x12deb40: fd (fd:8, idx:2) 1
0:00:00.016342628  2663 0x18e8350 LOG   GST_PLUGIN_LOADING gstpluginloader.c:1005:read_one: No payload to read for 0 length packet type 1 tag 0
0:00:00.020362917  2662 0x12c5370 DEBUG   GST_PLUGIN_LOADING gstpluginloader.c:848:handle_rx_packet: Received plugin details from child w/ tag 2. 476 bytes info
0:00:00.016352366  2663 0x18e8350 DEBUG   GST_POLL gstpoll.c:1014:gst_poll_fd_ctl_read_unlocked: 0x18f0850: fd (fd:5, idx:2), active : 0
0:00:00.020370842  2662 0x12c5370 LOG   GST_REGISTRY gstregistrychunks.c:836:_priv_gst_registry_chunks_load_plugin: Reading/casting for GstRegistryChunkPluginElement at address 0x12e0990
0:00:00.016361357  2663 0x18e8350 DEBUG   GST_POLL gstpoll.c:979:gst_poll_fd_ctl_write: 0x18f0850: fd (fd:0, idx:1), active : 1
0:00:00.020379830  2662 0x12c5370 TRACE   GST_REFCOUNTING gstobject.c:208:gst_object_init: 0x12e75f0 new
0:00:00.016370006  2663 0x18e8350 LOG   GST_POLL gstpoll.c:994:gst_poll_fd_ctl_write: 0x18f0850: pfd->events now 60 (POLLOUT:4)
0:00:00.020391800  2662 0x12c5370 LOG   GST_REGISTRY gstregistrychunks.c:858:_priv_gst_registry_chunks_load_plugin: read strings for name='coretracers'
0:00:00.016379194  2663 0x18e8350 DEBUG   GST_POLL gstpoll.c:1241:gst_poll_fd_has_error: 0x18f0850: fd (fd:0, idx:1) 0
0:00:00.020398207  2662 0x12c5370 LOG   GST_REGISTRY gstregistrychunks.c:859:_priv_gst_registry_chunks_load_plugin: desc.description='GStreamer core tracers'
0:00:00.020406356  2662 0x12c5370 LOG   GST_REGISTRY gstregistrychunks.c:860:_priv_gst_registry_chunks_load_plugin: filename='/home/conan/w/prod/BuildSingleReference/.conan/data/gstreamer/1.18.3/_/_/package/0387548ec0d21c08cb6b492d670dcb344087cb15/lib/gstreamer-1.0/libgstcoretracers.so'
0:00:00.016390626  2663 0x18e8350 DEBUG   GST_POLL gstpoll.c:1335:gst_poll_fd_can_write: 0x18f0850: fd (fd:0, idx:1) 1
0:00:00.020411982  2662 0x12c5370 LOG   GST_REGISTRY gstregistrychunks.c:861:_priv_gst_registry_chunks_load_plugin: desc.version='1.18.3'
0:00:00.020417152  2662 0x12c5370 LOG   GST_REGISTRY gstregistrychunks.c:862:_priv_gst_registry_chunks_load_plugin: desc.license='LGPL'
0:00:00.016400104  2663 0x18e8350 LOG   GST_PLUGIN_LOADING gstpluginloader.c:690:write_one: Writing packet of size 6872 bytes to fd 0
0:00:00.020424461  2662 0x12c5370 LOG   GST_REGISTRY gstregistrychunks.c:863:_priv_gst_registry_chunks_load_plugin: desc.source='gstreamer'
0:00:00.016416856  2663 0x18e8350 DEBUG   GST_POLL gstpoll.c:1414:gst_poll_wait: 0x18f0850: timeout :0:00:01.000000000
0:00:00.020437427  2662 0x12c5370 LOG   GST_REGISTRY gstregistrychunks.c:864:_priv_gst_registry_chunks_load_plugin: desc.package='GStreamer source release'
0:00:00.020443447  2662 0x12c5370 LOG   GST_REGISTRY gstregistrychunks.c:865:_priv_gst_registry_chunks_load_plugin: desc.origin='Unknown package origin'
0:00:00.016428332  2663 0x18e8350 LOG   GST_PLUGIN_LOADING gstpluginloader.c:1027:exchange_packets: Poll res = 1. 12 bytes pending for write
0:00:00.020448457  2662 0x12c5370 LOG   GST_REGISTRY gstregistrychunks.c:866:_priv_gst_registry_chunks_load_plugin: desc.datetime=2021-01-13
0:00:00.016438415  2663 0x18e8350 DEBUG   GST_POLL gstpoll.c:1241:gst_poll_fd_has_error: 0x18f0850: fd (fd:0, idx:1) 0
0:00:00.020458455  2662 0x12c5370 DEBUG   GST_REGISTRY gstregistry.c:446:gst_registry_add_plugin: Replacing existing plugin "/home/conan/w/prod/BuildSingleReference/.conan/data/gstreamer/1.18.3/_/_/package/0387548ec0d21c08cb6b492d670dcb344087cb15/lib/gstreamer-1.0/libgstcoretracers.so" 0x12df6e0 with new plugin 0x12e75f0 for filename "/home/conan/w/prod/BuildSingleReference/.conan/data/gstreamer/1.18.3/_/_/package/0387548ec0d21c08cb6b492d670dcb344087cb15/lib/gstreamer-1.0/libgstcoretracers.so"
0:00:00.016447483  2663 0x18e8350 DEBUG   GST_POLL gstpoll.c:1335:gst_poll_fd_can_write: 0x18f0850: fd (fd:0, idx:1) 1
0:00:00.020470836  2662 0x12c5370 TRACE   GST_REFCOUNTING gstobject.c:264:gst_object_unref: 0x12df6e0 unref 1->0
0:00:00.016457953  2663 0x18e8350 LOG   GST_PLUGIN_LOADING gstpluginloader.c:690:write_one: Writing packet of size 12 bytes to fd 0
0:00:00.020479367  2662 0x12c5370 TRACE   GST_REFCOUNTING gstobject.c:381:gst_object_dispose: 0x12df6e0 dispose
0:00:00.016469752  2663 0x18e8350 DEBUG   GST_POLL gstpoll.c:979:gst_poll_fd_ctl_write: 0x18f0850: fd (fd:0, idx:1), active : 0
0:00:00.020488050  2662 0x12c5370 DEBUG   GST_PLUGIN_LOADING gstplugin.c:136:gst_plugin_finalize: finalizing plugin
0:00:00.016478648  2663 0x18e8350 LOG   GST_POLL gstpoll.c:994:gst_poll_fd_ctl_write: 0x18f0850: pfd->events now 56 (POLLOUT:4)
0:00:00.020500137  2662 0x12c5370 TRACE   GST_REFCOUNTING gstobject.c:423:gst_object_finalize: 0x12df6e0 finalize
0:00:00.020514673  2662 0x12c5370 DEBUG   GST_REGISTRY gstregistry.c:473:gst_registry_add_plugin: adding plugin 0x12e75f0 for filename "/home/conan/w/prod/BuildSingleReference/.conan/data/gstreamer/1.18.3/_/_/package/0387548ec0d21c08cb6b492d670dcb344087cb15/lib/gstreamer-1.0/libgstcoretracers.so"
0:00:00.016499686  2663 0x18e8350 DEBUG   GST_POLL gstpoll.c:772:gst_poll_free: 0x18f0850: freeing
0:00:00.020522352  2662 0x12c5370 TRACE   GST_REFCOUNTING gstobject.c:292:gst_object_ref_sink: 0x12e75f0 ref_sink 1->2
0:00:00.020529829  2662 0x12c5370 LOG   GST_REGISTRY gstregistry.c:486:gst_registry_add_plugin: emitting plugin-added for filename "/home/conan/w/prod/BuildSingleReference/.conan/data/gstreamer/1.18.3/_/_/package/0387548ec0d21c08cb6b492d670dcb344087cb15/lib/gstreamer-1.0/libgstcoretracers.so"
0:00:00.020541747  2662 0x12c5370 DEBUG   GST_REGISTRY gstregistrychunks.c:886:_priv_gst_registry_chunks_load_plugin: Added plugin 'coretracers' plugin with 5 features from binary registry
0:00:00.020548368  2662 0x12c5370 DEBUG   GST_REGISTRY gstregistrychunks.c:582:gst_registry_chunks_load_feature: Plugin 'coretracers' feature 'leaks' typename : 'GstTracerFactory'
0:00:00.020555759  2662 0x12c5370 TRACE   GST_REFCOUNTING gstobject.c:208:gst_object_init: 0x12df580 new
0:00:00.020564214  2662 0x12c5370 DEBUG   GST_REGISTRY gstregistrychunks.c:716:gst_registry_chunks_load_feature: Reading/casting for GstRegistryChunkPluginFeature at address 0x12e0ad8
0:00:00.020574587  2662 0x12c5370 DEBUG   GST_REGISTRY gstregistry.c:580:gst_registry_add_feature: replacing existing feature 0x12df9f0 (leaks)
0:00:00.020582509  2662 0x12c5370 DEBUG   GST_REGISTRY gstregistry.c:589:gst_registry_add_feature: adding feature 0x12df580 (leaks)
0:00:00.020588214  2662 0x12c5370 TRACE   GST_REFCOUNTING gstobject.c:788:gst_object_unparent: unparent
0:00:00.020595041  2662 0x12c5370 TRACE   GST_REFCOUNTING gstobject.c:264:gst_object_unref: 0x12df9f0 unref 1->0
0:00:00.020601004  2662 0x12c5370 TRACE   GST_REFCOUNTING gstobject.c:381:gst_object_dispose: 0x12df9f0 dispose
0:00:00.020607749  2662 0x12c5370 DEBUG   GST_PLUGIN_LOADING gstpluginfeature.c:67:gst_plugin_feature_finalize: finalizing feature 0x12df9f0: 'leaks'
0:00:00.020613342  2662 0x12c5370 TRACE   GST_REFCOUNTING gstobject.c:423:gst_object_finalize: 0x12df9f0 finalize
0:00:00.020619415  2662 0x12c5370 DEBUG   GST_REFCOUNTING gstobject.c:708:gst_object_set_parent: set parent (ref and sink)
0:00:00.020628717  2662 0x12c5370 TRACE   GST_REFCOUNTING gstobject.c:292:gst_object_ref_sink: 0x12df580 ref_sink 1->2
0:00:00.020641164  2662 0x12c5370 LOG   GST_REGISTRY gstregistry.c:607:gst_registry_add_feature: emitting feature-added for leaks
0:00:00.020647919  2662 0x12c5370 DEBUG   GST_REGISTRY gstregistrychunks.c:740:gst_registry_chunks_load_feature: Added feature leaks, plugin 0x12e75f0 coretracers
0:00:00.020654147  2662 0x12c5370 DEBUG   GST_REGISTRY gstregistrychunks.c:582:gst_registry_chunks_load_feature: Plugin 'coretracers' feature 'stats' typename : 'GstTracerFactory'
0:00:00.020660916  2662 0x12c5370 TRACE   GST_REFCOUNTING gstobject.c:208:gst_object_init: 0x12df9f0 new
0:00:00.020667825  2662 0x12c5370 DEBUG   GST_REGISTRY gstregistrychunks.c:716:gst_registry_chunks_load_feature: Reading/casting for GstRegistryChunkPluginFeature at address 0x12e0af8
0:00:00.020674964  2662 0x12c5370 DEBUG   GST_REGISTRY gstregistry.c:580:gst_registry_add_feature: replacing existing feature 0x12dfbf0 (stats)
0:00:00.020684014  2662 0x12c5370 DEBUG   GST_REGISTRY gstregistry.c:589:gst_registry_add_feature: adding feature 0x12df9f0 (stats)
0:00:00.020690210  2662 0x12c5370 TRACE   GST_REFCOUNTING gstobject.c:788:gst_object_unparent: unparent
0:00:00.020696929  2662 0x12c5370 TRACE   GST_REFCOUNTING gstobject.c:264:gst_object_unref: 0x12dfbf0 unref 1->0
0:00:00.020714564  2662 0x12c5370 TRACE   GST_REFCOUNTING gstobject.c:381:gst_object_dispose: 0x12dfbf0 dispose
0:00:00.020721227  2662 0x12c5370 DEBUG   GST_PLUGIN_LOADING gstpluginfeature.c:67:gst_plugin_feature_finalize: finalizing feature 0x12dfbf0: 'stats'
0:00:00.020726855  2662 0x12c5370 TRACE   GST_REFCOUNTING gstobject.c:423:gst_object_finalize: 0x12dfbf0 finalize
0:00:00.020732772  2662 0x12c5370 DEBUG   GST_REFCOUNTING gstobject.c:708:gst_object_set_parent: set parent (ref and sink)
0:00:00.020739063  2662 0x12c5370 TRACE   GST_REFCOUNTING gstobject.c:292:gst_object_ref_sink: 0x12df9f0 ref_sink 1->2
0:00:00.020747540  2662 0x12c5370 LOG   GST_REGISTRY gstregistry.c:607:gst_registry_add_feature: emitting feature-added for stats
0:00:00.020755461  2662 0x12c5370 DEBUG   GST_REGISTRY gstregistrychunks.c:740:gst_registry_chunks_load_feature: Added feature stats, plugin 0x12e75f0 coretracers
0:00:00.020761332  2662 0x12c5370 DEBUG   GST_REGISTRY gstregistrychunks.c:582:gst_registry_chunks_load_feature: Plugin 'coretracers' feature 'rusage' typename : 'GstTracerFactory'
0:00:00.020767882  2662 0x12c5370 TRACE   GST_REFCOUNTING gstobject.c:208:gst_object_init: 0x12dfbf0 new
0:00:00.020774826  2662 0x12c5370 DEBUG   GST_REGISTRY gstregistrychunks.c:716:gst_registry_chunks_load_feature: Reading/casting for GstRegistryChunkPluginFeature at address 0x12e0b18
0:00:00.020781362  2662 0x12c5370 DEBUG   GST_REGISTRY gstregistry.c:580:gst_registry_add_feature: replacing existing feature 0x12dfdf0 (rusage)
0:00:00.020787304  2662 0x12c5370 DEBUG   GST_REGISTRY gstregistry.c:589:gst_registry_add_feature: adding feature 0x12dfbf0 (rusage)
0:00:00.020792269  2662 0x12c5370 TRACE   GST_REFCOUNTING gstobject.c:788:gst_object_unparent: unparent
0:00:00.020801534  2662 0x12c5370 TRACE   GST_REFCOUNTING gstobject.c:264:gst_object_unref: 0x12dfdf0 unref 1->0
0:00:00.020808906  2662 0x12c5370 TRACE   GST_REFCOUNTING gstobject.c:381:gst_object_dispose: 0x12dfdf0 dispose
0:00:00.020819126  2662 0x12c5370 DEBUG   GST_PLUGIN_LOADING gstpluginfeature.c:67:gst_plugin_feature_finalize: finalizing feature 0x12dfdf0: 'rusage'
0:00:00.020828327  2662 0x12c5370 TRACE   GST_REFCOUNTING gstobject.c:423:gst_object_finalize: 0x12dfdf0 finalize
0:00:00.020836615  2662 0x12c5370 DEBUG   GST_REFCOUNTING gstobject.c:708:gst_object_set_parent: set parent (ref and sink)
0:00:00.020845298  2662 0x12c5370 TRACE   GST_REFCOUNTING gstobject.c:292:gst_object_ref_sink: 0x12dfbf0 ref_sink 1->2
0:00:00.020854560  2662 0x12c5370 LOG   GST_REGISTRY gstregistry.c:607:gst_registry_add_feature: emitting feature-added for rusage
0:00:00.020861962  2662 0x12c5370 DEBUG   GST_REGISTRY gstregistrychunks.c:740:gst_registry_chunks_load_feature: Added feature rusage, plugin 0x12e75f0 coretracers
0:00:00.020870792  2662 0x12c5370 DEBUG   GST_REGISTRY gstregistrychunks.c:582:gst_registry_chunks_load_feature: Plugin 'coretracers' feature 'log' typename : 'GstTracerFactory'
0:00:00.020885220  2662 0x12c5370 TRACE   GST_REFCOUNTING gstobject.c:208:gst_object_init: 0x12dfdf0 new
0:00:00.020892547  2662 0x12c5370 DEBUG   GST_REGISTRY gstregistrychunks.c:716:gst_registry_chunks_load_feature: Reading/casting for GstRegistryChunkPluginFeature at address 0x12e0b38
0:00:00.020899326  2662 0x12c5370 DEBUG   GST_REGISTRY gstregistry.c:580:gst_registry_add_feature: replacing existing feature 0x12dfff0 (log)
0:00:00.020905725  2662 0x12c5370 DEBUG   GST_REGISTRY gstregistry.c:589:gst_registry_add_feature: adding feature 0x12dfdf0 (log)
0:00:00.020910803  2662 0x12c5370 TRACE   GST_REFCOUNTING gstobject.c:788:gst_object_unparent: unparent
0:00:00.020919294  2662 0x12c5370 TRACE   GST_REFCOUNTING gstobject.c:264:gst_object_unref: 0x12dfff0 unref 1->0
0:00:00.020927774  2662 0x12c5370 TRACE   GST_REFCOUNTING gstobject.c:381:gst_object_dispose: 0x12dfff0 dispose
0:00:00.020941326  2662 0x12c5370 DEBUG   GST_PLUGIN_LOADING gstpluginfeature.c:67:gst_plugin_feature_finalize: finalizing feature 0x12dfff0: 'log'
0:00:00.020952181  2662 0x12c5370 TRACE   GST_REFCOUNTING gstobject.c:423:gst_object_finalize: 0x12dfff0 finalize
0:00:00.020960844  2662 0x12c5370 DEBUG   GST_REFCOUNTING gstobject.c:708:gst_object_set_parent: set parent (ref and sink)
0:00:00.020967371  2662 0x12c5370 TRACE   GST_REFCOUNTING gstobject.c:292:gst_object_ref_sink: 0x12dfdf0 ref_sink 1->2
0:00:00.020973209  2662 0x12c5370 LOG   GST_REGISTRY gstregistry.c:607:gst_registry_add_feature: emitting feature-added for log
0:00:00.020979141  2662 0x12c5370 DEBUG   GST_REGISTRY gstregistrychunks.c:740:gst_registry_chunks_load_feature: Added feature log, plugin 0x12e75f0 coretracers
0:00:00.020985001  2662 0x12c5370 DEBUG   GST_REGISTRY gstregistrychunks.c:582:gst_registry_chunks_load_feature: Plugin 'coretracers' feature 'latency' typename : 'GstTracerFactory'
0:00:00.020991429  2662 0x12c5370 TRACE   GST_REFCOUNTING gstobject.c:208:gst_object_init: 0x12dfff0 new
0:00:00.021000956  2662 0x12c5370 DEBUG   GST_REGISTRY gstregistrychunks.c:716:gst_registry_chunks_load_feature: Reading/casting for GstRegistryChunkPluginFeature at address 0x12e0b60
0:00:00.021010299  2662 0x12c5370 DEBUG   GST_REGISTRY gstregistry.c:580:gst_registry_add_feature: replacing existing feature 0x12e01f0 (latency)
0:00:00.021020154  2662 0x12c5370 DEBUG   GST_REGISTRY gstregistry.c:589:gst_registry_add_feature: adding feature 0x12dfff0 (latency)
0:00:00.021028278  2662 0x12c5370 TRACE   GST_REFCOUNTING gstobject.c:788:gst_object_unparent: unparent
0:00:00.021038946  2662 0x12c5370 TRACE   GST_REFCOUNTING gstobject.c:264:gst_object_unref: 0x12e01f0 unref 1->0
0:00:00.021048667  2662 0x12c5370 TRACE   GST_REFCOUNTING gstobject.c:381:gst_object_dispose: 0x12e01f0 dispose
0:00:00.021058660  2662 0x12c5370 DEBUG   GST_PLUGIN_LOADING gstpluginfeature.c:67:gst_plugin_feature_finalize: finalizing feature 0x12e01f0: 'latency'
0:00:00.021075397  2662 0x12c5370 TRACE   GST_REFCOUNTING gstobject.c:423:gst_object_finalize: 0x12e01f0 finalize
0:00:00.021083682  2662 0x12c5370 DEBUG   GST_REFCOUNTING gstobject.c:708:gst_object_set_parent: set parent (ref and sink)
0:00:00.021091642  2662 0x12c5370 TRACE   GST_REFCOUNTING gstobject.c:292:gst_object_ref_sink: 0x12dfff0 ref_sink 1->2
0:00:00.021097950  2662 0x12c5370 LOG   GST_REGISTRY gstregistry.c:607:gst_registry_add_feature: emitting feature-added for latency
0:00:00.021103852  2662 0x12c5370 DEBUG   GST_REGISTRY gstregistrychunks.c:740:gst_registry_chunks_load_feature: Added feature latency, plugin 0x12e75f0 coretracers
0:00:00.021112884  2662 0x12c5370 LOG   GST_PLUGIN_LOADING gstpluginloader.c:887:handle_rx_packet: marking plugin 0x12e75f0 as registered as /home/conan/w/prod/BuildSingleReference/.conan/data/gstreamer/1.18.3/_/_/package/0387548ec0d21c08cb6b492d670dcb344087cb15/lib/gstreamer-1.0/libgstcoretracers.so
0:00:00.021125609  2662 0x12c5370 DEBUG   GST_POLL gstpoll.c:1414:gst_poll_wait: 0x12deb40: timeout :0:00:01.000000000
0:00:00.021137818  2662 0x12c5370 LOG   GST_PLUGIN_LOADING gstpluginloader.c:1027:exchange_packets: Poll res = 2. 0 bytes pending for write
0:00:00.021150542  2662 0x12c5370 DEBUG   GST_POLL gstpoll.c:1241:gst_poll_fd_has_error: 0x12deb40: fd (fd:8, idx:2) 0
0:00:00.021161193  2662 0x12c5370 DEBUG   GST_POLL gstpoll.c:1266:gst_poll_fd_can_read_unlocked: 0x12deb40: fd (fd:8, idx:2) 1
0:00:00.021176212  2662 0x12c5370 DEBUG   GST_PLUGIN_LOADING gstpluginloader.c:848:handle_rx_packet: Received plugin details from child w/ tag 3. 6860 bytes info
0:00:00.021185162  2662 0x12c5370 LOG   GST_REGISTRY gstregistrychunks.c:836:_priv_gst_registry_chunks_load_plugin: Reading/casting for GstRegistryChunkPluginElement at address 0x12e0990
0:00:00.021194846  2662 0x12c5370 TRACE   GST_REFCOUNTING gstobject.c:208:gst_object_init: 0x12e7ae0 new
0:00:00.021206971  2662 0x12c5370 LOG   GST_REGISTRY gstregistrychunks.c:858:_priv_gst_registry_chunks_load_plugin: read strings for name='coreelements'
0:00:00.021214744  2662 0x12c5370 LOG   GST_REGISTRY gstregistrychunks.c:859:_priv_gst_registry_chunks_load_plugin: desc.description='GStreamer core elements'
0:00:00.021223370  2662 0x12c5370 LOG   GST_REGISTRY gstregistrychunks.c:860:_priv_gst_registry_chunks_load_plugin: filename='/home/conan/w/prod/BuildSingleReference/.conan/data/gstreamer/1.18.3/_/_/package/0387548ec0d21c08cb6b492d670dcb344087cb15/lib/gstreamer-1.0/libgstcoreelements.so'
0:00:00.021232289  2662 0x12c5370 LOG   GST_REGISTRY gstregistrychunks.c:861:_priv_gst_registry_chunks_load_plugin: desc.version='1.18.3'
0:00:00.021256353  2662 0x12c5370 LOG   GST_REGISTRY gstregistrychunks.c:862:_priv_gst_registry_chunks_load_plugin: desc.license='LGPL'
0:00:00.021266111  2662 0x12c5370 LOG   GST_REGISTRY gstregistrychunks.c:863:_priv_gst_registry_chunks_load_plugin: desc.source='gstreamer'
0:00:00.021273872  2662 0x12c5370 LOG   GST_REGISTRY gstregistrychunks.c:864:_priv_gst_registry_chunks_load_plugin: desc.package='GStreamer source release'
0:00:00.021287827  2662 0x12c5370 LOG   GST_REGISTRY gstregistrychunks.c:865:_priv_gst_registry_chunks_load_plugin: desc.origin='Unknown package origin'
0:00:00.021298081  2662 0x12c5370 LOG   GST_REGISTRY gstregistrychunks.c:866:_priv_gst_registry_chunks_load_plugin: desc.datetime=2021-01-13
0:00:00.021311229  2662 0x12c5370 DEBUG   GST_REGISTRY gstregistry.c:446:gst_registry_add_plugin: Replacing existing plugin "/home/conan/w/prod/BuildSingleReference/.conan/data/gstreamer/1.18.3/_/_/package/0387548ec0d21c08cb6b492d670dcb344087cb15/lib/gstreamer-1.0/libgstcoreelements.so" 0x12df070 with new plugin 0x12e7ae0 for filename "/home/conan/w/prod/BuildSingleReference/.conan/data/gstreamer/1.18.3/_/_/package/0387548ec0d21c08cb6b492d670dcb344087cb15/lib/gstreamer-1.0/libgstcoreelements.so"
0:00:00.021323354  2662 0x12c5370 TRACE   GST_REFCOUNTING gstobject.c:264:gst_object_unref: 0x12df070 unref 1->0
0:00:00.021332955  2662 0x12c5370 TRACE   GST_REFCOUNTING gstobject.c:381:gst_object_dispose: 0x12df070 dispose
0:00:00.021342558  2662 0x12c5370 DEBUG   GST_PLUGIN_LOADING gstplugin.c:136:gst_plugin_finalize: finalizing plugin
0:00:00.021348463  2662 0x12c5370 TRACE   GST_REFCOUNTING gstobject.c:423:gst_object_finalize: 0x12df070 finalize
0:00:00.021356244  2662 0x12c5370 DEBUG   GST_REGISTRY gstregistry.c:473:gst_registry_add_plugin: adding plugin 0x12e7ae0 for filename "/home/conan/w/prod/BuildSingleReference/.conan/data/gstreamer/1.18.3/_/_/package/0387548ec0d21c08cb6b492d670dcb344087cb15/lib/gstreamer-1.0/libgstcoreelements.so"
0:00:00.021362864  2662 0x12c5370 TRACE   GST_REFCOUNTING gstobject.c:292:gst_object_ref_sink: 0x12e7ae0 ref_sink 1->2
0:00:00.021372066  2662 0x12c5370 LOG   GST_REGISTRY gstregistry.c:486:gst_registry_add_plugin: emitting plugin-added for filename "/home/conan/w/prod/BuildSingleReference/.conan/data/gstreamer/1.18.3/_/_/package/0387548ec0d21c08cb6b492d670dcb344087cb15/lib/gstreamer-1.0/libgstcoreelements.so"
0:00:00.021379757  2662 0x12c5370 DEBUG   GST_REGISTRY gstregistrychunks.c:886:_priv_gst_registry_chunks_load_plugin: Added plugin 'coreelements' plugin with 22 features from binary registry
