0:00:00.001568117  2663 0x18e8350 DEBUG   GST_POLL gstpoll.c:1241:gst_poll_fd_has_error: 0x18f0850: fd (fd:5, idx:2) 0
0:00:00.001573633  2663 0x18e8350 DEBUG   GST_POLL gstpoll.c:1266:gst_poll_fd_can_read_unlocked: 0x18f0850: fd (fd:5, idx:2) 1
0:00:00.001582335  2663 0x18e8350 LOG   GST_PLUGIN_LOADING gstpluginloader.c:1005:read_one: No payload to read for 0 length packet type 5 tag 0
0:00:00.001591493  2663 0x18e8350 DEBUG   GST_POLL gstpoll.c:979:gst_poll_fd_ctl_write: 0x18f0850: fd (fd:0, idx:1), active : 1
0:00:00.001598180  2663 0x18e8350 LOG   GST_POLL gstpoll.c:994:gst_poll_fd_ctl_write: 0x18f0850: pfd->events now 60 (POLLOUT:4)
0:00:00.001603987  2663 0x18e8350 LOG   GST_PLUGIN_LOADING gstpluginloader.c:934:handle_rx_packet: Got VERSION in child - replying 3
0:00:00.001610261  2663 0x18e8350 DEBUG   GST_POLL gstpoll.c:1241:gst_poll_fd_has_error: 0x18f0850: fd (fd:0, idx:1) 0
0:00:00.001621089  2663 0x18e8350 DEBUG   GST_POLL gstpoll.c:1335:gst_poll_fd_can_write: 0x18f0850: fd (fd:0, idx:1) 0
0:00:00.001626795  2663 0x18e8350 DEBUG   GST_POLL gstpoll.c:1195:gst_poll_fd_has_closed: 0x18f0850: fd (fd:0, idx:1) 0
0:00:00.001633081  2663 0x18e8350 DEBUG   GST_POLL gstpoll.c:1414:gst_poll_wait: 0x18f0850: timeout :0:00:01.000000000
0:00:00.001641754  2663 0x18e8350 LOG   GST_PLUGIN_LOADING gstpluginloader.c:1027:exchange_packets: Poll res = 2. 80 bytes pending for write
0:00:00.001650229  2663 0x18e8350 DEBUG   GST_POLL gstpoll.c:1241:gst_poll_fd_has_error: 0x18f0850: fd (fd:5, idx:2) 0
0:00:00.001656256  2663 0x18e8350 DEBUG   GST_POLL gstpoll.c:1266:gst_poll_fd_can_read_unlocked: 0x18f0850: fd (fd:5, idx:2) 1
0:00:00.001663401  2663 0x18e8350 LOG   GST_PLUGIN_LOADING gstpluginloader.c:1005:read_one: No payload to read for 0 length packet type 3 tag 0
0:00:00.001669650  2663 0x18e8350 DEBUG   GST_POLL gstpoll.c:979:gst_poll_fd_ctl_write: 0x18f0850: fd (fd:0, idx:1), active : 1
0:00:00.001674979  2663 0x18e8350 LOG   GST_POLL gstpoll.c:994:gst_poll_fd_ctl_write: 0x18f0850: pfd->events now 60 (POLLOUT:4)
0:00:00.001679597  2663 0x18e8350 LOG   GST_PLUGIN_LOADING gstpluginloader.c:919:handle_rx_packet: Got SYNC in child - replying
0:00:00.001688044  2663 0x18e8350 DEBUG   GST_POLL gstpoll.c:1241:gst_poll_fd_has_error: 0x18f0850: fd (fd:0, idx:1) 0
0:00:00.001694507  2663 0x18e8350 DEBUG   GST_POLL gstpoll.c:1335:gst_poll_fd_can_write: 0x18f0850: fd (fd:0, idx:1) 1
0:00:00.001700356  2663 0x18e8350 LOG   GST_PLUGIN_LOADING gstpluginloader.c:690:write_one: Writing packet of size 80 bytes to fd 0
0:00:00.001720123  2663 0x18e8350 DEBUG   GST_POLL gstpoll.c:1414:gst_poll_wait: 0x18f0850: timeout :0:00:01.000000000
0:00:00.001728108  2663 0x18e8350 LOG   GST_PLUGIN_LOADING gstpluginloader.c:1027:exchange_packets: Poll res = 1. 12 bytes pending for write
0:00:00.001733893  2663 0x18e8350 DEBUG   GST_POLL gstpoll.c:1241:gst_poll_fd_has_error: 0x18f0850: fd (fd:5, idx:2) 0
0:00:00.005748303  2662 0x12c5370 LOG   GST_PLUGIN_LOADING gstpluginloader.c:1027:exchange_packets: Poll res = 1. 0 bytes pending for write
0:00:00.001742098  2663 0x18e8350 DEBUG   GST_POLL gstpoll.c:1266:gst_poll_fd_can_read_unlocked: 0x18f0850: fd (fd:5, idx:2) 0
0:00:00.005761087  2662 0x12c5370 DEBUG   GST_POLL gstpoll.c:1241:gst_poll_fd_has_error: 0x12deb40: fd (fd:8, idx:2) 0
0:00:00.001748854  2663 0x18e8350 DEBUG   GST_POLL gstpoll.c:1195:gst_poll_fd_has_closed: 0x18f0850: fd (fd:5, idx:2) 0
0:00:00.005767335  2662 0x12c5370 DEBUG   GST_POLL gstpoll.c:1266:gst_poll_fd_can_read_unlocked: 0x12deb40: fd (fd:8, idx:2) 1
0:00:00.001754872  2663 0x18e8350 DEBUG   GST_POLL gstpoll.c:1241:gst_poll_fd_has_error: 0x18f0850: fd (fd:0, idx:1) 0
0:00:00.001760704  2663 0x18e8350 DEBUG   GST_POLL gstpoll.c:1335:gst_poll_fd_can_write: 0x18f0850: fd (fd:0, idx:1) 1
0:00:00.005779004  2662 0x12c5370 LOG   GST_PLUGIN_LOADING gstpluginloader.c:804:check_protocol_version: Got VERSION 3 from child. Ours is 3
0:00:00.001770362  2663 0x18e8350 LOG   GST_PLUGIN_LOADING gstpluginloader.c:690:write_one: Writing packet of size 12 bytes to fd 0
0:00:00.005789590  2662 0x12c5370 DEBUG   GST_POLL gstpoll.c:1414:gst_poll_wait: 0x12deb40: timeout :0:00:01.000000000
0:00:00.001778751  2663 0x18e8350 DEBUG   GST_POLL gstpoll.c:979:gst_poll_fd_ctl_write: 0x18f0850: fd (fd:0, idx:1), active : 0
0:00:00.005799076  2662 0x12c5370 LOG   GST_PLUGIN_LOADING gstpluginloader.c:1027:exchange_packets: Poll res = 1. 0 bytes pending for write
0:00:00.001784566  2663 0x18e8350 LOG   GST_POLL gstpoll.c:994:gst_poll_fd_ctl_write: 0x18f0850: pfd->events now 56 (POLLOUT:4)
0:00:00.005807583  2662 0x12c5370 DEBUG   GST_POLL gstpoll.c:1241:gst_poll_fd_has_error: 0x12deb40: fd (fd:8, idx:2) 0
0:00:00.001796457  2663 0x18e8350 DEBUG   GST_POLL gstpoll.c:1414:gst_poll_wait: 0x18f0850: timeout :0:00:01.000000000
0:00:00.005814027  2662 0x12c5370 DEBUG   GST_POLL gstpoll.c:1266:gst_poll_fd_can_read_unlocked: 0x12deb40: fd (fd:8, idx:2) 1
0:00:00.005822455  2662 0x12c5370 LOG   GST_PLUGIN_LOADING gstpluginloader.c:1005:read_one: No payload to read for 0 length packet type 3 tag 0
0:00:00.005831159  2662 0x12c5370 LOG   GST_PLUGIN_LOADING gstpluginloader.c:235:plugin_loader_load: Sending file /home/conan/w/prod/BuildSingleReference/.conan/data/gstreamer/1.18.3/_/_/package/0387548ec0d21c08cb6b492d670dcb344087cb15/lib/gstreamer-1.0/libgstcoretracers.so to child. tag 0
0:00:00.005841497  2662 0x12c5370 DEBUG   GST_POLL gstpoll.c:979:gst_poll_fd_ctl_write: 0x12deb40: fd (fd:7, idx:1), active : 1
0:00:00.005849912  2662 0x12c5370 LOG   GST_POLL gstpoll.c:994:gst_poll_fd_ctl_write: 0x12deb40: pfd->events now 60 (POLLOUT:4)
0:00:00.005857348  2662 0x12c5370 DEBUG   GST_POLL gstpoll.c:1414:gst_poll_wait: 0x12deb40: timeout :0:00:01.000000000
0:00:00.005864980  2662 0x12c5370 LOG   GST_PLUGIN_LOADING gstpluginloader.c:1027:exchange_packets: Poll res = 1. 173 bytes pending for write
0:00:00.005870970  2662 0x12c5370 DEBUG   GST_POLL gstpoll.c:1241:gst_poll_fd_has_error: 0x12deb40: fd (fd:8, idx:2) 0
0:00:00.005876291  2662 0x12c5370 DEBUG   GST_POLL gstpoll.c:1266:gst_poll_fd_can_read_unlocked: 0x12deb40: fd (fd:8, idx:2) 0
0:00:00.005881433  2662 0x12c5370 DEBUG   GST_POLL gstpoll.c:1195:gst_poll_fd_has_closed: 0x12deb40: fd (fd:8, idx:2) 0
0:00:00.005886875  2662 0x12c5370 DEBUG   GST_POLL gstpoll.c:1241:gst_poll_fd_has_error: 0x12deb40: fd (fd:7, idx:1) 0
0:00:00.005894911  2662 0x12c5370 DEBUG   GST_POLL gstpoll.c:1335:gst_poll_fd_can_write: 0x12deb40: fd (fd:7, idx:1) 1
0:00:00.005900973  2662 0x12c5370 LOG   GST_PLUGIN_LOADING gstpluginloader.c:690:write_one: Writing packet of size 173 bytes to fd 7
0:00:00.005916213  2662 0x12c5370 DEBUG   GST_POLL gstpoll.c:979:gst_poll_fd_ctl_write: 0x12deb40: fd (fd:7, idx:1), active : 0
0:00:00.005922002  2662 0x12c5370 LOG   GST_POLL gstpoll.c:994:gst_poll_fd_ctl_write: 0x12deb40: pfd->events now 56 (POLLOUT:4)
0:00:00.001919794  2663 0x18e8350 LOG   GST_PLUGIN_LOADING gstpluginloader.c:1027:exchange_packets: Poll res = 1. 0 bytes pending for write
0:00:00.001928381  2663 0x18e8350 DEBUG   GST_POLL gstpoll.c:1241:gst_poll_fd_has_error: 0x18f0850: fd (fd:5, idx:2) 0
0:00:00.005947819  2662 0x12c5370 LOG   GST_REGISTRY gstregistry.c:1299:gst_registry_scan_path_level: file /home/conan/w/prod/BuildSingleReference/.conan/data/gstreamer/1.18.3/_/_/package/0387548ec0d21c08cb6b492d670dcb344087cb15/lib/gstreamer-1.0/libgstcoreelements.so looks like a possible module
0:00:00.001933853  2663 0x18e8350 DEBUG   GST_POLL gstpoll.c:1266:gst_poll_fd_can_read_unlocked: 0x18f0850: fd (fd:5, idx:2) 1
0:00:00.005958358  2662 0x12c5370 DEBUG   GST_REGISTRY gstregistry.c:1360:gst_registry_scan_path_level: file /home/conan/w/prod/BuildSingleReference/.conan/data/gstreamer/1.18.3/_/_/package/0387548ec0d21c08cb6b492d670dcb344087cb15/lib/gstreamer-1.0/libgstcoreelements.so not yet in registry
0:00:00.001945686  2663 0x18e8350 DEBUG   GST_PLUGIN_LOADING gstpluginloader.c:722:do_plugin_load: Plugin scanner loading file /home/conan/w/prod/BuildSingleReference/.conan/data/gstreamer/1.18.3/_/_/package/0387548ec0d21c08cb6b492d670dcb344087cb15/lib/gstreamer-1.0/libgstcoretracers.so. tag 0
0:00:00.005967048  2662 0x12c5370 DEBUG   GST_REGISTRY gstregistry.c:1172:gst_registry_scan_plugin_file: Using scan-helper to load plugin /home/conan/w/prod/BuildSingleReference/.conan/data/gstreamer/1.18.3/_/_/package/0387548ec0d21c08cb6b492d670dcb344087cb15/lib/gstreamer-1.0/libgstcoreelements.so
0:00:00.005974791  2662 0x12c5370 LOG   GST_PLUGIN_LOADING gstpluginloader.c:235:plugin_loader_load: Sending file /home/conan/w/prod/BuildSingleReference/.conan/data/gstreamer/1.18.3/_/_/package/0387548ec0d21c08cb6b492d670dcb344087cb15/lib/gstreamer-1.0/libgstcoreelements.so to child. tag 1
0:00:00.001958788  2663 0x18e8350 DEBUG   GST_PLUGIN_LOADING gstplugin.c:767:_priv_gst_plugin_load_file_for_registry: attempt to load plugin "/home/conan/w/prod/BuildSingleReference/.conan/data/gstreamer/1.18.3/_/_/package/0387548ec0d21c08cb6b492d670dcb344087cb15/lib/gstreamer-1.0/libgstcoretracers.so"
0:00:00.005981782  2662 0x12c5370 DEBUG   GST_POLL gstpoll.c:979:gst_poll_fd_ctl_write: 0x12deb40: fd (fd:7, idx:1), active : 1
0:00:00.005987890  2662 0x12c5370 LOG   GST_POLL gstpoll.c:994:gst_poll_fd_ctl_write: 0x12deb40: pfd->events now 60 (POLLOUT:4)
0:00:00.005993904  2662 0x12c5370 DEBUG   GST_POLL gstpoll.c:1414:gst_poll_wait: 0x12deb40: timeout :0:00:01.000000000
0:00:00.006001238  2662 0x12c5370 LOG   GST_PLUGIN_LOADING gstpluginloader.c:1027:exchange_packets: Poll res = 1. 174 bytes pending for write
0:00:00.006009667  2662 0x12c5370 DEBUG   GST_POLL gstpoll.c:1241:gst_poll_fd_has_error: 0x12deb40: fd (fd:8, idx:2) 0
0:00:00.006015998  2662 0x12c5370 DEBUG   GST_POLL gstpoll.c:1266:gst_poll_fd_can_read_unlocked: 0x12deb40: fd (fd:8, idx:2) 0
0:00:00.006021686  2662 0x12c5370 DEBUG   GST_POLL gstpoll.c:1195:gst_poll_fd_has_closed: 0x12deb40: fd (fd:8, idx:2) 0
0:00:00.006026850  2662 0x12c5370 DEBUG   GST_POLL gstpoll.c:1241:gst_poll_fd_has_error: 0x12deb40: fd (fd:7, idx:1) 0
0:00:00.006037186  2662 0x12c5370 DEBUG   GST_POLL gstpoll.c:1335:gst_poll_fd_can_write: 0x12deb40: fd (fd:7, idx:1) 1
0:00:00.006042715  2662 0x12c5370 LOG   GST_PLUGIN_LOADING gstpluginloader.c:690:write_one: Writing packet of size 174 bytes to fd 7
0:00:00.006049777  2662 0x12c5370 DEBUG   GST_POLL gstpoll.c:979:gst_poll_fd_ctl_write: 0x12deb40: fd (fd:7, idx:1), active : 0
0:00:00.006057631  2662 0x12c5370 LOG   GST_POLL gstpoll.c:994:gst_poll_fd_ctl_write: 0x12deb40: pfd->events now 56 (POLLOUT:4)
0:00:00.006078655  2662 0x12c5370 DEBUG   GST_REGISTRY gstregistry.c:1383:gst_registry_scan_path_internal: registry changed in path /home/conan/w/prod/BuildSingleReference/.conan/data/gstreamer/1.18.3/_/_/package/0387548ec0d21c08cb6b492d670dcb344087cb15/lib/gstreamer-1.0: 0
0:00:00.006086974  2662 0x12c5370 DEBUG   GST_REGISTRY gstregistry.c:1659:scan_and_update_registry: GST_PLUGIN_SYSTEM_PATH not set
0:00:00.006097463  2662 0x12c5370 DEBUG   GST_REGISTRY gstregistry.c:1666:scan_and_update_registry: scanning home plugins /home/conan/.local/share/gstreamer-1.0/plugins
0:00:00.006105841  2662 0x12c5370 DEBUG   GST_REGISTRY gstregistry.c:1380:gst_registry_scan_path_internal: scanning path /home/conan/.local/share/gstreamer-1.0/plugins
0:00:00.006124408  2662 0x12c5370 DEBUG   GST_REGISTRY gstregistry.c:1383:gst_registry_scan_path_internal: registry changed in path /home/conan/.local/share/gstreamer-1.0/plugins: 0
0:00:00.006130683  2662 0x12c5370 DEBUG   GST_REGISTRY gstregistry.c:1691:scan_and_update_registry: scanning main plugins /home/conan/w/prod/BuildSingleReference/.conan/data/gstreamer/1.18.3/_/_/package/0387548ec0d21c08cb6b492d670dcb344087cb15/lib/gstreamer-1.0
0:00:00.006136302  2662 0x12c5370 DEBUG   GST_REGISTRY gstregistry.c:1380:gst_registry_scan_path_internal: scanning path /home/conan/w/prod/BuildSingleReference/.conan/data/gstreamer/1.18.3/_/_/package/0387548ec0d21c08cb6b492d670dcb344087cb15/lib/gstreamer-1.0
0:00:00.006168604  2662 0x12c5370 LOG   GST_REGISTRY gstregistry.c:1299:gst_registry_scan_path_level: file /home/conan/w/prod/BuildSingleReference/.conan/data/gstreamer/1.18.3/_/_/package/0387548ec0d21c08cb6b492d670dcb344087cb15/lib/gstreamer-1.0/libgstcoretracers.so looks like a possible module
0:00:00.006177251  2662 0x12c5370 DEBUG   GST_REGISTRY gstregistry.c:1360:gst_registry_scan_path_level: file /home/conan/w/prod/BuildSingleReference/.conan/data/gstreamer/1.18.3/_/_/package/0387548ec0d21c08cb6b492d670dcb344087cb15/lib/gstreamer-1.0/libgstcoretracers.so not yet in registry
0:00:00.002164185  2663 0x18e8350 TRACE   GST_REFCOUNTING gstobject.c:208:gst_object_init: 0x1901d60 new
0:00:00.006183415  2662 0x12c5370 DEBUG   GST_REGISTRY gstregistry.c:1172:gst_registry_scan_plugin_file: Using scan-helper to load plugin /home/conan/w/prod/BuildSingleReference/.conan/data/gstreamer/1.18.3/_/_/package/0387548ec0d21c08cb6b492d670dcb344087cb15/lib/gstreamer-1.0/libgstcoretracers.so
0:00:00.006193331  2662 0x12c5370 LOG   GST_PLUGIN_LOADING gstpluginloader.c:235:plugin_loader_load: Sending file /home/conan/w/prod/BuildSingleReference/.conan/data/gstreamer/1.18.3/_/_/package/0387548ec0d21c08cb6b492d670dcb344087cb15/lib/gstreamer-1.0/libgstcoretracers.so to child. tag 2
0:00:00.006204939  2662 0x12c5370 DEBUG   GST_POLL gstpoll.c:979:gst_poll_fd_ctl_write: 0x12deb40: fd (fd:7, idx:1), active : 1
0:00:00.002188018  2663 0x18e8350 LOG   GST_PLUGIN_LOADING gstplugin.c:889:_priv_gst_plugin_load_file_for_registry: Plugin 0x1901d60 for file "/home/conan/w/prod/BuildSingleReference/.conan/data/gstreamer/1.18.3/_/_/package/0387548ec0d21c08cb6b492d670dcb344087cb15/lib/gstreamer-1.0/libgstcoretracers.so" prepared, calling entry function...
0:00:00.006210775  2662 0x12c5370 LOG   GST_POLL gstpoll.c:994:gst_poll_fd_ctl_write: 0x12deb40: pfd->events now 60 (POLLOUT:4)
0:00:00.002201232  2663 0x18e8350 LOG   GST_PLUGIN_LOADING gstplugin.c:896:_priv_gst_plugin_load_file_for_registry: Plugin 0x1901d60 for file "/home/conan/w/prod/BuildSingleReference/.conan/data/gstreamer/1.18.3/_/_/package/0387548ec0d21c08cb6b492d670dcb344087cb15/lib/gstreamer-1.0/libgstcoretracers.so" prepared, registering...
0:00:00.006219838  2662 0x12c5370 DEBUG   GST_POLL gstpoll.c:1414:gst_poll_wait: 0x12deb40: timeout :0:00:01.000000000
0:00:00.002208871  2663 0x18e8350 LOG   GST_PLUGIN_LOADING gstplugin.c:514:gst_plugin_register_func: plugin "/home/conan/w/prod/BuildSingleReference/.conan/data/gstreamer/1.18.3/_/_/package/0387548ec0d21c08cb6b492d670dcb344087cb15/lib/gstreamer-1.0/libgstcoretracers.so" looks good
0:00:00.006228423  2662 0x12c5370 LOG   GST_PLUGIN_LOADING gstpluginloader.c:1027:exchange_packets: Poll res = 1. 173 bytes pending for write
0:00:00.002251981  2663 0x18e8350 TRACE   GST_REFCOUNTING gstobject.c:208:gst_object_init: 0x19021c0 new
0:00:00.002269168  2663 0x18e8350 DEBUG   GST_TRACER gsttracer.c:169:gst_tracer_register: new tracer factory for latency
0:00:00.002278149  2663 0x18e8350 DEBUG   GST_TRACER gsttracer.c:176:gst_tracer_register: tracer factory for 26212128:GstLatencyTracer
0:00:00.006235183  2662 0x12c5370 DEBUG   GST_POLL gstpoll.c:1241:gst_poll_fd_has_error: 0x12deb40: fd (fd:8, idx:2) 0
0:00:00.002285581  2663 0x18e8350 DEBUG   GST_REGISTRY gstregistry.c:589:gst_registry_add_feature: adding feature 0x19021c0 (latency)
0:00:00.006305819  2662 0x12c5370 DEBUG   GST_POLL gstpoll.c:1266:gst_poll_fd_can_read_unlocked: 0x12deb40: fd (fd:8, idx:2) 0
0:00:00.002291674  2663 0x18e8350 DEBUG   GST_REFCOUNTING gstobject.c:708:gst_object_set_parent: set parent (ref and sink)
0:00:00.006312102  2662 0x12c5370 DEBUG   GST_POLL gstpoll.c:1195:gst_poll_fd_has_closed: 0x12deb40: fd (fd:8, idx:2) 0
0:00:00.002298844  2663 0x18e8350 TRACE   GST_REFCOUNTING gstobject.c:292:gst_object_ref_sink: 0x19021c0 ref_sink 1->2
0:00:00.006320272  2662 0x12c5370 DEBUG   GST_POLL gstpoll.c:1241:gst_poll_fd_has_error: 0x12deb40: fd (fd:7, idx:1) 0
0:00:00.002305371  2663 0x18e8350 LOG   GST_REGISTRY gstregistry.c:607:gst_registry_add_feature: emitting feature-added for latency
0:00:00.006327238  2662 0x12c5370 DEBUG   GST_POLL gstpoll.c:1335:gst_poll_fd_can_write: 0x12deb40: fd (fd:7, idx:1) 1
0:00:00.006333093  2662 0x12c5370 LOG   GST_PLUGIN_LOADING gstpluginloader.c:690:write_one: Writing packet of size 173 bytes to fd 7
0:00:00.002323234  2663 0x18e8350 TRACE   GST_REFCOUNTING gstobject.c:208:gst_object_init: 0x19026b0 new
0:00:00.006345559  2662 0x12c5370 DEBUG   GST_POLL gstpoll.c:979:gst_poll_fd_ctl_write: 0x12deb40: fd (fd:7, idx:1), active : 0
0:00:00.002334286  2663 0x18e8350 DEBUG   GST_TRACER gsttracer.c:169:gst_tracer_register: new tracer factory for log
0:00:00.006351714  2662 0x12c5370 LOG   GST_POLL gstpoll.c:994:gst_poll_fd_ctl_write: 0x12deb40: pfd->events now 56 (POLLOUT:4)
0:00:00.002343065  2663 0x18e8350 DEBUG   GST_TRACER gsttracer.c:176:gst_tracer_register: tracer factory for 26223888:GstLogTracer
0:00:00.002350733  2663 0x18e8350 DEBUG   GST_REGISTRY gstregistry.c:589:gst_registry_add_feature: adding feature 0x19026b0 (log)
0:00:00.006366945  2662 0x12c5370 LOG   GST_REGISTRY gstregistry.c:1299:gst_registry_scan_path_level: file /home/conan/w/prod/BuildSingleReference/.conan/data/gstreamer/1.18.3/_/_/package/0387548ec0d21c08cb6b492d670dcb344087cb15/lib/gstreamer-1.0/libgstcoreelements.so looks like a possible module
0:00:00.002356210  2663 0x18e8350 DEBUG   GST_REFCOUNTING gstobject.c:708:gst_object_set_parent: set parent (ref and sink)
0:00:00.006376638  2662 0x12c5370 DEBUG   GST_REGISTRY gstregistry.c:1360:gst_registry_scan_path_level: file /home/conan/w/prod/BuildSingleReference/.conan/data/gstreamer/1.18.3/_/_/package/0387548ec0d21c08cb6b492d670dcb344087cb15/lib/gstreamer-1.0/libgstcoreelements.so not yet in registry
0:00:00.002363215  2663 0x18e8350 TRACE   GST_REFCOUNTING gstobject.c:292:gst_object_ref_sink: 0x19026b0 ref_sink 1->2
0:00:00.006384015  2662 0x12c5370 DEBUG   GST_REGISTRY gstregistry.c:1172:gst_registry_scan_plugin_file: Using scan-helper to load plugin /home/conan/w/prod/BuildSingleReference/.conan/data/gstreamer/1.18.3/_/_/package/0387548ec0d21c08cb6b492d670dcb344087cb15/lib/gstreamer-1.0/libgstcoreelements.so
0:00:00.002370244  2663 0x18e8350 LOG   GST_REGISTRY gstregistry.c:607:gst_registry_add_feature: emitting feature-added for log
0:00:00.006391519  2662 0x12c5370 LOG   GST_PLUGIN_LOADING gstpluginloader.c:235:plugin_loader_load: Sending file /home/conan/w/prod/BuildSingleReference/.conan/data/gstreamer/1.18.3/_/_/package/0387548ec0d21c08cb6b492d670dcb344087cb15/lib/gstreamer-1.0/libgstcoreelements.so to child. tag 3
0:00:00.006399010  2662 0x12c5370 DEBUG   GST_POLL gstpoll.c:979:gst_poll_fd_ctl_write: 0x12deb40: fd (fd:7, idx:1), active : 1
0:00:00.002383258  2663 0x18e8350 TRACE   GST_REFCOUNTING gstobject.c:208:gst_object_init: 0x19028c0 new
0:00:00.006404495  2662 0x12c5370 LOG   GST_POLL gstpoll.c:994:gst_poll_fd_ctl_write: 0x12deb40: pfd->events now 60 (POLLOUT:4)
0:00:00.002393842  2663 0x18e8350 DEBUG   GST_TRACER gsttracer.c:169:gst_tracer_register: new tracer factory for rusage
0:00:00.006411143  2662 0x12c5370 DEBUG   GST_POLL gstpoll.c:1414:gst_poll_wait: 0x12deb40: timeout :0:00:01.000000000
0:00:00.002402109  2663 0x18e8350 DEBUG   GST_TRACER gsttracer.c:176:gst_tracer_register: tracer factory for 26224496:GstRUsageTracer
0:00:00.006420334  2662 0x12c5370 LOG   GST_PLUGIN_LOADING gstpluginloader.c:1027:exchange_packets: Poll res = 1. 174 bytes pending for write
0:00:00.002416190  2663 0x18e8350 DEBUG   GST_REGISTRY gstregistry.c:589:gst_registry_add_feature: adding feature 0x19028c0 (rusage)
0:00:00.006435159  2662 0x12c5370 DEBUG   GST_POLL gstpoll.c:1241:gst_poll_fd_has_error: 0x12deb40: fd (fd:8, idx:2) 0
0:00:00.002422229  2663 0x18e8350 DEBUG   GST_REFCOUNTING gstobject.c:708:gst_object_set_parent: set parent (ref and sink)
0:00:00.006442006  2662 0x12c5370 DEBUG   GST_POLL gstpoll.c:1266:gst_poll_fd_can_read_unlocked: 0x12deb40: fd (fd:8, idx:2) 0
0:00:00.002429382  2663 0x18e8350 TRACE   GST_REFCOUNTING gstobject.c:292:gst_object_ref_sink: 0x19028c0 ref_sink 1->2
0:00:00.006448240  2662 0x12c5370 DEBUG   GST_POLL gstpoll.c:1195:gst_poll_fd_has_closed: 0x12deb40: fd (fd:8, idx:2) 0
0:00:00.002436259  2663 0x18e8350 LOG   GST_REGISTRY gstregistry.c:607:gst_registry_add_feature: emitting feature-added for rusage
0:00:00.006454193  2662 0x12c5370 DEBUG   GST_POLL gstpoll.c:1241:gst_poll_fd_has_error: 0x12deb40: fd (fd:7, idx:1) 0
0:00:00.006460122  2662 0x12c5370 DEBUG   GST_POLL gstpoll.c:1335:gst_poll_fd_can_write: 0x12deb40: fd (fd:7, idx:1) 1
0:00:00.006465067  2662 0x12c5370 LOG   GST_PLUGIN_LOADING gstpluginloader.c:690:write_one: Writing packet of size 174 bytes to fd 7
0:00:00.002449028  2663 0x18e8350 TRACE   GST_REFCOUNTING gstobject.c:208:gst_object_init: 0x1902b90 new
0:00:00.006472216  2662 0x12c5370 DEBUG   GST_POLL gstpoll.c:979:gst_poll_fd_ctl_write: 0x12deb40: fd (fd:7, idx:1), active : 0
0:00:00.002460602  2663 0x18e8350 DEBUG   GST_TRACER gsttracer.c:169:gst_tracer_register: new tracer factory for stats
0:00:00.006480367  2662 0x12c5370 LOG   GST_POLL gstpoll.c:994:gst_poll_fd_ctl_write: 0x12deb40: pfd->events now 56 (POLLOUT:4)
0:00:00.002468606  2663 0x18e8350 DEBUG   GST_TRACER gsttracer.c:176:gst_tracer_register: tracer factory for 26225104:GstStatsTracer
0:00:00.002476872  2663 0x18e8350 DEBUG   GST_REGISTRY gstregistry.c:589:gst_registry_add_feature: adding feature 0x1902b90 (stats)
0:00:00.006493250  2662 0x12c5370 DEBUG   GST_REGISTRY gstregistry.c:1383:gst_registry_scan_path_internal: registry changed in path /home/conan/w/prod/BuildSingleReference/.conan/data/gstreamer/1.18.3/_/_/package/0387548ec0d21c08cb6b492d670dcb344087cb15/lib/gstreamer-1.0: 0
0:00:00.002482426  2663 0x18e8350 DEBUG   GST_REFCOUNTING gstobject.c:708:gst_object_set_parent: set parent (ref and sink)
0:00:00.006505876  2662 0x12c5370 DEBUG   GST_POLL gstpoll.c:979:gst_poll_fd_ctl_write: 0x12deb40: fd (fd:7, idx:1), active : 1
0:00:00.002489937  2663 0x18e8350 TRACE   GST_REFCOUNTING gstobject.c:292:gst_object_ref_sink: 0x1902b90 ref_sink 1->2
0:00:00.006512567  2662 0x12c5370 LOG   GST_POLL gstpoll.c:994:gst_poll_fd_ctl_write: 0x12deb40: pfd->events now 60 (POLLOUT:4)
0:00:00.002498673  2663 0x18e8350 LOG   GST_REGISTRY gstregistry.c:607:gst_registry_add_feature: emitting feature-added for stats
0:00:00.006519636  2662 0x12c5370 DEBUG   GST_POLL gstpoll.c:1414:gst_poll_wait: 0x12deb40: timeout :0:00:01.000000000
0:00:00.006530786  2662 0x12c5370 LOG   GST_PLUGIN_LOADING gstpluginloader.c:1027:exchange_packets: Poll res = 1. 12 bytes pending for write
0:00:00.002519288  2663 0x18e8350 TRACE   GST_REFCOUNTING gstobject.c:208:gst_object_init: 0x1902de0 new
0:00:00.006537932  2662 0x12c5370 DEBUG   GST_POLL gstpoll.c:1241:gst_poll_fd_has_error: 0x12deb40: fd (fd:8, idx:2) 0
0:00:00.006545378  2662 0x12c5370 DEBUG   GST_POLL gstpoll.c:1266:gst_poll_fd_can_read_unlocked: 0x12deb40: fd (fd:8, idx:2) 0
0:00:00.002530214  2663 0x18e8350 DEBUG   GST_TRACER gsttracer.c:169:gst_tracer_register: new tracer factory for leaks
0:00:00.006551073  2662 0x12c5370 DEBUG   GST_POLL gstpoll.c:1195:gst_poll_fd_has_closed: 0x12deb40: fd (fd:8, idx:2) 0
0:00:00.002538841  2663 0x18e8350 DEBUG   GST_TRACER gsttracer.c:176:gst_tracer_register: tracer factory for 26225776:GstLeaksTracer
0:00:00.006557076  2662 0x12c5370 DEBUG   GST_POLL gstpoll.c:1241:gst_poll_fd_has_error: 0x12deb40: fd (fd:7, idx:1) 0
0:00:00.002546075  2663 0x18e8350 DEBUG   GST_REGISTRY gstregistry.c:589:gst_registry_add_feature: adding feature 0x1902de0 (leaks)
0:00:00.006562995  2662 0x12c5370 DEBUG   GST_POLL gstpoll.c:1335:gst_poll_fd_can_write: 0x12deb40: fd (fd:7, idx:1) 1
0:00:00.002551954  2663 0x18e8350 DEBUG   GST_REFCOUNTING gstobject.c:708:gst_object_set_parent: set parent (ref and sink)
0:00:00.006569562  2662 0x12c5370 LOG   GST_PLUGIN_LOADING gstpluginloader.c:690:write_one: Writing packet of size 12 bytes to fd 7
0:00:00.002558571  2663 0x18e8350 TRACE   GST_REFCOUNTING gstobject.c:292:gst_object_ref_sink: 0x1902de0 ref_sink 1->2
0:00:00.006579500  2662 0x12c5370 DEBUG   GST_POLL gstpoll.c:979:gst_poll_fd_ctl_write: 0x12deb40: fd (fd:7, idx:1), active : 0
0:00:00.002565272  2663 0x18e8350 LOG   GST_REGISTRY gstregistry.c:607:gst_registry_add_feature: emitting feature-added for leaks
0:00:00.006586460  2662 0x12c5370 LOG   GST_POLL gstpoll.c:994:gst_poll_fd_ctl_write: 0x12deb40: pfd->events now 56 (POLLOUT:4)
0:00:00.002574948  2663 0x18e8350 LOG   GST_PLUGIN_LOADING gstplugin.c:541:gst_plugin_register_func: plugin "/home/conan/w/prod/BuildSingleReference/.conan/data/gstreamer/1.18.3/_/_/package/0387548ec0d21c08cb6b492d670dcb344087cb15/lib/gstreamer-1.0/libgstcoretracers.so" initialised
0:00:00.006593387  2662 0x12c5370 DEBUG   GST_POLL gstpoll.c:1414:gst_poll_wait: 0x12deb40: timeout :0:00:01.000000000
0:00:00.002584568  2663 0x18e8350 INFO   GST_PLUGIN_LOADING gstplugin.c:915:_priv_gst_plugin_load_file_for_registry: plugin "/home/conan/w/prod/BuildSingleReference/.conan/data/gstreamer/1.18.3/_/_/package/0387548ec0d21c08cb6b492d670dcb344087cb15/lib/gstreamer-1.0/libgstcoretracers.so" loaded
0:00:00.002592379  2663 0x18e8350 TRACE   GST_REFCOUNTING gstobject.c:237:gst_object_ref: 0x1901d60 ref 1->2
0:00:00.002604770  2663 0x18e8350 DEBUG   GST_REGISTRY gstregistry.c:473:gst_registry_add_plugin: adding plugin 0x1901d60 for filename "/home/conan/w/prod/BuildSingleReference/.conan/data/gstreamer/1.18.3/_/_/package/0387548ec0d21c08cb6b492d670dcb344087cb15/lib/gstreamer-1.0/libgstcoretracers.so"
0:00:00.002611888  2663 0x18e8350 TRACE   GST_REFCOUNTING gstobject.c:292:gst_object_ref_sink: 0x1901d60 ref_sink 2->3
0:00:00.002618464  2663 0x18e8350 LOG   GST_REGISTRY gstregistry.c:486:gst_registry_add_plugin: emitting plugin-added for filename "/home/conan/w/prod/BuildSingleReference/.conan/data/gstreamer/1.18.3/_/_/package/0387548ec0d21c08cb6b492d670dcb344087cb15/lib/gstreamer-1.0/libgstcoretracers.so"
0:00:00.002625500  2663 0x18e8350 TRACE   GST_REFCOUNTING gstobject.c:237:gst_object_ref: 0x1902de0 ref 1->2
0:00:00.002634909  2663 0x18e8350 TRACE   GST_REFCOUNTING gstobject.c:237:gst_object_ref: 0x1902b90 ref 1->2
0:00:00.002642317  2663 0x18e8350 TRACE   GST_REFCOUNTING gstobject.c:237:gst_object_ref: 0x19028c0 ref 1->2
0:00:00.002648820  2663 0x18e8350 TRACE   GST_REFCOUNTING gstobject.c:237:gst_object_ref: 0x19026b0 ref 1->2
0:00:00.002655036  2663 0x18e8350 TRACE   GST_REFCOUNTING gstobject.c:237:gst_object_ref: 0x19021c0 ref 1->2
0:00:00.002668278  2663 0x18e8350 TRACE   GST_REFCOUNTING gstobject.c:264:gst_object_unref: 0x19021c0 unref 2->1
0:00:00.002675303  2663 0x18e8350 TRACE   GST_REFCOUNTING gstobject.c:264:gst_object_unref: 0x19026b0 unref 2->1
0:00:00.002681468  2663 0x18e8350 TRACE   GST_REFCOUNTING gstobject.c:264:gst_object_unref: 0x19028c0 unref 2->1
0:00:00.002696076  2663 0x18e8350 TRACE   GST_REFCOUNTING gstobject.c:264:gst_object_unref: 0x1902b90 unref 2->1
0:00:00.002702868  2663 0x18e8350 TRACE   GST_REFCOUNTING gstobject.c:264:gst_object_unref: 0x1902de0 unref 2->1
0:00:00.002712408  2663 0x18e8350 DEBUG   GST_REGISTRY gstregistrychunks.c:497:_priv_gst_registry_chunks_save_plugin: Found 5 features in plugin 0x1901d60 (coretracers)
0:00:00.002719408  2663 0x18e8350 DEBUG   GST_POLL gstpoll.c:979:gst_poll_fd_ctl_write: 0x18f0850: fd (fd:0, idx:1), active : 1
0:00:00.002725302  2663 0x18e8350 LOG   GST_POLL gstpoll.c:994:gst_poll_fd_ctl_write: 0x18f0850: pfd->events now 60 (POLLOUT:4)
0:00:00.002731557  2663 0x18e8350 DEBUG   GST_POLL gstpoll.c:979:gst_poll_fd_ctl_write: 0x18f0850: fd (fd:0, idx:1), active : 1
0:00:00.002737043  2663 0x18e8350 LOG   GST_POLL gstpoll.c:994:gst_poll_fd_ctl_write: 0x18f0850: pfd->events now 60 (POLLOUT:4)
0:00:00.002743283  2663 0x18e8350 DEBUG   GST_POLL gstpoll.c:979:gst_poll_fd_ctl_write: 0x18f0850: fd (fd:0, idx:1), active : 1
0:00:00.002751501  2663 0x18e8350 LOG   GST_POLL gstpoll.c:994:gst_poll_fd_ctl_write: 0x18f0850: pfd->events now 60 (POLLOUT:4)
0:00:00.002758327  2663 0x18e8350 DEBUG   GST_POLL gstpoll.c:979:gst_poll_fd_ctl_write: 0x18f0850: fd (fd:0, idx:1), active : 1
0:00:00.002768618  2663 0x18e8350 LOG   GST_POLL gstpoll.c:994:gst_poll_fd_ctl_write: 0x18f0850: pfd->events now 60 (POLLOUT:4)
0:00:00.002774376  2663 0x18e8350 DEBUG   GST_POLL gstpoll.c:979:gst_poll_fd_ctl_write: 0x18f0850: fd (fd:0, idx:1), active : 1
0:00:00.002779736  2663 0x18e8350 LOG   GST_POLL gstpoll.c:994:gst_poll_fd_ctl_write: 0x18f0850: pfd->events now 60 (POLLOUT:4)
0:00:00.002785150  2663 0x18e8350 DEBUG   GST_POLL gstpoll.c:979:gst_poll_fd_ctl_write: 0x18f0850: fd (fd:0, idx:1), active : 1
0:00:00.002790337  2663 0x18e8350 LOG   GST_POLL gstpoll.c:994:gst_poll_fd_ctl_write: 0x18f0850: pfd->events now 60 (POLLOUT:4)
0:00:00.002795624  2663 0x18e8350 DEBUG   GST_POLL gstpoll.c:979:gst_poll_fd_ctl_write: 0x18f0850: fd (fd:0, idx:1), active : 1
0:00:00.002803512  2663 0x18e8350 LOG   GST_POLL gstpoll.c:994:gst_poll_fd_ctl_write: 0x18f0850: pfd->events now 60 (POLLOUT:4)
0:00:00.002810087  2663 0x18e8350 DEBUG   GST_POLL gstpoll.c:979:gst_poll_fd_ctl_write: 0x18f0850: fd (fd:0, idx:1), active : 1
0:00:00.002815531  2663 0x18e8350 LOG   GST_POLL gstpoll.c:994:gst_poll_fd_ctl_write: 0x18f0850: pfd->events now 60 (POLLOUT:4)
0:00:00.002820947  2663 0x18e8350 DEBUG   GST_POLL gstpoll.c:979:gst_poll_fd_ctl_write: 0x18f0850: fd (fd:0, idx:1), active : 1
0:00:00.002826054  2663 0x18e8350 LOG   GST_POLL gstpoll.c:994:gst_poll_fd_ctl_write: 0x18f0850: pfd->events now 60 (POLLOUT:4)
0:00:00.002831606  2663 0x18e8350 DEBUG   GST_POLL gstpoll.c:979:gst_poll_fd_ctl_write: 0x18f0850: fd (fd:0, idx:1), active : 1
0:00:00.002836798  2663 0x18e8350 LOG   GST_POLL gstpoll.c:994:gst_poll_fd_ctl_write: 0x18f0850: pfd->events now 60 (POLLOUT:4)
0:00:00.002842213  2663 0x18e8350 DEBUG   GST_POLL gstpoll.c:979:gst_poll_fd_ctl_write: 0x18f0850: fd (fd:0, idx:1), active : 1
0:00:00.002850252  2663 0x18e8350 LOG   GST_POLL gstpoll.c:994:gst_poll_fd_ctl_write: 0x18f0850: pfd->events now 60 (POLLOUT:4)
0:00:00.002856817  2663 0x18e8350 DEBUG   GST_POLL gstpoll.c:979:gst_poll_fd_ctl_write: 0x18f0850: fd (fd:0, idx:1), active : 1
0:00:00.002862348  2663 0x18e8350 LOG   GST_POLL gstpoll.c:994:gst_poll_fd_ctl_write: 0x18f0850: pfd->events now 60 (POLLOUT:4)
0:00:00.002867949  2663 0x18e8350 DEBUG   GST_POLL gstpoll.c:979:gst_poll_fd_ctl_write: 0x18f0850: fd (fd:0, idx:1), active : 1
0:00:00.002873156  2663 0x18e8350 LOG   GST_POLL gstpoll.c:994:gst_poll_fd_ctl_write: 0x18f0850: pfd->events now 60 (POLLOUT:4)
0:00:00.002878881  2663 0x18e8350 DEBUG   GST_POLL gstpoll.c:979:gst_poll_fd_ctl_write: 0x18f0850: fd (fd:0, idx:1), active : 1
0:00:00.002884101  2663 0x18e8350 LOG   GST_POLL gstpoll.c:994:gst_poll_fd_ctl_write: 0x18f0850: pfd->events now 60 (POLLOUT:4)
0:00:00.002889408  2663 0x18e8350 DEBUG   GST_POLL gstpoll.c:979:gst_poll_fd_ctl_write: 0x18f0850: fd (fd:0, idx:1), active : 1
0:00:00.002897244  2663 0x18e8350 LOG   GST_POLL gstpoll.c:994:gst_poll_fd_ctl_write: 0x18f0850: pfd->events now 60 (POLLOUT:4)
0:00:00.002903805  2663 0x18e8350 DEBUG   GST_POLL gstpoll.c:979:gst_poll_fd_ctl_write: 0x18f0850: fd (fd:0, idx:1), active : 1
0:00:00.002913708  2663 0x18e8350 LOG   GST_POLL gstpoll.c:994:gst_poll_fd_ctl_write: 0x18f0850: pfd->events now 60 (POLLOUT:4)
0:00:00.002919548  2663 0x18e8350 DEBUG   GST_POLL gstpoll.c:979:gst_poll_fd_ctl_write: 0x18f0850: fd (fd:0, idx:1), active : 1
0:00:00.002924772  2663 0x18e8350 LOG   GST_POLL gstpoll.c:994:gst_poll_fd_ctl_write: 0x18f0850: pfd->events now 60 (POLLOUT:4)
0:00:00.002930183  2663 0x18e8350 DEBUG   GST_POLL gstpoll.c:979:gst_poll_fd_ctl_write: 0x18f0850: fd (fd:0, idx:1), active : 1
0:00:00.002935388  2663 0x18e8350 LOG   GST_POLL gstpoll.c:994:gst_poll_fd_ctl_write: 0x18f0850: pfd->events now 60 (POLLOUT:4)
0:00:00.002940560  2663 0x18e8350 DEBUG   GST_POLL gstpoll.c:979:gst_poll_fd_ctl_write: 0x18f0850: fd (fd:0, idx:1), active : 1
0:00:00.002948218  2663 0x18e8350 LOG   GST_POLL gstpoll.c:994:gst_poll_fd_ctl_write: 0x18f0850: pfd->events now 60 (POLLOUT:4)
0:00:00.002954675  2663 0x18e8350 DEBUG   GST_POLL gstpoll.c:979:gst_poll_fd_ctl_write: 0x18f0850: fd (fd:0, idx:1), active : 1
0:00:00.002959687  2663 0x18e8350 LOG   GST_POLL gstpoll.c:994:gst_poll_fd_ctl_write: 0x18f0850: pfd->events now 60 (POLLOUT:4)
0:00:00.002964906  2663 0x18e8350 DEBUG   GST_POLL gstpoll.c:979:gst_poll_fd_ctl_write: 0x18f0850: fd (fd:0, idx:1), active : 1
0:00:00.002969767  2663 0x18e8350 LOG   GST_POLL gstpoll.c:994:gst_poll_fd_ctl_write: 0x18f0850: pfd->events now 60 (POLLOUT:4)
0:00:00.002974971  2663 0x18e8350 DEBUG   GST_POLL gstpoll.c:979:gst_poll_fd_ctl_write: 0x18f0850: fd (fd:0, idx:1), active : 1
0:00:00.002980241  2663 0x18e8350 LOG   GST_POLL gstpoll.c:994:gst_poll_fd_ctl_write: 0x18f0850: pfd->events now 60 (POLLOUT:4)
0:00:00.002985437  2663 0x18e8350 DEBUG   GST_POLL gstpoll.c:979:gst_poll_fd_ctl_write: 0x18f0850: fd (fd:0, idx:1), active : 1
0:00:00.002993033  2663 0x18e8350 LOG   GST_POLL gstpoll.c:994:gst_poll_fd_ctl_write: 0x18f0850: pfd->events now 60 (POLLOUT:4)
0:00:00.002999386  2663 0x18e8350 DEBUG   GST_POLL gstpoll.c:979:gst_poll_fd_ctl_write: 0x18f0850: fd (fd:0, idx:1), active : 1
0:00:00.003004770  2663 0x18e8350 LOG   GST_POLL gstpoll.c:994:gst_poll_fd_ctl_write: 0x18f0850: pfd->events now 60 (POLLOUT:4)
0:00:00.003015768  2663 0x18e8350 DEBUG   GST_POLL gstpoll.c:979:gst_poll_fd_ctl_write: 0x18f0850: fd (fd:0, idx:1), active : 1
0:00:00.003020715  2663 0x18e8350 LOG   GST_POLL gstpoll.c:994:gst_poll_fd_ctl_write: 0x18f0850: pfd->events now 60 (POLLOUT:4)
0:00:00.003025853  2663 0x18e8350 DEBUG   GST_POLL gstpoll.c:979:gst_poll_fd_ctl_write: 0x18f0850: fd (fd:0, idx:1), active : 1
0:00:00.003030681  2663 0x18e8350 LOG   GST_POLL gstpoll.c:994:gst_poll_fd_ctl_write: 0x18f0850: pfd->events now 60 (POLLOUT:4)
0:00:00.003035943  2663 0x18e8350 DEBUG   GST_POLL gstpoll.c:979:gst_poll_fd_ctl_write: 0x18f0850: fd (fd:0, idx:1), active : 1
0:00:00.003043647  2663 0x18e8350 LOG   GST_POLL gstpoll.c:994:gst_poll_fd_ctl_write: 0x18f0850: pfd->events now 60 (POLLOUT:4)
0:00:00.003055284  2663 0x18e8350 TRACE   GST_REFCOUNTING gstobject.c:264:gst_object_unref: 0x1901d60 unref 2->1
0:00:00.003062398  2663 0x18e8350 DEBUG   GST_POLL gstpoll.c:1241:gst_poll_fd_has_error: 0x18f0850: fd (fd:0, idx:1) 0
0:00:00.003068880  2663 0x18e8350 DEBUG   GST_POLL gstpoll.c:1335:gst_poll_fd_can_write: 0x18f0850: fd (fd:0, idx:1) 0
0:00:00.003074339  2663 0x18e8350 DEBUG   GST_POLL gstpoll.c:1195:gst_poll_fd_has_closed: 0x18f0850: fd (fd:0, idx:1) 0
0:00:00.003080812  2663 0x18e8350 DEBUG   GST_POLL gstpoll.c:1414:gst_poll_wait: 0x18f0850: timeout :0:00:01.000000000
0:00:00.003090035  2663 0x18e8350 LOG   GST_PLUGIN_LOADING gstpluginloader.c:1027:exchange_packets: Poll res = 2. 488 bytes pending for write
0:00:00.003099133  2663 0x18e8350 DEBUG   GST_POLL gstpoll.c:1241:gst_poll_fd_has_error: 0x18f0850: fd (fd:5, idx:2) 0
0:00:00.003105719  2663 0x18e8350 DEBUG   GST_POLL gstpoll.c:1266:gst_poll_fd_can_read_unlocked: 0x18f0850: fd (fd:5, idx:2) 1
0:00:00.003115205  2663 0x18e8350 DEBUG   GST_PLUGIN_LOADING gstpluginloader.c:722:do_plugin_load: Plugin scanner loading file /home/conan/w/prod/BuildSingleReference/.conan/data/gstreamer/1.18.3/_/_/package/0387548ec0d21c08cb6b492d670dcb344087cb15/lib/gstreamer-1.0/libgstcoreelements.so. tag 1
0:00:00.003122848  2663 0x18e8350 DEBUG   GST_PLUGIN_LOADING gstplugin.c:767:_priv_gst_plugin_load_file_for_registry: attempt to load plugin "/home/conan/w/prod/BuildSingleReference/.conan/data/gstreamer/1.18.3/_/_/package/0387548ec0d21c08cb6b492d670dcb344087cb15/lib/gstreamer-1.0/libgstcoreelements.so"
0:00:00.003550310  2663 0x18e8350 TRACE   GST_REFCOUNTING gstobject.c:208:gst_object_init: 0x1904190 new
0:00:00.003574671  2663 0x18e8350 LOG   GST_PLUGIN_LOADING gstplugin.c:889:_priv_gst_plugin_load_file_for_registry: Plugin 0x1904190 for file "/home/conan/w/prod/BuildSingleReference/.conan/data/gstreamer/1.18.3/_/_/package/0387548ec0d21c08cb6b492d670dcb344087cb15/lib/gstreamer-1.0/libgstcoreelements.so" prepared, calling entry function...
0:00:00.003584466  2663 0x18e8350 LOG   GST_PLUGIN_LOADING gstplugin.c:896:_priv_gst_plugin_load_file_for_registry: Plugin 0x1904190 for file "/home/conan/w/prod/BuildSingleReference/.conan/data/gstreamer/1.18.3/_/_/package/0387548ec0d21c08cb6b492d670dcb344087cb15/lib/gstreamer-1.0/libgstcoreelements.so" prepared, registering...
0:00:00.003591241  2663 0x18e8350 LOG   GST_PLUGIN_LOADING gstplugin.c:514:gst_plugin_register_func: plugin "/home/conan/w/prod/BuildSingleReference/.conan/data/gstreamer/1.18.3/_/_/package/0387548ec0d21c08cb6b492d670dcb344087cb15/lib/gstreamer-1.0/libgstcoreelements.so" looks good
0:00:00.003619184  2663 0x18e8350 TRACE   GST_REFCOUNTING gstobject.c:208:gst_object_init: 0x19045e0 new
0:00:00.003631067  2663 0x18e8350 LOG   GST_ELEMENT_FACTORY gstelementfactory.c:237:gst_element_register: Created new elementfactory for type GstCapsFilter
0:00:00.003639176  2663 0x18e8350 TRACE   structure gststructure.c:287:gst_structure_new_id_empty_with_size: created structure 0x1904c90
0:00:00.003645056  2663 0x18e8350 TRACE   GST_PERFORMANCE gststructure.c:508:gst_structure_copy: doing copy 0x18eea00 -> 0x1904c90
0:00:00.003658408  2663 0x18e8350 DEBUG   GST_ELEMENT_PADS gstelement.c:311:gst_element_base_class_init: type GstBaseTransform : factory (nil)
0:00:00.003668267  2663 0x18e8350 DEBUG   basetransform gstbasetransform.c:333:gst_base_transform_class_init: gst_base_transform_class_init
0:00:00.003684310  2663 0x18e8350 TRACE   structure gststructure.c:287:gst_structure_new_id_empty_with_size: created structure 0x1905100
0:00:00.003690514  2663 0x18e8350 TRACE   GST_PERFORMANCE gststructure.c:508:gst_structure_copy: doing copy 0x1904c90 -> 0x1905100
0:00:00.003696843  2663 0x18e8350 DEBUG   GST_ELEMENT_PADS gstelement.c:311:gst_element_base_class_init: type GstCapsFilter : factory 0x19045e0
0:00:00.003712744  2663 0x18e8350 TRACE   GST_CAPS gstcaps.c:263:gst_caps_new_empty: created caps 0x18f79c0
0:00:00.003719144  2663 0x18e8350 TRACE   GST_CAPS gstcaps.c:442:gst_static_caps_get: created 0x7f10ef963ef0 from string ANY
0:00:00.003725218  2663 0x18e8350 TRACE   GST_REFCOUNTING gstminiobject.c:465:gst_mini_object_ref: 0x18f79c0 ref 1->2
0:00:00.003749076  2663 0x18e8350 TRACE   GST_REFCOUNTING gstobject.c:208:gst_object_init: 0x1905a90 new
0:00:00.003761315  2663 0x18e8350 TRACE   GST_REFCOUNTING gstminiobject.c:465:gst_mini_object_ref: 0x18f79c0 ref 2->3
0:00:00.003771684  2663 0x18e8350 TRACE   GST_REFCOUNTING gstminiobject.c:647:gst_mini_object_unref: 0x18f79c0 unref 3->2
0:00:00.003778597  2663 0x18e8350 TRACE   GST_REFCOUNTING gstobject.c:292:gst_object_ref_sink: 0x1905a90 ref_sink 1->2
0:00:00.003784811  2663 0x18e8350 TRACE   GST_CAPS gstcaps.c:263:gst_caps_new_empty: created caps 0x19054d0
0:00:00.003790646  2663 0x18e8350 TRACE   GST_CAPS gstcaps.c:442:gst_static_caps_get: created 0x7f10ef963f30 from string ANY
0:00:00.003796772  2663 0x18e8350 TRACE   GST_REFCOUNTING gstminiobject.c:465:gst_mini_object_ref: 0x19054d0 ref 1->2
0:00:00.003807374  2663 0x18e8350 TRACE   GST_REFCOUNTING gstobject.c:208:gst_object_init: 0x1905cd0 new
0:00:00.003816488  2663 0x18e8350 TRACE   GST_REFCOUNTING gstminiobject.c:465:gst_mini_object_ref: 0x19054d0 ref 2->3
0:00:00.003824212  2663 0x18e8350 TRACE   GST_REFCOUNTING gstminiobject.c:647:gst_mini_object_unref: 0x19054d0 unref 3->2
0:00:00.003830720  2663 0x18e8350 TRACE   GST_REFCOUNTING gstobject.c:292:gst_object_ref_sink: 0x1905cd0 ref_sink 1->2
0:00:00.003842728  2663 0x18e8350 TRACE   structure gststructure.c:287:gst_structure_new_id_empty_with_size: created structure 0x1905f30
0:00:00.003849427  2663 0x18e8350 TRACE   GST_PERFORMANCE gststructure.c:508:gst_structure_copy: doing copy 0x1905100 -> 0x1905f30
0:00:00.003858184  2663 0x18e8350 DEBUG   GST_REGISTRY gstregistry.c:589:gst_registry_add_feature: adding feature 0x19045e0 (capsfilter)
0:00:00.003867588  2663 0x18e8350 DEBUG   GST_REFCOUNTING gstobject.c:708:gst_object_set_parent: set parent (ref and sink)
0:00:00.003880520  2663 0x18e8350 TRACE   GST_REFCOUNTING gstobject.c:292:gst_object_ref_sink: 0x19045e0 ref_sink 1->2
0:00:00.003887276  2663 0x18e8350 LOG   GST_REGISTRY gstregistry.c:607:gst_registry_add_feature: emitting feature-added for capsfilter
0:00:00.003898648  2663 0x18e8350 TRACE   GST_REFCOUNTING gstobject.c:208:gst_object_init: 0x19062d0 new
0:00:00.003907227  2663 0x18e8350 LOG   GST_ELEMENT_FACTORY gstelementfactory.c:237:gst_element_register: Created new elementfactory for type GstClockSync
0:00:00.003914074  2663 0x18e8350 TRACE   structure gststructure.c:287:gst_structure_new_id_empty_with_size: created structure 0x1906700
0:00:00.003919577  2663 0x18e8350 TRACE   GST_PERFORMANCE gststructure.c:508:gst_structure_copy: doing copy 0x18eea00 -> 0x1906700
0:00:00.003934738  2663 0x18e8350 DEBUG   GST_ELEMENT_PADS gstelement.c:311:gst_element_base_class_init: type GstClockSync : factory 0x19062d0
0:00:00.003946942  2663 0x18e8350 TRACE   GST_CAPS gstcaps.c:263:gst_caps_new_empty: created caps 0x19068c0
0:00:00.003953496  2663 0x18e8350 TRACE   GST_CAPS gstcaps.c:442:gst_static_caps_get: created 0x7f10ef963f70 from string ANY
0:00:00.003959156  2663 0x18e8350 TRACE   GST_REFCOUNTING gstminiobject.c:465:gst_mini_object_ref: 0x19068c0 ref 1->2
0:00:00.003966505  2663 0x18e8350 TRACE   GST_REFCOUNTING gstobject.c:208:gst_object_init: 0x1906940 new
0:00:00.003973645  2663 0x18e8350 TRACE   GST_REFCOUNTING gstminiobject.c:465:gst_mini_object_ref: 0x19068c0 ref 2->3
0:00:00.003981040  2663 0x18e8350 TRACE   GST_REFCOUNTING gstminiobject.c:647:gst_mini_object_unref: 0x19068c0 unref 3->2
0:00:00.003987373  2663 0x18e8350 TRACE   GST_REFCOUNTING gstobject.c:292:gst_object_ref_sink: 0x1906940 ref_sink 1->2
0:00:00.003996045  2663 0x18e8350 TRACE   GST_CAPS gstcaps.c:263:gst_caps_new_empty: created caps 0x19061c0
0:00:00.004003142  2663 0x18e8350 TRACE   GST_CAPS gstcaps.c:442:gst_static_caps_get: created 0x7f10ef963fb0 from string ANY
0:00:00.004015798  2663 0x18e8350 TRACE   GST_REFCOUNTING gstminiobject.c:465:gst_mini_object_ref: 0x19061c0 ref 1->2
0:00:00.004023727  2663 0x18e8350 TRACE   GST_REFCOUNTING gstobject.c:208:gst_object_init: 0x1906c40 new
0:00:00.004030846  2663 0x18e8350 TRACE   GST_REFCOUNTING gstminiobject.c:465:gst_mini_object_ref: 0x19061c0 ref 2->3
0:00:00.004038160  2663 0x18e8350 TRACE   GST_REFCOUNTING gstminiobject.c:647:gst_mini_object_unref: 0x19061c0 unref 3->2
0:00:00.004044516  2663 0x18e8350 TRACE   GST_REFCOUNTING gstobject.c:292:gst_object_ref_sink: 0x1906c40 ref_sink 1->2
0:00:00.004054074  2663 0x18e8350 TRACE   structure gststructure.c:287:gst_structure_new_id_empty_with_size: created structure 0x1906ce0
0:00:00.004061696  2663 0x18e8350 TRACE   GST_PERFORMANCE gststructure.c:508:gst_structure_copy: doing copy 0x1906700 -> 0x1906ce0
0:00:00.004077765  2663 0x18e8350 DEBUG   GST_REGISTRY gstregistry.c:589:gst_registry_add_feature: adding feature 0x19062d0 (clocksync)
0:00:00.004083375  2663 0x18e8350 DEBUG   GST_REFCOUNTING gstobject.c:708:gst_object_set_parent: set parent (ref and sink)
0:00:00.004089672  2663 0x18e8350 TRACE   GST_REFCOUNTING gstobject.c:292:gst_object_ref_sink: 0x19062d0 ref_sink 1->2
0:00:00.004095528  2663 0x18e8350 LOG   GST_REGISTRY gstregistry.c:607:gst_registry_add_feature: emitting feature-added for clocksync
0:00:00.004107469  2663 0x18e8350 TRACE   GST_REFCOUNTING gstobject.c:208:gst_object_init: 0x1907070 new
0:00:00.004118577  2663 0x18e8350 LOG   GST_ELEMENT_FACTORY gstelementfactory.c:237:gst_element_register: Created new elementfactory for type GstConcat
0:00:00.004126072  2663 0x18e8350 TRACE   structure gststructure.c:287:gst_structure_new_id_empty_with_size: created structure 0x19074a0
0:00:00.004131580  2663 0x18e8350 TRACE   GST_PERFORMANCE gststructure.c:508:gst_structure_copy: doing copy 0x18eea00 -> 0x19074a0
0:00:00.004137657  2663 0x18e8350 DEBUG   GST_ELEMENT_PADS gstelement.c:311:gst_element_base_class_init: type GstConcat : factory 0x1907070
0:00:00.004148287  2663 0x18e8350 TRACE   GST_CAPS gstcaps.c:263:gst_caps_new_empty: created caps 0x1907600
0:00:00.004154084  2663 0x18e8350 TRACE   GST_CAPS gstcaps.c:442:gst_static_caps_get: created 0x7f10ef964030 from string ANY
0:00:00.004159472  2663 0x18e8350 TRACE   GST_REFCOUNTING gstminiobject.c:465:gst_mini_object_ref: 0x1907600 ref 1->2
0:00:00.004169719  2663 0x18e8350 TRACE   GST_REFCOUNTING gstobject.c:208:gst_object_init: 0x1907780 new
0:00:00.004178221  2663 0x18e8350 TRACE   GST_REFCOUNTING gstminiobject.c:465:gst_mini_object_ref: 0x1907600 ref 2->3
0:00:00.004185573  2663 0x18e8350 TRACE   GST_REFCOUNTING gstminiobject.c:647:gst_mini_object_unref: 0x1907600 unref 3->2
0:00:00.004191925  2663 0x18e8350 TRACE   GST_REFCOUNTING gstobject.c:292:gst_object_ref_sink: 0x1907780 ref_sink 1->2
0:00:00.004197797  2663 0x18e8350 TRACE   GST_CAPS gstcaps.c:263:gst_caps_new_empty: created caps 0x19076f0
0:00:00.004203127  2663 0x18e8350 TRACE   GST_CAPS gstcaps.c:442:gst_static_caps_get: created 0x7f10ef963ff0 from string ANY
0:00:00.004208578  2663 0x18e8350 TRACE   GST_REFCOUNTING gstminiobject.c:465:gst_mini_object_ref: 0x19076f0 ref 1->2
0:00:00.004215386  2663 0x18e8350 TRACE   GST_REFCOUNTING gstobject.c:208:gst_object_init: 0x1907820 new
0:00:00.004243747  2663 0x18e8350 TRACE   GST_REFCOUNTING gstminiobject.c:465:gst_mini_object_ref: 0x19076f0 ref 2->3
0:00:00.004257558  2663 0x18e8350 TRACE   GST_REFCOUNTING gstminiobject.c:647:gst_mini_object_unref: 0x19076f0 unref 3->2
0:00:00.004267425  2663 0x18e8350 TRACE   GST_REFCOUNTING gstobject.c:292:gst_object_ref_sink: 0x1907820 ref_sink 1->2
0:00:00.004281770  2663 0x18e8350 TRACE   structure gststructure.c:287:gst_structure_new_id_empty_with_size: created structure 0x19079b0
0:00:00.004288300  2663 0x18e8350 TRACE   GST_PERFORMANCE gststructure.c:508:gst_structure_copy: doing copy 0x19074a0 -> 0x19079b0
0:00:00.004296546  2663 0x18e8350 DEBUG   GST_REGISTRY gstregistry.c:589:gst_registry_add_feature: adding feature 0x1907070 (concat)
0:00:00.004301895  2663 0x18e8350 DEBUG   GST_REFCOUNTING gstobject.c:708:gst_object_set_parent: set parent (ref and sink)
0:00:00.004311465  2663 0x18e8350 TRACE   GST_REFCOUNTING gstobject.c:292:gst_object_ref_sink: 0x1907070 ref_sink 1->2
0:00:00.004318795  2663 0x18e8350 LOG   GST_REGISTRY gstregistry.c:607:gst_registry_add_feature: emitting feature-added for concat
0:00:00.004337282  2663 0x18e8350 TRACE   GST_REFCOUNTING gstobject.c:208:gst_object_init: 0x1907f40 new
0:00:00.004346304  2663 0x18e8350 LOG   GST_ELEMENT_FACTORY gstelementfactory.c:237:gst_element_register: Created new elementfactory for type GstDataURISrc
0:00:00.004352903  2663 0x18e8350 TRACE   structure gststructure.c:287:gst_structure_new_id_empty_with_size: created structure 0x19084e0
0:00:00.004360913  2663 0x18e8350 TRACE   GST_PERFORMANCE gststructure.c:508:gst_structure_copy: doing copy 0x18eea00 -> 0x19084e0
0:00:00.004368459  2663 0x18e8350 DEBUG   GST_ELEMENT_PADS gstelement.c:311:gst_element_base_class_init: type GstBaseSrc : factory (nil)
0:00:00.004391904  2663 0x18e8350 TRACE   structure gststructure.c:287:gst_structure_new_id_empty_with_size: created structure 0x1901240
0:00:00.004397976  2663 0x18e8350 TRACE   GST_PERFORMANCE gststructure.c:508:gst_structure_copy: doing copy 0x19084e0 -> 0x1901240
0:00:00.004403878  2663 0x18e8350 DEBUG   GST_ELEMENT_PADS gstelement.c:311:gst_element_base_class_init: type GstDataURISrc : factory 0x1907f40
0:00:00.004411724  2663 0x18e8350 TRACE   GST_CAPS gstcaps.c:263:gst_caps_new_empty: created caps 0x1909370
0:00:00.004417703  2663 0x18e8350 TRACE   GST_CAPS gstcaps.c:442:gst_static_caps_get: created 0x7f10ef964090 from string ANY
0:00:00.004426347  2663 0x18e8350 TRACE   GST_REFCOUNTING gstminiobject.c:465:gst_mini_object_ref: 0x1909370 ref 1->2
0:00:00.004435215  2663 0x18e8350 TRACE   GST_REFCOUNTING gstobject.c:208:gst_object_init: 0x19093c0 new
0:00:00.004442626  2663 0x18e8350 TRACE   GST_REFCOUNTING gstminiobject.c:465:gst_mini_object_ref: 0x1909370 ref 2->3
0:00:00.004450427  2663 0x18e8350 TRACE   GST_REFCOUNTING gstminiobject.c:647:gst_mini_object_unref: 0x1909370 unref 3->2
0:00:00.004456808  2663 0x18e8350 TRACE   GST_REFCOUNTING gstobject.c:292:gst_object_ref_sink: 0x19093c0 ref_sink 1->2
0:00:00.004468304  2663 0x18e8350 TRACE   structure gststructure.c:287:gst_structure_new_id_empty_with_size: created structure 0x1909570
0:00:00.004474152  2663 0x18e8350 TRACE   GST_PERFORMANCE gststructure.c:508:gst_structure_copy: doing copy 0x1901240 -> 0x1909570
0:00:00.004489323  2663 0x18e8350 DEBUG   GST_REGISTRY gstregistry.c:589:gst_registry_add_feature: adding feature 0x1907f40 (dataurisrc)
0:00:00.004497732  2663 0x18e8350 DEBUG   GST_REFCOUNTING gstobject.c:708:gst_object_set_parent: set parent (ref and sink)
0:00:00.004505653  2663 0x18e8350 TRACE   GST_REFCOUNTING gstobject.c:292:gst_object_ref_sink: 0x1907f40 ref_sink 1->2
0:00:00.004512102  2663 0x18e8350 LOG   GST_REGISTRY gstregistry.c:607:gst_registry_add_feature: emitting feature-added for dataurisrc
0:00:00.004523524  2663 0x18e8350 TRACE   GST_REFCOUNTING gstobject.c:208:gst_object_init: 0x19099f0 new
0:00:00.004531965  2663 0x18e8350 LOG   GST_ELEMENT_FACTORY gstelementfactory.c:237:gst_element_register: Created new elementfactory for type GstDownloadBuffer
0:00:00.004544705  2663 0x18e8350 TRACE   structure gststructure.c:287:gst_structure_new_id_empty_with_size: created structure 0x1909f20
0:00:00.004552916  2663 0x18e8350 TRACE   GST_PERFORMANCE gststructure.c:508:gst_structure_copy: doing copy 0x18eea00 -> 0x1909f20
