0:00:00.014379086  3838 0x31a320 DEBUG   GST_POLL gstpoll.c:980:gst_poll_fd_ctl_write: 0x322810: fd (fd:0, idx:1), active : 1
0:00:00.019033662  3837 0x836370 DEBUG   default gstvalue.c:2676:_priv_gst_value_parse_value: trying type name 'string'
0:00:00.014385503  3838 0x31a320 LOG   GST_POLL gstpoll.c:994:gst_poll_fd_ctl_write: 0x322810: pfd->events now 60 (POLLOUT:4)
0:00:00.019040232  3837 0x836370 DEBUG   GST_REGISTRY gstregistrychunks.c:626:gst_registry_chunks_load_feature: Element factory : npadtemplates=1
0:00:00.014391972  3838 0x31a320 DEBUG   GST_POLL gstpoll.c:980:gst_poll_fd_ctl_write: 0x322810: fd (fd:0, idx:1), active : 1
0:00:00.019046103  3837 0x836370 DEBUG   GST_REGISTRY gstregistrychunks.c:526:gst_registry_chunks_load_pad_template: Reading/casting for GstRegistryChunkPadTemplate at address 0x852a60
0:00:00.014397987  3838 0x31a320 LOG   GST_POLL gstpoll.c:994:gst_poll_fd_ctl_write: 0x322810: pfd->events now 60 (POLLOUT:4)
0:00:00.019052104  3837 0x836370 DEBUG   GST_REGISTRY gstregistrychunks.c:539:gst_registry_chunks_load_pad_template: Added pad_template src
0:00:00.014404288  3838 0x31a320 DEBUG   GST_POLL gstpoll.c:980:gst_poll_fd_ctl_write: 0x322810: fd (fd:0, idx:1), active : 1
0:00:00.019059009  3837 0x836370 DEBUG   GST_REGISTRY gstregistrychunks.c:639:gst_registry_chunks_load_feature: Reading 1 UriTypes at address 0x852a70
0:00:00.014410661  3838 0x31a320 LOG   GST_POLL gstpoll.c:994:gst_poll_fd_ctl_write: 0x322810: pfd->events now 60 (POLLOUT:4)
0:00:00.019065911  3837 0x836370 DEBUG   GST_REGISTRY gstregistrychunks.c:654:gst_registry_chunks_load_feature: Reading 1 Interfaces at address 0x852a79
0:00:00.014417245  3838 0x31a320 DEBUG   GST_POLL gstpoll.c:980:gst_poll_fd_ctl_write: 0x322810: fd (fd:0, idx:1), active : 1
0:00:00.019074128  3837 0x836370 DEBUG   GST_REGISTRY gstregistry.c:590:gst_registry_add_feature: adding feature 0x855c90 (filesrc)
0:00:00.014424022  3838 0x31a320 LOG   GST_POLL gstpoll.c:994:gst_poll_fd_ctl_write: 0x322810: pfd->events now 60 (POLLOUT:4)
0:00:00.019080449  3837 0x836370 DEBUG   GST_REFCOUNTING gstobject.c:709:gst_object_set_parent: set parent (ref and sink)
0:00:00.014438142  3838 0x31a320 DEBUG   GST_POLL gstpoll.c:980:gst_poll_fd_ctl_write: 0x322810: fd (fd:0, idx:1), active : 1
0:00:00.019092131  3837 0x836370 TRACE   GST_REFCOUNTING gstobject.c:294:gst_object_ref_sink: 0x855c90 ref_sink 1->2
0:00:00.014444171  3838 0x31a320 LOG   GST_POLL gstpoll.c:994:gst_poll_fd_ctl_write: 0x322810: pfd->events now 60 (POLLOUT:4)
0:00:00.019099241  3837 0x836370 LOG   GST_REGISTRY gstregistry.c:608:gst_registry_add_feature: emitting feature-added for filesrc
0:00:00.014450768  3838 0x31a320 DEBUG   GST_POLL gstpoll.c:980:gst_poll_fd_ctl_write: 0x322810: fd (fd:0, idx:1), active : 1
0:00:00.019106497  3837 0x836370 DEBUG   GST_REGISTRY gstregistrychunks.c:741:gst_registry_chunks_load_feature: Added feature filesrc, plugin 0x850200 coreelements
0:00:00.014457399  3838 0x31a320 LOG   GST_POLL gstpoll.c:994:gst_poll_fd_ctl_write: 0x322810: pfd->events now 60 (POLLOUT:4)
0:00:00.019113795  3837 0x836370 DEBUG   GST_REGISTRY gstregistrychunks.c:583:gst_registry_chunks_load_feature: Plugin 'coreelements' feature 'fdsink' typename : 'GstElementFactory'
0:00:00.014465263  3838 0x31a320 DEBUG   GST_POLL gstpoll.c:980:gst_poll_fd_ctl_write: 0x322810: fd (fd:0, idx:1), active : 1
0:00:00.019121669  3837 0x836370 TRACE   GST_REFCOUNTING gstobject.c:208:gst_object_init: 0x8563f0 new
0:00:00.014471991  3838 0x31a320 LOG   GST_POLL gstpoll.c:994:gst_poll_fd_ctl_write: 0x322810: pfd->events now 60 (POLLOUT:4)
0:00:00.019129589  3837 0x836370 LOG   GST_REGISTRY gstregistrychunks.c:610:gst_registry_chunks_load_feature: Reading/casting for GstRegistryChunkElementFactory at address 0x852aa0
0:00:00.014480210  3838 0x31a320 DEBUG   GST_POLL gstpoll.c:980:gst_poll_fd_ctl_write: 0x322810: fd (fd:0, idx:1), active : 1
0:00:00.019136122  3837 0x836370 TRACE   structure gststructure.c:287:gst_structure_new_id_empty_with_size: created structure 0x8565b0
0:00:00.014487612  3838 0x31a320 LOG   GST_POLL gstpoll.c:994:gst_poll_fd_ctl_write: 0x322810: pfd->events now 60 (POLLOUT:4)
0:00:00.019142542  3837 0x836370 DEBUG   structure gststructure.c:2203:gst_structure_parse_field: trying field name 'long-name'
0:00:00.019148500  3837 0x836370 DEBUG   default gstvalue.c:2676:_priv_gst_value_parse_value: trying type name 'string'
0:00:00.014494490  3838 0x31a320 DEBUG   GST_POLL gstpoll.c:980:gst_poll_fd_ctl_write: 0x322810: fd (fd:0, idx:1), active : 1
0:00:00.019154445  3837 0x836370 DEBUG   structure gststructure.c:2203:gst_structure_parse_field: trying field name 'klass'
0:00:00.014506076  3838 0x31a320 LOG   GST_POLL gstpoll.c:994:gst_poll_fd_ctl_write: 0x322810: pfd->events now 60 (POLLOUT:4)
0:00:00.019160289  3837 0x836370 DEBUG   default gstvalue.c:2676:_priv_gst_value_parse_value: trying type name 'string'
0:00:00.014512638  3838 0x31a320 DEBUG   GST_POLL gstpoll.c:980:gst_poll_fd_ctl_write: 0x322810: fd (fd:0, idx:1), active : 1
0:00:00.019171550  3837 0x836370 DEBUG   structure gststructure.c:2203:gst_structure_parse_field: trying field name 'description'
0:00:00.014523415  3838 0x31a320 LOG   GST_POLL gstpoll.c:994:gst_poll_fd_ctl_write: 0x322810: pfd->events now 60 (POLLOUT:4)
0:00:00.019177815  3837 0x836370 DEBUG   default gstvalue.c:2676:_priv_gst_value_parse_value: trying type name 'string'
0:00:00.014529873  3838 0x31a320 DEBUG   GST_POLL gstpoll.c:980:gst_poll_fd_ctl_write: 0x322810: fd (fd:0, idx:1), active : 1
0:00:00.019184627  3837 0x836370 DEBUG   structure gststructure.c:2203:gst_structure_parse_field: trying field name 'author'
0:00:00.014536127  3838 0x31a320 LOG   GST_POLL gstpoll.c:994:gst_poll_fd_ctl_write: 0x322810: pfd->events now 60 (POLLOUT:4)
0:00:00.019190544  3837 0x836370 DEBUG   default gstvalue.c:2676:_priv_gst_value_parse_value: trying type name 'string'
0:00:00.014542473  3838 0x31a320 DEBUG   GST_POLL gstpoll.c:980:gst_poll_fd_ctl_write: 0x322810: fd (fd:0, idx:1), active : 1
0:00:00.019196937  3837 0x836370 DEBUG   GST_REGISTRY gstregistrychunks.c:626:gst_registry_chunks_load_feature: Element factory : npadtemplates=1
0:00:00.014548621  3838 0x31a320 LOG   GST_POLL gstpoll.c:994:gst_poll_fd_ctl_write: 0x322810: pfd->events now 60 (POLLOUT:4)
0:00:00.019202980  3837 0x836370 DEBUG   GST_REGISTRY gstregistrychunks.c:526:gst_registry_chunks_load_pad_template: Reading/casting for GstRegistryChunkPadTemplate at address 0x852b80
0:00:00.014555158  3838 0x31a320 DEBUG   GST_POLL gstpoll.c:980:gst_poll_fd_ctl_write: 0x322810: fd (fd:0, idx:1), active : 1
0:00:00.019208860  3837 0x836370 DEBUG   GST_REGISTRY gstregistrychunks.c:539:gst_registry_chunks_load_pad_template: Added pad_template sink
0:00:00.014561264  3838 0x31a320 LOG   GST_POLL gstpoll.c:994:gst_poll_fd_ctl_write: 0x322810: pfd->events now 60 (POLLOUT:4)
0:00:00.019215173  3837 0x836370 DEBUG   GST_REGISTRY gstregistrychunks.c:639:gst_registry_chunks_load_feature: Reading 1 UriTypes at address 0x852b91
0:00:00.014567299  3838 0x31a320 DEBUG   GST_POLL gstpoll.c:980:gst_poll_fd_ctl_write: 0x322810: fd (fd:0, idx:1), active : 1
0:00:00.019221772  3837 0x836370 DEBUG   GST_REGISTRY gstregistrychunks.c:654:gst_registry_chunks_load_feature: Reading 1 Interfaces at address 0x852b9f
0:00:00.014573501  3838 0x31a320 LOG   GST_POLL gstpoll.c:994:gst_poll_fd_ctl_write: 0x322810: pfd->events now 60 (POLLOUT:4)
0:00:00.019229932  3837 0x836370 DEBUG   GST_REGISTRY gstregistry.c:590:gst_registry_add_feature: adding feature 0x8563f0 (fdsink)
0:00:00.014580571  3838 0x31a320 DEBUG   GST_POLL gstpoll.c:980:gst_poll_fd_ctl_write: 0x322810: fd (fd:0, idx:1), active : 1
0:00:00.019236384  3837 0x836370 DEBUG   GST_REFCOUNTING gstobject.c:709:gst_object_set_parent: set parent (ref and sink)
0:00:00.014588356  3838 0x31a320 LOG   GST_POLL gstpoll.c:994:gst_poll_fd_ctl_write: 0x322810: pfd->events now 60 (POLLOUT:4)
0:00:00.019244359  3837 0x836370 TRACE   GST_REFCOUNTING gstobject.c:294:gst_object_ref_sink: 0x8563f0 ref_sink 1->2
0:00:00.014604443  3838 0x31a320 DEBUG   GST_POLL gstpoll.c:980:gst_poll_fd_ctl_write: 0x322810: fd (fd:0, idx:1), active : 1
0:00:00.019257962  3837 0x836370 LOG   GST_REGISTRY gstregistry.c:608:gst_registry_add_feature: emitting feature-added for fdsink
0:00:00.014610539  3838 0x31a320 LOG   GST_POLL gstpoll.c:994:gst_poll_fd_ctl_write: 0x322810: pfd->events now 60 (POLLOUT:4)
0:00:00.019265123  3837 0x836370 DEBUG   GST_REGISTRY gstregistrychunks.c:741:gst_registry_chunks_load_feature: Added feature fdsink, plugin 0x850200 coreelements
0:00:00.014616991  3838 0x31a320 DEBUG   GST_POLL gstpoll.c:980:gst_poll_fd_ctl_write: 0x322810: fd (fd:0, idx:1), active : 1
0:00:00.019272448  3837 0x836370 DEBUG   GST_REGISTRY gstregistrychunks.c:583:gst_registry_chunks_load_feature: Plugin 'coreelements' feature 'fdsrc' typename : 'GstElementFactory'
0:00:00.014623136  3838 0x31a320 LOG   GST_POLL gstpoll.c:994:gst_poll_fd_ctl_write: 0x322810: pfd->events now 60 (POLLOUT:4)
0:00:00.019280226  3837 0x836370 TRACE   GST_REFCOUNTING gstobject.c:208:gst_object_init: 0x8566e0 new
0:00:00.014630718  3838 0x31a320 DEBUG   GST_POLL gstpoll.c:980:gst_poll_fd_ctl_write: 0x322810: fd (fd:0, idx:1), active : 1
0:00:00.019287961  3837 0x836370 LOG   GST_REGISTRY gstregistrychunks.c:610:gst_registry_chunks_load_feature: Reading/casting for GstRegistryChunkElementFactory at address 0x852bc8
0:00:00.014638862  3838 0x31a320 LOG   GST_POLL gstpoll.c:994:gst_poll_fd_ctl_write: 0x322810: pfd->events now 60 (POLLOUT:4)
0:00:00.019294653  3837 0x836370 TRACE   structure gststructure.c:287:gst_structure_new_id_empty_with_size: created structure 0x856930
0:00:00.014646268  3838 0x31a320 DEBUG   GST_POLL gstpoll.c:980:gst_poll_fd_ctl_write: 0x322810: fd (fd:0, idx:1), active : 1
0:00:00.019301210  3837 0x836370 DEBUG   structure gststructure.c:2203:gst_structure_parse_field: trying field name 'long-name'
0:00:00.014653139  3838 0x31a320 LOG   GST_POLL gstpoll.c:994:gst_poll_fd_ctl_write: 0x322810: pfd->events now 60 (POLLOUT:4)
0:00:00.019306930  3837 0x836370 DEBUG   default gstvalue.c:2676:_priv_gst_value_parse_value: trying type name 'string'
0:00:00.014659555  3838 0x31a320 DEBUG   GST_POLL gstpoll.c:980:gst_poll_fd_ctl_write: 0x322810: fd (fd:0, idx:1), active : 1
0:00:00.019313443  3837 0x836370 DEBUG   structure gststructure.c:2203:gst_structure_parse_field: trying field name 'klass'
0:00:00.014666019  3838 0x31a320 LOG   GST_POLL gstpoll.c:994:gst_poll_fd_ctl_write: 0x322810: pfd->events now 60 (POLLOUT:4)
0:00:00.019319146  3837 0x836370 DEBUG   default gstvalue.c:2676:_priv_gst_value_parse_value: trying type name 'string'
0:00:00.014672158  3838 0x31a320 DEBUG   GST_POLL gstpoll.c:980:gst_poll_fd_ctl_write: 0x322810: fd (fd:0, idx:1), active : 1
0:00:00.019325429  3837 0x836370 DEBUG   structure gststructure.c:2203:gst_structure_parse_field: trying field name 'description'
0:00:00.014683120  3838 0x31a320 LOG   GST_POLL gstpoll.c:994:gst_poll_fd_ctl_write: 0x322810: pfd->events now 60 (POLLOUT:4)
0:00:00.019335956  3837 0x836370 DEBUG   default gstvalue.c:2676:_priv_gst_value_parse_value: trying type name 'string'
0:00:00.014689837  3838 0x31a320 DEBUG   GST_POLL gstpoll.c:980:gst_poll_fd_ctl_write: 0x322810: fd (fd:0, idx:1), active : 1
0:00:00.019342629  3837 0x836370 DEBUG   structure gststructure.c:2203:gst_structure_parse_field: trying field name 'author'
0:00:00.014695950  3838 0x31a320 LOG   GST_POLL gstpoll.c:994:gst_poll_fd_ctl_write: 0x322810: pfd->events now 60 (POLLOUT:4)
0:00:00.019348278  3837 0x836370 DEBUG   default gstvalue.c:2676:_priv_gst_value_parse_value: trying type name 'string'
0:00:00.014702373  3838 0x31a320 DEBUG   GST_POLL gstpoll.c:980:gst_poll_fd_ctl_write: 0x322810: fd (fd:0, idx:1), active : 1
0:00:00.019355124  3837 0x836370 DEBUG   GST_REGISTRY gstregistrychunks.c:626:gst_registry_chunks_load_feature: Element factory : npadtemplates=1
0:00:00.014708190  3838 0x31a320 LOG   GST_POLL gstpoll.c:994:gst_poll_fd_ctl_write: 0x322810: pfd->events now 60 (POLLOUT:4)
0:00:00.019360960  3837 0x836370 DEBUG   GST_REGISTRY gstregistrychunks.c:526:gst_registry_chunks_load_pad_template: Reading/casting for GstRegistryChunkPadTemplate at address 0x852ca8
0:00:00.014714372  3838 0x31a320 DEBUG   GST_POLL gstpoll.c:980:gst_poll_fd_ctl_write: 0x322810: fd (fd:0, idx:1), active : 1
0:00:00.019366715  3837 0x836370 DEBUG   GST_REGISTRY gstregistrychunks.c:539:gst_registry_chunks_load_pad_template: Added pad_template src
0:00:00.014720697  3838 0x31a320 LOG   GST_POLL gstpoll.c:994:gst_poll_fd_ctl_write: 0x322810: pfd->events now 60 (POLLOUT:4)
0:00:00.019373717  3837 0x836370 DEBUG   GST_REGISTRY gstregistrychunks.c:639:gst_registry_chunks_load_feature: Reading 1 UriTypes at address 0x852cb8
0:00:00.014726979  3838 0x31a320 DEBUG   GST_POLL gstpoll.c:980:gst_poll_fd_ctl_write: 0x322810: fd (fd:0, idx:1), active : 1
0:00:00.014733122  3838 0x31a320 LOG   GST_POLL gstpoll.c:994:gst_poll_fd_ctl_write: 0x322810: pfd->events now 60 (POLLOUT:4)
0:00:00.019382755  3837 0x836370 DEBUG   GST_REGISTRY gstregistrychunks.c:654:gst_registry_chunks_load_feature: Reading 1 Interfaces at address 0x852cbf
0:00:00.014738745  3838 0x31a320 DEBUG   GST_POLL gstpoll.c:980:gst_poll_fd_ctl_write: 0x322810: fd (fd:0, idx:1), active : 1
0:00:00.014744911  3838 0x31a320 LOG   GST_POLL gstpoll.c:994:gst_poll_fd_ctl_write: 0x322810: pfd->events now 60 (POLLOUT:4)
0:00:00.019395711  3837 0x836370 DEBUG   GST_REGISTRY gstregistry.c:590:gst_registry_add_feature: adding feature 0x8566e0 (fdsrc)
0:00:00.014750626  3838 0x31a320 DEBUG   GST_POLL gstpoll.c:980:gst_poll_fd_ctl_write: 0x322810: fd (fd:0, idx:1), active : 1
0:00:00.019403449  3837 0x836370 DEBUG   GST_REFCOUNTING gstobject.c:709:gst_object_set_parent: set parent (ref and sink)
0:00:00.014756885  3838 0x31a320 LOG   GST_POLL gstpoll.c:994:gst_poll_fd_ctl_write: 0x322810: pfd->events now 60 (POLLOUT:4)
0:00:00.019417296  3837 0x836370 TRACE   GST_REFCOUNTING gstobject.c:294:gst_object_ref_sink: 0x8566e0 ref_sink 1->2
0:00:00.014768397  3838 0x31a320 DEBUG   GST_POLL gstpoll.c:980:gst_poll_fd_ctl_write: 0x322810: fd (fd:0, idx:1), active : 1
0:00:00.019424237  3837 0x836370 LOG   GST_REGISTRY gstregistry.c:608:gst_registry_add_feature: emitting feature-added for fdsrc
0:00:00.014775694  3838 0x31a320 LOG   GST_POLL gstpoll.c:994:gst_poll_fd_ctl_write: 0x322810: pfd->events now 60 (POLLOUT:4)
0:00:00.019431004  3837 0x836370 DEBUG   GST_REGISTRY gstregistrychunks.c:741:gst_registry_chunks_load_feature: Added feature fdsrc, plugin 0x850200 coreelements
0:00:00.014782337  3838 0x31a320 DEBUG   GST_POLL gstpoll.c:980:gst_poll_fd_ctl_write: 0x322810: fd (fd:0, idx:1), active : 1
0:00:00.019438256  3837 0x836370 DEBUG   GST_REGISTRY gstregistrychunks.c:583:gst_registry_chunks_load_feature: Plugin 'coreelements' feature 'fakesink' typename : 'GstElementFactory'
0:00:00.014789114  3838 0x31a320 LOG   GST_POLL gstpoll.c:994:gst_poll_fd_ctl_write: 0x322810: pfd->events now 60 (POLLOUT:4)
0:00:00.019447334  3837 0x836370 TRACE   GST_REFCOUNTING gstobject.c:208:gst_object_init: 0x856b60 new
0:00:00.014797626  3838 0x31a320 DEBUG   GST_POLL gstpoll.c:980:gst_poll_fd_ctl_write: 0x322810: fd (fd:0, idx:1), active : 1
0:00:00.019455569  3837 0x836370 LOG   GST_REGISTRY gstregistrychunks.c:610:gst_registry_chunks_load_feature: Reading/casting for GstRegistryChunkElementFactory at address 0x852ce8
0:00:00.014805870  3838 0x31a320 LOG   GST_POLL gstpoll.c:994:gst_poll_fd_ctl_write: 0x322810: pfd->events now 60 (POLLOUT:4)
0:00:00.019462099  3837 0x836370 TRACE   structure gststructure.c:287:gst_structure_new_id_empty_with_size: created structure 0x856d70
0:00:00.014813757  3838 0x31a320 DEBUG   GST_POLL gstpoll.c:980:gst_poll_fd_ctl_write: 0x322810: fd (fd:0, idx:1), active : 1
0:00:00.019467842  3837 0x836370 DEBUG   structure gststructure.c:2203:gst_structure_parse_field: trying field name 'long-name'
0:00:00.014819623  3838 0x31a320 LOG   GST_POLL gstpoll.c:994:gst_poll_fd_ctl_write: 0x322810: pfd->events now 60 (POLLOUT:4)
0:00:00.019473521  3837 0x836370 DEBUG   default gstvalue.c:2676:_priv_gst_value_parse_value: trying type name 'string'
0:00:00.014825744  3838 0x31a320 DEBUG   GST_POLL gstpoll.c:980:gst_poll_fd_ctl_write: 0x322810: fd (fd:0, idx:1), active : 1
0:00:00.019479541  3837 0x836370 DEBUG   structure gststructure.c:2203:gst_structure_parse_field: trying field name 'klass'
0:00:00.014832091  3838 0x31a320 LOG   GST_POLL gstpoll.c:994:gst_poll_fd_ctl_write: 0x322810: pfd->events now 60 (POLLOUT:4)
0:00:00.019485350  3837 0x836370 DEBUG   default gstvalue.c:2676:_priv_gst_value_parse_value: trying type name 'string'
0:00:00.014838329  3838 0x31a320 DEBUG   GST_POLL gstpoll.c:980:gst_poll_fd_ctl_write: 0x322810: fd (fd:0, idx:1), active : 1
0:00:00.019497406  3837 0x836370 DEBUG   structure gststructure.c:2203:gst_structure_parse_field: trying field name 'description'
0:00:00.014849083  3838 0x31a320 LOG   GST_POLL gstpoll.c:994:gst_poll_fd_ctl_write: 0x322810: pfd->events now 60 (POLLOUT:4)
0:00:00.019503804  3837 0x836370 DEBUG   default gstvalue.c:2676:_priv_gst_value_parse_value: trying type name 'string'
0:00:00.014856125  3838 0x31a320 DEBUG   GST_POLL gstpoll.c:980:gst_poll_fd_ctl_write: 0x322810: fd (fd:0, idx:1), active : 1
0:00:00.019510187  3837 0x836370 DEBUG   structure gststructure.c:2203:gst_structure_parse_field: trying field name 'author'
0:00:00.014862393  3838 0x31a320 LOG   GST_POLL gstpoll.c:994:gst_poll_fd_ctl_write: 0x322810: pfd->events now 60 (POLLOUT:4)
0:00:00.019515901  3837 0x836370 DEBUG   default gstvalue.c:2676:_priv_gst_value_parse_value: trying type name 'string'
0:00:00.014869082  3838 0x31a320 DEBUG   GST_POLL gstpoll.c:980:gst_poll_fd_ctl_write: 0x322810: fd (fd:0, idx:1), active : 1
0:00:00.019523535  3837 0x836370 DEBUG   GST_REGISTRY gstregistrychunks.c:626:gst_registry_chunks_load_feature: Element factory : npadtemplates=1
0:00:00.014875271  3838 0x31a320 LOG   GST_POLL gstpoll.c:994:gst_poll_fd_ctl_write: 0x322810: pfd->events now 60 (POLLOUT:4)
0:00:00.019529558  3837 0x836370 DEBUG   GST_REGISTRY gstregistrychunks.c:526:gst_registry_chunks_load_pad_template: Reading/casting for GstRegistryChunkPadTemplate at address 0x852e10
0:00:00.014881538  3838 0x31a320 DEBUG   GST_POLL gstpoll.c:980:gst_poll_fd_ctl_write: 0x322810: fd (fd:0, idx:1), active : 1
0:00:00.019535954  3837 0x836370 DEBUG   GST_REGISTRY gstregistrychunks.c:539:gst_registry_chunks_load_pad_template: Added pad_template sink
0:00:00.014888105  3838 0x31a320 LOG   GST_POLL gstpoll.c:994:gst_poll_fd_ctl_write: 0x322810: pfd->events now 60 (POLLOUT:4)
0:00:00.014894861  3838 0x31a320 DEBUG   GST_POLL gstpoll.c:980:gst_poll_fd_ctl_write: 0x322810: fd (fd:0, idx:1), active : 1
0:00:00.019548283  3837 0x836370 DEBUG   GST_REGISTRY gstregistry.c:590:gst_registry_add_feature: adding feature 0x856b60 (fakesink)
0:00:00.014900471  3838 0x31a320 LOG   GST_POLL gstpoll.c:994:gst_poll_fd_ctl_write: 0x322810: pfd->events now 60 (POLLOUT:4)
0:00:00.019554859  3837 0x836370 DEBUG   GST_REFCOUNTING gstobject.c:709:gst_object_set_parent: set parent (ref and sink)
0:00:00.014906978  3838 0x31a320 DEBUG   GST_POLL gstpoll.c:980:gst_poll_fd_ctl_write: 0x322810: fd (fd:0, idx:1), active : 1
0:00:00.019562606  3837 0x836370 TRACE   GST_REFCOUNTING gstobject.c:294:gst_object_ref_sink: 0x856b60 ref_sink 1->2
0:00:00.014913445  3838 0x31a320 LOG   GST_POLL gstpoll.c:994:gst_poll_fd_ctl_write: 0x322810: pfd->events now 60 (POLLOUT:4)
0:00:00.019570005  3837 0x836370 LOG   GST_REGISTRY gstregistry.c:608:gst_registry_add_feature: emitting feature-added for fakesink
0:00:00.014921476  3838 0x31a320 DEBUG   GST_POLL gstpoll.c:980:gst_poll_fd_ctl_write: 0x322810: fd (fd:0, idx:1), active : 1
0:00:00.019584908  3837 0x836370 DEBUG   GST_REGISTRY gstregistrychunks.c:741:gst_registry_chunks_load_feature: Added feature fakesink, plugin 0x850200 coreelements
0:00:00.014935834  3838 0x31a320 LOG   GST_POLL gstpoll.c:994:gst_poll_fd_ctl_write: 0x322810: pfd->events now 60 (POLLOUT:4)
0:00:00.019592439  3837 0x836370 DEBUG   GST_REGISTRY gstregistrychunks.c:583:gst_registry_chunks_load_feature: Plugin 'coreelements' feature 'fakesrc' typename : 'GstElementFactory'
0:00:00.014943661  3838 0x31a320 DEBUG   GST_POLL gstpoll.c:980:gst_poll_fd_ctl_write: 0x322810: fd (fd:0, idx:1), active : 1
0:00:00.019599869  3837 0x836370 TRACE   GST_REFCOUNTING gstobject.c:208:gst_object_init: 0x856080 new
0:00:00.014950407  3838 0x31a320 LOG   GST_POLL gstpoll.c:994:gst_poll_fd_ctl_write: 0x322810: pfd->events now 60 (POLLOUT:4)
0:00:00.019607413  3837 0x836370 LOG   GST_REGISTRY gstregistrychunks.c:610:gst_registry_chunks_load_feature: Reading/casting for GstRegistryChunkElementFactory at address 0x852e40
0:00:00.014958997  3838 0x31a320 DEBUG   GST_POLL gstpoll.c:980:gst_poll_fd_ctl_write: 0x322810: fd (fd:0, idx:1), active : 1
0:00:00.019614143  3837 0x836370 TRACE   structure gststructure.c:287:gst_structure_new_id_empty_with_size: created structure 0x8571e0
0:00:00.014966318  3838 0x31a320 LOG   GST_POLL gstpoll.c:994:gst_poll_fd_ctl_write: 0x322810: pfd->events now 60 (POLLOUT:4)
0:00:00.014988122  3838 0x31a320 DEBUG   GST_POLL gstpoll.c:980:gst_poll_fd_ctl_write: 0x322810: fd (fd:0, idx:1), active : 1
0:00:00.019620134  3837 0x836370 DEBUG   structure gststructure.c:2203:gst_structure_parse_field: trying field name 'long-name'
0:00:00.014996057  3838 0x31a320 LOG   GST_POLL gstpoll.c:994:gst_poll_fd_ctl_write: 0x322810: pfd->events now 60 (POLLOUT:4)
0:00:00.015002673  3838 0x31a320 DEBUG   GST_POLL gstpoll.c:980:gst_poll_fd_ctl_write: 0x322810: fd (fd:0, idx:1), active : 1
0:00:00.019652139  3837 0x836370 DEBUG   default gstvalue.c:2676:_priv_gst_value_parse_value: trying type name 'string'
0:00:00.015008473  3838 0x31a320 LOG   GST_POLL gstpoll.c:994:gst_poll_fd_ctl_write: 0x322810: pfd->events now 60 (POLLOUT:4)
0:00:00.015014939  3838 0x31a320 DEBUG   GST_POLL gstpoll.c:980:gst_poll_fd_ctl_write: 0x322810: fd (fd:0, idx:1), active : 1
0:00:00.019665636  3837 0x836370 DEBUG   structure gststructure.c:2203:gst_structure_parse_field: trying field name 'klass'
0:00:00.015021609  3838 0x31a320 LOG   GST_POLL gstpoll.c:994:gst_poll_fd_ctl_write: 0x322810: pfd->events now 60 (POLLOUT:4)
0:00:00.019677508  3837 0x836370 DEBUG   default gstvalue.c:2676:_priv_gst_value_parse_value: trying type name 'string'
0:00:00.015029117  3838 0x31a320 DEBUG   GST_POLL gstpoll.c:980:gst_poll_fd_ctl_write: 0x322810: fd (fd:0, idx:1), active : 1
0:00:00.019686781  3837 0x836370 DEBUG   structure gststructure.c:2203:gst_structure_parse_field: trying field name 'description'
0:00:00.015037618  3838 0x31a320 LOG   GST_POLL gstpoll.c:994:gst_poll_fd_ctl_write: 0x322810: pfd->events now 60 (POLLOUT:4)
0:00:00.019698524  3837 0x836370 DEBUG   default gstvalue.c:2676:_priv_gst_value_parse_value: trying type name 'string'
0:00:00.015050785  3838 0x31a320 DEBUG   GST_POLL gstpoll.c:980:gst_poll_fd_ctl_write: 0x322810: fd (fd:0, idx:1), active : 1
0:00:00.019705323  3837 0x836370 DEBUG   structure gststructure.c:2203:gst_structure_parse_field: trying field name 'author'
0:00:00.015056932  3838 0x31a320 LOG   GST_POLL gstpoll.c:994:gst_poll_fd_ctl_write: 0x322810: pfd->events now 60 (POLLOUT:4)
0:00:00.019710837  3837 0x836370 DEBUG   default gstvalue.c:2676:_priv_gst_value_parse_value: trying type name 'string'
0:00:00.015063595  3838 0x31a320 DEBUG   GST_POLL gstpoll.c:980:gst_poll_fd_ctl_write: 0x322810: fd (fd:0, idx:1), active : 1
0:00:00.019718149  3837 0x836370 DEBUG   GST_REGISTRY gstregistrychunks.c:626:gst_registry_chunks_load_feature: Element factory : npadtemplates=1
0:00:00.015069914  3838 0x31a320 LOG   GST_POLL gstpoll.c:994:gst_poll_fd_ctl_write: 0x322810: pfd->events now 60 (POLLOUT:4)
0:00:00.019724599  3837 0x836370 DEBUG   GST_REGISTRY gstregistrychunks.c:526:gst_registry_chunks_load_pad_template: Reading/casting for GstRegistryChunkPadTemplate at address 0x852f40
0:00:00.015076688  3838 0x31a320 DEBUG   GST_POLL gstpoll.c:980:gst_poll_fd_ctl_write: 0x322810: fd (fd:0, idx:1), active : 1
0:00:00.019730882  3837 0x836370 DEBUG   GST_REGISTRY gstregistrychunks.c:539:gst_registry_chunks_load_pad_template: Added pad_template src
0:00:00.015082877  3838 0x31a320 LOG   GST_POLL gstpoll.c:994:gst_poll_fd_ctl_write: 0x322810: pfd->events now 60 (POLLOUT:4)
0:00:00.019739147  3837 0x836370 DEBUG   GST_REGISTRY gstregistry.c:590:gst_registry_add_feature: adding feature 0x856080 (fakesrc)
0:00:00.015089229  3838 0x31a320 DEBUG   GST_POLL gstpoll.c:980:gst_poll_fd_ctl_write: 0x322810: fd (fd:0, idx:1), active : 1
0:00:00.019745496  3837 0x836370 DEBUG   GST_REFCOUNTING gstobject.c:709:gst_object_set_parent: set parent (ref and sink)
0:00:00.015097588  3838 0x31a320 LOG   GST_POLL gstpoll.c:994:gst_poll_fd_ctl_write: 0x322810: pfd->events now 60 (POLLOUT:4)
0:00:00.019753075  3837 0x836370 TRACE   GST_REFCOUNTING gstobject.c:294:gst_object_ref_sink: 0x856080 ref_sink 1->2
0:00:00.015104210  3838 0x31a320 DEBUG   GST_POLL gstpoll.c:980:gst_poll_fd_ctl_write: 0x322810: fd (fd:0, idx:1), active : 1
0:00:00.019760172  3837 0x836370 LOG   GST_REGISTRY gstregistry.c:608:gst_registry_add_feature: emitting feature-added for fakesrc
0:00:00.015111502  3838 0x31a320 LOG   GST_POLL gstpoll.c:994:gst_poll_fd_ctl_write: 0x322810: pfd->events now 60 (POLLOUT:4)
0:00:00.019767929  3837 0x836370 DEBUG   GST_REGISTRY gstregistrychunks.c:741:gst_registry_chunks_load_feature: Added feature fakesrc, plugin 0x850200 coreelements
0:00:00.015118959  3838 0x31a320 DEBUG   GST_POLL gstpoll.c:980:gst_poll_fd_ctl_write: 0x322810: fd (fd:0, idx:1), active : 1
0:00:00.019780802  3837 0x836370 DEBUG   GST_REGISTRY gstregistrychunks.c:583:gst_registry_chunks_load_feature: Plugin 'coreelements' feature 'downloadbuffer' typename : 'GstElementFactory'
0:00:00.015131979  3838 0x31a320 LOG   GST_POLL gstpoll.c:994:gst_poll_fd_ctl_write: 0x322810: pfd->events now 60 (POLLOUT:4)
0:00:00.015139110  3838 0x31a320 DEBUG   GST_POLL gstpoll.c:980:gst_poll_fd_ctl_write: 0x322810: fd (fd:0, idx:1), active : 1
0:00:00.019789196  3837 0x836370 TRACE   GST_REFCOUNTING gstobject.c:208:gst_object_init: 0x857360 new
0:00:00.015145150  3838 0x31a320 LOG   GST_POLL gstpoll.c:994:gst_poll_fd_ctl_write: 0x322810: pfd->events now 60 (POLLOUT:4)
0:00:00.019799387  3837 0x836370 LOG   GST_REGISTRY gstregistrychunks.c:610:gst_registry_chunks_load_feature: Reading/casting for GstRegistryChunkElementFactory at address 0x852f78
0:00:00.015151566  3838 0x31a320 DEBUG   GST_POLL gstpoll.c:980:gst_poll_fd_ctl_write: 0x322810: fd (fd:0, idx:1), active : 1
0:00:00.019805809  3837 0x836370 TRACE   structure gststructure.c:287:gst_structure_new_id_empty_with_size: created structure 0x857650
0:00:00.015157636  3838 0x31a320 LOG   GST_POLL gstpoll.c:994:gst_poll_fd_ctl_write: 0x322810: pfd->events now 60 (POLLOUT:4)
0:00:00.019811641  3837 0x836370 DEBUG   structure gststructure.c:2203:gst_structure_parse_field: trying field name 'long-name'
0:00:00.015164273  3838 0x31a320 LOG   GST_PLUGIN_LOADING gstpluginloader.c:646:put_chunk: Expanding tx buf from 13209 to 17023 for chunk of size 229
0:00:00.019817573  3837 0x836370 DEBUG   default gstvalue.c:2676:_priv_gst_value_parse_value: trying type name 'string'
0:00:00.019823823  3837 0x836370 DEBUG   structure gststructure.c:2203:gst_structure_parse_field: trying field name 'klass'
0:00:00.015175619  3838 0x31a320 DEBUG   GST_POLL gstpoll.c:980:gst_poll_fd_ctl_write: 0x322810: fd (fd:0, idx:1), active : 1
0:00:00.019829323  3837 0x836370 DEBUG   default gstvalue.c:2676:_priv_gst_value_parse_value: trying type name 'string'
0:00:00.015182159  3838 0x31a320 LOG   GST_POLL gstpoll.c:994:gst_poll_fd_ctl_write: 0x322810: pfd->events now 60 (POLLOUT:4)
0:00:00.019835303  3837 0x836370 DEBUG   structure gststructure.c:2203:gst_structure_parse_field: trying field name 'description'
0:00:00.015188402  3838 0x31a320 DEBUG   GST_POLL gstpoll.c:980:gst_poll_fd_ctl_write: 0x322810: fd (fd:0, idx:1), active : 1
0:00:00.019840912  3837 0x836370 DEBUG   default gstvalue.c:2676:_priv_gst_value_parse_value: trying type name 'string'
0:00:00.015194834  3838 0x31a320 LOG   GST_POLL gstpoll.c:994:gst_poll_fd_ctl_write: 0x322810: pfd->events now 60 (POLLOUT:4)
0:00:00.019847949  3837 0x836370 DEBUG   structure gststructure.c:2203:gst_structure_parse_field: trying field name 'author'
0:00:00.015201111  3838 0x31a320 DEBUG   GST_POLL gstpoll.c:980:gst_poll_fd_ctl_write: 0x322810: fd (fd:0, idx:1), active : 1
0:00:00.019853775  3837 0x836370 DEBUG   default gstvalue.c:2676:_priv_gst_value_parse_value: trying type name 'string'
0:00:00.015212991  3838 0x31a320 LOG   GST_POLL gstpoll.c:994:gst_poll_fd_ctl_write: 0x322810: pfd->events now 60 (POLLOUT:4)
0:00:00.019866915  3837 0x836370 DEBUG   GST_REGISTRY gstregistrychunks.c:626:gst_registry_chunks_load_feature: Element factory : npadtemplates=2
0:00:00.015219391  3838 0x31a320 DEBUG   GST_POLL gstpoll.c:980:gst_poll_fd_ctl_write: 0x322810: fd (fd:0, idx:1), active : 1
0:00:00.019872672  3837 0x836370 DEBUG   GST_REGISTRY gstregistrychunks.c:526:gst_registry_chunks_load_pad_template: Reading/casting for GstRegistryChunkPadTemplate at address 0x853040
0:00:00.015225450  3838 0x31a320 LOG   GST_POLL gstpoll.c:994:gst_poll_fd_ctl_write: 0x322810: pfd->events now 60 (POLLOUT:4)
0:00:00.019879188  3837 0x836370 DEBUG   GST_REGISTRY gstregistrychunks.c:539:gst_registry_chunks_load_pad_template: Added pad_template sink
0:00:00.015231808  3838 0x31a320 DEBUG   GST_POLL gstpoll.c:980:gst_poll_fd_ctl_write: 0x322810: fd (fd:0, idx:1), active : 1
0:00:00.019884807  3837 0x836370 DEBUG   GST_REGISTRY gstregistrychunks.c:526:gst_registry_chunks_load_pad_template: Reading/casting for GstRegistryChunkPadTemplate at address 0x853058
0:00:00.015238166  3838 0x31a320 LOG   GST_POLL gstpoll.c:994:gst_poll_fd_ctl_write: 0x322810: pfd->events now 60 (POLLOUT:4)
0:00:00.019891155  3837 0x836370 DEBUG   GST_REGISTRY gstregistrychunks.c:539:gst_registry_chunks_load_pad_template: Added pad_template src
0:00:00.015244361  3838 0x31a320 DEBUG   GST_POLL gstpoll.c:980:gst_poll_fd_ctl_write: 0x322810: fd (fd:0, idx:1), active : 1
0:00:00.019898669  3837 0x836370 DEBUG   GST_REGISTRY gstregistry.c:590:gst_registry_add_feature: adding feature 0x857360 (downloadbuffer)
0:00:00.015250620  3838 0x31a320 LOG   GST_POLL gstpoll.c:994:gst_poll_fd_ctl_write: 0x322810: pfd->events now 60 (POLLOUT:4)
0:00:00.019904898  3837 0x836370 DEBUG   GST_REFCOUNTING gstobject.c:709:gst_object_set_parent: set parent (ref and sink)
0:00:00.015256904  3838 0x31a320 DEBUG   GST_POLL gstpoll.c:980:gst_poll_fd_ctl_write: 0x322810: fd (fd:0, idx:1), active : 1
0:00:00.019912443  3837 0x836370 TRACE   GST_REFCOUNTING gstobject.c:294:gst_object_ref_sink: 0x857360 ref_sink 1->2
0:00:00.015263490  3838 0x31a320 LOG   GST_POLL gstpoll.c:994:gst_poll_fd_ctl_write: 0x322810: pfd->events now 60 (POLLOUT:4)
0:00:00.019919003  3837 0x836370 LOG   GST_REGISTRY gstregistry.c:608:gst_registry_add_feature: emitting feature-added for downloadbuffer
0:00:00.015270743  3838 0x31a320 DEBUG   GST_POLL gstpoll.c:980:gst_poll_fd_ctl_write: 0x322810: fd (fd:0, idx:1), active : 1
0:00:00.019925865  3837 0x836370 DEBUG   GST_REGISTRY gstregistrychunks.c:741:gst_registry_chunks_load_feature: Added feature downloadbuffer, plugin 0x850200 coreelements
0:00:00.015276934  3838 0x31a320 LOG   GST_POLL gstpoll.c:994:gst_poll_fd_ctl_write: 0x322810: pfd->events now 60 (POLLOUT:4)
0:00:00.019933019  3837 0x836370 DEBUG   GST_REGISTRY gstregistrychunks.c:583:gst_registry_chunks_load_feature: Plugin 'coreelements' feature 'dataurisrc' typename : 'GstElementFactory'
0:00:00.015289810  3838 0x31a320 DEBUG   GST_POLL gstpoll.c:980:gst_poll_fd_ctl_write: 0x322810: fd (fd:0, idx:1), active : 1
0:00:00.019943888  3837 0x836370 TRACE   GST_REFCOUNTING gstobject.c:208:gst_object_init: 0x857080 new
0:00:00.015296177  3838 0x31a320 LOG   GST_POLL gstpoll.c:994:gst_poll_fd_ctl_write: 0x322810: pfd->events now 60 (POLLOUT:4)
0:00:00.019951622  3837 0x836370 LOG   GST_REGISTRY gstregistrychunks.c:610:gst_registry_chunks_load_feature: Reading/casting for GstRegistryChunkElementFactory at address 0x853088
0:00:00.015302623  3838 0x31a320 DEBUG   GST_POLL gstpoll.c:980:gst_poll_fd_ctl_write: 0x322810: fd (fd:0, idx:1), active : 1
0:00:00.019958360  3837 0x836370 TRACE   structure gststructure.c:287:gst_structure_new_id_empty_with_size: created structure 0x857ad0
0:00:00.015309673  3838 0x31a320 LOG   GST_POLL gstpoll.c:994:gst_poll_fd_ctl_write: 0x322810: pfd->events now 60 (POLLOUT:4)
0:00:00.019964485  3837 0x836370 DEBUG   structure gststructure.c:2203:gst_structure_parse_field: trying field name 'long-name'
0:00:00.015316833  3838 0x31a320 DEBUG   GST_POLL gstpoll.c:980:gst_poll_fd_ctl_write: 0x322810: fd (fd:0, idx:1), active : 1
0:00:00.019980926  3837 0x836370 DEBUG   default gstvalue.c:2676:_priv_gst_value_parse_value: trying type name 'string'
0:00:00.015332933  3838 0x31a320 LOG   GST_POLL gstpoll.c:994:gst_poll_fd_ctl_write: 0x322810: pfd->events now 60 (POLLOUT:4)
0:00:00.019987887  3837 0x836370 DEBUG   structure gststructure.c:2203:gst_structure_parse_field: trying field name 'klass'
0:00:00.015339415  3838 0x31a320 DEBUG   GST_POLL gstpoll.c:980:gst_poll_fd_ctl_write: 0x322810: fd (fd:0, idx:1), active : 1
0:00:00.019993696  3837 0x836370 DEBUG   default gstvalue.c:2676:_priv_gst_value_parse_value: trying type name 'string'
0:00:00.015345953  3838 0x31a320 LOG   GST_POLL gstpoll.c:994:gst_poll_fd_ctl_write: 0x322810: pfd->events now 60 (POLLOUT:4)
0:00:00.020000041  3837 0x836370 DEBUG   structure gststructure.c:2203:gst_structure_parse_field: trying field name 'description'
0:00:00.015352186  3838 0x31a320 DEBUG   GST_POLL gstpoll.c:980:gst_poll_fd_ctl_write: 0x322810: fd (fd:0, idx:1), active : 1
0:00:00.020006283  3837 0x836370 DEBUG   default gstvalue.c:2676:_priv_gst_value_parse_value: trying type name 'string'
0:00:00.015358295  3838 0x31a320 LOG   GST_POLL gstpoll.c:994:gst_poll_fd_ctl_write: 0x322810: pfd->events now 60 (POLLOUT:4)
0:00:00.020012479  3837 0x836370 DEBUG   structure gststructure.c:2203:gst_structure_parse_field: trying field name 'author'
0:00:00.015364265  3838 0x31a320 DEBUG   GST_POLL gstpoll.c:980:gst_poll_fd_ctl_write: 0x322810: fd (fd:0, idx:1), active : 1
0:00:00.020018533  3837 0x836370 DEBUG   default gstvalue.c:2676:_priv_gst_value_parse_value: trying type name 'string'
0:00:00.015374777  3838 0x31a320 LOG   GST_POLL gstpoll.c:994:gst_poll_fd_ctl_write: 0x322810: pfd->events now 60 (POLLOUT:4)
0:00:00.020029298  3837 0x836370 DEBUG   GST_REGISTRY gstregistrychunks.c:626:gst_registry_chunks_load_feature: Element factory : npadtemplates=1
0:00:00.015381104  3838 0x31a320 DEBUG   GST_POLL gstpoll.c:980:gst_poll_fd_ctl_write: 0x322810: fd (fd:0, idx:1), active : 1
0:00:00.020035255  3837 0x836370 DEBUG   GST_REGISTRY gstregistrychunks.c:526:gst_registry_chunks_load_pad_template: Reading/casting for GstRegistryChunkPadTemplate at address 0x8531a0
0:00:00.015387213  3838 0x31a320 LOG   GST_POLL gstpoll.c:994:gst_poll_fd_ctl_write: 0x322810: pfd->events now 60 (POLLOUT:4)
0:00:00.020041244  3837 0x836370 DEBUG   GST_REGISTRY gstregistrychunks.c:539:gst_registry_chunks_load_pad_template: Added pad_template src
0:00:00.015393286  3838 0x31a320 DEBUG   GST_POLL gstpoll.c:980:gst_poll_fd_ctl_write: 0x322810: fd (fd:0, idx:1), active : 1
0:00:00.020047888  3837 0x836370 DEBUG   GST_REGISTRY gstregistrychunks.c:639:gst_registry_chunks_load_feature: Reading 1 UriTypes at address 0x8531b0
0:00:00.015399539  3838 0x31a320 LOG   GST_POLL gstpoll.c:994:gst_poll_fd_ctl_write: 0x322810: pfd->events now 60 (POLLOUT:4)
0:00:00.020055245  3837 0x836370 DEBUG   GST_REGISTRY gstregistrychunks.c:654:gst_registry_chunks_load_feature: Reading 1 Interfaces at address 0x8531b9
0:00:00.015406356  3838 0x31a320 DEBUG   GST_POLL gstpoll.c:980:gst_poll_fd_ctl_write: 0x322810: fd (fd:0, idx:1), active : 1
0:00:00.020063309  3837 0x836370 DEBUG   GST_REGISTRY gstregistry.c:590:gst_registry_add_feature: adding feature 0x857080 (dataurisrc)
0:00:00.015413250  3838 0x31a320 LOG   GST_POLL gstpoll.c:994:gst_poll_fd_ctl_write: 0x322810: pfd->events now 60 (POLLOUT:4)
0:00:00.020069949  3837 0x836370 DEBUG   GST_REFCOUNTING gstobject.c:709:gst_object_set_parent: set parent (ref and sink)
0:00:00.015422042  3838 0x31a320 DEBUG   GST_POLL gstpoll.c:980:gst_poll_fd_ctl_write: 0x322810: fd (fd:0, idx:1), active : 1
0:00:00.020077530  3837 0x836370 TRACE   GST_REFCOUNTING gstobject.c:294:gst_object_ref_sink: 0x857080 ref_sink 1->2
0:00:00.015428288  3838 0x31a320 LOG   GST_POLL gstpoll.c:994:gst_poll_fd_ctl_write: 0x322810: pfd->events now 60 (POLLOUT:4)
0:00:00.020084550  3837 0x836370 LOG   GST_REGISTRY gstregistry.c:608:gst_registry_add_feature: emitting feature-added for dataurisrc
0:00:00.015436409  3838 0x31a320 DEBUG   GST_POLL gstpoll.c:980:gst_poll_fd_ctl_write: 0x322810: fd (fd:0, idx:1), active : 1
0:00:00.020092125  3837 0x836370 DEBUG   GST_REGISTRY gstregistrychunks.c:741:gst_registry_chunks_load_feature: Added feature dataurisrc, plugin 0x850200 coreelements
0:00:00.015442688  3838 0x31a320 LOG   GST_POLL gstpoll.c:994:gst_poll_fd_ctl_write: 0x322810: pfd->events now 60 (POLLOUT:4)
0:00:00.020099417  3837 0x836370 DEBUG   GST_REGISTRY gstregistrychunks.c:583:gst_registry_chunks_load_feature: Plugin 'coreelements' feature 'concat' typename : 'GstElementFactory'
0:00:00.015456314  3838 0x31a320 DEBUG   GST_POLL gstpoll.c:980:gst_poll_fd_ctl_write: 0x322810: fd (fd:0, idx:1), active : 1
0:00:00.020110700  3837 0x836370 TRACE   GST_REFCOUNTING gstobject.c:208:gst_object_init: 0x857c80 new
0:00:00.015462258  3838 0x31a320 LOG   GST_POLL gstpoll.c:994:gst_poll_fd_ctl_write: 0x322810: pfd->events now 60 (POLLOUT:4)
0:00:00.020118227  3837 0x836370 LOG   GST_REGISTRY gstregistrychunks.c:610:gst_registry_chunks_load_feature: Reading/casting for GstRegistryChunkElementFactory at address 0x8531e0
0:00:00.015469728  3838 0x31a320 DEBUG   GST_POLL gstpoll.c:980:gst_poll_fd_ctl_write: 0x322810: fd (fd:0, idx:1), active : 1
0:00:00.020125125  3837 0x836370 TRACE   structure gststructure.c:287:gst_structure_new_id_empty_with_size: created structure 0x857d70
0:00:00.015476389  3838 0x31a320 LOG   GST_POLL gstpoll.c:994:gst_poll_fd_ctl_write: 0x322810: pfd->events now 60 (POLLOUT:4)
0:00:00.020131154  3837 0x836370 DEBUG   structure gststructure.c:2203:gst_structure_parse_field: trying field name 'long-name'
0:00:00.015483279  3838 0x31a320 DEBUG   GST_POLL gstpoll.c:980:gst_poll_fd_ctl_write: 0x322810: fd (fd:0, idx:1), active : 1
0:00:00.020137508  3837 0x836370 DEBUG   default gstvalue.c:2676:_priv_gst_value_parse_value: trying type name 'string'
0:00:00.015489688  3838 0x31a320 LOG   GST_POLL gstpoll.c:994:gst_poll_fd_ctl_write: 0x322810: pfd->events now 60 (POLLOUT:4)
0:00:00.020144420  3837 0x836370 DEBUG   structure gststructure.c:2203:gst_structure_parse_field: trying field name 'klass'
0:00:00.020150376  3837 0x836370 DEBUG   default gstvalue.c:2676:_priv_gst_value_parse_value: trying type name 'string'
0:00:00.015500404  3838 0x31a320 DEBUG   GST_POLL gstpoll.c:980:gst_poll_fd_ctl_write: 0x322810: fd (fd:0, idx:1), active : 1
0:00:00.020156753  3837 0x836370 DEBUG   structure gststructure.c:2203:gst_structure_parse_field: trying field name 'description'
0:00:00.015508808  3838 0x31a320 LOG   GST_POLL gstpoll.c:994:gst_poll_fd_ctl_write: 0x322810: pfd->events now 60 (POLLOUT:4)
0:00:00.020163333  3837 0x836370 DEBUG   default gstvalue.c:2676:_priv_gst_value_parse_value: trying type name 'string'
0:00:00.015515525  3838 0x31a320 DEBUG   GST_POLL gstpoll.c:980:gst_poll_fd_ctl_write: 0x322810: fd (fd:0, idx:1), active : 1
0:00:00.020170077  3837 0x836370 DEBUG   structure gststructure.c:2203:gst_structure_parse_field: trying field name 'author'
0:00:00.015521495  3838 0x31a320 LOG   GST_POLL gstpoll.c:994:gst_poll_fd_ctl_write: 0x322810: pfd->events now 60 (POLLOUT:4)
0:00:00.020175977  3837 0x836370 DEBUG   default gstvalue.c:2676:_priv_gst_value_parse_value: trying type name 'string'
0:00:00.015528455  3838 0x31a320 DEBUG   GST_POLL gstpoll.c:980:gst_poll_fd_ctl_write: 0x322810: fd (fd:0, idx:1), active : 1
0:00:00.020183981  3837 0x836370 DEBUG   GST_REGISTRY gstregistrychunks.c:626:gst_registry_chunks_load_feature: Element factory : npadtemplates=2
0:00:00.015540040  3838 0x31a320 LOG   GST_POLL gstpoll.c:994:gst_poll_fd_ctl_write: 0x322810: pfd->events now 60 (POLLOUT:4)
0:00:00.020192634  3837 0x836370 DEBUG   GST_REGISTRY gstregistrychunks.c:526:gst_registry_chunks_load_pad_template: Reading/casting for GstRegistryChunkPadTemplate at address 0x8532b8
0:00:00.015546820  3838 0x31a320 DEBUG   GST_POLL gstpoll.c:980:gst_poll_fd_ctl_write: 0x322810: fd (fd:0, idx:1), active : 1
0:00:00.020199281  3837 0x836370 DEBUG   GST_REGISTRY gstregistrychunks.c:539:gst_registry_chunks_load_pad_template: Added pad_template src
0:00:00.015552930  3838 0x31a320 LOG   GST_POLL gstpoll.c:994:gst_poll_fd_ctl_write: 0x322810: pfd->events now 60 (POLLOUT:4)
0:00:00.020205474  3837 0x836370 DEBUG   GST_REGISTRY gstregistrychunks.c:526:gst_registry_chunks_load_pad_template: Reading/casting for GstRegistryChunkPadTemplate at address 0x8532c8
0:00:00.015559571  3838 0x31a320 DEBUG   GST_POLL gstpoll.c:980:gst_poll_fd_ctl_write: 0x322810: fd (fd:0, idx:1), active : 1
0:00:00.020212242  3837 0x836370 DEBUG   GST_REGISTRY gstregistrychunks.c:539:gst_registry_chunks_load_pad_template: Added pad_template sink_%u
0:00:00.015565967  3838 0x31a320 LOG   GST_POLL gstpoll.c:994:gst_poll_fd_ctl_write: 0x322810: pfd->events now 60 (POLLOUT:4)
0:00:00.015572654  3838 0x31a320 DEBUG   GST_POLL gstpoll.c:980:gst_poll_fd_ctl_write: 0x322810: fd (fd:0, idx:1), active : 1
0:00:00.020225285  3837 0x836370 DEBUG   GST_REGISTRY gstregistry.c:590:gst_registry_add_feature: adding feature 0x857c80 (concat)
0:00:00.015578294  3838 0x31a320 LOG   GST_POLL gstpoll.c:994:gst_poll_fd_ctl_write: 0x322810: pfd->events now 60 (POLLOUT:4)
0:00:00.020231944  3837 0x836370 DEBUG   GST_REFCOUNTING gstobject.c:709:gst_object_set_parent: set parent (ref and sink)
0:00:00.015584643  3838 0x31a320 DEBUG   GST_POLL gstpoll.c:980:gst_poll_fd_ctl_write: 0x322810: fd (fd:0, idx:1), active : 1
0:00:00.020239692  3837 0x836370 TRACE   GST_REFCOUNTING gstobject.c:294:gst_object_ref_sink: 0x857c80 ref_sink 1->2
0:00:00.015590540  3838 0x31a320 LOG   GST_POLL gstpoll.c:994:gst_poll_fd_ctl_write: 0x322810: pfd->events now 60 (POLLOUT:4)
0:00:00.020247124  3837 0x836370 LOG   GST_REGISTRY gstregistry.c:608:gst_registry_add_feature: emitting feature-added for concat
0:00:00.015598568  3838 0x31a320 DEBUG   GST_POLL gstpoll.c:980:gst_poll_fd_ctl_write: 0x322810: fd (fd:0, idx:1), active : 1
0:00:00.020253920  3837 0x836370 DEBUG   GST_REGISTRY gstregistrychunks.c:741:gst_registry_chunks_load_feature: Added feature concat, plugin 0x850200 coreelements
0:00:00.015605331  3838 0x31a320 LOG   GST_POLL gstpoll.c:994:gst_poll_fd_ctl_write: 0x322810: pfd->events now 60 (POLLOUT:4)
0:00:00.020261019  3837 0x836370 DEBUG   GST_REGISTRY gstregistrychunks.c:583:gst_registry_chunks_load_feature: Plugin 'coreelements' feature 'clocksync' typename : 'GstElementFactory'
0:00:00.015612602  3838 0x31a320 DEBUG   GST_POLL gstpoll.c:980:gst_poll_fd_ctl_write: 0x322810: fd (fd:0, idx:1), active : 1
0:00:00.020276678  3837 0x836370 TRACE   GST_REFCOUNTING gstobject.c:208:gst_object_init: 0x857f70 new
0:00:00.015627079  3838 0x31a320 LOG   GST_POLL gstpoll.c:994:gst_poll_fd_ctl_write: 0x322810: pfd->events now 60 (POLLOUT:4)
0:00:00.020284952  3837 0x836370 LOG   GST_REGISTRY gstregistrychunks.c:610:gst_registry_chunks_load_feature: Reading/casting for GstRegistryChunkElementFactory at address 0x8532f8
0:00:00.015635526  3838 0x31a320 DEBUG   GST_POLL gstpoll.c:980:gst_poll_fd_ctl_write: 0x322810: fd (fd:0, idx:1), active : 1
0:00:00.020291521  3837 0x836370 TRACE   structure gststructure.c:287:gst_structure_new_id_empty_with_size: created structure 0x858260
0:00:00.015643146  3838 0x31a320 LOG   GST_POLL gstpoll.c:994:gst_poll_fd_ctl_write: 0x322810: pfd->events now 60 (POLLOUT:4)
0:00:00.020297859  3837 0x836370 DEBUG   structure gststructure.c:2203:gst_structure_parse_field: trying field name 'long-name'
0:00:00.015649961  3838 0x31a320 DEBUG   GST_POLL gstpoll.c:980:gst_poll_fd_ctl_write: 0x322810: fd (fd:0, idx:1), active : 1
0:00:00.020303998  3837 0x836370 DEBUG   default gstvalue.c:2676:_priv_gst_value_parse_value: trying type name 'string'
0:00:00.015656317  3838 0x31a320 LOG   GST_POLL gstpoll.c:994:gst_poll_fd_ctl_write: 0x322810: pfd->events now 60 (POLLOUT:4)
0:00:00.015662443  3838 0x31a320 DEBUG   GST_POLL gstpoll.c:980:gst_poll_fd_ctl_write: 0x322810: fd (fd:0, idx:1), active : 1
0:00:00.015668080  3838 0x31a320 LOG   GST_POLL gstpoll.c:994:gst_poll_fd_ctl_write: 0x322810: pfd->events now 60 (POLLOUT:4)
0:00:00.020319513  3837 0x836370 DEBUG   structure gststructure.c:2203:gst_structure_parse_field: trying field name 'klass'
0:00:00.015673886  3838 0x31a320 DEBUG   GST_POLL gstpoll.c:980:gst_poll_fd_ctl_write: 0x322810: fd (fd:0, idx:1), active : 1
0:00:00.020326423  3837 0x836370 DEBUG   default gstvalue.c:2676:_priv_gst_value_parse_value: trying type name 'string'
0:00:00.015680086  3838 0x31a320 LOG   GST_POLL gstpoll.c:994:gst_poll_fd_ctl_write: 0x322810: pfd->events now 60 (POLLOUT:4)
0:00:00.020333287  3837 0x836370 DEBUG   structure gststructure.c:2203:gst_structure_parse_field: trying field name 'description'
0:00:00.015686628  3838 0x31a320 DEBUG   GST_POLL gstpoll.c:980:gst_poll_fd_ctl_write: 0x322810: fd (fd:0, idx:1), active : 1
0:00:00.020339444  3837 0x836370 DEBUG   default gstvalue.c:2676:_priv_gst_value_parse_value: trying type name 'string'
0:00:00.015692963  3838 0x31a320 LOG   GST_POLL gstpoll.c:994:gst_poll_fd_ctl_write: 0x322810: pfd->events now 60 (POLLOUT:4)
0:00:00.020345973  3837 0x836370 DEBUG   structure gststructure.c:2203:gst_structure_parse_field: trying field name 'author'
0:00:00.015699259  3838 0x31a320 DEBUG   GST_POLL gstpoll.c:980:gst_poll_fd_ctl_write: 0x322810: fd (fd:0, idx:1), active : 1
0:00:00.020351967  3837 0x836370 DEBUG   default gstvalue.c:2676:_priv_gst_value_parse_value: trying type name 'string'
0:00:00.015710389  3838 0x31a320 LOG   GST_POLL gstpoll.c:994:gst_poll_fd_ctl_write: 0x322810: pfd->events now 60 (POLLOUT:4)
0:00:00.020364195  3837 0x836370 DEBUG   GST_REGISTRY gstregistrychunks.c:626:gst_registry_chunks_load_feature: Element factory : npadtemplates=2
0:00:00.015717034  3838 0x31a320 DEBUG   GST_POLL gstpoll.c:980:gst_poll_fd_ctl_write: 0x322810: fd (fd:0, idx:1), active : 1
0:00:00.020370648  3837 0x836370 DEBUG   GST_REGISTRY gstregistrychunks.c:526:gst_registry_chunks_load_pad_template: Reading/casting for GstRegistryChunkPadTemplate at address 0x8533c8
0:00:00.015723491  3838 0x31a320 LOG   GST_POLL gstpoll.c:994:gst_poll_fd_ctl_write: 0x322810: pfd->events now 60 (POLLOUT:4)
0:00:00.020376918  3837 0x836370 DEBUG   GST_REGISTRY gstregistrychunks.c:539:gst_registry_chunks_load_pad_template: Added pad_template sink
0:00:00.015729974  3838 0x31a320 DEBUG   GST_POLL gstpoll.c:980:gst_poll_fd_ctl_write: 0x322810: fd (fd:0, idx:1), active : 1
0:00:00.020382836  3837 0x836370 DEBUG   GST_REGISTRY gstregistrychunks.c:526:gst_registry_chunks_load_pad_template: Reading/casting for GstRegistryChunkPadTemplate at address 0x8533e0
0:00:00.015736438  3838 0x31a320 LOG   GST_POLL gstpoll.c:994:gst_poll_fd_ctl_write: 0x322810: pfd->events now 60 (POLLOUT:4)
0:00:00.020389769  3837 0x836370 DEBUG   GST_REGISTRY gstregistrychunks.c:539:gst_registry_chunks_load_pad_template: Added pad_template src
0:00:00.015742888  3838 0x31a320 DEBUG   GST_POLL gstpoll.c:980:gst_poll_fd_ctl_write: 0x322810: fd (fd:0, idx:1), active : 1
0:00:00.020397502  3837 0x836370 DEBUG   GST_REGISTRY gstregistry.c:590:gst_registry_add_feature: adding feature 0x857f70 (clocksync)
0:00:00.015749277  3838 0x31a320 LOG   GST_POLL gstpoll.c:994:gst_poll_fd_ctl_write: 0x322810: pfd->events now 60 (POLLOUT:4)
0:00:00.020404123  3837 0x836370 DEBUG   GST_REFCOUNTING gstobject.c:709:gst_object_set_parent: set parent (ref and sink)
0:00:00.015756105  3838 0x31a320 DEBUG   GST_POLL gstpoll.c:980:gst_poll_fd_ctl_write: 0x322810: fd (fd:0, idx:1), active : 1
0:00:00.020412254  3837 0x836370 TRACE   GST_REFCOUNTING gstobject.c:294:gst_object_ref_sink: 0x857f70 ref_sink 1->2
0:00:00.015763159  3838 0x31a320 LOG   GST_POLL gstpoll.c:994:gst_poll_fd_ctl_write: 0x322810: pfd->events now 60 (POLLOUT:4)
0:00:00.020420024  3837 0x836370 LOG   GST_REGISTRY gstregistry.c:608:gst_registry_add_feature: emitting feature-added for clocksync
0:00:00.015771903  3838 0x31a320 DEBUG   GST_POLL gstpoll.c:980:gst_poll_fd_ctl_write: 0x322810: fd (fd:0, idx:1), active : 1
0:00:00.020427255  3837 0x836370 DEBUG   GST_REGISTRY gstregistrychunks.c:741:gst_registry_chunks_load_feature: Added feature clocksync, plugin 0x850200 coreelements
0:00:00.015778467  3838 0x31a320 LOG   GST_POLL gstpoll.c:994:gst_poll_fd_ctl_write: 0x322810: pfd->events now 60 (POLLOUT:4)
0:00:00.020434312  3837 0x836370 DEBUG   GST_REGISTRY gstregistrychunks.c:583:gst_registry_chunks_load_feature: Plugin 'coreelements' feature 'capsfilter' typename : 'GstElementFactory'
0:00:00.015790576  3838 0x31a320 DEBUG   GST_POLL gstpoll.c:980:gst_poll_fd_ctl_write: 0x322810: fd (fd:0, idx:1), active : 1
0:00:00.020444987  3837 0x836370 TRACE   GST_REFCOUNTING gstobject.c:208:gst_object_init: 0x858160 new
0:00:00.015797236  3838 0x31a320 LOG   GST_POLL gstpoll.c:994:gst_poll_fd_ctl_write: 0x322810: pfd->events now 60 (POLLOUT:4)
