******************************************************************************** conan test cci-36acbe07/recipes/gstreamer/all/test_package/conanfile.py gstreamer/1.18.3@#731e4de6d8fa997fd5fa80ca1dd1e1bf -pr /home/conan/w/prod/BuildSingleReference/236125/3a977cd3-57d2-4789-b0a6-a7657acb4454/profile_linux_12_libstdcpp_clang_release_64.gstreamer-shared-True.txt -c tools.system.package_manager:mode=install -c tools.system.package_manager:sudo=True ******************************************************************************** Configuration: [settings] arch=x86_64 build_type=Release compiler=clang compiler.libcxx=libstdc++ compiler.version=12 os=Linux [options] gstreamer:shared=True [build_requires] [env] [conf] tools.system.package_manager:mode=install tools.system.package_manager:sudo=True gstreamer/1.18.3 (test package): Installing package Requirements bzip2/1.0.8 from 'conan-center' - Cache glib/2.76.2 from 'conan-center' - Cache gstreamer/1.18.3 from local cache - Cache libelf/0.8.13 from 'conan-center' - Cache libffi/3.4.4 from 'conan-center' - Cache libmount/2.36.2 from 'conan-center' - Cache libselinux/3.3 from 'conan-center' - Cache pcre2/10.42 from 'conan-center' - Cache zlib/1.2.13 from 'conan-center' - Cache Packages bzip2/1.0.8:00c750ce60d90d17c6eb9a941db66d67f523d38f - Cache glib/2.76.2:a3499a0ad768c5089c02c5c748ea64d27839628e - Cache gstreamer/1.18.3:1f5f5d419fdfb792f06015b5de5ddcf61311d6c8 - Cache libelf/0.8.13:cf142e38e022cf2a99aadebfd8f37ead3e935ad7 - Cache libffi/3.4.4:cf142e38e022cf2a99aadebfd8f37ead3e935ad7 - Cache libmount/2.36.2:cf142e38e022cf2a99aadebfd8f37ead3e935ad7 - Cache libselinux/3.3:65c910116ee40993a35c3f0d88c416990bbccdcf - Cache pcre2/10.42:99a3ad63fefb65a42e5fb9683d036c577d3f9b74 - Cache zlib/1.2.13:cf142e38e022cf2a99aadebfd8f37ead3e935ad7 - Cache Installing (downloading, building) binaries... bzip2/1.0.8: Already installed! libelf/0.8.13: Already installed! libffi/3.4.4: Already installed! libmount/2.36.2: Already installed! zlib/1.2.13: Already installed! pcre2/10.42: Already installed! pcre2/10.42: Appending PATH environment variable: /home/conan/w/prod/BuildSingleReference/.conan/data/pcre2/10.42/_/_/package/99a3ad63fefb65a42e5fb9683d036c577d3f9b74/bin libselinux/3.3: Already installed! glib/2.76.2: Already installed! gstreamer/1.18.3: Already installed! gstreamer/1.18.3: Appending GST_PLUGIN_PATH env var : /home/conan/w/prod/BuildSingleReference/.conan/data/gstreamer/1.18.3/_/_/package/1f5f5d419fdfb792f06015b5de5ddcf61311d6c8/lib/gstreamer-1.0 gstreamer/1.18.3: Creating GSTREAMER_ROOT env var : /home/conan/w/prod/BuildSingleReference/.conan/data/gstreamer/1.18.3/_/_/package/1f5f5d419fdfb792f06015b5de5ddcf61311d6c8 gstreamer/1.18.3: Creating GST_PLUGIN_SCANNER env var : /home/conan/w/prod/BuildSingleReference/.conan/data/gstreamer/1.18.3/_/_/package/1f5f5d419fdfb792f06015b5de5ddcf61311d6c8/bin/gstreamer-1.0/gst-plugin-scanner gstreamer/1.18.3: Creating GSTREAMER_ROOT_X86_64 env var : /home/conan/w/prod/BuildSingleReference/.conan/data/gstreamer/1.18.3/_/_/package/1f5f5d419fdfb792f06015b5de5ddcf61311d6c8 gstreamer/1.18.3 (test package): Generator txt created conanbuildinfo.txt gstreamer/1.18.3 (test package): Calling generate() gstreamer/1.18.3 (test package): Preset 'release' added to CMakePresets.json. Invoke it manually using 'cmake --preset release' gstreamer/1.18.3 (test package): If your CMake version is not compatible with CMakePresets (<3.19) call cmake like: 'cmake -G "Unix Makefiles" -DCMAKE_TOOLCHAIN_FILE=/home/conan/w/prod/BuildSingleReference/cci-36acbe07/recipes/gstreamer/all/test_package/build/Release/generators/conan_toolchain.cmake -DCMAKE_POLICY_DEFAULT_CMP0091=NEW -DCMAKE_BUILD_TYPE=Release' gstreamer/1.18.3 (test package): Aggregating env generators gstreamer/1.18.3 (test package): Generated conaninfo.txt gstreamer/1.18.3 (test package): Generated graphinfo Using lockfile: '/home/conan/w/prod/BuildSingleReference/cci-36acbe07/recipes/gstreamer/all/test_package/build/Release/generators/conan.lock' Using cached profile from lockfile [HOOK - conan-center.py] pre_build(): [FPIC MANAGEMENT (KB-H007)] 'fPIC' option not found [HOOK - conan-center.py] pre_build(): [FPIC MANAGEMENT (KB-H007)] OK gstreamer/1.18.3 (test package): Calling build() gstreamer/1.18.3 (test package): CMake command: cmake -G "Unix Makefiles" -DCMAKE_TOOLCHAIN_FILE="/home/conan/w/prod/BuildSingleReference/cci-36acbe07/recipes/gstreamer/all/test_package/build/Release/generators/conan_toolchain.cmake" -DCMAKE_POLICY_DEFAULT_CMP0091="NEW" -DCMAKE_BUILD_TYPE="Release" "/home/conan/w/prod/BuildSingleReference/cci-36acbe07/recipes/gstreamer/all/test_package/." ----Running------ > cmake -G "Unix Makefiles" -DCMAKE_TOOLCHAIN_FILE="/home/conan/w/prod/BuildSingleReference/cci-36acbe07/recipes/gstreamer/all/test_package/build/Release/generators/conan_toolchain.cmake" -DCMAKE_POLICY_DEFAULT_CMP0091="NEW" -DCMAKE_BUILD_TYPE="Release" "/home/conan/w/prod/BuildSingleReference/cci-36acbe07/recipes/gstreamer/all/test_package/." ----------------- -- Using Conan toolchain: /home/conan/w/prod/BuildSingleReference/cci-36acbe07/recipes/gstreamer/all/test_package/build/Release/generators/conan_toolchain.cmake -- The C compiler identification is Clang 12.0.0 -- Check for working C compiler: /usr/local/bin/clang -- Check for working C compiler: /usr/local/bin/clang -- works -- Detecting C compiler ABI info -- Detecting C compiler ABI info - done -- Detecting C compile features -- Detecting C compile features - done -- Conan: Component target declared 'gstreamer::gstreamer-1.0' -- Conan: Component target declared 'gstreamer::gstreamer-base-1.0' -- Conan: Component target declared 'gstreamer::gstreamer-controller-1.0' -- Conan: Component target declared 'gstreamer::gstreamer-net-1.0' -- Conan: Component target declared 'gstreamer::gstreamer-check-1.0' -- Conan: Target declared 'gstreamer::gstreamer' -- Conan: Component target declared 'glib::glib-2.0' -- Conan: Component target declared 'glib::gmodule-no-export-2.0' -- Conan: Component target declared 'glib::gmodule-export-2.0' -- Conan: Component target declared 'glib::gmodule-2.0' -- Conan: Component target declared 'glib::gobject-2.0' -- Conan: Component target declared 'glib::gthread-2.0' -- Conan: Component target declared 'glib::gio-2.0' -- Conan: Component target declared 'glib::gresource' -- Conan: Component target declared 'glib::gio-unix-2.0' -- Conan: Target declared 'glib::glib' -- Conan: Component target declared 'PCRE2::8BIT' -- Conan: Component target declared 'PCRE2::POSIX' -- Conan: Component target declared 'PCRE2::16BIT' -- Conan: Component target declared 'PCRE2::32BIT' -- Conan: Target declared 'pcre2::pcre2' -- Conan: Target declared 'ZLIB::ZLIB' -- Conan: Target declared 'BZip2::BZip2' -- Conan: Including build module from '/home/conan/w/prod/BuildSingleReference/.conan/data/bzip2/1.0.8/_/_/package/00c750ce60d90d17c6eb9a941db66d67f523d38f/lib/cmake/conan-official-bzip2-variables.cmake' -- Conan: Target declared 'libffi::libffi' -- Conan: Target declared 'libmount::libmount' -- Conan: Component target declared 'libselinux::sepol' -- Conan: Component target declared 'libselinux::selinux' -- Conan: Target declared 'libselinux::libselinux' -- Conan: Target declared 'libelf::libelf' -- Found PkgConfig: /usr/bin/pkg-config (found version "0.29.1") -- Checking for module 'gstreamer-1.0' -- Found gstreamer-1.0, version 1.18.3 -- Checking for module 'gstreamer-base-1.0' -- Found gstreamer-base-1.0, version 1.18.3 -- Checking for module 'gstreamer-controller-1.0' -- Found gstreamer-controller-1.0, version 1.18.3 -- Checking for module 'gstreamer-net-1.0' -- Found gstreamer-net-1.0, version 1.18.3 -- Checking for module 'gstreamer-check-1.0' -- Found gstreamer-check-1.0, version 1.18.3 -- Checking for module 'gstcoreelements' -- No package 'gstcoreelements' found -- Configuring done -- Generating done -- Build files have been written to: /home/conan/w/prod/BuildSingleReference/cci-36acbe07/recipes/gstreamer/all/test_package/build/Release gstreamer/1.18.3 (test package): CMake command: cmake --build "/home/conan/w/prod/BuildSingleReference/cci-36acbe07/recipes/gstreamer/all/test_package/build/Release" '--' '-j3' ----Running------ > cmake --build "/home/conan/w/prod/BuildSingleReference/cci-36acbe07/recipes/gstreamer/all/test_package/build/Release" '--' '-j3' ----------------- Scanning dependencies of target test_package [ 50%] Building C object CMakeFiles/test_package.dir/test_package.c.o [100%] Linking C executable test_package [100%] Built target test_package gstreamer/1.18.3 (test package): Running test() ----Running------ > . "/home/conan/w/prod/BuildSingleReference/cci-36acbe07/recipes/gstreamer/all/test_package/build/Release/generators/conanrun.sh" && timeout --kill-after=10s 5s ./test_package ----------------- GStreamer version: GStreamer 1.18.3 fakesink has been created successfully fakesrc has been created successfully CMake Warning: Manually-specified variables were not used by the project: CMAKE_POLICY_DEFAULT_CMP0091
0:00:00.000101647  3837 0x836370 INFO   GST_INIT gst.c:586:init_pre: Initializing GStreamer Core Library version 1.18.3
0:00:00.000166453  3837 0x836370 INFO   GST_INIT gst.c:587:init_pre: Using library installed in /home/conan/w/prod/BuildSingleReference/.conan/data/gstreamer/1.18.3/_/_/package/1f5f5d419fdfb792f06015b5de5ddcf61311d6c8/lib
0:00:00.000183964  3837 0x836370 INFO   GST_INIT gst.c:607:init_pre: Linux jnlp-linux-clang-12-ubuntu16.04-1.59.0-m67mx 5.10.162+ #1 SMP Wed Mar 1 09:59:00 UTC 2023 x86_64
0:00:00.000272849  3837 0x836370 DEBUG   GST_MEMORY gstallocator.c:589:_priv_gst_allocator_initialize: memory alignment: 7
0:00:00.000389604  3837 0x836370 TRACE   GST_REFCOUNTING gstobject.c:208:gst_object_init: 0x838f10 new
0:00:00.000397746  3837 0x836370 DEBUG   GST_MEMORY gstallocator.c:565:gst_allocator_sysmem_init: init allocator 0x838f10
0:00:00.000421433  3837 0x836370 TRACE   GST_REFCOUNTING gstobject.c:294:gst_object_ref_sink: 0x838f10 ref_sink 1->2
0:00:00.000432435  3837 0x836370 TRACE   GST_REFCOUNTING gstobject.c:238:gst_object_ref: 0x838f10 ref 1->2
0:00:00.000440552  3837 0x836370 DEBUG   GST_MEMORY gstallocator.c:207:gst_allocator_register: registering allocator 0x838f10 with name "SystemMemory"
0:00:00.000450011  3837 0x836370 TRACE   GST_REFCOUNTING gstobject.c:238:gst_object_ref: 0x838f10 ref 2->3
0:00:00.000497672  3837 0x836370 TRACE   GST_CAPS gstcaps.c:263:gst_caps_new_empty: created caps 0x832b60
0:00:00.000504316  3837 0x836370 TRACE   GST_CAPS gstcaps.c:263:gst_caps_new_empty: created caps 0x832be0
0:00:00.000528765  3837 0x836370 TRACE   caps-features gstcapsfeatures.c:191:gst_caps_features_new_empty: created caps features 0x831d00
0:00:00.000535036  3837 0x836370 TRACE   caps-features gstcapsfeatures.c:191:gst_caps_features_new_empty: created caps features 0x832e70
0:00:00.000542625  3837 0x836370 INFO   GST_INIT gstmessage.c:129:_priv_gst_message_initialize: init messages
0:00:00.000609494  3837 0x836370 TRACE   structure gststructure.c:287:gst_structure_new_id_empty_with_size: created structure 0x83c9c0
0:00:00.000620190  3837 0x836370 DEBUG   GST_ELEMENT_PADS gstelement.c:312:gst_element_base_class_init: type GstElement : factory (nil)
0:00:00.000677693  3837 0x836370 TRACE   structure gststructure.c:287:gst_structure_new_id_empty_with_size: created structure 0x83dac0
0:00:00.000684050  3837 0x836370 TRACE   GST_PERFORMANCE gststructure.c:509:gst_structure_copy: doing copy 0x83c9c0 -> 0x83dac0
0:00:00.000690459  3837 0x836370 DEBUG   GST_ELEMENT_PADS gstelement.c:312:gst_element_base_class_init: type GstBin : factory (nil)
0:00:00.001016330  3837 0x836370 INFO   GST_INIT gstcontext.c:85:_priv_gst_context_initialize: init contexts
0:00:00.001221491  3837 0x836370 INFO   GST_PLUGIN_LOADING gstplugin.c:325:_priv_gst_plugin_initialize: registering 0 static plugins
0:00:00.001246227  3837 0x836370 LOG   GST_PLUGIN_LOADING gstplugin.c:230:gst_plugin_register_static: attempting to load static plugin "staticelements" now...
0:00:00.001258161  3837 0x836370 TRACE   GST_REFCOUNTING gstobject.c:208:gst_object_init: 0x84d850 new
0:00:00.001269252  3837 0x836370 LOG   GST_PLUGIN_LOADING gstplugin.c:514:gst_plugin_register_func: plugin "(NULL)" looks good
0:00:00.001286405  3837 0x836370 TRACE   GST_REFCOUNTING gstobject.c:208:gst_object_init: 0x84dd10 new
0:00:00.001299604  3837 0x836370 TRACE   GST_REFCOUNTING gstobject.c:294:gst_object_ref_sink: 0x84dd10 ref_sink 1->2
0:00:00.001307504  3837 0x836370 TRACE   GST_REFCOUNTING gstobject.c:208:gst_object_init: 0x84ded0 new
0:00:00.001317240  3837 0x836370 LOG   GST_ELEMENT_FACTORY gstelementfactory.c:238:gst_element_register: Created new elementfactory for type GstBin
0:00:00.001326111  3837 0x836370 TRACE   structure gststructure.c:287:gst_structure_new_id_empty_with_size: created structure 0x84e130
0:00:00.001333189  3837 0x836370 TRACE   GST_PERFORMANCE gststructure.c:509:gst_structure_copy: doing copy 0x83dac0 -> 0x84e130
0:00:00.001345489  3837 0x836370 DEBUG   GST_REGISTRY gstregistry.c:590:gst_registry_add_feature: adding feature 0x84ded0 (bin)
0:00:00.001352550  3837 0x836370 DEBUG   GST_REFCOUNTING gstobject.c:709:gst_object_set_parent: set parent (ref and sink)
0:00:00.001359940  3837 0x836370 TRACE   GST_REFCOUNTING gstobject.c:294:gst_object_ref_sink: 0x84ded0 ref_sink 1->2
0:00:00.001366247  3837 0x836370 LOG   GST_REGISTRY gstregistry.c:608:gst_registry_add_feature: emitting feature-added for bin
0:00:00.001377680  3837 0x836370 TRACE   GST_REFCOUNTING gstobject.c:208:gst_object_init: 0x84e490 new
0:00:00.001386113  3837 0x836370 LOG   GST_ELEMENT_FACTORY gstelementfactory.c:238:gst_element_register: Created new elementfactory for type GstPipeline
0:00:00.001393601  3837 0x836370 TRACE   structure gststructure.c:287:gst_structure_new_id_empty_with_size: created structure 0x84e970
0:00:00.001400070  3837 0x836370 TRACE   GST_PERFORMANCE gststructure.c:509:gst_structure_copy: doing copy 0x83dac0 -> 0x84e970
0:00:00.001406705  3837 0x836370 DEBUG   GST_ELEMENT_PADS gstelement.c:312:gst_element_base_class_init: type GstPipeline : factory 0x84e490
0:00:00.001426470  3837 0x836370 TRACE   structure gststructure.c:287:gst_structure_new_id_empty_with_size: created structure 0x83e6a0
0:00:00.001432773  3837 0x836370 TRACE   GST_PERFORMANCE gststructure.c:509:gst_structure_copy: doing copy 0x84e970 -> 0x83e6a0
0:00:00.001440093  3837 0x836370 DEBUG   GST_REGISTRY gstregistry.c:590:gst_registry_add_feature: adding feature 0x84e490 (pipeline)
0:00:00.001445641  3837 0x836370 DEBUG   GST_REFCOUNTING gstobject.c:709:gst_object_set_parent: set parent (ref and sink)
0:00:00.001452607  3837 0x836370 TRACE   GST_REFCOUNTING gstobject.c:294:gst_object_ref_sink: 0x84e490 ref_sink 1->2
0:00:00.001464486  3837 0x836370 LOG   GST_REGISTRY gstregistry.c:608:gst_registry_add_feature: emitting feature-added for pipeline
0:00:00.001470256  3837 0x836370 LOG   GST_PLUGIN_LOADING gstplugin.c:541:gst_plugin_register_func: plugin "(NULL)" initialised
0:00:00.001476037  3837 0x836370 INFO   GST_PLUGIN_LOADING gstplugin.c:233:gst_plugin_register_static: registered static plugin "staticelements"
0:00:00.001482823  3837 0x836370 DEBUG   GST_REGISTRY gstregistry.c:474:gst_registry_add_plugin: adding plugin 0x84d850 for filename "(NULL)"
0:00:00.001489293  3837 0x836370 TRACE   GST_REFCOUNTING gstobject.c:294:gst_object_ref_sink: 0x84d850 ref_sink 1->2
0:00:00.001495607  3837 0x836370 LOG   GST_REGISTRY gstregistry.c:487:gst_registry_add_plugin: emitting plugin-added for filename "(NULL)"
0:00:00.001502136  3837 0x836370 INFO   GST_PLUGIN_LOADING gstplugin.c:235:gst_plugin_register_static: added static plugin "staticelements", result: 1
0:00:00.001523266  3837 0x836370 INFO   GST_REGISTRY gstregistry.c:1755:ensure_current_registry: reading registry cache: /home/conan/.cache/gstreamer-1.0/registry.x86_64.bin
0:00:00.001708553  3837 0x836370 INFO   GST_REGISTRY gstregistrybinary.c:584:priv_gst_registry_binary_read_cache: Unable to mmap file /home/conan/.cache/gstreamer-1.0/registry.x86_64.bin : Failed to open file “/home/conan/.cache/gstreamer-1.0/registry.x86_64.bin”: open() failed: No such file or directory
0:00:00.001737359  3837 0x836370 INFO   GST_REGISTRY gstregistrybinary.c:594:priv_gst_registry_binary_read_cache: Unable to read file /home/conan/.cache/gstreamer-1.0/registry.x86_64.bin : Failed to open file “/home/conan/.cache/gstreamer-1.0/registry.x86_64.bin”: No such file or directory
0:00:00.001745473  3837 0x836370 DEBUG   GST_REGISTRY gstregistry.c:1783:ensure_current_registry: Updating registry cache
0:00:00.001751828  3837 0x836370 INFO   GST_REGISTRY gstregistry.c:1614:scan_and_update_registry: Validating plugins from registry cache: /home/conan/.cache/gstreamer-1.0/registry.x86_64.bin
0:00:00.001757201  3837 0x836370 DEBUG   GST_REGISTRY gstregistry.c:1624:scan_and_update_registry: scanning paths added via --gst-plugin-path
0:00:00.001763807  3837 0x836370 DEBUG   GST_REGISTRY gstregistry.c:1640:scan_and_update_registry: GST_PLUGIN_PATH set to /home/conan/w/prod/BuildSingleReference/.conan/data/gstreamer/1.18.3/_/_/package/1f5f5d419fdfb792f06015b5de5ddcf61311d6c8/lib/gstreamer-1.0
0:00:00.001771850  3837 0x836370 DEBUG   GST_REGISTRY gstregistry.c:1380:gst_registry_scan_path_internal: scanning path /home/conan/w/prod/BuildSingleReference/.conan/data/gstreamer/1.18.3/_/_/package/1f5f5d419fdfb792f06015b5de5ddcf61311d6c8/lib/gstreamer-1.0
0:00:00.001822107  3837 0x836370 LOG   GST_REGISTRY gstregistry.c:1300:gst_registry_scan_path_level: file /home/conan/w/prod/BuildSingleReference/.conan/data/gstreamer/1.18.3/_/_/package/1f5f5d419fdfb792f06015b5de5ddcf61311d6c8/lib/gstreamer-1.0/libgstcoretracers.so looks like a possible module
0:00:00.001829920  3837 0x836370 DEBUG   GST_REGISTRY gstregistry.c:1361:gst_registry_scan_path_level: file /home/conan/w/prod/BuildSingleReference/.conan/data/gstreamer/1.18.3/_/_/package/1f5f5d419fdfb792f06015b5de5ddcf61311d6c8/lib/gstreamer-1.0/libgstcoretracers.so not yet in registry
0:00:00.001843520  3837 0x836370 DEBUG   GST_REGISTRY gstregistry.c:1161:gst_registry_scan_plugin_file: Starting plugin scanner for file /home/conan/w/prod/BuildSingleReference/.conan/data/gstreamer/1.18.3/_/_/package/1f5f5d419fdfb792f06015b5de5ddcf61311d6c8/lib/gstreamer-1.0/libgstcoretracers.so
0:00:00.001851021  3837 0x836370 TRACE   GST_REFCOUNTING gstobject.c:238:gst_object_ref: 0x84dd10 ref 1->2
0:00:00.001858696  3837 0x836370 DEBUG   GST_POLL gstpoll.c:681:gst_poll_new: 0x84fb80: new controllable : 0
0:00:00.001883481  3837 0x836370 DEBUG   GST_POLL gstpoll.c:848:gst_poll_add_fd_unlocked: 0x84fb80: fd (fd:4, idx:0)
0:00:00.001893487  3837 0x836370 DEBUG   GST_POLL gstpoll.c:1015:gst_poll_fd_ctl_read_unlocked: 0x84fb80: fd (fd:4, idx:0), active : 1
0:00:00.001900287  3837 0x836370 DEBUG   GST_REGISTRY gstregistry.c:1172:gst_registry_scan_plugin_file: Using scan-helper to load plugin /home/conan/w/prod/BuildSingleReference/.conan/data/gstreamer/1.18.3/_/_/package/1f5f5d419fdfb792f06015b5de5ddcf61311d6c8/lib/gstreamer-1.0/libgstcoretracers.so
0:00:00.001908347  3837 0x836370 LOG   GST_PLUGIN_LOADING gstpluginloader.c:474:gst_plugin_loader_spawn: Trying GST_PLUGIN_SCANNER env var: /home/conan/w/prod/BuildSingleReference/.conan/data/gstreamer/1.18.3/_/_/package/1f5f5d419fdfb792f06015b5de5ddcf61311d6c8/bin/gstreamer-1.0/gst-plugin-scanner
0:00:00.001915445  3837 0x836370 LOG   GST_PLUGIN_LOADING gstpluginloader.c:432:gst_plugin_loader_try_helper: Trying to spawn gst-plugin-scanner helper at /home/conan/w/prod/BuildSingleReference/.conan/data/gstreamer/1.18.3/_/_/package/1f5f5d419fdfb792f06015b5de5ddcf61311d6c8/bin/gstreamer-1.0/gst-plugin-scanner
0:00:00.002851056  3837 0x836370 DEBUG   GST_POLL gstpoll.c:848:gst_poll_add_fd_unlocked: 0x84fb80: fd (fd:7, idx:-1)
0:00:00.002876195  3837 0x836370 DEBUG   GST_POLL gstpoll.c:848:gst_poll_add_fd_unlocked: 0x84fb80: fd (fd:8, idx:-1)
0:00:00.002882892  3837 0x836370 DEBUG   GST_POLL gstpoll.c:1015:gst_poll_fd_ctl_read_unlocked: 0x84fb80: fd (fd:8, idx:2), active : 1
0:00:00.002888845  3837 0x836370 DEBUG   GST_POLL gstpoll.c:980:gst_poll_fd_ctl_write: 0x84fb80: fd (fd:7, idx:1), active : 1
0:00:00.002894734  3837 0x836370 LOG   GST_POLL gstpoll.c:994:gst_poll_fd_ctl_write: 0x84fb80: pfd->events now 60 (POLLOUT:4)
0:00:00.002902581  3837 0x836370 DEBUG   GST_POLL gstpoll.c:980:gst_poll_fd_ctl_write: 0x84fb80: fd (fd:7, idx:1), active : 1
0:00:00.002908838  3837 0x836370 LOG   GST_POLL gstpoll.c:994:gst_poll_fd_ctl_write: 0x84fb80: pfd->events now 60 (POLLOUT:4)
0:00:00.002916995  3837 0x836370 DEBUG   GST_POLL gstpoll.c:1414:gst_poll_wait: 0x84fb80: timeout :0:00:01.000000000
0:00:00.002937990  3837 0x836370 LOG   GST_PLUGIN_LOADING gstpluginloader.c:1028:exchange_packets: Poll res = 1. 24 bytes pending for write
0:00:00.002945877  3837 0x836370 DEBUG   GST_POLL gstpoll.c:1241:gst_poll_fd_has_error: 0x84fb80: fd (fd:8, idx:2) 0
0:00:00.002951700  3837 0x836370 DEBUG   GST_POLL gstpoll.c:1266:gst_poll_fd_can_read_unlocked: 0x84fb80: fd (fd:8, idx:2) 0
0:00:00.002964210  3837 0x836370 DEBUG   GST_POLL gstpoll.c:1195:gst_poll_fd_has_closed: 0x84fb80: fd (fd:8, idx:2) 0
0:00:00.002969840  3837 0x836370 DEBUG   GST_POLL gstpoll.c:1241:gst_poll_fd_has_error: 0x84fb80: fd (fd:7, idx:1) 0
0:00:00.002975322  3837 0x836370 DEBUG   GST_POLL gstpoll.c:1335:gst_poll_fd_can_write: 0x84fb80: fd (fd:7, idx:1) 1
0:00:00.002980965  3837 0x836370 LOG   GST_PLUGIN_LOADING gstpluginloader.c:690:write_one: Writing packet of size 12 bytes to fd 7
0:00:00.002993424  3837 0x836370 DEBUG   GST_POLL gstpoll.c:1414:gst_poll_wait: 0x84fb80: timeout :0:00:01.000000000
0:00:00.003000848  3837 0x836370 LOG   GST_PLUGIN_LOADING gstpluginloader.c:1028:exchange_packets: Poll res = 1. 12 bytes pending for write
0:00:00.003006821  3837 0x836370 DEBUG   GST_POLL gstpoll.c:1241:gst_poll_fd_has_error: 0x84fb80: fd (fd:8, idx:2) 0
0:00:00.003012278  3837 0x836370 DEBUG   GST_POLL gstpoll.c:1266:gst_poll_fd_can_read_unlocked: 0x84fb80: fd (fd:8, idx:2) 0
0:00:00.003017701  3837 0x836370 DEBUG   GST_POLL gstpoll.c:1195:gst_poll_fd_has_closed: 0x84fb80: fd (fd:8, idx:2) 0
0:00:00.003023130  3837 0x836370 DEBUG   GST_POLL gstpoll.c:1241:gst_poll_fd_has_error: 0x84fb80: fd (fd:7, idx:1) 0
0:00:00.003028683  3837 0x836370 DEBUG   GST_POLL gstpoll.c:1335:gst_poll_fd_can_write: 0x84fb80: fd (fd:7, idx:1) 1
0:00:00.003033856  3837 0x836370 LOG   GST_PLUGIN_LOADING gstpluginloader.c:690:write_one: Writing packet of size 12 bytes to fd 7
0:00:00.003041342  3837 0x836370 DEBUG   GST_POLL gstpoll.c:980:gst_poll_fd_ctl_write: 0x84fb80: fd (fd:7, idx:1), active : 0
0:00:00.003047096  3837 0x836370 LOG   GST_POLL gstpoll.c:994:gst_poll_fd_ctl_write: 0x84fb80: pfd->events now 56 (POLLOUT:4)
0:00:00.003053485  3837 0x836370 DEBUG   GST_POLL gstpoll.c:1414:gst_poll_wait: 0x84fb80: timeout :0:00:01.000000000
0:00:00.000056565  3838 0x31a320 INFO   GST_INIT gst.c:586:init_pre: Initializing GStreamer Core Library version 1.18.3
0:00:00.000103767  3838 0x31a320 INFO   GST_INIT gst.c:587:init_pre: Using library installed in /home/conan/w/prod/BuildSingleReference/.conan/data/gstreamer/1.18.3/_/_/package/1f5f5d419fdfb792f06015b5de5ddcf61311d6c8/lib
0:00:00.000117724  3838 0x31a320 INFO   GST_INIT gst.c:607:init_pre: Linux jnlp-linux-clang-12-ubuntu16.04-1.59.0-m67mx 5.10.162+ #1 SMP Wed Mar 1 09:59:00 UTC 2023 x86_64
0:00:00.000207945  3838 0x31a320 DEBUG   GST_MEMORY gstallocator.c:589:_priv_gst_allocator_initialize: memory alignment: 7
0:00:00.000288171  3838 0x31a320 TRACE   GST_REFCOUNTING gstobject.c:208:gst_object_init: 0x31cf90 new
0:00:00.000296887  3838 0x31a320 DEBUG   GST_MEMORY gstallocator.c:565:gst_allocator_sysmem_init: init allocator 0x31cf90
0:00:00.000314321  3838 0x31a320 TRACE   GST_REFCOUNTING gstobject.c:294:gst_object_ref_sink: 0x31cf90 ref_sink 1->2
0:00:00.000326677  3838 0x31a320 TRACE   GST_REFCOUNTING gstobject.c:238:gst_object_ref: 0x31cf90 ref 1->2
0:00:00.000343675  3838 0x31a320 DEBUG   GST_MEMORY gstallocator.c:207:gst_allocator_register: registering allocator 0x31cf90 with name "SystemMemory"
0:00:00.000352232  3838 0x31a320 TRACE   GST_REFCOUNTING gstobject.c:238:gst_object_ref: 0x31cf90 ref 2->3
0:00:00.000394354  3838 0x31a320 TRACE   GST_CAPS gstcaps.c:263:gst_caps_new_empty: created caps 0x316b60
0:00:00.000401642  3838 0x31a320 TRACE   GST_CAPS gstcaps.c:263:gst_caps_new_empty: created caps 0x316be0
0:00:00.000412009  3838 0x31a320 TRACE   caps-features gstcapsfeatures.c:191:gst_caps_features_new_empty: created caps features 0x315d00
0:00:00.000418214  3838 0x31a320 TRACE   caps-features gstcapsfeatures.c:191:gst_caps_features_new_empty: created caps features 0x316e70
0:00:00.000425706  3838 0x31a320 INFO   GST_INIT gstmessage.c:129:_priv_gst_message_initialize: init messages
0:00:00.000485554  3838 0x31a320 TRACE   structure gststructure.c:287:gst_structure_new_id_empty_with_size: created structure 0x3209c0
0:00:00.000495152  3838 0x31a320 DEBUG   GST_ELEMENT_PADS gstelement.c:312:gst_element_base_class_init: type GstElement : factory (nil)
0:00:00.000540430  3838 0x31a320 TRACE   structure gststructure.c:287:gst_structure_new_id_empty_with_size: created structure 0x321ac0
0:00:00.000547540  3838 0x31a320 TRACE   GST_PERFORMANCE gststructure.c:509:gst_structure_copy: doing copy 0x3209c0 -> 0x321ac0
0:00:00.000554771  3838 0x31a320 DEBUG   GST_ELEMENT_PADS gstelement.c:312:gst_element_base_class_init: type GstBin : factory (nil)
0:00:00.000853573  3838 0x31a320 INFO   GST_INIT gstcontext.c:85:_priv_gst_context_initialize: init contexts
0:00:00.001090216  3838 0x31a320 INFO   GST_PLUGIN_LOADING gstplugin.c:325:_priv_gst_plugin_initialize: registering 0 static plugins
0:00:00.001112366  3838 0x31a320 LOG   GST_PLUGIN_LOADING gstplugin.c:230:gst_plugin_register_static: attempting to load static plugin "staticelements" now...
0:00:00.001128149  3838 0x31a320 TRACE   GST_REFCOUNTING gstobject.c:208:gst_object_init: 0x331850 new
0:00:00.001140201  3838 0x31a320 LOG   GST_PLUGIN_LOADING gstplugin.c:514:gst_plugin_register_func: plugin "(NULL)" looks good
0:00:00.001158503  3838 0x31a320 TRACE   GST_REFCOUNTING gstobject.c:208:gst_object_init: 0x331d10 new
0:00:00.001172406  3838 0x31a320 TRACE   GST_REFCOUNTING gstobject.c:294:gst_object_ref_sink: 0x331d10 ref_sink 1->2
0:00:00.001180524  3838 0x31a320 TRACE   GST_REFCOUNTING gstobject.c:208:gst_object_init: 0x331ed0 new
0:00:00.001190064  3838 0x31a320 LOG   GST_ELEMENT_FACTORY gstelementfactory.c:238:gst_element_register: Created new elementfactory for type GstBin
0:00:00.001198666  3838 0x31a320 TRACE   structure gststructure.c:287:gst_structure_new_id_empty_with_size: created structure 0x332130
0:00:00.001206099  3838 0x31a320 TRACE   GST_PERFORMANCE gststructure.c:509:gst_structure_copy: doing copy 0x321ac0 -> 0x332130
0:00:00.001228406  3838 0x31a320 DEBUG   GST_REGISTRY gstregistry.c:590:gst_registry_add_feature: adding feature 0x331ed0 (bin)
0:00:00.001236267  3838 0x31a320 DEBUG   GST_REFCOUNTING gstobject.c:709:gst_object_set_parent: set parent (ref and sink)
0:00:00.001244081  3838 0x31a320 TRACE   GST_REFCOUNTING gstobject.c:294:gst_object_ref_sink: 0x331ed0 ref_sink 1->2
0:00:00.001250723  3838 0x31a320 LOG   GST_REGISTRY gstregistry.c:608:gst_registry_add_feature: emitting feature-added for bin
0:00:00.001263258  3838 0x31a320 TRACE   GST_REFCOUNTING gstobject.c:208:gst_object_init: 0x332490 new
0:00:00.001271917  3838 0x31a320 LOG   GST_ELEMENT_FACTORY gstelementfactory.c:238:gst_element_register: Created new elementfactory for type GstPipeline
0:00:00.001279338  3838 0x31a320 TRACE   structure gststructure.c:287:gst_structure_new_id_empty_with_size: created structure 0x332970
0:00:00.001286007  3838 0x31a320 TRACE   GST_PERFORMANCE gststructure.c:509:gst_structure_copy: doing copy 0x321ac0 -> 0x332970
0:00:00.001292778  3838 0x31a320 DEBUG   GST_ELEMENT_PADS gstelement.c:312:gst_element_base_class_init: type GstPipeline : factory 0x332490
0:00:00.001314135  3838 0x31a320 TRACE   structure gststructure.c:287:gst_structure_new_id_empty_with_size: created structure 0x3226a0
0:00:00.001320884  3838 0x31a320 TRACE   GST_PERFORMANCE gststructure.c:509:gst_structure_copy: doing copy 0x332970 -> 0x3226a0
0:00:00.001328809  3838 0x31a320 DEBUG   GST_REGISTRY gstregistry.c:590:gst_registry_add_feature: adding feature 0x332490 (pipeline)
0:00:00.001334595  3838 0x31a320 DEBUG   GST_REFCOUNTING gstobject.c:709:gst_object_set_parent: set parent (ref and sink)
0:00:00.001341722  3838 0x31a320 TRACE   GST_REFCOUNTING gstobject.c:294:gst_object_ref_sink: 0x332490 ref_sink 1->2
0:00:00.001348375  3838 0x31a320 LOG   GST_REGISTRY gstregistry.c:608:gst_registry_add_feature: emitting feature-added for pipeline
0:00:00.001354118  3838 0x31a320 LOG   GST_PLUGIN_LOADING gstplugin.c:541:gst_plugin_register_func: plugin "(NULL)" initialised
0:00:00.001360175  3838 0x31a320 INFO   GST_PLUGIN_LOADING gstplugin.c:233:gst_plugin_register_static: registered static plugin "staticelements"
0:00:00.001367155  3838 0x31a320 DEBUG   GST_REGISTRY gstregistry.c:474:gst_registry_add_plugin: adding plugin 0x331850 for filename "(NULL)"
0:00:00.001373742  3838 0x31a320 TRACE   GST_REFCOUNTING gstobject.c:294:gst_object_ref_sink: 0x331850 ref_sink 1->2
0:00:00.001380172  3838 0x31a320 LOG   GST_REGISTRY gstregistry.c:487:gst_registry_add_plugin: emitting plugin-added for filename "(NULL)"
0:00:00.001386708  3838 0x31a320 INFO   GST_PLUGIN_LOADING gstplugin.c:235:gst_plugin_register_static: added static plugin "staticelements", result: 1
0:00:00.001398543  3838 0x31a320 DEBUG   GST_REGISTRY gstregistry.c:1786:ensure_current_registry: Not updating registry cache (disabled)
0:00:00.001410089  3838 0x31a320 INFO   GST_REGISTRY gstregistry.c:1790:ensure_current_registry: registry reading and updating done, result = 1
0:00:00.001415284  3838 0x31a320 LOG   GST_REGISTRY gstregistry.c:1866:gst_update_registry: registry update succeeded
0:00:00.001427304  3838 0x31a320 INFO   GST_INIT gst.c:807:init_post: GLib runtime version: 2.76.2
0:00:00.001434270  3838 0x31a320 INFO   GST_INIT gst.c:809:init_post: GLib headers version: 2.76.2
0:00:00.001439737  3838 0x31a320 INFO   GST_INIT gst.c:810:init_post: initialized GStreamer successfully
0:00:00.001446782  3838 0x31a320 DEBUG   default gsttracerutils.c:77:_priv_gst_tracing_init: Initializing GstTracer
0:00:00.001463176  3838 0x31a320 DEBUG   GST_POLL gstpoll.c:681:gst_poll_new: 0x322810: new controllable : 0
0:00:00.001489271  3838 0x31a320 DEBUG   GST_POLL gstpoll.c:848:gst_poll_add_fd_unlocked: 0x322810: fd (fd:3, idx:0)
0:00:00.001503064  3838 0x31a320 DEBUG   GST_POLL gstpoll.c:1015:gst_poll_fd_ctl_read_unlocked: 0x322810: fd (fd:3, idx:0), active : 1
0:00:00.001519127  3838 0x31a320 DEBUG   GST_POLL gstpoll.c:848:gst_poll_add_fd_unlocked: 0x322810: fd (fd:0, idx:-1)
0:00:00.001525598  3838 0x31a320 DEBUG   GST_POLL gstpoll.c:848:gst_poll_add_fd_unlocked: 0x322810: fd (fd:5, idx:-1)
0:00:00.001531921  3838 0x31a320 DEBUG   GST_POLL gstpoll.c:1015:gst_poll_fd_ctl_read_unlocked: 0x322810: fd (fd:5, idx:2), active : 1
0:00:00.001537166  3838 0x31a320 DEBUG   GST_PLUGIN_LOADING gstpluginloader.c:583:_gst_plugin_loader_client_run: Plugin scanner child running. Waiting for instructions
0:00:00.001545887  3838 0x31a320 DEBUG   GST_POLL gstpoll.c:1414:gst_poll_wait: 0x322810: timeout :0:00:01.000000000
0:00:00.001558775  3838 0x31a320 LOG   GST_PLUGIN_LOADING gstpluginloader.c:1028:exchange_packets: Poll res = 1. 0 bytes pending for write
0:00:00.001566092  3838 0x31a320 DEBUG   GST_POLL gstpoll.c:1241:gst_poll_fd_has_error: 0x322810: fd (fd:5, idx:2) 0
0:00:00.001572171  3838 0x31a320 DEBUG   GST_POLL gstpoll.c:1266:gst_poll_fd_can_read_unlocked: 0x322810: fd (fd:5, idx:2) 1
0:00:00.001582792  3838 0x31a320 LOG   GST_PLUGIN_LOADING gstpluginloader.c:1006:read_one: No payload to read for 0 length packet type 5 tag 0
0:00:00.001589624  3838 0x31a320 DEBUG   GST_POLL gstpoll.c:980:gst_poll_fd_ctl_write: 0x322810: fd (fd:0, idx:1), active : 1
0:00:00.001595698  3838 0x31a320 LOG   GST_POLL gstpoll.c:994:gst_poll_fd_ctl_write: 0x322810: pfd->events now 60 (POLLOUT:4)
0:00:00.001601583  3838 0x31a320 LOG   GST_PLUGIN_LOADING gstpluginloader.c:934:handle_rx_packet: Got VERSION in child - replying 3
0:00:00.001608113  3838 0x31a320 DEBUG   GST_POLL gstpoll.c:1241:gst_poll_fd_has_error: 0x322810: fd (fd:0, idx:1) 0
0:00:00.001614250  3838 0x31a320 DEBUG   GST_POLL gstpoll.c:1335:gst_poll_fd_can_write: 0x322810: fd (fd:0, idx:1) 0
0:00:00.001620530  3838 0x31a320 DEBUG   GST_POLL gstpoll.c:1195:gst_poll_fd_has_closed: 0x322810: fd (fd:0, idx:1) 0
0:00:00.001632387  3838 0x31a320 DEBUG   GST_POLL gstpoll.c:1414:gst_poll_wait: 0x322810: timeout :0:00:01.000000000
0:00:00.001640591  3838 0x31a320 LOG   GST_PLUGIN_LOADING gstpluginloader.c:1028:exchange_packets: Poll res = 2. 80 bytes pending for write
0:00:00.001647023  3838 0x31a320 DEBUG   GST_POLL gstpoll.c:1241:gst_poll_fd_has_error: 0x322810: fd (fd:5, idx:2) 0
0:00:00.001653038  3838 0x31a320 DEBUG   GST_POLL gstpoll.c:1266:gst_poll_fd_can_read_unlocked: 0x322810: fd (fd:5, idx:2) 1
0:00:00.001660264  3838 0x31a320 LOG   GST_PLUGIN_LOADING gstpluginloader.c:1006:read_one: No payload to read for 0 length packet type 3 tag 0
0:00:00.001666849  3838 0x31a320 DEBUG   GST_POLL gstpoll.c:980:gst_poll_fd_ctl_write: 0x322810: fd (fd:0, idx:1), active : 1
0:00:00.001672598  3838 0x31a320 LOG   GST_POLL gstpoll.c:994:gst_poll_fd_ctl_write: 0x322810: pfd->events now 60 (POLLOUT:4)
0:00:00.001677859  3838 0x31a320 LOG   GST_PLUGIN_LOADING gstpluginloader.c:919:handle_rx_packet: Got SYNC in child - replying
0:00:00.001684368  3838 0x31a320 DEBUG   GST_POLL gstpoll.c:1241:gst_poll_fd_has_error: 0x322810: fd (fd:0, idx:1) 0
0:00:00.001690703  3838 0x31a320 DEBUG   GST_POLL gstpoll.c:1335:gst_poll_fd_can_write: 0x322810: fd (fd:0, idx:1) 1
0:00:00.001696430  3838 0x31a320 LOG   GST_PLUGIN_LOADING gstpluginloader.c:690:write_one: Writing packet of size 80 bytes to fd 0
0:00:00.001718089  3838 0x31a320 DEBUG   GST_POLL gstpoll.c:1414:gst_poll_wait: 0x322810: timeout :0:00:01.000000000
0:00:00.001726131  3838 0x31a320 LOG   GST_PLUGIN_LOADING gstpluginloader.c:1028:exchange_packets: Poll res = 1. 12 bytes pending for write
0:00:00.001732331  3838 0x31a320 DEBUG   GST_POLL gstpoll.c:1241:gst_poll_fd_has_error: 0x322810: fd (fd:5, idx:2) 0
0:00:00.001738336  3838 0x31a320 DEBUG   GST_POLL gstpoll.c:1266:gst_poll_fd_can_read_unlocked: 0x322810: fd (fd:5, idx:2) 0
0:00:00.001743995  3838 0x31a320 DEBUG   GST_POLL gstpoll.c:1195:gst_poll_fd_has_closed: 0x322810: fd (fd:5, idx:2) 0
0:00:00.006390326  3837 0x836370 LOG   GST_PLUGIN_LOADING gstpluginloader.c:1028:exchange_packets: Poll res = 1. 0 bytes pending for write
0:00:00.001749602  3838 0x31a320 DEBUG   GST_POLL gstpoll.c:1241:gst_poll_fd_has_error: 0x322810: fd (fd:0, idx:1) 0
0:00:00.006412164  3837 0x836370 DEBUG   GST_POLL gstpoll.c:1241:gst_poll_fd_has_error: 0x84fb80: fd (fd:8, idx:2) 0
0:00:00.001762557  3838 0x31a320 DEBUG   GST_POLL gstpoll.c:1335:gst_poll_fd_can_write: 0x322810: fd (fd:0, idx:1) 1
0:00:00.006419248  3837 0x836370 DEBUG   GST_POLL gstpoll.c:1266:gst_poll_fd_can_read_unlocked: 0x84fb80: fd (fd:8, idx:2) 1
0:00:00.001770362  3838 0x31a320 LOG   GST_PLUGIN_LOADING gstpluginloader.c:690:write_one: Writing packet of size 12 bytes to fd 0
0:00:00.001779104  3838 0x31a320 DEBUG   GST_POLL gstpoll.c:980:gst_poll_fd_ctl_write: 0x322810: fd (fd:0, idx:1), active : 0
0:00:00.006438122  3837 0x836370 LOG   GST_PLUGIN_LOADING gstpluginloader.c:805:check_protocol_version: Got VERSION 3 from child. Ours is 3
0:00:00.001788932  3838 0x31a320 LOG   GST_POLL gstpoll.c:994:gst_poll_fd_ctl_write: 0x322810: pfd->events now 56 (POLLOUT:4)
0:00:00.006447171  3837 0x836370 DEBUG   GST_POLL gstpoll.c:1414:gst_poll_wait: 0x84fb80: timeout :0:00:01.000000000
0:00:00.001798117  3838 0x31a320 DEBUG   GST_POLL gstpoll.c:1414:gst_poll_wait: 0x322810: timeout :0:00:01.000000000
0:00:00.006456516  3837 0x836370 LOG   GST_PLUGIN_LOADING gstpluginloader.c:1028:exchange_packets: Poll res = 1. 0 bytes pending for write
0:00:00.006462937  3837 0x836370 DEBUG   GST_POLL gstpoll.c:1241:gst_poll_fd_has_error: 0x84fb80: fd (fd:8, idx:2) 0
0:00:00.006468451  3837 0x836370 DEBUG   GST_POLL gstpoll.c:1266:gst_poll_fd_can_read_unlocked: 0x84fb80: fd (fd:8, idx:2) 1
0:00:00.006475676  3837 0x836370 LOG   GST_PLUGIN_LOADING gstpluginloader.c:1006:read_one: No payload to read for 0 length packet type 3 tag 0
0:00:00.006486907  3837 0x836370 LOG   GST_PLUGIN_LOADING gstpluginloader.c:236:plugin_loader_load: Sending file /home/conan/w/prod/BuildSingleReference/.conan/data/gstreamer/1.18.3/_/_/package/1f5f5d419fdfb792f06015b5de5ddcf61311d6c8/lib/gstreamer-1.0/libgstcoretracers.so to child. tag 0
0:00:00.006500287  3837 0x836370 DEBUG   GST_POLL gstpoll.c:980:gst_poll_fd_ctl_write: 0x84fb80: fd (fd:7, idx:1), active : 1
0:00:00.006506628  3837 0x836370 LOG   GST_POLL gstpoll.c:994:gst_poll_fd_ctl_write: 0x84fb80: pfd->events now 60 (POLLOUT:4)
0:00:00.006513276  3837 0x836370 DEBUG   GST_POLL gstpoll.c:1414:gst_poll_wait: 0x84fb80: timeout :0:00:01.000000000
0:00:00.006521743  3837 0x836370 LOG   GST_PLUGIN_LOADING gstpluginloader.c:1028:exchange_packets: Poll res = 1. 173 bytes pending for write
0:00:00.006528065  3837 0x836370 DEBUG   GST_POLL gstpoll.c:1241:gst_poll_fd_has_error: 0x84fb80: fd (fd:8, idx:2) 0
0:00:00.006533637  3837 0x836370 DEBUG   GST_POLL gstpoll.c:1266:gst_poll_fd_can_read_unlocked: 0x84fb80: fd (fd:8, idx:2) 0
0:00:00.006539156  3837 0x836370 DEBUG   GST_POLL gstpoll.c:1195:gst_poll_fd_has_closed: 0x84fb80: fd (fd:8, idx:2) 0
0:00:00.006544548  3837 0x836370 DEBUG   GST_POLL gstpoll.c:1241:gst_poll_fd_has_error: 0x84fb80: fd (fd:7, idx:1) 0
0:00:00.006549994  3837 0x836370 DEBUG   GST_POLL gstpoll.c:1335:gst_poll_fd_can_write: 0x84fb80: fd (fd:7, idx:1) 1
0:00:00.006555682  3837 0x836370 LOG   GST_PLUGIN_LOADING gstpluginloader.c:690:write_one: Writing packet of size 173 bytes to fd 7
0:00:00.006572218  3837 0x836370 DEBUG   GST_POLL gstpoll.c:980:gst_poll_fd_ctl_write: 0x84fb80: fd (fd:7, idx:1), active : 0
0:00:00.006578325  3837 0x836370 LOG   GST_POLL gstpoll.c:994:gst_poll_fd_ctl_write: 0x84fb80: pfd->events now 56 (POLLOUT:4)
0:00:00.001944908  3838 0x31a320 LOG   GST_PLUGIN_LOADING gstpluginloader.c:1028:exchange_packets: Poll res = 1. 0 bytes pending for write
0:00:00.001953559  3838 0x31a320 DEBUG   GST_POLL gstpoll.c:1241:gst_poll_fd_has_error: 0x322810: fd (fd:5, idx:2) 0
0:00:00.006608030  3837 0x836370 LOG   GST_REGISTRY gstregistry.c:1300:gst_registry_scan_path_level: file /home/conan/w/prod/BuildSingleReference/.conan/data/gstreamer/1.18.3/_/_/package/1f5f5d419fdfb792f06015b5de5ddcf61311d6c8/lib/gstreamer-1.0/libgstcoreelements.so looks like a possible module
0:00:00.001964595  3838 0x31a320 DEBUG   GST_POLL gstpoll.c:1266:gst_poll_fd_can_read_unlocked: 0x322810: fd (fd:5, idx:2) 1
0:00:00.006634339  3837 0x836370 DEBUG   GST_REGISTRY gstregistry.c:1361:gst_registry_scan_path_level: file /home/conan/w/prod/BuildSingleReference/.conan/data/gstreamer/1.18.3/_/_/package/1f5f5d419fdfb792f06015b5de5ddcf61311d6c8/lib/gstreamer-1.0/libgstcoreelements.so not yet in registry
0:00:00.001993798  3838 0x31a320 DEBUG   GST_PLUGIN_LOADING gstpluginloader.c:722:do_plugin_load: Plugin scanner loading file /home/conan/w/prod/BuildSingleReference/.conan/data/gstreamer/1.18.3/_/_/package/1f5f5d419fdfb792f06015b5de5ddcf61311d6c8/lib/gstreamer-1.0/libgstcoretracers.so. tag 0
0:00:00.006646402  3837 0x836370 DEBUG   GST_REGISTRY gstregistry.c:1172:gst_registry_scan_plugin_file: Using scan-helper to load plugin /home/conan/w/prod/BuildSingleReference/.conan/data/gstreamer/1.18.3/_/_/package/1f5f5d419fdfb792f06015b5de5ddcf61311d6c8/lib/gstreamer-1.0/libgstcoreelements.so
0:00:00.002004142  3838 0x31a320 DEBUG   GST_PLUGIN_LOADING gstplugin.c:768:_priv_gst_plugin_load_file_for_registry: attempt to load plugin "/home/conan/w/prod/BuildSingleReference/.conan/data/gstreamer/1.18.3/_/_/package/1f5f5d419fdfb792f06015b5de5ddcf61311d6c8/lib/gstreamer-1.0/libgstcoretracers.so"
0:00:00.006658727  3837 0x836370 LOG   GST_PLUGIN_LOADING gstpluginloader.c:236:plugin_loader_load: Sending file /home/conan/w/prod/BuildSingleReference/.conan/data/gstreamer/1.18.3/_/_/package/1f5f5d419fdfb792f06015b5de5ddcf61311d6c8/lib/gstreamer-1.0/libgstcoreelements.so to child. tag 1
0:00:00.006672628  3837 0x836370 DEBUG   GST_POLL gstpoll.c:980:gst_poll_fd_ctl_write: 0x84fb80: fd (fd:7, idx:1), active : 1
0:00:00.006681332  3837 0x836370 LOG   GST_POLL gstpoll.c:994:gst_poll_fd_ctl_write: 0x84fb80: pfd->events now 60 (POLLOUT:4)
0:00:00.006689028  3837 0x836370 DEBUG   GST_POLL gstpoll.c:1414:gst_poll_wait: 0x84fb80: timeout :0:00:01.000000000
0:00:00.006697241  3837 0x836370 LOG   GST_PLUGIN_LOADING gstpluginloader.c:1028:exchange_packets: Poll res = 1. 174 bytes pending for write
0:00:00.006703656  3837 0x836370 DEBUG   GST_POLL gstpoll.c:1241:gst_poll_fd_has_error: 0x84fb80: fd (fd:8, idx:2) 0
0:00:00.006709260  3837 0x836370 DEBUG   GST_POLL gstpoll.c:1266:gst_poll_fd_can_read_unlocked: 0x84fb80: fd (fd:8, idx:2) 0
0:00:00.006714689  3837 0x836370 DEBUG   GST_POLL gstpoll.c:1195:gst_poll_fd_has_closed: 0x84fb80: fd (fd:8, idx:2) 0
0:00:00.006720058  3837 0x836370 DEBUG   GST_POLL gstpoll.c:1241:gst_poll_fd_has_error: 0x84fb80: fd (fd:7, idx:1) 0
0:00:00.006725614  3837 0x836370 DEBUG   GST_POLL gstpoll.c:1335:gst_poll_fd_can_write: 0x84fb80: fd (fd:7, idx:1) 1
0:00:00.006730840  3837 0x836370 LOG   GST_PLUGIN_LOADING gstpluginloader.c:690:write_one: Writing packet of size 174 bytes to fd 7
0:00:00.006747984  3837 0x836370 DEBUG   GST_POLL gstpoll.c:980:gst_poll_fd_ctl_write: 0x84fb80: fd (fd:7, idx:1), active : 0
0:00:00.006753660  3837 0x836370 LOG   GST_POLL gstpoll.c:994:gst_poll_fd_ctl_write: 0x84fb80: pfd->events now 56 (POLLOUT:4)
0:00:00.006777031  3837 0x836370 DEBUG   GST_REGISTRY gstregistry.c:1384:gst_registry_scan_path_internal: registry changed in path /home/conan/w/prod/BuildSingleReference/.conan/data/gstreamer/1.18.3/_/_/package/1f5f5d419fdfb792f06015b5de5ddcf61311d6c8/lib/gstreamer-1.0: 0
0:00:00.006786116  3837 0x836370 DEBUG   GST_REGISTRY gstregistry.c:1659:scan_and_update_registry: GST_PLUGIN_SYSTEM_PATH not set
0:00:00.006798961  3837 0x836370 DEBUG   GST_REGISTRY gstregistry.c:1666:scan_and_update_registry: scanning home plugins /home/conan/.local/share/gstreamer-1.0/plugins
0:00:00.006805331  3837 0x836370 DEBUG   GST_REGISTRY gstregistry.c:1380:gst_registry_scan_path_internal: scanning path /home/conan/.local/share/gstreamer-1.0/plugins
0:00:00.006826529  3837 0x836370 DEBUG   GST_REGISTRY gstregistry.c:1384:gst_registry_scan_path_internal: registry changed in path /home/conan/.local/share/gstreamer-1.0/plugins: 0
0:00:00.006833305  3837 0x836370 DEBUG   GST_REGISTRY gstregistry.c:1691:scan_and_update_registry: scanning main plugins /home/conan/w/prod/BuildSingleReference/.conan/data/gstreamer/1.18.3/_/_/package/1f5f5d419fdfb792f06015b5de5ddcf61311d6c8/lib/gstreamer-1.0
0:00:00.006839441  3837 0x836370 DEBUG   GST_REGISTRY gstregistry.c:1380:gst_registry_scan_path_internal: scanning path /home/conan/w/prod/BuildSingleReference/.conan/data/gstreamer/1.18.3/_/_/package/1f5f5d419fdfb792f06015b5de5ddcf61311d6c8/lib/gstreamer-1.0
0:00:00.006877350  3837 0x836370 LOG   GST_REGISTRY gstregistry.c:1300:gst_registry_scan_path_level: file /home/conan/w/prod/BuildSingleReference/.conan/data/gstreamer/1.18.3/_/_/package/1f5f5d419fdfb792f06015b5de5ddcf61311d6c8/lib/gstreamer-1.0/libgstcoretracers.so looks like a possible module
0:00:00.006885117  3837 0x836370 DEBUG   GST_REGISTRY gstregistry.c:1361:gst_registry_scan_path_level: file /home/conan/w/prod/BuildSingleReference/.conan/data/gstreamer/1.18.3/_/_/package/1f5f5d419fdfb792f06015b5de5ddcf61311d6c8/lib/gstreamer-1.0/libgstcoretracers.so not yet in registry
0:00:00.002239435  3838 0x31a320 TRACE   GST_REFCOUNTING gstobject.c:208:gst_object_init: 0x333e70 new
0:00:00.006891734  3837 0x836370 DEBUG   GST_REGISTRY gstregistry.c:1172:gst_registry_scan_plugin_file: Using scan-helper to load plugin /home/conan/w/prod/BuildSingleReference/.conan/data/gstreamer/1.18.3/_/_/package/1f5f5d419fdfb792f06015b5de5ddcf61311d6c8/lib/gstreamer-1.0/libgstcoretracers.so
0:00:00.006905239  3837 0x836370 LOG   GST_PLUGIN_LOADING gstpluginloader.c:236:plugin_loader_load: Sending file /home/conan/w/prod/BuildSingleReference/.conan/data/gstreamer/1.18.3/_/_/package/1f5f5d419fdfb792f06015b5de5ddcf61311d6c8/lib/gstreamer-1.0/libgstcoretracers.so to child. tag 2
0:00:00.006912853  3837 0x836370 DEBUG   GST_POLL gstpoll.c:980:gst_poll_fd_ctl_write: 0x84fb80: fd (fd:7, idx:1), active : 1
0:00:00.002261946  3838 0x31a320 LOG   GST_PLUGIN_LOADING gstplugin.c:890:_priv_gst_plugin_load_file_for_registry: Plugin 0x333e70 for file "/home/conan/w/prod/BuildSingleReference/.conan/data/gstreamer/1.18.3/_/_/package/1f5f5d419fdfb792f06015b5de5ddcf61311d6c8/lib/gstreamer-1.0/libgstcoretracers.so" prepared, calling entry function...
0:00:00.006919316  3837 0x836370 LOG   GST_POLL gstpoll.c:994:gst_poll_fd_ctl_write: 0x84fb80: pfd->events now 60 (POLLOUT:4)
0:00:00.006930909  3837 0x836370 DEBUG   GST_POLL gstpoll.c:1414:gst_poll_wait: 0x84fb80: timeout :0:00:01.000000000
0:00:00.002281269  3838 0x31a320 LOG   GST_PLUGIN_LOADING gstplugin.c:897:_priv_gst_plugin_load_file_for_registry: Plugin 0x333e70 for file "/home/conan/w/prod/BuildSingleReference/.conan/data/gstreamer/1.18.3/_/_/package/1f5f5d419fdfb792f06015b5de5ddcf61311d6c8/lib/gstreamer-1.0/libgstcoretracers.so" prepared, registering...
0:00:00.006939085  3837 0x836370 LOG   GST_PLUGIN_LOADING gstpluginloader.c:1028:exchange_packets: Poll res = 1. 173 bytes pending for write
0:00:00.002289051  3838 0x31a320 LOG   GST_PLUGIN_LOADING gstplugin.c:514:gst_plugin_register_func: plugin "/home/conan/w/prod/BuildSingleReference/.conan/data/gstreamer/1.18.3/_/_/package/1f5f5d419fdfb792f06015b5de5ddcf61311d6c8/lib/gstreamer-1.0/libgstcoretracers.so" looks good
0:00:00.006946325  3837 0x836370 DEBUG   GST_POLL gstpoll.c:1241:gst_poll_fd_has_error: 0x84fb80: fd (fd:8, idx:2) 0
0:00:00.006953030  3837 0x836370 DEBUG   GST_POLL gstpoll.c:1266:gst_poll_fd_can_read_unlocked: 0x84fb80: fd (fd:8, idx:2) 0
0:00:00.006958632  3837 0x836370 DEBUG   GST_POLL gstpoll.c:1195:gst_poll_fd_has_closed: 0x84fb80: fd (fd:8, idx:2) 0
0:00:00.006964125  3837 0x836370 DEBUG   GST_POLL gstpoll.c:1241:gst_poll_fd_has_error: 0x84fb80: fd (fd:7, idx:1) 0
0:00:00.002314090  3838 0x31a320 TRACE   GST_REFCOUNTING gstobject.c:208:gst_object_init: 0x334150 new
0:00:00.006969715  3837 0x836370 DEBUG   GST_POLL gstpoll.c:1335:gst_poll_fd_can_write: 0x84fb80: fd (fd:7, idx:1) 1
0:00:00.002324578  3838 0x31a320 DEBUG   GST_TRACER gsttracer.c:169:gst_tracer_register: new tracer factory for latency
0:00:00.006975698  3837 0x836370 LOG   GST_PLUGIN_LOADING gstpluginloader.c:690:write_one: Writing packet of size 173 bytes to fd 7
0:00:00.002333727  3838 0x31a320 DEBUG   GST_TRACER gsttracer.c:177:gst_tracer_register: tracer factory for 3348192:GstLatencyTracer
0:00:00.006986348  3837 0x836370 DEBUG   GST_POLL gstpoll.c:980:gst_poll_fd_ctl_write: 0x84fb80: fd (fd:7, idx:1), active : 0
0:00:00.002342144  3838 0x31a320 DEBUG   GST_REGISTRY gstregistry.c:590:gst_registry_add_feature: adding feature 0x334150 (latency)
0:00:00.006993485  3837 0x836370 LOG   GST_POLL gstpoll.c:994:gst_poll_fd_ctl_write: 0x84fb80: pfd->events now 56 (POLLOUT:4)
0:00:00.002349121  3838 0x31a320 DEBUG   GST_REFCOUNTING gstobject.c:709:gst_object_set_parent: set parent (ref and sink)
0:00:00.002356032  3838 0x31a320 TRACE   GST_REFCOUNTING gstobject.c:294:gst_object_ref_sink: 0x334150 ref_sink 1->2
0:00:00.007009075  3837 0x836370 LOG   GST_REGISTRY gstregistry.c:1300:gst_registry_scan_path_level: file /home/conan/w/prod/BuildSingleReference/.conan/data/gstreamer/1.18.3/_/_/package/1f5f5d419fdfb792f06015b5de5ddcf61311d6c8/lib/gstreamer-1.0/libgstcoreelements.so looks like a possible module
0:00:00.002362112  3838 0x31a320 LOG   GST_REGISTRY gstregistry.c:608:gst_registry_add_feature: emitting feature-added for latency
0:00:00.007022174  3837 0x836370 DEBUG   GST_REGISTRY gstregistry.c:1361:gst_registry_scan_path_level: file /home/conan/w/prod/BuildSingleReference/.conan/data/gstreamer/1.18.3/_/_/package/1f5f5d419fdfb792f06015b5de5ddcf61311d6c8/lib/gstreamer-1.0/libgstcoreelements.so not yet in registry
0:00:00.007029242  3837 0x836370 DEBUG   GST_REGISTRY gstregistry.c:1172:gst_registry_scan_plugin_file: Using scan-helper to load plugin /home/conan/w/prod/BuildSingleReference/.conan/data/gstreamer/1.18.3/_/_/package/1f5f5d419fdfb792f06015b5de5ddcf61311d6c8/lib/gstreamer-1.0/libgstcoreelements.so
0:00:00.002380558  3838 0x31a320 TRACE   GST_REFCOUNTING gstobject.c:208:gst_object_init: 0x334640 new
0:00:00.007036107  3837 0x836370 LOG   GST_PLUGIN_LOADING gstpluginloader.c:236:plugin_loader_load: Sending file /home/conan/w/prod/BuildSingleReference/.conan/data/gstreamer/1.18.3/_/_/package/1f5f5d419fdfb792f06015b5de5ddcf61311d6c8/lib/gstreamer-1.0/libgstcoreelements.so to child. tag 3
0:00:00.002389001  3838 0x31a320 DEBUG   GST_TRACER gsttracer.c:169:gst_tracer_register: new tracer factory for log
0:00:00.007043476  3837 0x836370 DEBUG   GST_POLL gstpoll.c:980:gst_poll_fd_ctl_write: 0x84fb80: fd (fd:7, idx:1), active : 1
0:00:00.002397435  3838 0x31a320 DEBUG   GST_TRACER gsttracer.c:177:gst_tracer_register: tracer factory for 3359904:GstLogTracer
0:00:00.007049922  3837 0x836370 LOG   GST_POLL gstpoll.c:994:gst_poll_fd_ctl_write: 0x84fb80: pfd->events now 60 (POLLOUT:4)
