0:00:00.011461404  3838 0x31a320 DEBUG   GST_POLL gstpoll.c:1241:gst_poll_fd_has_error: 0x322810: fd (fd:5, idx:2) 0
0:00:00.011467162  3838 0x31a320 DEBUG   GST_POLL gstpoll.c:1266:gst_poll_fd_can_read_unlocked: 0x322810: fd (fd:5, idx:2) 1
0:00:00.011478219  3838 0x31a320 DEBUG   GST_PLUGIN_LOADING gstpluginloader.c:722:do_plugin_load: Plugin scanner loading file /home/conan/w/prod/BuildSingleReference/.conan/data/gstreamer/1.18.3/_/_/package/1f5f5d419fdfb792f06015b5de5ddcf61311d6c8/lib/gstreamer-1.0/libgstcoretracers.so. tag 2
0:00:00.011487730  3838 0x31a320 TRACE   GST_REFCOUNTING gstobject.c:238:gst_object_ref: 0x333e70 ref 1->2
0:00:00.016131148  3837 0x836370 LOG   GST_PLUGIN_LOADING gstpluginloader.c:1028:exchange_packets: Poll res = 1. 0 bytes pending for write
0:00:00.011499847  3838 0x31a320 TRACE   GST_REFCOUNTING gstobject.c:238:gst_object_ref: 0x334d70 ref 1->2
0:00:00.011516797  3838 0x31a320 TRACE   GST_REFCOUNTING gstobject.c:238:gst_object_ref: 0x334b20 ref 1->2
0:00:00.016167592  3837 0x836370 DEBUG   GST_POLL gstpoll.c:1241:gst_poll_fd_has_error: 0x84fb80: fd (fd:8, idx:2) 0
0:00:00.011523153  3838 0x31a320 TRACE   GST_REFCOUNTING gstobject.c:238:gst_object_ref: 0x334850 ref 1->2
0:00:00.016177212  3837 0x836370 DEBUG   GST_POLL gstpoll.c:1266:gst_poll_fd_can_read_unlocked: 0x84fb80: fd (fd:8, idx:2) 1
0:00:00.011529635  3838 0x31a320 TRACE   GST_REFCOUNTING gstobject.c:238:gst_object_ref: 0x334640 ref 1->2
0:00:00.011551298  3838 0x31a320 TRACE   GST_REFCOUNTING gstobject.c:238:gst_object_ref: 0x334150 ref 1->2
0:00:00.011559773  3838 0x31a320 TRACE   GST_REFCOUNTING gstobject.c:265:gst_object_unref: 0x334150 unref 2->1
0:00:00.016210493  3837 0x836370 DEBUG   GST_PLUGIN_LOADING gstpluginloader.c:850:handle_rx_packet: Received plugin details from child w/ tag 0. 476 bytes info
0:00:00.011565953  3838 0x31a320 TRACE   GST_REFCOUNTING gstobject.c:265:gst_object_unref: 0x334640 unref 2->1
0:00:00.016219476  3837 0x836370 LOG   GST_REGISTRY gstregistrychunks.c:837:_priv_gst_registry_chunks_load_plugin: Reading/casting for GstRegistryChunkPluginElement at address 0x850200
0:00:00.011572730  3838 0x31a320 TRACE   GST_REFCOUNTING gstobject.c:265:gst_object_unref: 0x334850 unref 2->1
0:00:00.011579356  3838 0x31a320 TRACE   GST_REFCOUNTING gstobject.c:265:gst_object_unref: 0x334b20 unref 2->1
0:00:00.011585256  3838 0x31a320 TRACE   GST_REFCOUNTING gstobject.c:265:gst_object_unref: 0x334d70 unref 2->1
0:00:00.011592668  3838 0x31a320 DEBUG   GST_REGISTRY gstregistrychunks.c:498:_priv_gst_registry_chunks_save_plugin: Found 5 features in plugin 0x333e70 (coretracers)
0:00:00.016247827  3837 0x836370 TRACE   GST_REFCOUNTING gstobject.c:208:gst_object_init: 0x84fbe0 new
0:00:00.011598851  3838 0x31a320 DEBUG   GST_POLL gstpoll.c:980:gst_poll_fd_ctl_write: 0x322810: fd (fd:0, idx:1), active : 1
0:00:00.011607305  3838 0x31a320 LOG   GST_POLL gstpoll.c:994:gst_poll_fd_ctl_write: 0x322810: pfd->events now 60 (POLLOUT:4)
0:00:00.011613099  3838 0x31a320 DEBUG   GST_POLL gstpoll.c:980:gst_poll_fd_ctl_write: 0x322810: fd (fd:0, idx:1), active : 1
0:00:00.011618472  3838 0x31a320 LOG   GST_POLL gstpoll.c:994:gst_poll_fd_ctl_write: 0x322810: pfd->events now 60 (POLLOUT:4)
0:00:00.011624050  3838 0x31a320 DEBUG   GST_POLL gstpoll.c:980:gst_poll_fd_ctl_write: 0x322810: fd (fd:0, idx:1), active : 1
0:00:00.011629343  3838 0x31a320 LOG   GST_POLL gstpoll.c:994:gst_poll_fd_ctl_write: 0x322810: pfd->events now 60 (POLLOUT:4)
0:00:00.011634945  3838 0x31a320 DEBUG   GST_POLL gstpoll.c:980:gst_poll_fd_ctl_write: 0x322810: fd (fd:0, idx:1), active : 1
0:00:00.011640228  3838 0x31a320 LOG   GST_POLL gstpoll.c:994:gst_poll_fd_ctl_write: 0x322810: pfd->events now 60 (POLLOUT:4)
0:00:00.016294987  3837 0x836370 LOG   GST_REGISTRY gstregistrychunks.c:858:_priv_gst_registry_chunks_load_plugin: read strings for name='coretracers'
0:00:00.011645764  3838 0x31a320 DEBUG   GST_POLL gstpoll.c:980:gst_poll_fd_ctl_write: 0x322810: fd (fd:0, idx:1), active : 1
0:00:00.016302197  3837 0x836370 LOG   GST_REGISTRY gstregistrychunks.c:859:_priv_gst_registry_chunks_load_plugin: desc.description='GStreamer core tracers'
0:00:00.011653477  3838 0x31a320 LOG   GST_POLL gstpoll.c:994:gst_poll_fd_ctl_write: 0x322810: pfd->events now 60 (POLLOUT:4)
0:00:00.016314238  3837 0x836370 LOG   GST_REGISTRY gstregistrychunks.c:860:_priv_gst_registry_chunks_load_plugin: filename='/home/conan/w/prod/BuildSingleReference/.conan/data/gstreamer/1.18.3/_/_/package/1f5f5d419fdfb792f06015b5de5ddcf61311d6c8/lib/gstreamer-1.0/libgstcoretracers.so'
0:00:00.011665426  3838 0x31a320 DEBUG   GST_POLL gstpoll.c:980:gst_poll_fd_ctl_write: 0x322810: fd (fd:0, idx:1), active : 1
0:00:00.016320913  3837 0x836370 LOG   GST_REGISTRY gstregistrychunks.c:861:_priv_gst_registry_chunks_load_plugin: desc.version='1.18.3'
0:00:00.011672683  3838 0x31a320 LOG   GST_POLL gstpoll.c:994:gst_poll_fd_ctl_write: 0x322810: pfd->events now 60 (POLLOUT:4)
0:00:00.016326632  3837 0x836370 LOG   GST_REGISTRY gstregistrychunks.c:862:_priv_gst_registry_chunks_load_plugin: desc.license='LGPL'
0:00:00.011678973  3838 0x31a320 DEBUG   GST_POLL gstpoll.c:980:gst_poll_fd_ctl_write: 0x322810: fd (fd:0, idx:1), active : 1
0:00:00.016332200  3837 0x836370 LOG   GST_REGISTRY gstregistrychunks.c:863:_priv_gst_registry_chunks_load_plugin: desc.source='gstreamer'
0:00:00.011684936  3838 0x31a320 LOG   GST_POLL gstpoll.c:994:gst_poll_fd_ctl_write: 0x322810: pfd->events now 60 (POLLOUT:4)
0:00:00.016338167  3837 0x836370 LOG   GST_REGISTRY gstregistrychunks.c:864:_priv_gst_registry_chunks_load_plugin: desc.package='GStreamer source release'
0:00:00.011690933  3838 0x31a320 DEBUG   GST_POLL gstpoll.c:980:gst_poll_fd_ctl_write: 0x322810: fd (fd:0, idx:1), active : 1
0:00:00.016343998  3837 0x836370 LOG   GST_REGISTRY gstregistrychunks.c:865:_priv_gst_registry_chunks_load_plugin: desc.origin='Unknown package origin'
0:00:00.011696914  3838 0x31a320 LOG   GST_POLL gstpoll.c:994:gst_poll_fd_ctl_write: 0x322810: pfd->events now 60 (POLLOUT:4)
0:00:00.016349894  3837 0x836370 LOG   GST_REGISTRY gstregistrychunks.c:866:_priv_gst_registry_chunks_load_plugin: desc.datetime=2021-01-13
0:00:00.011702983  3838 0x31a320 DEBUG   GST_POLL gstpoll.c:980:gst_poll_fd_ctl_write: 0x322810: fd (fd:0, idx:1), active : 1
0:00:00.011708920  3838 0x31a320 LOG   GST_POLL gstpoll.c:994:gst_poll_fd_ctl_write: 0x322810: pfd->events now 60 (POLLOUT:4)
0:00:00.016360790  3837 0x836370 DEBUG   GST_REGISTRY gstregistry.c:474:gst_registry_add_plugin: adding plugin 0x84fbe0 for filename "/home/conan/w/prod/BuildSingleReference/.conan/data/gstreamer/1.18.3/_/_/package/1f5f5d419fdfb792f06015b5de5ddcf61311d6c8/lib/gstreamer-1.0/libgstcoretracers.so"
0:00:00.011714466  3838 0x31a320 DEBUG   GST_POLL gstpoll.c:980:gst_poll_fd_ctl_write: 0x322810: fd (fd:0, idx:1), active : 1
0:00:00.011720567  3838 0x31a320 LOG   GST_POLL gstpoll.c:994:gst_poll_fd_ctl_write: 0x322810: pfd->events now 60 (POLLOUT:4)
0:00:00.016371200  3837 0x836370 TRACE   GST_REFCOUNTING gstobject.c:294:gst_object_ref_sink: 0x84fbe0 ref_sink 1->2
0:00:00.011726859  3838 0x31a320 DEBUG   GST_POLL gstpoll.c:980:gst_poll_fd_ctl_write: 0x322810: fd (fd:0, idx:1), active : 1
0:00:00.016381159  3837 0x836370 LOG   GST_REGISTRY gstregistry.c:487:gst_registry_add_plugin: emitting plugin-added for filename "/home/conan/w/prod/BuildSingleReference/.conan/data/gstreamer/1.18.3/_/_/package/1f5f5d419fdfb792f06015b5de5ddcf61311d6c8/lib/gstreamer-1.0/libgstcoretracers.so"
0:00:00.011737885  3838 0x31a320 LOG   GST_POLL gstpoll.c:994:gst_poll_fd_ctl_write: 0x322810: pfd->events now 60 (POLLOUT:4)
0:00:00.016392345  3837 0x836370 DEBUG   GST_REGISTRY gstregistrychunks.c:887:_priv_gst_registry_chunks_load_plugin: Added plugin 'coretracers' plugin with 5 features from binary registry
0:00:00.011743953  3838 0x31a320 DEBUG   GST_POLL gstpoll.c:980:gst_poll_fd_ctl_write: 0x322810: fd (fd:0, idx:1), active : 1
0:00:00.016399819  3837 0x836370 DEBUG   GST_REGISTRY gstregistrychunks.c:583:gst_registry_chunks_load_feature: Plugin 'coretracers' feature 'leaks' typename : 'GstTracerFactory'
0:00:00.011750354  3838 0x31a320 LOG   GST_POLL gstpoll.c:994:gst_poll_fd_ctl_write: 0x322810: pfd->events now 60 (POLLOUT:4)
0:00:00.011757936  3838 0x31a320 DEBUG   GST_POLL gstpoll.c:980:gst_poll_fd_ctl_write: 0x322810: fd (fd:0, idx:1), active : 1
0:00:00.011763292  3838 0x31a320 LOG   GST_POLL gstpoll.c:994:gst_poll_fd_ctl_write: 0x322810: pfd->events now 60 (POLLOUT:4)
0:00:00.016414420  3837 0x836370 TRACE   GST_REFCOUNTING gstobject.c:208:gst_object_init: 0x850a70 new
0:00:00.011768796  3838 0x31a320 DEBUG   GST_POLL gstpoll.c:980:gst_poll_fd_ctl_write: 0x322810: fd (fd:0, idx:1), active : 1
0:00:00.016424709  3837 0x836370 DEBUG   GST_REGISTRY gstregistrychunks.c:718:gst_registry_chunks_load_feature: Reading/casting for GstRegistryChunkPluginFeature at address 0x850348
0:00:00.011774632  3838 0x31a320 LOG   GST_POLL gstpoll.c:994:gst_poll_fd_ctl_write: 0x322810: pfd->events now 60 (POLLOUT:4)
0:00:00.011782784  3838 0x31a320 DEBUG   GST_POLL gstpoll.c:980:gst_poll_fd_ctl_write: 0x322810: fd (fd:0, idx:1), active : 1
0:00:00.016435349  3837 0x836370 DEBUG   GST_REGISTRY gstregistry.c:590:gst_registry_add_feature: adding feature 0x850a70 (leaks)
0:00:00.011788137  3838 0x31a320 LOG   GST_POLL gstpoll.c:994:gst_poll_fd_ctl_write: 0x322810: pfd->events now 60 (POLLOUT:4)
0:00:00.016442018  3837 0x836370 DEBUG   GST_REFCOUNTING gstobject.c:709:gst_object_set_parent: set parent (ref and sink)
0:00:00.011794317  3838 0x31a320 LOG   GST_PLUGIN_LOADING gstpluginloader.c:646:put_chunk: Expanding tx buf from 7717 to 10158 for chunk of size 17
0:00:00.016449086  3837 0x836370 TRACE   GST_REFCOUNTING gstobject.c:294:gst_object_ref_sink: 0x850a70 ref_sink 1->2
0:00:00.011804245  3838 0x31a320 DEBUG   GST_POLL gstpoll.c:980:gst_poll_fd_ctl_write: 0x322810: fd (fd:0, idx:1), active : 1
0:00:00.016455879  3837 0x836370 LOG   GST_REGISTRY gstregistry.c:608:gst_registry_add_feature: emitting feature-added for leaks
0:00:00.011810485  3838 0x31a320 LOG   GST_POLL gstpoll.c:994:gst_poll_fd_ctl_write: 0x322810: pfd->events now 60 (POLLOUT:4)
0:00:00.016463987  3837 0x836370 DEBUG   GST_REGISTRY gstregistrychunks.c:741:gst_registry_chunks_load_feature: Added feature leaks, plugin 0x84fbe0 coretracers
0:00:00.011820179  3838 0x31a320 DEBUG   GST_POLL gstpoll.c:980:gst_poll_fd_ctl_write: 0x322810: fd (fd:0, idx:1), active : 1
0:00:00.016473783  3837 0x836370 DEBUG   GST_REGISTRY gstregistrychunks.c:583:gst_registry_chunks_load_feature: Plugin 'coretracers' feature 'stats' typename : 'GstTracerFactory'
0:00:00.011826142  3838 0x31a320 LOG   GST_POLL gstpoll.c:994:gst_poll_fd_ctl_write: 0x322810: pfd->events now 60 (POLLOUT:4)
0:00:00.016481117  3837 0x836370 TRACE   GST_REFCOUNTING gstobject.c:208:gst_object_init: 0x850c70 new
0:00:00.011832099  3838 0x31a320 DEBUG   GST_POLL gstpoll.c:980:gst_poll_fd_ctl_write: 0x322810: fd (fd:0, idx:1), active : 1
0:00:00.016488476  3837 0x836370 DEBUG   GST_REGISTRY gstregistrychunks.c:718:gst_registry_chunks_load_feature: Reading/casting for GstRegistryChunkPluginFeature at address 0x850368
0:00:00.011839521  3838 0x31a320 LOG   GST_POLL gstpoll.c:994:gst_poll_fd_ctl_write: 0x322810: pfd->events now 60 (POLLOUT:4)
0:00:00.016495607  3837 0x836370 DEBUG   GST_REGISTRY gstregistry.c:590:gst_registry_add_feature: adding feature 0x850c70 (stats)
0:00:00.011846810  3838 0x31a320 DEBUG   GST_POLL gstpoll.c:980:gst_poll_fd_ctl_write: 0x322810: fd (fd:0, idx:1), active : 1
0:00:00.016501678  3837 0x836370 DEBUG   GST_REFCOUNTING gstobject.c:709:gst_object_set_parent: set parent (ref and sink)
0:00:00.011853670  3838 0x31a320 LOG   GST_POLL gstpoll.c:994:gst_poll_fd_ctl_write: 0x322810: pfd->events now 60 (POLLOUT:4)
0:00:00.016508332  3837 0x836370 TRACE   GST_REFCOUNTING gstobject.c:294:gst_object_ref_sink: 0x850c70 ref_sink 1->2
0:00:00.011859750  3838 0x31a320 DEBUG   GST_POLL gstpoll.c:980:gst_poll_fd_ctl_write: 0x322810: fd (fd:0, idx:1), active : 1
0:00:00.016514792  3837 0x836370 LOG   GST_REGISTRY gstregistry.c:608:gst_registry_add_feature: emitting feature-added for stats
0:00:00.011866510  3838 0x31a320 LOG   GST_POLL gstpoll.c:994:gst_poll_fd_ctl_write: 0x322810: pfd->events now 60 (POLLOUT:4)
0:00:00.016521109  3837 0x836370 DEBUG   GST_REGISTRY gstregistrychunks.c:741:gst_registry_chunks_load_feature: Added feature stats, plugin 0x84fbe0 coretracers
0:00:00.011872436  3838 0x31a320 DEBUG   GST_POLL gstpoll.c:980:gst_poll_fd_ctl_write: 0x322810: fd (fd:0, idx:1), active : 1
0:00:00.016527615  3837 0x836370 DEBUG   GST_REGISTRY gstregistrychunks.c:583:gst_registry_chunks_load_feature: Plugin 'coretracers' feature 'rusage' typename : 'GstTracerFactory'
0:00:00.011879039  3838 0x31a320 LOG   GST_POLL gstpoll.c:994:gst_poll_fd_ctl_write: 0x322810: pfd->events now 60 (POLLOUT:4)
0:00:00.016534359  3837 0x836370 TRACE   GST_REFCOUNTING gstobject.c:208:gst_object_init: 0x850dc0 new
0:00:00.011885580  3838 0x31a320 DEBUG   GST_POLL gstpoll.c:980:gst_poll_fd_ctl_write: 0x322810: fd (fd:0, idx:1), active : 1
0:00:00.016541362  3837 0x836370 DEBUG   GST_REGISTRY gstregistrychunks.c:718:gst_registry_chunks_load_feature: Reading/casting for GstRegistryChunkPluginFeature at address 0x850388
0:00:00.011896519  3838 0x31a320 LOG   GST_POLL gstpoll.c:994:gst_poll_fd_ctl_write: 0x322810: pfd->events now 60 (POLLOUT:4)
0:00:00.016550114  3837 0x836370 DEBUG   GST_REGISTRY gstregistry.c:590:gst_registry_add_feature: adding feature 0x850dc0 (rusage)
0:00:00.011902556  3838 0x31a320 DEBUG   GST_POLL gstpoll.c:980:gst_poll_fd_ctl_write: 0x322810: fd (fd:0, idx:1), active : 1
0:00:00.016555939  3837 0x836370 DEBUG   GST_REFCOUNTING gstobject.c:709:gst_object_set_parent: set parent (ref and sink)
0:00:00.011908410  3838 0x31a320 LOG   GST_POLL gstpoll.c:994:gst_poll_fd_ctl_write: 0x322810: pfd->events now 60 (POLLOUT:4)
0:00:00.016562533  3837 0x836370 TRACE   GST_REFCOUNTING gstobject.c:294:gst_object_ref_sink: 0x850dc0 ref_sink 1->2
0:00:00.011914478  3838 0x31a320 DEBUG   GST_POLL gstpoll.c:980:gst_poll_fd_ctl_write: 0x322810: fd (fd:0, idx:1), active : 1
0:00:00.016568710  3837 0x836370 LOG   GST_REGISTRY gstregistry.c:608:gst_registry_add_feature: emitting feature-added for rusage
0:00:00.011920377  3838 0x31a320 LOG   GST_POLL gstpoll.c:994:gst_poll_fd_ctl_write: 0x322810: pfd->events now 60 (POLLOUT:4)
0:00:00.016575122  3837 0x836370 DEBUG   GST_REGISTRY gstregistrychunks.c:741:gst_registry_chunks_load_feature: Added feature rusage, plugin 0x84fbe0 coretracers
0:00:00.011926539  3838 0x31a320 DEBUG   GST_POLL gstpoll.c:980:gst_poll_fd_ctl_write: 0x322810: fd (fd:0, idx:1), active : 1
0:00:00.016581803  3837 0x836370 DEBUG   GST_REGISTRY gstregistrychunks.c:583:gst_registry_chunks_load_feature: Plugin 'coretracers' feature 'log' typename : 'GstTracerFactory'
0:00:00.011933051  3838 0x31a320 LOG   GST_POLL gstpoll.c:994:gst_poll_fd_ctl_write: 0x322810: pfd->events now 60 (POLLOUT:4)
0:00:00.016588838  3837 0x836370 TRACE   GST_REFCOUNTING gstobject.c:208:gst_object_init: 0x850f10 new
0:00:00.011940562  3838 0x31a320 DEBUG   GST_POLL gstpoll.c:980:gst_poll_fd_ctl_write: 0x322810: fd (fd:0, idx:1), active : 1
0:00:00.016596335  3837 0x836370 DEBUG   GST_REGISTRY gstregistrychunks.c:718:gst_registry_chunks_load_feature: Reading/casting for GstRegistryChunkPluginFeature at address 0x8503a8
0:00:00.011947533  3838 0x31a320 LOG   GST_POLL gstpoll.c:994:gst_poll_fd_ctl_write: 0x322810: pfd->events now 60 (POLLOUT:4)
0:00:00.016603383  3837 0x836370 DEBUG   GST_REGISTRY gstregistry.c:590:gst_registry_add_feature: adding feature 0x850f10 (log)
0:00:00.011954613  3838 0x31a320 DEBUG   GST_POLL gstpoll.c:980:gst_poll_fd_ctl_write: 0x322810: fd (fd:0, idx:1), active : 1
0:00:00.016609385  3837 0x836370 DEBUG   GST_REFCOUNTING gstobject.c:709:gst_object_set_parent: set parent (ref and sink)
0:00:00.011961107  3838 0x31a320 LOG   GST_POLL gstpoll.c:994:gst_poll_fd_ctl_write: 0x322810: pfd->events now 60 (POLLOUT:4)
0:00:00.016616023  3837 0x836370 TRACE   GST_REFCOUNTING gstobject.c:294:gst_object_ref_sink: 0x850f10 ref_sink 1->2
0:00:00.011982807  3838 0x31a320 TRACE   GST_REFCOUNTING gstobject.c:265:gst_object_unref: 0x333e70 unref 2->1
0:00:00.016639635  3837 0x836370 LOG   GST_REGISTRY gstregistry.c:608:gst_registry_add_feature: emitting feature-added for log
0:00:00.011992671  3838 0x31a320 DEBUG   GST_POLL gstpoll.c:1241:gst_poll_fd_has_error: 0x322810: fd (fd:0, idx:1) 0
0:00:00.016646672  3837 0x836370 DEBUG   GST_REGISTRY gstregistrychunks.c:741:gst_registry_chunks_load_feature: Added feature log, plugin 0x84fbe0 coretracers
0:00:00.011998910  3838 0x31a320 DEBUG   GST_POLL gstpoll.c:1335:gst_poll_fd_can_write: 0x322810: fd (fd:0, idx:1) 1
0:00:00.016652988  3837 0x836370 DEBUG   GST_REGISTRY gstregistrychunks.c:583:gst_registry_chunks_load_feature: Plugin 'coretracers' feature 'latency' typename : 'GstTracerFactory'
0:00:00.012004682  3838 0x31a320 LOG   GST_PLUGIN_LOADING gstpluginloader.c:690:write_one: Writing packet of size 6872 bytes to fd 0
0:00:00.016660055  3837 0x836370 TRACE   GST_REFCOUNTING gstobject.c:208:gst_object_init: 0x851110 new
0:00:00.012016447  3838 0x31a320 DEBUG   GST_POLL gstpoll.c:1414:gst_poll_wait: 0x322810: timeout :0:00:01.000000000
0:00:00.016667331  3837 0x836370 DEBUG   GST_REGISTRY gstregistrychunks.c:718:gst_registry_chunks_load_feature: Reading/casting for GstRegistryChunkPluginFeature at address 0x8503d0
0:00:00.016676808  3837 0x836370 DEBUG   GST_REGISTRY gstregistry.c:590:gst_registry_add_feature: adding feature 0x851110 (latency)
0:00:00.012026063  3838 0x31a320 LOG   GST_PLUGIN_LOADING gstpluginloader.c:1028:exchange_packets: Poll res = 2. 488 bytes pending for write
0:00:00.016682358  3837 0x836370 DEBUG   GST_REFCOUNTING gstobject.c:709:gst_object_set_parent: set parent (ref and sink)
0:00:00.012034539  3838 0x31a320 DEBUG   GST_POLL gstpoll.c:1241:gst_poll_fd_has_error: 0x322810: fd (fd:5, idx:2) 0
0:00:00.016689041  3837 0x836370 TRACE   GST_REFCOUNTING gstobject.c:294:gst_object_ref_sink: 0x851110 ref_sink 1->2
0:00:00.012040721  3838 0x31a320 DEBUG   GST_POLL gstpoll.c:1266:gst_poll_fd_can_read_unlocked: 0x322810: fd (fd:5, idx:2) 1
0:00:00.016695579  3837 0x836370 LOG   GST_REGISTRY gstregistry.c:608:gst_registry_add_feature: emitting feature-added for latency
0:00:00.012050662  3838 0x31a320 DEBUG   GST_PLUGIN_LOADING gstpluginloader.c:722:do_plugin_load: Plugin scanner loading file /home/conan/w/prod/BuildSingleReference/.conan/data/gstreamer/1.18.3/_/_/package/1f5f5d419fdfb792f06015b5de5ddcf61311d6c8/lib/gstreamer-1.0/libgstcoreelements.so. tag 3
0:00:00.016702106  3837 0x836370 DEBUG   GST_REGISTRY gstregistrychunks.c:741:gst_registry_chunks_load_feature: Added feature latency, plugin 0x84fbe0 coretracers
0:00:00.012058852  3838 0x31a320 TRACE   GST_REFCOUNTING gstobject.c:238:gst_object_ref: 0x336120 ref 1->2
0:00:00.016712270  3837 0x836370 LOG   GST_PLUGIN_LOADING gstpluginloader.c:889:handle_rx_packet: marking plugin 0x84fbe0 as registered as /home/conan/w/prod/BuildSingleReference/.conan/data/gstreamer/1.18.3/_/_/package/1f5f5d419fdfb792f06015b5de5ddcf61311d6c8/lib/gstreamer-1.0/libgstcoretracers.so
0:00:00.012065914  3838 0x31a320 TRACE   GST_REFCOUNTING gstobject.c:238:gst_object_ref: 0x3512c0 ref 1->2
0:00:00.012077026  3838 0x31a320 TRACE   GST_REFCOUNTING gstobject.c:238:gst_object_ref: 0x350600 ref 1->2
0:00:00.016729835  3837 0x836370 DEBUG   GST_POLL gstpoll.c:1414:gst_poll_wait: 0x84fb80: timeout :0:00:01.000000000
0:00:00.012083849  3838 0x31a320 TRACE   GST_REFCOUNTING gstobject.c:238:gst_object_ref: 0x34ee90 ref 1->2
0:00:00.012090620  3838 0x31a320 TRACE   GST_REFCOUNTING gstobject.c:238:gst_object_ref: 0x34e040 ref 1->2
0:00:00.016741148  3837 0x836370 LOG   GST_PLUGIN_LOADING gstpluginloader.c:1028:exchange_packets: Poll res = 1. 0 bytes pending for write
0:00:00.012096850  3838 0x31a320 TRACE   GST_REFCOUNTING gstobject.c:238:gst_object_ref: 0x34cee0 ref 1->2
0:00:00.016750208  3837 0x836370 DEBUG   GST_POLL gstpoll.c:1241:gst_poll_fd_has_error: 0x84fb80: fd (fd:8, idx:2) 0
0:00:00.012103610  3838 0x31a320 TRACE   GST_REFCOUNTING gstobject.c:238:gst_object_ref: 0x34bde0 ref 1->2
0:00:00.016756748  3837 0x836370 DEBUG   GST_POLL gstpoll.c:1266:gst_poll_fd_can_read_unlocked: 0x84fb80: fd (fd:8, idx:2) 1
0:00:00.012110730  3838 0x31a320 TRACE   GST_REFCOUNTING gstobject.c:238:gst_object_ref: 0x34a490 ref 1->2
0:00:00.016765075  3837 0x836370 LOG   GST_PLUGIN_LOADING gstpluginloader.c:986:read_one: Expanding rx buf from 512 to 7384
0:00:00.012117204  3838 0x31a320 TRACE   GST_REFCOUNTING gstobject.c:238:gst_object_ref: 0x348980 ref 1->2
0:00:00.012123834  3838 0x31a320 TRACE   GST_REFCOUNTING gstobject.c:238:gst_object_ref: 0x347870 ref 1->2
0:00:00.012129913  3838 0x31a320 TRACE   GST_REFCOUNTING gstobject.c:238:gst_object_ref: 0x346650 ref 1->2
0:00:00.012135934  3838 0x31a320 TRACE   GST_REFCOUNTING gstobject.c:238:gst_object_ref: 0x345020 ref 1->2
0:00:00.016786183  3837 0x836370 DEBUG   GST_PLUGIN_LOADING gstpluginloader.c:850:handle_rx_packet: Received plugin details from child w/ tag 1. 6860 bytes info
0:00:00.012142089  3838 0x31a320 TRACE   GST_REFCOUNTING gstobject.c:238:gst_object_ref: 0x344370 ref 1->2
0:00:00.016794836  3837 0x836370 LOG   GST_REGISTRY gstregistrychunks.c:837:_priv_gst_registry_chunks_load_plugin: Reading/casting for GstRegistryChunkPluginElement at address 0x851a50
0:00:00.012148797  3838 0x31a320 TRACE   GST_REFCOUNTING gstobject.c:238:gst_object_ref: 0x343740 ref 1->2
0:00:00.016802110  3837 0x836370 TRACE   GST_REFCOUNTING gstobject.c:208:gst_object_init: 0x850200 new
0:00:00.012155379  3838 0x31a320 TRACE   GST_REFCOUNTING gstobject.c:238:gst_object_ref: 0x33ac90 ref 1->2
0:00:00.016812183  3837 0x836370 LOG   GST_REGISTRY gstregistrychunks.c:858:_priv_gst_registry_chunks_load_plugin: read strings for name='coreelements'
0:00:00.012166097  3838 0x31a320 TRACE   GST_REFCOUNTING gstobject.c:238:gst_object_ref: 0x340b40 ref 1->2
0:00:00.016818629  3837 0x836370 LOG   GST_REGISTRY gstregistrychunks.c:859:_priv_gst_registry_chunks_load_plugin: desc.description='GStreamer core elements'
0:00:00.012172856  3838 0x31a320 TRACE   GST_REFCOUNTING gstobject.c:238:gst_object_ref: 0x33e510 ref 1->2
0:00:00.016826114  3837 0x836370 LOG   GST_REGISTRY gstregistrychunks.c:860:_priv_gst_registry_chunks_load_plugin: filename='/home/conan/w/prod/BuildSingleReference/.conan/data/gstreamer/1.18.3/_/_/package/1f5f5d419fdfb792f06015b5de5ddcf61311d6c8/lib/gstreamer-1.0/libgstcoreelements.so'
0:00:00.012179261  3838 0x31a320 TRACE   GST_REFCOUNTING gstobject.c:238:gst_object_ref: 0x33c9c0 ref 1->2
0:00:00.016832165  3837 0x836370 LOG   GST_REGISTRY gstregistrychunks.c:861:_priv_gst_registry_chunks_load_plugin: desc.version='1.18.3'
0:00:00.012186130  3838 0x31a320 TRACE   GST_REFCOUNTING gstobject.c:238:gst_object_ref: 0x33b980 ref 1->2
0:00:00.016838258  3837 0x836370 LOG   GST_REGISTRY gstregistrychunks.c:862:_priv_gst_registry_chunks_load_plugin: desc.license='LGPL'
0:00:00.012192791  3838 0x31a320 TRACE   GST_REFCOUNTING gstobject.c:238:gst_object_ref: 0x339ed0 ref 1->2
0:00:00.016844826  3837 0x836370 LOG   GST_REGISTRY gstregistrychunks.c:863:_priv_gst_registry_chunks_load_plugin: desc.source='gstreamer'
0:00:00.012199396  3838 0x31a320 TRACE   GST_REFCOUNTING gstobject.c:238:gst_object_ref: 0x339000 ref 1->2
0:00:00.016851626  3837 0x836370 LOG   GST_REGISTRY gstregistrychunks.c:864:_priv_gst_registry_chunks_load_plugin: desc.package='GStreamer source release'
0:00:00.012206046  3838 0x31a320 TRACE   GST_REFCOUNTING gstobject.c:238:gst_object_ref: 0x338260 ref 1->2
0:00:00.016858560  3837 0x836370 LOG   GST_REGISTRY gstregistrychunks.c:865:_priv_gst_registry_chunks_load_plugin: desc.origin='Unknown package origin'
0:00:00.012212733  3838 0x31a320 TRACE   GST_REFCOUNTING gstobject.c:238:gst_object_ref: 0x336570 ref 1->2
0:00:00.016864940  3837 0x836370 LOG   GST_REGISTRY gstregistrychunks.c:866:_priv_gst_registry_chunks_load_plugin: desc.datetime=2021-01-13
0:00:00.012219705  3838 0x31a320 DEBUG   GST_REGISTRY gstregistrychunks.c:265:gst_registry_chunks_save_feature: saved 0 interfaces 0 pad templates
0:00:00.016873578  3837 0x836370 DEBUG   GST_REGISTRY gstregistry.c:474:gst_registry_add_plugin: adding plugin 0x850200 for filename "/home/conan/w/prod/BuildSingleReference/.conan/data/gstreamer/1.18.3/_/_/package/1f5f5d419fdfb792f06015b5de5ddcf61311d6c8/lib/gstreamer-1.0/libgstcoreelements.so"
0:00:00.012230522  3838 0x31a320 DEBUG   GST_REGISTRY gstregistrychunks.c:265:gst_registry_chunks_save_feature: saved 0 interfaces 0 pad templates
0:00:00.016880969  3837 0x836370 TRACE   GST_REFCOUNTING gstobject.c:294:gst_object_ref_sink: 0x850200 ref_sink 1->2
0:00:00.012239376  3838 0x31a320 DEBUG   GST_REGISTRY gstregistrychunks.c:265:gst_registry_chunks_save_feature: saved 0 interfaces 0 pad templates
0:00:00.016895280  3837 0x836370 LOG   GST_REGISTRY gstregistry.c:487:gst_registry_add_plugin: emitting plugin-added for filename "/home/conan/w/prod/BuildSingleReference/.conan/data/gstreamer/1.18.3/_/_/package/1f5f5d419fdfb792f06015b5de5ddcf61311d6c8/lib/gstreamer-1.0/libgstcoreelements.so"
0:00:00.012249547  3838 0x31a320 DEBUG   GST_REGISTRY gstregistrychunks.c:265:gst_registry_chunks_save_feature: saved 1 interfaces 0 pad templates
0:00:00.016903323  3837 0x836370 DEBUG   GST_REGISTRY gstregistrychunks.c:887:_priv_gst_registry_chunks_load_plugin: Added plugin 'coreelements' plugin with 22 features from binary registry
0:00:00.012256719  3838 0x31a320 DEBUG   GST_REGISTRY gstregistrychunks.c:284:gst_registry_chunks_save_feature: Saved 1 UriTypes
0:00:00.016910326  3837 0x836370 DEBUG   GST_REGISTRY gstregistrychunks.c:583:gst_registry_chunks_load_feature: Plugin 'coreelements' feature 'streamiddemux' typename : 'GstElementFactory'
0:00:00.012265961  3838 0x31a320 DEBUG   GST_REGISTRY gstregistrychunks.c:265:gst_registry_chunks_save_feature: saved 0 interfaces 0 pad templates
0:00:00.016919986  3837 0x836370 TRACE   GST_REFCOUNTING gstobject.c:208:gst_object_init: 0x850570 new
0:00:00.012274124  3838 0x31a320 DEBUG   GST_REGISTRY gstregistrychunks.c:265:gst_registry_chunks_save_feature: saved 0 interfaces 0 pad templates
0:00:00.016927793  3837 0x836370 LOG   GST_REGISTRY gstregistrychunks.c:610:gst_registry_chunks_load_feature: Reading/casting for GstRegistryChunkElementFactory at address 0x851ba8
0:00:00.012283100  3838 0x31a320 DEBUG   GST_REGISTRY gstregistrychunks.c:265:gst_registry_chunks_save_feature: saved 0 interfaces 0 pad templates
0:00:00.016935974  3837 0x836370 TRACE   structure gststructure.c:287:gst_structure_new_id_empty_with_size: created structure 0x851390
0:00:00.012292536  3838 0x31a320 DEBUG   GST_REGISTRY gstregistrychunks.c:265:gst_registry_chunks_save_feature: saved 1 interfaces 0 pad templates
0:00:00.016943082  3837 0x836370 DEBUG   structure gststructure.c:2203:gst_structure_parse_field: trying field name 'long-name'
0:00:00.012299005  3838 0x31a320 DEBUG   GST_REGISTRY gstregistrychunks.c:284:gst_registry_chunks_save_feature: Saved 1 UriTypes
0:00:00.012307332  3838 0x31a320 DEBUG   GST_REGISTRY gstregistrychunks.c:265:gst_registry_chunks_save_feature: saved 1 interfaces 0 pad templates
0:00:00.016958072  3837 0x836370 DEBUG   default gstvalue.c:2676:_priv_gst_value_parse_value: trying type name 'string'
0:00:00.012313258  3838 0x31a320 DEBUG   GST_REGISTRY gstregistrychunks.c:284:gst_registry_chunks_save_feature: Saved 1 UriTypes
0:00:00.012321673  3838 0x31a320 DEBUG   GST_REGISTRY gstregistrychunks.c:265:gst_registry_chunks_save_feature: saved 1 interfaces 0 pad templates
0:00:00.012327891  3838 0x31a320 DEBUG   GST_REGISTRY gstregistrychunks.c:284:gst_registry_chunks_save_feature: Saved 1 UriTypes
0:00:00.016978530  3837 0x836370 DEBUG   structure gststructure.c:2203:gst_structure_parse_field: trying field name 'klass'
0:00:00.012339773  3838 0x31a320 DEBUG   GST_REGISTRY gstregistrychunks.c:265:gst_registry_chunks_save_feature: saved 0 interfaces 0 pad templates
0:00:00.016991046  3837 0x836370 DEBUG   default gstvalue.c:2676:_priv_gst_value_parse_value: trying type name 'string'
0:00:00.012348456  3838 0x31a320 DEBUG   GST_REGISTRY gstregistrychunks.c:265:gst_registry_chunks_save_feature: saved 0 interfaces 0 pad templates
0:00:00.017001717  3837 0x836370 DEBUG   structure gststructure.c:2203:gst_structure_parse_field: trying field name 'description'
0:00:00.012356746  3838 0x31a320 DEBUG   GST_REGISTRY gstregistrychunks.c:265:gst_registry_chunks_save_feature: saved 0 interfaces 0 pad templates
0:00:00.017007809  3837 0x836370 DEBUG   default gstvalue.c:2676:_priv_gst_value_parse_value: trying type name 'string'
0:00:00.017017002  3837 0x836370 DEBUG   structure gststructure.c:2203:gst_structure_parse_field: trying field name 'author'
0:00:00.012366340  3838 0x31a320 DEBUG   GST_REGISTRY gstregistrychunks.c:265:gst_registry_chunks_save_feature: saved 0 interfaces 0 pad templates
0:00:00.017022349  3837 0x836370 DEBUG   default gstvalue.c:2676:_priv_gst_value_parse_value: trying type name 'string'
0:00:00.012376832  3838 0x31a320 DEBUG   GST_REGISTRY gstregistrychunks.c:265:gst_registry_chunks_save_feature: saved 0 interfaces 0 pad templates
0:00:00.017029170  3837 0x836370 DEBUG   GST_REGISTRY gstregistrychunks.c:626:gst_registry_chunks_load_feature: Element factory : npadtemplates=2
0:00:00.012385089  3838 0x31a320 DEBUG   GST_REGISTRY gstregistrychunks.c:265:gst_registry_chunks_save_feature: saved 0 interfaces 0 pad templates
0:00:00.017035855  3837 0x836370 DEBUG   GST_REGISTRY gstregistrychunks.c:526:gst_registry_chunks_load_pad_template: Reading/casting for GstRegistryChunkPadTemplate at address 0x851c80
0:00:00.012393838  3838 0x31a320 DEBUG   GST_REGISTRY gstregistrychunks.c:265:gst_registry_chunks_save_feature: saved 1 interfaces 0 pad templates
0:00:00.017044779  3837 0x836370 DEBUG   GST_REGISTRY gstregistrychunks.c:539:gst_registry_chunks_load_pad_template: Added pad_template src_%u
0:00:00.012400282  3838 0x31a320 DEBUG   GST_REGISTRY gstregistrychunks.c:284:gst_registry_chunks_save_feature: Saved 1 UriTypes
0:00:00.017052785  3837 0x836370 DEBUG   GST_REGISTRY gstregistrychunks.c:526:gst_registry_chunks_load_pad_template: Reading/casting for GstRegistryChunkPadTemplate at address 0x851c98
0:00:00.017059625  3837 0x836370 DEBUG   GST_REGISTRY gstregistrychunks.c:539:gst_registry_chunks_load_pad_template: Added pad_template sink
0:00:00.012409779  3838 0x31a320 DEBUG   GST_REGISTRY gstregistrychunks.c:265:gst_registry_chunks_save_feature: saved 0 interfaces 0 pad templates
0:00:00.017066232  3837 0x836370 DEBUG   GST_REGISTRY gstregistry.c:590:gst_registry_add_feature: adding feature 0x850570 (streamiddemux)
0:00:00.012420357  3838 0x31a320 DEBUG   GST_REGISTRY gstregistrychunks.c:265:gst_registry_chunks_save_feature: saved 0 interfaces 0 pad templates
0:00:00.017078874  3837 0x836370 DEBUG   GST_REFCOUNTING gstobject.c:709:gst_object_set_parent: set parent (ref and sink)
0:00:00.012432885  3838 0x31a320 DEBUG   GST_REGISTRY gstregistrychunks.c:265:gst_registry_chunks_save_feature: saved 0 interfaces 0 pad templates
0:00:00.017086408  3837 0x836370 TRACE   GST_REFCOUNTING gstobject.c:294:gst_object_ref_sink: 0x850570 ref_sink 1->2
0:00:00.012442447  3838 0x31a320 DEBUG   GST_REGISTRY gstregistrychunks.c:265:gst_registry_chunks_save_feature: saved 0 interfaces 0 pad templates
0:00:00.017093040  3837 0x836370 LOG   GST_REGISTRY gstregistry.c:608:gst_registry_add_feature: emitting feature-added for streamiddemux
0:00:00.017102638  3837 0x836370 DEBUG   GST_REGISTRY gstregistrychunks.c:741:gst_registry_chunks_load_feature: Added feature streamiddemux, plugin 0x850200 coreelements
0:00:00.012453136  3838 0x31a320 DEBUG   GST_REGISTRY gstregistrychunks.c:265:gst_registry_chunks_save_feature: saved 0 interfaces 0 pad templates
0:00:00.017108995  3837 0x836370 DEBUG   GST_REGISTRY gstregistrychunks.c:583:gst_registry_chunks_load_feature: Plugin 'coreelements' feature 'valve' typename : 'GstElementFactory'
0:00:00.012464137  3838 0x31a320 TRACE   GST_REFCOUNTING gstobject.c:265:gst_object_unref: 0x336570 unref 2->1
0:00:00.017116434  3837 0x836370 TRACE   GST_REFCOUNTING gstobject.c:208:gst_object_init: 0x8517d0 new
0:00:00.012471877  3838 0x31a320 TRACE   GST_REFCOUNTING gstobject.c:265:gst_object_unref: 0x338260 unref 2->1
0:00:00.017124683  3837 0x836370 LOG   GST_REGISTRY gstregistrychunks.c:610:gst_registry_chunks_load_feature: Reading/casting for GstRegistryChunkElementFactory at address 0x851cc8
0:00:00.012478847  3838 0x31a320 TRACE   GST_REFCOUNTING gstobject.c:265:gst_object_unref: 0x339000 unref 2->1
0:00:00.017132163  3837 0x836370 TRACE   structure gststructure.c:287:gst_structure_new_id_empty_with_size: created structure 0x853800
0:00:00.012485522  3838 0x31a320 TRACE   GST_REFCOUNTING gstobject.c:265:gst_object_unref: 0x339ed0 unref 2->1
0:00:00.017138269  3837 0x836370 DEBUG   structure gststructure.c:2203:gst_structure_parse_field: trying field name 'long-name'
0:00:00.017144874  3837 0x836370 DEBUG   default gstvalue.c:2676:_priv_gst_value_parse_value: trying type name 'string'
0:00:00.012492364  3838 0x31a320 TRACE   GST_REFCOUNTING gstobject.c:265:gst_object_unref: 0x33b980 unref 2->1
0:00:00.017150747  3837 0x836370 DEBUG   structure gststructure.c:2203:gst_structure_parse_field: trying field name 'klass'
0:00:00.012505449  3838 0x31a320 TRACE   GST_REFCOUNTING gstobject.c:265:gst_object_unref: 0x33c9c0 unref 2->1
0:00:00.017157393  3837 0x836370 DEBUG   default gstvalue.c:2676:_priv_gst_value_parse_value: trying type name 'string'
0:00:00.012512403  3838 0x31a320 TRACE   GST_REFCOUNTING gstobject.c:265:gst_object_unref: 0x33e510 unref 2->1
0:00:00.017170518  3837 0x836370 DEBUG   structure gststructure.c:2203:gst_structure_parse_field: trying field name 'description'
0:00:00.012522908  3838 0x31a320 TRACE   GST_REFCOUNTING gstobject.c:265:gst_object_unref: 0x340b40 unref 2->1
0:00:00.017177158  3837 0x836370 DEBUG   default gstvalue.c:2676:_priv_gst_value_parse_value: trying type name 'string'
0:00:00.012530117  3838 0x31a320 TRACE   GST_REFCOUNTING gstobject.c:265:gst_object_unref: 0x33ac90 unref 2->1
0:00:00.017184000  3837 0x836370 DEBUG   structure gststructure.c:2203:gst_structure_parse_field: trying field name 'author'
0:00:00.012536793  3838 0x31a320 TRACE   GST_REFCOUNTING gstobject.c:265:gst_object_unref: 0x343740 unref 2->1
0:00:00.017189826  3837 0x836370 DEBUG   default gstvalue.c:2676:_priv_gst_value_parse_value: trying type name 'string'
0:00:00.012543974  3838 0x31a320 TRACE   GST_REFCOUNTING gstobject.c:265:gst_object_unref: 0x344370 unref 2->1
0:00:00.017197335  3837 0x836370 DEBUG   GST_REGISTRY gstregistrychunks.c:626:gst_registry_chunks_load_feature: Element factory : npadtemplates=2
0:00:00.012551007  3838 0x31a320 TRACE   GST_REFCOUNTING gstobject.c:265:gst_object_unref: 0x345020 unref 2->1
0:00:00.017203376  3837 0x836370 DEBUG   GST_REGISTRY gstregistrychunks.c:526:gst_registry_chunks_load_pad_template: Reading/casting for GstRegistryChunkPadTemplate at address 0x851db8
0:00:00.012558127  3838 0x31a320 TRACE   GST_REFCOUNTING gstobject.c:265:gst_object_unref: 0x346650 unref 2->1
0:00:00.017210620  3837 0x836370 DEBUG   GST_REGISTRY gstregistrychunks.c:539:gst_registry_chunks_load_pad_template: Added pad_template sink
0:00:00.012565215  3838 0x31a320 TRACE   GST_REFCOUNTING gstobject.c:265:gst_object_unref: 0x347870 unref 2->1
0:00:00.017217360  3837 0x836370 DEBUG   GST_REGISTRY gstregistrychunks.c:526:gst_registry_chunks_load_pad_template: Reading/casting for GstRegistryChunkPadTemplate at address 0x851dd0
0:00:00.012573012  3838 0x31a320 TRACE   GST_REFCOUNTING gstobject.c:265:gst_object_unref: 0x348980 unref 2->1
0:00:00.017226546  3837 0x836370 DEBUG   GST_REGISTRY gstregistrychunks.c:539:gst_registry_chunks_load_pad_template: Added pad_template src
0:00:00.012579729  3838 0x31a320 TRACE   GST_REFCOUNTING gstobject.c:265:gst_object_unref: 0x34a490 unref 2->1
0:00:00.017235069  3837 0x836370 DEBUG   GST_REGISTRY gstregistry.c:590:gst_registry_add_feature: adding feature 0x8517d0 (valve)
0:00:00.012587176  3838 0x31a320 TRACE   GST_REFCOUNTING gstobject.c:265:gst_object_unref: 0x34bde0 unref 2->1
0:00:00.017241578  3837 0x836370 DEBUG   GST_REFCOUNTING gstobject.c:709:gst_object_set_parent: set parent (ref and sink)
0:00:00.012594012  3838 0x31a320 TRACE   GST_REFCOUNTING gstobject.c:265:gst_object_unref: 0x34cee0 unref 2->1
0:00:00.017248982  3837 0x836370 TRACE   GST_REFCOUNTING gstobject.c:294:gst_object_ref_sink: 0x8517d0 ref_sink 1->2
0:00:00.012606236  3838 0x31a320 TRACE   GST_REFCOUNTING gstobject.c:265:gst_object_unref: 0x34e040 unref 2->1
0:00:00.017259034  3837 0x836370 LOG   GST_REGISTRY gstregistry.c:608:gst_registry_add_feature: emitting feature-added for valve
0:00:00.012613473  3838 0x31a320 TRACE   GST_REFCOUNTING gstobject.c:265:gst_object_unref: 0x34ee90 unref 2->1
0:00:00.017266866  3837 0x836370 DEBUG   GST_REGISTRY gstregistrychunks.c:741:gst_registry_chunks_load_feature: Added feature valve, plugin 0x850200 coreelements
0:00:00.012620701  3838 0x31a320 TRACE   GST_REFCOUNTING gstobject.c:265:gst_object_unref: 0x350600 unref 2->1
0:00:00.017273949  3837 0x836370 DEBUG   GST_REGISTRY gstregistrychunks.c:583:gst_registry_chunks_load_feature: Plugin 'coreelements' feature 'multiqueue' typename : 'GstElementFactory'
0:00:00.012627745  3838 0x31a320 TRACE   GST_REFCOUNTING gstobject.c:265:gst_object_unref: 0x3512c0 unref 2->1
0:00:00.017281784  3837 0x836370 TRACE   GST_REFCOUNTING gstobject.c:208:gst_object_init: 0x8518c0 new
0:00:00.012636285  3838 0x31a320 DEBUG   GST_REGISTRY gstregistrychunks.c:498:_priv_gst_registry_chunks_save_plugin: Found 22 features in plugin 0x336120 (coreelements)
0:00:00.017289340  3837 0x836370 LOG   GST_REGISTRY gstregistrychunks.c:610:gst_registry_chunks_load_feature: Reading/casting for GstRegistryChunkElementFactory at address 0x851e00
0:00:00.012643770  3838 0x31a320 DEBUG   GST_POLL gstpoll.c:980:gst_poll_fd_ctl_write: 0x322810: fd (fd:0, idx:1), active : 1
0:00:00.017296328  3837 0x836370 TRACE   structure gststructure.c:287:gst_structure_new_id_empty_with_size: created structure 0x853a30
0:00:00.012650395  3838 0x31a320 LOG   GST_POLL gstpoll.c:994:gst_poll_fd_ctl_write: 0x322810: pfd->events now 60 (POLLOUT:4)
0:00:00.017302823  3837 0x836370 DEBUG   structure gststructure.c:2203:gst_structure_parse_field: trying field name 'long-name'
0:00:00.012656953  3838 0x31a320 DEBUG   GST_POLL gstpoll.c:980:gst_poll_fd_ctl_write: 0x322810: fd (fd:0, idx:1), active : 1
0:00:00.017309215  3837 0x836370 DEBUG   default gstvalue.c:2676:_priv_gst_value_parse_value: trying type name 'string'
0:00:00.012663668  3838 0x31a320 LOG   GST_POLL gstpoll.c:994:gst_poll_fd_ctl_write: 0x322810: pfd->events now 60 (POLLOUT:4)
0:00:00.017316351  3837 0x836370 DEBUG   structure gststructure.c:2203:gst_structure_parse_field: trying field name 'klass'
0:00:00.012670247  3838 0x31a320 DEBUG   GST_POLL gstpoll.c:980:gst_poll_fd_ctl_write: 0x322810: fd (fd:0, idx:1), active : 1
0:00:00.017322382  3837 0x836370 DEBUG   default gstvalue.c:2676:_priv_gst_value_parse_value: trying type name 'string'
0:00:00.012676819  3838 0x31a320 LOG   GST_POLL gstpoll.c:994:gst_poll_fd_ctl_write: 0x322810: pfd->events now 60 (POLLOUT:4)
0:00:00.017330397  3837 0x836370 DEBUG   structure gststructure.c:2203:gst_structure_parse_field: trying field name 'description'
0:00:00.012690796  3838 0x31a320 DEBUG   GST_POLL gstpoll.c:980:gst_poll_fd_ctl_write: 0x322810: fd (fd:0, idx:1), active : 1
0:00:00.017343517  3837 0x836370 DEBUG   default gstvalue.c:2676:_priv_gst_value_parse_value: trying type name 'string'
0:00:00.012696916  3838 0x31a320 LOG   GST_POLL gstpoll.c:994:gst_poll_fd_ctl_write: 0x322810: pfd->events now 60 (POLLOUT:4)
0:00:00.017350281  3837 0x836370 DEBUG   structure gststructure.c:2203:gst_structure_parse_field: trying field name 'author'
0:00:00.012703037  3838 0x31a320 DEBUG   GST_POLL gstpoll.c:980:gst_poll_fd_ctl_write: 0x322810: fd (fd:0, idx:1), active : 1
0:00:00.017356249  3837 0x836370 DEBUG   default gstvalue.c:2676:_priv_gst_value_parse_value: trying type name 'string'
0:00:00.012709092  3838 0x31a320 LOG   GST_POLL gstpoll.c:994:gst_poll_fd_ctl_write: 0x322810: pfd->events now 60 (POLLOUT:4)
0:00:00.017363035  3837 0x836370 DEBUG   GST_REGISTRY gstregistrychunks.c:626:gst_registry_chunks_load_feature: Element factory : npadtemplates=2
0:00:00.012715253  3838 0x31a320 DEBUG   GST_POLL gstpoll.c:980:gst_poll_fd_ctl_write: 0x322810: fd (fd:0, idx:1), active : 1
0:00:00.017369066  3837 0x836370 DEBUG   GST_REGISTRY gstregistrychunks.c:526:gst_registry_chunks_load_pad_template: Reading/casting for GstRegistryChunkPadTemplate at address 0x851ec0
0:00:00.012721155  3838 0x31a320 LOG   GST_POLL gstpoll.c:994:gst_poll_fd_ctl_write: 0x322810: pfd->events now 60 (POLLOUT:4)
0:00:00.017375284  3837 0x836370 DEBUG   GST_REGISTRY gstregistrychunks.c:539:gst_registry_chunks_load_pad_template: Added pad_template src_%u
0:00:00.012727417  3838 0x31a320 DEBUG   GST_POLL gstpoll.c:980:gst_poll_fd_ctl_write: 0x322810: fd (fd:0, idx:1), active : 1
0:00:00.017380967  3837 0x836370 DEBUG   GST_REGISTRY gstregistrychunks.c:526:gst_registry_chunks_load_pad_template: Reading/casting for GstRegistryChunkPadTemplate at address 0x851ed8
0:00:00.012733320  3838 0x31a320 LOG   GST_POLL gstpoll.c:994:gst_poll_fd_ctl_write: 0x322810: pfd->events now 60 (POLLOUT:4)
0:00:00.017387171  3837 0x836370 DEBUG   GST_REGISTRY gstregistrychunks.c:539:gst_registry_chunks_load_pad_template: Added pad_template sink_%u
0:00:00.012739465  3838 0x31a320 DEBUG   GST_POLL gstpoll.c:980:gst_poll_fd_ctl_write: 0x322810: fd (fd:0, idx:1), active : 1
0:00:00.017394609  3837 0x836370 DEBUG   GST_REGISTRY gstregistry.c:590:gst_registry_add_feature: adding feature 0x8518c0 (multiqueue)
0:00:00.012745254  3838 0x31a320 LOG   GST_POLL gstpoll.c:994:gst_poll_fd_ctl_write: 0x322810: pfd->events now 60 (POLLOUT:4)
0:00:00.017401134  3837 0x836370 DEBUG   GST_REFCOUNTING gstobject.c:709:gst_object_set_parent: set parent (ref and sink)
0:00:00.012752868  3838 0x31a320 DEBUG   GST_POLL gstpoll.c:980:gst_poll_fd_ctl_write: 0x322810: fd (fd:0, idx:1), active : 1
0:00:00.017408897  3837 0x836370 TRACE   GST_REFCOUNTING gstobject.c:294:gst_object_ref_sink: 0x8518c0 ref_sink 1->2
0:00:00.012763907  3838 0x31a320 LOG   GST_POLL gstpoll.c:994:gst_poll_fd_ctl_write: 0x322810: pfd->events now 60 (POLLOUT:4)
0:00:00.017416750  3837 0x836370 LOG   GST_REGISTRY gstregistry.c:608:gst_registry_add_feature: emitting feature-added for multiqueue
0:00:00.012770318  3838 0x31a320 DEBUG   GST_POLL gstpoll.c:980:gst_poll_fd_ctl_write: 0x322810: fd (fd:0, idx:1), active : 1
0:00:00.017423569  3837 0x836370 DEBUG   GST_REGISTRY gstregistrychunks.c:741:gst_registry_chunks_load_feature: Added feature multiqueue, plugin 0x850200 coreelements
0:00:00.012776280  3838 0x31a320 LOG   GST_POLL gstpoll.c:994:gst_poll_fd_ctl_write: 0x322810: pfd->events now 60 (POLLOUT:4)
0:00:00.017430707  3837 0x836370 DEBUG   GST_REGISTRY gstregistrychunks.c:583:gst_registry_chunks_load_feature: Plugin 'coreelements' feature 'typefind' typename : 'GstElementFactory'
0:00:00.012782622  3838 0x31a320 DEBUG   GST_POLL gstpoll.c:980:gst_poll_fd_ctl_write: 0x322810: fd (fd:0, idx:1), active : 1
0:00:00.017438492  3837 0x836370 TRACE   GST_REFCOUNTING gstobject.c:208:gst_object_init: 0x853b60 new
0:00:00.012788755  3838 0x31a320 LOG   GST_POLL gstpoll.c:994:gst_poll_fd_ctl_write: 0x322810: pfd->events now 60 (POLLOUT:4)
0:00:00.017445871  3837 0x836370 LOG   GST_REGISTRY gstregistrychunks.c:610:gst_registry_chunks_load_feature: Reading/casting for GstRegistryChunkElementFactory at address 0x851f08
0:00:00.012797179  3838 0x31a320 DEBUG   GST_POLL gstpoll.c:980:gst_poll_fd_ctl_write: 0x322810: fd (fd:0, idx:1), active : 1
0:00:00.017452551  3837 0x836370 TRACE   structure gststructure.c:287:gst_structure_new_id_empty_with_size: created structure 0x853db0
0:00:00.012803958  3838 0x31a320 LOG   GST_POLL gstpoll.c:994:gst_poll_fd_ctl_write: 0x322810: pfd->events now 60 (POLLOUT:4)
0:00:00.017458485  3837 0x836370 DEBUG   structure gststructure.c:2203:gst_structure_parse_field: trying field name 'long-name'
0:00:00.012810481  3838 0x31a320 DEBUG   GST_POLL gstpoll.c:980:gst_poll_fd_ctl_write: 0x322810: fd (fd:0, idx:1), active : 1
0:00:00.017464332  3837 0x836370 DEBUG   default gstvalue.c:2676:_priv_gst_value_parse_value: trying type name 'string'
0:00:00.012816327  3838 0x31a320 LOG   GST_POLL gstpoll.c:994:gst_poll_fd_ctl_write: 0x322810: pfd->events now 60 (POLLOUT:4)
0:00:00.017470599  3837 0x836370 DEBUG   structure gststructure.c:2203:gst_structure_parse_field: trying field name 'klass'
0:00:00.012822588  3838 0x31a320 DEBUG   GST_POLL gstpoll.c:980:gst_poll_fd_ctl_write: 0x322810: fd (fd:0, idx:1), active : 1
0:00:00.017476213  3837 0x836370 DEBUG   default gstvalue.c:2676:_priv_gst_value_parse_value: trying type name 'string'
0:00:00.012828469  3838 0x31a320 LOG   GST_POLL gstpoll.c:994:gst_poll_fd_ctl_write: 0x322810: pfd->events now 60 (POLLOUT:4)
0:00:00.017482100  3837 0x836370 DEBUG   structure gststructure.c:2203:gst_structure_parse_field: trying field name 'description'
0:00:00.012834682  3838 0x31a320 DEBUG   GST_POLL gstpoll.c:980:gst_poll_fd_ctl_write: 0x322810: fd (fd:0, idx:1), active : 1
0:00:00.017493724  3837 0x836370 DEBUG   default gstvalue.c:2676:_priv_gst_value_parse_value: trying type name 'string'
0:00:00.012845789  3838 0x31a320 LOG   GST_POLL gstpoll.c:994:gst_poll_fd_ctl_write: 0x322810: pfd->events now 60 (POLLOUT:4)
0:00:00.017500345  3837 0x836370 DEBUG   structure gststructure.c:2203:gst_structure_parse_field: trying field name 'author'
0:00:00.012852433  3838 0x31a320 DEBUG   GST_POLL gstpoll.c:980:gst_poll_fd_ctl_write: 0x322810: fd (fd:0, idx:1), active : 1
0:00:00.017506136  3837 0x836370 DEBUG   default gstvalue.c:2676:_priv_gst_value_parse_value: trying type name 'string'
0:00:00.012858373  3838 0x31a320 LOG   GST_POLL gstpoll.c:994:gst_poll_fd_ctl_write: 0x322810: pfd->events now 60 (POLLOUT:4)
0:00:00.017512642  3837 0x836370 DEBUG   GST_REGISTRY gstregistrychunks.c:626:gst_registry_chunks_load_feature: Element factory : npadtemplates=2
0:00:00.012864922  3838 0x31a320 DEBUG   GST_POLL gstpoll.c:980:gst_poll_fd_ctl_write: 0x322810: fd (fd:0, idx:1), active : 1
0:00:00.017518532  3837 0x836370 DEBUG   GST_REGISTRY gstregistrychunks.c:526:gst_registry_chunks_load_pad_template: Reading/casting for GstRegistryChunkPadTemplate at address 0x851fe0
0:00:00.012871032  3838 0x31a320 LOG   GST_POLL gstpoll.c:994:gst_poll_fd_ctl_write: 0x322810: pfd->events now 60 (POLLOUT:4)
0:00:00.017524903  3837 0x836370 DEBUG   GST_REGISTRY gstregistrychunks.c:539:gst_registry_chunks_load_pad_template: Added pad_template sink
0:00:00.012877093  3838 0x31a320 DEBUG   GST_POLL gstpoll.c:980:gst_poll_fd_ctl_write: 0x322810: fd (fd:0, idx:1), active : 1
0:00:00.017530515  3837 0x836370 DEBUG   GST_REGISTRY gstregistrychunks.c:526:gst_registry_chunks_load_pad_template: Reading/casting for GstRegistryChunkPadTemplate at address 0x851ff8
0:00:00.012883093  3838 0x31a320 LOG   GST_POLL gstpoll.c:994:gst_poll_fd_ctl_write: 0x322810: pfd->events now 60 (POLLOUT:4)
0:00:00.017536765  3837 0x836370 DEBUG   GST_REGISTRY gstregistrychunks.c:539:gst_registry_chunks_load_pad_template: Added pad_template src
0:00:00.012889556  3838 0x31a320 DEBUG   GST_POLL gstpoll.c:980:gst_poll_fd_ctl_write: 0x322810: fd (fd:0, idx:1), active : 1
0:00:00.012895510  3838 0x31a320 LOG   GST_POLL gstpoll.c:994:gst_poll_fd_ctl_write: 0x322810: pfd->events now 60 (POLLOUT:4)
0:00:00.017548119  3837 0x836370 DEBUG   GST_REGISTRY gstregistry.c:590:gst_registry_add_feature: adding feature 0x853b60 (typefind)
0:00:00.012901511  3838 0x31a320 DEBUG   GST_POLL gstpoll.c:980:gst_poll_fd_ctl_write: 0x322810: fd (fd:0, idx:1), active : 1
0:00:00.017554323  3837 0x836370 DEBUG   GST_REFCOUNTING gstobject.c:709:gst_object_set_parent: set parent (ref and sink)
0:00:00.012907199  3838 0x31a320 LOG   GST_POLL gstpoll.c:994:gst_poll_fd_ctl_write: 0x322810: pfd->events now 60 (POLLOUT:4)
0:00:00.017561657  3837 0x836370 TRACE   GST_REFCOUNTING gstobject.c:294:gst_object_ref_sink: 0x853b60 ref_sink 1->2
0:00:00.012917759  3838 0x31a320 DEBUG   GST_POLL gstpoll.c:980:gst_poll_fd_ctl_write: 0x322810: fd (fd:0, idx:1), active : 1
0:00:00.017570678  3837 0x836370 LOG   GST_REGISTRY gstregistry.c:608:gst_registry_add_feature: emitting feature-added for typefind
0:00:00.012924009  3838 0x31a320 LOG   GST_POLL gstpoll.c:994:gst_poll_fd_ctl_write: 0x322810: pfd->events now 60 (POLLOUT:4)
0:00:00.017577299  3837 0x836370 DEBUG   GST_REGISTRY gstregistrychunks.c:741:gst_registry_chunks_load_feature: Added feature typefind, plugin 0x850200 coreelements
0:00:00.012930546  3838 0x31a320 DEBUG   GST_POLL gstpoll.c:980:gst_poll_fd_ctl_write: 0x322810: fd (fd:0, idx:1), active : 1
0:00:00.017584372  3837 0x836370 DEBUG   GST_REGISTRY gstregistrychunks.c:583:gst_registry_chunks_load_feature: Plugin 'coreelements' feature 'tee' typename : 'GstElementFactory'
0:00:00.012936459  3838 0x31a320 LOG   GST_POLL gstpoll.c:994:gst_poll_fd_ctl_write: 0x322810: pfd->events now 60 (POLLOUT:4)
0:00:00.017592296  3837 0x836370 TRACE   GST_REFCOUNTING gstobject.c:208:gst_object_init: 0x853f30 new
0:00:00.012942659  3838 0x31a320 DEBUG   GST_POLL gstpoll.c:980:gst_poll_fd_ctl_write: 0x322810: fd (fd:0, idx:1), active : 1
0:00:00.017600278  3837 0x836370 LOG   GST_REGISTRY gstregistrychunks.c:610:gst_registry_chunks_load_feature: Reading/casting for GstRegistryChunkElementFactory at address 0x852020
