0:00:00.020452741  3837 0x836370 LOG   GST_REGISTRY gstregistrychunks.c:610:gst_registry_chunks_load_feature: Reading/casting for GstRegistryChunkElementFactory at address 0x853410
0:00:00.015803776  3838 0x31a320 DEBUG   GST_POLL gstpoll.c:980:gst_poll_fd_ctl_write: 0x322810: fd (fd:0, idx:1), active : 1
0:00:00.020459470  3837 0x836370 TRACE   structure gststructure.c:287:gst_structure_new_id_empty_with_size: created structure 0x8586a0
0:00:00.015811123  3838 0x31a320 LOG   GST_POLL gstpoll.c:994:gst_poll_fd_ctl_write: 0x322810: pfd->events now 60 (POLLOUT:4)
0:00:00.020465628  3837 0x836370 DEBUG   structure gststructure.c:2203:gst_structure_parse_field: trying field name 'long-name'
0:00:00.015817796  3838 0x31a320 DEBUG   GST_POLL gstpoll.c:980:gst_poll_fd_ctl_write: 0x322810: fd (fd:0, idx:1), active : 1
0:00:00.020471614  3837 0x836370 DEBUG   default gstvalue.c:2676:_priv_gst_value_parse_value: trying type name 'string'
0:00:00.015823789  3838 0x31a320 LOG   GST_POLL gstpoll.c:994:gst_poll_fd_ctl_write: 0x322810: pfd->events now 60 (POLLOUT:4)
0:00:00.020477873  3837 0x836370 DEBUG   structure gststructure.c:2203:gst_structure_parse_field: trying field name 'klass'
0:00:00.015829879  3838 0x31a320 DEBUG   GST_POLL gstpoll.c:980:gst_poll_fd_ctl_write: 0x322810: fd (fd:0, idx:1), active : 1
0:00:00.020483753  3837 0x836370 DEBUG   default gstvalue.c:2676:_priv_gst_value_parse_value: trying type name 'string'
0:00:00.015836083  3838 0x31a320 LOG   GST_POLL gstpoll.c:994:gst_poll_fd_ctl_write: 0x322810: pfd->events now 60 (POLLOUT:4)
0:00:00.020490566  3837 0x836370 DEBUG   structure gststructure.c:2203:gst_structure_parse_field: trying field name 'description'
0:00:00.015842626  3838 0x31a320 DEBUG   GST_POLL gstpoll.c:980:gst_poll_fd_ctl_write: 0x322810: fd (fd:0, idx:1), active : 1
0:00:00.020496941  3837 0x836370 DEBUG   default gstvalue.c:2676:_priv_gst_value_parse_value: trying type name 'string'
0:00:00.015848601  3838 0x31a320 LOG   GST_POLL gstpoll.c:994:gst_poll_fd_ctl_write: 0x322810: pfd->events now 60 (POLLOUT:4)
0:00:00.020504031  3837 0x836370 DEBUG   structure gststructure.c:2203:gst_structure_parse_field: trying field name 'author'
0:00:00.015855748  3838 0x31a320 DEBUG   GST_POLL gstpoll.c:980:gst_poll_fd_ctl_write: 0x322810: fd (fd:0, idx:1), active : 1
0:00:00.020510793  3837 0x836370 DEBUG   default gstvalue.c:2676:_priv_gst_value_parse_value: trying type name 'string'
0:00:00.015862489  3838 0x31a320 LOG   GST_POLL gstpoll.c:994:gst_poll_fd_ctl_write: 0x322810: pfd->events now 60 (POLLOUT:4)
0:00:00.020524537  3837 0x836370 DEBUG   GST_REGISTRY gstregistrychunks.c:626:gst_registry_chunks_load_feature: Element factory : npadtemplates=2
0:00:00.015876483  3838 0x31a320 DEBUG   GST_POLL gstpoll.c:980:gst_poll_fd_ctl_write: 0x322810: fd (fd:0, idx:1), active : 1
0:00:00.020530727  3837 0x836370 DEBUG   GST_REGISTRY gstregistrychunks.c:526:gst_registry_chunks_load_pad_template: Reading/casting for GstRegistryChunkPadTemplate at address 0x8534f0
0:00:00.015882705  3838 0x31a320 LOG   GST_POLL gstpoll.c:994:gst_poll_fd_ctl_write: 0x322810: pfd->events now 60 (POLLOUT:4)
0:00:00.020537175  3837 0x836370 DEBUG   GST_REGISTRY gstregistrychunks.c:539:gst_registry_chunks_load_pad_template: Added pad_template sink
0:00:00.015889366  3838 0x31a320 DEBUG   GST_POLL gstpoll.c:980:gst_poll_fd_ctl_write: 0x322810: fd (fd:0, idx:1), active : 1
0:00:00.020543404  3837 0x836370 DEBUG   GST_REGISTRY gstregistrychunks.c:526:gst_registry_chunks_load_pad_template: Reading/casting for GstRegistryChunkPadTemplate at address 0x853508
0:00:00.015895519  3838 0x31a320 LOG   GST_POLL gstpoll.c:994:gst_poll_fd_ctl_write: 0x322810: pfd->events now 60 (POLLOUT:4)
0:00:00.020549650  3837 0x836370 DEBUG   GST_REGISTRY gstregistrychunks.c:539:gst_registry_chunks_load_pad_template: Added pad_template src
0:00:00.015902456  3838 0x31a320 DEBUG   GST_POLL gstpoll.c:980:gst_poll_fd_ctl_write: 0x322810: fd (fd:0, idx:1), active : 1
0:00:00.020557487  3837 0x836370 DEBUG   GST_REGISTRY gstregistry.c:590:gst_registry_add_feature: adding feature 0x858160 (capsfilter)
0:00:00.015908986  3838 0x31a320 LOG   GST_POLL gstpoll.c:994:gst_poll_fd_ctl_write: 0x322810: pfd->events now 60 (POLLOUT:4)
0:00:00.020564547  3837 0x836370 DEBUG   GST_REFCOUNTING gstobject.c:709:gst_object_set_parent: set parent (ref and sink)
0:00:00.015916862  3838 0x31a320 DEBUG   GST_POLL gstpoll.c:980:gst_poll_fd_ctl_write: 0x322810: fd (fd:0, idx:1), active : 1
0:00:00.020573590  3837 0x836370 TRACE   GST_REFCOUNTING gstobject.c:294:gst_object_ref_sink: 0x858160 ref_sink 1->2
0:00:00.015924708  3838 0x31a320 LOG   GST_POLL gstpoll.c:994:gst_poll_fd_ctl_write: 0x322810: pfd->events now 60 (POLLOUT:4)
0:00:00.020581062  3837 0x836370 LOG   GST_REGISTRY gstregistry.c:608:gst_registry_add_feature: emitting feature-added for capsfilter
0:00:00.015932858  3838 0x31a320 DEBUG   GST_POLL gstpoll.c:980:gst_poll_fd_ctl_write: 0x322810: fd (fd:0, idx:1), active : 1
0:00:00.020588196  3837 0x836370 DEBUG   GST_REGISTRY gstregistrychunks.c:741:gst_registry_chunks_load_feature: Added feature capsfilter, plugin 0x850200 coreelements
0:00:00.015939324  3838 0x31a320 LOG   GST_POLL gstpoll.c:994:gst_poll_fd_ctl_write: 0x322810: pfd->events now 60 (POLLOUT:4)
0:00:00.015947186  3838 0x31a320 DEBUG   GST_POLL gstpoll.c:980:gst_poll_fd_ctl_write: 0x322810: fd (fd:0, idx:1), active : 1
0:00:00.020597321  3837 0x836370 LOG   GST_PLUGIN_LOADING gstpluginloader.c:889:handle_rx_packet: marking plugin 0x850200 as registered as /home/conan/w/prod/BuildSingleReference/.conan/data/gstreamer/1.18.3/_/_/package/1f5f5d419fdfb792f06015b5de5ddcf61311d6c8/lib/gstreamer-1.0/libgstcoreelements.so
0:00:00.015960122  3838 0x31a320 LOG   GST_POLL gstpoll.c:994:gst_poll_fd_ctl_write: 0x322810: pfd->events now 60 (POLLOUT:4)
0:00:00.020617871  3837 0x836370 DEBUG   GST_POLL gstpoll.c:1414:gst_poll_wait: 0x84fb80: timeout :0:00:01.000000000
0:00:00.015982517  3838 0x31a320 TRACE   GST_REFCOUNTING gstobject.c:265:gst_object_unref: 0x336120 unref 2->1
0:00:00.015992506  3838 0x31a320 DEBUG   GST_POLL gstpoll.c:1241:gst_poll_fd_has_error: 0x322810: fd (fd:0, idx:1) 0
0:00:00.015998829  3838 0x31a320 DEBUG   GST_POLL gstpoll.c:1335:gst_poll_fd_can_write: 0x322810: fd (fd:0, idx:1) 1
0:00:00.016004697  3838 0x31a320 LOG   GST_PLUGIN_LOADING gstpluginloader.c:690:write_one: Writing packet of size 488 bytes to fd 0
0:00:00.016027177  3838 0x31a320 DEBUG   GST_POLL gstpoll.c:1414:gst_poll_wait: 0x322810: timeout :0:00:01.000000000
0:00:00.016039443  3838 0x31a320 LOG   GST_PLUGIN_LOADING gstpluginloader.c:1028:exchange_packets: Poll res = 2. 6872 bytes pending for write
0:00:00.016046757  3838 0x31a320 DEBUG   GST_POLL gstpoll.c:1241:gst_poll_fd_has_error: 0x322810: fd (fd:5, idx:2) 0
0:00:00.020700518  3837 0x836370 LOG   GST_PLUGIN_LOADING gstpluginloader.c:1028:exchange_packets: Poll res = 1. 0 bytes pending for write
0:00:00.016052967  3838 0x31a320 DEBUG   GST_POLL gstpoll.c:1266:gst_poll_fd_can_read_unlocked: 0x322810: fd (fd:5, idx:2) 1
0:00:00.020711330  3837 0x836370 DEBUG   GST_POLL gstpoll.c:1241:gst_poll_fd_has_error: 0x84fb80: fd (fd:8, idx:2) 0
0:00:00.016064782  3838 0x31a320 LOG   GST_PLUGIN_LOADING gstpluginloader.c:1006:read_one: No payload to read for 0 length packet type 1 tag 0
0:00:00.020718556  3837 0x836370 DEBUG   GST_POLL gstpoll.c:1266:gst_poll_fd_can_read_unlocked: 0x84fb80: fd (fd:8, idx:2) 1
0:00:00.016072320  3838 0x31a320 DEBUG   GST_POLL gstpoll.c:1015:gst_poll_fd_ctl_read_unlocked: 0x322810: fd (fd:5, idx:2), active : 0
0:00:00.016078965  3838 0x31a320 DEBUG   GST_POLL gstpoll.c:980:gst_poll_fd_ctl_write: 0x322810: fd (fd:0, idx:1), active : 1
0:00:00.020731193  3837 0x836370 DEBUG   GST_PLUGIN_LOADING gstpluginloader.c:850:handle_rx_packet: Received plugin details from child w/ tag 2. 476 bytes info
0:00:00.016084979  3838 0x31a320 LOG   GST_POLL gstpoll.c:994:gst_poll_fd_ctl_write: 0x322810: pfd->events now 60 (POLLOUT:4)
0:00:00.020738754  3837 0x836370 LOG   GST_REGISTRY gstregistrychunks.c:837:_priv_gst_registry_chunks_load_plugin: Reading/casting for GstRegistryChunkPluginElement at address 0x851a50
0:00:00.016091542  3838 0x31a320 DEBUG   GST_POLL gstpoll.c:1241:gst_poll_fd_has_error: 0x322810: fd (fd:0, idx:1) 0
0:00:00.020747339  3837 0x836370 TRACE   GST_REFCOUNTING gstobject.c:208:gst_object_init: 0x858960 new
0:00:00.016097809  3838 0x31a320 DEBUG   GST_POLL gstpoll.c:1335:gst_poll_fd_can_write: 0x322810: fd (fd:0, idx:1) 1
0:00:00.016114687  3838 0x31a320 LOG   GST_PLUGIN_LOADING gstpluginloader.c:690:write_one: Writing packet of size 6872 bytes to fd 0
0:00:00.020768791  3837 0x836370 LOG   GST_REGISTRY gstregistrychunks.c:858:_priv_gst_registry_chunks_load_plugin: read strings for name='coretracers'
0:00:00.020775523  3837 0x836370 LOG   GST_REGISTRY gstregistrychunks.c:859:_priv_gst_registry_chunks_load_plugin: desc.description='GStreamer core tracers'
0:00:00.016126434  3838 0x31a320 DEBUG   GST_POLL gstpoll.c:1414:gst_poll_wait: 0x322810: timeout :0:00:01.000000000
0:00:00.020782003  3837 0x836370 LOG   GST_REGISTRY gstregistrychunks.c:860:_priv_gst_registry_chunks_load_plugin: filename='/home/conan/w/prod/BuildSingleReference/.conan/data/gstreamer/1.18.3/_/_/package/1f5f5d419fdfb792f06015b5de5ddcf61311d6c8/lib/gstreamer-1.0/libgstcoretracers.so'
0:00:00.016135317  3838 0x31a320 LOG   GST_PLUGIN_LOADING gstpluginloader.c:1028:exchange_packets: Poll res = 1. 12 bytes pending for write
0:00:00.020789283  3837 0x836370 LOG   GST_REGISTRY gstregistrychunks.c:861:_priv_gst_registry_chunks_load_plugin: desc.version='1.18.3'
0:00:00.016142669  3838 0x31a320 DEBUG   GST_POLL gstpoll.c:1241:gst_poll_fd_has_error: 0x322810: fd (fd:0, idx:1) 0
0:00:00.020798625  3837 0x836370 LOG   GST_REGISTRY gstregistrychunks.c:862:_priv_gst_registry_chunks_load_plugin: desc.license='LGPL'
0:00:00.016150108  3838 0x31a320 DEBUG   GST_POLL gstpoll.c:1335:gst_poll_fd_can_write: 0x322810: fd (fd:0, idx:1) 1
0:00:00.020805725  3837 0x836370 LOG   GST_REGISTRY gstregistrychunks.c:863:_priv_gst_registry_chunks_load_plugin: desc.source='gstreamer'
0:00:00.016157676  3838 0x31a320 LOG   GST_PLUGIN_LOADING gstpluginloader.c:690:write_one: Writing packet of size 12 bytes to fd 0
0:00:00.020812158  3837 0x836370 LOG   GST_REGISTRY gstregistrychunks.c:864:_priv_gst_registry_chunks_load_plugin: desc.package='GStreamer source release'
0:00:00.016166198  3838 0x31a320 DEBUG   GST_POLL gstpoll.c:980:gst_poll_fd_ctl_write: 0x322810: fd (fd:0, idx:1), active : 0
0:00:00.020818301  3837 0x836370 LOG   GST_REGISTRY gstregistrychunks.c:865:_priv_gst_registry_chunks_load_plugin: desc.origin='Unknown package origin'
0:00:00.016172843  3838 0x31a320 LOG   GST_POLL gstpoll.c:994:gst_poll_fd_ctl_write: 0x322810: pfd->events now 56 (POLLOUT:4)
0:00:00.020825670  3837 0x836370 LOG   GST_REGISTRY gstregistrychunks.c:866:_priv_gst_registry_chunks_load_plugin: desc.datetime=2021-01-13
0:00:00.020836300  3837 0x836370 DEBUG   GST_REGISTRY gstregistry.c:449:gst_registry_add_plugin: Replacing existing plugin "/home/conan/w/prod/BuildSingleReference/.conan/data/gstreamer/1.18.3/_/_/package/1f5f5d419fdfb792f06015b5de5ddcf61311d6c8/lib/gstreamer-1.0/libgstcoretracers.so" 0x84fbe0 with new plugin 0x858960 for filename "/home/conan/w/prod/BuildSingleReference/.conan/data/gstreamer/1.18.3/_/_/package/1f5f5d419fdfb792f06015b5de5ddcf61311d6c8/lib/gstreamer-1.0/libgstcoretracers.so"
0:00:00.016195473  3838 0x31a320 DEBUG   GST_POLL gstpoll.c:772:gst_poll_free: 0x322810: freeing
0:00:00.020858275  3837 0x836370 TRACE   GST_REFCOUNTING gstobject.c:265:gst_object_unref: 0x84fbe0 unref 1->0
0:00:00.020867637  3837 0x836370 TRACE   GST_REFCOUNTING gstobject.c:381:gst_object_dispose: 0x84fbe0 dispose
0:00:00.020878035  3837 0x836370 DEBUG   GST_PLUGIN_LOADING gstplugin.c:136:gst_plugin_finalize: finalizing plugin
0:00:00.020888487  3837 0x836370 TRACE   GST_REFCOUNTING gstobject.c:423:gst_object_finalize: 0x84fbe0 finalize
0:00:00.020902404  3837 0x836370 DEBUG   GST_REGISTRY gstregistry.c:474:gst_registry_add_plugin: adding plugin 0x858960 for filename "/home/conan/w/prod/BuildSingleReference/.conan/data/gstreamer/1.18.3/_/_/package/1f5f5d419fdfb792f06015b5de5ddcf61311d6c8/lib/gstreamer-1.0/libgstcoretracers.so"
0:00:00.020910251  3837 0x836370 TRACE   GST_REFCOUNTING gstobject.c:294:gst_object_ref_sink: 0x858960 ref_sink 1->2
0:00:00.020917741  3837 0x836370 LOG   GST_REGISTRY gstregistry.c:487:gst_registry_add_plugin: emitting plugin-added for filename "/home/conan/w/prod/BuildSingleReference/.conan/data/gstreamer/1.18.3/_/_/package/1f5f5d419fdfb792f06015b5de5ddcf61311d6c8/lib/gstreamer-1.0/libgstcoretracers.so"
0:00:00.020925521  3837 0x836370 DEBUG   GST_REGISTRY gstregistrychunks.c:887:_priv_gst_registry_chunks_load_plugin: Added plugin 'coretracers' plugin with 5 features from binary registry
0:00:00.020932380  3837 0x836370 DEBUG   GST_REGISTRY gstregistrychunks.c:583:gst_registry_chunks_load_feature: Plugin 'coretracers' feature 'leaks' typename : 'GstTracerFactory'
0:00:00.020941090  3837 0x836370 TRACE   GST_REFCOUNTING gstobject.c:208:gst_object_init: 0x850800 new
0:00:00.020949862  3837 0x836370 DEBUG   GST_REGISTRY gstregistrychunks.c:718:gst_registry_chunks_load_feature: Reading/casting for GstRegistryChunkPluginFeature at address 0x851b98
0:00:00.020956881  3837 0x836370 DEBUG   GST_REGISTRY gstregistry.c:581:gst_registry_add_feature: replacing existing feature 0x850a70 (leaks)
0:00:00.020963824  3837 0x836370 DEBUG   GST_REGISTRY gstregistry.c:590:gst_registry_add_feature: adding feature 0x850800 (leaks)
0:00:00.020997376  3837 0x836370 TRACE   GST_REFCOUNTING gstobject.c:788:gst_object_unparent: unparent
0:00:00.021005143  3837 0x836370 TRACE   GST_REFCOUNTING gstobject.c:265:gst_object_unref: 0x850a70 unref 1->0
0:00:00.021011767  3837 0x836370 TRACE   GST_REFCOUNTING gstobject.c:381:gst_object_dispose: 0x850a70 dispose
0:00:00.021018360  3837 0x836370 DEBUG   GST_PLUGIN_LOADING gstpluginfeature.c:67:gst_plugin_feature_finalize: finalizing feature 0x850a70: 'leaks'
0:00:00.021024340  3837 0x836370 TRACE   GST_REFCOUNTING gstobject.c:423:gst_object_finalize: 0x850a70 finalize
0:00:00.021030773  3837 0x836370 DEBUG   GST_REFCOUNTING gstobject.c:709:gst_object_set_parent: set parent (ref and sink)
0:00:00.021037220  3837 0x836370 TRACE   GST_REFCOUNTING gstobject.c:294:gst_object_ref_sink: 0x850800 ref_sink 1->2
0:00:00.021050326  3837 0x836370 LOG   GST_REGISTRY gstregistry.c:608:gst_registry_add_feature: emitting feature-added for leaks
0:00:00.021057090  3837 0x836370 DEBUG   GST_REGISTRY gstregistrychunks.c:741:gst_registry_chunks_load_feature: Added feature leaks, plugin 0x858960 coretracers
0:00:00.021064095  3837 0x836370 DEBUG   GST_REGISTRY gstregistrychunks.c:583:gst_registry_chunks_load_feature: Plugin 'coretracers' feature 'stats' typename : 'GstTracerFactory'
0:00:00.021072073  3837 0x836370 TRACE   GST_REFCOUNTING gstobject.c:208:gst_object_init: 0x84fbd0 new
0:00:00.021079120  3837 0x836370 DEBUG   GST_REGISTRY gstregistrychunks.c:718:gst_registry_chunks_load_feature: Reading/casting for GstRegistryChunkPluginFeature at address 0x851bb8
0:00:00.021086721  3837 0x836370 DEBUG   GST_REGISTRY gstregistry.c:581:gst_registry_add_feature: replacing existing feature 0x850c70 (stats)
0:00:00.021094199  3837 0x836370 DEBUG   GST_REGISTRY gstregistry.c:590:gst_registry_add_feature: adding feature 0x84fbd0 (stats)
0:00:00.021099804  3837 0x836370 TRACE   GST_REFCOUNTING gstobject.c:788:gst_object_unparent: unparent
0:00:00.021106505  3837 0x836370 TRACE   GST_REFCOUNTING gstobject.c:265:gst_object_unref: 0x850c70 unref 1->0
0:00:00.021112628  3837 0x836370 TRACE   GST_REFCOUNTING gstobject.c:381:gst_object_dispose: 0x850c70 dispose
0:00:00.021119384  3837 0x836370 DEBUG   GST_PLUGIN_LOADING gstpluginfeature.c:67:gst_plugin_feature_finalize: finalizing feature 0x850c70: 'stats'
0:00:00.021125461  3837 0x836370 TRACE   GST_REFCOUNTING gstobject.c:423:gst_object_finalize: 0x850c70 finalize
0:00:00.021131410  3837 0x836370 DEBUG   GST_REFCOUNTING gstobject.c:709:gst_object_set_parent: set parent (ref and sink)
0:00:00.021138708  3837 0x836370 TRACE   GST_REFCOUNTING gstobject.c:294:gst_object_ref_sink: 0x84fbd0 ref_sink 1->2
0:00:00.021144804  3837 0x836370 LOG   GST_REGISTRY gstregistry.c:608:gst_registry_add_feature: emitting feature-added for stats
0:00:00.021150981  3837 0x836370 DEBUG   GST_REGISTRY gstregistrychunks.c:741:gst_registry_chunks_load_feature: Added feature stats, plugin 0x858960 coretracers
0:00:00.021157493  3837 0x836370 DEBUG   GST_REGISTRY gstregistrychunks.c:583:gst_registry_chunks_load_feature: Plugin 'coretracers' feature 'rusage' typename : 'GstTracerFactory'
0:00:00.021164151  3837 0x836370 TRACE   GST_REFCOUNTING gstobject.c:208:gst_object_init: 0x850c70 new
0:00:00.021171318  3837 0x836370 DEBUG   GST_REGISTRY gstregistrychunks.c:718:gst_registry_chunks_load_feature: Reading/casting for GstRegistryChunkPluginFeature at address 0x851bd8
0:00:00.021178241  3837 0x836370 DEBUG   GST_REGISTRY gstregistry.c:581:gst_registry_add_feature: replacing existing feature 0x850dc0 (rusage)
0:00:00.021185584  3837 0x836370 DEBUG   GST_REGISTRY gstregistry.c:590:gst_registry_add_feature: adding feature 0x850c70 (rusage)
0:00:00.021197047  3837 0x836370 TRACE   GST_REFCOUNTING gstobject.c:788:gst_object_unparent: unparent
0:00:00.021204528  3837 0x836370 TRACE   GST_REFCOUNTING gstobject.c:265:gst_object_unref: 0x850dc0 unref 1->0
0:00:00.021210827  3837 0x836370 TRACE   GST_REFCOUNTING gstobject.c:381:gst_object_dispose: 0x850dc0 dispose
0:00:00.021217784  3837 0x836370 DEBUG   GST_PLUGIN_LOADING gstpluginfeature.c:67:gst_plugin_feature_finalize: finalizing feature 0x850dc0: 'rusage'
0:00:00.021223854  3837 0x836370 TRACE   GST_REFCOUNTING gstobject.c:423:gst_object_finalize: 0x850dc0 finalize
0:00:00.021229984  3837 0x836370 DEBUG   GST_REFCOUNTING gstobject.c:709:gst_object_set_parent: set parent (ref and sink)
0:00:00.021236695  3837 0x836370 TRACE   GST_REFCOUNTING gstobject.c:294:gst_object_ref_sink: 0x850c70 ref_sink 1->2
0:00:00.021242934  3837 0x836370 LOG   GST_REGISTRY gstregistry.c:608:gst_registry_add_feature: emitting feature-added for rusage
0:00:00.021249380  3837 0x836370 DEBUG   GST_REGISTRY gstregistrychunks.c:741:gst_registry_chunks_load_feature: Added feature rusage, plugin 0x858960 coretracers
0:00:00.021255533  3837 0x836370 DEBUG   GST_REGISTRY gstregistrychunks.c:583:gst_registry_chunks_load_feature: Plugin 'coretracers' feature 'log' typename : 'GstTracerFactory'
0:00:00.021262231  3837 0x836370 TRACE   GST_REFCOUNTING gstobject.c:208:gst_object_init: 0x850dc0 new
0:00:00.021268993  3837 0x836370 DEBUG   GST_REGISTRY gstregistrychunks.c:718:gst_registry_chunks_load_feature: Reading/casting for GstRegistryChunkPluginFeature at address 0x851bf8
0:00:00.021276091  3837 0x836370 DEBUG   GST_REGISTRY gstregistry.c:581:gst_registry_add_feature: replacing existing feature 0x850f10 (log)
0:00:00.021282637  3837 0x836370 DEBUG   GST_REGISTRY gstregistry.c:590:gst_registry_add_feature: adding feature 0x850dc0 (log)
0:00:00.021287973  3837 0x836370 TRACE   GST_REFCOUNTING gstobject.c:788:gst_object_unparent: unparent
0:00:00.021294877  3837 0x836370 TRACE   GST_REFCOUNTING gstobject.c:265:gst_object_unref: 0x850f10 unref 1->0
0:00:00.021300920  3837 0x836370 TRACE   GST_REFCOUNTING gstobject.c:381:gst_object_dispose: 0x850f10 dispose
0:00:00.021307367  3837 0x836370 DEBUG   GST_PLUGIN_LOADING gstpluginfeature.c:67:gst_plugin_feature_finalize: finalizing feature 0x850f10: 'log'
0:00:00.021313299  3837 0x836370 TRACE   GST_REFCOUNTING gstobject.c:423:gst_object_finalize: 0x850f10 finalize
0:00:00.021319335  3837 0x836370 DEBUG   GST_REFCOUNTING gstobject.c:709:gst_object_set_parent: set parent (ref and sink)
0:00:00.021325944  3837 0x836370 TRACE   GST_REFCOUNTING gstobject.c:294:gst_object_ref_sink: 0x850dc0 ref_sink 1->2
0:00:00.021332266  3837 0x836370 LOG   GST_REGISTRY gstregistry.c:608:gst_registry_add_feature: emitting feature-added for log
0:00:00.021338269  3837 0x836370 DEBUG   GST_REGISTRY gstregistrychunks.c:741:gst_registry_chunks_load_feature: Added feature log, plugin 0x858960 coretracers
0:00:00.021351322  3837 0x836370 DEBUG   GST_REGISTRY gstregistrychunks.c:583:gst_registry_chunks_load_feature: Plugin 'coretracers' feature 'latency' typename : 'GstTracerFactory'
0:00:00.021358136  3837 0x836370 TRACE   GST_REFCOUNTING gstobject.c:208:gst_object_init: 0x850f10 new
0:00:00.021364783  3837 0x836370 DEBUG   GST_REGISTRY gstregistrychunks.c:718:gst_registry_chunks_load_feature: Reading/casting for GstRegistryChunkPluginFeature at address 0x851c20
0:00:00.021371900  3837 0x836370 DEBUG   GST_REGISTRY gstregistry.c:581:gst_registry_add_feature: replacing existing feature 0x851110 (latency)
0:00:00.021378764  3837 0x836370 DEBUG   GST_REGISTRY gstregistry.c:590:gst_registry_add_feature: adding feature 0x850f10 (latency)
0:00:00.021384083  3837 0x836370 TRACE   GST_REFCOUNTING gstobject.c:788:gst_object_unparent: unparent
0:00:00.021390560  3837 0x836370 TRACE   GST_REFCOUNTING gstobject.c:265:gst_object_unref: 0x851110 unref 1->0
0:00:00.021396856  3837 0x836370 TRACE   GST_REFCOUNTING gstobject.c:381:gst_object_dispose: 0x851110 dispose
0:00:00.021403606  3837 0x836370 DEBUG   GST_PLUGIN_LOADING gstpluginfeature.c:67:gst_plugin_feature_finalize: finalizing feature 0x851110: 'latency'
0:00:00.021410427  3837 0x836370 TRACE   GST_REFCOUNTING gstobject.c:423:gst_object_finalize: 0x851110 finalize
0:00:00.021416230  3837 0x836370 DEBUG   GST_REFCOUNTING gstobject.c:709:gst_object_set_parent: set parent (ref and sink)
0:00:00.021422850  3837 0x836370 TRACE   GST_REFCOUNTING gstobject.c:294:gst_object_ref_sink: 0x850f10 ref_sink 1->2
0:00:00.021429259  3837 0x836370 LOG   GST_REGISTRY gstregistry.c:608:gst_registry_add_feature: emitting feature-added for latency
0:00:00.021435476  3837 0x836370 DEBUG   GST_REGISTRY gstregistrychunks.c:741:gst_registry_chunks_load_feature: Added feature latency, plugin 0x858960 coretracers
0:00:00.021442976  3837 0x836370 LOG   GST_PLUGIN_LOADING gstpluginloader.c:889:handle_rx_packet: marking plugin 0x858960 as registered as /home/conan/w/prod/BuildSingleReference/.conan/data/gstreamer/1.18.3/_/_/package/1f5f5d419fdfb792f06015b5de5ddcf61311d6c8/lib/gstreamer-1.0/libgstcoretracers.so
0:00:00.021452127  3837 0x836370 DEBUG   GST_POLL gstpoll.c:1414:gst_poll_wait: 0x84fb80: timeout :0:00:01.000000000
0:00:00.021461603  3837 0x836370 LOG   GST_PLUGIN_LOADING gstpluginloader.c:1028:exchange_packets: Poll res = 2. 0 bytes pending for write
0:00:00.021468800  3837 0x836370 DEBUG   GST_POLL gstpoll.c:1241:gst_poll_fd_has_error: 0x84fb80: fd (fd:8, idx:2) 0
0:00:00.021474609  3837 0x836370 DEBUG   GST_POLL gstpoll.c:1266:gst_poll_fd_can_read_unlocked: 0x84fb80: fd (fd:8, idx:2) 1
0:00:00.021485970  3837 0x836370 DEBUG   GST_PLUGIN_LOADING gstpluginloader.c:850:handle_rx_packet: Received plugin details from child w/ tag 3. 6860 bytes info
0:00:00.021492128  3837 0x836370 LOG   GST_REGISTRY gstregistrychunks.c:837:_priv_gst_registry_chunks_load_plugin: Reading/casting for GstRegistryChunkPluginElement at address 0x851a50
0:00:00.021503956  3837 0x836370 TRACE   GST_REFCOUNTING gstobject.c:208:gst_object_init: 0x84fca0 new
0:00:00.021513913  3837 0x836370 LOG   GST_REGISTRY gstregistrychunks.c:858:_priv_gst_registry_chunks_load_plugin: read strings for name='coreelements'
0:00:00.021520111  3837 0x836370 LOG   GST_REGISTRY gstregistrychunks.c:859:_priv_gst_registry_chunks_load_plugin: desc.description='GStreamer core elements'
0:00:00.021527235  3837 0x836370 LOG   GST_REGISTRY gstregistrychunks.c:860:_priv_gst_registry_chunks_load_plugin: filename='/home/conan/w/prod/BuildSingleReference/.conan/data/gstreamer/1.18.3/_/_/package/1f5f5d419fdfb792f06015b5de5ddcf61311d6c8/lib/gstreamer-1.0/libgstcoreelements.so'
0:00:00.021533576  3837 0x836370 LOG   GST_REGISTRY gstregistrychunks.c:861:_priv_gst_registry_chunks_load_plugin: desc.version='1.18.3'
0:00:00.021538798  3837 0x836370 LOG   GST_REGISTRY gstregistrychunks.c:862:_priv_gst_registry_chunks_load_plugin: desc.license='LGPL'
0:00:00.021543944  3837 0x836370 LOG   GST_REGISTRY gstregistrychunks.c:863:_priv_gst_registry_chunks_load_plugin: desc.source='gstreamer'
0:00:00.021549147  3837 0x836370 LOG   GST_REGISTRY gstregistrychunks.c:864:_priv_gst_registry_chunks_load_plugin: desc.package='GStreamer source release'
0:00:00.021554630  3837 0x836370 LOG   GST_REGISTRY gstregistrychunks.c:865:_priv_gst_registry_chunks_load_plugin: desc.origin='Unknown package origin'
0:00:00.021559956  3837 0x836370 LOG   GST_REGISTRY gstregistrychunks.c:866:_priv_gst_registry_chunks_load_plugin: desc.datetime=2021-01-13
0:00:00.021568851  3837 0x836370 DEBUG   GST_REGISTRY gstregistry.c:449:gst_registry_add_plugin: Replacing existing plugin "/home/conan/w/prod/BuildSingleReference/.conan/data/gstreamer/1.18.3/_/_/package/1f5f5d419fdfb792f06015b5de5ddcf61311d6c8/lib/gstreamer-1.0/libgstcoreelements.so" 0x850200 with new plugin 0x84fca0 for filename "/home/conan/w/prod/BuildSingleReference/.conan/data/gstreamer/1.18.3/_/_/package/1f5f5d419fdfb792f06015b5de5ddcf61311d6c8/lib/gstreamer-1.0/libgstcoreelements.so"
0:00:00.021577454  3837 0x836370 TRACE   GST_REFCOUNTING gstobject.c:265:gst_object_unref: 0x850200 unref 1->0
0:00:00.021583622  3837 0x836370 TRACE   GST_REFCOUNTING gstobject.c:381:gst_object_dispose: 0x850200 dispose
0:00:00.021590277  3837 0x836370 DEBUG   GST_PLUGIN_LOADING gstplugin.c:136:gst_plugin_finalize: finalizing plugin
0:00:00.021596298  3837 0x836370 TRACE   GST_REFCOUNTING gstobject.c:423:gst_object_finalize: 0x850200 finalize
0:00:00.021604307  3837 0x836370 DEBUG   GST_REGISTRY gstregistry.c:474:gst_registry_add_plugin: adding plugin 0x84fca0 for filename "/home/conan/w/prod/BuildSingleReference/.conan/data/gstreamer/1.18.3/_/_/package/1f5f5d419fdfb792f06015b5de5ddcf61311d6c8/lib/gstreamer-1.0/libgstcoreelements.so"
0:00:00.021611286  3837 0x836370 TRACE   GST_REFCOUNTING gstobject.c:294:gst_object_ref_sink: 0x84fca0 ref_sink 1->2
0:00:00.021617836  3837 0x836370 LOG   GST_REGISTRY gstregistry.c:487:gst_registry_add_plugin: emitting plugin-added for filename "/home/conan/w/prod/BuildSingleReference/.conan/data/gstreamer/1.18.3/_/_/package/1f5f5d419fdfb792f06015b5de5ddcf61311d6c8/lib/gstreamer-1.0/libgstcoreelements.so"
0:00:00.021654845  3837 0x836370 DEBUG   GST_REGISTRY gstregistrychunks.c:887:_priv_gst_registry_chunks_load_plugin: Added plugin 'coreelements' plugin with 22 features from binary registry
0:00:00.021661987  3837 0x836370 DEBUG   GST_REGISTRY gstregistrychunks.c:583:gst_registry_chunks_load_feature: Plugin 'coreelements' feature 'streamiddemux' typename : 'GstElementFactory'
0:00:00.021669411  3837 0x836370 TRACE   GST_REFCOUNTING gstobject.c:208:gst_object_init: 0x8587d0 new
0:00:00.021676549  3837 0x836370 LOG   GST_REGISTRY gstregistrychunks.c:610:gst_registry_chunks_load_feature: Reading/casting for GstRegistryChunkElementFactory at address 0x851ba8
0:00:00.021683445  3837 0x836370 TRACE   structure gststructure.c:287:gst_structure_new_id_empty_with_size: created structure 0x858a90
0:00:00.021689664  3837 0x836370 DEBUG   structure gststructure.c:2203:gst_structure_parse_field: trying field name 'long-name'
0:00:00.021695525  3837 0x836370 DEBUG   default gstvalue.c:2676:_priv_gst_value_parse_value: trying type name 'string'
0:00:00.021702632  3837 0x836370 DEBUG   structure gststructure.c:2203:gst_structure_parse_field: trying field name 'klass'
0:00:00.021708275  3837 0x836370 DEBUG   default gstvalue.c:2676:_priv_gst_value_parse_value: trying type name 'string'
0:00:00.021713884  3837 0x836370 DEBUG   structure gststructure.c:2203:gst_structure_parse_field: trying field name 'description'
0:00:00.021719039  3837 0x836370 DEBUG   default gstvalue.c:2676:_priv_gst_value_parse_value: trying type name 'string'
0:00:00.021725074  3837 0x836370 DEBUG   structure gststructure.c:2203:gst_structure_parse_field: trying field name 'author'
0:00:00.021730936  3837 0x836370 DEBUG   default gstvalue.c:2676:_priv_gst_value_parse_value: trying type name 'string'
0:00:00.021736890  3837 0x836370 DEBUG   GST_REGISTRY gstregistrychunks.c:626:gst_registry_chunks_load_feature: Element factory : npadtemplates=2
0:00:00.021742566  3837 0x836370 DEBUG   GST_REGISTRY gstregistrychunks.c:526:gst_registry_chunks_load_pad_template: Reading/casting for GstRegistryChunkPadTemplate at address 0x851c80
0:00:00.021748191  3837 0x836370 DEBUG   GST_REGISTRY gstregistrychunks.c:539:gst_registry_chunks_load_pad_template: Added pad_template src_%u
0:00:00.021753518  3837 0x836370 DEBUG   GST_REGISTRY gstregistrychunks.c:526:gst_registry_chunks_load_pad_template: Reading/casting for GstRegistryChunkPadTemplate at address 0x851c98
0:00:00.021759533  3837 0x836370 DEBUG   GST_REGISTRY gstregistrychunks.c:539:gst_registry_chunks_load_pad_template: Added pad_template sink
0:00:00.021767007  3837 0x836370 DEBUG   GST_REGISTRY gstregistry.c:581:gst_registry_add_feature: replacing existing feature 0x850570 (streamiddemux)
0:00:00.021773987  3837 0x836370 DEBUG   GST_REGISTRY gstregistry.c:590:gst_registry_add_feature: adding feature 0x8587d0 (streamiddemux)
0:00:00.021785531  3837 0x836370 TRACE   GST_REFCOUNTING gstobject.c:788:gst_object_unparent: unparent
0:00:00.021793042  3837 0x836370 TRACE   GST_REFCOUNTING gstobject.c:265:gst_object_unref: 0x850570 unref 1->0
0:00:00.021799750  3837 0x836370 TRACE   GST_REFCOUNTING gstobject.c:381:gst_object_dispose: 0x850570 dispose
0:00:00.021807029  3837 0x836370 TRACE   structure gststructure.c:544:gst_structure_free: free structure 0x851390
0:00:00.021815510  3837 0x836370 TRACE   GST_REFCOUNTING gstminiobject.c:723:gst_mini_object_replace: replace (nil) (0) with (nil) (0)
0:00:00.021822800  3837 0x836370 TRACE   GST_REFCOUNTING gstminiobject.c:723:gst_mini_object_replace: replace (nil) (0) with (nil) (0)
0:00:00.021829599  3837 0x836370 DEBUG   GST_PLUGIN_LOADING gstpluginfeature.c:67:gst_plugin_feature_finalize: finalizing feature 0x850570: 'streamiddemux'
0:00:00.021835987  3837 0x836370 TRACE   GST_REFCOUNTING gstobject.c:423:gst_object_finalize: 0x850570 finalize
0:00:00.021842433  3837 0x836370 DEBUG   GST_REFCOUNTING gstobject.c:709:gst_object_set_parent: set parent (ref and sink)
0:00:00.021849447  3837 0x836370 TRACE   GST_REFCOUNTING gstobject.c:294:gst_object_ref_sink: 0x8587d0 ref_sink 1->2
0:00:00.021855601  3837 0x836370 LOG   GST_REGISTRY gstregistry.c:608:gst_registry_add_feature: emitting feature-added for streamiddemux
0:00:00.021862146  3837 0x836370 DEBUG   GST_REGISTRY gstregistrychunks.c:741:gst_registry_chunks_load_feature: Added feature streamiddemux, plugin 0x84fca0 coreelements
0:00:00.021868590  3837 0x836370 DEBUG   GST_REGISTRY gstregistrychunks.c:583:gst_registry_chunks_load_feature: Plugin 'coreelements' feature 'valve' typename : 'GstElementFactory'
0:00:00.021875257  3837 0x836370 TRACE   GST_REFCOUNTING gstobject.c:208:gst_object_init: 0x850520 new
0:00:00.021881907  3837 0x836370 LOG   GST_REGISTRY gstregistrychunks.c:610:gst_registry_chunks_load_feature: Reading/casting for GstRegistryChunkElementFactory at address 0x851cc8
0:00:00.021887884  3837 0x836370 TRACE   structure gststructure.c:287:gst_structure_new_id_empty_with_size: created structure 0x858bc0
0:00:00.021893326  3837 0x836370 DEBUG   structure gststructure.c:2203:gst_structure_parse_field: trying field name 'long-name'
0:00:00.021899081  3837 0x836370 DEBUG   default gstvalue.c:2676:_priv_gst_value_parse_value: trying type name 'string'
0:00:00.021904612  3837 0x836370 DEBUG   structure gststructure.c:2203:gst_structure_parse_field: trying field name 'klass'
0:00:00.021909991  3837 0x836370 DEBUG   default gstvalue.c:2676:_priv_gst_value_parse_value: trying type name 'string'
0:00:00.021915748  3837 0x836370 DEBUG   structure gststructure.c:2203:gst_structure_parse_field: trying field name 'description'
0:00:00.021920980  3837 0x836370 DEBUG   default gstvalue.c:2676:_priv_gst_value_parse_value: trying type name 'string'
0:00:00.021927056  3837 0x836370 DEBUG   structure gststructure.c:2203:gst_structure_parse_field: trying field name 'author'
0:00:00.021937489  3837 0x836370 DEBUG   default gstvalue.c:2676:_priv_gst_value_parse_value: trying type name 'string'
0:00:00.021943724  3837 0x836370 DEBUG   GST_REGISTRY gstregistrychunks.c:626:gst_registry_chunks_load_feature: Element factory : npadtemplates=2
0:00:00.021949173  3837 0x836370 DEBUG   GST_REGISTRY gstregistrychunks.c:526:gst_registry_chunks_load_pad_template: Reading/casting for GstRegistryChunkPadTemplate at address 0x851db8
0:00:00.021954478  3837 0x836370 DEBUG   GST_REGISTRY gstregistrychunks.c:539:gst_registry_chunks_load_pad_template: Added pad_template sink
0:00:00.021959659  3837 0x836370 DEBUG   GST_REGISTRY gstregistrychunks.c:526:gst_registry_chunks_load_pad_template: Reading/casting for GstRegistryChunkPadTemplate at address 0x851dd0
0:00:00.021965001  3837 0x836370 DEBUG   GST_REGISTRY gstregistrychunks.c:539:gst_registry_chunks_load_pad_template: Added pad_template src
0:00:00.021979236  3837 0x836370 DEBUG   GST_REGISTRY gstregistry.c:581:gst_registry_add_feature: replacing existing feature 0x8517d0 (valve)
0:00:00.021986097  3837 0x836370 DEBUG   GST_REGISTRY gstregistry.c:590:gst_registry_add_feature: adding feature 0x850520 (valve)
0:00:00.021991391  3837 0x836370 TRACE   GST_REFCOUNTING gstobject.c:788:gst_object_unparent: unparent
0:00:00.021997998  3837 0x836370 TRACE   GST_REFCOUNTING gstobject.c:265:gst_object_unref: 0x8517d0 unref 1->0
0:00:00.022004086  3837 0x836370 TRACE   GST_REFCOUNTING gstobject.c:381:gst_object_dispose: 0x8517d0 dispose
0:00:00.022010259  3837 0x836370 TRACE   structure gststructure.c:544:gst_structure_free: free structure 0x853800
0:00:00.022016509  3837 0x836370 TRACE   GST_REFCOUNTING gstminiobject.c:723:gst_mini_object_replace: replace (nil) (0) with (nil) (0)
0:00:00.022023456  3837 0x836370 TRACE   GST_REFCOUNTING gstminiobject.c:723:gst_mini_object_replace: replace (nil) (0) with (nil) (0)
0:00:00.022029596  3837 0x836370 DEBUG   GST_PLUGIN_LOADING gstpluginfeature.c:67:gst_plugin_feature_finalize: finalizing feature 0x8517d0: 'valve'
0:00:00.022035624  3837 0x836370 TRACE   GST_REFCOUNTING gstobject.c:423:gst_object_finalize: 0x8517d0 finalize
0:00:00.022041579  3837 0x836370 DEBUG   GST_REFCOUNTING gstobject.c:709:gst_object_set_parent: set parent (ref and sink)
0:00:00.022048636  3837 0x836370 TRACE   GST_REFCOUNTING gstobject.c:294:gst_object_ref_sink: 0x850520 ref_sink 1->2
0:00:00.022054959  3837 0x836370 LOG   GST_REGISTRY gstregistry.c:608:gst_registry_add_feature: emitting feature-added for valve
0:00:00.022061390  3837 0x836370 DEBUG   GST_REGISTRY gstregistrychunks.c:741:gst_registry_chunks_load_feature: Added feature valve, plugin 0x84fca0 coreelements
0:00:00.022068572  3837 0x836370 DEBUG   GST_REGISTRY gstregistrychunks.c:583:gst_registry_chunks_load_feature: Plugin 'coreelements' feature 'multiqueue' typename : 'GstElementFactory'
0:00:00.022075872  3837 0x836370 TRACE   GST_REFCOUNTING gstobject.c:208:gst_object_init: 0x8517d0 new
0:00:00.022091931  3837 0x836370 LOG   GST_REGISTRY gstregistrychunks.c:610:gst_registry_chunks_load_feature: Reading/casting for GstRegistryChunkElementFactory at address 0x851e00
0:00:00.022099133  3837 0x836370 TRACE   structure gststructure.c:287:gst_structure_new_id_empty_with_size: created structure 0x858cf0
0:00:00.022104711  3837 0x836370 DEBUG   structure gststructure.c:2203:gst_structure_parse_field: trying field name 'long-name'
0:00:00.022109816  3837 0x836370 DEBUG   default gstvalue.c:2676:_priv_gst_value_parse_value: trying type name 'string'
0:00:00.022115318  3837 0x836370 DEBUG   structure gststructure.c:2203:gst_structure_parse_field: trying field name 'klass'
0:00:00.022120412  3837 0x836370 DEBUG   default gstvalue.c:2676:_priv_gst_value_parse_value: trying type name 'string'
0:00:00.022125965  3837 0x836370 DEBUG   structure gststructure.c:2203:gst_structure_parse_field: trying field name 'description'
0:00:00.022131044  3837 0x836370 DEBUG   default gstvalue.c:2676:_priv_gst_value_parse_value: trying type name 'string'
0:00:00.022136673  3837 0x836370 DEBUG   structure gststructure.c:2203:gst_structure_parse_field: trying field name 'author'
0:00:00.022141759  3837 0x836370 DEBUG   default gstvalue.c:2676:_priv_gst_value_parse_value: trying type name 'string'
0:00:00.022147534  3837 0x836370 DEBUG   GST_REGISTRY gstregistrychunks.c:626:gst_registry_chunks_load_feature: Element factory : npadtemplates=2
0:00:00.022153228  3837 0x836370 DEBUG   GST_REGISTRY gstregistrychunks.c:526:gst_registry_chunks_load_pad_template: Reading/casting for GstRegistryChunkPadTemplate at address 0x851ec0
0:00:00.022158984  3837 0x836370 DEBUG   GST_REGISTRY gstregistrychunks.c:539:gst_registry_chunks_load_pad_template: Added pad_template src_%u
0:00:00.022164364  3837 0x836370 DEBUG   GST_REGISTRY gstregistrychunks.c:526:gst_registry_chunks_load_pad_template: Reading/casting for GstRegistryChunkPadTemplate at address 0x851ed8
0:00:00.022169879  3837 0x836370 DEBUG   GST_REGISTRY gstregistrychunks.c:539:gst_registry_chunks_load_pad_template: Added pad_template sink_%u
0:00:00.022177410  3837 0x836370 DEBUG   GST_REGISTRY gstregistry.c:581:gst_registry_add_feature: replacing existing feature 0x8518c0 (multiqueue)
0:00:00.022184271  3837 0x836370 DEBUG   GST_REGISTRY gstregistry.c:590:gst_registry_add_feature: adding feature 0x8517d0 (multiqueue)
0:00:00.022189743  3837 0x836370 TRACE   GST_REFCOUNTING gstobject.c:788:gst_object_unparent: unparent
0:00:00.022196463  3837 0x836370 TRACE   GST_REFCOUNTING gstobject.c:265:gst_object_unref: 0x8518c0 unref 1->0
0:00:00.022202388  3837 0x836370 TRACE   GST_REFCOUNTING gstobject.c:381:gst_object_dispose: 0x8518c0 dispose
0:00:00.022208458  3837 0x836370 TRACE   structure gststructure.c:544:gst_structure_free: free structure 0x853a30
0:00:00.022215019  3837 0x836370 TRACE   GST_REFCOUNTING gstminiobject.c:723:gst_mini_object_replace: replace (nil) (0) with (nil) (0)
0:00:00.022226766  3837 0x836370 TRACE   GST_REFCOUNTING gstminiobject.c:723:gst_mini_object_replace: replace (nil) (0) with (nil) (0)
0:00:00.022233239  3837 0x836370 DEBUG   GST_PLUGIN_LOADING gstpluginfeature.c:67:gst_plugin_feature_finalize: finalizing feature 0x8518c0: 'multiqueue'
0:00:00.022239194  3837 0x836370 TRACE   GST_REFCOUNTING gstobject.c:423:gst_object_finalize: 0x8518c0 finalize
0:00:00.022245210  3837 0x836370 DEBUG   GST_REFCOUNTING gstobject.c:709:gst_object_set_parent: set parent (ref and sink)
0:00:00.022251653  3837 0x836370 TRACE   GST_REFCOUNTING gstobject.c:294:gst_object_ref_sink: 0x8517d0 ref_sink 1->2
0:00:00.022258244  3837 0x836370 LOG   GST_REGISTRY gstregistry.c:608:gst_registry_add_feature: emitting feature-added for multiqueue
0:00:00.022264536  3837 0x836370 DEBUG   GST_REGISTRY gstregistrychunks.c:741:gst_registry_chunks_load_feature: Added feature multiqueue, plugin 0x84fca0 coreelements
0:00:00.022270819  3837 0x836370 DEBUG   GST_REGISTRY gstregistrychunks.c:583:gst_registry_chunks_load_feature: Plugin 'coreelements' feature 'typefind' typename : 'GstElementFactory'
0:00:00.022277373  3837 0x836370 TRACE   GST_REFCOUNTING gstobject.c:208:gst_object_init: 0x8518c0 new
0:00:00.022284142  3837 0x836370 LOG   GST_REGISTRY gstregistrychunks.c:610:gst_registry_chunks_load_feature: Reading/casting for GstRegistryChunkElementFactory at address 0x851f08
0:00:00.022290061  3837 0x836370 TRACE   structure gststructure.c:287:gst_structure_new_id_empty_with_size: created structure 0x858e20
0:00:00.022295441  3837 0x836370 DEBUG   structure gststructure.c:2203:gst_structure_parse_field: trying field name 'long-name'
0:00:00.022300739  3837 0x836370 DEBUG   default gstvalue.c:2676:_priv_gst_value_parse_value: trying type name 'string'
0:00:00.022306193  3837 0x836370 DEBUG   structure gststructure.c:2203:gst_structure_parse_field: trying field name 'klass'
0:00:00.022311516  3837 0x836370 DEBUG   default gstvalue.c:2676:_priv_gst_value_parse_value: trying type name 'string'
0:00:00.022316886  3837 0x836370 DEBUG   structure gststructure.c:2203:gst_structure_parse_field: trying field name 'description'
0:00:00.022321877  3837 0x836370 DEBUG   default gstvalue.c:2676:_priv_gst_value_parse_value: trying type name 'string'
0:00:00.022327488  3837 0x836370 DEBUG   structure gststructure.c:2203:gst_structure_parse_field: trying field name 'author'
0:00:00.022332603  3837 0x836370 DEBUG   default gstvalue.c:2676:_priv_gst_value_parse_value: trying type name 'string'
0:00:00.022338576  3837 0x836370 DEBUG   GST_REGISTRY gstregistrychunks.c:626:gst_registry_chunks_load_feature: Element factory : npadtemplates=2
0:00:00.022344713  3837 0x836370 DEBUG   GST_REGISTRY gstregistrychunks.c:526:gst_registry_chunks_load_pad_template: Reading/casting for GstRegistryChunkPadTemplate at address 0x851fe0
0:00:00.022350499  3837 0x836370 DEBUG   GST_REGISTRY gstregistrychunks.c:539:gst_registry_chunks_load_pad_template: Added pad_template sink
0:00:00.022360593  3837 0x836370 DEBUG   GST_REGISTRY gstregistrychunks.c:526:gst_registry_chunks_load_pad_template: Reading/casting for GstRegistryChunkPadTemplate at address 0x851ff8
0:00:00.022366236  3837 0x836370 DEBUG   GST_REGISTRY gstregistrychunks.c:539:gst_registry_chunks_load_pad_template: Added pad_template src
0:00:00.022373125  3837 0x836370 DEBUG   GST_REGISTRY gstregistry.c:581:gst_registry_add_feature: replacing existing feature 0x853b60 (typefind)
0:00:00.022379988  3837 0x836370 DEBUG   GST_REGISTRY gstregistry.c:590:gst_registry_add_feature: adding feature 0x8518c0 (typefind)
0:00:00.022385882  3837 0x836370 TRACE   GST_REFCOUNTING gstobject.c:788:gst_object_unparent: unparent
0:00:00.022392797  3837 0x836370 TRACE   GST_REFCOUNTING gstobject.c:265:gst_object_unref: 0x853b60 unref 1->0
0:00:00.022399053  3837 0x836370 TRACE   GST_REFCOUNTING gstobject.c:381:gst_object_dispose: 0x853b60 dispose
0:00:00.022405185  3837 0x836370 TRACE   structure gststructure.c:544:gst_structure_free: free structure 0x853db0
0:00:00.022411718  3837 0x836370 TRACE   GST_REFCOUNTING gstminiobject.c:723:gst_mini_object_replace: replace (nil) (0) with (nil) (0)
0:00:00.022418278  3837 0x836370 TRACE   GST_REFCOUNTING gstminiobject.c:723:gst_mini_object_replace: replace (nil) (0) with (nil) (0)
0:00:00.022425195  3837 0x836370 DEBUG   GST_PLUGIN_LOADING gstpluginfeature.c:67:gst_plugin_feature_finalize: finalizing feature 0x853b60: 'typefind'
0:00:00.022431276  3837 0x836370 TRACE   GST_REFCOUNTING gstobject.c:423:gst_object_finalize: 0x853b60 finalize
0:00:00.022437263  3837 0x836370 DEBUG   GST_REFCOUNTING gstobject.c:709:gst_object_set_parent: set parent (ref and sink)
0:00:00.022444155  3837 0x836370 TRACE   GST_REFCOUNTING gstobject.c:294:gst_object_ref_sink: 0x8518c0 ref_sink 1->2
0:00:00.022450295  3837 0x836370 LOG   GST_REGISTRY gstregistry.c:608:gst_registry_add_feature: emitting feature-added for typefind
0:00:00.022456672  3837 0x836370 DEBUG   GST_REGISTRY gstregistrychunks.c:741:gst_registry_chunks_load_feature: Added feature typefind, plugin 0x84fca0 coreelements
0:00:00.022463083  3837 0x836370 DEBUG   GST_REGISTRY gstregistrychunks.c:583:gst_registry_chunks_load_feature: Plugin 'coreelements' feature 'tee' typename : 'GstElementFactory'
0:00:00.022469534  3837 0x836370 TRACE   GST_REFCOUNTING gstobject.c:208:gst_object_init: 0x853b20 new
0:00:00.022475961  3837 0x836370 LOG   GST_REGISTRY gstregistrychunks.c:610:gst_registry_chunks_load_feature: Reading/casting for GstRegistryChunkElementFactory at address 0x852020
0:00:00.022482199  3837 0x836370 TRACE   structure gststructure.c:287:gst_structure_new_id_empty_with_size: created structure 0x858f50
0:00:00.022487746  3837 0x836370 DEBUG   structure gststructure.c:2203:gst_structure_parse_field: trying field name 'long-name'
0:00:00.022497461  3837 0x836370 DEBUG   default gstvalue.c:2676:_priv_gst_value_parse_value: trying type name 'string'
0:00:00.022503567  3837 0x836370 DEBUG   structure gststructure.c:2203:gst_structure_parse_field: trying field name 'klass'
0:00:00.022509162  3837 0x836370 DEBUG   default gstvalue.c:2676:_priv_gst_value_parse_value: trying type name 'string'
0:00:00.022515079  3837 0x836370 DEBUG   structure gststructure.c:2203:gst_structure_parse_field: trying field name 'description'
0:00:00.022520227  3837 0x836370 DEBUG   default gstvalue.c:2676:_priv_gst_value_parse_value: trying type name 'string'
0:00:00.022525747  3837 0x836370 DEBUG   structure gststructure.c:2203:gst_structure_parse_field: trying field name 'author'
0:00:00.022530705  3837 0x836370 DEBUG   default gstvalue.c:2676:_priv_gst_value_parse_value: trying type name 'string'
0:00:00.022537060  3837 0x836370 DEBUG   GST_REGISTRY gstregistrychunks.c:626:gst_registry_chunks_load_feature: Element factory : npadtemplates=2
0:00:00.022544672  3837 0x836370 DEBUG   GST_REGISTRY gstregistrychunks.c:526:gst_registry_chunks_load_pad_template: Reading/casting for GstRegistryChunkPadTemplate at address 0x852110
0:00:00.022550838  3837 0x836370 DEBUG   GST_REGISTRY gstregistrychunks.c:539:gst_registry_chunks_load_pad_template: Added pad_template src_%u
0:00:00.022555928  3837 0x836370 DEBUG   GST_REGISTRY gstregistrychunks.c:526:gst_registry_chunks_load_pad_template: Reading/casting for GstRegistryChunkPadTemplate at address 0x852128
0:00:00.022561190  3837 0x836370 DEBUG   GST_REGISTRY gstregistrychunks.c:539:gst_registry_chunks_load_pad_template: Added pad_template sink
0:00:00.022568126  3837 0x836370 DEBUG   GST_REGISTRY gstregistry.c:581:gst_registry_add_feature: replacing existing feature 0x853f30 (tee)
0:00:00.022574876  3837 0x836370 DEBUG   GST_REGISTRY gstregistry.c:590:gst_registry_add_feature: adding feature 0x853b20 (tee)
0:00:00.022580776  3837 0x836370 TRACE   GST_REFCOUNTING gstobject.c:788:gst_object_unparent: unparent
0:00:00.022587776  3837 0x836370 TRACE   GST_REFCOUNTING gstobject.c:265:gst_object_unref: 0x853f30 unref 1->0
0:00:00.022593816  3837 0x836370 TRACE   GST_REFCOUNTING gstobject.c:381:gst_object_dispose: 0x853f30 dispose
0:00:00.022600090  3837 0x836370 TRACE   structure gststructure.c:544:gst_structure_free: free structure 0x854190
0:00:00.022606626  3837 0x836370 TRACE   GST_REFCOUNTING gstminiobject.c:723:gst_mini_object_replace: replace (nil) (0) with (nil) (0)
0:00:00.022613079  3837 0x836370 TRACE   GST_REFCOUNTING gstminiobject.c:723:gst_mini_object_replace: replace (nil) (0) with (nil) (0)
0:00:00.022619401  3837 0x836370 DEBUG   GST_PLUGIN_LOADING gstpluginfeature.c:67:gst_plugin_feature_finalize: finalizing feature 0x853f30: 'tee'
0:00:00.022639593  3837 0x836370 TRACE   GST_REFCOUNTING gstobject.c:423:gst_object_finalize: 0x853f30 finalize
0:00:00.022645585  3837 0x836370 DEBUG   GST_REFCOUNTING gstobject.c:709:gst_object_set_parent: set parent (ref and sink)
0:00:00.022656861  3837 0x836370 TRACE   GST_REFCOUNTING gstobject.c:294:gst_object_ref_sink: 0x853b20 ref_sink 1->2
0:00:00.022662922  3837 0x836370 LOG   GST_REGISTRY gstregistry.c:608:gst_registry_add_feature: emitting feature-added for tee
0:00:00.022669088  3837 0x836370 DEBUG   GST_REGISTRY gstregistrychunks.c:741:gst_registry_chunks_load_feature: Added feature tee, plugin 0x84fca0 coreelements
0:00:00.022675290  3837 0x836370 DEBUG   GST_REGISTRY gstregistrychunks.c:583:gst_registry_chunks_load_feature: Plugin 'coreelements' feature 'filesink' typename : 'GstElementFactory'
0:00:00.022681881  3837 0x836370 TRACE   GST_REFCOUNTING gstobject.c:208:gst_object_init: 0x853f30 new
0:00:00.022688712  3837 0x836370 LOG   GST_REGISTRY gstregistrychunks.c:610:gst_registry_chunks_load_feature: Reading/casting for GstRegistryChunkElementFactory at address 0x852158
0:00:00.022694815  3837 0x836370 TRACE   structure gststructure.c:287:gst_structure_new_id_empty_with_size: created structure 0x854190
0:00:00.022700261  3837 0x836370 DEBUG   structure gststructure.c:2203:gst_structure_parse_field: trying field name 'long-name'
0:00:00.022705679  3837 0x836370 DEBUG   default gstvalue.c:2676:_priv_gst_value_parse_value: trying type name 'string'
0:00:00.022711198  3837 0x836370 DEBUG   structure gststructure.c:2203:gst_structure_parse_field: trying field name 'klass'
0:00:00.022716343  3837 0x836370 DEBUG   default gstvalue.c:2676:_priv_gst_value_parse_value: trying type name 'string'
0:00:00.022722130  3837 0x836370 DEBUG   structure gststructure.c:2203:gst_structure_parse_field: trying field name 'description'
0:00:00.022727285  3837 0x836370 DEBUG   default gstvalue.c:2676:_priv_gst_value_parse_value: trying type name 'string'
0:00:00.022732877  3837 0x836370 DEBUG   structure gststructure.c:2203:gst_structure_parse_field: trying field name 'author'
0:00:00.022738054  3837 0x836370 DEBUG   default gstvalue.c:2676:_priv_gst_value_parse_value: trying type name 'string'
0:00:00.022744164  3837 0x836370 DEBUG   GST_REGISTRY gstregistrychunks.c:626:gst_registry_chunks_load_feature: Element factory : npadtemplates=1
0:00:00.022749432  3837 0x836370 DEBUG   GST_REGISTRY gstregistrychunks.c:526:gst_registry_chunks_load_pad_template: Reading/casting for GstRegistryChunkPadTemplate at address 0x852238
0:00:00.022754667  3837 0x836370 DEBUG   GST_REGISTRY gstregistrychunks.c:539:gst_registry_chunks_load_pad_template: Added pad_template sink
0:00:00.022760845  3837 0x836370 DEBUG   GST_REGISTRY gstregistrychunks.c:639:gst_registry_chunks_load_feature: Reading 1 UriTypes at address 0x852249
0:00:00.022767274  3837 0x836370 DEBUG   GST_REGISTRY gstregistrychunks.c:654:gst_registry_chunks_load_feature: Reading 1 Interfaces at address 0x852259
