0:00:00.012950608  3838 0x31a320 LOG   GST_POLL gstpoll.c:994:gst_poll_fd_ctl_write: 0x322810: pfd->events now 60 (POLLOUT:4)
0:00:00.017606773  3837 0x836370 TRACE   structure gststructure.c:287:gst_structure_new_id_empty_with_size: created structure 0x854190
0:00:00.012958510  3838 0x31a320 DEBUG   GST_POLL gstpoll.c:980:gst_poll_fd_ctl_write: 0x322810: fd (fd:0, idx:1), active : 1
0:00:00.017613400  3837 0x836370 DEBUG   structure gststructure.c:2203:gst_structure_parse_field: trying field name 'long-name'
0:00:00.012965008  3838 0x31a320 LOG   GST_POLL gstpoll.c:994:gst_poll_fd_ctl_write: 0x322810: pfd->events now 60 (POLLOUT:4)
0:00:00.017619750  3837 0x836370 DEBUG   default gstvalue.c:2676:_priv_gst_value_parse_value: trying type name 'string'
0:00:00.012984594  3838 0x31a320 DEBUG   GST_POLL gstpoll.c:980:gst_poll_fd_ctl_write: 0x322810: fd (fd:0, idx:1), active : 1
0:00:00.017640108  3837 0x836370 DEBUG   structure gststructure.c:2203:gst_structure_parse_field: trying field name 'klass'
0:00:00.017645818  3837 0x836370 DEBUG   default gstvalue.c:2676:_priv_gst_value_parse_value: trying type name 'string'
0:00:00.012993739  3838 0x31a320 LOG   GST_POLL gstpoll.c:994:gst_poll_fd_ctl_write: 0x322810: pfd->events now 60 (POLLOUT:4)
0:00:00.017651687  3837 0x836370 DEBUG   structure gststructure.c:2203:gst_structure_parse_field: trying field name 'description'
0:00:00.017657287  3837 0x836370 DEBUG   default gstvalue.c:2676:_priv_gst_value_parse_value: trying type name 'string'
0:00:00.013007185  3838 0x31a320 DEBUG   GST_POLL gstpoll.c:980:gst_poll_fd_ctl_write: 0x322810: fd (fd:0, idx:1), active : 1
0:00:00.017672645  3837 0x836370 DEBUG   structure gststructure.c:2203:gst_structure_parse_field: trying field name 'author'
0:00:00.017678929  3837 0x836370 DEBUG   default gstvalue.c:2676:_priv_gst_value_parse_value: trying type name 'string'
0:00:00.013027849  3838 0x31a320 LOG   GST_POLL gstpoll.c:994:gst_poll_fd_ctl_write: 0x322810: pfd->events now 60 (POLLOUT:4)
0:00:00.017686223  3837 0x836370 DEBUG   GST_REGISTRY gstregistrychunks.c:626:gst_registry_chunks_load_feature: Element factory : npadtemplates=2
0:00:00.013039564  3838 0x31a320 DEBUG   GST_POLL gstpoll.c:980:gst_poll_fd_ctl_write: 0x322810: fd (fd:0, idx:1), active : 1
0:00:00.017692137  3837 0x836370 DEBUG   GST_REGISTRY gstregistrychunks.c:526:gst_registry_chunks_load_pad_template: Reading/casting for GstRegistryChunkPadTemplate at address 0x852110
0:00:00.013046265  3838 0x31a320 LOG   GST_POLL gstpoll.c:994:gst_poll_fd_ctl_write: 0x322810: pfd->events now 60 (POLLOUT:4)
0:00:00.017698599  3837 0x836370 DEBUG   GST_REGISTRY gstregistrychunks.c:539:gst_registry_chunks_load_pad_template: Added pad_template src_%u
0:00:00.013052698  3838 0x31a320 DEBUG   GST_POLL gstpoll.c:980:gst_poll_fd_ctl_write: 0x322810: fd (fd:0, idx:1), active : 1
0:00:00.017704789  3837 0x836370 DEBUG   GST_REGISTRY gstregistrychunks.c:526:gst_registry_chunks_load_pad_template: Reading/casting for GstRegistryChunkPadTemplate at address 0x852128
0:00:00.013058859  3838 0x31a320 LOG   GST_POLL gstpoll.c:994:gst_poll_fd_ctl_write: 0x322810: pfd->events now 60 (POLLOUT:4)
0:00:00.017711127  3837 0x836370 DEBUG   GST_REGISTRY gstregistrychunks.c:539:gst_registry_chunks_load_pad_template: Added pad_template sink
0:00:00.013065617  3838 0x31a320 DEBUG   GST_POLL gstpoll.c:980:gst_poll_fd_ctl_write: 0x322810: fd (fd:0, idx:1), active : 1
0:00:00.017719360  3837 0x836370 DEBUG   GST_REGISTRY gstregistry.c:590:gst_registry_add_feature: adding feature 0x853f30 (tee)
0:00:00.013071907  3838 0x31a320 LOG   GST_POLL gstpoll.c:994:gst_poll_fd_ctl_write: 0x322810: pfd->events now 60 (POLLOUT:4)
0:00:00.017725825  3837 0x836370 DEBUG   GST_REFCOUNTING gstobject.c:709:gst_object_set_parent: set parent (ref and sink)
0:00:00.013078437  3838 0x31a320 DEBUG   GST_POLL gstpoll.c:980:gst_poll_fd_ctl_write: 0x322810: fd (fd:0, idx:1), active : 1
0:00:00.017733543  3837 0x836370 TRACE   GST_REFCOUNTING gstobject.c:294:gst_object_ref_sink: 0x853f30 ref_sink 1->2
0:00:00.013084635  3838 0x31a320 LOG   GST_POLL gstpoll.c:994:gst_poll_fd_ctl_write: 0x322810: pfd->events now 60 (POLLOUT:4)
0:00:00.017741083  3837 0x836370 LOG   GST_REGISTRY gstregistry.c:608:gst_registry_add_feature: emitting feature-added for tee
0:00:00.013092583  3838 0x31a320 DEBUG   GST_POLL gstpoll.c:980:gst_poll_fd_ctl_write: 0x322810: fd (fd:0, idx:1), active : 1
0:00:00.017748729  3837 0x836370 DEBUG   GST_REGISTRY gstregistrychunks.c:741:gst_registry_chunks_load_feature: Added feature tee, plugin 0x850200 coreelements
0:00:00.013106295  3838 0x31a320 LOG   GST_POLL gstpoll.c:994:gst_poll_fd_ctl_write: 0x322810: pfd->events now 60 (POLLOUT:4)
0:00:00.017760269  3837 0x836370 DEBUG   GST_REGISTRY gstregistrychunks.c:583:gst_registry_chunks_load_feature: Plugin 'coreelements' feature 'filesink' typename : 'GstElementFactory'
0:00:00.013112853  3838 0x31a320 DEBUG   GST_POLL gstpoll.c:980:gst_poll_fd_ctl_write: 0x322810: fd (fd:0, idx:1), active : 1
0:00:00.017768397  3837 0x836370 TRACE   GST_REFCOUNTING gstobject.c:208:gst_object_init: 0x854390 new
0:00:00.013118930  3838 0x31a320 LOG   GST_POLL gstpoll.c:994:gst_poll_fd_ctl_write: 0x322810: pfd->events now 60 (POLLOUT:4)
0:00:00.017776635  3837 0x836370 LOG   GST_REGISTRY gstregistrychunks.c:610:gst_registry_chunks_load_feature: Reading/casting for GstRegistryChunkElementFactory at address 0x852158
0:00:00.013126945  3838 0x31a320 DEBUG   GST_POLL gstpoll.c:980:gst_poll_fd_ctl_write: 0x322810: fd (fd:0, idx:1), active : 1
0:00:00.017783473  3837 0x836370 TRACE   structure gststructure.c:287:gst_structure_new_id_empty_with_size: created structure 0x854550
0:00:00.013134942  3838 0x31a320 LOG   GST_POLL gstpoll.c:994:gst_poll_fd_ctl_write: 0x322810: pfd->events now 60 (POLLOUT:4)
0:00:00.017789899  3837 0x836370 DEBUG   structure gststructure.c:2203:gst_structure_parse_field: trying field name 'long-name'
0:00:00.013141776  3838 0x31a320 DEBUG   GST_POLL gstpoll.c:980:gst_poll_fd_ctl_write: 0x322810: fd (fd:0, idx:1), active : 1
0:00:00.017795849  3837 0x836370 DEBUG   default gstvalue.c:2676:_priv_gst_value_parse_value: trying type name 'string'
0:00:00.013147945  3838 0x31a320 LOG   GST_POLL gstpoll.c:994:gst_poll_fd_ctl_write: 0x322810: pfd->events now 60 (POLLOUT:4)
0:00:00.017802342  3837 0x836370 DEBUG   structure gststructure.c:2203:gst_structure_parse_field: trying field name 'klass'
0:00:00.013154479  3838 0x31a320 DEBUG   GST_POLL gstpoll.c:980:gst_poll_fd_ctl_write: 0x322810: fd (fd:0, idx:1), active : 1
0:00:00.017808307  3837 0x836370 DEBUG   default gstvalue.c:2676:_priv_gst_value_parse_value: trying type name 'string'
0:00:00.013160403  3838 0x31a320 LOG   GST_POLL gstpoll.c:994:gst_poll_fd_ctl_write: 0x322810: pfd->events now 60 (POLLOUT:4)
0:00:00.017814941  3837 0x836370 DEBUG   structure gststructure.c:2203:gst_structure_parse_field: trying field name 'description'
0:00:00.013166942  3838 0x31a320 DEBUG   GST_POLL gstpoll.c:980:gst_poll_fd_ctl_write: 0x322810: fd (fd:0, idx:1), active : 1
0:00:00.017820798  3837 0x836370 DEBUG   default gstvalue.c:2676:_priv_gst_value_parse_value: trying type name 'string'
0:00:00.013173199  3838 0x31a320 LOG   GST_POLL gstpoll.c:994:gst_poll_fd_ctl_write: 0x322810: pfd->events now 60 (POLLOUT:4)
0:00:00.017827457  3837 0x836370 DEBUG   structure gststructure.c:2203:gst_structure_parse_field: trying field name 'author'
0:00:00.013180116  3838 0x31a320 DEBUG   GST_POLL gstpoll.c:980:gst_poll_fd_ctl_write: 0x322810: fd (fd:0, idx:1), active : 1
0:00:00.017839317  3837 0x836370 DEBUG   default gstvalue.c:2676:_priv_gst_value_parse_value: trying type name 'string'
0:00:00.013191433  3838 0x31a320 LOG   GST_POLL gstpoll.c:994:gst_poll_fd_ctl_write: 0x322810: pfd->events now 60 (POLLOUT:4)
0:00:00.017846215  3837 0x836370 DEBUG   GST_REGISTRY gstregistrychunks.c:626:gst_registry_chunks_load_feature: Element factory : npadtemplates=1
0:00:00.013198282  3838 0x31a320 DEBUG   GST_POLL gstpoll.c:980:gst_poll_fd_ctl_write: 0x322810: fd (fd:0, idx:1), active : 1
0:00:00.017852243  3837 0x836370 DEBUG   GST_REGISTRY gstregistrychunks.c:526:gst_registry_chunks_load_pad_template: Reading/casting for GstRegistryChunkPadTemplate at address 0x852238
0:00:00.013204473  3838 0x31a320 LOG   GST_POLL gstpoll.c:994:gst_poll_fd_ctl_write: 0x322810: pfd->events now 60 (POLLOUT:4)
0:00:00.017858548  3837 0x836370 DEBUG   GST_REGISTRY gstregistrychunks.c:539:gst_registry_chunks_load_pad_template: Added pad_template sink
0:00:00.013211246  3838 0x31a320 DEBUG   GST_POLL gstpoll.c:980:gst_poll_fd_ctl_write: 0x322810: fd (fd:0, idx:1), active : 1
0:00:00.017865522  3837 0x836370 DEBUG   GST_REGISTRY gstregistrychunks.c:639:gst_registry_chunks_load_feature: Reading 1 UriTypes at address 0x852249
0:00:00.013217286  3838 0x31a320 LOG   GST_POLL gstpoll.c:994:gst_poll_fd_ctl_write: 0x322810: pfd->events now 60 (POLLOUT:4)
0:00:00.013223822  3838 0x31a320 DEBUG   GST_POLL gstpoll.c:980:gst_poll_fd_ctl_write: 0x322810: fd (fd:0, idx:1), active : 1
0:00:00.017874367  3837 0x836370 DEBUG   GST_REGISTRY gstregistrychunks.c:654:gst_registry_chunks_load_feature: Reading 1 Interfaces at address 0x852259
0:00:00.013229330  3838 0x31a320 LOG   GST_POLL gstpoll.c:994:gst_poll_fd_ctl_write: 0x322810: pfd->events now 60 (POLLOUT:4)
0:00:00.017884035  3837 0x836370 DEBUG   GST_REGISTRY gstregistry.c:590:gst_registry_add_feature: adding feature 0x854390 (filesink)
0:00:00.013235965  3838 0x31a320 DEBUG   GST_POLL gstpoll.c:980:gst_poll_fd_ctl_write: 0x322810: fd (fd:0, idx:1), active : 1
0:00:00.017890667  3837 0x836370 DEBUG   GST_REFCOUNTING gstobject.c:709:gst_object_set_parent: set parent (ref and sink)
0:00:00.013242362  3838 0x31a320 LOG   GST_POLL gstpoll.c:994:gst_poll_fd_ctl_write: 0x322810: pfd->events now 60 (POLLOUT:4)
0:00:00.017898394  3837 0x836370 TRACE   GST_REFCOUNTING gstobject.c:294:gst_object_ref_sink: 0x854390 ref_sink 1->2
0:00:00.013254557  3838 0x31a320 DEBUG   GST_POLL gstpoll.c:980:gst_poll_fd_ctl_write: 0x322810: fd (fd:0, idx:1), active : 1
0:00:00.017910444  3837 0x836370 LOG   GST_REGISTRY gstregistry.c:608:gst_registry_add_feature: emitting feature-added for filesink
0:00:00.013262188  3838 0x31a320 LOG   GST_POLL gstpoll.c:994:gst_poll_fd_ctl_write: 0x322810: pfd->events now 60 (POLLOUT:4)
0:00:00.017917663  3837 0x836370 DEBUG   GST_REGISTRY gstregistrychunks.c:741:gst_registry_chunks_load_feature: Added feature filesink, plugin 0x850200 coreelements
0:00:00.013274327  3838 0x31a320 DEBUG   GST_POLL gstpoll.c:980:gst_poll_fd_ctl_write: 0x322810: fd (fd:0, idx:1), active : 1
0:00:00.017927309  3837 0x836370 DEBUG   GST_REGISTRY gstregistrychunks.c:583:gst_registry_chunks_load_feature: Plugin 'coreelements' feature 'queue2' typename : 'GstElementFactory'
0:00:00.013280400  3838 0x31a320 LOG   GST_POLL gstpoll.c:994:gst_poll_fd_ctl_write: 0x322810: pfd->events now 60 (POLLOUT:4)
0:00:00.017935046  3837 0x836370 TRACE   GST_REFCOUNTING gstobject.c:208:gst_object_init: 0x854680 new
0:00:00.013286702  3838 0x31a320 DEBUG   GST_POLL gstpoll.c:980:gst_poll_fd_ctl_write: 0x322810: fd (fd:0, idx:1), active : 1
0:00:00.017942395  3837 0x836370 LOG   GST_REGISTRY gstregistrychunks.c:610:gst_registry_chunks_load_feature: Reading/casting for GstRegistryChunkElementFactory at address 0x852280
0:00:00.013293173  3838 0x31a320 LOG   GST_POLL gstpoll.c:994:gst_poll_fd_ctl_write: 0x322810: pfd->events now 60 (POLLOUT:4)
0:00:00.017948725  3837 0x836370 TRACE   structure gststructure.c:287:gst_structure_new_id_empty_with_size: created structure 0x854a40
0:00:00.013300821  3838 0x31a320 DEBUG   GST_POLL gstpoll.c:980:gst_poll_fd_ctl_write: 0x322810: fd (fd:0, idx:1), active : 1
0:00:00.017954682  3837 0x836370 DEBUG   structure gststructure.c:2203:gst_structure_parse_field: trying field name 'long-name'
0:00:00.013306592  3838 0x31a320 LOG   GST_POLL gstpoll.c:994:gst_poll_fd_ctl_write: 0x322810: pfd->events now 60 (POLLOUT:4)
0:00:00.017960508  3837 0x836370 DEBUG   default gstvalue.c:2676:_priv_gst_value_parse_value: trying type name 'string'
0:00:00.013313227  3838 0x31a320 DEBUG   GST_POLL gstpoll.c:980:gst_poll_fd_ctl_write: 0x322810: fd (fd:0, idx:1), active : 1
0:00:00.013319493  3838 0x31a320 LOG   GST_POLL gstpoll.c:994:gst_poll_fd_ctl_write: 0x322810: pfd->events now 60 (POLLOUT:4)
0:00:00.013325445  3838 0x31a320 DEBUG   GST_POLL gstpoll.c:980:gst_poll_fd_ctl_write: 0x322810: fd (fd:0, idx:1), active : 1
0:00:00.013330903  3838 0x31a320 LOG   GST_POLL gstpoll.c:994:gst_poll_fd_ctl_write: 0x322810: pfd->events now 60 (POLLOUT:4)
0:00:00.013336628  3838 0x31a320 DEBUG   GST_POLL gstpoll.c:980:gst_poll_fd_ctl_write: 0x322810: fd (fd:0, idx:1), active : 1
0:00:00.013342001  3838 0x31a320 LOG   GST_POLL gstpoll.c:994:gst_poll_fd_ctl_write: 0x322810: pfd->events now 60 (POLLOUT:4)
0:00:00.017994472  3837 0x836370 DEBUG   structure gststructure.c:2203:gst_structure_parse_field: trying field name 'klass'
0:00:00.013347724  3838 0x31a320 DEBUG   GST_POLL gstpoll.c:980:gst_poll_fd_ctl_write: 0x322810: fd (fd:0, idx:1), active : 1
0:00:00.018001440  3837 0x836370 DEBUG   default gstvalue.c:2676:_priv_gst_value_parse_value: trying type name 'string'
0:00:00.013353832  3838 0x31a320 LOG   GST_POLL gstpoll.c:994:gst_poll_fd_ctl_write: 0x322810: pfd->events now 60 (POLLOUT:4)
0:00:00.018007467  3837 0x836370 DEBUG   structure gststructure.c:2203:gst_structure_parse_field: trying field name 'description'
0:00:00.013364129  3838 0x31a320 DEBUG   GST_POLL gstpoll.c:980:gst_poll_fd_ctl_write: 0x322810: fd (fd:0, idx:1), active : 1
0:00:00.018016331  3837 0x836370 DEBUG   default gstvalue.c:2676:_priv_gst_value_parse_value: trying type name 'string'
0:00:00.013370285  3838 0x31a320 LOG   GST_POLL gstpoll.c:994:gst_poll_fd_ctl_write: 0x322810: pfd->events now 60 (POLLOUT:4)
0:00:00.018023513  3837 0x836370 DEBUG   structure gststructure.c:2203:gst_structure_parse_field: trying field name 'author'
0:00:00.013376720  3838 0x31a320 DEBUG   GST_POLL gstpoll.c:980:gst_poll_fd_ctl_write: 0x322810: fd (fd:0, idx:1), active : 1
0:00:00.018029106  3837 0x836370 DEBUG   default gstvalue.c:2676:_priv_gst_value_parse_value: trying type name 'string'
0:00:00.013382861  3838 0x31a320 LOG   GST_POLL gstpoll.c:994:gst_poll_fd_ctl_write: 0x322810: pfd->events now 60 (POLLOUT:4)
0:00:00.018036380  3837 0x836370 DEBUG   GST_REGISTRY gstregistrychunks.c:626:gst_registry_chunks_load_feature: Element factory : npadtemplates=2
0:00:00.013389119  3838 0x31a320 DEBUG   GST_POLL gstpoll.c:980:gst_poll_fd_ctl_write: 0x322810: fd (fd:0, idx:1), active : 1
0:00:00.018042061  3837 0x836370 DEBUG   GST_REGISTRY gstregistrychunks.c:526:gst_registry_chunks_load_pad_template: Reading/casting for GstRegistryChunkPadTemplate at address 0x852370
0:00:00.013394913  3838 0x31a320 LOG   GST_POLL gstpoll.c:994:gst_poll_fd_ctl_write: 0x322810: pfd->events now 60 (POLLOUT:4)
0:00:00.018048175  3837 0x836370 DEBUG   GST_REGISTRY gstregistrychunks.c:539:gst_registry_chunks_load_pad_template: Added pad_template sink
0:00:00.013401208  3838 0x31a320 DEBUG   GST_POLL gstpoll.c:980:gst_poll_fd_ctl_write: 0x322810: fd (fd:0, idx:1), active : 1
0:00:00.018053703  3837 0x836370 DEBUG   GST_REGISTRY gstregistrychunks.c:526:gst_registry_chunks_load_pad_template: Reading/casting for GstRegistryChunkPadTemplate at address 0x852388
0:00:00.013407587  3838 0x31a320 LOG   GST_POLL gstpoll.c:994:gst_poll_fd_ctl_write: 0x322810: pfd->events now 60 (POLLOUT:4)
0:00:00.018060001  3837 0x836370 DEBUG   GST_REGISTRY gstregistrychunks.c:539:gst_registry_chunks_load_pad_template: Added pad_template src
0:00:00.013413796  3838 0x31a320 DEBUG   GST_POLL gstpoll.c:980:gst_poll_fd_ctl_write: 0x322810: fd (fd:0, idx:1), active : 1
0:00:00.018067900  3837 0x836370 DEBUG   GST_REGISTRY gstregistry.c:590:gst_registry_add_feature: adding feature 0x854680 (queue2)
0:00:00.013419713  3838 0x31a320 LOG   GST_POLL gstpoll.c:994:gst_poll_fd_ctl_write: 0x322810: pfd->events now 60 (POLLOUT:4)
0:00:00.018073826  3837 0x836370 DEBUG   GST_REFCOUNTING gstobject.c:709:gst_object_set_parent: set parent (ref and sink)
0:00:00.013426062  3838 0x31a320 DEBUG   GST_POLL gstpoll.c:980:gst_poll_fd_ctl_write: 0x322810: fd (fd:0, idx:1), active : 1
0:00:00.018080842  3837 0x836370 TRACE   GST_REFCOUNTING gstobject.c:294:gst_object_ref_sink: 0x854680 ref_sink 1->2
0:00:00.013436272  3838 0x31a320 LOG   GST_POLL gstpoll.c:994:gst_poll_fd_ctl_write: 0x322810: pfd->events now 60 (POLLOUT:4)
0:00:00.018089293  3837 0x836370 LOG   GST_REGISTRY gstregistry.c:608:gst_registry_add_feature: emitting feature-added for queue2
0:00:00.013442821  3838 0x31a320 DEBUG   GST_POLL gstpoll.c:980:gst_poll_fd_ctl_write: 0x322810: fd (fd:0, idx:1), active : 1
0:00:00.018096149  3837 0x836370 DEBUG   GST_REGISTRY gstregistrychunks.c:741:gst_registry_chunks_load_feature: Added feature queue2, plugin 0x850200 coreelements
0:00:00.013449699  3838 0x31a320 LOG   GST_POLL gstpoll.c:994:gst_poll_fd_ctl_write: 0x322810: pfd->events now 60 (POLLOUT:4)
0:00:00.018103056  3837 0x836370 DEBUG   GST_REGISTRY gstregistrychunks.c:583:gst_registry_chunks_load_feature: Plugin 'coreelements' feature 'queue' typename : 'GstElementFactory'
0:00:00.013456147  3838 0x31a320 DEBUG   GST_POLL gstpoll.c:980:gst_poll_fd_ctl_write: 0x322810: fd (fd:0, idx:1), active : 1
0:00:00.018110379  3837 0x836370 TRACE   GST_REFCOUNTING gstobject.c:208:gst_object_init: 0x854bc0 new
0:00:00.013462131  3838 0x31a320 LOG   GST_POLL gstpoll.c:994:gst_poll_fd_ctl_write: 0x322810: pfd->events now 60 (POLLOUT:4)
0:00:00.018117673  3837 0x836370 LOG   GST_REGISTRY gstregistrychunks.c:610:gst_registry_chunks_load_feature: Reading/casting for GstRegistryChunkElementFactory at address 0x8523b0
0:00:00.013468982  3838 0x31a320 DEBUG   GST_POLL gstpoll.c:980:gst_poll_fd_ctl_write: 0x322810: fd (fd:0, idx:1), active : 1
0:00:00.018124170  3837 0x836370 TRACE   structure gststructure.c:287:gst_structure_new_id_empty_with_size: created structure 0x854d60
0:00:00.013475541  3838 0x31a320 LOG   GST_POLL gstpoll.c:994:gst_poll_fd_ctl_write: 0x322810: pfd->events now 60 (POLLOUT:4)
0:00:00.018130326  3837 0x836370 DEBUG   structure gststructure.c:2203:gst_structure_parse_field: trying field name 'long-name'
0:00:00.013482574  3838 0x31a320 DEBUG   GST_POLL gstpoll.c:980:gst_poll_fd_ctl_write: 0x322810: fd (fd:0, idx:1), active : 1
0:00:00.018136147  3837 0x836370 DEBUG   default gstvalue.c:2676:_priv_gst_value_parse_value: trying type name 'string'
0:00:00.013488510  3838 0x31a320 LOG   GST_POLL gstpoll.c:994:gst_poll_fd_ctl_write: 0x322810: pfd->events now 60 (POLLOUT:4)
0:00:00.018142242  3837 0x836370 DEBUG   structure gststructure.c:2203:gst_structure_parse_field: trying field name 'klass'
0:00:00.018147897  3837 0x836370 DEBUG   default gstvalue.c:2676:_priv_gst_value_parse_value: trying type name 'string'
0:00:00.013494621  3838 0x31a320 DEBUG   GST_POLL gstpoll.c:980:gst_poll_fd_ctl_write: 0x322810: fd (fd:0, idx:1), active : 1
0:00:00.018153484  3837 0x836370 DEBUG   structure gststructure.c:2203:gst_structure_parse_field: trying field name 'description'
0:00:00.013505310  3838 0x31a320 LOG   GST_POLL gstpoll.c:994:gst_poll_fd_ctl_write: 0x322810: pfd->events now 60 (POLLOUT:4)
0:00:00.018159192  3837 0x836370 DEBUG   default gstvalue.c:2676:_priv_gst_value_parse_value: trying type name 'string'
0:00:00.013516001  3838 0x31a320 DEBUG   GST_POLL gstpoll.c:980:gst_poll_fd_ctl_write: 0x322810: fd (fd:0, idx:1), active : 1
0:00:00.018168978  3837 0x836370 DEBUG   structure gststructure.c:2203:gst_structure_parse_field: trying field name 'author'
0:00:00.013522180  3838 0x31a320 LOG   GST_POLL gstpoll.c:994:gst_poll_fd_ctl_write: 0x322810: pfd->events now 60 (POLLOUT:4)
0:00:00.018174903  3837 0x836370 DEBUG   default gstvalue.c:2676:_priv_gst_value_parse_value: trying type name 'string'
0:00:00.013528709  3838 0x31a320 DEBUG   GST_POLL gstpoll.c:980:gst_poll_fd_ctl_write: 0x322810: fd (fd:0, idx:1), active : 1
0:00:00.018181552  3837 0x836370 DEBUG   GST_REGISTRY gstregistrychunks.c:626:gst_registry_chunks_load_feature: Element factory : npadtemplates=2
0:00:00.013534702  3838 0x31a320 LOG   GST_POLL gstpoll.c:994:gst_poll_fd_ctl_write: 0x322810: pfd->events now 60 (POLLOUT:4)
0:00:00.018187384  3837 0x836370 DEBUG   GST_REGISTRY gstregistrychunks.c:526:gst_registry_chunks_load_pad_template: Reading/casting for GstRegistryChunkPadTemplate at address 0x852468
0:00:00.013541150  3838 0x31a320 DEBUG   GST_POLL gstpoll.c:980:gst_poll_fd_ctl_write: 0x322810: fd (fd:0, idx:1), active : 1
0:00:00.018193200  3837 0x836370 DEBUG   GST_REGISTRY gstregistrychunks.c:539:gst_registry_chunks_load_pad_template: Added pad_template sink
0:00:00.013547519  3838 0x31a320 LOG   GST_POLL gstpoll.c:994:gst_poll_fd_ctl_write: 0x322810: pfd->events now 60 (POLLOUT:4)
0:00:00.018199992  3837 0x836370 DEBUG   GST_REGISTRY gstregistrychunks.c:526:gst_registry_chunks_load_pad_template: Reading/casting for GstRegistryChunkPadTemplate at address 0x852480
0:00:00.013554082  3838 0x31a320 DEBUG   GST_POLL gstpoll.c:980:gst_poll_fd_ctl_write: 0x322810: fd (fd:0, idx:1), active : 1
0:00:00.018206262  3837 0x836370 DEBUG   GST_REGISTRY gstregistrychunks.c:539:gst_registry_chunks_load_pad_template: Added pad_template src
0:00:00.013560210  3838 0x31a320 LOG   GST_POLL gstpoll.c:994:gst_poll_fd_ctl_write: 0x322810: pfd->events now 60 (POLLOUT:4)
0:00:00.018214672  3837 0x836370 DEBUG   GST_REGISTRY gstregistry.c:590:gst_registry_add_feature: adding feature 0x854bc0 (queue)
0:00:00.013566784  3838 0x31a320 DEBUG   GST_POLL gstpoll.c:980:gst_poll_fd_ctl_write: 0x322810: fd (fd:0, idx:1), active : 1
0:00:00.018221147  3837 0x836370 DEBUG   GST_REFCOUNTING gstobject.c:709:gst_object_set_parent: set parent (ref and sink)
0:00:00.013572927  3838 0x31a320 LOG   GST_POLL gstpoll.c:994:gst_poll_fd_ctl_write: 0x322810: pfd->events now 60 (POLLOUT:4)
0:00:00.018228629  3837 0x836370 TRACE   GST_REFCOUNTING gstobject.c:294:gst_object_ref_sink: 0x854bc0 ref_sink 1->2
0:00:00.013579849  3838 0x31a320 DEBUG   GST_POLL gstpoll.c:980:gst_poll_fd_ctl_write: 0x322810: fd (fd:0, idx:1), active : 1
0:00:00.018235980  3837 0x836370 LOG   GST_REGISTRY gstregistry.c:608:gst_registry_add_feature: emitting feature-added for queue
0:00:00.013591669  3838 0x31a320 LOG   GST_POLL gstpoll.c:994:gst_poll_fd_ctl_write: 0x322810: pfd->events now 60 (POLLOUT:4)
0:00:00.018245620  3837 0x836370 DEBUG   GST_REGISTRY gstregistrychunks.c:741:gst_registry_chunks_load_feature: Added feature queue, plugin 0x850200 coreelements
0:00:00.013598427  3838 0x31a320 DEBUG   GST_POLL gstpoll.c:980:gst_poll_fd_ctl_write: 0x322810: fd (fd:0, idx:1), active : 1
0:00:00.018252737  3837 0x836370 DEBUG   GST_REGISTRY gstregistrychunks.c:583:gst_registry_chunks_load_feature: Plugin 'coreelements' feature 'output-selector' typename : 'GstElementFactory'
0:00:00.013604509  3838 0x31a320 LOG   GST_POLL gstpoll.c:994:gst_poll_fd_ctl_write: 0x322810: pfd->events now 60 (POLLOUT:4)
0:00:00.013611173  3838 0x31a320 DEBUG   GST_POLL gstpoll.c:980:gst_poll_fd_ctl_write: 0x322810: fd (fd:0, idx:1), active : 1
0:00:00.018265506  3837 0x836370 TRACE   GST_REFCOUNTING gstobject.c:208:gst_object_init: 0x854e90 new
0:00:00.013616511  3838 0x31a320 LOG   GST_POLL gstpoll.c:994:gst_poll_fd_ctl_write: 0x322810: pfd->events now 60 (POLLOUT:4)
0:00:00.018273097  3837 0x836370 LOG   GST_REGISTRY gstregistrychunks.c:610:gst_registry_chunks_load_feature: Reading/casting for GstRegistryChunkElementFactory at address 0x8524b8
0:00:00.013624221  3838 0x31a320 DEBUG   GST_POLL gstpoll.c:980:gst_poll_fd_ctl_write: 0x322810: fd (fd:0, idx:1), active : 1
0:00:00.018279691  3837 0x836370 TRACE   structure gststructure.c:287:gst_structure_new_id_empty_with_size: created structure 0x855190
0:00:00.013631505  3838 0x31a320 LOG   GST_POLL gstpoll.c:994:gst_poll_fd_ctl_write: 0x322810: pfd->events now 60 (POLLOUT:4)
0:00:00.018286250  3837 0x836370 DEBUG   structure gststructure.c:2203:gst_structure_parse_field: trying field name 'long-name'
0:00:00.013638882  3838 0x31a320 DEBUG   GST_POLL gstpoll.c:980:gst_poll_fd_ctl_write: 0x322810: fd (fd:0, idx:1), active : 1
0:00:00.018292506  3837 0x836370 DEBUG   default gstvalue.c:2676:_priv_gst_value_parse_value: trying type name 'string'
0:00:00.013644990  3838 0x31a320 LOG   GST_POLL gstpoll.c:994:gst_poll_fd_ctl_write: 0x322810: pfd->events now 60 (POLLOUT:4)
0:00:00.018299023  3837 0x836370 DEBUG   structure gststructure.c:2203:gst_structure_parse_field: trying field name 'klass'
0:00:00.013651521  3838 0x31a320 DEBUG   GST_POLL gstpoll.c:980:gst_poll_fd_ctl_write: 0x322810: fd (fd:0, idx:1), active : 1
0:00:00.018304510  3837 0x836370 DEBUG   default gstvalue.c:2676:_priv_gst_value_parse_value: trying type name 'string'
0:00:00.013657712  3838 0x31a320 LOG   GST_POLL gstpoll.c:994:gst_poll_fd_ctl_write: 0x322810: pfd->events now 60 (POLLOUT:4)
0:00:00.018310980  3837 0x836370 DEBUG   structure gststructure.c:2203:gst_structure_parse_field: trying field name 'description'
0:00:00.013664493  3838 0x31a320 DEBUG   GST_POLL gstpoll.c:980:gst_poll_fd_ctl_write: 0x322810: fd (fd:0, idx:1), active : 1
0:00:00.018323000  3837 0x836370 DEBUG   default gstvalue.c:2676:_priv_gst_value_parse_value: trying type name 'string'
0:00:00.013675274  3838 0x31a320 LOG   GST_POLL gstpoll.c:994:gst_poll_fd_ctl_write: 0x322810: pfd->events now 60 (POLLOUT:4)
0:00:00.018330496  3837 0x836370 DEBUG   structure gststructure.c:2203:gst_structure_parse_field: trying field name 'author'
0:00:00.013682261  3838 0x31a320 DEBUG   GST_POLL gstpoll.c:980:gst_poll_fd_ctl_write: 0x322810: fd (fd:0, idx:1), active : 1
0:00:00.018336501  3837 0x836370 DEBUG   default gstvalue.c:2676:_priv_gst_value_parse_value: trying type name 'string'
0:00:00.013688895  3838 0x31a320 LOG   GST_POLL gstpoll.c:994:gst_poll_fd_ctl_write: 0x322810: pfd->events now 60 (POLLOUT:4)
0:00:00.018343081  3837 0x836370 DEBUG   GST_REGISTRY gstregistrychunks.c:626:gst_registry_chunks_load_feature: Element factory : npadtemplates=2
0:00:00.013695536  3838 0x31a320 DEBUG   GST_POLL gstpoll.c:980:gst_poll_fd_ctl_write: 0x322810: fd (fd:0, idx:1), active : 1
0:00:00.018349332  3837 0x836370 DEBUG   GST_REGISTRY gstregistrychunks.c:526:gst_registry_chunks_load_pad_template: Reading/casting for GstRegistryChunkPadTemplate at address 0x852590
0:00:00.013701406  3838 0x31a320 LOG   GST_POLL gstpoll.c:994:gst_poll_fd_ctl_write: 0x322810: pfd->events now 60 (POLLOUT:4)
0:00:00.018355543  3837 0x836370 DEBUG   GST_REGISTRY gstregistrychunks.c:539:gst_registry_chunks_load_pad_template: Added pad_template src_%u
0:00:00.013708044  3838 0x31a320 DEBUG   GST_POLL gstpoll.c:980:gst_poll_fd_ctl_write: 0x322810: fd (fd:0, idx:1), active : 1
0:00:00.018361426  3837 0x836370 DEBUG   GST_REGISTRY gstregistrychunks.c:526:gst_registry_chunks_load_pad_template: Reading/casting for GstRegistryChunkPadTemplate at address 0x8525a8
0:00:00.013714347  3838 0x31a320 LOG   GST_POLL gstpoll.c:994:gst_poll_fd_ctl_write: 0x322810: pfd->events now 60 (POLLOUT:4)
0:00:00.018367667  3837 0x836370 DEBUG   GST_REGISTRY gstregistrychunks.c:539:gst_registry_chunks_load_pad_template: Added pad_template sink
0:00:00.013721311  3838 0x31a320 LOG   GST_PLUGIN_LOADING gstpluginloader.c:646:put_chunk: Expanding tx buf from 10158 to 13209 for chunk of size 209
0:00:00.018375413  3837 0x836370 DEBUG   GST_REGISTRY gstregistry.c:590:gst_registry_add_feature: adding feature 0x854e90 (output-selector)
0:00:00.018383226  3837 0x836370 DEBUG   GST_REFCOUNTING gstobject.c:709:gst_object_set_parent: set parent (ref and sink)
0:00:00.013740350  3838 0x31a320 DEBUG   GST_POLL gstpoll.c:980:gst_poll_fd_ctl_write: 0x322810: fd (fd:0, idx:1), active : 1
0:00:00.018390774  3837 0x836370 TRACE   GST_REFCOUNTING gstobject.c:294:gst_object_ref_sink: 0x854e90 ref_sink 1->2
0:00:00.013747134  3838 0x31a320 LOG   GST_POLL gstpoll.c:994:gst_poll_fd_ctl_write: 0x322810: pfd->events now 60 (POLLOUT:4)
0:00:00.018400529  3837 0x836370 LOG   GST_REGISTRY gstregistry.c:608:gst_registry_add_feature: emitting feature-added for output-selector
0:00:00.013754101  3838 0x31a320 DEBUG   GST_POLL gstpoll.c:980:gst_poll_fd_ctl_write: 0x322810: fd (fd:0, idx:1), active : 1
0:00:00.018413211  3837 0x836370 DEBUG   GST_REGISTRY gstregistrychunks.c:741:gst_registry_chunks_load_feature: Added feature output-selector, plugin 0x850200 coreelements
0:00:00.013764062  3838 0x31a320 LOG   GST_POLL gstpoll.c:994:gst_poll_fd_ctl_write: 0x322810: pfd->events now 60 (POLLOUT:4)
0:00:00.018420452  3837 0x836370 DEBUG   GST_REGISTRY gstregistrychunks.c:583:gst_registry_chunks_load_feature: Plugin 'coreelements' feature 'input-selector' typename : 'GstElementFactory'
0:00:00.013772086  3838 0x31a320 DEBUG   GST_POLL gstpoll.c:980:gst_poll_fd_ctl_write: 0x322810: fd (fd:0, idx:1), active : 1
0:00:00.018428686  3837 0x836370 TRACE   GST_REFCOUNTING gstobject.c:208:gst_object_init: 0x855430 new
0:00:00.013779250  3838 0x31a320 LOG   GST_POLL gstpoll.c:994:gst_poll_fd_ctl_write: 0x322810: pfd->events now 60 (POLLOUT:4)
0:00:00.018436260  3837 0x836370 LOG   GST_REGISTRY gstregistrychunks.c:610:gst_registry_chunks_load_feature: Reading/casting for GstRegistryChunkElementFactory at address 0x8525e0
0:00:00.013787366  3838 0x31a320 DEBUG   GST_POLL gstpoll.c:980:gst_poll_fd_ctl_write: 0x322810: fd (fd:0, idx:1), active : 1
0:00:00.018443149  3837 0x836370 TRACE   structure gststructure.c:287:gst_structure_new_id_empty_with_size: created structure 0x8557a0
0:00:00.013794807  3838 0x31a320 LOG   GST_POLL gstpoll.c:994:gst_poll_fd_ctl_write: 0x322810: pfd->events now 60 (POLLOUT:4)
0:00:00.018449619  3837 0x836370 DEBUG   structure gststructure.c:2203:gst_structure_parse_field: trying field name 'long-name'
0:00:00.013802305  3838 0x31a320 DEBUG   GST_POLL gstpoll.c:980:gst_poll_fd_ctl_write: 0x322810: fd (fd:0, idx:1), active : 1
0:00:00.018456212  3837 0x836370 DEBUG   default gstvalue.c:2676:_priv_gst_value_parse_value: trying type name 'string'
0:00:00.013808442  3838 0x31a320 LOG   GST_POLL gstpoll.c:994:gst_poll_fd_ctl_write: 0x322810: pfd->events now 60 (POLLOUT:4)
0:00:00.018462597  3837 0x836370 DEBUG   structure gststructure.c:2203:gst_structure_parse_field: trying field name 'klass'
0:00:00.013814947  3838 0x31a320 DEBUG   GST_POLL gstpoll.c:980:gst_poll_fd_ctl_write: 0x322810: fd (fd:0, idx:1), active : 1
0:00:00.018468260  3837 0x836370 DEBUG   default gstvalue.c:2676:_priv_gst_value_parse_value: trying type name 'string'
0:00:00.013820967  3838 0x31a320 LOG   GST_POLL gstpoll.c:994:gst_poll_fd_ctl_write: 0x322810: pfd->events now 60 (POLLOUT:4)
0:00:00.018474265  3837 0x836370 DEBUG   structure gststructure.c:2203:gst_structure_parse_field: trying field name 'description'
0:00:00.013826965  3838 0x31a320 DEBUG   GST_POLL gstpoll.c:980:gst_poll_fd_ctl_write: 0x322810: fd (fd:0, idx:1), active : 1
0:00:00.018479914  3837 0x836370 DEBUG   default gstvalue.c:2676:_priv_gst_value_parse_value: trying type name 'string'
0:00:00.013832916  3838 0x31a320 LOG   GST_POLL gstpoll.c:994:gst_poll_fd_ctl_write: 0x322810: pfd->events now 60 (POLLOUT:4)
0:00:00.018491234  3837 0x836370 DEBUG   structure gststructure.c:2203:gst_structure_parse_field: trying field name 'author'
0:00:00.013843347  3838 0x31a320 DEBUG   GST_POLL gstpoll.c:980:gst_poll_fd_ctl_write: 0x322810: fd (fd:0, idx:1), active : 1
0:00:00.018497250  3837 0x836370 DEBUG   default gstvalue.c:2676:_priv_gst_value_parse_value: trying type name 'string'
0:00:00.013849373  3838 0x31a320 LOG   GST_POLL gstpoll.c:994:gst_poll_fd_ctl_write: 0x322810: pfd->events now 60 (POLLOUT:4)
0:00:00.018505543  3837 0x836370 DEBUG   GST_REGISTRY gstregistrychunks.c:626:gst_registry_chunks_load_feature: Element factory : npadtemplates=2
0:00:00.013856090  3838 0x31a320 DEBUG   GST_POLL gstpoll.c:980:gst_poll_fd_ctl_write: 0x322810: fd (fd:0, idx:1), active : 1
0:00:00.018511469  3837 0x836370 DEBUG   GST_REGISTRY gstregistrychunks.c:526:gst_registry_chunks_load_pad_template: Reading/casting for GstRegistryChunkPadTemplate at address 0x852710
0:00:00.013863793  3838 0x31a320 LOG   GST_POLL gstpoll.c:994:gst_poll_fd_ctl_write: 0x322810: pfd->events now 60 (POLLOUT:4)
0:00:00.018517692  3837 0x836370 DEBUG   GST_REGISTRY gstregistrychunks.c:539:gst_registry_chunks_load_pad_template: Added pad_template src
0:00:00.013870418  3838 0x31a320 DEBUG   GST_POLL gstpoll.c:980:gst_poll_fd_ctl_write: 0x322810: fd (fd:0, idx:1), active : 1
0:00:00.018523883  3837 0x836370 DEBUG   GST_REGISTRY gstregistrychunks.c:526:gst_registry_chunks_load_pad_template: Reading/casting for GstRegistryChunkPadTemplate at address 0x852720
0:00:00.013876873  3838 0x31a320 LOG   GST_POLL gstpoll.c:994:gst_poll_fd_ctl_write: 0x322810: pfd->events now 60 (POLLOUT:4)
0:00:00.018530278  3837 0x836370 DEBUG   GST_REGISTRY gstregistrychunks.c:539:gst_registry_chunks_load_pad_template: Added pad_template sink_%u
0:00:00.013883559  3838 0x31a320 DEBUG   GST_POLL gstpoll.c:980:gst_poll_fd_ctl_write: 0x322810: fd (fd:0, idx:1), active : 1
0:00:00.018537918  3837 0x836370 DEBUG   GST_REGISTRY gstregistry.c:590:gst_registry_add_feature: adding feature 0x855430 (input-selector)
0:00:00.013889696  3838 0x31a320 LOG   GST_POLL gstpoll.c:994:gst_poll_fd_ctl_write: 0x322810: pfd->events now 60 (POLLOUT:4)
0:00:00.018544183  3837 0x836370 DEBUG   GST_REFCOUNTING gstobject.c:709:gst_object_set_parent: set parent (ref and sink)
0:00:00.013896339  3838 0x31a320 DEBUG   GST_POLL gstpoll.c:980:gst_poll_fd_ctl_write: 0x322810: fd (fd:0, idx:1), active : 1
0:00:00.018551313  3837 0x836370 TRACE   GST_REFCOUNTING gstobject.c:294:gst_object_ref_sink: 0x855430 ref_sink 1->2
0:00:00.013902569  3838 0x31a320 LOG   GST_POLL gstpoll.c:994:gst_poll_fd_ctl_write: 0x322810: pfd->events now 60 (POLLOUT:4)
0:00:00.018558197  3837 0x836370 LOG   GST_REGISTRY gstregistry.c:608:gst_registry_add_feature: emitting feature-added for input-selector
0:00:00.013910075  3838 0x31a320 DEBUG   GST_POLL gstpoll.c:980:gst_poll_fd_ctl_write: 0x322810: fd (fd:0, idx:1), active : 1
0:00:00.018569898  3837 0x836370 DEBUG   GST_REGISTRY gstregistrychunks.c:741:gst_registry_chunks_load_feature: Added feature input-selector, plugin 0x850200 coreelements
0:00:00.013920946  3838 0x31a320 LOG   GST_POLL gstpoll.c:994:gst_poll_fd_ctl_write: 0x322810: pfd->events now 60 (POLLOUT:4)
0:00:00.018577244  3837 0x836370 DEBUG   GST_REGISTRY gstregistrychunks.c:583:gst_registry_chunks_load_feature: Plugin 'coreelements' feature 'identity' typename : 'GstElementFactory'
0:00:00.013928118  3838 0x31a320 DEBUG   GST_POLL gstpoll.c:980:gst_poll_fd_ctl_write: 0x322810: fd (fd:0, idx:1), active : 1
0:00:00.018584426  3837 0x836370 TRACE   GST_REFCOUNTING gstobject.c:208:gst_object_init: 0x855a20 new
0:00:00.013935379  3838 0x31a320 LOG   GST_POLL gstpoll.c:994:gst_poll_fd_ctl_write: 0x322810: pfd->events now 60 (POLLOUT:4)
0:00:00.018591760  3837 0x836370 LOG   GST_REGISTRY gstregistrychunks.c:610:gst_registry_chunks_load_feature: Reading/casting for GstRegistryChunkElementFactory at address 0x852750
0:00:00.013943504  3838 0x31a320 DEBUG   GST_POLL gstpoll.c:980:gst_poll_fd_ctl_write: 0x322810: fd (fd:0, idx:1), active : 1
0:00:00.018598176  3837 0x836370 TRACE   structure gststructure.c:287:gst_structure_new_id_empty_with_size: created structure 0x855b10
0:00:00.013949810  3838 0x31a320 LOG   GST_POLL gstpoll.c:994:gst_poll_fd_ctl_write: 0x322810: pfd->events now 60 (POLLOUT:4)
0:00:00.018604403  3837 0x836370 DEBUG   structure gststructure.c:2203:gst_structure_parse_field: trying field name 'long-name'
0:00:00.013956707  3838 0x31a320 DEBUG   GST_POLL gstpoll.c:980:gst_poll_fd_ctl_write: 0x322810: fd (fd:0, idx:1), active : 1
0:00:00.018610170  3837 0x836370 DEBUG   default gstvalue.c:2676:_priv_gst_value_parse_value: trying type name 'string'
0:00:00.013963053  3838 0x31a320 LOG   GST_POLL gstpoll.c:994:gst_poll_fd_ctl_write: 0x322810: pfd->events now 60 (POLLOUT:4)
0:00:00.018616388  3837 0x836370 DEBUG   structure gststructure.c:2203:gst_structure_parse_field: trying field name 'klass'
0:00:00.013969662  3838 0x31a320 DEBUG   GST_POLL gstpoll.c:980:gst_poll_fd_ctl_write: 0x322810: fd (fd:0, idx:1), active : 1
0:00:00.018641278  3837 0x836370 DEBUG   default gstvalue.c:2676:_priv_gst_value_parse_value: trying type name 'string'
0:00:00.013993890  3838 0x31a320 LOG   GST_POLL gstpoll.c:994:gst_poll_fd_ctl_write: 0x322810: pfd->events now 60 (POLLOUT:4)
0:00:00.018651338  3837 0x836370 DEBUG   structure gststructure.c:2203:gst_structure_parse_field: trying field name 'description'
0:00:00.014002483  3838 0x31a320 DEBUG   GST_POLL gstpoll.c:980:gst_poll_fd_ctl_write: 0x322810: fd (fd:0, idx:1), active : 1
0:00:00.014011723  3838 0x31a320 LOG   GST_POLL gstpoll.c:994:gst_poll_fd_ctl_write: 0x322810: pfd->events now 60 (POLLOUT:4)
0:00:00.018661480  3837 0x836370 DEBUG   default gstvalue.c:2676:_priv_gst_value_parse_value: trying type name 'string'
0:00:00.014017733  3838 0x31a320 DEBUG   GST_POLL gstpoll.c:980:gst_poll_fd_ctl_write: 0x322810: fd (fd:0, idx:1), active : 1
0:00:00.014031085  3838 0x31a320 LOG   GST_POLL gstpoll.c:994:gst_poll_fd_ctl_write: 0x322810: pfd->events now 60 (POLLOUT:4)
0:00:00.018681558  3837 0x836370 DEBUG   structure gststructure.c:2203:gst_structure_parse_field: trying field name 'author'
0:00:00.014037223  3838 0x31a320 DEBUG   GST_POLL gstpoll.c:980:gst_poll_fd_ctl_write: 0x322810: fd (fd:0, idx:1), active : 1
0:00:00.014044319  3838 0x31a320 LOG   GST_POLL gstpoll.c:994:gst_poll_fd_ctl_write: 0x322810: pfd->events now 60 (POLLOUT:4)
0:00:00.018693887  3837 0x836370 DEBUG   default gstvalue.c:2676:_priv_gst_value_parse_value: trying type name 'string'
0:00:00.014050154  3838 0x31a320 DEBUG   GST_POLL gstpoll.c:980:gst_poll_fd_ctl_write: 0x322810: fd (fd:0, idx:1), active : 1
0:00:00.014056147  3838 0x31a320 LOG   GST_POLL gstpoll.c:994:gst_poll_fd_ctl_write: 0x322810: pfd->events now 60 (POLLOUT:4)
0:00:00.018706026  3837 0x836370 DEBUG   GST_REGISTRY gstregistrychunks.c:626:gst_registry_chunks_load_feature: Element factory : npadtemplates=2
0:00:00.014061979  3838 0x31a320 DEBUG   GST_POLL gstpoll.c:980:gst_poll_fd_ctl_write: 0x322810: fd (fd:0, idx:1), active : 1
0:00:00.018715579  3837 0x836370 DEBUG   GST_REGISTRY gstregistrychunks.c:526:gst_registry_chunks_load_pad_template: Reading/casting for GstRegistryChunkPadTemplate at address 0x852820
0:00:00.014067960  3838 0x31a320 LOG   GST_POLL gstpoll.c:994:gst_poll_fd_ctl_write: 0x322810: pfd->events now 60 (POLLOUT:4)
0:00:00.018721882  3837 0x836370 DEBUG   GST_REGISTRY gstregistrychunks.c:539:gst_registry_chunks_load_pad_template: Added pad_template sink
0:00:00.014074370  3838 0x31a320 DEBUG   GST_POLL gstpoll.c:980:gst_poll_fd_ctl_write: 0x322810: fd (fd:0, idx:1), active : 1
0:00:00.018727690  3837 0x836370 DEBUG   GST_REGISTRY gstregistrychunks.c:526:gst_registry_chunks_load_pad_template: Reading/casting for GstRegistryChunkPadTemplate at address 0x852838
0:00:00.014080478  3838 0x31a320 LOG   GST_POLL gstpoll.c:994:gst_poll_fd_ctl_write: 0x322810: pfd->events now 60 (POLLOUT:4)
0:00:00.018733510  3837 0x836370 DEBUG   GST_REGISTRY gstregistrychunks.c:539:gst_registry_chunks_load_pad_template: Added pad_template src
0:00:00.014086736  3838 0x31a320 DEBUG   GST_POLL gstpoll.c:980:gst_poll_fd_ctl_write: 0x322810: fd (fd:0, idx:1), active : 1
0:00:00.018741392  3837 0x836370 DEBUG   GST_REGISTRY gstregistry.c:590:gst_registry_add_feature: adding feature 0x855a20 (identity)
0:00:00.014092625  3838 0x31a320 LOG   GST_POLL gstpoll.c:994:gst_poll_fd_ctl_write: 0x322810: pfd->events now 60 (POLLOUT:4)
0:00:00.018747863  3837 0x836370 DEBUG   GST_REFCOUNTING gstobject.c:709:gst_object_set_parent: set parent (ref and sink)
0:00:00.014099522  3838 0x31a320 DEBUG   GST_POLL gstpoll.c:980:gst_poll_fd_ctl_write: 0x322810: fd (fd:0, idx:1), active : 1
0:00:00.018755264  3837 0x836370 TRACE   GST_REFCOUNTING gstobject.c:294:gst_object_ref_sink: 0x855a20 ref_sink 1->2
0:00:00.014112800  3838 0x31a320 LOG   GST_POLL gstpoll.c:994:gst_poll_fd_ctl_write: 0x322810: pfd->events now 60 (POLLOUT:4)
0:00:00.018766206  3837 0x836370 LOG   GST_REGISTRY gstregistry.c:608:gst_registry_add_feature: emitting feature-added for identity
0:00:00.014118954  3838 0x31a320 DEBUG   GST_POLL gstpoll.c:980:gst_poll_fd_ctl_write: 0x322810: fd (fd:0, idx:1), active : 1
0:00:00.018773178  3837 0x836370 DEBUG   GST_REGISTRY gstregistrychunks.c:741:gst_registry_chunks_load_feature: Added feature identity, plugin 0x850200 coreelements
0:00:00.014124850  3838 0x31a320 LOG   GST_POLL gstpoll.c:994:gst_poll_fd_ctl_write: 0x322810: pfd->events now 60 (POLLOUT:4)
0:00:00.018780056  3837 0x836370 DEBUG   GST_REGISTRY gstregistrychunks.c:583:gst_registry_chunks_load_feature: Plugin 'coreelements' feature 'funnel' typename : 'GstElementFactory'
0:00:00.014131036  3838 0x31a320 DEBUG   GST_POLL gstpoll.c:980:gst_poll_fd_ctl_write: 0x322810: fd (fd:0, idx:1), active : 1
0:00:00.014138452  3838 0x31a320 LOG   GST_POLL gstpoll.c:994:gst_poll_fd_ctl_write: 0x322810: pfd->events now 60 (POLLOUT:4)
0:00:00.018788743  3837 0x836370 TRACE   GST_REFCOUNTING gstobject.c:208:gst_object_init: 0x855d90 new
0:00:00.014144210  3838 0x31a320 DEBUG   GST_POLL gstpoll.c:980:gst_poll_fd_ctl_write: 0x322810: fd (fd:0, idx:1), active : 1
0:00:00.018798128  3837 0x836370 LOG   GST_REGISTRY gstregistrychunks.c:610:gst_registry_chunks_load_feature: Reading/casting for GstRegistryChunkElementFactory at address 0x852868
0:00:00.014150106  3838 0x31a320 LOG   GST_POLL gstpoll.c:994:gst_poll_fd_ctl_write: 0x322810: pfd->events now 60 (POLLOUT:4)
0:00:00.014156787  3838 0x31a320 DEBUG   GST_POLL gstpoll.c:980:gst_poll_fd_ctl_write: 0x322810: fd (fd:0, idx:1), active : 1
0:00:00.018809582  3837 0x836370 TRACE   structure gststructure.c:287:gst_structure_new_id_empty_with_size: created structure 0x855f50
0:00:00.014162427  3838 0x31a320 LOG   GST_POLL gstpoll.c:994:gst_poll_fd_ctl_write: 0x322810: pfd->events now 60 (POLLOUT:4)
0:00:00.018815792  3837 0x836370 DEBUG   structure gststructure.c:2203:gst_structure_parse_field: trying field name 'long-name'
0:00:00.014168714  3838 0x31a320 DEBUG   GST_POLL gstpoll.c:980:gst_poll_fd_ctl_write: 0x322810: fd (fd:0, idx:1), active : 1
0:00:00.018821663  3837 0x836370 DEBUG   default gstvalue.c:2676:_priv_gst_value_parse_value: trying type name 'string'
0:00:00.014174685  3838 0x31a320 LOG   GST_POLL gstpoll.c:994:gst_poll_fd_ctl_write: 0x322810: pfd->events now 60 (POLLOUT:4)
0:00:00.018827738  3837 0x836370 DEBUG   structure gststructure.c:2203:gst_structure_parse_field: trying field name 'klass'
0:00:00.014181119  3838 0x31a320 DEBUG   GST_POLL gstpoll.c:980:gst_poll_fd_ctl_write: 0x322810: fd (fd:0, idx:1), active : 1
0:00:00.018833358  3837 0x836370 DEBUG   default gstvalue.c:2676:_priv_gst_value_parse_value: trying type name 'string'
0:00:00.014191949  3838 0x31a320 LOG   GST_POLL gstpoll.c:994:gst_poll_fd_ctl_write: 0x322810: pfd->events now 60 (POLLOUT:4)
0:00:00.018844961  3837 0x836370 DEBUG   structure gststructure.c:2203:gst_structure_parse_field: trying field name 'description'
0:00:00.014198462  3838 0x31a320 DEBUG   GST_POLL gstpoll.c:980:gst_poll_fd_ctl_write: 0x322810: fd (fd:0, idx:1), active : 1
0:00:00.018850844  3837 0x836370 DEBUG   default gstvalue.c:2676:_priv_gst_value_parse_value: trying type name 'string'
0:00:00.014204576  3838 0x31a320 LOG   GST_POLL gstpoll.c:994:gst_poll_fd_ctl_write: 0x322810: pfd->events now 60 (POLLOUT:4)
0:00:00.018857726  3837 0x836370 DEBUG   structure gststructure.c:2203:gst_structure_parse_field: trying field name 'author'
0:00:00.014210994  3838 0x31a320 DEBUG   GST_POLL gstpoll.c:980:gst_poll_fd_ctl_write: 0x322810: fd (fd:0, idx:1), active : 1
0:00:00.018863426  3837 0x836370 DEBUG   default gstvalue.c:2676:_priv_gst_value_parse_value: trying type name 'string'
0:00:00.014217659  3838 0x31a320 LOG   GST_POLL gstpoll.c:994:gst_poll_fd_ctl_write: 0x322810: pfd->events now 60 (POLLOUT:4)
0:00:00.018871395  3837 0x836370 DEBUG   GST_REGISTRY gstregistrychunks.c:626:gst_registry_chunks_load_feature: Element factory : npadtemplates=2
0:00:00.014224608  3838 0x31a320 DEBUG   GST_POLL gstpoll.c:980:gst_poll_fd_ctl_write: 0x322810: fd (fd:0, idx:1), active : 1
0:00:00.018877943  3837 0x836370 DEBUG   GST_REGISTRY gstregistrychunks.c:526:gst_registry_chunks_load_pad_template: Reading/casting for GstRegistryChunkPadTemplate at address 0x852940
0:00:00.014230871  3838 0x31a320 LOG   GST_POLL gstpoll.c:994:gst_poll_fd_ctl_write: 0x322810: pfd->events now 60 (POLLOUT:4)
0:00:00.018883767  3837 0x836370 DEBUG   GST_REGISTRY gstregistrychunks.c:539:gst_registry_chunks_load_pad_template: Added pad_template src
0:00:00.014237972  3838 0x31a320 DEBUG   GST_POLL gstpoll.c:980:gst_poll_fd_ctl_write: 0x322810: fd (fd:0, idx:1), active : 1
0:00:00.018890352  3837 0x836370 DEBUG   GST_REGISTRY gstregistrychunks.c:526:gst_registry_chunks_load_pad_template: Reading/casting for GstRegistryChunkPadTemplate at address 0x852950
0:00:00.014244422  3838 0x31a320 LOG   GST_POLL gstpoll.c:994:gst_poll_fd_ctl_write: 0x322810: pfd->events now 60 (POLLOUT:4)
0:00:00.018896938  3837 0x836370 DEBUG   GST_REGISTRY gstregistrychunks.c:539:gst_registry_chunks_load_pad_template: Added pad_template sink_%u
0:00:00.014251304  3838 0x31a320 DEBUG   GST_POLL gstpoll.c:980:gst_poll_fd_ctl_write: 0x322810: fd (fd:0, idx:1), active : 1
0:00:00.018905526  3837 0x836370 DEBUG   GST_REGISTRY gstregistry.c:590:gst_registry_add_feature: adding feature 0x855d90 (funnel)
0:00:00.014257905  3838 0x31a320 LOG   GST_POLL gstpoll.c:994:gst_poll_fd_ctl_write: 0x322810: pfd->events now 60 (POLLOUT:4)
0:00:00.018911617  3837 0x836370 DEBUG   GST_REFCOUNTING gstobject.c:709:gst_object_set_parent: set parent (ref and sink)
0:00:00.014264240  3838 0x31a320 DEBUG   GST_POLL gstpoll.c:980:gst_poll_fd_ctl_write: 0x322810: fd (fd:0, idx:1), active : 1
0:00:00.018926065  3837 0x836370 TRACE   GST_REFCOUNTING gstobject.c:294:gst_object_ref_sink: 0x855d90 ref_sink 1->2
0:00:00.014277251  3838 0x31a320 LOG   GST_POLL gstpoll.c:994:gst_poll_fd_ctl_write: 0x322810: pfd->events now 60 (POLLOUT:4)
0:00:00.018932969  3837 0x836370 LOG   GST_REGISTRY gstregistry.c:608:gst_registry_add_feature: emitting feature-added for funnel
0:00:00.014284985  3838 0x31a320 DEBUG   GST_POLL gstpoll.c:980:gst_poll_fd_ctl_write: 0x322810: fd (fd:0, idx:1), active : 1
0:00:00.018939643  3837 0x836370 DEBUG   GST_REGISTRY gstregistrychunks.c:741:gst_registry_chunks_load_feature: Added feature funnel, plugin 0x850200 coreelements
0:00:00.014291133  3838 0x31a320 LOG   GST_POLL gstpoll.c:994:gst_poll_fd_ctl_write: 0x322810: pfd->events now 60 (POLLOUT:4)
0:00:00.018946554  3837 0x836370 DEBUG   GST_REGISTRY gstregistrychunks.c:583:gst_registry_chunks_load_feature: Plugin 'coreelements' feature 'filesrc' typename : 'GstElementFactory'
0:00:00.014298116  3838 0x31a320 DEBUG   GST_POLL gstpoll.c:980:gst_poll_fd_ctl_write: 0x322810: fd (fd:0, idx:1), active : 1
0:00:00.018954138  3837 0x836370 TRACE   GST_REFCOUNTING gstobject.c:208:gst_object_init: 0x855c90 new
0:00:00.014304649  3838 0x31a320 LOG   GST_POLL gstpoll.c:994:gst_poll_fd_ctl_write: 0x322810: pfd->events now 60 (POLLOUT:4)
0:00:00.018961882  3837 0x836370 LOG   GST_REGISTRY gstregistrychunks.c:610:gst_registry_chunks_load_feature: Reading/casting for GstRegistryChunkElementFactory at address 0x852980
0:00:00.014313110  3838 0x31a320 DEBUG   GST_POLL gstpoll.c:980:gst_poll_fd_ctl_write: 0x322810: fd (fd:0, idx:1), active : 1
0:00:00.014319954  3838 0x31a320 LOG   GST_POLL gstpoll.c:994:gst_poll_fd_ctl_write: 0x322810: pfd->events now 60 (POLLOUT:4)
0:00:00.014325908  3838 0x31a320 DEBUG   GST_POLL gstpoll.c:980:gst_poll_fd_ctl_write: 0x322810: fd (fd:0, idx:1), active : 1
0:00:00.018976452  3837 0x836370 TRACE   structure gststructure.c:287:gst_structure_new_id_empty_with_size: created structure 0x8562c0
0:00:00.014331542  3838 0x31a320 LOG   GST_POLL gstpoll.c:994:gst_poll_fd_ctl_write: 0x322810: pfd->events now 60 (POLLOUT:4)
0:00:00.018984595  3837 0x836370 DEBUG   structure gststructure.c:2203:gst_structure_parse_field: trying field name 'long-name'
0:00:00.014337765  3838 0x31a320 DEBUG   GST_POLL gstpoll.c:980:gst_poll_fd_ctl_write: 0x322810: fd (fd:0, idx:1), active : 1
0:00:00.018990558  3837 0x836370 DEBUG   default gstvalue.c:2676:_priv_gst_value_parse_value: trying type name 'string'
0:00:00.014343839  3838 0x31a320 LOG   GST_POLL gstpoll.c:994:gst_poll_fd_ctl_write: 0x322810: pfd->events now 60 (POLLOUT:4)
0:00:00.018997160  3837 0x836370 DEBUG   structure gststructure.c:2203:gst_structure_parse_field: trying field name 'klass'
0:00:00.014350250  3838 0x31a320 DEBUG   GST_POLL gstpoll.c:980:gst_poll_fd_ctl_write: 0x322810: fd (fd:0, idx:1), active : 1
0:00:00.019007878  3837 0x836370 DEBUG   default gstvalue.c:2676:_priv_gst_value_parse_value: trying type name 'string'
0:00:00.014360248  3838 0x31a320 LOG   GST_POLL gstpoll.c:994:gst_poll_fd_ctl_write: 0x322810: pfd->events now 60 (POLLOUT:4)
0:00:00.019014962  3837 0x836370 DEBUG   structure gststructure.c:2203:gst_structure_parse_field: trying field name 'description'
0:00:00.014366533  3838 0x31a320 DEBUG   GST_POLL gstpoll.c:980:gst_poll_fd_ctl_write: 0x322810: fd (fd:0, idx:1), active : 1
0:00:00.019021247  3837 0x836370 DEBUG   default gstvalue.c:2676:_priv_gst_value_parse_value: trying type name 'string'
0:00:00.014372992  3838 0x31a320 LOG   GST_POLL gstpoll.c:994:gst_poll_fd_ctl_write: 0x322810: pfd->events now 60 (POLLOUT:4)
0:00:00.019027669  3837 0x836370 DEBUG   structure gststructure.c:2203:gst_structure_parse_field: trying field name 'author'
