0:00:00.009203743  2474 0x518370 DEBUG   GST_REGISTRY gstregistry.c:1172:gst_registry_scan_plugin_file: Using scan-helper to load plugin /home/conan/w/prod/BuildSingleReference/.conan/data/gstreamer/1.18.3/_/_/package/467fc03b0f24213bb9b1cf088fa7fb20ffd79c35/lib/gstreamer-1.0/libgstcoretracers.so
0:00:00.009216815  2474 0x518370 LOG   GST_PLUGIN_LOADING gstpluginloader.c:236:plugin_loader_load: Sending file /home/conan/w/prod/BuildSingleReference/.conan/data/gstreamer/1.18.3/_/_/package/467fc03b0f24213bb9b1cf088fa7fb20ffd79c35/lib/gstreamer-1.0/libgstcoretracers.so to child. tag 2
0:00:00.009229717  2474 0x518370 DEBUG   GST_POLL gstpoll.c:980:gst_poll_fd_ctl_write: 0x531b80: fd (fd:7, idx:1), active : 1
0:00:00.003813845  2475 0x150e320 LOG   GST_PLUGIN_LOADING gstplugin.c:890:_priv_gst_plugin_load_file_for_registry: Plugin 0x1527ea0 for file "/home/conan/w/prod/BuildSingleReference/.conan/data/gstreamer/1.18.3/_/_/package/467fc03b0f24213bb9b1cf088fa7fb20ffd79c35/lib/gstreamer-1.0/libgstcoretracers.so" prepared, calling entry function...
0:00:00.009239709  2474 0x518370 LOG   GST_POLL gstpoll.c:994:gst_poll_fd_ctl_write: 0x531b80: pfd->events now 60 (POLLOUT:4)
0:00:00.009257254  2474 0x518370 DEBUG   GST_POLL gstpoll.c:1414:gst_poll_wait: 0x531b80: timeout :0:00:01.000000000
0:00:00.003840962  2475 0x150e320 LOG   GST_PLUGIN_LOADING gstplugin.c:897:_priv_gst_plugin_load_file_for_registry: Plugin 0x1527ea0 for file "/home/conan/w/prod/BuildSingleReference/.conan/data/gstreamer/1.18.3/_/_/package/467fc03b0f24213bb9b1cf088fa7fb20ffd79c35/lib/gstreamer-1.0/libgstcoretracers.so" prepared, registering...
0:00:00.009270638  2474 0x518370 LOG   GST_PLUGIN_LOADING gstpluginloader.c:1028:exchange_packets: Poll res = 1. 173 bytes pending for write
0:00:00.003854255  2475 0x150e320 LOG   GST_PLUGIN_LOADING gstplugin.c:514:gst_plugin_register_func: plugin "/home/conan/w/prod/BuildSingleReference/.conan/data/gstreamer/1.18.3/_/_/package/467fc03b0f24213bb9b1cf088fa7fb20ffd79c35/lib/gstreamer-1.0/libgstcoretracers.so" looks good
0:00:00.009281985  2474 0x518370 DEBUG   GST_POLL gstpoll.c:1241:gst_poll_fd_has_error: 0x531b80: fd (fd:8, idx:2) 0
0:00:00.009292335  2474 0x518370 DEBUG   GST_POLL gstpoll.c:1266:gst_poll_fd_can_read_unlocked: 0x531b80: fd (fd:8, idx:2) 0
0:00:00.009301657  2474 0x518370 DEBUG   GST_POLL gstpoll.c:1195:gst_poll_fd_has_closed: 0x531b80: fd (fd:8, idx:2) 0
0:00:00.009310598  2474 0x518370 DEBUG   GST_POLL gstpoll.c:1241:gst_poll_fd_has_error: 0x531b80: fd (fd:7, idx:1) 0
0:00:00.003893866  2475 0x150e320 TRACE   GST_REFCOUNTING gstobject.c:208:gst_object_init: 0x1528180 new
0:00:00.009319951  2474 0x518370 DEBUG   GST_POLL gstpoll.c:1335:gst_poll_fd_can_write: 0x531b80: fd (fd:7, idx:1) 1
0:00:00.003912721  2475 0x150e320 DEBUG   GST_TRACER gsttracer.c:169:gst_tracer_register: new tracer factory for latency
0:00:00.009329902  2474 0x518370 LOG   GST_PLUGIN_LOADING gstpluginloader.c:690:write_one: Writing packet of size 173 bytes to fd 7
0:00:00.003927602  2475 0x150e320 DEBUG   GST_TRACER gsttracer.c:177:gst_tracer_register: tracer factory for 22173424:GstLatencyTracer
0:00:00.009346987  2474 0x518370 DEBUG   GST_POLL gstpoll.c:980:gst_poll_fd_ctl_write: 0x531b80: fd (fd:7, idx:1), active : 0
0:00:00.003939982  2475 0x150e320 DEBUG   GST_REGISTRY gstregistry.c:590:gst_registry_add_feature: adding feature 0x1528180 (latency)
0:00:00.009358338  2474 0x518370 LOG   GST_POLL gstpoll.c:994:gst_poll_fd_ctl_write: 0x531b80: pfd->events now 56 (POLLOUT:4)
0:00:00.003949834  2475 0x150e320 DEBUG   GST_REFCOUNTING gstobject.c:709:gst_object_set_parent: set parent (ref and sink)
0:00:00.009380766  2474 0x518370 LOG   GST_REGISTRY gstregistry.c:1300:gst_registry_scan_path_level: file /home/conan/w/prod/BuildSingleReference/.conan/data/gstreamer/1.18.3/_/_/package/467fc03b0f24213bb9b1cf088fa7fb20ffd79c35/lib/gstreamer-1.0/libgstcoreelements.so looks like a possible module
0:00:00.003964413  2475 0x150e320 TRACE   GST_REFCOUNTING gstobject.c:294:gst_object_ref_sink: 0x1528180 ref_sink 1->2
0:00:00.009403408  2474 0x518370 DEBUG   GST_REGISTRY gstregistry.c:1361:gst_registry_scan_path_level: file /home/conan/w/prod/BuildSingleReference/.conan/data/gstreamer/1.18.3/_/_/package/467fc03b0f24213bb9b1cf088fa7fb20ffd79c35/lib/gstreamer-1.0/libgstcoreelements.so not yet in registry
0:00:00.003989278  2475 0x150e320 LOG   GST_REGISTRY gstregistry.c:608:gst_registry_add_feature: emitting feature-added for latency
0:00:00.009415259  2474 0x518370 DEBUG   GST_REGISTRY gstregistry.c:1172:gst_registry_scan_plugin_file: Using scan-helper to load plugin /home/conan/w/prod/BuildSingleReference/.conan/data/gstreamer/1.18.3/_/_/package/467fc03b0f24213bb9b1cf088fa7fb20ffd79c35/lib/gstreamer-1.0/libgstcoreelements.so
0:00:00.009427782  2474 0x518370 LOG   GST_PLUGIN_LOADING gstpluginloader.c:236:plugin_loader_load: Sending file /home/conan/w/prod/BuildSingleReference/.conan/data/gstreamer/1.18.3/_/_/package/467fc03b0f24213bb9b1cf088fa7fb20ffd79c35/lib/gstreamer-1.0/libgstcoreelements.so to child. tag 3
0:00:00.004016886  2475 0x150e320 TRACE   GST_REFCOUNTING gstobject.c:208:gst_object_init: 0x1528670 new
0:00:00.009439869  2474 0x518370 DEBUG   GST_POLL gstpoll.c:980:gst_poll_fd_ctl_write: 0x531b80: fd (fd:7, idx:1), active : 1
0:00:00.004030930  2475 0x150e320 DEBUG   GST_TRACER gsttracer.c:169:gst_tracer_register: new tracer factory for log
0:00:00.009450977  2474 0x518370 LOG   GST_POLL gstpoll.c:994:gst_poll_fd_ctl_write: 0x531b80: pfd->events now 60 (POLLOUT:4)
0:00:00.004043991  2475 0x150e320 DEBUG   GST_TRACER gsttracer.c:177:gst_tracer_register: tracer factory for 22185168:GstLogTracer
0:00:00.009465854  2474 0x518370 DEBUG   GST_POLL gstpoll.c:1414:gst_poll_wait: 0x531b80: timeout :0:00:01.000000000
0:00:00.004059062  2475 0x150e320 DEBUG   GST_REGISTRY gstregistry.c:590:gst_registry_add_feature: adding feature 0x1528670 (log)
0:00:00.009479190  2474 0x518370 LOG   GST_PLUGIN_LOADING gstpluginloader.c:1028:exchange_packets: Poll res = 1. 174 bytes pending for write
0:00:00.004071200  2475 0x150e320 DEBUG   GST_REFCOUNTING gstobject.c:709:gst_object_set_parent: set parent (ref and sink)
0:00:00.009490483  2474 0x518370 DEBUG   GST_POLL gstpoll.c:1241:gst_poll_fd_has_error: 0x531b80: fd (fd:8, idx:2) 0
0:00:00.004082295  2475 0x150e320 TRACE   GST_REFCOUNTING gstobject.c:294:gst_object_ref_sink: 0x1528670 ref_sink 1->2
0:00:00.009501947  2474 0x518370 DEBUG   GST_POLL gstpoll.c:1266:gst_poll_fd_can_read_unlocked: 0x531b80: fd (fd:8, idx:2) 0
0:00:00.009511629  2474 0x518370 DEBUG   GST_POLL gstpoll.c:1195:gst_poll_fd_has_closed: 0x531b80: fd (fd:8, idx:2) 0
0:00:00.004093687  2475 0x150e320 LOG   GST_REGISTRY gstregistry.c:608:gst_registry_add_feature: emitting feature-added for log
0:00:00.009521100  2474 0x518370 DEBUG   GST_POLL gstpoll.c:1241:gst_poll_fd_has_error: 0x531b80: fd (fd:7, idx:1) 0
0:00:00.004117185  2475 0x150e320 TRACE   GST_REFCOUNTING gstobject.c:208:gst_object_init: 0x1528880 new
0:00:00.009543109  2474 0x518370 DEBUG   GST_POLL gstpoll.c:1335:gst_poll_fd_can_write: 0x531b80: fd (fd:7, idx:1) 1
0:00:00.004133562  2475 0x150e320 DEBUG   GST_TRACER gsttracer.c:169:gst_tracer_register: new tracer factory for rusage
0:00:00.009552917  2474 0x518370 LOG   GST_PLUGIN_LOADING gstpluginloader.c:690:write_one: Writing packet of size 174 bytes to fd 7
0:00:00.004149465  2475 0x150e320 DEBUG   GST_TRACER gsttracer.c:177:gst_tracer_register: tracer factory for 22185776:GstRUsageTracer
0:00:00.009568896  2474 0x518370 DEBUG   GST_POLL gstpoll.c:980:gst_poll_fd_ctl_write: 0x531b80: fd (fd:7, idx:1), active : 0
0:00:00.004163546  2475 0x150e320 DEBUG   GST_REGISTRY gstregistry.c:590:gst_registry_add_feature: adding feature 0x1528880 (rusage)
0:00:00.009583037  2474 0x518370 LOG   GST_POLL gstpoll.c:994:gst_poll_fd_ctl_write: 0x531b80: pfd->events now 56 (POLLOUT:4)
0:00:00.004173816  2475 0x150e320 DEBUG   GST_REFCOUNTING gstobject.c:709:gst_object_set_parent: set parent (ref and sink)
0:00:00.004185838  2475 0x150e320 TRACE   GST_REFCOUNTING gstobject.c:294:gst_object_ref_sink: 0x1528880 ref_sink 1->2
0:00:00.009603931  2474 0x518370 DEBUG   GST_REGISTRY gstregistry.c:1384:gst_registry_scan_path_internal: registry changed in path /home/conan/w/prod/BuildSingleReference/.conan/data/gstreamer/1.18.3/_/_/package/467fc03b0f24213bb9b1cf088fa7fb20ffd79c35/lib/gstreamer-1.0: 0
0:00:00.004195788  2475 0x150e320 LOG   GST_REGISTRY gstregistry.c:608:gst_registry_add_feature: emitting feature-added for rusage
0:00:00.009626352  2474 0x518370 DEBUG   GST_POLL gstpoll.c:980:gst_poll_fd_ctl_write: 0x531b80: fd (fd:7, idx:1), active : 1
0:00:00.004214364  2475 0x150e320 TRACE   GST_REFCOUNTING gstobject.c:208:gst_object_init: 0x1528b50 new
0:00:00.009636926  2474 0x518370 LOG   GST_POLL gstpoll.c:994:gst_poll_fd_ctl_write: 0x531b80: pfd->events now 60 (POLLOUT:4)
0:00:00.004227929  2475 0x150e320 DEBUG   GST_TRACER gsttracer.c:169:gst_tracer_register: new tracer factory for stats
0:00:00.009649733  2474 0x518370 DEBUG   GST_POLL gstpoll.c:1414:gst_poll_wait: 0x531b80: timeout :0:00:01.000000000
0:00:00.004244514  2475 0x150e320 DEBUG   GST_TRACER gsttracer.c:177:gst_tracer_register: tracer factory for 22186384:GstStatsTracer
0:00:00.009664469  2474 0x518370 LOG   GST_PLUGIN_LOADING gstpluginloader.c:1028:exchange_packets: Poll res = 1. 12 bytes pending for write
0:00:00.004257814  2475 0x150e320 DEBUG   GST_REGISTRY gstregistry.c:590:gst_registry_add_feature: adding feature 0x1528b50 (stats)
0:00:00.009676075  2474 0x518370 DEBUG   GST_POLL gstpoll.c:1241:gst_poll_fd_has_error: 0x531b80: fd (fd:8, idx:2) 0
0:00:00.004267848  2475 0x150e320 DEBUG   GST_REFCOUNTING gstobject.c:709:gst_object_set_parent: set parent (ref and sink)
0:00:00.009687374  2474 0x518370 DEBUG   GST_POLL gstpoll.c:1266:gst_poll_fd_can_read_unlocked: 0x531b80: fd (fd:8, idx:2) 0
0:00:00.004287647  2475 0x150e320 TRACE   GST_REFCOUNTING gstobject.c:294:gst_object_ref_sink: 0x1528b50 ref_sink 1->2
0:00:00.009706329  2474 0x518370 DEBUG   GST_POLL gstpoll.c:1195:gst_poll_fd_has_closed: 0x531b80: fd (fd:8, idx:2) 0
0:00:00.004298507  2475 0x150e320 LOG   GST_REGISTRY gstregistry.c:608:gst_registry_add_feature: emitting feature-added for stats
0:00:00.009727236  2474 0x518370 DEBUG   GST_POLL gstpoll.c:1241:gst_poll_fd_has_error: 0x531b80: fd (fd:7, idx:1) 0
0:00:00.009740018  2474 0x518370 DEBUG   GST_POLL gstpoll.c:1335:gst_poll_fd_can_write: 0x531b80: fd (fd:7, idx:1) 1
0:00:00.009750554  2474 0x518370 LOG   GST_PLUGIN_LOADING gstpluginloader.c:690:write_one: Writing packet of size 12 bytes to fd 7
0:00:00.004328869  2475 0x150e320 TRACE   GST_REFCOUNTING gstobject.c:208:gst_object_init: 0x1528da0 new
0:00:00.009762977  2474 0x518370 DEBUG   GST_POLL gstpoll.c:980:gst_poll_fd_ctl_write: 0x531b80: fd (fd:7, idx:1), active : 0
0:00:00.004352633  2475 0x150e320 DEBUG   GST_TRACER gsttracer.c:169:gst_tracer_register: new tracer factory for leaks
0:00:00.009772882  2474 0x518370 LOG   GST_POLL gstpoll.c:994:gst_poll_fd_ctl_write: 0x531b80: pfd->events now 56 (POLLOUT:4)
0:00:00.004365736  2475 0x150e320 DEBUG   GST_TRACER gsttracer.c:177:gst_tracer_register: tracer factory for 22187056:GstLeaksTracer
0:00:00.009784685  2474 0x518370 DEBUG   GST_POLL gstpoll.c:1414:gst_poll_wait: 0x531b80: timeout :0:00:01.000000000
0:00:00.004377835  2475 0x150e320 DEBUG   GST_REGISTRY gstregistry.c:590:gst_registry_add_feature: adding feature 0x1528da0 (leaks)
0:00:00.004387400  2475 0x150e320 DEBUG   GST_REFCOUNTING gstobject.c:709:gst_object_set_parent: set parent (ref and sink)
0:00:00.004397839  2475 0x150e320 TRACE   GST_REFCOUNTING gstobject.c:294:gst_object_ref_sink: 0x1528da0 ref_sink 1->2
0:00:00.004406785  2475 0x150e320 LOG   GST_REGISTRY gstregistry.c:608:gst_registry_add_feature: emitting feature-added for leaks
0:00:00.004418328  2475 0x150e320 LOG   GST_PLUGIN_LOADING gstplugin.c:541:gst_plugin_register_func: plugin "/home/conan/w/prod/BuildSingleReference/.conan/data/gstreamer/1.18.3/_/_/package/467fc03b0f24213bb9b1cf088fa7fb20ffd79c35/lib/gstreamer-1.0/libgstcoretracers.so" initialised
0:00:00.004433841  2475 0x150e320 INFO   GST_PLUGIN_LOADING gstplugin.c:915:_priv_gst_plugin_load_file_for_registry: plugin "/home/conan/w/prod/BuildSingleReference/.conan/data/gstreamer/1.18.3/_/_/package/467fc03b0f24213bb9b1cf088fa7fb20ffd79c35/lib/gstreamer-1.0/libgstcoretracers.so" loaded
0:00:00.004445731  2475 0x150e320 TRACE   GST_REFCOUNTING gstobject.c:238:gst_object_ref: 0x1527ea0 ref 1->2
0:00:00.004458589  2475 0x150e320 DEBUG   GST_REGISTRY gstregistry.c:474:gst_registry_add_plugin: adding plugin 0x1527ea0 for filename "/home/conan/w/prod/BuildSingleReference/.conan/data/gstreamer/1.18.3/_/_/package/467fc03b0f24213bb9b1cf088fa7fb20ffd79c35/lib/gstreamer-1.0/libgstcoretracers.so"
0:00:00.004485000  2475 0x150e320 TRACE   GST_REFCOUNTING gstobject.c:294:gst_object_ref_sink: 0x1527ea0 ref_sink 2->3
0:00:00.004495258  2475 0x150e320 LOG   GST_REGISTRY gstregistry.c:487:gst_registry_add_plugin: emitting plugin-added for filename "/home/conan/w/prod/BuildSingleReference/.conan/data/gstreamer/1.18.3/_/_/package/467fc03b0f24213bb9b1cf088fa7fb20ffd79c35/lib/gstreamer-1.0/libgstcoretracers.so"
0:00:00.004510451  2475 0x150e320 TRACE   GST_REFCOUNTING gstobject.c:238:gst_object_ref: 0x1528da0 ref 1->2
0:00:00.004523564  2475 0x150e320 TRACE   GST_REFCOUNTING gstobject.c:238:gst_object_ref: 0x1528b50 ref 1->2
0:00:00.004535195  2475 0x150e320 TRACE   GST_REFCOUNTING gstobject.c:238:gst_object_ref: 0x1528880 ref 1->2
0:00:00.004546243  2475 0x150e320 TRACE   GST_REFCOUNTING gstobject.c:238:gst_object_ref: 0x1528670 ref 1->2
0:00:00.004557067  2475 0x150e320 TRACE   GST_REFCOUNTING gstobject.c:238:gst_object_ref: 0x1528180 ref 1->2
0:00:00.004580445  2475 0x150e320 TRACE   GST_REFCOUNTING gstobject.c:265:gst_object_unref: 0x1528180 unref 2->1
0:00:00.004601851  2475 0x150e320 TRACE   GST_REFCOUNTING gstobject.c:265:gst_object_unref: 0x1528670 unref 2->1
0:00:00.004614698  2475 0x150e320 TRACE   GST_REFCOUNTING gstobject.c:265:gst_object_unref: 0x1528880 unref 2->1
0:00:00.004625335  2475 0x150e320 TRACE   GST_REFCOUNTING gstobject.c:265:gst_object_unref: 0x1528b50 unref 2->1
0:00:00.004635564  2475 0x150e320 TRACE   GST_REFCOUNTING gstobject.c:265:gst_object_unref: 0x1528da0 unref 2->1
0:00:00.004649775  2475 0x150e320 DEBUG   GST_REGISTRY gstregistrychunks.c:498:_priv_gst_registry_chunks_save_plugin: Found 5 features in plugin 0x1527ea0 (coretracers)
0:00:00.004662530  2475 0x150e320 DEBUG   GST_POLL gstpoll.c:980:gst_poll_fd_ctl_write: 0x1516820: fd (fd:0, idx:1), active : 1
0:00:00.004675017  2475 0x150e320 LOG   GST_POLL gstpoll.c:994:gst_poll_fd_ctl_write: 0x1516820: pfd->events now 60 (POLLOUT:4)
0:00:00.004686186  2475 0x150e320 DEBUG   GST_POLL gstpoll.c:980:gst_poll_fd_ctl_write: 0x1516820: fd (fd:0, idx:1), active : 1
0:00:00.004695803  2475 0x150e320 LOG   GST_POLL gstpoll.c:994:gst_poll_fd_ctl_write: 0x1516820: pfd->events now 60 (POLLOUT:4)
0:00:00.004731567  2475 0x150e320 DEBUG   GST_POLL gstpoll.c:980:gst_poll_fd_ctl_write: 0x1516820: fd (fd:0, idx:1), active : 1
0:00:00.004743085  2475 0x150e320 LOG   GST_POLL gstpoll.c:994:gst_poll_fd_ctl_write: 0x1516820: pfd->events now 60 (POLLOUT:4)
0:00:00.004753809  2475 0x150e320 DEBUG   GST_POLL gstpoll.c:980:gst_poll_fd_ctl_write: 0x1516820: fd (fd:0, idx:1), active : 1
0:00:00.004763080  2475 0x150e320 LOG   GST_POLL gstpoll.c:994:gst_poll_fd_ctl_write: 0x1516820: pfd->events now 60 (POLLOUT:4)
0:00:00.004772842  2475 0x150e320 DEBUG   GST_POLL gstpoll.c:980:gst_poll_fd_ctl_write: 0x1516820: fd (fd:0, idx:1), active : 1
0:00:00.004789988  2475 0x150e320 LOG   GST_POLL gstpoll.c:994:gst_poll_fd_ctl_write: 0x1516820: pfd->events now 60 (POLLOUT:4)
0:00:00.004802718  2475 0x150e320 DEBUG   GST_POLL gstpoll.c:980:gst_poll_fd_ctl_write: 0x1516820: fd (fd:0, idx:1), active : 1
0:00:00.004812436  2475 0x150e320 LOG   GST_POLL gstpoll.c:994:gst_poll_fd_ctl_write: 0x1516820: pfd->events now 60 (POLLOUT:4)
0:00:00.004821939  2475 0x150e320 DEBUG   GST_POLL gstpoll.c:980:gst_poll_fd_ctl_write: 0x1516820: fd (fd:0, idx:1), active : 1
0:00:00.004830912  2475 0x150e320 LOG   GST_POLL gstpoll.c:994:gst_poll_fd_ctl_write: 0x1516820: pfd->events now 60 (POLLOUT:4)
0:00:00.004840235  2475 0x150e320 DEBUG   GST_POLL gstpoll.c:980:gst_poll_fd_ctl_write: 0x1516820: fd (fd:0, idx:1), active : 1
0:00:00.004849126  2475 0x150e320 LOG   GST_POLL gstpoll.c:994:gst_poll_fd_ctl_write: 0x1516820: pfd->events now 60 (POLLOUT:4)
0:00:00.004858407  2475 0x150e320 DEBUG   GST_POLL gstpoll.c:980:gst_poll_fd_ctl_write: 0x1516820: fd (fd:0, idx:1), active : 1
0:00:00.004866955  2475 0x150e320 LOG   GST_POLL gstpoll.c:994:gst_poll_fd_ctl_write: 0x1516820: pfd->events now 60 (POLLOUT:4)
0:00:00.004876518  2475 0x150e320 DEBUG   GST_POLL gstpoll.c:980:gst_poll_fd_ctl_write: 0x1516820: fd (fd:0, idx:1), active : 1
0:00:00.004888106  2475 0x150e320 LOG   GST_POLL gstpoll.c:994:gst_poll_fd_ctl_write: 0x1516820: pfd->events now 60 (POLLOUT:4)
0:00:00.004899601  2475 0x150e320 DEBUG   GST_POLL gstpoll.c:980:gst_poll_fd_ctl_write: 0x1516820: fd (fd:0, idx:1), active : 1
0:00:00.004908874  2475 0x150e320 LOG   GST_POLL gstpoll.c:994:gst_poll_fd_ctl_write: 0x1516820: pfd->events now 60 (POLLOUT:4)
0:00:00.004918590  2475 0x150e320 DEBUG   GST_POLL gstpoll.c:980:gst_poll_fd_ctl_write: 0x1516820: fd (fd:0, idx:1), active : 1
0:00:00.004927803  2475 0x150e320 LOG   GST_POLL gstpoll.c:994:gst_poll_fd_ctl_write: 0x1516820: pfd->events now 60 (POLLOUT:4)
0:00:00.004937647  2475 0x150e320 DEBUG   GST_POLL gstpoll.c:980:gst_poll_fd_ctl_write: 0x1516820: fd (fd:0, idx:1), active : 1
0:00:00.004946530  2475 0x150e320 LOG   GST_POLL gstpoll.c:994:gst_poll_fd_ctl_write: 0x1516820: pfd->events now 60 (POLLOUT:4)
0:00:00.004955506  2475 0x150e320 DEBUG   GST_POLL gstpoll.c:980:gst_poll_fd_ctl_write: 0x1516820: fd (fd:0, idx:1), active : 1
0:00:00.004963518  2475 0x150e320 LOG   GST_POLL gstpoll.c:994:gst_poll_fd_ctl_write: 0x1516820: pfd->events now 60 (POLLOUT:4)
0:00:00.004974712  2475 0x150e320 DEBUG   GST_POLL gstpoll.c:980:gst_poll_fd_ctl_write: 0x1516820: fd (fd:0, idx:1), active : 1
0:00:00.004986039  2475 0x150e320 LOG   GST_POLL gstpoll.c:994:gst_poll_fd_ctl_write: 0x1516820: pfd->events now 60 (POLLOUT:4)
0:00:00.004995876  2475 0x150e320 DEBUG   GST_POLL gstpoll.c:980:gst_poll_fd_ctl_write: 0x1516820: fd (fd:0, idx:1), active : 1
0:00:00.005004913  2475 0x150e320 LOG   GST_POLL gstpoll.c:994:gst_poll_fd_ctl_write: 0x1516820: pfd->events now 60 (POLLOUT:4)
0:00:00.005019962  2475 0x150e320 DEBUG   GST_POLL gstpoll.c:980:gst_poll_fd_ctl_write: 0x1516820: fd (fd:0, idx:1), active : 1
0:00:00.005029271  2475 0x150e320 LOG   GST_POLL gstpoll.c:994:gst_poll_fd_ctl_write: 0x1516820: pfd->events now 60 (POLLOUT:4)
0:00:00.005038742  2475 0x150e320 DEBUG   GST_POLL gstpoll.c:980:gst_poll_fd_ctl_write: 0x1516820: fd (fd:0, idx:1), active : 1
0:00:00.005046694  2475 0x150e320 LOG   GST_POLL gstpoll.c:994:gst_poll_fd_ctl_write: 0x1516820: pfd->events now 60 (POLLOUT:4)
0:00:00.005055449  2475 0x150e320 DEBUG   GST_POLL gstpoll.c:980:gst_poll_fd_ctl_write: 0x1516820: fd (fd:0, idx:1), active : 1
0:00:00.005066481  2475 0x150e320 LOG   GST_POLL gstpoll.c:994:gst_poll_fd_ctl_write: 0x1516820: pfd->events now 60 (POLLOUT:4)
0:00:00.005077812  2475 0x150e320 DEBUG   GST_POLL gstpoll.c:980:gst_poll_fd_ctl_write: 0x1516820: fd (fd:0, idx:1), active : 1
0:00:00.005086928  2475 0x150e320 LOG   GST_POLL gstpoll.c:994:gst_poll_fd_ctl_write: 0x1516820: pfd->events now 60 (POLLOUT:4)
0:00:00.005096061  2475 0x150e320 DEBUG   GST_POLL gstpoll.c:980:gst_poll_fd_ctl_write: 0x1516820: fd (fd:0, idx:1), active : 1
0:00:00.005104799  2475 0x150e320 LOG   GST_POLL gstpoll.c:994:gst_poll_fd_ctl_write: 0x1516820: pfd->events now 60 (POLLOUT:4)
0:00:00.005114080  2475 0x150e320 DEBUG   GST_POLL gstpoll.c:980:gst_poll_fd_ctl_write: 0x1516820: fd (fd:0, idx:1), active : 1
0:00:00.005122759  2475 0x150e320 LOG   GST_POLL gstpoll.c:994:gst_poll_fd_ctl_write: 0x1516820: pfd->events now 60 (POLLOUT:4)
0:00:00.005132318  2475 0x150e320 DEBUG   GST_POLL gstpoll.c:980:gst_poll_fd_ctl_write: 0x1516820: fd (fd:0, idx:1), active : 1
0:00:00.005139026  2475 0x150e320 LOG   GST_POLL gstpoll.c:994:gst_poll_fd_ctl_write: 0x1516820: pfd->events now 60 (POLLOUT:4)
0:00:00.005148576  2475 0x150e320 DEBUG   GST_POLL gstpoll.c:980:gst_poll_fd_ctl_write: 0x1516820: fd (fd:0, idx:1), active : 1
0:00:00.005160401  2475 0x150e320 LOG   GST_POLL gstpoll.c:994:gst_poll_fd_ctl_write: 0x1516820: pfd->events now 60 (POLLOUT:4)
0:00:00.005171835  2475 0x150e320 DEBUG   GST_POLL gstpoll.c:980:gst_poll_fd_ctl_write: 0x1516820: fd (fd:0, idx:1), active : 1
0:00:00.005180785  2475 0x150e320 LOG   GST_POLL gstpoll.c:994:gst_poll_fd_ctl_write: 0x1516820: pfd->events now 60 (POLLOUT:4)
0:00:00.005190064  2475 0x150e320 DEBUG   GST_POLL gstpoll.c:980:gst_poll_fd_ctl_write: 0x1516820: fd (fd:0, idx:1), active : 1
0:00:00.005198814  2475 0x150e320 LOG   GST_POLL gstpoll.c:994:gst_poll_fd_ctl_write: 0x1516820: pfd->events now 60 (POLLOUT:4)
0:00:00.005208475  2475 0x150e320 DEBUG   GST_POLL gstpoll.c:980:gst_poll_fd_ctl_write: 0x1516820: fd (fd:0, idx:1), active : 1
0:00:00.005217359  2475 0x150e320 LOG   GST_POLL gstpoll.c:994:gst_poll_fd_ctl_write: 0x1516820: pfd->events now 60 (POLLOUT:4)
0:00:00.005227232  2475 0x150e320 TRACE   GST_REFCOUNTING gstobject.c:265:gst_object_unref: 0x1527ea0 unref 2->1
0:00:00.005245341  2475 0x150e320 DEBUG   GST_POLL gstpoll.c:1241:gst_poll_fd_has_error: 0x1516820: fd (fd:0, idx:1) 0
0:00:00.005258002  2475 0x150e320 DEBUG   GST_POLL gstpoll.c:1335:gst_poll_fd_can_write: 0x1516820: fd (fd:0, idx:1) 0
0:00:00.005268181  2475 0x150e320 DEBUG   GST_POLL gstpoll.c:1195:gst_poll_fd_has_closed: 0x1516820: fd (fd:0, idx:1) 0
0:00:00.005281158  2475 0x150e320 DEBUG   GST_POLL gstpoll.c:1414:gst_poll_wait: 0x1516820: timeout :0:00:01.000000000
0:00:00.005297812  2475 0x150e320 LOG   GST_PLUGIN_LOADING gstpluginloader.c:1028:exchange_packets: Poll res = 2. 488 bytes pending for write
0:00:00.005367966  2475 0x150e320 DEBUG   GST_POLL gstpoll.c:1241:gst_poll_fd_has_error: 0x1516820: fd (fd:5, idx:2) 0
0:00:00.005378277  2475 0x150e320 DEBUG   GST_POLL gstpoll.c:1266:gst_poll_fd_can_read_unlocked: 0x1516820: fd (fd:5, idx:2) 1
0:00:00.005395825  2475 0x150e320 DEBUG   GST_PLUGIN_LOADING gstpluginloader.c:722:do_plugin_load: Plugin scanner loading file /home/conan/w/prod/BuildSingleReference/.conan/data/gstreamer/1.18.3/_/_/package/467fc03b0f24213bb9b1cf088fa7fb20ffd79c35/lib/gstreamer-1.0/libgstcoreelements.so. tag 1
0:00:00.005408783  2475 0x150e320 DEBUG   GST_PLUGIN_LOADING gstplugin.c:768:_priv_gst_plugin_load_file_for_registry: attempt to load plugin "/home/conan/w/prod/BuildSingleReference/.conan/data/gstreamer/1.18.3/_/_/package/467fc03b0f24213bb9b1cf088fa7fb20ffd79c35/lib/gstreamer-1.0/libgstcoreelements.so"
0:00:00.005957421  2475 0x150e320 TRACE   GST_REFCOUNTING gstobject.c:208:gst_object_init: 0x152a150 new
0:00:00.005988234  2475 0x150e320 LOG   GST_PLUGIN_LOADING gstplugin.c:890:_priv_gst_plugin_load_file_for_registry: Plugin 0x152a150 for file "/home/conan/w/prod/BuildSingleReference/.conan/data/gstreamer/1.18.3/_/_/package/467fc03b0f24213bb9b1cf088fa7fb20ffd79c35/lib/gstreamer-1.0/libgstcoreelements.so" prepared, calling entry function...
0:00:00.006000472  2475 0x150e320 LOG   GST_PLUGIN_LOADING gstplugin.c:897:_priv_gst_plugin_load_file_for_registry: Plugin 0x152a150 for file "/home/conan/w/prod/BuildSingleReference/.conan/data/gstreamer/1.18.3/_/_/package/467fc03b0f24213bb9b1cf088fa7fb20ffd79c35/lib/gstreamer-1.0/libgstcoreelements.so" prepared, registering...
0:00:00.006008679  2475 0x150e320 LOG   GST_PLUGIN_LOADING gstplugin.c:514:gst_plugin_register_func: plugin "/home/conan/w/prod/BuildSingleReference/.conan/data/gstreamer/1.18.3/_/_/package/467fc03b0f24213bb9b1cf088fa7fb20ffd79c35/lib/gstreamer-1.0/libgstcoreelements.so" looks good
0:00:00.006040950  2475 0x150e320 TRACE   GST_REFCOUNTING gstobject.c:208:gst_object_init: 0x152a5a0 new
0:00:00.006054181  2475 0x150e320 LOG   GST_ELEMENT_FACTORY gstelementfactory.c:238:gst_element_register: Created new elementfactory for type GstCapsFilter
0:00:00.006063667  2475 0x150e320 TRACE   structure gststructure.c:287:gst_structure_new_id_empty_with_size: created structure 0x152ac50
0:00:00.006070738  2475 0x150e320 TRACE   GST_PERFORMANCE gststructure.c:509:gst_structure_copy: doing copy 0x15149d0 -> 0x152ac50
0:00:00.006078742  2475 0x150e320 DEBUG   GST_ELEMENT_PADS gstelement.c:312:gst_element_base_class_init: type GstBaseTransform : factory (nil)
0:00:00.006094835  2475 0x150e320 DEBUG   basetransform gstbasetransform.c:333:gst_base_transform_class_init: gst_base_transform_class_init
0:00:00.006114297  2475 0x150e320 TRACE   structure gststructure.c:287:gst_structure_new_id_empty_with_size: created structure 0x152b0c0
0:00:00.006121519  2475 0x150e320 TRACE   GST_PERFORMANCE gststructure.c:509:gst_structure_copy: doing copy 0x152ac50 -> 0x152b0c0
0:00:00.006128929  2475 0x150e320 DEBUG   GST_ELEMENT_PADS gstelement.c:312:gst_element_base_class_init: type GstCapsFilter : factory 0x152a5a0
0:00:00.006151430  2475 0x150e320 TRACE   GST_CAPS gstcaps.c:263:gst_caps_new_empty: created caps 0x151d990
0:00:00.006159335  2475 0x150e320 TRACE   GST_CAPS gstcaps.c:443:gst_static_caps_get: created 0x7fa961826f58 from string ANY
0:00:00.006166858  2475 0x150e320 TRACE   GST_REFCOUNTING gstminiobject.c:466:gst_mini_object_ref: 0x151d990 ref 1->2
0:00:00.006199192  2475 0x150e320 TRACE   GST_REFCOUNTING gstobject.c:208:gst_object_init: 0x152ba50 new
0:00:00.006218129  2475 0x150e320 TRACE   GST_REFCOUNTING gstminiobject.c:466:gst_mini_object_ref: 0x151d990 ref 2->3
0:00:00.006239186  2475 0x150e320 TRACE   GST_REFCOUNTING gstminiobject.c:648:gst_mini_object_unref: 0x151d990 unref 3->2
0:00:00.006253006  2475 0x150e320 TRACE   GST_REFCOUNTING gstobject.c:294:gst_object_ref_sink: 0x152ba50 ref_sink 1->2
0:00:00.006263179  2475 0x150e320 TRACE   GST_CAPS gstcaps.c:263:gst_caps_new_empty: created caps 0x152b490
0:00:00.006273856  2475 0x150e320 TRACE   GST_CAPS gstcaps.c:443:gst_static_caps_get: created 0x7fa961826f98 from string ANY
0:00:00.006284523  2475 0x150e320 TRACE   GST_REFCOUNTING gstminiobject.c:466:gst_mini_object_ref: 0x152b490 ref 1->2
0:00:00.006298478  2475 0x150e320 TRACE   GST_REFCOUNTING gstobject.c:208:gst_object_init: 0x152bc90 new
0:00:00.006325443  2475 0x150e320 TRACE   GST_REFCOUNTING gstminiobject.c:466:gst_mini_object_ref: 0x152b490 ref 2->3
0:00:00.006340466  2475 0x150e320 TRACE   GST_REFCOUNTING gstminiobject.c:648:gst_mini_object_unref: 0x152b490 unref 3->2
0:00:00.006353809  2475 0x150e320 TRACE   GST_REFCOUNTING gstobject.c:294:gst_object_ref_sink: 0x152bc90 ref_sink 1->2
0:00:00.006379058  2475 0x150e320 TRACE   structure gststructure.c:287:gst_structure_new_id_empty_with_size: created structure 0x152bef0
0:00:00.006388663  2475 0x150e320 TRACE   GST_PERFORMANCE gststructure.c:509:gst_structure_copy: doing copy 0x152b0c0 -> 0x152bef0
0:00:00.006401266  2475 0x150e320 DEBUG   GST_REGISTRY gstregistry.c:590:gst_registry_add_feature: adding feature 0x152a5a0 (capsfilter)
0:00:00.006410185  2475 0x150e320 DEBUG   GST_REFCOUNTING gstobject.c:709:gst_object_set_parent: set parent (ref and sink)
0:00:00.006418183  2475 0x150e320 TRACE   GST_REFCOUNTING gstobject.c:294:gst_object_ref_sink: 0x152a5a0 ref_sink 1->2
0:00:00.006425849  2475 0x150e320 LOG   GST_REGISTRY gstregistry.c:608:gst_registry_add_feature: emitting feature-added for capsfilter
0:00:00.006448548  2475 0x150e320 TRACE   GST_REFCOUNTING gstobject.c:208:gst_object_init: 0x152c290 new
0:00:00.006460618  2475 0x150e320 LOG   GST_ELEMENT_FACTORY gstelementfactory.c:238:gst_element_register: Created new elementfactory for type GstClockSync
0:00:00.006469255  2475 0x150e320 TRACE   structure gststructure.c:287:gst_structure_new_id_empty_with_size: created structure 0x152c6c0
0:00:00.006476037  2475 0x150e320 TRACE   GST_PERFORMANCE gststructure.c:509:gst_structure_copy: doing copy 0x15149d0 -> 0x152c6c0
0:00:00.006483495  2475 0x150e320 DEBUG   GST_ELEMENT_PADS gstelement.c:312:gst_element_base_class_init: type GstClockSync : factory 0x152c290
0:00:00.006499193  2475 0x150e320 TRACE   GST_CAPS gstcaps.c:263:gst_caps_new_empty: created caps 0x152c880
0:00:00.006506287  2475 0x150e320 TRACE   GST_CAPS gstcaps.c:443:gst_static_caps_get: created 0x7fa961826fd8 from string ANY
0:00:00.006513161  2475 0x150e320 TRACE   GST_REFCOUNTING gstminiobject.c:466:gst_mini_object_ref: 0x152c880 ref 1->2
0:00:00.006523075  2475 0x150e320 TRACE   GST_REFCOUNTING gstobject.c:208:gst_object_init: 0x152c900 new
0:00:00.006532837  2475 0x150e320 TRACE   GST_REFCOUNTING gstminiobject.c:466:gst_mini_object_ref: 0x152c880 ref 2->3
0:00:00.006542433  2475 0x150e320 TRACE   GST_REFCOUNTING gstminiobject.c:648:gst_mini_object_unref: 0x152c880 unref 3->2
0:00:00.006550289  2475 0x150e320 TRACE   GST_REFCOUNTING gstobject.c:294:gst_object_ref_sink: 0x152c900 ref_sink 1->2
0:00:00.006557378  2475 0x150e320 TRACE   GST_CAPS gstcaps.c:263:gst_caps_new_empty: created caps 0x152c180
0:00:00.006564204  2475 0x150e320 TRACE   GST_CAPS gstcaps.c:443:gst_static_caps_get: created 0x7fa961827018 from string ANY
0:00:00.006570676  2475 0x150e320 TRACE   GST_REFCOUNTING gstminiobject.c:466:gst_mini_object_ref: 0x152c180 ref 1->2
0:00:00.006579714  2475 0x150e320 TRACE   GST_REFCOUNTING gstobject.c:208:gst_object_init: 0x152cc00 new
0:00:00.006588727  2475 0x150e320 TRACE   GST_REFCOUNTING gstminiobject.c:466:gst_mini_object_ref: 0x152c180 ref 2->3
0:00:00.006597739  2475 0x150e320 TRACE   GST_REFCOUNTING gstminiobject.c:648:gst_mini_object_unref: 0x152c180 unref 3->2
0:00:00.006605542  2475 0x150e320 TRACE   GST_REFCOUNTING gstobject.c:294:gst_object_ref_sink: 0x152cc00 ref_sink 1->2
0:00:00.006614010  2475 0x150e320 TRACE   structure gststructure.c:287:gst_structure_new_id_empty_with_size: created structure 0x152cca0
0:00:00.006621995  2475 0x150e320 TRACE   GST_PERFORMANCE gststructure.c:509:gst_structure_copy: doing copy 0x152c6c0 -> 0x152cca0
0:00:00.006634958  2475 0x150e320 DEBUG   GST_REGISTRY gstregistry.c:590:gst_registry_add_feature: adding feature 0x152c290 (clocksync)
0:00:00.006641777  2475 0x150e320 DEBUG   GST_REFCOUNTING gstobject.c:709:gst_object_set_parent: set parent (ref and sink)
0:00:00.006654632  2475 0x150e320 TRACE   GST_REFCOUNTING gstobject.c:294:gst_object_ref_sink: 0x152c290 ref_sink 1->2
0:00:00.006661889  2475 0x150e320 LOG   GST_REGISTRY gstregistry.c:608:gst_registry_add_feature: emitting feature-added for clocksync
0:00:00.006675297  2475 0x150e320 TRACE   GST_REFCOUNTING gstobject.c:208:gst_object_init: 0x152d030 new
0:00:00.006686360  2475 0x150e320 LOG   GST_ELEMENT_FACTORY gstelementfactory.c:238:gst_element_register: Created new elementfactory for type GstConcat
0:00:00.006694601  2475 0x150e320 TRACE   structure gststructure.c:287:gst_structure_new_id_empty_with_size: created structure 0x152d460
0:00:00.006725853  2475 0x150e320 TRACE   GST_PERFORMANCE gststructure.c:509:gst_structure_copy: doing copy 0x15149d0 -> 0x152d460
0:00:00.006740955  2475 0x150e320 DEBUG   GST_ELEMENT_PADS gstelement.c:312:gst_element_base_class_init: type GstConcat : factory 0x152d030
0:00:00.006759499  2475 0x150e320 TRACE   GST_CAPS gstcaps.c:263:gst_caps_new_empty: created caps 0x152d5c0
0:00:00.006766772  2475 0x150e320 TRACE   GST_CAPS gstcaps.c:443:gst_static_caps_get: created 0x7fa961827058 from string ANY
0:00:00.006773609  2475 0x150e320 TRACE   GST_REFCOUNTING gstminiobject.c:466:gst_mini_object_ref: 0x152d5c0 ref 1->2
0:00:00.006783759  2475 0x150e320 TRACE   GST_REFCOUNTING gstobject.c:208:gst_object_init: 0x152d740 new
0:00:00.006793229  2475 0x150e320 TRACE   GST_REFCOUNTING gstminiobject.c:466:gst_mini_object_ref: 0x152d5c0 ref 2->3
0:00:00.006802473  2475 0x150e320 TRACE   GST_REFCOUNTING gstminiobject.c:648:gst_mini_object_unref: 0x152d5c0 unref 3->2
0:00:00.006810355  2475 0x150e320 TRACE   GST_REFCOUNTING gstobject.c:294:gst_object_ref_sink: 0x152d740 ref_sink 1->2
0:00:00.006817469  2475 0x150e320 TRACE   GST_CAPS gstcaps.c:263:gst_caps_new_empty: created caps 0x152d6b0
0:00:00.006824153  2475 0x150e320 TRACE   GST_CAPS gstcaps.c:443:gst_static_caps_get: created 0x7fa961827098 from string ANY
0:00:00.006830617  2475 0x150e320 TRACE   GST_REFCOUNTING gstminiobject.c:466:gst_mini_object_ref: 0x152d6b0 ref 1->2
0:00:00.006839433  2475 0x150e320 TRACE   GST_REFCOUNTING gstobject.c:208:gst_object_init: 0x152d7e0 new
0:00:00.006847952  2475 0x150e320 TRACE   GST_REFCOUNTING gstminiobject.c:466:gst_mini_object_ref: 0x152d6b0 ref 2->3
0:00:00.006856411  2475 0x150e320 TRACE   GST_REFCOUNTING gstminiobject.c:648:gst_mini_object_unref: 0x152d6b0 unref 3->2
0:00:00.006863866  2475 0x150e320 TRACE   GST_REFCOUNTING gstobject.c:294:gst_object_ref_sink: 0x152d7e0 ref_sink 1->2
0:00:00.006873156  2475 0x150e320 TRACE   structure gststructure.c:287:gst_structure_new_id_empty_with_size: created structure 0x152d970
0:00:00.006881105  2475 0x150e320 TRACE   GST_PERFORMANCE gststructure.c:509:gst_structure_copy: doing copy 0x152d460 -> 0x152d970
0:00:00.006908176  2475 0x150e320 DEBUG   GST_REGISTRY gstregistry.c:590:gst_registry_add_feature: adding feature 0x152d030 (concat)
0:00:00.006915201  2475 0x150e320 DEBUG   GST_REFCOUNTING gstobject.c:709:gst_object_set_parent: set parent (ref and sink)
0:00:00.006923090  2475 0x150e320 TRACE   GST_REFCOUNTING gstobject.c:294:gst_object_ref_sink: 0x152d030 ref_sink 1->2
0:00:00.006930415  2475 0x150e320 LOG   GST_REGISTRY gstregistry.c:608:gst_registry_add_feature: emitting feature-added for concat
0:00:00.006956956  2475 0x150e320 TRACE   GST_REFCOUNTING gstobject.c:208:gst_object_init: 0x152df00 new
0:00:00.006968254  2475 0x150e320 LOG   GST_ELEMENT_FACTORY gstelementfactory.c:238:gst_element_register: Created new elementfactory for type GstDataURISrc
0:00:00.006976523  2475 0x150e320 TRACE   structure gststructure.c:287:gst_structure_new_id_empty_with_size: created structure 0x152e4a0
0:00:00.006983017  2475 0x150e320 TRACE   GST_PERFORMANCE gststructure.c:509:gst_structure_copy: doing copy 0x15149d0 -> 0x152e4a0
0:00:00.006990260  2475 0x150e320 DEBUG   GST_ELEMENT_PADS gstelement.c:312:gst_element_base_class_init: type GstBaseSrc : factory (nil)
0:00:00.007025303  2475 0x150e320 TRACE   structure gststructure.c:287:gst_structure_new_id_empty_with_size: created structure 0x1527210
0:00:00.007032531  2475 0x150e320 TRACE   GST_PERFORMANCE gststructure.c:509:gst_structure_copy: doing copy 0x152e4a0 -> 0x1527210
0:00:00.007039770  2475 0x150e320 DEBUG   GST_ELEMENT_PADS gstelement.c:312:gst_element_base_class_init: type GstDataURISrc : factory 0x152df00
0:00:00.007049909  2475 0x150e320 TRACE   GST_CAPS gstcaps.c:263:gst_caps_new_empty: created caps 0x152f330
0:00:00.007057041  2475 0x150e320 TRACE   GST_CAPS gstcaps.c:443:gst_static_caps_get: created 0x7fa9618270e0 from string ANY
0:00:00.007063895  2475 0x150e320 TRACE   GST_REFCOUNTING gstminiobject.c:466:gst_mini_object_ref: 0x152f330 ref 1->2
0:00:00.007073384  2475 0x150e320 TRACE   GST_REFCOUNTING gstobject.c:208:gst_object_init: 0x152f380 new
0:00:00.007082198  2475 0x150e320 TRACE   GST_REFCOUNTING gstminiobject.c:466:gst_mini_object_ref: 0x152f330 ref 2->3
0:00:00.007091323  2475 0x150e320 TRACE   GST_REFCOUNTING gstminiobject.c:648:gst_mini_object_unref: 0x152f330 unref 3->2
0:00:00.007099109  2475 0x150e320 TRACE   GST_REFCOUNTING gstobject.c:294:gst_object_ref_sink: 0x152f380 ref_sink 1->2
0:00:00.007114906  2475 0x150e320 TRACE   structure gststructure.c:287:gst_structure_new_id_empty_with_size: created structure 0x152f530
0:00:00.007122307  2475 0x150e320 TRACE   GST_PERFORMANCE gststructure.c:509:gst_structure_copy: doing copy 0x1527210 -> 0x152f530
0:00:00.007135897  2475 0x150e320 DEBUG   GST_REGISTRY gstregistry.c:590:gst_registry_add_feature: adding feature 0x152df00 (dataurisrc)
0:00:00.007142983  2475 0x150e320 DEBUG   GST_REFCOUNTING gstobject.c:709:gst_object_set_parent: set parent (ref and sink)
0:00:00.007159262  2475 0x150e320 TRACE   GST_REFCOUNTING gstobject.c:294:gst_object_ref_sink: 0x152df00 ref_sink 1->2
0:00:00.007166551  2475 0x150e320 LOG   GST_REGISTRY gstregistry.c:608:gst_registry_add_feature: emitting feature-added for dataurisrc
0:00:00.007180001  2475 0x150e320 TRACE   GST_REFCOUNTING gstobject.c:208:gst_object_init: 0x152f9b0 new
0:00:00.007190762  2475 0x150e320 LOG   GST_ELEMENT_FACTORY gstelementfactory.c:238:gst_element_register: Created new elementfactory for type GstDownloadBuffer
0:00:00.007202132  2475 0x150e320 TRACE   structure gststructure.c:287:gst_structure_new_id_empty_with_size: created structure 0x152fee0
0:00:00.007208727  2475 0x150e320 TRACE   GST_PERFORMANCE gststructure.c:509:gst_structure_copy: doing copy 0x15149d0 -> 0x152fee0
0:00:00.007221909  2475 0x150e320 DEBUG   GST_ELEMENT_PADS gstelement.c:312:gst_element_base_class_init: type GstDownloadBuffer : factory 0x152f9b0
0:00:00.007245005  2475 0x150e320 TRACE   GST_CAPS gstcaps.c:263:gst_caps_new_empty: created caps 0x152fca0
0:00:00.007252002  2475 0x150e320 TRACE   GST_CAPS gstcaps.c:443:gst_static_caps_get: created 0x7fa961827130 from string ANY
0:00:00.007259063  2475 0x150e320 TRACE   GST_REFCOUNTING gstminiobject.c:466:gst_mini_object_ref: 0x152fca0 ref 1->2
0:00:00.007268543  2475 0x150e320 TRACE   GST_REFCOUNTING gstobject.c:208:gst_object_init: 0x152fb20 new
0:00:00.007277282  2475 0x150e320 TRACE   GST_REFCOUNTING gstminiobject.c:466:gst_mini_object_ref: 0x152fca0 ref 2->3
0:00:00.007286656  2475 0x150e320 TRACE   GST_REFCOUNTING gstminiobject.c:648:gst_mini_object_unref: 0x152fca0 unref 3->2
0:00:00.007294375  2475 0x150e320 TRACE   GST_REFCOUNTING gstobject.c:294:gst_object_ref_sink: 0x152fb20 ref_sink 1->2
0:00:00.007301706  2475 0x150e320 TRACE   GST_CAPS gstcaps.c:263:gst_caps_new_empty: created caps 0x1530440
0:00:00.007314772  2475 0x150e320 TRACE   GST_CAPS gstcaps.c:443:gst_static_caps_get: created 0x7fa961827170 from string ANY
0:00:00.007321490  2475 0x150e320 TRACE   GST_REFCOUNTING gstminiobject.c:466:gst_mini_object_ref: 0x1530440 ref 1->2
0:00:00.007330682  2475 0x150e320 TRACE   GST_REFCOUNTING gstobject.c:208:gst_object_init: 0x1530370 new
0:00:00.007339027  2475 0x150e320 TRACE   GST_REFCOUNTING gstminiobject.c:466:gst_mini_object_ref: 0x1530440 ref 2->3
0:00:00.007347824  2475 0x150e320 TRACE   GST_REFCOUNTING gstminiobject.c:648:gst_mini_object_unref: 0x1530440 unref 3->2
0:00:00.007355549  2475 0x150e320 TRACE   GST_REFCOUNTING gstobject.c:294:gst_object_ref_sink: 0x1530370 ref_sink 1->2
0:00:00.007366070  2475 0x150e320 TRACE   structure gststructure.c:287:gst_structure_new_id_empty_with_size: created structure 0x1530600
0:00:00.007373939  2475 0x150e320 TRACE   GST_PERFORMANCE gststructure.c:509:gst_structure_copy: doing copy 0x152fee0 -> 0x1530600
0:00:00.007389224  2475 0x150e320 DEBUG   GST_REGISTRY gstregistry.c:590:gst_registry_add_feature: adding feature 0x152f9b0 (downloadbuffer)
0:00:00.007396594  2475 0x150e320 DEBUG   GST_REFCOUNTING gstobject.c:709:gst_object_set_parent: set parent (ref and sink)
0:00:00.007404215  2475 0x150e320 TRACE   GST_REFCOUNTING gstobject.c:294:gst_object_ref_sink: 0x152f9b0 ref_sink 1->2
0:00:00.007411890  2475 0x150e320 LOG   GST_REGISTRY gstregistry.c:608:gst_registry_add_feature: emitting feature-added for downloadbuffer
0:00:00.007439997  2475 0x150e320 TRACE   GST_REFCOUNTING gstobject.c:208:gst_object_init: 0x15309f0 new
0:00:00.007457385  2475 0x150e320 LOG   GST_ELEMENT_FACTORY gstelementfactory.c:238:gst_element_register: Created new elementfactory for type GstFakeSrc
0:00:00.007470881  2475 0x150e320 TRACE   structure gststructure.c:287:gst_structure_new_id_empty_with_size: created structure 0x1531090
0:00:00.007477732  2475 0x150e320 TRACE   GST_PERFORMANCE gststructure.c:509:gst_structure_copy: doing copy 0x152e4a0 -> 0x1531090
0:00:00.007485354  2475 0x150e320 DEBUG   GST_ELEMENT_PADS gstelement.c:312:gst_element_base_class_init: type GstFakeSrc : factory 0x15309f0
0:00:00.007545947  2475 0x150e320 TRACE   GST_CAPS gstcaps.c:263:gst_caps_new_empty: created caps 0x1531e00
0:00:00.007557261  2475 0x150e320 TRACE   GST_CAPS gstcaps.c:443:gst_static_caps_get: created 0x7fa9618271f0 from string ANY
0:00:00.007564342  2475 0x150e320 TRACE   GST_REFCOUNTING gstminiobject.c:466:gst_mini_object_ref: 0x1531e00 ref 1->2
0:00:00.007574221  2475 0x150e320 TRACE   GST_REFCOUNTING gstobject.c:208:gst_object_init: 0x1531f80 new
0:00:00.007583877  2475 0x150e320 TRACE   GST_REFCOUNTING gstminiobject.c:466:gst_mini_object_ref: 0x1531e00 ref 2->3
0:00:00.007593319  2475 0x150e320 TRACE   GST_REFCOUNTING gstminiobject.c:648:gst_mini_object_unref: 0x1531e00 unref 3->2
0:00:00.007600873  2475 0x150e320 TRACE   GST_REFCOUNTING gstobject.c:294:gst_object_ref_sink: 0x1531f80 ref_sink 1->2
0:00:00.007612254  2475 0x150e320 TRACE   structure gststructure.c:287:gst_structure_new_id_empty_with_size: created structure 0x15321e0
0:00:00.007619744  2475 0x150e320 TRACE   GST_PERFORMANCE gststructure.c:509:gst_structure_copy: doing copy 0x1531090 -> 0x15321e0
0:00:00.007629686  2475 0x150e320 DEBUG   GST_REGISTRY gstregistry.c:590:gst_registry_add_feature: adding feature 0x15309f0 (fakesrc)
0:00:00.007636603  2475 0x150e320 DEBUG   GST_REFCOUNTING gstobject.c:709:gst_object_set_parent: set parent (ref and sink)
0:00:00.007644179  2475 0x150e320 TRACE   GST_REFCOUNTING gstobject.c:294:gst_object_ref_sink: 0x15309f0 ref_sink 1->2
0:00:00.007651428  2475 0x150e320 LOG   GST_REGISTRY gstregistry.c:608:gst_registry_add_feature: emitting feature-added for fakesrc
0:00:00.007677480  2475 0x150e320 TRACE   GST_REFCOUNTING gstobject.c:208:gst_object_init: 0x1532540 new
0:00:00.007688366  2475 0x150e320 LOG   GST_ELEMENT_FACTORY gstelementfactory.c:238:gst_element_register: Created new elementfactory for type GstFakeSink
0:00:00.007696785  2475 0x150e320 TRACE   structure gststructure.c:287:gst_structure_new_id_empty_with_size: created structure 0x1532bd0
0:00:00.007736741  2475 0x150e320 TRACE   GST_PERFORMANCE gststructure.c:509:gst_structure_copy: doing copy 0x15149d0 -> 0x1532bd0
0:00:00.007747484  2475 0x150e320 DEBUG   GST_ELEMENT_PADS gstelement.c:312:gst_element_base_class_init: type GstBaseSink : factory (nil)
0:00:00.007797548  2475 0x150e320 TRACE   structure gststructure.c:287:gst_structure_new_id_empty_with_size: created structure 0x1533880
0:00:00.007804687  2475 0x150e320 TRACE   GST_PERFORMANCE gststructure.c:509:gst_structure_copy: doing copy 0x1532bd0 -> 0x1533880
0:00:00.007811862  2475 0x150e320 DEBUG   GST_ELEMENT_PADS gstelement.c:312:gst_element_base_class_init: type GstFakeSink : factory 0x1532540
0:00:00.007853762  2475 0x150e320 TRACE   GST_CAPS gstcaps.c:263:gst_caps_new_empty: created caps 0x1534150
0:00:00.007862430  2475 0x150e320 TRACE   GST_CAPS gstcaps.c:443:gst_static_caps_get: created 0x7fa9618271b0 from string ANY
0:00:00.007869489  2475 0x150e320 TRACE   GST_REFCOUNTING gstminiobject.c:466:gst_mini_object_ref: 0x1534150 ref 1->2
0:00:00.007879890  2475 0x150e320 TRACE   GST_REFCOUNTING gstobject.c:208:gst_object_init: 0x1534440 new
0:00:00.007889508  2475 0x150e320 TRACE   GST_REFCOUNTING gstminiobject.c:466:gst_mini_object_ref: 0x1534150 ref 2->3
0:00:00.007898696  2475 0x150e320 TRACE   GST_REFCOUNTING gstminiobject.c:648:gst_mini_object_unref: 0x1534150 unref 3->2
0:00:00.007906133  2475 0x150e320 TRACE   GST_REFCOUNTING gstobject.c:294:gst_object_ref_sink: 0x1534440 ref_sink 1->2
0:00:00.007916105  2475 0x150e320 TRACE   structure gststructure.c:287:gst_structure_new_id_empty_with_size: created structure 0x15345d0
0:00:00.007923560  2475 0x150e320 TRACE   GST_PERFORMANCE gststructure.c:509:gst_structure_copy: doing copy 0x1533880 -> 0x15345d0
0:00:00.007933418  2475 0x150e320 DEBUG   GST_REGISTRY gstregistry.c:590:gst_registry_add_feature: adding feature 0x1532540 (fakesink)
0:00:00.007940053  2475 0x150e320 DEBUG   GST_REFCOUNTING gstobject.c:709:gst_object_set_parent: set parent (ref and sink)
0:00:00.007947063  2475 0x150e320 TRACE   GST_REFCOUNTING gstobject.c:294:gst_object_ref_sink: 0x1532540 ref_sink 1->2
0:00:00.007953801  2475 0x150e320 LOG   GST_REGISTRY gstregistry.c:608:gst_registry_add_feature: emitting feature-added for fakesink
0:00:00.007971809  2475 0x150e320 TRACE   GST_REFCOUNTING gstobject.c:208:gst_object_init: 0x1534b70 new
0:00:00.007982326  2475 0x150e320 LOG   GST_ELEMENT_FACTORY gstelementfactory.c:238:gst_element_register: Created new elementfactory for type GstFdSrc
0:00:00.007998282  2475 0x150e320 TRACE   structure gststructure.c:287:gst_structure_new_id_empty_with_size: created structure 0x1535130
0:00:00.008004507  2475 0x150e320 TRACE   GST_PERFORMANCE gststructure.c:509:gst_structure_copy: doing copy 0x152e4a0 -> 0x1535130
0:00:00.008011216  2475 0x150e320 DEBUG   GST_ELEMENT_PADS gstelement.c:312:gst_element_base_class_init: type GstPushSrc : factory (nil)
0:00:00.008019232  2475 0x150e320 TRACE   structure gststructure.c:287:gst_structure_new_id_empty_with_size: created structure 0x15355d0
0:00:00.008025456  2475 0x150e320 TRACE   GST_PERFORMANCE gststructure.c:509:gst_structure_copy: doing copy 0x1535130 -> 0x15355d0
0:00:00.008031970  2475 0x150e320 DEBUG   GST_ELEMENT_PADS gstelement.c:312:gst_element_base_class_init: type GstFdSrc : factory 0x1534b70
0:00:00.008045913  2475 0x150e320 TRACE   GST_CAPS gstcaps.c:263:gst_caps_new_empty: created caps 0x1534d00
0:00:00.008052747  2475 0x150e320 TRACE   GST_CAPS gstcaps.c:443:gst_static_caps_get: created 0x7fa961827280 from string ANY
0:00:00.008059231  2475 0x150e320 TRACE   GST_REFCOUNTING gstminiobject.c:466:gst_mini_object_ref: 0x1534d00 ref 1->2
0:00:00.008068194  2475 0x150e320 TRACE   GST_REFCOUNTING gstobject.c:208:gst_object_init: 0x15358f0 new
0:00:00.008076594  2475 0x150e320 TRACE   GST_REFCOUNTING gstminiobject.c:466:gst_mini_object_ref: 0x1534d00 ref 2->3
0:00:00.008085313  2475 0x150e320 TRACE   GST_REFCOUNTING gstminiobject.c:648:gst_mini_object_unref: 0x1534d00 unref 3->2
0:00:00.008092486  2475 0x150e320 TRACE   GST_REFCOUNTING gstobject.c:294:gst_object_ref_sink: 0x15358f0 ref_sink 1->2
0:00:00.008119227  2475 0x150e320 TRACE   structure gststructure.c:287:gst_structure_new_id_empty_with_size: created structure 0x152e8e0
0:00:00.008127311  2475 0x150e320 TRACE   GST_PERFORMANCE gststructure.c:509:gst_structure_copy: doing copy 0x15355d0 -> 0x152e8e0
0:00:00.008138473  2475 0x150e320 DEBUG   GST_REGISTRY gstregistry.c:590:gst_registry_add_feature: adding feature 0x1534b70 (fdsrc)
0:00:00.008145107  2475 0x150e320 DEBUG   GST_REFCOUNTING gstobject.c:709:gst_object_set_parent: set parent (ref and sink)
0:00:00.008152695  2475 0x150e320 TRACE   GST_REFCOUNTING gstobject.c:294:gst_object_ref_sink: 0x1534b70 ref_sink 1->2
0:00:00.008159547  2475 0x150e320 LOG   GST_REGISTRY gstregistry.c:608:gst_registry_add_feature: emitting feature-added for fdsrc
0:00:00.008180720  2475 0x150e320 TRACE   GST_REFCOUNTING gstobject.c:208:gst_object_init: 0x152ecc0 new
0:00:00.008192123  2475 0x150e320 LOG   GST_ELEMENT_FACTORY gstelementfactory.c:238:gst_element_register: Created new elementfactory for type GstFdSink
0:00:00.008202784  2475 0x150e320 TRACE   structure gststructure.c:287:gst_structure_new_id_empty_with_size: created structure 0x152f050
0:00:00.008209233  2475 0x150e320 TRACE   GST_PERFORMANCE gststructure.c:509:gst_structure_copy: doing copy 0x1532bd0 -> 0x152f050
0:00:00.008220822  2475 0x150e320 DEBUG   GST_ELEMENT_PADS gstelement.c:312:gst_element_base_class_init: type GstFdSink : factory 0x152ecc0
0:00:00.008229853  2475 0x150e320 TRACE   GST_CAPS gstcaps.c:263:gst_caps_new_empty: created caps 0x152f000
0:00:00.008236604  2475 0x150e320 TRACE   GST_CAPS gstcaps.c:443:gst_static_caps_get: created 0x7fa961827230 from string ANY
0:00:00.008242980  2475 0x150e320 TRACE   GST_REFCOUNTING gstminiobject.c:466:gst_mini_object_ref: 0x152f000 ref 1->2
0:00:00.008251787  2475 0x150e320 TRACE   GST_REFCOUNTING gstobject.c:208:gst_object_init: 0x15370e0 new
0:00:00.008260425  2475 0x150e320 TRACE   GST_REFCOUNTING gstminiobject.c:466:gst_mini_object_ref: 0x152f000 ref 2->3
0:00:00.008269082  2475 0x150e320 TRACE   GST_REFCOUNTING gstminiobject.c:648:gst_mini_object_unref: 0x152f000 unref 3->2
0:00:00.008276171  2475 0x150e320 TRACE   GST_REFCOUNTING gstobject.c:294:gst_object_ref_sink: 0x15370e0 ref_sink 1->2
0:00:00.008290802  2475 0x150e320 TRACE   structure gststructure.c:287:gst_structure_new_id_empty_with_size: created structure 0x1537200
0:00:00.008298162  2475 0x150e320 TRACE   GST_PERFORMANCE gststructure.c:509:gst_structure_copy: doing copy 0x152f050 -> 0x1537200
0:00:00.008315066  2475 0x150e320 DEBUG   GST_REGISTRY gstregistry.c:590:gst_registry_add_feature: adding feature 0x152ecc0 (fdsink)
0:00:00.008323904  2475 0x150e320 DEBUG   GST_REFCOUNTING gstobject.c:709:gst_object_set_parent: set parent (ref and sink)
0:00:00.008331119  2475 0x150e320 TRACE   GST_REFCOUNTING gstobject.c:294:gst_object_ref_sink: 0x152ecc0 ref_sink 1->2
0:00:00.008337849  2475 0x150e320 LOG   GST_REGISTRY gstregistry.c:608:gst_registry_add_feature: emitting feature-added for fdsink
0:00:00.008355111  2475 0x150e320 TRACE   GST_REFCOUNTING gstobject.c:208:gst_object_init: 0x1537770 new
0:00:00.008365648  2475 0x150e320 LOG   GST_ELEMENT_FACTORY gstelementfactory.c:238:gst_element_register: Created new elementfactory for type GstFileSrc
0:00:00.008373239  2475 0x150e320 TRACE   structure gststructure.c:287:gst_structure_new_id_empty_with_size: created structure 0x1537d30
