0:00:00.022877517  2474 0x518370 DEBUG   GST_REGISTRY gstregistrychunks.c:583:gst_registry_chunks_load_feature: Plugin 'coreelements' feature 'typefind' typename : 'GstElementFactory'
0:00:00.017463278  2475 0x150e320 DEBUG   GST_POLL gstpoll.c:980:gst_poll_fd_ctl_write: 0x1516820: fd (fd:0, idx:1), active : 1
0:00:00.017476187  2475 0x150e320 LOG   GST_POLL gstpoll.c:994:gst_poll_fd_ctl_write: 0x1516820: pfd->events now 60 (POLLOUT:4)
0:00:00.022892303  2474 0x518370 TRACE   GST_REFCOUNTING gstobject.c:208:gst_object_init: 0x535b60 new
0:00:00.017482748  2475 0x150e320 DEBUG   GST_POLL gstpoll.c:980:gst_poll_fd_ctl_write: 0x1516820: fd (fd:0, idx:1), active : 1
0:00:00.022902418  2474 0x518370 LOG   GST_REGISTRY gstregistrychunks.c:610:gst_registry_chunks_load_feature: Reading/casting for GstRegistryChunkElementFactory at address 0x533f08
0:00:00.017489289  2475 0x150e320 LOG   GST_POLL gstpoll.c:994:gst_poll_fd_ctl_write: 0x1516820: pfd->events now 60 (POLLOUT:4)
0:00:00.022909651  2474 0x518370 TRACE   structure gststructure.c:287:gst_structure_new_id_empty_with_size: created structure 0x535db0
0:00:00.017496401  2475 0x150e320 DEBUG   GST_POLL gstpoll.c:980:gst_poll_fd_ctl_write: 0x1516820: fd (fd:0, idx:1), active : 1
0:00:00.022916546  2474 0x518370 DEBUG   structure gststructure.c:2203:gst_structure_parse_field: trying field name 'long-name'
0:00:00.017503172  2475 0x150e320 LOG   GST_POLL gstpoll.c:994:gst_poll_fd_ctl_write: 0x1516820: pfd->events now 60 (POLLOUT:4)
0:00:00.022922987  2474 0x518370 DEBUG   default gstvalue.c:2676:_priv_gst_value_parse_value: trying type name 'string'
0:00:00.017510410  2475 0x150e320 DEBUG   GST_POLL gstpoll.c:980:gst_poll_fd_ctl_write: 0x1516820: fd (fd:0, idx:1), active : 1
0:00:00.022930573  2474 0x518370 DEBUG   structure gststructure.c:2203:gst_structure_parse_field: trying field name 'klass'
0:00:00.017517162  2475 0x150e320 LOG   GST_POLL gstpoll.c:994:gst_poll_fd_ctl_write: 0x1516820: pfd->events now 60 (POLLOUT:4)
0:00:00.022937071  2474 0x518370 DEBUG   default gstvalue.c:2676:_priv_gst_value_parse_value: trying type name 'string'
0:00:00.017524073  2475 0x150e320 DEBUG   GST_POLL gstpoll.c:980:gst_poll_fd_ctl_write: 0x1516820: fd (fd:0, idx:1), active : 1
0:00:00.022944211  2474 0x518370 DEBUG   structure gststructure.c:2203:gst_structure_parse_field: trying field name 'description'
0:00:00.017530797  2475 0x150e320 LOG   GST_POLL gstpoll.c:994:gst_poll_fd_ctl_write: 0x1516820: pfd->events now 60 (POLLOUT:4)
0:00:00.022950582  2474 0x518370 DEBUG   default gstvalue.c:2676:_priv_gst_value_parse_value: trying type name 'string'
0:00:00.017537632  2475 0x150e320 DEBUG   GST_POLL gstpoll.c:980:gst_poll_fd_ctl_write: 0x1516820: fd (fd:0, idx:1), active : 1
0:00:00.022957932  2474 0x518370 DEBUG   structure gststructure.c:2203:gst_structure_parse_field: trying field name 'author'
0:00:00.017544103  2475 0x150e320 LOG   GST_POLL gstpoll.c:994:gst_poll_fd_ctl_write: 0x1516820: pfd->events now 60 (POLLOUT:4)
0:00:00.022964218  2474 0x518370 DEBUG   default gstvalue.c:2676:_priv_gst_value_parse_value: trying type name 'string'
0:00:00.017556025  2475 0x150e320 DEBUG   GST_POLL gstpoll.c:980:gst_poll_fd_ctl_write: 0x1516820: fd (fd:0, idx:1), active : 1
0:00:00.022975286  2474 0x518370 DEBUG   GST_REGISTRY gstregistrychunks.c:626:gst_registry_chunks_load_feature: Element factory : npadtemplates=2
0:00:00.017562897  2475 0x150e320 LOG   GST_POLL gstpoll.c:994:gst_poll_fd_ctl_write: 0x1516820: pfd->events now 60 (POLLOUT:4)
0:00:00.022982112  2474 0x518370 DEBUG   GST_REGISTRY gstregistrychunks.c:526:gst_registry_chunks_load_pad_template: Reading/casting for GstRegistryChunkPadTemplate at address 0x533fe0
0:00:00.017570121  2475 0x150e320 DEBUG   GST_POLL gstpoll.c:980:gst_poll_fd_ctl_write: 0x1516820: fd (fd:0, idx:1), active : 1
0:00:00.022991073  2474 0x518370 DEBUG   GST_REGISTRY gstregistrychunks.c:539:gst_registry_chunks_load_pad_template: Added pad_template sink
0:00:00.017577319  2475 0x150e320 LOG   GST_POLL gstpoll.c:994:gst_poll_fd_ctl_write: 0x1516820: pfd->events now 60 (POLLOUT:4)
0:00:00.022997337  2474 0x518370 DEBUG   GST_REGISTRY gstregistrychunks.c:526:gst_registry_chunks_load_pad_template: Reading/casting for GstRegistryChunkPadTemplate at address 0x533ff8
0:00:00.017584215  2475 0x150e320 DEBUG   GST_POLL gstpoll.c:980:gst_poll_fd_ctl_write: 0x1516820: fd (fd:0, idx:1), active : 1
0:00:00.023003955  2474 0x518370 DEBUG   GST_REGISTRY gstregistrychunks.c:539:gst_registry_chunks_load_pad_template: Added pad_template src
0:00:00.017590758  2475 0x150e320 LOG   GST_POLL gstpoll.c:994:gst_poll_fd_ctl_write: 0x1516820: pfd->events now 60 (POLLOUT:4)
0:00:00.017597656  2475 0x150e320 DEBUG   GST_POLL gstpoll.c:980:gst_poll_fd_ctl_write: 0x1516820: fd (fd:0, idx:1), active : 1
0:00:00.023016494  2474 0x518370 DEBUG   GST_REGISTRY gstregistry.c:590:gst_registry_add_feature: adding feature 0x535b60 (typefind)
0:00:00.017603733  2475 0x150e320 LOG   GST_POLL gstpoll.c:994:gst_poll_fd_ctl_write: 0x1516820: pfd->events now 60 (POLLOUT:4)
0:00:00.023023606  2474 0x518370 DEBUG   GST_REFCOUNTING gstobject.c:709:gst_object_set_parent: set parent (ref and sink)
0:00:00.017611385  2475 0x150e320 DEBUG   GST_POLL gstpoll.c:980:gst_poll_fd_ctl_write: 0x1516820: fd (fd:0, idx:1), active : 1
0:00:00.023032496  2474 0x518370 TRACE   GST_REFCOUNTING gstobject.c:294:gst_object_ref_sink: 0x535b60 ref_sink 1->2
0:00:00.017617918  2475 0x150e320 LOG   GST_POLL gstpoll.c:994:gst_poll_fd_ctl_write: 0x1516820: pfd->events now 60 (POLLOUT:4)
0:00:00.023040253  2474 0x518370 LOG   GST_REGISTRY gstregistry.c:608:gst_registry_add_feature: emitting feature-added for typefind
0:00:00.017626639  2475 0x150e320 DEBUG   GST_POLL gstpoll.c:980:gst_poll_fd_ctl_write: 0x1516820: fd (fd:0, idx:1), active : 1
0:00:00.023047958  2474 0x518370 DEBUG   GST_REGISTRY gstregistrychunks.c:741:gst_registry_chunks_load_feature: Added feature typefind, plugin 0x532200 coreelements
0:00:00.017633527  2475 0x150e320 LOG   GST_POLL gstpoll.c:994:gst_poll_fd_ctl_write: 0x1516820: pfd->events now 60 (POLLOUT:4)
0:00:00.023060447  2474 0x518370 DEBUG   GST_REGISTRY gstregistrychunks.c:583:gst_registry_chunks_load_feature: Plugin 'coreelements' feature 'tee' typename : 'GstElementFactory'
0:00:00.017646175  2475 0x150e320 DEBUG   GST_POLL gstpoll.c:980:gst_poll_fd_ctl_write: 0x1516820: fd (fd:0, idx:1), active : 1
0:00:00.017653708  2475 0x150e320 LOG   GST_POLL gstpoll.c:994:gst_poll_fd_ctl_write: 0x1516820: pfd->events now 60 (POLLOUT:4)
0:00:00.023069693  2474 0x518370 TRACE   GST_REFCOUNTING gstobject.c:208:gst_object_init: 0x535f30 new
0:00:00.017660496  2475 0x150e320 DEBUG   GST_POLL gstpoll.c:980:gst_poll_fd_ctl_write: 0x1516820: fd (fd:0, idx:1), active : 1
0:00:00.023079716  2474 0x518370 LOG   GST_REGISTRY gstregistrychunks.c:610:gst_registry_chunks_load_feature: Reading/casting for GstRegistryChunkElementFactory at address 0x534020
0:00:00.017667136  2475 0x150e320 LOG   GST_POLL gstpoll.c:994:gst_poll_fd_ctl_write: 0x1516820: pfd->events now 60 (POLLOUT:4)
0:00:00.023087278  2474 0x518370 TRACE   structure gststructure.c:287:gst_structure_new_id_empty_with_size: created structure 0x536190
0:00:00.017674175  2475 0x150e320 DEBUG   GST_POLL gstpoll.c:980:gst_poll_fd_ctl_write: 0x1516820: fd (fd:0, idx:1), active : 1
0:00:00.023093725  2474 0x518370 DEBUG   structure gststructure.c:2203:gst_structure_parse_field: trying field name 'long-name'
0:00:00.017680870  2475 0x150e320 LOG   GST_POLL gstpoll.c:994:gst_poll_fd_ctl_write: 0x1516820: pfd->events now 60 (POLLOUT:4)
0:00:00.023100190  2474 0x518370 DEBUG   default gstvalue.c:2676:_priv_gst_value_parse_value: trying type name 'string'
0:00:00.017687811  2475 0x150e320 DEBUG   GST_POLL gstpoll.c:980:gst_poll_fd_ctl_write: 0x1516820: fd (fd:0, idx:1), active : 1
0:00:00.023107729  2474 0x518370 DEBUG   structure gststructure.c:2203:gst_structure_parse_field: trying field name 'klass'
0:00:00.023127099  2474 0x518370 DEBUG   default gstvalue.c:2676:_priv_gst_value_parse_value: trying type name 'string'
0:00:00.017710740  2475 0x150e320 LOG   GST_POLL gstpoll.c:994:gst_poll_fd_ctl_write: 0x1516820: pfd->events now 60 (POLLOUT:4)
0:00:00.023135927  2474 0x518370 DEBUG   structure gststructure.c:2203:gst_structure_parse_field: trying field name 'description'
0:00:00.023142362  2474 0x518370 DEBUG   default gstvalue.c:2676:_priv_gst_value_parse_value: trying type name 'string'
0:00:00.017727554  2475 0x150e320 DEBUG   GST_POLL gstpoll.c:980:gst_poll_fd_ctl_write: 0x1516820: fd (fd:0, idx:1), active : 1
0:00:00.023148736  2474 0x518370 DEBUG   structure gststructure.c:2203:gst_structure_parse_field: trying field name 'author'
0:00:00.023155935  2474 0x518370 DEBUG   default gstvalue.c:2676:_priv_gst_value_parse_value: trying type name 'string'
0:00:00.023163960  2474 0x518370 DEBUG   GST_REGISTRY gstregistrychunks.c:626:gst_registry_chunks_load_feature: Element factory : npadtemplates=2
0:00:00.017739486  2475 0x150e320 LOG   GST_POLL gstpoll.c:994:gst_poll_fd_ctl_write: 0x1516820: pfd->events now 60 (POLLOUT:4)
0:00:00.023175398  2474 0x518370 DEBUG   GST_REGISTRY gstregistrychunks.c:526:gst_registry_chunks_load_pad_template: Reading/casting for GstRegistryChunkPadTemplate at address 0x534110
0:00:00.017763161  2475 0x150e320 DEBUG   GST_POLL gstpoll.c:980:gst_poll_fd_ctl_write: 0x1516820: fd (fd:0, idx:1), active : 1
0:00:00.023182209  2474 0x518370 DEBUG   GST_REGISTRY gstregistrychunks.c:539:gst_registry_chunks_load_pad_template: Added pad_template src_%u
0:00:00.017770020  2475 0x150e320 LOG   GST_POLL gstpoll.c:994:gst_poll_fd_ctl_write: 0x1516820: pfd->events now 60 (POLLOUT:4)
0:00:00.023188536  2474 0x518370 DEBUG   GST_REGISTRY gstregistrychunks.c:526:gst_registry_chunks_load_pad_template: Reading/casting for GstRegistryChunkPadTemplate at address 0x534128
0:00:00.017777024  2475 0x150e320 DEBUG   GST_POLL gstpoll.c:980:gst_poll_fd_ctl_write: 0x1516820: fd (fd:0, idx:1), active : 1
0:00:00.023195307  2474 0x518370 DEBUG   GST_REGISTRY gstregistrychunks.c:539:gst_registry_chunks_load_pad_template: Added pad_template sink
0:00:00.017783942  2475 0x150e320 LOG   GST_POLL gstpoll.c:994:gst_poll_fd_ctl_write: 0x1516820: pfd->events now 60 (POLLOUT:4)
0:00:00.023204570  2474 0x518370 DEBUG   GST_REGISTRY gstregistry.c:590:gst_registry_add_feature: adding feature 0x535f30 (tee)
0:00:00.017790927  2475 0x150e320 DEBUG   GST_POLL gstpoll.c:980:gst_poll_fd_ctl_write: 0x1516820: fd (fd:0, idx:1), active : 1
0:00:00.023212076  2474 0x518370 DEBUG   GST_REFCOUNTING gstobject.c:709:gst_object_set_parent: set parent (ref and sink)
0:00:00.017797874  2475 0x150e320 LOG   GST_POLL gstpoll.c:994:gst_poll_fd_ctl_write: 0x1516820: pfd->events now 60 (POLLOUT:4)
0:00:00.023220862  2474 0x518370 TRACE   GST_REFCOUNTING gstobject.c:294:gst_object_ref_sink: 0x535f30 ref_sink 1->2
0:00:00.017806033  2475 0x150e320 DEBUG   GST_POLL gstpoll.c:980:gst_poll_fd_ctl_write: 0x1516820: fd (fd:0, idx:1), active : 1
0:00:00.023229124  2474 0x518370 LOG   GST_REGISTRY gstregistry.c:608:gst_registry_add_feature: emitting feature-added for tee
0:00:00.017814637  2475 0x150e320 LOG   GST_POLL gstpoll.c:994:gst_poll_fd_ctl_write: 0x1516820: pfd->events now 60 (POLLOUT:4)
0:00:00.023237293  2474 0x518370 DEBUG   GST_REGISTRY gstregistrychunks.c:741:gst_registry_chunks_load_feature: Added feature tee, plugin 0x532200 coreelements
0:00:00.017822802  2475 0x150e320 DEBUG   GST_POLL gstpoll.c:980:gst_poll_fd_ctl_write: 0x1516820: fd (fd:0, idx:1), active : 1
0:00:00.023245735  2474 0x518370 DEBUG   GST_REGISTRY gstregistrychunks.c:583:gst_registry_chunks_load_feature: Plugin 'coreelements' feature 'filesink' typename : 'GstElementFactory'
0:00:00.017830984  2475 0x150e320 LOG   GST_POLL gstpoll.c:994:gst_poll_fd_ctl_write: 0x1516820: pfd->events now 60 (POLLOUT:4)
0:00:00.023260681  2474 0x518370 TRACE   GST_REFCOUNTING gstobject.c:208:gst_object_init: 0x536390 new
0:00:00.017845224  2475 0x150e320 DEBUG   GST_POLL gstpoll.c:980:gst_poll_fd_ctl_write: 0x1516820: fd (fd:0, idx:1), active : 1
0:00:00.023274916  2474 0x518370 LOG   GST_REGISTRY gstregistrychunks.c:610:gst_registry_chunks_load_feature: Reading/casting for GstRegistryChunkElementFactory at address 0x534158
0:00:00.017859831  2475 0x150e320 LOG   GST_POLL gstpoll.c:994:gst_poll_fd_ctl_write: 0x1516820: pfd->events now 60 (POLLOUT:4)
0:00:00.023282410  2474 0x518370 TRACE   structure gststructure.c:287:gst_structure_new_id_empty_with_size: created structure 0x536550
0:00:00.017868877  2475 0x150e320 DEBUG   GST_POLL gstpoll.c:980:gst_poll_fd_ctl_write: 0x1516820: fd (fd:0, idx:1), active : 1
0:00:00.023289115  2474 0x518370 DEBUG   structure gststructure.c:2203:gst_structure_parse_field: trying field name 'long-name'
0:00:00.017875688  2475 0x150e320 LOG   GST_POLL gstpoll.c:994:gst_poll_fd_ctl_write: 0x1516820: pfd->events now 60 (POLLOUT:4)
0:00:00.023295772  2474 0x518370 DEBUG   default gstvalue.c:2676:_priv_gst_value_parse_value: trying type name 'string'
0:00:00.017882956  2475 0x150e320 DEBUG   GST_POLL gstpoll.c:980:gst_poll_fd_ctl_write: 0x1516820: fd (fd:0, idx:1), active : 1
0:00:00.023303440  2474 0x518370 DEBUG   structure gststructure.c:2203:gst_structure_parse_field: trying field name 'klass'
0:00:00.017889640  2475 0x150e320 LOG   GST_POLL gstpoll.c:994:gst_poll_fd_ctl_write: 0x1516820: pfd->events now 60 (POLLOUT:4)
0:00:00.023310006  2474 0x518370 DEBUG   default gstvalue.c:2676:_priv_gst_value_parse_value: trying type name 'string'
0:00:00.017897161  2475 0x150e320 DEBUG   GST_POLL gstpoll.c:980:gst_poll_fd_ctl_write: 0x1516820: fd (fd:0, idx:1), active : 1
0:00:00.023317158  2474 0x518370 DEBUG   structure gststructure.c:2203:gst_structure_parse_field: trying field name 'description'
0:00:00.017903844  2475 0x150e320 LOG   GST_POLL gstpoll.c:994:gst_poll_fd_ctl_write: 0x1516820: pfd->events now 60 (POLLOUT:4)
0:00:00.023323682  2474 0x518370 DEBUG   default gstvalue.c:2676:_priv_gst_value_parse_value: trying type name 'string'
0:00:00.017910840  2475 0x150e320 DEBUG   GST_POLL gstpoll.c:980:gst_poll_fd_ctl_write: 0x1516820: fd (fd:0, idx:1), active : 1
0:00:00.023330763  2474 0x518370 DEBUG   structure gststructure.c:2203:gst_structure_parse_field: trying field name 'author'
0:00:00.017917466  2475 0x150e320 LOG   GST_POLL gstpoll.c:994:gst_poll_fd_ctl_write: 0x1516820: pfd->events now 60 (POLLOUT:4)
0:00:00.023336874  2474 0x518370 DEBUG   default gstvalue.c:2676:_priv_gst_value_parse_value: trying type name 'string'
0:00:00.017924504  2475 0x150e320 DEBUG   GST_POLL gstpoll.c:980:gst_poll_fd_ctl_write: 0x1516820: fd (fd:0, idx:1), active : 1
0:00:00.023344713  2474 0x518370 DEBUG   GST_REGISTRY gstregistrychunks.c:626:gst_registry_chunks_load_feature: Element factory : npadtemplates=1
0:00:00.017931157  2475 0x150e320 LOG   GST_POLL gstpoll.c:994:gst_poll_fd_ctl_write: 0x1516820: pfd->events now 60 (POLLOUT:4)
0:00:00.023351291  2474 0x518370 DEBUG   GST_REGISTRY gstregistrychunks.c:526:gst_registry_chunks_load_pad_template: Reading/casting for GstRegistryChunkPadTemplate at address 0x534238
0:00:00.017943561  2475 0x150e320 DEBUG   GST_POLL gstpoll.c:980:gst_poll_fd_ctl_write: 0x1516820: fd (fd:0, idx:1), active : 1
0:00:00.023361783  2474 0x518370 DEBUG   GST_REGISTRY gstregistrychunks.c:539:gst_registry_chunks_load_pad_template: Added pad_template sink
0:00:00.017950594  2475 0x150e320 LOG   GST_POLL gstpoll.c:994:gst_poll_fd_ctl_write: 0x1516820: pfd->events now 60 (POLLOUT:4)
0:00:00.023369399  2474 0x518370 DEBUG   GST_REGISTRY gstregistrychunks.c:639:gst_registry_chunks_load_feature: Reading 1 UriTypes at address 0x534249
0:00:00.017957625  2475 0x150e320 DEBUG   GST_POLL gstpoll.c:980:gst_poll_fd_ctl_write: 0x1516820: fd (fd:0, idx:1), active : 1
0:00:00.023377335  2474 0x518370 DEBUG   GST_REGISTRY gstregistrychunks.c:654:gst_registry_chunks_load_feature: Reading 1 Interfaces at address 0x534259
0:00:00.017964564  2475 0x150e320 LOG   GST_POLL gstpoll.c:994:gst_poll_fd_ctl_write: 0x1516820: pfd->events now 60 (POLLOUT:4)
0:00:00.023387092  2474 0x518370 DEBUG   GST_REGISTRY gstregistry.c:590:gst_registry_add_feature: adding feature 0x536390 (filesink)
0:00:00.017971423  2475 0x150e320 DEBUG   GST_POLL gstpoll.c:980:gst_poll_fd_ctl_write: 0x1516820: fd (fd:0, idx:1), active : 1
0:00:00.023394141  2474 0x518370 DEBUG   GST_REFCOUNTING gstobject.c:709:gst_object_set_parent: set parent (ref and sink)
0:00:00.017980424  2475 0x150e320 LOG   GST_POLL gstpoll.c:994:gst_poll_fd_ctl_write: 0x1516820: pfd->events now 60 (POLLOUT:4)
0:00:00.023402832  2474 0x518370 TRACE   GST_REFCOUNTING gstobject.c:294:gst_object_ref_sink: 0x536390 ref_sink 1->2
0:00:00.017988161  2475 0x150e320 DEBUG   GST_POLL gstpoll.c:980:gst_poll_fd_ctl_write: 0x1516820: fd (fd:0, idx:1), active : 1
0:00:00.023410801  2474 0x518370 LOG   GST_REGISTRY gstregistry.c:608:gst_registry_add_feature: emitting feature-added for filesink
0:00:00.017996660  2475 0x150e320 LOG   GST_POLL gstpoll.c:994:gst_poll_fd_ctl_write: 0x1516820: pfd->events now 60 (POLLOUT:4)
0:00:00.023418458  2474 0x518370 DEBUG   GST_REGISTRY gstregistrychunks.c:741:gst_registry_chunks_load_feature: Added feature filesink, plugin 0x532200 coreelements
0:00:00.018004398  2475 0x150e320 DEBUG   GST_POLL gstpoll.c:980:gst_poll_fd_ctl_write: 0x1516820: fd (fd:0, idx:1), active : 1
0:00:00.023426046  2474 0x518370 DEBUG   GST_REGISTRY gstregistrychunks.c:583:gst_registry_chunks_load_feature: Plugin 'coreelements' feature 'queue2' typename : 'GstElementFactory'
0:00:00.018011735  2475 0x150e320 LOG   GST_POLL gstpoll.c:994:gst_poll_fd_ctl_write: 0x1516820: pfd->events now 60 (POLLOUT:4)
0:00:00.018019716  2475 0x150e320 DEBUG   GST_POLL gstpoll.c:980:gst_poll_fd_ctl_write: 0x1516820: fd (fd:0, idx:1), active : 1
0:00:00.023435152  2474 0x518370 TRACE   GST_REFCOUNTING gstobject.c:208:gst_object_init: 0x536680 new
0:00:00.018025758  2475 0x150e320 LOG   GST_POLL gstpoll.c:994:gst_poll_fd_ctl_write: 0x1516820: pfd->events now 60 (POLLOUT:4)
0:00:00.023450764  2474 0x518370 LOG   GST_REGISTRY gstregistrychunks.c:610:gst_registry_chunks_load_feature: Reading/casting for GstRegistryChunkElementFactory at address 0x534280
0:00:00.018036229  2475 0x150e320 DEBUG   GST_POLL gstpoll.c:980:gst_poll_fd_ctl_write: 0x1516820: fd (fd:0, idx:1), active : 1
0:00:00.023458383  2474 0x518370 TRACE   structure gststructure.c:287:gst_structure_new_id_empty_with_size: created structure 0x536a40
0:00:00.018044695  2475 0x150e320 LOG   GST_POLL gstpoll.c:994:gst_poll_fd_ctl_write: 0x1516820: pfd->events now 60 (POLLOUT:4)
0:00:00.023464994  2474 0x518370 DEBUG   structure gststructure.c:2203:gst_structure_parse_field: trying field name 'long-name'
0:00:00.018051754  2475 0x150e320 DEBUG   GST_POLL gstpoll.c:980:gst_poll_fd_ctl_write: 0x1516820: fd (fd:0, idx:1), active : 1
0:00:00.023471388  2474 0x518370 DEBUG   default gstvalue.c:2676:_priv_gst_value_parse_value: trying type name 'string'
0:00:00.018058685  2475 0x150e320 LOG   GST_POLL gstpoll.c:994:gst_poll_fd_ctl_write: 0x1516820: pfd->events now 60 (POLLOUT:4)
0:00:00.023479167  2474 0x518370 DEBUG   structure gststructure.c:2203:gst_structure_parse_field: trying field name 'klass'
0:00:00.018065657  2475 0x150e320 DEBUG   GST_POLL gstpoll.c:980:gst_poll_fd_ctl_write: 0x1516820: fd (fd:0, idx:1), active : 1
0:00:00.023485550  2474 0x518370 DEBUG   default gstvalue.c:2676:_priv_gst_value_parse_value: trying type name 'string'
0:00:00.018072491  2475 0x150e320 LOG   GST_POLL gstpoll.c:994:gst_poll_fd_ctl_write: 0x1516820: pfd->events now 60 (POLLOUT:4)
0:00:00.023492687  2474 0x518370 DEBUG   structure gststructure.c:2203:gst_structure_parse_field: trying field name 'description'
0:00:00.018079342  2475 0x150e320 DEBUG   GST_POLL gstpoll.c:980:gst_poll_fd_ctl_write: 0x1516820: fd (fd:0, idx:1), active : 1
0:00:00.023498850  2474 0x518370 DEBUG   default gstvalue.c:2676:_priv_gst_value_parse_value: trying type name 'string'
0:00:00.018086262  2475 0x150e320 LOG   GST_POLL gstpoll.c:994:gst_poll_fd_ctl_write: 0x1516820: pfd->events now 60 (POLLOUT:4)
0:00:00.023505815  2474 0x518370 DEBUG   structure gststructure.c:2203:gst_structure_parse_field: trying field name 'author'
0:00:00.018093224  2475 0x150e320 DEBUG   GST_POLL gstpoll.c:980:gst_poll_fd_ctl_write: 0x1516820: fd (fd:0, idx:1), active : 1
0:00:00.023511936  2474 0x518370 DEBUG   default gstvalue.c:2676:_priv_gst_value_parse_value: trying type name 'string'
0:00:00.018100100  2475 0x150e320 LOG   GST_POLL gstpoll.c:994:gst_poll_fd_ctl_write: 0x1516820: pfd->events now 60 (POLLOUT:4)
0:00:00.023520354  2474 0x518370 DEBUG   GST_REGISTRY gstregistrychunks.c:626:gst_registry_chunks_load_feature: Element factory : npadtemplates=2
0:00:00.018107210  2475 0x150e320 DEBUG   GST_POLL gstpoll.c:980:gst_poll_fd_ctl_write: 0x1516820: fd (fd:0, idx:1), active : 1
0:00:00.023526966  2474 0x518370 DEBUG   GST_REGISTRY gstregistrychunks.c:526:gst_registry_chunks_load_pad_template: Reading/casting for GstRegistryChunkPadTemplate at address 0x534370
0:00:00.018119364  2475 0x150e320 LOG   GST_POLL gstpoll.c:994:gst_poll_fd_ctl_write: 0x1516820: pfd->events now 60 (POLLOUT:4)
0:00:00.023537430  2474 0x518370 DEBUG   GST_REGISTRY gstregistrychunks.c:539:gst_registry_chunks_load_pad_template: Added pad_template sink
0:00:00.018126538  2475 0x150e320 DEBUG   GST_POLL gstpoll.c:980:gst_poll_fd_ctl_write: 0x1516820: fd (fd:0, idx:1), active : 1
0:00:00.023544256  2474 0x518370 DEBUG   GST_REGISTRY gstregistrychunks.c:526:gst_registry_chunks_load_pad_template: Reading/casting for GstRegistryChunkPadTemplate at address 0x534388
0:00:00.018133629  2475 0x150e320 LOG   GST_POLL gstpoll.c:994:gst_poll_fd_ctl_write: 0x1516820: pfd->events now 60 (POLLOUT:4)
0:00:00.023551885  2474 0x518370 DEBUG   GST_REGISTRY gstregistrychunks.c:539:gst_registry_chunks_load_pad_template: Added pad_template src
0:00:00.018141014  2475 0x150e320 DEBUG   GST_POLL gstpoll.c:980:gst_poll_fd_ctl_write: 0x1516820: fd (fd:0, idx:1), active : 1
0:00:00.023561242  2474 0x518370 DEBUG   GST_REGISTRY gstregistry.c:590:gst_registry_add_feature: adding feature 0x536680 (queue2)
0:00:00.018147758  2475 0x150e320 LOG   GST_POLL gstpoll.c:994:gst_poll_fd_ctl_write: 0x1516820: pfd->events now 60 (POLLOUT:4)
0:00:00.023568138  2474 0x518370 DEBUG   GST_REFCOUNTING gstobject.c:709:gst_object_set_parent: set parent (ref and sink)
0:00:00.018155303  2475 0x150e320 DEBUG   GST_POLL gstpoll.c:980:gst_poll_fd_ctl_write: 0x1516820: fd (fd:0, idx:1), active : 1
0:00:00.023576837  2474 0x518370 TRACE   GST_REFCOUNTING gstobject.c:294:gst_object_ref_sink: 0x536680 ref_sink 1->2
0:00:00.018162843  2475 0x150e320 LOG   GST_POLL gstpoll.c:994:gst_poll_fd_ctl_write: 0x1516820: pfd->events now 60 (POLLOUT:4)
0:00:00.023584447  2474 0x518370 LOG   GST_REGISTRY gstregistry.c:608:gst_registry_add_feature: emitting feature-added for queue2
0:00:00.018171192  2475 0x150e320 DEBUG   GST_POLL gstpoll.c:980:gst_poll_fd_ctl_write: 0x1516820: fd (fd:0, idx:1), active : 1
0:00:00.023592299  2474 0x518370 DEBUG   GST_REGISTRY gstregistrychunks.c:741:gst_registry_chunks_load_feature: Added feature queue2, plugin 0x532200 coreelements
0:00:00.018177968  2475 0x150e320 LOG   GST_POLL gstpoll.c:994:gst_poll_fd_ctl_write: 0x1516820: pfd->events now 60 (POLLOUT:4)
0:00:00.023600193  2474 0x518370 DEBUG   GST_REGISTRY gstregistrychunks.c:583:gst_registry_chunks_load_feature: Plugin 'coreelements' feature 'queue' typename : 'GstElementFactory'
0:00:00.018186481  2475 0x150e320 DEBUG   GST_POLL gstpoll.c:980:gst_poll_fd_ctl_write: 0x1516820: fd (fd:0, idx:1), active : 1
0:00:00.023609162  2474 0x518370 TRACE   GST_REFCOUNTING gstobject.c:208:gst_object_init: 0x536bc0 new
0:00:00.018193956  2475 0x150e320 LOG   GST_POLL gstpoll.c:994:gst_poll_fd_ctl_write: 0x1516820: pfd->events now 60 (POLLOUT:4)
0:00:00.023618051  2474 0x518370 LOG   GST_REGISTRY gstregistrychunks.c:610:gst_registry_chunks_load_feature: Reading/casting for GstRegistryChunkElementFactory at address 0x5343b0
0:00:00.018207854  2475 0x150e320 DEBUG   GST_POLL gstpoll.c:980:gst_poll_fd_ctl_write: 0x1516820: fd (fd:0, idx:1), active : 1
0:00:00.023626847  2474 0x518370 TRACE   structure gststructure.c:287:gst_structure_new_id_empty_with_size: created structure 0x536d60
0:00:00.018214935  2475 0x150e320 LOG   GST_POLL gstpoll.c:994:gst_poll_fd_ctl_write: 0x1516820: pfd->events now 60 (POLLOUT:4)
0:00:00.023633600  2474 0x518370 DEBUG   structure gststructure.c:2203:gst_structure_parse_field: trying field name 'long-name'
0:00:00.018222127  2475 0x150e320 DEBUG   GST_POLL gstpoll.c:980:gst_poll_fd_ctl_write: 0x1516820: fd (fd:0, idx:1), active : 1
0:00:00.023640016  2474 0x518370 DEBUG   default gstvalue.c:2676:_priv_gst_value_parse_value: trying type name 'string'
0:00:00.018228780  2475 0x150e320 LOG   GST_POLL gstpoll.c:994:gst_poll_fd_ctl_write: 0x1516820: pfd->events now 60 (POLLOUT:4)
0:00:00.023647982  2474 0x518370 DEBUG   structure gststructure.c:2203:gst_structure_parse_field: trying field name 'klass'
0:00:00.018235830  2475 0x150e320 DEBUG   GST_POLL gstpoll.c:980:gst_poll_fd_ctl_write: 0x1516820: fd (fd:0, idx:1), active : 1
0:00:00.023654267  2474 0x518370 DEBUG   default gstvalue.c:2676:_priv_gst_value_parse_value: trying type name 'string'
0:00:00.018242424  2475 0x150e320 LOG   GST_POLL gstpoll.c:994:gst_poll_fd_ctl_write: 0x1516820: pfd->events now 60 (POLLOUT:4)
0:00:00.023661536  2474 0x518370 DEBUG   structure gststructure.c:2203:gst_structure_parse_field: trying field name 'description'
0:00:00.018249680  2475 0x150e320 DEBUG   GST_POLL gstpoll.c:980:gst_poll_fd_ctl_write: 0x1516820: fd (fd:0, idx:1), active : 1
0:00:00.023668318  2474 0x518370 DEBUG   default gstvalue.c:2676:_priv_gst_value_parse_value: trying type name 'string'
0:00:00.018256152  2475 0x150e320 LOG   GST_POLL gstpoll.c:994:gst_poll_fd_ctl_write: 0x1516820: pfd->events now 60 (POLLOUT:4)
0:00:00.023675958  2474 0x518370 DEBUG   structure gststructure.c:2203:gst_structure_parse_field: trying field name 'author'
0:00:00.018263635  2475 0x150e320 DEBUG   GST_POLL gstpoll.c:980:gst_poll_fd_ctl_write: 0x1516820: fd (fd:0, idx:1), active : 1
0:00:00.023682253  2474 0x518370 DEBUG   default gstvalue.c:2676:_priv_gst_value_parse_value: trying type name 'string'
0:00:00.018270198  2475 0x150e320 LOG   GST_POLL gstpoll.c:994:gst_poll_fd_ctl_write: 0x1516820: pfd->events now 60 (POLLOUT:4)
0:00:00.023689528  2474 0x518370 DEBUG   GST_REGISTRY gstregistrychunks.c:626:gst_registry_chunks_load_feature: Element factory : npadtemplates=2
0:00:00.018277212  2475 0x150e320 DEBUG   GST_POLL gstpoll.c:980:gst_poll_fd_ctl_write: 0x1516820: fd (fd:0, idx:1), active : 1
0:00:00.023695954  2474 0x518370 DEBUG   GST_REGISTRY gstregistrychunks.c:526:gst_registry_chunks_load_pad_template: Reading/casting for GstRegistryChunkPadTemplate at address 0x534468
0:00:00.018288655  2475 0x150e320 LOG   GST_POLL gstpoll.c:994:gst_poll_fd_ctl_write: 0x1516820: pfd->events now 60 (POLLOUT:4)
0:00:00.023707379  2474 0x518370 DEBUG   GST_REGISTRY gstregistrychunks.c:539:gst_registry_chunks_load_pad_template: Added pad_template sink
0:00:00.018295963  2475 0x150e320 DEBUG   GST_POLL gstpoll.c:980:gst_poll_fd_ctl_write: 0x1516820: fd (fd:0, idx:1), active : 1
0:00:00.023713836  2474 0x518370 DEBUG   GST_REGISTRY gstregistrychunks.c:526:gst_registry_chunks_load_pad_template: Reading/casting for GstRegistryChunkPadTemplate at address 0x534480
0:00:00.023720981  2474 0x518370 DEBUG   GST_REGISTRY gstregistrychunks.c:539:gst_registry_chunks_load_pad_template: Added pad_template src
0:00:00.018308057  2475 0x150e320 LOG   GST_POLL gstpoll.c:994:gst_poll_fd_ctl_write: 0x1516820: pfd->events now 60 (POLLOUT:4)
0:00:00.023729181  2474 0x518370 DEBUG   GST_REGISTRY gstregistry.c:590:gst_registry_add_feature: adding feature 0x536bc0 (queue)
0:00:00.018315155  2475 0x150e320 DEBUG   GST_POLL gstpoll.c:980:gst_poll_fd_ctl_write: 0x1516820: fd (fd:0, idx:1), active : 1
0:00:00.023736816  2474 0x518370 DEBUG   GST_REFCOUNTING gstobject.c:709:gst_object_set_parent: set parent (ref and sink)
0:00:00.018322878  2475 0x150e320 LOG   GST_POLL gstpoll.c:994:gst_poll_fd_ctl_write: 0x1516820: pfd->events now 60 (POLLOUT:4)
0:00:00.023745410  2474 0x518370 TRACE   GST_REFCOUNTING gstobject.c:294:gst_object_ref_sink: 0x536bc0 ref_sink 1->2
0:00:00.018331094  2475 0x150e320 DEBUG   GST_POLL gstpoll.c:980:gst_poll_fd_ctl_write: 0x1516820: fd (fd:0, idx:1), active : 1
0:00:00.023753550  2474 0x518370 LOG   GST_REGISTRY gstregistry.c:608:gst_registry_add_feature: emitting feature-added for queue
0:00:00.018339018  2475 0x150e320 LOG   GST_POLL gstpoll.c:994:gst_poll_fd_ctl_write: 0x1516820: pfd->events now 60 (POLLOUT:4)
0:00:00.023763409  2474 0x518370 DEBUG   GST_REGISTRY gstregistrychunks.c:741:gst_registry_chunks_load_feature: Added feature queue, plugin 0x532200 coreelements
0:00:00.018349240  2475 0x150e320 DEBUG   GST_POLL gstpoll.c:980:gst_poll_fd_ctl_write: 0x1516820: fd (fd:0, idx:1), active : 1
0:00:00.023771337  2474 0x518370 DEBUG   GST_REGISTRY gstregistrychunks.c:583:gst_registry_chunks_load_feature: Plugin 'coreelements' feature 'output-selector' typename : 'GstElementFactory'
0:00:00.018356739  2475 0x150e320 LOG   GST_POLL gstpoll.c:994:gst_poll_fd_ctl_write: 0x1516820: pfd->events now 60 (POLLOUT:4)
0:00:00.018365109  2475 0x150e320 DEBUG   GST_POLL gstpoll.c:980:gst_poll_fd_ctl_write: 0x1516820: fd (fd:0, idx:1), active : 1
0:00:00.023784333  2474 0x518370 TRACE   GST_REFCOUNTING gstobject.c:208:gst_object_init: 0x536e90 new
0:00:00.018371314  2475 0x150e320 LOG   GST_POLL gstpoll.c:994:gst_poll_fd_ctl_write: 0x1516820: pfd->events now 60 (POLLOUT:4)
0:00:00.023793936  2474 0x518370 LOG   GST_REGISTRY gstregistrychunks.c:610:gst_registry_chunks_load_feature: Reading/casting for GstRegistryChunkElementFactory at address 0x5344b8
0:00:00.018383392  2475 0x150e320 DEBUG   GST_POLL gstpoll.c:980:gst_poll_fd_ctl_write: 0x1516820: fd (fd:0, idx:1), active : 1
0:00:00.023801971  2474 0x518370 TRACE   structure gststructure.c:287:gst_structure_new_id_empty_with_size: created structure 0x537190
0:00:00.023808788  2474 0x518370 DEBUG   structure gststructure.c:2203:gst_structure_parse_field: trying field name 'long-name'
0:00:00.018394948  2475 0x150e320 LOG   GST_POLL gstpoll.c:994:gst_poll_fd_ctl_write: 0x1516820: pfd->events now 60 (POLLOUT:4)
0:00:00.023814581  2474 0x518370 DEBUG   default gstvalue.c:2676:_priv_gst_value_parse_value: trying type name 'string'
0:00:00.018402026  2475 0x150e320 DEBUG   GST_POLL gstpoll.c:980:gst_poll_fd_ctl_write: 0x1516820: fd (fd:0, idx:1), active : 1
0:00:00.023821775  2474 0x518370 DEBUG   structure gststructure.c:2203:gst_structure_parse_field: trying field name 'klass'
0:00:00.018408566  2475 0x150e320 LOG   GST_POLL gstpoll.c:994:gst_poll_fd_ctl_write: 0x1516820: pfd->events now 60 (POLLOUT:4)
0:00:00.023827924  2474 0x518370 DEBUG   default gstvalue.c:2676:_priv_gst_value_parse_value: trying type name 'string'
0:00:00.018415339  2475 0x150e320 DEBUG   GST_POLL gstpoll.c:980:gst_poll_fd_ctl_write: 0x1516820: fd (fd:0, idx:1), active : 1
0:00:00.023834792  2474 0x518370 DEBUG   structure gststructure.c:2203:gst_structure_parse_field: trying field name 'description'
0:00:00.018421934  2475 0x150e320 LOG   GST_POLL gstpoll.c:994:gst_poll_fd_ctl_write: 0x1516820: pfd->events now 60 (POLLOUT:4)
0:00:00.023841290  2474 0x518370 DEBUG   default gstvalue.c:2676:_priv_gst_value_parse_value: trying type name 'string'
0:00:00.018429066  2475 0x150e320 DEBUG   GST_POLL gstpoll.c:980:gst_poll_fd_ctl_write: 0x1516820: fd (fd:0, idx:1), active : 1
0:00:00.023848662  2474 0x518370 DEBUG   structure gststructure.c:2203:gst_structure_parse_field: trying field name 'author'
0:00:00.018435636  2475 0x150e320 LOG   GST_POLL gstpoll.c:994:gst_poll_fd_ctl_write: 0x1516820: pfd->events now 60 (POLLOUT:4)
0:00:00.023854947  2474 0x518370 DEBUG   default gstvalue.c:2676:_priv_gst_value_parse_value: trying type name 'string'
0:00:00.018442726  2475 0x150e320 DEBUG   GST_POLL gstpoll.c:980:gst_poll_fd_ctl_write: 0x1516820: fd (fd:0, idx:1), active : 1
0:00:00.023862355  2474 0x518370 DEBUG   GST_REGISTRY gstregistrychunks.c:626:gst_registry_chunks_load_feature: Element factory : npadtemplates=2
0:00:00.018449269  2475 0x150e320 LOG   GST_POLL gstpoll.c:994:gst_poll_fd_ctl_write: 0x1516820: pfd->events now 60 (POLLOUT:4)
0:00:00.023868888  2474 0x518370 DEBUG   GST_REGISTRY gstregistrychunks.c:526:gst_registry_chunks_load_pad_template: Reading/casting for GstRegistryChunkPadTemplate at address 0x534590
0:00:00.018456323  2475 0x150e320 DEBUG   GST_POLL gstpoll.c:980:gst_poll_fd_ctl_write: 0x1516820: fd (fd:0, idx:1), active : 1
0:00:00.023875595  2474 0x518370 DEBUG   GST_REGISTRY gstregistrychunks.c:539:gst_registry_chunks_load_pad_template: Added pad_template src_%u
0:00:00.018474230  2475 0x150e320 LOG   GST_POLL gstpoll.c:994:gst_poll_fd_ctl_write: 0x1516820: pfd->events now 60 (POLLOUT:4)
0:00:00.023892582  2474 0x518370 DEBUG   GST_REGISTRY gstregistrychunks.c:526:gst_registry_chunks_load_pad_template: Reading/casting for GstRegistryChunkPadTemplate at address 0x5345a8
0:00:00.018481477  2475 0x150e320 DEBUG   GST_POLL gstpoll.c:980:gst_poll_fd_ctl_write: 0x1516820: fd (fd:0, idx:1), active : 1
0:00:00.023899272  2474 0x518370 DEBUG   GST_REGISTRY gstregistrychunks.c:539:gst_registry_chunks_load_pad_template: Added pad_template sink
0:00:00.018488334  2475 0x150e320 LOG   GST_POLL gstpoll.c:994:gst_poll_fd_ctl_write: 0x1516820: pfd->events now 60 (POLLOUT:4)
0:00:00.023908916  2474 0x518370 DEBUG   GST_REGISTRY gstregistry.c:590:gst_registry_add_feature: adding feature 0x536e90 (output-selector)
0:00:00.018495498  2475 0x150e320 DEBUG   GST_POLL gstpoll.c:980:gst_poll_fd_ctl_write: 0x1516820: fd (fd:0, idx:1), active : 1
0:00:00.018502186  2475 0x150e320 LOG   GST_POLL gstpoll.c:994:gst_poll_fd_ctl_write: 0x1516820: pfd->events now 60 (POLLOUT:4)
0:00:00.023918353  2474 0x518370 DEBUG   GST_REFCOUNTING gstobject.c:709:gst_object_set_parent: set parent (ref and sink)
0:00:00.018508889  2475 0x150e320 DEBUG   GST_POLL gstpoll.c:980:gst_poll_fd_ctl_write: 0x1516820: fd (fd:0, idx:1), active : 1
0:00:00.023928241  2474 0x518370 TRACE   GST_REFCOUNTING gstobject.c:294:gst_object_ref_sink: 0x536e90 ref_sink 1->2
0:00:00.018515463  2475 0x150e320 LOG   GST_POLL gstpoll.c:994:gst_poll_fd_ctl_write: 0x1516820: pfd->events now 60 (POLLOUT:4)
0:00:00.023936004  2474 0x518370 LOG   GST_REGISTRY gstregistry.c:608:gst_registry_add_feature: emitting feature-added for output-selector
0:00:00.018522335  2475 0x150e320 DEBUG   GST_POLL gstpoll.c:980:gst_poll_fd_ctl_write: 0x1516820: fd (fd:0, idx:1), active : 1
0:00:00.023944022  2474 0x518370 DEBUG   GST_REGISTRY gstregistrychunks.c:741:gst_registry_chunks_load_feature: Added feature output-selector, plugin 0x532200 coreelements
0:00:00.018529429  2475 0x150e320 LOG   GST_POLL gstpoll.c:994:gst_poll_fd_ctl_write: 0x1516820: pfd->events now 60 (POLLOUT:4)
0:00:00.023951910  2474 0x518370 DEBUG   GST_REGISTRY gstregistrychunks.c:583:gst_registry_chunks_load_feature: Plugin 'coreelements' feature 'input-selector' typename : 'GstElementFactory'
0:00:00.018538085  2475 0x150e320 DEBUG   GST_POLL gstpoll.c:980:gst_poll_fd_ctl_write: 0x1516820: fd (fd:0, idx:1), active : 1
0:00:00.018545792  2475 0x150e320 LOG   GST_POLL gstpoll.c:994:gst_poll_fd_ctl_write: 0x1516820: pfd->events now 60 (POLLOUT:4)
0:00:00.023961253  2474 0x518370 TRACE   GST_REFCOUNTING gstobject.c:208:gst_object_init: 0x537430 new
0:00:00.018552660  2475 0x150e320 DEBUG   GST_POLL gstpoll.c:980:gst_poll_fd_ctl_write: 0x1516820: fd (fd:0, idx:1), active : 1
0:00:00.023971762  2474 0x518370 LOG   GST_REGISTRY gstregistrychunks.c:610:gst_registry_chunks_load_feature: Reading/casting for GstRegistryChunkElementFactory at address 0x5345e0
0:00:00.018564553  2475 0x150e320 LOG   GST_POLL gstpoll.c:994:gst_poll_fd_ctl_write: 0x1516820: pfd->events now 60 (POLLOUT:4)
0:00:00.023983490  2474 0x518370 TRACE   structure gststructure.c:287:gst_structure_new_id_empty_with_size: created structure 0x5377a0
0:00:00.018571843  2475 0x150e320 DEBUG   GST_POLL gstpoll.c:980:gst_poll_fd_ctl_write: 0x1516820: fd (fd:0, idx:1), active : 1
0:00:00.023990221  2474 0x518370 DEBUG   structure gststructure.c:2203:gst_structure_parse_field: trying field name 'long-name'
0:00:00.018578832  2475 0x150e320 LOG   GST_POLL gstpoll.c:994:gst_poll_fd_ctl_write: 0x1516820: pfd->events now 60 (POLLOUT:4)
0:00:00.023997168  2474 0x518370 DEBUG   default gstvalue.c:2676:_priv_gst_value_parse_value: trying type name 'string'
0:00:00.018586295  2475 0x150e320 DEBUG   GST_POLL gstpoll.c:980:gst_poll_fd_ctl_write: 0x1516820: fd (fd:0, idx:1), active : 1
0:00:00.024004576  2474 0x518370 DEBUG   structure gststructure.c:2203:gst_structure_parse_field: trying field name 'klass'
0:00:00.018593242  2475 0x150e320 LOG   GST_POLL gstpoll.c:994:gst_poll_fd_ctl_write: 0x1516820: pfd->events now 60 (POLLOUT:4)
0:00:00.024011261  2474 0x518370 DEBUG   default gstvalue.c:2676:_priv_gst_value_parse_value: trying type name 'string'
0:00:00.018600279  2475 0x150e320 DEBUG   GST_POLL gstpoll.c:980:gst_poll_fd_ctl_write: 0x1516820: fd (fd:0, idx:1), active : 1
0:00:00.024018674  2474 0x518370 DEBUG   structure gststructure.c:2203:gst_structure_parse_field: trying field name 'description'
0:00:00.018607384  2475 0x150e320 LOG   GST_POLL gstpoll.c:994:gst_poll_fd_ctl_write: 0x1516820: pfd->events now 60 (POLLOUT:4)
0:00:00.024025595  2474 0x518370 DEBUG   default gstvalue.c:2676:_priv_gst_value_parse_value: trying type name 'string'
0:00:00.018614662  2475 0x150e320 DEBUG   GST_POLL gstpoll.c:980:gst_poll_fd_ctl_write: 0x1516820: fd (fd:0, idx:1), active : 1
0:00:00.024033138  2474 0x518370 DEBUG   structure gststructure.c:2203:gst_structure_parse_field: trying field name 'author'
0:00:00.018621672  2475 0x150e320 LOG   GST_POLL gstpoll.c:994:gst_poll_fd_ctl_write: 0x1516820: pfd->events now 60 (POLLOUT:4)
0:00:00.024039773  2474 0x518370 DEBUG   default gstvalue.c:2676:_priv_gst_value_parse_value: trying type name 'string'
0:00:00.018629736  2475 0x150e320 LOG   GST_PLUGIN_LOADING gstpluginloader.c:646:put_chunk: Expanding tx buf from 10158 to 13209 for chunk of size 209
0:00:00.024049706  2474 0x518370 DEBUG   GST_REGISTRY gstregistrychunks.c:626:gst_registry_chunks_load_feature: Element factory : npadtemplates=2
0:00:00.024056499  2474 0x518370 DEBUG   GST_REGISTRY gstregistrychunks.c:526:gst_registry_chunks_load_pad_template: Reading/casting for GstRegistryChunkPadTemplate at address 0x534710
0:00:00.018650247  2475 0x150e320 DEBUG   GST_POLL gstpoll.c:980:gst_poll_fd_ctl_write: 0x1516820: fd (fd:0, idx:1), active : 1
0:00:00.024068259  2474 0x518370 DEBUG   GST_REGISTRY gstregistrychunks.c:539:gst_registry_chunks_load_pad_template: Added pad_template src
0:00:00.018657969  2475 0x150e320 LOG   GST_POLL gstpoll.c:994:gst_poll_fd_ctl_write: 0x1516820: pfd->events now 60 (POLLOUT:4)
0:00:00.024075953  2474 0x518370 DEBUG   GST_REGISTRY gstregistrychunks.c:526:gst_registry_chunks_load_pad_template: Reading/casting for GstRegistryChunkPadTemplate at address 0x534720
0:00:00.018665608  2475 0x150e320 DEBUG   GST_POLL gstpoll.c:980:gst_poll_fd_ctl_write: 0x1516820: fd (fd:0, idx:1), active : 1
0:00:00.024083404  2474 0x518370 DEBUG   GST_REGISTRY gstregistrychunks.c:539:gst_registry_chunks_load_pad_template: Added pad_template sink_%u
0:00:00.018672466  2475 0x150e320 LOG   GST_POLL gstpoll.c:994:gst_poll_fd_ctl_write: 0x1516820: pfd->events now 60 (POLLOUT:4)
0:00:00.024093078  2474 0x518370 DEBUG   GST_REGISTRY gstregistry.c:590:gst_registry_add_feature: adding feature 0x537430 (input-selector)
0:00:00.018679732  2475 0x150e320 DEBUG   GST_POLL gstpoll.c:980:gst_poll_fd_ctl_write: 0x1516820: fd (fd:0, idx:1), active : 1
0:00:00.024100158  2474 0x518370 DEBUG   GST_REFCOUNTING gstobject.c:709:gst_object_set_parent: set parent (ref and sink)
0:00:00.018686336  2475 0x150e320 LOG   GST_POLL gstpoll.c:994:gst_poll_fd_ctl_write: 0x1516820: pfd->events now 60 (POLLOUT:4)
0:00:00.024108475  2474 0x518370 TRACE   GST_REFCOUNTING gstobject.c:294:gst_object_ref_sink: 0x537430 ref_sink 1->2
0:00:00.018694552  2475 0x150e320 DEBUG   GST_POLL gstpoll.c:980:gst_poll_fd_ctl_write: 0x1516820: fd (fd:0, idx:1), active : 1
0:00:00.024131656  2474 0x518370 LOG   GST_REGISTRY gstregistry.c:608:gst_registry_add_feature: emitting feature-added for input-selector
0:00:00.024140148  2474 0x518370 DEBUG   GST_REGISTRY gstregistrychunks.c:741:gst_registry_chunks_load_feature: Added feature input-selector, plugin 0x532200 coreelements
0:00:00.018723106  2475 0x150e320 LOG   GST_POLL gstpoll.c:994:gst_poll_fd_ctl_write: 0x1516820: pfd->events now 60 (POLLOUT:4)
0:00:00.024147665  2474 0x518370 DEBUG   GST_REGISTRY gstregistrychunks.c:583:gst_registry_chunks_load_feature: Plugin 'coreelements' feature 'identity' typename : 'GstElementFactory'
0:00:00.018737511  2475 0x150e320 DEBUG   GST_POLL gstpoll.c:980:gst_poll_fd_ctl_write: 0x1516820: fd (fd:0, idx:1), active : 1
0:00:00.024156516  2474 0x518370 TRACE   GST_REFCOUNTING gstobject.c:208:gst_object_init: 0x537a20 new
0:00:00.018747926  2475 0x150e320 LOG   GST_POLL gstpoll.c:994:gst_poll_fd_ctl_write: 0x1516820: pfd->events now 60 (POLLOUT:4)
0:00:00.024166487  2474 0x518370 LOG   GST_REGISTRY gstregistrychunks.c:610:gst_registry_chunks_load_feature: Reading/casting for GstRegistryChunkElementFactory at address 0x534750
0:00:00.018755195  2475 0x150e320 DEBUG   GST_POLL gstpoll.c:980:gst_poll_fd_ctl_write: 0x1516820: fd (fd:0, idx:1), active : 1
0:00:00.024173897  2474 0x518370 TRACE   structure gststructure.c:287:gst_structure_new_id_empty_with_size: created structure 0x537b10
0:00:00.018767206  2475 0x150e320 LOG   GST_POLL gstpoll.c:994:gst_poll_fd_ctl_write: 0x1516820: pfd->events now 60 (POLLOUT:4)
0:00:00.024186301  2474 0x518370 DEBUG   structure gststructure.c:2203:gst_structure_parse_field: trying field name 'long-name'
0:00:00.018774158  2475 0x150e320 DEBUG   GST_POLL gstpoll.c:980:gst_poll_fd_ctl_write: 0x1516820: fd (fd:0, idx:1), active : 1
0:00:00.024192904  2474 0x518370 DEBUG   default gstvalue.c:2676:_priv_gst_value_parse_value: trying type name 'string'
0:00:00.018780656  2475 0x150e320 LOG   GST_POLL gstpoll.c:994:gst_poll_fd_ctl_write: 0x1516820: pfd->events now 60 (POLLOUT:4)
0:00:00.024200176  2474 0x518370 DEBUG   structure gststructure.c:2203:gst_structure_parse_field: trying field name 'klass'
0:00:00.018787699  2475 0x150e320 DEBUG   GST_POLL gstpoll.c:980:gst_poll_fd_ctl_write: 0x1516820: fd (fd:0, idx:1), active : 1
0:00:00.024206388  2474 0x518370 DEBUG   default gstvalue.c:2676:_priv_gst_value_parse_value: trying type name 'string'
0:00:00.018794381  2475 0x150e320 LOG   GST_POLL gstpoll.c:994:gst_poll_fd_ctl_write: 0x1516820: pfd->events now 60 (POLLOUT:4)
0:00:00.024213808  2474 0x518370 DEBUG   structure gststructure.c:2203:gst_structure_parse_field: trying field name 'description'
0:00:00.018801568  2475 0x150e320 DEBUG   GST_POLL gstpoll.c:980:gst_poll_fd_ctl_write: 0x1516820: fd (fd:0, idx:1), active : 1
0:00:00.024220328  2474 0x518370 DEBUG   default gstvalue.c:2676:_priv_gst_value_parse_value: trying type name 'string'
0:00:00.018808032  2475 0x150e320 LOG   GST_POLL gstpoll.c:994:gst_poll_fd_ctl_write: 0x1516820: pfd->events now 60 (POLLOUT:4)
0:00:00.024227446  2474 0x518370 DEBUG   structure gststructure.c:2203:gst_structure_parse_field: trying field name 'author'
0:00:00.018814978  2475 0x150e320 DEBUG   GST_POLL gstpoll.c:980:gst_poll_fd_ctl_write: 0x1516820: fd (fd:0, idx:1), active : 1
0:00:00.024233563  2474 0x518370 DEBUG   default gstvalue.c:2676:_priv_gst_value_parse_value: trying type name 'string'
0:00:00.018821433  2475 0x150e320 LOG   GST_POLL gstpoll.c:994:gst_poll_fd_ctl_write: 0x1516820: pfd->events now 60 (POLLOUT:4)
0:00:00.024240894  2474 0x518370 DEBUG   GST_REGISTRY gstregistrychunks.c:626:gst_registry_chunks_load_feature: Element factory : npadtemplates=2
0:00:00.018828577  2475 0x150e320 DEBUG   GST_POLL gstpoll.c:980:gst_poll_fd_ctl_write: 0x1516820: fd (fd:0, idx:1), active : 1
0:00:00.024247586  2474 0x518370 DEBUG   GST_REGISTRY gstregistrychunks.c:526:gst_registry_chunks_load_pad_template: Reading/casting for GstRegistryChunkPadTemplate at address 0x534820
0:00:00.018835192  2475 0x150e320 LOG   GST_POLL gstpoll.c:994:gst_poll_fd_ctl_write: 0x1516820: pfd->events now 60 (POLLOUT:4)
0:00:00.018842424  2475 0x150e320 DEBUG   GST_POLL gstpoll.c:980:gst_poll_fd_ctl_write: 0x1516820: fd (fd:0, idx:1), active : 1
0:00:00.024258856  2474 0x518370 DEBUG   GST_REGISTRY gstregistrychunks.c:539:gst_registry_chunks_load_pad_template: Added pad_template sink
0:00:00.018855598  2475 0x150e320 LOG   GST_POLL gstpoll.c:994:gst_poll_fd_ctl_write: 0x1516820: pfd->events now 60 (POLLOUT:4)
0:00:00.024274071  2474 0x518370 DEBUG   GST_REGISTRY gstregistrychunks.c:526:gst_registry_chunks_load_pad_template: Reading/casting for GstRegistryChunkPadTemplate at address 0x534838
0:00:00.018862778  2475 0x150e320 DEBUG   GST_POLL gstpoll.c:980:gst_poll_fd_ctl_write: 0x1516820: fd (fd:0, idx:1), active : 1
0:00:00.024280653  2474 0x518370 DEBUG   GST_REGISTRY gstregistrychunks.c:539:gst_registry_chunks_load_pad_template: Added pad_template src
0:00:00.018869776  2475 0x150e320 LOG   GST_POLL gstpoll.c:994:gst_poll_fd_ctl_write: 0x1516820: pfd->events now 60 (POLLOUT:4)
0:00:00.024290805  2474 0x518370 DEBUG   GST_REGISTRY gstregistry.c:590:gst_registry_add_feature: adding feature 0x537a20 (identity)
0:00:00.018876827  2475 0x150e320 DEBUG   GST_POLL gstpoll.c:980:gst_poll_fd_ctl_write: 0x1516820: fd (fd:0, idx:1), active : 1
0:00:00.024297973  2474 0x518370 DEBUG   GST_REFCOUNTING gstobject.c:709:gst_object_set_parent: set parent (ref and sink)
0:00:00.018884143  2475 0x150e320 LOG   GST_POLL gstpoll.c:994:gst_poll_fd_ctl_write: 0x1516820: pfd->events now 60 (POLLOUT:4)
0:00:00.024306433  2474 0x518370 TRACE   GST_REFCOUNTING gstobject.c:294:gst_object_ref_sink: 0x537a20 ref_sink 1->2
0:00:00.018892051  2475 0x150e320 DEBUG   GST_POLL gstpoll.c:980:gst_poll_fd_ctl_write: 0x1516820: fd (fd:0, idx:1), active : 1
0:00:00.024313877  2474 0x518370 LOG   GST_REGISTRY gstregistry.c:608:gst_registry_add_feature: emitting feature-added for identity
0:00:00.018899858  2475 0x150e320 LOG   GST_POLL gstpoll.c:994:gst_poll_fd_ctl_write: 0x1516820: pfd->events now 60 (POLLOUT:4)
0:00:00.024321252  2474 0x518370 DEBUG   GST_REGISTRY gstregistrychunks.c:741:gst_registry_chunks_load_feature: Added feature identity, plugin 0x532200 coreelements
0:00:00.018907046  2475 0x150e320 DEBUG   GST_POLL gstpoll.c:980:gst_poll_fd_ctl_write: 0x1516820: fd (fd:0, idx:1), active : 1
0:00:00.024329059  2474 0x518370 DEBUG   GST_REGISTRY gstregistrychunks.c:583:gst_registry_chunks_load_feature: Plugin 'coreelements' feature 'funnel' typename : 'GstElementFactory'
0:00:00.018914479  2475 0x150e320 LOG   GST_POLL gstpoll.c:994:gst_poll_fd_ctl_write: 0x1516820: pfd->events now 60 (POLLOUT:4)
0:00:00.024337403  2474 0x518370 TRACE   GST_REFCOUNTING gstobject.c:208:gst_object_init: 0x537d90 new
0:00:00.018922571  2475 0x150e320 DEBUG   GST_POLL gstpoll.c:980:gst_poll_fd_ctl_write: 0x1516820: fd (fd:0, idx:1), active : 1
0:00:00.024345953  2474 0x518370 LOG   GST_REGISTRY gstregistrychunks.c:610:gst_registry_chunks_load_feature: Reading/casting for GstRegistryChunkElementFactory at address 0x534868
0:00:00.018931100  2475 0x150e320 LOG   GST_POLL gstpoll.c:994:gst_poll_fd_ctl_write: 0x1516820: pfd->events now 60 (POLLOUT:4)
0:00:00.024357078  2474 0x518370 TRACE   structure gststructure.c:287:gst_structure_new_id_empty_with_size: created structure 0x537f50
0:00:00.018944052  2475 0x150e320 DEBUG   GST_POLL gstpoll.c:980:gst_poll_fd_ctl_write: 0x1516820: fd (fd:0, idx:1), active : 1
0:00:00.024364023  2474 0x518370 DEBUG   structure gststructure.c:2203:gst_structure_parse_field: trying field name 'long-name'
0:00:00.018950944  2475 0x150e320 LOG   GST_POLL gstpoll.c:994:gst_poll_fd_ctl_write: 0x1516820: pfd->events now 60 (POLLOUT:4)
0:00:00.024370524  2474 0x518370 DEBUG   default gstvalue.c:2676:_priv_gst_value_parse_value: trying type name 'string'
0:00:00.018957929  2475 0x150e320 DEBUG   GST_POLL gstpoll.c:980:gst_poll_fd_ctl_write: 0x1516820: fd (fd:0, idx:1), active : 1
0:00:00.024377878  2474 0x518370 DEBUG   structure gststructure.c:2203:gst_structure_parse_field: trying field name 'klass'
0:00:00.018964636  2475 0x150e320 LOG   GST_POLL gstpoll.c:994:gst_poll_fd_ctl_write: 0x1516820: pfd->events now 60 (POLLOUT:4)
0:00:00.024384233  2474 0x518370 DEBUG   default gstvalue.c:2676:_priv_gst_value_parse_value: trying type name 'string'
0:00:00.018971929  2475 0x150e320 DEBUG   GST_POLL gstpoll.c:980:gst_poll_fd_ctl_write: 0x1516820: fd (fd:0, idx:1), active : 1
0:00:00.024391247  2474 0x518370 DEBUG   structure gststructure.c:2203:gst_structure_parse_field: trying field name 'description'
0:00:00.018978333  2475 0x150e320 LOG   GST_POLL gstpoll.c:994:gst_poll_fd_ctl_write: 0x1516820: pfd->events now 60 (POLLOUT:4)
0:00:00.024398072  2474 0x518370 DEBUG   default gstvalue.c:2676:_priv_gst_value_parse_value: trying type name 'string'
0:00:00.018985650  2475 0x150e320 DEBUG   GST_POLL gstpoll.c:980:gst_poll_fd_ctl_write: 0x1516820: fd (fd:0, idx:1), active : 1
0:00:00.024405110  2474 0x518370 DEBUG   structure gststructure.c:2203:gst_structure_parse_field: trying field name 'author'
0:00:00.018992063  2475 0x150e320 LOG   GST_POLL gstpoll.c:994:gst_poll_fd_ctl_write: 0x1516820: pfd->events now 60 (POLLOUT:4)
0:00:00.024411349  2474 0x518370 DEBUG   default gstvalue.c:2676:_priv_gst_value_parse_value: trying type name 'string'
