0:00:00.020505693  2475 0x150e320 LOG   GST_POLL gstpoll.c:994:gst_poll_fd_ctl_write: 0x1516820: pfd->events now 60 (POLLOUT:4)
0:00:00.020513656  2475 0x150e320 DEBUG   GST_POLL gstpoll.c:980:gst_poll_fd_ctl_write: 0x1516820: fd (fd:0, idx:1), active : 1
0:00:00.025929039  2474 0x518370 TRACE   GST_REFCOUNTING gstobject.c:208:gst_object_init: 0x539f70 new
0:00:00.020519639  2475 0x150e320 LOG   GST_POLL gstpoll.c:994:gst_poll_fd_ctl_write: 0x1516820: pfd->events now 60 (POLLOUT:4)
0:00:00.025939640  2474 0x518370 LOG   GST_REGISTRY gstregistrychunks.c:610:gst_registry_chunks_load_feature: Reading/casting for GstRegistryChunkElementFactory at address 0x5352f8
0:00:00.020526411  2475 0x150e320 DEBUG   GST_POLL gstpoll.c:980:gst_poll_fd_ctl_write: 0x1516820: fd (fd:0, idx:1), active : 1
0:00:00.025946793  2474 0x518370 TRACE   structure gststructure.c:287:gst_structure_new_id_empty_with_size: created structure 0x53a260
0:00:00.020532844  2475 0x150e320 LOG   GST_POLL gstpoll.c:994:gst_poll_fd_ctl_write: 0x1516820: pfd->events now 60 (POLLOUT:4)
0:00:00.025953571  2474 0x518370 DEBUG   structure gststructure.c:2203:gst_structure_parse_field: trying field name 'long-name'
0:00:00.020540139  2475 0x150e320 DEBUG   GST_POLL gstpoll.c:980:gst_poll_fd_ctl_write: 0x1516820: fd (fd:0, idx:1), active : 1
0:00:00.025959919  2474 0x518370 DEBUG   default gstvalue.c:2676:_priv_gst_value_parse_value: trying type name 'string'
0:00:00.020546483  2475 0x150e320 LOG   GST_POLL gstpoll.c:994:gst_poll_fd_ctl_write: 0x1516820: pfd->events now 60 (POLLOUT:4)
0:00:00.025971978  2474 0x518370 DEBUG   structure gststructure.c:2203:gst_structure_parse_field: trying field name 'klass'
0:00:00.020558462  2475 0x150e320 DEBUG   GST_POLL gstpoll.c:980:gst_poll_fd_ctl_write: 0x1516820: fd (fd:0, idx:1), active : 1
0:00:00.025978632  2474 0x518370 DEBUG   default gstvalue.c:2676:_priv_gst_value_parse_value: trying type name 'string'
0:00:00.020565332  2475 0x150e320 LOG   GST_POLL gstpoll.c:994:gst_poll_fd_ctl_write: 0x1516820: pfd->events now 60 (POLLOUT:4)
0:00:00.025985878  2474 0x518370 DEBUG   structure gststructure.c:2203:gst_structure_parse_field: trying field name 'description'
0:00:00.020572339  2475 0x150e320 DEBUG   GST_POLL gstpoll.c:980:gst_poll_fd_ctl_write: 0x1516820: fd (fd:0, idx:1), active : 1
0:00:00.025991951  2474 0x518370 DEBUG   default gstvalue.c:2676:_priv_gst_value_parse_value: trying type name 'string'
0:00:00.020578955  2475 0x150e320 LOG   GST_POLL gstpoll.c:994:gst_poll_fd_ctl_write: 0x1516820: pfd->events now 60 (POLLOUT:4)
0:00:00.025999421  2474 0x518370 DEBUG   structure gststructure.c:2203:gst_structure_parse_field: trying field name 'author'
0:00:00.020585842  2475 0x150e320 DEBUG   GST_POLL gstpoll.c:980:gst_poll_fd_ctl_write: 0x1516820: fd (fd:0, idx:1), active : 1
0:00:00.026005517  2474 0x518370 DEBUG   default gstvalue.c:2676:_priv_gst_value_parse_value: trying type name 'string'
0:00:00.020592512  2475 0x150e320 LOG   GST_POLL gstpoll.c:994:gst_poll_fd_ctl_write: 0x1516820: pfd->events now 60 (POLLOUT:4)
0:00:00.026013349  2474 0x518370 DEBUG   GST_REGISTRY gstregistrychunks.c:626:gst_registry_chunks_load_feature: Element factory : npadtemplates=2
0:00:00.020599750  2475 0x150e320 DEBUG   GST_POLL gstpoll.c:980:gst_poll_fd_ctl_write: 0x1516820: fd (fd:0, idx:1), active : 1
0:00:00.026019797  2474 0x518370 DEBUG   GST_REGISTRY gstregistrychunks.c:526:gst_registry_chunks_load_pad_template: Reading/casting for GstRegistryChunkPadTemplate at address 0x5353c8
0:00:00.020606307  2475 0x150e320 LOG   GST_POLL gstpoll.c:994:gst_poll_fd_ctl_write: 0x1516820: pfd->events now 60 (POLLOUT:4)
0:00:00.026026505  2474 0x518370 DEBUG   GST_REGISTRY gstregistrychunks.c:539:gst_registry_chunks_load_pad_template: Added pad_template sink
0:00:00.020613819  2475 0x150e320 DEBUG   GST_POLL gstpoll.c:980:gst_poll_fd_ctl_write: 0x1516820: fd (fd:0, idx:1), active : 1
0:00:00.026033149  2474 0x518370 DEBUG   GST_REGISTRY gstregistrychunks.c:526:gst_registry_chunks_load_pad_template: Reading/casting for GstRegistryChunkPadTemplate at address 0x5353e0
0:00:00.020620642  2475 0x150e320 LOG   GST_POLL gstpoll.c:994:gst_poll_fd_ctl_write: 0x1516820: pfd->events now 60 (POLLOUT:4)
0:00:00.026040501  2474 0x518370 DEBUG   GST_REGISTRY gstregistrychunks.c:539:gst_registry_chunks_load_pad_template: Added pad_template src
0:00:00.020627750  2475 0x150e320 DEBUG   GST_POLL gstpoll.c:980:gst_poll_fd_ctl_write: 0x1516820: fd (fd:0, idx:1), active : 1
0:00:00.026049435  2474 0x518370 DEBUG   GST_REGISTRY gstregistry.c:590:gst_registry_add_feature: adding feature 0x539f70 (clocksync)
0:00:00.020640005  2475 0x150e320 LOG   GST_POLL gstpoll.c:994:gst_poll_fd_ctl_write: 0x1516820: pfd->events now 60 (POLLOUT:4)
0:00:00.026058778  2474 0x518370 DEBUG   GST_REFCOUNTING gstobject.c:709:gst_object_set_parent: set parent (ref and sink)
0:00:00.020646915  2475 0x150e320 DEBUG   GST_POLL gstpoll.c:980:gst_poll_fd_ctl_write: 0x1516820: fd (fd:0, idx:1), active : 1
0:00:00.026067548  2474 0x518370 TRACE   GST_REFCOUNTING gstobject.c:294:gst_object_ref_sink: 0x539f70 ref_sink 1->2
0:00:00.020653839  2475 0x150e320 LOG   GST_POLL gstpoll.c:994:gst_poll_fd_ctl_write: 0x1516820: pfd->events now 60 (POLLOUT:4)
0:00:00.026075404  2474 0x518370 LOG   GST_REGISTRY gstregistry.c:608:gst_registry_add_feature: emitting feature-added for clocksync
0:00:00.020661970  2475 0x150e320 DEBUG   GST_POLL gstpoll.c:980:gst_poll_fd_ctl_write: 0x1516820: fd (fd:0, idx:1), active : 1
0:00:00.026083314  2474 0x518370 DEBUG   GST_REGISTRY gstregistrychunks.c:741:gst_registry_chunks_load_feature: Added feature clocksync, plugin 0x532200 coreelements
0:00:00.020669021  2475 0x150e320 LOG   GST_POLL gstpoll.c:994:gst_poll_fd_ctl_write: 0x1516820: pfd->events now 60 (POLLOUT:4)
0:00:00.026091230  2474 0x518370 DEBUG   GST_REGISTRY gstregistrychunks.c:583:gst_registry_chunks_load_feature: Plugin 'coreelements' feature 'capsfilter' typename : 'GstElementFactory'
0:00:00.020677676  2475 0x150e320 DEBUG   GST_POLL gstpoll.c:980:gst_poll_fd_ctl_write: 0x1516820: fd (fd:0, idx:1), active : 1
0:00:00.020685279  2475 0x150e320 LOG   GST_POLL gstpoll.c:994:gst_poll_fd_ctl_write: 0x1516820: pfd->events now 60 (POLLOUT:4)
0:00:00.026100763  2474 0x518370 TRACE   GST_REFCOUNTING gstobject.c:208:gst_object_init: 0x53a160 new
0:00:00.020691984  2475 0x150e320 DEBUG   GST_POLL gstpoll.c:980:gst_poll_fd_ctl_write: 0x1516820: fd (fd:0, idx:1), active : 1
0:00:00.026111761  2474 0x518370 LOG   GST_REGISTRY gstregistrychunks.c:610:gst_registry_chunks_load_feature: Reading/casting for GstRegistryChunkElementFactory at address 0x535410
0:00:00.020711282  2475 0x150e320 LOG   GST_POLL gstpoll.c:994:gst_poll_fd_ctl_write: 0x1516820: pfd->events now 60 (POLLOUT:4)
0:00:00.026134309  2474 0x518370 TRACE   structure gststructure.c:287:gst_structure_new_id_empty_with_size: created structure 0x53a6a0
0:00:00.026141177  2474 0x518370 DEBUG   structure gststructure.c:2203:gst_structure_parse_field: trying field name 'long-name'
0:00:00.020723720  2475 0x150e320 DEBUG   GST_POLL gstpoll.c:980:gst_poll_fd_ctl_write: 0x1516820: fd (fd:0, idx:1), active : 1
0:00:00.026147575  2474 0x518370 DEBUG   default gstvalue.c:2676:_priv_gst_value_parse_value: trying type name 'string'
0:00:00.020737066  2475 0x150e320 LOG   GST_POLL gstpoll.c:994:gst_poll_fd_ctl_write: 0x1516820: pfd->events now 60 (POLLOUT:4)
0:00:00.026154900  2474 0x518370 DEBUG   structure gststructure.c:2203:gst_structure_parse_field: trying field name 'klass'
0:00:00.020751965  2475 0x150e320 DEBUG   GST_POLL gstpoll.c:980:gst_poll_fd_ctl_write: 0x1516820: fd (fd:0, idx:1), active : 1
0:00:00.020758571  2475 0x150e320 LOG   GST_POLL gstpoll.c:994:gst_poll_fd_ctl_write: 0x1516820: pfd->events now 60 (POLLOUT:4)
0:00:00.026169436  2474 0x518370 DEBUG   default gstvalue.c:2676:_priv_gst_value_parse_value: trying type name 'string'
0:00:00.020766891  2475 0x150e320 DEBUG   GST_POLL gstpoll.c:980:gst_poll_fd_ctl_write: 0x1516820: fd (fd:0, idx:1), active : 1
0:00:00.026186630  2474 0x518370 DEBUG   structure gststructure.c:2203:gst_structure_parse_field: trying field name 'description'
0:00:00.020773885  2475 0x150e320 LOG   GST_POLL gstpoll.c:994:gst_poll_fd_ctl_write: 0x1516820: pfd->events now 60 (POLLOUT:4)
0:00:00.026193405  2474 0x518370 DEBUG   default gstvalue.c:2676:_priv_gst_value_parse_value: trying type name 'string'
0:00:00.020781206  2475 0x150e320 DEBUG   GST_POLL gstpoll.c:980:gst_poll_fd_ctl_write: 0x1516820: fd (fd:0, idx:1), active : 1
0:00:00.026201014  2474 0x518370 DEBUG   structure gststructure.c:2203:gst_structure_parse_field: trying field name 'author'
0:00:00.020787736  2475 0x150e320 LOG   GST_POLL gstpoll.c:994:gst_poll_fd_ctl_write: 0x1516820: pfd->events now 60 (POLLOUT:4)
0:00:00.026207301  2474 0x518370 DEBUG   default gstvalue.c:2676:_priv_gst_value_parse_value: trying type name 'string'
0:00:00.020794581  2475 0x150e320 DEBUG   GST_POLL gstpoll.c:980:gst_poll_fd_ctl_write: 0x1516820: fd (fd:0, idx:1), active : 1
0:00:00.026214565  2474 0x518370 DEBUG   GST_REGISTRY gstregistrychunks.c:626:gst_registry_chunks_load_feature: Element factory : npadtemplates=2
0:00:00.020801056  2475 0x150e320 LOG   GST_POLL gstpoll.c:994:gst_poll_fd_ctl_write: 0x1516820: pfd->events now 60 (POLLOUT:4)
0:00:00.026221401  2474 0x518370 DEBUG   GST_REGISTRY gstregistrychunks.c:526:gst_registry_chunks_load_pad_template: Reading/casting for GstRegistryChunkPadTemplate at address 0x5354f0
0:00:00.020808422  2475 0x150e320 DEBUG   GST_POLL gstpoll.c:980:gst_poll_fd_ctl_write: 0x1516820: fd (fd:0, idx:1), active : 1
0:00:00.026228257  2474 0x518370 DEBUG   GST_REGISTRY gstregistrychunks.c:539:gst_registry_chunks_load_pad_template: Added pad_template sink
0:00:00.020815000  2475 0x150e320 LOG   GST_POLL gstpoll.c:994:gst_poll_fd_ctl_write: 0x1516820: pfd->events now 60 (POLLOUT:4)
0:00:00.026234589  2474 0x518370 DEBUG   GST_REGISTRY gstregistrychunks.c:526:gst_registry_chunks_load_pad_template: Reading/casting for GstRegistryChunkPadTemplate at address 0x535508
0:00:00.020822059  2475 0x150e320 DEBUG   GST_POLL gstpoll.c:980:gst_poll_fd_ctl_write: 0x1516820: fd (fd:0, idx:1), active : 1
0:00:00.026241362  2474 0x518370 DEBUG   GST_REGISTRY gstregistrychunks.c:539:gst_registry_chunks_load_pad_template: Added pad_template src
0:00:00.020828773  2475 0x150e320 LOG   GST_POLL gstpoll.c:994:gst_poll_fd_ctl_write: 0x1516820: pfd->events now 60 (POLLOUT:4)
0:00:00.020841918  2475 0x150e320 DEBUG   GST_POLL gstpoll.c:980:gst_poll_fd_ctl_write: 0x1516820: fd (fd:0, idx:1), active : 1
0:00:00.026261822  2474 0x518370 DEBUG   GST_REGISTRY gstregistry.c:590:gst_registry_add_feature: adding feature 0x53a160 (capsfilter)
0:00:00.020847870  2475 0x150e320 LOG   GST_POLL gstpoll.c:994:gst_poll_fd_ctl_write: 0x1516820: pfd->events now 60 (POLLOUT:4)
0:00:00.026269545  2474 0x518370 DEBUG   GST_REFCOUNTING gstobject.c:709:gst_object_set_parent: set parent (ref and sink)
0:00:00.020855540  2475 0x150e320 DEBUG   GST_POLL gstpoll.c:980:gst_poll_fd_ctl_write: 0x1516820: fd (fd:0, idx:1), active : 1
0:00:00.026277948  2474 0x518370 TRACE   GST_REFCOUNTING gstobject.c:294:gst_object_ref_sink: 0x53a160 ref_sink 1->2
0:00:00.020863148  2475 0x150e320 LOG   GST_POLL gstpoll.c:994:gst_poll_fd_ctl_write: 0x1516820: pfd->events now 60 (POLLOUT:4)
0:00:00.026286070  2474 0x518370 LOG   GST_REGISTRY gstregistry.c:608:gst_registry_add_feature: emitting feature-added for capsfilter
0:00:00.020871996  2475 0x150e320 DEBUG   GST_POLL gstpoll.c:980:gst_poll_fd_ctl_write: 0x1516820: fd (fd:0, idx:1), active : 1
0:00:00.026293857  2474 0x518370 DEBUG   GST_REGISTRY gstregistrychunks.c:741:gst_registry_chunks_load_feature: Added feature capsfilter, plugin 0x532200 coreelements
0:00:00.020879316  2475 0x150e320 LOG   GST_POLL gstpoll.c:994:gst_poll_fd_ctl_write: 0x1516820: pfd->events now 60 (POLLOUT:4)
0:00:00.020887482  2475 0x150e320 DEBUG   GST_POLL gstpoll.c:980:gst_poll_fd_ctl_write: 0x1516820: fd (fd:0, idx:1), active : 1
0:00:00.026302800  2474 0x518370 LOG   GST_PLUGIN_LOADING gstpluginloader.c:889:handle_rx_packet: marking plugin 0x532200 as registered as /home/conan/w/prod/BuildSingleReference/.conan/data/gstreamer/1.18.3/_/_/package/467fc03b0f24213bb9b1cf088fa7fb20ffd79c35/lib/gstreamer-1.0/libgstcoreelements.so
0:00:00.020893924  2475 0x150e320 LOG   GST_POLL gstpoll.c:994:gst_poll_fd_ctl_write: 0x1516820: pfd->events now 60 (POLLOUT:4)
0:00:00.020901217  2475 0x150e320 DEBUG   GST_POLL gstpoll.c:980:gst_poll_fd_ctl_write: 0x1516820: fd (fd:0, idx:1), active : 1
0:00:00.026316987  2474 0x518370 DEBUG   GST_POLL gstpoll.c:1414:gst_poll_wait: 0x531b80: timeout :0:00:01.000000000
0:00:00.020907202  2475 0x150e320 LOG   GST_POLL gstpoll.c:994:gst_poll_fd_ctl_write: 0x1516820: pfd->events now 60 (POLLOUT:4)
0:00:00.020914438  2475 0x150e320 DEBUG   GST_POLL gstpoll.c:980:gst_poll_fd_ctl_write: 0x1516820: fd (fd:0, idx:1), active : 1
0:00:00.020921172  2475 0x150e320 LOG   GST_POLL gstpoll.c:994:gst_poll_fd_ctl_write: 0x1516820: pfd->events now 60 (POLLOUT:4)
0:00:00.020927401  2475 0x150e320 DEBUG   GST_POLL gstpoll.c:980:gst_poll_fd_ctl_write: 0x1516820: fd (fd:0, idx:1), active : 1
0:00:00.020933323  2475 0x150e320 LOG   GST_POLL gstpoll.c:994:gst_poll_fd_ctl_write: 0x1516820: pfd->events now 60 (POLLOUT:4)
0:00:00.020944410  2475 0x150e320 DEBUG   GST_POLL gstpoll.c:980:gst_poll_fd_ctl_write: 0x1516820: fd (fd:0, idx:1), active : 1
0:00:00.020950745  2475 0x150e320 LOG   GST_POLL gstpoll.c:994:gst_poll_fd_ctl_write: 0x1516820: pfd->events now 60 (POLLOUT:4)
0:00:00.020957282  2475 0x150e320 DEBUG   GST_POLL gstpoll.c:980:gst_poll_fd_ctl_write: 0x1516820: fd (fd:0, idx:1), active : 1
0:00:00.020963310  2475 0x150e320 LOG   GST_POLL gstpoll.c:994:gst_poll_fd_ctl_write: 0x1516820: pfd->events now 60 (POLLOUT:4)
0:00:00.020969636  2475 0x150e320 DEBUG   GST_POLL gstpoll.c:980:gst_poll_fd_ctl_write: 0x1516820: fd (fd:0, idx:1), active : 1
0:00:00.020975731  2475 0x150e320 LOG   GST_POLL gstpoll.c:994:gst_poll_fd_ctl_write: 0x1516820: pfd->events now 60 (POLLOUT:4)
0:00:00.020981887  2475 0x150e320 DEBUG   GST_POLL gstpoll.c:980:gst_poll_fd_ctl_write: 0x1516820: fd (fd:0, idx:1), active : 1
0:00:00.020987934  2475 0x150e320 LOG   GST_POLL gstpoll.c:994:gst_poll_fd_ctl_write: 0x1516820: pfd->events now 60 (POLLOUT:4)
0:00:00.020994272  2475 0x150e320 DEBUG   GST_POLL gstpoll.c:980:gst_poll_fd_ctl_write: 0x1516820: fd (fd:0, idx:1), active : 1
0:00:00.021000294  2475 0x150e320 LOG   GST_POLL gstpoll.c:994:gst_poll_fd_ctl_write: 0x1516820: pfd->events now 60 (POLLOUT:4)
0:00:00.021006561  2475 0x150e320 DEBUG   GST_POLL gstpoll.c:980:gst_poll_fd_ctl_write: 0x1516820: fd (fd:0, idx:1), active : 1
0:00:00.021012576  2475 0x150e320 LOG   GST_POLL gstpoll.c:994:gst_poll_fd_ctl_write: 0x1516820: pfd->events now 60 (POLLOUT:4)
0:00:00.021019190  2475 0x150e320 DEBUG   GST_POLL gstpoll.c:980:gst_poll_fd_ctl_write: 0x1516820: fd (fd:0, idx:1), active : 1
0:00:00.021025039  2475 0x150e320 LOG   GST_POLL gstpoll.c:994:gst_poll_fd_ctl_write: 0x1516820: pfd->events now 60 (POLLOUT:4)
0:00:00.021036662  2475 0x150e320 TRACE   GST_REFCOUNTING gstobject.c:265:gst_object_unref: 0x152a150 unref 2->1
0:00:00.021045319  2475 0x150e320 DEBUG   GST_POLL gstpoll.c:1241:gst_poll_fd_has_error: 0x1516820: fd (fd:0, idx:1) 0
0:00:00.021051831  2475 0x150e320 DEBUG   GST_POLL gstpoll.c:1335:gst_poll_fd_can_write: 0x1516820: fd (fd:0, idx:1) 1
0:00:00.021058179  2475 0x150e320 LOG   GST_PLUGIN_LOADING gstpluginloader.c:690:write_one: Writing packet of size 488 bytes to fd 0
0:00:00.021078966  2475 0x150e320 DEBUG   GST_POLL gstpoll.c:1414:gst_poll_wait: 0x1516820: timeout :0:00:01.000000000
0:00:00.021090336  2475 0x150e320 LOG   GST_PLUGIN_LOADING gstpluginloader.c:1028:exchange_packets: Poll res = 2. 6872 bytes pending for write
0:00:00.021098085  2475 0x150e320 DEBUG   GST_POLL gstpoll.c:1241:gst_poll_fd_has_error: 0x1516820: fd (fd:5, idx:2) 0
0:00:00.021104423  2475 0x150e320 DEBUG   GST_POLL gstpoll.c:1266:gst_poll_fd_can_read_unlocked: 0x1516820: fd (fd:5, idx:2) 1
0:00:00.026524581  2474 0x518370 LOG   GST_PLUGIN_LOADING gstpluginloader.c:1028:exchange_packets: Poll res = 1. 0 bytes pending for write
0:00:00.021113099  2475 0x150e320 LOG   GST_PLUGIN_LOADING gstpluginloader.c:1006:read_one: No payload to read for 0 length packet type 1 tag 0
0:00:00.026550344  2474 0x518370 DEBUG   GST_POLL gstpoll.c:1241:gst_poll_fd_has_error: 0x531b80: fd (fd:8, idx:2) 0
0:00:00.021135636  2475 0x150e320 DEBUG   GST_POLL gstpoll.c:1015:gst_poll_fd_ctl_read_unlocked: 0x1516820: fd (fd:5, idx:2), active : 0
0:00:00.026558612  2474 0x518370 DEBUG   GST_POLL gstpoll.c:1266:gst_poll_fd_can_read_unlocked: 0x531b80: fd (fd:8, idx:2) 1
0:00:00.021144606  2475 0x150e320 DEBUG   GST_POLL gstpoll.c:980:gst_poll_fd_ctl_write: 0x1516820: fd (fd:0, idx:1), active : 1
0:00:00.021151649  2475 0x150e320 LOG   GST_POLL gstpoll.c:994:gst_poll_fd_ctl_write: 0x1516820: pfd->events now 60 (POLLOUT:4)
0:00:00.026572642  2474 0x518370 DEBUG   GST_PLUGIN_LOADING gstpluginloader.c:850:handle_rx_packet: Received plugin details from child w/ tag 2. 476 bytes info
0:00:00.021158096  2475 0x150e320 DEBUG   GST_POLL gstpoll.c:1241:gst_poll_fd_has_error: 0x1516820: fd (fd:0, idx:1) 0
0:00:00.026580343  2474 0x518370 LOG   GST_REGISTRY gstregistrychunks.c:837:_priv_gst_registry_chunks_load_plugin: Reading/casting for GstRegistryChunkPluginElement at address 0x533a50
0:00:00.021166789  2475 0x150e320 DEBUG   GST_POLL gstpoll.c:1335:gst_poll_fd_can_write: 0x1516820: fd (fd:0, idx:1) 1
0:00:00.021173773  2475 0x150e320 LOG   GST_PLUGIN_LOADING gstpluginloader.c:690:write_one: Writing packet of size 6872 bytes to fd 0
0:00:00.026592077  2474 0x518370 TRACE   GST_REFCOUNTING gstobject.c:208:gst_object_init: 0x53a960 new
0:00:00.021185525  2475 0x150e320 DEBUG   GST_POLL gstpoll.c:1414:gst_poll_wait: 0x1516820: timeout :0:00:01.000000000
0:00:00.021194030  2475 0x150e320 LOG   GST_PLUGIN_LOADING gstpluginloader.c:1028:exchange_packets: Poll res = 1. 12 bytes pending for write
0:00:00.026609382  2474 0x518370 LOG   GST_REGISTRY gstregistrychunks.c:858:_priv_gst_registry_chunks_load_plugin: read strings for name='coretracers'
0:00:00.021201217  2475 0x150e320 DEBUG   GST_POLL gstpoll.c:1241:gst_poll_fd_has_error: 0x1516820: fd (fd:0, idx:1) 0
0:00:00.026619599  2474 0x518370 LOG   GST_REGISTRY gstregistrychunks.c:859:_priv_gst_registry_chunks_load_plugin: desc.description='GStreamer core tracers'
0:00:00.021208464  2475 0x150e320 DEBUG   GST_POLL gstpoll.c:1335:gst_poll_fd_can_write: 0x1516820: fd (fd:0, idx:1) 1
0:00:00.026627365  2474 0x518370 LOG   GST_REGISTRY gstregistrychunks.c:860:_priv_gst_registry_chunks_load_plugin: filename='/home/conan/w/prod/BuildSingleReference/.conan/data/gstreamer/1.18.3/_/_/package/467fc03b0f24213bb9b1cf088fa7fb20ffd79c35/lib/gstreamer-1.0/libgstcoretracers.so'
0:00:00.021214923  2475 0x150e320 LOG   GST_PLUGIN_LOADING gstpluginloader.c:690:write_one: Writing packet of size 12 bytes to fd 0
0:00:00.026634390  2474 0x518370 LOG   GST_REGISTRY gstregistrychunks.c:861:_priv_gst_registry_chunks_load_plugin: desc.version='1.18.3'
0:00:00.021223442  2475 0x150e320 DEBUG   GST_POLL gstpoll.c:980:gst_poll_fd_ctl_write: 0x1516820: fd (fd:0, idx:1), active : 0
0:00:00.026640894  2474 0x518370 LOG   GST_REGISTRY gstregistrychunks.c:862:_priv_gst_registry_chunks_load_plugin: desc.license='LGPL'
0:00:00.021236145  2475 0x150e320 LOG   GST_POLL gstpoll.c:994:gst_poll_fd_ctl_write: 0x1516820: pfd->events now 56 (POLLOUT:4)
0:00:00.026653584  2474 0x518370 LOG   GST_REGISTRY gstregistrychunks.c:863:_priv_gst_registry_chunks_load_plugin: desc.source='gstreamer'
0:00:00.026661621  2474 0x518370 LOG   GST_REGISTRY gstregistrychunks.c:864:_priv_gst_registry_chunks_load_plugin: desc.package='GStreamer source release'
0:00:00.026667809  2474 0x518370 LOG   GST_REGISTRY gstregistrychunks.c:865:_priv_gst_registry_chunks_load_plugin: desc.origin='Unknown package origin'
0:00:00.026673683  2474 0x518370 LOG   GST_REGISTRY gstregistrychunks.c:866:_priv_gst_registry_chunks_load_plugin: desc.datetime=2021-01-13
0:00:00.021258083  2475 0x150e320 DEBUG   GST_POLL gstpoll.c:772:gst_poll_free: 0x1516820: freeing
0:00:00.026684836  2474 0x518370 DEBUG   GST_REGISTRY gstregistry.c:449:gst_registry_add_plugin: Replacing existing plugin "/home/conan/w/prod/BuildSingleReference/.conan/data/gstreamer/1.18.3/_/_/package/467fc03b0f24213bb9b1cf088fa7fb20ffd79c35/lib/gstreamer-1.0/libgstcoretracers.so" 0x531be0 with new plugin 0x53a960 for filename "/home/conan/w/prod/BuildSingleReference/.conan/data/gstreamer/1.18.3/_/_/package/467fc03b0f24213bb9b1cf088fa7fb20ffd79c35/lib/gstreamer-1.0/libgstcoretracers.so"
0:00:00.026702637  2474 0x518370 TRACE   GST_REFCOUNTING gstobject.c:265:gst_object_unref: 0x531be0 unref 1->0
0:00:00.026712321  2474 0x518370 TRACE   GST_REFCOUNTING gstobject.c:381:gst_object_dispose: 0x531be0 dispose
0:00:00.026721842  2474 0x518370 DEBUG   GST_PLUGIN_LOADING gstplugin.c:136:gst_plugin_finalize: finalizing plugin
0:00:00.026731778  2474 0x518370 TRACE   GST_REFCOUNTING gstobject.c:423:gst_object_finalize: 0x531be0 finalize
0:00:00.026749468  2474 0x518370 DEBUG   GST_REGISTRY gstregistry.c:474:gst_registry_add_plugin: adding plugin 0x53a960 for filename "/home/conan/w/prod/BuildSingleReference/.conan/data/gstreamer/1.18.3/_/_/package/467fc03b0f24213bb9b1cf088fa7fb20ffd79c35/lib/gstreamer-1.0/libgstcoretracers.so"
0:00:00.026759916  2474 0x518370 TRACE   GST_REFCOUNTING gstobject.c:294:gst_object_ref_sink: 0x53a960 ref_sink 1->2
0:00:00.026770069  2474 0x518370 LOG   GST_REGISTRY gstregistry.c:487:gst_registry_add_plugin: emitting plugin-added for filename "/home/conan/w/prod/BuildSingleReference/.conan/data/gstreamer/1.18.3/_/_/package/467fc03b0f24213bb9b1cf088fa7fb20ffd79c35/lib/gstreamer-1.0/libgstcoretracers.so"
0:00:00.026778261  2474 0x518370 DEBUG   GST_REGISTRY gstregistrychunks.c:887:_priv_gst_registry_chunks_load_plugin: Added plugin 'coretracers' plugin with 5 features from binary registry
0:00:00.026785708  2474 0x518370 DEBUG   GST_REGISTRY gstregistrychunks.c:583:gst_registry_chunks_load_feature: Plugin 'coretracers' feature 'leaks' typename : 'GstTracerFactory'
0:00:00.026794629  2474 0x518370 TRACE   GST_REFCOUNTING gstobject.c:208:gst_object_init: 0x532800 new
0:00:00.026811342  2474 0x518370 DEBUG   GST_REGISTRY gstregistrychunks.c:718:gst_registry_chunks_load_feature: Reading/casting for GstRegistryChunkPluginFeature at address 0x533b98
0:00:00.026819802  2474 0x518370 DEBUG   GST_REGISTRY gstregistry.c:581:gst_registry_add_feature: replacing existing feature 0x532a70 (leaks)
0:00:00.026827650  2474 0x518370 DEBUG   GST_REGISTRY gstregistry.c:590:gst_registry_add_feature: adding feature 0x532800 (leaks)
0:00:00.026834074  2474 0x518370 TRACE   GST_REFCOUNTING gstobject.c:788:gst_object_unparent: unparent
0:00:00.026841815  2474 0x518370 TRACE   GST_REFCOUNTING gstobject.c:265:gst_object_unref: 0x532a70 unref 1->0
0:00:00.026848788  2474 0x518370 TRACE   GST_REFCOUNTING gstobject.c:381:gst_object_dispose: 0x532a70 dispose
0:00:00.026864324  2474 0x518370 DEBUG   GST_PLUGIN_LOADING gstpluginfeature.c:67:gst_plugin_feature_finalize: finalizing feature 0x532a70: 'leaks'
0:00:00.026870830  2474 0x518370 TRACE   GST_REFCOUNTING gstobject.c:423:gst_object_finalize: 0x532a70 finalize
0:00:00.026878097  2474 0x518370 DEBUG   GST_REFCOUNTING gstobject.c:709:gst_object_set_parent: set parent (ref and sink)
0:00:00.026885470  2474 0x518370 TRACE   GST_REFCOUNTING gstobject.c:294:gst_object_ref_sink: 0x532800 ref_sink 1->2
0:00:00.026892544  2474 0x518370 LOG   GST_REGISTRY gstregistry.c:608:gst_registry_add_feature: emitting feature-added for leaks
0:00:00.026899582  2474 0x518370 DEBUG   GST_REGISTRY gstregistrychunks.c:741:gst_registry_chunks_load_feature: Added feature leaks, plugin 0x53a960 coretracers
0:00:00.026906476  2474 0x518370 DEBUG   GST_REGISTRY gstregistrychunks.c:583:gst_registry_chunks_load_feature: Plugin 'coretracers' feature 'stats' typename : 'GstTracerFactory'
0:00:00.026915005  2474 0x518370 TRACE   GST_REFCOUNTING gstobject.c:208:gst_object_init: 0x531bd0 new
0:00:00.026923422  2474 0x518370 DEBUG   GST_REGISTRY gstregistrychunks.c:718:gst_registry_chunks_load_feature: Reading/casting for GstRegistryChunkPluginFeature at address 0x533bb8
0:00:00.026931624  2474 0x518370 DEBUG   GST_REGISTRY gstregistry.c:581:gst_registry_add_feature: replacing existing feature 0x532c70 (stats)
0:00:00.026939178  2474 0x518370 DEBUG   GST_REGISTRY gstregistry.c:590:gst_registry_add_feature: adding feature 0x531bd0 (stats)
0:00:00.026945435  2474 0x518370 TRACE   GST_REFCOUNTING gstobject.c:788:gst_object_unparent: unparent
0:00:00.026953139  2474 0x518370 TRACE   GST_REFCOUNTING gstobject.c:265:gst_object_unref: 0x532c70 unref 1->0
0:00:00.026960253  2474 0x518370 TRACE   GST_REFCOUNTING gstobject.c:381:gst_object_dispose: 0x532c70 dispose
0:00:00.026967964  2474 0x518370 DEBUG   GST_PLUGIN_LOADING gstpluginfeature.c:67:gst_plugin_feature_finalize: finalizing feature 0x532c70: 'stats'
0:00:00.026974604  2474 0x518370 TRACE   GST_REFCOUNTING gstobject.c:423:gst_object_finalize: 0x532c70 finalize
0:00:00.026989732  2474 0x518370 DEBUG   GST_REFCOUNTING gstobject.c:709:gst_object_set_parent: set parent (ref and sink)
0:00:00.026997585  2474 0x518370 TRACE   GST_REFCOUNTING gstobject.c:294:gst_object_ref_sink: 0x531bd0 ref_sink 1->2
0:00:00.027004452  2474 0x518370 LOG   GST_REGISTRY gstregistry.c:608:gst_registry_add_feature: emitting feature-added for stats
0:00:00.027011340  2474 0x518370 DEBUG   GST_REGISTRY gstregistrychunks.c:741:gst_registry_chunks_load_feature: Added feature stats, plugin 0x53a960 coretracers
0:00:00.027018739  2474 0x518370 DEBUG   GST_REGISTRY gstregistrychunks.c:583:gst_registry_chunks_load_feature: Plugin 'coretracers' feature 'rusage' typename : 'GstTracerFactory'
0:00:00.027026959  2474 0x518370 TRACE   GST_REFCOUNTING gstobject.c:208:gst_object_init: 0x532c70 new
0:00:00.027035763  2474 0x518370 DEBUG   GST_REGISTRY gstregistrychunks.c:718:gst_registry_chunks_load_feature: Reading/casting for GstRegistryChunkPluginFeature at address 0x533bd8
0:00:00.027043682  2474 0x518370 DEBUG   GST_REGISTRY gstregistry.c:581:gst_registry_add_feature: replacing existing feature 0x532dc0 (rusage)
0:00:00.027050987  2474 0x518370 DEBUG   GST_REGISTRY gstregistry.c:590:gst_registry_add_feature: adding feature 0x532c70 (rusage)
0:00:00.027057178  2474 0x518370 TRACE   GST_REFCOUNTING gstobject.c:788:gst_object_unparent: unparent
0:00:00.027064433  2474 0x518370 TRACE   GST_REFCOUNTING gstobject.c:265:gst_object_unref: 0x532dc0 unref 1->0
0:00:00.027071558  2474 0x518370 TRACE   GST_REFCOUNTING gstobject.c:381:gst_object_dispose: 0x532dc0 dispose
0:00:00.027079114  2474 0x518370 DEBUG   GST_PLUGIN_LOADING gstpluginfeature.c:67:gst_plugin_feature_finalize: finalizing feature 0x532dc0: 'rusage'
0:00:00.027085641  2474 0x518370 TRACE   GST_REFCOUNTING gstobject.c:423:gst_object_finalize: 0x532dc0 finalize
0:00:00.027092229  2474 0x518370 DEBUG   GST_REFCOUNTING gstobject.c:709:gst_object_set_parent: set parent (ref and sink)
0:00:00.027102992  2474 0x518370 TRACE   GST_REFCOUNTING gstobject.c:294:gst_object_ref_sink: 0x532c70 ref_sink 1->2
0:00:00.027110124  2474 0x518370 LOG   GST_REGISTRY gstregistry.c:608:gst_registry_add_feature: emitting feature-added for rusage
0:00:00.027136059  2474 0x518370 DEBUG   GST_REGISTRY gstregistrychunks.c:741:gst_registry_chunks_load_feature: Added feature rusage, plugin 0x53a960 coretracers
0:00:00.027143867  2474 0x518370 DEBUG   GST_REGISTRY gstregistrychunks.c:583:gst_registry_chunks_load_feature: Plugin 'coretracers' feature 'log' typename : 'GstTracerFactory'
0:00:00.027152013  2474 0x518370 TRACE   GST_REFCOUNTING gstobject.c:208:gst_object_init: 0x532dc0 new
0:00:00.027161499  2474 0x518370 DEBUG   GST_REGISTRY gstregistrychunks.c:718:gst_registry_chunks_load_feature: Reading/casting for GstRegistryChunkPluginFeature at address 0x533bf8
0:00:00.027169724  2474 0x518370 DEBUG   GST_REGISTRY gstregistry.c:581:gst_registry_add_feature: replacing existing feature 0x532f10 (log)
0:00:00.027182829  2474 0x518370 DEBUG   GST_REGISTRY gstregistry.c:590:gst_registry_add_feature: adding feature 0x532dc0 (log)
0:00:00.027188907  2474 0x518370 TRACE   GST_REFCOUNTING gstobject.c:788:gst_object_unparent: unparent
0:00:00.027196353  2474 0x518370 TRACE   GST_REFCOUNTING gstobject.c:265:gst_object_unref: 0x532f10 unref 1->0
0:00:00.027203708  2474 0x518370 TRACE   GST_REFCOUNTING gstobject.c:381:gst_object_dispose: 0x532f10 dispose
0:00:00.027211079  2474 0x518370 DEBUG   GST_PLUGIN_LOADING gstpluginfeature.c:67:gst_plugin_feature_finalize: finalizing feature 0x532f10: 'log'
0:00:00.027217737  2474 0x518370 TRACE   GST_REFCOUNTING gstobject.c:423:gst_object_finalize: 0x532f10 finalize
0:00:00.027225106  2474 0x518370 DEBUG   GST_REFCOUNTING gstobject.c:709:gst_object_set_parent: set parent (ref and sink)
0:00:00.027232160  2474 0x518370 TRACE   GST_REFCOUNTING gstobject.c:294:gst_object_ref_sink: 0x532dc0 ref_sink 1->2
0:00:00.027239284  2474 0x518370 LOG   GST_REGISTRY gstregistry.c:608:gst_registry_add_feature: emitting feature-added for log
0:00:00.027246097  2474 0x518370 DEBUG   GST_REGISTRY gstregistrychunks.c:741:gst_registry_chunks_load_feature: Added feature log, plugin 0x53a960 coretracers
0:00:00.027253348  2474 0x518370 DEBUG   GST_REGISTRY gstregistrychunks.c:583:gst_registry_chunks_load_feature: Plugin 'coretracers' feature 'latency' typename : 'GstTracerFactory'
0:00:00.027273755  2474 0x518370 TRACE   GST_REFCOUNTING gstobject.c:208:gst_object_init: 0x532f10 new
0:00:00.027282088  2474 0x518370 DEBUG   GST_REGISTRY gstregistrychunks.c:718:gst_registry_chunks_load_feature: Reading/casting for GstRegistryChunkPluginFeature at address 0x533c20
0:00:00.027290510  2474 0x518370 DEBUG   GST_REGISTRY gstregistry.c:581:gst_registry_add_feature: replacing existing feature 0x533110 (latency)
0:00:00.027298388  2474 0x518370 DEBUG   GST_REGISTRY gstregistry.c:590:gst_registry_add_feature: adding feature 0x532f10 (latency)
0:00:00.027304895  2474 0x518370 TRACE   GST_REFCOUNTING gstobject.c:788:gst_object_unparent: unparent
0:00:00.027312148  2474 0x518370 TRACE   GST_REFCOUNTING gstobject.c:265:gst_object_unref: 0x533110 unref 1->0
0:00:00.027319329  2474 0x518370 TRACE   GST_REFCOUNTING gstobject.c:381:gst_object_dispose: 0x533110 dispose
0:00:00.027326888  2474 0x518370 DEBUG   GST_PLUGIN_LOADING gstpluginfeature.c:67:gst_plugin_feature_finalize: finalizing feature 0x533110: 'latency'
0:00:00.027333711  2474 0x518370 TRACE   GST_REFCOUNTING gstobject.c:423:gst_object_finalize: 0x533110 finalize
0:00:00.027340509  2474 0x518370 DEBUG   GST_REFCOUNTING gstobject.c:709:gst_object_set_parent: set parent (ref and sink)
0:00:00.027348269  2474 0x518370 TRACE   GST_REFCOUNTING gstobject.c:294:gst_object_ref_sink: 0x532f10 ref_sink 1->2
0:00:00.027361981  2474 0x518370 LOG   GST_REGISTRY gstregistry.c:608:gst_registry_add_feature: emitting feature-added for latency
0:00:00.027369213  2474 0x518370 DEBUG   GST_REGISTRY gstregistrychunks.c:741:gst_registry_chunks_load_feature: Added feature latency, plugin 0x53a960 coretracers
0:00:00.027377307  2474 0x518370 LOG   GST_PLUGIN_LOADING gstpluginloader.c:889:handle_rx_packet: marking plugin 0x53a960 as registered as /home/conan/w/prod/BuildSingleReference/.conan/data/gstreamer/1.18.3/_/_/package/467fc03b0f24213bb9b1cf088fa7fb20ffd79c35/lib/gstreamer-1.0/libgstcoretracers.so
0:00:00.027387906  2474 0x518370 DEBUG   GST_POLL gstpoll.c:1414:gst_poll_wait: 0x531b80: timeout :0:00:01.000000000
0:00:00.027398639  2474 0x518370 LOG   GST_PLUGIN_LOADING gstpluginloader.c:1028:exchange_packets: Poll res = 2. 0 bytes pending for write
0:00:00.027407559  2474 0x518370 DEBUG   GST_POLL gstpoll.c:1241:gst_poll_fd_has_error: 0x531b80: fd (fd:8, idx:2) 0
0:00:00.027414432  2474 0x518370 DEBUG   GST_POLL gstpoll.c:1266:gst_poll_fd_can_read_unlocked: 0x531b80: fd (fd:8, idx:2) 1
0:00:00.027426768  2474 0x518370 DEBUG   GST_PLUGIN_LOADING gstpluginloader.c:850:handle_rx_packet: Received plugin details from child w/ tag 3. 6860 bytes info
0:00:00.027433196  2474 0x518370 LOG   GST_REGISTRY gstregistrychunks.c:837:_priv_gst_registry_chunks_load_plugin: Reading/casting for GstRegistryChunkPluginElement at address 0x533a50
0:00:00.027440591  2474 0x518370 TRACE   GST_REFCOUNTING gstobject.c:208:gst_object_init: 0x531ca0 new
0:00:00.027451726  2474 0x518370 LOG   GST_REGISTRY gstregistrychunks.c:858:_priv_gst_registry_chunks_load_plugin: read strings for name='coreelements'
0:00:00.027457866  2474 0x518370 LOG   GST_REGISTRY gstregistrychunks.c:859:_priv_gst_registry_chunks_load_plugin: desc.description='GStreamer core elements'
0:00:00.027464503  2474 0x518370 LOG   GST_REGISTRY gstregistrychunks.c:860:_priv_gst_registry_chunks_load_plugin: filename='/home/conan/w/prod/BuildSingleReference/.conan/data/gstreamer/1.18.3/_/_/package/467fc03b0f24213bb9b1cf088fa7fb20ffd79c35/lib/gstreamer-1.0/libgstcoreelements.so'
0:00:00.027470988  2474 0x518370 LOG   GST_REGISTRY gstregistrychunks.c:861:_priv_gst_registry_chunks_load_plugin: desc.version='1.18.3'
0:00:00.027476609  2474 0x518370 LOG   GST_REGISTRY gstregistrychunks.c:862:_priv_gst_registry_chunks_load_plugin: desc.license='LGPL'
0:00:00.027482180  2474 0x518370 LOG   GST_REGISTRY gstregistrychunks.c:863:_priv_gst_registry_chunks_load_plugin: desc.source='gstreamer'
0:00:00.027488206  2474 0x518370 LOG   GST_REGISTRY gstregistrychunks.c:864:_priv_gst_registry_chunks_load_plugin: desc.package='GStreamer source release'
0:00:00.027493911  2474 0x518370 LOG   GST_REGISTRY gstregistrychunks.c:865:_priv_gst_registry_chunks_load_plugin: desc.origin='Unknown package origin'
0:00:00.027499692  2474 0x518370 LOG   GST_REGISTRY gstregistrychunks.c:866:_priv_gst_registry_chunks_load_plugin: desc.datetime=2021-01-13
0:00:00.027509468  2474 0x518370 DEBUG   GST_REGISTRY gstregistry.c:449:gst_registry_add_plugin: Replacing existing plugin "/home/conan/w/prod/BuildSingleReference/.conan/data/gstreamer/1.18.3/_/_/package/467fc03b0f24213bb9b1cf088fa7fb20ffd79c35/lib/gstreamer-1.0/libgstcoreelements.so" 0x532200 with new plugin 0x531ca0 for filename "/home/conan/w/prod/BuildSingleReference/.conan/data/gstreamer/1.18.3/_/_/package/467fc03b0f24213bb9b1cf088fa7fb20ffd79c35/lib/gstreamer-1.0/libgstcoreelements.so"
0:00:00.027524672  2474 0x518370 TRACE   GST_REFCOUNTING gstobject.c:265:gst_object_unref: 0x532200 unref 1->0
0:00:00.027532127  2474 0x518370 TRACE   GST_REFCOUNTING gstobject.c:381:gst_object_dispose: 0x532200 dispose
0:00:00.027540423  2474 0x518370 DEBUG   GST_PLUGIN_LOADING gstplugin.c:136:gst_plugin_finalize: finalizing plugin
0:00:00.027547254  2474 0x518370 TRACE   GST_REFCOUNTING gstobject.c:423:gst_object_finalize: 0x532200 finalize
0:00:00.027556168  2474 0x518370 DEBUG   GST_REGISTRY gstregistry.c:474:gst_registry_add_plugin: adding plugin 0x531ca0 for filename "/home/conan/w/prod/BuildSingleReference/.conan/data/gstreamer/1.18.3/_/_/package/467fc03b0f24213bb9b1cf088fa7fb20ffd79c35/lib/gstreamer-1.0/libgstcoreelements.so"
0:00:00.027563717  2474 0x518370 TRACE   GST_REFCOUNTING gstobject.c:294:gst_object_ref_sink: 0x531ca0 ref_sink 1->2
0:00:00.027571220  2474 0x518370 LOG   GST_REGISTRY gstregistry.c:487:gst_registry_add_plugin: emitting plugin-added for filename "/home/conan/w/prod/BuildSingleReference/.conan/data/gstreamer/1.18.3/_/_/package/467fc03b0f24213bb9b1cf088fa7fb20ffd79c35/lib/gstreamer-1.0/libgstcoreelements.so"
0:00:00.027583717  2474 0x518370 DEBUG   GST_REGISTRY gstregistrychunks.c:887:_priv_gst_registry_chunks_load_plugin: Added plugin 'coreelements' plugin with 22 features from binary registry
0:00:00.027590899  2474 0x518370 DEBUG   GST_REGISTRY gstregistrychunks.c:583:gst_registry_chunks_load_feature: Plugin 'coreelements' feature 'streamiddemux' typename : 'GstElementFactory'
0:00:00.027599435  2474 0x518370 TRACE   GST_REFCOUNTING gstobject.c:208:gst_object_init: 0x53a7d0 new
0:00:00.027607674  2474 0x518370 LOG   GST_REGISTRY gstregistrychunks.c:610:gst_registry_chunks_load_feature: Reading/casting for GstRegistryChunkElementFactory at address 0x533ba8
0:00:00.027616057  2474 0x518370 TRACE   structure gststructure.c:287:gst_structure_new_id_empty_with_size: created structure 0x53aa90
0:00:00.027623187  2474 0x518370 DEBUG   structure gststructure.c:2203:gst_structure_parse_field: trying field name 'long-name'
0:00:00.027629640  2474 0x518370 DEBUG   default gstvalue.c:2676:_priv_gst_value_parse_value: trying type name 'string'
0:00:00.027639097  2474 0x518370 DEBUG   structure gststructure.c:2203:gst_structure_parse_field: trying field name 'klass'
0:00:00.027645099  2474 0x518370 DEBUG   default gstvalue.c:2676:_priv_gst_value_parse_value: trying type name 'string'
0:00:00.027651931  2474 0x518370 DEBUG   structure gststructure.c:2203:gst_structure_parse_field: trying field name 'description'
0:00:00.027657830  2474 0x518370 DEBUG   default gstvalue.c:2676:_priv_gst_value_parse_value: trying type name 'string'
0:00:00.027671204  2474 0x518370 DEBUG   structure gststructure.c:2203:gst_structure_parse_field: trying field name 'author'
0:00:00.027677281  2474 0x518370 DEBUG   default gstvalue.c:2676:_priv_gst_value_parse_value: trying type name 'string'
0:00:00.027684395  2474 0x518370 DEBUG   GST_REGISTRY gstregistrychunks.c:626:gst_registry_chunks_load_feature: Element factory : npadtemplates=2
0:00:00.027690440  2474 0x518370 DEBUG   GST_REGISTRY gstregistrychunks.c:526:gst_registry_chunks_load_pad_template: Reading/casting for GstRegistryChunkPadTemplate at address 0x533c80
0:00:00.027697555  2474 0x518370 DEBUG   GST_REGISTRY gstregistrychunks.c:539:gst_registry_chunks_load_pad_template: Added pad_template src_%u
0:00:00.027703714  2474 0x518370 DEBUG   GST_REGISTRY gstregistrychunks.c:526:gst_registry_chunks_load_pad_template: Reading/casting for GstRegistryChunkPadTemplate at address 0x533c98
0:00:00.027709848  2474 0x518370 DEBUG   GST_REGISTRY gstregistrychunks.c:539:gst_registry_chunks_load_pad_template: Added pad_template sink
0:00:00.027718815  2474 0x518370 DEBUG   GST_REGISTRY gstregistry.c:581:gst_registry_add_feature: replacing existing feature 0x532570 (streamiddemux)
0:00:00.027726685  2474 0x518370 DEBUG   GST_REGISTRY gstregistry.c:590:gst_registry_add_feature: adding feature 0x53a7d0 (streamiddemux)
0:00:00.027732998  2474 0x518370 TRACE   GST_REFCOUNTING gstobject.c:788:gst_object_unparent: unparent
0:00:00.027741158  2474 0x518370 TRACE   GST_REFCOUNTING gstobject.c:265:gst_object_unref: 0x532570 unref 1->0
0:00:00.027748799  2474 0x518370 TRACE   GST_REFCOUNTING gstobject.c:381:gst_object_dispose: 0x532570 dispose
0:00:00.027757758  2474 0x518370 TRACE   structure gststructure.c:544:gst_structure_free: free structure 0x533390
0:00:00.027768682  2474 0x518370 TRACE   GST_REFCOUNTING gstminiobject.c:723:gst_mini_object_replace: replace (nil) (0) with (nil) (0)
0:00:00.027776671  2474 0x518370 TRACE   GST_REFCOUNTING gstminiobject.c:723:gst_mini_object_replace: replace (nil) (0) with (nil) (0)
0:00:00.027784006  2474 0x518370 DEBUG   GST_PLUGIN_LOADING gstpluginfeature.c:67:gst_plugin_feature_finalize: finalizing feature 0x532570: 'streamiddemux'
0:00:00.027790857  2474 0x518370 TRACE   GST_REFCOUNTING gstobject.c:423:gst_object_finalize: 0x532570 finalize
0:00:00.027798012  2474 0x518370 DEBUG   GST_REFCOUNTING gstobject.c:709:gst_object_set_parent: set parent (ref and sink)
0:00:00.027805596  2474 0x518370 TRACE   GST_REFCOUNTING gstobject.c:294:gst_object_ref_sink: 0x53a7d0 ref_sink 1->2
0:00:00.027812632  2474 0x518370 LOG   GST_REGISTRY gstregistry.c:608:gst_registry_add_feature: emitting feature-added for streamiddemux
0:00:00.027819885  2474 0x518370 DEBUG   GST_REGISTRY gstregistrychunks.c:741:gst_registry_chunks_load_feature: Added feature streamiddemux, plugin 0x531ca0 coreelements
0:00:00.027827283  2474 0x518370 DEBUG   GST_REGISTRY gstregistrychunks.c:583:gst_registry_chunks_load_feature: Plugin 'coreelements' feature 'valve' typename : 'GstElementFactory'
0:00:00.027841255  2474 0x518370 TRACE   GST_REFCOUNTING gstobject.c:208:gst_object_init: 0x532520 new
0:00:00.027849649  2474 0x518370 LOG   GST_REGISTRY gstregistrychunks.c:610:gst_registry_chunks_load_feature: Reading/casting for GstRegistryChunkElementFactory at address 0x533cc8
0:00:00.027856318  2474 0x518370 TRACE   structure gststructure.c:287:gst_structure_new_id_empty_with_size: created structure 0x53abc0
0:00:00.027862604  2474 0x518370 DEBUG   structure gststructure.c:2203:gst_structure_parse_field: trying field name 'long-name'
0:00:00.027868663  2474 0x518370 DEBUG   default gstvalue.c:2676:_priv_gst_value_parse_value: trying type name 'string'
0:00:00.027875624  2474 0x518370 DEBUG   structure gststructure.c:2203:gst_structure_parse_field: trying field name 'klass'
0:00:00.027881352  2474 0x518370 DEBUG   default gstvalue.c:2676:_priv_gst_value_parse_value: trying type name 'string'
0:00:00.027888090  2474 0x518370 DEBUG   structure gststructure.c:2203:gst_structure_parse_field: trying field name 'description'
0:00:00.027893801  2474 0x518370 DEBUG   default gstvalue.c:2676:_priv_gst_value_parse_value: trying type name 'string'
0:00:00.027900872  2474 0x518370 DEBUG   structure gststructure.c:2203:gst_structure_parse_field: trying field name 'author'
0:00:00.027906756  2474 0x518370 DEBUG   default gstvalue.c:2676:_priv_gst_value_parse_value: trying type name 'string'
0:00:00.027914338  2474 0x518370 DEBUG   GST_REGISTRY gstregistrychunks.c:626:gst_registry_chunks_load_feature: Element factory : npadtemplates=2
0:00:00.027920138  2474 0x518370 DEBUG   GST_REGISTRY gstregistrychunks.c:526:gst_registry_chunks_load_pad_template: Reading/casting for GstRegistryChunkPadTemplate at address 0x533db8
0:00:00.027926456  2474 0x518370 DEBUG   GST_REGISTRY gstregistrychunks.c:539:gst_registry_chunks_load_pad_template: Added pad_template sink
0:00:00.027932109  2474 0x518370 DEBUG   GST_REGISTRY gstregistrychunks.c:526:gst_registry_chunks_load_pad_template: Reading/casting for GstRegistryChunkPadTemplate at address 0x533dd0
0:00:00.027938200  2474 0x518370 DEBUG   GST_REGISTRY gstregistrychunks.c:539:gst_registry_chunks_load_pad_template: Added pad_template src
0:00:00.027946642  2474 0x518370 DEBUG   GST_REGISTRY gstregistry.c:581:gst_registry_add_feature: replacing existing feature 0x5337d0 (valve)
0:00:00.027964452  2474 0x518370 DEBUG   GST_REGISTRY gstregistry.c:590:gst_registry_add_feature: adding feature 0x532520 (valve)
0:00:00.027970707  2474 0x518370 TRACE   GST_REFCOUNTING gstobject.c:788:gst_object_unparent: unparent
0:00:00.027978843  2474 0x518370 TRACE   GST_REFCOUNTING gstobject.c:265:gst_object_unref: 0x5337d0 unref 1->0
0:00:00.027985973  2474 0x518370 TRACE   GST_REFCOUNTING gstobject.c:381:gst_object_dispose: 0x5337d0 dispose
0:00:00.027993380  2474 0x518370 TRACE   structure gststructure.c:544:gst_structure_free: free structure 0x535800
0:00:00.028006766  2474 0x518370 TRACE   GST_REFCOUNTING gstminiobject.c:723:gst_mini_object_replace: replace (nil) (0) with (nil) (0)
0:00:00.028014314  2474 0x518370 TRACE   GST_REFCOUNTING gstminiobject.c:723:gst_mini_object_replace: replace (nil) (0) with (nil) (0)
0:00:00.028025210  2474 0x518370 DEBUG   GST_PLUGIN_LOADING gstpluginfeature.c:67:gst_plugin_feature_finalize: finalizing feature 0x5337d0: 'valve'
0:00:00.028031983  2474 0x518370 TRACE   GST_REFCOUNTING gstobject.c:423:gst_object_finalize: 0x5337d0 finalize
0:00:00.028038771  2474 0x518370 DEBUG   GST_REFCOUNTING gstobject.c:709:gst_object_set_parent: set parent (ref and sink)
0:00:00.028046454  2474 0x518370 TRACE   GST_REFCOUNTING gstobject.c:294:gst_object_ref_sink: 0x532520 ref_sink 1->2
0:00:00.028054380  2474 0x518370 LOG   GST_REGISTRY gstregistry.c:608:gst_registry_add_feature: emitting feature-added for valve
0:00:00.028061306  2474 0x518370 DEBUG   GST_REGISTRY gstregistrychunks.c:741:gst_registry_chunks_load_feature: Added feature valve, plugin 0x531ca0 coreelements
0:00:00.028068540  2474 0x518370 DEBUG   GST_REGISTRY gstregistrychunks.c:583:gst_registry_chunks_load_feature: Plugin 'coreelements' feature 'multiqueue' typename : 'GstElementFactory'
0:00:00.028076867  2474 0x518370 TRACE   GST_REFCOUNTING gstobject.c:208:gst_object_init: 0x5337d0 new
0:00:00.028085205  2474 0x518370 LOG   GST_REGISTRY gstregistrychunks.c:610:gst_registry_chunks_load_feature: Reading/casting for GstRegistryChunkElementFactory at address 0x533e00
0:00:00.028092578  2474 0x518370 TRACE   structure gststructure.c:287:gst_structure_new_id_empty_with_size: created structure 0x53acf0
0:00:00.028098874  2474 0x518370 DEBUG   structure gststructure.c:2203:gst_structure_parse_field: trying field name 'long-name'
0:00:00.028104931  2474 0x518370 DEBUG   default gstvalue.c:2676:_priv_gst_value_parse_value: trying type name 'string'
0:00:00.028111960  2474 0x518370 DEBUG   structure gststructure.c:2203:gst_structure_parse_field: trying field name 'klass'
0:00:00.028137591  2474 0x518370 DEBUG   default gstvalue.c:2676:_priv_gst_value_parse_value: trying type name 'string'
0:00:00.028144333  2474 0x518370 DEBUG   structure gststructure.c:2203:gst_structure_parse_field: trying field name 'description'
0:00:00.028150224  2474 0x518370 DEBUG   default gstvalue.c:2676:_priv_gst_value_parse_value: trying type name 'string'
0:00:00.028158684  2474 0x518370 DEBUG   structure gststructure.c:2203:gst_structure_parse_field: trying field name 'author'
0:00:00.028164283  2474 0x518370 DEBUG   default gstvalue.c:2676:_priv_gst_value_parse_value: trying type name 'string'
0:00:00.028171311  2474 0x518370 DEBUG   GST_REGISTRY gstregistrychunks.c:626:gst_registry_chunks_load_feature: Element factory : npadtemplates=2
0:00:00.028177294  2474 0x518370 DEBUG   GST_REGISTRY gstregistrychunks.c:526:gst_registry_chunks_load_pad_template: Reading/casting for GstRegistryChunkPadTemplate at address 0x533ec0
0:00:00.028189450  2474 0x518370 DEBUG   GST_REGISTRY gstregistrychunks.c:539:gst_registry_chunks_load_pad_template: Added pad_template src_%u
0:00:00.028195382  2474 0x518370 DEBUG   GST_REGISTRY gstregistrychunks.c:526:gst_registry_chunks_load_pad_template: Reading/casting for GstRegistryChunkPadTemplate at address 0x533ed8
0:00:00.028201590  2474 0x518370 DEBUG   GST_REGISTRY gstregistrychunks.c:539:gst_registry_chunks_load_pad_template: Added pad_template sink_%u
0:00:00.028210401  2474 0x518370 DEBUG   GST_REGISTRY gstregistry.c:581:gst_registry_add_feature: replacing existing feature 0x5338c0 (multiqueue)
0:00:00.028217719  2474 0x518370 DEBUG   GST_REGISTRY gstregistry.c:590:gst_registry_add_feature: adding feature 0x5337d0 (multiqueue)
0:00:00.028223814  2474 0x518370 TRACE   GST_REFCOUNTING gstobject.c:788:gst_object_unparent: unparent
0:00:00.028231237  2474 0x518370 TRACE   GST_REFCOUNTING gstobject.c:265:gst_object_unref: 0x5338c0 unref 1->0
0:00:00.028238258  2474 0x518370 TRACE   GST_REFCOUNTING gstobject.c:381:gst_object_dispose: 0x5338c0 dispose
0:00:00.028245552  2474 0x518370 TRACE   structure gststructure.c:544:gst_structure_free: free structure 0x535a30
0:00:00.028252889  2474 0x518370 TRACE   GST_REFCOUNTING gstminiobject.c:723:gst_mini_object_replace: replace (nil) (0) with (nil) (0)
0:00:00.028265530  2474 0x518370 TRACE   GST_REFCOUNTING gstminiobject.c:723:gst_mini_object_replace: replace (nil) (0) with (nil) (0)
0:00:00.028272409  2474 0x518370 DEBUG   GST_PLUGIN_LOADING gstpluginfeature.c:67:gst_plugin_feature_finalize: finalizing feature 0x5338c0: 'multiqueue'
0:00:00.028279256  2474 0x518370 TRACE   GST_REFCOUNTING gstobject.c:423:gst_object_finalize: 0x5338c0 finalize
0:00:00.028286390  2474 0x518370 DEBUG   GST_REFCOUNTING gstobject.c:709:gst_object_set_parent: set parent (ref and sink)
0:00:00.028293711  2474 0x518370 TRACE   GST_REFCOUNTING gstobject.c:294:gst_object_ref_sink: 0x5337d0 ref_sink 1->2
0:00:00.028300720  2474 0x518370 LOG   GST_REGISTRY gstregistry.c:608:gst_registry_add_feature: emitting feature-added for multiqueue
0:00:00.028307921  2474 0x518370 DEBUG   GST_REGISTRY gstregistrychunks.c:741:gst_registry_chunks_load_feature: Added feature multiqueue, plugin 0x531ca0 coreelements
0:00:00.028315077  2474 0x518370 DEBUG   GST_REGISTRY gstregistrychunks.c:583:gst_registry_chunks_load_feature: Plugin 'coreelements' feature 'typefind' typename : 'GstElementFactory'
0:00:00.028323551  2474 0x518370 TRACE   GST_REFCOUNTING gstobject.c:208:gst_object_init: 0x5338c0 new
0:00:00.028335263  2474 0x518370 LOG   GST_REGISTRY gstregistrychunks.c:610:gst_registry_chunks_load_feature: Reading/casting for GstRegistryChunkElementFactory at address 0x533f08
0:00:00.028342388  2474 0x518370 TRACE   structure gststructure.c:287:gst_structure_new_id_empty_with_size: created structure 0x53ae20
0:00:00.028348734  2474 0x518370 DEBUG   structure gststructure.c:2203:gst_structure_parse_field: trying field name 'long-name'
0:00:00.028360950  2474 0x518370 DEBUG   default gstvalue.c:2676:_priv_gst_value_parse_value: trying type name 'string'
0:00:00.028367879  2474 0x518370 DEBUG   structure gststructure.c:2203:gst_structure_parse_field: trying field name 'klass'
0:00:00.028373573  2474 0x518370 DEBUG   default gstvalue.c:2676:_priv_gst_value_parse_value: trying type name 'string'
0:00:00.028379965  2474 0x518370 DEBUG   structure gststructure.c:2203:gst_structure_parse_field: trying field name 'description'
0:00:00.028385658  2474 0x518370 DEBUG   default gstvalue.c:2676:_priv_gst_value_parse_value: trying type name 'string'
