0:00:00.015569538  2475 0x150e320 LOG   GST_POLL gstpoll.c:994:gst_poll_fd_ctl_write: 0x1516820: pfd->events now 60 (POLLOUT:4)
0:00:00.015576075  2475 0x150e320 DEBUG   GST_POLL gstpoll.c:980:gst_poll_fd_ctl_write: 0x1516820: fd (fd:0, idx:1), active : 1
0:00:00.015581966  2475 0x150e320 LOG   GST_POLL gstpoll.c:994:gst_poll_fd_ctl_write: 0x1516820: pfd->events now 60 (POLLOUT:4)
0:00:00.015588240  2475 0x150e320 DEBUG   GST_POLL gstpoll.c:980:gst_poll_fd_ctl_write: 0x1516820: fd (fd:0, idx:1), active : 1
0:00:00.015594174  2475 0x150e320 LOG   GST_POLL gstpoll.c:994:gst_poll_fd_ctl_write: 0x1516820: pfd->events now 60 (POLLOUT:4)
0:00:00.015600367  2475 0x150e320 DEBUG   GST_POLL gstpoll.c:980:gst_poll_fd_ctl_write: 0x1516820: fd (fd:0, idx:1), active : 1
0:00:00.015606328  2475 0x150e320 LOG   GST_POLL gstpoll.c:994:gst_poll_fd_ctl_write: 0x1516820: pfd->events now 60 (POLLOUT:4)
0:00:00.015612543  2475 0x150e320 DEBUG   GST_POLL gstpoll.c:980:gst_poll_fd_ctl_write: 0x1516820: fd (fd:0, idx:1), active : 1
0:00:00.015618434  2475 0x150e320 LOG   GST_POLL gstpoll.c:994:gst_poll_fd_ctl_write: 0x1516820: pfd->events now 60 (POLLOUT:4)
0:00:00.015624817  2475 0x150e320 DEBUG   GST_POLL gstpoll.c:980:gst_poll_fd_ctl_write: 0x1516820: fd (fd:0, idx:1), active : 1
0:00:00.015630711  2475 0x150e320 LOG   GST_POLL gstpoll.c:994:gst_poll_fd_ctl_write: 0x1516820: pfd->events now 60 (POLLOUT:4)
0:00:00.015636997  2475 0x150e320 DEBUG   GST_POLL gstpoll.c:980:gst_poll_fd_ctl_write: 0x1516820: fd (fd:0, idx:1), active : 1
0:00:00.015642870  2475 0x150e320 LOG   GST_POLL gstpoll.c:994:gst_poll_fd_ctl_write: 0x1516820: pfd->events now 60 (POLLOUT:4)
0:00:00.015649312  2475 0x150e320 DEBUG   GST_POLL gstpoll.c:980:gst_poll_fd_ctl_write: 0x1516820: fd (fd:0, idx:1), active : 1
0:00:00.015655408  2475 0x150e320 LOG   GST_POLL gstpoll.c:994:gst_poll_fd_ctl_write: 0x1516820: pfd->events now 60 (POLLOUT:4)
0:00:00.015661550  2475 0x150e320 DEBUG   GST_POLL gstpoll.c:980:gst_poll_fd_ctl_write: 0x1516820: fd (fd:0, idx:1), active : 1
0:00:00.015667483  2475 0x150e320 LOG   GST_POLL gstpoll.c:994:gst_poll_fd_ctl_write: 0x1516820: pfd->events now 60 (POLLOUT:4)
0:00:00.015673700  2475 0x150e320 DEBUG   GST_POLL gstpoll.c:980:gst_poll_fd_ctl_write: 0x1516820: fd (fd:0, idx:1), active : 1
0:00:00.015679594  2475 0x150e320 LOG   GST_POLL gstpoll.c:994:gst_poll_fd_ctl_write: 0x1516820: pfd->events now 60 (POLLOUT:4)
0:00:00.015685866  2475 0x150e320 DEBUG   GST_POLL gstpoll.c:980:gst_poll_fd_ctl_write: 0x1516820: fd (fd:0, idx:1), active : 1
0:00:00.015707753  2475 0x150e320 LOG   GST_POLL gstpoll.c:994:gst_poll_fd_ctl_write: 0x1516820: pfd->events now 60 (POLLOUT:4)
0:00:00.015715820  2475 0x150e320 DEBUG   GST_POLL gstpoll.c:980:gst_poll_fd_ctl_write: 0x1516820: fd (fd:0, idx:1), active : 1
0:00:00.015721840  2475 0x150e320 LOG   GST_POLL gstpoll.c:994:gst_poll_fd_ctl_write: 0x1516820: pfd->events now 60 (POLLOUT:4)
0:00:00.015728288  2475 0x150e320 DEBUG   GST_POLL gstpoll.c:980:gst_poll_fd_ctl_write: 0x1516820: fd (fd:0, idx:1), active : 1
0:00:00.015734162  2475 0x150e320 LOG   GST_POLL gstpoll.c:994:gst_poll_fd_ctl_write: 0x1516820: pfd->events now 60 (POLLOUT:4)
0:00:00.015740466  2475 0x150e320 DEBUG   GST_POLL gstpoll.c:980:gst_poll_fd_ctl_write: 0x1516820: fd (fd:0, idx:1), active : 1
0:00:00.015746473  2475 0x150e320 LOG   GST_POLL gstpoll.c:994:gst_poll_fd_ctl_write: 0x1516820: pfd->events now 60 (POLLOUT:4)
0:00:00.015752802  2475 0x150e320 DEBUG   GST_POLL gstpoll.c:980:gst_poll_fd_ctl_write: 0x1516820: fd (fd:0, idx:1), active : 1
0:00:00.015758612  2475 0x150e320 LOG   GST_POLL gstpoll.c:994:gst_poll_fd_ctl_write: 0x1516820: pfd->events now 60 (POLLOUT:4)
0:00:00.015764880  2475 0x150e320 DEBUG   GST_POLL gstpoll.c:980:gst_poll_fd_ctl_write: 0x1516820: fd (fd:0, idx:1), active : 1
0:00:00.015770782  2475 0x150e320 LOG   GST_POLL gstpoll.c:994:gst_poll_fd_ctl_write: 0x1516820: pfd->events now 60 (POLLOUT:4)
0:00:00.015776995  2475 0x150e320 DEBUG   GST_POLL gstpoll.c:980:gst_poll_fd_ctl_write: 0x1516820: fd (fd:0, idx:1), active : 1
0:00:00.015783095  2475 0x150e320 LOG   GST_POLL gstpoll.c:994:gst_poll_fd_ctl_write: 0x1516820: pfd->events now 60 (POLLOUT:4)
0:00:00.015789528  2475 0x150e320 DEBUG   GST_POLL gstpoll.c:980:gst_poll_fd_ctl_write: 0x1516820: fd (fd:0, idx:1), active : 1
0:00:00.015795471  2475 0x150e320 LOG   GST_POLL gstpoll.c:994:gst_poll_fd_ctl_write: 0x1516820: pfd->events now 60 (POLLOUT:4)
0:00:00.015801728  2475 0x150e320 DEBUG   GST_POLL gstpoll.c:980:gst_poll_fd_ctl_write: 0x1516820: fd (fd:0, idx:1), active : 1
0:00:00.015807628  2475 0x150e320 LOG   GST_POLL gstpoll.c:994:gst_poll_fd_ctl_write: 0x1516820: pfd->events now 60 (POLLOUT:4)
0:00:00.015813873  2475 0x150e320 DEBUG   GST_POLL gstpoll.c:980:gst_poll_fd_ctl_write: 0x1516820: fd (fd:0, idx:1), active : 1
0:00:00.015819750  2475 0x150e320 LOG   GST_POLL gstpoll.c:994:gst_poll_fd_ctl_write: 0x1516820: pfd->events now 60 (POLLOUT:4)
0:00:00.015825968  2475 0x150e320 DEBUG   GST_POLL gstpoll.c:980:gst_poll_fd_ctl_write: 0x1516820: fd (fd:0, idx:1), active : 1
0:00:00.015831925  2475 0x150e320 LOG   GST_POLL gstpoll.c:994:gst_poll_fd_ctl_write: 0x1516820: pfd->events now 60 (POLLOUT:4)
0:00:00.015838318  2475 0x150e320 DEBUG   GST_POLL gstpoll.c:980:gst_poll_fd_ctl_write: 0x1516820: fd (fd:0, idx:1), active : 1
0:00:00.015844189  2475 0x150e320 LOG   GST_POLL gstpoll.c:994:gst_poll_fd_ctl_write: 0x1516820: pfd->events now 60 (POLLOUT:4)
0:00:00.015855084  2475 0x150e320 DEBUG   GST_POLL gstpoll.c:980:gst_poll_fd_ctl_write: 0x1516820: fd (fd:0, idx:1), active : 1
0:00:00.015861265  2475 0x150e320 LOG   GST_POLL gstpoll.c:994:gst_poll_fd_ctl_write: 0x1516820: pfd->events now 60 (POLLOUT:4)
0:00:00.015867648  2475 0x150e320 DEBUG   GST_POLL gstpoll.c:980:gst_poll_fd_ctl_write: 0x1516820: fd (fd:0, idx:1), active : 1
0:00:00.015873537  2475 0x150e320 LOG   GST_POLL gstpoll.c:994:gst_poll_fd_ctl_write: 0x1516820: pfd->events now 60 (POLLOUT:4)
0:00:00.015879928  2475 0x150e320 DEBUG   GST_POLL gstpoll.c:980:gst_poll_fd_ctl_write: 0x1516820: fd (fd:0, idx:1), active : 1
0:00:00.015885845  2475 0x150e320 LOG   GST_POLL gstpoll.c:994:gst_poll_fd_ctl_write: 0x1516820: pfd->events now 60 (POLLOUT:4)
0:00:00.015892046  2475 0x150e320 DEBUG   GST_POLL gstpoll.c:980:gst_poll_fd_ctl_write: 0x1516820: fd (fd:0, idx:1), active : 1
0:00:00.015897962  2475 0x150e320 LOG   GST_POLL gstpoll.c:994:gst_poll_fd_ctl_write: 0x1516820: pfd->events now 60 (POLLOUT:4)
0:00:00.015904266  2475 0x150e320 DEBUG   GST_POLL gstpoll.c:980:gst_poll_fd_ctl_write: 0x1516820: fd (fd:0, idx:1), active : 1
0:00:00.015910161  2475 0x150e320 LOG   GST_POLL gstpoll.c:994:gst_poll_fd_ctl_write: 0x1516820: pfd->events now 60 (POLLOUT:4)
0:00:00.015916399  2475 0x150e320 DEBUG   GST_POLL gstpoll.c:980:gst_poll_fd_ctl_write: 0x1516820: fd (fd:0, idx:1), active : 1
0:00:00.015922433  2475 0x150e320 LOG   GST_POLL gstpoll.c:994:gst_poll_fd_ctl_write: 0x1516820: pfd->events now 60 (POLLOUT:4)
0:00:00.015928580  2475 0x150e320 DEBUG   GST_POLL gstpoll.c:980:gst_poll_fd_ctl_write: 0x1516820: fd (fd:0, idx:1), active : 1
0:00:00.015934556  2475 0x150e320 LOG   GST_POLL gstpoll.c:994:gst_poll_fd_ctl_write: 0x1516820: pfd->events now 60 (POLLOUT:4)
0:00:00.015947936  2475 0x150e320 TRACE   GST_REFCOUNTING gstobject.c:265:gst_object_unref: 0x152a150 unref 2->1
0:00:00.015956985  2475 0x150e320 DEBUG   GST_POLL gstpoll.c:1241:gst_poll_fd_has_error: 0x1516820: fd (fd:0, idx:1) 0
0:00:00.015963809  2475 0x150e320 DEBUG   GST_POLL gstpoll.c:1335:gst_poll_fd_can_write: 0x1516820: fd (fd:0, idx:1) 1
0:00:00.015969929  2475 0x150e320 LOG   GST_PLUGIN_LOADING gstpluginloader.c:690:write_one: Writing packet of size 488 bytes to fd 0
0:00:00.015991766  2475 0x150e320 DEBUG   GST_POLL gstpoll.c:1414:gst_poll_wait: 0x1516820: timeout :0:00:01.000000000
0:00:00.016004906  2475 0x150e320 LOG   GST_PLUGIN_LOADING gstpluginloader.c:1028:exchange_packets: Poll res = 2. 6872 bytes pending for write
0:00:00.016012000  2475 0x150e320 DEBUG   GST_POLL gstpoll.c:1241:gst_poll_fd_has_error: 0x1516820: fd (fd:5, idx:2) 0
0:00:00.016018531  2475 0x150e320 DEBUG   GST_POLL gstpoll.c:1266:gst_poll_fd_can_read_unlocked: 0x1516820: fd (fd:5, idx:2) 1
0:00:00.016030595  2475 0x150e320 DEBUG   GST_PLUGIN_LOADING gstpluginloader.c:722:do_plugin_load: Plugin scanner loading file /home/conan/w/prod/BuildSingleReference/.conan/data/gstreamer/1.18.3/_/_/package/467fc03b0f24213bb9b1cf088fa7fb20ffd79c35/lib/gstreamer-1.0/libgstcoretracers.so. tag 2
0:00:00.021447304  2474 0x518370 LOG   GST_PLUGIN_LOADING gstpluginloader.c:1028:exchange_packets: Poll res = 1. 0 bytes pending for write
0:00:00.016045708  2475 0x150e320 TRACE   GST_REFCOUNTING gstobject.c:238:gst_object_ref: 0x1527ea0 ref 1->2
0:00:00.021481079  2474 0x518370 DEBUG   GST_POLL gstpoll.c:1241:gst_poll_fd_has_error: 0x531b80: fd (fd:8, idx:2) 0
0:00:00.016066528  2475 0x150e320 TRACE   GST_REFCOUNTING gstobject.c:238:gst_object_ref: 0x1528da0 ref 1->2
0:00:00.021490465  2474 0x518370 DEBUG   GST_POLL gstpoll.c:1266:gst_poll_fd_can_read_unlocked: 0x531b80: fd (fd:8, idx:2) 1
0:00:00.016076465  2475 0x150e320 TRACE   GST_REFCOUNTING gstobject.c:238:gst_object_ref: 0x1528b50 ref 1->2
0:00:00.016084597  2475 0x150e320 TRACE   GST_REFCOUNTING gstobject.c:238:gst_object_ref: 0x1528880 ref 1->2
0:00:00.016091351  2475 0x150e320 TRACE   GST_REFCOUNTING gstobject.c:238:gst_object_ref: 0x1528670 ref 1->2
0:00:00.021508792  2474 0x518370 DEBUG   GST_PLUGIN_LOADING gstpluginloader.c:850:handle_rx_packet: Received plugin details from child w/ tag 0. 476 bytes info
0:00:00.016098147  2475 0x150e320 TRACE   GST_REFCOUNTING gstobject.c:238:gst_object_ref: 0x1528180 ref 1->2
0:00:00.021517207  2474 0x518370 LOG   GST_REGISTRY gstregistrychunks.c:837:_priv_gst_registry_chunks_load_plugin: Reading/casting for GstRegistryChunkPluginElement at address 0x532200
0:00:00.016109509  2475 0x150e320 TRACE   GST_REFCOUNTING gstobject.c:265:gst_object_unref: 0x1528180 unref 2->1
0:00:00.016117348  2475 0x150e320 TRACE   GST_REFCOUNTING gstobject.c:265:gst_object_unref: 0x1528670 unref 2->1
0:00:00.016124260  2475 0x150e320 TRACE   GST_REFCOUNTING gstobject.c:265:gst_object_unref: 0x1528880 unref 2->1
0:00:00.021544132  2474 0x518370 TRACE   GST_REFCOUNTING gstobject.c:208:gst_object_init: 0x531be0 new
0:00:00.016135388  2475 0x150e320 TRACE   GST_REFCOUNTING gstobject.c:265:gst_object_unref: 0x1528b50 unref 2->1
0:00:00.016142858  2475 0x150e320 TRACE   GST_REFCOUNTING gstobject.c:265:gst_object_unref: 0x1528da0 unref 2->1
0:00:00.016151231  2475 0x150e320 DEBUG   GST_REGISTRY gstregistrychunks.c:498:_priv_gst_registry_chunks_save_plugin: Found 5 features in plugin 0x1527ea0 (coretracers)
0:00:00.016158026  2475 0x150e320 DEBUG   GST_POLL gstpoll.c:980:gst_poll_fd_ctl_write: 0x1516820: fd (fd:0, idx:1), active : 1
0:00:00.016164131  2475 0x150e320 LOG   GST_POLL gstpoll.c:994:gst_poll_fd_ctl_write: 0x1516820: pfd->events now 60 (POLLOUT:4)
0:00:00.016170640  2475 0x150e320 DEBUG   GST_POLL gstpoll.c:980:gst_poll_fd_ctl_write: 0x1516820: fd (fd:0, idx:1), active : 1
0:00:00.016176637  2475 0x150e320 LOG   GST_POLL gstpoll.c:994:gst_poll_fd_ctl_write: 0x1516820: pfd->events now 60 (POLLOUT:4)
0:00:00.021593501  2474 0x518370 LOG   GST_REGISTRY gstregistrychunks.c:858:_priv_gst_registry_chunks_load_plugin: read strings for name='coretracers'
0:00:00.016183044  2475 0x150e320 DEBUG   GST_POLL gstpoll.c:980:gst_poll_fd_ctl_write: 0x1516820: fd (fd:0, idx:1), active : 1
0:00:00.021613035  2474 0x518370 LOG   GST_REGISTRY gstregistrychunks.c:859:_priv_gst_registry_chunks_load_plugin: desc.description='GStreamer core tracers'
0:00:00.016199044  2475 0x150e320 LOG   GST_POLL gstpoll.c:994:gst_poll_fd_ctl_write: 0x1516820: pfd->events now 60 (POLLOUT:4)
0:00:00.021620795  2474 0x518370 LOG   GST_REGISTRY gstregistrychunks.c:860:_priv_gst_registry_chunks_load_plugin: filename='/home/conan/w/prod/BuildSingleReference/.conan/data/gstreamer/1.18.3/_/_/package/467fc03b0f24213bb9b1cf088fa7fb20ffd79c35/lib/gstreamer-1.0/libgstcoretracers.so'
0:00:00.016206797  2475 0x150e320 DEBUG   GST_POLL gstpoll.c:980:gst_poll_fd_ctl_write: 0x1516820: fd (fd:0, idx:1), active : 1
0:00:00.021627969  2474 0x518370 LOG   GST_REGISTRY gstregistrychunks.c:861:_priv_gst_registry_chunks_load_plugin: desc.version='1.18.3'
0:00:00.016214232  2475 0x150e320 LOG   GST_POLL gstpoll.c:994:gst_poll_fd_ctl_write: 0x1516820: pfd->events now 60 (POLLOUT:4)
0:00:00.021634235  2474 0x518370 LOG   GST_REGISTRY gstregistrychunks.c:862:_priv_gst_registry_chunks_load_plugin: desc.license='LGPL'
0:00:00.016221221  2475 0x150e320 DEBUG   GST_POLL gstpoll.c:980:gst_poll_fd_ctl_write: 0x1516820: fd (fd:0, idx:1), active : 1
0:00:00.021640597  2474 0x518370 LOG   GST_REGISTRY gstregistrychunks.c:863:_priv_gst_registry_chunks_load_plugin: desc.source='gstreamer'
0:00:00.016227943  2475 0x150e320 LOG   GST_POLL gstpoll.c:994:gst_poll_fd_ctl_write: 0x1516820: pfd->events now 60 (POLLOUT:4)
0:00:00.021646910  2474 0x518370 LOG   GST_REGISTRY gstregistrychunks.c:864:_priv_gst_registry_chunks_load_plugin: desc.package='GStreamer source release'
0:00:00.016234771  2475 0x150e320 DEBUG   GST_POLL gstpoll.c:980:gst_poll_fd_ctl_write: 0x1516820: fd (fd:0, idx:1), active : 1
0:00:00.021653547  2474 0x518370 LOG   GST_REGISTRY gstregistrychunks.c:865:_priv_gst_registry_chunks_load_plugin: desc.origin='Unknown package origin'
0:00:00.016241328  2475 0x150e320 LOG   GST_POLL gstpoll.c:994:gst_poll_fd_ctl_write: 0x1516820: pfd->events now 60 (POLLOUT:4)
0:00:00.021659959  2474 0x518370 LOG   GST_REGISTRY gstregistrychunks.c:866:_priv_gst_registry_chunks_load_plugin: desc.datetime=2021-01-13
0:00:00.016248184  2475 0x150e320 DEBUG   GST_POLL gstpoll.c:980:gst_poll_fd_ctl_write: 0x1516820: fd (fd:0, idx:1), active : 1
0:00:00.016254761  2475 0x150e320 LOG   GST_POLL gstpoll.c:994:gst_poll_fd_ctl_write: 0x1516820: pfd->events now 60 (POLLOUT:4)
0:00:00.021671748  2474 0x518370 DEBUG   GST_REGISTRY gstregistry.c:474:gst_registry_add_plugin: adding plugin 0x531be0 for filename "/home/conan/w/prod/BuildSingleReference/.conan/data/gstreamer/1.18.3/_/_/package/467fc03b0f24213bb9b1cf088fa7fb20ffd79c35/lib/gstreamer-1.0/libgstcoretracers.so"
0:00:00.016260903  2475 0x150e320 DEBUG   GST_POLL gstpoll.c:980:gst_poll_fd_ctl_write: 0x1516820: fd (fd:0, idx:1), active : 1
0:00:00.021682849  2474 0x518370 TRACE   GST_REFCOUNTING gstobject.c:294:gst_object_ref_sink: 0x531be0 ref_sink 1->2
0:00:00.016271641  2475 0x150e320 LOG   GST_POLL gstpoll.c:994:gst_poll_fd_ctl_write: 0x1516820: pfd->events now 60 (POLLOUT:4)
0:00:00.021692086  2474 0x518370 LOG   GST_REGISTRY gstregistry.c:487:gst_registry_add_plugin: emitting plugin-added for filename "/home/conan/w/prod/BuildSingleReference/.conan/data/gstreamer/1.18.3/_/_/package/467fc03b0f24213bb9b1cf088fa7fb20ffd79c35/lib/gstreamer-1.0/libgstcoretracers.so"
0:00:00.016278643  2475 0x150e320 DEBUG   GST_POLL gstpoll.c:980:gst_poll_fd_ctl_write: 0x1516820: fd (fd:0, idx:1), active : 1
0:00:00.021700406  2474 0x518370 DEBUG   GST_REGISTRY gstregistrychunks.c:887:_priv_gst_registry_chunks_load_plugin: Added plugin 'coretracers' plugin with 5 features from binary registry
0:00:00.016285556  2475 0x150e320 LOG   GST_POLL gstpoll.c:994:gst_poll_fd_ctl_write: 0x1516820: pfd->events now 60 (POLLOUT:4)
0:00:00.021708349  2474 0x518370 DEBUG   GST_REGISTRY gstregistrychunks.c:583:gst_registry_chunks_load_feature: Plugin 'coretracers' feature 'leaks' typename : 'GstTracerFactory'
0:00:00.016293980  2475 0x150e320 DEBUG   GST_POLL gstpoll.c:980:gst_poll_fd_ctl_write: 0x1516820: fd (fd:0, idx:1), active : 1
0:00:00.016301488  2475 0x150e320 LOG   GST_POLL gstpoll.c:994:gst_poll_fd_ctl_write: 0x1516820: pfd->events now 60 (POLLOUT:4)
0:00:00.021725005  2474 0x518370 TRACE   GST_REFCOUNTING gstobject.c:208:gst_object_init: 0x532a70 new
0:00:00.016313471  2475 0x150e320 DEBUG   GST_POLL gstpoll.c:980:gst_poll_fd_ctl_write: 0x1516820: fd (fd:0, idx:1), active : 1
0:00:00.016320062  2475 0x150e320 LOG   GST_POLL gstpoll.c:994:gst_poll_fd_ctl_write: 0x1516820: pfd->events now 60 (POLLOUT:4)
0:00:00.021737814  2474 0x518370 DEBUG   GST_REGISTRY gstregistrychunks.c:718:gst_registry_chunks_load_feature: Reading/casting for GstRegistryChunkPluginFeature at address 0x532348
0:00:00.016326283  2475 0x150e320 DEBUG   GST_POLL gstpoll.c:980:gst_poll_fd_ctl_write: 0x1516820: fd (fd:0, idx:1), active : 1
0:00:00.021747155  2474 0x518370 DEBUG   GST_REGISTRY gstregistry.c:590:gst_registry_add_feature: adding feature 0x532a70 (leaks)
0:00:00.016332784  2475 0x150e320 LOG   GST_POLL gstpoll.c:994:gst_poll_fd_ctl_write: 0x1516820: pfd->events now 60 (POLLOUT:4)
0:00:00.021754891  2474 0x518370 DEBUG   GST_REFCOUNTING gstobject.c:709:gst_object_set_parent: set parent (ref and sink)
0:00:00.016340721  2475 0x150e320 DEBUG   GST_POLL gstpoll.c:980:gst_poll_fd_ctl_write: 0x1516820: fd (fd:0, idx:1), active : 1
0:00:00.016350303  2475 0x150e320 LOG   GST_POLL gstpoll.c:994:gst_poll_fd_ctl_write: 0x1516820: pfd->events now 60 (POLLOUT:4)
0:00:00.021766183  2474 0x518370 TRACE   GST_REFCOUNTING gstobject.c:294:gst_object_ref_sink: 0x532a70 ref_sink 1->2
0:00:00.016356548  2475 0x150e320 DEBUG   GST_POLL gstpoll.c:980:gst_poll_fd_ctl_write: 0x1516820: fd (fd:0, idx:1), active : 1
0:00:00.021776192  2474 0x518370 LOG   GST_REGISTRY gstregistry.c:608:gst_registry_add_feature: emitting feature-added for leaks
0:00:00.016367077  2475 0x150e320 LOG   GST_POLL gstpoll.c:994:gst_poll_fd_ctl_write: 0x1516820: pfd->events now 60 (POLLOUT:4)
0:00:00.021786677  2474 0x518370 DEBUG   GST_REGISTRY gstregistrychunks.c:741:gst_registry_chunks_load_feature: Added feature leaks, plugin 0x531be0 coretracers
0:00:00.016374059  2475 0x150e320 DEBUG   GST_POLL gstpoll.c:980:gst_poll_fd_ctl_write: 0x1516820: fd (fd:0, idx:1), active : 1
0:00:00.021794217  2474 0x518370 DEBUG   GST_REGISTRY gstregistrychunks.c:583:gst_registry_chunks_load_feature: Plugin 'coretracers' feature 'stats' typename : 'GstTracerFactory'
0:00:00.016380606  2475 0x150e320 LOG   GST_POLL gstpoll.c:994:gst_poll_fd_ctl_write: 0x1516820: pfd->events now 60 (POLLOUT:4)
0:00:00.021802767  2474 0x518370 TRACE   GST_REFCOUNTING gstobject.c:208:gst_object_init: 0x532c70 new
0:00:00.016387578  2475 0x150e320 LOG   GST_PLUGIN_LOADING gstpluginloader.c:646:put_chunk: Expanding tx buf from 7717 to 10158 for chunk of size 17
0:00:00.021811519  2474 0x518370 DEBUG   GST_REGISTRY gstregistrychunks.c:718:gst_registry_chunks_load_feature: Reading/casting for GstRegistryChunkPluginFeature at address 0x532368
0:00:00.016400369  2475 0x150e320 DEBUG   GST_POLL gstpoll.c:980:gst_poll_fd_ctl_write: 0x1516820: fd (fd:0, idx:1), active : 1
0:00:00.021819560  2474 0x518370 DEBUG   GST_REGISTRY gstregistry.c:590:gst_registry_add_feature: adding feature 0x532c70 (stats)
0:00:00.016407010  2475 0x150e320 LOG   GST_POLL gstpoll.c:994:gst_poll_fd_ctl_write: 0x1516820: pfd->events now 60 (POLLOUT:4)
0:00:00.021826248  2474 0x518370 DEBUG   GST_REFCOUNTING gstobject.c:709:gst_object_set_parent: set parent (ref and sink)
0:00:00.016413896  2475 0x150e320 DEBUG   GST_POLL gstpoll.c:980:gst_poll_fd_ctl_write: 0x1516820: fd (fd:0, idx:1), active : 1
0:00:00.021833832  2474 0x518370 TRACE   GST_REFCOUNTING gstobject.c:294:gst_object_ref_sink: 0x532c70 ref_sink 1->2
0:00:00.016420388  2475 0x150e320 LOG   GST_POLL gstpoll.c:994:gst_poll_fd_ctl_write: 0x1516820: pfd->events now 60 (POLLOUT:4)
0:00:00.021841032  2474 0x518370 LOG   GST_REGISTRY gstregistry.c:608:gst_registry_add_feature: emitting feature-added for stats
0:00:00.016427408  2475 0x150e320 DEBUG   GST_POLL gstpoll.c:980:gst_poll_fd_ctl_write: 0x1516820: fd (fd:0, idx:1), active : 1
0:00:00.021848123  2474 0x518370 DEBUG   GST_REGISTRY gstregistrychunks.c:741:gst_registry_chunks_load_feature: Added feature stats, plugin 0x531be0 coretracers
0:00:00.016439235  2475 0x150e320 LOG   GST_POLL gstpoll.c:994:gst_poll_fd_ctl_write: 0x1516820: pfd->events now 60 (POLLOUT:4)
0:00:00.021857782  2474 0x518370 DEBUG   GST_REGISTRY gstregistrychunks.c:583:gst_registry_chunks_load_feature: Plugin 'coretracers' feature 'rusage' typename : 'GstTracerFactory'
0:00:00.016446400  2475 0x150e320 DEBUG   GST_POLL gstpoll.c:980:gst_poll_fd_ctl_write: 0x1516820: fd (fd:0, idx:1), active : 1
0:00:00.021866189  2474 0x518370 TRACE   GST_REFCOUNTING gstobject.c:208:gst_object_init: 0x532dc0 new
0:00:00.016456944  2475 0x150e320 LOG   GST_POLL gstpoll.c:994:gst_poll_fd_ctl_write: 0x1516820: pfd->events now 60 (POLLOUT:4)
0:00:00.021876700  2474 0x518370 DEBUG   GST_REGISTRY gstregistrychunks.c:718:gst_registry_chunks_load_feature: Reading/casting for GstRegistryChunkPluginFeature at address 0x532388
0:00:00.016464165  2475 0x150e320 DEBUG   GST_POLL gstpoll.c:980:gst_poll_fd_ctl_write: 0x1516820: fd (fd:0, idx:1), active : 1
0:00:00.021884862  2474 0x518370 DEBUG   GST_REGISTRY gstregistry.c:590:gst_registry_add_feature: adding feature 0x532dc0 (rusage)
0:00:00.016470831  2475 0x150e320 LOG   GST_POLL gstpoll.c:994:gst_poll_fd_ctl_write: 0x1516820: pfd->events now 60 (POLLOUT:4)
0:00:00.021891550  2474 0x518370 DEBUG   GST_REFCOUNTING gstobject.c:709:gst_object_set_parent: set parent (ref and sink)
0:00:00.016478261  2475 0x150e320 DEBUG   GST_POLL gstpoll.c:980:gst_poll_fd_ctl_write: 0x1516820: fd (fd:0, idx:1), active : 1
0:00:00.021899201  2474 0x518370 TRACE   GST_REFCOUNTING gstobject.c:294:gst_object_ref_sink: 0x532dc0 ref_sink 1->2
0:00:00.016484884  2475 0x150e320 LOG   GST_POLL gstpoll.c:994:gst_poll_fd_ctl_write: 0x1516820: pfd->events now 60 (POLLOUT:4)
0:00:00.021906579  2474 0x518370 LOG   GST_REGISTRY gstregistry.c:608:gst_registry_add_feature: emitting feature-added for rusage
0:00:00.016493136  2475 0x150e320 DEBUG   GST_POLL gstpoll.c:980:gst_poll_fd_ctl_write: 0x1516820: fd (fd:0, idx:1), active : 1
0:00:00.021913804  2474 0x518370 DEBUG   GST_REGISTRY gstregistrychunks.c:741:gst_registry_chunks_load_feature: Added feature rusage, plugin 0x531be0 coretracers
0:00:00.016499696  2475 0x150e320 LOG   GST_POLL gstpoll.c:994:gst_poll_fd_ctl_write: 0x1516820: pfd->events now 60 (POLLOUT:4)
0:00:00.021921163  2474 0x518370 DEBUG   GST_REGISTRY gstregistrychunks.c:583:gst_registry_chunks_load_feature: Plugin 'coretracers' feature 'log' typename : 'GstTracerFactory'
0:00:00.016507037  2475 0x150e320 DEBUG   GST_POLL gstpoll.c:980:gst_poll_fd_ctl_write: 0x1516820: fd (fd:0, idx:1), active : 1
0:00:00.021929366  2474 0x518370 TRACE   GST_REFCOUNTING gstobject.c:208:gst_object_init: 0x532f10 new
0:00:00.016514211  2475 0x150e320 LOG   GST_POLL gstpoll.c:994:gst_poll_fd_ctl_write: 0x1516820: pfd->events now 60 (POLLOUT:4)
0:00:00.021937873  2474 0x518370 DEBUG   GST_REGISTRY gstregistrychunks.c:718:gst_registry_chunks_load_feature: Reading/casting for GstRegistryChunkPluginFeature at address 0x5323a8
0:00:00.016523370  2475 0x150e320 DEBUG   GST_POLL gstpoll.c:980:gst_poll_fd_ctl_write: 0x1516820: fd (fd:0, idx:1), active : 1
0:00:00.021946121  2474 0x518370 DEBUG   GST_REGISTRY gstregistry.c:590:gst_registry_add_feature: adding feature 0x532f10 (log)
0:00:00.016531120  2475 0x150e320 LOG   GST_POLL gstpoll.c:994:gst_poll_fd_ctl_write: 0x1516820: pfd->events now 60 (POLLOUT:4)
0:00:00.021952916  2474 0x518370 DEBUG   GST_REFCOUNTING gstobject.c:709:gst_object_set_parent: set parent (ref and sink)
0:00:00.016544653  2475 0x150e320 DEBUG   GST_POLL gstpoll.c:980:gst_poll_fd_ctl_write: 0x1516820: fd (fd:0, idx:1), active : 1
0:00:00.021963242  2474 0x518370 TRACE   GST_REFCOUNTING gstobject.c:294:gst_object_ref_sink: 0x532f10 ref_sink 1->2
0:00:00.016551340  2475 0x150e320 LOG   GST_POLL gstpoll.c:994:gst_poll_fd_ctl_write: 0x1516820: pfd->events now 60 (POLLOUT:4)
0:00:00.021970686  2474 0x518370 LOG   GST_REGISTRY gstregistry.c:608:gst_registry_add_feature: emitting feature-added for log
0:00:00.016558233  2475 0x150e320 DEBUG   GST_POLL gstpoll.c:980:gst_poll_fd_ctl_write: 0x1516820: fd (fd:0, idx:1), active : 1
0:00:00.021977792  2474 0x518370 DEBUG   GST_REGISTRY gstregistrychunks.c:741:gst_registry_chunks_load_feature: Added feature log, plugin 0x531be0 coretracers
0:00:00.016564756  2475 0x150e320 LOG   GST_POLL gstpoll.c:994:gst_poll_fd_ctl_write: 0x1516820: pfd->events now 60 (POLLOUT:4)
0:00:00.021985099  2474 0x518370 DEBUG   GST_REGISTRY gstregistrychunks.c:583:gst_registry_chunks_load_feature: Plugin 'coretracers' feature 'latency' typename : 'GstTracerFactory'
0:00:00.016571887  2475 0x150e320 DEBUG   GST_POLL gstpoll.c:980:gst_poll_fd_ctl_write: 0x1516820: fd (fd:0, idx:1), active : 1
0:00:00.021993312  2474 0x518370 TRACE   GST_REFCOUNTING gstobject.c:208:gst_object_init: 0x533110 new
0:00:00.016578388  2475 0x150e320 LOG   GST_POLL gstpoll.c:994:gst_poll_fd_ctl_write: 0x1516820: pfd->events now 60 (POLLOUT:4)
0:00:00.022001732  2474 0x518370 DEBUG   GST_REGISTRY gstregistrychunks.c:718:gst_registry_chunks_load_feature: Reading/casting for GstRegistryChunkPluginFeature at address 0x5323d0
0:00:00.016587947  2475 0x150e320 TRACE   GST_REFCOUNTING gstobject.c:265:gst_object_unref: 0x1527ea0 unref 2->1
0:00:00.022009988  2474 0x518370 DEBUG   GST_REGISTRY gstregistry.c:590:gst_registry_add_feature: adding feature 0x533110 (latency)
0:00:00.016595780  2475 0x150e320 DEBUG   GST_POLL gstpoll.c:1241:gst_poll_fd_has_error: 0x1516820: fd (fd:0, idx:1) 0
0:00:00.022016697  2474 0x518370 DEBUG   GST_REFCOUNTING gstobject.c:709:gst_object_set_parent: set parent (ref and sink)
0:00:00.016603784  2475 0x150e320 DEBUG   GST_POLL gstpoll.c:1335:gst_poll_fd_can_write: 0x1516820: fd (fd:0, idx:1) 1
0:00:00.022024467  2474 0x518370 TRACE   GST_REFCOUNTING gstobject.c:294:gst_object_ref_sink: 0x533110 ref_sink 1->2
0:00:00.016614450  2475 0x150e320 LOG   GST_PLUGIN_LOADING gstpluginloader.c:690:write_one: Writing packet of size 6872 bytes to fd 0
0:00:00.022033240  2474 0x518370 LOG   GST_REGISTRY gstregistry.c:608:gst_registry_add_feature: emitting feature-added for latency
0:00:00.022040319  2474 0x518370 DEBUG   GST_REGISTRY gstregistrychunks.c:741:gst_registry_chunks_load_feature: Added feature latency, plugin 0x531be0 coretracers
0:00:00.016627166  2475 0x150e320 DEBUG   GST_POLL gstpoll.c:1414:gst_poll_wait: 0x1516820: timeout :0:00:01.000000000
0:00:00.022055389  2474 0x518370 LOG   GST_PLUGIN_LOADING gstpluginloader.c:889:handle_rx_packet: marking plugin 0x531be0 as registered as /home/conan/w/prod/BuildSingleReference/.conan/data/gstreamer/1.18.3/_/_/package/467fc03b0f24213bb9b1cf088fa7fb20ffd79c35/lib/gstreamer-1.0/libgstcoretracers.so
0:00:00.016643145  2475 0x150e320 LOG   GST_PLUGIN_LOADING gstpluginloader.c:1028:exchange_packets: Poll res = 2. 488 bytes pending for write
0:00:00.016650607  2475 0x150e320 DEBUG   GST_POLL gstpoll.c:1241:gst_poll_fd_has_error: 0x1516820: fd (fd:5, idx:2) 0
0:00:00.022068810  2474 0x518370 DEBUG   GST_POLL gstpoll.c:1414:gst_poll_wait: 0x531b80: timeout :0:00:01.000000000
0:00:00.016656816  2475 0x150e320 DEBUG   GST_POLL gstpoll.c:1266:gst_poll_fd_can_read_unlocked: 0x1516820: fd (fd:5, idx:2) 1
0:00:00.022080096  2474 0x518370 LOG   GST_PLUGIN_LOADING gstpluginloader.c:1028:exchange_packets: Poll res = 1. 0 bytes pending for write
0:00:00.016666957  2475 0x150e320 DEBUG   GST_PLUGIN_LOADING gstpluginloader.c:722:do_plugin_load: Plugin scanner loading file /home/conan/w/prod/BuildSingleReference/.conan/data/gstreamer/1.18.3/_/_/package/467fc03b0f24213bb9b1cf088fa7fb20ffd79c35/lib/gstreamer-1.0/libgstcoreelements.so. tag 3
0:00:00.022088017  2474 0x518370 DEBUG   GST_POLL gstpoll.c:1241:gst_poll_fd_has_error: 0x531b80: fd (fd:8, idx:2) 0
0:00:00.016675801  2475 0x150e320 TRACE   GST_REFCOUNTING gstobject.c:238:gst_object_ref: 0x152a150 ref 1->2
0:00:00.022095205  2474 0x518370 DEBUG   GST_POLL gstpoll.c:1266:gst_poll_fd_can_read_unlocked: 0x531b80: fd (fd:8, idx:2) 1
0:00:00.016683614  2475 0x150e320 TRACE   GST_REFCOUNTING gstobject.c:238:gst_object_ref: 0x1545380 ref 1->2
0:00:00.022104463  2474 0x518370 LOG   GST_PLUGIN_LOADING gstpluginloader.c:986:read_one: Expanding rx buf from 512 to 7384
0:00:00.016691568  2475 0x150e320 TRACE   GST_REFCOUNTING gstobject.c:238:gst_object_ref: 0x1544650 ref 1->2
0:00:00.016708397  2475 0x150e320 TRACE   GST_REFCOUNTING gstobject.c:238:gst_object_ref: 0x1542e80 ref 1->2
0:00:00.016718511  2475 0x150e320 TRACE   GST_REFCOUNTING gstobject.c:238:gst_object_ref: 0x15420b0 ref 1->2
0:00:00.016729642  2475 0x150e320 TRACE   GST_REFCOUNTING gstobject.c:238:gst_object_ref: 0x1540f10 ref 1->2
0:00:00.022158407  2474 0x518370 DEBUG   GST_PLUGIN_LOADING gstpluginloader.c:850:handle_rx_packet: Received plugin details from child w/ tag 1. 6860 bytes info
0:00:00.016743701  2475 0x150e320 TRACE   GST_REFCOUNTING gstobject.c:238:gst_object_ref: 0x153fe10 ref 1->2
0:00:00.022168180  2474 0x518370 LOG   GST_REGISTRY gstregistrychunks.c:837:_priv_gst_registry_chunks_load_plugin: Reading/casting for GstRegistryChunkPluginElement at address 0x533a50
0:00:00.016756097  2475 0x150e320 TRACE   GST_REFCOUNTING gstobject.c:238:gst_object_ref: 0x153e4c0 ref 1->2
0:00:00.016763831  2475 0x150e320 TRACE   GST_REFCOUNTING gstobject.c:238:gst_object_ref: 0x153c9b0 ref 1->2
0:00:00.022180724  2474 0x518370 TRACE   GST_REFCOUNTING gstobject.c:208:gst_object_init: 0x532200 new
0:00:00.016776330  2475 0x150e320 TRACE   GST_REFCOUNTING gstobject.c:238:gst_object_ref: 0x153b8a0 ref 1->2
0:00:00.016784145  2475 0x150e320 TRACE   GST_REFCOUNTING gstobject.c:238:gst_object_ref: 0x153a680 ref 1->2
0:00:00.022205212  2474 0x518370 LOG   GST_REGISTRY gstregistrychunks.c:858:_priv_gst_registry_chunks_load_plugin: read strings for name='coreelements'
0:00:00.016791081  2475 0x150e320 TRACE   GST_REFCOUNTING gstobject.c:238:gst_object_ref: 0x1539050 ref 1->2
0:00:00.022214419  2474 0x518370 LOG   GST_REGISTRY gstregistrychunks.c:859:_priv_gst_registry_chunks_load_plugin: desc.description='GStreamer core elements'
0:00:00.016801148  2475 0x150e320 TRACE   GST_REFCOUNTING gstobject.c:238:gst_object_ref: 0x15383a0 ref 1->2
0:00:00.022221907  2474 0x518370 LOG   GST_REGISTRY gstregistrychunks.c:860:_priv_gst_registry_chunks_load_plugin: filename='/home/conan/w/prod/BuildSingleReference/.conan/data/gstreamer/1.18.3/_/_/package/467fc03b0f24213bb9b1cf088fa7fb20ffd79c35/lib/gstreamer-1.0/libgstcoreelements.so'
0:00:00.016808722  2475 0x150e320 TRACE   GST_REFCOUNTING gstobject.c:238:gst_object_ref: 0x1537770 ref 1->2
0:00:00.022228519  2474 0x518370 LOG   GST_REGISTRY gstregistrychunks.c:861:_priv_gst_registry_chunks_load_plugin: desc.version='1.18.3'
0:00:00.016816308  2475 0x150e320 TRACE   GST_REFCOUNTING gstobject.c:238:gst_object_ref: 0x152ecc0 ref 1->2
0:00:00.022234742  2474 0x518370 LOG   GST_REGISTRY gstregistrychunks.c:862:_priv_gst_registry_chunks_load_plugin: desc.license='LGPL'
0:00:00.016823793  2475 0x150e320 TRACE   GST_REFCOUNTING gstobject.c:238:gst_object_ref: 0x1534b70 ref 1->2
0:00:00.022241506  2474 0x518370 LOG   GST_REGISTRY gstregistrychunks.c:863:_priv_gst_registry_chunks_load_plugin: desc.source='gstreamer'
0:00:00.016831109  2475 0x150e320 TRACE   GST_REFCOUNTING gstobject.c:238:gst_object_ref: 0x1532540 ref 1->2
0:00:00.022248844  2474 0x518370 LOG   GST_REGISTRY gstregistrychunks.c:864:_priv_gst_registry_chunks_load_plugin: desc.package='GStreamer source release'
0:00:00.016838925  2475 0x150e320 TRACE   GST_REFCOUNTING gstobject.c:238:gst_object_ref: 0x15309f0 ref 1->2
0:00:00.022267983  2474 0x518370 LOG   GST_REGISTRY gstregistrychunks.c:865:_priv_gst_registry_chunks_load_plugin: desc.origin='Unknown package origin'
0:00:00.016854597  2475 0x150e320 TRACE   GST_REFCOUNTING gstobject.c:238:gst_object_ref: 0x152f9b0 ref 1->2
0:00:00.022274459  2474 0x518370 LOG   GST_REGISTRY gstregistrychunks.c:866:_priv_gst_registry_chunks_load_plugin: desc.datetime=2021-01-13
0:00:00.016861963  2475 0x150e320 TRACE   GST_REFCOUNTING gstobject.c:238:gst_object_ref: 0x152df00 ref 1->2
0:00:00.022284375  2474 0x518370 DEBUG   GST_REGISTRY gstregistry.c:474:gst_registry_add_plugin: adding plugin 0x532200 for filename "/home/conan/w/prod/BuildSingleReference/.conan/data/gstreamer/1.18.3/_/_/package/467fc03b0f24213bb9b1cf088fa7fb20ffd79c35/lib/gstreamer-1.0/libgstcoreelements.so"
0:00:00.016880670  2475 0x150e320 TRACE   GST_REFCOUNTING gstobject.c:238:gst_object_ref: 0x152d030 ref 1->2
0:00:00.022300041  2474 0x518370 TRACE   GST_REFCOUNTING gstobject.c:294:gst_object_ref_sink: 0x532200 ref_sink 1->2
0:00:00.016888386  2475 0x150e320 TRACE   GST_REFCOUNTING gstobject.c:238:gst_object_ref: 0x152c290 ref 1->2
0:00:00.022308486  2474 0x518370 LOG   GST_REGISTRY gstregistry.c:487:gst_registry_add_plugin: emitting plugin-added for filename "/home/conan/w/prod/BuildSingleReference/.conan/data/gstreamer/1.18.3/_/_/package/467fc03b0f24213bb9b1cf088fa7fb20ffd79c35/lib/gstreamer-1.0/libgstcoreelements.so"
0:00:00.016895859  2475 0x150e320 TRACE   GST_REFCOUNTING gstobject.c:238:gst_object_ref: 0x152a5a0 ref 1->2
0:00:00.022316648  2474 0x518370 DEBUG   GST_REGISTRY gstregistrychunks.c:887:_priv_gst_registry_chunks_load_plugin: Added plugin 'coreelements' plugin with 22 features from binary registry
0:00:00.016904389  2475 0x150e320 DEBUG   GST_REGISTRY gstregistrychunks.c:265:gst_registry_chunks_save_feature: saved 0 interfaces 0 pad templates
0:00:00.022324503  2474 0x518370 DEBUG   GST_REGISTRY gstregistrychunks.c:583:gst_registry_chunks_load_feature: Plugin 'coreelements' feature 'streamiddemux' typename : 'GstElementFactory'
0:00:00.016918729  2475 0x150e320 DEBUG   GST_REGISTRY gstregistrychunks.c:265:gst_registry_chunks_save_feature: saved 0 interfaces 0 pad templates
0:00:00.022336703  2474 0x518370 TRACE   GST_REFCOUNTING gstobject.c:208:gst_object_init: 0x532570 new
0:00:00.016929594  2475 0x150e320 DEBUG   GST_REGISTRY gstregistrychunks.c:265:gst_registry_chunks_save_feature: saved 0 interfaces 0 pad templates
0:00:00.022346240  2474 0x518370 LOG   GST_REGISTRY gstregistrychunks.c:610:gst_registry_chunks_load_feature: Reading/casting for GstRegistryChunkElementFactory at address 0x533ba8
0:00:00.016940681  2475 0x150e320 DEBUG   GST_REGISTRY gstregistrychunks.c:265:gst_registry_chunks_save_feature: saved 1 interfaces 0 pad templates
0:00:00.022357637  2474 0x518370 TRACE   structure gststructure.c:287:gst_structure_new_id_empty_with_size: created structure 0x533390
0:00:00.016947715  2475 0x150e320 DEBUG   GST_REGISTRY gstregistrychunks.c:284:gst_registry_chunks_save_feature: Saved 1 UriTypes
0:00:00.022366914  2474 0x518370 DEBUG   structure gststructure.c:2203:gst_structure_parse_field: trying field name 'long-name'
0:00:00.016959316  2475 0x150e320 DEBUG   GST_REGISTRY gstregistrychunks.c:265:gst_registry_chunks_save_feature: saved 0 interfaces 0 pad templates
0:00:00.022383467  2474 0x518370 DEBUG   default gstvalue.c:2676:_priv_gst_value_parse_value: trying type name 'string'
0:00:00.016969843  2475 0x150e320 DEBUG   GST_REGISTRY gstregistrychunks.c:265:gst_registry_chunks_save_feature: saved 0 interfaces 0 pad templates
0:00:00.022397976  2474 0x518370 DEBUG   structure gststructure.c:2203:gst_structure_parse_field: trying field name 'klass'
0:00:00.016987920  2475 0x150e320 DEBUG   GST_REGISTRY gstregistrychunks.c:265:gst_registry_chunks_save_feature: saved 0 interfaces 0 pad templates
0:00:00.022404935  2474 0x518370 DEBUG   default gstvalue.c:2676:_priv_gst_value_parse_value: trying type name 'string'
0:00:00.022415817  2474 0x518370 DEBUG   structure gststructure.c:2203:gst_structure_parse_field: trying field name 'description'
0:00:00.016999986  2475 0x150e320 DEBUG   GST_REGISTRY gstregistrychunks.c:265:gst_registry_chunks_save_feature: saved 1 interfaces 0 pad templates
0:00:00.022422525  2474 0x518370 DEBUG   default gstvalue.c:2676:_priv_gst_value_parse_value: trying type name 'string'
0:00:00.017009131  2475 0x150e320 DEBUG   GST_REGISTRY gstregistrychunks.c:284:gst_registry_chunks_save_feature: Saved 1 UriTypes
0:00:00.022430700  2474 0x518370 DEBUG   structure gststructure.c:2203:gst_structure_parse_field: trying field name 'author'
0:00:00.017019506  2475 0x150e320 DEBUG   GST_REGISTRY gstregistrychunks.c:265:gst_registry_chunks_save_feature: saved 1 interfaces 0 pad templates
0:00:00.022437178  2474 0x518370 DEBUG   default gstvalue.c:2676:_priv_gst_value_parse_value: trying type name 'string'
0:00:00.017026243  2475 0x150e320 DEBUG   GST_REGISTRY gstregistrychunks.c:284:gst_registry_chunks_save_feature: Saved 1 UriTypes
0:00:00.022445989  2474 0x518370 DEBUG   GST_REGISTRY gstregistrychunks.c:626:gst_registry_chunks_load_feature: Element factory : npadtemplates=2
0:00:00.017036242  2475 0x150e320 DEBUG   GST_REGISTRY gstregistrychunks.c:265:gst_registry_chunks_save_feature: saved 1 interfaces 0 pad templates
0:00:00.022452575  2474 0x518370 DEBUG   GST_REGISTRY gstregistrychunks.c:526:gst_registry_chunks_load_pad_template: Reading/casting for GstRegistryChunkPadTemplate at address 0x533c80
0:00:00.017042803  2475 0x150e320 DEBUG   GST_REGISTRY gstregistrychunks.c:284:gst_registry_chunks_save_feature: Saved 1 UriTypes
0:00:00.022462092  2474 0x518370 DEBUG   GST_REGISTRY gstregistrychunks.c:539:gst_registry_chunks_load_pad_template: Added pad_template src_%u
0:00:00.017052650  2475 0x150e320 DEBUG   GST_REGISTRY gstregistrychunks.c:265:gst_registry_chunks_save_feature: saved 0 interfaces 0 pad templates
0:00:00.022468833  2474 0x518370 DEBUG   GST_REGISTRY gstregistrychunks.c:526:gst_registry_chunks_load_pad_template: Reading/casting for GstRegistryChunkPadTemplate at address 0x533c98
0:00:00.022478323  2474 0x518370 DEBUG   GST_REGISTRY gstregistrychunks.c:539:gst_registry_chunks_load_pad_template: Added pad_template sink
0:00:00.017063486  2475 0x150e320 DEBUG   GST_REGISTRY gstregistrychunks.c:265:gst_registry_chunks_save_feature: saved 0 interfaces 0 pad templates
0:00:00.022486573  2474 0x518370 DEBUG   GST_REGISTRY gstregistry.c:590:gst_registry_add_feature: adding feature 0x532570 (streamiddemux)
0:00:00.017074524  2475 0x150e320 DEBUG   GST_REGISTRY gstregistrychunks.c:265:gst_registry_chunks_save_feature: saved 0 interfaces 0 pad templates
0:00:00.022495409  2474 0x518370 DEBUG   GST_REFCOUNTING gstobject.c:709:gst_object_set_parent: set parent (ref and sink)
0:00:00.022507834  2474 0x518370 TRACE   GST_REFCOUNTING gstobject.c:294:gst_object_ref_sink: 0x532570 ref_sink 1->2
0:00:00.017093600  2475 0x150e320 DEBUG   GST_REGISTRY gstregistrychunks.c:265:gst_registry_chunks_save_feature: saved 0 interfaces 0 pad templates
0:00:00.022514951  2474 0x518370 LOG   GST_REGISTRY gstregistry.c:608:gst_registry_add_feature: emitting feature-added for streamiddemux
0:00:00.017104519  2475 0x150e320 DEBUG   GST_REGISTRY gstregistrychunks.c:265:gst_registry_chunks_save_feature: saved 0 interfaces 0 pad templates
0:00:00.022522451  2474 0x518370 DEBUG   GST_REGISTRY gstregistrychunks.c:741:gst_registry_chunks_load_feature: Added feature streamiddemux, plugin 0x532200 coreelements
0:00:00.022530828  2474 0x518370 DEBUG   GST_REGISTRY gstregistrychunks.c:583:gst_registry_chunks_load_feature: Plugin 'coreelements' feature 'valve' typename : 'GstElementFactory'
0:00:00.017114957  2475 0x150e320 DEBUG   GST_REGISTRY gstregistrychunks.c:265:gst_registry_chunks_save_feature: saved 0 interfaces 0 pad templates
0:00:00.022538733  2474 0x518370 TRACE   GST_REFCOUNTING gstobject.c:208:gst_object_init: 0x5337d0 new
0:00:00.017127886  2475 0x150e320 DEBUG   GST_REGISTRY gstregistrychunks.c:265:gst_registry_chunks_save_feature: saved 1 interfaces 0 pad templates
0:00:00.022547285  2474 0x518370 LOG   GST_REGISTRY gstregistrychunks.c:610:gst_registry_chunks_load_feature: Reading/casting for GstRegistryChunkElementFactory at address 0x533cc8
0:00:00.017135210  2475 0x150e320 DEBUG   GST_REGISTRY gstregistrychunks.c:284:gst_registry_chunks_save_feature: Saved 1 UriTypes
0:00:00.022555210  2474 0x518370 TRACE   structure gststructure.c:287:gst_structure_new_id_empty_with_size: created structure 0x535800
0:00:00.022561906  2474 0x518370 DEBUG   structure gststructure.c:2203:gst_structure_parse_field: trying field name 'long-name'
0:00:00.017146131  2475 0x150e320 DEBUG   GST_REGISTRY gstregistrychunks.c:265:gst_registry_chunks_save_feature: saved 0 interfaces 0 pad templates
0:00:00.022567826  2474 0x518370 DEBUG   default gstvalue.c:2676:_priv_gst_value_parse_value: trying type name 'string'
0:00:00.022574983  2474 0x518370 DEBUG   structure gststructure.c:2203:gst_structure_parse_field: trying field name 'klass'
0:00:00.017159361  2475 0x150e320 DEBUG   GST_REGISTRY gstregistrychunks.c:265:gst_registry_chunks_save_feature: saved 0 interfaces 0 pad templates
0:00:00.022580687  2474 0x518370 DEBUG   default gstvalue.c:2676:_priv_gst_value_parse_value: trying type name 'string'
0:00:00.022587594  2474 0x518370 DEBUG   structure gststructure.c:2203:gst_structure_parse_field: trying field name 'description'
0:00:00.017172461  2475 0x150e320 DEBUG   GST_REGISTRY gstregistrychunks.c:265:gst_registry_chunks_save_feature: saved 0 interfaces 0 pad templates
0:00:00.022593695  2474 0x518370 DEBUG   default gstvalue.c:2676:_priv_gst_value_parse_value: trying type name 'string'
0:00:00.022604762  2474 0x518370 DEBUG   structure gststructure.c:2203:gst_structure_parse_field: trying field name 'author'
0:00:00.017190131  2475 0x150e320 DEBUG   GST_REGISTRY gstregistrychunks.c:265:gst_registry_chunks_save_feature: saved 0 interfaces 0 pad templates
0:00:00.022610611  2474 0x518370 DEBUG   default gstvalue.c:2676:_priv_gst_value_parse_value: trying type name 'string'
0:00:00.022618376  2474 0x518370 DEBUG   GST_REGISTRY gstregistrychunks.c:626:gst_registry_chunks_load_feature: Element factory : npadtemplates=2
0:00:00.017203108  2475 0x150e320 DEBUG   GST_REGISTRY gstregistrychunks.c:265:gst_registry_chunks_save_feature: saved 0 interfaces 0 pad templates
0:00:00.022624676  2474 0x518370 DEBUG   GST_REGISTRY gstregistrychunks.c:526:gst_registry_chunks_load_pad_template: Reading/casting for GstRegistryChunkPadTemplate at address 0x533db8
0:00:00.022631450  2474 0x518370 DEBUG   GST_REGISTRY gstregistrychunks.c:539:gst_registry_chunks_load_pad_template: Added pad_template sink
0:00:00.017216495  2475 0x150e320 TRACE   GST_REFCOUNTING gstobject.c:265:gst_object_unref: 0x152a5a0 unref 2->1
0:00:00.022637689  2474 0x518370 DEBUG   GST_REGISTRY gstregistrychunks.c:526:gst_registry_chunks_load_pad_template: Reading/casting for GstRegistryChunkPadTemplate at address 0x533dd0
0:00:00.017226035  2475 0x150e320 TRACE   GST_REFCOUNTING gstobject.c:265:gst_object_unref: 0x152c290 unref 2->1
0:00:00.022645592  2474 0x518370 DEBUG   GST_REGISTRY gstregistrychunks.c:539:gst_registry_chunks_load_pad_template: Added pad_template src
0:00:00.017233959  2475 0x150e320 TRACE   GST_REFCOUNTING gstobject.c:265:gst_object_unref: 0x152d030 unref 2->1
0:00:00.022655006  2474 0x518370 DEBUG   GST_REGISTRY gstregistry.c:590:gst_registry_add_feature: adding feature 0x5337d0 (valve)
0:00:00.017241828  2475 0x150e320 TRACE   GST_REFCOUNTING gstobject.c:265:gst_object_unref: 0x152df00 unref 2->1
0:00:00.022662114  2474 0x518370 DEBUG   GST_REFCOUNTING gstobject.c:709:gst_object_set_parent: set parent (ref and sink)
0:00:00.017249193  2475 0x150e320 TRACE   GST_REFCOUNTING gstobject.c:265:gst_object_unref: 0x152f9b0 unref 2->1
0:00:00.022670481  2474 0x518370 TRACE   GST_REFCOUNTING gstobject.c:294:gst_object_ref_sink: 0x5337d0 ref_sink 1->2
0:00:00.017256847  2475 0x150e320 TRACE   GST_REFCOUNTING gstobject.c:265:gst_object_unref: 0x15309f0 unref 2->1
0:00:00.022678072  2474 0x518370 LOG   GST_REGISTRY gstregistry.c:608:gst_registry_add_feature: emitting feature-added for valve
0:00:00.017264467  2475 0x150e320 TRACE   GST_REFCOUNTING gstobject.c:265:gst_object_unref: 0x1532540 unref 2->1
0:00:00.022685717  2474 0x518370 DEBUG   GST_REGISTRY gstregistrychunks.c:741:gst_registry_chunks_load_feature: Added feature valve, plugin 0x532200 coreelements
0:00:00.017272069  2475 0x150e320 TRACE   GST_REFCOUNTING gstobject.c:265:gst_object_unref: 0x1534b70 unref 2->1
0:00:00.022700691  2474 0x518370 DEBUG   GST_REGISTRY gstregistrychunks.c:583:gst_registry_chunks_load_feature: Plugin 'coreelements' feature 'multiqueue' typename : 'GstElementFactory'
0:00:00.017286940  2475 0x150e320 TRACE   GST_REFCOUNTING gstobject.c:265:gst_object_unref: 0x152ecc0 unref 2->1
0:00:00.022710003  2474 0x518370 TRACE   GST_REFCOUNTING gstobject.c:208:gst_object_init: 0x5338c0 new
0:00:00.017294428  2475 0x150e320 TRACE   GST_REFCOUNTING gstobject.c:265:gst_object_unref: 0x1537770 unref 2->1
0:00:00.022718662  2474 0x518370 LOG   GST_REGISTRY gstregistrychunks.c:610:gst_registry_chunks_load_feature: Reading/casting for GstRegistryChunkElementFactory at address 0x533e00
0:00:00.017309095  2475 0x150e320 TRACE   GST_REFCOUNTING gstobject.c:265:gst_object_unref: 0x15383a0 unref 2->1
0:00:00.022726108  2474 0x518370 TRACE   structure gststructure.c:287:gst_structure_new_id_empty_with_size: created structure 0x535a30
0:00:00.017317068  2475 0x150e320 TRACE   GST_REFCOUNTING gstobject.c:265:gst_object_unref: 0x1539050 unref 2->1
0:00:00.022735047  2474 0x518370 DEBUG   structure gststructure.c:2203:gst_structure_parse_field: trying field name 'long-name'
0:00:00.017324581  2475 0x150e320 TRACE   GST_REFCOUNTING gstobject.c:265:gst_object_unref: 0x153a680 unref 2->1
0:00:00.022742248  2474 0x518370 DEBUG   default gstvalue.c:2676:_priv_gst_value_parse_value: trying type name 'string'
0:00:00.017332181  2475 0x150e320 TRACE   GST_REFCOUNTING gstobject.c:265:gst_object_unref: 0x153b8a0 unref 2->1
0:00:00.022750634  2474 0x518370 DEBUG   structure gststructure.c:2203:gst_structure_parse_field: trying field name 'klass'
0:00:00.017339959  2475 0x150e320 TRACE   GST_REFCOUNTING gstobject.c:265:gst_object_unref: 0x153c9b0 unref 2->1
0:00:00.022759243  2474 0x518370 DEBUG   default gstvalue.c:2676:_priv_gst_value_parse_value: trying type name 'string'
0:00:00.017347380  2475 0x150e320 TRACE   GST_REFCOUNTING gstobject.c:265:gst_object_unref: 0x153e4c0 unref 2->1
0:00:00.022767495  2474 0x518370 DEBUG   structure gststructure.c:2203:gst_structure_parse_field: trying field name 'description'
0:00:00.017354765  2475 0x150e320 TRACE   GST_REFCOUNTING gstobject.c:265:gst_object_unref: 0x153fe10 unref 2->1
0:00:00.022774574  2474 0x518370 DEBUG   default gstvalue.c:2676:_priv_gst_value_parse_value: trying type name 'string'
0:00:00.017362280  2475 0x150e320 TRACE   GST_REFCOUNTING gstobject.c:265:gst_object_unref: 0x1540f10 unref 2->1
0:00:00.022782166  2474 0x518370 DEBUG   structure gststructure.c:2203:gst_structure_parse_field: trying field name 'author'
0:00:00.017369904  2475 0x150e320 TRACE   GST_REFCOUNTING gstobject.c:265:gst_object_unref: 0x15420b0 unref 2->1
0:00:00.022788723  2474 0x518370 DEBUG   default gstvalue.c:2676:_priv_gst_value_parse_value: trying type name 'string'
0:00:00.017382004  2475 0x150e320 TRACE   GST_REFCOUNTING gstobject.c:265:gst_object_unref: 0x1542e80 unref 2->1
0:00:00.022800993  2474 0x518370 DEBUG   GST_REGISTRY gstregistrychunks.c:626:gst_registry_chunks_load_feature: Element factory : npadtemplates=2
0:00:00.017389625  2475 0x150e320 TRACE   GST_REFCOUNTING gstobject.c:265:gst_object_unref: 0x1544650 unref 2->1
0:00:00.022807516  2474 0x518370 DEBUG   GST_REGISTRY gstregistrychunks.c:526:gst_registry_chunks_load_pad_template: Reading/casting for GstRegistryChunkPadTemplate at address 0x533ec0
0:00:00.017397187  2475 0x150e320 TRACE   GST_REFCOUNTING gstobject.c:265:gst_object_unref: 0x1545380 unref 2->1
0:00:00.022814969  2474 0x518370 DEBUG   GST_REGISTRY gstregistrychunks.c:539:gst_registry_chunks_load_pad_template: Added pad_template src_%u
0:00:00.022822309  2474 0x518370 DEBUG   GST_REGISTRY gstregistrychunks.c:526:gst_registry_chunks_load_pad_template: Reading/casting for GstRegistryChunkPadTemplate at address 0x533ed8
0:00:00.017406692  2475 0x150e320 DEBUG   GST_REGISTRY gstregistrychunks.c:498:_priv_gst_registry_chunks_save_plugin: Found 22 features in plugin 0x152a150 (coreelements)
0:00:00.022828611  2474 0x518370 DEBUG   GST_REGISTRY gstregistrychunks.c:539:gst_registry_chunks_load_pad_template: Added pad_template sink_%u
0:00:00.017415820  2475 0x150e320 DEBUG   GST_POLL gstpoll.c:980:gst_poll_fd_ctl_write: 0x1516820: fd (fd:0, idx:1), active : 1
0:00:00.022837723  2474 0x518370 DEBUG   GST_REGISTRY gstregistry.c:590:gst_registry_add_feature: adding feature 0x5338c0 (multiqueue)
0:00:00.017423075  2475 0x150e320 LOG   GST_POLL gstpoll.c:994:gst_poll_fd_ctl_write: 0x1516820: pfd->events now 60 (POLLOUT:4)
0:00:00.022845391  2474 0x518370 DEBUG   GST_REFCOUNTING gstobject.c:709:gst_object_set_parent: set parent (ref and sink)
0:00:00.017431908  2475 0x150e320 DEBUG   GST_POLL gstpoll.c:980:gst_poll_fd_ctl_write: 0x1516820: fd (fd:0, idx:1), active : 1
0:00:00.022854235  2474 0x518370 TRACE   GST_REFCOUNTING gstobject.c:294:gst_object_ref_sink: 0x5338c0 ref_sink 1->2
0:00:00.017439350  2475 0x150e320 LOG   GST_POLL gstpoll.c:994:gst_poll_fd_ctl_write: 0x1516820: pfd->events now 60 (POLLOUT:4)
0:00:00.022861963  2474 0x518370 LOG   GST_REGISTRY gstregistry.c:608:gst_registry_add_feature: emitting feature-added for multiqueue
0:00:00.017448572  2475 0x150e320 DEBUG   GST_POLL gstpoll.c:980:gst_poll_fd_ctl_write: 0x1516820: fd (fd:0, idx:1), active : 1
0:00:00.022869634  2474 0x518370 DEBUG   GST_REGISTRY gstregistrychunks.c:741:gst_registry_chunks_load_feature: Added feature multiqueue, plugin 0x532200 coreelements
0:00:00.017455546  2475 0x150e320 LOG   GST_POLL gstpoll.c:994:gst_poll_fd_ctl_write: 0x1516820: pfd->events now 60 (POLLOUT:4)
