0:00:00.018999006  2475 0x150e320 DEBUG   GST_POLL gstpoll.c:980:gst_poll_fd_ctl_write: 0x1516820: fd (fd:0, idx:1), active : 1
0:00:00.024418904  2474 0x518370 DEBUG   GST_REGISTRY gstregistrychunks.c:626:gst_registry_chunks_load_feature: Element factory : npadtemplates=2
0:00:00.019005683  2475 0x150e320 LOG   GST_POLL gstpoll.c:994:gst_poll_fd_ctl_write: 0x1516820: pfd->events now 60 (POLLOUT:4)
0:00:00.024425360  2474 0x518370 DEBUG   GST_REGISTRY gstregistrychunks.c:526:gst_registry_chunks_load_pad_template: Reading/casting for GstRegistryChunkPadTemplate at address 0x534940
0:00:00.019013002  2475 0x150e320 DEBUG   GST_POLL gstpoll.c:980:gst_poll_fd_ctl_write: 0x1516820: fd (fd:0, idx:1), active : 1
0:00:00.024432053  2474 0x518370 DEBUG   GST_REGISTRY gstregistrychunks.c:539:gst_registry_chunks_load_pad_template: Added pad_template src
0:00:00.019019499  2475 0x150e320 LOG   GST_POLL gstpoll.c:994:gst_poll_fd_ctl_write: 0x1516820: pfd->events now 60 (POLLOUT:4)
0:00:00.024447576  2474 0x518370 DEBUG   GST_REGISTRY gstregistrychunks.c:526:gst_registry_chunks_load_pad_template: Reading/casting for GstRegistryChunkPadTemplate at address 0x534950
0:00:00.019034592  2475 0x150e320 DEBUG   GST_POLL gstpoll.c:980:gst_poll_fd_ctl_write: 0x1516820: fd (fd:0, idx:1), active : 1
0:00:00.024454787  2474 0x518370 DEBUG   GST_REGISTRY gstregistrychunks.c:539:gst_registry_chunks_load_pad_template: Added pad_template sink_%u
0:00:00.019041489  2475 0x150e320 LOG   GST_POLL gstpoll.c:994:gst_poll_fd_ctl_write: 0x1516820: pfd->events now 60 (POLLOUT:4)
0:00:00.024463876  2474 0x518370 DEBUG   GST_REGISTRY gstregistry.c:590:gst_registry_add_feature: adding feature 0x537d90 (funnel)
0:00:00.019048340  2475 0x150e320 DEBUG   GST_POLL gstpoll.c:980:gst_poll_fd_ctl_write: 0x1516820: fd (fd:0, idx:1), active : 1
0:00:00.024471049  2474 0x518370 DEBUG   GST_REFCOUNTING gstobject.c:709:gst_object_set_parent: set parent (ref and sink)
0:00:00.019057351  2475 0x150e320 LOG   GST_POLL gstpoll.c:994:gst_poll_fd_ctl_write: 0x1516820: pfd->events now 60 (POLLOUT:4)
0:00:00.024479448  2474 0x518370 TRACE   GST_REFCOUNTING gstobject.c:294:gst_object_ref_sink: 0x537d90 ref_sink 1->2
0:00:00.019065238  2475 0x150e320 DEBUG   GST_POLL gstpoll.c:980:gst_poll_fd_ctl_write: 0x1516820: fd (fd:0, idx:1), active : 1
0:00:00.024486805  2474 0x518370 LOG   GST_REGISTRY gstregistry.c:608:gst_registry_add_feature: emitting feature-added for funnel
0:00:00.019073135  2475 0x150e320 LOG   GST_POLL gstpoll.c:994:gst_poll_fd_ctl_write: 0x1516820: pfd->events now 60 (POLLOUT:4)
0:00:00.024494370  2474 0x518370 DEBUG   GST_REGISTRY gstregistrychunks.c:741:gst_registry_chunks_load_feature: Added feature funnel, plugin 0x532200 coreelements
0:00:00.019080123  2475 0x150e320 DEBUG   GST_POLL gstpoll.c:980:gst_poll_fd_ctl_write: 0x1516820: fd (fd:0, idx:1), active : 1
0:00:00.024501998  2474 0x518370 DEBUG   GST_REGISTRY gstregistrychunks.c:583:gst_registry_chunks_load_feature: Plugin 'coreelements' feature 'filesrc' typename : 'GstElementFactory'
0:00:00.019087280  2475 0x150e320 LOG   GST_POLL gstpoll.c:994:gst_poll_fd_ctl_write: 0x1516820: pfd->events now 60 (POLLOUT:4)
0:00:00.024510746  2474 0x518370 TRACE   GST_REFCOUNTING gstobject.c:208:gst_object_init: 0x537c90 new
0:00:00.019095563  2475 0x150e320 DEBUG   GST_POLL gstpoll.c:980:gst_poll_fd_ctl_write: 0x1516820: fd (fd:0, idx:1), active : 1
0:00:00.024519237  2474 0x518370 LOG   GST_REGISTRY gstregistrychunks.c:610:gst_registry_chunks_load_feature: Reading/casting for GstRegistryChunkElementFactory at address 0x534980
0:00:00.019103964  2475 0x150e320 LOG   GST_POLL gstpoll.c:994:gst_poll_fd_ctl_write: 0x1516820: pfd->events now 60 (POLLOUT:4)
0:00:00.024526881  2474 0x518370 TRACE   structure gststructure.c:287:gst_structure_new_id_empty_with_size: created structure 0x5382c0
0:00:00.019117513  2475 0x150e320 DEBUG   GST_POLL gstpoll.c:980:gst_poll_fd_ctl_write: 0x1516820: fd (fd:0, idx:1), active : 1
0:00:00.024535693  2474 0x518370 DEBUG   structure gststructure.c:2203:gst_structure_parse_field: trying field name 'long-name'
0:00:00.019124346  2475 0x150e320 LOG   GST_POLL gstpoll.c:994:gst_poll_fd_ctl_write: 0x1516820: pfd->events now 60 (POLLOUT:4)
0:00:00.024542920  2474 0x518370 DEBUG   default gstvalue.c:2676:_priv_gst_value_parse_value: trying type name 'string'
0:00:00.019131715  2475 0x150e320 DEBUG   GST_POLL gstpoll.c:980:gst_poll_fd_ctl_write: 0x1516820: fd (fd:0, idx:1), active : 1
0:00:00.024550648  2474 0x518370 DEBUG   structure gststructure.c:2203:gst_structure_parse_field: trying field name 'klass'
0:00:00.019138610  2475 0x150e320 LOG   GST_POLL gstpoll.c:994:gst_poll_fd_ctl_write: 0x1516820: pfd->events now 60 (POLLOUT:4)
0:00:00.024556901  2474 0x518370 DEBUG   default gstvalue.c:2676:_priv_gst_value_parse_value: trying type name 'string'
0:00:00.019145852  2475 0x150e320 DEBUG   GST_POLL gstpoll.c:980:gst_poll_fd_ctl_write: 0x1516820: fd (fd:0, idx:1), active : 1
0:00:00.024565081  2474 0x518370 DEBUG   structure gststructure.c:2203:gst_structure_parse_field: trying field name 'description'
0:00:00.019152741  2475 0x150e320 LOG   GST_POLL gstpoll.c:994:gst_poll_fd_ctl_write: 0x1516820: pfd->events now 60 (POLLOUT:4)
0:00:00.024572049  2474 0x518370 DEBUG   default gstvalue.c:2676:_priv_gst_value_parse_value: trying type name 'string'
0:00:00.019159864  2475 0x150e320 DEBUG   GST_POLL gstpoll.c:980:gst_poll_fd_ctl_write: 0x1516820: fd (fd:0, idx:1), active : 1
0:00:00.024579856  2474 0x518370 DEBUG   structure gststructure.c:2203:gst_structure_parse_field: trying field name 'author'
0:00:00.019166305  2475 0x150e320 LOG   GST_POLL gstpoll.c:994:gst_poll_fd_ctl_write: 0x1516820: pfd->events now 60 (POLLOUT:4)
0:00:00.024586289  2474 0x518370 DEBUG   default gstvalue.c:2676:_priv_gst_value_parse_value: trying type name 'string'
0:00:00.019173229  2475 0x150e320 DEBUG   GST_POLL gstpoll.c:980:gst_poll_fd_ctl_write: 0x1516820: fd (fd:0, idx:1), active : 1
0:00:00.024593977  2474 0x518370 DEBUG   GST_REGISTRY gstregistrychunks.c:626:gst_registry_chunks_load_feature: Element factory : npadtemplates=1
0:00:00.019179847  2475 0x150e320 LOG   GST_POLL gstpoll.c:994:gst_poll_fd_ctl_write: 0x1516820: pfd->events now 60 (POLLOUT:4)
0:00:00.024600417  2474 0x518370 DEBUG   GST_REGISTRY gstregistrychunks.c:526:gst_registry_chunks_load_pad_template: Reading/casting for GstRegistryChunkPadTemplate at address 0x534a60
0:00:00.019187346  2475 0x150e320 DEBUG   GST_POLL gstpoll.c:980:gst_poll_fd_ctl_write: 0x1516820: fd (fd:0, idx:1), active : 1
0:00:00.024607229  2474 0x518370 DEBUG   GST_REGISTRY gstregistrychunks.c:539:gst_registry_chunks_load_pad_template: Added pad_template src
0:00:00.019194155  2475 0x150e320 LOG   GST_POLL gstpoll.c:994:gst_poll_fd_ctl_write: 0x1516820: pfd->events now 60 (POLLOUT:4)
0:00:00.024620816  2474 0x518370 DEBUG   GST_REGISTRY gstregistrychunks.c:639:gst_registry_chunks_load_feature: Reading 1 UriTypes at address 0x534a70
0:00:00.019206996  2475 0x150e320 DEBUG   GST_POLL gstpoll.c:980:gst_poll_fd_ctl_write: 0x1516820: fd (fd:0, idx:1), active : 1
0:00:00.024628740  2474 0x518370 DEBUG   GST_REGISTRY gstregistrychunks.c:654:gst_registry_chunks_load_feature: Reading 1 Interfaces at address 0x534a79
0:00:00.019214558  2475 0x150e320 LOG   GST_POLL gstpoll.c:994:gst_poll_fd_ctl_write: 0x1516820: pfd->events now 60 (POLLOUT:4)
0:00:00.019222158  2475 0x150e320 DEBUG   GST_POLL gstpoll.c:980:gst_poll_fd_ctl_write: 0x1516820: fd (fd:0, idx:1), active : 1
0:00:00.024638586  2474 0x518370 DEBUG   GST_REGISTRY gstregistry.c:590:gst_registry_add_feature: adding feature 0x537c90 (filesrc)
0:00:00.019228286  2475 0x150e320 LOG   GST_POLL gstpoll.c:994:gst_poll_fd_ctl_write: 0x1516820: pfd->events now 60 (POLLOUT:4)
0:00:00.024647327  2474 0x518370 DEBUG   GST_REFCOUNTING gstobject.c:709:gst_object_set_parent: set parent (ref and sink)
0:00:00.019235483  2475 0x150e320 DEBUG   GST_POLL gstpoll.c:980:gst_poll_fd_ctl_write: 0x1516820: fd (fd:0, idx:1), active : 1
0:00:00.024656147  2474 0x518370 TRACE   GST_REFCOUNTING gstobject.c:294:gst_object_ref_sink: 0x537c90 ref_sink 1->2
0:00:00.019242354  2475 0x150e320 LOG   GST_POLL gstpoll.c:994:gst_poll_fd_ctl_write: 0x1516820: pfd->events now 60 (POLLOUT:4)
0:00:00.024664102  2474 0x518370 LOG   GST_REGISTRY gstregistry.c:608:gst_registry_add_feature: emitting feature-added for filesrc
0:00:00.019250061  2475 0x150e320 DEBUG   GST_POLL gstpoll.c:980:gst_poll_fd_ctl_write: 0x1516820: fd (fd:0, idx:1), active : 1
0:00:00.024672015  2474 0x518370 DEBUG   GST_REGISTRY gstregistrychunks.c:741:gst_registry_chunks_load_feature: Added feature filesrc, plugin 0x532200 coreelements
0:00:00.019257625  2475 0x150e320 LOG   GST_POLL gstpoll.c:994:gst_poll_fd_ctl_write: 0x1516820: pfd->events now 60 (POLLOUT:4)
0:00:00.024679853  2474 0x518370 DEBUG   GST_REGISTRY gstregistrychunks.c:583:gst_registry_chunks_load_feature: Plugin 'coreelements' feature 'fdsink' typename : 'GstElementFactory'
0:00:00.019265524  2475 0x150e320 DEBUG   GST_POLL gstpoll.c:980:gst_poll_fd_ctl_write: 0x1516820: fd (fd:0, idx:1), active : 1
0:00:00.019273427  2475 0x150e320 LOG   GST_POLL gstpoll.c:994:gst_poll_fd_ctl_write: 0x1516820: pfd->events now 60 (POLLOUT:4)
0:00:00.024689001  2474 0x518370 TRACE   GST_REFCOUNTING gstobject.c:208:gst_object_init: 0x5383f0 new
0:00:00.019279959  2475 0x150e320 DEBUG   GST_POLL gstpoll.c:980:gst_poll_fd_ctl_write: 0x1516820: fd (fd:0, idx:1), active : 1
0:00:00.024700197  2474 0x518370 LOG   GST_REGISTRY gstregistrychunks.c:610:gst_registry_chunks_load_feature: Reading/casting for GstRegistryChunkElementFactory at address 0x534aa0
0:00:00.019286643  2475 0x150e320 LOG   GST_POLL gstpoll.c:994:gst_poll_fd_ctl_write: 0x1516820: pfd->events now 60 (POLLOUT:4)
0:00:00.024712788  2474 0x518370 TRACE   structure gststructure.c:287:gst_structure_new_id_empty_with_size: created structure 0x5385b0
0:00:00.024720371  2474 0x518370 DEBUG   structure gststructure.c:2203:gst_structure_parse_field: trying field name 'long-name'
0:00:00.019299092  2475 0x150e320 DEBUG   GST_POLL gstpoll.c:980:gst_poll_fd_ctl_write: 0x1516820: fd (fd:0, idx:1), active : 1
0:00:00.024726767  2474 0x518370 DEBUG   default gstvalue.c:2676:_priv_gst_value_parse_value: trying type name 'string'
0:00:00.019313677  2475 0x150e320 LOG   GST_POLL gstpoll.c:994:gst_poll_fd_ctl_write: 0x1516820: pfd->events now 60 (POLLOUT:4)
0:00:00.024734999  2474 0x518370 DEBUG   structure gststructure.c:2203:gst_structure_parse_field: trying field name 'klass'
0:00:00.019321345  2475 0x150e320 DEBUG   GST_POLL gstpoll.c:980:gst_poll_fd_ctl_write: 0x1516820: fd (fd:0, idx:1), active : 1
0:00:00.024742021  2474 0x518370 DEBUG   default gstvalue.c:2676:_priv_gst_value_parse_value: trying type name 'string'
0:00:00.019328541  2475 0x150e320 LOG   GST_POLL gstpoll.c:994:gst_poll_fd_ctl_write: 0x1516820: pfd->events now 60 (POLLOUT:4)
0:00:00.024749443  2474 0x518370 DEBUG   structure gststructure.c:2203:gst_structure_parse_field: trying field name 'description'
0:00:00.019335488  2475 0x150e320 DEBUG   GST_POLL gstpoll.c:980:gst_poll_fd_ctl_write: 0x1516820: fd (fd:0, idx:1), active : 1
0:00:00.024757179  2474 0x518370 DEBUG   default gstvalue.c:2676:_priv_gst_value_parse_value: trying type name 'string'
0:00:00.019342749  2475 0x150e320 LOG   GST_POLL gstpoll.c:994:gst_poll_fd_ctl_write: 0x1516820: pfd->events now 60 (POLLOUT:4)
0:00:00.024766001  2474 0x518370 DEBUG   structure gststructure.c:2203:gst_structure_parse_field: trying field name 'author'
0:00:00.019352292  2475 0x150e320 DEBUG   GST_POLL gstpoll.c:980:gst_poll_fd_ctl_write: 0x1516820: fd (fd:0, idx:1), active : 1
0:00:00.024773034  2474 0x518370 DEBUG   default gstvalue.c:2676:_priv_gst_value_parse_value: trying type name 'string'
0:00:00.019359141  2475 0x150e320 LOG   GST_POLL gstpoll.c:994:gst_poll_fd_ctl_write: 0x1516820: pfd->events now 60 (POLLOUT:4)
0:00:00.024780683  2474 0x518370 DEBUG   GST_REGISTRY gstregistrychunks.c:626:gst_registry_chunks_load_feature: Element factory : npadtemplates=1
0:00:00.019366504  2475 0x150e320 DEBUG   GST_POLL gstpoll.c:980:gst_poll_fd_ctl_write: 0x1516820: fd (fd:0, idx:1), active : 1
0:00:00.024787304  2474 0x518370 DEBUG   GST_REGISTRY gstregistrychunks.c:526:gst_registry_chunks_load_pad_template: Reading/casting for GstRegistryChunkPadTemplate at address 0x534b80
0:00:00.019373772  2475 0x150e320 LOG   GST_POLL gstpoll.c:994:gst_poll_fd_ctl_write: 0x1516820: pfd->events now 60 (POLLOUT:4)
0:00:00.024794096  2474 0x518370 DEBUG   GST_REGISTRY gstregistrychunks.c:539:gst_registry_chunks_load_pad_template: Added pad_template sink
0:00:00.019380917  2475 0x150e320 DEBUG   GST_POLL gstpoll.c:980:gst_poll_fd_ctl_write: 0x1516820: fd (fd:0, idx:1), active : 1
0:00:00.024807383  2474 0x518370 DEBUG   GST_REGISTRY gstregistrychunks.c:639:gst_registry_chunks_load_feature: Reading 1 UriTypes at address 0x534b91
0:00:00.019393578  2475 0x150e320 LOG   GST_POLL gstpoll.c:994:gst_poll_fd_ctl_write: 0x1516820: pfd->events now 60 (POLLOUT:4)
0:00:00.024815118  2474 0x518370 DEBUG   GST_REGISTRY gstregistrychunks.c:654:gst_registry_chunks_load_feature: Reading 1 Interfaces at address 0x534b9f
0:00:00.019401874  2475 0x150e320 DEBUG   GST_POLL gstpoll.c:980:gst_poll_fd_ctl_write: 0x1516820: fd (fd:0, idx:1), active : 1
0:00:00.019408884  2475 0x150e320 LOG   GST_POLL gstpoll.c:994:gst_poll_fd_ctl_write: 0x1516820: pfd->events now 60 (POLLOUT:4)
0:00:00.024825227  2474 0x518370 DEBUG   GST_REGISTRY gstregistry.c:590:gst_registry_add_feature: adding feature 0x5383f0 (fdsink)
0:00:00.019415456  2475 0x150e320 DEBUG   GST_POLL gstpoll.c:980:gst_poll_fd_ctl_write: 0x1516820: fd (fd:0, idx:1), active : 1
0:00:00.024833976  2474 0x518370 DEBUG   GST_REFCOUNTING gstobject.c:709:gst_object_set_parent: set parent (ref and sink)
0:00:00.019421908  2475 0x150e320 LOG   GST_POLL gstpoll.c:994:gst_poll_fd_ctl_write: 0x1516820: pfd->events now 60 (POLLOUT:4)
0:00:00.024842908  2474 0x518370 TRACE   GST_REFCOUNTING gstobject.c:294:gst_object_ref_sink: 0x5383f0 ref_sink 1->2
0:00:00.019429049  2475 0x150e320 DEBUG   GST_POLL gstpoll.c:980:gst_poll_fd_ctl_write: 0x1516820: fd (fd:0, idx:1), active : 1
0:00:00.024851521  2474 0x518370 LOG   GST_REGISTRY gstregistry.c:608:gst_registry_add_feature: emitting feature-added for fdsink
0:00:00.019437427  2475 0x150e320 LOG   GST_POLL gstpoll.c:994:gst_poll_fd_ctl_write: 0x1516820: pfd->events now 60 (POLLOUT:4)
0:00:00.024859642  2474 0x518370 DEBUG   GST_REGISTRY gstregistrychunks.c:741:gst_registry_chunks_load_feature: Added feature fdsink, plugin 0x532200 coreelements
0:00:00.019445395  2475 0x150e320 DEBUG   GST_POLL gstpoll.c:980:gst_poll_fd_ctl_write: 0x1516820: fd (fd:0, idx:1), active : 1
0:00:00.024867876  2474 0x518370 DEBUG   GST_REGISTRY gstregistrychunks.c:583:gst_registry_chunks_load_feature: Plugin 'coreelements' feature 'fdsrc' typename : 'GstElementFactory'
0:00:00.019453038  2475 0x150e320 LOG   GST_POLL gstpoll.c:994:gst_poll_fd_ctl_write: 0x1516820: pfd->events now 60 (POLLOUT:4)
0:00:00.024877038  2474 0x518370 TRACE   GST_REFCOUNTING gstobject.c:208:gst_object_init: 0x5386e0 new
0:00:00.019461979  2475 0x150e320 DEBUG   GST_POLL gstpoll.c:980:gst_poll_fd_ctl_write: 0x1516820: fd (fd:0, idx:1), active : 1
0:00:00.024885685  2474 0x518370 LOG   GST_REGISTRY gstregistrychunks.c:610:gst_registry_chunks_load_feature: Reading/casting for GstRegistryChunkElementFactory at address 0x534bc8
0:00:00.019470858  2475 0x150e320 LOG   GST_POLL gstpoll.c:994:gst_poll_fd_ctl_write: 0x1516820: pfd->events now 60 (POLLOUT:4)
0:00:00.024893510  2474 0x518370 TRACE   structure gststructure.c:287:gst_structure_new_id_empty_with_size: created structure 0x538930
0:00:00.019484866  2475 0x150e320 DEBUG   GST_POLL gstpoll.c:980:gst_poll_fd_ctl_write: 0x1516820: fd (fd:0, idx:1), active : 1
0:00:00.024903041  2474 0x518370 DEBUG   structure gststructure.c:2203:gst_structure_parse_field: trying field name 'long-name'
0:00:00.019491507  2475 0x150e320 LOG   GST_POLL gstpoll.c:994:gst_poll_fd_ctl_write: 0x1516820: pfd->events now 60 (POLLOUT:4)
0:00:00.024909756  2474 0x518370 DEBUG   default gstvalue.c:2676:_priv_gst_value_parse_value: trying type name 'string'
0:00:00.019498621  2475 0x150e320 DEBUG   GST_POLL gstpoll.c:980:gst_poll_fd_ctl_write: 0x1516820: fd (fd:0, idx:1), active : 1
0:00:00.024917571  2474 0x518370 DEBUG   structure gststructure.c:2203:gst_structure_parse_field: trying field name 'klass'
0:00:00.019505210  2475 0x150e320 LOG   GST_POLL gstpoll.c:994:gst_poll_fd_ctl_write: 0x1516820: pfd->events now 60 (POLLOUT:4)
0:00:00.024923995  2474 0x518370 DEBUG   default gstvalue.c:2676:_priv_gst_value_parse_value: trying type name 'string'
0:00:00.019512455  2475 0x150e320 DEBUG   GST_POLL gstpoll.c:980:gst_poll_fd_ctl_write: 0x1516820: fd (fd:0, idx:1), active : 1
0:00:00.024931414  2474 0x518370 DEBUG   structure gststructure.c:2203:gst_structure_parse_field: trying field name 'description'
0:00:00.019519064  2475 0x150e320 LOG   GST_POLL gstpoll.c:994:gst_poll_fd_ctl_write: 0x1516820: pfd->events now 60 (POLLOUT:4)
0:00:00.024937808  2474 0x518370 DEBUG   default gstvalue.c:2676:_priv_gst_value_parse_value: trying type name 'string'
0:00:00.019526395  2475 0x150e320 DEBUG   GST_POLL gstpoll.c:980:gst_poll_fd_ctl_write: 0x1516820: fd (fd:0, idx:1), active : 1
0:00:00.024945385  2474 0x518370 DEBUG   structure gststructure.c:2203:gst_structure_parse_field: trying field name 'author'
0:00:00.019533332  2475 0x150e320 LOG   GST_POLL gstpoll.c:994:gst_poll_fd_ctl_write: 0x1516820: pfd->events now 60 (POLLOUT:4)
0:00:00.024951963  2474 0x518370 DEBUG   default gstvalue.c:2676:_priv_gst_value_parse_value: trying type name 'string'
0:00:00.019540421  2475 0x150e320 DEBUG   GST_POLL gstpoll.c:980:gst_poll_fd_ctl_write: 0x1516820: fd (fd:0, idx:1), active : 1
0:00:00.024959251  2474 0x518370 DEBUG   GST_REGISTRY gstregistrychunks.c:626:gst_registry_chunks_load_feature: Element factory : npadtemplates=1
0:00:00.019547385  2475 0x150e320 LOG   GST_POLL gstpoll.c:994:gst_poll_fd_ctl_write: 0x1516820: pfd->events now 60 (POLLOUT:4)
0:00:00.024965729  2474 0x518370 DEBUG   GST_REGISTRY gstregistrychunks.c:526:gst_registry_chunks_load_pad_template: Reading/casting for GstRegistryChunkPadTemplate at address 0x534ca8
0:00:00.019554266  2475 0x150e320 DEBUG   GST_POLL gstpoll.c:980:gst_poll_fd_ctl_write: 0x1516820: fd (fd:0, idx:1), active : 1
0:00:00.024972272  2474 0x518370 DEBUG   GST_REGISTRY gstregistrychunks.c:539:gst_registry_chunks_load_pad_template: Added pad_template src
0:00:00.019560767  2475 0x150e320 LOG   GST_POLL gstpoll.c:994:gst_poll_fd_ctl_write: 0x1516820: pfd->events now 60 (POLLOUT:4)
0:00:00.024985417  2474 0x518370 DEBUG   GST_REGISTRY gstregistrychunks.c:639:gst_registry_chunks_load_feature: Reading 1 UriTypes at address 0x534cb8
0:00:00.019571855  2475 0x150e320 DEBUG   GST_POLL gstpoll.c:980:gst_poll_fd_ctl_write: 0x1516820: fd (fd:0, idx:1), active : 1
0:00:00.024993563  2474 0x518370 DEBUG   GST_REGISTRY gstregistrychunks.c:654:gst_registry_chunks_load_feature: Reading 1 Interfaces at address 0x534cbf
0:00:00.019579307  2475 0x150e320 LOG   GST_POLL gstpoll.c:994:gst_poll_fd_ctl_write: 0x1516820: pfd->events now 60 (POLLOUT:4)
0:00:00.019587215  2475 0x150e320 DEBUG   GST_POLL gstpoll.c:980:gst_poll_fd_ctl_write: 0x1516820: fd (fd:0, idx:1), active : 1
0:00:00.025003081  2474 0x518370 DEBUG   GST_REGISTRY gstregistry.c:590:gst_registry_add_feature: adding feature 0x5386e0 (fdsrc)
0:00:00.019593404  2475 0x150e320 LOG   GST_POLL gstpoll.c:994:gst_poll_fd_ctl_write: 0x1516820: pfd->events now 60 (POLLOUT:4)
0:00:00.025012457  2474 0x518370 DEBUG   GST_REFCOUNTING gstobject.c:709:gst_object_set_parent: set parent (ref and sink)
0:00:00.019600804  2475 0x150e320 DEBUG   GST_POLL gstpoll.c:980:gst_poll_fd_ctl_write: 0x1516820: fd (fd:0, idx:1), active : 1
0:00:00.025021158  2474 0x518370 TRACE   GST_REFCOUNTING gstobject.c:294:gst_object_ref_sink: 0x5386e0 ref_sink 1->2
0:00:00.019607692  2475 0x150e320 LOG   GST_POLL gstpoll.c:994:gst_poll_fd_ctl_write: 0x1516820: pfd->events now 60 (POLLOUT:4)
0:00:00.025028996  2474 0x518370 LOG   GST_REGISTRY gstregistry.c:608:gst_registry_add_feature: emitting feature-added for fdsrc
0:00:00.019615478  2475 0x150e320 DEBUG   GST_POLL gstpoll.c:980:gst_poll_fd_ctl_write: 0x1516820: fd (fd:0, idx:1), active : 1
0:00:00.025037174  2474 0x518370 DEBUG   GST_REGISTRY gstregistrychunks.c:741:gst_registry_chunks_load_feature: Added feature fdsrc, plugin 0x532200 coreelements
0:00:00.019622573  2475 0x150e320 LOG   GST_POLL gstpoll.c:994:gst_poll_fd_ctl_write: 0x1516820: pfd->events now 60 (POLLOUT:4)
0:00:00.025045266  2474 0x518370 DEBUG   GST_REGISTRY gstregistrychunks.c:583:gst_registry_chunks_load_feature: Plugin 'coreelements' feature 'fakesink' typename : 'GstElementFactory'
0:00:00.019631202  2475 0x150e320 DEBUG   GST_POLL gstpoll.c:980:gst_poll_fd_ctl_write: 0x1516820: fd (fd:0, idx:1), active : 1
0:00:00.025054634  2474 0x518370 TRACE   GST_REFCOUNTING gstobject.c:208:gst_object_init: 0x538b60 new
0:00:00.019639138  2475 0x150e320 LOG   GST_POLL gstpoll.c:994:gst_poll_fd_ctl_write: 0x1516820: pfd->events now 60 (POLLOUT:4)
0:00:00.025063667  2474 0x518370 LOG   GST_REGISTRY gstregistrychunks.c:610:gst_registry_chunks_load_feature: Reading/casting for GstRegistryChunkElementFactory at address 0x534ce8
0:00:00.019648807  2475 0x150e320 DEBUG   GST_POLL gstpoll.c:980:gst_poll_fd_ctl_write: 0x1516820: fd (fd:0, idx:1), active : 1
0:00:00.025071090  2474 0x518370 TRACE   structure gststructure.c:287:gst_structure_new_id_empty_with_size: created structure 0x538d70
0:00:00.019661993  2475 0x150e320 LOG   GST_POLL gstpoll.c:994:gst_poll_fd_ctl_write: 0x1516820: pfd->events now 60 (POLLOUT:4)
0:00:00.025080810  2474 0x518370 DEBUG   structure gststructure.c:2203:gst_structure_parse_field: trying field name 'long-name'
0:00:00.019669572  2475 0x150e320 DEBUG   GST_POLL gstpoll.c:980:gst_poll_fd_ctl_write: 0x1516820: fd (fd:0, idx:1), active : 1
0:00:00.025087421  2474 0x518370 DEBUG   default gstvalue.c:2676:_priv_gst_value_parse_value: trying type name 'string'
0:00:00.019676507  2475 0x150e320 LOG   GST_POLL gstpoll.c:994:gst_poll_fd_ctl_write: 0x1516820: pfd->events now 60 (POLLOUT:4)
0:00:00.025095578  2474 0x518370 DEBUG   structure gststructure.c:2203:gst_structure_parse_field: trying field name 'klass'
0:00:00.019684181  2475 0x150e320 DEBUG   GST_POLL gstpoll.c:980:gst_poll_fd_ctl_write: 0x1516820: fd (fd:0, idx:1), active : 1
0:00:00.025102145  2474 0x518370 DEBUG   default gstvalue.c:2676:_priv_gst_value_parse_value: trying type name 'string'
0:00:00.019690922  2475 0x150e320 LOG   GST_POLL gstpoll.c:994:gst_poll_fd_ctl_write: 0x1516820: pfd->events now 60 (POLLOUT:4)
0:00:00.025109510  2474 0x518370 DEBUG   structure gststructure.c:2203:gst_structure_parse_field: trying field name 'description'
0:00:00.019708574  2475 0x150e320 DEBUG   GST_POLL gstpoll.c:980:gst_poll_fd_ctl_write: 0x1516820: fd (fd:0, idx:1), active : 1
0:00:00.025126249  2474 0x518370 DEBUG   default gstvalue.c:2676:_priv_gst_value_parse_value: trying type name 'string'
0:00:00.019716611  2475 0x150e320 LOG   GST_POLL gstpoll.c:994:gst_poll_fd_ctl_write: 0x1516820: pfd->events now 60 (POLLOUT:4)
0:00:00.025135667  2474 0x518370 DEBUG   structure gststructure.c:2203:gst_structure_parse_field: trying field name 'author'
0:00:00.019723446  2475 0x150e320 DEBUG   GST_POLL gstpoll.c:980:gst_poll_fd_ctl_write: 0x1516820: fd (fd:0, idx:1), active : 1
0:00:00.025141811  2474 0x518370 DEBUG   default gstvalue.c:2676:_priv_gst_value_parse_value: trying type name 'string'
0:00:00.019729949  2475 0x150e320 LOG   GST_POLL gstpoll.c:994:gst_poll_fd_ctl_write: 0x1516820: pfd->events now 60 (POLLOUT:4)
0:00:00.025151039  2474 0x518370 DEBUG   GST_REGISTRY gstregistrychunks.c:626:gst_registry_chunks_load_feature: Element factory : npadtemplates=1
0:00:00.019737070  2475 0x150e320 DEBUG   GST_POLL gstpoll.c:980:gst_poll_fd_ctl_write: 0x1516820: fd (fd:0, idx:1), active : 1
0:00:00.025157927  2474 0x518370 DEBUG   GST_REGISTRY gstregistrychunks.c:526:gst_registry_chunks_load_pad_template: Reading/casting for GstRegistryChunkPadTemplate at address 0x534e10
0:00:00.019744512  2475 0x150e320 LOG   GST_POLL gstpoll.c:994:gst_poll_fd_ctl_write: 0x1516820: pfd->events now 60 (POLLOUT:4)
0:00:00.025164804  2474 0x518370 DEBUG   GST_REGISTRY gstregistrychunks.c:539:gst_registry_chunks_load_pad_template: Added pad_template sink
0:00:00.019751428  2475 0x150e320 DEBUG   GST_POLL gstpoll.c:980:gst_poll_fd_ctl_write: 0x1516820: fd (fd:0, idx:1), active : 1
0:00:00.019764962  2475 0x150e320 LOG   GST_POLL gstpoll.c:994:gst_poll_fd_ctl_write: 0x1516820: pfd->events now 60 (POLLOUT:4)
0:00:00.025183955  2474 0x518370 DEBUG   GST_REGISTRY gstregistry.c:590:gst_registry_add_feature: adding feature 0x538b60 (fakesink)
0:00:00.019771521  2475 0x150e320 DEBUG   GST_POLL gstpoll.c:980:gst_poll_fd_ctl_write: 0x1516820: fd (fd:0, idx:1), active : 1
0:00:00.025191088  2474 0x518370 DEBUG   GST_REFCOUNTING gstobject.c:709:gst_object_set_parent: set parent (ref and sink)
0:00:00.019777908  2475 0x150e320 LOG   GST_POLL gstpoll.c:994:gst_poll_fd_ctl_write: 0x1516820: pfd->events now 60 (POLLOUT:4)
0:00:00.025199517  2474 0x518370 TRACE   GST_REFCOUNTING gstobject.c:294:gst_object_ref_sink: 0x538b60 ref_sink 1->2
0:00:00.019784979  2475 0x150e320 DEBUG   GST_POLL gstpoll.c:980:gst_poll_fd_ctl_write: 0x1516820: fd (fd:0, idx:1), active : 1
0:00:00.025207736  2474 0x518370 LOG   GST_REGISTRY gstregistry.c:608:gst_registry_add_feature: emitting feature-added for fakesink
0:00:00.019793312  2475 0x150e320 LOG   GST_POLL gstpoll.c:994:gst_poll_fd_ctl_write: 0x1516820: pfd->events now 60 (POLLOUT:4)
0:00:00.025215369  2474 0x518370 DEBUG   GST_REGISTRY gstregistrychunks.c:741:gst_registry_chunks_load_feature: Added feature fakesink, plugin 0x532200 coreelements
0:00:00.019801135  2475 0x150e320 DEBUG   GST_POLL gstpoll.c:980:gst_poll_fd_ctl_write: 0x1516820: fd (fd:0, idx:1), active : 1
0:00:00.025222967  2474 0x518370 DEBUG   GST_REGISTRY gstregistrychunks.c:583:gst_registry_chunks_load_feature: Plugin 'coreelements' feature 'fakesrc' typename : 'GstElementFactory'
0:00:00.019808475  2475 0x150e320 LOG   GST_POLL gstpoll.c:994:gst_poll_fd_ctl_write: 0x1516820: pfd->events now 60 (POLLOUT:4)
0:00:00.019816610  2475 0x150e320 DEBUG   GST_POLL gstpoll.c:980:gst_poll_fd_ctl_write: 0x1516820: fd (fd:0, idx:1), active : 1
0:00:00.025232047  2474 0x518370 TRACE   GST_REFCOUNTING gstobject.c:208:gst_object_init: 0x538080 new
0:00:00.019822772  2475 0x150e320 LOG   GST_POLL gstpoll.c:994:gst_poll_fd_ctl_write: 0x1516820: pfd->events now 60 (POLLOUT:4)
0:00:00.025242943  2474 0x518370 LOG   GST_REGISTRY gstregistrychunks.c:610:gst_registry_chunks_load_feature: Reading/casting for GstRegistryChunkElementFactory at address 0x534e40
0:00:00.019829626  2475 0x150e320 DEBUG   GST_POLL gstpoll.c:980:gst_poll_fd_ctl_write: 0x1516820: fd (fd:0, idx:1), active : 1
0:00:00.019838239  2475 0x150e320 LOG   GST_POLL gstpoll.c:994:gst_poll_fd_ctl_write: 0x1516820: pfd->events now 60 (POLLOUT:4)
0:00:00.025253141  2474 0x518370 TRACE   structure gststructure.c:287:gst_structure_new_id_empty_with_size: created structure 0x5391e0
0:00:00.019844520  2475 0x150e320 DEBUG   GST_POLL gstpoll.c:980:gst_poll_fd_ctl_write: 0x1516820: fd (fd:0, idx:1), active : 1
0:00:00.025265778  2474 0x518370 DEBUG   structure gststructure.c:2203:gst_structure_parse_field: trying field name 'long-name'
0:00:00.019857075  2475 0x150e320 LOG   GST_POLL gstpoll.c:994:gst_poll_fd_ctl_write: 0x1516820: pfd->events now 60 (POLLOUT:4)
0:00:00.025275493  2474 0x518370 DEBUG   default gstvalue.c:2676:_priv_gst_value_parse_value: trying type name 'string'
0:00:00.019864570  2475 0x150e320 DEBUG   GST_POLL gstpoll.c:980:gst_poll_fd_ctl_write: 0x1516820: fd (fd:0, idx:1), active : 1
0:00:00.025282977  2474 0x518370 DEBUG   structure gststructure.c:2203:gst_structure_parse_field: trying field name 'klass'
0:00:00.019871425  2475 0x150e320 LOG   GST_POLL gstpoll.c:994:gst_poll_fd_ctl_write: 0x1516820: pfd->events now 60 (POLLOUT:4)
0:00:00.025289438  2474 0x518370 DEBUG   default gstvalue.c:2676:_priv_gst_value_parse_value: trying type name 'string'
0:00:00.019878493  2475 0x150e320 DEBUG   GST_POLL gstpoll.c:980:gst_poll_fd_ctl_write: 0x1516820: fd (fd:0, idx:1), active : 1
0:00:00.025297101  2474 0x518370 DEBUG   structure gststructure.c:2203:gst_structure_parse_field: trying field name 'description'
0:00:00.019885290  2475 0x150e320 LOG   GST_POLL gstpoll.c:994:gst_poll_fd_ctl_write: 0x1516820: pfd->events now 60 (POLLOUT:4)
0:00:00.025303261  2474 0x518370 DEBUG   default gstvalue.c:2676:_priv_gst_value_parse_value: trying type name 'string'
0:00:00.019892158  2475 0x150e320 DEBUG   GST_POLL gstpoll.c:980:gst_poll_fd_ctl_write: 0x1516820: fd (fd:0, idx:1), active : 1
0:00:00.025310876  2474 0x518370 DEBUG   structure gststructure.c:2203:gst_structure_parse_field: trying field name 'author'
0:00:00.019898553  2475 0x150e320 LOG   GST_POLL gstpoll.c:994:gst_poll_fd_ctl_write: 0x1516820: pfd->events now 60 (POLLOUT:4)
0:00:00.025317050  2474 0x518370 DEBUG   default gstvalue.c:2676:_priv_gst_value_parse_value: trying type name 'string'
0:00:00.019905455  2475 0x150e320 DEBUG   GST_POLL gstpoll.c:980:gst_poll_fd_ctl_write: 0x1516820: fd (fd:0, idx:1), active : 1
0:00:00.025325240  2474 0x518370 DEBUG   GST_REGISTRY gstregistrychunks.c:626:gst_registry_chunks_load_feature: Element factory : npadtemplates=1
0:00:00.019912125  2475 0x150e320 LOG   GST_POLL gstpoll.c:994:gst_poll_fd_ctl_write: 0x1516820: pfd->events now 60 (POLLOUT:4)
0:00:00.025331737  2474 0x518370 DEBUG   GST_REGISTRY gstregistrychunks.c:526:gst_registry_chunks_load_pad_template: Reading/casting for GstRegistryChunkPadTemplate at address 0x534f40
0:00:00.019919177  2475 0x150e320 DEBUG   GST_POLL gstpoll.c:980:gst_poll_fd_ctl_write: 0x1516820: fd (fd:0, idx:1), active : 1
0:00:00.025338522  2474 0x518370 DEBUG   GST_REGISTRY gstregistrychunks.c:539:gst_registry_chunks_load_pad_template: Added pad_template src
0:00:00.019925837  2475 0x150e320 LOG   GST_POLL gstpoll.c:994:gst_poll_fd_ctl_write: 0x1516820: pfd->events now 60 (POLLOUT:4)
0:00:00.025347311  2474 0x518370 DEBUG   GST_REGISTRY gstregistry.c:590:gst_registry_add_feature: adding feature 0x538080 (fakesrc)
0:00:00.019932986  2475 0x150e320 DEBUG   GST_POLL gstpoll.c:980:gst_poll_fd_ctl_write: 0x1516820: fd (fd:0, idx:1), active : 1
0:00:00.025359588  2474 0x518370 DEBUG   GST_REFCOUNTING gstobject.c:709:gst_object_set_parent: set parent (ref and sink)
0:00:00.019945835  2475 0x150e320 LOG   GST_POLL gstpoll.c:994:gst_poll_fd_ctl_write: 0x1516820: pfd->events now 60 (POLLOUT:4)
0:00:00.025368374  2474 0x518370 TRACE   GST_REFCOUNTING gstobject.c:294:gst_object_ref_sink: 0x538080 ref_sink 1->2
0:00:00.019954097  2475 0x150e320 DEBUG   GST_POLL gstpoll.c:980:gst_poll_fd_ctl_write: 0x1516820: fd (fd:0, idx:1), active : 1
0:00:00.025376370  2474 0x518370 LOG   GST_REGISTRY gstregistry.c:608:gst_registry_add_feature: emitting feature-added for fakesrc
0:00:00.019962035  2475 0x150e320 LOG   GST_POLL gstpoll.c:994:gst_poll_fd_ctl_write: 0x1516820: pfd->events now 60 (POLLOUT:4)
0:00:00.025384342  2474 0x518370 DEBUG   GST_REGISTRY gstregistrychunks.c:741:gst_registry_chunks_load_feature: Added feature fakesrc, plugin 0x532200 coreelements
0:00:00.019970849  2475 0x150e320 DEBUG   GST_POLL gstpoll.c:980:gst_poll_fd_ctl_write: 0x1516820: fd (fd:0, idx:1), active : 1
0:00:00.025392008  2474 0x518370 DEBUG   GST_REGISTRY gstregistrychunks.c:583:gst_registry_chunks_load_feature: Plugin 'coreelements' feature 'downloadbuffer' typename : 'GstElementFactory'
0:00:00.019977787  2475 0x150e320 LOG   GST_POLL gstpoll.c:994:gst_poll_fd_ctl_write: 0x1516820: pfd->events now 60 (POLLOUT:4)
0:00:00.019985702  2475 0x150e320 DEBUG   GST_POLL gstpoll.c:980:gst_poll_fd_ctl_write: 0x1516820: fd (fd:0, idx:1), active : 1
0:00:00.025401037  2474 0x518370 TRACE   GST_REFCOUNTING gstobject.c:208:gst_object_init: 0x539360 new
0:00:00.019991759  2475 0x150e320 LOG   GST_POLL gstpoll.c:994:gst_poll_fd_ctl_write: 0x1516820: pfd->events now 60 (POLLOUT:4)
0:00:00.025411772  2474 0x518370 LOG   GST_REGISTRY gstregistrychunks.c:610:gst_registry_chunks_load_feature: Reading/casting for GstRegistryChunkElementFactory at address 0x534f78
0:00:00.019998725  2475 0x150e320 DEBUG   GST_POLL gstpoll.c:980:gst_poll_fd_ctl_write: 0x1516820: fd (fd:0, idx:1), active : 1
0:00:00.025418989  2474 0x518370 TRACE   structure gststructure.c:287:gst_structure_new_id_empty_with_size: created structure 0x539650
0:00:00.020005362  2475 0x150e320 LOG   GST_POLL gstpoll.c:994:gst_poll_fd_ctl_write: 0x1516820: pfd->events now 60 (POLLOUT:4)
0:00:00.025425890  2474 0x518370 DEBUG   structure gststructure.c:2203:gst_structure_parse_field: trying field name 'long-name'
0:00:00.020012850  2475 0x150e320 DEBUG   GST_POLL gstpoll.c:980:gst_poll_fd_ctl_write: 0x1516820: fd (fd:0, idx:1), active : 1
0:00:00.025432335  2474 0x518370 DEBUG   default gstvalue.c:2676:_priv_gst_value_parse_value: trying type name 'string'
0:00:00.020019477  2475 0x150e320 LOG   GST_POLL gstpoll.c:994:gst_poll_fd_ctl_write: 0x1516820: pfd->events now 60 (POLLOUT:4)
0:00:00.025439604  2474 0x518370 DEBUG   structure gststructure.c:2203:gst_structure_parse_field: trying field name 'klass'
0:00:00.020031179  2475 0x150e320 DEBUG   GST_POLL gstpoll.c:980:gst_poll_fd_ctl_write: 0x1516820: fd (fd:0, idx:1), active : 1
0:00:00.025449116  2474 0x518370 DEBUG   default gstvalue.c:2676:_priv_gst_value_parse_value: trying type name 'string'
0:00:00.020037734  2475 0x150e320 LOG   GST_POLL gstpoll.c:994:gst_poll_fd_ctl_write: 0x1516820: pfd->events now 60 (POLLOUT:4)
0:00:00.025456602  2474 0x518370 DEBUG   structure gststructure.c:2203:gst_structure_parse_field: trying field name 'description'
0:00:00.020044569  2475 0x150e320 DEBUG   GST_POLL gstpoll.c:980:gst_poll_fd_ctl_write: 0x1516820: fd (fd:0, idx:1), active : 1
0:00:00.025462606  2474 0x518370 DEBUG   default gstvalue.c:2676:_priv_gst_value_parse_value: trying type name 'string'
0:00:00.020051107  2475 0x150e320 LOG   GST_POLL gstpoll.c:994:gst_poll_fd_ctl_write: 0x1516820: pfd->events now 60 (POLLOUT:4)
0:00:00.025470054  2474 0x518370 DEBUG   structure gststructure.c:2203:gst_structure_parse_field: trying field name 'author'
0:00:00.020058033  2475 0x150e320 DEBUG   GST_POLL gstpoll.c:980:gst_poll_fd_ctl_write: 0x1516820: fd (fd:0, idx:1), active : 1
0:00:00.025476042  2474 0x518370 DEBUG   default gstvalue.c:2676:_priv_gst_value_parse_value: trying type name 'string'
0:00:00.020064572  2475 0x150e320 LOG   GST_POLL gstpoll.c:994:gst_poll_fd_ctl_write: 0x1516820: pfd->events now 60 (POLLOUT:4)
0:00:00.025483775  2474 0x518370 DEBUG   GST_REGISTRY gstregistrychunks.c:626:gst_registry_chunks_load_feature: Element factory : npadtemplates=2
0:00:00.020071486  2475 0x150e320 DEBUG   GST_POLL gstpoll.c:980:gst_poll_fd_ctl_write: 0x1516820: fd (fd:0, idx:1), active : 1
0:00:00.025490154  2474 0x518370 DEBUG   GST_REGISTRY gstregistrychunks.c:526:gst_registry_chunks_load_pad_template: Reading/casting for GstRegistryChunkPadTemplate at address 0x535040
0:00:00.020077945  2475 0x150e320 LOG   GST_POLL gstpoll.c:994:gst_poll_fd_ctl_write: 0x1516820: pfd->events now 60 (POLLOUT:4)
0:00:00.025496702  2474 0x518370 DEBUG   GST_REGISTRY gstregistrychunks.c:539:gst_registry_chunks_load_pad_template: Added pad_template sink
0:00:00.020085023  2475 0x150e320 DEBUG   GST_POLL gstpoll.c:980:gst_poll_fd_ctl_write: 0x1516820: fd (fd:0, idx:1), active : 1
0:00:00.025503045  2474 0x518370 DEBUG   GST_REGISTRY gstregistrychunks.c:526:gst_registry_chunks_load_pad_template: Reading/casting for GstRegistryChunkPadTemplate at address 0x535058
0:00:00.020091774  2475 0x150e320 LOG   GST_POLL gstpoll.c:994:gst_poll_fd_ctl_write: 0x1516820: pfd->events now 60 (POLLOUT:4)
0:00:00.025510143  2474 0x518370 DEBUG   GST_REGISTRY gstregistrychunks.c:539:gst_registry_chunks_load_pad_template: Added pad_template src
0:00:00.020099022  2475 0x150e320 DEBUG   GST_POLL gstpoll.c:980:gst_poll_fd_ctl_write: 0x1516820: fd (fd:0, idx:1), active : 1
0:00:00.025519367  2474 0x518370 DEBUG   GST_REGISTRY gstregistry.c:590:gst_registry_add_feature: adding feature 0x539360 (downloadbuffer)
0:00:00.020105862  2475 0x150e320 LOG   GST_POLL gstpoll.c:994:gst_poll_fd_ctl_write: 0x1516820: pfd->events now 60 (POLLOUT:4)
0:00:00.025531922  2474 0x518370 DEBUG   GST_REFCOUNTING gstobject.c:709:gst_object_set_parent: set parent (ref and sink)
0:00:00.020118879  2475 0x150e320 DEBUG   GST_POLL gstpoll.c:980:gst_poll_fd_ctl_write: 0x1516820: fd (fd:0, idx:1), active : 1
0:00:00.025540882  2474 0x518370 TRACE   GST_REFCOUNTING gstobject.c:294:gst_object_ref_sink: 0x539360 ref_sink 1->2
0:00:00.020126187  2475 0x150e320 LOG   GST_POLL gstpoll.c:994:gst_poll_fd_ctl_write: 0x1516820: pfd->events now 60 (POLLOUT:4)
0:00:00.025548941  2474 0x518370 LOG   GST_REGISTRY gstregistry.c:608:gst_registry_add_feature: emitting feature-added for downloadbuffer
0:00:00.020135446  2475 0x150e320 DEBUG   GST_POLL gstpoll.c:980:gst_poll_fd_ctl_write: 0x1516820: fd (fd:0, idx:1), active : 1
0:00:00.025556676  2474 0x518370 DEBUG   GST_REGISTRY gstregistrychunks.c:741:gst_registry_chunks_load_feature: Added feature downloadbuffer, plugin 0x532200 coreelements
0:00:00.020141970  2475 0x150e320 LOG   GST_POLL gstpoll.c:994:gst_poll_fd_ctl_write: 0x1516820: pfd->events now 60 (POLLOUT:4)
0:00:00.025564114  2474 0x518370 DEBUG   GST_REGISTRY gstregistrychunks.c:583:gst_registry_chunks_load_feature: Plugin 'coreelements' feature 'dataurisrc' typename : 'GstElementFactory'
0:00:00.020150343  2475 0x150e320 DEBUG   GST_POLL gstpoll.c:980:gst_poll_fd_ctl_write: 0x1516820: fd (fd:0, idx:1), active : 1
0:00:00.020157133  2475 0x150e320 LOG   GST_POLL gstpoll.c:994:gst_poll_fd_ctl_write: 0x1516820: pfd->events now 60 (POLLOUT:4)
0:00:00.025573189  2474 0x518370 TRACE   GST_REFCOUNTING gstobject.c:208:gst_object_init: 0x539080 new
0:00:00.020163623  2475 0x150e320 DEBUG   GST_POLL gstpoll.c:980:gst_poll_fd_ctl_write: 0x1516820: fd (fd:0, idx:1), active : 1
0:00:00.025583486  2474 0x518370 LOG   GST_REGISTRY gstregistrychunks.c:610:gst_registry_chunks_load_feature: Reading/casting for GstRegistryChunkElementFactory at address 0x535088
0:00:00.020170456  2475 0x150e320 LOG   GST_POLL gstpoll.c:994:gst_poll_fd_ctl_write: 0x1516820: pfd->events now 60 (POLLOUT:4)
0:00:00.025591279  2474 0x518370 TRACE   structure gststructure.c:287:gst_structure_new_id_empty_with_size: created structure 0x539ad0
0:00:00.020177791  2475 0x150e320 DEBUG   GST_POLL gstpoll.c:980:gst_poll_fd_ctl_write: 0x1516820: fd (fd:0, idx:1), active : 1
0:00:00.025598130  2474 0x518370 DEBUG   structure gststructure.c:2203:gst_structure_parse_field: trying field name 'long-name'
0:00:00.020184430  2475 0x150e320 LOG   GST_POLL gstpoll.c:994:gst_poll_fd_ctl_write: 0x1516820: pfd->events now 60 (POLLOUT:4)
0:00:00.025604644  2474 0x518370 DEBUG   default gstvalue.c:2676:_priv_gst_value_parse_value: trying type name 'string'
0:00:00.020191605  2475 0x150e320 LOG   GST_PLUGIN_LOADING gstpluginloader.c:646:put_chunk: Expanding tx buf from 13209 to 17023 for chunk of size 229
0:00:00.025612314  2474 0x518370 DEBUG   structure gststructure.c:2203:gst_structure_parse_field: trying field name 'klass'
0:00:00.025622174  2474 0x518370 DEBUG   default gstvalue.c:2676:_priv_gst_value_parse_value: trying type name 'string'
0:00:00.020208046  2475 0x150e320 DEBUG   GST_POLL gstpoll.c:980:gst_poll_fd_ctl_write: 0x1516820: fd (fd:0, idx:1), active : 1
0:00:00.025628684  2474 0x518370 DEBUG   structure gststructure.c:2203:gst_structure_parse_field: trying field name 'description'
0:00:00.020214868  2475 0x150e320 LOG   GST_POLL gstpoll.c:994:gst_poll_fd_ctl_write: 0x1516820: pfd->events now 60 (POLLOUT:4)
0:00:00.025635085  2474 0x518370 DEBUG   default gstvalue.c:2676:_priv_gst_value_parse_value: trying type name 'string'
0:00:00.020222141  2475 0x150e320 DEBUG   GST_POLL gstpoll.c:980:gst_poll_fd_ctl_write: 0x1516820: fd (fd:0, idx:1), active : 1
0:00:00.025642312  2474 0x518370 DEBUG   structure gststructure.c:2203:gst_structure_parse_field: trying field name 'author'
0:00:00.020228750  2475 0x150e320 LOG   GST_POLL gstpoll.c:994:gst_poll_fd_ctl_write: 0x1516820: pfd->events now 60 (POLLOUT:4)
0:00:00.025648562  2474 0x518370 DEBUG   default gstvalue.c:2676:_priv_gst_value_parse_value: trying type name 'string'
0:00:00.020235875  2475 0x150e320 DEBUG   GST_POLL gstpoll.c:980:gst_poll_fd_ctl_write: 0x1516820: fd (fd:0, idx:1), active : 1
0:00:00.025657136  2474 0x518370 DEBUG   GST_REGISTRY gstregistrychunks.c:626:gst_registry_chunks_load_feature: Element factory : npadtemplates=1
0:00:00.020242550  2475 0x150e320 LOG   GST_POLL gstpoll.c:994:gst_poll_fd_ctl_write: 0x1516820: pfd->events now 60 (POLLOUT:4)
0:00:00.025663599  2474 0x518370 DEBUG   GST_REGISTRY gstregistrychunks.c:526:gst_registry_chunks_load_pad_template: Reading/casting for GstRegistryChunkPadTemplate at address 0x5351a0
0:00:00.020250602  2475 0x150e320 DEBUG   GST_POLL gstpoll.c:980:gst_poll_fd_ctl_write: 0x1516820: fd (fd:0, idx:1), active : 1
0:00:00.025670066  2474 0x518370 DEBUG   GST_REGISTRY gstregistrychunks.c:539:gst_registry_chunks_load_pad_template: Added pad_template src
0:00:00.020257483  2475 0x150e320 LOG   GST_POLL gstpoll.c:994:gst_poll_fd_ctl_write: 0x1516820: pfd->events now 60 (POLLOUT:4)
0:00:00.025677386  2474 0x518370 DEBUG   GST_REGISTRY gstregistrychunks.c:639:gst_registry_chunks_load_feature: Reading 1 UriTypes at address 0x5351b0
0:00:00.020264430  2475 0x150e320 DEBUG   GST_POLL gstpoll.c:980:gst_poll_fd_ctl_write: 0x1516820: fd (fd:0, idx:1), active : 1
0:00:00.025684979  2474 0x518370 DEBUG   GST_REGISTRY gstregistrychunks.c:654:gst_registry_chunks_load_feature: Reading 1 Interfaces at address 0x5351b9
0:00:00.020271010  2475 0x150e320 LOG   GST_POLL gstpoll.c:994:gst_poll_fd_ctl_write: 0x1516820: pfd->events now 60 (POLLOUT:4)
0:00:00.025694351  2474 0x518370 DEBUG   GST_REGISTRY gstregistry.c:590:gst_registry_add_feature: adding feature 0x539080 (dataurisrc)
0:00:00.020278689  2475 0x150e320 DEBUG   GST_POLL gstpoll.c:980:gst_poll_fd_ctl_write: 0x1516820: fd (fd:0, idx:1), active : 1
0:00:00.025707531  2474 0x518370 DEBUG   GST_REFCOUNTING gstobject.c:709:gst_object_set_parent: set parent (ref and sink)
0:00:00.020293810  2475 0x150e320 LOG   GST_POLL gstpoll.c:994:gst_poll_fd_ctl_write: 0x1516820: pfd->events now 60 (POLLOUT:4)
0:00:00.025716451  2474 0x518370 TRACE   GST_REFCOUNTING gstobject.c:294:gst_object_ref_sink: 0x539080 ref_sink 1->2
0:00:00.020306756  2475 0x150e320 DEBUG   GST_POLL gstpoll.c:980:gst_poll_fd_ctl_write: 0x1516820: fd (fd:0, idx:1), active : 1
0:00:00.025724259  2474 0x518370 LOG   GST_REGISTRY gstregistry.c:608:gst_registry_add_feature: emitting feature-added for dataurisrc
0:00:00.020313919  2475 0x150e320 LOG   GST_POLL gstpoll.c:994:gst_poll_fd_ctl_write: 0x1516820: pfd->events now 60 (POLLOUT:4)
0:00:00.025733497  2474 0x518370 DEBUG   GST_REGISTRY gstregistrychunks.c:741:gst_registry_chunks_load_feature: Added feature dataurisrc, plugin 0x532200 coreelements
0:00:00.020325082  2475 0x150e320 DEBUG   GST_POLL gstpoll.c:980:gst_poll_fd_ctl_write: 0x1516820: fd (fd:0, idx:1), active : 1
0:00:00.025746156  2474 0x518370 DEBUG   GST_REGISTRY gstregistrychunks.c:583:gst_registry_chunks_load_feature: Plugin 'coreelements' feature 'concat' typename : 'GstElementFactory'
0:00:00.020331797  2475 0x150e320 LOG   GST_POLL gstpoll.c:994:gst_poll_fd_ctl_write: 0x1516820: pfd->events now 60 (POLLOUT:4)
0:00:00.020339789  2475 0x150e320 DEBUG   GST_POLL gstpoll.c:980:gst_poll_fd_ctl_write: 0x1516820: fd (fd:0, idx:1), active : 1
0:00:00.025755616  2474 0x518370 TRACE   GST_REFCOUNTING gstobject.c:208:gst_object_init: 0x539c80 new
0:00:00.020345638  2475 0x150e320 LOG   GST_POLL gstpoll.c:994:gst_poll_fd_ctl_write: 0x1516820: pfd->events now 60 (POLLOUT:4)
0:00:00.025765937  2474 0x518370 LOG   GST_REGISTRY gstregistrychunks.c:610:gst_registry_chunks_load_feature: Reading/casting for GstRegistryChunkElementFactory at address 0x5351e0
0:00:00.020352396  2475 0x150e320 DEBUG   GST_POLL gstpoll.c:980:gst_poll_fd_ctl_write: 0x1516820: fd (fd:0, idx:1), active : 1
0:00:00.025773296  2474 0x518370 TRACE   structure gststructure.c:287:gst_structure_new_id_empty_with_size: created structure 0x539d70
0:00:00.020359019  2475 0x150e320 LOG   GST_POLL gstpoll.c:994:gst_poll_fd_ctl_write: 0x1516820: pfd->events now 60 (POLLOUT:4)
0:00:00.025780388  2474 0x518370 DEBUG   structure gststructure.c:2203:gst_structure_parse_field: trying field name 'long-name'
0:00:00.020366808  2475 0x150e320 DEBUG   GST_POLL gstpoll.c:980:gst_poll_fd_ctl_write: 0x1516820: fd (fd:0, idx:1), active : 1
0:00:00.025786922  2474 0x518370 DEBUG   default gstvalue.c:2676:_priv_gst_value_parse_value: trying type name 'string'
0:00:00.020373169  2475 0x150e320 LOG   GST_POLL gstpoll.c:994:gst_poll_fd_ctl_write: 0x1516820: pfd->events now 60 (POLLOUT:4)
0:00:00.025794460  2474 0x518370 DEBUG   structure gststructure.c:2203:gst_structure_parse_field: trying field name 'klass'
0:00:00.020385195  2475 0x150e320 DEBUG   GST_POLL gstpoll.c:980:gst_poll_fd_ctl_write: 0x1516820: fd (fd:0, idx:1), active : 1
0:00:00.025803151  2474 0x518370 DEBUG   default gstvalue.c:2676:_priv_gst_value_parse_value: trying type name 'string'
0:00:00.020392100  2475 0x150e320 LOG   GST_POLL gstpoll.c:994:gst_poll_fd_ctl_write: 0x1516820: pfd->events now 60 (POLLOUT:4)
0:00:00.025811048  2474 0x518370 DEBUG   structure gststructure.c:2203:gst_structure_parse_field: trying field name 'description'
0:00:00.020399065  2475 0x150e320 DEBUG   GST_POLL gstpoll.c:980:gst_poll_fd_ctl_write: 0x1516820: fd (fd:0, idx:1), active : 1
0:00:00.025817325  2474 0x518370 DEBUG   default gstvalue.c:2676:_priv_gst_value_parse_value: trying type name 'string'
0:00:00.020405454  2475 0x150e320 LOG   GST_POLL gstpoll.c:994:gst_poll_fd_ctl_write: 0x1516820: pfd->events now 60 (POLLOUT:4)
0:00:00.025824510  2474 0x518370 DEBUG   structure gststructure.c:2203:gst_structure_parse_field: trying field name 'author'
0:00:00.020412206  2475 0x150e320 DEBUG   GST_POLL gstpoll.c:980:gst_poll_fd_ctl_write: 0x1516820: fd (fd:0, idx:1), active : 1
0:00:00.025830800  2474 0x518370 DEBUG   default gstvalue.c:2676:_priv_gst_value_parse_value: trying type name 'string'
0:00:00.020418621  2475 0x150e320 LOG   GST_POLL gstpoll.c:994:gst_poll_fd_ctl_write: 0x1516820: pfd->events now 60 (POLLOUT:4)
0:00:00.025838737  2474 0x518370 DEBUG   GST_REGISTRY gstregistrychunks.c:626:gst_registry_chunks_load_feature: Element factory : npadtemplates=2
0:00:00.020425524  2475 0x150e320 DEBUG   GST_POLL gstpoll.c:980:gst_poll_fd_ctl_write: 0x1516820: fd (fd:0, idx:1), active : 1
0:00:00.025845227  2474 0x518370 DEBUG   GST_REGISTRY gstregistrychunks.c:526:gst_registry_chunks_load_pad_template: Reading/casting for GstRegistryChunkPadTemplate at address 0x5352b8
0:00:00.020431933  2475 0x150e320 LOG   GST_POLL gstpoll.c:994:gst_poll_fd_ctl_write: 0x1516820: pfd->events now 60 (POLLOUT:4)
0:00:00.025851755  2474 0x518370 DEBUG   GST_REGISTRY gstregistrychunks.c:539:gst_registry_chunks_load_pad_template: Added pad_template src
0:00:00.020438682  2475 0x150e320 DEBUG   GST_POLL gstpoll.c:980:gst_poll_fd_ctl_write: 0x1516820: fd (fd:0, idx:1), active : 1
0:00:00.025858031  2474 0x518370 DEBUG   GST_REGISTRY gstregistrychunks.c:526:gst_registry_chunks_load_pad_template: Reading/casting for GstRegistryChunkPadTemplate at address 0x5352c8
0:00:00.020445050  2475 0x150e320 LOG   GST_POLL gstpoll.c:994:gst_poll_fd_ctl_write: 0x1516820: pfd->events now 60 (POLLOUT:4)
0:00:00.025864804  2474 0x518370 DEBUG   GST_REGISTRY gstregistrychunks.c:539:gst_registry_chunks_load_pad_template: Added pad_template sink_%u
0:00:00.020452109  2475 0x150e320 DEBUG   GST_POLL gstpoll.c:980:gst_poll_fd_ctl_write: 0x1516820: fd (fd:0, idx:1), active : 1
0:00:00.020458890  2475 0x150e320 LOG   GST_POLL gstpoll.c:994:gst_poll_fd_ctl_write: 0x1516820: pfd->events now 60 (POLLOUT:4)
0:00:00.025877311  2474 0x518370 DEBUG   GST_REGISTRY gstregistry.c:590:gst_registry_add_feature: adding feature 0x539c80 (concat)
0:00:00.020469699  2475 0x150e320 DEBUG   GST_POLL gstpoll.c:980:gst_poll_fd_ctl_write: 0x1516820: fd (fd:0, idx:1), active : 1
0:00:00.025888199  2474 0x518370 DEBUG   GST_REFCOUNTING gstobject.c:709:gst_object_set_parent: set parent (ref and sink)
0:00:00.020476322  2475 0x150e320 LOG   GST_POLL gstpoll.c:994:gst_poll_fd_ctl_write: 0x1516820: pfd->events now 60 (POLLOUT:4)
0:00:00.025897114  2474 0x518370 TRACE   GST_REFCOUNTING gstobject.c:294:gst_object_ref_sink: 0x539c80 ref_sink 1->2
0:00:00.020483313  2475 0x150e320 DEBUG   GST_POLL gstpoll.c:980:gst_poll_fd_ctl_write: 0x1516820: fd (fd:0, idx:1), active : 1
0:00:00.025905045  2474 0x518370 LOG   GST_REGISTRY gstregistry.c:608:gst_registry_add_feature: emitting feature-added for concat
0:00:00.020490607  2475 0x150e320 LOG   GST_POLL gstpoll.c:994:gst_poll_fd_ctl_write: 0x1516820: pfd->events now 60 (POLLOUT:4)
0:00:00.025912691  2474 0x518370 DEBUG   GST_REGISTRY gstregistrychunks.c:741:gst_registry_chunks_load_feature: Added feature concat, plugin 0x532200 coreelements
0:00:00.020498679  2475 0x150e320 DEBUG   GST_POLL gstpoll.c:980:gst_poll_fd_ctl_write: 0x1516820: fd (fd:0, idx:1), active : 1
0:00:00.025920045  2474 0x518370 DEBUG   GST_REGISTRY gstregistrychunks.c:583:gst_registry_chunks_load_feature: Plugin 'coreelements' feature 'clocksync' typename : 'GstElementFactory'
