0:00:00.010836056  3820 0x58c320 DEBUG   GST_POLL gstpoll.c:1414:gst_poll_wait: 0x594810: timeout :0:00:01.000000000
0:00:00.010846218  3820 0x58c320 LOG   GST_PLUGIN_LOADING gstpluginloader.c:1028:exchange_packets: Poll res = 2. 6872 bytes pending for write
0:00:00.010852632  3820 0x58c320 DEBUG   GST_POLL gstpoll.c:1241:gst_poll_fd_has_error: 0x594810: fd (fd:5, idx:2) 0
0:00:00.010858243  3820 0x58c320 DEBUG   GST_POLL gstpoll.c:1266:gst_poll_fd_can_read_unlocked: 0x594810: fd (fd:5, idx:2) 1
0:00:00.015253652  3819 0x738370 LOG   GST_PLUGIN_LOADING gstpluginloader.c:1028:exchange_packets: Poll res = 1. 0 bytes pending for write
0:00:00.010867934  3820 0x58c320 DEBUG   GST_PLUGIN_LOADING gstpluginloader.c:722:do_plugin_load: Plugin scanner loading file /home/conan/w/prod/BuildSingleReference/.conan/data/gstreamer/1.18.3/_/_/package/7935acf34602213af1e3939e2637ba8a4da1774a/lib/gstreamer-1.0/libgstcoretracers.so. tag 2
0:00:00.015272029  3819 0x738370 DEBUG   GST_POLL gstpoll.c:1241:gst_poll_fd_has_error: 0x751b80: fd (fd:8, idx:2) 0
0:00:00.010878525  3820 0x58c320 TRACE   GST_REFCOUNTING gstobject.c:238:gst_object_ref: 0x5a5e70 ref 1->2
0:00:00.015279287  3819 0x738370 DEBUG   GST_POLL gstpoll.c:1266:gst_poll_fd_can_read_unlocked: 0x751b80: fd (fd:8, idx:2) 1
0:00:00.010886425  3820 0x58c320 TRACE   GST_REFCOUNTING gstobject.c:238:gst_object_ref: 0x5a6d70 ref 1->2
0:00:00.010893313  3820 0x58c320 TRACE   GST_REFCOUNTING gstobject.c:238:gst_object_ref: 0x5a6b20 ref 1->2
0:00:00.015290748  3819 0x738370 DEBUG   GST_PLUGIN_LOADING gstpluginloader.c:850:handle_rx_packet: Received plugin details from child w/ tag 0. 476 bytes info
0:00:00.010899525  3820 0x58c320 TRACE   GST_REFCOUNTING gstobject.c:238:gst_object_ref: 0x5a6850 ref 1->2
0:00:00.015305553  3819 0x738370 LOG   GST_REGISTRY gstregistrychunks.c:837:_priv_gst_registry_chunks_load_plugin: Reading/casting for GstRegistryChunkPluginElement at address 0x752200
0:00:00.010911984  3820 0x58c320 TRACE   GST_REFCOUNTING gstobject.c:238:gst_object_ref: 0x5a6640 ref 1->2
0:00:00.010918803  3820 0x58c320 TRACE   GST_REFCOUNTING gstobject.c:238:gst_object_ref: 0x5a6150 ref 1->2
0:00:00.015321852  3819 0x738370 TRACE   GST_REFCOUNTING gstobject.c:208:gst_object_init: 0x751be0 new
0:00:00.010926965  3820 0x58c320 TRACE   GST_REFCOUNTING gstobject.c:265:gst_object_unref: 0x5a6150 unref 2->1
0:00:00.010935560  3820 0x58c320 TRACE   GST_REFCOUNTING gstobject.c:265:gst_object_unref: 0x5a6640 unref 2->1
0:00:00.010941659  3820 0x58c320 TRACE   GST_REFCOUNTING gstobject.c:265:gst_object_unref: 0x5a6850 unref 2->1
0:00:00.010947706  3820 0x58c320 TRACE   GST_REFCOUNTING gstobject.c:265:gst_object_unref: 0x5a6b20 unref 2->1
0:00:00.010953697  3820 0x58c320 TRACE   GST_REFCOUNTING gstobject.c:265:gst_object_unref: 0x5a6d70 unref 2->1
0:00:00.010960754  3820 0x58c320 DEBUG   GST_REGISTRY gstregistrychunks.c:498:_priv_gst_registry_chunks_save_plugin: Found 5 features in plugin 0x5a5e70 (coretracers)
0:00:00.015360006  3819 0x738370 LOG   GST_REGISTRY gstregistrychunks.c:858:_priv_gst_registry_chunks_load_plugin: read strings for name='coretracers'
0:00:00.010967027  3820 0x58c320 DEBUG   GST_POLL gstpoll.c:980:gst_poll_fd_ctl_write: 0x594810: fd (fd:0, idx:1), active : 1
0:00:00.015366571  3819 0x738370 LOG   GST_REGISTRY gstregistrychunks.c:859:_priv_gst_registry_chunks_load_plugin: desc.description='GStreamer core tracers'
0:00:00.010973108  3820 0x58c320 LOG   GST_POLL gstpoll.c:994:gst_poll_fd_ctl_write: 0x594810: pfd->events now 60 (POLLOUT:4)
0:00:00.015373268  3819 0x738370 LOG   GST_REGISTRY gstregistrychunks.c:860:_priv_gst_registry_chunks_load_plugin: filename='/home/conan/w/prod/BuildSingleReference/.conan/data/gstreamer/1.18.3/_/_/package/7935acf34602213af1e3939e2637ba8a4da1774a/lib/gstreamer-1.0/libgstcoretracers.so'
0:00:00.010979182  3820 0x58c320 DEBUG   GST_POLL gstpoll.c:980:gst_poll_fd_ctl_write: 0x594810: fd (fd:0, idx:1), active : 1
0:00:00.015379873  3819 0x738370 LOG   GST_REGISTRY gstregistrychunks.c:861:_priv_gst_registry_chunks_load_plugin: desc.version='1.18.3'
0:00:00.010986138  3820 0x58c320 LOG   GST_POLL gstpoll.c:994:gst_poll_fd_ctl_write: 0x594810: pfd->events now 60 (POLLOUT:4)
0:00:00.015385871  3819 0x738370 LOG   GST_REGISTRY gstregistrychunks.c:862:_priv_gst_registry_chunks_load_plugin: desc.license='LGPL'
0:00:00.010992387  3820 0x58c320 DEBUG   GST_POLL gstpoll.c:980:gst_poll_fd_ctl_write: 0x594810: fd (fd:0, idx:1), active : 1
0:00:00.015391580  3819 0x738370 LOG   GST_REGISTRY gstregistrychunks.c:863:_priv_gst_registry_chunks_load_plugin: desc.source='gstreamer'
0:00:00.011002602  3820 0x58c320 LOG   GST_POLL gstpoll.c:994:gst_poll_fd_ctl_write: 0x594810: pfd->events now 60 (POLLOUT:4)
0:00:00.015400653  3819 0x738370 LOG   GST_REGISTRY gstregistrychunks.c:864:_priv_gst_registry_chunks_load_plugin: desc.package='GStreamer source release'
0:00:00.011008734  3820 0x58c320 DEBUG   GST_POLL gstpoll.c:980:gst_poll_fd_ctl_write: 0x594810: fd (fd:0, idx:1), active : 1
0:00:00.015407078  3819 0x738370 LOG   GST_REGISTRY gstregistrychunks.c:865:_priv_gst_registry_chunks_load_plugin: desc.origin='Unknown package origin'
0:00:00.011014487  3820 0x58c320 LOG   GST_POLL gstpoll.c:994:gst_poll_fd_ctl_write: 0x594810: pfd->events now 60 (POLLOUT:4)
0:00:00.015413060  3819 0x738370 LOG   GST_REGISTRY gstregistrychunks.c:866:_priv_gst_registry_chunks_load_plugin: desc.datetime=2021-01-13
0:00:00.011020464  3820 0x58c320 DEBUG   GST_POLL gstpoll.c:980:gst_poll_fd_ctl_write: 0x594810: fd (fd:0, idx:1), active : 1
0:00:00.011026357  3820 0x58c320 LOG   GST_POLL gstpoll.c:994:gst_poll_fd_ctl_write: 0x594810: pfd->events now 60 (POLLOUT:4)
0:00:00.015422239  3819 0x738370 DEBUG   GST_REGISTRY gstregistry.c:474:gst_registry_add_plugin: adding plugin 0x751be0 for filename "/home/conan/w/prod/BuildSingleReference/.conan/data/gstreamer/1.18.3/_/_/package/7935acf34602213af1e3939e2637ba8a4da1774a/lib/gstreamer-1.0/libgstcoretracers.so"
0:00:00.011032004  3820 0x58c320 DEBUG   GST_POLL gstpoll.c:980:gst_poll_fd_ctl_write: 0x594810: fd (fd:0, idx:1), active : 1
0:00:00.015433020  3819 0x738370 TRACE   GST_REFCOUNTING gstobject.c:294:gst_object_ref_sink: 0x751be0 ref_sink 1->2
0:00:00.011037860  3820 0x58c320 LOG   GST_POLL gstpoll.c:994:gst_poll_fd_ctl_write: 0x594810: pfd->events now 60 (POLLOUT:4)
0:00:00.015440851  3819 0x738370 LOG   GST_REGISTRY gstregistry.c:487:gst_registry_add_plugin: emitting plugin-added for filename "/home/conan/w/prod/BuildSingleReference/.conan/data/gstreamer/1.18.3/_/_/package/7935acf34602213af1e3939e2637ba8a4da1774a/lib/gstreamer-1.0/libgstcoretracers.so"
0:00:00.011046184  3820 0x58c320 DEBUG   GST_POLL gstpoll.c:980:gst_poll_fd_ctl_write: 0x594810: fd (fd:0, idx:1), active : 1
0:00:00.015448448  3819 0x738370 DEBUG   GST_REGISTRY gstregistrychunks.c:887:_priv_gst_registry_chunks_load_plugin: Added plugin 'coretracers' plugin with 5 features from binary registry
0:00:00.011053559  3820 0x58c320 LOG   GST_POLL gstpoll.c:994:gst_poll_fd_ctl_write: 0x594810: pfd->events now 60 (POLLOUT:4)
0:00:00.015455844  3819 0x738370 DEBUG   GST_REGISTRY gstregistrychunks.c:583:gst_registry_chunks_load_feature: Plugin 'coretracers' feature 'leaks' typename : 'GstTracerFactory'
0:00:00.011061282  3820 0x58c320 DEBUG   GST_POLL gstpoll.c:980:gst_poll_fd_ctl_write: 0x594810: fd (fd:0, idx:1), active : 1
0:00:00.011068215  3820 0x58c320 LOG   GST_POLL gstpoll.c:994:gst_poll_fd_ctl_write: 0x594810: pfd->events now 60 (POLLOUT:4)
0:00:00.015468632  3819 0x738370 TRACE   GST_REFCOUNTING gstobject.c:208:gst_object_init: 0x752a70 new
0:00:00.011077650  3820 0x58c320 DEBUG   GST_POLL gstpoll.c:980:gst_poll_fd_ctl_write: 0x594810: fd (fd:0, idx:1), active : 1
0:00:00.015478428  3819 0x738370 DEBUG   GST_REGISTRY gstregistrychunks.c:718:gst_registry_chunks_load_feature: Reading/casting for GstRegistryChunkPluginFeature at address 0x752348
0:00:00.011083450  3820 0x58c320 LOG   GST_POLL gstpoll.c:994:gst_poll_fd_ctl_write: 0x594810: pfd->events now 60 (POLLOUT:4)
0:00:00.015486293  3819 0x738370 DEBUG   GST_REGISTRY gstregistry.c:590:gst_registry_add_feature: adding feature 0x752a70 (leaks)
0:00:00.011091424  3820 0x58c320 DEBUG   GST_POLL gstpoll.c:980:gst_poll_fd_ctl_write: 0x594810: fd (fd:0, idx:1), active : 1
0:00:00.015492842  3819 0x738370 DEBUG   GST_REFCOUNTING gstobject.c:709:gst_object_set_parent: set parent (ref and sink)
0:00:00.011098881  3820 0x58c320 LOG   GST_POLL gstpoll.c:994:gst_poll_fd_ctl_write: 0x594810: pfd->events now 60 (POLLOUT:4)
0:00:00.015500085  3819 0x738370 TRACE   GST_REFCOUNTING gstobject.c:294:gst_object_ref_sink: 0x752a70 ref_sink 1->2
0:00:00.011105718  3820 0x58c320 DEBUG   GST_POLL gstpoll.c:980:gst_poll_fd_ctl_write: 0x594810: fd (fd:0, idx:1), active : 1
0:00:00.015506677  3819 0x738370 LOG   GST_REGISTRY gstregistry.c:608:gst_registry_add_feature: emitting feature-added for leaks
0:00:00.011112674  3820 0x58c320 LOG   GST_POLL gstpoll.c:994:gst_poll_fd_ctl_write: 0x594810: pfd->events now 60 (POLLOUT:4)
0:00:00.015513468  3819 0x738370 DEBUG   GST_REGISTRY gstregistrychunks.c:741:gst_registry_chunks_load_feature: Added feature leaks, plugin 0x751be0 coretracers
0:00:00.011119183  3820 0x58c320 DEBUG   GST_POLL gstpoll.c:980:gst_poll_fd_ctl_write: 0x594810: fd (fd:0, idx:1), active : 1
0:00:00.015520066  3819 0x738370 DEBUG   GST_REGISTRY gstregistrychunks.c:583:gst_registry_chunks_load_feature: Plugin 'coretracers' feature 'stats' typename : 'GstTracerFactory'
0:00:00.011125692  3820 0x58c320 LOG   GST_POLL gstpoll.c:994:gst_poll_fd_ctl_write: 0x594810: pfd->events now 60 (POLLOUT:4)
0:00:00.015526791  3819 0x738370 TRACE   GST_REFCOUNTING gstobject.c:208:gst_object_init: 0x752c70 new
0:00:00.011132357  3820 0x58c320 DEBUG   GST_POLL gstpoll.c:980:gst_poll_fd_ctl_write: 0x594810: fd (fd:0, idx:1), active : 1
0:00:00.015534066  3819 0x738370 DEBUG   GST_REGISTRY gstregistrychunks.c:718:gst_registry_chunks_load_feature: Reading/casting for GstRegistryChunkPluginFeature at address 0x752368
0:00:00.011139568  3820 0x58c320 LOG   GST_POLL gstpoll.c:994:gst_poll_fd_ctl_write: 0x594810: pfd->events now 60 (POLLOUT:4)
0:00:00.015540908  3819 0x738370 DEBUG   GST_REGISTRY gstregistry.c:590:gst_registry_add_feature: adding feature 0x752c70 (stats)
0:00:00.011146543  3820 0x58c320 DEBUG   GST_POLL gstpoll.c:980:gst_poll_fd_ctl_write: 0x594810: fd (fd:0, idx:1), active : 1
0:00:00.015546797  3819 0x738370 DEBUG   GST_REFCOUNTING gstobject.c:709:gst_object_set_parent: set parent (ref and sink)
0:00:00.011153061  3820 0x58c320 LOG   GST_POLL gstpoll.c:994:gst_poll_fd_ctl_write: 0x594810: pfd->events now 60 (POLLOUT:4)
0:00:00.015559393  3819 0x738370 TRACE   GST_REFCOUNTING gstobject.c:294:gst_object_ref_sink: 0x752c70 ref_sink 1->2
0:00:00.011165425  3820 0x58c320 DEBUG   GST_POLL gstpoll.c:980:gst_poll_fd_ctl_write: 0x594810: fd (fd:0, idx:1), active : 1
0:00:00.015565848  3819 0x738370 LOG   GST_REGISTRY gstregistry.c:608:gst_registry_add_feature: emitting feature-added for stats
0:00:00.011171958  3820 0x58c320 LOG   GST_POLL gstpoll.c:994:gst_poll_fd_ctl_write: 0x594810: pfd->events now 60 (POLLOUT:4)
0:00:00.015572295  3819 0x738370 DEBUG   GST_REGISTRY gstregistrychunks.c:741:gst_registry_chunks_load_feature: Added feature stats, plugin 0x751be0 coretracers
0:00:00.011178503  3820 0x58c320 LOG   GST_PLUGIN_LOADING gstpluginloader.c:646:put_chunk: Expanding tx buf from 7717 to 10158 for chunk of size 17
0:00:00.015578582  3819 0x738370 DEBUG   GST_REGISTRY gstregistrychunks.c:583:gst_registry_chunks_load_feature: Plugin 'coretracers' feature 'rusage' typename : 'GstTracerFactory'
0:00:00.011188037  3820 0x58c320 DEBUG   GST_POLL gstpoll.c:980:gst_poll_fd_ctl_write: 0x594810: fd (fd:0, idx:1), active : 1
0:00:00.015585253  3819 0x738370 TRACE   GST_REFCOUNTING gstobject.c:208:gst_object_init: 0x752dc0 new
0:00:00.011193954  3820 0x58c320 LOG   GST_POLL gstpoll.c:994:gst_poll_fd_ctl_write: 0x594810: pfd->events now 60 (POLLOUT:4)
0:00:00.015592798  3819 0x738370 DEBUG   GST_REGISTRY gstregistrychunks.c:718:gst_registry_chunks_load_feature: Reading/casting for GstRegistryChunkPluginFeature at address 0x752388
0:00:00.011200113  3820 0x58c320 DEBUG   GST_POLL gstpoll.c:980:gst_poll_fd_ctl_write: 0x594810: fd (fd:0, idx:1), active : 1
0:00:00.011206297  3820 0x58c320 LOG   GST_POLL gstpoll.c:994:gst_poll_fd_ctl_write: 0x594810: pfd->events now 60 (POLLOUT:4)
0:00:00.015599708  3819 0x738370 DEBUG   GST_REGISTRY gstregistry.c:590:gst_registry_add_feature: adding feature 0x752dc0 (rusage)
0:00:00.011212121  3820 0x58c320 DEBUG   GST_POLL gstpoll.c:980:gst_poll_fd_ctl_write: 0x594810: fd (fd:0, idx:1), active : 1
0:00:00.015612253  3819 0x738370 DEBUG   GST_REFCOUNTING gstobject.c:709:gst_object_set_parent: set parent (ref and sink)
0:00:00.011218428  3820 0x58c320 LOG   GST_POLL gstpoll.c:994:gst_poll_fd_ctl_write: 0x594810: pfd->events now 60 (POLLOUT:4)
0:00:00.015619193  3819 0x738370 TRACE   GST_REFCOUNTING gstobject.c:294:gst_object_ref_sink: 0x752dc0 ref_sink 1->2
0:00:00.011225211  3820 0x58c320 DEBUG   GST_POLL gstpoll.c:980:gst_poll_fd_ctl_write: 0x594810: fd (fd:0, idx:1), active : 1
0:00:00.011240984  3820 0x58c320 LOG   GST_POLL gstpoll.c:994:gst_poll_fd_ctl_write: 0x594810: pfd->events now 60 (POLLOUT:4)
0:00:00.011260557  3820 0x58c320 DEBUG   GST_POLL gstpoll.c:980:gst_poll_fd_ctl_write: 0x594810: fd (fd:0, idx:1), active : 1
0:00:00.015657027  3819 0x738370 LOG   GST_REGISTRY gstregistry.c:608:gst_registry_add_feature: emitting feature-added for rusage
0:00:00.011270285  3820 0x58c320 LOG   GST_POLL gstpoll.c:994:gst_poll_fd_ctl_write: 0x594810: pfd->events now 60 (POLLOUT:4)
0:00:00.011276575  3820 0x58c320 DEBUG   GST_POLL gstpoll.c:980:gst_poll_fd_ctl_write: 0x594810: fd (fd:0, idx:1), active : 1
0:00:00.015673055  3819 0x738370 DEBUG   GST_REGISTRY gstregistrychunks.c:741:gst_registry_chunks_load_feature: Added feature rusage, plugin 0x751be0 coretracers
0:00:00.011281817  3820 0x58c320 LOG   GST_POLL gstpoll.c:994:gst_poll_fd_ctl_write: 0x594810: pfd->events now 60 (POLLOUT:4)
0:00:00.015682391  3819 0x738370 DEBUG   GST_REGISTRY gstregistrychunks.c:583:gst_registry_chunks_load_feature: Plugin 'coretracers' feature 'log' typename : 'GstTracerFactory'
0:00:00.011287754  3820 0x58c320 DEBUG   GST_POLL gstpoll.c:980:gst_poll_fd_ctl_write: 0x594810: fd (fd:0, idx:1), active : 1
0:00:00.015702052  3819 0x738370 TRACE   GST_REFCOUNTING gstobject.c:208:gst_object_init: 0x752f10 new
0:00:00.011306762  3820 0x58c320 LOG   GST_POLL gstpoll.c:994:gst_poll_fd_ctl_write: 0x594810: pfd->events now 60 (POLLOUT:4)
0:00:00.015709007  3819 0x738370 DEBUG   GST_REGISTRY gstregistrychunks.c:718:gst_registry_chunks_load_feature: Reading/casting for GstRegistryChunkPluginFeature at address 0x7523a8
0:00:00.011314118  3820 0x58c320 DEBUG   GST_POLL gstpoll.c:980:gst_poll_fd_ctl_write: 0x594810: fd (fd:0, idx:1), active : 1
0:00:00.015715625  3819 0x738370 DEBUG   GST_REGISTRY gstregistry.c:590:gst_registry_add_feature: adding feature 0x752f10 (log)
0:00:00.011320809  3820 0x58c320 LOG   GST_POLL gstpoll.c:994:gst_poll_fd_ctl_write: 0x594810: pfd->events now 60 (POLLOUT:4)
0:00:00.015721327  3819 0x738370 DEBUG   GST_REFCOUNTING gstobject.c:709:gst_object_set_parent: set parent (ref and sink)
0:00:00.011327586  3820 0x58c320 DEBUG   GST_POLL gstpoll.c:980:gst_poll_fd_ctl_write: 0x594810: fd (fd:0, idx:1), active : 1
0:00:00.015727716  3819 0x738370 TRACE   GST_REFCOUNTING gstobject.c:294:gst_object_ref_sink: 0x752f10 ref_sink 1->2
0:00:00.011333023  3820 0x58c320 LOG   GST_POLL gstpoll.c:994:gst_poll_fd_ctl_write: 0x594810: pfd->events now 60 (POLLOUT:4)
0:00:00.015733798  3819 0x738370 LOG   GST_REGISTRY gstregistry.c:608:gst_registry_add_feature: emitting feature-added for log
0:00:00.011339926  3820 0x58c320 DEBUG   GST_POLL gstpoll.c:980:gst_poll_fd_ctl_write: 0x594810: fd (fd:0, idx:1), active : 1
0:00:00.015739751  3819 0x738370 DEBUG   GST_REGISTRY gstregistrychunks.c:741:gst_registry_chunks_load_feature: Added feature log, plugin 0x751be0 coretracers
0:00:00.011345151  3820 0x58c320 LOG   GST_POLL gstpoll.c:994:gst_poll_fd_ctl_write: 0x594810: pfd->events now 60 (POLLOUT:4)
0:00:00.015745987  3819 0x738370 DEBUG   GST_REGISTRY gstregistrychunks.c:583:gst_registry_chunks_load_feature: Plugin 'coretracers' feature 'latency' typename : 'GstTracerFactory'
0:00:00.011351663  3820 0x58c320 DEBUG   GST_POLL gstpoll.c:980:gst_poll_fd_ctl_write: 0x594810: fd (fd:0, idx:1), active : 1
0:00:00.015757549  3819 0x738370 TRACE   GST_REFCOUNTING gstobject.c:208:gst_object_init: 0x753110 new
0:00:00.011362935  3820 0x58c320 LOG   GST_POLL gstpoll.c:994:gst_poll_fd_ctl_write: 0x594810: pfd->events now 60 (POLLOUT:4)
0:00:00.015764389  3819 0x738370 DEBUG   GST_REGISTRY gstregistrychunks.c:718:gst_registry_chunks_load_feature: Reading/casting for GstRegistryChunkPluginFeature at address 0x7523d0
0:00:00.011370057  3820 0x58c320 DEBUG   GST_POLL gstpoll.c:980:gst_poll_fd_ctl_write: 0x594810: fd (fd:0, idx:1), active : 1
0:00:00.015770845  3819 0x738370 DEBUG   GST_REGISTRY gstregistry.c:590:gst_registry_add_feature: adding feature 0x753110 (latency)
0:00:00.011376115  3820 0x58c320 LOG   GST_POLL gstpoll.c:994:gst_poll_fd_ctl_write: 0x594810: pfd->events now 60 (POLLOUT:4)
0:00:00.015776613  3819 0x738370 DEBUG   GST_REFCOUNTING gstobject.c:709:gst_object_set_parent: set parent (ref and sink)
0:00:00.011383589  3820 0x58c320 TRACE   GST_REFCOUNTING gstobject.c:265:gst_object_unref: 0x5a5e70 unref 2->1
0:00:00.015782710  3819 0x738370 TRACE   GST_REFCOUNTING gstobject.c:294:gst_object_ref_sink: 0x753110 ref_sink 1->2
0:00:00.011389763  3820 0x58c320 DEBUG   GST_POLL gstpoll.c:1241:gst_poll_fd_has_error: 0x594810: fd (fd:0, idx:1) 0
0:00:00.015788761  3819 0x738370 LOG   GST_REGISTRY gstregistry.c:608:gst_registry_add_feature: emitting feature-added for latency
0:00:00.011395165  3820 0x58c320 DEBUG   GST_POLL gstpoll.c:1335:gst_poll_fd_can_write: 0x594810: fd (fd:0, idx:1) 1
0:00:00.015794702  3819 0x738370 DEBUG   GST_REGISTRY gstregistrychunks.c:741:gst_registry_chunks_load_feature: Added feature latency, plugin 0x751be0 coretracers
0:00:00.011400548  3820 0x58c320 LOG   GST_PLUGIN_LOADING gstpluginloader.c:690:write_one: Writing packet of size 6872 bytes to fd 0
0:00:00.015801320  3819 0x738370 LOG   GST_PLUGIN_LOADING gstpluginloader.c:889:handle_rx_packet: marking plugin 0x751be0 as registered as /home/conan/w/prod/BuildSingleReference/.conan/data/gstreamer/1.18.3/_/_/package/7935acf34602213af1e3939e2637ba8a4da1774a/lib/gstreamer-1.0/libgstcoretracers.so
0:00:00.011410152  3820 0x58c320 DEBUG   GST_POLL gstpoll.c:1414:gst_poll_wait: 0x594810: timeout :0:00:01.000000000
0:00:00.015811829  3819 0x738370 DEBUG   GST_POLL gstpoll.c:1414:gst_poll_wait: 0x751b80: timeout :0:00:01.000000000
0:00:00.011417582  3820 0x58c320 LOG   GST_PLUGIN_LOADING gstpluginloader.c:1028:exchange_packets: Poll res = 2. 488 bytes pending for write
0:00:00.011424126  3820 0x58c320 DEBUG   GST_POLL gstpoll.c:1241:gst_poll_fd_has_error: 0x594810: fd (fd:5, idx:2) 0
0:00:00.015821168  3819 0x738370 LOG   GST_PLUGIN_LOADING gstpluginloader.c:1028:exchange_packets: Poll res = 1. 0 bytes pending for write
0:00:00.011429223  3820 0x58c320 DEBUG   GST_POLL gstpoll.c:1266:gst_poll_fd_can_read_unlocked: 0x594810: fd (fd:5, idx:2) 1
0:00:00.015831823  3819 0x738370 DEBUG   GST_POLL gstpoll.c:1241:gst_poll_fd_has_error: 0x751b80: fd (fd:8, idx:2) 0
0:00:00.011440318  3820 0x58c320 DEBUG   GST_PLUGIN_LOADING gstpluginloader.c:722:do_plugin_load: Plugin scanner loading file /home/conan/w/prod/BuildSingleReference/.conan/data/gstreamer/1.18.3/_/_/package/7935acf34602213af1e3939e2637ba8a4da1774a/lib/gstreamer-1.0/libgstcoreelements.so. tag 3
0:00:00.015838100  3819 0x738370 DEBUG   GST_POLL gstpoll.c:1266:gst_poll_fd_can_read_unlocked: 0x751b80: fd (fd:8, idx:2) 1
0:00:00.011447049  3820 0x58c320 TRACE   GST_REFCOUNTING gstobject.c:238:gst_object_ref: 0x5a8120 ref 1->2
0:00:00.015846470  3819 0x738370 LOG   GST_PLUGIN_LOADING gstpluginloader.c:986:read_one: Expanding rx buf from 512 to 7384
0:00:00.011453312  3820 0x58c320 TRACE   GST_REFCOUNTING gstobject.c:238:gst_object_ref: 0x5c32c0 ref 1->2
0:00:00.011459521  3820 0x58c320 TRACE   GST_REFCOUNTING gstobject.c:238:gst_object_ref: 0x5c2600 ref 1->2
0:00:00.011465143  3820 0x58c320 TRACE   GST_REFCOUNTING gstobject.c:238:gst_object_ref: 0x5c0e90 ref 1->2
0:00:00.015863223  3819 0x738370 DEBUG   GST_PLUGIN_LOADING gstpluginloader.c:850:handle_rx_packet: Received plugin details from child w/ tag 1. 6860 bytes info
0:00:00.011470545  3820 0x58c320 TRACE   GST_REFCOUNTING gstobject.c:238:gst_object_ref: 0x5c0040 ref 1->2
0:00:00.015869318  3819 0x738370 LOG   GST_REGISTRY gstregistrychunks.c:837:_priv_gst_registry_chunks_load_plugin: Reading/casting for GstRegistryChunkPluginElement at address 0x753a50
0:00:00.011476363  3820 0x58c320 TRACE   GST_REFCOUNTING gstobject.c:238:gst_object_ref: 0x5beee0 ref 1->2
0:00:00.015875727  3819 0x738370 TRACE   GST_REFCOUNTING gstobject.c:208:gst_object_init: 0x752200 new
0:00:00.011482264  3820 0x58c320 TRACE   GST_REFCOUNTING gstobject.c:238:gst_object_ref: 0x5bdde0 ref 1->2
0:00:00.011488174  3820 0x58c320 TRACE   GST_REFCOUNTING gstobject.c:238:gst_object_ref: 0x5bc490 ref 1->2
0:00:00.015885333  3819 0x738370 LOG   GST_REGISTRY gstregistrychunks.c:858:_priv_gst_registry_chunks_load_plugin: read strings for name='coreelements'
0:00:00.011493529  3820 0x58c320 TRACE   GST_REFCOUNTING gstobject.c:238:gst_object_ref: 0x5ba980 ref 1->2
0:00:00.015891419  3819 0x738370 LOG   GST_REGISTRY gstregistrychunks.c:859:_priv_gst_registry_chunks_load_plugin: desc.description='GStreamer core elements'
0:00:00.011499522  3820 0x58c320 TRACE   GST_REFCOUNTING gstobject.c:238:gst_object_ref: 0x5b9870 ref 1->2
0:00:00.015897781  3819 0x738370 LOG   GST_REGISTRY gstregistrychunks.c:860:_priv_gst_registry_chunks_load_plugin: filename='/home/conan/w/prod/BuildSingleReference/.conan/data/gstreamer/1.18.3/_/_/package/7935acf34602213af1e3939e2637ba8a4da1774a/lib/gstreamer-1.0/libgstcoreelements.so'
0:00:00.011505447  3820 0x58c320 TRACE   GST_REFCOUNTING gstobject.c:238:gst_object_ref: 0x5b8650 ref 1->2
0:00:00.015903438  3819 0x738370 LOG   GST_REGISTRY gstregistrychunks.c:861:_priv_gst_registry_chunks_load_plugin: desc.version='1.18.3'
0:00:00.011515571  3820 0x58c320 TRACE   GST_REFCOUNTING gstobject.c:238:gst_object_ref: 0x5b7020 ref 1->2
0:00:00.015913039  3819 0x738370 LOG   GST_REGISTRY gstregistrychunks.c:862:_priv_gst_registry_chunks_load_plugin: desc.license='LGPL'
0:00:00.011521483  3820 0x58c320 TRACE   GST_REFCOUNTING gstobject.c:238:gst_object_ref: 0x5b6370 ref 1->2
0:00:00.015919111  3819 0x738370 LOG   GST_REGISTRY gstregistrychunks.c:863:_priv_gst_registry_chunks_load_plugin: desc.source='gstreamer'
0:00:00.011527429  3820 0x58c320 TRACE   GST_REFCOUNTING gstobject.c:238:gst_object_ref: 0x5b5740 ref 1->2
0:00:00.015925237  3819 0x738370 LOG   GST_REGISTRY gstregistrychunks.c:864:_priv_gst_registry_chunks_load_plugin: desc.package='GStreamer source release'
0:00:00.011533354  3820 0x58c320 TRACE   GST_REFCOUNTING gstobject.c:238:gst_object_ref: 0x5acc90 ref 1->2
0:00:00.015931026  3819 0x738370 LOG   GST_REGISTRY gstregistrychunks.c:865:_priv_gst_registry_chunks_load_plugin: desc.origin='Unknown package origin'
0:00:00.011539442  3820 0x58c320 TRACE   GST_REFCOUNTING gstobject.c:238:gst_object_ref: 0x5b2b40 ref 1->2
0:00:00.015937152  3819 0x738370 LOG   GST_REGISTRY gstregistrychunks.c:866:_priv_gst_registry_chunks_load_plugin: desc.datetime=2021-01-13
0:00:00.011545315  3820 0x58c320 TRACE   GST_REFCOUNTING gstobject.c:238:gst_object_ref: 0x5b0510 ref 1->2
0:00:00.015944967  3819 0x738370 DEBUG   GST_REGISTRY gstregistry.c:474:gst_registry_add_plugin: adding plugin 0x752200 for filename "/home/conan/w/prod/BuildSingleReference/.conan/data/gstreamer/1.18.3/_/_/package/7935acf34602213af1e3939e2637ba8a4da1774a/lib/gstreamer-1.0/libgstcoreelements.so"
0:00:00.011562495  3820 0x58c320 TRACE   GST_REFCOUNTING gstobject.c:238:gst_object_ref: 0x5ae9c0 ref 1->2
0:00:00.015963539  3819 0x738370 TRACE   GST_REFCOUNTING gstobject.c:294:gst_object_ref_sink: 0x752200 ref_sink 1->2
0:00:00.011568861  3820 0x58c320 TRACE   GST_REFCOUNTING gstobject.c:238:gst_object_ref: 0x5ad980 ref 1->2
0:00:00.015970046  3819 0x738370 LOG   GST_REGISTRY gstregistry.c:487:gst_registry_add_plugin: emitting plugin-added for filename "/home/conan/w/prod/BuildSingleReference/.conan/data/gstreamer/1.18.3/_/_/package/7935acf34602213af1e3939e2637ba8a4da1774a/lib/gstreamer-1.0/libgstcoreelements.so"
0:00:00.011575417  3820 0x58c320 TRACE   GST_REFCOUNTING gstobject.c:238:gst_object_ref: 0x5abed0 ref 1->2
0:00:00.015976478  3819 0x738370 DEBUG   GST_REGISTRY gstregistrychunks.c:887:_priv_gst_registry_chunks_load_plugin: Added plugin 'coreelements' plugin with 22 features from binary registry
0:00:00.011581958  3820 0x58c320 TRACE   GST_REFCOUNTING gstobject.c:238:gst_object_ref: 0x5ab000 ref 1->2
0:00:00.015982579  3819 0x738370 DEBUG   GST_REGISTRY gstregistrychunks.c:583:gst_registry_chunks_load_feature: Plugin 'coreelements' feature 'streamiddemux' typename : 'GstElementFactory'
0:00:00.011588118  3820 0x58c320 TRACE   GST_REFCOUNTING gstobject.c:238:gst_object_ref: 0x5aa260 ref 1->2
0:00:00.011616170  3820 0x58c320 TRACE   GST_REFCOUNTING gstobject.c:238:gst_object_ref: 0x5a8570 ref 1->2
0:00:00.016014073  3819 0x738370 TRACE   GST_REFCOUNTING gstobject.c:208:gst_object_init: 0x752570 new
0:00:00.011621932  3820 0x58c320 DEBUG   GST_REGISTRY gstregistrychunks.c:265:gst_registry_chunks_save_feature: saved 0 interfaces 0 pad templates
0:00:00.016027133  3819 0x738370 LOG   GST_REGISTRY gstregistrychunks.c:610:gst_registry_chunks_load_feature: Reading/casting for GstRegistryChunkElementFactory at address 0x753ba8
0:00:00.011633584  3820 0x58c320 DEBUG   GST_REGISTRY gstregistrychunks.c:265:gst_registry_chunks_save_feature: saved 0 interfaces 0 pad templates
0:00:00.011643696  3820 0x58c320 DEBUG   GST_REGISTRY gstregistrychunks.c:265:gst_registry_chunks_save_feature: saved 0 interfaces 0 pad templates
0:00:00.016038464  3819 0x738370 TRACE   structure gststructure.c:287:gst_structure_new_id_empty_with_size: created structure 0x753390
0:00:00.011650995  3820 0x58c320 DEBUG   GST_REGISTRY gstregistrychunks.c:265:gst_registry_chunks_save_feature: saved 1 interfaces 0 pad templates
0:00:00.016048809  3819 0x738370 DEBUG   structure gststructure.c:2203:gst_structure_parse_field: trying field name 'long-name'
0:00:00.011656757  3820 0x58c320 DEBUG   GST_REGISTRY gstregistrychunks.c:284:gst_registry_chunks_save_feature: Saved 1 UriTypes
0:00:00.016059323  3819 0x738370 DEBUG   default gstvalue.c:2676:_priv_gst_value_parse_value: trying type name 'string'
0:00:00.011664844  3820 0x58c320 DEBUG   GST_REGISTRY gstregistrychunks.c:265:gst_registry_chunks_save_feature: saved 0 interfaces 0 pad templates
0:00:00.016068773  3819 0x738370 DEBUG   structure gststructure.c:2203:gst_structure_parse_field: trying field name 'klass'
0:00:00.011673106  3820 0x58c320 DEBUG   GST_REGISTRY gstregistrychunks.c:265:gst_registry_chunks_save_feature: saved 0 interfaces 0 pad templates
0:00:00.016074407  3819 0x738370 DEBUG   default gstvalue.c:2676:_priv_gst_value_parse_value: trying type name 'string'
0:00:00.011682871  3820 0x58c320 DEBUG   GST_REGISTRY gstregistrychunks.c:265:gst_registry_chunks_save_feature: saved 0 interfaces 0 pad templates
0:00:00.016081765  3819 0x738370 DEBUG   structure gststructure.c:2203:gst_structure_parse_field: trying field name 'description'
0:00:00.016091087  3819 0x738370 DEBUG   default gstvalue.c:2676:_priv_gst_value_parse_value: trying type name 'string'
0:00:00.011695963  3820 0x58c320 DEBUG   GST_REGISTRY gstregistrychunks.c:265:gst_registry_chunks_save_feature: saved 1 interfaces 0 pad templates
0:00:00.016096901  3819 0x738370 DEBUG   structure gststructure.c:2203:gst_structure_parse_field: trying field name 'author'
0:00:00.011702305  3820 0x58c320 DEBUG   GST_REGISTRY gstregistrychunks.c:284:gst_registry_chunks_save_feature: Saved 1 UriTypes
0:00:00.016106871  3819 0x738370 DEBUG   default gstvalue.c:2676:_priv_gst_value_parse_value: trying type name 'string'
0:00:00.011715467  3820 0x58c320 DEBUG   GST_REGISTRY gstregistrychunks.c:265:gst_registry_chunks_save_feature: saved 1 interfaces 0 pad templates
0:00:00.016113165  3819 0x738370 DEBUG   GST_REGISTRY gstregistrychunks.c:626:gst_registry_chunks_load_feature: Element factory : npadtemplates=2
0:00:00.011721023  3820 0x58c320 DEBUG   GST_REGISTRY gstregistrychunks.c:284:gst_registry_chunks_save_feature: Saved 1 UriTypes
0:00:00.016119016  3819 0x738370 DEBUG   GST_REGISTRY gstregistrychunks.c:526:gst_registry_chunks_load_pad_template: Reading/casting for GstRegistryChunkPadTemplate at address 0x753c80
0:00:00.011727995  3820 0x58c320 DEBUG   GST_REGISTRY gstregistrychunks.c:265:gst_registry_chunks_save_feature: saved 1 interfaces 0 pad templates
0:00:00.016125119  3819 0x738370 DEBUG   GST_REGISTRY gstregistrychunks.c:539:gst_registry_chunks_load_pad_template: Added pad_template src_%u
0:00:00.011733434  3820 0x58c320 DEBUG   GST_REGISTRY gstregistrychunks.c:284:gst_registry_chunks_save_feature: Saved 1 UriTypes
0:00:00.016131309  3819 0x738370 DEBUG   GST_REGISTRY gstregistrychunks.c:526:gst_registry_chunks_load_pad_template: Reading/casting for GstRegistryChunkPadTemplate at address 0x753c98
0:00:00.011740419  3820 0x58c320 DEBUG   GST_REGISTRY gstregistrychunks.c:265:gst_registry_chunks_save_feature: saved 0 interfaces 0 pad templates
0:00:00.016136946  3819 0x738370 DEBUG   GST_REGISTRY gstregistrychunks.c:539:gst_registry_chunks_load_pad_template: Added pad_template sink
0:00:00.011747936  3820 0x58c320 DEBUG   GST_REGISTRY gstregistrychunks.c:265:gst_registry_chunks_save_feature: saved 0 interfaces 0 pad templates
0:00:00.016145206  3819 0x738370 DEBUG   GST_REGISTRY gstregistry.c:590:gst_registry_add_feature: adding feature 0x752570 (streamiddemux)
0:00:00.011755079  3820 0x58c320 DEBUG   GST_REGISTRY gstregistrychunks.c:265:gst_registry_chunks_save_feature: saved 0 interfaces 0 pad templates
0:00:00.016152441  3819 0x738370 DEBUG   GST_REFCOUNTING gstobject.c:709:gst_object_set_parent: set parent (ref and sink)
0:00:00.011763578  3820 0x58c320 DEBUG   GST_REGISTRY gstregistrychunks.c:265:gst_registry_chunks_save_feature: saved 0 interfaces 0 pad templates
0:00:00.016159249  3819 0x738370 TRACE   GST_REFCOUNTING gstobject.c:294:gst_object_ref_sink: 0x752570 ref_sink 1->2
0:00:00.011770970  3820 0x58c320 DEBUG   GST_REGISTRY gstregistrychunks.c:265:gst_registry_chunks_save_feature: saved 0 interfaces 0 pad templates
0:00:00.016167497  3819 0x738370 LOG   GST_REGISTRY gstregistry.c:608:gst_registry_add_feature: emitting feature-added for streamiddemux
0:00:00.011778377  3820 0x58c320 DEBUG   GST_REGISTRY gstregistrychunks.c:265:gst_registry_chunks_save_feature: saved 0 interfaces 0 pad templates
0:00:00.016175310  3819 0x738370 DEBUG   GST_REGISTRY gstregistrychunks.c:741:gst_registry_chunks_load_feature: Added feature streamiddemux, plugin 0x752200 coreelements
0:00:00.011790805  3820 0x58c320 DEBUG   GST_REGISTRY gstregistrychunks.c:265:gst_registry_chunks_save_feature: saved 1 interfaces 0 pad templates
0:00:00.016187128  3819 0x738370 DEBUG   GST_REGISTRY gstregistrychunks.c:583:gst_registry_chunks_load_feature: Plugin 'coreelements' feature 'valve' typename : 'GstElementFactory'
0:00:00.011796667  3820 0x58c320 DEBUG   GST_REGISTRY gstregistrychunks.c:284:gst_registry_chunks_save_feature: Saved 1 UriTypes
0:00:00.016195847  3819 0x738370 TRACE   GST_REFCOUNTING gstobject.c:208:gst_object_init: 0x7537d0 new
0:00:00.011804596  3820 0x58c320 DEBUG   GST_REGISTRY gstregistrychunks.c:265:gst_registry_chunks_save_feature: saved 0 interfaces 0 pad templates
0:00:00.016202659  3819 0x738370 LOG   GST_REGISTRY gstregistrychunks.c:610:gst_registry_chunks_load_feature: Reading/casting for GstRegistryChunkElementFactory at address 0x753cc8
0:00:00.011813088  3820 0x58c320 DEBUG   GST_REGISTRY gstregistrychunks.c:265:gst_registry_chunks_save_feature: saved 0 interfaces 0 pad templates
0:00:00.016209257  3819 0x738370 TRACE   structure gststructure.c:287:gst_structure_new_id_empty_with_size: created structure 0x755800
0:00:00.016216771  3819 0x738370 DEBUG   structure gststructure.c:2203:gst_structure_parse_field: trying field name 'long-name'
0:00:00.011821834  3820 0x58c320 DEBUG   GST_REGISTRY gstregistrychunks.c:265:gst_registry_chunks_save_feature: saved 0 interfaces 0 pad templates
0:00:00.016221700  3819 0x738370 DEBUG   default gstvalue.c:2676:_priv_gst_value_parse_value: trying type name 'string'
0:00:00.011831230  3820 0x58c320 DEBUG   GST_REGISTRY gstregistrychunks.c:265:gst_registry_chunks_save_feature: saved 0 interfaces 0 pad templates
0:00:00.016227524  3819 0x738370 DEBUG   structure gststructure.c:2203:gst_structure_parse_field: trying field name 'klass'
0:00:00.016234519  3819 0x738370 DEBUG   default gstvalue.c:2676:_priv_gst_value_parse_value: trying type name 'string'
0:00:00.011840598  3820 0x58c320 DEBUG   GST_REGISTRY gstregistrychunks.c:265:gst_registry_chunks_save_feature: saved 0 interfaces 0 pad templates
0:00:00.016239664  3819 0x738370 DEBUG   structure gststructure.c:2203:gst_structure_parse_field: trying field name 'description'
0:00:00.016244974  3819 0x738370 DEBUG   default gstvalue.c:2676:_priv_gst_value_parse_value: trying type name 'string'
0:00:00.011849130  3820 0x58c320 TRACE   GST_REFCOUNTING gstobject.c:265:gst_object_unref: 0x5a8570 unref 2->1
0:00:00.016250488  3819 0x738370 DEBUG   structure gststructure.c:2203:gst_structure_parse_field: trying field name 'author'
0:00:00.011856825  3820 0x58c320 TRACE   GST_REFCOUNTING gstobject.c:265:gst_object_unref: 0x5aa260 unref 2->1
0:00:00.016255589  3819 0x738370 DEBUG   default gstvalue.c:2676:_priv_gst_value_parse_value: trying type name 'string'
0:00:00.011862981  3820 0x58c320 TRACE   GST_REFCOUNTING gstobject.c:265:gst_object_unref: 0x5ab000 unref 2->1
0:00:00.016265603  3819 0x738370 DEBUG   GST_REGISTRY gstregistrychunks.c:626:gst_registry_chunks_load_feature: Element factory : npadtemplates=2
0:00:00.011871458  3820 0x58c320 TRACE   GST_REFCOUNTING gstobject.c:265:gst_object_unref: 0x5abed0 unref 2->1
0:00:00.016270977  3819 0x738370 DEBUG   GST_REGISTRY gstregistrychunks.c:526:gst_registry_chunks_load_pad_template: Reading/casting for GstRegistryChunkPadTemplate at address 0x753db8
0:00:00.011877500  3820 0x58c320 TRACE   GST_REFCOUNTING gstobject.c:265:gst_object_unref: 0x5ad980 unref 2->1
0:00:00.016276488  3819 0x738370 DEBUG   GST_REGISTRY gstregistrychunks.c:539:gst_registry_chunks_load_pad_template: Added pad_template sink
0:00:00.011883609  3820 0x58c320 TRACE   GST_REFCOUNTING gstobject.c:265:gst_object_unref: 0x5ae9c0 unref 2->1
0:00:00.016281481  3819 0x738370 DEBUG   GST_REGISTRY gstregistrychunks.c:526:gst_registry_chunks_load_pad_template: Reading/casting for GstRegistryChunkPadTemplate at address 0x753dd0
0:00:00.011889517  3820 0x58c320 TRACE   GST_REFCOUNTING gstobject.c:265:gst_object_unref: 0x5b0510 unref 2->1
0:00:00.016288021  3819 0x738370 DEBUG   GST_REGISTRY gstregistrychunks.c:539:gst_registry_chunks_load_pad_template: Added pad_template src
0:00:00.011895478  3820 0x58c320 TRACE   GST_REFCOUNTING gstobject.c:265:gst_object_unref: 0x5b2b40 unref 2->1
0:00:00.016295185  3819 0x738370 DEBUG   GST_REGISTRY gstregistry.c:590:gst_registry_add_feature: adding feature 0x7537d0 (valve)
0:00:00.011901475  3820 0x58c320 TRACE   GST_REFCOUNTING gstobject.c:265:gst_object_unref: 0x5acc90 unref 2->1
0:00:00.016300685  3819 0x738370 DEBUG   GST_REFCOUNTING gstobject.c:709:gst_object_set_parent: set parent (ref and sink)
0:00:00.011907401  3820 0x58c320 TRACE   GST_REFCOUNTING gstobject.c:265:gst_object_unref: 0x5b5740 unref 2->1
0:00:00.016307227  3819 0x738370 TRACE   GST_REFCOUNTING gstobject.c:294:gst_object_ref_sink: 0x7537d0 ref_sink 1->2
0:00:00.011913399  3820 0x58c320 TRACE   GST_REFCOUNTING gstobject.c:265:gst_object_unref: 0x5b6370 unref 2->1
0:00:00.016313182  3819 0x738370 LOG   GST_REGISTRY gstregistry.c:608:gst_registry_add_feature: emitting feature-added for valve
0:00:00.011919321  3820 0x58c320 TRACE   GST_REFCOUNTING gstobject.c:265:gst_object_unref: 0x5b7020 unref 2->1
0:00:00.016319177  3819 0x738370 DEBUG   GST_REGISTRY gstregistrychunks.c:741:gst_registry_chunks_load_feature: Added feature valve, plugin 0x752200 coreelements
0:00:00.011925264  3820 0x58c320 TRACE   GST_REFCOUNTING gstobject.c:265:gst_object_unref: 0x5b8650 unref 2->1
0:00:00.016325297  3819 0x738370 DEBUG   GST_REGISTRY gstregistrychunks.c:583:gst_registry_chunks_load_feature: Plugin 'coreelements' feature 'multiqueue' typename : 'GstElementFactory'
0:00:00.011931393  3820 0x58c320 TRACE   GST_REFCOUNTING gstobject.c:265:gst_object_unref: 0x5b9870 unref 2->1
0:00:00.016337997  3819 0x738370 TRACE   GST_REFCOUNTING gstobject.c:208:gst_object_init: 0x7538c0 new
0:00:00.011943273  3820 0x58c320 TRACE   GST_REFCOUNTING gstobject.c:265:gst_object_unref: 0x5ba980 unref 2->1
0:00:00.016344911  3819 0x738370 LOG   GST_REGISTRY gstregistrychunks.c:610:gst_registry_chunks_load_feature: Reading/casting for GstRegistryChunkElementFactory at address 0x753e00
0:00:00.011950514  3820 0x58c320 TRACE   GST_REFCOUNTING gstobject.c:265:gst_object_unref: 0x5bc490 unref 2->1
0:00:00.016351005  3819 0x738370 TRACE   structure gststructure.c:287:gst_structure_new_id_empty_with_size: created structure 0x755a30
0:00:00.011957042  3820 0x58c320 TRACE   GST_REFCOUNTING gstobject.c:265:gst_object_unref: 0x5bdde0 unref 2->1
0:00:00.016356530  3819 0x738370 DEBUG   structure gststructure.c:2203:gst_structure_parse_field: trying field name 'long-name'
0:00:00.011963224  3820 0x58c320 TRACE   GST_REFCOUNTING gstobject.c:265:gst_object_unref: 0x5beee0 unref 2->1
0:00:00.016361813  3819 0x738370 DEBUG   default gstvalue.c:2676:_priv_gst_value_parse_value: trying type name 'string'
0:00:00.011969203  3820 0x58c320 TRACE   GST_REFCOUNTING gstobject.c:265:gst_object_unref: 0x5c0040 unref 2->1
0:00:00.016367417  3819 0x738370 DEBUG   structure gststructure.c:2203:gst_structure_parse_field: trying field name 'klass'
0:00:00.011975343  3820 0x58c320 TRACE   GST_REFCOUNTING gstobject.c:265:gst_object_unref: 0x5c0e90 unref 2->1
0:00:00.016372711  3819 0x738370 DEBUG   default gstvalue.c:2676:_priv_gst_value_parse_value: trying type name 'string'
0:00:00.011981568  3820 0x58c320 TRACE   GST_REFCOUNTING gstobject.c:265:gst_object_unref: 0x5c2600 unref 2->1
0:00:00.016380033  3819 0x738370 DEBUG   structure gststructure.c:2203:gst_structure_parse_field: trying field name 'description'
0:00:00.011987543  3820 0x58c320 TRACE   GST_REFCOUNTING gstobject.c:265:gst_object_unref: 0x5c32c0 unref 2->1
0:00:00.016400823  3819 0x738370 DEBUG   default gstvalue.c:2676:_priv_gst_value_parse_value: trying type name 'string'
0:00:00.012010178  3820 0x58c320 DEBUG   GST_REGISTRY gstregistrychunks.c:498:_priv_gst_registry_chunks_save_plugin: Found 22 features in plugin 0x5a8120 (coreelements)
0:00:00.016407134  3819 0x738370 DEBUG   structure gststructure.c:2203:gst_structure_parse_field: trying field name 'author'
0:00:00.012016402  3820 0x58c320 DEBUG   GST_POLL gstpoll.c:980:gst_poll_fd_ctl_write: 0x594810: fd (fd:0, idx:1), active : 1
0:00:00.016413776  3819 0x738370 DEBUG   default gstvalue.c:2676:_priv_gst_value_parse_value: trying type name 'string'
0:00:00.012022057  3820 0x58c320 LOG   GST_POLL gstpoll.c:994:gst_poll_fd_ctl_write: 0x594810: pfd->events now 60 (POLLOUT:4)
0:00:00.016420121  3819 0x738370 DEBUG   GST_REGISTRY gstregistrychunks.c:626:gst_registry_chunks_load_feature: Element factory : npadtemplates=2
0:00:00.012031788  3820 0x58c320 DEBUG   GST_POLL gstpoll.c:980:gst_poll_fd_ctl_write: 0x594810: fd (fd:0, idx:1), active : 1
0:00:00.016429332  3819 0x738370 DEBUG   GST_REGISTRY gstregistrychunks.c:526:gst_registry_chunks_load_pad_template: Reading/casting for GstRegistryChunkPadTemplate at address 0x753ec0
0:00:00.012037090  3820 0x58c320 LOG   GST_POLL gstpoll.c:994:gst_poll_fd_ctl_write: 0x594810: pfd->events now 60 (POLLOUT:4)
0:00:00.016434863  3819 0x738370 DEBUG   GST_REGISTRY gstregistrychunks.c:539:gst_registry_chunks_load_pad_template: Added pad_template src_%u
0:00:00.012042452  3820 0x58c320 DEBUG   GST_POLL gstpoll.c:980:gst_poll_fd_ctl_write: 0x594810: fd (fd:0, idx:1), active : 1
0:00:00.016439662  3819 0x738370 DEBUG   GST_REGISTRY gstregistrychunks.c:526:gst_registry_chunks_load_pad_template: Reading/casting for GstRegistryChunkPadTemplate at address 0x753ed8
0:00:00.012047777  3820 0x58c320 LOG   GST_POLL gstpoll.c:994:gst_poll_fd_ctl_write: 0x594810: pfd->events now 60 (POLLOUT:4)
0:00:00.016445579  3819 0x738370 DEBUG   GST_REGISTRY gstregistrychunks.c:539:gst_registry_chunks_load_pad_template: Added pad_template sink_%u
0:00:00.012053216  3820 0x58c320 DEBUG   GST_POLL gstpoll.c:980:gst_poll_fd_ctl_write: 0x594810: fd (fd:0, idx:1), active : 1
0:00:00.016452219  3819 0x738370 DEBUG   GST_REGISTRY gstregistry.c:590:gst_registry_add_feature: adding feature 0x7538c0 (multiqueue)
0:00:00.012058527  3820 0x58c320 LOG   GST_POLL gstpoll.c:994:gst_poll_fd_ctl_write: 0x594810: pfd->events now 60 (POLLOUT:4)
0:00:00.016457839  3819 0x738370 DEBUG   GST_REFCOUNTING gstobject.c:709:gst_object_set_parent: set parent (ref and sink)
0:00:00.012063753  3820 0x58c320 DEBUG   GST_POLL gstpoll.c:980:gst_poll_fd_ctl_write: 0x594810: fd (fd:0, idx:1), active : 1
0:00:00.016464470  3819 0x738370 TRACE   GST_REFCOUNTING gstobject.c:294:gst_object_ref_sink: 0x7538c0 ref_sink 1->2
0:00:00.012069480  3820 0x58c320 LOG   GST_POLL gstpoll.c:994:gst_poll_fd_ctl_write: 0x594810: pfd->events now 60 (POLLOUT:4)
0:00:00.016470324  3819 0x738370 LOG   GST_REGISTRY gstregistry.c:608:gst_registry_add_feature: emitting feature-added for multiqueue
0:00:00.012076228  3820 0x58c320 DEBUG   GST_POLL gstpoll.c:980:gst_poll_fd_ctl_write: 0x594810: fd (fd:0, idx:1), active : 1
0:00:00.016476175  3819 0x738370 DEBUG   GST_REGISTRY gstregistrychunks.c:741:gst_registry_chunks_load_feature: Added feature multiqueue, plugin 0x752200 coreelements
0:00:00.012081527  3820 0x58c320 LOG   GST_POLL gstpoll.c:994:gst_poll_fd_ctl_write: 0x594810: pfd->events now 60 (POLLOUT:4)
0:00:00.016482286  3819 0x738370 DEBUG   GST_REGISTRY gstregistrychunks.c:583:gst_registry_chunks_load_feature: Plugin 'coreelements' feature 'typefind' typename : 'GstElementFactory'
0:00:00.012087770  3820 0x58c320 DEBUG   GST_POLL gstpoll.c:980:gst_poll_fd_ctl_write: 0x594810: fd (fd:0, idx:1), active : 1
0:00:00.016488996  3819 0x738370 TRACE   GST_REFCOUNTING gstobject.c:208:gst_object_init: 0x755b60 new
0:00:00.012097213  3820 0x58c320 LOG   GST_POLL gstpoll.c:994:gst_poll_fd_ctl_write: 0x594810: pfd->events now 60 (POLLOUT:4)
0:00:00.016495859  3819 0x738370 LOG   GST_REGISTRY gstregistrychunks.c:610:gst_registry_chunks_load_feature: Reading/casting for GstRegistryChunkElementFactory at address 0x753f08
0:00:00.012102501  3820 0x58c320 DEBUG   GST_POLL gstpoll.c:980:gst_poll_fd_ctl_write: 0x594810: fd (fd:0, idx:1), active : 1
0:00:00.016501421  3819 0x738370 TRACE   structure gststructure.c:287:gst_structure_new_id_empty_with_size: created structure 0x755db0
0:00:00.012107620  3820 0x58c320 LOG   GST_POLL gstpoll.c:994:gst_poll_fd_ctl_write: 0x594810: pfd->events now 60 (POLLOUT:4)
0:00:00.016506438  3819 0x738370 DEBUG   structure gststructure.c:2203:gst_structure_parse_field: trying field name 'long-name'
0:00:00.012112921  3820 0x58c320 DEBUG   GST_POLL gstpoll.c:980:gst_poll_fd_ctl_write: 0x594810: fd (fd:0, idx:1), active : 1
0:00:00.016511382  3819 0x738370 DEBUG   default gstvalue.c:2676:_priv_gst_value_parse_value: trying type name 'string'
0:00:00.012118181  3820 0x58c320 LOG   GST_POLL gstpoll.c:994:gst_poll_fd_ctl_write: 0x594810: pfd->events now 60 (POLLOUT:4)
0:00:00.016516737  3819 0x738370 DEBUG   structure gststructure.c:2203:gst_structure_parse_field: trying field name 'klass'
0:00:00.012123352  3820 0x58c320 DEBUG   GST_POLL gstpoll.c:980:gst_poll_fd_ctl_write: 0x594810: fd (fd:0, idx:1), active : 1
0:00:00.016521727  3819 0x738370 DEBUG   default gstvalue.c:2676:_priv_gst_value_parse_value: trying type name 'string'
0:00:00.012128471  3820 0x58c320 LOG   GST_POLL gstpoll.c:994:gst_poll_fd_ctl_write: 0x594810: pfd->events now 60 (POLLOUT:4)
0:00:00.016526934  3819 0x738370 DEBUG   structure gststructure.c:2203:gst_structure_parse_field: trying field name 'description'
0:00:00.012133653  3820 0x58c320 DEBUG   GST_POLL gstpoll.c:980:gst_poll_fd_ctl_write: 0x594810: fd (fd:0, idx:1), active : 1
0:00:00.016531909  3819 0x738370 DEBUG   default gstvalue.c:2676:_priv_gst_value_parse_value: trying type name 'string'
0:00:00.012138820  3820 0x58c320 LOG   GST_POLL gstpoll.c:994:gst_poll_fd_ctl_write: 0x594810: pfd->events now 60 (POLLOUT:4)
0:00:00.016537342  3819 0x738370 DEBUG   structure gststructure.c:2203:gst_structure_parse_field: trying field name 'author'
0:00:00.012144028  3820 0x58c320 DEBUG   GST_POLL gstpoll.c:980:gst_poll_fd_ctl_write: 0x594810: fd (fd:0, idx:1), active : 1
0:00:00.016542177  3819 0x738370 DEBUG   default gstvalue.c:2676:_priv_gst_value_parse_value: trying type name 'string'
0:00:00.012149183  3820 0x58c320 LOG   GST_POLL gstpoll.c:994:gst_poll_fd_ctl_write: 0x594810: pfd->events now 60 (POLLOUT:4)
0:00:00.016547692  3819 0x738370 DEBUG   GST_REGISTRY gstregistrychunks.c:626:gst_registry_chunks_load_feature: Element factory : npadtemplates=2
0:00:00.012154438  3820 0x58c320 DEBUG   GST_POLL gstpoll.c:980:gst_poll_fd_ctl_write: 0x594810: fd (fd:0, idx:1), active : 1
0:00:00.016556428  3819 0x738370 DEBUG   GST_REGISTRY gstregistrychunks.c:526:gst_registry_chunks_load_pad_template: Reading/casting for GstRegistryChunkPadTemplate at address 0x753fe0
0:00:00.012162854  3820 0x58c320 LOG   GST_POLL gstpoll.c:994:gst_poll_fd_ctl_write: 0x594810: pfd->events now 60 (POLLOUT:4)
0:00:00.016561701  3819 0x738370 DEBUG   GST_REGISTRY gstregistrychunks.c:539:gst_registry_chunks_load_pad_template: Added pad_template sink
0:00:00.012168048  3820 0x58c320 DEBUG   GST_POLL gstpoll.c:980:gst_poll_fd_ctl_write: 0x594810: fd (fd:0, idx:1), active : 1
0:00:00.016566703  3819 0x738370 DEBUG   GST_REGISTRY gstregistrychunks.c:526:gst_registry_chunks_load_pad_template: Reading/casting for GstRegistryChunkPadTemplate at address 0x753ff8
0:00:00.012173165  3820 0x58c320 LOG   GST_POLL gstpoll.c:994:gst_poll_fd_ctl_write: 0x594810: pfd->events now 60 (POLLOUT:4)
0:00:00.016571871  3819 0x738370 DEBUG   GST_REGISTRY gstregistrychunks.c:539:gst_registry_chunks_load_pad_template: Added pad_template src
0:00:00.012178446  3820 0x58c320 DEBUG   GST_POLL gstpoll.c:980:gst_poll_fd_ctl_write: 0x594810: fd (fd:0, idx:1), active : 1
0:00:00.012183489  3820 0x58c320 LOG   GST_POLL gstpoll.c:994:gst_poll_fd_ctl_write: 0x594810: pfd->events now 60 (POLLOUT:4)
0:00:00.016581024  3819 0x738370 DEBUG   GST_REGISTRY gstregistry.c:590:gst_registry_add_feature: adding feature 0x755b60 (typefind)
0:00:00.012188245  3820 0x58c320 DEBUG   GST_POLL gstpoll.c:980:gst_poll_fd_ctl_write: 0x594810: fd (fd:0, idx:1), active : 1
0:00:00.016586281  3819 0x738370 DEBUG   GST_REFCOUNTING gstobject.c:709:gst_object_set_parent: set parent (ref and sink)
0:00:00.012193195  3820 0x58c320 LOG   GST_POLL gstpoll.c:994:gst_poll_fd_ctl_write: 0x594810: pfd->events now 60 (POLLOUT:4)
0:00:00.016592622  3819 0x738370 TRACE   GST_REFCOUNTING gstobject.c:294:gst_object_ref_sink: 0x755b60 ref_sink 1->2
0:00:00.012198820  3820 0x58c320 DEBUG   GST_POLL gstpoll.c:980:gst_poll_fd_ctl_write: 0x594810: fd (fd:0, idx:1), active : 1
0:00:00.012204199  3820 0x58c320 LOG   GST_POLL gstpoll.c:994:gst_poll_fd_ctl_write: 0x594810: pfd->events now 60 (POLLOUT:4)
0:00:00.016598404  3819 0x738370 LOG   GST_REGISTRY gstregistry.c:608:gst_registry_add_feature: emitting feature-added for typefind
0:00:00.012208895  3820 0x58c320 DEBUG   GST_POLL gstpoll.c:980:gst_poll_fd_ctl_write: 0x594810: fd (fd:0, idx:1), active : 1
0:00:00.016610123  3819 0x738370 DEBUG   GST_REGISTRY gstregistrychunks.c:741:gst_registry_chunks_load_feature: Added feature typefind, plugin 0x752200 coreelements
0:00:00.012215422  3820 0x58c320 LOG   GST_POLL gstpoll.c:994:gst_poll_fd_ctl_write: 0x594810: pfd->events now 60 (POLLOUT:4)
0:00:00.016616262  3819 0x738370 DEBUG   GST_REGISTRY gstregistrychunks.c:583:gst_registry_chunks_load_feature: Plugin 'coreelements' feature 'tee' typename : 'GstElementFactory'
0:00:00.012221628  3820 0x58c320 DEBUG   GST_POLL gstpoll.c:980:gst_poll_fd_ctl_write: 0x594810: fd (fd:0, idx:1), active : 1
0:00:00.012231214  3820 0x58c320 LOG   GST_POLL gstpoll.c:994:gst_poll_fd_ctl_write: 0x594810: pfd->events now 60 (POLLOUT:4)
0:00:00.012235967  3820 0x58c320 DEBUG   GST_POLL gstpoll.c:980:gst_poll_fd_ctl_write: 0x594810: fd (fd:0, idx:1), active : 1
0:00:00.012241488  3820 0x58c320 LOG   GST_POLL gstpoll.c:994:gst_poll_fd_ctl_write: 0x594810: pfd->events now 60 (POLLOUT:4)
0:00:00.016638988  3819 0x738370 TRACE   GST_REFCOUNTING gstobject.c:208:gst_object_init: 0x755f30 new
0:00:00.012254092  3820 0x58c320 DEBUG   GST_POLL gstpoll.c:980:gst_poll_fd_ctl_write: 0x594810: fd (fd:0, idx:1), active : 1
0:00:00.012259254  3820 0x58c320 LOG   GST_POLL gstpoll.c:994:gst_poll_fd_ctl_write: 0x594810: pfd->events now 60 (POLLOUT:4)
0:00:00.016654819  3819 0x738370 LOG   GST_REGISTRY gstregistrychunks.c:610:gst_registry_chunks_load_feature: Reading/casting for GstRegistryChunkElementFactory at address 0x754020
0:00:00.012264128  3820 0x58c320 DEBUG   GST_POLL gstpoll.c:980:gst_poll_fd_ctl_write: 0x594810: fd (fd:0, idx:1), active : 1
