0:00:00.017873698  3819 0x738370 DEBUG   GST_REGISTRY gstregistrychunks.c:539:gst_registry_chunks_load_pad_template: Added pad_template src
0:00:00.013481006  3820 0x58c320 LOG   GST_POLL gstpoll.c:994:gst_poll_fd_ctl_write: 0x594810: pfd->events now 60 (POLLOUT:4)
0:00:00.017879816  3819 0x738370 DEBUG   GST_REGISTRY gstregistrychunks.c:639:gst_registry_chunks_load_feature: Reading 1 UriTypes at address 0x754a70
0:00:00.013486520  3820 0x58c320 DEBUG   GST_POLL gstpoll.c:980:gst_poll_fd_ctl_write: 0x594810: fd (fd:0, idx:1), active : 1
0:00:00.017885893  3819 0x738370 DEBUG   GST_REGISTRY gstregistrychunks.c:654:gst_registry_chunks_load_feature: Reading 1 Interfaces at address 0x754a79
0:00:00.013491758  3820 0x58c320 LOG   GST_POLL gstpoll.c:994:gst_poll_fd_ctl_write: 0x594810: pfd->events now 60 (POLLOUT:4)
0:00:00.017893275  3819 0x738370 DEBUG   GST_REGISTRY gstregistry.c:590:gst_registry_add_feature: adding feature 0x757c90 (filesrc)
0:00:00.013497822  3820 0x58c320 DEBUG   GST_POLL gstpoll.c:980:gst_poll_fd_ctl_write: 0x594810: fd (fd:0, idx:1), active : 1
0:00:00.017898897  3819 0x738370 DEBUG   GST_REFCOUNTING gstobject.c:709:gst_object_set_parent: set parent (ref and sink)
0:00:00.013504861  3820 0x58c320 LOG   GST_POLL gstpoll.c:994:gst_poll_fd_ctl_write: 0x594810: pfd->events now 60 (POLLOUT:4)
0:00:00.017905704  3819 0x738370 TRACE   GST_REFCOUNTING gstobject.c:294:gst_object_ref_sink: 0x757c90 ref_sink 1->2
0:00:00.013511132  3820 0x58c320 DEBUG   GST_POLL gstpoll.c:980:gst_poll_fd_ctl_write: 0x594810: fd (fd:0, idx:1), active : 1
0:00:00.017912072  3819 0x738370 LOG   GST_REGISTRY gstregistry.c:608:gst_registry_add_feature: emitting feature-added for filesrc
0:00:00.013517595  3820 0x58c320 LOG   GST_POLL gstpoll.c:994:gst_poll_fd_ctl_write: 0x594810: pfd->events now 60 (POLLOUT:4)
0:00:00.017918360  3819 0x738370 DEBUG   GST_REGISTRY gstregistrychunks.c:741:gst_registry_chunks_load_feature: Added feature filesrc, plugin 0x752200 coreelements
0:00:00.013523945  3820 0x58c320 DEBUG   GST_POLL gstpoll.c:980:gst_poll_fd_ctl_write: 0x594810: fd (fd:0, idx:1), active : 1
0:00:00.017924722  3819 0x738370 DEBUG   GST_REGISTRY gstregistrychunks.c:583:gst_registry_chunks_load_feature: Plugin 'coreelements' feature 'fdsink' typename : 'GstElementFactory'
0:00:00.013530001  3820 0x58c320 LOG   GST_POLL gstpoll.c:994:gst_poll_fd_ctl_write: 0x594810: pfd->events now 60 (POLLOUT:4)
0:00:00.017935338  3819 0x738370 TRACE   GST_REFCOUNTING gstobject.c:208:gst_object_init: 0x7583f0 new
0:00:00.013540539  3820 0x58c320 DEBUG   GST_POLL gstpoll.c:980:gst_poll_fd_ctl_write: 0x594810: fd (fd:0, idx:1), active : 1
0:00:00.017942658  3819 0x738370 LOG   GST_REGISTRY gstregistrychunks.c:610:gst_registry_chunks_load_feature: Reading/casting for GstRegistryChunkElementFactory at address 0x754aa0
0:00:00.013547814  3820 0x58c320 LOG   GST_POLL gstpoll.c:994:gst_poll_fd_ctl_write: 0x594810: pfd->events now 60 (POLLOUT:4)
0:00:00.017948642  3819 0x738370 TRACE   structure gststructure.c:287:gst_structure_new_id_empty_with_size: created structure 0x7585b0
0:00:00.013554600  3820 0x58c320 DEBUG   GST_POLL gstpoll.c:980:gst_poll_fd_ctl_write: 0x594810: fd (fd:0, idx:1), active : 1
0:00:00.017954306  3819 0x738370 DEBUG   structure gststructure.c:2203:gst_structure_parse_field: trying field name 'long-name'
0:00:00.013560370  3820 0x58c320 LOG   GST_POLL gstpoll.c:994:gst_poll_fd_ctl_write: 0x594810: pfd->events now 60 (POLLOUT:4)
0:00:00.017959859  3819 0x738370 DEBUG   default gstvalue.c:2676:_priv_gst_value_parse_value: trying type name 'string'
0:00:00.013566114  3820 0x58c320 DEBUG   GST_POLL gstpoll.c:980:gst_poll_fd_ctl_write: 0x594810: fd (fd:0, idx:1), active : 1
0:00:00.017965741  3819 0x738370 DEBUG   structure gststructure.c:2203:gst_structure_parse_field: trying field name 'klass'
0:00:00.013571615  3820 0x58c320 LOG   GST_POLL gstpoll.c:994:gst_poll_fd_ctl_write: 0x594810: pfd->events now 60 (POLLOUT:4)
0:00:00.017971219  3819 0x738370 DEBUG   default gstvalue.c:2676:_priv_gst_value_parse_value: trying type name 'string'
0:00:00.013577472  3820 0x58c320 DEBUG   GST_POLL gstpoll.c:980:gst_poll_fd_ctl_write: 0x594810: fd (fd:0, idx:1), active : 1
0:00:00.017977032  3819 0x738370 DEBUG   structure gststructure.c:2203:gst_structure_parse_field: trying field name 'description'
0:00:00.013582886  3820 0x58c320 LOG   GST_POLL gstpoll.c:994:gst_poll_fd_ctl_write: 0x594810: pfd->events now 60 (POLLOUT:4)
0:00:00.017982463  3819 0x738370 DEBUG   default gstvalue.c:2676:_priv_gst_value_parse_value: trying type name 'string'
0:00:00.013588827  3820 0x58c320 DEBUG   GST_POLL gstpoll.c:980:gst_poll_fd_ctl_write: 0x594810: fd (fd:0, idx:1), active : 1
0:00:00.017988257  3819 0x738370 DEBUG   structure gststructure.c:2203:gst_structure_parse_field: trying field name 'author'
0:00:00.013594175  3820 0x58c320 LOG   GST_POLL gstpoll.c:994:gst_poll_fd_ctl_write: 0x594810: pfd->events now 60 (POLLOUT:4)
0:00:00.017993650  3819 0x738370 DEBUG   default gstvalue.c:2676:_priv_gst_value_parse_value: trying type name 'string'
0:00:00.013600048  3820 0x58c320 DEBUG   GST_POLL gstpoll.c:980:gst_poll_fd_ctl_write: 0x594810: fd (fd:0, idx:1), active : 1
0:00:00.018005700  3819 0x738370 DEBUG   GST_REGISTRY gstregistrychunks.c:626:gst_registry_chunks_load_feature: Element factory : npadtemplates=1
0:00:00.013611344  3820 0x58c320 LOG   GST_POLL gstpoll.c:994:gst_poll_fd_ctl_write: 0x594810: pfd->events now 60 (POLLOUT:4)
0:00:00.018011134  3819 0x738370 DEBUG   GST_REGISTRY gstregistrychunks.c:526:gst_registry_chunks_load_pad_template: Reading/casting for GstRegistryChunkPadTemplate at address 0x754b80
0:00:00.013617681  3820 0x58c320 DEBUG   GST_POLL gstpoll.c:980:gst_poll_fd_ctl_write: 0x594810: fd (fd:0, idx:1), active : 1
0:00:00.018016605  3819 0x738370 DEBUG   GST_REGISTRY gstregistrychunks.c:539:gst_registry_chunks_load_pad_template: Added pad_template sink
0:00:00.013623084  3820 0x58c320 LOG   GST_POLL gstpoll.c:994:gst_poll_fd_ctl_write: 0x594810: pfd->events now 60 (POLLOUT:4)
0:00:00.018022307  3819 0x738370 DEBUG   GST_REGISTRY gstregistrychunks.c:639:gst_registry_chunks_load_feature: Reading 1 UriTypes at address 0x754b91
0:00:00.013628722  3820 0x58c320 DEBUG   GST_POLL gstpoll.c:980:gst_poll_fd_ctl_write: 0x594810: fd (fd:0, idx:1), active : 1
0:00:00.018028366  3819 0x738370 DEBUG   GST_REGISTRY gstregistrychunks.c:654:gst_registry_chunks_load_feature: Reading 1 Interfaces at address 0x754b9f
0:00:00.013633992  3820 0x58c320 LOG   GST_POLL gstpoll.c:994:gst_poll_fd_ctl_write: 0x594810: pfd->events now 60 (POLLOUT:4)
0:00:00.018035174  3819 0x738370 DEBUG   GST_REGISTRY gstregistry.c:590:gst_registry_add_feature: adding feature 0x7583f0 (fdsink)
0:00:00.013640141  3820 0x58c320 DEBUG   GST_POLL gstpoll.c:980:gst_poll_fd_ctl_write: 0x594810: fd (fd:0, idx:1), active : 1
0:00:00.018040929  3819 0x738370 DEBUG   GST_REFCOUNTING gstobject.c:709:gst_object_set_parent: set parent (ref and sink)
0:00:00.013646632  3820 0x58c320 LOG   GST_POLL gstpoll.c:994:gst_poll_fd_ctl_write: 0x594810: pfd->events now 60 (POLLOUT:4)
0:00:00.018047793  3819 0x738370 TRACE   GST_REFCOUNTING gstobject.c:294:gst_object_ref_sink: 0x7583f0 ref_sink 1->2
0:00:00.013653154  3820 0x58c320 DEBUG   GST_POLL gstpoll.c:980:gst_poll_fd_ctl_write: 0x594810: fd (fd:0, idx:1), active : 1
0:00:00.018054058  3819 0x738370 LOG   GST_REGISTRY gstregistry.c:608:gst_registry_add_feature: emitting feature-added for fdsink
0:00:00.013659682  3820 0x58c320 LOG   GST_POLL gstpoll.c:994:gst_poll_fd_ctl_write: 0x594810: pfd->events now 60 (POLLOUT:4)
0:00:00.018060422  3819 0x738370 DEBUG   GST_REGISTRY gstregistrychunks.c:741:gst_registry_chunks_load_feature: Added feature fdsink, plugin 0x752200 coreelements
0:00:00.013666022  3820 0x58c320 DEBUG   GST_POLL gstpoll.c:980:gst_poll_fd_ctl_write: 0x594810: fd (fd:0, idx:1), active : 1
0:00:00.018066637  3819 0x738370 DEBUG   GST_REGISTRY gstregistrychunks.c:583:gst_registry_chunks_load_feature: Plugin 'coreelements' feature 'fdsrc' typename : 'GstElementFactory'
0:00:00.013671840  3820 0x58c320 LOG   GST_POLL gstpoll.c:994:gst_poll_fd_ctl_write: 0x594810: pfd->events now 60 (POLLOUT:4)
0:00:00.018077023  3819 0x738370 TRACE   GST_REFCOUNTING gstobject.c:208:gst_object_init: 0x7586e0 new
0:00:00.013682475  3820 0x58c320 DEBUG   GST_POLL gstpoll.c:980:gst_poll_fd_ctl_write: 0x594810: fd (fd:0, idx:1), active : 1
0:00:00.018083812  3819 0x738370 LOG   GST_REGISTRY gstregistrychunks.c:610:gst_registry_chunks_load_feature: Reading/casting for GstRegistryChunkElementFactory at address 0x754bc8
0:00:00.013694632  3820 0x58c320 LOG   GST_POLL gstpoll.c:994:gst_poll_fd_ctl_write: 0x594810: pfd->events now 60 (POLLOUT:4)
0:00:00.018092996  3819 0x738370 TRACE   structure gststructure.c:287:gst_structure_new_id_empty_with_size: created structure 0x758930
0:00:00.013700304  3820 0x58c320 DEBUG   GST_POLL gstpoll.c:980:gst_poll_fd_ctl_write: 0x594810: fd (fd:0, idx:1), active : 1
0:00:00.018098430  3819 0x738370 DEBUG   structure gststructure.c:2203:gst_structure_parse_field: trying field name 'long-name'
0:00:00.013705781  3820 0x58c320 LOG   GST_POLL gstpoll.c:994:gst_poll_fd_ctl_write: 0x594810: pfd->events now 60 (POLLOUT:4)
0:00:00.018103722  3819 0x738370 DEBUG   default gstvalue.c:2676:_priv_gst_value_parse_value: trying type name 'string'
0:00:00.013711301  3820 0x58c320 DEBUG   GST_POLL gstpoll.c:980:gst_poll_fd_ctl_write: 0x594810: fd (fd:0, idx:1), active : 1
0:00:00.018109330  3819 0x738370 DEBUG   structure gststructure.c:2203:gst_structure_parse_field: trying field name 'klass'
0:00:00.013716752  3820 0x58c320 LOG   GST_POLL gstpoll.c:994:gst_poll_fd_ctl_write: 0x594810: pfd->events now 60 (POLLOUT:4)
0:00:00.018114551  3819 0x738370 DEBUG   default gstvalue.c:2676:_priv_gst_value_parse_value: trying type name 'string'
0:00:00.013722412  3820 0x58c320 DEBUG   GST_POLL gstpoll.c:980:gst_poll_fd_ctl_write: 0x594810: fd (fd:0, idx:1), active : 1
0:00:00.018120329  3819 0x738370 DEBUG   structure gststructure.c:2203:gst_structure_parse_field: trying field name 'description'
0:00:00.013727841  3820 0x58c320 LOG   GST_POLL gstpoll.c:994:gst_poll_fd_ctl_write: 0x594810: pfd->events now 60 (POLLOUT:4)
0:00:00.018125749  3819 0x738370 DEBUG   default gstvalue.c:2676:_priv_gst_value_parse_value: trying type name 'string'
0:00:00.013733378  3820 0x58c320 DEBUG   GST_POLL gstpoll.c:980:gst_poll_fd_ctl_write: 0x594810: fd (fd:0, idx:1), active : 1
0:00:00.018131507  3819 0x738370 DEBUG   structure gststructure.c:2203:gst_structure_parse_field: trying field name 'author'
0:00:00.013738634  3820 0x58c320 LOG   GST_POLL gstpoll.c:994:gst_poll_fd_ctl_write: 0x594810: pfd->events now 60 (POLLOUT:4)
0:00:00.018136494  3819 0x738370 DEBUG   default gstvalue.c:2676:_priv_gst_value_parse_value: trying type name 'string'
0:00:00.013744368  3820 0x58c320 DEBUG   GST_POLL gstpoll.c:980:gst_poll_fd_ctl_write: 0x594810: fd (fd:0, idx:1), active : 1
0:00:00.018142448  3819 0x738370 DEBUG   GST_REGISTRY gstregistrychunks.c:626:gst_registry_chunks_load_feature: Element factory : npadtemplates=1
0:00:00.013753529  3820 0x58c320 LOG   GST_POLL gstpoll.c:994:gst_poll_fd_ctl_write: 0x594810: pfd->events now 60 (POLLOUT:4)
0:00:00.018151538  3819 0x738370 DEBUG   GST_REGISTRY gstregistrychunks.c:526:gst_registry_chunks_load_pad_template: Reading/casting for GstRegistryChunkPadTemplate at address 0x754ca8
0:00:00.013759090  3820 0x58c320 DEBUG   GST_POLL gstpoll.c:980:gst_poll_fd_ctl_write: 0x594810: fd (fd:0, idx:1), active : 1
0:00:00.018156922  3819 0x738370 DEBUG   GST_REGISTRY gstregistrychunks.c:539:gst_registry_chunks_load_pad_template: Added pad_template src
0:00:00.013764602  3820 0x58c320 LOG   GST_POLL gstpoll.c:994:gst_poll_fd_ctl_write: 0x594810: pfd->events now 60 (POLLOUT:4)
0:00:00.018162989  3819 0x738370 DEBUG   GST_REGISTRY gstregistrychunks.c:639:gst_registry_chunks_load_feature: Reading 1 UriTypes at address 0x754cb8
0:00:00.013769944  3820 0x58c320 DEBUG   GST_POLL gstpoll.c:980:gst_poll_fd_ctl_write: 0x594810: fd (fd:0, idx:1), active : 1
0:00:00.018169170  3819 0x738370 DEBUG   GST_REGISTRY gstregistrychunks.c:654:gst_registry_chunks_load_feature: Reading 1 Interfaces at address 0x754cbf
0:00:00.013775241  3820 0x58c320 LOG   GST_POLL gstpoll.c:994:gst_poll_fd_ctl_write: 0x594810: pfd->events now 60 (POLLOUT:4)
0:00:00.018176032  3819 0x738370 DEBUG   GST_REGISTRY gstregistry.c:590:gst_registry_add_feature: adding feature 0x7586e0 (fdsrc)
0:00:00.013780837  3820 0x58c320 DEBUG   GST_POLL gstpoll.c:980:gst_poll_fd_ctl_write: 0x594810: fd (fd:0, idx:1), active : 1
0:00:00.018181531  3819 0x738370 DEBUG   GST_REFCOUNTING gstobject.c:709:gst_object_set_parent: set parent (ref and sink)
0:00:00.013787563  3820 0x58c320 LOG   GST_POLL gstpoll.c:994:gst_poll_fd_ctl_write: 0x594810: pfd->events now 60 (POLLOUT:4)
0:00:00.018188281  3819 0x738370 TRACE   GST_REFCOUNTING gstobject.c:294:gst_object_ref_sink: 0x7586e0 ref_sink 1->2
0:00:00.013793538  3820 0x58c320 DEBUG   GST_POLL gstpoll.c:980:gst_poll_fd_ctl_write: 0x594810: fd (fd:0, idx:1), active : 1
0:00:00.018194359  3819 0x738370 LOG   GST_REGISTRY gstregistry.c:608:gst_registry_add_feature: emitting feature-added for fdsrc
0:00:00.013800232  3820 0x58c320 LOG   GST_POLL gstpoll.c:994:gst_poll_fd_ctl_write: 0x594810: pfd->events now 60 (POLLOUT:4)
0:00:00.018200400  3819 0x738370 DEBUG   GST_REGISTRY gstregistrychunks.c:741:gst_registry_chunks_load_feature: Added feature fdsrc, plugin 0x752200 coreelements
0:00:00.013806062  3820 0x58c320 DEBUG   GST_POLL gstpoll.c:980:gst_poll_fd_ctl_write: 0x594810: fd (fd:0, idx:1), active : 1
0:00:00.013812754  3820 0x58c320 LOG   GST_POLL gstpoll.c:994:gst_poll_fd_ctl_write: 0x594810: pfd->events now 60 (POLLOUT:4)
0:00:00.018208524  3819 0x738370 DEBUG   GST_REGISTRY gstregistrychunks.c:583:gst_registry_chunks_load_feature: Plugin 'coreelements' feature 'fakesink' typename : 'GstElementFactory'
0:00:00.013817908  3820 0x58c320 DEBUG   GST_POLL gstpoll.c:980:gst_poll_fd_ctl_write: 0x594810: fd (fd:0, idx:1), active : 1
0:00:00.013828349  3820 0x58c320 LOG   GST_POLL gstpoll.c:994:gst_poll_fd_ctl_write: 0x594810: pfd->events now 60 (POLLOUT:4)
0:00:00.018226285  3819 0x738370 TRACE   GST_REFCOUNTING gstobject.c:208:gst_object_init: 0x758b60 new
0:00:00.013833363  3820 0x58c320 DEBUG   GST_POLL gstpoll.c:980:gst_poll_fd_ctl_write: 0x594810: fd (fd:0, idx:1), active : 1
0:00:00.018237266  3819 0x738370 LOG   GST_REGISTRY gstregistrychunks.c:610:gst_registry_chunks_load_feature: Reading/casting for GstRegistryChunkElementFactory at address 0x754ce8
0:00:00.013842016  3820 0x58c320 LOG   GST_POLL gstpoll.c:994:gst_poll_fd_ctl_write: 0x594810: pfd->events now 60 (POLLOUT:4)
0:00:00.018247203  3819 0x738370 TRACE   structure gststructure.c:287:gst_structure_new_id_empty_with_size: created structure 0x758d70
0:00:00.013854495  3820 0x58c320 DEBUG   GST_POLL gstpoll.c:980:gst_poll_fd_ctl_write: 0x594810: fd (fd:0, idx:1), active : 1
0:00:00.018255132  3819 0x738370 DEBUG   structure gststructure.c:2203:gst_structure_parse_field: trying field name 'long-name'
0:00:00.018260686  3819 0x738370 DEBUG   default gstvalue.c:2676:_priv_gst_value_parse_value: trying type name 'string'
0:00:00.013864562  3820 0x58c320 LOG   GST_POLL gstpoll.c:994:gst_poll_fd_ctl_write: 0x594810: pfd->events now 60 (POLLOUT:4)
0:00:00.018266046  3819 0x738370 DEBUG   structure gststructure.c:2203:gst_structure_parse_field: trying field name 'klass'
0:00:00.018271787  3819 0x738370 DEBUG   default gstvalue.c:2676:_priv_gst_value_parse_value: trying type name 'string'
0:00:00.013875646  3820 0x58c320 DEBUG   GST_POLL gstpoll.c:980:gst_poll_fd_ctl_write: 0x594810: fd (fd:0, idx:1), active : 1
0:00:00.018276958  3819 0x738370 DEBUG   structure gststructure.c:2203:gst_structure_parse_field: trying field name 'description'
0:00:00.013883235  3820 0x58c320 LOG   GST_POLL gstpoll.c:994:gst_poll_fd_ctl_write: 0x594810: pfd->events now 60 (POLLOUT:4)
0:00:00.018282191  3819 0x738370 DEBUG   default gstvalue.c:2676:_priv_gst_value_parse_value: trying type name 'string'
0:00:00.013888899  3820 0x58c320 DEBUG   GST_POLL gstpoll.c:980:gst_poll_fd_ctl_write: 0x594810: fd (fd:0, idx:1), active : 1
0:00:00.018287794  3819 0x738370 DEBUG   structure gststructure.c:2203:gst_structure_parse_field: trying field name 'author'
0:00:00.013894382  3820 0x58c320 LOG   GST_POLL gstpoll.c:994:gst_poll_fd_ctl_write: 0x594810: pfd->events now 60 (POLLOUT:4)
0:00:00.018292893  3819 0x738370 DEBUG   default gstvalue.c:2676:_priv_gst_value_parse_value: trying type name 'string'
0:00:00.013899849  3820 0x58c320 DEBUG   GST_POLL gstpoll.c:980:gst_poll_fd_ctl_write: 0x594810: fd (fd:0, idx:1), active : 1
0:00:00.018299537  3819 0x738370 DEBUG   GST_REGISTRY gstregistrychunks.c:626:gst_registry_chunks_load_feature: Element factory : npadtemplates=1
0:00:00.013905235  3820 0x58c320 LOG   GST_POLL gstpoll.c:994:gst_poll_fd_ctl_write: 0x594810: pfd->events now 60 (POLLOUT:4)
0:00:00.018309310  3819 0x738370 DEBUG   GST_REGISTRY gstregistrychunks.c:526:gst_registry_chunks_load_pad_template: Reading/casting for GstRegistryChunkPadTemplate at address 0x754e10
0:00:00.013915976  3820 0x58c320 DEBUG   GST_POLL gstpoll.c:980:gst_poll_fd_ctl_write: 0x594810: fd (fd:0, idx:1), active : 1
0:00:00.018314832  3819 0x738370 DEBUG   GST_REGISTRY gstregistrychunks.c:539:gst_registry_chunks_load_pad_template: Added pad_template sink
0:00:00.013921262  3820 0x58c320 LOG   GST_POLL gstpoll.c:994:gst_poll_fd_ctl_write: 0x594810: pfd->events now 60 (POLLOUT:4)
0:00:00.013926806  3820 0x58c320 DEBUG   GST_POLL gstpoll.c:980:gst_poll_fd_ctl_write: 0x594810: fd (fd:0, idx:1), active : 1
0:00:00.018324739  3819 0x738370 DEBUG   GST_REGISTRY gstregistry.c:590:gst_registry_add_feature: adding feature 0x758b60 (fakesink)
0:00:00.013931545  3820 0x58c320 LOG   GST_POLL gstpoll.c:994:gst_poll_fd_ctl_write: 0x594810: pfd->events now 60 (POLLOUT:4)
0:00:00.018330673  3819 0x738370 DEBUG   GST_REFCOUNTING gstobject.c:709:gst_object_set_parent: set parent (ref and sink)
0:00:00.013937009  3820 0x58c320 DEBUG   GST_POLL gstpoll.c:980:gst_poll_fd_ctl_write: 0x594810: fd (fd:0, idx:1), active : 1
0:00:00.018337593  3819 0x738370 TRACE   GST_REFCOUNTING gstobject.c:294:gst_object_ref_sink: 0x758b60 ref_sink 1->2
0:00:00.013942704  3820 0x58c320 LOG   GST_POLL gstpoll.c:994:gst_poll_fd_ctl_write: 0x594810: pfd->events now 60 (POLLOUT:4)
0:00:00.018344028  3819 0x738370 LOG   GST_REGISTRY gstregistry.c:608:gst_registry_add_feature: emitting feature-added for fakesink
0:00:00.013949900  3820 0x58c320 DEBUG   GST_POLL gstpoll.c:980:gst_poll_fd_ctl_write: 0x594810: fd (fd:0, idx:1), active : 1
0:00:00.018350431  3819 0x738370 DEBUG   GST_REGISTRY gstregistrychunks.c:741:gst_registry_chunks_load_feature: Added feature fakesink, plugin 0x752200 coreelements
0:00:00.013955801  3820 0x58c320 LOG   GST_POLL gstpoll.c:994:gst_poll_fd_ctl_write: 0x594810: pfd->events now 60 (POLLOUT:4)
0:00:00.018356758  3819 0x738370 DEBUG   GST_REGISTRY gstregistrychunks.c:583:gst_registry_chunks_load_feature: Plugin 'coreelements' feature 'fakesrc' typename : 'GstElementFactory'
0:00:00.013962328  3820 0x58c320 DEBUG   GST_POLL gstpoll.c:980:gst_poll_fd_ctl_write: 0x594810: fd (fd:0, idx:1), active : 1
0:00:00.018363592  3819 0x738370 TRACE   GST_REFCOUNTING gstobject.c:208:gst_object_init: 0x758080 new
0:00:00.013968456  3820 0x58c320 LOG   GST_POLL gstpoll.c:994:gst_poll_fd_ctl_write: 0x594810: pfd->events now 60 (POLLOUT:4)
0:00:00.018370477  3819 0x738370 LOG   GST_REGISTRY gstregistrychunks.c:610:gst_registry_chunks_load_feature: Reading/casting for GstRegistryChunkElementFactory at address 0x754e40
0:00:00.013976081  3820 0x58c320 DEBUG   GST_POLL gstpoll.c:980:gst_poll_fd_ctl_write: 0x594810: fd (fd:0, idx:1), active : 1
0:00:00.018376329  3819 0x738370 TRACE   structure gststructure.c:287:gst_structure_new_id_empty_with_size: created structure 0x7591e0
0:00:00.013986261  3820 0x58c320 LOG   GST_POLL gstpoll.c:994:gst_poll_fd_ctl_write: 0x594810: pfd->events now 60 (POLLOUT:4)
0:00:00.018384272  3819 0x738370 DEBUG   structure gststructure.c:2203:gst_structure_parse_field: trying field name 'long-name'
0:00:00.013992174  3820 0x58c320 DEBUG   GST_POLL gstpoll.c:980:gst_poll_fd_ctl_write: 0x594810: fd (fd:0, idx:1), active : 1
0:00:00.018389699  3819 0x738370 DEBUG   default gstvalue.c:2676:_priv_gst_value_parse_value: trying type name 'string'
0:00:00.013997586  3820 0x58c320 LOG   GST_POLL gstpoll.c:994:gst_poll_fd_ctl_write: 0x594810: pfd->events now 60 (POLLOUT:4)
0:00:00.014003195  3820 0x58c320 DEBUG   GST_POLL gstpoll.c:980:gst_poll_fd_ctl_write: 0x594810: fd (fd:0, idx:1), active : 1
0:00:00.014008055  3820 0x58c320 LOG   GST_POLL gstpoll.c:994:gst_poll_fd_ctl_write: 0x594810: pfd->events now 60 (POLLOUT:4)
0:00:00.014013034  3820 0x58c320 DEBUG   GST_POLL gstpoll.c:980:gst_poll_fd_ctl_write: 0x594810: fd (fd:0, idx:1), active : 1
0:00:00.018409673  3819 0x738370 DEBUG   structure gststructure.c:2203:gst_structure_parse_field: trying field name 'klass'
0:00:00.014017969  3820 0x58c320 LOG   GST_POLL gstpoll.c:994:gst_poll_fd_ctl_write: 0x594810: pfd->events now 60 (POLLOUT:4)
0:00:00.014024522  3820 0x58c320 DEBUG   GST_POLL gstpoll.c:980:gst_poll_fd_ctl_write: 0x594810: fd (fd:0, idx:1), active : 1
0:00:00.018419372  3819 0x738370 DEBUG   default gstvalue.c:2676:_priv_gst_value_parse_value: trying type name 'string'
0:00:00.014029354  3820 0x58c320 LOG   GST_POLL gstpoll.c:994:gst_poll_fd_ctl_write: 0x594810: pfd->events now 60 (POLLOUT:4)
0:00:00.014034858  3820 0x58c320 DEBUG   GST_POLL gstpoll.c:980:gst_poll_fd_ctl_write: 0x594810: fd (fd:0, idx:1), active : 1
0:00:00.018429801  3819 0x738370 DEBUG   structure gststructure.c:2203:gst_structure_parse_field: trying field name 'description'
0:00:00.014039774  3820 0x58c320 LOG   GST_POLL gstpoll.c:994:gst_poll_fd_ctl_write: 0x594810: pfd->events now 60 (POLLOUT:4)
0:00:00.018439121  3819 0x738370 DEBUG   default gstvalue.c:2676:_priv_gst_value_parse_value: trying type name 'string'
0:00:00.014045247  3820 0x58c320 DEBUG   GST_POLL gstpoll.c:980:gst_poll_fd_ctl_write: 0x594810: fd (fd:0, idx:1), active : 1
0:00:00.018445822  3819 0x738370 DEBUG   structure gststructure.c:2203:gst_structure_parse_field: trying field name 'author'
0:00:00.014051372  3820 0x58c320 LOG   GST_POLL gstpoll.c:994:gst_poll_fd_ctl_write: 0x594810: pfd->events now 60 (POLLOUT:4)
0:00:00.018451363  3819 0x738370 DEBUG   default gstvalue.c:2676:_priv_gst_value_parse_value: trying type name 'string'
0:00:00.014057767  3820 0x58c320 DEBUG   GST_POLL gstpoll.c:980:gst_poll_fd_ctl_write: 0x594810: fd (fd:0, idx:1), active : 1
0:00:00.018457894  3819 0x738370 DEBUG   GST_REGISTRY gstregistrychunks.c:626:gst_registry_chunks_load_feature: Element factory : npadtemplates=1
0:00:00.014063360  3820 0x58c320 LOG   GST_POLL gstpoll.c:994:gst_poll_fd_ctl_write: 0x594810: pfd->events now 60 (POLLOUT:4)
0:00:00.018468759  3819 0x738370 DEBUG   GST_REGISTRY gstregistrychunks.c:526:gst_registry_chunks_load_pad_template: Reading/casting for GstRegistryChunkPadTemplate at address 0x754f40
0:00:00.014075473  3820 0x58c320 DEBUG   GST_POLL gstpoll.c:980:gst_poll_fd_ctl_write: 0x594810: fd (fd:0, idx:1), active : 1
0:00:00.018474463  3819 0x738370 DEBUG   GST_REGISTRY gstregistrychunks.c:539:gst_registry_chunks_load_pad_template: Added pad_template src
0:00:00.014080806  3820 0x58c320 LOG   GST_POLL gstpoll.c:994:gst_poll_fd_ctl_write: 0x594810: pfd->events now 60 (POLLOUT:4)
0:00:00.018481984  3819 0x738370 DEBUG   GST_REGISTRY gstregistry.c:590:gst_registry_add_feature: adding feature 0x758080 (fakesrc)
0:00:00.014086693  3820 0x58c320 DEBUG   GST_POLL gstpoll.c:980:gst_poll_fd_ctl_write: 0x594810: fd (fd:0, idx:1), active : 1
0:00:00.018487721  3819 0x738370 DEBUG   GST_REFCOUNTING gstobject.c:709:gst_object_set_parent: set parent (ref and sink)
0:00:00.014093636  3820 0x58c320 LOG   GST_POLL gstpoll.c:994:gst_poll_fd_ctl_write: 0x594810: pfd->events now 60 (POLLOUT:4)
0:00:00.018494739  3819 0x738370 TRACE   GST_REFCOUNTING gstobject.c:294:gst_object_ref_sink: 0x758080 ref_sink 1->2
0:00:00.014100288  3820 0x58c320 DEBUG   GST_POLL gstpoll.c:980:gst_poll_fd_ctl_write: 0x594810: fd (fd:0, idx:1), active : 1
0:00:00.018501118  3819 0x738370 LOG   GST_REGISTRY gstregistry.c:608:gst_registry_add_feature: emitting feature-added for fakesrc
0:00:00.014106669  3820 0x58c320 LOG   GST_POLL gstpoll.c:994:gst_poll_fd_ctl_write: 0x594810: pfd->events now 60 (POLLOUT:4)
0:00:00.018507756  3819 0x738370 DEBUG   GST_REGISTRY gstregistrychunks.c:741:gst_registry_chunks_load_feature: Added feature fakesrc, plugin 0x752200 coreelements
0:00:00.014113237  3820 0x58c320 DEBUG   GST_POLL gstpoll.c:980:gst_poll_fd_ctl_write: 0x594810: fd (fd:0, idx:1), active : 1
0:00:00.018514194  3819 0x738370 DEBUG   GST_REGISTRY gstregistrychunks.c:583:gst_registry_chunks_load_feature: Plugin 'coreelements' feature 'downloadbuffer' typename : 'GstElementFactory'
0:00:00.014119405  3820 0x58c320 LOG   GST_POLL gstpoll.c:994:gst_poll_fd_ctl_write: 0x594810: pfd->events now 60 (POLLOUT:4)
0:00:00.018521452  3819 0x738370 TRACE   GST_REFCOUNTING gstobject.c:208:gst_object_init: 0x759360 new
0:00:00.014126310  3820 0x58c320 DEBUG   GST_POLL gstpoll.c:980:gst_poll_fd_ctl_write: 0x594810: fd (fd:0, idx:1), active : 1
0:00:00.018528568  3819 0x738370 LOG   GST_REGISTRY gstregistrychunks.c:610:gst_registry_chunks_load_feature: Reading/casting for GstRegistryChunkElementFactory at address 0x754f78
0:00:00.014133692  3820 0x58c320 LOG   GST_POLL gstpoll.c:994:gst_poll_fd_ctl_write: 0x594810: pfd->events now 60 (POLLOUT:4)
0:00:00.018534474  3819 0x738370 TRACE   structure gststructure.c:287:gst_structure_new_id_empty_with_size: created structure 0x759650
0:00:00.014144745  3820 0x58c320 DEBUG   GST_POLL gstpoll.c:980:gst_poll_fd_ctl_write: 0x594810: fd (fd:0, idx:1), active : 1
0:00:00.018542430  3819 0x738370 DEBUG   structure gststructure.c:2203:gst_structure_parse_field: trying field name 'long-name'
0:00:00.014150280  3820 0x58c320 LOG   GST_POLL gstpoll.c:994:gst_poll_fd_ctl_write: 0x594810: pfd->events now 60 (POLLOUT:4)
0:00:00.018548114  3819 0x738370 DEBUG   default gstvalue.c:2676:_priv_gst_value_parse_value: trying type name 'string'
0:00:00.014156051  3820 0x58c320 DEBUG   GST_POLL gstpoll.c:980:gst_poll_fd_ctl_write: 0x594810: fd (fd:0, idx:1), active : 1
0:00:00.018554527  3819 0x738370 DEBUG   structure gststructure.c:2203:gst_structure_parse_field: trying field name 'klass'
0:00:00.014161455  3820 0x58c320 LOG   GST_POLL gstpoll.c:994:gst_poll_fd_ctl_write: 0x594810: pfd->events now 60 (POLLOUT:4)
0:00:00.018559837  3819 0x738370 DEBUG   default gstvalue.c:2676:_priv_gst_value_parse_value: trying type name 'string'
0:00:00.014167091  3820 0x58c320 DEBUG   GST_POLL gstpoll.c:980:gst_poll_fd_ctl_write: 0x594810: fd (fd:0, idx:1), active : 1
0:00:00.018565322  3819 0x738370 DEBUG   structure gststructure.c:2203:gst_structure_parse_field: trying field name 'description'
0:00:00.014172435  3820 0x58c320 LOG   GST_POLL gstpoll.c:994:gst_poll_fd_ctl_write: 0x594810: pfd->events now 60 (POLLOUT:4)
0:00:00.018570455  3819 0x738370 DEBUG   default gstvalue.c:2676:_priv_gst_value_parse_value: trying type name 'string'
0:00:00.014178017  3820 0x58c320 DEBUG   GST_POLL gstpoll.c:980:gst_poll_fd_ctl_write: 0x594810: fd (fd:0, idx:1), active : 1
0:00:00.018575939  3819 0x738370 DEBUG   structure gststructure.c:2203:gst_structure_parse_field: trying field name 'author'
0:00:00.014183653  3820 0x58c320 LOG   GST_POLL gstpoll.c:994:gst_poll_fd_ctl_write: 0x594810: pfd->events now 60 (POLLOUT:4)
0:00:00.018581483  3819 0x738370 DEBUG   default gstvalue.c:2676:_priv_gst_value_parse_value: trying type name 'string'
0:00:00.014189234  3820 0x58c320 DEBUG   GST_POLL gstpoll.c:980:gst_poll_fd_ctl_write: 0x594810: fd (fd:0, idx:1), active : 1
0:00:00.018587374  3819 0x738370 DEBUG   GST_REGISTRY gstregistrychunks.c:626:gst_registry_chunks_load_feature: Element factory : npadtemplates=2
0:00:00.014194629  3820 0x58c320 LOG   GST_POLL gstpoll.c:994:gst_poll_fd_ctl_write: 0x594810: pfd->events now 60 (POLLOUT:4)
0:00:00.018592730  3819 0x738370 DEBUG   GST_REGISTRY gstregistrychunks.c:526:gst_registry_chunks_load_pad_template: Reading/casting for GstRegistryChunkPadTemplate at address 0x755040
0:00:00.014200452  3820 0x58c320 LOG   GST_PLUGIN_LOADING gstpluginloader.c:646:put_chunk: Expanding tx buf from 13209 to 17023 for chunk of size 229
0:00:00.018598002  3819 0x738370 DEBUG   GST_REGISTRY gstregistrychunks.c:539:gst_registry_chunks_load_pad_template: Added pad_template sink
0:00:00.014212440  3820 0x58c320 DEBUG   GST_POLL gstpoll.c:980:gst_poll_fd_ctl_write: 0x594810: fd (fd:0, idx:1), active : 1
0:00:00.018612672  3819 0x738370 DEBUG   GST_REGISTRY gstregistrychunks.c:526:gst_registry_chunks_load_pad_template: Reading/casting for GstRegistryChunkPadTemplate at address 0x755058
0:00:00.014219092  3820 0x58c320 LOG   GST_POLL gstpoll.c:994:gst_poll_fd_ctl_write: 0x594810: pfd->events now 60 (POLLOUT:4)
0:00:00.018618313  3819 0x738370 DEBUG   GST_REGISTRY gstregistrychunks.c:539:gst_registry_chunks_load_pad_template: Added pad_template src
0:00:00.014224716  3820 0x58c320 DEBUG   GST_POLL gstpoll.c:980:gst_poll_fd_ctl_write: 0x594810: fd (fd:0, idx:1), active : 1
0:00:00.014238048  3820 0x58c320 LOG   GST_POLL gstpoll.c:994:gst_poll_fd_ctl_write: 0x594810: pfd->events now 60 (POLLOUT:4)
0:00:00.018636960  3819 0x738370 DEBUG   GST_REGISTRY gstregistry.c:590:gst_registry_add_feature: adding feature 0x759360 (downloadbuffer)
0:00:00.014244454  3820 0x58c320 DEBUG   GST_POLL gstpoll.c:980:gst_poll_fd_ctl_write: 0x594810: fd (fd:0, idx:1), active : 1
0:00:00.014252516  3820 0x58c320 LOG   GST_POLL gstpoll.c:994:gst_poll_fd_ctl_write: 0x594810: pfd->events now 60 (POLLOUT:4)
0:00:00.018647592  3819 0x738370 DEBUG   GST_REFCOUNTING gstobject.c:709:gst_object_set_parent: set parent (ref and sink)
0:00:00.014257529  3820 0x58c320 DEBUG   GST_POLL gstpoll.c:980:gst_poll_fd_ctl_write: 0x594810: fd (fd:0, idx:1), active : 1
0:00:00.018656757  3819 0x738370 TRACE   GST_REFCOUNTING gstobject.c:294:gst_object_ref_sink: 0x759360 ref_sink 1->2
0:00:00.014262786  3820 0x58c320 LOG   GST_POLL gstpoll.c:994:gst_poll_fd_ctl_write: 0x594810: pfd->events now 60 (POLLOUT:4)
0:00:00.018663107  3819 0x738370 LOG   GST_REGISTRY gstregistry.c:608:gst_registry_add_feature: emitting feature-added for downloadbuffer
0:00:00.014269071  3820 0x58c320 DEBUG   GST_POLL gstpoll.c:980:gst_poll_fd_ctl_write: 0x594810: fd (fd:0, idx:1), active : 1
0:00:00.018669352  3819 0x738370 DEBUG   GST_REGISTRY gstregistrychunks.c:741:gst_registry_chunks_load_feature: Added feature downloadbuffer, plugin 0x752200 coreelements
0:00:00.014274598  3820 0x58c320 LOG   GST_POLL gstpoll.c:994:gst_poll_fd_ctl_write: 0x594810: pfd->events now 60 (POLLOUT:4)
0:00:00.018675623  3819 0x738370 DEBUG   GST_REGISTRY gstregistrychunks.c:583:gst_registry_chunks_load_feature: Plugin 'coreelements' feature 'dataurisrc' typename : 'GstElementFactory'
0:00:00.014281216  3820 0x58c320 DEBUG   GST_POLL gstpoll.c:980:gst_poll_fd_ctl_write: 0x594810: fd (fd:0, idx:1), active : 1
0:00:00.014287677  3820 0x58c320 LOG   GST_POLL gstpoll.c:994:gst_poll_fd_ctl_write: 0x594810: pfd->events now 60 (POLLOUT:4)
0:00:00.018683122  3819 0x738370 TRACE   GST_REFCOUNTING gstobject.c:208:gst_object_init: 0x759080 new
0:00:00.014293005  3820 0x58c320 DEBUG   GST_POLL gstpoll.c:980:gst_poll_fd_ctl_write: 0x594810: fd (fd:0, idx:1), active : 1
0:00:00.018691952  3819 0x738370 LOG   GST_REGISTRY gstregistrychunks.c:610:gst_registry_chunks_load_feature: Reading/casting for GstRegistryChunkElementFactory at address 0x755088
0:00:00.014302406  3820 0x58c320 LOG   GST_POLL gstpoll.c:994:gst_poll_fd_ctl_write: 0x594810: pfd->events now 60 (POLLOUT:4)
0:00:00.018701338  3819 0x738370 TRACE   structure gststructure.c:287:gst_structure_new_id_empty_with_size: created structure 0x759ad0
0:00:00.014308130  3820 0x58c320 DEBUG   GST_POLL gstpoll.c:980:gst_poll_fd_ctl_write: 0x594810: fd (fd:0, idx:1), active : 1
0:00:00.018706852  3819 0x738370 DEBUG   structure gststructure.c:2203:gst_structure_parse_field: trying field name 'long-name'
0:00:00.014313498  3820 0x58c320 LOG   GST_POLL gstpoll.c:994:gst_poll_fd_ctl_write: 0x594810: pfd->events now 60 (POLLOUT:4)
0:00:00.018712409  3819 0x738370 DEBUG   default gstvalue.c:2676:_priv_gst_value_parse_value: trying type name 'string'
0:00:00.014319203  3820 0x58c320 DEBUG   GST_POLL gstpoll.c:980:gst_poll_fd_ctl_write: 0x594810: fd (fd:0, idx:1), active : 1
0:00:00.018718310  3819 0x738370 DEBUG   structure gststructure.c:2203:gst_structure_parse_field: trying field name 'klass'
0:00:00.014324639  3820 0x58c320 LOG   GST_POLL gstpoll.c:994:gst_poll_fd_ctl_write: 0x594810: pfd->events now 60 (POLLOUT:4)
0:00:00.018723633  3819 0x738370 DEBUG   default gstvalue.c:2676:_priv_gst_value_parse_value: trying type name 'string'
0:00:00.014330182  3820 0x58c320 DEBUG   GST_POLL gstpoll.c:980:gst_poll_fd_ctl_write: 0x594810: fd (fd:0, idx:1), active : 1
0:00:00.018729227  3819 0x738370 DEBUG   structure gststructure.c:2203:gst_structure_parse_field: trying field name 'description'
0:00:00.014335402  3820 0x58c320 LOG   GST_POLL gstpoll.c:994:gst_poll_fd_ctl_write: 0x594810: pfd->events now 60 (POLLOUT:4)
0:00:00.018734568  3819 0x738370 DEBUG   default gstvalue.c:2676:_priv_gst_value_parse_value: trying type name 'string'
0:00:00.014341019  3820 0x58c320 DEBUG   GST_POLL gstpoll.c:980:gst_poll_fd_ctl_write: 0x594810: fd (fd:0, idx:1), active : 1
0:00:00.018740207  3819 0x738370 DEBUG   structure gststructure.c:2203:gst_structure_parse_field: trying field name 'author'
0:00:00.014346346  3820 0x58c320 LOG   GST_POLL gstpoll.c:994:gst_poll_fd_ctl_write: 0x594810: pfd->events now 60 (POLLOUT:4)
0:00:00.018745414  3819 0x738370 DEBUG   default gstvalue.c:2676:_priv_gst_value_parse_value: trying type name 'string'
0:00:00.014351795  3820 0x58c320 DEBUG   GST_POLL gstpoll.c:980:gst_poll_fd_ctl_write: 0x594810: fd (fd:0, idx:1), active : 1
0:00:00.018751937  3819 0x738370 DEBUG   GST_REGISTRY gstregistrychunks.c:626:gst_registry_chunks_load_feature: Element factory : npadtemplates=1
0:00:00.014357164  3820 0x58c320 LOG   GST_POLL gstpoll.c:994:gst_poll_fd_ctl_write: 0x594810: pfd->events now 60 (POLLOUT:4)
0:00:00.018757259  3819 0x738370 DEBUG   GST_REGISTRY gstregistrychunks.c:526:gst_registry_chunks_load_pad_template: Reading/casting for GstRegistryChunkPadTemplate at address 0x7551a0
0:00:00.014363836  3820 0x58c320 DEBUG   GST_POLL gstpoll.c:980:gst_poll_fd_ctl_write: 0x594810: fd (fd:0, idx:1), active : 1
0:00:00.018767282  3819 0x738370 DEBUG   GST_REGISTRY gstregistrychunks.c:539:gst_registry_chunks_load_pad_template: Added pad_template src
0:00:00.014373602  3820 0x58c320 LOG   GST_POLL gstpoll.c:994:gst_poll_fd_ctl_write: 0x594810: pfd->events now 60 (POLLOUT:4)
0:00:00.018773417  3819 0x738370 DEBUG   GST_REGISTRY gstregistrychunks.c:639:gst_registry_chunks_load_feature: Reading 1 UriTypes at address 0x7551b0
0:00:00.014379157  3820 0x58c320 DEBUG   GST_POLL gstpoll.c:980:gst_poll_fd_ctl_write: 0x594810: fd (fd:0, idx:1), active : 1
0:00:00.018779705  3819 0x738370 DEBUG   GST_REGISTRY gstregistrychunks.c:654:gst_registry_chunks_load_feature: Reading 1 Interfaces at address 0x7551b9
0:00:00.014385126  3820 0x58c320 LOG   GST_POLL gstpoll.c:994:gst_poll_fd_ctl_write: 0x594810: pfd->events now 60 (POLLOUT:4)
0:00:00.018786687  3819 0x738370 DEBUG   GST_REGISTRY gstregistry.c:590:gst_registry_add_feature: adding feature 0x759080 (dataurisrc)
0:00:00.014391500  3820 0x58c320 DEBUG   GST_POLL gstpoll.c:980:gst_poll_fd_ctl_write: 0x594810: fd (fd:0, idx:1), active : 1
0:00:00.018792330  3819 0x738370 DEBUG   GST_REFCOUNTING gstobject.c:709:gst_object_set_parent: set parent (ref and sink)
0:00:00.014398260  3820 0x58c320 LOG   GST_POLL gstpoll.c:994:gst_poll_fd_ctl_write: 0x594810: pfd->events now 60 (POLLOUT:4)
0:00:00.018799188  3819 0x738370 TRACE   GST_REFCOUNTING gstobject.c:294:gst_object_ref_sink: 0x759080 ref_sink 1->2
0:00:00.014404643  3820 0x58c320 DEBUG   GST_POLL gstpoll.c:980:gst_poll_fd_ctl_write: 0x594810: fd (fd:0, idx:1), active : 1
0:00:00.018805322  3819 0x738370 LOG   GST_REGISTRY gstregistry.c:608:gst_registry_add_feature: emitting feature-added for dataurisrc
0:00:00.014411124  3820 0x58c320 LOG   GST_POLL gstpoll.c:994:gst_poll_fd_ctl_write: 0x594810: pfd->events now 60 (POLLOUT:4)
0:00:00.018811910  3819 0x738370 DEBUG   GST_REGISTRY gstregistrychunks.c:741:gst_registry_chunks_load_feature: Added feature dataurisrc, plugin 0x752200 coreelements
0:00:00.014417234  3820 0x58c320 DEBUG   GST_POLL gstpoll.c:980:gst_poll_fd_ctl_write: 0x594810: fd (fd:0, idx:1), active : 1
0:00:00.018818351  3819 0x738370 DEBUG   GST_REGISTRY gstregistrychunks.c:583:gst_registry_chunks_load_feature: Plugin 'coreelements' feature 'concat' typename : 'GstElementFactory'
0:00:00.014423706  3820 0x58c320 LOG   GST_POLL gstpoll.c:994:gst_poll_fd_ctl_write: 0x594810: pfd->events now 60 (POLLOUT:4)
0:00:00.018825101  3819 0x738370 TRACE   GST_REFCOUNTING gstobject.c:208:gst_object_init: 0x759c80 new
0:00:00.014430145  3820 0x58c320 DEBUG   GST_POLL gstpoll.c:980:gst_poll_fd_ctl_write: 0x594810: fd (fd:0, idx:1), active : 1
0:00:00.018831814  3819 0x738370 LOG   GST_REGISTRY gstregistrychunks.c:610:gst_registry_chunks_load_feature: Reading/casting for GstRegistryChunkElementFactory at address 0x7551e0
0:00:00.014437309  3820 0x58c320 LOG   GST_POLL gstpoll.c:994:gst_poll_fd_ctl_write: 0x594810: pfd->events now 60 (POLLOUT:4)
0:00:00.018842617  3819 0x738370 TRACE   structure gststructure.c:287:gst_structure_new_id_empty_with_size: created structure 0x759d70
0:00:00.014448729  3820 0x58c320 DEBUG   GST_POLL gstpoll.c:980:gst_poll_fd_ctl_write: 0x594810: fd (fd:0, idx:1), active : 1
0:00:00.018848349  3819 0x738370 DEBUG   structure gststructure.c:2203:gst_structure_parse_field: trying field name 'long-name'
0:00:00.014454415  3820 0x58c320 LOG   GST_POLL gstpoll.c:994:gst_poll_fd_ctl_write: 0x594810: pfd->events now 60 (POLLOUT:4)
0:00:00.018853995  3819 0x738370 DEBUG   default gstvalue.c:2676:_priv_gst_value_parse_value: trying type name 'string'
0:00:00.014460176  3820 0x58c320 DEBUG   GST_POLL gstpoll.c:980:gst_poll_fd_ctl_write: 0x594810: fd (fd:0, idx:1), active : 1
0:00:00.018859836  3819 0x738370 DEBUG   structure gststructure.c:2203:gst_structure_parse_field: trying field name 'klass'
0:00:00.014465529  3820 0x58c320 LOG   GST_POLL gstpoll.c:994:gst_poll_fd_ctl_write: 0x594810: pfd->events now 60 (POLLOUT:4)
0:00:00.018865214  3819 0x738370 DEBUG   default gstvalue.c:2676:_priv_gst_value_parse_value: trying type name 'string'
0:00:00.014471627  3820 0x58c320 DEBUG   GST_POLL gstpoll.c:980:gst_poll_fd_ctl_write: 0x594810: fd (fd:0, idx:1), active : 1
0:00:00.018870824  3819 0x738370 DEBUG   structure gststructure.c:2203:gst_structure_parse_field: trying field name 'description'
0:00:00.014476874  3820 0x58c320 LOG   GST_POLL gstpoll.c:994:gst_poll_fd_ctl_write: 0x594810: pfd->events now 60 (POLLOUT:4)
0:00:00.018876198  3819 0x738370 DEBUG   default gstvalue.c:2676:_priv_gst_value_parse_value: trying type name 'string'
0:00:00.014482771  3820 0x58c320 DEBUG   GST_POLL gstpoll.c:980:gst_poll_fd_ctl_write: 0x594810: fd (fd:0, idx:1), active : 1
0:00:00.018881831  3819 0x738370 DEBUG   structure gststructure.c:2203:gst_structure_parse_field: trying field name 'author'
0:00:00.014488049  3820 0x58c320 LOG   GST_POLL gstpoll.c:994:gst_poll_fd_ctl_write: 0x594810: pfd->events now 60 (POLLOUT:4)
0:00:00.018887136  3819 0x738370 DEBUG   default gstvalue.c:2676:_priv_gst_value_parse_value: trying type name 'string'
0:00:00.014493717  3820 0x58c320 DEBUG   GST_POLL gstpoll.c:980:gst_poll_fd_ctl_write: 0x594810: fd (fd:0, idx:1), active : 1
0:00:00.018893115  3819 0x738370 DEBUG   GST_REGISTRY gstregistrychunks.c:626:gst_registry_chunks_load_feature: Element factory : npadtemplates=2
0:00:00.014498960  3820 0x58c320 LOG   GST_POLL gstpoll.c:994:gst_poll_fd_ctl_write: 0x594810: pfd->events now 60 (POLLOUT:4)
0:00:00.018898723  3819 0x738370 DEBUG   GST_REGISTRY gstregistrychunks.c:526:gst_registry_chunks_load_pad_template: Reading/casting for GstRegistryChunkPadTemplate at address 0x7552b8
0:00:00.014505057  3820 0x58c320 DEBUG   GST_POLL gstpoll.c:980:gst_poll_fd_ctl_write: 0x594810: fd (fd:0, idx:1), active : 1
0:00:00.018904096  3819 0x738370 DEBUG   GST_REGISTRY gstregistrychunks.c:539:gst_registry_chunks_load_pad_template: Added pad_template src
0:00:00.014514118  3820 0x58c320 LOG   GST_POLL gstpoll.c:994:gst_poll_fd_ctl_write: 0x594810: pfd->events now 60 (POLLOUT:4)
0:00:00.018912172  3819 0x738370 DEBUG   GST_REGISTRY gstregistrychunks.c:526:gst_registry_chunks_load_pad_template: Reading/casting for GstRegistryChunkPadTemplate at address 0x7552c8
0:00:00.014519967  3820 0x58c320 DEBUG   GST_POLL gstpoll.c:980:gst_poll_fd_ctl_write: 0x594810: fd (fd:0, idx:1), active : 1
0:00:00.018917608  3819 0x738370 DEBUG   GST_REGISTRY gstregistrychunks.c:539:gst_registry_chunks_load_pad_template: Added pad_template sink_%u
0:00:00.014525336  3820 0x58c320 LOG   GST_POLL gstpoll.c:994:gst_poll_fd_ctl_write: 0x594810: pfd->events now 60 (POLLOUT:4)
0:00:00.014530955  3820 0x58c320 DEBUG   GST_POLL gstpoll.c:980:gst_poll_fd_ctl_write: 0x594810: fd (fd:0, idx:1), active : 1
0:00:00.018927884  3819 0x738370 DEBUG   GST_REGISTRY gstregistry.c:590:gst_registry_add_feature: adding feature 0x759c80 (concat)
0:00:00.014535814  3820 0x58c320 LOG   GST_POLL gstpoll.c:994:gst_poll_fd_ctl_write: 0x594810: pfd->events now 60 (POLLOUT:4)
0:00:00.018934060  3819 0x738370 DEBUG   GST_REFCOUNTING gstobject.c:709:gst_object_set_parent: set parent (ref and sink)
0:00:00.014541363  3820 0x58c320 DEBUG   GST_POLL gstpoll.c:980:gst_poll_fd_ctl_write: 0x594810: fd (fd:0, idx:1), active : 1
0:00:00.018941021  3819 0x738370 TRACE   GST_REFCOUNTING gstobject.c:294:gst_object_ref_sink: 0x759c80 ref_sink 1->2
0:00:00.014546714  3820 0x58c320 LOG   GST_POLL gstpoll.c:994:gst_poll_fd_ctl_write: 0x594810: pfd->events now 60 (POLLOUT:4)
0:00:00.018947390  3819 0x738370 LOG   GST_REGISTRY gstregistry.c:608:gst_registry_add_feature: emitting feature-added for concat
0:00:00.014553227  3820 0x58c320 DEBUG   GST_POLL gstpoll.c:980:gst_poll_fd_ctl_write: 0x594810: fd (fd:0, idx:1), active : 1
0:00:00.018953543  3819 0x738370 DEBUG   GST_REGISTRY gstregistrychunks.c:741:gst_registry_chunks_load_feature: Added feature concat, plugin 0x752200 coreelements
0:00:00.014558990  3820 0x58c320 LOG   GST_POLL gstpoll.c:994:gst_poll_fd_ctl_write: 0x594810: pfd->events now 60 (POLLOUT:4)
0:00:00.018959676  3819 0x738370 DEBUG   GST_REGISTRY gstregistrychunks.c:583:gst_registry_chunks_load_feature: Plugin 'coreelements' feature 'clocksync' typename : 'GstElementFactory'
0:00:00.014565452  3820 0x58c320 DEBUG   GST_POLL gstpoll.c:980:gst_poll_fd_ctl_write: 0x594810: fd (fd:0, idx:1), active : 1
0:00:00.018966590  3819 0x738370 TRACE   GST_REFCOUNTING gstobject.c:208:gst_object_init: 0x759f70 new
0:00:00.014571488  3820 0x58c320 LOG   GST_POLL gstpoll.c:994:gst_poll_fd_ctl_write: 0x594810: pfd->events now 60 (POLLOUT:4)
0:00:00.018973394  3819 0x738370 LOG   GST_REGISTRY gstregistrychunks.c:610:gst_registry_chunks_load_feature: Reading/casting for GstRegistryChunkElementFactory at address 0x7552f8
0:00:00.014578836  3820 0x58c320 DEBUG   GST_POLL gstpoll.c:980:gst_poll_fd_ctl_write: 0x594810: fd (fd:0, idx:1), active : 1
0:00:00.018982981  3819 0x738370 TRACE   structure gststructure.c:287:gst_structure_new_id_empty_with_size: created structure 0x75a260
0:00:00.014589023  3820 0x58c320 LOG   GST_POLL gstpoll.c:994:gst_poll_fd_ctl_write: 0x594810: pfd->events now 60 (POLLOUT:4)
0:00:00.018988403  3819 0x738370 DEBUG   structure gststructure.c:2203:gst_structure_parse_field: trying field name 'long-name'
0:00:00.014594636  3820 0x58c320 DEBUG   GST_POLL gstpoll.c:980:gst_poll_fd_ctl_write: 0x594810: fd (fd:0, idx:1), active : 1
0:00:00.018993800  3819 0x738370 DEBUG   default gstvalue.c:2676:_priv_gst_value_parse_value: trying type name 'string'
0:00:00.014600002  3820 0x58c320 LOG   GST_POLL gstpoll.c:994:gst_poll_fd_ctl_write: 0x594810: pfd->events now 60 (POLLOUT:4)
0:00:00.018999397  3819 0x738370 DEBUG   structure gststructure.c:2203:gst_structure_parse_field: trying field name 'klass'
0:00:00.014605690  3820 0x58c320 DEBUG   GST_POLL gstpoll.c:980:gst_poll_fd_ctl_write: 0x594810: fd (fd:0, idx:1), active : 1
0:00:00.019004496  3819 0x738370 DEBUG   default gstvalue.c:2676:_priv_gst_value_parse_value: trying type name 'string'
0:00:00.014610990  3820 0x58c320 LOG   GST_POLL gstpoll.c:994:gst_poll_fd_ctl_write: 0x594810: pfd->events now 60 (POLLOUT:4)
0:00:00.019010038  3819 0x738370 DEBUG   structure gststructure.c:2203:gst_structure_parse_field: trying field name 'description'
0:00:00.014616612  3820 0x58c320 DEBUG   GST_POLL gstpoll.c:980:gst_poll_fd_ctl_write: 0x594810: fd (fd:0, idx:1), active : 1
0:00:00.019015230  3819 0x738370 DEBUG   default gstvalue.c:2676:_priv_gst_value_parse_value: trying type name 'string'
0:00:00.014621904  3820 0x58c320 LOG   GST_POLL gstpoll.c:994:gst_poll_fd_ctl_write: 0x594810: pfd->events now 60 (POLLOUT:4)
0:00:00.019020929  3819 0x738370 DEBUG   structure gststructure.c:2203:gst_structure_parse_field: trying field name 'author'
0:00:00.014627583  3820 0x58c320 DEBUG   GST_POLL gstpoll.c:980:gst_poll_fd_ctl_write: 0x594810: fd (fd:0, idx:1), active : 1
0:00:00.019026080  3819 0x738370 DEBUG   default gstvalue.c:2676:_priv_gst_value_parse_value: trying type name 'string'
0:00:00.014632937  3820 0x58c320 LOG   GST_POLL gstpoll.c:994:gst_poll_fd_ctl_write: 0x594810: pfd->events now 60 (POLLOUT:4)
0:00:00.019032000  3819 0x738370 DEBUG   GST_REGISTRY gstregistrychunks.c:626:gst_registry_chunks_load_feature: Element factory : npadtemplates=2
0:00:00.014638550  3820 0x58c320 DEBUG   GST_POLL gstpoll.c:980:gst_poll_fd_ctl_write: 0x594810: fd (fd:0, idx:1), active : 1
0:00:00.019037287  3819 0x738370 DEBUG   GST_REGISTRY gstregistrychunks.c:526:gst_registry_chunks_load_pad_template: Reading/casting for GstRegistryChunkPadTemplate at address 0x7553c8
0:00:00.014643962  3820 0x58c320 LOG   GST_POLL gstpoll.c:994:gst_poll_fd_ctl_write: 0x594810: pfd->events now 60 (POLLOUT:4)
0:00:00.019042674  3819 0x738370 DEBUG   GST_REGISTRY gstregistrychunks.c:539:gst_registry_chunks_load_pad_template: Added pad_template sink
0:00:00.014653660  3820 0x58c320 DEBUG   GST_POLL gstpoll.c:980:gst_poll_fd_ctl_write: 0x594810: fd (fd:0, idx:1), active : 1
0:00:00.019051236  3819 0x738370 DEBUG   GST_REGISTRY gstregistrychunks.c:526:gst_registry_chunks_load_pad_template: Reading/casting for GstRegistryChunkPadTemplate at address 0x7553e0
0:00:00.014659170  3820 0x58c320 LOG   GST_POLL gstpoll.c:994:gst_poll_fd_ctl_write: 0x594810: pfd->events now 60 (POLLOUT:4)
0:00:00.019057464  3819 0x738370 DEBUG   GST_REGISTRY gstregistrychunks.c:539:gst_registry_chunks_load_pad_template: Added pad_template src
0:00:00.014664709  3820 0x58c320 DEBUG   GST_POLL gstpoll.c:980:gst_poll_fd_ctl_write: 0x594810: fd (fd:0, idx:1), active : 1
0:00:00.019064233  3819 0x738370 DEBUG   GST_REGISTRY gstregistry.c:590:gst_registry_add_feature: adding feature 0x759f70 (clocksync)
0:00:00.014670055  3820 0x58c320 LOG   GST_POLL gstpoll.c:994:gst_poll_fd_ctl_write: 0x594810: pfd->events now 60 (POLLOUT:4)
0:00:00.019069768  3819 0x738370 DEBUG   GST_REFCOUNTING gstobject.c:709:gst_object_set_parent: set parent (ref and sink)
0:00:00.014676160  3820 0x58c320 DEBUG   GST_POLL gstpoll.c:980:gst_poll_fd_ctl_write: 0x594810: fd (fd:0, idx:1), active : 1
0:00:00.019076705  3819 0x738370 TRACE   GST_REFCOUNTING gstobject.c:294:gst_object_ref_sink: 0x759f70 ref_sink 1->2
0:00:00.014682006  3820 0x58c320 LOG   GST_POLL gstpoll.c:994:gst_poll_fd_ctl_write: 0x594810: pfd->events now 60 (POLLOUT:4)
0:00:00.019082974  3819 0x738370 LOG   GST_REGISTRY gstregistry.c:608:gst_registry_add_feature: emitting feature-added for clocksync
0:00:00.014694712  3820 0x58c320 DEBUG   GST_POLL gstpoll.c:980:gst_poll_fd_ctl_write: 0x594810: fd (fd:0, idx:1), active : 1
0:00:00.019092987  3819 0x738370 DEBUG   GST_REGISTRY gstregistrychunks.c:741:gst_registry_chunks_load_feature: Added feature clocksync, plugin 0x752200 coreelements
0:00:00.014700226  3820 0x58c320 LOG   GST_POLL gstpoll.c:994:gst_poll_fd_ctl_write: 0x594810: pfd->events now 60 (POLLOUT:4)
0:00:00.019099429  3819 0x738370 DEBUG   GST_REGISTRY gstregistrychunks.c:583:gst_registry_chunks_load_feature: Plugin 'coreelements' feature 'capsfilter' typename : 'GstElementFactory'
0:00:00.014705838  3820 0x58c320 DEBUG   GST_POLL gstpoll.c:980:gst_poll_fd_ctl_write: 0x594810: fd (fd:0, idx:1), active : 1
0:00:00.019106312  3819 0x738370 TRACE   GST_REFCOUNTING gstobject.c:208:gst_object_init: 0x75a160 new
0:00:00.014711200  3820 0x58c320 LOG   GST_POLL gstpoll.c:994:gst_poll_fd_ctl_write: 0x594810: pfd->events now 60 (POLLOUT:4)
0:00:00.019113222  3819 0x738370 LOG   GST_REGISTRY gstregistrychunks.c:610:gst_registry_chunks_load_feature: Reading/casting for GstRegistryChunkElementFactory at address 0x755410
0:00:00.014718631  3820 0x58c320 DEBUG   GST_POLL gstpoll.c:980:gst_poll_fd_ctl_write: 0x594810: fd (fd:0, idx:1), active : 1
0:00:00.019118998  3819 0x738370 TRACE   structure gststructure.c:287:gst_structure_new_id_empty_with_size: created structure 0x75a6a0
0:00:00.014728882  3820 0x58c320 LOG   GST_POLL gstpoll.c:994:gst_poll_fd_ctl_write: 0x594810: pfd->events now 60 (POLLOUT:4)
