0:00:00.019126792  3819 0x738370 DEBUG   structure gststructure.c:2203:gst_structure_parse_field: trying field name 'long-name'
0:00:00.014734604  3820 0x58c320 DEBUG   GST_POLL gstpoll.c:980:gst_poll_fd_ctl_write: 0x594810: fd (fd:0, idx:1), active : 1
0:00:00.019132142  3819 0x738370 DEBUG   default gstvalue.c:2676:_priv_gst_value_parse_value: trying type name 'string'
0:00:00.014740080  3820 0x58c320 LOG   GST_POLL gstpoll.c:994:gst_poll_fd_ctl_write: 0x594810: pfd->events now 60 (POLLOUT:4)
0:00:00.019138343  3819 0x738370 DEBUG   structure gststructure.c:2203:gst_structure_parse_field: trying field name 'klass'
0:00:00.014745601  3820 0x58c320 DEBUG   GST_POLL gstpoll.c:980:gst_poll_fd_ctl_write: 0x594810: fd (fd:0, idx:1), active : 1
0:00:00.019161623  3819 0x738370 DEBUG   default gstvalue.c:2676:_priv_gst_value_parse_value: trying type name 'string'
0:00:00.014768815  3820 0x58c320 LOG   GST_POLL gstpoll.c:994:gst_poll_fd_ctl_write: 0x594810: pfd->events now 60 (POLLOUT:4)
0:00:00.019168232  3819 0x738370 DEBUG   structure gststructure.c:2203:gst_structure_parse_field: trying field name 'description'
0:00:00.014774699  3820 0x58c320 DEBUG   GST_POLL gstpoll.c:980:gst_poll_fd_ctl_write: 0x594810: fd (fd:0, idx:1), active : 1
0:00:00.019174035  3819 0x738370 DEBUG   default gstvalue.c:2676:_priv_gst_value_parse_value: trying type name 'string'
0:00:00.014780408  3820 0x58c320 LOG   GST_POLL gstpoll.c:994:gst_poll_fd_ctl_write: 0x594810: pfd->events now 60 (POLLOUT:4)
0:00:00.019180260  3819 0x738370 DEBUG   structure gststructure.c:2203:gst_structure_parse_field: trying field name 'author'
0:00:00.014786262  3820 0x58c320 DEBUG   GST_POLL gstpoll.c:980:gst_poll_fd_ctl_write: 0x594810: fd (fd:0, idx:1), active : 1
0:00:00.019185894  3819 0x738370 DEBUG   default gstvalue.c:2676:_priv_gst_value_parse_value: trying type name 'string'
0:00:00.014792236  3820 0x58c320 LOG   GST_POLL gstpoll.c:994:gst_poll_fd_ctl_write: 0x594810: pfd->events now 60 (POLLOUT:4)
0:00:00.019192057  3819 0x738370 DEBUG   GST_REGISTRY gstregistrychunks.c:626:gst_registry_chunks_load_feature: Element factory : npadtemplates=2
0:00:00.014798055  3820 0x58c320 DEBUG   GST_POLL gstpoll.c:980:gst_poll_fd_ctl_write: 0x594810: fd (fd:0, idx:1), active : 1
0:00:00.019197717  3819 0x738370 DEBUG   GST_REGISTRY gstregistrychunks.c:526:gst_registry_chunks_load_pad_template: Reading/casting for GstRegistryChunkPadTemplate at address 0x7554f0
0:00:00.014804183  3820 0x58c320 LOG   GST_POLL gstpoll.c:994:gst_poll_fd_ctl_write: 0x594810: pfd->events now 60 (POLLOUT:4)
0:00:00.019203578  3819 0x738370 DEBUG   GST_REGISTRY gstregistrychunks.c:539:gst_registry_chunks_load_pad_template: Added pad_template sink
0:00:00.014810096  3820 0x58c320 DEBUG   GST_POLL gstpoll.c:980:gst_poll_fd_ctl_write: 0x594810: fd (fd:0, idx:1), active : 1
0:00:00.019213148  3819 0x738370 DEBUG   GST_REGISTRY gstregistrychunks.c:526:gst_registry_chunks_load_pad_template: Reading/casting for GstRegistryChunkPadTemplate at address 0x755508
0:00:00.014819583  3820 0x58c320 LOG   GST_POLL gstpoll.c:994:gst_poll_fd_ctl_write: 0x594810: pfd->events now 60 (POLLOUT:4)
0:00:00.019218922  3819 0x738370 DEBUG   GST_REGISTRY gstregistrychunks.c:539:gst_registry_chunks_load_pad_template: Added pad_template src
0:00:00.014825475  3820 0x58c320 DEBUG   GST_POLL gstpoll.c:980:gst_poll_fd_ctl_write: 0x594810: fd (fd:0, idx:1), active : 1
0:00:00.019225779  3819 0x738370 DEBUG   GST_REGISTRY gstregistry.c:590:gst_registry_add_feature: adding feature 0x75a160 (capsfilter)
0:00:00.014831259  3820 0x58c320 LOG   GST_POLL gstpoll.c:994:gst_poll_fd_ctl_write: 0x594810: pfd->events now 60 (POLLOUT:4)
0:00:00.019231580  3819 0x738370 DEBUG   GST_REFCOUNTING gstobject.c:709:gst_object_set_parent: set parent (ref and sink)
0:00:00.014838114  3820 0x58c320 DEBUG   GST_POLL gstpoll.c:980:gst_poll_fd_ctl_write: 0x594810: fd (fd:0, idx:1), active : 1
0:00:00.019238877  3819 0x738370 TRACE   GST_REFCOUNTING gstobject.c:294:gst_object_ref_sink: 0x75a160 ref_sink 1->2
0:00:00.014844155  3820 0x58c320 LOG   GST_POLL gstpoll.c:994:gst_poll_fd_ctl_write: 0x594810: pfd->events now 60 (POLLOUT:4)
0:00:00.019245329  3819 0x738370 LOG   GST_REGISTRY gstregistry.c:608:gst_registry_add_feature: emitting feature-added for capsfilter
0:00:00.014851780  3820 0x58c320 DEBUG   GST_POLL gstpoll.c:980:gst_poll_fd_ctl_write: 0x594810: fd (fd:0, idx:1), active : 1
0:00:00.019251904  3819 0x738370 DEBUG   GST_REGISTRY gstregistrychunks.c:741:gst_registry_chunks_load_feature: Added feature capsfilter, plugin 0x752200 coreelements
0:00:00.014857499  3820 0x58c320 LOG   GST_POLL gstpoll.c:994:gst_poll_fd_ctl_write: 0x594810: pfd->events now 60 (POLLOUT:4)
0:00:00.014864595  3820 0x58c320 DEBUG   GST_POLL gstpoll.c:980:gst_poll_fd_ctl_write: 0x594810: fd (fd:0, idx:1), active : 1
0:00:00.019259821  3819 0x738370 LOG   GST_PLUGIN_LOADING gstpluginloader.c:889:handle_rx_packet: marking plugin 0x752200 as registered as /home/conan/w/prod/BuildSingleReference/.conan/data/gstreamer/1.18.3/_/_/package/7935acf34602213af1e3939e2637ba8a4da1774a/lib/gstreamer-1.0/libgstcoreelements.so
0:00:00.014869862  3820 0x58c320 LOG   GST_POLL gstpoll.c:994:gst_poll_fd_ctl_write: 0x594810: pfd->events now 60 (POLLOUT:4)
0:00:00.019271179  3819 0x738370 DEBUG   GST_POLL gstpoll.c:1414:gst_poll_wait: 0x751b80: timeout :0:00:01.000000000
0:00:00.014875764  3820 0x58c320 DEBUG   GST_POLL gstpoll.c:980:gst_poll_fd_ctl_write: 0x594810: fd (fd:0, idx:1), active : 1
0:00:00.014883745  3820 0x58c320 LOG   GST_POLL gstpoll.c:994:gst_poll_fd_ctl_write: 0x594810: pfd->events now 60 (POLLOUT:4)
0:00:00.014892970  3820 0x58c320 DEBUG   GST_POLL gstpoll.c:980:gst_poll_fd_ctl_write: 0x594810: fd (fd:0, idx:1), active : 1
0:00:00.014898235  3820 0x58c320 LOG   GST_POLL gstpoll.c:994:gst_poll_fd_ctl_write: 0x594810: pfd->events now 60 (POLLOUT:4)
0:00:00.014904249  3820 0x58c320 DEBUG   GST_POLL gstpoll.c:980:gst_poll_fd_ctl_write: 0x594810: fd (fd:0, idx:1), active : 1
0:00:00.014911975  3820 0x58c320 LOG   GST_POLL gstpoll.c:994:gst_poll_fd_ctl_write: 0x594810: pfd->events now 60 (POLLOUT:4)
0:00:00.014929167  3820 0x58c320 TRACE   GST_REFCOUNTING gstobject.c:265:gst_object_unref: 0x5a8120 unref 2->1
0:00:00.014940409  3820 0x58c320 DEBUG   GST_POLL gstpoll.c:1241:gst_poll_fd_has_error: 0x594810: fd (fd:0, idx:1) 0
0:00:00.014952390  3820 0x58c320 DEBUG   GST_POLL gstpoll.c:1335:gst_poll_fd_can_write: 0x594810: fd (fd:0, idx:1) 1
0:00:00.014963101  3820 0x58c320 LOG   GST_PLUGIN_LOADING gstpluginloader.c:690:write_one: Writing packet of size 488 bytes to fd 0
0:00:00.014987266  3820 0x58c320 DEBUG   GST_POLL gstpoll.c:1414:gst_poll_wait: 0x594810: timeout :0:00:01.000000000
0:00:00.015001119  3820 0x58c320 LOG   GST_PLUGIN_LOADING gstpluginloader.c:1028:exchange_packets: Poll res = 2. 6872 bytes pending for write
0:00:00.015009980  3820 0x58c320 DEBUG   GST_POLL gstpoll.c:1241:gst_poll_fd_has_error: 0x594810: fd (fd:5, idx:2) 0
0:00:00.019406044  3819 0x738370 LOG   GST_PLUGIN_LOADING gstpluginloader.c:1028:exchange_packets: Poll res = 1. 0 bytes pending for write
0:00:00.015018230  3820 0x58c320 DEBUG   GST_POLL gstpoll.c:1266:gst_poll_fd_can_read_unlocked: 0x594810: fd (fd:5, idx:2) 1
0:00:00.019429116  3819 0x738370 DEBUG   GST_POLL gstpoll.c:1241:gst_poll_fd_has_error: 0x751b80: fd (fd:8, idx:2) 0
0:00:00.015034505  3820 0x58c320 LOG   GST_PLUGIN_LOADING gstpluginloader.c:1006:read_one: No payload to read for 0 length packet type 1 tag 0
0:00:00.019441077  3819 0x738370 DEBUG   GST_POLL gstpoll.c:1266:gst_poll_fd_can_read_unlocked: 0x751b80: fd (fd:8, idx:2) 1
0:00:00.015046892  3820 0x58c320 DEBUG   GST_POLL gstpoll.c:1015:gst_poll_fd_ctl_read_unlocked: 0x594810: fd (fd:5, idx:2), active : 0
0:00:00.015058644  3820 0x58c320 DEBUG   GST_POLL gstpoll.c:980:gst_poll_fd_ctl_write: 0x594810: fd (fd:0, idx:1), active : 1
0:00:00.019457885  3819 0x738370 DEBUG   GST_PLUGIN_LOADING gstpluginloader.c:850:handle_rx_packet: Received plugin details from child w/ tag 2. 476 bytes info
0:00:00.015066590  3820 0x58c320 LOG   GST_POLL gstpoll.c:994:gst_poll_fd_ctl_write: 0x594810: pfd->events now 60 (POLLOUT:4)
0:00:00.019470123  3819 0x738370 LOG   GST_REGISTRY gstregistrychunks.c:837:_priv_gst_registry_chunks_load_plugin: Reading/casting for GstRegistryChunkPluginElement at address 0x753a50
0:00:00.015076838  3820 0x58c320 DEBUG   GST_POLL gstpoll.c:1241:gst_poll_fd_has_error: 0x594810: fd (fd:0, idx:1) 0
0:00:00.019484736  3819 0x738370 TRACE   GST_REFCOUNTING gstobject.c:208:gst_object_init: 0x75a960 new
0:00:00.015086320  3820 0x58c320 DEBUG   GST_POLL gstpoll.c:1335:gst_poll_fd_can_write: 0x594810: fd (fd:0, idx:1) 1
0:00:00.015109503  3820 0x58c320 LOG   GST_PLUGIN_LOADING gstpluginloader.c:690:write_one: Writing packet of size 6872 bytes to fd 0
0:00:00.019512219  3819 0x738370 LOG   GST_REGISTRY gstregistrychunks.c:858:_priv_gst_registry_chunks_load_plugin: read strings for name='coretracers'
0:00:00.015124702  3820 0x58c320 DEBUG   GST_POLL gstpoll.c:1414:gst_poll_wait: 0x594810: timeout :0:00:01.000000000
0:00:00.019523302  3819 0x738370 LOG   GST_REGISTRY gstregistrychunks.c:859:_priv_gst_registry_chunks_load_plugin: desc.description='GStreamer core tracers'
0:00:00.015154318  3820 0x58c320 LOG   GST_PLUGIN_LOADING gstpluginloader.c:1028:exchange_packets: Poll res = 1. 12 bytes pending for write
0:00:00.019551761  3819 0x738370 LOG   GST_REGISTRY gstregistrychunks.c:860:_priv_gst_registry_chunks_load_plugin: filename='/home/conan/w/prod/BuildSingleReference/.conan/data/gstreamer/1.18.3/_/_/package/7935acf34602213af1e3939e2637ba8a4da1774a/lib/gstreamer-1.0/libgstcoretracers.so'
0:00:00.015165515  3820 0x58c320 DEBUG   GST_POLL gstpoll.c:1241:gst_poll_fd_has_error: 0x594810: fd (fd:0, idx:1) 0
0:00:00.019562734  3819 0x738370 LOG   GST_REGISTRY gstregistrychunks.c:861:_priv_gst_registry_chunks_load_plugin: desc.version='1.18.3'
0:00:00.015175930  3820 0x58c320 DEBUG   GST_POLL gstpoll.c:1335:gst_poll_fd_can_write: 0x594810: fd (fd:0, idx:1) 1
0:00:00.019572812  3819 0x738370 LOG   GST_REGISTRY gstregistrychunks.c:862:_priv_gst_registry_chunks_load_plugin: desc.license='LGPL'
0:00:00.015186040  3820 0x58c320 LOG   GST_PLUGIN_LOADING gstpluginloader.c:690:write_one: Writing packet of size 12 bytes to fd 0
0:00:00.015203140  3820 0x58c320 DEBUG   GST_POLL gstpoll.c:980:gst_poll_fd_ctl_write: 0x594810: fd (fd:0, idx:1), active : 0
0:00:00.019599289  3819 0x738370 LOG   GST_REGISTRY gstregistrychunks.c:863:_priv_gst_registry_chunks_load_plugin: desc.source='gstreamer'
0:00:00.015213103  3820 0x58c320 LOG   GST_POLL gstpoll.c:994:gst_poll_fd_ctl_write: 0x594810: pfd->events now 56 (POLLOUT:4)
0:00:00.019610637  3819 0x738370 LOG   GST_REGISTRY gstregistrychunks.c:864:_priv_gst_registry_chunks_load_plugin: desc.package='GStreamer source release'
0:00:00.019621195  3819 0x738370 LOG   GST_REGISTRY gstregistrychunks.c:865:_priv_gst_registry_chunks_load_plugin: desc.origin='Unknown package origin'
0:00:00.015233960  3820 0x58c320 DEBUG   GST_POLL gstpoll.c:772:gst_poll_free: 0x594810: freeing
0:00:00.019643134  3819 0x738370 LOG   GST_REGISTRY gstregistrychunks.c:866:_priv_gst_registry_chunks_load_plugin: desc.datetime=2021-01-13
0:00:00.019678449  3819 0x738370 DEBUG   GST_REGISTRY gstregistry.c:449:gst_registry_add_plugin: Replacing existing plugin "/home/conan/w/prod/BuildSingleReference/.conan/data/gstreamer/1.18.3/_/_/package/7935acf34602213af1e3939e2637ba8a4da1774a/lib/gstreamer-1.0/libgstcoretracers.so" 0x751be0 with new plugin 0x75a960 for filename "/home/conan/w/prod/BuildSingleReference/.conan/data/gstreamer/1.18.3/_/_/package/7935acf34602213af1e3939e2637ba8a4da1774a/lib/gstreamer-1.0/libgstcoretracers.so"
0:00:00.019703554  3819 0x738370 TRACE   GST_REFCOUNTING gstobject.c:265:gst_object_unref: 0x751be0 unref 1->0
0:00:00.019715738  3819 0x738370 TRACE   GST_REFCOUNTING gstobject.c:381:gst_object_dispose: 0x751be0 dispose
0:00:00.019728261  3819 0x738370 DEBUG   GST_PLUGIN_LOADING gstplugin.c:136:gst_plugin_finalize: finalizing plugin
0:00:00.019741266  3819 0x738370 TRACE   GST_REFCOUNTING gstobject.c:423:gst_object_finalize: 0x751be0 finalize
0:00:00.019764543  3819 0x738370 DEBUG   GST_REGISTRY gstregistry.c:474:gst_registry_add_plugin: adding plugin 0x75a960 for filename "/home/conan/w/prod/BuildSingleReference/.conan/data/gstreamer/1.18.3/_/_/package/7935acf34602213af1e3939e2637ba8a4da1774a/lib/gstreamer-1.0/libgstcoretracers.so"
0:00:00.019778880  3819 0x738370 TRACE   GST_REFCOUNTING gstobject.c:294:gst_object_ref_sink: 0x75a960 ref_sink 1->2
0:00:00.019792516  3819 0x738370 LOG   GST_REGISTRY gstregistry.c:487:gst_registry_add_plugin: emitting plugin-added for filename "/home/conan/w/prod/BuildSingleReference/.conan/data/gstreamer/1.18.3/_/_/package/7935acf34602213af1e3939e2637ba8a4da1774a/lib/gstreamer-1.0/libgstcoretracers.so"
0:00:00.019805411  3819 0x738370 DEBUG   GST_REGISTRY gstregistrychunks.c:887:_priv_gst_registry_chunks_load_plugin: Added plugin 'coretracers' plugin with 5 features from binary registry
0:00:00.019817932  3819 0x738370 DEBUG   GST_REGISTRY gstregistrychunks.c:583:gst_registry_chunks_load_feature: Plugin 'coretracers' feature 'leaks' typename : 'GstTracerFactory'
0:00:00.019833165  3819 0x738370 TRACE   GST_REFCOUNTING gstobject.c:208:gst_object_init: 0x752800 new
0:00:00.019848845  3819 0x738370 DEBUG   GST_REGISTRY gstregistrychunks.c:718:gst_registry_chunks_load_feature: Reading/casting for GstRegistryChunkPluginFeature at address 0x753b98
0:00:00.019862280  3819 0x738370 DEBUG   GST_REGISTRY gstregistry.c:581:gst_registry_add_feature: replacing existing feature 0x752a70 (leaks)
0:00:00.019875449  3819 0x738370 DEBUG   GST_REGISTRY gstregistry.c:590:gst_registry_add_feature: adding feature 0x752800 (leaks)
0:00:00.019885858  3819 0x738370 TRACE   GST_REFCOUNTING gstobject.c:788:gst_object_unparent: unparent
0:00:00.019899023  3819 0x738370 TRACE   GST_REFCOUNTING gstobject.c:265:gst_object_unref: 0x752a70 unref 1->0
0:00:00.019911034  3819 0x738370 TRACE   GST_REFCOUNTING gstobject.c:381:gst_object_dispose: 0x752a70 dispose
0:00:00.019923493  3819 0x738370 DEBUG   GST_PLUGIN_LOADING gstpluginfeature.c:67:gst_plugin_feature_finalize: finalizing feature 0x752a70: 'leaks'
0:00:00.019934820  3819 0x738370 TRACE   GST_REFCOUNTING gstobject.c:423:gst_object_finalize: 0x752a70 finalize
0:00:00.019946490  3819 0x738370 DEBUG   GST_REFCOUNTING gstobject.c:709:gst_object_set_parent: set parent (ref and sink)
0:00:00.019959818  3819 0x738370 TRACE   GST_REFCOUNTING gstobject.c:294:gst_object_ref_sink: 0x752800 ref_sink 1->2
0:00:00.019978207  3819 0x738370 LOG   GST_REGISTRY gstregistry.c:608:gst_registry_add_feature: emitting feature-added for leaks
0:00:00.019990694  3819 0x738370 DEBUG   GST_REGISTRY gstregistrychunks.c:741:gst_registry_chunks_load_feature: Added feature leaks, plugin 0x75a960 coretracers
0:00:00.020002694  3819 0x738370 DEBUG   GST_REGISTRY gstregistrychunks.c:583:gst_registry_chunks_load_feature: Plugin 'coretracers' feature 'stats' typename : 'GstTracerFactory'
0:00:00.020017060  3819 0x738370 TRACE   GST_REFCOUNTING gstobject.c:208:gst_object_init: 0x751bd0 new
0:00:00.020030635  3819 0x738370 DEBUG   GST_REGISTRY gstregistrychunks.c:718:gst_registry_chunks_load_feature: Reading/casting for GstRegistryChunkPluginFeature at address 0x753bb8
0:00:00.020043869  3819 0x738370 DEBUG   GST_REGISTRY gstregistry.c:581:gst_registry_add_feature: replacing existing feature 0x752c70 (stats)
0:00:00.020055980  3819 0x738370 DEBUG   GST_REGISTRY gstregistry.c:590:gst_registry_add_feature: adding feature 0x751bd0 (stats)
0:00:00.020065689  3819 0x738370 TRACE   GST_REFCOUNTING gstobject.c:788:gst_object_unparent: unparent
0:00:00.020078969  3819 0x738370 TRACE   GST_REFCOUNTING gstobject.c:265:gst_object_unref: 0x752c70 unref 1->0
0:00:00.020089876  3819 0x738370 TRACE   GST_REFCOUNTING gstobject.c:381:gst_object_dispose: 0x752c70 dispose
0:00:00.020101003  3819 0x738370 DEBUG   GST_PLUGIN_LOADING gstpluginfeature.c:67:gst_plugin_feature_finalize: finalizing feature 0x752c70: 'stats'
0:00:00.020109814  3819 0x738370 TRACE   GST_REFCOUNTING gstobject.c:423:gst_object_finalize: 0x752c70 finalize
0:00:00.020118777  3819 0x738370 DEBUG   GST_REFCOUNTING gstobject.c:709:gst_object_set_parent: set parent (ref and sink)
0:00:00.020128014  3819 0x738370 TRACE   GST_REFCOUNTING gstobject.c:294:gst_object_ref_sink: 0x751bd0 ref_sink 1->2
0:00:00.020134558  3819 0x738370 LOG   GST_REGISTRY gstregistry.c:608:gst_registry_add_feature: emitting feature-added for stats
0:00:00.020141133  3819 0x738370 DEBUG   GST_REGISTRY gstregistrychunks.c:741:gst_registry_chunks_load_feature: Added feature stats, plugin 0x75a960 coretracers
0:00:00.020147794  3819 0x738370 DEBUG   GST_REGISTRY gstregistrychunks.c:583:gst_registry_chunks_load_feature: Plugin 'coretracers' feature 'rusage' typename : 'GstTracerFactory'
0:00:00.020155266  3819 0x738370 TRACE   GST_REFCOUNTING gstobject.c:208:gst_object_init: 0x752c70 new
0:00:00.020162900  3819 0x738370 DEBUG   GST_REGISTRY gstregistrychunks.c:718:gst_registry_chunks_load_feature: Reading/casting for GstRegistryChunkPluginFeature at address 0x753bd8
0:00:00.020169954  3819 0x738370 DEBUG   GST_REGISTRY gstregistry.c:581:gst_registry_add_feature: replacing existing feature 0x752dc0 (rusage)
0:00:00.020176583  3819 0x738370 DEBUG   GST_REGISTRY gstregistry.c:590:gst_registry_add_feature: adding feature 0x752c70 (rusage)
0:00:00.020187489  3819 0x738370 TRACE   GST_REFCOUNTING gstobject.c:788:gst_object_unparent: unparent
0:00:00.020194334  3819 0x738370 TRACE   GST_REFCOUNTING gstobject.c:265:gst_object_unref: 0x752dc0 unref 1->0
0:00:00.020200546  3819 0x738370 TRACE   GST_REFCOUNTING gstobject.c:381:gst_object_dispose: 0x752dc0 dispose
0:00:00.020207163  3819 0x738370 DEBUG   GST_PLUGIN_LOADING gstpluginfeature.c:67:gst_plugin_feature_finalize: finalizing feature 0x752dc0: 'rusage'
0:00:00.020213214  3819 0x738370 TRACE   GST_REFCOUNTING gstobject.c:423:gst_object_finalize: 0x752dc0 finalize
0:00:00.020219123  3819 0x738370 DEBUG   GST_REFCOUNTING gstobject.c:709:gst_object_set_parent: set parent (ref and sink)
0:00:00.020225774  3819 0x738370 TRACE   GST_REFCOUNTING gstobject.c:294:gst_object_ref_sink: 0x752c70 ref_sink 1->2
0:00:00.020231968  3819 0x738370 LOG   GST_REGISTRY gstregistry.c:608:gst_registry_add_feature: emitting feature-added for rusage
0:00:00.020238460  3819 0x738370 DEBUG   GST_REGISTRY gstregistrychunks.c:741:gst_registry_chunks_load_feature: Added feature rusage, plugin 0x75a960 coretracers
0:00:00.020244849  3819 0x738370 DEBUG   GST_REGISTRY gstregistrychunks.c:583:gst_registry_chunks_load_feature: Plugin 'coretracers' feature 'log' typename : 'GstTracerFactory'
0:00:00.020251490  3819 0x738370 TRACE   GST_REFCOUNTING gstobject.c:208:gst_object_init: 0x752dc0 new
0:00:00.020258141  3819 0x738370 DEBUG   GST_REGISTRY gstregistrychunks.c:718:gst_registry_chunks_load_feature: Reading/casting for GstRegistryChunkPluginFeature at address 0x753bf8
0:00:00.020265070  3819 0x738370 DEBUG   GST_REGISTRY gstregistry.c:581:gst_registry_add_feature: replacing existing feature 0x752f10 (log)
0:00:00.020271578  3819 0x738370 DEBUG   GST_REGISTRY gstregistry.c:590:gst_registry_add_feature: adding feature 0x752dc0 (log)
0:00:00.020277000  3819 0x738370 TRACE   GST_REFCOUNTING gstobject.c:788:gst_object_unparent: unparent
0:00:00.020283601  3819 0x738370 TRACE   GST_REFCOUNTING gstobject.c:265:gst_object_unref: 0x752f10 unref 1->0
0:00:00.020289721  3819 0x738370 TRACE   GST_REFCOUNTING gstobject.c:381:gst_object_dispose: 0x752f10 dispose
0:00:00.020296189  3819 0x738370 DEBUG   GST_PLUGIN_LOADING gstpluginfeature.c:67:gst_plugin_feature_finalize: finalizing feature 0x752f10: 'log'
0:00:00.020302052  3819 0x738370 TRACE   GST_REFCOUNTING gstobject.c:423:gst_object_finalize: 0x752f10 finalize
0:00:00.020307776  3819 0x738370 DEBUG   GST_REFCOUNTING gstobject.c:709:gst_object_set_parent: set parent (ref and sink)
0:00:00.020314242  3819 0x738370 TRACE   GST_REFCOUNTING gstobject.c:294:gst_object_ref_sink: 0x752dc0 ref_sink 1->2
0:00:00.020320414  3819 0x738370 LOG   GST_REGISTRY gstregistry.c:608:gst_registry_add_feature: emitting feature-added for log
0:00:00.020326563  3819 0x738370 DEBUG   GST_REGISTRY gstregistrychunks.c:741:gst_registry_chunks_load_feature: Added feature log, plugin 0x75a960 coretracers
0:00:00.020336891  3819 0x738370 DEBUG   GST_REGISTRY gstregistrychunks.c:583:gst_registry_chunks_load_feature: Plugin 'coretracers' feature 'latency' typename : 'GstTracerFactory'
0:00:00.020343599  3819 0x738370 TRACE   GST_REFCOUNTING gstobject.c:208:gst_object_init: 0x752f10 new
0:00:00.020350332  3819 0x738370 DEBUG   GST_REGISTRY gstregistrychunks.c:718:gst_registry_chunks_load_feature: Reading/casting for GstRegistryChunkPluginFeature at address 0x753c20
0:00:00.020357228  3819 0x738370 DEBUG   GST_REGISTRY gstregistry.c:581:gst_registry_add_feature: replacing existing feature 0x753110 (latency)
0:00:00.020363925  3819 0x738370 DEBUG   GST_REGISTRY gstregistry.c:590:gst_registry_add_feature: adding feature 0x752f10 (latency)
0:00:00.020369330  3819 0x738370 TRACE   GST_REFCOUNTING gstobject.c:788:gst_object_unparent: unparent
0:00:00.020375854  3819 0x738370 TRACE   GST_REFCOUNTING gstobject.c:265:gst_object_unref: 0x753110 unref 1->0
0:00:00.020381985  3819 0x738370 TRACE   GST_REFCOUNTING gstobject.c:381:gst_object_dispose: 0x753110 dispose
0:00:00.020388594  3819 0x738370 DEBUG   GST_PLUGIN_LOADING gstpluginfeature.c:67:gst_plugin_feature_finalize: finalizing feature 0x753110: 'latency'
0:00:00.020394580  3819 0x738370 TRACE   GST_REFCOUNTING gstobject.c:423:gst_object_finalize: 0x753110 finalize
0:00:00.020400406  3819 0x738370 DEBUG   GST_REFCOUNTING gstobject.c:709:gst_object_set_parent: set parent (ref and sink)
0:00:00.020407052  3819 0x738370 TRACE   GST_REFCOUNTING gstobject.c:294:gst_object_ref_sink: 0x752f10 ref_sink 1->2
0:00:00.020413248  3819 0x738370 LOG   GST_REGISTRY gstregistry.c:608:gst_registry_add_feature: emitting feature-added for latency
0:00:00.020419552  3819 0x738370 DEBUG   GST_REGISTRY gstregistrychunks.c:741:gst_registry_chunks_load_feature: Added feature latency, plugin 0x75a960 coretracers
0:00:00.020427169  3819 0x738370 LOG   GST_PLUGIN_LOADING gstpluginloader.c:889:handle_rx_packet: marking plugin 0x75a960 as registered as /home/conan/w/prod/BuildSingleReference/.conan/data/gstreamer/1.18.3/_/_/package/7935acf34602213af1e3939e2637ba8a4da1774a/lib/gstreamer-1.0/libgstcoretracers.so
0:00:00.020436492  3819 0x738370 DEBUG   GST_POLL gstpoll.c:1414:gst_poll_wait: 0x751b80: timeout :0:00:01.000000000
0:00:00.020446537  3819 0x738370 LOG   GST_PLUGIN_LOADING gstpluginloader.c:1028:exchange_packets: Poll res = 2. 0 bytes pending for write
0:00:00.020453364  3819 0x738370 DEBUG   GST_POLL gstpoll.c:1241:gst_poll_fd_has_error: 0x751b80: fd (fd:8, idx:2) 0
0:00:00.020459643  3819 0x738370 DEBUG   GST_POLL gstpoll.c:1266:gst_poll_fd_can_read_unlocked: 0x751b80: fd (fd:8, idx:2) 1
0:00:00.020470235  3819 0x738370 DEBUG   GST_PLUGIN_LOADING gstpluginloader.c:850:handle_rx_packet: Received plugin details from child w/ tag 3. 6860 bytes info
0:00:00.020476292  3819 0x738370 LOG   GST_REGISTRY gstregistrychunks.c:837:_priv_gst_registry_chunks_load_plugin: Reading/casting for GstRegistryChunkPluginElement at address 0x753a50
0:00:00.020487189  3819 0x738370 TRACE   GST_REFCOUNTING gstobject.c:208:gst_object_init: 0x751ca0 new
0:00:00.020496980  3819 0x738370 LOG   GST_REGISTRY gstregistrychunks.c:858:_priv_gst_registry_chunks_load_plugin: read strings for name='coreelements'
0:00:00.020502775  3819 0x738370 LOG   GST_REGISTRY gstregistrychunks.c:859:_priv_gst_registry_chunks_load_plugin: desc.description='GStreamer core elements'
0:00:00.020509020  3819 0x738370 LOG   GST_REGISTRY gstregistrychunks.c:860:_priv_gst_registry_chunks_load_plugin: filename='/home/conan/w/prod/BuildSingleReference/.conan/data/gstreamer/1.18.3/_/_/package/7935acf34602213af1e3939e2637ba8a4da1774a/lib/gstreamer-1.0/libgstcoreelements.so'
0:00:00.020515058  3819 0x738370 LOG   GST_REGISTRY gstregistrychunks.c:861:_priv_gst_registry_chunks_load_plugin: desc.version='1.18.3'
0:00:00.020520394  3819 0x738370 LOG   GST_REGISTRY gstregistrychunks.c:862:_priv_gst_registry_chunks_load_plugin: desc.license='LGPL'
0:00:00.020525551  3819 0x738370 LOG   GST_REGISTRY gstregistrychunks.c:863:_priv_gst_registry_chunks_load_plugin: desc.source='gstreamer'
0:00:00.020530826  3819 0x738370 LOG   GST_REGISTRY gstregistrychunks.c:864:_priv_gst_registry_chunks_load_plugin: desc.package='GStreamer source release'
0:00:00.020536149  3819 0x738370 LOG   GST_REGISTRY gstregistrychunks.c:865:_priv_gst_registry_chunks_load_plugin: desc.origin='Unknown package origin'
0:00:00.020541507  3819 0x738370 LOG   GST_REGISTRY gstregistrychunks.c:866:_priv_gst_registry_chunks_load_plugin: desc.datetime=2021-01-13
0:00:00.020550179  3819 0x738370 DEBUG   GST_REGISTRY gstregistry.c:449:gst_registry_add_plugin: Replacing existing plugin "/home/conan/w/prod/BuildSingleReference/.conan/data/gstreamer/1.18.3/_/_/package/7935acf34602213af1e3939e2637ba8a4da1774a/lib/gstreamer-1.0/libgstcoreelements.so" 0x752200 with new plugin 0x751ca0 for filename "/home/conan/w/prod/BuildSingleReference/.conan/data/gstreamer/1.18.3/_/_/package/7935acf34602213af1e3939e2637ba8a4da1774a/lib/gstreamer-1.0/libgstcoreelements.so"
0:00:00.020558354  3819 0x738370 TRACE   GST_REFCOUNTING gstobject.c:265:gst_object_unref: 0x752200 unref 1->0
0:00:00.020564816  3819 0x738370 TRACE   GST_REFCOUNTING gstobject.c:381:gst_object_dispose: 0x752200 dispose
0:00:00.020571843  3819 0x738370 DEBUG   GST_PLUGIN_LOADING gstplugin.c:136:gst_plugin_finalize: finalizing plugin
0:00:00.020577829  3819 0x738370 TRACE   GST_REFCOUNTING gstobject.c:423:gst_object_finalize: 0x752200 finalize
0:00:00.020593834  3819 0x738370 DEBUG   GST_REGISTRY gstregistry.c:474:gst_registry_add_plugin: adding plugin 0x751ca0 for filename "/home/conan/w/prod/BuildSingleReference/.conan/data/gstreamer/1.18.3/_/_/package/7935acf34602213af1e3939e2637ba8a4da1774a/lib/gstreamer-1.0/libgstcoreelements.so"
0:00:00.020600843  3819 0x738370 TRACE   GST_REFCOUNTING gstobject.c:294:gst_object_ref_sink: 0x751ca0 ref_sink 1->2
0:00:00.020607934  3819 0x738370 LOG   GST_REGISTRY gstregistry.c:487:gst_registry_add_plugin: emitting plugin-added for filename "/home/conan/w/prod/BuildSingleReference/.conan/data/gstreamer/1.18.3/_/_/package/7935acf34602213af1e3939e2637ba8a4da1774a/lib/gstreamer-1.0/libgstcoreelements.so"
0:00:00.020619554  3819 0x738370 DEBUG   GST_REGISTRY gstregistrychunks.c:887:_priv_gst_registry_chunks_load_plugin: Added plugin 'coreelements' plugin with 22 features from binary registry
0:00:00.020652720  3819 0x738370 DEBUG   GST_REGISTRY gstregistrychunks.c:583:gst_registry_chunks_load_feature: Plugin 'coreelements' feature 'streamiddemux' typename : 'GstElementFactory'
0:00:00.020683252  3819 0x738370 TRACE   GST_REFCOUNTING gstobject.c:208:gst_object_init: 0x75a7d0 new
0:00:00.020691117  3819 0x738370 LOG   GST_REGISTRY gstregistrychunks.c:610:gst_registry_chunks_load_feature: Reading/casting for GstRegistryChunkElementFactory at address 0x753ba8
0:00:00.020698228  3819 0x738370 TRACE   structure gststructure.c:287:gst_structure_new_id_empty_with_size: created structure 0x75aa90
0:00:00.020703919  3819 0x738370 DEBUG   structure gststructure.c:2203:gst_structure_parse_field: trying field name 'long-name'
0:00:00.020709769  3819 0x738370 DEBUG   default gstvalue.c:2676:_priv_gst_value_parse_value: trying type name 'string'
0:00:00.020717234  3819 0x738370 DEBUG   structure gststructure.c:2203:gst_structure_parse_field: trying field name 'klass'
0:00:00.020722397  3819 0x738370 DEBUG   default gstvalue.c:2676:_priv_gst_value_parse_value: trying type name 'string'
0:00:00.020728304  3819 0x738370 DEBUG   structure gststructure.c:2203:gst_structure_parse_field: trying field name 'description'
0:00:00.020733399  3819 0x738370 DEBUG   default gstvalue.c:2676:_priv_gst_value_parse_value: trying type name 'string'
0:00:00.020739244  3819 0x738370 DEBUG   structure gststructure.c:2203:gst_structure_parse_field: trying field name 'author'
0:00:00.020744248  3819 0x738370 DEBUG   default gstvalue.c:2676:_priv_gst_value_parse_value: trying type name 'string'
0:00:00.020750254  3819 0x738370 DEBUG   GST_REGISTRY gstregistrychunks.c:626:gst_registry_chunks_load_feature: Element factory : npadtemplates=2
0:00:00.020755637  3819 0x738370 DEBUG   GST_REGISTRY gstregistrychunks.c:526:gst_registry_chunks_load_pad_template: Reading/casting for GstRegistryChunkPadTemplate at address 0x753c80
0:00:00.020772854  3819 0x738370 DEBUG   GST_REGISTRY gstregistrychunks.c:539:gst_registry_chunks_load_pad_template: Added pad_template src_%u
0:00:00.020777612  3819 0x738370 DEBUG   GST_REGISTRY gstregistrychunks.c:526:gst_registry_chunks_load_pad_template: Reading/casting for GstRegistryChunkPadTemplate at address 0x753c98
0:00:00.020782517  3819 0x738370 DEBUG   GST_REGISTRY gstregistrychunks.c:539:gst_registry_chunks_load_pad_template: Added pad_template sink
0:00:00.020789066  3819 0x738370 DEBUG   GST_REGISTRY gstregistry.c:581:gst_registry_add_feature: replacing existing feature 0x752570 (streamiddemux)
0:00:00.020795476  3819 0x738370 DEBUG   GST_REGISTRY gstregistry.c:590:gst_registry_add_feature: adding feature 0x75a7d0 (streamiddemux)
0:00:00.020805070  3819 0x738370 TRACE   GST_REFCOUNTING gstobject.c:788:gst_object_unparent: unparent
0:00:00.020811876  3819 0x738370 TRACE   GST_REFCOUNTING gstobject.c:265:gst_object_unref: 0x752570 unref 1->0
0:00:00.020817706  3819 0x738370 TRACE   GST_REFCOUNTING gstobject.c:381:gst_object_dispose: 0x752570 dispose
0:00:00.020823699  3819 0x738370 TRACE   structure gststructure.c:544:gst_structure_free: free structure 0x753390
0:00:00.020830412  3819 0x738370 TRACE   GST_REFCOUNTING gstminiobject.c:723:gst_mini_object_replace: replace (nil) (0) with (nil) (0)
0:00:00.020836663  3819 0x738370 TRACE   GST_REFCOUNTING gstminiobject.c:723:gst_mini_object_replace: replace (nil) (0) with (nil) (0)
0:00:00.020842686  3819 0x738370 DEBUG   GST_PLUGIN_LOADING gstpluginfeature.c:67:gst_plugin_feature_finalize: finalizing feature 0x752570: 'streamiddemux'
0:00:00.020848316  3819 0x738370 TRACE   GST_REFCOUNTING gstobject.c:423:gst_object_finalize: 0x752570 finalize
0:00:00.020853887  3819 0x738370 DEBUG   GST_REFCOUNTING gstobject.c:709:gst_object_set_parent: set parent (ref and sink)
0:00:00.020860010  3819 0x738370 TRACE   GST_REFCOUNTING gstobject.c:294:gst_object_ref_sink: 0x75a7d0 ref_sink 1->2
0:00:00.020865580  3819 0x738370 LOG   GST_REGISTRY gstregistry.c:608:gst_registry_add_feature: emitting feature-added for streamiddemux
0:00:00.020871470  3819 0x738370 DEBUG   GST_REGISTRY gstregistrychunks.c:741:gst_registry_chunks_load_feature: Added feature streamiddemux, plugin 0x751ca0 coreelements
0:00:00.020877377  3819 0x738370 DEBUG   GST_REGISTRY gstregistrychunks.c:583:gst_registry_chunks_load_feature: Plugin 'coreelements' feature 'valve' typename : 'GstElementFactory'
0:00:00.020883328  3819 0x738370 TRACE   GST_REFCOUNTING gstobject.c:208:gst_object_init: 0x752520 new
0:00:00.020889426  3819 0x738370 LOG   GST_REGISTRY gstregistrychunks.c:610:gst_registry_chunks_load_feature: Reading/casting for GstRegistryChunkElementFactory at address 0x753cc8
0:00:00.020894982  3819 0x738370 TRACE   structure gststructure.c:287:gst_structure_new_id_empty_with_size: created structure 0x75abc0
0:00:00.020900014  3819 0x738370 DEBUG   structure gststructure.c:2203:gst_structure_parse_field: trying field name 'long-name'
0:00:00.020904816  3819 0x738370 DEBUG   default gstvalue.c:2676:_priv_gst_value_parse_value: trying type name 'string'
0:00:00.020910086  3819 0x738370 DEBUG   structure gststructure.c:2203:gst_structure_parse_field: trying field name 'klass'
0:00:00.020914772  3819 0x738370 DEBUG   default gstvalue.c:2676:_priv_gst_value_parse_value: trying type name 'string'
0:00:00.020919773  3819 0x738370 DEBUG   structure gststructure.c:2203:gst_structure_parse_field: trying field name 'description'
0:00:00.020924502  3819 0x738370 DEBUG   default gstvalue.c:2676:_priv_gst_value_parse_value: trying type name 'string'
0:00:00.020929644  3819 0x738370 DEBUG   structure gststructure.c:2203:gst_structure_parse_field: trying field name 'author'
0:00:00.020938036  3819 0x738370 DEBUG   default gstvalue.c:2676:_priv_gst_value_parse_value: trying type name 'string'
0:00:00.020943595  3819 0x738370 DEBUG   GST_REGISTRY gstregistrychunks.c:626:gst_registry_chunks_load_feature: Element factory : npadtemplates=2
0:00:00.020948411  3819 0x738370 DEBUG   GST_REGISTRY gstregistrychunks.c:526:gst_registry_chunks_load_pad_template: Reading/casting for GstRegistryChunkPadTemplate at address 0x753db8
0:00:00.020953362  3819 0x738370 DEBUG   GST_REGISTRY gstregistrychunks.c:539:gst_registry_chunks_load_pad_template: Added pad_template sink
0:00:00.020957969  3819 0x738370 DEBUG   GST_REGISTRY gstregistrychunks.c:526:gst_registry_chunks_load_pad_template: Reading/casting for GstRegistryChunkPadTemplate at address 0x753dd0
0:00:00.020962838  3819 0x738370 DEBUG   GST_REGISTRY gstregistrychunks.c:539:gst_registry_chunks_load_pad_template: Added pad_template src
0:00:00.020968950  3819 0x738370 DEBUG   GST_REGISTRY gstregistry.c:581:gst_registry_add_feature: replacing existing feature 0x7537d0 (valve)
0:00:00.020974866  3819 0x738370 DEBUG   GST_REGISTRY gstregistry.c:590:gst_registry_add_feature: adding feature 0x752520 (valve)
0:00:00.020979767  3819 0x738370 TRACE   GST_REFCOUNTING gstobject.c:788:gst_object_unparent: unparent
0:00:00.020985795  3819 0x738370 TRACE   GST_REFCOUNTING gstobject.c:265:gst_object_unref: 0x7537d0 unref 1->0
0:00:00.020991437  3819 0x738370 TRACE   GST_REFCOUNTING gstobject.c:381:gst_object_dispose: 0x7537d0 dispose
0:00:00.020997025  3819 0x738370 TRACE   structure gststructure.c:544:gst_structure_free: free structure 0x755800
0:00:00.021002678  3819 0x738370 TRACE   GST_REFCOUNTING gstminiobject.c:723:gst_mini_object_replace: replace (nil) (0) with (nil) (0)
0:00:00.021008568  3819 0x738370 TRACE   GST_REFCOUNTING gstminiobject.c:723:gst_mini_object_replace: replace (nil) (0) with (nil) (0)
0:00:00.021014258  3819 0x738370 DEBUG   GST_PLUGIN_LOADING gstpluginfeature.c:67:gst_plugin_feature_finalize: finalizing feature 0x7537d0: 'valve'
0:00:00.021019566  3819 0x738370 TRACE   GST_REFCOUNTING gstobject.c:423:gst_object_finalize: 0x7537d0 finalize
0:00:00.021024876  3819 0x738370 DEBUG   GST_REFCOUNTING gstobject.c:709:gst_object_set_parent: set parent (ref and sink)
0:00:00.021030880  3819 0x738370 TRACE   GST_REFCOUNTING gstobject.c:294:gst_object_ref_sink: 0x752520 ref_sink 1->2
0:00:00.021036415  3819 0x738370 LOG   GST_REGISTRY gstregistry.c:608:gst_registry_add_feature: emitting feature-added for valve
0:00:00.021042044  3819 0x738370 DEBUG   GST_REGISTRY gstregistrychunks.c:741:gst_registry_chunks_load_feature: Added feature valve, plugin 0x751ca0 coreelements
0:00:00.021047932  3819 0x738370 DEBUG   GST_REGISTRY gstregistrychunks.c:583:gst_registry_chunks_load_feature: Plugin 'coreelements' feature 'multiqueue' typename : 'GstElementFactory'
0:00:00.021053783  3819 0x738370 TRACE   GST_REFCOUNTING gstobject.c:208:gst_object_init: 0x7537d0 new
0:00:00.021064188  3819 0x738370 LOG   GST_REGISTRY gstregistrychunks.c:610:gst_registry_chunks_load_feature: Reading/casting for GstRegistryChunkElementFactory at address 0x753e00
0:00:00.021070270  3819 0x738370 TRACE   structure gststructure.c:287:gst_structure_new_id_empty_with_size: created structure 0x75acf0
0:00:00.021075500  3819 0x738370 DEBUG   structure gststructure.c:2203:gst_structure_parse_field: trying field name 'long-name'
0:00:00.021080322  3819 0x738370 DEBUG   default gstvalue.c:2676:_priv_gst_value_parse_value: trying type name 'string'
0:00:00.021085512  3819 0x738370 DEBUG   structure gststructure.c:2203:gst_structure_parse_field: trying field name 'klass'
0:00:00.021090269  3819 0x738370 DEBUG   default gstvalue.c:2676:_priv_gst_value_parse_value: trying type name 'string'
0:00:00.021095356  3819 0x738370 DEBUG   structure gststructure.c:2203:gst_structure_parse_field: trying field name 'description'
0:00:00.021100047  3819 0x738370 DEBUG   default gstvalue.c:2676:_priv_gst_value_parse_value: trying type name 'string'
0:00:00.021105169  3819 0x738370 DEBUG   structure gststructure.c:2203:gst_structure_parse_field: trying field name 'author'
0:00:00.021109786  3819 0x738370 DEBUG   default gstvalue.c:2676:_priv_gst_value_parse_value: trying type name 'string'
0:00:00.021115115  3819 0x738370 DEBUG   GST_REGISTRY gstregistrychunks.c:626:gst_registry_chunks_load_feature: Element factory : npadtemplates=2
0:00:00.021119902  3819 0x738370 DEBUG   GST_REGISTRY gstregistrychunks.c:526:gst_registry_chunks_load_pad_template: Reading/casting for GstRegistryChunkPadTemplate at address 0x753ec0
0:00:00.021124870  3819 0x738370 DEBUG   GST_REGISTRY gstregistrychunks.c:539:gst_registry_chunks_load_pad_template: Added pad_template src_%u
0:00:00.021129588  3819 0x738370 DEBUG   GST_REGISTRY gstregistrychunks.c:526:gst_registry_chunks_load_pad_template: Reading/casting for GstRegistryChunkPadTemplate at address 0x753ed8
0:00:00.021134560  3819 0x738370 DEBUG   GST_REGISTRY gstregistrychunks.c:539:gst_registry_chunks_load_pad_template: Added pad_template sink_%u
0:00:00.021140748  3819 0x738370 DEBUG   GST_REGISTRY gstregistry.c:581:gst_registry_add_feature: replacing existing feature 0x7538c0 (multiqueue)
0:00:00.021146767  3819 0x738370 DEBUG   GST_REGISTRY gstregistry.c:590:gst_registry_add_feature: adding feature 0x7537d0 (multiqueue)
0:00:00.021151735  3819 0x738370 TRACE   GST_REFCOUNTING gstobject.c:788:gst_object_unparent: unparent
0:00:00.021157819  3819 0x738370 TRACE   GST_REFCOUNTING gstobject.c:265:gst_object_unref: 0x7538c0 unref 1->0
0:00:00.021163320  3819 0x738370 TRACE   GST_REFCOUNTING gstobject.c:381:gst_object_dispose: 0x7538c0 dispose
0:00:00.021168806  3819 0x738370 TRACE   structure gststructure.c:544:gst_structure_free: free structure 0x755a30
0:00:00.021174583  3819 0x738370 TRACE   GST_REFCOUNTING gstminiobject.c:723:gst_mini_object_replace: replace (nil) (0) with (nil) (0)
0:00:00.021184511  3819 0x738370 TRACE   GST_REFCOUNTING gstminiobject.c:723:gst_mini_object_replace: replace (nil) (0) with (nil) (0)
0:00:00.021190407  3819 0x738370 DEBUG   GST_PLUGIN_LOADING gstpluginfeature.c:67:gst_plugin_feature_finalize: finalizing feature 0x7538c0: 'multiqueue'
0:00:00.021195670  3819 0x738370 TRACE   GST_REFCOUNTING gstobject.c:423:gst_object_finalize: 0x7538c0 finalize
0:00:00.021201308  3819 0x738370 DEBUG   GST_REFCOUNTING gstobject.c:709:gst_object_set_parent: set parent (ref and sink)
0:00:00.021207184  3819 0x738370 TRACE   GST_REFCOUNTING gstobject.c:294:gst_object_ref_sink: 0x7537d0 ref_sink 1->2
0:00:00.021212594  3819 0x738370 LOG   GST_REGISTRY gstregistry.c:608:gst_registry_add_feature: emitting feature-added for multiqueue
0:00:00.021218123  3819 0x738370 DEBUG   GST_REGISTRY gstregistrychunks.c:741:gst_registry_chunks_load_feature: Added feature multiqueue, plugin 0x751ca0 coreelements
0:00:00.021223720  3819 0x738370 DEBUG   GST_REGISTRY gstregistrychunks.c:583:gst_registry_chunks_load_feature: Plugin 'coreelements' feature 'typefind' typename : 'GstElementFactory'
0:00:00.021229485  3819 0x738370 TRACE   GST_REFCOUNTING gstobject.c:208:gst_object_init: 0x7538c0 new
0:00:00.021235574  3819 0x738370 LOG   GST_REGISTRY gstregistrychunks.c:610:gst_registry_chunks_load_feature: Reading/casting for GstRegistryChunkElementFactory at address 0x753f08
0:00:00.021241088  3819 0x738370 TRACE   structure gststructure.c:287:gst_structure_new_id_empty_with_size: created structure 0x75ae20
0:00:00.021246086  3819 0x738370 DEBUG   structure gststructure.c:2203:gst_structure_parse_field: trying field name 'long-name'
0:00:00.021251217  3819 0x738370 DEBUG   default gstvalue.c:2676:_priv_gst_value_parse_value: trying type name 'string'
0:00:00.021256488  3819 0x738370 DEBUG   structure gststructure.c:2203:gst_structure_parse_field: trying field name 'klass'
0:00:00.021261207  3819 0x738370 DEBUG   default gstvalue.c:2676:_priv_gst_value_parse_value: trying type name 'string'
0:00:00.021266175  3819 0x738370 DEBUG   structure gststructure.c:2203:gst_structure_parse_field: trying field name 'description'
0:00:00.021270870  3819 0x738370 DEBUG   default gstvalue.c:2676:_priv_gst_value_parse_value: trying type name 'string'
0:00:00.021276012  3819 0x738370 DEBUG   structure gststructure.c:2203:gst_structure_parse_field: trying field name 'author'
0:00:00.021280646  3819 0x738370 DEBUG   default gstvalue.c:2676:_priv_gst_value_parse_value: trying type name 'string'
0:00:00.021285972  3819 0x738370 DEBUG   GST_REGISTRY gstregistrychunks.c:626:gst_registry_chunks_load_feature: Element factory : npadtemplates=2
0:00:00.021290812  3819 0x738370 DEBUG   GST_REGISTRY gstregistrychunks.c:526:gst_registry_chunks_load_pad_template: Reading/casting for GstRegistryChunkPadTemplate at address 0x753fe0
0:00:00.021295852  3819 0x738370 DEBUG   GST_REGISTRY gstregistrychunks.c:539:gst_registry_chunks_load_pad_template: Added pad_template sink
0:00:00.021304526  3819 0x738370 DEBUG   GST_REGISTRY gstregistrychunks.c:526:gst_registry_chunks_load_pad_template: Reading/casting for GstRegistryChunkPadTemplate at address 0x753ff8
0:00:00.021309537  3819 0x738370 DEBUG   GST_REGISTRY gstregistrychunks.c:539:gst_registry_chunks_load_pad_template: Added pad_template src
0:00:00.021315665  3819 0x738370 DEBUG   GST_REGISTRY gstregistry.c:581:gst_registry_add_feature: replacing existing feature 0x755b60 (typefind)
0:00:00.021321618  3819 0x738370 DEBUG   GST_REGISTRY gstregistry.c:590:gst_registry_add_feature: adding feature 0x7538c0 (typefind)
0:00:00.021326536  3819 0x738370 TRACE   GST_REFCOUNTING gstobject.c:788:gst_object_unparent: unparent
0:00:00.021332638  3819 0x738370 TRACE   GST_REFCOUNTING gstobject.c:265:gst_object_unref: 0x755b60 unref 1->0
0:00:00.021338200  3819 0x738370 TRACE   GST_REFCOUNTING gstobject.c:381:gst_object_dispose: 0x755b60 dispose
0:00:00.021343801  3819 0x738370 TRACE   structure gststructure.c:544:gst_structure_free: free structure 0x755db0
0:00:00.021349472  3819 0x738370 TRACE   GST_REFCOUNTING gstminiobject.c:723:gst_mini_object_replace: replace (nil) (0) with (nil) (0)
0:00:00.021373731  3819 0x738370 TRACE   GST_REFCOUNTING gstminiobject.c:723:gst_mini_object_replace: replace (nil) (0) with (nil) (0)
0:00:00.021380415  3819 0x738370 DEBUG   GST_PLUGIN_LOADING gstpluginfeature.c:67:gst_plugin_feature_finalize: finalizing feature 0x755b60: 'typefind'
0:00:00.021386499  3819 0x738370 TRACE   GST_REFCOUNTING gstobject.c:423:gst_object_finalize: 0x755b60 finalize
0:00:00.021392442  3819 0x738370 DEBUG   GST_REFCOUNTING gstobject.c:709:gst_object_set_parent: set parent (ref and sink)
0:00:00.021398854  3819 0x738370 TRACE   GST_REFCOUNTING gstobject.c:294:gst_object_ref_sink: 0x7538c0 ref_sink 1->2
0:00:00.021404817  3819 0x738370 LOG   GST_REGISTRY gstregistry.c:608:gst_registry_add_feature: emitting feature-added for typefind
0:00:00.021410849  3819 0x738370 DEBUG   GST_REGISTRY gstregistrychunks.c:741:gst_registry_chunks_load_feature: Added feature typefind, plugin 0x751ca0 coreelements
0:00:00.021416821  3819 0x738370 DEBUG   GST_REGISTRY gstregistrychunks.c:583:gst_registry_chunks_load_feature: Plugin 'coreelements' feature 'tee' typename : 'GstElementFactory'
0:00:00.021423117  3819 0x738370 TRACE   GST_REFCOUNTING gstobject.c:208:gst_object_init: 0x755b20 new
0:00:00.021429506  3819 0x738370 LOG   GST_REGISTRY gstregistrychunks.c:610:gst_registry_chunks_load_feature: Reading/casting for GstRegistryChunkElementFactory at address 0x754020
0:00:00.021435761  3819 0x738370 TRACE   structure gststructure.c:287:gst_structure_new_id_empty_with_size: created structure 0x75af50
0:00:00.021441244  3819 0x738370 DEBUG   structure gststructure.c:2203:gst_structure_parse_field: trying field name 'long-name'
0:00:00.021450451  3819 0x738370 DEBUG   default gstvalue.c:2676:_priv_gst_value_parse_value: trying type name 'string'
0:00:00.021456400  3819 0x738370 DEBUG   structure gststructure.c:2203:gst_structure_parse_field: trying field name 'klass'
0:00:00.021461619  3819 0x738370 DEBUG   default gstvalue.c:2676:_priv_gst_value_parse_value: trying type name 'string'
0:00:00.021466947  3819 0x738370 DEBUG   structure gststructure.c:2203:gst_structure_parse_field: trying field name 'description'
0:00:00.021472087  3819 0x738370 DEBUG   default gstvalue.c:2676:_priv_gst_value_parse_value: trying type name 'string'
0:00:00.021477491  3819 0x738370 DEBUG   structure gststructure.c:2203:gst_structure_parse_field: trying field name 'author'
0:00:00.021482462  3819 0x738370 DEBUG   default gstvalue.c:2676:_priv_gst_value_parse_value: trying type name 'string'
0:00:00.021488452  3819 0x738370 DEBUG   GST_REGISTRY gstregistrychunks.c:626:gst_registry_chunks_load_feature: Element factory : npadtemplates=2
0:00:00.021493662  3819 0x738370 DEBUG   GST_REGISTRY gstregistrychunks.c:526:gst_registry_chunks_load_pad_template: Reading/casting for GstRegistryChunkPadTemplate at address 0x754110
0:00:00.021498881  3819 0x738370 DEBUG   GST_REGISTRY gstregistrychunks.c:539:gst_registry_chunks_load_pad_template: Added pad_template src_%u
0:00:00.021503901  3819 0x738370 DEBUG   GST_REGISTRY gstregistrychunks.c:526:gst_registry_chunks_load_pad_template: Reading/casting for GstRegistryChunkPadTemplate at address 0x754128
0:00:00.021509074  3819 0x738370 DEBUG   GST_REGISTRY gstregistrychunks.c:539:gst_registry_chunks_load_pad_template: Added pad_template sink
0:00:00.021515887  3819 0x738370 DEBUG   GST_REGISTRY gstregistry.c:581:gst_registry_add_feature: replacing existing feature 0x755f30 (tee)
0:00:00.021522214  3819 0x738370 DEBUG   GST_REGISTRY gstregistry.c:590:gst_registry_add_feature: adding feature 0x755b20 (tee)
0:00:00.021527543  3819 0x738370 TRACE   GST_REFCOUNTING gstobject.c:788:gst_object_unparent: unparent
0:00:00.021534162  3819 0x738370 TRACE   GST_REFCOUNTING gstobject.c:265:gst_object_unref: 0x755f30 unref 1->0
0:00:00.021540161  3819 0x738370 TRACE   GST_REFCOUNTING gstobject.c:381:gst_object_dispose: 0x755f30 dispose
0:00:00.021546071  3819 0x738370 TRACE   structure gststructure.c:544:gst_structure_free: free structure 0x756190
0:00:00.021552204  3819 0x738370 TRACE   GST_REFCOUNTING gstminiobject.c:723:gst_mini_object_replace: replace (nil) (0) with (nil) (0)
0:00:00.021558789  3819 0x738370 TRACE   GST_REFCOUNTING gstminiobject.c:723:gst_mini_object_replace: replace (nil) (0) with (nil) (0)
0:00:00.021564834  3819 0x738370 DEBUG   GST_PLUGIN_LOADING gstpluginfeature.c:67:gst_plugin_feature_finalize: finalizing feature 0x755f30: 'tee'
0:00:00.021570394  3819 0x738370 TRACE   GST_REFCOUNTING gstobject.c:423:gst_object_finalize: 0x755f30 finalize
0:00:00.021576087  3819 0x738370 DEBUG   GST_REFCOUNTING gstobject.c:709:gst_object_set_parent: set parent (ref and sink)
0:00:00.021591797  3819 0x738370 TRACE   GST_REFCOUNTING gstobject.c:294:gst_object_ref_sink: 0x755b20 ref_sink 1->2
0:00:00.021597984  3819 0x738370 LOG   GST_REGISTRY gstregistry.c:608:gst_registry_add_feature: emitting feature-added for tee
0:00:00.021604612  3819 0x738370 DEBUG   GST_REGISTRY gstregistrychunks.c:741:gst_registry_chunks_load_feature: Added feature tee, plugin 0x751ca0 coreelements
0:00:00.021610721  3819 0x738370 DEBUG   GST_REGISTRY gstregistrychunks.c:583:gst_registry_chunks_load_feature: Plugin 'coreelements' feature 'filesink' typename : 'GstElementFactory'
0:00:00.021616887  3819 0x738370 TRACE   GST_REFCOUNTING gstobject.c:208:gst_object_init: 0x755f30 new
0:00:00.021623394  3819 0x738370 LOG   GST_REGISTRY gstregistrychunks.c:610:gst_registry_chunks_load_feature: Reading/casting for GstRegistryChunkElementFactory at address 0x754158
0:00:00.021656684  3819 0x738370 TRACE   structure gststructure.c:287:gst_structure_new_id_empty_with_size: created structure 0x756190
0:00:00.021665670  3819 0x738370 DEBUG   structure gststructure.c:2203:gst_structure_parse_field: trying field name 'long-name'
0:00:00.021672156  3819 0x738370 DEBUG   default gstvalue.c:2676:_priv_gst_value_parse_value: trying type name 'string'
0:00:00.021677852  3819 0x738370 DEBUG   structure gststructure.c:2203:gst_structure_parse_field: trying field name 'klass'
0:00:00.021682564  3819 0x738370 DEBUG   default gstvalue.c:2676:_priv_gst_value_parse_value: trying type name 'string'
0:00:00.021687627  3819 0x738370 DEBUG   structure gststructure.c:2203:gst_structure_parse_field: trying field name 'description'
0:00:00.021692270  3819 0x738370 DEBUG   default gstvalue.c:2676:_priv_gst_value_parse_value: trying type name 'string'
0:00:00.021697476  3819 0x738370 DEBUG   structure gststructure.c:2203:gst_structure_parse_field: trying field name 'author'
0:00:00.021702222  3819 0x738370 DEBUG   default gstvalue.c:2676:_priv_gst_value_parse_value: trying type name 'string'
0:00:00.021707702  3819 0x738370 DEBUG   GST_REGISTRY gstregistrychunks.c:626:gst_registry_chunks_load_feature: Element factory : npadtemplates=1
0:00:00.021712586  3819 0x738370 DEBUG   GST_REGISTRY gstregistrychunks.c:526:gst_registry_chunks_load_pad_template: Reading/casting for GstRegistryChunkPadTemplate at address 0x754238
0:00:00.021717511  3819 0x738370 DEBUG   GST_REGISTRY gstregistrychunks.c:539:gst_registry_chunks_load_pad_template: Added pad_template sink
0:00:00.021723240  3819 0x738370 DEBUG   GST_REGISTRY gstregistrychunks.c:639:gst_registry_chunks_load_feature: Reading 1 UriTypes at address 0x754249
