******************************************************************************** conan test cci-7a296ad7/recipes/gstreamer/all/test_package/conanfile.py gstreamer/1.18.3@#731e4de6d8fa997fd5fa80ca1dd1e1bf -pr /home/conan/w/prod/BuildSingleReference/236125/a480b50d-159a-4163-860e-7b66d0e2f281/profile_linux_13_libstdcpp_clang_release_64.gstreamer-shared-True.txt -c tools.system.package_manager:mode=install -c tools.system.package_manager:sudo=True ******************************************************************************** Configuration: [settings] arch=x86_64 build_type=Release compiler=clang compiler.libcxx=libstdc++ compiler.version=13 os=Linux [options] gstreamer:shared=True [build_requires] [env] [conf] tools.system.package_manager:mode=install tools.system.package_manager:sudo=True gstreamer/1.18.3 (test package): Installing package Requirements bzip2/1.0.8 from 'conan-center' - Cache glib/2.76.2 from 'conan-center' - Cache gstreamer/1.18.3 from local cache - Cache libelf/0.8.13 from 'conan-center' - Cache libffi/3.4.4 from 'conan-center' - Cache libmount/2.36.2 from 'conan-center' - Cache libselinux/3.3 from 'conan-center' - Cache pcre2/10.42 from 'conan-center' - Cache zlib/1.2.13 from 'conan-center' - Cache Packages bzip2/1.0.8:1718811d87d80de7c9031968965934b738936751 - Cache glib/2.76.2:f0629bc4d4cb1657c54119b77118c0f5b84ccca2 - Cache gstreamer/1.18.3:7935acf34602213af1e3939e2637ba8a4da1774a - Cache libelf/0.8.13:63c2a85d57849e261f98f935b93ecac31ba71b84 - Cache libffi/3.4.4:63c2a85d57849e261f98f935b93ecac31ba71b84 - Cache libmount/2.36.2:63c2a85d57849e261f98f935b93ecac31ba71b84 - Cache libselinux/3.3:a7fea9711f468991f0cf9fa6dafae31f37b5f629 - Cache pcre2/10.42:72e418e535172257d605303061c403b7f485466e - Cache zlib/1.2.13:63c2a85d57849e261f98f935b93ecac31ba71b84 - Cache Installing (downloading, building) binaries... bzip2/1.0.8: Already installed! libelf/0.8.13: Already installed! libffi/3.4.4: Already installed! libmount/2.36.2: Already installed! zlib/1.2.13: Already installed! pcre2/10.42: Already installed! pcre2/10.42: Appending PATH environment variable: /home/conan/w/prod/BuildSingleReference/.conan/data/pcre2/10.42/_/_/package/72e418e535172257d605303061c403b7f485466e/bin libselinux/3.3: Already installed! glib/2.76.2: Already installed! gstreamer/1.18.3: Already installed! gstreamer/1.18.3: Appending GST_PLUGIN_PATH env var : /home/conan/w/prod/BuildSingleReference/.conan/data/gstreamer/1.18.3/_/_/package/7935acf34602213af1e3939e2637ba8a4da1774a/lib/gstreamer-1.0 gstreamer/1.18.3: Creating GSTREAMER_ROOT env var : /home/conan/w/prod/BuildSingleReference/.conan/data/gstreamer/1.18.3/_/_/package/7935acf34602213af1e3939e2637ba8a4da1774a gstreamer/1.18.3: Creating GST_PLUGIN_SCANNER env var : /home/conan/w/prod/BuildSingleReference/.conan/data/gstreamer/1.18.3/_/_/package/7935acf34602213af1e3939e2637ba8a4da1774a/bin/gstreamer-1.0/gst-plugin-scanner gstreamer/1.18.3: Creating GSTREAMER_ROOT_X86_64 env var : /home/conan/w/prod/BuildSingleReference/.conan/data/gstreamer/1.18.3/_/_/package/7935acf34602213af1e3939e2637ba8a4da1774a gstreamer/1.18.3 (test package): Generator txt created conanbuildinfo.txt gstreamer/1.18.3 (test package): Calling generate() gstreamer/1.18.3 (test package): Preset 'release' added to CMakePresets.json. Invoke it manually using 'cmake --preset release' gstreamer/1.18.3 (test package): If your CMake version is not compatible with CMakePresets (<3.19) call cmake like: 'cmake -G "Unix Makefiles" -DCMAKE_TOOLCHAIN_FILE=/home/conan/w/prod/BuildSingleReference/cci-7a296ad7/recipes/gstreamer/all/test_package/build/Release/generators/conan_toolchain.cmake -DCMAKE_POLICY_DEFAULT_CMP0091=NEW -DCMAKE_BUILD_TYPE=Release' gstreamer/1.18.3 (test package): Aggregating env generators gstreamer/1.18.3 (test package): Generated conaninfo.txt gstreamer/1.18.3 (test package): Generated graphinfo Using lockfile: '/home/conan/w/prod/BuildSingleReference/cci-7a296ad7/recipes/gstreamer/all/test_package/build/Release/generators/conan.lock' Using cached profile from lockfile [HOOK - conan-center.py] pre_build(): [FPIC MANAGEMENT (KB-H007)] 'fPIC' option not found [HOOK - conan-center.py] pre_build(): [FPIC MANAGEMENT (KB-H007)] OK gstreamer/1.18.3 (test package): Calling build() gstreamer/1.18.3 (test package): CMake command: cmake -G "Unix Makefiles" -DCMAKE_TOOLCHAIN_FILE="/home/conan/w/prod/BuildSingleReference/cci-7a296ad7/recipes/gstreamer/all/test_package/build/Release/generators/conan_toolchain.cmake" -DCMAKE_POLICY_DEFAULT_CMP0091="NEW" -DCMAKE_BUILD_TYPE="Release" "/home/conan/w/prod/BuildSingleReference/cci-7a296ad7/recipes/gstreamer/all/test_package/." ----Running------ > cmake -G "Unix Makefiles" -DCMAKE_TOOLCHAIN_FILE="/home/conan/w/prod/BuildSingleReference/cci-7a296ad7/recipes/gstreamer/all/test_package/build/Release/generators/conan_toolchain.cmake" -DCMAKE_POLICY_DEFAULT_CMP0091="NEW" -DCMAKE_BUILD_TYPE="Release" "/home/conan/w/prod/BuildSingleReference/cci-7a296ad7/recipes/gstreamer/all/test_package/." ----------------- -- Using Conan toolchain: /home/conan/w/prod/BuildSingleReference/cci-7a296ad7/recipes/gstreamer/all/test_package/build/Release/generators/conan_toolchain.cmake -- The C compiler identification is Clang 13.0.0 -- Check for working C compiler: /usr/local/bin/clang -- Check for working C compiler: /usr/local/bin/clang -- works -- Detecting C compiler ABI info -- Detecting C compiler ABI info - done -- Detecting C compile features -- Detecting C compile features - done -- Conan: Component target declared 'gstreamer::gstreamer-1.0' -- Conan: Component target declared 'gstreamer::gstreamer-base-1.0' -- Conan: Component target declared 'gstreamer::gstreamer-controller-1.0' -- Conan: Component target declared 'gstreamer::gstreamer-net-1.0' -- Conan: Component target declared 'gstreamer::gstreamer-check-1.0' -- Conan: Target declared 'gstreamer::gstreamer' -- Conan: Component target declared 'glib::glib-2.0' -- Conan: Component target declared 'glib::gmodule-no-export-2.0' -- Conan: Component target declared 'glib::gmodule-export-2.0' -- Conan: Component target declared 'glib::gmodule-2.0' -- Conan: Component target declared 'glib::gobject-2.0' -- Conan: Component target declared 'glib::gthread-2.0' -- Conan: Component target declared 'glib::gio-2.0' -- Conan: Component target declared 'glib::gresource' -- Conan: Component target declared 'glib::gio-unix-2.0' -- Conan: Target declared 'glib::glib' -- Conan: Component target declared 'PCRE2::8BIT' -- Conan: Component target declared 'PCRE2::POSIX' -- Conan: Component target declared 'PCRE2::16BIT' -- Conan: Component target declared 'PCRE2::32BIT' -- Conan: Target declared 'pcre2::pcre2' -- Conan: Target declared 'ZLIB::ZLIB' -- Conan: Target declared 'BZip2::BZip2' -- Conan: Including build module from '/home/conan/w/prod/BuildSingleReference/.conan/data/bzip2/1.0.8/_/_/package/1718811d87d80de7c9031968965934b738936751/lib/cmake/conan-official-bzip2-variables.cmake' -- Conan: Target declared 'libffi::libffi' -- Conan: Target declared 'libmount::libmount' -- Conan: Component target declared 'libselinux::sepol' -- Conan: Component target declared 'libselinux::selinux' -- Conan: Target declared 'libselinux::libselinux' -- Conan: Target declared 'libelf::libelf' -- Found PkgConfig: /usr/bin/pkg-config (found version "0.29.1") -- Checking for module 'gstreamer-1.0' -- Found gstreamer-1.0, version 1.18.3 -- Checking for module 'gstreamer-base-1.0' -- Found gstreamer-base-1.0, version 1.18.3 -- Checking for module 'gstreamer-controller-1.0' -- Found gstreamer-controller-1.0, version 1.18.3 -- Checking for module 'gstreamer-net-1.0' -- Found gstreamer-net-1.0, version 1.18.3 -- Checking for module 'gstreamer-check-1.0' -- Found gstreamer-check-1.0, version 1.18.3 -- Checking for module 'gstcoreelements' -- No package 'gstcoreelements' found -- Configuring done -- Generating done -- Build files have been written to: /home/conan/w/prod/BuildSingleReference/cci-7a296ad7/recipes/gstreamer/all/test_package/build/Release gstreamer/1.18.3 (test package): CMake command: cmake --build "/home/conan/w/prod/BuildSingleReference/cci-7a296ad7/recipes/gstreamer/all/test_package/build/Release" '--' '-j3' ----Running------ > cmake --build "/home/conan/w/prod/BuildSingleReference/cci-7a296ad7/recipes/gstreamer/all/test_package/build/Release" '--' '-j3' ----------------- Scanning dependencies of target test_package [ 50%] Building C object CMakeFiles/test_package.dir/test_package.c.o [100%] Linking C executable test_package [100%] Built target test_package gstreamer/1.18.3 (test package): Running test() ----Running------ > . "/home/conan/w/prod/BuildSingleReference/cci-7a296ad7/recipes/gstreamer/all/test_package/build/Release/generators/conanrun.sh" && timeout --kill-after=10s 5s ./test_package ----------------- GStreamer version: GStreamer 1.18.3 fakesink has been created successfully fakesrc has been created successfully CMake Warning: Manually-specified variables were not used by the project: CMAKE_POLICY_DEFAULT_CMP0091
0:00:00.000105844  3819 0x738370 INFO   GST_INIT gst.c:586:init_pre: Initializing GStreamer Core Library version 1.18.3
0:00:00.000155512  3819 0x738370 INFO   GST_INIT gst.c:587:init_pre: Using library installed in /home/conan/w/prod/BuildSingleReference/.conan/data/gstreamer/1.18.3/_/_/package/7935acf34602213af1e3939e2637ba8a4da1774a/lib
0:00:00.000169786  3819 0x738370 INFO   GST_INIT gst.c:607:init_pre: Linux jnlp-linux-clang-13-ubuntu16.04-1.59.0-n417z 5.10.162+ #1 SMP Wed Mar 1 09:59:00 UTC 2023 x86_64
0:00:00.000260414  3819 0x738370 DEBUG   GST_MEMORY gstallocator.c:589:_priv_gst_allocator_initialize: memory alignment: 7
0:00:00.000373322  3819 0x738370 TRACE   GST_REFCOUNTING gstobject.c:208:gst_object_init: 0x73af10 new
0:00:00.000381760  3819 0x738370 DEBUG   GST_MEMORY gstallocator.c:565:gst_allocator_sysmem_init: init allocator 0x73af10
0:00:00.000406001  3819 0x738370 TRACE   GST_REFCOUNTING gstobject.c:294:gst_object_ref_sink: 0x73af10 ref_sink 1->2
0:00:00.000416276  3819 0x738370 TRACE   GST_REFCOUNTING gstobject.c:238:gst_object_ref: 0x73af10 ref 1->2
0:00:00.000424568  3819 0x738370 DEBUG   GST_MEMORY gstallocator.c:207:gst_allocator_register: registering allocator 0x73af10 with name "SystemMemory"
0:00:00.000434145  3819 0x738370 TRACE   GST_REFCOUNTING gstobject.c:238:gst_object_ref: 0x73af10 ref 2->3
0:00:00.000480159  3819 0x738370 TRACE   GST_CAPS gstcaps.c:263:gst_caps_new_empty: created caps 0x734b60
0:00:00.000487214  3819 0x738370 TRACE   GST_CAPS gstcaps.c:263:gst_caps_new_empty: created caps 0x734be0
0:00:00.000502797  3819 0x738370 TRACE   caps-features gstcapsfeatures.c:191:gst_caps_features_new_empty: created caps features 0x733d00
0:00:00.000513262  3819 0x738370 TRACE   caps-features gstcapsfeatures.c:191:gst_caps_features_new_empty: created caps features 0x734e70
0:00:00.000526011  3819 0x738370 INFO   GST_INIT gstmessage.c:129:_priv_gst_message_initialize: init messages
0:00:00.000600197  3819 0x738370 TRACE   structure gststructure.c:287:gst_structure_new_id_empty_with_size: created structure 0x73e9c0
0:00:00.000610656  3819 0x738370 DEBUG   GST_ELEMENT_PADS gstelement.c:312:gst_element_base_class_init: type GstElement : factory (nil)
0:00:00.000669641  3819 0x738370 TRACE   structure gststructure.c:287:gst_structure_new_id_empty_with_size: created structure 0x73fac0
0:00:00.000677974  3819 0x738370 TRACE   GST_PERFORMANCE gststructure.c:509:gst_structure_copy: doing copy 0x73e9c0 -> 0x73fac0
0:00:00.000684692  3819 0x738370 DEBUG   GST_ELEMENT_PADS gstelement.c:312:gst_element_base_class_init: type GstBin : factory (nil)
0:00:00.001054483  3819 0x738370 INFO   GST_INIT gstcontext.c:85:_priv_gst_context_initialize: init contexts
0:00:00.001246191  3819 0x738370 INFO   GST_PLUGIN_LOADING gstplugin.c:325:_priv_gst_plugin_initialize: registering 0 static plugins
0:00:00.001266743  3819 0x738370 LOG   GST_PLUGIN_LOADING gstplugin.c:230:gst_plugin_register_static: attempting to load static plugin "staticelements" now...
0:00:00.001278115  3819 0x738370 TRACE   GST_REFCOUNTING gstobject.c:208:gst_object_init: 0x74f850 new
0:00:00.001288157  3819 0x738370 LOG   GST_PLUGIN_LOADING gstplugin.c:514:gst_plugin_register_func: plugin "(NULL)" looks good
0:00:00.001304975  3819 0x738370 TRACE   GST_REFCOUNTING gstobject.c:208:gst_object_init: 0x74fd10 new
0:00:00.001316634  3819 0x738370 TRACE   GST_REFCOUNTING gstobject.c:294:gst_object_ref_sink: 0x74fd10 ref_sink 1->2
0:00:00.001323813  3819 0x738370 TRACE   GST_REFCOUNTING gstobject.c:208:gst_object_init: 0x74fed0 new
0:00:00.001332509  3819 0x738370 LOG   GST_ELEMENT_FACTORY gstelementfactory.c:238:gst_element_register: Created new elementfactory for type GstBin
0:00:00.001340167  3819 0x738370 TRACE   structure gststructure.c:287:gst_structure_new_id_empty_with_size: created structure 0x750130
0:00:00.001346759  3819 0x738370 TRACE   GST_PERFORMANCE gststructure.c:509:gst_structure_copy: doing copy 0x73fac0 -> 0x750130
0:00:00.001358845  3819 0x738370 DEBUG   GST_REGISTRY gstregistry.c:590:gst_registry_add_feature: adding feature 0x74fed0 (bin)
0:00:00.001365848  3819 0x738370 DEBUG   GST_REFCOUNTING gstobject.c:709:gst_object_set_parent: set parent (ref and sink)
0:00:00.001372649  3819 0x738370 TRACE   GST_REFCOUNTING gstobject.c:294:gst_object_ref_sink: 0x74fed0 ref_sink 1->2
0:00:00.001378415  3819 0x738370 LOG   GST_REGISTRY gstregistry.c:608:gst_registry_add_feature: emitting feature-added for bin
0:00:00.001388734  3819 0x738370 TRACE   GST_REFCOUNTING gstobject.c:208:gst_object_init: 0x750490 new
0:00:00.001396486  3819 0x738370 LOG   GST_ELEMENT_FACTORY gstelementfactory.c:238:gst_element_register: Created new elementfactory for type GstPipeline
0:00:00.001403187  3819 0x738370 TRACE   structure gststructure.c:287:gst_structure_new_id_empty_with_size: created structure 0x750970
0:00:00.001409075  3819 0x738370 TRACE   GST_PERFORMANCE gststructure.c:509:gst_structure_copy: doing copy 0x73fac0 -> 0x750970
0:00:00.001415260  3819 0x738370 DEBUG   GST_ELEMENT_PADS gstelement.c:312:gst_element_base_class_init: type GstPipeline : factory 0x750490
0:00:00.001433568  3819 0x738370 TRACE   structure gststructure.c:287:gst_structure_new_id_empty_with_size: created structure 0x7406a0
0:00:00.001439273  3819 0x738370 TRACE   GST_PERFORMANCE gststructure.c:509:gst_structure_copy: doing copy 0x750970 -> 0x7406a0
0:00:00.001445934  3819 0x738370 DEBUG   GST_REGISTRY gstregistry.c:590:gst_registry_add_feature: adding feature 0x750490 (pipeline)
0:00:00.001451111  3819 0x738370 DEBUG   GST_REFCOUNTING gstobject.c:709:gst_object_set_parent: set parent (ref and sink)
0:00:00.001457427  3819 0x738370 TRACE   GST_REFCOUNTING gstobject.c:294:gst_object_ref_sink: 0x750490 ref_sink 1->2
0:00:00.001468368  3819 0x738370 LOG   GST_REGISTRY gstregistry.c:608:gst_registry_add_feature: emitting feature-added for pipeline
0:00:00.001473679  3819 0x738370 LOG   GST_PLUGIN_LOADING gstplugin.c:541:gst_plugin_register_func: plugin "(NULL)" initialised
0:00:00.001478826  3819 0x738370 INFO   GST_PLUGIN_LOADING gstplugin.c:233:gst_plugin_register_static: registered static plugin "staticelements"
0:00:00.001485121  3819 0x738370 DEBUG   GST_REGISTRY gstregistry.c:474:gst_registry_add_plugin: adding plugin 0x74f850 for filename "(NULL)"
0:00:00.001491237  3819 0x738370 TRACE   GST_REFCOUNTING gstobject.c:294:gst_object_ref_sink: 0x74f850 ref_sink 1->2
0:00:00.001496857  3819 0x738370 LOG   GST_REGISTRY gstregistry.c:487:gst_registry_add_plugin: emitting plugin-added for filename "(NULL)"
0:00:00.001502878  3819 0x738370 INFO   GST_PLUGIN_LOADING gstplugin.c:235:gst_plugin_register_static: added static plugin "staticelements", result: 1
0:00:00.001522468  3819 0x738370 INFO   GST_REGISTRY gstregistry.c:1755:ensure_current_registry: reading registry cache: /home/conan/.cache/gstreamer-1.0/registry.x86_64.bin
0:00:00.001664027  3819 0x738370 INFO   GST_REGISTRY gstregistrybinary.c:584:priv_gst_registry_binary_read_cache: Unable to mmap file /home/conan/.cache/gstreamer-1.0/registry.x86_64.bin : Failed to open file “/home/conan/.cache/gstreamer-1.0/registry.x86_64.bin”: open() failed: No such file or directory
0:00:00.001684597  3819 0x738370 INFO   GST_REGISTRY gstregistrybinary.c:594:priv_gst_registry_binary_read_cache: Unable to read file /home/conan/.cache/gstreamer-1.0/registry.x86_64.bin : Failed to open file “/home/conan/.cache/gstreamer-1.0/registry.x86_64.bin”: No such file or directory
0:00:00.001692345  3819 0x738370 DEBUG   GST_REGISTRY gstregistry.c:1783:ensure_current_registry: Updating registry cache
0:00:00.001698093  3819 0x738370 INFO   GST_REGISTRY gstregistry.c:1614:scan_and_update_registry: Validating plugins from registry cache: /home/conan/.cache/gstreamer-1.0/registry.x86_64.bin
0:00:00.001703634  3819 0x738370 DEBUG   GST_REGISTRY gstregistry.c:1624:scan_and_update_registry: scanning paths added via --gst-plugin-path
0:00:00.001710235  3819 0x738370 DEBUG   GST_REGISTRY gstregistry.c:1640:scan_and_update_registry: GST_PLUGIN_PATH set to /home/conan/w/prod/BuildSingleReference/.conan/data/gstreamer/1.18.3/_/_/package/7935acf34602213af1e3939e2637ba8a4da1774a/lib/gstreamer-1.0
0:00:00.001717897  3819 0x738370 DEBUG   GST_REGISTRY gstregistry.c:1380:gst_registry_scan_path_internal: scanning path /home/conan/w/prod/BuildSingleReference/.conan/data/gstreamer/1.18.3/_/_/package/7935acf34602213af1e3939e2637ba8a4da1774a/lib/gstreamer-1.0
0:00:00.001760464  3819 0x738370 LOG   GST_REGISTRY gstregistry.c:1300:gst_registry_scan_path_level: file /home/conan/w/prod/BuildSingleReference/.conan/data/gstreamer/1.18.3/_/_/package/7935acf34602213af1e3939e2637ba8a4da1774a/lib/gstreamer-1.0/libgstcoretracers.so looks like a possible module
0:00:00.001767387  3819 0x738370 DEBUG   GST_REGISTRY gstregistry.c:1361:gst_registry_scan_path_level: file /home/conan/w/prod/BuildSingleReference/.conan/data/gstreamer/1.18.3/_/_/package/7935acf34602213af1e3939e2637ba8a4da1774a/lib/gstreamer-1.0/libgstcoretracers.so not yet in registry
0:00:00.001778767  3819 0x738370 DEBUG   GST_REGISTRY gstregistry.c:1161:gst_registry_scan_plugin_file: Starting plugin scanner for file /home/conan/w/prod/BuildSingleReference/.conan/data/gstreamer/1.18.3/_/_/package/7935acf34602213af1e3939e2637ba8a4da1774a/lib/gstreamer-1.0/libgstcoretracers.so
0:00:00.001785807  3819 0x738370 TRACE   GST_REFCOUNTING gstobject.c:238:gst_object_ref: 0x74fd10 ref 1->2
0:00:00.001798765  3819 0x738370 DEBUG   GST_POLL gstpoll.c:681:gst_poll_new: 0x751b80: new controllable : 0
0:00:00.001819881  3819 0x738370 DEBUG   GST_POLL gstpoll.c:848:gst_poll_add_fd_unlocked: 0x751b80: fd (fd:4, idx:0)
0:00:00.001828705  3819 0x738370 DEBUG   GST_POLL gstpoll.c:1015:gst_poll_fd_ctl_read_unlocked: 0x751b80: fd (fd:4, idx:0), active : 1
0:00:00.001834798  3819 0x738370 DEBUG   GST_REGISTRY gstregistry.c:1172:gst_registry_scan_plugin_file: Using scan-helper to load plugin /home/conan/w/prod/BuildSingleReference/.conan/data/gstreamer/1.18.3/_/_/package/7935acf34602213af1e3939e2637ba8a4da1774a/lib/gstreamer-1.0/libgstcoretracers.so
0:00:00.001841765  3819 0x738370 LOG   GST_PLUGIN_LOADING gstpluginloader.c:474:gst_plugin_loader_spawn: Trying GST_PLUGIN_SCANNER env var: /home/conan/w/prod/BuildSingleReference/.conan/data/gstreamer/1.18.3/_/_/package/7935acf34602213af1e3939e2637ba8a4da1774a/bin/gstreamer-1.0/gst-plugin-scanner
0:00:00.001848289  3819 0x738370 LOG   GST_PLUGIN_LOADING gstpluginloader.c:432:gst_plugin_loader_try_helper: Trying to spawn gst-plugin-scanner helper at /home/conan/w/prod/BuildSingleReference/.conan/data/gstreamer/1.18.3/_/_/package/7935acf34602213af1e3939e2637ba8a4da1774a/bin/gstreamer-1.0/gst-plugin-scanner
0:00:00.002695351  3819 0x738370 DEBUG   GST_POLL gstpoll.c:848:gst_poll_add_fd_unlocked: 0x751b80: fd (fd:7, idx:-1)
0:00:00.002713751  3819 0x738370 DEBUG   GST_POLL gstpoll.c:848:gst_poll_add_fd_unlocked: 0x751b80: fd (fd:8, idx:-1)
0:00:00.002719990  3819 0x738370 DEBUG   GST_POLL gstpoll.c:1015:gst_poll_fd_ctl_read_unlocked: 0x751b80: fd (fd:8, idx:2), active : 1
0:00:00.002725939  3819 0x738370 DEBUG   GST_POLL gstpoll.c:980:gst_poll_fd_ctl_write: 0x751b80: fd (fd:7, idx:1), active : 1
0:00:00.002731996  3819 0x738370 LOG   GST_POLL gstpoll.c:994:gst_poll_fd_ctl_write: 0x751b80: pfd->events now 60 (POLLOUT:4)
0:00:00.002738366  3819 0x738370 DEBUG   GST_POLL gstpoll.c:980:gst_poll_fd_ctl_write: 0x751b80: fd (fd:7, idx:1), active : 1
0:00:00.002744016  3819 0x738370 LOG   GST_POLL gstpoll.c:994:gst_poll_fd_ctl_write: 0x751b80: pfd->events now 60 (POLLOUT:4)
0:00:00.002751570  3819 0x738370 DEBUG   GST_POLL gstpoll.c:1414:gst_poll_wait: 0x751b80: timeout :0:00:01.000000000
0:00:00.002767388  3819 0x738370 LOG   GST_PLUGIN_LOADING gstpluginloader.c:1028:exchange_packets: Poll res = 1. 24 bytes pending for write
0:00:00.002774216  3819 0x738370 DEBUG   GST_POLL gstpoll.c:1241:gst_poll_fd_has_error: 0x751b80: fd (fd:8, idx:2) 0
0:00:00.002779863  3819 0x738370 DEBUG   GST_POLL gstpoll.c:1266:gst_poll_fd_can_read_unlocked: 0x751b80: fd (fd:8, idx:2) 0
0:00:00.002790762  3819 0x738370 DEBUG   GST_POLL gstpoll.c:1195:gst_poll_fd_has_closed: 0x751b80: fd (fd:8, idx:2) 0
0:00:00.002796304  3819 0x738370 DEBUG   GST_POLL gstpoll.c:1241:gst_poll_fd_has_error: 0x751b80: fd (fd:7, idx:1) 0
0:00:00.002801665  3819 0x738370 DEBUG   GST_POLL gstpoll.c:1335:gst_poll_fd_can_write: 0x751b80: fd (fd:7, idx:1) 1
0:00:00.002807277  3819 0x738370 LOG   GST_PLUGIN_LOADING gstpluginloader.c:690:write_one: Writing packet of size 12 bytes to fd 7
0:00:00.002818614  3819 0x738370 DEBUG   GST_POLL gstpoll.c:1414:gst_poll_wait: 0x751b80: timeout :0:00:01.000000000
0:00:00.002826048  3819 0x738370 LOG   GST_PLUGIN_LOADING gstpluginloader.c:1028:exchange_packets: Poll res = 1. 12 bytes pending for write
0:00:00.002831974  3819 0x738370 DEBUG   GST_POLL gstpoll.c:1241:gst_poll_fd_has_error: 0x751b80: fd (fd:8, idx:2) 0
0:00:00.002837359  3819 0x738370 DEBUG   GST_POLL gstpoll.c:1266:gst_poll_fd_can_read_unlocked: 0x751b80: fd (fd:8, idx:2) 0
0:00:00.002842659  3819 0x738370 DEBUG   GST_POLL gstpoll.c:1195:gst_poll_fd_has_closed: 0x751b80: fd (fd:8, idx:2) 0
0:00:00.002847993  3819 0x738370 DEBUG   GST_POLL gstpoll.c:1241:gst_poll_fd_has_error: 0x751b80: fd (fd:7, idx:1) 0
0:00:00.002853328  3819 0x738370 DEBUG   GST_POLL gstpoll.c:1335:gst_poll_fd_can_write: 0x751b80: fd (fd:7, idx:1) 1
0:00:00.002858422  3819 0x738370 LOG   GST_PLUGIN_LOADING gstpluginloader.c:690:write_one: Writing packet of size 12 bytes to fd 7
0:00:00.002865588  3819 0x738370 DEBUG   GST_POLL gstpoll.c:980:gst_poll_fd_ctl_write: 0x751b80: fd (fd:7, idx:1), active : 0
0:00:00.002871201  3819 0x738370 LOG   GST_POLL gstpoll.c:994:gst_poll_fd_ctl_write: 0x751b80: pfd->events now 56 (POLLOUT:4)
0:00:00.002877378  3819 0x738370 DEBUG   GST_POLL gstpoll.c:1414:gst_poll_wait: 0x751b80: timeout :0:00:01.000000000
0:00:00.000050630  3820 0x58c320 INFO   GST_INIT gst.c:586:init_pre: Initializing GStreamer Core Library version 1.18.3
0:00:00.000095179  3820 0x58c320 INFO   GST_INIT gst.c:587:init_pre: Using library installed in /home/conan/w/prod/BuildSingleReference/.conan/data/gstreamer/1.18.3/_/_/package/7935acf34602213af1e3939e2637ba8a4da1774a/lib
0:00:00.000107098  3820 0x58c320 INFO   GST_INIT gst.c:607:init_pre: Linux jnlp-linux-clang-13-ubuntu16.04-1.59.0-n417z 5.10.162+ #1 SMP Wed Mar 1 09:59:00 UTC 2023 x86_64
0:00:00.000203198  3820 0x58c320 DEBUG   GST_MEMORY gstallocator.c:589:_priv_gst_allocator_initialize: memory alignment: 7
0:00:00.000292132  3820 0x58c320 TRACE   GST_REFCOUNTING gstobject.c:208:gst_object_init: 0x58ef90 new
0:00:00.000302456  3820 0x58c320 DEBUG   GST_MEMORY gstallocator.c:565:gst_allocator_sysmem_init: init allocator 0x58ef90
0:00:00.000318708  3820 0x58c320 TRACE   GST_REFCOUNTING gstobject.c:294:gst_object_ref_sink: 0x58ef90 ref_sink 1->2
0:00:00.000327571  3820 0x58c320 TRACE   GST_REFCOUNTING gstobject.c:238:gst_object_ref: 0x58ef90 ref 1->2
0:00:00.000343433  3820 0x58c320 DEBUG   GST_MEMORY gstallocator.c:207:gst_allocator_register: registering allocator 0x58ef90 with name "SystemMemory"
0:00:00.000351909  3820 0x58c320 TRACE   GST_REFCOUNTING gstobject.c:238:gst_object_ref: 0x58ef90 ref 2->3
0:00:00.000394861  3820 0x58c320 TRACE   GST_CAPS gstcaps.c:263:gst_caps_new_empty: created caps 0x588b60
0:00:00.000401403  3820 0x58c320 TRACE   GST_CAPS gstcaps.c:263:gst_caps_new_empty: created caps 0x588be0
0:00:00.000414655  3820 0x58c320 TRACE   caps-features gstcapsfeatures.c:191:gst_caps_features_new_empty: created caps features 0x587d00
0:00:00.000420683  3820 0x58c320 TRACE   caps-features gstcapsfeatures.c:191:gst_caps_features_new_empty: created caps features 0x588e70
0:00:00.000427688  3820 0x58c320 INFO   GST_INIT gstmessage.c:129:_priv_gst_message_initialize: init messages
0:00:00.000480475  3820 0x58c320 TRACE   structure gststructure.c:287:gst_structure_new_id_empty_with_size: created structure 0x5929c0
0:00:00.000488751  3820 0x58c320 DEBUG   GST_ELEMENT_PADS gstelement.c:312:gst_element_base_class_init: type GstElement : factory (nil)
0:00:00.000521112  3820 0x58c320 TRACE   structure gststructure.c:287:gst_structure_new_id_empty_with_size: created structure 0x593ac0
0:00:00.000527494  3820 0x58c320 TRACE   GST_PERFORMANCE gststructure.c:509:gst_structure_copy: doing copy 0x5929c0 -> 0x593ac0
0:00:00.000533905  3820 0x58c320 DEBUG   GST_ELEMENT_PADS gstelement.c:312:gst_element_base_class_init: type GstBin : factory (nil)
0:00:00.000825097  3820 0x58c320 INFO   GST_INIT gstcontext.c:85:_priv_gst_context_initialize: init contexts
0:00:00.000999241  3820 0x58c320 INFO   GST_PLUGIN_LOADING gstplugin.c:325:_priv_gst_plugin_initialize: registering 0 static plugins
0:00:00.001006954  3820 0x58c320 LOG   GST_PLUGIN_LOADING gstplugin.c:230:gst_plugin_register_static: attempting to load static plugin "staticelements" now...
0:00:00.001017528  3820 0x58c320 TRACE   GST_REFCOUNTING gstobject.c:208:gst_object_init: 0x5a3850 new
0:00:00.001027604  3820 0x58c320 LOG   GST_PLUGIN_LOADING gstplugin.c:514:gst_plugin_register_func: plugin "(NULL)" looks good
0:00:00.001043891  3820 0x58c320 TRACE   GST_REFCOUNTING gstobject.c:208:gst_object_init: 0x5a3d10 new
0:00:00.001056069  3820 0x58c320 TRACE   GST_REFCOUNTING gstobject.c:294:gst_object_ref_sink: 0x5a3d10 ref_sink 1->2
0:00:00.001063870  3820 0x58c320 TRACE   GST_REFCOUNTING gstobject.c:208:gst_object_init: 0x5a3ed0 new
0:00:00.001072817  3820 0x58c320 LOG   GST_ELEMENT_FACTORY gstelementfactory.c:238:gst_element_register: Created new elementfactory for type GstBin
0:00:00.001080779  3820 0x58c320 TRACE   structure gststructure.c:287:gst_structure_new_id_empty_with_size: created structure 0x5a4130
0:00:00.001087748  3820 0x58c320 TRACE   GST_PERFORMANCE gststructure.c:509:gst_structure_copy: doing copy 0x593ac0 -> 0x5a4130
0:00:00.001107338  3820 0x58c320 DEBUG   GST_REGISTRY gstregistry.c:590:gst_registry_add_feature: adding feature 0x5a3ed0 (bin)
0:00:00.001114530  3820 0x58c320 DEBUG   GST_REFCOUNTING gstobject.c:709:gst_object_set_parent: set parent (ref and sink)
0:00:00.001121865  3820 0x58c320 TRACE   GST_REFCOUNTING gstobject.c:294:gst_object_ref_sink: 0x5a3ed0 ref_sink 1->2
0:00:00.001128247  3820 0x58c320 LOG   GST_REGISTRY gstregistry.c:608:gst_registry_add_feature: emitting feature-added for bin
0:00:00.001138727  3820 0x58c320 TRACE   GST_REFCOUNTING gstobject.c:208:gst_object_init: 0x5a4490 new
0:00:00.001147134  3820 0x58c320 LOG   GST_ELEMENT_FACTORY gstelementfactory.c:238:gst_element_register: Created new elementfactory for type GstPipeline
0:00:00.001154389  3820 0x58c320 TRACE   structure gststructure.c:287:gst_structure_new_id_empty_with_size: created structure 0x5a4970
0:00:00.001160846  3820 0x58c320 TRACE   GST_PERFORMANCE gststructure.c:509:gst_structure_copy: doing copy 0x593ac0 -> 0x5a4970
0:00:00.001167495  3820 0x58c320 DEBUG   GST_ELEMENT_PADS gstelement.c:312:gst_element_base_class_init: type GstPipeline : factory 0x5a4490
0:00:00.001187644  3820 0x58c320 TRACE   structure gststructure.c:287:gst_structure_new_id_empty_with_size: created structure 0x5946a0
0:00:00.001195642  3820 0x58c320 TRACE   GST_PERFORMANCE gststructure.c:509:gst_structure_copy: doing copy 0x5a4970 -> 0x5946a0
0:00:00.001203361  3820 0x58c320 DEBUG   GST_REGISTRY gstregistry.c:590:gst_registry_add_feature: adding feature 0x5a4490 (pipeline)
0:00:00.001209563  3820 0x58c320 DEBUG   GST_REFCOUNTING gstobject.c:709:gst_object_set_parent: set parent (ref and sink)
0:00:00.001216510  3820 0x58c320 TRACE   GST_REFCOUNTING gstobject.c:294:gst_object_ref_sink: 0x5a4490 ref_sink 1->2
0:00:00.001223038  3820 0x58c320 LOG   GST_REGISTRY gstregistry.c:608:gst_registry_add_feature: emitting feature-added for pipeline
0:00:00.001228652  3820 0x58c320 LOG   GST_PLUGIN_LOADING gstplugin.c:541:gst_plugin_register_func: plugin "(NULL)" initialised
0:00:00.001254033  3820 0x58c320 INFO   GST_PLUGIN_LOADING gstplugin.c:233:gst_plugin_register_static: registered static plugin "staticelements"
0:00:00.001267214  3820 0x58c320 DEBUG   GST_REGISTRY gstregistry.c:474:gst_registry_add_plugin: adding plugin 0x5a3850 for filename "(NULL)"
0:00:00.001289997  3820 0x58c320 TRACE   GST_REFCOUNTING gstobject.c:294:gst_object_ref_sink: 0x5a3850 ref_sink 1->2
0:00:00.001297278  3820 0x58c320 LOG   GST_REGISTRY gstregistry.c:487:gst_registry_add_plugin: emitting plugin-added for filename "(NULL)"
0:00:00.001303633  3820 0x58c320 INFO   GST_PLUGIN_LOADING gstplugin.c:235:gst_plugin_register_static: added static plugin "staticelements", result: 1
0:00:00.001313513  3820 0x58c320 DEBUG   GST_REGISTRY gstregistry.c:1786:ensure_current_registry: Not updating registry cache (disabled)
0:00:00.001337220  3820 0x58c320 INFO   GST_REGISTRY gstregistry.c:1790:ensure_current_registry: registry reading and updating done, result = 1
0:00:00.001342304  3820 0x58c320 LOG   GST_REGISTRY gstregistry.c:1866:gst_update_registry: registry update succeeded
0:00:00.001353332  3820 0x58c320 INFO   GST_INIT gst.c:807:init_post: GLib runtime version: 2.76.2
0:00:00.001359472  3820 0x58c320 INFO   GST_INIT gst.c:809:init_post: GLib headers version: 2.76.2
0:00:00.001364089  3820 0x58c320 INFO   GST_INIT gst.c:810:init_post: initialized GStreamer successfully
0:00:00.001369550  3820 0x58c320 DEBUG   default gsttracerutils.c:77:_priv_gst_tracing_init: Initializing GstTracer
0:00:00.001384727  3820 0x58c320 DEBUG   GST_POLL gstpoll.c:681:gst_poll_new: 0x594810: new controllable : 0
0:00:00.001404908  3820 0x58c320 DEBUG   GST_POLL gstpoll.c:848:gst_poll_add_fd_unlocked: 0x594810: fd (fd:3, idx:0)
0:00:00.001411316  3820 0x58c320 DEBUG   GST_POLL gstpoll.c:1015:gst_poll_fd_ctl_read_unlocked: 0x594810: fd (fd:3, idx:0), active : 1
0:00:00.001424366  3820 0x58c320 DEBUG   GST_POLL gstpoll.c:848:gst_poll_add_fd_unlocked: 0x594810: fd (fd:0, idx:-1)
0:00:00.001429560  3820 0x58c320 DEBUG   GST_POLL gstpoll.c:848:gst_poll_add_fd_unlocked: 0x594810: fd (fd:5, idx:-1)
0:00:00.001435100  3820 0x58c320 DEBUG   GST_POLL gstpoll.c:1015:gst_poll_fd_ctl_read_unlocked: 0x594810: fd (fd:5, idx:2), active : 1
0:00:00.001439850  3820 0x58c320 DEBUG   GST_PLUGIN_LOADING gstpluginloader.c:583:_gst_plugin_loader_client_run: Plugin scanner child running. Waiting for instructions
0:00:00.001447045  3820 0x58c320 DEBUG   GST_POLL gstpoll.c:1414:gst_poll_wait: 0x594810: timeout :0:00:01.000000000
0:00:00.001457503  3820 0x58c320 LOG   GST_PLUGIN_LOADING gstpluginloader.c:1028:exchange_packets: Poll res = 1. 0 bytes pending for write
0:00:00.001463761  3820 0x58c320 DEBUG   GST_POLL gstpoll.c:1241:gst_poll_fd_has_error: 0x594810: fd (fd:5, idx:2) 0
0:00:00.001469189  3820 0x58c320 DEBUG   GST_POLL gstpoll.c:1266:gst_poll_fd_can_read_unlocked: 0x594810: fd (fd:5, idx:2) 1
0:00:00.001477895  3820 0x58c320 LOG   GST_PLUGIN_LOADING gstpluginloader.c:1006:read_one: No payload to read for 0 length packet type 5 tag 0
0:00:00.001484435  3820 0x58c320 DEBUG   GST_POLL gstpoll.c:980:gst_poll_fd_ctl_write: 0x594810: fd (fd:0, idx:1), active : 1
0:00:00.001489739  3820 0x58c320 LOG   GST_POLL gstpoll.c:994:gst_poll_fd_ctl_write: 0x594810: pfd->events now 60 (POLLOUT:4)
0:00:00.001494647  3820 0x58c320 LOG   GST_PLUGIN_LOADING gstpluginloader.c:934:handle_rx_packet: Got VERSION in child - replying 3
0:00:00.001500507  3820 0x58c320 DEBUG   GST_POLL gstpoll.c:1241:gst_poll_fd_has_error: 0x594810: fd (fd:0, idx:1) 0
0:00:00.001505730  3820 0x58c320 DEBUG   GST_POLL gstpoll.c:1335:gst_poll_fd_can_write: 0x594810: fd (fd:0, idx:1) 0
0:00:00.001510884  3820 0x58c320 DEBUG   GST_POLL gstpoll.c:1195:gst_poll_fd_has_closed: 0x594810: fd (fd:0, idx:1) 0
0:00:00.001521320  3820 0x58c320 DEBUG   GST_POLL gstpoll.c:1414:gst_poll_wait: 0x594810: timeout :0:00:01.000000000
0:00:00.001528437  3820 0x58c320 LOG   GST_PLUGIN_LOADING gstpluginloader.c:1028:exchange_packets: Poll res = 2. 80 bytes pending for write
0:00:00.001534298  3820 0x58c320 DEBUG   GST_POLL gstpoll.c:1241:gst_poll_fd_has_error: 0x594810: fd (fd:5, idx:2) 0
0:00:00.001539509  3820 0x58c320 DEBUG   GST_POLL gstpoll.c:1266:gst_poll_fd_can_read_unlocked: 0x594810: fd (fd:5, idx:2) 1
0:00:00.001545921  3820 0x58c320 LOG   GST_PLUGIN_LOADING gstpluginloader.c:1006:read_one: No payload to read for 0 length packet type 3 tag 0
0:00:00.001551884  3820 0x58c320 DEBUG   GST_POLL gstpoll.c:980:gst_poll_fd_ctl_write: 0x594810: fd (fd:0, idx:1), active : 1
0:00:00.001557221  3820 0x58c320 LOG   GST_POLL gstpoll.c:994:gst_poll_fd_ctl_write: 0x594810: pfd->events now 60 (POLLOUT:4)
0:00:00.001579587  3820 0x58c320 LOG   GST_PLUGIN_LOADING gstpluginloader.c:919:handle_rx_packet: Got SYNC in child - replying
0:00:00.001585652  3820 0x58c320 DEBUG   GST_POLL gstpoll.c:1241:gst_poll_fd_has_error: 0x594810: fd (fd:0, idx:1) 0
0:00:00.001591330  3820 0x58c320 DEBUG   GST_POLL gstpoll.c:1335:gst_poll_fd_can_write: 0x594810: fd (fd:0, idx:1) 1
0:00:00.001596777  3820 0x58c320 LOG   GST_PLUGIN_LOADING gstpluginloader.c:690:write_one: Writing packet of size 80 bytes to fd 0
0:00:00.001624902  3820 0x58c320 DEBUG   GST_POLL gstpoll.c:1414:gst_poll_wait: 0x594810: timeout :0:00:01.000000000
0:00:00.001632839  3820 0x58c320 LOG   GST_PLUGIN_LOADING gstpluginloader.c:1028:exchange_packets: Poll res = 1. 12 bytes pending for write
0:00:00.006030641  3819 0x738370 LOG   GST_PLUGIN_LOADING gstpluginloader.c:1028:exchange_packets: Poll res = 1. 0 bytes pending for write
0:00:00.001638817  3820 0x58c320 DEBUG   GST_POLL gstpoll.c:1241:gst_poll_fd_has_error: 0x594810: fd (fd:5, idx:2) 0
0:00:00.006041748  3819 0x738370 DEBUG   GST_POLL gstpoll.c:1241:gst_poll_fd_has_error: 0x751b80: fd (fd:8, idx:2) 0
0:00:00.001647503  3820 0x58c320 DEBUG   GST_POLL gstpoll.c:1266:gst_poll_fd_can_read_unlocked: 0x594810: fd (fd:5, idx:2) 0
0:00:00.006047840  3819 0x738370 DEBUG   GST_POLL gstpoll.c:1266:gst_poll_fd_can_read_unlocked: 0x751b80: fd (fd:8, idx:2) 1
0:00:00.001653894  3820 0x58c320 DEBUG   GST_POLL gstpoll.c:1195:gst_poll_fd_has_closed: 0x594810: fd (fd:5, idx:2) 0
0:00:00.001660081  3820 0x58c320 DEBUG   GST_POLL gstpoll.c:1241:gst_poll_fd_has_error: 0x594810: fd (fd:0, idx:1) 0
0:00:00.006060328  3819 0x738370 LOG   GST_PLUGIN_LOADING gstpluginloader.c:805:check_protocol_version: Got VERSION 3 from child. Ours is 3
0:00:00.001665356  3820 0x58c320 DEBUG   GST_POLL gstpoll.c:1335:gst_poll_fd_can_write: 0x594810: fd (fd:0, idx:1) 1
0:00:00.006067797  3819 0x738370 DEBUG   GST_POLL gstpoll.c:1414:gst_poll_wait: 0x751b80: timeout :0:00:01.000000000
0:00:00.001672797  3820 0x58c320 LOG   GST_PLUGIN_LOADING gstpluginloader.c:690:write_one: Writing packet of size 12 bytes to fd 0
0:00:00.001696742  3820 0x58c320 DEBUG   GST_POLL gstpoll.c:980:gst_poll_fd_ctl_write: 0x594810: fd (fd:0, idx:1), active : 0
0:00:00.001702742  3820 0x58c320 LOG   GST_POLL gstpoll.c:994:gst_poll_fd_ctl_write: 0x594810: pfd->events now 56 (POLLOUT:4)
0:00:00.001709187  3820 0x58c320 DEBUG   GST_POLL gstpoll.c:1414:gst_poll_wait: 0x594810: timeout :0:00:01.000000000
0:00:00.006107849  3819 0x738370 LOG   GST_PLUGIN_LOADING gstpluginloader.c:1028:exchange_packets: Poll res = 1. 0 bytes pending for write
0:00:00.006115366  3819 0x738370 DEBUG   GST_POLL gstpoll.c:1241:gst_poll_fd_has_error: 0x751b80: fd (fd:8, idx:2) 0
0:00:00.006120873  3819 0x738370 DEBUG   GST_POLL gstpoll.c:1266:gst_poll_fd_can_read_unlocked: 0x751b80: fd (fd:8, idx:2) 1
0:00:00.006127844  3819 0x738370 LOG   GST_PLUGIN_LOADING gstpluginloader.c:1006:read_one: No payload to read for 0 length packet type 3 tag 0
0:00:00.006136936  3819 0x738370 LOG   GST_PLUGIN_LOADING gstpluginloader.c:236:plugin_loader_load: Sending file /home/conan/w/prod/BuildSingleReference/.conan/data/gstreamer/1.18.3/_/_/package/7935acf34602213af1e3939e2637ba8a4da1774a/lib/gstreamer-1.0/libgstcoretracers.so to child. tag 0
0:00:00.006144435  3819 0x738370 DEBUG   GST_POLL gstpoll.c:980:gst_poll_fd_ctl_write: 0x751b80: fd (fd:7, idx:1), active : 1
0:00:00.006150457  3819 0x738370 LOG   GST_POLL gstpoll.c:994:gst_poll_fd_ctl_write: 0x751b80: pfd->events now 60 (POLLOUT:4)
0:00:00.006156591  3819 0x738370 DEBUG   GST_POLL gstpoll.c:1414:gst_poll_wait: 0x751b80: timeout :0:00:01.000000000
0:00:00.006164134  3819 0x738370 LOG   GST_PLUGIN_LOADING gstpluginloader.c:1028:exchange_packets: Poll res = 1. 173 bytes pending for write
0:00:00.006170014  3819 0x738370 DEBUG   GST_POLL gstpoll.c:1241:gst_poll_fd_has_error: 0x751b80: fd (fd:8, idx:2) 0
0:00:00.006175377  3819 0x738370 DEBUG   GST_POLL gstpoll.c:1266:gst_poll_fd_can_read_unlocked: 0x751b80: fd (fd:8, idx:2) 0
0:00:00.006180732  3819 0x738370 DEBUG   GST_POLL gstpoll.c:1195:gst_poll_fd_has_closed: 0x751b80: fd (fd:8, idx:2) 0
0:00:00.006186106  3819 0x738370 DEBUG   GST_POLL gstpoll.c:1241:gst_poll_fd_has_error: 0x751b80: fd (fd:7, idx:1) 0
0:00:00.006191473  3819 0x738370 DEBUG   GST_POLL gstpoll.c:1335:gst_poll_fd_can_write: 0x751b80: fd (fd:7, idx:1) 1
0:00:00.006209008  3819 0x738370 LOG   GST_PLUGIN_LOADING gstpluginloader.c:690:write_one: Writing packet of size 173 bytes to fd 7
0:00:00.006222822  3819 0x738370 DEBUG   GST_POLL gstpoll.c:980:gst_poll_fd_ctl_write: 0x751b80: fd (fd:7, idx:1), active : 0
0:00:00.006228265  3819 0x738370 LOG   GST_POLL gstpoll.c:994:gst_poll_fd_ctl_write: 0x751b80: pfd->events now 56 (POLLOUT:4)
0:00:00.001840564  3820 0x58c320 LOG   GST_PLUGIN_LOADING gstpluginloader.c:1028:exchange_packets: Poll res = 1. 0 bytes pending for write
0:00:00.001848174  3820 0x58c320 DEBUG   GST_POLL gstpoll.c:1241:gst_poll_fd_has_error: 0x594810: fd (fd:5, idx:2) 0
0:00:00.006251983  3819 0x738370 LOG   GST_REGISTRY gstregistry.c:1300:gst_registry_scan_path_level: file /home/conan/w/prod/BuildSingleReference/.conan/data/gstreamer/1.18.3/_/_/package/7935acf34602213af1e3939e2637ba8a4da1774a/lib/gstreamer-1.0/libgstcoreelements.so looks like a possible module
0:00:00.001859348  3820 0x58c320 DEBUG   GST_POLL gstpoll.c:1266:gst_poll_fd_can_read_unlocked: 0x594810: fd (fd:5, idx:2) 1
0:00:00.006267644  3819 0x738370 DEBUG   GST_REGISTRY gstregistry.c:1361:gst_registry_scan_path_level: file /home/conan/w/prod/BuildSingleReference/.conan/data/gstreamer/1.18.3/_/_/package/7935acf34602213af1e3939e2637ba8a4da1774a/lib/gstreamer-1.0/libgstcoreelements.so not yet in registry
0:00:00.001873178  3820 0x58c320 DEBUG   GST_PLUGIN_LOADING gstpluginloader.c:722:do_plugin_load: Plugin scanner loading file /home/conan/w/prod/BuildSingleReference/.conan/data/gstreamer/1.18.3/_/_/package/7935acf34602213af1e3939e2637ba8a4da1774a/lib/gstreamer-1.0/libgstcoretracers.so. tag 0
0:00:00.006280496  3819 0x738370 DEBUG   GST_REGISTRY gstregistry.c:1172:gst_registry_scan_plugin_file: Using scan-helper to load plugin /home/conan/w/prod/BuildSingleReference/.conan/data/gstreamer/1.18.3/_/_/package/7935acf34602213af1e3939e2637ba8a4da1774a/lib/gstreamer-1.0/libgstcoreelements.so
0:00:00.001889232  3820 0x58c320 DEBUG   GST_PLUGIN_LOADING gstplugin.c:768:_priv_gst_plugin_load_file_for_registry: attempt to load plugin "/home/conan/w/prod/BuildSingleReference/.conan/data/gstreamer/1.18.3/_/_/package/7935acf34602213af1e3939e2637ba8a4da1774a/lib/gstreamer-1.0/libgstcoretracers.so"
0:00:00.006296000  3819 0x738370 LOG   GST_PLUGIN_LOADING gstpluginloader.c:236:plugin_loader_load: Sending file /home/conan/w/prod/BuildSingleReference/.conan/data/gstreamer/1.18.3/_/_/package/7935acf34602213af1e3939e2637ba8a4da1774a/lib/gstreamer-1.0/libgstcoreelements.so to child. tag 1
0:00:00.006308696  3819 0x738370 DEBUG   GST_POLL gstpoll.c:980:gst_poll_fd_ctl_write: 0x751b80: fd (fd:7, idx:1), active : 1
0:00:00.006319235  3819 0x738370 LOG   GST_POLL gstpoll.c:994:gst_poll_fd_ctl_write: 0x751b80: pfd->events now 60 (POLLOUT:4)
0:00:00.006329604  3819 0x738370 DEBUG   GST_POLL gstpoll.c:1414:gst_poll_wait: 0x751b80: timeout :0:00:01.000000000
0:00:00.006338085  3819 0x738370 LOG   GST_PLUGIN_LOADING gstpluginloader.c:1028:exchange_packets: Poll res = 1. 174 bytes pending for write
0:00:00.006344076  3819 0x738370 DEBUG   GST_POLL gstpoll.c:1241:gst_poll_fd_has_error: 0x751b80: fd (fd:8, idx:2) 0
0:00:00.006349453  3819 0x738370 DEBUG   GST_POLL gstpoll.c:1266:gst_poll_fd_can_read_unlocked: 0x751b80: fd (fd:8, idx:2) 0
0:00:00.006354492  3819 0x738370 DEBUG   GST_POLL gstpoll.c:1195:gst_poll_fd_has_closed: 0x751b80: fd (fd:8, idx:2) 0
0:00:00.006359747  3819 0x738370 DEBUG   GST_POLL gstpoll.c:1241:gst_poll_fd_has_error: 0x751b80: fd (fd:7, idx:1) 0
0:00:00.006364904  3819 0x738370 DEBUG   GST_POLL gstpoll.c:1335:gst_poll_fd_can_write: 0x751b80: fd (fd:7, idx:1) 1
0:00:00.006370051  3819 0x738370 LOG   GST_PLUGIN_LOADING gstpluginloader.c:690:write_one: Writing packet of size 174 bytes to fd 7
0:00:00.006383044  3819 0x738370 DEBUG   GST_POLL gstpoll.c:980:gst_poll_fd_ctl_write: 0x751b80: fd (fd:7, idx:1), active : 0
0:00:00.006388221  3819 0x738370 LOG   GST_POLL gstpoll.c:994:gst_poll_fd_ctl_write: 0x751b80: pfd->events now 56 (POLLOUT:4)
0:00:00.006407015  3819 0x738370 DEBUG   GST_REGISTRY gstregistry.c:1384:gst_registry_scan_path_internal: registry changed in path /home/conan/w/prod/BuildSingleReference/.conan/data/gstreamer/1.18.3/_/_/package/7935acf34602213af1e3939e2637ba8a4da1774a/lib/gstreamer-1.0: 0
0:00:00.006416321  3819 0x738370 DEBUG   GST_REGISTRY gstregistry.c:1659:scan_and_update_registry: GST_PLUGIN_SYSTEM_PATH not set
0:00:00.006426559  3819 0x738370 DEBUG   GST_REGISTRY gstregistry.c:1666:scan_and_update_registry: scanning home plugins /home/conan/.local/share/gstreamer-1.0/plugins
0:00:00.006432076  3819 0x738370 DEBUG   GST_REGISTRY gstregistry.c:1380:gst_registry_scan_path_internal: scanning path /home/conan/.local/share/gstreamer-1.0/plugins
0:00:00.006448491  3819 0x738370 DEBUG   GST_REGISTRY gstregistry.c:1384:gst_registry_scan_path_internal: registry changed in path /home/conan/.local/share/gstreamer-1.0/plugins: 0
0:00:00.006454375  3819 0x738370 DEBUG   GST_REGISTRY gstregistry.c:1691:scan_and_update_registry: scanning main plugins /home/conan/w/prod/BuildSingleReference/.conan/data/gstreamer/1.18.3/_/_/package/7935acf34602213af1e3939e2637ba8a4da1774a/lib/gstreamer-1.0
0:00:00.006460019  3819 0x738370 DEBUG   GST_REGISTRY gstregistry.c:1380:gst_registry_scan_path_internal: scanning path /home/conan/w/prod/BuildSingleReference/.conan/data/gstreamer/1.18.3/_/_/package/7935acf34602213af1e3939e2637ba8a4da1774a/lib/gstreamer-1.0
0:00:00.002093113  3820 0x58c320 TRACE   GST_REFCOUNTING gstobject.c:208:gst_object_init: 0x5a5e70 new
0:00:00.006490303  3819 0x738370 LOG   GST_REGISTRY gstregistry.c:1300:gst_registry_scan_path_level: file /home/conan/w/prod/BuildSingleReference/.conan/data/gstreamer/1.18.3/_/_/package/7935acf34602213af1e3939e2637ba8a4da1774a/lib/gstreamer-1.0/libgstcoretracers.so looks like a possible module
0:00:00.006502530  3819 0x738370 DEBUG   GST_REGISTRY gstregistry.c:1361:gst_registry_scan_path_level: file /home/conan/w/prod/BuildSingleReference/.conan/data/gstreamer/1.18.3/_/_/package/7935acf34602213af1e3939e2637ba8a4da1774a/lib/gstreamer-1.0/libgstcoretracers.so not yet in registry
0:00:00.006508504  3819 0x738370 DEBUG   GST_REGISTRY gstregistry.c:1172:gst_registry_scan_plugin_file: Using scan-helper to load plugin /home/conan/w/prod/BuildSingleReference/.conan/data/gstreamer/1.18.3/_/_/package/7935acf34602213af1e3939e2637ba8a4da1774a/lib/gstreamer-1.0/libgstcoretracers.so
0:00:00.002114030  3820 0x58c320 LOG   GST_PLUGIN_LOADING gstplugin.c:890:_priv_gst_plugin_load_file_for_registry: Plugin 0x5a5e70 for file "/home/conan/w/prod/BuildSingleReference/.conan/data/gstreamer/1.18.3/_/_/package/7935acf34602213af1e3939e2637ba8a4da1774a/lib/gstreamer-1.0/libgstcoretracers.so" prepared, calling entry function...
0:00:00.006515199  3819 0x738370 LOG   GST_PLUGIN_LOADING gstpluginloader.c:236:plugin_loader_load: Sending file /home/conan/w/prod/BuildSingleReference/.conan/data/gstreamer/1.18.3/_/_/package/7935acf34602213af1e3939e2637ba8a4da1774a/lib/gstreamer-1.0/libgstcoretracers.so to child. tag 2
0:00:00.002125019  3820 0x58c320 LOG   GST_PLUGIN_LOADING gstplugin.c:897:_priv_gst_plugin_load_file_for_registry: Plugin 0x5a5e70 for file "/home/conan/w/prod/BuildSingleReference/.conan/data/gstreamer/1.18.3/_/_/package/7935acf34602213af1e3939e2637ba8a4da1774a/lib/gstreamer-1.0/libgstcoretracers.so" prepared, registering...
0:00:00.006526994  3819 0x738370 DEBUG   GST_POLL gstpoll.c:980:gst_poll_fd_ctl_write: 0x751b80: fd (fd:7, idx:1), active : 1
0:00:00.002132961  3820 0x58c320 LOG   GST_PLUGIN_LOADING gstplugin.c:514:gst_plugin_register_func: plugin "/home/conan/w/prod/BuildSingleReference/.conan/data/gstreamer/1.18.3/_/_/package/7935acf34602213af1e3939e2637ba8a4da1774a/lib/gstreamer-1.0/libgstcoretracers.so" looks good
0:00:00.006533414  3819 0x738370 LOG   GST_POLL gstpoll.c:994:gst_poll_fd_ctl_write: 0x751b80: pfd->events now 60 (POLLOUT:4)
0:00:00.006539853  3819 0x738370 DEBUG   GST_POLL gstpoll.c:1414:gst_poll_wait: 0x751b80: timeout :0:00:01.000000000
0:00:00.002150326  3820 0x58c320 TRACE   GST_REFCOUNTING gstobject.c:208:gst_object_init: 0x5a6150 new
0:00:00.006547088  3819 0x738370 LOG   GST_PLUGIN_LOADING gstpluginloader.c:1028:exchange_packets: Poll res = 1. 173 bytes pending for write
0:00:00.006555057  3819 0x738370 DEBUG   GST_POLL gstpoll.c:1241:gst_poll_fd_has_error: 0x751b80: fd (fd:8, idx:2) 0
0:00:00.002159090  3820 0x58c320 DEBUG   GST_TRACER gsttracer.c:169:gst_tracer_register: new tracer factory for latency
0:00:00.006560396  3819 0x738370 DEBUG   GST_POLL gstpoll.c:1266:gst_poll_fd_can_read_unlocked: 0x751b80: fd (fd:8, idx:2) 0
0:00:00.002168060  3820 0x58c320 DEBUG   GST_TRACER gsttracer.c:177:gst_tracer_register: tracer factory for 5912288:GstLatencyTracer
0:00:00.006566025  3819 0x738370 DEBUG   GST_POLL gstpoll.c:1195:gst_poll_fd_has_closed: 0x751b80: fd (fd:8, idx:2) 0
0:00:00.002175661  3820 0x58c320 DEBUG   GST_REGISTRY gstregistry.c:590:gst_registry_add_feature: adding feature 0x5a6150 (latency)
0:00:00.006572120  3819 0x738370 DEBUG   GST_POLL gstpoll.c:1241:gst_poll_fd_has_error: 0x751b80: fd (fd:7, idx:1) 0
0:00:00.002181672  3820 0x58c320 DEBUG   GST_REFCOUNTING gstobject.c:709:gst_object_set_parent: set parent (ref and sink)
0:00:00.006579594  3819 0x738370 DEBUG   GST_POLL gstpoll.c:1335:gst_poll_fd_can_write: 0x751b80: fd (fd:7, idx:1) 1
0:00:00.006585683  3819 0x738370 LOG   GST_PLUGIN_LOADING gstpluginloader.c:690:write_one: Writing packet of size 173 bytes to fd 7
0:00:00.002189194  3820 0x58c320 TRACE   GST_REFCOUNTING gstobject.c:294:gst_object_ref_sink: 0x5a6150 ref_sink 1->2
0:00:00.006592836  3819 0x738370 DEBUG   GST_POLL gstpoll.c:980:gst_poll_fd_ctl_write: 0x751b80: fd (fd:7, idx:1), active : 0
0:00:00.002197700  3820 0x58c320 LOG   GST_REGISTRY gstregistry.c:608:gst_registry_add_feature: emitting feature-added for latency
0:00:00.006598499  3819 0x738370 LOG   GST_POLL gstpoll.c:994:gst_poll_fd_ctl_write: 0x751b80: pfd->events now 56 (POLLOUT:4)
0:00:00.002211077  3820 0x58c320 TRACE   GST_REFCOUNTING gstobject.c:208:gst_object_init: 0x5a6640 new
0:00:00.002218813  3820 0x58c320 DEBUG   GST_TRACER gsttracer.c:169:gst_tracer_register: new tracer factory for log
0:00:00.006614824  3819 0x738370 LOG   GST_REGISTRY gstregistry.c:1300:gst_registry_scan_path_level: file /home/conan/w/prod/BuildSingleReference/.conan/data/gstreamer/1.18.3/_/_/package/7935acf34602213af1e3939e2637ba8a4da1774a/lib/gstreamer-1.0/libgstcoreelements.so looks like a possible module
0:00:00.002225711  3820 0x58c320 DEBUG   GST_TRACER gsttracer.c:177:gst_tracer_register: tracer factory for 5924000:GstLogTracer
0:00:00.006623086  3819 0x738370 DEBUG   GST_REGISTRY gstregistry.c:1361:gst_registry_scan_path_level: file /home/conan/w/prod/BuildSingleReference/.conan/data/gstreamer/1.18.3/_/_/package/7935acf34602213af1e3939e2637ba8a4da1774a/lib/gstreamer-1.0/libgstcoreelements.so not yet in registry
0:00:00.002249690  3820 0x58c320 DEBUG   GST_REGISTRY gstregistry.c:590:gst_registry_add_feature: adding feature 0x5a6640 (log)
0:00:00.002255968  3820 0x58c320 DEBUG   GST_REFCOUNTING gstobject.c:709:gst_object_set_parent: set parent (ref and sink)
0:00:00.006649454  3819 0x738370 DEBUG   GST_REGISTRY gstregistry.c:1172:gst_registry_scan_plugin_file: Using scan-helper to load plugin /home/conan/w/prod/BuildSingleReference/.conan/data/gstreamer/1.18.3/_/_/package/7935acf34602213af1e3939e2637ba8a4da1774a/lib/gstreamer-1.0/libgstcoreelements.so
0:00:00.002262247  3820 0x58c320 TRACE   GST_REFCOUNTING gstobject.c:294:gst_object_ref_sink: 0x5a6640 ref_sink 1->2
