0:00:00.016662499  3819 0x738370 TRACE   structure gststructure.c:287:gst_structure_new_id_empty_with_size: created structure 0x756190
0:00:00.012269147  3820 0x58c320 LOG   GST_POLL gstpoll.c:994:gst_poll_fd_ctl_write: 0x594810: pfd->events now 60 (POLLOUT:4)
0:00:00.016667646  3819 0x738370 DEBUG   structure gststructure.c:2203:gst_structure_parse_field: trying field name 'long-name'
0:00:00.012274347  3820 0x58c320 DEBUG   GST_POLL gstpoll.c:980:gst_poll_fd_ctl_write: 0x594810: fd (fd:0, idx:1), active : 1
0:00:00.016672597  3819 0x738370 DEBUG   default gstvalue.c:2676:_priv_gst_value_parse_value: trying type name 'string'
0:00:00.012279477  3820 0x58c320 LOG   GST_POLL gstpoll.c:994:gst_poll_fd_ctl_write: 0x594810: pfd->events now 60 (POLLOUT:4)
0:00:00.016678121  3819 0x738370 DEBUG   structure gststructure.c:2203:gst_structure_parse_field: trying field name 'klass'
0:00:00.012284669  3820 0x58c320 DEBUG   GST_POLL gstpoll.c:980:gst_poll_fd_ctl_write: 0x594810: fd (fd:0, idx:1), active : 1
0:00:00.016682980  3819 0x738370 DEBUG   default gstvalue.c:2676:_priv_gst_value_parse_value: trying type name 'string'
0:00:00.012289790  3820 0x58c320 LOG   GST_POLL gstpoll.c:994:gst_poll_fd_ctl_write: 0x594810: pfd->events now 60 (POLLOUT:4)
0:00:00.016688256  3819 0x738370 DEBUG   structure gststructure.c:2203:gst_structure_parse_field: trying field name 'description'
0:00:00.012295115  3820 0x58c320 DEBUG   GST_POLL gstpoll.c:980:gst_poll_fd_ctl_write: 0x594810: fd (fd:0, idx:1), active : 1
0:00:00.016693211  3819 0x738370 DEBUG   default gstvalue.c:2676:_priv_gst_value_parse_value: trying type name 'string'
0:00:00.012300213  3820 0x58c320 LOG   GST_POLL gstpoll.c:994:gst_poll_fd_ctl_write: 0x594810: pfd->events now 60 (POLLOUT:4)
0:00:00.016698604  3819 0x738370 DEBUG   structure gststructure.c:2203:gst_structure_parse_field: trying field name 'author'
0:00:00.012311575  3820 0x58c320 DEBUG   GST_POLL gstpoll.c:980:gst_poll_fd_ctl_write: 0x594810: fd (fd:0, idx:1), active : 1
0:00:00.016709350  3819 0x738370 DEBUG   default gstvalue.c:2676:_priv_gst_value_parse_value: trying type name 'string'
0:00:00.012316743  3820 0x58c320 LOG   GST_POLL gstpoll.c:994:gst_poll_fd_ctl_write: 0x594810: pfd->events now 60 (POLLOUT:4)
0:00:00.016715394  3819 0x738370 DEBUG   GST_REGISTRY gstregistrychunks.c:626:gst_registry_chunks_load_feature: Element factory : npadtemplates=2
0:00:00.012322383  3820 0x58c320 DEBUG   GST_POLL gstpoll.c:980:gst_poll_fd_ctl_write: 0x594810: fd (fd:0, idx:1), active : 1
0:00:00.016720419  3819 0x738370 DEBUG   GST_REGISTRY gstregistrychunks.c:526:gst_registry_chunks_load_pad_template: Reading/casting for GstRegistryChunkPadTemplate at address 0x754110
0:00:00.012327716  3820 0x58c320 LOG   GST_POLL gstpoll.c:994:gst_poll_fd_ctl_write: 0x594810: pfd->events now 60 (POLLOUT:4)
0:00:00.016725601  3819 0x738370 DEBUG   GST_REGISTRY gstregistrychunks.c:539:gst_registry_chunks_load_pad_template: Added pad_template src_%u
0:00:00.012333333  3820 0x58c320 DEBUG   GST_POLL gstpoll.c:980:gst_poll_fd_ctl_write: 0x594810: fd (fd:0, idx:1), active : 1
0:00:00.016730756  3819 0x738370 DEBUG   GST_REGISTRY gstregistrychunks.c:526:gst_registry_chunks_load_pad_template: Reading/casting for GstRegistryChunkPadTemplate at address 0x754128
0:00:00.012338623  3820 0x58c320 LOG   GST_POLL gstpoll.c:994:gst_poll_fd_ctl_write: 0x594810: pfd->events now 60 (POLLOUT:4)
0:00:00.016736276  3819 0x738370 DEBUG   GST_REGISTRY gstregistrychunks.c:539:gst_registry_chunks_load_pad_template: Added pad_template sink
0:00:00.012344001  3820 0x58c320 DEBUG   GST_POLL gstpoll.c:980:gst_poll_fd_ctl_write: 0x594810: fd (fd:0, idx:1), active : 1
0:00:00.016743170  3819 0x738370 DEBUG   GST_REGISTRY gstregistry.c:590:gst_registry_add_feature: adding feature 0x755f30 (tee)
0:00:00.012349142  3820 0x58c320 LOG   GST_POLL gstpoll.c:994:gst_poll_fd_ctl_write: 0x594810: pfd->events now 60 (POLLOUT:4)
0:00:00.016748686  3819 0x738370 DEBUG   GST_REFCOUNTING gstobject.c:709:gst_object_set_parent: set parent (ref and sink)
0:00:00.012354454  3820 0x58c320 DEBUG   GST_POLL gstpoll.c:980:gst_poll_fd_ctl_write: 0x594810: fd (fd:0, idx:1), active : 1
0:00:00.016755219  3819 0x738370 TRACE   GST_REFCOUNTING gstobject.c:294:gst_object_ref_sink: 0x755f30 ref_sink 1->2
0:00:00.012360365  3820 0x58c320 LOG   GST_POLL gstpoll.c:994:gst_poll_fd_ctl_write: 0x594810: pfd->events now 60 (POLLOUT:4)
0:00:00.016761326  3819 0x738370 LOG   GST_REGISTRY gstregistry.c:608:gst_registry_add_feature: emitting feature-added for tee
0:00:00.012367079  3820 0x58c320 DEBUG   GST_POLL gstpoll.c:980:gst_poll_fd_ctl_write: 0x594810: fd (fd:0, idx:1), active : 1
0:00:00.016767326  3819 0x738370 DEBUG   GST_REGISTRY gstregistrychunks.c:741:gst_registry_chunks_load_feature: Added feature tee, plugin 0x752200 coreelements
0:00:00.012376350  3820 0x58c320 LOG   GST_POLL gstpoll.c:994:gst_poll_fd_ctl_write: 0x594810: pfd->events now 60 (POLLOUT:4)
0:00:00.016775481  3819 0x738370 DEBUG   GST_REGISTRY gstregistrychunks.c:583:gst_registry_chunks_load_feature: Plugin 'coreelements' feature 'filesink' typename : 'GstElementFactory'
0:00:00.012381735  3820 0x58c320 DEBUG   GST_POLL gstpoll.c:980:gst_poll_fd_ctl_write: 0x594810: fd (fd:0, idx:1), active : 1
0:00:00.016782138  3819 0x738370 TRACE   GST_REFCOUNTING gstobject.c:208:gst_object_init: 0x756390 new
0:00:00.012387009  3820 0x58c320 LOG   GST_POLL gstpoll.c:994:gst_poll_fd_ctl_write: 0x594810: pfd->events now 60 (POLLOUT:4)
0:00:00.016788794  3819 0x738370 LOG   GST_REGISTRY gstregistrychunks.c:610:gst_registry_chunks_load_feature: Reading/casting for GstRegistryChunkElementFactory at address 0x754158
0:00:00.012394218  3820 0x58c320 DEBUG   GST_POLL gstpoll.c:980:gst_poll_fd_ctl_write: 0x594810: fd (fd:0, idx:1), active : 1
0:00:00.016794571  3819 0x738370 TRACE   structure gststructure.c:287:gst_structure_new_id_empty_with_size: created structure 0x756550
0:00:00.012400381  3820 0x58c320 LOG   GST_POLL gstpoll.c:994:gst_poll_fd_ctl_write: 0x594810: pfd->events now 60 (POLLOUT:4)
0:00:00.016799865  3819 0x738370 DEBUG   structure gststructure.c:2203:gst_structure_parse_field: trying field name 'long-name'
0:00:00.012405968  3820 0x58c320 DEBUG   GST_POLL gstpoll.c:980:gst_poll_fd_ctl_write: 0x594810: fd (fd:0, idx:1), active : 1
0:00:00.016804902  3819 0x738370 DEBUG   default gstvalue.c:2676:_priv_gst_value_parse_value: trying type name 'string'
0:00:00.012411090  3820 0x58c320 LOG   GST_POLL gstpoll.c:994:gst_poll_fd_ctl_write: 0x594810: pfd->events now 60 (POLLOUT:4)
0:00:00.016810235  3819 0x738370 DEBUG   structure gststructure.c:2203:gst_structure_parse_field: trying field name 'klass'
0:00:00.012416311  3820 0x58c320 DEBUG   GST_POLL gstpoll.c:980:gst_poll_fd_ctl_write: 0x594810: fd (fd:0, idx:1), active : 1
0:00:00.016815041  3819 0x738370 DEBUG   default gstvalue.c:2676:_priv_gst_value_parse_value: trying type name 'string'
0:00:00.012421379  3820 0x58c320 LOG   GST_POLL gstpoll.c:994:gst_poll_fd_ctl_write: 0x594810: pfd->events now 60 (POLLOUT:4)
0:00:00.016820302  3819 0x738370 DEBUG   structure gststructure.c:2203:gst_structure_parse_field: trying field name 'description'
0:00:00.012426847  3820 0x58c320 DEBUG   GST_POLL gstpoll.c:980:gst_poll_fd_ctl_write: 0x594810: fd (fd:0, idx:1), active : 1
0:00:00.016825183  3819 0x738370 DEBUG   default gstvalue.c:2676:_priv_gst_value_parse_value: trying type name 'string'
0:00:00.012432090  3820 0x58c320 LOG   GST_POLL gstpoll.c:994:gst_poll_fd_ctl_write: 0x594810: pfd->events now 60 (POLLOUT:4)
0:00:00.016830474  3819 0x738370 DEBUG   structure gststructure.c:2203:gst_structure_parse_field: trying field name 'author'
0:00:00.012437739  3820 0x58c320 DEBUG   GST_POLL gstpoll.c:980:gst_poll_fd_ctl_write: 0x594810: fd (fd:0, idx:1), active : 1
0:00:00.016839706  3819 0x738370 DEBUG   default gstvalue.c:2676:_priv_gst_value_parse_value: trying type name 'string'
0:00:00.012446123  3820 0x58c320 LOG   GST_POLL gstpoll.c:994:gst_poll_fd_ctl_write: 0x594810: pfd->events now 60 (POLLOUT:4)
0:00:00.016845301  3819 0x738370 DEBUG   GST_REGISTRY gstregistrychunks.c:626:gst_registry_chunks_load_feature: Element factory : npadtemplates=1
0:00:00.012451662  3820 0x58c320 DEBUG   GST_POLL gstpoll.c:980:gst_poll_fd_ctl_write: 0x594810: fd (fd:0, idx:1), active : 1
0:00:00.016850257  3819 0x738370 DEBUG   GST_REGISTRY gstregistrychunks.c:526:gst_registry_chunks_load_pad_template: Reading/casting for GstRegistryChunkPadTemplate at address 0x754238
0:00:00.012456820  3820 0x58c320 LOG   GST_POLL gstpoll.c:994:gst_poll_fd_ctl_write: 0x594810: pfd->events now 60 (POLLOUT:4)
0:00:00.016855349  3819 0x738370 DEBUG   GST_REGISTRY gstregistrychunks.c:539:gst_registry_chunks_load_pad_template: Added pad_template sink
0:00:00.012462138  3820 0x58c320 DEBUG   GST_POLL gstpoll.c:980:gst_poll_fd_ctl_write: 0x594810: fd (fd:0, idx:1), active : 1
0:00:00.016860941  3819 0x738370 DEBUG   GST_REGISTRY gstregistrychunks.c:639:gst_registry_chunks_load_feature: Reading 1 UriTypes at address 0x754249
0:00:00.012467137  3820 0x58c320 LOG   GST_POLL gstpoll.c:994:gst_poll_fd_ctl_write: 0x594810: pfd->events now 60 (POLLOUT:4)
0:00:00.016867983  3819 0x738370 DEBUG   GST_REGISTRY gstregistrychunks.c:654:gst_registry_chunks_load_feature: Reading 1 Interfaces at address 0x754259
0:00:00.012472603  3820 0x58c320 DEBUG   GST_POLL gstpoll.c:980:gst_poll_fd_ctl_write: 0x594810: fd (fd:0, idx:1), active : 1
0:00:00.016874536  3819 0x738370 DEBUG   GST_REGISTRY gstregistry.c:590:gst_registry_add_feature: adding feature 0x756390 (filesink)
0:00:00.012479244  3820 0x58c320 LOG   GST_POLL gstpoll.c:994:gst_poll_fd_ctl_write: 0x594810: pfd->events now 60 (POLLOUT:4)
0:00:00.016879951  3819 0x738370 DEBUG   GST_REFCOUNTING gstobject.c:709:gst_object_set_parent: set parent (ref and sink)
0:00:00.012486277  3820 0x58c320 DEBUG   GST_POLL gstpoll.c:980:gst_poll_fd_ctl_write: 0x594810: fd (fd:0, idx:1), active : 1
0:00:00.016886526  3819 0x738370 TRACE   GST_REFCOUNTING gstobject.c:294:gst_object_ref_sink: 0x756390 ref_sink 1->2
0:00:00.012491503  3820 0x58c320 LOG   GST_POLL gstpoll.c:994:gst_poll_fd_ctl_write: 0x594810: pfd->events now 60 (POLLOUT:4)
0:00:00.016892434  3819 0x738370 LOG   GST_REGISTRY gstregistry.c:608:gst_registry_add_feature: emitting feature-added for filesink
0:00:00.012498398  3820 0x58c320 DEBUG   GST_POLL gstpoll.c:980:gst_poll_fd_ctl_write: 0x594810: fd (fd:0, idx:1), active : 1
0:00:00.016898224  3819 0x738370 DEBUG   GST_REGISTRY gstregistrychunks.c:741:gst_registry_chunks_load_feature: Added feature filesink, plugin 0x752200 coreelements
0:00:00.012503598  3820 0x58c320 LOG   GST_POLL gstpoll.c:994:gst_poll_fd_ctl_write: 0x594810: pfd->events now 60 (POLLOUT:4)
0:00:00.016907551  3819 0x738370 DEBUG   GST_REGISTRY gstregistrychunks.c:583:gst_registry_chunks_load_feature: Plugin 'coreelements' feature 'queue2' typename : 'GstElementFactory'
0:00:00.012513362  3820 0x58c320 DEBUG   GST_POLL gstpoll.c:980:gst_poll_fd_ctl_write: 0x594810: fd (fd:0, idx:1), active : 1
0:00:00.016914149  3819 0x738370 TRACE   GST_REFCOUNTING gstobject.c:208:gst_object_init: 0x756680 new
0:00:00.012519053  3820 0x58c320 LOG   GST_POLL gstpoll.c:994:gst_poll_fd_ctl_write: 0x594810: pfd->events now 60 (POLLOUT:4)
0:00:00.016920595  3819 0x738370 LOG   GST_REGISTRY gstregistrychunks.c:610:gst_registry_chunks_load_feature: Reading/casting for GstRegistryChunkElementFactory at address 0x754280
0:00:00.012526121  3820 0x58c320 DEBUG   GST_POLL gstpoll.c:980:gst_poll_fd_ctl_write: 0x594810: fd (fd:0, idx:1), active : 1
0:00:00.016926035  3819 0x738370 TRACE   structure gststructure.c:287:gst_structure_new_id_empty_with_size: created structure 0x756a40
0:00:00.012532002  3820 0x58c320 LOG   GST_POLL gstpoll.c:994:gst_poll_fd_ctl_write: 0x594810: pfd->events now 60 (POLLOUT:4)
0:00:00.016931258  3819 0x738370 DEBUG   structure gststructure.c:2203:gst_structure_parse_field: trying field name 'long-name'
0:00:00.012537489  3820 0x58c320 DEBUG   GST_POLL gstpoll.c:980:gst_poll_fd_ctl_write: 0x594810: fd (fd:0, idx:1), active : 1
0:00:00.016936223  3819 0x738370 DEBUG   default gstvalue.c:2676:_priv_gst_value_parse_value: trying type name 'string'
0:00:00.012542653  3820 0x58c320 LOG   GST_POLL gstpoll.c:994:gst_poll_fd_ctl_write: 0x594810: pfd->events now 60 (POLLOUT:4)
0:00:00.016941527  3819 0x738370 DEBUG   structure gststructure.c:2203:gst_structure_parse_field: trying field name 'klass'
0:00:00.012547997  3820 0x58c320 DEBUG   GST_POLL gstpoll.c:980:gst_poll_fd_ctl_write: 0x594810: fd (fd:0, idx:1), active : 1
0:00:00.016946370  3819 0x738370 DEBUG   default gstvalue.c:2676:_priv_gst_value_parse_value: trying type name 'string'
0:00:00.012553172  3820 0x58c320 LOG   GST_POLL gstpoll.c:994:gst_poll_fd_ctl_write: 0x594810: pfd->events now 60 (POLLOUT:4)
0:00:00.016951484  3819 0x738370 DEBUG   structure gststructure.c:2203:gst_structure_parse_field: trying field name 'description'
0:00:00.012558371  3820 0x58c320 DEBUG   GST_POLL gstpoll.c:980:gst_poll_fd_ctl_write: 0x594810: fd (fd:0, idx:1), active : 1
0:00:00.016956279  3819 0x738370 DEBUG   default gstvalue.c:2676:_priv_gst_value_parse_value: trying type name 'string'
0:00:00.012563333  3820 0x58c320 LOG   GST_POLL gstpoll.c:994:gst_poll_fd_ctl_write: 0x594810: pfd->events now 60 (POLLOUT:4)
0:00:00.016961481  3819 0x738370 DEBUG   structure gststructure.c:2203:gst_structure_parse_field: trying field name 'author'
0:00:00.012568569  3820 0x58c320 DEBUG   GST_POLL gstpoll.c:980:gst_poll_fd_ctl_write: 0x594810: fd (fd:0, idx:1), active : 1
0:00:00.016966347  3819 0x738370 DEBUG   default gstvalue.c:2676:_priv_gst_value_parse_value: trying type name 'string'
0:00:00.012578177  3820 0x58c320 LOG   GST_POLL gstpoll.c:994:gst_poll_fd_ctl_write: 0x594810: pfd->events now 60 (POLLOUT:4)
0:00:00.016975882  3819 0x738370 DEBUG   GST_REGISTRY gstregistrychunks.c:626:gst_registry_chunks_load_feature: Element factory : npadtemplates=2
0:00:00.012583532  3820 0x58c320 DEBUG   GST_POLL gstpoll.c:980:gst_poll_fd_ctl_write: 0x594810: fd (fd:0, idx:1), active : 1
0:00:00.016980881  3819 0x738370 DEBUG   GST_REGISTRY gstregistrychunks.c:526:gst_registry_chunks_load_pad_template: Reading/casting for GstRegistryChunkPadTemplate at address 0x754370
0:00:00.012588572  3820 0x58c320 LOG   GST_POLL gstpoll.c:994:gst_poll_fd_ctl_write: 0x594810: pfd->events now 60 (POLLOUT:4)
0:00:00.016986328  3819 0x738370 DEBUG   GST_REGISTRY gstregistrychunks.c:539:gst_registry_chunks_load_pad_template: Added pad_template sink
0:00:00.012594080  3820 0x58c320 DEBUG   GST_POLL gstpoll.c:980:gst_poll_fd_ctl_write: 0x594810: fd (fd:0, idx:1), active : 1
0:00:00.016991266  3819 0x738370 DEBUG   GST_REGISTRY gstregistrychunks.c:526:gst_registry_chunks_load_pad_template: Reading/casting for GstRegistryChunkPadTemplate at address 0x754388
0:00:00.012599237  3820 0x58c320 LOG   GST_POLL gstpoll.c:994:gst_poll_fd_ctl_write: 0x594810: pfd->events now 60 (POLLOUT:4)
0:00:00.016996942  3819 0x738370 DEBUG   GST_REGISTRY gstregistrychunks.c:539:gst_registry_chunks_load_pad_template: Added pad_template src
0:00:00.012604491  3820 0x58c320 DEBUG   GST_POLL gstpoll.c:980:gst_poll_fd_ctl_write: 0x594810: fd (fd:0, idx:1), active : 1
0:00:00.017003193  3819 0x738370 DEBUG   GST_REGISTRY gstregistry.c:590:gst_registry_add_feature: adding feature 0x756680 (queue2)
0:00:00.012609448  3820 0x58c320 LOG   GST_POLL gstpoll.c:994:gst_poll_fd_ctl_write: 0x594810: pfd->events now 60 (POLLOUT:4)
0:00:00.017008444  3819 0x738370 DEBUG   GST_REFCOUNTING gstobject.c:709:gst_object_set_parent: set parent (ref and sink)
0:00:00.012614688  3820 0x58c320 DEBUG   GST_POLL gstpoll.c:980:gst_poll_fd_ctl_write: 0x594810: fd (fd:0, idx:1), active : 1
0:00:00.017014586  3819 0x738370 TRACE   GST_REFCOUNTING gstobject.c:294:gst_object_ref_sink: 0x756680 ref_sink 1->2
0:00:00.012619695  3820 0x58c320 LOG   GST_POLL gstpoll.c:994:gst_poll_fd_ctl_write: 0x594810: pfd->events now 60 (POLLOUT:4)
0:00:00.017020199  3819 0x738370 LOG   GST_REGISTRY gstregistry.c:608:gst_registry_add_feature: emitting feature-added for queue2
0:00:00.012626321  3820 0x58c320 DEBUG   GST_POLL gstpoll.c:980:gst_poll_fd_ctl_write: 0x594810: fd (fd:0, idx:1), active : 1
0:00:00.017025933  3819 0x738370 DEBUG   GST_REGISTRY gstregistrychunks.c:741:gst_registry_chunks_load_feature: Added feature queue2, plugin 0x752200 coreelements
0:00:00.012631343  3820 0x58c320 LOG   GST_POLL gstpoll.c:994:gst_poll_fd_ctl_write: 0x594810: pfd->events now 60 (POLLOUT:4)
0:00:00.017031882  3819 0x738370 DEBUG   GST_REGISTRY gstregistrychunks.c:583:gst_registry_chunks_load_feature: Plugin 'coreelements' feature 'queue' typename : 'GstElementFactory'
0:00:00.012640811  3820 0x58c320 DEBUG   GST_POLL gstpoll.c:980:gst_poll_fd_ctl_write: 0x594810: fd (fd:0, idx:1), active : 1
0:00:00.017039213  3819 0x738370 TRACE   GST_REFCOUNTING gstobject.c:208:gst_object_init: 0x756bc0 new
0:00:00.012645845  3820 0x58c320 LOG   GST_POLL gstpoll.c:994:gst_poll_fd_ctl_write: 0x594810: pfd->events now 60 (POLLOUT:4)
0:00:00.017045479  3819 0x738370 LOG   GST_REGISTRY gstregistrychunks.c:610:gst_registry_chunks_load_feature: Reading/casting for GstRegistryChunkElementFactory at address 0x7543b0
0:00:00.012651128  3820 0x58c320 DEBUG   GST_POLL gstpoll.c:980:gst_poll_fd_ctl_write: 0x594810: fd (fd:0, idx:1), active : 1
0:00:00.017051058  3819 0x738370 TRACE   structure gststructure.c:287:gst_structure_new_id_empty_with_size: created structure 0x756d60
0:00:00.012656772  3820 0x58c320 LOG   GST_POLL gstpoll.c:994:gst_poll_fd_ctl_write: 0x594810: pfd->events now 60 (POLLOUT:4)
0:00:00.017056431  3819 0x738370 DEBUG   structure gststructure.c:2203:gst_structure_parse_field: trying field name 'long-name'
0:00:00.012662687  3820 0x58c320 DEBUG   GST_POLL gstpoll.c:980:gst_poll_fd_ctl_write: 0x594810: fd (fd:0, idx:1), active : 1
0:00:00.017061480  3819 0x738370 DEBUG   default gstvalue.c:2676:_priv_gst_value_parse_value: trying type name 'string'
0:00:00.012667713  3820 0x58c320 LOG   GST_POLL gstpoll.c:994:gst_poll_fd_ctl_write: 0x594810: pfd->events now 60 (POLLOUT:4)
0:00:00.017066819  3819 0x738370 DEBUG   structure gststructure.c:2203:gst_structure_parse_field: trying field name 'klass'
0:00:00.012673021  3820 0x58c320 DEBUG   GST_POLL gstpoll.c:980:gst_poll_fd_ctl_write: 0x594810: fd (fd:0, idx:1), active : 1
0:00:00.017071799  3819 0x738370 DEBUG   default gstvalue.c:2676:_priv_gst_value_parse_value: trying type name 'string'
0:00:00.012677983  3820 0x58c320 LOG   GST_POLL gstpoll.c:994:gst_poll_fd_ctl_write: 0x594810: pfd->events now 60 (POLLOUT:4)
0:00:00.017077191  3819 0x738370 DEBUG   structure gststructure.c:2203:gst_structure_parse_field: trying field name 'description'
0:00:00.012683225  3820 0x58c320 DEBUG   GST_POLL gstpoll.c:980:gst_poll_fd_ctl_write: 0x594810: fd (fd:0, idx:1), active : 1
0:00:00.017082004  3819 0x738370 DEBUG   default gstvalue.c:2676:_priv_gst_value_parse_value: trying type name 'string'
0:00:00.012692541  3820 0x58c320 LOG   GST_POLL gstpoll.c:994:gst_poll_fd_ctl_write: 0x594810: pfd->events now 60 (POLLOUT:4)
0:00:00.017092361  3819 0x738370 DEBUG   structure gststructure.c:2203:gst_structure_parse_field: trying field name 'author'
0:00:00.012697854  3820 0x58c320 DEBUG   GST_POLL gstpoll.c:980:gst_poll_fd_ctl_write: 0x594810: fd (fd:0, idx:1), active : 1
0:00:00.017100393  3819 0x738370 DEBUG   default gstvalue.c:2676:_priv_gst_value_parse_value: trying type name 'string'
0:00:00.012705408  3820 0x58c320 LOG   GST_POLL gstpoll.c:994:gst_poll_fd_ctl_write: 0x594810: pfd->events now 60 (POLLOUT:4)
0:00:00.012718964  3820 0x58c320 DEBUG   GST_POLL gstpoll.c:980:gst_poll_fd_ctl_write: 0x594810: fd (fd:0, idx:1), active : 1
0:00:00.017114154  3819 0x738370 DEBUG   GST_REGISTRY gstregistrychunks.c:626:gst_registry_chunks_load_feature: Element factory : npadtemplates=2
0:00:00.012723540  3820 0x58c320 LOG   GST_POLL gstpoll.c:994:gst_poll_fd_ctl_write: 0x594810: pfd->events now 60 (POLLOUT:4)
0:00:00.017123446  3819 0x738370 DEBUG   GST_REGISTRY gstregistrychunks.c:526:gst_registry_chunks_load_pad_template: Reading/casting for GstRegistryChunkPadTemplate at address 0x754468
0:00:00.012730870  3820 0x58c320 DEBUG   GST_POLL gstpoll.c:980:gst_poll_fd_ctl_write: 0x594810: fd (fd:0, idx:1), active : 1
0:00:00.017132594  3819 0x738370 DEBUG   GST_REGISTRY gstregistrychunks.c:539:gst_registry_chunks_load_pad_template: Added pad_template sink
0:00:00.012739684  3820 0x58c320 LOG   GST_POLL gstpoll.c:994:gst_poll_fd_ctl_write: 0x594810: pfd->events now 60 (POLLOUT:4)
0:00:00.017143812  3819 0x738370 DEBUG   GST_REGISTRY gstregistrychunks.c:526:gst_registry_chunks_load_pad_template: Reading/casting for GstRegistryChunkPadTemplate at address 0x754480
0:00:00.012751884  3820 0x58c320 DEBUG   GST_POLL gstpoll.c:980:gst_poll_fd_ctl_write: 0x594810: fd (fd:0, idx:1), active : 1
0:00:00.017154700  3819 0x738370 DEBUG   GST_REGISTRY gstregistrychunks.c:539:gst_registry_chunks_load_pad_template: Added pad_template src
0:00:00.012762365  3820 0x58c320 LOG   GST_POLL gstpoll.c:994:gst_poll_fd_ctl_write: 0x594810: pfd->events now 60 (POLLOUT:4)
0:00:00.017165013  3819 0x738370 DEBUG   GST_REGISTRY gstregistry.c:590:gst_registry_add_feature: adding feature 0x756bc0 (queue)
0:00:00.012770733  3820 0x58c320 DEBUG   GST_POLL gstpoll.c:980:gst_poll_fd_ctl_write: 0x594810: fd (fd:0, idx:1), active : 1
0:00:00.017173445  3819 0x738370 DEBUG   GST_REFCOUNTING gstobject.c:709:gst_object_set_parent: set parent (ref and sink)
0:00:00.012780480  3820 0x58c320 LOG   GST_POLL gstpoll.c:994:gst_poll_fd_ctl_write: 0x594810: pfd->events now 60 (POLLOUT:4)
0:00:00.017183514  3819 0x738370 TRACE   GST_REFCOUNTING gstobject.c:294:gst_object_ref_sink: 0x756bc0 ref_sink 1->2
0:00:00.012789622  3820 0x58c320 DEBUG   GST_POLL gstpoll.c:980:gst_poll_fd_ctl_write: 0x594810: fd (fd:0, idx:1), active : 1
0:00:00.012797136  3820 0x58c320 LOG   GST_POLL gstpoll.c:994:gst_poll_fd_ctl_write: 0x594810: pfd->events now 60 (POLLOUT:4)
0:00:00.017192392  3819 0x738370 LOG   GST_REGISTRY gstregistry.c:608:gst_registry_add_feature: emitting feature-added for queue
0:00:00.012801987  3820 0x58c320 DEBUG   GST_POLL gstpoll.c:980:gst_poll_fd_ctl_write: 0x594810: fd (fd:0, idx:1), active : 1
0:00:00.017200839  3819 0x738370 DEBUG   GST_REGISTRY gstregistrychunks.c:741:gst_registry_chunks_load_feature: Added feature queue, plugin 0x752200 coreelements
0:00:00.012806983  3820 0x58c320 LOG   GST_POLL gstpoll.c:994:gst_poll_fd_ctl_write: 0x594810: pfd->events now 60 (POLLOUT:4)
0:00:00.017211189  3819 0x738370 DEBUG   GST_REGISTRY gstregistrychunks.c:583:gst_registry_chunks_load_feature: Plugin 'coreelements' feature 'output-selector' typename : 'GstElementFactory'
0:00:00.012816863  3820 0x58c320 DEBUG   GST_POLL gstpoll.c:980:gst_poll_fd_ctl_write: 0x594810: fd (fd:0, idx:1), active : 1
0:00:00.012822607  3820 0x58c320 LOG   GST_POLL gstpoll.c:994:gst_poll_fd_ctl_write: 0x594810: pfd->events now 60 (POLLOUT:4)
0:00:00.017221613  3819 0x738370 TRACE   GST_REFCOUNTING gstobject.c:208:gst_object_init: 0x756e90 new
0:00:00.012827538  3820 0x58c320 DEBUG   GST_POLL gstpoll.c:980:gst_poll_fd_ctl_write: 0x594810: fd (fd:0, idx:1), active : 1
0:00:00.017228675  3819 0x738370 LOG   GST_REGISTRY gstregistrychunks.c:610:gst_registry_chunks_load_feature: Reading/casting for GstRegistryChunkElementFactory at address 0x7544b8
0:00:00.012833275  3820 0x58c320 LOG   GST_POLL gstpoll.c:994:gst_poll_fd_ctl_write: 0x594810: pfd->events now 60 (POLLOUT:4)
0:00:00.017234399  3819 0x738370 TRACE   structure gststructure.c:287:gst_structure_new_id_empty_with_size: created structure 0x757190
0:00:00.012840350  3820 0x58c320 DEBUG   GST_POLL gstpoll.c:980:gst_poll_fd_ctl_write: 0x594810: fd (fd:0, idx:1), active : 1
0:00:00.017239506  3819 0x738370 DEBUG   structure gststructure.c:2203:gst_structure_parse_field: trying field name 'long-name'
0:00:00.012845560  3820 0x58c320 LOG   GST_POLL gstpoll.c:994:gst_poll_fd_ctl_write: 0x594810: pfd->events now 60 (POLLOUT:4)
0:00:00.017244443  3819 0x738370 DEBUG   default gstvalue.c:2676:_priv_gst_value_parse_value: trying type name 'string'
0:00:00.012850972  3820 0x58c320 DEBUG   GST_POLL gstpoll.c:980:gst_poll_fd_ctl_write: 0x594810: fd (fd:0, idx:1), active : 1
0:00:00.017249940  3819 0x738370 DEBUG   structure gststructure.c:2203:gst_structure_parse_field: trying field name 'klass'
0:00:00.012856133  3820 0x58c320 LOG   GST_POLL gstpoll.c:994:gst_poll_fd_ctl_write: 0x594810: pfd->events now 60 (POLLOUT:4)
0:00:00.017254777  3819 0x738370 DEBUG   default gstvalue.c:2676:_priv_gst_value_parse_value: trying type name 'string'
0:00:00.012861485  3820 0x58c320 DEBUG   GST_POLL gstpoll.c:980:gst_poll_fd_ctl_write: 0x594810: fd (fd:0, idx:1), active : 1
0:00:00.017260011  3819 0x738370 DEBUG   structure gststructure.c:2203:gst_structure_parse_field: trying field name 'description'
0:00:00.012866587  3820 0x58c320 LOG   GST_POLL gstpoll.c:994:gst_poll_fd_ctl_write: 0x594810: pfd->events now 60 (POLLOUT:4)
0:00:00.017264918  3819 0x738370 DEBUG   default gstvalue.c:2676:_priv_gst_value_parse_value: trying type name 'string'
0:00:00.012871834  3820 0x58c320 DEBUG   GST_POLL gstpoll.c:980:gst_poll_fd_ctl_write: 0x594810: fd (fd:0, idx:1), active : 1
0:00:00.017270139  3819 0x738370 DEBUG   structure gststructure.c:2203:gst_structure_parse_field: trying field name 'author'
0:00:00.012881400  3820 0x58c320 LOG   GST_POLL gstpoll.c:994:gst_poll_fd_ctl_write: 0x594810: pfd->events now 60 (POLLOUT:4)
0:00:00.017279125  3819 0x738370 DEBUG   default gstvalue.c:2676:_priv_gst_value_parse_value: trying type name 'string'
0:00:00.012886810  3820 0x58c320 DEBUG   GST_POLL gstpoll.c:980:gst_poll_fd_ctl_write: 0x594810: fd (fd:0, idx:1), active : 1
0:00:00.017284847  3819 0x738370 DEBUG   GST_REGISTRY gstregistrychunks.c:626:gst_registry_chunks_load_feature: Element factory : npadtemplates=2
0:00:00.012891738  3820 0x58c320 LOG   GST_POLL gstpoll.c:994:gst_poll_fd_ctl_write: 0x594810: pfd->events now 60 (POLLOUT:4)
0:00:00.017289872  3819 0x738370 DEBUG   GST_REGISTRY gstregistrychunks.c:526:gst_registry_chunks_load_pad_template: Reading/casting for GstRegistryChunkPadTemplate at address 0x754590
0:00:00.012897107  3820 0x58c320 DEBUG   GST_POLL gstpoll.c:980:gst_poll_fd_ctl_write: 0x594810: fd (fd:0, idx:1), active : 1
0:00:00.017295143  3819 0x738370 DEBUG   GST_REGISTRY gstregistrychunks.c:539:gst_registry_chunks_load_pad_template: Added pad_template src_%u
0:00:00.012902005  3820 0x58c320 LOG   GST_POLL gstpoll.c:994:gst_poll_fd_ctl_write: 0x594810: pfd->events now 60 (POLLOUT:4)
0:00:00.017300131  3819 0x738370 DEBUG   GST_REGISTRY gstregistrychunks.c:526:gst_registry_chunks_load_pad_template: Reading/casting for GstRegistryChunkPadTemplate at address 0x7545a8
0:00:00.012907255  3820 0x58c320 DEBUG   GST_POLL gstpoll.c:980:gst_poll_fd_ctl_write: 0x594810: fd (fd:0, idx:1), active : 1
0:00:00.017305250  3819 0x738370 DEBUG   GST_REGISTRY gstregistrychunks.c:539:gst_registry_chunks_load_pad_template: Added pad_template sink
0:00:00.012912288  3820 0x58c320 LOG   GST_POLL gstpoll.c:994:gst_poll_fd_ctl_write: 0x594810: pfd->events now 60 (POLLOUT:4)
0:00:00.017311606  3819 0x738370 DEBUG   GST_REGISTRY gstregistry.c:590:gst_registry_add_feature: adding feature 0x756e90 (output-selector)
0:00:00.012917465  3820 0x58c320 DEBUG   GST_POLL gstpoll.c:980:gst_poll_fd_ctl_write: 0x594810: fd (fd:0, idx:1), active : 1
0:00:00.017318217  3819 0x738370 DEBUG   GST_REFCOUNTING gstobject.c:709:gst_object_set_parent: set parent (ref and sink)
0:00:00.012923023  3820 0x58c320 LOG   GST_POLL gstpoll.c:994:gst_poll_fd_ctl_write: 0x594810: pfd->events now 60 (POLLOUT:4)
0:00:00.017325056  3819 0x738370 TRACE   GST_REFCOUNTING gstobject.c:294:gst_object_ref_sink: 0x756e90 ref_sink 1->2
0:00:00.012930725  3820 0x58c320 LOG   GST_PLUGIN_LOADING gstpluginloader.c:646:put_chunk: Expanding tx buf from 10158 to 13209 for chunk of size 209
0:00:00.017331227  3819 0x738370 LOG   GST_REGISTRY gstregistry.c:608:gst_registry_add_feature: emitting feature-added for output-selector
0:00:00.017337320  3819 0x738370 DEBUG   GST_REGISTRY gstregistrychunks.c:741:gst_registry_chunks_load_feature: Added feature output-selector, plugin 0x752200 coreelements
0:00:00.012946953  3820 0x58c320 DEBUG   GST_POLL gstpoll.c:980:gst_poll_fd_ctl_write: 0x594810: fd (fd:0, idx:1), active : 1
0:00:00.017346683  3819 0x738370 DEBUG   GST_REGISTRY gstregistrychunks.c:583:gst_registry_chunks_load_feature: Plugin 'coreelements' feature 'input-selector' typename : 'GstElementFactory'
0:00:00.012952540  3820 0x58c320 LOG   GST_POLL gstpoll.c:994:gst_poll_fd_ctl_write: 0x594810: pfd->events now 60 (POLLOUT:4)
0:00:00.017353521  3819 0x738370 TRACE   GST_REFCOUNTING gstobject.c:208:gst_object_init: 0x757430 new
0:00:00.012958643  3820 0x58c320 DEBUG   GST_POLL gstpoll.c:980:gst_poll_fd_ctl_write: 0x594810: fd (fd:0, idx:1), active : 1
0:00:00.017359941  3819 0x738370 LOG   GST_REGISTRY gstregistrychunks.c:610:gst_registry_chunks_load_feature: Reading/casting for GstRegistryChunkElementFactory at address 0x7545e0
0:00:00.012965244  3820 0x58c320 LOG   GST_POLL gstpoll.c:994:gst_poll_fd_ctl_write: 0x594810: pfd->events now 60 (POLLOUT:4)
0:00:00.017365667  3819 0x738370 TRACE   structure gststructure.c:287:gst_structure_new_id_empty_with_size: created structure 0x7577a0
0:00:00.012971645  3820 0x58c320 DEBUG   GST_POLL gstpoll.c:980:gst_poll_fd_ctl_write: 0x594810: fd (fd:0, idx:1), active : 1
0:00:00.017370731  3819 0x738370 DEBUG   structure gststructure.c:2203:gst_structure_parse_field: trying field name 'long-name'
0:00:00.012976936  3820 0x58c320 LOG   GST_POLL gstpoll.c:994:gst_poll_fd_ctl_write: 0x594810: pfd->events now 60 (POLLOUT:4)
0:00:00.017375687  3819 0x738370 DEBUG   default gstvalue.c:2676:_priv_gst_value_parse_value: trying type name 'string'
0:00:00.012982100  3820 0x58c320 DEBUG   GST_POLL gstpoll.c:980:gst_poll_fd_ctl_write: 0x594810: fd (fd:0, idx:1), active : 1
0:00:00.017381076  3819 0x738370 DEBUG   structure gststructure.c:2203:gst_structure_parse_field: trying field name 'klass'
0:00:00.012987225  3820 0x58c320 LOG   GST_POLL gstpoll.c:994:gst_poll_fd_ctl_write: 0x594810: pfd->events now 60 (POLLOUT:4)
0:00:00.017386046  3819 0x738370 DEBUG   default gstvalue.c:2676:_priv_gst_value_parse_value: trying type name 'string'
0:00:00.012992579  3820 0x58c320 DEBUG   GST_POLL gstpoll.c:980:gst_poll_fd_ctl_write: 0x594810: fd (fd:0, idx:1), active : 1
0:00:00.017391223  3819 0x738370 DEBUG   structure gststructure.c:2203:gst_structure_parse_field: trying field name 'description'
0:00:00.012997639  3820 0x58c320 LOG   GST_POLL gstpoll.c:994:gst_poll_fd_ctl_write: 0x594810: pfd->events now 60 (POLLOUT:4)
0:00:00.017396207  3819 0x738370 DEBUG   default gstvalue.c:2676:_priv_gst_value_parse_value: trying type name 'string'
0:00:00.013002798  3820 0x58c320 DEBUG   GST_POLL gstpoll.c:980:gst_poll_fd_ctl_write: 0x594810: fd (fd:0, idx:1), active : 1
0:00:00.017401269  3819 0x738370 DEBUG   structure gststructure.c:2203:gst_structure_parse_field: trying field name 'author'
0:00:00.013007710  3820 0x58c320 LOG   GST_POLL gstpoll.c:994:gst_poll_fd_ctl_write: 0x594810: pfd->events now 60 (POLLOUT:4)
0:00:00.017406214  3819 0x738370 DEBUG   default gstvalue.c:2676:_priv_gst_value_parse_value: trying type name 'string'
0:00:00.013016753  3820 0x58c320 DEBUG   GST_POLL gstpoll.c:980:gst_poll_fd_ctl_write: 0x594810: fd (fd:0, idx:1), active : 1
0:00:00.017415656  3819 0x738370 DEBUG   GST_REGISTRY gstregistrychunks.c:626:gst_registry_chunks_load_feature: Element factory : npadtemplates=2
0:00:00.013021938  3820 0x58c320 LOG   GST_POLL gstpoll.c:994:gst_poll_fd_ctl_write: 0x594810: pfd->events now 60 (POLLOUT:4)
0:00:00.017420661  3819 0x738370 DEBUG   GST_REGISTRY gstregistrychunks.c:526:gst_registry_chunks_load_pad_template: Reading/casting for GstRegistryChunkPadTemplate at address 0x754710
0:00:00.013027138  3820 0x58c320 DEBUG   GST_POLL gstpoll.c:980:gst_poll_fd_ctl_write: 0x594810: fd (fd:0, idx:1), active : 1
0:00:00.017425720  3819 0x738370 DEBUG   GST_REGISTRY gstregistrychunks.c:539:gst_registry_chunks_load_pad_template: Added pad_template src
0:00:00.013032235  3820 0x58c320 LOG   GST_POLL gstpoll.c:994:gst_poll_fd_ctl_write: 0x594810: pfd->events now 60 (POLLOUT:4)
0:00:00.017430687  3819 0x738370 DEBUG   GST_REGISTRY gstregistrychunks.c:526:gst_registry_chunks_load_pad_template: Reading/casting for GstRegistryChunkPadTemplate at address 0x754720
0:00:00.013037523  3820 0x58c320 DEBUG   GST_POLL gstpoll.c:980:gst_poll_fd_ctl_write: 0x594810: fd (fd:0, idx:1), active : 1
0:00:00.017435932  3819 0x738370 DEBUG   GST_REGISTRY gstregistrychunks.c:539:gst_registry_chunks_load_pad_template: Added pad_template sink_%u
0:00:00.013042608  3820 0x58c320 LOG   GST_POLL gstpoll.c:994:gst_poll_fd_ctl_write: 0x594810: pfd->events now 60 (POLLOUT:4)
0:00:00.017442325  3819 0x738370 DEBUG   GST_REGISTRY gstregistry.c:590:gst_registry_add_feature: adding feature 0x757430 (input-selector)
0:00:00.013047753  3820 0x58c320 DEBUG   GST_POLL gstpoll.c:980:gst_poll_fd_ctl_write: 0x594810: fd (fd:0, idx:1), active : 1
0:00:00.017447552  3819 0x738370 DEBUG   GST_REFCOUNTING gstobject.c:709:gst_object_set_parent: set parent (ref and sink)
0:00:00.013053456  3820 0x58c320 LOG   GST_POLL gstpoll.c:994:gst_poll_fd_ctl_write: 0x594810: pfd->events now 60 (POLLOUT:4)
0:00:00.017454057  3819 0x738370 TRACE   GST_REFCOUNTING gstobject.c:294:gst_object_ref_sink: 0x757430 ref_sink 1->2
0:00:00.013059587  3820 0x58c320 DEBUG   GST_POLL gstpoll.c:980:gst_poll_fd_ctl_write: 0x594810: fd (fd:0, idx:1), active : 1
0:00:00.017476530  3819 0x738370 LOG   GST_REGISTRY gstregistry.c:608:gst_registry_add_feature: emitting feature-added for input-selector
0:00:00.013083301  3820 0x58c320 LOG   GST_POLL gstpoll.c:994:gst_poll_fd_ctl_write: 0x594810: pfd->events now 60 (POLLOUT:4)
0:00:00.017483101  3819 0x738370 DEBUG   GST_REGISTRY gstregistrychunks.c:741:gst_registry_chunks_load_feature: Added feature input-selector, plugin 0x752200 coreelements
0:00:00.013088908  3820 0x58c320 DEBUG   GST_POLL gstpoll.c:980:gst_poll_fd_ctl_write: 0x594810: fd (fd:0, idx:1), active : 1
0:00:00.017489856  3819 0x738370 DEBUG   GST_REGISTRY gstregistrychunks.c:583:gst_registry_chunks_load_feature: Plugin 'coreelements' feature 'identity' typename : 'GstElementFactory'
0:00:00.013099042  3820 0x58c320 LOG   GST_POLL gstpoll.c:994:gst_poll_fd_ctl_write: 0x594810: pfd->events now 60 (POLLOUT:4)
0:00:00.017498142  3819 0x738370 TRACE   GST_REFCOUNTING gstobject.c:208:gst_object_init: 0x757a20 new
0:00:00.013104689  3820 0x58c320 DEBUG   GST_POLL gstpoll.c:980:gst_poll_fd_ctl_write: 0x594810: fd (fd:0, idx:1), active : 1
0:00:00.017504740  3819 0x738370 LOG   GST_REGISTRY gstregistrychunks.c:610:gst_registry_chunks_load_feature: Reading/casting for GstRegistryChunkElementFactory at address 0x754750
0:00:00.013110324  3820 0x58c320 LOG   GST_POLL gstpoll.c:994:gst_poll_fd_ctl_write: 0x594810: pfd->events now 60 (POLLOUT:4)
0:00:00.017510691  3819 0x738370 TRACE   structure gststructure.c:287:gst_structure_new_id_empty_with_size: created structure 0x757b10
0:00:00.013116728  3820 0x58c320 DEBUG   GST_POLL gstpoll.c:980:gst_poll_fd_ctl_write: 0x594810: fd (fd:0, idx:1), active : 1
0:00:00.017515901  3819 0x738370 DEBUG   structure gststructure.c:2203:gst_structure_parse_field: trying field name 'long-name'
0:00:00.013122162  3820 0x58c320 LOG   GST_POLL gstpoll.c:994:gst_poll_fd_ctl_write: 0x594810: pfd->events now 60 (POLLOUT:4)
0:00:00.017521138  3819 0x738370 DEBUG   default gstvalue.c:2676:_priv_gst_value_parse_value: trying type name 'string'
0:00:00.013127626  3820 0x58c320 DEBUG   GST_POLL gstpoll.c:980:gst_poll_fd_ctl_write: 0x594810: fd (fd:0, idx:1), active : 1
0:00:00.017526826  3819 0x738370 DEBUG   structure gststructure.c:2203:gst_structure_parse_field: trying field name 'klass'
0:00:00.013133077  3820 0x58c320 LOG   GST_POLL gstpoll.c:994:gst_poll_fd_ctl_write: 0x594810: pfd->events now 60 (POLLOUT:4)
0:00:00.017532033  3819 0x738370 DEBUG   default gstvalue.c:2676:_priv_gst_value_parse_value: trying type name 'string'
0:00:00.013138675  3820 0x58c320 DEBUG   GST_POLL gstpoll.c:980:gst_poll_fd_ctl_write: 0x594810: fd (fd:0, idx:1), active : 1
0:00:00.017537493  3819 0x738370 DEBUG   structure gststructure.c:2203:gst_structure_parse_field: trying field name 'description'
0:00:00.013143938  3820 0x58c320 LOG   GST_POLL gstpoll.c:994:gst_poll_fd_ctl_write: 0x594810: pfd->events now 60 (POLLOUT:4)
0:00:00.017542687  3819 0x738370 DEBUG   default gstvalue.c:2676:_priv_gst_value_parse_value: trying type name 'string'
0:00:00.013149423  3820 0x58c320 DEBUG   GST_POLL gstpoll.c:980:gst_poll_fd_ctl_write: 0x594810: fd (fd:0, idx:1), active : 1
0:00:00.017548264  3819 0x738370 DEBUG   structure gststructure.c:2203:gst_structure_parse_field: trying field name 'author'
0:00:00.013154769  3820 0x58c320 LOG   GST_POLL gstpoll.c:994:gst_poll_fd_ctl_write: 0x594810: pfd->events now 60 (POLLOUT:4)
0:00:00.017553376  3819 0x738370 DEBUG   default gstvalue.c:2676:_priv_gst_value_parse_value: trying type name 'string'
0:00:00.013160251  3820 0x58c320 DEBUG   GST_POLL gstpoll.c:980:gst_poll_fd_ctl_write: 0x594810: fd (fd:0, idx:1), active : 1
0:00:00.017563102  3819 0x738370 DEBUG   GST_REGISTRY gstregistrychunks.c:626:gst_registry_chunks_load_feature: Element factory : npadtemplates=2
0:00:00.013169096  3820 0x58c320 LOG   GST_POLL gstpoll.c:994:gst_poll_fd_ctl_write: 0x594810: pfd->events now 60 (POLLOUT:4)
0:00:00.017568323  3819 0x738370 DEBUG   GST_REGISTRY gstregistrychunks.c:526:gst_registry_chunks_load_pad_template: Reading/casting for GstRegistryChunkPadTemplate at address 0x754820
0:00:00.013174863  3820 0x58c320 DEBUG   GST_POLL gstpoll.c:980:gst_poll_fd_ctl_write: 0x594810: fd (fd:0, idx:1), active : 1
0:00:00.017573692  3819 0x738370 DEBUG   GST_REGISTRY gstregistrychunks.c:539:gst_registry_chunks_load_pad_template: Added pad_template sink
0:00:00.013180097  3820 0x58c320 LOG   GST_POLL gstpoll.c:994:gst_poll_fd_ctl_write: 0x594810: pfd->events now 60 (POLLOUT:4)
0:00:00.017579047  3819 0x738370 DEBUG   GST_REGISTRY gstregistrychunks.c:526:gst_registry_chunks_load_pad_template: Reading/casting for GstRegistryChunkPadTemplate at address 0x754838
0:00:00.013185772  3820 0x58c320 DEBUG   GST_POLL gstpoll.c:980:gst_poll_fd_ctl_write: 0x594810: fd (fd:0, idx:1), active : 1
0:00:00.017584555  3819 0x738370 DEBUG   GST_REGISTRY gstregistrychunks.c:539:gst_registry_chunks_load_pad_template: Added pad_template src
0:00:00.013191135  3820 0x58c320 LOG   GST_POLL gstpoll.c:994:gst_poll_fd_ctl_write: 0x594810: pfd->events now 60 (POLLOUT:4)
0:00:00.017591259  3819 0x738370 DEBUG   GST_REGISTRY gstregistry.c:590:gst_registry_add_feature: adding feature 0x757a20 (identity)
0:00:00.013196707  3820 0x58c320 DEBUG   GST_POLL gstpoll.c:980:gst_poll_fd_ctl_write: 0x594810: fd (fd:0, idx:1), active : 1
0:00:00.017597013  3819 0x738370 DEBUG   GST_REFCOUNTING gstobject.c:709:gst_object_set_parent: set parent (ref and sink)
0:00:00.013203123  3820 0x58c320 LOG   GST_POLL gstpoll.c:994:gst_poll_fd_ctl_write: 0x594810: pfd->events now 60 (POLLOUT:4)
0:00:00.017611463  3819 0x738370 TRACE   GST_REFCOUNTING gstobject.c:294:gst_object_ref_sink: 0x757a20 ref_sink 1->2
0:00:00.013216970  3820 0x58c320 DEBUG   GST_POLL gstpoll.c:980:gst_poll_fd_ctl_write: 0x594810: fd (fd:0, idx:1), active : 1
0:00:00.017617567  3819 0x738370 LOG   GST_REGISTRY gstregistry.c:608:gst_registry_add_feature: emitting feature-added for identity
0:00:00.013223593  3820 0x58c320 LOG   GST_POLL gstpoll.c:994:gst_poll_fd_ctl_write: 0x594810: pfd->events now 60 (POLLOUT:4)
0:00:00.017623658  3819 0x738370 DEBUG   GST_REGISTRY gstregistrychunks.c:741:gst_registry_chunks_load_feature: Added feature identity, plugin 0x752200 coreelements
0:00:00.013229345  3820 0x58c320 DEBUG   GST_POLL gstpoll.c:980:gst_poll_fd_ctl_write: 0x594810: fd (fd:0, idx:1), active : 1
0:00:00.017642443  3819 0x738370 DEBUG   GST_REGISTRY gstregistrychunks.c:583:gst_registry_chunks_load_feature: Plugin 'coreelements' feature 'funnel' typename : 'GstElementFactory'
0:00:00.013256425  3820 0x58c320 LOG   GST_POLL gstpoll.c:994:gst_poll_fd_ctl_write: 0x594810: pfd->events now 60 (POLLOUT:4)
0:00:00.013263247  3820 0x58c320 DEBUG   GST_POLL gstpoll.c:980:gst_poll_fd_ctl_write: 0x594810: fd (fd:0, idx:1), active : 1
0:00:00.017658751  3819 0x738370 TRACE   GST_REFCOUNTING gstobject.c:208:gst_object_init: 0x757d90 new
0:00:00.013268174  3820 0x58c320 LOG   GST_POLL gstpoll.c:994:gst_poll_fd_ctl_write: 0x594810: pfd->events now 60 (POLLOUT:4)
0:00:00.017667550  3819 0x738370 LOG   GST_REGISTRY gstregistrychunks.c:610:gst_registry_chunks_load_feature: Reading/casting for GstRegistryChunkElementFactory at address 0x754868
0:00:00.013273669  3820 0x58c320 DEBUG   GST_POLL gstpoll.c:980:gst_poll_fd_ctl_write: 0x594810: fd (fd:0, idx:1), active : 1
0:00:00.013279436  3820 0x58c320 LOG   GST_POLL gstpoll.c:994:gst_poll_fd_ctl_write: 0x594810: pfd->events now 60 (POLLOUT:4)
0:00:00.017676838  3819 0x738370 TRACE   structure gststructure.c:287:gst_structure_new_id_empty_with_size: created structure 0x757f50
0:00:00.013284522  3820 0x58c320 DEBUG   GST_POLL gstpoll.c:980:gst_poll_fd_ctl_write: 0x594810: fd (fd:0, idx:1), active : 1
0:00:00.017682225  3819 0x738370 DEBUG   structure gststructure.c:2203:gst_structure_parse_field: trying field name 'long-name'
0:00:00.013289777  3820 0x58c320 LOG   GST_POLL gstpoll.c:994:gst_poll_fd_ctl_write: 0x594810: pfd->events now 60 (POLLOUT:4)
0:00:00.017687699  3819 0x738370 DEBUG   default gstvalue.c:2676:_priv_gst_value_parse_value: trying type name 'string'
0:00:00.013295247  3820 0x58c320 DEBUG   GST_POLL gstpoll.c:980:gst_poll_fd_ctl_write: 0x594810: fd (fd:0, idx:1), active : 1
0:00:00.017693526  3819 0x738370 DEBUG   structure gststructure.c:2203:gst_structure_parse_field: trying field name 'klass'
0:00:00.013300627  3820 0x58c320 LOG   GST_POLL gstpoll.c:994:gst_poll_fd_ctl_write: 0x594810: pfd->events now 60 (POLLOUT:4)
0:00:00.017698686  3819 0x738370 DEBUG   default gstvalue.c:2676:_priv_gst_value_parse_value: trying type name 'string'
0:00:00.013306091  3820 0x58c320 DEBUG   GST_POLL gstpoll.c:980:gst_poll_fd_ctl_write: 0x594810: fd (fd:0, idx:1), active : 1
0:00:00.017704289  3819 0x738370 DEBUG   structure gststructure.c:2203:gst_structure_parse_field: trying field name 'description'
0:00:00.013311241  3820 0x58c320 LOG   GST_POLL gstpoll.c:994:gst_poll_fd_ctl_write: 0x594810: pfd->events now 60 (POLLOUT:4)
0:00:00.017709580  3819 0x738370 DEBUG   default gstvalue.c:2676:_priv_gst_value_parse_value: trying type name 'string'
0:00:00.013316791  3820 0x58c320 DEBUG   GST_POLL gstpoll.c:980:gst_poll_fd_ctl_write: 0x594810: fd (fd:0, idx:1), active : 1
0:00:00.017715151  3819 0x738370 DEBUG   structure gststructure.c:2203:gst_structure_parse_field: trying field name 'author'
0:00:00.013322046  3820 0x58c320 LOG   GST_POLL gstpoll.c:994:gst_poll_fd_ctl_write: 0x594810: pfd->events now 60 (POLLOUT:4)
0:00:00.017724362  3819 0x738370 DEBUG   default gstvalue.c:2676:_priv_gst_value_parse_value: trying type name 'string'
0:00:00.013331005  3820 0x58c320 DEBUG   GST_POLL gstpoll.c:980:gst_poll_fd_ctl_write: 0x594810: fd (fd:0, idx:1), active : 1
0:00:00.017730375  3819 0x738370 DEBUG   GST_REGISTRY gstregistrychunks.c:626:gst_registry_chunks_load_feature: Element factory : npadtemplates=2
0:00:00.013336230  3820 0x58c320 LOG   GST_POLL gstpoll.c:994:gst_poll_fd_ctl_write: 0x594810: pfd->events now 60 (POLLOUT:4)
0:00:00.017735616  3819 0x738370 DEBUG   GST_REGISTRY gstregistrychunks.c:526:gst_registry_chunks_load_pad_template: Reading/casting for GstRegistryChunkPadTemplate at address 0x754940
0:00:00.013342146  3820 0x58c320 DEBUG   GST_POLL gstpoll.c:980:gst_poll_fd_ctl_write: 0x594810: fd (fd:0, idx:1), active : 1
0:00:00.017741050  3819 0x738370 DEBUG   GST_REGISTRY gstregistrychunks.c:539:gst_registry_chunks_load_pad_template: Added pad_template src
0:00:00.013347550  3820 0x58c320 LOG   GST_POLL gstpoll.c:994:gst_poll_fd_ctl_write: 0x594810: pfd->events now 60 (POLLOUT:4)
0:00:00.017746171  3819 0x738370 DEBUG   GST_REGISTRY gstregistrychunks.c:526:gst_registry_chunks_load_pad_template: Reading/casting for GstRegistryChunkPadTemplate at address 0x754950
0:00:00.013353027  3820 0x58c320 DEBUG   GST_POLL gstpoll.c:980:gst_poll_fd_ctl_write: 0x594810: fd (fd:0, idx:1), active : 1
0:00:00.017751585  3819 0x738370 DEBUG   GST_REGISTRY gstregistrychunks.c:539:gst_registry_chunks_load_pad_template: Added pad_template sink_%u
0:00:00.013358423  3820 0x58c320 LOG   GST_POLL gstpoll.c:994:gst_poll_fd_ctl_write: 0x594810: pfd->events now 60 (POLLOUT:4)
0:00:00.017758575  3819 0x738370 DEBUG   GST_REGISTRY gstregistry.c:590:gst_registry_add_feature: adding feature 0x757d90 (funnel)
0:00:00.013363816  3820 0x58c320 DEBUG   GST_POLL gstpoll.c:980:gst_poll_fd_ctl_write: 0x594810: fd (fd:0, idx:1), active : 1
0:00:00.017764204  3819 0x738370 DEBUG   GST_REFCOUNTING gstobject.c:709:gst_object_set_parent: set parent (ref and sink)
0:00:00.013370251  3820 0x58c320 LOG   GST_POLL gstpoll.c:994:gst_poll_fd_ctl_write: 0x594810: pfd->events now 60 (POLLOUT:4)
0:00:00.017770891  3819 0x738370 TRACE   GST_REFCOUNTING gstobject.c:294:gst_object_ref_sink: 0x757d90 ref_sink 1->2
0:00:00.013376621  3820 0x58c320 DEBUG   GST_POLL gstpoll.c:980:gst_poll_fd_ctl_write: 0x594810: fd (fd:0, idx:1), active : 1
0:00:00.017777076  3819 0x738370 LOG   GST_REGISTRY gstregistry.c:608:gst_registry_add_feature: emitting feature-added for funnel
0:00:00.013382930  3820 0x58c320 LOG   GST_POLL gstpoll.c:994:gst_poll_fd_ctl_write: 0x594810: pfd->events now 60 (POLLOUT:4)
0:00:00.017783143  3819 0x738370 DEBUG   GST_REGISTRY gstregistrychunks.c:741:gst_registry_chunks_load_feature: Added feature funnel, plugin 0x752200 coreelements
0:00:00.013389018  3820 0x58c320 DEBUG   GST_POLL gstpoll.c:980:gst_poll_fd_ctl_write: 0x594810: fd (fd:0, idx:1), active : 1
0:00:00.017789430  3819 0x738370 DEBUG   GST_REGISTRY gstregistrychunks.c:583:gst_registry_chunks_load_feature: Plugin 'coreelements' feature 'filesrc' typename : 'GstElementFactory'
0:00:00.013398634  3820 0x58c320 LOG   GST_POLL gstpoll.c:994:gst_poll_fd_ctl_write: 0x594810: pfd->events now 60 (POLLOUT:4)
0:00:00.017797510  3819 0x738370 TRACE   GST_REFCOUNTING gstobject.c:208:gst_object_init: 0x757c90 new
0:00:00.013404392  3820 0x58c320 DEBUG   GST_POLL gstpoll.c:980:gst_poll_fd_ctl_write: 0x594810: fd (fd:0, idx:1), active : 1
0:00:00.017804111  3819 0x738370 LOG   GST_REGISTRY gstregistrychunks.c:610:gst_registry_chunks_load_feature: Reading/casting for GstRegistryChunkElementFactory at address 0x754980
0:00:00.013409860  3820 0x58c320 LOG   GST_POLL gstpoll.c:994:gst_poll_fd_ctl_write: 0x594810: pfd->events now 60 (POLLOUT:4)
0:00:00.017809849  3819 0x738370 TRACE   structure gststructure.c:287:gst_structure_new_id_empty_with_size: created structure 0x7582c0
0:00:00.013416243  3820 0x58c320 DEBUG   GST_POLL gstpoll.c:980:gst_poll_fd_ctl_write: 0x594810: fd (fd:0, idx:1), active : 1
0:00:00.017815204  3819 0x738370 DEBUG   structure gststructure.c:2203:gst_structure_parse_field: trying field name 'long-name'
0:00:00.013421565  3820 0x58c320 LOG   GST_POLL gstpoll.c:994:gst_poll_fd_ctl_write: 0x594810: pfd->events now 60 (POLLOUT:4)
0:00:00.017820503  3819 0x738370 DEBUG   default gstvalue.c:2676:_priv_gst_value_parse_value: trying type name 'string'
0:00:00.013427195  3820 0x58c320 DEBUG   GST_POLL gstpoll.c:980:gst_poll_fd_ctl_write: 0x594810: fd (fd:0, idx:1), active : 1
0:00:00.017826171  3819 0x738370 DEBUG   structure gststructure.c:2203:gst_structure_parse_field: trying field name 'klass'
0:00:00.013432602  3820 0x58c320 LOG   GST_POLL gstpoll.c:994:gst_poll_fd_ctl_write: 0x594810: pfd->events now 60 (POLLOUT:4)
0:00:00.017831407  3819 0x738370 DEBUG   default gstvalue.c:2676:_priv_gst_value_parse_value: trying type name 'string'
0:00:00.013438109  3820 0x58c320 DEBUG   GST_POLL gstpoll.c:980:gst_poll_fd_ctl_write: 0x594810: fd (fd:0, idx:1), active : 1
0:00:00.017837586  3819 0x738370 DEBUG   structure gststructure.c:2203:gst_structure_parse_field: trying field name 'description'
0:00:00.013443502  3820 0x58c320 LOG   GST_POLL gstpoll.c:994:gst_poll_fd_ctl_write: 0x594810: pfd->events now 60 (POLLOUT:4)
0:00:00.017843180  3819 0x738370 DEBUG   default gstvalue.c:2676:_priv_gst_value_parse_value: trying type name 'string'
0:00:00.013449467  3820 0x58c320 DEBUG   GST_POLL gstpoll.c:980:gst_poll_fd_ctl_write: 0x594810: fd (fd:0, idx:1), active : 1
0:00:00.017849184  3819 0x738370 DEBUG   structure gststructure.c:2203:gst_structure_parse_field: trying field name 'author'
0:00:00.013454858  3820 0x58c320 LOG   GST_POLL gstpoll.c:994:gst_poll_fd_ctl_write: 0x594810: pfd->events now 60 (POLLOUT:4)
0:00:00.017854644  3819 0x738370 DEBUG   default gstvalue.c:2676:_priv_gst_value_parse_value: trying type name 'string'
0:00:00.013464615  3820 0x58c320 DEBUG   GST_POLL gstpoll.c:980:gst_poll_fd_ctl_write: 0x594810: fd (fd:0, idx:1), active : 1
0:00:00.017863027  3819 0x738370 DEBUG   GST_REGISTRY gstregistrychunks.c:626:gst_registry_chunks_load_feature: Element factory : npadtemplates=1
0:00:00.013469993  3820 0x58c320 LOG   GST_POLL gstpoll.c:994:gst_poll_fd_ctl_write: 0x594810: pfd->events now 60 (POLLOUT:4)
0:00:00.017868307  3819 0x738370 DEBUG   GST_REGISTRY gstregistrychunks.c:526:gst_registry_chunks_load_pad_template: Reading/casting for GstRegistryChunkPadTemplate at address 0x754a60
0:00:00.013475727  3820 0x58c320 DEBUG   GST_POLL gstpoll.c:980:gst_poll_fd_ctl_write: 0x594810: fd (fd:0, idx:1), active : 1
