0:00:00.024946369  2471 0x71a370 LOG   GST_REGISTRY gstregistrychunks.c:610:gst_registry_chunks_load_feature: Reading/casting for GstRegistryChunkElementFactory at address 0x735f08
0:00:00.018043576  2472 0x1960320 LOG   GST_POLL gstpoll.c:994:gst_poll_fd_ctl_write: 0x1968820: pfd->events now 60 (POLLOUT:4)
0:00:00.024964173  2471 0x71a370 TRACE   structure gststructure.c:287:gst_structure_new_id_empty_with_size: created structure 0x737db0
0:00:00.018063613  2472 0x1960320 DEBUG   GST_POLL gstpoll.c:980:gst_poll_fd_ctl_write: 0x1968820: fd (fd:0, idx:1), active : 1
0:00:00.024974920  2471 0x71a370 DEBUG   structure gststructure.c:2203:gst_structure_parse_field: trying field name 'long-name'
0:00:00.018075798  2472 0x1960320 LOG   GST_POLL gstpoll.c:994:gst_poll_fd_ctl_write: 0x1968820: pfd->events now 60 (POLLOUT:4)
0:00:00.024985554  2471 0x71a370 DEBUG   default gstvalue.c:2676:_priv_gst_value_parse_value: trying type name 'string'
0:00:00.018088471  2472 0x1960320 DEBUG   GST_POLL gstpoll.c:980:gst_poll_fd_ctl_write: 0x1968820: fd (fd:0, idx:1), active : 1
0:00:00.024997934  2471 0x71a370 DEBUG   structure gststructure.c:2203:gst_structure_parse_field: trying field name 'klass'
0:00:00.018099382  2472 0x1960320 LOG   GST_POLL gstpoll.c:994:gst_poll_fd_ctl_write: 0x1968820: pfd->events now 60 (POLLOUT:4)
0:00:00.018110710  2472 0x1960320 DEBUG   GST_POLL gstpoll.c:980:gst_poll_fd_ctl_write: 0x1968820: fd (fd:0, idx:1), active : 1
0:00:00.025008463  2471 0x71a370 DEBUG   default gstvalue.c:2676:_priv_gst_value_parse_value: trying type name 'string'
0:00:00.018121700  2472 0x1960320 LOG   GST_POLL gstpoll.c:994:gst_poll_fd_ctl_write: 0x1968820: pfd->events now 60 (POLLOUT:4)
0:00:00.025028310  2471 0x71a370 DEBUG   structure gststructure.c:2203:gst_structure_parse_field: trying field name 'description'
0:00:00.018133843  2472 0x1960320 DEBUG   GST_POLL gstpoll.c:980:gst_poll_fd_ctl_write: 0x1968820: fd (fd:0, idx:1), active : 1
0:00:00.025039522  2471 0x71a370 DEBUG   default gstvalue.c:2676:_priv_gst_value_parse_value: trying type name 'string'
0:00:00.018145278  2472 0x1960320 LOG   GST_POLL gstpoll.c:994:gst_poll_fd_ctl_write: 0x1968820: pfd->events now 60 (POLLOUT:4)
0:00:00.025051813  2471 0x71a370 DEBUG   structure gststructure.c:2203:gst_structure_parse_field: trying field name 'author'
0:00:00.025062914  2471 0x71a370 DEBUG   default gstvalue.c:2676:_priv_gst_value_parse_value: trying type name 'string'
0:00:00.018163523  2472 0x1960320 DEBUG   GST_POLL gstpoll.c:980:gst_poll_fd_ctl_write: 0x1968820: fd (fd:0, idx:1), active : 1
0:00:00.025075057  2471 0x71a370 DEBUG   GST_REGISTRY gstregistrychunks.c:626:gst_registry_chunks_load_feature: Element factory : npadtemplates=2
0:00:00.018175686  2472 0x1960320 LOG   GST_POLL gstpoll.c:994:gst_poll_fd_ctl_write: 0x1968820: pfd->events now 60 (POLLOUT:4)
0:00:00.025086844  2471 0x71a370 DEBUG   GST_REGISTRY gstregistrychunks.c:526:gst_registry_chunks_load_pad_template: Reading/casting for GstRegistryChunkPadTemplate at address 0x735fe0
0:00:00.018187786  2472 0x1960320 DEBUG   GST_POLL gstpoll.c:980:gst_poll_fd_ctl_write: 0x1968820: fd (fd:0, idx:1), active : 1
0:00:00.025097716  2471 0x71a370 DEBUG   GST_REGISTRY gstregistrychunks.c:539:gst_registry_chunks_load_pad_template: Added pad_template sink
0:00:00.018207039  2472 0x1960320 LOG   GST_POLL gstpoll.c:994:gst_poll_fd_ctl_write: 0x1968820: pfd->events now 60 (POLLOUT:4)
0:00:00.025111785  2471 0x71a370 DEBUG   GST_REGISTRY gstregistrychunks.c:526:gst_registry_chunks_load_pad_template: Reading/casting for GstRegistryChunkPadTemplate at address 0x735ff8
0:00:00.018218897  2472 0x1960320 DEBUG   GST_POLL gstpoll.c:980:gst_poll_fd_ctl_write: 0x1968820: fd (fd:0, idx:1), active : 1
0:00:00.025123824  2471 0x71a370 DEBUG   GST_REGISTRY gstregistrychunks.c:539:gst_registry_chunks_load_pad_template: Added pad_template src
0:00:00.018230173  2472 0x1960320 LOG   GST_POLL gstpoll.c:994:gst_poll_fd_ctl_write: 0x1968820: pfd->events now 60 (POLLOUT:4)
0:00:00.018241113  2472 0x1960320 DEBUG   GST_POLL gstpoll.c:980:gst_poll_fd_ctl_write: 0x1968820: fd (fd:0, idx:1), active : 1
0:00:00.025144473  2471 0x71a370 DEBUG   GST_REGISTRY gstregistry.c:590:gst_registry_add_feature: adding feature 0x737b60 (typefind)
0:00:00.018251737  2472 0x1960320 LOG   GST_POLL gstpoll.c:994:gst_poll_fd_ctl_write: 0x1968820: pfd->events now 60 (POLLOUT:4)
0:00:00.025157486  2471 0x71a370 DEBUG   GST_REFCOUNTING gstobject.c:709:gst_object_set_parent: set parent (ref and sink)
0:00:00.018263647  2472 0x1960320 DEBUG   GST_POLL gstpoll.c:980:gst_poll_fd_ctl_write: 0x1968820: fd (fd:0, idx:1), active : 1
0:00:00.025172591  2471 0x71a370 TRACE   GST_REFCOUNTING gstobject.c:294:gst_object_ref_sink: 0x737b60 ref_sink 1->2
0:00:00.018274411  2472 0x1960320 LOG   GST_POLL gstpoll.c:994:gst_poll_fd_ctl_write: 0x1968820: pfd->events now 60 (POLLOUT:4)
0:00:00.025186432  2471 0x71a370 LOG   GST_REGISTRY gstregistry.c:608:gst_registry_add_feature: emitting feature-added for typefind
0:00:00.018286600  2472 0x1960320 DEBUG   GST_POLL gstpoll.c:980:gst_poll_fd_ctl_write: 0x1968820: fd (fd:0, idx:1), active : 1
0:00:00.025199322  2471 0x71a370 DEBUG   GST_REGISTRY gstregistrychunks.c:741:gst_registry_chunks_load_feature: Added feature typefind, plugin 0x734200 coreelements
0:00:00.018298563  2472 0x1960320 LOG   GST_POLL gstpoll.c:994:gst_poll_fd_ctl_write: 0x1968820: pfd->events now 60 (POLLOUT:4)
0:00:00.025213125  2471 0x71a370 DEBUG   GST_REGISTRY gstregistrychunks.c:583:gst_registry_chunks_load_feature: Plugin 'coreelements' feature 'tee' typename : 'GstElementFactory'
0:00:00.018311357  2472 0x1960320 DEBUG   GST_POLL gstpoll.c:980:gst_poll_fd_ctl_write: 0x1968820: fd (fd:0, idx:1), active : 1
0:00:00.018324172  2472 0x1960320 LOG   GST_POLL gstpoll.c:994:gst_poll_fd_ctl_write: 0x1968820: pfd->events now 60 (POLLOUT:4)
0:00:00.025228494  2471 0x71a370 TRACE   GST_REFCOUNTING gstobject.c:208:gst_object_init: 0x737f30 new
0:00:00.018335501  2472 0x1960320 DEBUG   GST_POLL gstpoll.c:980:gst_poll_fd_ctl_write: 0x1968820: fd (fd:0, idx:1), active : 1
0:00:00.025243805  2471 0x71a370 LOG   GST_REGISTRY gstregistrychunks.c:610:gst_registry_chunks_load_feature: Reading/casting for GstRegistryChunkElementFactory at address 0x736020
0:00:00.018355892  2472 0x1960320 LOG   GST_POLL gstpoll.c:994:gst_poll_fd_ctl_write: 0x1968820: pfd->events now 60 (POLLOUT:4)
0:00:00.025262159  2471 0x71a370 TRACE   structure gststructure.c:287:gst_structure_new_id_empty_with_size: created structure 0x738190
0:00:00.018368217  2472 0x1960320 DEBUG   GST_POLL gstpoll.c:980:gst_poll_fd_ctl_write: 0x1968820: fd (fd:0, idx:1), active : 1
0:00:00.025273454  2471 0x71a370 DEBUG   structure gststructure.c:2203:gst_structure_parse_field: trying field name 'long-name'
0:00:00.018379879  2472 0x1960320 LOG   GST_POLL gstpoll.c:994:gst_poll_fd_ctl_write: 0x1968820: pfd->events now 60 (POLLOUT:4)
0:00:00.025284520  2471 0x71a370 DEBUG   default gstvalue.c:2676:_priv_gst_value_parse_value: trying type name 'string'
0:00:00.018392219  2472 0x1960320 DEBUG   GST_POLL gstpoll.c:980:gst_poll_fd_ctl_write: 0x1968820: fd (fd:0, idx:1), active : 1
0:00:00.025298005  2471 0x71a370 DEBUG   structure gststructure.c:2203:gst_structure_parse_field: trying field name 'klass'
0:00:00.018403849  2472 0x1960320 LOG   GST_POLL gstpoll.c:994:gst_poll_fd_ctl_write: 0x1968820: pfd->events now 60 (POLLOUT:4)
0:00:00.025308346  2471 0x71a370 DEBUG   default gstvalue.c:2676:_priv_gst_value_parse_value: trying type name 'string'
0:00:00.018415949  2472 0x1960320 DEBUG   GST_POLL gstpoll.c:980:gst_poll_fd_ctl_write: 0x1968820: fd (fd:0, idx:1), active : 1
0:00:00.025320749  2471 0x71a370 DEBUG   structure gststructure.c:2203:gst_structure_parse_field: trying field name 'description'
0:00:00.018427162  2472 0x1960320 LOG   GST_POLL gstpoll.c:994:gst_poll_fd_ctl_write: 0x1968820: pfd->events now 60 (POLLOUT:4)
0:00:00.025331978  2471 0x71a370 DEBUG   default gstvalue.c:2676:_priv_gst_value_parse_value: trying type name 'string'
0:00:00.018438779  2472 0x1960320 DEBUG   GST_POLL gstpoll.c:980:gst_poll_fd_ctl_write: 0x1968820: fd (fd:0, idx:1), active : 1
0:00:00.025344423  2471 0x71a370 DEBUG   structure gststructure.c:2203:gst_structure_parse_field: trying field name 'author'
0:00:00.018450189  2472 0x1960320 LOG   GST_POLL gstpoll.c:994:gst_poll_fd_ctl_write: 0x1968820: pfd->events now 60 (POLLOUT:4)
0:00:00.025354825  2471 0x71a370 DEBUG   default gstvalue.c:2676:_priv_gst_value_parse_value: trying type name 'string'
0:00:00.018461869  2472 0x1960320 DEBUG   GST_POLL gstpoll.c:980:gst_poll_fd_ctl_write: 0x1968820: fd (fd:0, idx:1), active : 1
0:00:00.025369569  2471 0x71a370 DEBUG   GST_REGISTRY gstregistrychunks.c:626:gst_registry_chunks_load_feature: Element factory : npadtemplates=2
0:00:00.018472496  2472 0x1960320 LOG   GST_POLL gstpoll.c:994:gst_poll_fd_ctl_write: 0x1968820: pfd->events now 60 (POLLOUT:4)
0:00:00.025380878  2471 0x71a370 DEBUG   GST_REGISTRY gstregistrychunks.c:526:gst_registry_chunks_load_pad_template: Reading/casting for GstRegistryChunkPadTemplate at address 0x736110
0:00:00.018485200  2472 0x1960320 DEBUG   GST_POLL gstpoll.c:980:gst_poll_fd_ctl_write: 0x1968820: fd (fd:0, idx:1), active : 1
0:00:00.025400091  2471 0x71a370 DEBUG   GST_REGISTRY gstregistrychunks.c:539:gst_registry_chunks_load_pad_template: Added pad_template src_%u
0:00:00.018499119  2472 0x1960320 LOG   GST_POLL gstpoll.c:994:gst_poll_fd_ctl_write: 0x1968820: pfd->events now 60 (POLLOUT:4)
0:00:00.025411017  2471 0x71a370 DEBUG   GST_REGISTRY gstregistrychunks.c:526:gst_registry_chunks_load_pad_template: Reading/casting for GstRegistryChunkPadTemplate at address 0x736128
0:00:00.018510927  2472 0x1960320 DEBUG   GST_POLL gstpoll.c:980:gst_poll_fd_ctl_write: 0x1968820: fd (fd:0, idx:1), active : 1
0:00:00.025421497  2471 0x71a370 DEBUG   GST_REGISTRY gstregistrychunks.c:539:gst_registry_chunks_load_pad_template: Added pad_template sink
0:00:00.018522634  2472 0x1960320 LOG   GST_POLL gstpoll.c:994:gst_poll_fd_ctl_write: 0x1968820: pfd->events now 60 (POLLOUT:4)
0:00:00.025436644  2471 0x71a370 DEBUG   GST_REGISTRY gstregistry.c:590:gst_registry_add_feature: adding feature 0x737f30 (tee)
0:00:00.018534785  2472 0x1960320 DEBUG   GST_POLL gstpoll.c:980:gst_poll_fd_ctl_write: 0x1968820: fd (fd:0, idx:1), active : 1
0:00:00.025448312  2471 0x71a370 DEBUG   GST_REFCOUNTING gstobject.c:709:gst_object_set_parent: set parent (ref and sink)
0:00:00.018547083  2472 0x1960320 LOG   GST_POLL gstpoll.c:994:gst_poll_fd_ctl_write: 0x1968820: pfd->events now 60 (POLLOUT:4)
0:00:00.025462694  2471 0x71a370 TRACE   GST_REFCOUNTING gstobject.c:294:gst_object_ref_sink: 0x737f30 ref_sink 1->2
0:00:00.018560380  2472 0x1960320 DEBUG   GST_POLL gstpoll.c:980:gst_poll_fd_ctl_write: 0x1968820: fd (fd:0, idx:1), active : 1
0:00:00.025475420  2471 0x71a370 LOG   GST_REGISTRY gstregistry.c:608:gst_registry_add_feature: emitting feature-added for tee
0:00:00.018573575  2472 0x1960320 LOG   GST_POLL gstpoll.c:994:gst_poll_fd_ctl_write: 0x1968820: pfd->events now 60 (POLLOUT:4)
0:00:00.025487961  2471 0x71a370 DEBUG   GST_REGISTRY gstregistrychunks.c:741:gst_registry_chunks_load_feature: Added feature tee, plugin 0x734200 coreelements
0:00:00.018585913  2472 0x1960320 DEBUG   GST_POLL gstpoll.c:980:gst_poll_fd_ctl_write: 0x1968820: fd (fd:0, idx:1), active : 1
0:00:00.025500623  2471 0x71a370 DEBUG   GST_REGISTRY gstregistrychunks.c:583:gst_registry_chunks_load_feature: Plugin 'coreelements' feature 'filesink' typename : 'GstElementFactory'
0:00:00.018597958  2472 0x1960320 LOG   GST_POLL gstpoll.c:994:gst_poll_fd_ctl_write: 0x1968820: pfd->events now 60 (POLLOUT:4)
0:00:00.018611241  2472 0x1960320 DEBUG   GST_POLL gstpoll.c:980:gst_poll_fd_ctl_write: 0x1968820: fd (fd:0, idx:1), active : 1
0:00:00.025515209  2471 0x71a370 TRACE   GST_REFCOUNTING gstobject.c:208:gst_object_init: 0x738390 new
0:00:00.018622229  2472 0x1960320 LOG   GST_POLL gstpoll.c:994:gst_poll_fd_ctl_write: 0x1968820: pfd->events now 60 (POLLOUT:4)
0:00:00.025530725  2471 0x71a370 LOG   GST_REGISTRY gstregistrychunks.c:610:gst_registry_chunks_load_feature: Reading/casting for GstRegistryChunkElementFactory at address 0x736158
0:00:00.018639728  2472 0x1960320 DEBUG   GST_POLL gstpoll.c:980:gst_poll_fd_ctl_write: 0x1968820: fd (fd:0, idx:1), active : 1
0:00:00.025545240  2471 0x71a370 TRACE   structure gststructure.c:287:gst_structure_new_id_empty_with_size: created structure 0x738550
0:00:00.018651309  2472 0x1960320 LOG   GST_POLL gstpoll.c:994:gst_poll_fd_ctl_write: 0x1968820: pfd->events now 60 (POLLOUT:4)
0:00:00.025556561  2471 0x71a370 DEBUG   structure gststructure.c:2203:gst_structure_parse_field: trying field name 'long-name'
0:00:00.018662069  2472 0x1960320 DEBUG   GST_POLL gstpoll.c:980:gst_poll_fd_ctl_write: 0x1968820: fd (fd:0, idx:1), active : 1
0:00:00.025574288  2471 0x71a370 DEBUG   default gstvalue.c:2676:_priv_gst_value_parse_value: trying type name 'string'
0:00:00.018673546  2472 0x1960320 LOG   GST_POLL gstpoll.c:994:gst_poll_fd_ctl_write: 0x1968820: pfd->events now 60 (POLLOUT:4)
0:00:00.025586528  2471 0x71a370 DEBUG   structure gststructure.c:2203:gst_structure_parse_field: trying field name 'klass'
0:00:00.018685263  2472 0x1960320 DEBUG   GST_POLL gstpoll.c:980:gst_poll_fd_ctl_write: 0x1968820: fd (fd:0, idx:1), active : 1
0:00:00.025597194  2471 0x71a370 DEBUG   default gstvalue.c:2676:_priv_gst_value_parse_value: trying type name 'string'
0:00:00.018696517  2472 0x1960320 LOG   GST_POLL gstpoll.c:994:gst_poll_fd_ctl_write: 0x1968820: pfd->events now 60 (POLLOUT:4)
0:00:00.025608788  2471 0x71a370 DEBUG   structure gststructure.c:2203:gst_structure_parse_field: trying field name 'description'
0:00:00.018708468  2472 0x1960320 DEBUG   GST_POLL gstpoll.c:980:gst_poll_fd_ctl_write: 0x1968820: fd (fd:0, idx:1), active : 1
0:00:00.025619105  2471 0x71a370 DEBUG   default gstvalue.c:2676:_priv_gst_value_parse_value: trying type name 'string'
0:00:00.018719660  2472 0x1960320 LOG   GST_POLL gstpoll.c:994:gst_poll_fd_ctl_write: 0x1968820: pfd->events now 60 (POLLOUT:4)
0:00:00.025631554  2471 0x71a370 DEBUG   structure gststructure.c:2203:gst_structure_parse_field: trying field name 'author'
0:00:00.018732006  2472 0x1960320 DEBUG   GST_POLL gstpoll.c:980:gst_poll_fd_ctl_write: 0x1968820: fd (fd:0, idx:1), active : 1
0:00:00.025641646  2471 0x71a370 DEBUG   default gstvalue.c:2676:_priv_gst_value_parse_value: trying type name 'string'
0:00:00.018743572  2472 0x1960320 LOG   GST_POLL gstpoll.c:994:gst_poll_fd_ctl_write: 0x1968820: pfd->events now 60 (POLLOUT:4)
0:00:00.025654947  2471 0x71a370 DEBUG   GST_REGISTRY gstregistrychunks.c:626:gst_registry_chunks_load_feature: Element factory : npadtemplates=1
0:00:00.018755009  2472 0x1960320 DEBUG   GST_POLL gstpoll.c:980:gst_poll_fd_ctl_write: 0x1968820: fd (fd:0, idx:1), active : 1
0:00:00.025665119  2471 0x71a370 DEBUG   GST_REGISTRY gstregistrychunks.c:526:gst_registry_chunks_load_pad_template: Reading/casting for GstRegistryChunkPadTemplate at address 0x736238
0:00:00.018766755  2472 0x1960320 LOG   GST_POLL gstpoll.c:994:gst_poll_fd_ctl_write: 0x1968820: pfd->events now 60 (POLLOUT:4)
0:00:00.025682926  2471 0x71a370 DEBUG   GST_REGISTRY gstregistrychunks.c:539:gst_registry_chunks_load_pad_template: Added pad_template sink
0:00:00.018782346  2472 0x1960320 DEBUG   GST_POLL gstpoll.c:980:gst_poll_fd_ctl_write: 0x1968820: fd (fd:0, idx:1), active : 1
0:00:00.025694935  2471 0x71a370 DEBUG   GST_REGISTRY gstregistrychunks.c:639:gst_registry_chunks_load_feature: Reading 1 UriTypes at address 0x736249
0:00:00.018793872  2472 0x1960320 LOG   GST_POLL gstpoll.c:994:gst_poll_fd_ctl_write: 0x1968820: pfd->events now 60 (POLLOUT:4)
0:00:00.025707483  2471 0x71a370 DEBUG   GST_REGISTRY gstregistrychunks.c:654:gst_registry_chunks_load_feature: Reading 1 Interfaces at address 0x736259
0:00:00.018805717  2472 0x1960320 DEBUG   GST_POLL gstpoll.c:980:gst_poll_fd_ctl_write: 0x1968820: fd (fd:0, idx:1), active : 1
0:00:00.018818037  2472 0x1960320 LOG   GST_POLL gstpoll.c:994:gst_poll_fd_ctl_write: 0x1968820: pfd->events now 60 (POLLOUT:4)
0:00:00.025722521  2471 0x71a370 DEBUG   GST_REGISTRY gstregistry.c:590:gst_registry_add_feature: adding feature 0x738390 (filesink)
0:00:00.018829669  2472 0x1960320 DEBUG   GST_POLL gstpoll.c:980:gst_poll_fd_ctl_write: 0x1968820: fd (fd:0, idx:1), active : 1
0:00:00.025734929  2471 0x71a370 DEBUG   GST_REFCOUNTING gstobject.c:709:gst_object_set_parent: set parent (ref and sink)
0:00:00.018841147  2472 0x1960320 LOG   GST_POLL gstpoll.c:994:gst_poll_fd_ctl_write: 0x1968820: pfd->events now 60 (POLLOUT:4)
0:00:00.025749337  2471 0x71a370 TRACE   GST_REFCOUNTING gstobject.c:294:gst_object_ref_sink: 0x738390 ref_sink 1->2
0:00:00.018852030  2472 0x1960320 DEBUG   GST_POLL gstpoll.c:980:gst_poll_fd_ctl_write: 0x1968820: fd (fd:0, idx:1), active : 1
0:00:00.025762771  2471 0x71a370 LOG   GST_REGISTRY gstregistry.c:608:gst_registry_add_feature: emitting feature-added for filesink
0:00:00.018863166  2472 0x1960320 LOG   GST_POLL gstpoll.c:994:gst_poll_fd_ctl_write: 0x1968820: pfd->events now 60 (POLLOUT:4)
0:00:00.025789336  2471 0x71a370 DEBUG   GST_REGISTRY gstregistrychunks.c:741:gst_registry_chunks_load_feature: Added feature filesink, plugin 0x734200 coreelements
0:00:00.018888575  2472 0x1960320 DEBUG   GST_POLL gstpoll.c:980:gst_poll_fd_ctl_write: 0x1968820: fd (fd:0, idx:1), active : 1
0:00:00.025803990  2471 0x71a370 DEBUG   GST_REGISTRY gstregistrychunks.c:583:gst_registry_chunks_load_feature: Plugin 'coreelements' feature 'queue2' typename : 'GstElementFactory'
0:00:00.018902029  2472 0x1960320 LOG   GST_POLL gstpoll.c:994:gst_poll_fd_ctl_write: 0x1968820: pfd->events now 60 (POLLOUT:4)
0:00:00.018915189  2472 0x1960320 DEBUG   GST_POLL gstpoll.c:980:gst_poll_fd_ctl_write: 0x1968820: fd (fd:0, idx:1), active : 1
0:00:00.025819463  2471 0x71a370 TRACE   GST_REFCOUNTING gstobject.c:208:gst_object_init: 0x738680 new
0:00:00.018926366  2472 0x1960320 LOG   GST_POLL gstpoll.c:994:gst_poll_fd_ctl_write: 0x1968820: pfd->events now 60 (POLLOUT:4)
0:00:00.018938429  2472 0x1960320 DEBUG   GST_POLL gstpoll.c:980:gst_poll_fd_ctl_write: 0x1968820: fd (fd:0, idx:1), active : 1
0:00:00.025841603  2471 0x71a370 LOG   GST_REGISTRY gstregistrychunks.c:610:gst_registry_chunks_load_feature: Reading/casting for GstRegistryChunkElementFactory at address 0x736280
0:00:00.018949453  2472 0x1960320 LOG   GST_POLL gstpoll.c:994:gst_poll_fd_ctl_write: 0x1968820: pfd->events now 60 (POLLOUT:4)
0:00:00.025855523  2471 0x71a370 TRACE   structure gststructure.c:287:gst_structure_new_id_empty_with_size: created structure 0x738a40
0:00:00.018960972  2472 0x1960320 DEBUG   GST_POLL gstpoll.c:980:gst_poll_fd_ctl_write: 0x1968820: fd (fd:0, idx:1), active : 1
0:00:00.025866672  2471 0x71a370 DEBUG   structure gststructure.c:2203:gst_structure_parse_field: trying field name 'long-name'
0:00:00.018972057  2472 0x1960320 LOG   GST_POLL gstpoll.c:994:gst_poll_fd_ctl_write: 0x1968820: pfd->events now 60 (POLLOUT:4)
0:00:00.025876879  2471 0x71a370 DEBUG   default gstvalue.c:2676:_priv_gst_value_parse_value: trying type name 'string'
0:00:00.018983728  2472 0x1960320 DEBUG   GST_POLL gstpoll.c:980:gst_poll_fd_ctl_write: 0x1968820: fd (fd:0, idx:1), active : 1
0:00:00.025889431  2471 0x71a370 DEBUG   structure gststructure.c:2203:gst_structure_parse_field: trying field name 'klass'
0:00:00.018995047  2472 0x1960320 LOG   GST_POLL gstpoll.c:994:gst_poll_fd_ctl_write: 0x1968820: pfd->events now 60 (POLLOUT:4)
0:00:00.025900076  2471 0x71a370 DEBUG   default gstvalue.c:2676:_priv_gst_value_parse_value: trying type name 'string'
0:00:00.019007040  2472 0x1960320 DEBUG   GST_POLL gstpoll.c:980:gst_poll_fd_ctl_write: 0x1968820: fd (fd:0, idx:1), active : 1
0:00:00.025912629  2471 0x71a370 DEBUG   structure gststructure.c:2203:gst_structure_parse_field: trying field name 'description'
0:00:00.019018926  2472 0x1960320 LOG   GST_POLL gstpoll.c:994:gst_poll_fd_ctl_write: 0x1968820: pfd->events now 60 (POLLOUT:4)
0:00:00.025923443  2471 0x71a370 DEBUG   default gstvalue.c:2676:_priv_gst_value_parse_value: trying type name 'string'
0:00:00.019030686  2472 0x1960320 DEBUG   GST_POLL gstpoll.c:980:gst_poll_fd_ctl_write: 0x1968820: fd (fd:0, idx:1), active : 1
0:00:00.025936094  2471 0x71a370 DEBUG   structure gststructure.c:2203:gst_structure_parse_field: trying field name 'author'
0:00:00.019042144  2472 0x1960320 LOG   GST_POLL gstpoll.c:994:gst_poll_fd_ctl_write: 0x1968820: pfd->events now 60 (POLLOUT:4)
0:00:00.025946905  2471 0x71a370 DEBUG   default gstvalue.c:2676:_priv_gst_value_parse_value: trying type name 'string'
0:00:00.019053678  2472 0x1960320 DEBUG   GST_POLL gstpoll.c:980:gst_poll_fd_ctl_write: 0x1968820: fd (fd:0, idx:1), active : 1
0:00:00.025960770  2471 0x71a370 DEBUG   GST_REGISTRY gstregistrychunks.c:626:gst_registry_chunks_load_feature: Element factory : npadtemplates=2
0:00:00.019065021  2472 0x1960320 LOG   GST_POLL gstpoll.c:994:gst_poll_fd_ctl_write: 0x1968820: pfd->events now 60 (POLLOUT:4)
0:00:00.025978948  2471 0x71a370 DEBUG   GST_REGISTRY gstregistrychunks.c:526:gst_registry_chunks_load_pad_template: Reading/casting for GstRegistryChunkPadTemplate at address 0x736370
0:00:00.019079049  2472 0x1960320 DEBUG   GST_POLL gstpoll.c:980:gst_poll_fd_ctl_write: 0x1968820: fd (fd:0, idx:1), active : 1
0:00:00.025989768  2471 0x71a370 DEBUG   GST_REGISTRY gstregistrychunks.c:539:gst_registry_chunks_load_pad_template: Added pad_template sink
0:00:00.019090758  2472 0x1960320 LOG   GST_POLL gstpoll.c:994:gst_poll_fd_ctl_write: 0x1968820: pfd->events now 60 (POLLOUT:4)
0:00:00.026000634  2471 0x71a370 DEBUG   GST_REGISTRY gstregistrychunks.c:526:gst_registry_chunks_load_pad_template: Reading/casting for GstRegistryChunkPadTemplate at address 0x736388
0:00:00.019103769  2472 0x1960320 DEBUG   GST_POLL gstpoll.c:980:gst_poll_fd_ctl_write: 0x1968820: fd (fd:0, idx:1), active : 1
0:00:00.026012149  2471 0x71a370 DEBUG   GST_REGISTRY gstregistrychunks.c:539:gst_registry_chunks_load_pad_template: Added pad_template src
0:00:00.019115532  2472 0x1960320 LOG   GST_POLL gstpoll.c:994:gst_poll_fd_ctl_write: 0x1968820: pfd->events now 60 (POLLOUT:4)
0:00:00.026028074  2471 0x71a370 DEBUG   GST_REGISTRY gstregistry.c:590:gst_registry_add_feature: adding feature 0x738680 (queue2)
0:00:00.019127033  2472 0x1960320 DEBUG   GST_POLL gstpoll.c:980:gst_poll_fd_ctl_write: 0x1968820: fd (fd:0, idx:1), active : 1
0:00:00.026039259  2471 0x71a370 DEBUG   GST_REFCOUNTING gstobject.c:709:gst_object_set_parent: set parent (ref and sink)
0:00:00.019138600  2472 0x1960320 LOG   GST_POLL gstpoll.c:994:gst_poll_fd_ctl_write: 0x1968820: pfd->events now 60 (POLLOUT:4)
0:00:00.026053139  2471 0x71a370 TRACE   GST_REFCOUNTING gstobject.c:294:gst_object_ref_sink: 0x738680 ref_sink 1->2
0:00:00.019151460  2472 0x1960320 DEBUG   GST_POLL gstpoll.c:980:gst_poll_fd_ctl_write: 0x1968820: fd (fd:0, idx:1), active : 1
0:00:00.026064841  2471 0x71a370 LOG   GST_REGISTRY gstregistry.c:608:gst_registry_add_feature: emitting feature-added for queue2
0:00:00.019171627  2472 0x1960320 LOG   GST_POLL gstpoll.c:994:gst_poll_fd_ctl_write: 0x1968820: pfd->events now 60 (POLLOUT:4)
0:00:00.026078323  2471 0x71a370 DEBUG   GST_REGISTRY gstregistrychunks.c:741:gst_registry_chunks_load_feature: Added feature queue2, plugin 0x734200 coreelements
0:00:00.019184634  2472 0x1960320 DEBUG   GST_POLL gstpoll.c:980:gst_poll_fd_ctl_write: 0x1968820: fd (fd:0, idx:1), active : 1
0:00:00.026091751  2471 0x71a370 DEBUG   GST_REGISTRY gstregistrychunks.c:583:gst_registry_chunks_load_feature: Plugin 'coreelements' feature 'queue' typename : 'GstElementFactory'
0:00:00.019195693  2472 0x1960320 LOG   GST_POLL gstpoll.c:994:gst_poll_fd_ctl_write: 0x1968820: pfd->events now 60 (POLLOUT:4)
0:00:00.026107798  2471 0x71a370 TRACE   GST_REFCOUNTING gstobject.c:208:gst_object_init: 0x738bc0 new
0:00:00.019206892  2472 0x1960320 DEBUG   GST_POLL gstpoll.c:980:gst_poll_fd_ctl_write: 0x1968820: fd (fd:0, idx:1), active : 1
0:00:00.019224648  2472 0x1960320 LOG   GST_POLL gstpoll.c:994:gst_poll_fd_ctl_write: 0x1968820: pfd->events now 60 (POLLOUT:4)
0:00:00.026127794  2471 0x71a370 LOG   GST_REGISTRY gstregistrychunks.c:610:gst_registry_chunks_load_feature: Reading/casting for GstRegistryChunkElementFactory at address 0x7363b0
0:00:00.019235909  2472 0x1960320 DEBUG   GST_POLL gstpoll.c:980:gst_poll_fd_ctl_write: 0x1968820: fd (fd:0, idx:1), active : 1
0:00:00.026141665  2471 0x71a370 TRACE   structure gststructure.c:287:gst_structure_new_id_empty_with_size: created structure 0x738d60
0:00:00.019247664  2472 0x1960320 LOG   GST_POLL gstpoll.c:994:gst_poll_fd_ctl_write: 0x1968820: pfd->events now 60 (POLLOUT:4)
0:00:00.026152921  2471 0x71a370 DEBUG   structure gststructure.c:2203:gst_structure_parse_field: trying field name 'long-name'
0:00:00.019259395  2472 0x1960320 DEBUG   GST_POLL gstpoll.c:980:gst_poll_fd_ctl_write: 0x1968820: fd (fd:0, idx:1), active : 1
0:00:00.026163811  2471 0x71a370 DEBUG   default gstvalue.c:2676:_priv_gst_value_parse_value: trying type name 'string'
0:00:00.019270602  2472 0x1960320 LOG   GST_POLL gstpoll.c:994:gst_poll_fd_ctl_write: 0x1968820: pfd->events now 60 (POLLOUT:4)
0:00:00.026177123  2471 0x71a370 DEBUG   structure gststructure.c:2203:gst_structure_parse_field: trying field name 'klass'
0:00:00.019282562  2472 0x1960320 DEBUG   GST_POLL gstpoll.c:980:gst_poll_fd_ctl_write: 0x1968820: fd (fd:0, idx:1), active : 1
0:00:00.026187983  2471 0x71a370 DEBUG   default gstvalue.c:2676:_priv_gst_value_parse_value: trying type name 'string'
0:00:00.019293515  2472 0x1960320 LOG   GST_POLL gstpoll.c:994:gst_poll_fd_ctl_write: 0x1968820: pfd->events now 60 (POLLOUT:4)
0:00:00.026199557  2471 0x71a370 DEBUG   structure gststructure.c:2203:gst_structure_parse_field: trying field name 'description'
0:00:00.019305500  2472 0x1960320 DEBUG   GST_POLL gstpoll.c:980:gst_poll_fd_ctl_write: 0x1968820: fd (fd:0, idx:1), active : 1
0:00:00.026210308  2471 0x71a370 DEBUG   default gstvalue.c:2676:_priv_gst_value_parse_value: trying type name 'string'
0:00:00.019316756  2472 0x1960320 LOG   GST_POLL gstpoll.c:994:gst_poll_fd_ctl_write: 0x1968820: pfd->events now 60 (POLLOUT:4)
0:00:00.026223106  2471 0x71a370 DEBUG   structure gststructure.c:2203:gst_structure_parse_field: trying field name 'author'
0:00:00.019328640  2472 0x1960320 DEBUG   GST_POLL gstpoll.c:980:gst_poll_fd_ctl_write: 0x1968820: fd (fd:0, idx:1), active : 1
0:00:00.026233682  2471 0x71a370 DEBUG   default gstvalue.c:2676:_priv_gst_value_parse_value: trying type name 'string'
0:00:00.019339818  2472 0x1960320 LOG   GST_POLL gstpoll.c:994:gst_poll_fd_ctl_write: 0x1968820: pfd->events now 60 (POLLOUT:4)
0:00:00.026246998  2471 0x71a370 DEBUG   GST_REGISTRY gstregistrychunks.c:626:gst_registry_chunks_load_feature: Element factory : npadtemplates=2
0:00:00.019351557  2472 0x1960320 DEBUG   GST_POLL gstpoll.c:980:gst_poll_fd_ctl_write: 0x1968820: fd (fd:0, idx:1), active : 1
0:00:00.026264977  2471 0x71a370 DEBUG   GST_REGISTRY gstregistrychunks.c:526:gst_registry_chunks_load_pad_template: Reading/casting for GstRegistryChunkPadTemplate at address 0x736468
0:00:00.019364351  2472 0x1960320 LOG   GST_POLL gstpoll.c:994:gst_poll_fd_ctl_write: 0x1968820: pfd->events now 60 (POLLOUT:4)
0:00:00.026276436  2471 0x71a370 DEBUG   GST_REGISTRY gstregistrychunks.c:539:gst_registry_chunks_load_pad_template: Added pad_template sink
0:00:00.019376137  2472 0x1960320 DEBUG   GST_POLL gstpoll.c:980:gst_poll_fd_ctl_write: 0x1968820: fd (fd:0, idx:1), active : 1
0:00:00.026286518  2471 0x71a370 DEBUG   GST_REGISTRY gstregistrychunks.c:526:gst_registry_chunks_load_pad_template: Reading/casting for GstRegistryChunkPadTemplate at address 0x736480
0:00:00.019387325  2472 0x1960320 LOG   GST_POLL gstpoll.c:994:gst_poll_fd_ctl_write: 0x1968820: pfd->events now 60 (POLLOUT:4)
0:00:00.026297567  2471 0x71a370 DEBUG   GST_REGISTRY gstregistrychunks.c:539:gst_registry_chunks_load_pad_template: Added pad_template src
0:00:00.019400143  2472 0x1960320 DEBUG   GST_POLL gstpoll.c:980:gst_poll_fd_ctl_write: 0x1968820: fd (fd:0, idx:1), active : 1
0:00:00.026312044  2471 0x71a370 DEBUG   GST_REGISTRY gstregistry.c:590:gst_registry_add_feature: adding feature 0x738bc0 (queue)
0:00:00.019410922  2472 0x1960320 LOG   GST_POLL gstpoll.c:994:gst_poll_fd_ctl_write: 0x1968820: pfd->events now 60 (POLLOUT:4)
0:00:00.026323527  2471 0x71a370 DEBUG   GST_REFCOUNTING gstobject.c:709:gst_object_set_parent: set parent (ref and sink)
0:00:00.019423172  2472 0x1960320 DEBUG   GST_POLL gstpoll.c:980:gst_poll_fd_ctl_write: 0x1968820: fd (fd:0, idx:1), active : 1
0:00:00.019434803  2472 0x1960320 LOG   GST_POLL gstpoll.c:994:gst_poll_fd_ctl_write: 0x1968820: pfd->events now 60 (POLLOUT:4)
0:00:00.026337363  2471 0x71a370 TRACE   GST_REFCOUNTING gstobject.c:294:gst_object_ref_sink: 0x738bc0 ref_sink 1->2
0:00:00.019445840  2472 0x1960320 DEBUG   GST_POLL gstpoll.c:980:gst_poll_fd_ctl_write: 0x1968820: fd (fd:0, idx:1), active : 1
0:00:00.026351975  2471 0x71a370 LOG   GST_REGISTRY gstregistry.c:608:gst_registry_add_feature: emitting feature-added for queue
0:00:00.019456903  2472 0x1960320 LOG   GST_POLL gstpoll.c:994:gst_poll_fd_ctl_write: 0x1968820: pfd->events now 60 (POLLOUT:4)
0:00:00.026364910  2471 0x71a370 DEBUG   GST_REGISTRY gstregistrychunks.c:741:gst_registry_chunks_load_feature: Added feature queue, plugin 0x734200 coreelements
0:00:00.019468323  2472 0x1960320 DEBUG   GST_POLL gstpoll.c:980:gst_poll_fd_ctl_write: 0x1968820: fd (fd:0, idx:1), active : 1
0:00:00.026378241  2471 0x71a370 DEBUG   GST_REGISTRY gstregistrychunks.c:583:gst_registry_chunks_load_feature: Plugin 'coreelements' feature 'output-selector' typename : 'GstElementFactory'
0:00:00.019478751  2472 0x1960320 LOG   GST_POLL gstpoll.c:994:gst_poll_fd_ctl_write: 0x1968820: pfd->events now 60 (POLLOUT:4)
0:00:00.019497906  2472 0x1960320 DEBUG   GST_POLL gstpoll.c:980:gst_poll_fd_ctl_write: 0x1968820: fd (fd:0, idx:1), active : 1
0:00:00.026405071  2471 0x71a370 TRACE   GST_REFCOUNTING gstobject.c:208:gst_object_init: 0x738e90 new
0:00:00.019508252  2472 0x1960320 LOG   GST_POLL gstpoll.c:994:gst_poll_fd_ctl_write: 0x1968820: pfd->events now 60 (POLLOUT:4)
0:00:00.026422166  2471 0x71a370 LOG   GST_REGISTRY gstregistrychunks.c:610:gst_registry_chunks_load_feature: Reading/casting for GstRegistryChunkElementFactory at address 0x7364b8
0:00:00.019520719  2472 0x1960320 DEBUG   GST_POLL gstpoll.c:980:gst_poll_fd_ctl_write: 0x1968820: fd (fd:0, idx:1), active : 1
0:00:00.026433864  2471 0x71a370 TRACE   structure gststructure.c:287:gst_structure_new_id_empty_with_size: created structure 0x739190
0:00:00.019532599  2472 0x1960320 LOG   GST_POLL gstpoll.c:994:gst_poll_fd_ctl_write: 0x1968820: pfd->events now 60 (POLLOUT:4)
0:00:00.026444640  2471 0x71a370 DEBUG   structure gststructure.c:2203:gst_structure_parse_field: trying field name 'long-name'
0:00:00.019544383  2472 0x1960320 DEBUG   GST_POLL gstpoll.c:980:gst_poll_fd_ctl_write: 0x1968820: fd (fd:0, idx:1), active : 1
0:00:00.026454688  2471 0x71a370 DEBUG   default gstvalue.c:2676:_priv_gst_value_parse_value: trying type name 'string'
0:00:00.019555742  2472 0x1960320 LOG   GST_POLL gstpoll.c:994:gst_poll_fd_ctl_write: 0x1968820: pfd->events now 60 (POLLOUT:4)
0:00:00.026467317  2471 0x71a370 DEBUG   structure gststructure.c:2203:gst_structure_parse_field: trying field name 'klass'
0:00:00.019567587  2472 0x1960320 DEBUG   GST_POLL gstpoll.c:980:gst_poll_fd_ctl_write: 0x1968820: fd (fd:0, idx:1), active : 1
0:00:00.026477366  2471 0x71a370 DEBUG   default gstvalue.c:2676:_priv_gst_value_parse_value: trying type name 'string'
0:00:00.019579320  2472 0x1960320 LOG   GST_POLL gstpoll.c:994:gst_poll_fd_ctl_write: 0x1968820: pfd->events now 60 (POLLOUT:4)
0:00:00.026489485  2471 0x71a370 DEBUG   structure gststructure.c:2203:gst_structure_parse_field: trying field name 'description'
0:00:00.019591232  2472 0x1960320 DEBUG   GST_POLL gstpoll.c:980:gst_poll_fd_ctl_write: 0x1968820: fd (fd:0, idx:1), active : 1
0:00:00.026499867  2471 0x71a370 DEBUG   default gstvalue.c:2676:_priv_gst_value_parse_value: trying type name 'string'
0:00:00.019602909  2472 0x1960320 LOG   GST_POLL gstpoll.c:994:gst_poll_fd_ctl_write: 0x1968820: pfd->events now 60 (POLLOUT:4)
0:00:00.026512423  2471 0x71a370 DEBUG   structure gststructure.c:2203:gst_structure_parse_field: trying field name 'author'
0:00:00.019614575  2472 0x1960320 DEBUG   GST_POLL gstpoll.c:980:gst_poll_fd_ctl_write: 0x1968820: fd (fd:0, idx:1), active : 1
0:00:00.026522775  2471 0x71a370 DEBUG   default gstvalue.c:2676:_priv_gst_value_parse_value: trying type name 'string'
0:00:00.019626246  2472 0x1960320 LOG   GST_POLL gstpoll.c:994:gst_poll_fd_ctl_write: 0x1968820: pfd->events now 60 (POLLOUT:4)
0:00:00.026541776  2471 0x71a370 DEBUG   GST_REGISTRY gstregistrychunks.c:626:gst_registry_chunks_load_feature: Element factory : npadtemplates=2
0:00:00.019640023  2472 0x1960320 DEBUG   GST_POLL gstpoll.c:980:gst_poll_fd_ctl_write: 0x1968820: fd (fd:0, idx:1), active : 1
0:00:00.026552360  2471 0x71a370 DEBUG   GST_REGISTRY gstregistrychunks.c:526:gst_registry_chunks_load_pad_template: Reading/casting for GstRegistryChunkPadTemplate at address 0x736590
0:00:00.019652295  2472 0x1960320 LOG   GST_POLL gstpoll.c:994:gst_poll_fd_ctl_write: 0x1968820: pfd->events now 60 (POLLOUT:4)
0:00:00.019664049  2472 0x1960320 DEBUG   GST_POLL gstpoll.c:980:gst_poll_fd_ctl_write: 0x1968820: fd (fd:0, idx:1), active : 1
0:00:00.026569485  2471 0x71a370 DEBUG   GST_REGISTRY gstregistrychunks.c:539:gst_registry_chunks_load_pad_template: Added pad_template src_%u
0:00:00.019674935  2472 0x1960320 LOG   GST_POLL gstpoll.c:994:gst_poll_fd_ctl_write: 0x1968820: pfd->events now 60 (POLLOUT:4)
0:00:00.026580012  2471 0x71a370 DEBUG   GST_REGISTRY gstregistrychunks.c:526:gst_registry_chunks_load_pad_template: Reading/casting for GstRegistryChunkPadTemplate at address 0x7365a8
0:00:00.019686701  2472 0x1960320 DEBUG   GST_POLL gstpoll.c:980:gst_poll_fd_ctl_write: 0x1968820: fd (fd:0, idx:1), active : 1
0:00:00.026591461  2471 0x71a370 DEBUG   GST_REGISTRY gstregistrychunks.c:539:gst_registry_chunks_load_pad_template: Added pad_template sink
0:00:00.019697736  2472 0x1960320 LOG   GST_POLL gstpoll.c:994:gst_poll_fd_ctl_write: 0x1968820: pfd->events now 60 (POLLOUT:4)
0:00:00.026606882  2471 0x71a370 DEBUG   GST_REGISTRY gstregistry.c:590:gst_registry_add_feature: adding feature 0x738e90 (output-selector)
0:00:00.019708400  2472 0x1960320 DEBUG   GST_POLL gstpoll.c:980:gst_poll_fd_ctl_write: 0x1968820: fd (fd:0, idx:1), active : 1
0:00:00.026621379  2471 0x71a370 DEBUG   GST_REFCOUNTING gstobject.c:709:gst_object_set_parent: set parent (ref and sink)
0:00:00.019719512  2472 0x1960320 LOG   GST_POLL gstpoll.c:994:gst_poll_fd_ctl_write: 0x1968820: pfd->events now 60 (POLLOUT:4)
0:00:00.026635177  2471 0x71a370 TRACE   GST_REFCOUNTING gstobject.c:294:gst_object_ref_sink: 0x738e90 ref_sink 1->2
0:00:00.019732998  2472 0x1960320 DEBUG   GST_POLL gstpoll.c:980:gst_poll_fd_ctl_write: 0x1968820: fd (fd:0, idx:1), active : 1
0:00:00.026648114  2471 0x71a370 LOG   GST_REGISTRY gstregistry.c:608:gst_registry_add_feature: emitting feature-added for output-selector
0:00:00.019746175  2472 0x1960320 LOG   GST_POLL gstpoll.c:994:gst_poll_fd_ctl_write: 0x1968820: pfd->events now 60 (POLLOUT:4)
0:00:00.026660854  2471 0x71a370 DEBUG   GST_REGISTRY gstregistrychunks.c:741:gst_registry_chunks_load_feature: Added feature output-selector, plugin 0x734200 coreelements
0:00:00.019759234  2472 0x1960320 DEBUG   GST_POLL gstpoll.c:980:gst_poll_fd_ctl_write: 0x1968820: fd (fd:0, idx:1), active : 1
0:00:00.026673978  2471 0x71a370 DEBUG   GST_REGISTRY gstregistrychunks.c:583:gst_registry_chunks_load_feature: Plugin 'coreelements' feature 'input-selector' typename : 'GstElementFactory'
0:00:00.019777832  2472 0x1960320 LOG   GST_POLL gstpoll.c:994:gst_poll_fd_ctl_write: 0x1968820: pfd->events now 60 (POLLOUT:4)
0:00:00.026690888  2471 0x71a370 TRACE   GST_REFCOUNTING gstobject.c:208:gst_object_init: 0x739430 new
0:00:00.019789352  2472 0x1960320 DEBUG   GST_POLL gstpoll.c:980:gst_poll_fd_ctl_write: 0x1968820: fd (fd:0, idx:1), active : 1
0:00:00.019801803  2472 0x1960320 LOG   GST_POLL gstpoll.c:994:gst_poll_fd_ctl_write: 0x1968820: pfd->events now 60 (POLLOUT:4)
0:00:00.026705200  2471 0x71a370 LOG   GST_REGISTRY gstregistrychunks.c:610:gst_registry_chunks_load_feature: Reading/casting for GstRegistryChunkElementFactory at address 0x7365e0
0:00:00.019812983  2472 0x1960320 DEBUG   GST_POLL gstpoll.c:980:gst_poll_fd_ctl_write: 0x1968820: fd (fd:0, idx:1), active : 1
0:00:00.026718591  2471 0x71a370 TRACE   structure gststructure.c:287:gst_structure_new_id_empty_with_size: created structure 0x7397a0
0:00:00.019823968  2472 0x1960320 LOG   GST_POLL gstpoll.c:994:gst_poll_fd_ctl_write: 0x1968820: pfd->events now 60 (POLLOUT:4)
0:00:00.026729151  2471 0x71a370 DEBUG   structure gststructure.c:2203:gst_structure_parse_field: trying field name 'long-name'
0:00:00.019835621  2472 0x1960320 DEBUG   GST_POLL gstpoll.c:980:gst_poll_fd_ctl_write: 0x1968820: fd (fd:0, idx:1), active : 1
0:00:00.026740025  2471 0x71a370 DEBUG   default gstvalue.c:2676:_priv_gst_value_parse_value: trying type name 'string'
0:00:00.019846579  2472 0x1960320 LOG   GST_POLL gstpoll.c:994:gst_poll_fd_ctl_write: 0x1968820: pfd->events now 60 (POLLOUT:4)
0:00:00.026752900  2471 0x71a370 DEBUG   structure gststructure.c:2203:gst_structure_parse_field: trying field name 'klass'
0:00:00.026763611  2471 0x71a370 DEBUG   default gstvalue.c:2676:_priv_gst_value_parse_value: trying type name 'string'
0:00:00.019859049  2472 0x1960320 LOG   GST_PLUGIN_LOADING gstpluginloader.c:646:put_chunk: Expanding tx buf from 10158 to 13209 for chunk of size 209
0:00:00.026786451  2471 0x71a370 DEBUG   structure gststructure.c:2203:gst_structure_parse_field: trying field name 'description'
0:00:00.026802768  2471 0x71a370 DEBUG   default gstvalue.c:2676:_priv_gst_value_parse_value: trying type name 'string'
0:00:00.019906783  2472 0x1960320 DEBUG   GST_POLL gstpoll.c:980:gst_poll_fd_ctl_write: 0x1968820: fd (fd:0, idx:1), active : 1
0:00:00.026813958  2471 0x71a370 DEBUG   structure gststructure.c:2203:gst_structure_parse_field: trying field name 'author'
0:00:00.019919593  2472 0x1960320 LOG   GST_POLL gstpoll.c:994:gst_poll_fd_ctl_write: 0x1968820: pfd->events now 60 (POLLOUT:4)
0:00:00.026824842  2471 0x71a370 DEBUG   default gstvalue.c:2676:_priv_gst_value_parse_value: trying type name 'string'
0:00:00.019932049  2472 0x1960320 DEBUG   GST_POLL gstpoll.c:980:gst_poll_fd_ctl_write: 0x1968820: fd (fd:0, idx:1), active : 1
0:00:00.026840129  2471 0x71a370 DEBUG   GST_REGISTRY gstregistrychunks.c:626:gst_registry_chunks_load_feature: Element factory : npadtemplates=2
0:00:00.019949349  2472 0x1960320 LOG   GST_POLL gstpoll.c:994:gst_poll_fd_ctl_write: 0x1968820: pfd->events now 60 (POLLOUT:4)
0:00:00.026854282  2471 0x71a370 DEBUG   GST_REGISTRY gstregistrychunks.c:526:gst_registry_chunks_load_pad_template: Reading/casting for GstRegistryChunkPadTemplate at address 0x736710
0:00:00.019961157  2472 0x1960320 DEBUG   GST_POLL gstpoll.c:980:gst_poll_fd_ctl_write: 0x1968820: fd (fd:0, idx:1), active : 1
0:00:00.026865621  2471 0x71a370 DEBUG   GST_REGISTRY gstregistrychunks.c:539:gst_registry_chunks_load_pad_template: Added pad_template src
0:00:00.019971961  2472 0x1960320 LOG   GST_POLL gstpoll.c:994:gst_poll_fd_ctl_write: 0x1968820: pfd->events now 60 (POLLOUT:4)
0:00:00.026876957  2471 0x71a370 DEBUG   GST_REGISTRY gstregistrychunks.c:526:gst_registry_chunks_load_pad_template: Reading/casting for GstRegistryChunkPadTemplate at address 0x736720
0:00:00.019983570  2472 0x1960320 DEBUG   GST_POLL gstpoll.c:980:gst_poll_fd_ctl_write: 0x1968820: fd (fd:0, idx:1), active : 1
0:00:00.026888548  2471 0x71a370 DEBUG   GST_REGISTRY gstregistrychunks.c:539:gst_registry_chunks_load_pad_template: Added pad_template sink_%u
0:00:00.019994538  2472 0x1960320 LOG   GST_POLL gstpoll.c:994:gst_poll_fd_ctl_write: 0x1968820: pfd->events now 60 (POLLOUT:4)
0:00:00.026904021  2471 0x71a370 DEBUG   GST_REGISTRY gstregistry.c:590:gst_registry_add_feature: adding feature 0x739430 (input-selector)
0:00:00.020005036  2472 0x1960320 DEBUG   GST_POLL gstpoll.c:980:gst_poll_fd_ctl_write: 0x1968820: fd (fd:0, idx:1), active : 1
0:00:00.026915362  2471 0x71a370 DEBUG   GST_REFCOUNTING gstobject.c:709:gst_object_set_parent: set parent (ref and sink)
0:00:00.020016389  2472 0x1960320 LOG   GST_POLL gstpoll.c:994:gst_poll_fd_ctl_write: 0x1968820: pfd->events now 60 (POLLOUT:4)
0:00:00.020027686  2472 0x1960320 DEBUG   GST_POLL gstpoll.c:980:gst_poll_fd_ctl_write: 0x1968820: fd (fd:0, idx:1), active : 1
0:00:00.026929843  2471 0x71a370 TRACE   GST_REFCOUNTING gstobject.c:294:gst_object_ref_sink: 0x739430 ref_sink 1->2
0:00:00.020038206  2472 0x1960320 LOG   GST_POLL gstpoll.c:994:gst_poll_fd_ctl_write: 0x1968820: pfd->events now 60 (POLLOUT:4)
0:00:00.026944728  2471 0x71a370 LOG   GST_REGISTRY gstregistry.c:608:gst_registry_add_feature: emitting feature-added for input-selector
0:00:00.020049475  2472 0x1960320 DEBUG   GST_POLL gstpoll.c:980:gst_poll_fd_ctl_write: 0x1968820: fd (fd:0, idx:1), active : 1
0:00:00.026958295  2471 0x71a370 DEBUG   GST_REGISTRY gstregistrychunks.c:741:gst_registry_chunks_load_feature: Added feature input-selector, plugin 0x734200 coreelements
0:00:00.020059803  2472 0x1960320 LOG   GST_POLL gstpoll.c:994:gst_poll_fd_ctl_write: 0x1968820: pfd->events now 60 (POLLOUT:4)
0:00:00.026971917  2471 0x71a370 DEBUG   GST_REGISTRY gstregistrychunks.c:583:gst_registry_chunks_load_feature: Plugin 'coreelements' feature 'identity' typename : 'GstElementFactory'
0:00:00.020078237  2472 0x1960320 DEBUG   GST_POLL gstpoll.c:980:gst_poll_fd_ctl_write: 0x1968820: fd (fd:0, idx:1), active : 1
0:00:00.026988092  2471 0x71a370 TRACE   GST_REFCOUNTING gstobject.c:208:gst_object_init: 0x739a20 new
0:00:00.020088340  2472 0x1960320 LOG   GST_POLL gstpoll.c:994:gst_poll_fd_ctl_write: 0x1968820: pfd->events now 60 (POLLOUT:4)
0:00:00.027002948  2471 0x71a370 LOG   GST_REGISTRY gstregistrychunks.c:610:gst_registry_chunks_load_feature: Reading/casting for GstRegistryChunkElementFactory at address 0x736750
0:00:00.020100386  2472 0x1960320 DEBUG   GST_POLL gstpoll.c:980:gst_poll_fd_ctl_write: 0x1968820: fd (fd:0, idx:1), active : 1
0:00:00.027014495  2471 0x71a370 TRACE   structure gststructure.c:287:gst_structure_new_id_empty_with_size: created structure 0x739b10
0:00:00.020113114  2472 0x1960320 LOG   GST_POLL gstpoll.c:994:gst_poll_fd_ctl_write: 0x1968820: pfd->events now 60 (POLLOUT:4)
0:00:00.027025160  2471 0x71a370 DEBUG   structure gststructure.c:2203:gst_structure_parse_field: trying field name 'long-name'
0:00:00.020124989  2472 0x1960320 DEBUG   GST_POLL gstpoll.c:980:gst_poll_fd_ctl_write: 0x1968820: fd (fd:0, idx:1), active : 1
0:00:00.027035165  2471 0x71a370 DEBUG   default gstvalue.c:2676:_priv_gst_value_parse_value: trying type name 'string'
0:00:00.020136524  2472 0x1960320 LOG   GST_POLL gstpoll.c:994:gst_poll_fd_ctl_write: 0x1968820: pfd->events now 60 (POLLOUT:4)
0:00:00.027047185  2471 0x71a370 DEBUG   structure gststructure.c:2203:gst_structure_parse_field: trying field name 'klass'
0:00:00.020148397  2472 0x1960320 DEBUG   GST_POLL gstpoll.c:980:gst_poll_fd_ctl_write: 0x1968820: fd (fd:0, idx:1), active : 1
0:00:00.027057424  2471 0x71a370 DEBUG   default gstvalue.c:2676:_priv_gst_value_parse_value: trying type name 'string'
0:00:00.027068782  2471 0x71a370 DEBUG   structure gststructure.c:2203:gst_structure_parse_field: trying field name 'description'
0:00:00.020165732  2472 0x1960320 LOG   GST_POLL gstpoll.c:994:gst_poll_fd_ctl_write: 0x1968820: pfd->events now 60 (POLLOUT:4)
0:00:00.027078687  2471 0x71a370 DEBUG   default gstvalue.c:2676:_priv_gst_value_parse_value: trying type name 'string'
0:00:00.020179099  2472 0x1960320 DEBUG   GST_POLL gstpoll.c:980:gst_poll_fd_ctl_write: 0x1968820: fd (fd:0, idx:1), active : 1
0:00:00.027090265  2471 0x71a370 DEBUG   structure gststructure.c:2203:gst_structure_parse_field: trying field name 'author'
0:00:00.020190379  2472 0x1960320 LOG   GST_POLL gstpoll.c:994:gst_poll_fd_ctl_write: 0x1968820: pfd->events now 60 (POLLOUT:4)
0:00:00.027100585  2471 0x71a370 DEBUG   default gstvalue.c:2676:_priv_gst_value_parse_value: trying type name 'string'
0:00:00.020203223  2472 0x1960320 DEBUG   GST_POLL gstpoll.c:980:gst_poll_fd_ctl_write: 0x1968820: fd (fd:0, idx:1), active : 1
0:00:00.027112910  2471 0x71a370 DEBUG   GST_REGISTRY gstregistrychunks.c:626:gst_registry_chunks_load_feature: Element factory : npadtemplates=2
0:00:00.020220875  2472 0x1960320 LOG   GST_POLL gstpoll.c:994:gst_poll_fd_ctl_write: 0x1968820: pfd->events now 60 (POLLOUT:4)
0:00:00.027125711  2471 0x71a370 DEBUG   GST_REGISTRY gstregistrychunks.c:526:gst_registry_chunks_load_pad_template: Reading/casting for GstRegistryChunkPadTemplate at address 0x736820
0:00:00.020232548  2472 0x1960320 DEBUG   GST_POLL gstpoll.c:980:gst_poll_fd_ctl_write: 0x1968820: fd (fd:0, idx:1), active : 1
0:00:00.027137347  2471 0x71a370 DEBUG   GST_REGISTRY gstregistrychunks.c:539:gst_registry_chunks_load_pad_template: Added pad_template sink
0:00:00.020243426  2472 0x1960320 LOG   GST_POLL gstpoll.c:994:gst_poll_fd_ctl_write: 0x1968820: pfd->events now 60 (POLLOUT:4)
0:00:00.027148382  2471 0x71a370 DEBUG   GST_REGISTRY gstregistrychunks.c:526:gst_registry_chunks_load_pad_template: Reading/casting for GstRegistryChunkPadTemplate at address 0x736838
0:00:00.020254926  2472 0x1960320 DEBUG   GST_POLL gstpoll.c:980:gst_poll_fd_ctl_write: 0x1968820: fd (fd:0, idx:1), active : 1
0:00:00.027159589  2471 0x71a370 DEBUG   GST_REGISTRY gstregistrychunks.c:539:gst_registry_chunks_load_pad_template: Added pad_template src
0:00:00.020265927  2472 0x1960320 LOG   GST_POLL gstpoll.c:994:gst_poll_fd_ctl_write: 0x1968820: pfd->events now 60 (POLLOUT:4)
0:00:00.027174911  2471 0x71a370 DEBUG   GST_REGISTRY gstregistry.c:590:gst_registry_add_feature: adding feature 0x739a20 (identity)
0:00:00.020276751  2472 0x1960320 DEBUG   GST_POLL gstpoll.c:980:gst_poll_fd_ctl_write: 0x1968820: fd (fd:0, idx:1), active : 1
0:00:00.027186145  2471 0x71a370 DEBUG   GST_REFCOUNTING gstobject.c:709:gst_object_set_parent: set parent (ref and sink)
0:00:00.020287577  2472 0x1960320 LOG   GST_POLL gstpoll.c:994:gst_poll_fd_ctl_write: 0x1968820: pfd->events now 60 (POLLOUT:4)
0:00:00.027200534  2471 0x71a370 TRACE   GST_REFCOUNTING gstobject.c:294:gst_object_ref_sink: 0x739a20 ref_sink 1->2
0:00:00.020299505  2472 0x1960320 DEBUG   GST_POLL gstpoll.c:980:gst_poll_fd_ctl_write: 0x1968820: fd (fd:0, idx:1), active : 1
0:00:00.027213225  2471 0x71a370 LOG   GST_REGISTRY gstregistry.c:608:gst_registry_add_feature: emitting feature-added for identity
0:00:00.020311797  2472 0x1960320 LOG   GST_POLL gstpoll.c:994:gst_poll_fd_ctl_write: 0x1968820: pfd->events now 60 (POLLOUT:4)
0:00:00.027225954  2471 0x71a370 DEBUG   GST_REGISTRY gstregistrychunks.c:741:gst_registry_chunks_load_feature: Added feature identity, plugin 0x734200 coreelements
0:00:00.020324244  2472 0x1960320 DEBUG   GST_POLL gstpoll.c:980:gst_poll_fd_ctl_write: 0x1968820: fd (fd:0, idx:1), active : 1
0:00:00.027238554  2471 0x71a370 DEBUG   GST_REGISTRY gstregistrychunks.c:583:gst_registry_chunks_load_feature: Plugin 'coreelements' feature 'funnel' typename : 'GstElementFactory'
0:00:00.020336161  2472 0x1960320 LOG   GST_POLL gstpoll.c:994:gst_poll_fd_ctl_write: 0x1968820: pfd->events now 60 (POLLOUT:4)
0:00:00.027253448  2471 0x71a370 TRACE   GST_REFCOUNTING gstobject.c:208:gst_object_init: 0x739d90 new
0:00:00.020355386  2472 0x1960320 DEBUG   GST_POLL gstpoll.c:980:gst_poll_fd_ctl_write: 0x1968820: fd (fd:0, idx:1), active : 1
0:00:00.027268228  2471 0x71a370 LOG   GST_REGISTRY gstregistrychunks.c:610:gst_registry_chunks_load_feature: Reading/casting for GstRegistryChunkElementFactory at address 0x736868
0:00:00.020366667  2472 0x1960320 LOG   GST_POLL gstpoll.c:994:gst_poll_fd_ctl_write: 0x1968820: pfd->events now 60 (POLLOUT:4)
0:00:00.020380034  2472 0x1960320 DEBUG   GST_POLL gstpoll.c:980:gst_poll_fd_ctl_write: 0x1968820: fd (fd:0, idx:1), active : 1
0:00:00.027284108  2471 0x71a370 TRACE   structure gststructure.c:287:gst_structure_new_id_empty_with_size: created structure 0x739f50
0:00:00.020390789  2472 0x1960320 LOG   GST_POLL gstpoll.c:994:gst_poll_fd_ctl_write: 0x1968820: pfd->events now 60 (POLLOUT:4)
0:00:00.027296593  2471 0x71a370 DEBUG   structure gststructure.c:2203:gst_structure_parse_field: trying field name 'long-name'
0:00:00.020402275  2472 0x1960320 DEBUG   GST_POLL gstpoll.c:980:gst_poll_fd_ctl_write: 0x1968820: fd (fd:0, idx:1), active : 1
0:00:00.027306788  2471 0x71a370 DEBUG   default gstvalue.c:2676:_priv_gst_value_parse_value: trying type name 'string'
0:00:00.020412955  2472 0x1960320 LOG   GST_POLL gstpoll.c:994:gst_poll_fd_ctl_write: 0x1968820: pfd->events now 60 (POLLOUT:4)
0:00:00.027319617  2471 0x71a370 DEBUG   structure gststructure.c:2203:gst_structure_parse_field: trying field name 'klass'
0:00:00.020424915  2472 0x1960320 DEBUG   GST_POLL gstpoll.c:980:gst_poll_fd_ctl_write: 0x1968820: fd (fd:0, idx:1), active : 1
0:00:00.027330505  2471 0x71a370 DEBUG   default gstvalue.c:2676:_priv_gst_value_parse_value: trying type name 'string'
0:00:00.020435861  2472 0x1960320 LOG   GST_POLL gstpoll.c:994:gst_poll_fd_ctl_write: 0x1968820: pfd->events now 60 (POLLOUT:4)
0:00:00.027341928  2471 0x71a370 DEBUG   structure gststructure.c:2203:gst_structure_parse_field: trying field name 'description'
