0:00:00.020447809  2472 0x1960320 DEBUG   GST_POLL gstpoll.c:980:gst_poll_fd_ctl_write: 0x1968820: fd (fd:0, idx:1), active : 1
0:00:00.027352237  2471 0x71a370 DEBUG   default gstvalue.c:2676:_priv_gst_value_parse_value: trying type name 'string'
0:00:00.020458822  2472 0x1960320 LOG   GST_POLL gstpoll.c:994:gst_poll_fd_ctl_write: 0x1968820: pfd->events now 60 (POLLOUT:4)
0:00:00.027365066  2471 0x71a370 DEBUG   structure gststructure.c:2203:gst_structure_parse_field: trying field name 'author'
0:00:00.020470852  2472 0x1960320 DEBUG   GST_POLL gstpoll.c:980:gst_poll_fd_ctl_write: 0x1968820: fd (fd:0, idx:1), active : 1
0:00:00.027375795  2471 0x71a370 DEBUG   default gstvalue.c:2676:_priv_gst_value_parse_value: trying type name 'string'
0:00:00.020481695  2472 0x1960320 LOG   GST_POLL gstpoll.c:994:gst_poll_fd_ctl_write: 0x1968820: pfd->events now 60 (POLLOUT:4)
0:00:00.027388837  2471 0x71a370 DEBUG   GST_REGISTRY gstregistrychunks.c:626:gst_registry_chunks_load_feature: Element factory : npadtemplates=2
0:00:00.020499281  2472 0x1960320 DEBUG   GST_POLL gstpoll.c:980:gst_poll_fd_ctl_write: 0x1968820: fd (fd:0, idx:1), active : 1
0:00:00.027403785  2471 0x71a370 DEBUG   GST_REGISTRY gstregistrychunks.c:526:gst_registry_chunks_load_pad_template: Reading/casting for GstRegistryChunkPadTemplate at address 0x736940
0:00:00.020510675  2472 0x1960320 LOG   GST_POLL gstpoll.c:994:gst_poll_fd_ctl_write: 0x1968820: pfd->events now 60 (POLLOUT:4)
0:00:00.027415988  2471 0x71a370 DEBUG   GST_REGISTRY gstregistrychunks.c:539:gst_registry_chunks_load_pad_template: Added pad_template src
0:00:00.020522339  2472 0x1960320 DEBUG   GST_POLL gstpoll.c:980:gst_poll_fd_ctl_write: 0x1968820: fd (fd:0, idx:1), active : 1
0:00:00.027426577  2471 0x71a370 DEBUG   GST_REGISTRY gstregistrychunks.c:526:gst_registry_chunks_load_pad_template: Reading/casting for GstRegistryChunkPadTemplate at address 0x736950
0:00:00.020533153  2472 0x1960320 LOG   GST_POLL gstpoll.c:994:gst_poll_fd_ctl_write: 0x1968820: pfd->events now 60 (POLLOUT:4)
0:00:00.027438674  2471 0x71a370 DEBUG   GST_REGISTRY gstregistrychunks.c:539:gst_registry_chunks_load_pad_template: Added pad_template sink_%u
0:00:00.020545054  2472 0x1960320 DEBUG   GST_POLL gstpoll.c:980:gst_poll_fd_ctl_write: 0x1968820: fd (fd:0, idx:1), active : 1
0:00:00.027453897  2471 0x71a370 DEBUG   GST_REGISTRY gstregistry.c:590:gst_registry_add_feature: adding feature 0x739d90 (funnel)
0:00:00.020555183  2472 0x1960320 LOG   GST_POLL gstpoll.c:994:gst_poll_fd_ctl_write: 0x1968820: pfd->events now 60 (POLLOUT:4)
0:00:00.027465535  2471 0x71a370 DEBUG   GST_REFCOUNTING gstobject.c:709:gst_object_set_parent: set parent (ref and sink)
0:00:00.020566754  2472 0x1960320 DEBUG   GST_POLL gstpoll.c:980:gst_poll_fd_ctl_write: 0x1968820: fd (fd:0, idx:1), active : 1
0:00:00.027479543  2471 0x71a370 TRACE   GST_REFCOUNTING gstobject.c:294:gst_object_ref_sink: 0x739d90 ref_sink 1->2
0:00:00.020578015  2472 0x1960320 LOG   GST_POLL gstpoll.c:994:gst_poll_fd_ctl_write: 0x1968820: pfd->events now 60 (POLLOUT:4)
0:00:00.027492190  2471 0x71a370 LOG   GST_REGISTRY gstregistry.c:608:gst_registry_add_feature: emitting feature-added for funnel
0:00:00.020591425  2472 0x1960320 DEBUG   GST_POLL gstpoll.c:980:gst_poll_fd_ctl_write: 0x1968820: fd (fd:0, idx:1), active : 1
0:00:00.027504686  2471 0x71a370 DEBUG   GST_REGISTRY gstregistrychunks.c:741:gst_registry_chunks_load_feature: Added feature funnel, plugin 0x734200 coreelements
0:00:00.020602457  2472 0x1960320 LOG   GST_POLL gstpoll.c:994:gst_poll_fd_ctl_write: 0x1968820: pfd->events now 60 (POLLOUT:4)
0:00:00.027517300  2471 0x71a370 DEBUG   GST_REGISTRY gstregistrychunks.c:583:gst_registry_chunks_load_feature: Plugin 'coreelements' feature 'filesrc' typename : 'GstElementFactory'
0:00:00.020615529  2472 0x1960320 DEBUG   GST_POLL gstpoll.c:980:gst_poll_fd_ctl_write: 0x1968820: fd (fd:0, idx:1), active : 1
0:00:00.027532237  2471 0x71a370 TRACE   GST_REFCOUNTING gstobject.c:208:gst_object_init: 0x739c90 new
0:00:00.020634036  2472 0x1960320 LOG   GST_POLL gstpoll.c:994:gst_poll_fd_ctl_write: 0x1968820: pfd->events now 60 (POLLOUT:4)
0:00:00.027547918  2471 0x71a370 LOG   GST_REGISTRY gstregistrychunks.c:610:gst_registry_chunks_load_feature: Reading/casting for GstRegistryChunkElementFactory at address 0x736980
0:00:00.020646063  2472 0x1960320 DEBUG   GST_POLL gstpoll.c:980:gst_poll_fd_ctl_write: 0x1968820: fd (fd:0, idx:1), active : 1
0:00:00.020658152  2472 0x1960320 LOG   GST_POLL gstpoll.c:994:gst_poll_fd_ctl_write: 0x1968820: pfd->events now 60 (POLLOUT:4)
0:00:00.027559687  2471 0x71a370 TRACE   structure gststructure.c:287:gst_structure_new_id_empty_with_size: created structure 0x73a2c0
0:00:00.020670062  2472 0x1960320 DEBUG   GST_POLL gstpoll.c:980:gst_poll_fd_ctl_write: 0x1968820: fd (fd:0, idx:1), active : 1
0:00:00.027577888  2471 0x71a370 DEBUG   structure gststructure.c:2203:gst_structure_parse_field: trying field name 'long-name'
0:00:00.020681126  2472 0x1960320 LOG   GST_POLL gstpoll.c:994:gst_poll_fd_ctl_write: 0x1968820: pfd->events now 60 (POLLOUT:4)
0:00:00.027588511  2471 0x71a370 DEBUG   default gstvalue.c:2676:_priv_gst_value_parse_value: trying type name 'string'
0:00:00.020693590  2472 0x1960320 DEBUG   GST_POLL gstpoll.c:980:gst_poll_fd_ctl_write: 0x1968820: fd (fd:0, idx:1), active : 1
0:00:00.027600880  2471 0x71a370 DEBUG   structure gststructure.c:2203:gst_structure_parse_field: trying field name 'klass'
0:00:00.020704326  2472 0x1960320 LOG   GST_POLL gstpoll.c:994:gst_poll_fd_ctl_write: 0x1968820: pfd->events now 60 (POLLOUT:4)
0:00:00.027611572  2471 0x71a370 DEBUG   default gstvalue.c:2676:_priv_gst_value_parse_value: trying type name 'string'
0:00:00.020716638  2472 0x1960320 DEBUG   GST_POLL gstpoll.c:980:gst_poll_fd_ctl_write: 0x1968820: fd (fd:0, idx:1), active : 1
0:00:00.027624274  2471 0x71a370 DEBUG   structure gststructure.c:2203:gst_structure_parse_field: trying field name 'description'
0:00:00.020726857  2472 0x1960320 LOG   GST_POLL gstpoll.c:994:gst_poll_fd_ctl_write: 0x1968820: pfd->events now 60 (POLLOUT:4)
0:00:00.027635335  2471 0x71a370 DEBUG   default gstvalue.c:2676:_priv_gst_value_parse_value: trying type name 'string'
0:00:00.020739312  2472 0x1960320 DEBUG   GST_POLL gstpoll.c:980:gst_poll_fd_ctl_write: 0x1968820: fd (fd:0, idx:1), active : 1
0:00:00.027648263  2471 0x71a370 DEBUG   structure gststructure.c:2203:gst_structure_parse_field: trying field name 'author'
0:00:00.020749922  2472 0x1960320 LOG   GST_POLL gstpoll.c:994:gst_poll_fd_ctl_write: 0x1968820: pfd->events now 60 (POLLOUT:4)
0:00:00.027659190  2471 0x71a370 DEBUG   default gstvalue.c:2676:_priv_gst_value_parse_value: trying type name 'string'
0:00:00.020762313  2472 0x1960320 DEBUG   GST_POLL gstpoll.c:980:gst_poll_fd_ctl_write: 0x1968820: fd (fd:0, idx:1), active : 1
0:00:00.027672267  2471 0x71a370 DEBUG   GST_REGISTRY gstregistrychunks.c:626:gst_registry_chunks_load_feature: Element factory : npadtemplates=1
0:00:00.020779898  2472 0x1960320 LOG   GST_POLL gstpoll.c:994:gst_poll_fd_ctl_write: 0x1968820: pfd->events now 60 (POLLOUT:4)
0:00:00.027684863  2471 0x71a370 DEBUG   GST_REGISTRY gstregistrychunks.c:526:gst_registry_chunks_load_pad_template: Reading/casting for GstRegistryChunkPadTemplate at address 0x736a60
0:00:00.020791569  2472 0x1960320 DEBUG   GST_POLL gstpoll.c:980:gst_poll_fd_ctl_write: 0x1968820: fd (fd:0, idx:1), active : 1
0:00:00.027696354  2471 0x71a370 DEBUG   GST_REGISTRY gstregistrychunks.c:539:gst_registry_chunks_load_pad_template: Added pad_template src
0:00:00.020802466  2472 0x1960320 LOG   GST_POLL gstpoll.c:994:gst_poll_fd_ctl_write: 0x1968820: pfd->events now 60 (POLLOUT:4)
0:00:00.027708699  2471 0x71a370 DEBUG   GST_REGISTRY gstregistrychunks.c:639:gst_registry_chunks_load_feature: Reading 1 UriTypes at address 0x736a70
0:00:00.020814331  2472 0x1960320 DEBUG   GST_POLL gstpoll.c:980:gst_poll_fd_ctl_write: 0x1968820: fd (fd:0, idx:1), active : 1
0:00:00.027720598  2471 0x71a370 DEBUG   GST_REGISTRY gstregistrychunks.c:654:gst_registry_chunks_load_feature: Reading 1 Interfaces at address 0x736a79
0:00:00.020825593  2472 0x1960320 LOG   GST_POLL gstpoll.c:994:gst_poll_fd_ctl_write: 0x1968820: pfd->events now 60 (POLLOUT:4)
0:00:00.027736945  2471 0x71a370 DEBUG   GST_REGISTRY gstregistry.c:590:gst_registry_add_feature: adding feature 0x739c90 (filesrc)
0:00:00.020835744  2472 0x1960320 DEBUG   GST_POLL gstpoll.c:980:gst_poll_fd_ctl_write: 0x1968820: fd (fd:0, idx:1), active : 1
0:00:00.027748789  2471 0x71a370 DEBUG   GST_REFCOUNTING gstobject.c:709:gst_object_set_parent: set parent (ref and sink)
0:00:00.020848054  2472 0x1960320 LOG   GST_POLL gstpoll.c:994:gst_poll_fd_ctl_write: 0x1968820: pfd->events now 60 (POLLOUT:4)
0:00:00.027762520  2471 0x71a370 TRACE   GST_REFCOUNTING gstobject.c:294:gst_object_ref_sink: 0x739c90 ref_sink 1->2
0:00:00.020860408  2472 0x1960320 DEBUG   GST_POLL gstpoll.c:980:gst_poll_fd_ctl_write: 0x1968820: fd (fd:0, idx:1), active : 1
0:00:00.027787924  2471 0x71a370 LOG   GST_REGISTRY gstregistry.c:608:gst_registry_add_feature: emitting feature-added for filesrc
0:00:00.020894895  2472 0x1960320 LOG   GST_POLL gstpoll.c:994:gst_poll_fd_ctl_write: 0x1968820: pfd->events now 60 (POLLOUT:4)
0:00:00.027803417  2471 0x71a370 DEBUG   GST_REGISTRY gstregistrychunks.c:741:gst_registry_chunks_load_feature: Added feature filesrc, plugin 0x734200 coreelements
0:00:00.020907167  2472 0x1960320 DEBUG   GST_POLL gstpoll.c:980:gst_poll_fd_ctl_write: 0x1968820: fd (fd:0, idx:1), active : 1
0:00:00.027816818  2471 0x71a370 DEBUG   GST_REGISTRY gstregistrychunks.c:583:gst_registry_chunks_load_feature: Plugin 'coreelements' feature 'fdsink' typename : 'GstElementFactory'
0:00:00.020917757  2472 0x1960320 LOG   GST_POLL gstpoll.c:994:gst_poll_fd_ctl_write: 0x1968820: pfd->events now 60 (POLLOUT:4)
0:00:00.027833337  2471 0x71a370 TRACE   GST_REFCOUNTING gstobject.c:208:gst_object_init: 0x73a3f0 new
0:00:00.020937823  2472 0x1960320 DEBUG   GST_POLL gstpoll.c:980:gst_poll_fd_ctl_write: 0x1968820: fd (fd:0, idx:1), active : 1
0:00:00.027849915  2471 0x71a370 LOG   GST_REGISTRY gstregistrychunks.c:610:gst_registry_chunks_load_feature: Reading/casting for GstRegistryChunkElementFactory at address 0x736aa0
0:00:00.020948516  2472 0x1960320 LOG   GST_POLL gstpoll.c:994:gst_poll_fd_ctl_write: 0x1968820: pfd->events now 60 (POLLOUT:4)
0:00:00.027862334  2471 0x71a370 TRACE   structure gststructure.c:287:gst_structure_new_id_empty_with_size: created structure 0x73a5b0
0:00:00.020960820  2472 0x1960320 DEBUG   GST_POLL gstpoll.c:980:gst_poll_fd_ctl_write: 0x1968820: fd (fd:0, idx:1), active : 1
0:00:00.027873848  2471 0x71a370 DEBUG   structure gststructure.c:2203:gst_structure_parse_field: trying field name 'long-name'
0:00:00.020972860  2472 0x1960320 LOG   GST_POLL gstpoll.c:994:gst_poll_fd_ctl_write: 0x1968820: pfd->events now 60 (POLLOUT:4)
0:00:00.027884801  2471 0x71a370 DEBUG   default gstvalue.c:2676:_priv_gst_value_parse_value: trying type name 'string'
0:00:00.020984457  2472 0x1960320 DEBUG   GST_POLL gstpoll.c:980:gst_poll_fd_ctl_write: 0x1968820: fd (fd:0, idx:1), active : 1
0:00:00.027897581  2471 0x71a370 DEBUG   structure gststructure.c:2203:gst_structure_parse_field: trying field name 'klass'
0:00:00.021011398  2472 0x1960320 LOG   GST_POLL gstpoll.c:994:gst_poll_fd_ctl_write: 0x1968820: pfd->events now 60 (POLLOUT:4)
0:00:00.027924907  2471 0x71a370 DEBUG   default gstvalue.c:2676:_priv_gst_value_parse_value: trying type name 'string'
0:00:00.021025226  2472 0x1960320 DEBUG   GST_POLL gstpoll.c:980:gst_poll_fd_ctl_write: 0x1968820: fd (fd:0, idx:1), active : 1
0:00:00.027937317  2471 0x71a370 DEBUG   structure gststructure.c:2203:gst_structure_parse_field: trying field name 'description'
0:00:00.021036645  2472 0x1960320 LOG   GST_POLL gstpoll.c:994:gst_poll_fd_ctl_write: 0x1968820: pfd->events now 60 (POLLOUT:4)
0:00:00.027948737  2471 0x71a370 DEBUG   default gstvalue.c:2676:_priv_gst_value_parse_value: trying type name 'string'
0:00:00.021048798  2472 0x1960320 DEBUG   GST_POLL gstpoll.c:980:gst_poll_fd_ctl_write: 0x1968820: fd (fd:0, idx:1), active : 1
0:00:00.027961506  2471 0x71a370 DEBUG   structure gststructure.c:2203:gst_structure_parse_field: trying field name 'author'
0:00:00.021060519  2472 0x1960320 LOG   GST_POLL gstpoll.c:994:gst_poll_fd_ctl_write: 0x1968820: pfd->events now 60 (POLLOUT:4)
0:00:00.027972158  2471 0x71a370 DEBUG   default gstvalue.c:2676:_priv_gst_value_parse_value: trying type name 'string'
0:00:00.021071830  2472 0x1960320 DEBUG   GST_POLL gstpoll.c:980:gst_poll_fd_ctl_write: 0x1968820: fd (fd:0, idx:1), active : 1
0:00:00.027984547  2471 0x71a370 DEBUG   GST_REGISTRY gstregistrychunks.c:626:gst_registry_chunks_load_feature: Element factory : npadtemplates=1
0:00:00.021083087  2472 0x1960320 LOG   GST_POLL gstpoll.c:994:gst_poll_fd_ctl_write: 0x1968820: pfd->events now 60 (POLLOUT:4)
0:00:00.028001020  2471 0x71a370 DEBUG   GST_REGISTRY gstregistrychunks.c:526:gst_registry_chunks_load_pad_template: Reading/casting for GstRegistryChunkPadTemplate at address 0x736b80
0:00:00.021101257  2472 0x1960320 DEBUG   GST_POLL gstpoll.c:980:gst_poll_fd_ctl_write: 0x1968820: fd (fd:0, idx:1), active : 1
0:00:00.028011807  2471 0x71a370 DEBUG   GST_REGISTRY gstregistrychunks.c:539:gst_registry_chunks_load_pad_template: Added pad_template sink
0:00:00.021112483  2472 0x1960320 LOG   GST_POLL gstpoll.c:994:gst_poll_fd_ctl_write: 0x1968820: pfd->events now 60 (POLLOUT:4)
0:00:00.028023557  2471 0x71a370 DEBUG   GST_REGISTRY gstregistrychunks.c:639:gst_registry_chunks_load_feature: Reading 1 UriTypes at address 0x736b91
0:00:00.021124463  2472 0x1960320 DEBUG   GST_POLL gstpoll.c:980:gst_poll_fd_ctl_write: 0x1968820: fd (fd:0, idx:1), active : 1
0:00:00.028035725  2471 0x71a370 DEBUG   GST_REGISTRY gstregistrychunks.c:654:gst_registry_chunks_load_feature: Reading 1 Interfaces at address 0x736b9f
0:00:00.021135649  2472 0x1960320 LOG   GST_POLL gstpoll.c:994:gst_poll_fd_ctl_write: 0x1968820: pfd->events now 60 (POLLOUT:4)
0:00:00.028050636  2471 0x71a370 DEBUG   GST_REGISTRY gstregistry.c:590:gst_registry_add_feature: adding feature 0x73a3f0 (fdsink)
0:00:00.021147523  2472 0x1960320 DEBUG   GST_POLL gstpoll.c:980:gst_poll_fd_ctl_write: 0x1968820: fd (fd:0, idx:1), active : 1
0:00:00.028061515  2471 0x71a370 DEBUG   GST_REFCOUNTING gstobject.c:709:gst_object_set_parent: set parent (ref and sink)
0:00:00.021167906  2472 0x1960320 LOG   GST_POLL gstpoll.c:994:gst_poll_fd_ctl_write: 0x1968820: pfd->events now 60 (POLLOUT:4)
0:00:00.028075190  2471 0x71a370 TRACE   GST_REFCOUNTING gstobject.c:294:gst_object_ref_sink: 0x73a3f0 ref_sink 1->2
0:00:00.021179834  2472 0x1960320 DEBUG   GST_POLL gstpoll.c:980:gst_poll_fd_ctl_write: 0x1968820: fd (fd:0, idx:1), active : 1
0:00:00.028089164  2471 0x71a370 LOG   GST_REGISTRY gstregistry.c:608:gst_registry_add_feature: emitting feature-added for fdsink
0:00:00.021190397  2472 0x1960320 LOG   GST_POLL gstpoll.c:994:gst_poll_fd_ctl_write: 0x1968820: pfd->events now 60 (POLLOUT:4)
0:00:00.028102633  2471 0x71a370 DEBUG   GST_REGISTRY gstregistrychunks.c:741:gst_registry_chunks_load_feature: Added feature fdsink, plugin 0x734200 coreelements
0:00:00.021202084  2472 0x1960320 DEBUG   GST_POLL gstpoll.c:980:gst_poll_fd_ctl_write: 0x1968820: fd (fd:0, idx:1), active : 1
0:00:00.028115547  2471 0x71a370 DEBUG   GST_REGISTRY gstregistrychunks.c:583:gst_registry_chunks_load_feature: Plugin 'coreelements' feature 'fdsrc' typename : 'GstElementFactory'
0:00:00.021213035  2472 0x1960320 LOG   GST_POLL gstpoll.c:994:gst_poll_fd_ctl_write: 0x1968820: pfd->events now 60 (POLLOUT:4)
0:00:00.028131062  2471 0x71a370 TRACE   GST_REFCOUNTING gstobject.c:208:gst_object_init: 0x73a6e0 new
0:00:00.021232379  2472 0x1960320 DEBUG   GST_POLL gstpoll.c:980:gst_poll_fd_ctl_write: 0x1968820: fd (fd:0, idx:1), active : 1
0:00:00.028146217  2471 0x71a370 LOG   GST_REGISTRY gstregistrychunks.c:610:gst_registry_chunks_load_feature: Reading/casting for GstRegistryChunkElementFactory at address 0x736bc8
0:00:00.021243937  2472 0x1960320 LOG   GST_POLL gstpoll.c:994:gst_poll_fd_ctl_write: 0x1968820: pfd->events now 60 (POLLOUT:4)
0:00:00.028157899  2471 0x71a370 TRACE   structure gststructure.c:287:gst_structure_new_id_empty_with_size: created structure 0x73a930
0:00:00.021256993  2472 0x1960320 DEBUG   GST_POLL gstpoll.c:980:gst_poll_fd_ctl_write: 0x1968820: fd (fd:0, idx:1), active : 1
0:00:00.028168915  2471 0x71a370 DEBUG   structure gststructure.c:2203:gst_structure_parse_field: trying field name 'long-name'
0:00:00.021267792  2472 0x1960320 LOG   GST_POLL gstpoll.c:994:gst_poll_fd_ctl_write: 0x1968820: pfd->events now 60 (POLLOUT:4)
0:00:00.028179457  2471 0x71a370 DEBUG   default gstvalue.c:2676:_priv_gst_value_parse_value: trying type name 'string'
0:00:00.021279370  2472 0x1960320 DEBUG   GST_POLL gstpoll.c:980:gst_poll_fd_ctl_write: 0x1968820: fd (fd:0, idx:1), active : 1
0:00:00.028191473  2471 0x71a370 DEBUG   structure gststructure.c:2203:gst_structure_parse_field: trying field name 'klass'
0:00:00.021290870  2472 0x1960320 LOG   GST_POLL gstpoll.c:994:gst_poll_fd_ctl_write: 0x1968820: pfd->events now 60 (POLLOUT:4)
0:00:00.028201765  2471 0x71a370 DEBUG   default gstvalue.c:2676:_priv_gst_value_parse_value: trying type name 'string'
0:00:00.021303130  2472 0x1960320 DEBUG   GST_POLL gstpoll.c:980:gst_poll_fd_ctl_write: 0x1968820: fd (fd:0, idx:1), active : 1
0:00:00.028213527  2471 0x71a370 DEBUG   structure gststructure.c:2203:gst_structure_parse_field: trying field name 'description'
0:00:00.021314239  2472 0x1960320 LOG   GST_POLL gstpoll.c:994:gst_poll_fd_ctl_write: 0x1968820: pfd->events now 60 (POLLOUT:4)
0:00:00.028224123  2471 0x71a370 DEBUG   default gstvalue.c:2676:_priv_gst_value_parse_value: trying type name 'string'
0:00:00.021326555  2472 0x1960320 DEBUG   GST_POLL gstpoll.c:980:gst_poll_fd_ctl_write: 0x1968820: fd (fd:0, idx:1), active : 1
0:00:00.028236347  2471 0x71a370 DEBUG   structure gststructure.c:2203:gst_structure_parse_field: trying field name 'author'
0:00:00.021337223  2472 0x1960320 LOG   GST_POLL gstpoll.c:994:gst_poll_fd_ctl_write: 0x1968820: pfd->events now 60 (POLLOUT:4)
0:00:00.028246803  2471 0x71a370 DEBUG   default gstvalue.c:2676:_priv_gst_value_parse_value: trying type name 'string'
0:00:00.021349463  2472 0x1960320 DEBUG   GST_POLL gstpoll.c:980:gst_poll_fd_ctl_write: 0x1968820: fd (fd:0, idx:1), active : 1
0:00:00.028259206  2471 0x71a370 DEBUG   GST_REGISTRY gstregistrychunks.c:626:gst_registry_chunks_load_feature: Element factory : npadtemplates=1
0:00:00.021360230  2472 0x1960320 LOG   GST_POLL gstpoll.c:994:gst_poll_fd_ctl_write: 0x1968820: pfd->events now 60 (POLLOUT:4)
0:00:00.028276128  2471 0x71a370 DEBUG   GST_REGISTRY gstregistrychunks.c:526:gst_registry_chunks_load_pad_template: Reading/casting for GstRegistryChunkPadTemplate at address 0x736ca8
0:00:00.021376157  2472 0x1960320 DEBUG   GST_POLL gstpoll.c:980:gst_poll_fd_ctl_write: 0x1968820: fd (fd:0, idx:1), active : 1
0:00:00.028286727  2471 0x71a370 DEBUG   GST_REGISTRY gstregistrychunks.c:539:gst_registry_chunks_load_pad_template: Added pad_template src
0:00:00.021387445  2472 0x1960320 LOG   GST_POLL gstpoll.c:994:gst_poll_fd_ctl_write: 0x1968820: pfd->events now 60 (POLLOUT:4)
0:00:00.028298393  2471 0x71a370 DEBUG   GST_REGISTRY gstregistrychunks.c:639:gst_registry_chunks_load_feature: Reading 1 UriTypes at address 0x736cb8
0:00:00.021399313  2472 0x1960320 DEBUG   GST_POLL gstpoll.c:980:gst_poll_fd_ctl_write: 0x1968820: fd (fd:0, idx:1), active : 1
0:00:00.028310990  2471 0x71a370 DEBUG   GST_REGISTRY gstregistrychunks.c:654:gst_registry_chunks_load_feature: Reading 1 Interfaces at address 0x736cbf
0:00:00.021410399  2472 0x1960320 LOG   GST_POLL gstpoll.c:994:gst_poll_fd_ctl_write: 0x1968820: pfd->events now 60 (POLLOUT:4)
0:00:00.021422282  2472 0x1960320 DEBUG   GST_POLL gstpoll.c:980:gst_poll_fd_ctl_write: 0x1968820: fd (fd:0, idx:1), active : 1
0:00:00.028325728  2471 0x71a370 DEBUG   GST_REGISTRY gstregistry.c:590:gst_registry_add_feature: adding feature 0x73a6e0 (fdsrc)
0:00:00.021433003  2472 0x1960320 LOG   GST_POLL gstpoll.c:994:gst_poll_fd_ctl_write: 0x1968820: pfd->events now 60 (POLLOUT:4)
0:00:00.028339030  2471 0x71a370 DEBUG   GST_REFCOUNTING gstobject.c:709:gst_object_set_parent: set parent (ref and sink)
0:00:00.021444561  2472 0x1960320 DEBUG   GST_POLL gstpoll.c:980:gst_poll_fd_ctl_write: 0x1968820: fd (fd:0, idx:1), active : 1
0:00:00.028353428  2471 0x71a370 TRACE   GST_REFCOUNTING gstobject.c:294:gst_object_ref_sink: 0x73a6e0 ref_sink 1->2
0:00:00.021455000  2472 0x1960320 LOG   GST_POLL gstpoll.c:994:gst_poll_fd_ctl_write: 0x1968820: pfd->events now 60 (POLLOUT:4)
0:00:00.028366660  2471 0x71a370 LOG   GST_REGISTRY gstregistry.c:608:gst_registry_add_feature: emitting feature-added for fdsrc
0:00:00.021466912  2472 0x1960320 DEBUG   GST_POLL gstpoll.c:980:gst_poll_fd_ctl_write: 0x1968820: fd (fd:0, idx:1), active : 1
0:00:00.028379121  2471 0x71a370 DEBUG   GST_REGISTRY gstregistrychunks.c:741:gst_registry_chunks_load_feature: Added feature fdsrc, plugin 0x734200 coreelements
0:00:00.021478362  2472 0x1960320 LOG   GST_POLL gstpoll.c:994:gst_poll_fd_ctl_write: 0x1968820: pfd->events now 60 (POLLOUT:4)
0:00:00.028391905  2471 0x71a370 DEBUG   GST_REGISTRY gstregistrychunks.c:583:gst_registry_chunks_load_feature: Plugin 'coreelements' feature 'fakesink' typename : 'GstElementFactory'
0:00:00.021489803  2472 0x1960320 DEBUG   GST_POLL gstpoll.c:980:gst_poll_fd_ctl_write: 0x1968820: fd (fd:0, idx:1), active : 1
0:00:00.028407258  2471 0x71a370 TRACE   GST_REFCOUNTING gstobject.c:208:gst_object_init: 0x73ab60 new
0:00:00.021511806  2472 0x1960320 LOG   GST_POLL gstpoll.c:994:gst_poll_fd_ctl_write: 0x1968820: pfd->events now 60 (POLLOUT:4)
0:00:00.028424061  2471 0x71a370 LOG   GST_REGISTRY gstregistrychunks.c:610:gst_registry_chunks_load_feature: Reading/casting for GstRegistryChunkElementFactory at address 0x736ce8
0:00:00.021523351  2472 0x1960320 DEBUG   GST_POLL gstpoll.c:980:gst_poll_fd_ctl_write: 0x1968820: fd (fd:0, idx:1), active : 1
0:00:00.028436080  2471 0x71a370 TRACE   structure gststructure.c:287:gst_structure_new_id_empty_with_size: created structure 0x73ad70
0:00:00.021534532  2472 0x1960320 LOG   GST_POLL gstpoll.c:994:gst_poll_fd_ctl_write: 0x1968820: pfd->events now 60 (POLLOUT:4)
0:00:00.028446764  2471 0x71a370 DEBUG   structure gststructure.c:2203:gst_structure_parse_field: trying field name 'long-name'
0:00:00.021546480  2472 0x1960320 DEBUG   GST_POLL gstpoll.c:980:gst_poll_fd_ctl_write: 0x1968820: fd (fd:0, idx:1), active : 1
0:00:00.028456683  2471 0x71a370 DEBUG   default gstvalue.c:2676:_priv_gst_value_parse_value: trying type name 'string'
0:00:00.021558214  2472 0x1960320 LOG   GST_POLL gstpoll.c:994:gst_poll_fd_ctl_write: 0x1968820: pfd->events now 60 (POLLOUT:4)
0:00:00.028469097  2471 0x71a370 DEBUG   structure gststructure.c:2203:gst_structure_parse_field: trying field name 'klass'
0:00:00.021569977  2472 0x1960320 DEBUG   GST_POLL gstpoll.c:980:gst_poll_fd_ctl_write: 0x1968820: fd (fd:0, idx:1), active : 1
0:00:00.028479213  2471 0x71a370 DEBUG   default gstvalue.c:2676:_priv_gst_value_parse_value: trying type name 'string'
0:00:00.021581751  2472 0x1960320 LOG   GST_POLL gstpoll.c:994:gst_poll_fd_ctl_write: 0x1968820: pfd->events now 60 (POLLOUT:4)
0:00:00.028491411  2471 0x71a370 DEBUG   structure gststructure.c:2203:gst_structure_parse_field: trying field name 'description'
0:00:00.021593232  2472 0x1960320 DEBUG   GST_POLL gstpoll.c:980:gst_poll_fd_ctl_write: 0x1968820: fd (fd:0, idx:1), active : 1
0:00:00.028502138  2471 0x71a370 DEBUG   default gstvalue.c:2676:_priv_gst_value_parse_value: trying type name 'string'
0:00:00.021604393  2472 0x1960320 LOG   GST_POLL gstpoll.c:994:gst_poll_fd_ctl_write: 0x1968820: pfd->events now 60 (POLLOUT:4)
0:00:00.028514448  2471 0x71a370 DEBUG   structure gststructure.c:2203:gst_structure_parse_field: trying field name 'author'
0:00:00.021616310  2472 0x1960320 DEBUG   GST_POLL gstpoll.c:980:gst_poll_fd_ctl_write: 0x1968820: fd (fd:0, idx:1), active : 1
0:00:00.028524942  2471 0x71a370 DEBUG   default gstvalue.c:2676:_priv_gst_value_parse_value: trying type name 'string'
0:00:00.021627703  2472 0x1960320 LOG   GST_POLL gstpoll.c:994:gst_poll_fd_ctl_write: 0x1968820: pfd->events now 60 (POLLOUT:4)
0:00:00.028540085  2471 0x71a370 DEBUG   GST_REGISTRY gstregistrychunks.c:626:gst_registry_chunks_load_feature: Element factory : npadtemplates=1
0:00:00.021638907  2472 0x1960320 DEBUG   GST_POLL gstpoll.c:980:gst_poll_fd_ctl_write: 0x1968820: fd (fd:0, idx:1), active : 1
0:00:00.028555665  2471 0x71a370 DEBUG   GST_REGISTRY gstregistrychunks.c:526:gst_registry_chunks_load_pad_template: Reading/casting for GstRegistryChunkPadTemplate at address 0x736e10
0:00:00.021655071  2472 0x1960320 LOG   GST_POLL gstpoll.c:994:gst_poll_fd_ctl_write: 0x1968820: pfd->events now 60 (POLLOUT:4)
0:00:00.028576762  2471 0x71a370 DEBUG   GST_REGISTRY gstregistrychunks.c:539:gst_registry_chunks_load_pad_template: Added pad_template sink
0:00:00.021676407  2472 0x1960320 DEBUG   GST_POLL gstpoll.c:980:gst_poll_fd_ctl_write: 0x1968820: fd (fd:0, idx:1), active : 1
0:00:00.021688415  2472 0x1960320 LOG   GST_POLL gstpoll.c:994:gst_poll_fd_ctl_write: 0x1968820: pfd->events now 60 (POLLOUT:4)
0:00:00.028595154  2471 0x71a370 DEBUG   GST_REGISTRY gstregistry.c:590:gst_registry_add_feature: adding feature 0x73ab60 (fakesink)
0:00:00.021699446  2472 0x1960320 DEBUG   GST_POLL gstpoll.c:980:gst_poll_fd_ctl_write: 0x1968820: fd (fd:0, idx:1), active : 1
0:00:00.028607117  2471 0x71a370 DEBUG   GST_REFCOUNTING gstobject.c:709:gst_object_set_parent: set parent (ref and sink)
0:00:00.021709983  2472 0x1960320 LOG   GST_POLL gstpoll.c:994:gst_poll_fd_ctl_write: 0x1968820: pfd->events now 60 (POLLOUT:4)
0:00:00.028622165  2471 0x71a370 TRACE   GST_REFCOUNTING gstobject.c:294:gst_object_ref_sink: 0x73ab60 ref_sink 1->2
0:00:00.021721889  2472 0x1960320 DEBUG   GST_POLL gstpoll.c:980:gst_poll_fd_ctl_write: 0x1968820: fd (fd:0, idx:1), active : 1
0:00:00.028635108  2471 0x71a370 LOG   GST_REGISTRY gstregistry.c:608:gst_registry_add_feature: emitting feature-added for fakesink
0:00:00.021733222  2472 0x1960320 LOG   GST_POLL gstpoll.c:994:gst_poll_fd_ctl_write: 0x1968820: pfd->events now 60 (POLLOUT:4)
0:00:00.028647725  2471 0x71a370 DEBUG   GST_REGISTRY gstregistrychunks.c:741:gst_registry_chunks_load_feature: Added feature fakesink, plugin 0x734200 coreelements
0:00:00.021745967  2472 0x1960320 DEBUG   GST_POLL gstpoll.c:980:gst_poll_fd_ctl_write: 0x1968820: fd (fd:0, idx:1), active : 1
0:00:00.028659931  2471 0x71a370 DEBUG   GST_REGISTRY gstregistrychunks.c:583:gst_registry_chunks_load_feature: Plugin 'coreelements' feature 'fakesrc' typename : 'GstElementFactory'
0:00:00.021757617  2472 0x1960320 LOG   GST_POLL gstpoll.c:994:gst_poll_fd_ctl_write: 0x1968820: pfd->events now 60 (POLLOUT:4)
0:00:00.021770267  2472 0x1960320 DEBUG   GST_POLL gstpoll.c:980:gst_poll_fd_ctl_write: 0x1968820: fd (fd:0, idx:1), active : 1
0:00:00.028674261  2471 0x71a370 TRACE   GST_REFCOUNTING gstobject.c:208:gst_object_init: 0x73a080 new
0:00:00.021781106  2472 0x1960320 LOG   GST_POLL gstpoll.c:994:gst_poll_fd_ctl_write: 0x1968820: pfd->events now 60 (POLLOUT:4)
0:00:00.028689420  2471 0x71a370 LOG   GST_REGISTRY gstregistrychunks.c:610:gst_registry_chunks_load_feature: Reading/casting for GstRegistryChunkElementFactory at address 0x736e40
0:00:00.021791624  2472 0x1960320 DEBUG   GST_POLL gstpoll.c:980:gst_poll_fd_ctl_write: 0x1968820: fd (fd:0, idx:1), active : 1
0:00:00.028707268  2471 0x71a370 TRACE   structure gststructure.c:287:gst_structure_new_id_empty_with_size: created structure 0x73b1e0
0:00:00.021805781  2472 0x1960320 LOG   GST_POLL gstpoll.c:994:gst_poll_fd_ctl_write: 0x1968820: pfd->events now 60 (POLLOUT:4)
0:00:00.028717925  2471 0x71a370 DEBUG   structure gststructure.c:2203:gst_structure_parse_field: trying field name 'long-name'
0:00:00.021817708  2472 0x1960320 DEBUG   GST_POLL gstpoll.c:980:gst_poll_fd_ctl_write: 0x1968820: fd (fd:0, idx:1), active : 1
0:00:00.028728275  2471 0x71a370 DEBUG   default gstvalue.c:2676:_priv_gst_value_parse_value: trying type name 'string'
0:00:00.021829507  2472 0x1960320 LOG   GST_POLL gstpoll.c:994:gst_poll_fd_ctl_write: 0x1968820: pfd->events now 60 (POLLOUT:4)
0:00:00.028740348  2471 0x71a370 DEBUG   structure gststructure.c:2203:gst_structure_parse_field: trying field name 'klass'
0:00:00.021841445  2472 0x1960320 DEBUG   GST_POLL gstpoll.c:980:gst_poll_fd_ctl_write: 0x1968820: fd (fd:0, idx:1), active : 1
0:00:00.028750521  2471 0x71a370 DEBUG   default gstvalue.c:2676:_priv_gst_value_parse_value: trying type name 'string'
0:00:00.021853133  2472 0x1960320 LOG   GST_POLL gstpoll.c:994:gst_poll_fd_ctl_write: 0x1968820: pfd->events now 60 (POLLOUT:4)
0:00:00.028762545  2471 0x71a370 DEBUG   structure gststructure.c:2203:gst_structure_parse_field: trying field name 'description'
0:00:00.021865164  2472 0x1960320 DEBUG   GST_POLL gstpoll.c:980:gst_poll_fd_ctl_write: 0x1968820: fd (fd:0, idx:1), active : 1
0:00:00.028772720  2471 0x71a370 DEBUG   default gstvalue.c:2676:_priv_gst_value_parse_value: trying type name 'string'
0:00:00.021890516  2472 0x1960320 LOG   GST_POLL gstpoll.c:994:gst_poll_fd_ctl_write: 0x1968820: pfd->events now 60 (POLLOUT:4)
0:00:00.028803377  2471 0x71a370 DEBUG   structure gststructure.c:2203:gst_structure_parse_field: trying field name 'author'
0:00:00.021902639  2472 0x1960320 DEBUG   GST_POLL gstpoll.c:980:gst_poll_fd_ctl_write: 0x1968820: fd (fd:0, idx:1), active : 1
0:00:00.028814340  2471 0x71a370 DEBUG   default gstvalue.c:2676:_priv_gst_value_parse_value: trying type name 'string'
0:00:00.021913562  2472 0x1960320 LOG   GST_POLL gstpoll.c:994:gst_poll_fd_ctl_write: 0x1968820: pfd->events now 60 (POLLOUT:4)
0:00:00.028827366  2471 0x71a370 DEBUG   GST_REGISTRY gstregistrychunks.c:626:gst_registry_chunks_load_feature: Element factory : npadtemplates=1
0:00:00.021925189  2472 0x1960320 DEBUG   GST_POLL gstpoll.c:980:gst_poll_fd_ctl_write: 0x1968820: fd (fd:0, idx:1), active : 1
0:00:00.028837923  2471 0x71a370 DEBUG   GST_REGISTRY gstregistrychunks.c:526:gst_registry_chunks_load_pad_template: Reading/casting for GstRegistryChunkPadTemplate at address 0x736f40
0:00:00.021937281  2472 0x1960320 LOG   GST_POLL gstpoll.c:994:gst_poll_fd_ctl_write: 0x1968820: pfd->events now 60 (POLLOUT:4)
0:00:00.028848905  2471 0x71a370 DEBUG   GST_REGISTRY gstregistrychunks.c:539:gst_registry_chunks_load_pad_template: Added pad_template src
0:00:00.021956196  2472 0x1960320 DEBUG   GST_POLL gstpoll.c:980:gst_poll_fd_ctl_write: 0x1968820: fd (fd:0, idx:1), active : 1
0:00:00.028864109  2471 0x71a370 DEBUG   GST_REGISTRY gstregistry.c:590:gst_registry_add_feature: adding feature 0x73a080 (fakesrc)
0:00:00.021967074  2472 0x1960320 LOG   GST_POLL gstpoll.c:994:gst_poll_fd_ctl_write: 0x1968820: pfd->events now 60 (POLLOUT:4)
0:00:00.028875881  2471 0x71a370 DEBUG   GST_REFCOUNTING gstobject.c:709:gst_object_set_parent: set parent (ref and sink)
0:00:00.021978497  2472 0x1960320 DEBUG   GST_POLL gstpoll.c:980:gst_poll_fd_ctl_write: 0x1968820: fd (fd:0, idx:1), active : 1
0:00:00.028890523  2471 0x71a370 TRACE   GST_REFCOUNTING gstobject.c:294:gst_object_ref_sink: 0x73a080 ref_sink 1->2
0:00:00.021989790  2472 0x1960320 LOG   GST_POLL gstpoll.c:994:gst_poll_fd_ctl_write: 0x1968820: pfd->events now 60 (POLLOUT:4)
0:00:00.028903415  2471 0x71a370 LOG   GST_REGISTRY gstregistry.c:608:gst_registry_add_feature: emitting feature-added for fakesrc
0:00:00.022002025  2472 0x1960320 DEBUG   GST_POLL gstpoll.c:980:gst_poll_fd_ctl_write: 0x1968820: fd (fd:0, idx:1), active : 1
0:00:00.028916240  2471 0x71a370 DEBUG   GST_REGISTRY gstregistrychunks.c:741:gst_registry_chunks_load_feature: Added feature fakesrc, plugin 0x734200 coreelements
0:00:00.022013434  2472 0x1960320 LOG   GST_POLL gstpoll.c:994:gst_poll_fd_ctl_write: 0x1968820: pfd->events now 60 (POLLOUT:4)
0:00:00.028928998  2471 0x71a370 DEBUG   GST_REGISTRY gstregistrychunks.c:583:gst_registry_chunks_load_feature: Plugin 'coreelements' feature 'downloadbuffer' typename : 'GstElementFactory'
0:00:00.022029414  2472 0x1960320 DEBUG   GST_POLL gstpoll.c:980:gst_poll_fd_ctl_write: 0x1968820: fd (fd:0, idx:1), active : 1
0:00:00.022040856  2472 0x1960320 LOG   GST_POLL gstpoll.c:994:gst_poll_fd_ctl_write: 0x1968820: pfd->events now 60 (POLLOUT:4)
0:00:00.028943954  2471 0x71a370 TRACE   GST_REFCOUNTING gstobject.c:208:gst_object_init: 0x73b360 new
0:00:00.022052363  2472 0x1960320 DEBUG   GST_POLL gstpoll.c:980:gst_poll_fd_ctl_write: 0x1968820: fd (fd:0, idx:1), active : 1
0:00:00.028960123  2471 0x71a370 LOG   GST_REGISTRY gstregistrychunks.c:610:gst_registry_chunks_load_feature: Reading/casting for GstRegistryChunkElementFactory at address 0x736f78
0:00:00.022062388  2472 0x1960320 LOG   GST_POLL gstpoll.c:994:gst_poll_fd_ctl_write: 0x1968820: pfd->events now 60 (POLLOUT:4)
0:00:00.028972350  2471 0x71a370 TRACE   structure gststructure.c:287:gst_structure_new_id_empty_with_size: created structure 0x73b650
0:00:00.022074064  2472 0x1960320 DEBUG   GST_POLL gstpoll.c:980:gst_poll_fd_ctl_write: 0x1968820: fd (fd:0, idx:1), active : 1
0:00:00.028983243  2471 0x71a370 DEBUG   structure gststructure.c:2203:gst_structure_parse_field: trying field name 'long-name'
0:00:00.022085199  2472 0x1960320 LOG   GST_POLL gstpoll.c:994:gst_poll_fd_ctl_write: 0x1968820: pfd->events now 60 (POLLOUT:4)
0:00:00.029001448  2471 0x71a370 DEBUG   default gstvalue.c:2676:_priv_gst_value_parse_value: trying type name 'string'
0:00:00.022101310  2472 0x1960320 DEBUG   GST_POLL gstpoll.c:980:gst_poll_fd_ctl_write: 0x1968820: fd (fd:0, idx:1), active : 1
0:00:00.029013588  2471 0x71a370 DEBUG   structure gststructure.c:2203:gst_structure_parse_field: trying field name 'klass'
0:00:00.022112697  2472 0x1960320 LOG   GST_POLL gstpoll.c:994:gst_poll_fd_ctl_write: 0x1968820: pfd->events now 60 (POLLOUT:4)
0:00:00.029024184  2471 0x71a370 DEBUG   default gstvalue.c:2676:_priv_gst_value_parse_value: trying type name 'string'
0:00:00.022124529  2472 0x1960320 DEBUG   GST_POLL gstpoll.c:980:gst_poll_fd_ctl_write: 0x1968820: fd (fd:0, idx:1), active : 1
0:00:00.029035209  2471 0x71a370 DEBUG   structure gststructure.c:2203:gst_structure_parse_field: trying field name 'description'
0:00:00.022135832  2472 0x1960320 LOG   GST_POLL gstpoll.c:994:gst_poll_fd_ctl_write: 0x1968820: pfd->events now 60 (POLLOUT:4)
0:00:00.029045931  2471 0x71a370 DEBUG   default gstvalue.c:2676:_priv_gst_value_parse_value: trying type name 'string'
0:00:00.022148661  2472 0x1960320 DEBUG   GST_POLL gstpoll.c:980:gst_poll_fd_ctl_write: 0x1968820: fd (fd:0, idx:1), active : 1
0:00:00.029058368  2471 0x71a370 DEBUG   structure gststructure.c:2203:gst_structure_parse_field: trying field name 'author'
0:00:00.029068315  2471 0x71a370 DEBUG   default gstvalue.c:2676:_priv_gst_value_parse_value: trying type name 'string'
0:00:00.022165553  2472 0x1960320 LOG   GST_POLL gstpoll.c:994:gst_poll_fd_ctl_write: 0x1968820: pfd->events now 60 (POLLOUT:4)
0:00:00.029080361  2471 0x71a370 DEBUG   GST_REGISTRY gstregistrychunks.c:626:gst_registry_chunks_load_feature: Element factory : npadtemplates=2
0:00:00.022178443  2472 0x1960320 DEBUG   GST_POLL gstpoll.c:980:gst_poll_fd_ctl_write: 0x1968820: fd (fd:0, idx:1), active : 1
0:00:00.029091027  2471 0x71a370 DEBUG   GST_REGISTRY gstregistrychunks.c:526:gst_registry_chunks_load_pad_template: Reading/casting for GstRegistryChunkPadTemplate at address 0x737040
0:00:00.022190343  2472 0x1960320 LOG   GST_POLL gstpoll.c:994:gst_poll_fd_ctl_write: 0x1968820: pfd->events now 60 (POLLOUT:4)
0:00:00.029101953  2471 0x71a370 DEBUG   GST_REGISTRY gstregistrychunks.c:539:gst_registry_chunks_load_pad_template: Added pad_template sink
0:00:00.022201828  2472 0x1960320 DEBUG   GST_POLL gstpoll.c:980:gst_poll_fd_ctl_write: 0x1968820: fd (fd:0, idx:1), active : 1
0:00:00.029111848  2471 0x71a370 DEBUG   GST_REGISTRY gstregistrychunks.c:526:gst_registry_chunks_load_pad_template: Reading/casting for GstRegistryChunkPadTemplate at address 0x737058
0:00:00.022213173  2472 0x1960320 LOG   GST_POLL gstpoll.c:994:gst_poll_fd_ctl_write: 0x1968820: pfd->events now 60 (POLLOUT:4)
0:00:00.029123012  2471 0x71a370 DEBUG   GST_REGISTRY gstregistrychunks.c:539:gst_registry_chunks_load_pad_template: Added pad_template src
0:00:00.022225390  2472 0x1960320 DEBUG   GST_POLL gstpoll.c:980:gst_poll_fd_ctl_write: 0x1968820: fd (fd:0, idx:1), active : 1
0:00:00.022240099  2472 0x1960320 LOG   GST_POLL gstpoll.c:994:gst_poll_fd_ctl_write: 0x1968820: pfd->events now 60 (POLLOUT:4)
0:00:00.029144543  2471 0x71a370 DEBUG   GST_REGISTRY gstregistry.c:590:gst_registry_add_feature: adding feature 0x73b360 (downloadbuffer)
0:00:00.022251503  2472 0x1960320 DEBUG   GST_POLL gstpoll.c:980:gst_poll_fd_ctl_write: 0x1968820: fd (fd:0, idx:1), active : 1
0:00:00.029157271  2471 0x71a370 DEBUG   GST_REFCOUNTING gstobject.c:709:gst_object_set_parent: set parent (ref and sink)
0:00:00.022261726  2472 0x1960320 LOG   GST_POLL gstpoll.c:994:gst_poll_fd_ctl_write: 0x1968820: pfd->events now 60 (POLLOUT:4)
0:00:00.029177682  2471 0x71a370 TRACE   GST_REFCOUNTING gstobject.c:294:gst_object_ref_sink: 0x73b360 ref_sink 1->2
0:00:00.022275875  2472 0x1960320 DEBUG   GST_POLL gstpoll.c:980:gst_poll_fd_ctl_write: 0x1968820: fd (fd:0, idx:1), active : 1
0:00:00.029190718  2471 0x71a370 LOG   GST_REGISTRY gstregistry.c:608:gst_registry_add_feature: emitting feature-added for downloadbuffer
0:00:00.022289149  2472 0x1960320 LOG   GST_POLL gstpoll.c:994:gst_poll_fd_ctl_write: 0x1968820: pfd->events now 60 (POLLOUT:4)
0:00:00.029202960  2471 0x71a370 DEBUG   GST_REGISTRY gstregistrychunks.c:741:gst_registry_chunks_load_feature: Added feature downloadbuffer, plugin 0x734200 coreelements
0:00:00.022301257  2472 0x1960320 DEBUG   GST_POLL gstpoll.c:980:gst_poll_fd_ctl_write: 0x1968820: fd (fd:0, idx:1), active : 1
0:00:00.029215007  2471 0x71a370 DEBUG   GST_REGISTRY gstregistrychunks.c:583:gst_registry_chunks_load_feature: Plugin 'coreelements' feature 'dataurisrc' typename : 'GstElementFactory'
0:00:00.022312907  2472 0x1960320 LOG   GST_POLL gstpoll.c:994:gst_poll_fd_ctl_write: 0x1968820: pfd->events now 60 (POLLOUT:4)
0:00:00.022325593  2472 0x1960320 DEBUG   GST_POLL gstpoll.c:980:gst_poll_fd_ctl_write: 0x1968820: fd (fd:0, idx:1), active : 1
0:00:00.029229964  2471 0x71a370 TRACE   GST_REFCOUNTING gstobject.c:208:gst_object_init: 0x73b080 new
0:00:00.022336482  2472 0x1960320 LOG   GST_POLL gstpoll.c:994:gst_poll_fd_ctl_write: 0x1968820: pfd->events now 60 (POLLOUT:4)
0:00:00.029245137  2471 0x71a370 LOG   GST_REGISTRY gstregistrychunks.c:610:gst_registry_chunks_load_feature: Reading/casting for GstRegistryChunkElementFactory at address 0x737088
0:00:00.022347369  2472 0x1960320 LOG   GST_PLUGIN_LOADING gstpluginloader.c:646:put_chunk: Expanding tx buf from 13209 to 17023 for chunk of size 229
0:00:00.029256968  2471 0x71a370 TRACE   structure gststructure.c:287:gst_structure_new_id_empty_with_size: created structure 0x73bad0
0:00:00.029268701  2471 0x71a370 DEBUG   structure gststructure.c:2203:gst_structure_parse_field: trying field name 'long-name'
0:00:00.022365415  2472 0x1960320 DEBUG   GST_POLL gstpoll.c:980:gst_poll_fd_ctl_write: 0x1968820: fd (fd:0, idx:1), active : 1
0:00:00.029278600  2471 0x71a370 DEBUG   default gstvalue.c:2676:_priv_gst_value_parse_value: trying type name 'string'
0:00:00.022385697  2472 0x1960320 LOG   GST_POLL gstpoll.c:994:gst_poll_fd_ctl_write: 0x1968820: pfd->events now 60 (POLLOUT:4)
0:00:00.029292428  2471 0x71a370 DEBUG   structure gststructure.c:2203:gst_structure_parse_field: trying field name 'klass'
0:00:00.022397613  2472 0x1960320 DEBUG   GST_POLL gstpoll.c:980:gst_poll_fd_ctl_write: 0x1968820: fd (fd:0, idx:1), active : 1
0:00:00.029303813  2471 0x71a370 DEBUG   default gstvalue.c:2676:_priv_gst_value_parse_value: trying type name 'string'
0:00:00.022408952  2472 0x1960320 LOG   GST_POLL gstpoll.c:994:gst_poll_fd_ctl_write: 0x1968820: pfd->events now 60 (POLLOUT:4)
0:00:00.029314963  2471 0x71a370 DEBUG   structure gststructure.c:2203:gst_structure_parse_field: trying field name 'description'
0:00:00.022421292  2472 0x1960320 DEBUG   GST_POLL gstpoll.c:980:gst_poll_fd_ctl_write: 0x1968820: fd (fd:0, idx:1), active : 1
0:00:00.029325520  2471 0x71a370 DEBUG   default gstvalue.c:2676:_priv_gst_value_parse_value: trying type name 'string'
0:00:00.022432210  2472 0x1960320 LOG   GST_POLL gstpoll.c:994:gst_poll_fd_ctl_write: 0x1968820: pfd->events now 60 (POLLOUT:4)
0:00:00.029338621  2471 0x71a370 DEBUG   structure gststructure.c:2203:gst_structure_parse_field: trying field name 'author'
0:00:00.022443980  2472 0x1960320 DEBUG   GST_POLL gstpoll.c:980:gst_poll_fd_ctl_write: 0x1968820: fd (fd:0, idx:1), active : 1
0:00:00.029349491  2471 0x71a370 DEBUG   default gstvalue.c:2676:_priv_gst_value_parse_value: trying type name 'string'
0:00:00.022455053  2472 0x1960320 LOG   GST_POLL gstpoll.c:994:gst_poll_fd_ctl_write: 0x1968820: pfd->events now 60 (POLLOUT:4)
0:00:00.029364302  2471 0x71a370 DEBUG   GST_REGISTRY gstregistrychunks.c:626:gst_registry_chunks_load_feature: Element factory : npadtemplates=1
0:00:00.022465441  2472 0x1960320 DEBUG   GST_POLL gstpoll.c:980:gst_poll_fd_ctl_write: 0x1968820: fd (fd:0, idx:1), active : 1
0:00:00.029374640  2471 0x71a370 DEBUG   GST_REGISTRY gstregistrychunks.c:526:gst_registry_chunks_load_pad_template: Reading/casting for GstRegistryChunkPadTemplate at address 0x7371a0
0:00:00.022476800  2472 0x1960320 LOG   GST_POLL gstpoll.c:994:gst_poll_fd_ctl_write: 0x1968820: pfd->events now 60 (POLLOUT:4)
0:00:00.029385985  2471 0x71a370 DEBUG   GST_REGISTRY gstregistrychunks.c:539:gst_registry_chunks_load_pad_template: Added pad_template src
0:00:00.022489258  2472 0x1960320 DEBUG   GST_POLL gstpoll.c:980:gst_poll_fd_ctl_write: 0x1968820: fd (fd:0, idx:1), active : 1
0:00:00.029397674  2471 0x71a370 DEBUG   GST_REGISTRY gstregistrychunks.c:639:gst_registry_chunks_load_feature: Reading 1 UriTypes at address 0x7371b0
0:00:00.022500398  2472 0x1960320 LOG   GST_POLL gstpoll.c:994:gst_poll_fd_ctl_write: 0x1968820: pfd->events now 60 (POLLOUT:4)
0:00:00.029411020  2471 0x71a370 DEBUG   GST_REGISTRY gstregistrychunks.c:654:gst_registry_chunks_load_feature: Reading 1 Interfaces at address 0x7371b9
0:00:00.022524340  2472 0x1960320 DEBUG   GST_POLL gstpoll.c:980:gst_poll_fd_ctl_write: 0x1968820: fd (fd:0, idx:1), active : 1
0:00:00.029433417  2471 0x71a370 DEBUG   GST_REGISTRY gstregistry.c:590:gst_registry_add_feature: adding feature 0x73b080 (dataurisrc)
0:00:00.022534413  2472 0x1960320 LOG   GST_POLL gstpoll.c:994:gst_poll_fd_ctl_write: 0x1968820: pfd->events now 60 (POLLOUT:4)
0:00:00.029445303  2471 0x71a370 DEBUG   GST_REFCOUNTING gstobject.c:709:gst_object_set_parent: set parent (ref and sink)
0:00:00.022546409  2472 0x1960320 DEBUG   GST_POLL gstpoll.c:980:gst_poll_fd_ctl_write: 0x1968820: fd (fd:0, idx:1), active : 1
0:00:00.029459702  2471 0x71a370 TRACE   GST_REFCOUNTING gstobject.c:294:gst_object_ref_sink: 0x73b080 ref_sink 1->2
0:00:00.022557772  2472 0x1960320 LOG   GST_POLL gstpoll.c:994:gst_poll_fd_ctl_write: 0x1968820: pfd->events now 60 (POLLOUT:4)
0:00:00.029472305  2471 0x71a370 LOG   GST_REGISTRY gstregistry.c:608:gst_registry_add_feature: emitting feature-added for dataurisrc
0:00:00.022571308  2472 0x1960320 DEBUG   GST_POLL gstpoll.c:980:gst_poll_fd_ctl_write: 0x1968820: fd (fd:0, idx:1), active : 1
0:00:00.029485374  2471 0x71a370 DEBUG   GST_REGISTRY gstregistrychunks.c:741:gst_registry_chunks_load_feature: Added feature dataurisrc, plugin 0x734200 coreelements
0:00:00.022582476  2472 0x1960320 LOG   GST_POLL gstpoll.c:994:gst_poll_fd_ctl_write: 0x1968820: pfd->events now 60 (POLLOUT:4)
0:00:00.029497998  2471 0x71a370 DEBUG   GST_REGISTRY gstregistrychunks.c:583:gst_registry_chunks_load_feature: Plugin 'coreelements' feature 'concat' typename : 'GstElementFactory'
0:00:00.022596417  2472 0x1960320 DEBUG   GST_POLL gstpoll.c:980:gst_poll_fd_ctl_write: 0x1968820: fd (fd:0, idx:1), active : 1
0:00:00.022608260  2472 0x1960320 LOG   GST_POLL gstpoll.c:994:gst_poll_fd_ctl_write: 0x1968820: pfd->events now 60 (POLLOUT:4)
0:00:00.029512772  2471 0x71a370 TRACE   GST_REFCOUNTING gstobject.c:208:gst_object_init: 0x73bc80 new
0:00:00.022619719  2472 0x1960320 DEBUG   GST_POLL gstpoll.c:980:gst_poll_fd_ctl_write: 0x1968820: fd (fd:0, idx:1), active : 1
0:00:00.029527283  2471 0x71a370 LOG   GST_REGISTRY gstregistrychunks.c:610:gst_registry_chunks_load_feature: Reading/casting for GstRegistryChunkElementFactory at address 0x7371e0
0:00:00.022629741  2472 0x1960320 LOG   GST_POLL gstpoll.c:994:gst_poll_fd_ctl_write: 0x1968820: pfd->events now 60 (POLLOUT:4)
0:00:00.029541208  2471 0x71a370 TRACE   structure gststructure.c:287:gst_structure_new_id_empty_with_size: created structure 0x73bd70
0:00:00.022641432  2472 0x1960320 DEBUG   GST_POLL gstpoll.c:980:gst_poll_fd_ctl_write: 0x1968820: fd (fd:0, idx:1), active : 1
0:00:00.029552370  2471 0x71a370 DEBUG   structure gststructure.c:2203:gst_structure_parse_field: trying field name 'long-name'
0:00:00.022652886  2472 0x1960320 LOG   GST_POLL gstpoll.c:994:gst_poll_fd_ctl_write: 0x1968820: pfd->events now 60 (POLLOUT:4)
0:00:00.029575787  2471 0x71a370 DEBUG   default gstvalue.c:2676:_priv_gst_value_parse_value: trying type name 'string'
0:00:00.022675600  2472 0x1960320 DEBUG   GST_POLL gstpoll.c:980:gst_poll_fd_ctl_write: 0x1968820: fd (fd:0, idx:1), active : 1
0:00:00.029588233  2471 0x71a370 DEBUG   structure gststructure.c:2203:gst_structure_parse_field: trying field name 'klass'
0:00:00.022686960  2472 0x1960320 LOG   GST_POLL gstpoll.c:994:gst_poll_fd_ctl_write: 0x1968820: pfd->events now 60 (POLLOUT:4)
0:00:00.029598947  2471 0x71a370 DEBUG   default gstvalue.c:2676:_priv_gst_value_parse_value: trying type name 'string'
0:00:00.022698632  2472 0x1960320 DEBUG   GST_POLL gstpoll.c:980:gst_poll_fd_ctl_write: 0x1968820: fd (fd:0, idx:1), active : 1
0:00:00.029610776  2471 0x71a370 DEBUG   structure gststructure.c:2203:gst_structure_parse_field: trying field name 'description'
0:00:00.022709678  2472 0x1960320 LOG   GST_POLL gstpoll.c:994:gst_poll_fd_ctl_write: 0x1968820: pfd->events now 60 (POLLOUT:4)
0:00:00.029621496  2471 0x71a370 DEBUG   default gstvalue.c:2676:_priv_gst_value_parse_value: trying type name 'string'
0:00:00.022721283  2472 0x1960320 DEBUG   GST_POLL gstpoll.c:980:gst_poll_fd_ctl_write: 0x1968820: fd (fd:0, idx:1), active : 1
0:00:00.029633618  2471 0x71a370 DEBUG   structure gststructure.c:2203:gst_structure_parse_field: trying field name 'author'
0:00:00.022732576  2472 0x1960320 LOG   GST_POLL gstpoll.c:994:gst_poll_fd_ctl_write: 0x1968820: pfd->events now 60 (POLLOUT:4)
0:00:00.029644142  2471 0x71a370 DEBUG   default gstvalue.c:2676:_priv_gst_value_parse_value: trying type name 'string'
0:00:00.022743975  2472 0x1960320 DEBUG   GST_POLL gstpoll.c:980:gst_poll_fd_ctl_write: 0x1968820: fd (fd:0, idx:1), active : 1
0:00:00.029656723  2471 0x71a370 DEBUG   GST_REGISTRY gstregistrychunks.c:626:gst_registry_chunks_load_feature: Element factory : npadtemplates=2
0:00:00.022755308  2472 0x1960320 LOG   GST_POLL gstpoll.c:994:gst_poll_fd_ctl_write: 0x1968820: pfd->events now 60 (POLLOUT:4)
0:00:00.029667503  2471 0x71a370 DEBUG   GST_REGISTRY gstregistrychunks.c:526:gst_registry_chunks_load_pad_template: Reading/casting for GstRegistryChunkPadTemplate at address 0x7372b8
0:00:00.022767535  2472 0x1960320 DEBUG   GST_POLL gstpoll.c:980:gst_poll_fd_ctl_write: 0x1968820: fd (fd:0, idx:1), active : 1
0:00:00.029678049  2471 0x71a370 DEBUG   GST_REGISTRY gstregistrychunks.c:539:gst_registry_chunks_load_pad_template: Added pad_template src
0:00:00.022778662  2472 0x1960320 LOG   GST_POLL gstpoll.c:994:gst_poll_fd_ctl_write: 0x1968820: pfd->events now 60 (POLLOUT:4)
0:00:00.029688549  2471 0x71a370 DEBUG   GST_REGISTRY gstregistrychunks.c:526:gst_registry_chunks_load_pad_template: Reading/casting for GstRegistryChunkPadTemplate at address 0x7372c8
0:00:00.022790933  2472 0x1960320 DEBUG   GST_POLL gstpoll.c:980:gst_poll_fd_ctl_write: 0x1968820: fd (fd:0, idx:1), active : 1
0:00:00.029699408  2471 0x71a370 DEBUG   GST_REGISTRY gstregistrychunks.c:539:gst_registry_chunks_load_pad_template: Added pad_template sink_%u
0:00:00.022808427  2472 0x1960320 LOG   GST_POLL gstpoll.c:994:gst_poll_fd_ctl_write: 0x1968820: pfd->events now 60 (POLLOUT:4)
0:00:00.022819372  2472 0x1960320 DEBUG   GST_POLL gstpoll.c:980:gst_poll_fd_ctl_write: 0x1968820: fd (fd:0, idx:1), active : 1
0:00:00.029722843  2471 0x71a370 DEBUG   GST_REGISTRY gstregistry.c:590:gst_registry_add_feature: adding feature 0x73bc80 (concat)
0:00:00.022829793  2472 0x1960320 LOG   GST_POLL gstpoll.c:994:gst_poll_fd_ctl_write: 0x1968820: pfd->events now 60 (POLLOUT:4)
0:00:00.029735640  2471 0x71a370 DEBUG   GST_REFCOUNTING gstobject.c:709:gst_object_set_parent: set parent (ref and sink)
0:00:00.022841474  2472 0x1960320 DEBUG   GST_POLL gstpoll.c:980:gst_poll_fd_ctl_write: 0x1968820: fd (fd:0, idx:1), active : 1
0:00:00.029750694  2471 0x71a370 TRACE   GST_REFCOUNTING gstobject.c:294:gst_object_ref_sink: 0x73bc80 ref_sink 1->2
0:00:00.022852759  2472 0x1960320 LOG   GST_POLL gstpoll.c:994:gst_poll_fd_ctl_write: 0x1968820: pfd->events now 60 (POLLOUT:4)
0:00:00.029764519  2471 0x71a370 LOG   GST_REGISTRY gstregistry.c:608:gst_registry_add_feature: emitting feature-added for concat
0:00:00.022864546  2472 0x1960320 DEBUG   GST_POLL gstpoll.c:980:gst_poll_fd_ctl_write: 0x1968820: fd (fd:0, idx:1), active : 1
