0:00:00.015311241  2472 0x1960320 DEBUG   GST_POLL gstpoll.c:980:gst_poll_fd_ctl_write: 0x1968820: fd (fd:0, idx:1), active : 1
0:00:00.015317184  2472 0x1960320 LOG   GST_POLL gstpoll.c:994:gst_poll_fd_ctl_write: 0x1968820: pfd->events now 60 (POLLOUT:4)
0:00:00.015323355  2472 0x1960320 DEBUG   GST_POLL gstpoll.c:980:gst_poll_fd_ctl_write: 0x1968820: fd (fd:0, idx:1), active : 1
0:00:00.015329382  2472 0x1960320 LOG   GST_POLL gstpoll.c:994:gst_poll_fd_ctl_write: 0x1968820: pfd->events now 60 (POLLOUT:4)
0:00:00.015335532  2472 0x1960320 DEBUG   GST_POLL gstpoll.c:980:gst_poll_fd_ctl_write: 0x1968820: fd (fd:0, idx:1), active : 1
0:00:00.015341476  2472 0x1960320 LOG   GST_POLL gstpoll.c:994:gst_poll_fd_ctl_write: 0x1968820: pfd->events now 60 (POLLOUT:4)
0:00:00.015347680  2472 0x1960320 DEBUG   GST_POLL gstpoll.c:980:gst_poll_fd_ctl_write: 0x1968820: fd (fd:0, idx:1), active : 1
0:00:00.015353600  2472 0x1960320 LOG   GST_POLL gstpoll.c:994:gst_poll_fd_ctl_write: 0x1968820: pfd->events now 60 (POLLOUT:4)
0:00:00.015359828  2472 0x1960320 DEBUG   GST_POLL gstpoll.c:980:gst_poll_fd_ctl_write: 0x1968820: fd (fd:0, idx:1), active : 1
0:00:00.015365783  2472 0x1960320 LOG   GST_POLL gstpoll.c:994:gst_poll_fd_ctl_write: 0x1968820: pfd->events now 60 (POLLOUT:4)
0:00:00.015372058  2472 0x1960320 DEBUG   GST_POLL gstpoll.c:980:gst_poll_fd_ctl_write: 0x1968820: fd (fd:0, idx:1), active : 1
0:00:00.015377986  2472 0x1960320 LOG   GST_POLL gstpoll.c:994:gst_poll_fd_ctl_write: 0x1968820: pfd->events now 60 (POLLOUT:4)
0:00:00.015384273  2472 0x1960320 DEBUG   GST_POLL gstpoll.c:980:gst_poll_fd_ctl_write: 0x1968820: fd (fd:0, idx:1), active : 1
0:00:00.015390192  2472 0x1960320 LOG   GST_POLL gstpoll.c:994:gst_poll_fd_ctl_write: 0x1968820: pfd->events now 60 (POLLOUT:4)
0:00:00.015396394  2472 0x1960320 DEBUG   GST_POLL gstpoll.c:980:gst_poll_fd_ctl_write: 0x1968820: fd (fd:0, idx:1), active : 1
0:00:00.015402334  2472 0x1960320 LOG   GST_POLL gstpoll.c:994:gst_poll_fd_ctl_write: 0x1968820: pfd->events now 60 (POLLOUT:4)
0:00:00.015408523  2472 0x1960320 DEBUG   GST_POLL gstpoll.c:980:gst_poll_fd_ctl_write: 0x1968820: fd (fd:0, idx:1), active : 1
0:00:00.015414451  2472 0x1960320 LOG   GST_POLL gstpoll.c:994:gst_poll_fd_ctl_write: 0x1968820: pfd->events now 60 (POLLOUT:4)
0:00:00.015420682  2472 0x1960320 DEBUG   GST_POLL gstpoll.c:980:gst_poll_fd_ctl_write: 0x1968820: fd (fd:0, idx:1), active : 1
0:00:00.015426546  2472 0x1960320 LOG   GST_POLL gstpoll.c:994:gst_poll_fd_ctl_write: 0x1968820: pfd->events now 60 (POLLOUT:4)
0:00:00.015432834  2472 0x1960320 DEBUG   GST_POLL gstpoll.c:980:gst_poll_fd_ctl_write: 0x1968820: fd (fd:0, idx:1), active : 1
0:00:00.015444255  2472 0x1960320 LOG   GST_POLL gstpoll.c:994:gst_poll_fd_ctl_write: 0x1968820: pfd->events now 60 (POLLOUT:4)
0:00:00.015450663  2472 0x1960320 DEBUG   GST_POLL gstpoll.c:980:gst_poll_fd_ctl_write: 0x1968820: fd (fd:0, idx:1), active : 1
0:00:00.015456600  2472 0x1960320 LOG   GST_POLL gstpoll.c:994:gst_poll_fd_ctl_write: 0x1968820: pfd->events now 60 (POLLOUT:4)
0:00:00.015462897  2472 0x1960320 DEBUG   GST_POLL gstpoll.c:980:gst_poll_fd_ctl_write: 0x1968820: fd (fd:0, idx:1), active : 1
0:00:00.015468771  2472 0x1960320 LOG   GST_POLL gstpoll.c:994:gst_poll_fd_ctl_write: 0x1968820: pfd->events now 60 (POLLOUT:4)
0:00:00.015477532  2472 0x1960320 DEBUG   GST_POLL gstpoll.c:980:gst_poll_fd_ctl_write: 0x1968820: fd (fd:0, idx:1), active : 1
0:00:00.015487237  2472 0x1960320 LOG   GST_POLL gstpoll.c:994:gst_poll_fd_ctl_write: 0x1968820: pfd->events now 60 (POLLOUT:4)
0:00:00.015498646  2472 0x1960320 DEBUG   GST_POLL gstpoll.c:980:gst_poll_fd_ctl_write: 0x1968820: fd (fd:0, idx:1), active : 1
0:00:00.015507494  2472 0x1960320 LOG   GST_POLL gstpoll.c:994:gst_poll_fd_ctl_write: 0x1968820: pfd->events now 60 (POLLOUT:4)
0:00:00.015516971  2472 0x1960320 DEBUG   GST_POLL gstpoll.c:980:gst_poll_fd_ctl_write: 0x1968820: fd (fd:0, idx:1), active : 1
0:00:00.015525466  2472 0x1960320 LOG   GST_POLL gstpoll.c:994:gst_poll_fd_ctl_write: 0x1968820: pfd->events now 60 (POLLOUT:4)
0:00:00.015535855  2472 0x1960320 DEBUG   GST_POLL gstpoll.c:980:gst_poll_fd_ctl_write: 0x1968820: fd (fd:0, idx:1), active : 1
0:00:00.015547815  2472 0x1960320 LOG   GST_POLL gstpoll.c:994:gst_poll_fd_ctl_write: 0x1968820: pfd->events now 60 (POLLOUT:4)
0:00:00.015559249  2472 0x1960320 DEBUG   GST_POLL gstpoll.c:980:gst_poll_fd_ctl_write: 0x1968820: fd (fd:0, idx:1), active : 1
0:00:00.015571124  2472 0x1960320 LOG   GST_POLL gstpoll.c:994:gst_poll_fd_ctl_write: 0x1968820: pfd->events now 60 (POLLOUT:4)
0:00:00.015581955  2472 0x1960320 DEBUG   GST_POLL gstpoll.c:980:gst_poll_fd_ctl_write: 0x1968820: fd (fd:0, idx:1), active : 1
0:00:00.015590960  2472 0x1960320 LOG   GST_POLL gstpoll.c:994:gst_poll_fd_ctl_write: 0x1968820: pfd->events now 60 (POLLOUT:4)
0:00:00.015600327  2472 0x1960320 DEBUG   GST_POLL gstpoll.c:980:gst_poll_fd_ctl_write: 0x1968820: fd (fd:0, idx:1), active : 1
0:00:00.015609259  2472 0x1960320 LOG   GST_POLL gstpoll.c:994:gst_poll_fd_ctl_write: 0x1968820: pfd->events now 60 (POLLOUT:4)
0:00:00.015618663  2472 0x1960320 DEBUG   GST_POLL gstpoll.c:980:gst_poll_fd_ctl_write: 0x1968820: fd (fd:0, idx:1), active : 1
0:00:00.015627474  2472 0x1960320 LOG   GST_POLL gstpoll.c:994:gst_poll_fd_ctl_write: 0x1968820: pfd->events now 60 (POLLOUT:4)
0:00:00.015636764  2472 0x1960320 DEBUG   GST_POLL gstpoll.c:980:gst_poll_fd_ctl_write: 0x1968820: fd (fd:0, idx:1), active : 1
0:00:00.015646089  2472 0x1960320 LOG   GST_POLL gstpoll.c:994:gst_poll_fd_ctl_write: 0x1968820: pfd->events now 60 (POLLOUT:4)
0:00:00.015662388  2472 0x1960320 DEBUG   GST_POLL gstpoll.c:980:gst_poll_fd_ctl_write: 0x1968820: fd (fd:0, idx:1), active : 1
0:00:00.015671756  2472 0x1960320 LOG   GST_POLL gstpoll.c:994:gst_poll_fd_ctl_write: 0x1968820: pfd->events now 60 (POLLOUT:4)
0:00:00.015681361  2472 0x1960320 DEBUG   GST_POLL gstpoll.c:980:gst_poll_fd_ctl_write: 0x1968820: fd (fd:0, idx:1), active : 1
0:00:00.015690671  2472 0x1960320 LOG   GST_POLL gstpoll.c:994:gst_poll_fd_ctl_write: 0x1968820: pfd->events now 60 (POLLOUT:4)
0:00:00.015700539  2472 0x1960320 DEBUG   GST_POLL gstpoll.c:980:gst_poll_fd_ctl_write: 0x1968820: fd (fd:0, idx:1), active : 1
0:00:00.015709357  2472 0x1960320 LOG   GST_POLL gstpoll.c:994:gst_poll_fd_ctl_write: 0x1968820: pfd->events now 60 (POLLOUT:4)
0:00:00.015719127  2472 0x1960320 DEBUG   GST_POLL gstpoll.c:980:gst_poll_fd_ctl_write: 0x1968820: fd (fd:0, idx:1), active : 1
0:00:00.015728477  2472 0x1960320 LOG   GST_POLL gstpoll.c:994:gst_poll_fd_ctl_write: 0x1968820: pfd->events now 60 (POLLOUT:4)
0:00:00.015737935  2472 0x1960320 DEBUG   GST_POLL gstpoll.c:980:gst_poll_fd_ctl_write: 0x1968820: fd (fd:0, idx:1), active : 1
0:00:00.015747153  2472 0x1960320 LOG   GST_POLL gstpoll.c:994:gst_poll_fd_ctl_write: 0x1968820: pfd->events now 60 (POLLOUT:4)
0:00:00.015757286  2472 0x1960320 DEBUG   GST_POLL gstpoll.c:980:gst_poll_fd_ctl_write: 0x1968820: fd (fd:0, idx:1), active : 1
0:00:00.015766676  2472 0x1960320 LOG   GST_POLL gstpoll.c:994:gst_poll_fd_ctl_write: 0x1968820: pfd->events now 60 (POLLOUT:4)
0:00:00.015776308  2472 0x1960320 DEBUG   GST_POLL gstpoll.c:980:gst_poll_fd_ctl_write: 0x1968820: fd (fd:0, idx:1), active : 1
0:00:00.015785614  2472 0x1960320 LOG   GST_POLL gstpoll.c:994:gst_poll_fd_ctl_write: 0x1968820: pfd->events now 60 (POLLOUT:4)
0:00:00.015806135  2472 0x1960320 TRACE   GST_REFCOUNTING gstobject.c:265:gst_object_unref: 0x197c150 unref 2->1
0:00:00.015819272  2472 0x1960320 DEBUG   GST_POLL gstpoll.c:1241:gst_poll_fd_has_error: 0x1968820: fd (fd:0, idx:1) 0
0:00:00.015830228  2472 0x1960320 DEBUG   GST_POLL gstpoll.c:1335:gst_poll_fd_can_write: 0x1968820: fd (fd:0, idx:1) 1
0:00:00.015841134  2472 0x1960320 LOG   GST_PLUGIN_LOADING gstpluginloader.c:690:write_one: Writing packet of size 488 bytes to fd 0
0:00:00.015868404  2472 0x1960320 DEBUG   GST_POLL gstpoll.c:1414:gst_poll_wait: 0x1968820: timeout :0:00:01.000000000
0:00:00.015899172  2472 0x1960320 LOG   GST_PLUGIN_LOADING gstpluginloader.c:1028:exchange_packets: Poll res = 2. 6872 bytes pending for write
0:00:00.015912002  2472 0x1960320 DEBUG   GST_POLL gstpoll.c:1241:gst_poll_fd_has_error: 0x1968820: fd (fd:5, idx:2) 0
0:00:00.015920535  2472 0x1960320 DEBUG   GST_POLL gstpoll.c:1266:gst_poll_fd_can_read_unlocked: 0x1968820: fd (fd:5, idx:2) 1
0:00:00.022817784  2471 0x71a370 LOG   GST_PLUGIN_LOADING gstpluginloader.c:1028:exchange_packets: Poll res = 1. 0 bytes pending for write
0:00:00.015932073  2472 0x1960320 DEBUG   GST_PLUGIN_LOADING gstpluginloader.c:722:do_plugin_load: Plugin scanner loading file /home/conan/w/prod/BuildSingleReference/.conan/data/gstreamer/1.18.3/_/_/package/87c267dd1134a9a07d23e41650d01aade79b0036/lib/gstreamer-1.0/libgstcoretracers.so. tag 2
0:00:00.022853685  2471 0x71a370 DEBUG   GST_POLL gstpoll.c:1241:gst_poll_fd_has_error: 0x733b80: fd (fd:8, idx:2) 0
0:00:00.015959419  2472 0x1960320 TRACE   GST_REFCOUNTING gstobject.c:238:gst_object_ref: 0x1979ea0 ref 1->2
0:00:00.022867148  2471 0x71a370 DEBUG   GST_POLL gstpoll.c:1266:gst_poll_fd_can_read_unlocked: 0x733b80: fd (fd:8, idx:2) 1
0:00:00.015971403  2472 0x1960320 TRACE   GST_REFCOUNTING gstobject.c:238:gst_object_ref: 0x197ada0 ref 1->2
0:00:00.015979360  2472 0x1960320 TRACE   GST_REFCOUNTING gstobject.c:238:gst_object_ref: 0x197ab50 ref 1->2
0:00:00.015986398  2472 0x1960320 TRACE   GST_REFCOUNTING gstobject.c:238:gst_object_ref: 0x197a880 ref 1->2
0:00:00.022889433  2471 0x71a370 DEBUG   GST_PLUGIN_LOADING gstpluginloader.c:850:handle_rx_packet: Received plugin details from child w/ tag 0. 476 bytes info
0:00:00.015993283  2472 0x1960320 TRACE   GST_REFCOUNTING gstobject.c:238:gst_object_ref: 0x197a670 ref 1->2
0:00:00.022901457  2471 0x71a370 LOG   GST_REGISTRY gstregistrychunks.c:837:_priv_gst_registry_chunks_load_plugin: Reading/casting for GstRegistryChunkPluginElement at address 0x734200
0:00:00.016000829  2472 0x1960320 TRACE   GST_REFCOUNTING gstobject.c:238:gst_object_ref: 0x197a180 ref 1->2
0:00:00.016015021  2472 0x1960320 TRACE   GST_REFCOUNTING gstobject.c:265:gst_object_unref: 0x197a180 unref 2->1
0:00:00.016022326  2472 0x1960320 TRACE   GST_REFCOUNTING gstobject.c:265:gst_object_unref: 0x197a670 unref 2->1
0:00:00.016029291  2472 0x1960320 TRACE   GST_REFCOUNTING gstobject.c:265:gst_object_unref: 0x197a880 unref 2->1
0:00:00.022932811  2471 0x71a370 TRACE   GST_REFCOUNTING gstobject.c:208:gst_object_init: 0x733be0 new
0:00:00.016035999  2472 0x1960320 TRACE   GST_REFCOUNTING gstobject.c:265:gst_object_unref: 0x197ab50 unref 2->1
0:00:00.016043229  2472 0x1960320 TRACE   GST_REFCOUNTING gstobject.c:265:gst_object_unref: 0x197ada0 unref 2->1
0:00:00.016056091  2472 0x1960320 DEBUG   GST_REGISTRY gstregistrychunks.c:498:_priv_gst_registry_chunks_save_plugin: Found 5 features in plugin 0x1979ea0 (coretracers)
0:00:00.016067517  2472 0x1960320 DEBUG   GST_POLL gstpoll.c:980:gst_poll_fd_ctl_write: 0x1968820: fd (fd:0, idx:1), active : 1
0:00:00.016078750  2472 0x1960320 LOG   GST_POLL gstpoll.c:994:gst_poll_fd_ctl_write: 0x1968820: pfd->events now 60 (POLLOUT:4)
0:00:00.016087796  2472 0x1960320 DEBUG   GST_POLL gstpoll.c:980:gst_poll_fd_ctl_write: 0x1968820: fd (fd:0, idx:1), active : 1
0:00:00.022996537  2471 0x71a370 LOG   GST_REGISTRY gstregistrychunks.c:858:_priv_gst_registry_chunks_load_plugin: read strings for name='coretracers'
0:00:00.016097989  2472 0x1960320 LOG   GST_POLL gstpoll.c:994:gst_poll_fd_ctl_write: 0x1968820: pfd->events now 60 (POLLOUT:4)
0:00:00.023010151  2471 0x71a370 LOG   GST_REGISTRY gstregistrychunks.c:859:_priv_gst_registry_chunks_load_plugin: desc.description='GStreamer core tracers'
0:00:00.016119823  2472 0x1960320 DEBUG   GST_POLL gstpoll.c:980:gst_poll_fd_ctl_write: 0x1968820: fd (fd:0, idx:1), active : 1
0:00:00.023026274  2471 0x71a370 LOG   GST_REGISTRY gstregistrychunks.c:860:_priv_gst_registry_chunks_load_plugin: filename='/home/conan/w/prod/BuildSingleReference/.conan/data/gstreamer/1.18.3/_/_/package/87c267dd1134a9a07d23e41650d01aade79b0036/lib/gstreamer-1.0/libgstcoretracers.so'
0:00:00.016132144  2472 0x1960320 LOG   GST_POLL gstpoll.c:994:gst_poll_fd_ctl_write: 0x1968820: pfd->events now 60 (POLLOUT:4)
0:00:00.023038285  2471 0x71a370 LOG   GST_REGISTRY gstregistrychunks.c:861:_priv_gst_registry_chunks_load_plugin: desc.version='1.18.3'
0:00:00.016144834  2472 0x1960320 DEBUG   GST_POLL gstpoll.c:980:gst_poll_fd_ctl_write: 0x1968820: fd (fd:0, idx:1), active : 1
0:00:00.023049747  2471 0x71a370 LOG   GST_REGISTRY gstregistrychunks.c:862:_priv_gst_registry_chunks_load_plugin: desc.license='LGPL'
0:00:00.023058930  2471 0x71a370 LOG   GST_REGISTRY gstregistrychunks.c:863:_priv_gst_registry_chunks_load_plugin: desc.source='gstreamer'
0:00:00.023064856  2471 0x71a370 LOG   GST_REGISTRY gstregistrychunks.c:864:_priv_gst_registry_chunks_load_plugin: desc.package='GStreamer source release'
0:00:00.016154840  2472 0x1960320 LOG   GST_POLL gstpoll.c:994:gst_poll_fd_ctl_write: 0x1968820: pfd->events now 60 (POLLOUT:4)
0:00:00.023092040  2471 0x71a370 LOG   GST_REGISTRY gstregistrychunks.c:865:_priv_gst_registry_chunks_load_plugin: desc.origin='Unknown package origin'
0:00:00.023098696  2471 0x71a370 LOG   GST_REGISTRY gstregistrychunks.c:866:_priv_gst_registry_chunks_load_plugin: desc.datetime=2021-01-13
0:00:00.016194139  2472 0x1960320 DEBUG   GST_POLL gstpoll.c:980:gst_poll_fd_ctl_write: 0x1968820: fd (fd:0, idx:1), active : 1
0:00:00.016205978  2472 0x1960320 LOG   GST_POLL gstpoll.c:994:gst_poll_fd_ctl_write: 0x1968820: pfd->events now 60 (POLLOUT:4)
0:00:00.023111983  2471 0x71a370 DEBUG   GST_REGISTRY gstregistry.c:474:gst_registry_add_plugin: adding plugin 0x733be0 for filename "/home/conan/w/prod/BuildSingleReference/.conan/data/gstreamer/1.18.3/_/_/package/87c267dd1134a9a07d23e41650d01aade79b0036/lib/gstreamer-1.0/libgstcoretracers.so"
0:00:00.016215678  2472 0x1960320 DEBUG   GST_POLL gstpoll.c:980:gst_poll_fd_ctl_write: 0x1968820: fd (fd:0, idx:1), active : 1
0:00:00.023124451  2471 0x71a370 TRACE   GST_REFCOUNTING gstobject.c:294:gst_object_ref_sink: 0x733be0 ref_sink 1->2
0:00:00.016225652  2472 0x1960320 LOG   GST_POLL gstpoll.c:994:gst_poll_fd_ctl_write: 0x1968820: pfd->events now 60 (POLLOUT:4)
0:00:00.023133808  2471 0x71a370 LOG   GST_REGISTRY gstregistry.c:487:gst_registry_add_plugin: emitting plugin-added for filename "/home/conan/w/prod/BuildSingleReference/.conan/data/gstreamer/1.18.3/_/_/package/87c267dd1134a9a07d23e41650d01aade79b0036/lib/gstreamer-1.0/libgstcoretracers.so"
0:00:00.016236706  2472 0x1960320 DEBUG   GST_POLL gstpoll.c:980:gst_poll_fd_ctl_write: 0x1968820: fd (fd:0, idx:1), active : 1
0:00:00.023155030  2471 0x71a370 DEBUG   GST_REGISTRY gstregistrychunks.c:887:_priv_gst_registry_chunks_load_plugin: Added plugin 'coretracers' plugin with 5 features from binary registry
0:00:00.016255090  2472 0x1960320 LOG   GST_POLL gstpoll.c:994:gst_poll_fd_ctl_write: 0x1968820: pfd->events now 60 (POLLOUT:4)
0:00:00.023163317  2471 0x71a370 DEBUG   GST_REGISTRY gstregistrychunks.c:583:gst_registry_chunks_load_feature: Plugin 'coretracers' feature 'leaks' typename : 'GstTracerFactory'
0:00:00.016265870  2472 0x1960320 DEBUG   GST_POLL gstpoll.c:980:gst_poll_fd_ctl_write: 0x1968820: fd (fd:0, idx:1), active : 1
0:00:00.016276275  2472 0x1960320 LOG   GST_POLL gstpoll.c:994:gst_poll_fd_ctl_write: 0x1968820: pfd->events now 60 (POLLOUT:4)
0:00:00.023181371  2471 0x71a370 TRACE   GST_REFCOUNTING gstobject.c:208:gst_object_init: 0x734a70 new
0:00:00.016286335  2472 0x1960320 DEBUG   GST_POLL gstpoll.c:980:gst_poll_fd_ctl_write: 0x1968820: fd (fd:0, idx:1), active : 1
0:00:00.023195483  2471 0x71a370 DEBUG   GST_REGISTRY gstregistrychunks.c:718:gst_registry_chunks_load_feature: Reading/casting for GstRegistryChunkPluginFeature at address 0x734348
0:00:00.016295984  2472 0x1960320 LOG   GST_POLL gstpoll.c:994:gst_poll_fd_ctl_write: 0x1968820: pfd->events now 60 (POLLOUT:4)
0:00:00.023204736  2471 0x71a370 DEBUG   GST_REGISTRY gstregistry.c:590:gst_registry_add_feature: adding feature 0x734a70 (leaks)
0:00:00.016307104  2472 0x1960320 DEBUG   GST_POLL gstpoll.c:980:gst_poll_fd_ctl_write: 0x1968820: fd (fd:0, idx:1), active : 1
0:00:00.023211983  2471 0x71a370 DEBUG   GST_REFCOUNTING gstobject.c:709:gst_object_set_parent: set parent (ref and sink)
0:00:00.016316952  2472 0x1960320 LOG   GST_POLL gstpoll.c:994:gst_poll_fd_ctl_write: 0x1968820: pfd->events now 60 (POLLOUT:4)
0:00:00.023222703  2471 0x71a370 TRACE   GST_REFCOUNTING gstobject.c:294:gst_object_ref_sink: 0x734a70 ref_sink 1->2
0:00:00.023231833  2471 0x71a370 LOG   GST_REGISTRY gstregistry.c:608:gst_registry_add_feature: emitting feature-added for leaks
0:00:00.016327632  2472 0x1960320 DEBUG   GST_POLL gstpoll.c:980:gst_poll_fd_ctl_write: 0x1968820: fd (fd:0, idx:1), active : 1
0:00:00.023239044  2471 0x71a370 DEBUG   GST_REGISTRY gstregistrychunks.c:741:gst_registry_chunks_load_feature: Added feature leaks, plugin 0x733be0 coretracers
0:00:00.016339146  2472 0x1960320 LOG   GST_POLL gstpoll.c:994:gst_poll_fd_ctl_write: 0x1968820: pfd->events now 60 (POLLOUT:4)
0:00:00.023246334  2471 0x71a370 DEBUG   GST_REGISTRY gstregistrychunks.c:583:gst_registry_chunks_load_feature: Plugin 'coretracers' feature 'stats' typename : 'GstTracerFactory'
0:00:00.016349264  2472 0x1960320 DEBUG   GST_POLL gstpoll.c:980:gst_poll_fd_ctl_write: 0x1968820: fd (fd:0, idx:1), active : 1
0:00:00.023255351  2471 0x71a370 TRACE   GST_REFCOUNTING gstobject.c:208:gst_object_init: 0x734c70 new
0:00:00.016358638  2472 0x1960320 LOG   GST_POLL gstpoll.c:994:gst_poll_fd_ctl_write: 0x1968820: pfd->events now 60 (POLLOUT:4)
0:00:00.023271096  2471 0x71a370 DEBUG   GST_REGISTRY gstregistrychunks.c:718:gst_registry_chunks_load_feature: Reading/casting for GstRegistryChunkPluginFeature at address 0x734368
0:00:00.016371155  2472 0x1960320 DEBUG   GST_POLL gstpoll.c:980:gst_poll_fd_ctl_write: 0x1968820: fd (fd:0, idx:1), active : 1
0:00:00.023279331  2471 0x71a370 DEBUG   GST_REGISTRY gstregistry.c:590:gst_registry_add_feature: adding feature 0x734c70 (stats)
0:00:00.016381696  2472 0x1960320 LOG   GST_POLL gstpoll.c:994:gst_poll_fd_ctl_write: 0x1968820: pfd->events now 60 (POLLOUT:4)
0:00:00.023287091  2471 0x71a370 DEBUG   GST_REFCOUNTING gstobject.c:709:gst_object_set_parent: set parent (ref and sink)
0:00:00.016393892  2472 0x1960320 DEBUG   GST_POLL gstpoll.c:980:gst_poll_fd_ctl_write: 0x1968820: fd (fd:0, idx:1), active : 1
0:00:00.023300634  2471 0x71a370 TRACE   GST_REFCOUNTING gstobject.c:294:gst_object_ref_sink: 0x734c70 ref_sink 1->2
0:00:00.016403600  2472 0x1960320 LOG   GST_POLL gstpoll.c:994:gst_poll_fd_ctl_write: 0x1968820: pfd->events now 60 (POLLOUT:4)
0:00:00.023312771  2471 0x71a370 LOG   GST_REGISTRY gstregistry.c:608:gst_registry_add_feature: emitting feature-added for stats
0:00:00.016415013  2472 0x1960320 DEBUG   GST_POLL gstpoll.c:980:gst_poll_fd_ctl_write: 0x1968820: fd (fd:0, idx:1), active : 1
0:00:00.023325016  2471 0x71a370 DEBUG   GST_REGISTRY gstregistrychunks.c:741:gst_registry_chunks_load_feature: Added feature stats, plugin 0x733be0 coretracers
0:00:00.016425761  2472 0x1960320 LOG   GST_POLL gstpoll.c:994:gst_poll_fd_ctl_write: 0x1968820: pfd->events now 60 (POLLOUT:4)
0:00:00.023336215  2471 0x71a370 DEBUG   GST_REGISTRY gstregistrychunks.c:583:gst_registry_chunks_load_feature: Plugin 'coretracers' feature 'rusage' typename : 'GstTracerFactory'
0:00:00.016436443  2472 0x1960320 LOG   GST_PLUGIN_LOADING gstpluginloader.c:646:put_chunk: Expanding tx buf from 7717 to 10158 for chunk of size 17
0:00:00.023345550  2471 0x71a370 TRACE   GST_REFCOUNTING gstobject.c:208:gst_object_init: 0x734dc0 new
0:00:00.023355229  2471 0x71a370 DEBUG   GST_REGISTRY gstregistrychunks.c:718:gst_registry_chunks_load_feature: Reading/casting for GstRegistryChunkPluginFeature at address 0x734388
0:00:00.016454986  2472 0x1960320 DEBUG   GST_POLL gstpoll.c:980:gst_poll_fd_ctl_write: 0x1968820: fd (fd:0, idx:1), active : 1
0:00:00.023363552  2471 0x71a370 DEBUG   GST_REGISTRY gstregistry.c:590:gst_registry_add_feature: adding feature 0x734dc0 (rusage)
0:00:00.016462529  2472 0x1960320 LOG   GST_POLL gstpoll.c:994:gst_poll_fd_ctl_write: 0x1968820: pfd->events now 60 (POLLOUT:4)
0:00:00.023370623  2471 0x71a370 DEBUG   GST_REFCOUNTING gstobject.c:709:gst_object_set_parent: set parent (ref and sink)
0:00:00.016470281  2472 0x1960320 DEBUG   GST_POLL gstpoll.c:980:gst_poll_fd_ctl_write: 0x1968820: fd (fd:0, idx:1), active : 1
0:00:00.023378833  2471 0x71a370 TRACE   GST_REFCOUNTING gstobject.c:294:gst_object_ref_sink: 0x734dc0 ref_sink 1->2
0:00:00.016483426  2472 0x1960320 LOG   GST_POLL gstpoll.c:994:gst_poll_fd_ctl_write: 0x1968820: pfd->events now 60 (POLLOUT:4)
0:00:00.023389606  2471 0x71a370 LOG   GST_REGISTRY gstregistry.c:608:gst_registry_add_feature: emitting feature-added for rusage
0:00:00.016490680  2472 0x1960320 DEBUG   GST_POLL gstpoll.c:980:gst_poll_fd_ctl_write: 0x1968820: fd (fd:0, idx:1), active : 1
0:00:00.023397117  2471 0x71a370 DEBUG   GST_REGISTRY gstregistrychunks.c:741:gst_registry_chunks_load_feature: Added feature rusage, plugin 0x733be0 coretracers
0:00:00.016497406  2472 0x1960320 LOG   GST_POLL gstpoll.c:994:gst_poll_fd_ctl_write: 0x1968820: pfd->events now 60 (POLLOUT:4)
0:00:00.023405161  2471 0x71a370 DEBUG   GST_REGISTRY gstregistrychunks.c:583:gst_registry_chunks_load_feature: Plugin 'coretracers' feature 'log' typename : 'GstTracerFactory'
0:00:00.016504293  2472 0x1960320 DEBUG   GST_POLL gstpoll.c:980:gst_poll_fd_ctl_write: 0x1968820: fd (fd:0, idx:1), active : 1
0:00:00.023413234  2471 0x71a370 TRACE   GST_REFCOUNTING gstobject.c:208:gst_object_init: 0x734f10 new
0:00:00.016510947  2472 0x1960320 LOG   GST_POLL gstpoll.c:994:gst_poll_fd_ctl_write: 0x1968820: pfd->events now 60 (POLLOUT:4)
0:00:00.023421763  2471 0x71a370 DEBUG   GST_REGISTRY gstregistrychunks.c:718:gst_registry_chunks_load_feature: Reading/casting for GstRegistryChunkPluginFeature at address 0x7343a8
0:00:00.016519583  2472 0x1960320 DEBUG   GST_POLL gstpoll.c:980:gst_poll_fd_ctl_write: 0x1968820: fd (fd:0, idx:1), active : 1
0:00:00.023429998  2471 0x71a370 DEBUG   GST_REGISTRY gstregistry.c:590:gst_registry_add_feature: adding feature 0x734f10 (log)
0:00:00.016527645  2472 0x1960320 LOG   GST_POLL gstpoll.c:994:gst_poll_fd_ctl_write: 0x1968820: pfd->events now 60 (POLLOUT:4)
0:00:00.023436818  2471 0x71a370 DEBUG   GST_REFCOUNTING gstobject.c:709:gst_object_set_parent: set parent (ref and sink)
0:00:00.016535980  2472 0x1960320 DEBUG   GST_POLL gstpoll.c:980:gst_poll_fd_ctl_write: 0x1968820: fd (fd:0, idx:1), active : 1
0:00:00.023444487  2471 0x71a370 TRACE   GST_REFCOUNTING gstobject.c:294:gst_object_ref_sink: 0x734f10 ref_sink 1->2
0:00:00.016542703  2472 0x1960320 LOG   GST_POLL gstpoll.c:994:gst_poll_fd_ctl_write: 0x1968820: pfd->events now 60 (POLLOUT:4)
0:00:00.023451817  2471 0x71a370 LOG   GST_REGISTRY gstregistry.c:608:gst_registry_add_feature: emitting feature-added for log
0:00:00.016550969  2472 0x1960320 DEBUG   GST_POLL gstpoll.c:980:gst_poll_fd_ctl_write: 0x1968820: fd (fd:0, idx:1), active : 1
0:00:00.023459370  2471 0x71a370 DEBUG   GST_REGISTRY gstregistrychunks.c:741:gst_registry_chunks_load_feature: Added feature log, plugin 0x733be0 coretracers
0:00:00.016557922  2472 0x1960320 LOG   GST_POLL gstpoll.c:994:gst_poll_fd_ctl_write: 0x1968820: pfd->events now 60 (POLLOUT:4)
0:00:00.023467260  2471 0x71a370 DEBUG   GST_REGISTRY gstregistrychunks.c:583:gst_registry_chunks_load_feature: Plugin 'coretracers' feature 'latency' typename : 'GstTracerFactory'
0:00:00.016570460  2472 0x1960320 DEBUG   GST_POLL gstpoll.c:980:gst_poll_fd_ctl_write: 0x1968820: fd (fd:0, idx:1), active : 1
0:00:00.023477801  2471 0x71a370 TRACE   GST_REFCOUNTING gstobject.c:208:gst_object_init: 0x735110 new
0:00:00.016577509  2472 0x1960320 LOG   GST_POLL gstpoll.c:994:gst_poll_fd_ctl_write: 0x1968820: pfd->events now 60 (POLLOUT:4)
0:00:00.023486460  2471 0x71a370 DEBUG   GST_REGISTRY gstregistrychunks.c:718:gst_registry_chunks_load_feature: Reading/casting for GstRegistryChunkPluginFeature at address 0x7343d0
0:00:00.016584640  2472 0x1960320 DEBUG   GST_POLL gstpoll.c:980:gst_poll_fd_ctl_write: 0x1968820: fd (fd:0, idx:1), active : 1
0:00:00.023494900  2471 0x71a370 DEBUG   GST_REGISTRY gstregistry.c:590:gst_registry_add_feature: adding feature 0x735110 (latency)
0:00:00.016592514  2472 0x1960320 LOG   GST_POLL gstpoll.c:994:gst_poll_fd_ctl_write: 0x1968820: pfd->events now 60 (POLLOUT:4)
0:00:00.023501604  2471 0x71a370 DEBUG   GST_REFCOUNTING gstobject.c:709:gst_object_set_parent: set parent (ref and sink)
0:00:00.016601237  2472 0x1960320 DEBUG   GST_POLL gstpoll.c:980:gst_poll_fd_ctl_write: 0x1968820: fd (fd:0, idx:1), active : 1
0:00:00.023509385  2471 0x71a370 TRACE   GST_REFCOUNTING gstobject.c:294:gst_object_ref_sink: 0x735110 ref_sink 1->2
0:00:00.016607781  2472 0x1960320 LOG   GST_POLL gstpoll.c:994:gst_poll_fd_ctl_write: 0x1968820: pfd->events now 60 (POLLOUT:4)
0:00:00.023517031  2471 0x71a370 LOG   GST_REGISTRY gstregistry.c:608:gst_registry_add_feature: emitting feature-added for latency
0:00:00.016616133  2472 0x1960320 DEBUG   GST_POLL gstpoll.c:980:gst_poll_fd_ctl_write: 0x1968820: fd (fd:0, idx:1), active : 1
0:00:00.023524409  2471 0x71a370 DEBUG   GST_REGISTRY gstregistrychunks.c:741:gst_registry_chunks_load_feature: Added feature latency, plugin 0x733be0 coretracers
0:00:00.016622833  2472 0x1960320 LOG   GST_POLL gstpoll.c:994:gst_poll_fd_ctl_write: 0x1968820: pfd->events now 60 (POLLOUT:4)
0:00:00.016630688  2472 0x1960320 DEBUG   GST_POLL gstpoll.c:980:gst_poll_fd_ctl_write: 0x1968820: fd (fd:0, idx:1), active : 1
0:00:00.016637157  2472 0x1960320 LOG   GST_POLL gstpoll.c:994:gst_poll_fd_ctl_write: 0x1968820: pfd->events now 60 (POLLOUT:4)
0:00:00.023549159  2471 0x71a370 LOG   GST_PLUGIN_LOADING gstpluginloader.c:889:handle_rx_packet: marking plugin 0x733be0 as registered as /home/conan/w/prod/BuildSingleReference/.conan/data/gstreamer/1.18.3/_/_/package/87c267dd1134a9a07d23e41650d01aade79b0036/lib/gstreamer-1.0/libgstcoretracers.so
0:00:00.016648255  2472 0x1960320 TRACE   GST_REFCOUNTING gstobject.c:265:gst_object_unref: 0x1979ea0 unref 2->1
0:00:00.023564546  2471 0x71a370 DEBUG   GST_POLL gstpoll.c:1414:gst_poll_wait: 0x733b80: timeout :0:00:01.000000000
0:00:00.016661977  2472 0x1960320 DEBUG   GST_POLL gstpoll.c:1241:gst_poll_fd_has_error: 0x1968820: fd (fd:0, idx:1) 0
0:00:00.016682168  2472 0x1960320 DEBUG   GST_POLL gstpoll.c:1335:gst_poll_fd_can_write: 0x1968820: fd (fd:0, idx:1) 1
0:00:00.016695257  2472 0x1960320 LOG   GST_PLUGIN_LOADING gstpluginloader.c:690:write_one: Writing packet of size 6872 bytes to fd 0
0:00:00.016729166  2472 0x1960320 DEBUG   GST_POLL gstpoll.c:1414:gst_poll_wait: 0x1968820: timeout :0:00:01.000000000
0:00:00.016745215  2472 0x1960320 LOG   GST_PLUGIN_LOADING gstpluginloader.c:1028:exchange_packets: Poll res = 2. 488 bytes pending for write
0:00:00.016756020  2472 0x1960320 DEBUG   GST_POLL gstpoll.c:1241:gst_poll_fd_has_error: 0x1968820: fd (fd:5, idx:2) 0
0:00:00.023655399  2471 0x71a370 LOG   GST_PLUGIN_LOADING gstpluginloader.c:1028:exchange_packets: Poll res = 1. 0 bytes pending for write
0:00:00.016767164  2472 0x1960320 DEBUG   GST_POLL gstpoll.c:1266:gst_poll_fd_can_read_unlocked: 0x1968820: fd (fd:5, idx:2) 1
0:00:00.023681728  2471 0x71a370 DEBUG   GST_POLL gstpoll.c:1241:gst_poll_fd_has_error: 0x733b80: fd (fd:8, idx:2) 0
0:00:00.016785074  2472 0x1960320 DEBUG   GST_PLUGIN_LOADING gstpluginloader.c:722:do_plugin_load: Plugin scanner loading file /home/conan/w/prod/BuildSingleReference/.conan/data/gstreamer/1.18.3/_/_/package/87c267dd1134a9a07d23e41650d01aade79b0036/lib/gstreamer-1.0/libgstcoreelements.so. tag 3
0:00:00.023696568  2471 0x71a370 DEBUG   GST_POLL gstpoll.c:1266:gst_poll_fd_can_read_unlocked: 0x733b80: fd (fd:8, idx:2) 1
0:00:00.016803052  2472 0x1960320 TRACE   GST_REFCOUNTING gstobject.c:238:gst_object_ref: 0x197c150 ref 1->2
0:00:00.023710379  2471 0x71a370 LOG   GST_PLUGIN_LOADING gstpluginloader.c:986:read_one: Expanding rx buf from 512 to 7384
0:00:00.016817980  2472 0x1960320 TRACE   GST_REFCOUNTING gstobject.c:238:gst_object_ref: 0x1997380 ref 1->2
0:00:00.016831831  2472 0x1960320 TRACE   GST_REFCOUNTING gstobject.c:238:gst_object_ref: 0x1996650 ref 1->2
0:00:00.023744408  2471 0x71a370 DEBUG   GST_PLUGIN_LOADING gstpluginloader.c:850:handle_rx_packet: Received plugin details from child w/ tag 1. 6860 bytes info
0:00:00.016844106  2472 0x1960320 TRACE   GST_REFCOUNTING gstobject.c:238:gst_object_ref: 0x1994e80 ref 1->2
0:00:00.023757085  2471 0x71a370 LOG   GST_REGISTRY gstregistrychunks.c:837:_priv_gst_registry_chunks_load_plugin: Reading/casting for GstRegistryChunkPluginElement at address 0x735a50
0:00:00.016856695  2472 0x1960320 TRACE   GST_REFCOUNTING gstobject.c:238:gst_object_ref: 0x19940b0 ref 1->2
0:00:00.023789620  2471 0x71a370 TRACE   GST_REFCOUNTING gstobject.c:208:gst_object_init: 0x734200 new
0:00:00.016869522  2472 0x1960320 TRACE   GST_REFCOUNTING gstobject.c:238:gst_object_ref: 0x1992f10 ref 1->2
0:00:00.016906885  2472 0x1960320 TRACE   GST_REFCOUNTING gstobject.c:238:gst_object_ref: 0x1991e10 ref 1->2
0:00:00.023820086  2471 0x71a370 LOG   GST_REGISTRY gstregistrychunks.c:858:_priv_gst_registry_chunks_load_plugin: read strings for name='coreelements'
0:00:00.016917973  2472 0x1960320 TRACE   GST_REFCOUNTING gstobject.c:238:gst_object_ref: 0x19904c0 ref 1->2
0:00:00.023839912  2471 0x71a370 LOG   GST_REGISTRY gstregistrychunks.c:859:_priv_gst_registry_chunks_load_plugin: desc.description='GStreamer core elements'
0:00:00.016940046  2472 0x1960320 TRACE   GST_REFCOUNTING gstobject.c:238:gst_object_ref: 0x198e9b0 ref 1->2
0:00:00.023851091  2471 0x71a370 LOG   GST_REGISTRY gstregistrychunks.c:860:_priv_gst_registry_chunks_load_plugin: filename='/home/conan/w/prod/BuildSingleReference/.conan/data/gstreamer/1.18.3/_/_/package/87c267dd1134a9a07d23e41650d01aade79b0036/lib/gstreamer-1.0/libgstcoreelements.so'
0:00:00.016953736  2472 0x1960320 TRACE   GST_REFCOUNTING gstobject.c:238:gst_object_ref: 0x198d8a0 ref 1->2
0:00:00.023862265  2471 0x71a370 LOG   GST_REGISTRY gstregistrychunks.c:861:_priv_gst_registry_chunks_load_plugin: desc.version='1.18.3'
0:00:00.016967874  2472 0x1960320 TRACE   GST_REFCOUNTING gstobject.c:238:gst_object_ref: 0x198c680 ref 1->2
0:00:00.023873039  2471 0x71a370 LOG   GST_REGISTRY gstregistrychunks.c:862:_priv_gst_registry_chunks_load_plugin: desc.license='LGPL'
0:00:00.023884635  2471 0x71a370 LOG   GST_REGISTRY gstregistrychunks.c:863:_priv_gst_registry_chunks_load_plugin: desc.source='gstreamer'
0:00:00.016980666  2472 0x1960320 TRACE   GST_REFCOUNTING gstobject.c:238:gst_object_ref: 0x198b050 ref 1->2
0:00:00.023894944  2471 0x71a370 LOG   GST_REGISTRY gstregistrychunks.c:864:_priv_gst_registry_chunks_load_plugin: desc.package='GStreamer source release'
0:00:00.016995278  2472 0x1960320 TRACE   GST_REFCOUNTING gstobject.c:238:gst_object_ref: 0x198a3a0 ref 1->2
0:00:00.023905099  2471 0x71a370 LOG   GST_REGISTRY gstregistrychunks.c:865:_priv_gst_registry_chunks_load_plugin: desc.origin='Unknown package origin'
0:00:00.017009320  2472 0x1960320 TRACE   GST_REFCOUNTING gstobject.c:238:gst_object_ref: 0x1989770 ref 1->2
0:00:00.023915574  2471 0x71a370 LOG   GST_REGISTRY gstregistrychunks.c:866:_priv_gst_registry_chunks_load_plugin: desc.datetime=2021-01-13
0:00:00.017030017  2472 0x1960320 TRACE   GST_REFCOUNTING gstobject.c:238:gst_object_ref: 0x1980cc0 ref 1->2
0:00:00.023939585  2471 0x71a370 DEBUG   GST_REGISTRY gstregistry.c:474:gst_registry_add_plugin: adding plugin 0x734200 for filename "/home/conan/w/prod/BuildSingleReference/.conan/data/gstreamer/1.18.3/_/_/package/87c267dd1134a9a07d23e41650d01aade79b0036/lib/gstreamer-1.0/libgstcoreelements.so"
0:00:00.017041700  2472 0x1960320 TRACE   GST_REFCOUNTING gstobject.c:238:gst_object_ref: 0x1986b70 ref 1->2
0:00:00.023955104  2471 0x71a370 TRACE   GST_REFCOUNTING gstobject.c:294:gst_object_ref_sink: 0x734200 ref_sink 1->2
0:00:00.017054942  2472 0x1960320 TRACE   GST_REFCOUNTING gstobject.c:238:gst_object_ref: 0x1984540 ref 1->2
0:00:00.023969563  2471 0x71a370 LOG   GST_REGISTRY gstregistry.c:487:gst_registry_add_plugin: emitting plugin-added for filename "/home/conan/w/prod/BuildSingleReference/.conan/data/gstreamer/1.18.3/_/_/package/87c267dd1134a9a07d23e41650d01aade79b0036/lib/gstreamer-1.0/libgstcoreelements.so"
0:00:00.017076072  2472 0x1960320 TRACE   GST_REFCOUNTING gstobject.c:238:gst_object_ref: 0x19829f0 ref 1->2
0:00:00.023983678  2471 0x71a370 DEBUG   GST_REGISTRY gstregistrychunks.c:887:_priv_gst_registry_chunks_load_plugin: Added plugin 'coreelements' plugin with 22 features from binary registry
0:00:00.017089352  2472 0x1960320 TRACE   GST_REFCOUNTING gstobject.c:238:gst_object_ref: 0x19819b0 ref 1->2
0:00:00.023997205  2471 0x71a370 DEBUG   GST_REGISTRY gstregistrychunks.c:583:gst_registry_chunks_load_feature: Plugin 'coreelements' feature 'streamiddemux' typename : 'GstElementFactory'
0:00:00.017102780  2472 0x1960320 TRACE   GST_REFCOUNTING gstobject.c:238:gst_object_ref: 0x197ff00 ref 1->2
0:00:00.017114228  2472 0x1960320 TRACE   GST_REFCOUNTING gstobject.c:238:gst_object_ref: 0x197f030 ref 1->2
0:00:00.024017653  2471 0x71a370 TRACE   GST_REFCOUNTING gstobject.c:208:gst_object_init: 0x734570 new
0:00:00.017126503  2472 0x1960320 TRACE   GST_REFCOUNTING gstobject.c:238:gst_object_ref: 0x197e290 ref 1->2
0:00:00.024035396  2471 0x71a370 LOG   GST_REGISTRY gstregistrychunks.c:610:gst_registry_chunks_load_feature: Reading/casting for GstRegistryChunkElementFactory at address 0x735ba8
0:00:00.017138738  2472 0x1960320 TRACE   GST_REFCOUNTING gstobject.c:238:gst_object_ref: 0x197c5a0 ref 1->2
0:00:00.024050719  2471 0x71a370 TRACE   structure gststructure.c:287:gst_structure_new_id_empty_with_size: created structure 0x735390
0:00:00.024061894  2471 0x71a370 DEBUG   structure gststructure.c:2203:gst_structure_parse_field: trying field name 'long-name'
0:00:00.017152719  2472 0x1960320 DEBUG   GST_REGISTRY gstregistrychunks.c:265:gst_registry_chunks_save_feature: saved 0 interfaces 0 pad templates
0:00:00.024085020  2471 0x71a370 DEBUG   default gstvalue.c:2676:_priv_gst_value_parse_value: trying type name 'string'
0:00:00.017183656  2472 0x1960320 DEBUG   GST_REGISTRY gstregistrychunks.c:265:gst_registry_chunks_save_feature: saved 0 interfaces 0 pad templates
0:00:00.024103814  2471 0x71a370 DEBUG   structure gststructure.c:2203:gst_structure_parse_field: trying field name 'klass'
0:00:00.017201468  2472 0x1960320 DEBUG   GST_REGISTRY gstregistrychunks.c:265:gst_registry_chunks_save_feature: saved 0 interfaces 0 pad templates
0:00:00.024114860  2471 0x71a370 DEBUG   default gstvalue.c:2676:_priv_gst_value_parse_value: trying type name 'string'
0:00:00.017221955  2472 0x1960320 DEBUG   GST_REGISTRY gstregistrychunks.c:265:gst_registry_chunks_save_feature: saved 1 interfaces 0 pad templates
0:00:00.024128177  2471 0x71a370 DEBUG   structure gststructure.c:2203:gst_structure_parse_field: trying field name 'description'
0:00:00.017233578  2472 0x1960320 DEBUG   GST_REGISTRY gstregistrychunks.c:284:gst_registry_chunks_save_feature: Saved 1 UriTypes
0:00:00.024147437  2471 0x71a370 DEBUG   default gstvalue.c:2676:_priv_gst_value_parse_value: trying type name 'string'
0:00:00.017254696  2472 0x1960320 DEBUG   GST_REGISTRY gstregistrychunks.c:265:gst_registry_chunks_save_feature: saved 0 interfaces 0 pad templates
0:00:00.024159551  2471 0x71a370 DEBUG   structure gststructure.c:2203:gst_structure_parse_field: trying field name 'author'
0:00:00.024171501  2471 0x71a370 DEBUG   default gstvalue.c:2676:_priv_gst_value_parse_value: trying type name 'string'
0:00:00.017272789  2472 0x1960320 DEBUG   GST_REGISTRY gstregistrychunks.c:265:gst_registry_chunks_save_feature: saved 0 interfaces 0 pad templates
0:00:00.024183347  2471 0x71a370 DEBUG   GST_REGISTRY gstregistrychunks.c:626:gst_registry_chunks_load_feature: Element factory : npadtemplates=2
0:00:00.024193575  2471 0x71a370 DEBUG   GST_REGISTRY gstregistrychunks.c:526:gst_registry_chunks_load_pad_template: Reading/casting for GstRegistryChunkPadTemplate at address 0x735c80
0:00:00.017291486  2472 0x1960320 DEBUG   GST_REGISTRY gstregistrychunks.c:265:gst_registry_chunks_save_feature: saved 0 interfaces 0 pad templates
0:00:00.024204988  2471 0x71a370 DEBUG   GST_REGISTRY gstregistrychunks.c:539:gst_registry_chunks_load_pad_template: Added pad_template src_%u
0:00:00.024214191  2471 0x71a370 DEBUG   GST_REGISTRY gstregistrychunks.c:526:gst_registry_chunks_load_pad_template: Reading/casting for GstRegistryChunkPadTemplate at address 0x735c98
0:00:00.017312073  2472 0x1960320 DEBUG   GST_REGISTRY gstregistrychunks.c:265:gst_registry_chunks_save_feature: saved 1 interfaces 0 pad templates
0:00:00.024224883  2471 0x71a370 DEBUG   GST_REGISTRY gstregistrychunks.c:539:gst_registry_chunks_load_pad_template: Added pad_template sink
0:00:00.017323702  2472 0x1960320 DEBUG   GST_REGISTRY gstregistrychunks.c:284:gst_registry_chunks_save_feature: Saved 1 UriTypes
0:00:00.024239000  2471 0x71a370 DEBUG   GST_REGISTRY gstregistry.c:590:gst_registry_add_feature: adding feature 0x734570 (streamiddemux)
0:00:00.017341400  2472 0x1960320 DEBUG   GST_REGISTRY gstregistrychunks.c:265:gst_registry_chunks_save_feature: saved 1 interfaces 0 pad templates
0:00:00.024252440  2471 0x71a370 DEBUG   GST_REFCOUNTING gstobject.c:709:gst_object_set_parent: set parent (ref and sink)
0:00:00.017352526  2472 0x1960320 DEBUG   GST_REGISTRY gstregistrychunks.c:284:gst_registry_chunks_save_feature: Saved 1 UriTypes
0:00:00.024266669  2471 0x71a370 TRACE   GST_REFCOUNTING gstobject.c:294:gst_object_ref_sink: 0x734570 ref_sink 1->2
0:00:00.017370835  2472 0x1960320 DEBUG   GST_REGISTRY gstregistrychunks.c:265:gst_registry_chunks_save_feature: saved 1 interfaces 0 pad templates
0:00:00.024278719  2471 0x71a370 LOG   GST_REGISTRY gstregistry.c:608:gst_registry_add_feature: emitting feature-added for streamiddemux
0:00:00.017381903  2472 0x1960320 DEBUG   GST_REGISTRY gstregistrychunks.c:284:gst_registry_chunks_save_feature: Saved 1 UriTypes
0:00:00.024292426  2471 0x71a370 DEBUG   GST_REGISTRY gstregistrychunks.c:741:gst_registry_chunks_load_feature: Added feature streamiddemux, plugin 0x734200 coreelements
0:00:00.024306965  2471 0x71a370 DEBUG   GST_REGISTRY gstregistrychunks.c:583:gst_registry_chunks_load_feature: Plugin 'coreelements' feature 'valve' typename : 'GstElementFactory'
0:00:00.017405807  2472 0x1960320 DEBUG   GST_REGISTRY gstregistrychunks.c:265:gst_registry_chunks_save_feature: saved 0 interfaces 0 pad templates
0:00:00.024321504  2471 0x71a370 TRACE   GST_REFCOUNTING gstobject.c:208:gst_object_init: 0x7357d0 new
0:00:00.017424316  2472 0x1960320 DEBUG   GST_REGISTRY gstregistrychunks.c:265:gst_registry_chunks_save_feature: saved 0 interfaces 0 pad templates
0:00:00.024336906  2471 0x71a370 LOG   GST_REGISTRY gstregistrychunks.c:610:gst_registry_chunks_load_feature: Reading/casting for GstRegistryChunkElementFactory at address 0x735cc8
0:00:00.017442795  2472 0x1960320 DEBUG   GST_REGISTRY gstregistrychunks.c:265:gst_registry_chunks_save_feature: saved 0 interfaces 0 pad templates
0:00:00.024348754  2471 0x71a370 TRACE   structure gststructure.c:287:gst_structure_new_id_empty_with_size: created structure 0x737800
0:00:00.024359505  2471 0x71a370 DEBUG   structure gststructure.c:2203:gst_structure_parse_field: trying field name 'long-name'
0:00:00.017463638  2472 0x1960320 DEBUG   GST_REGISTRY gstregistrychunks.c:265:gst_registry_chunks_save_feature: saved 0 interfaces 0 pad templates
0:00:00.024368513  2471 0x71a370 DEBUG   default gstvalue.c:2676:_priv_gst_value_parse_value: trying type name 'string'
0:00:00.024381714  2471 0x71a370 DEBUG   structure gststructure.c:2203:gst_structure_parse_field: trying field name 'klass'
0:00:00.017480915  2472 0x1960320 DEBUG   GST_REGISTRY gstregistrychunks.c:265:gst_registry_chunks_save_feature: saved 0 interfaces 0 pad templates
0:00:00.024392934  2471 0x71a370 DEBUG   default gstvalue.c:2676:_priv_gst_value_parse_value: trying type name 'string'
0:00:00.017499577  2472 0x1960320 DEBUG   GST_REGISTRY gstregistrychunks.c:265:gst_registry_chunks_save_feature: saved 0 interfaces 0 pad templates
0:00:00.024403535  2471 0x71a370 DEBUG   structure gststructure.c:2203:gst_structure_parse_field: trying field name 'description'
0:00:00.024416757  2471 0x71a370 DEBUG   default gstvalue.c:2676:_priv_gst_value_parse_value: trying type name 'string'
0:00:00.017519484  2472 0x1960320 DEBUG   GST_REGISTRY gstregistrychunks.c:265:gst_registry_chunks_save_feature: saved 1 interfaces 0 pad templates
0:00:00.024428117  2471 0x71a370 DEBUG   structure gststructure.c:2203:gst_structure_parse_field: trying field name 'author'
0:00:00.017531452  2472 0x1960320 DEBUG   GST_REGISTRY gstregistrychunks.c:284:gst_registry_chunks_save_feature: Saved 1 UriTypes
0:00:00.024438483  2471 0x71a370 DEBUG   default gstvalue.c:2676:_priv_gst_value_parse_value: trying type name 'string'
0:00:00.017551763  2472 0x1960320 DEBUG   GST_REGISTRY gstregistrychunks.c:265:gst_registry_chunks_save_feature: saved 0 interfaces 0 pad templates
0:00:00.024458226  2471 0x71a370 DEBUG   GST_REGISTRY gstregistrychunks.c:626:gst_registry_chunks_load_feature: Element factory : npadtemplates=2
0:00:00.024469839  2471 0x71a370 DEBUG   GST_REGISTRY gstregistrychunks.c:526:gst_registry_chunks_load_pad_template: Reading/casting for GstRegistryChunkPadTemplate at address 0x735db8
0:00:00.017573296  2472 0x1960320 DEBUG   GST_REGISTRY gstregistrychunks.c:265:gst_registry_chunks_save_feature: saved 0 interfaces 0 pad templates
0:00:00.024479990  2471 0x71a370 DEBUG   GST_REGISTRY gstregistrychunks.c:539:gst_registry_chunks_load_pad_template: Added pad_template sink
0:00:00.024490232  2471 0x71a370 DEBUG   GST_REGISTRY gstregistrychunks.c:526:gst_registry_chunks_load_pad_template: Reading/casting for GstRegistryChunkPadTemplate at address 0x735dd0
0:00:00.017594236  2472 0x1960320 DEBUG   GST_REGISTRY gstregistrychunks.c:265:gst_registry_chunks_save_feature: saved 0 interfaces 0 pad templates
0:00:00.024501272  2471 0x71a370 DEBUG   GST_REGISTRY gstregistrychunks.c:539:gst_registry_chunks_load_pad_template: Added pad_template src
0:00:00.024516340  2471 0x71a370 DEBUG   GST_REGISTRY gstregistry.c:590:gst_registry_add_feature: adding feature 0x7357d0 (valve)
0:00:00.017613005  2472 0x1960320 DEBUG   GST_REGISTRY gstregistrychunks.c:265:gst_registry_chunks_save_feature: saved 0 interfaces 0 pad templates
0:00:00.024527284  2471 0x71a370 DEBUG   GST_REFCOUNTING gstobject.c:709:gst_object_set_parent: set parent (ref and sink)
0:00:00.017636571  2472 0x1960320 DEBUG   GST_REGISTRY gstregistrychunks.c:265:gst_registry_chunks_save_feature: saved 0 interfaces 0 pad templates
0:00:00.024539832  2471 0x71a370 TRACE   GST_REFCOUNTING gstobject.c:294:gst_object_ref_sink: 0x7357d0 ref_sink 1->2
0:00:00.024554531  2471 0x71a370 LOG   GST_REGISTRY gstregistry.c:608:gst_registry_add_feature: emitting feature-added for valve
0:00:00.017656684  2472 0x1960320 TRACE   GST_REFCOUNTING gstobject.c:265:gst_object_unref: 0x197c5a0 unref 2->1
0:00:00.024574604  2471 0x71a370 DEBUG   GST_REGISTRY gstregistrychunks.c:741:gst_registry_chunks_load_feature: Added feature valve, plugin 0x734200 coreelements
0:00:00.017674578  2472 0x1960320 TRACE   GST_REFCOUNTING gstobject.c:265:gst_object_unref: 0x197e290 unref 2->1
0:00:00.024587882  2471 0x71a370 DEBUG   GST_REGISTRY gstregistrychunks.c:583:gst_registry_chunks_load_feature: Plugin 'coreelements' feature 'multiqueue' typename : 'GstElementFactory'
0:00:00.017688315  2472 0x1960320 TRACE   GST_REFCOUNTING gstobject.c:265:gst_object_unref: 0x197f030 unref 2->1
0:00:00.024602725  2471 0x71a370 TRACE   GST_REFCOUNTING gstobject.c:208:gst_object_init: 0x7358c0 new
0:00:00.017701514  2472 0x1960320 TRACE   GST_REFCOUNTING gstobject.c:265:gst_object_unref: 0x197ff00 unref 2->1
0:00:00.024618377  2471 0x71a370 LOG   GST_REGISTRY gstregistrychunks.c:610:gst_registry_chunks_load_feature: Reading/casting for GstRegistryChunkElementFactory at address 0x735e00
0:00:00.017724113  2472 0x1960320 TRACE   GST_REFCOUNTING gstobject.c:265:gst_object_unref: 0x19819b0 unref 2->1
0:00:00.024631185  2471 0x71a370 TRACE   structure gststructure.c:287:gst_structure_new_id_empty_with_size: created structure 0x737a30
0:00:00.017737575  2472 0x1960320 TRACE   GST_REFCOUNTING gstobject.c:265:gst_object_unref: 0x19829f0 unref 2->1
0:00:00.024642458  2471 0x71a370 DEBUG   structure gststructure.c:2203:gst_structure_parse_field: trying field name 'long-name'
0:00:00.024654417  2471 0x71a370 DEBUG   default gstvalue.c:2676:_priv_gst_value_parse_value: trying type name 'string'
0:00:00.017750295  2472 0x1960320 TRACE   GST_REFCOUNTING gstobject.c:265:gst_object_unref: 0x1984540 unref 2->1
0:00:00.017767183  2472 0x1960320 TRACE   GST_REFCOUNTING gstobject.c:265:gst_object_unref: 0x1986b70 unref 2->1
0:00:00.017778872  2472 0x1960320 TRACE   GST_REFCOUNTING gstobject.c:265:gst_object_unref: 0x1980cc0 unref 2->1
0:00:00.024683121  2471 0x71a370 DEBUG   structure gststructure.c:2203:gst_structure_parse_field: trying field name 'klass'
0:00:00.017791891  2472 0x1960320 TRACE   GST_REFCOUNTING gstobject.c:265:gst_object_unref: 0x1989770 unref 2->1
0:00:00.024696251  2471 0x71a370 DEBUG   default gstvalue.c:2676:_priv_gst_value_parse_value: trying type name 'string'
0:00:00.017804891  2472 0x1960320 TRACE   GST_REFCOUNTING gstobject.c:265:gst_object_unref: 0x198a3a0 unref 2->1
0:00:00.024711088  2471 0x71a370 DEBUG   structure gststructure.c:2203:gst_structure_parse_field: trying field name 'description'
0:00:00.017817878  2472 0x1960320 TRACE   GST_REFCOUNTING gstobject.c:265:gst_object_unref: 0x198b050 unref 2->1
0:00:00.024722226  2471 0x71a370 DEBUG   default gstvalue.c:2676:_priv_gst_value_parse_value: trying type name 'string'
0:00:00.017830454  2472 0x1960320 TRACE   GST_REFCOUNTING gstobject.c:265:gst_object_unref: 0x198c680 unref 2->1
0:00:00.024736335  2471 0x71a370 DEBUG   structure gststructure.c:2203:gst_structure_parse_field: trying field name 'author'
0:00:00.024747605  2471 0x71a370 DEBUG   default gstvalue.c:2676:_priv_gst_value_parse_value: trying type name 'string'
0:00:00.017843579  2472 0x1960320 TRACE   GST_REFCOUNTING gstobject.c:265:gst_object_unref: 0x198d8a0 unref 2->1
0:00:00.024759665  2471 0x71a370 DEBUG   GST_REGISTRY gstregistrychunks.c:626:gst_registry_chunks_load_feature: Element factory : npadtemplates=2
0:00:00.017858577  2472 0x1960320 TRACE   GST_REFCOUNTING gstobject.c:265:gst_object_unref: 0x198e9b0 unref 2->1
0:00:00.024769908  2471 0x71a370 DEBUG   GST_REGISTRY gstregistrychunks.c:526:gst_registry_chunks_load_pad_template: Reading/casting for GstRegistryChunkPadTemplate at address 0x735ec0
0:00:00.017886839  2472 0x1960320 TRACE   GST_REFCOUNTING gstobject.c:265:gst_object_unref: 0x19904c0 unref 2->1
0:00:00.024810894  2471 0x71a370 DEBUG   GST_REGISTRY gstregistrychunks.c:539:gst_registry_chunks_load_pad_template: Added pad_template src_%u
0:00:00.017911009  2472 0x1960320 TRACE   GST_REFCOUNTING gstobject.c:265:gst_object_unref: 0x1991e10 unref 2->1
0:00:00.024820953  2471 0x71a370 DEBUG   GST_REGISTRY gstregistrychunks.c:526:gst_registry_chunks_load_pad_template: Reading/casting for GstRegistryChunkPadTemplate at address 0x735ed8
0:00:00.017925437  2472 0x1960320 TRACE   GST_REFCOUNTING gstobject.c:265:gst_object_unref: 0x1992f10 unref 2->1
0:00:00.024832600  2471 0x71a370 DEBUG   GST_REGISTRY gstregistrychunks.c:539:gst_registry_chunks_load_pad_template: Added pad_template sink_%u
0:00:00.017938813  2472 0x1960320 TRACE   GST_REFCOUNTING gstobject.c:265:gst_object_unref: 0x19940b0 unref 2->1
0:00:00.024847227  2471 0x71a370 DEBUG   GST_REGISTRY gstregistry.c:590:gst_registry_add_feature: adding feature 0x7358c0 (multiqueue)
0:00:00.017951836  2472 0x1960320 TRACE   GST_REFCOUNTING gstobject.c:265:gst_object_unref: 0x1994e80 unref 2->1
0:00:00.024859373  2471 0x71a370 DEBUG   GST_REFCOUNTING gstobject.c:709:gst_object_set_parent: set parent (ref and sink)
0:00:00.017965132  2472 0x1960320 TRACE   GST_REFCOUNTING gstobject.c:265:gst_object_unref: 0x1996650 unref 2->1
0:00:00.024875378  2471 0x71a370 TRACE   GST_REFCOUNTING gstobject.c:294:gst_object_ref_sink: 0x7358c0 ref_sink 1->2
0:00:00.017977654  2472 0x1960320 TRACE   GST_REFCOUNTING gstobject.c:265:gst_object_unref: 0x1997380 unref 2->1
0:00:00.024889340  2471 0x71a370 LOG   GST_REGISTRY gstregistry.c:608:gst_registry_add_feature: emitting feature-added for multiqueue
0:00:00.017995203  2472 0x1960320 DEBUG   GST_REGISTRY gstregistrychunks.c:498:_priv_gst_registry_chunks_save_plugin: Found 22 features in plugin 0x197c150 (coreelements)
0:00:00.024901620  2471 0x71a370 DEBUG   GST_REGISTRY gstregistrychunks.c:741:gst_registry_chunks_load_feature: Added feature multiqueue, plugin 0x734200 coreelements
0:00:00.018008763  2472 0x1960320 DEBUG   GST_POLL gstpoll.c:980:gst_poll_fd_ctl_write: 0x1968820: fd (fd:0, idx:1), active : 1
0:00:00.024914036  2471 0x71a370 DEBUG   GST_REGISTRY gstregistrychunks.c:583:gst_registry_chunks_load_feature: Plugin 'coreelements' feature 'typefind' typename : 'GstElementFactory'
0:00:00.018020923  2472 0x1960320 LOG   GST_POLL gstpoll.c:994:gst_poll_fd_ctl_write: 0x1968820: pfd->events now 60 (POLLOUT:4)
0:00:00.024930978  2471 0x71a370 TRACE   GST_REFCOUNTING gstobject.c:208:gst_object_init: 0x737b60 new
0:00:00.018032224  2472 0x1960320 DEBUG   GST_POLL gstpoll.c:980:gst_poll_fd_ctl_write: 0x1968820: fd (fd:0, idx:1), active : 1
