0:00:00.029793113  2471 0x71a370 DEBUG   GST_REGISTRY gstregistrychunks.c:741:gst_registry_chunks_load_feature: Added feature concat, plugin 0x734200 coreelements
0:00:00.022892409  2472 0x1960320 LOG   GST_POLL gstpoll.c:994:gst_poll_fd_ctl_write: 0x1968820: pfd->events now 60 (POLLOUT:4)
0:00:00.029807492  2471 0x71a370 DEBUG   GST_REGISTRY gstregistrychunks.c:583:gst_registry_chunks_load_feature: Plugin 'coreelements' feature 'clocksync' typename : 'GstElementFactory'
0:00:00.022906018  2472 0x1960320 DEBUG   GST_POLL gstpoll.c:980:gst_poll_fd_ctl_write: 0x1968820: fd (fd:0, idx:1), active : 1
0:00:00.022917917  2472 0x1960320 LOG   GST_POLL gstpoll.c:994:gst_poll_fd_ctl_write: 0x1968820: pfd->events now 60 (POLLOUT:4)
0:00:00.029824251  2471 0x71a370 TRACE   GST_REFCOUNTING gstobject.c:208:gst_object_init: 0x73bf70 new
0:00:00.022928972  2472 0x1960320 DEBUG   GST_POLL gstpoll.c:980:gst_poll_fd_ctl_write: 0x1968820: fd (fd:0, idx:1), active : 1
0:00:00.022939219  2472 0x1960320 LOG   GST_POLL gstpoll.c:994:gst_poll_fd_ctl_write: 0x1968820: pfd->events now 60 (POLLOUT:4)
0:00:00.029842228  2471 0x71a370 LOG   GST_REGISTRY gstregistrychunks.c:610:gst_registry_chunks_load_feature: Reading/casting for GstRegistryChunkElementFactory at address 0x7372f8
0:00:00.022950316  2472 0x1960320 DEBUG   GST_POLL gstpoll.c:980:gst_poll_fd_ctl_write: 0x1968820: fd (fd:0, idx:1), active : 1
0:00:00.029856199  2471 0x71a370 TRACE   structure gststructure.c:287:gst_structure_new_id_empty_with_size: created structure 0x73c260
0:00:00.022961619  2472 0x1960320 LOG   GST_POLL gstpoll.c:994:gst_poll_fd_ctl_write: 0x1968820: pfd->events now 60 (POLLOUT:4)
0:00:00.029876012  2471 0x71a370 DEBUG   structure gststructure.c:2203:gst_structure_parse_field: trying field name 'long-name'
0:00:00.022975857  2472 0x1960320 DEBUG   GST_POLL gstpoll.c:980:gst_poll_fd_ctl_write: 0x1968820: fd (fd:0, idx:1), active : 1
0:00:00.029886345  2471 0x71a370 DEBUG   default gstvalue.c:2676:_priv_gst_value_parse_value: trying type name 'string'
0:00:00.022987469  2472 0x1960320 LOG   GST_POLL gstpoll.c:994:gst_poll_fd_ctl_write: 0x1968820: pfd->events now 60 (POLLOUT:4)
0:00:00.029899201  2471 0x71a370 DEBUG   structure gststructure.c:2203:gst_structure_parse_field: trying field name 'klass'
0:00:00.022999153  2472 0x1960320 DEBUG   GST_POLL gstpoll.c:980:gst_poll_fd_ctl_write: 0x1968820: fd (fd:0, idx:1), active : 1
0:00:00.029909546  2471 0x71a370 DEBUG   default gstvalue.c:2676:_priv_gst_value_parse_value: trying type name 'string'
0:00:00.023010626  2472 0x1960320 LOG   GST_POLL gstpoll.c:994:gst_poll_fd_ctl_write: 0x1968820: pfd->events now 60 (POLLOUT:4)
0:00:00.029921018  2471 0x71a370 DEBUG   structure gststructure.c:2203:gst_structure_parse_field: trying field name 'description'
0:00:00.023022661  2472 0x1960320 DEBUG   GST_POLL gstpoll.c:980:gst_poll_fd_ctl_write: 0x1968820: fd (fd:0, idx:1), active : 1
0:00:00.029931512  2471 0x71a370 DEBUG   default gstvalue.c:2676:_priv_gst_value_parse_value: trying type name 'string'
0:00:00.023034650  2472 0x1960320 LOG   GST_POLL gstpoll.c:994:gst_poll_fd_ctl_write: 0x1968820: pfd->events now 60 (POLLOUT:4)
0:00:00.029944161  2471 0x71a370 DEBUG   structure gststructure.c:2203:gst_structure_parse_field: trying field name 'author'
0:00:00.023046392  2472 0x1960320 DEBUG   GST_POLL gstpoll.c:980:gst_poll_fd_ctl_write: 0x1968820: fd (fd:0, idx:1), active : 1
0:00:00.029954396  2471 0x71a370 DEBUG   default gstvalue.c:2676:_priv_gst_value_parse_value: trying type name 'string'
0:00:00.023057980  2472 0x1960320 LOG   GST_POLL gstpoll.c:994:gst_poll_fd_ctl_write: 0x1968820: pfd->events now 60 (POLLOUT:4)
0:00:00.029967246  2471 0x71a370 DEBUG   GST_REGISTRY gstregistrychunks.c:626:gst_registry_chunks_load_feature: Element factory : npadtemplates=2
0:00:00.023069483  2472 0x1960320 DEBUG   GST_POLL gstpoll.c:980:gst_poll_fd_ctl_write: 0x1968820: fd (fd:0, idx:1), active : 1
0:00:00.029978042  2471 0x71a370 DEBUG   GST_REGISTRY gstregistrychunks.c:526:gst_registry_chunks_load_pad_template: Reading/casting for GstRegistryChunkPadTemplate at address 0x7373c8
0:00:00.023080915  2472 0x1960320 LOG   GST_POLL gstpoll.c:994:gst_poll_fd_ctl_write: 0x1968820: pfd->events now 60 (POLLOUT:4)
0:00:00.023092113  2472 0x1960320 DEBUG   GST_POLL gstpoll.c:980:gst_poll_fd_ctl_write: 0x1968820: fd (fd:0, idx:1), active : 1
0:00:00.023101356  2472 0x1960320 LOG   GST_POLL gstpoll.c:994:gst_poll_fd_ctl_write: 0x1968820: pfd->events now 60 (POLLOUT:4)
0:00:00.029990225  2471 0x71a370 DEBUG   GST_REGISTRY gstregistrychunks.c:539:gst_registry_chunks_load_pad_template: Added pad_template sink
0:00:00.023118117  2472 0x1960320 DEBUG   GST_POLL gstpoll.c:980:gst_poll_fd_ctl_write: 0x1968820: fd (fd:0, idx:1), active : 1
0:00:00.030023038  2471 0x71a370 DEBUG   GST_REGISTRY gstregistrychunks.c:526:gst_registry_chunks_load_pad_template: Reading/casting for GstRegistryChunkPadTemplate at address 0x7373e0
0:00:00.023129087  2472 0x1960320 LOG   GST_POLL gstpoll.c:994:gst_poll_fd_ctl_write: 0x1968820: pfd->events now 60 (POLLOUT:4)
0:00:00.030035231  2471 0x71a370 DEBUG   GST_REGISTRY gstregistrychunks.c:539:gst_registry_chunks_load_pad_template: Added pad_template src
0:00:00.023140816  2472 0x1960320 DEBUG   GST_POLL gstpoll.c:980:gst_poll_fd_ctl_write: 0x1968820: fd (fd:0, idx:1), active : 1
0:00:00.030051111  2471 0x71a370 DEBUG   GST_REGISTRY gstregistry.c:590:gst_registry_add_feature: adding feature 0x73bf70 (clocksync)
0:00:00.023150426  2472 0x1960320 LOG   GST_POLL gstpoll.c:994:gst_poll_fd_ctl_write: 0x1968820: pfd->events now 60 (POLLOUT:4)
0:00:00.030061923  2471 0x71a370 DEBUG   GST_REFCOUNTING gstobject.c:709:gst_object_set_parent: set parent (ref and sink)
0:00:00.023169675  2472 0x1960320 DEBUG   GST_POLL gstpoll.c:980:gst_poll_fd_ctl_write: 0x1968820: fd (fd:0, idx:1), active : 1
0:00:00.030076190  2471 0x71a370 TRACE   GST_REFCOUNTING gstobject.c:294:gst_object_ref_sink: 0x73bf70 ref_sink 1->2
0:00:00.023180733  2472 0x1960320 LOG   GST_POLL gstpoll.c:994:gst_poll_fd_ctl_write: 0x1968820: pfd->events now 60 (POLLOUT:4)
0:00:00.030090304  2471 0x71a370 LOG   GST_REGISTRY gstregistry.c:608:gst_registry_add_feature: emitting feature-added for clocksync
0:00:00.023192355  2472 0x1960320 DEBUG   GST_POLL gstpoll.c:980:gst_poll_fd_ctl_write: 0x1968820: fd (fd:0, idx:1), active : 1
0:00:00.030103725  2471 0x71a370 DEBUG   GST_REGISTRY gstregistrychunks.c:741:gst_registry_chunks_load_feature: Added feature clocksync, plugin 0x734200 coreelements
0:00:00.023203018  2472 0x1960320 LOG   GST_POLL gstpoll.c:994:gst_poll_fd_ctl_write: 0x1968820: pfd->events now 60 (POLLOUT:4)
0:00:00.030116454  2471 0x71a370 DEBUG   GST_REGISTRY gstregistrychunks.c:583:gst_registry_chunks_load_feature: Plugin 'coreelements' feature 'capsfilter' typename : 'GstElementFactory'
0:00:00.023214831  2472 0x1960320 DEBUG   GST_POLL gstpoll.c:980:gst_poll_fd_ctl_write: 0x1968820: fd (fd:0, idx:1), active : 1
0:00:00.023226693  2472 0x1960320 LOG   GST_POLL gstpoll.c:994:gst_poll_fd_ctl_write: 0x1968820: pfd->events now 60 (POLLOUT:4)
0:00:00.030131533  2471 0x71a370 TRACE   GST_REFCOUNTING gstobject.c:208:gst_object_init: 0x73c160 new
0:00:00.023238235  2472 0x1960320 DEBUG   GST_POLL gstpoll.c:980:gst_poll_fd_ctl_write: 0x1968820: fd (fd:0, idx:1), active : 1
0:00:00.030147502  2471 0x71a370 LOG   GST_REGISTRY gstregistrychunks.c:610:gst_registry_chunks_load_feature: Reading/casting for GstRegistryChunkElementFactory at address 0x737410
0:00:00.023247718  2472 0x1960320 LOG   GST_POLL gstpoll.c:994:gst_poll_fd_ctl_write: 0x1968820: pfd->events now 60 (POLLOUT:4)
0:00:00.030166405  2471 0x71a370 TRACE   structure gststructure.c:287:gst_structure_new_id_empty_with_size: created structure 0x73c6a0
0:00:00.023265634  2472 0x1960320 DEBUG   GST_POLL gstpoll.c:980:gst_poll_fd_ctl_write: 0x1968820: fd (fd:0, idx:1), active : 1
0:00:00.030177446  2471 0x71a370 DEBUG   structure gststructure.c:2203:gst_structure_parse_field: trying field name 'long-name'
0:00:00.023276646  2472 0x1960320 LOG   GST_POLL gstpoll.c:994:gst_poll_fd_ctl_write: 0x1968820: pfd->events now 60 (POLLOUT:4)
0:00:00.030188499  2471 0x71a370 DEBUG   default gstvalue.c:2676:_priv_gst_value_parse_value: trying type name 'string'
0:00:00.023288386  2472 0x1960320 DEBUG   GST_POLL gstpoll.c:980:gst_poll_fd_ctl_write: 0x1968820: fd (fd:0, idx:1), active : 1
0:00:00.030200448  2471 0x71a370 DEBUG   structure gststructure.c:2203:gst_structure_parse_field: trying field name 'klass'
0:00:00.023299618  2472 0x1960320 LOG   GST_POLL gstpoll.c:994:gst_poll_fd_ctl_write: 0x1968820: pfd->events now 60 (POLLOUT:4)
0:00:00.030211126  2471 0x71a370 DEBUG   default gstvalue.c:2676:_priv_gst_value_parse_value: trying type name 'string'
0:00:00.023311190  2472 0x1960320 DEBUG   GST_POLL gstpoll.c:980:gst_poll_fd_ctl_write: 0x1968820: fd (fd:0, idx:1), active : 1
0:00:00.030223174  2471 0x71a370 DEBUG   structure gststructure.c:2203:gst_structure_parse_field: trying field name 'description'
0:00:00.023322562  2472 0x1960320 LOG   GST_POLL gstpoll.c:994:gst_poll_fd_ctl_write: 0x1968820: pfd->events now 60 (POLLOUT:4)
0:00:00.030234175  2471 0x71a370 DEBUG   default gstvalue.c:2676:_priv_gst_value_parse_value: trying type name 'string'
0:00:00.023334115  2472 0x1960320 DEBUG   GST_POLL gstpoll.c:980:gst_poll_fd_ctl_write: 0x1968820: fd (fd:0, idx:1), active : 1
0:00:00.030251120  2471 0x71a370 DEBUG   structure gststructure.c:2203:gst_structure_parse_field: trying field name 'author'
0:00:00.023348313  2472 0x1960320 LOG   GST_POLL gstpoll.c:994:gst_poll_fd_ctl_write: 0x1968820: pfd->events now 60 (POLLOUT:4)
0:00:00.030261665  2471 0x71a370 DEBUG   default gstvalue.c:2676:_priv_gst_value_parse_value: trying type name 'string'
0:00:00.023361638  2472 0x1960320 DEBUG   GST_POLL gstpoll.c:980:gst_poll_fd_ctl_write: 0x1968820: fd (fd:0, idx:1), active : 1
0:00:00.030273734  2471 0x71a370 DEBUG   GST_REGISTRY gstregistrychunks.c:626:gst_registry_chunks_load_feature: Element factory : npadtemplates=2
0:00:00.023372926  2472 0x1960320 LOG   GST_POLL gstpoll.c:994:gst_poll_fd_ctl_write: 0x1968820: pfd->events now 60 (POLLOUT:4)
0:00:00.030284384  2471 0x71a370 DEBUG   GST_REGISTRY gstregistrychunks.c:526:gst_registry_chunks_load_pad_template: Reading/casting for GstRegistryChunkPadTemplate at address 0x7374f0
0:00:00.023384395  2472 0x1960320 DEBUG   GST_POLL gstpoll.c:980:gst_poll_fd_ctl_write: 0x1968820: fd (fd:0, idx:1), active : 1
0:00:00.030294877  2471 0x71a370 DEBUG   GST_REGISTRY gstregistrychunks.c:539:gst_registry_chunks_load_pad_template: Added pad_template sink
0:00:00.023403775  2472 0x1960320 LOG   GST_POLL gstpoll.c:994:gst_poll_fd_ctl_write: 0x1968820: pfd->events now 60 (POLLOUT:4)
0:00:00.030308810  2471 0x71a370 DEBUG   GST_REGISTRY gstregistrychunks.c:526:gst_registry_chunks_load_pad_template: Reading/casting for GstRegistryChunkPadTemplate at address 0x737508
0:00:00.023415632  2472 0x1960320 DEBUG   GST_POLL gstpoll.c:980:gst_poll_fd_ctl_write: 0x1968820: fd (fd:0, idx:1), active : 1
0:00:00.030320493  2471 0x71a370 DEBUG   GST_REGISTRY gstregistrychunks.c:539:gst_registry_chunks_load_pad_template: Added pad_template src
0:00:00.023426461  2472 0x1960320 LOG   GST_POLL gstpoll.c:994:gst_poll_fd_ctl_write: 0x1968820: pfd->events now 60 (POLLOUT:4)
0:00:00.030335597  2471 0x71a370 DEBUG   GST_REGISTRY gstregistry.c:590:gst_registry_add_feature: adding feature 0x73c160 (capsfilter)
0:00:00.023437293  2472 0x1960320 DEBUG   GST_POLL gstpoll.c:980:gst_poll_fd_ctl_write: 0x1968820: fd (fd:0, idx:1), active : 1
0:00:00.030346817  2471 0x71a370 DEBUG   GST_REFCOUNTING gstobject.c:709:gst_object_set_parent: set parent (ref and sink)
0:00:00.023448203  2472 0x1960320 LOG   GST_POLL gstpoll.c:994:gst_poll_fd_ctl_write: 0x1968820: pfd->events now 60 (POLLOUT:4)
0:00:00.030361298  2471 0x71a370 TRACE   GST_REFCOUNTING gstobject.c:294:gst_object_ref_sink: 0x73c160 ref_sink 1->2
0:00:00.023460106  2472 0x1960320 DEBUG   GST_POLL gstpoll.c:980:gst_poll_fd_ctl_write: 0x1968820: fd (fd:0, idx:1), active : 1
0:00:00.030373910  2471 0x71a370 LOG   GST_REGISTRY gstregistry.c:608:gst_registry_add_feature: emitting feature-added for capsfilter
0:00:00.023472366  2472 0x1960320 LOG   GST_POLL gstpoll.c:994:gst_poll_fd_ctl_write: 0x1968820: pfd->events now 60 (POLLOUT:4)
0:00:00.030386391  2471 0x71a370 DEBUG   GST_REGISTRY gstregistrychunks.c:741:gst_registry_chunks_load_feature: Added feature capsfilter, plugin 0x734200 coreelements
0:00:00.023484783  2472 0x1960320 DEBUG   GST_POLL gstpoll.c:980:gst_poll_fd_ctl_write: 0x1968820: fd (fd:0, idx:1), active : 1
0:00:00.023496449  2472 0x1960320 LOG   GST_POLL gstpoll.c:994:gst_poll_fd_ctl_write: 0x1968820: pfd->events now 60 (POLLOUT:4)
0:00:00.030400795  2471 0x71a370 LOG   GST_PLUGIN_LOADING gstpluginloader.c:889:handle_rx_packet: marking plugin 0x734200 as registered as /home/conan/w/prod/BuildSingleReference/.conan/data/gstreamer/1.18.3/_/_/package/87c267dd1134a9a07d23e41650d01aade79b0036/lib/gstreamer-1.0/libgstcoreelements.so
0:00:00.023507918  2472 0x1960320 DEBUG   GST_POLL gstpoll.c:980:gst_poll_fd_ctl_write: 0x1968820: fd (fd:0, idx:1), active : 1
0:00:00.030419824  2471 0x71a370 DEBUG   GST_POLL gstpoll.c:1414:gst_poll_wait: 0x733b80: timeout :0:00:01.000000000
0:00:00.023517339  2472 0x1960320 LOG   GST_POLL gstpoll.c:994:gst_poll_fd_ctl_write: 0x1968820: pfd->events now 60 (POLLOUT:4)
0:00:00.023538615  2472 0x1960320 DEBUG   GST_POLL gstpoll.c:980:gst_poll_fd_ctl_write: 0x1968820: fd (fd:0, idx:1), active : 1
0:00:00.023549679  2472 0x1960320 LOG   GST_POLL gstpoll.c:994:gst_poll_fd_ctl_write: 0x1968820: pfd->events now 60 (POLLOUT:4)
0:00:00.023559296  2472 0x1960320 DEBUG   GST_POLL gstpoll.c:980:gst_poll_fd_ctl_write: 0x1968820: fd (fd:0, idx:1), active : 1
0:00:00.023568439  2472 0x1960320 LOG   GST_POLL gstpoll.c:994:gst_poll_fd_ctl_write: 0x1968820: pfd->events now 60 (POLLOUT:4)
0:00:00.023575095  2472 0x1960320 DEBUG   GST_POLL gstpoll.c:980:gst_poll_fd_ctl_write: 0x1968820: fd (fd:0, idx:1), active : 1
0:00:00.023580986  2472 0x1960320 LOG   GST_POLL gstpoll.c:994:gst_poll_fd_ctl_write: 0x1968820: pfd->events now 60 (POLLOUT:4)
0:00:00.023587155  2472 0x1960320 DEBUG   GST_POLL gstpoll.c:980:gst_poll_fd_ctl_write: 0x1968820: fd (fd:0, idx:1), active : 1
0:00:00.023592999  2472 0x1960320 LOG   GST_POLL gstpoll.c:994:gst_poll_fd_ctl_write: 0x1968820: pfd->events now 60 (POLLOUT:4)
0:00:00.023599240  2472 0x1960320 DEBUG   GST_POLL gstpoll.c:980:gst_poll_fd_ctl_write: 0x1968820: fd (fd:0, idx:1), active : 1
0:00:00.023605129  2472 0x1960320 LOG   GST_POLL gstpoll.c:994:gst_poll_fd_ctl_write: 0x1968820: pfd->events now 60 (POLLOUT:4)
0:00:00.023611342  2472 0x1960320 DEBUG   GST_POLL gstpoll.c:980:gst_poll_fd_ctl_write: 0x1968820: fd (fd:0, idx:1), active : 1
0:00:00.023617163  2472 0x1960320 LOG   GST_POLL gstpoll.c:994:gst_poll_fd_ctl_write: 0x1968820: pfd->events now 60 (POLLOUT:4)
0:00:00.023623306  2472 0x1960320 DEBUG   GST_POLL gstpoll.c:980:gst_poll_fd_ctl_write: 0x1968820: fd (fd:0, idx:1), active : 1
0:00:00.023629308  2472 0x1960320 LOG   GST_POLL gstpoll.c:994:gst_poll_fd_ctl_write: 0x1968820: pfd->events now 60 (POLLOUT:4)
0:00:00.023642263  2472 0x1960320 TRACE   GST_REFCOUNTING gstobject.c:265:gst_object_unref: 0x197c150 unref 2->1
0:00:00.023650642  2472 0x1960320 DEBUG   GST_POLL gstpoll.c:1241:gst_poll_fd_has_error: 0x1968820: fd (fd:0, idx:1) 0
0:00:00.023657068  2472 0x1960320 DEBUG   GST_POLL gstpoll.c:1335:gst_poll_fd_can_write: 0x1968820: fd (fd:0, idx:1) 1
0:00:00.023663324  2472 0x1960320 LOG   GST_PLUGIN_LOADING gstpluginloader.c:690:write_one: Writing packet of size 488 bytes to fd 0
0:00:00.023685817  2472 0x1960320 DEBUG   GST_POLL gstpoll.c:1414:gst_poll_wait: 0x1968820: timeout :0:00:01.000000000
0:00:00.023701660  2472 0x1960320 LOG   GST_PLUGIN_LOADING gstpluginloader.c:1028:exchange_packets: Poll res = 2. 6872 bytes pending for write
0:00:00.030607664  2471 0x71a370 LOG   GST_PLUGIN_LOADING gstpluginloader.c:1028:exchange_packets: Poll res = 1. 0 bytes pending for write
0:00:00.023713221  2472 0x1960320 DEBUG   GST_POLL gstpoll.c:1241:gst_poll_fd_has_error: 0x1968820: fd (fd:5, idx:2) 0
0:00:00.030625158  2471 0x71a370 DEBUG   GST_POLL gstpoll.c:1241:gst_poll_fd_has_error: 0x733b80: fd (fd:8, idx:2) 0
0:00:00.023724633  2472 0x1960320 DEBUG   GST_POLL gstpoll.c:1266:gst_poll_fd_can_read_unlocked: 0x1968820: fd (fd:5, idx:2) 1
0:00:00.030648354  2471 0x71a370 DEBUG   GST_POLL gstpoll.c:1266:gst_poll_fd_can_read_unlocked: 0x733b80: fd (fd:8, idx:2) 1
0:00:00.023748680  2472 0x1960320 LOG   GST_PLUGIN_LOADING gstpluginloader.c:1006:read_one: No payload to read for 0 length packet type 1 tag 0
0:00:00.023762491  2472 0x1960320 DEBUG   GST_POLL gstpoll.c:1015:gst_poll_fd_ctl_read_unlocked: 0x1968820: fd (fd:5, idx:2), active : 0
0:00:00.030666157  2471 0x71a370 DEBUG   GST_PLUGIN_LOADING gstpluginloader.c:850:handle_rx_packet: Received plugin details from child w/ tag 2. 476 bytes info
0:00:00.023773804  2472 0x1960320 DEBUG   GST_POLL gstpoll.c:980:gst_poll_fd_ctl_write: 0x1968820: fd (fd:0, idx:1), active : 1
0:00:00.030678994  2471 0x71a370 LOG   GST_REGISTRY gstregistrychunks.c:837:_priv_gst_registry_chunks_load_plugin: Reading/casting for GstRegistryChunkPluginElement at address 0x735a50
0:00:00.023784692  2472 0x1960320 LOG   GST_POLL gstpoll.c:994:gst_poll_fd_ctl_write: 0x1968820: pfd->events now 60 (POLLOUT:4)
0:00:00.030695076  2471 0x71a370 TRACE   GST_REFCOUNTING gstobject.c:208:gst_object_init: 0x73c960 new
0:00:00.023794851  2472 0x1960320 DEBUG   GST_POLL gstpoll.c:1241:gst_poll_fd_has_error: 0x1968820: fd (fd:0, idx:1) 0
0:00:00.023806603  2472 0x1960320 DEBUG   GST_POLL gstpoll.c:1335:gst_poll_fd_can_write: 0x1968820: fd (fd:0, idx:1) 1
0:00:00.030718548  2471 0x71a370 LOG   GST_REGISTRY gstregistrychunks.c:858:_priv_gst_registry_chunks_load_plugin: read strings for name='coretracers'
0:00:00.023815243  2472 0x1960320 LOG   GST_PLUGIN_LOADING gstpluginloader.c:690:write_one: Writing packet of size 6872 bytes to fd 0
0:00:00.030729558  2471 0x71a370 LOG   GST_REGISTRY gstregistrychunks.c:859:_priv_gst_registry_chunks_load_plugin: desc.description='GStreamer core tracers'
0:00:00.023836194  2472 0x1960320 DEBUG   GST_POLL gstpoll.c:1414:gst_poll_wait: 0x1968820: timeout :0:00:01.000000000
0:00:00.030741623  2471 0x71a370 LOG   GST_REGISTRY gstregistrychunks.c:860:_priv_gst_registry_chunks_load_plugin: filename='/home/conan/w/prod/BuildSingleReference/.conan/data/gstreamer/1.18.3/_/_/package/87c267dd1134a9a07d23e41650d01aade79b0036/lib/gstreamer-1.0/libgstcoretracers.so'
0:00:00.030752915  2471 0x71a370 LOG   GST_REGISTRY gstregistrychunks.c:861:_priv_gst_registry_chunks_load_plugin: desc.version='1.18.3'
0:00:00.023849594  2472 0x1960320 LOG   GST_PLUGIN_LOADING gstpluginloader.c:1028:exchange_packets: Poll res = 1. 12 bytes pending for write
0:00:00.030762487  2471 0x71a370 LOG   GST_REGISTRY gstregistrychunks.c:862:_priv_gst_registry_chunks_load_plugin: desc.license='LGPL'
0:00:00.023863145  2472 0x1960320 DEBUG   GST_POLL gstpoll.c:1241:gst_poll_fd_has_error: 0x1968820: fd (fd:0, idx:1) 0
0:00:00.030772168  2471 0x71a370 LOG   GST_REGISTRY gstregistrychunks.c:863:_priv_gst_registry_chunks_load_plugin: desc.source='gstreamer'
0:00:00.023890285  2472 0x1960320 DEBUG   GST_POLL gstpoll.c:1335:gst_poll_fd_can_write: 0x1968820: fd (fd:0, idx:1) 1
0:00:00.030805503  2471 0x71a370 LOG   GST_REGISTRY gstregistrychunks.c:864:_priv_gst_registry_chunks_load_plugin: desc.package='GStreamer source release'
0:00:00.023912497  2472 0x1960320 LOG   GST_PLUGIN_LOADING gstpluginloader.c:690:write_one: Writing packet of size 12 bytes to fd 0
0:00:00.030817930  2471 0x71a370 LOG   GST_REGISTRY gstregistrychunks.c:865:_priv_gst_registry_chunks_load_plugin: desc.origin='Unknown package origin'
0:00:00.030829274  2471 0x71a370 LOG   GST_REGISTRY gstregistrychunks.c:866:_priv_gst_registry_chunks_load_plugin: desc.datetime=2021-01-13
0:00:00.023926342  2472 0x1960320 DEBUG   GST_POLL gstpoll.c:980:gst_poll_fd_ctl_write: 0x1968820: fd (fd:0, idx:1), active : 0
0:00:00.023939149  2472 0x1960320 LOG   GST_POLL gstpoll.c:994:gst_poll_fd_ctl_write: 0x1968820: pfd->events now 56 (POLLOUT:4)
0:00:00.030846718  2471 0x71a370 DEBUG   GST_REGISTRY gstregistry.c:449:gst_registry_add_plugin: Replacing existing plugin "/home/conan/w/prod/BuildSingleReference/.conan/data/gstreamer/1.18.3/_/_/package/87c267dd1134a9a07d23e41650d01aade79b0036/lib/gstreamer-1.0/libgstcoretracers.so" 0x733be0 with new plugin 0x73c960 for filename "/home/conan/w/prod/BuildSingleReference/.conan/data/gstreamer/1.18.3/_/_/package/87c267dd1134a9a07d23e41650d01aade79b0036/lib/gstreamer-1.0/libgstcoretracers.so"
0:00:00.023964690  2472 0x1960320 DEBUG   GST_POLL gstpoll.c:772:gst_poll_free: 0x1968820: freeing
0:00:00.030869773  2471 0x71a370 TRACE   GST_REFCOUNTING gstobject.c:265:gst_object_unref: 0x733be0 unref 1->0
0:00:00.030885310  2471 0x71a370 TRACE   GST_REFCOUNTING gstobject.c:381:gst_object_dispose: 0x733be0 dispose
0:00:00.030900921  2471 0x71a370 DEBUG   GST_PLUGIN_LOADING gstplugin.c:136:gst_plugin_finalize: finalizing plugin
0:00:00.030914280  2471 0x71a370 TRACE   GST_REFCOUNTING gstobject.c:423:gst_object_finalize: 0x733be0 finalize
0:00:00.030938500  2471 0x71a370 DEBUG   GST_REGISTRY gstregistry.c:474:gst_registry_add_plugin: adding plugin 0x73c960 for filename "/home/conan/w/prod/BuildSingleReference/.conan/data/gstreamer/1.18.3/_/_/package/87c267dd1134a9a07d23e41650d01aade79b0036/lib/gstreamer-1.0/libgstcoretracers.so"
0:00:00.030951189  2471 0x71a370 TRACE   GST_REFCOUNTING gstobject.c:294:gst_object_ref_sink: 0x73c960 ref_sink 1->2
0:00:00.030964536  2471 0x71a370 LOG   GST_REGISTRY gstregistry.c:487:gst_registry_add_plugin: emitting plugin-added for filename "/home/conan/w/prod/BuildSingleReference/.conan/data/gstreamer/1.18.3/_/_/package/87c267dd1134a9a07d23e41650d01aade79b0036/lib/gstreamer-1.0/libgstcoretracers.so"
0:00:00.030977956  2471 0x71a370 DEBUG   GST_REGISTRY gstregistrychunks.c:887:_priv_gst_registry_chunks_load_plugin: Added plugin 'coretracers' plugin with 5 features from binary registry
0:00:00.030991666  2471 0x71a370 DEBUG   GST_REGISTRY gstregistrychunks.c:583:gst_registry_chunks_load_feature: Plugin 'coretracers' feature 'leaks' typename : 'GstTracerFactory'
0:00:00.031008364  2471 0x71a370 TRACE   GST_REFCOUNTING gstobject.c:208:gst_object_init: 0x734800 new
0:00:00.031035646  2471 0x71a370 DEBUG   GST_REGISTRY gstregistrychunks.c:718:gst_registry_chunks_load_feature: Reading/casting for GstRegistryChunkPluginFeature at address 0x735b98
0:00:00.031050431  2471 0x71a370 DEBUG   GST_REGISTRY gstregistry.c:581:gst_registry_add_feature: replacing existing feature 0x734a70 (leaks)
0:00:00.031063555  2471 0x71a370 DEBUG   GST_REGISTRY gstregistry.c:590:gst_registry_add_feature: adding feature 0x734800 (leaks)
0:00:00.031073629  2471 0x71a370 TRACE   GST_REFCOUNTING gstobject.c:788:gst_object_unparent: unparent
0:00:00.031087822  2471 0x71a370 TRACE   GST_REFCOUNTING gstobject.c:265:gst_object_unref: 0x734a70 unref 1->0
0:00:00.031101160  2471 0x71a370 TRACE   GST_REFCOUNTING gstobject.c:381:gst_object_dispose: 0x734a70 dispose
0:00:00.031115848  2471 0x71a370 DEBUG   GST_PLUGIN_LOADING gstpluginfeature.c:67:gst_plugin_feature_finalize: finalizing feature 0x734a70: 'leaks'
0:00:00.031128748  2471 0x71a370 TRACE   GST_REFCOUNTING gstobject.c:423:gst_object_finalize: 0x734a70 finalize
0:00:00.031142529  2471 0x71a370 DEBUG   GST_REFCOUNTING gstobject.c:709:gst_object_set_parent: set parent (ref and sink)
0:00:00.031156700  2471 0x71a370 TRACE   GST_REFCOUNTING gstobject.c:294:gst_object_ref_sink: 0x734800 ref_sink 1->2
0:00:00.031170340  2471 0x71a370 LOG   GST_REGISTRY gstregistry.c:608:gst_registry_add_feature: emitting feature-added for leaks
0:00:00.031183045  2471 0x71a370 DEBUG   GST_REGISTRY gstregistrychunks.c:741:gst_registry_chunks_load_feature: Added feature leaks, plugin 0x73c960 coretracers
0:00:00.031196418  2471 0x71a370 DEBUG   GST_REGISTRY gstregistrychunks.c:583:gst_registry_chunks_load_feature: Plugin 'coretracers' feature 'stats' typename : 'GstTracerFactory'
0:00:00.031212139  2471 0x71a370 TRACE   GST_REFCOUNTING gstobject.c:208:gst_object_init: 0x733bd0 new
0:00:00.031227674  2471 0x71a370 DEBUG   GST_REGISTRY gstregistrychunks.c:718:gst_registry_chunks_load_feature: Reading/casting for GstRegistryChunkPluginFeature at address 0x735bb8
0:00:00.031242449  2471 0x71a370 DEBUG   GST_REGISTRY gstregistry.c:581:gst_registry_add_feature: replacing existing feature 0x734c70 (stats)
0:00:00.031255987  2471 0x71a370 DEBUG   GST_REGISTRY gstregistry.c:590:gst_registry_add_feature: adding feature 0x733bd0 (stats)
0:00:00.031274022  2471 0x71a370 TRACE   GST_REFCOUNTING gstobject.c:788:gst_object_unparent: unparent
0:00:00.031289168  2471 0x71a370 TRACE   GST_REFCOUNTING gstobject.c:265:gst_object_unref: 0x734c70 unref 1->0
0:00:00.031303100  2471 0x71a370 TRACE   GST_REFCOUNTING gstobject.c:381:gst_object_dispose: 0x734c70 dispose
0:00:00.031317766  2471 0x71a370 DEBUG   GST_PLUGIN_LOADING gstpluginfeature.c:67:gst_plugin_feature_finalize: finalizing feature 0x734c70: 'stats'
0:00:00.031329919  2471 0x71a370 TRACE   GST_REFCOUNTING gstobject.c:423:gst_object_finalize: 0x734c70 finalize
0:00:00.031349591  2471 0x71a370 DEBUG   GST_REFCOUNTING gstobject.c:709:gst_object_set_parent: set parent (ref and sink)
0:00:00.031363006  2471 0x71a370 TRACE   GST_REFCOUNTING gstobject.c:294:gst_object_ref_sink: 0x733bd0 ref_sink 1->2
0:00:00.031373365  2471 0x71a370 LOG   GST_REGISTRY gstregistry.c:608:gst_registry_add_feature: emitting feature-added for stats
0:00:00.031383576  2471 0x71a370 DEBUG   GST_REGISTRY gstregistrychunks.c:741:gst_registry_chunks_load_feature: Added feature stats, plugin 0x73c960 coretracers
0:00:00.031394554  2471 0x71a370 DEBUG   GST_REGISTRY gstregistrychunks.c:583:gst_registry_chunks_load_feature: Plugin 'coretracers' feature 'rusage' typename : 'GstTracerFactory'
0:00:00.031406481  2471 0x71a370 TRACE   GST_REFCOUNTING gstobject.c:208:gst_object_init: 0x734c70 new
0:00:00.031419301  2471 0x71a370 DEBUG   GST_REGISTRY gstregistrychunks.c:718:gst_registry_chunks_load_feature: Reading/casting for GstRegistryChunkPluginFeature at address 0x735bd8
0:00:00.031428189  2471 0x71a370 DEBUG   GST_REGISTRY gstregistry.c:581:gst_registry_add_feature: replacing existing feature 0x734dc0 (rusage)
0:00:00.031435823  2471 0x71a370 DEBUG   GST_REGISTRY gstregistry.c:590:gst_registry_add_feature: adding feature 0x734c70 (rusage)
0:00:00.031441976  2471 0x71a370 TRACE   GST_REFCOUNTING gstobject.c:788:gst_object_unparent: unparent
0:00:00.031449538  2471 0x71a370 TRACE   GST_REFCOUNTING gstobject.c:265:gst_object_unref: 0x734dc0 unref 1->0
0:00:00.031456520  2471 0x71a370 TRACE   GST_REFCOUNTING gstobject.c:381:gst_object_dispose: 0x734dc0 dispose
0:00:00.031464151  2471 0x71a370 DEBUG   GST_PLUGIN_LOADING gstpluginfeature.c:67:gst_plugin_feature_finalize: finalizing feature 0x734dc0: 'rusage'
0:00:00.031470738  2471 0x71a370 TRACE   GST_REFCOUNTING gstobject.c:423:gst_object_finalize: 0x734dc0 finalize
0:00:00.031477470  2471 0x71a370 DEBUG   GST_REFCOUNTING gstobject.c:709:gst_object_set_parent: set parent (ref and sink)
0:00:00.031484995  2471 0x71a370 TRACE   GST_REFCOUNTING gstobject.c:294:gst_object_ref_sink: 0x734c70 ref_sink 1->2
0:00:00.031492048  2471 0x71a370 LOG   GST_REGISTRY gstregistry.c:608:gst_registry_add_feature: emitting feature-added for rusage
0:00:00.031499085  2471 0x71a370 DEBUG   GST_REGISTRY gstregistrychunks.c:741:gst_registry_chunks_load_feature: Added feature rusage, plugin 0x73c960 coretracers
0:00:00.031506185  2471 0x71a370 DEBUG   GST_REGISTRY gstregistrychunks.c:583:gst_registry_chunks_load_feature: Plugin 'coretracers' feature 'log' typename : 'GstTracerFactory'
0:00:00.031514325  2471 0x71a370 TRACE   GST_REFCOUNTING gstobject.c:208:gst_object_init: 0x734dc0 new
0:00:00.031522267  2471 0x71a370 DEBUG   GST_REGISTRY gstregistrychunks.c:718:gst_registry_chunks_load_feature: Reading/casting for GstRegistryChunkPluginFeature at address 0x735bf8
0:00:00.031530193  2471 0x71a370 DEBUG   GST_REGISTRY gstregistry.c:581:gst_registry_add_feature: replacing existing feature 0x734f10 (log)
0:00:00.031543827  2471 0x71a370 DEBUG   GST_REGISTRY gstregistry.c:590:gst_registry_add_feature: adding feature 0x734dc0 (log)
0:00:00.031549822  2471 0x71a370 TRACE   GST_REFCOUNTING gstobject.c:788:gst_object_unparent: unparent
0:00:00.031557354  2471 0x71a370 TRACE   GST_REFCOUNTING gstobject.c:265:gst_object_unref: 0x734f10 unref 1->0
0:00:00.031570251  2471 0x71a370 TRACE   GST_REFCOUNTING gstobject.c:381:gst_object_dispose: 0x734f10 dispose
0:00:00.031577670  2471 0x71a370 DEBUG   GST_PLUGIN_LOADING gstpluginfeature.c:67:gst_plugin_feature_finalize: finalizing feature 0x734f10: 'log'
0:00:00.031584130  2471 0x71a370 TRACE   GST_REFCOUNTING gstobject.c:423:gst_object_finalize: 0x734f10 finalize
0:00:00.031590969  2471 0x71a370 DEBUG   GST_REFCOUNTING gstobject.c:709:gst_object_set_parent: set parent (ref and sink)
0:00:00.031598417  2471 0x71a370 TRACE   GST_REFCOUNTING gstobject.c:294:gst_object_ref_sink: 0x734dc0 ref_sink 1->2
0:00:00.031605405  2471 0x71a370 LOG   GST_REGISTRY gstregistry.c:608:gst_registry_add_feature: emitting feature-added for log
0:00:00.031612164  2471 0x71a370 DEBUG   GST_REGISTRY gstregistrychunks.c:741:gst_registry_chunks_load_feature: Added feature log, plugin 0x73c960 coretracers
0:00:00.031619266  2471 0x71a370 DEBUG   GST_REGISTRY gstregistrychunks.c:583:gst_registry_chunks_load_feature: Plugin 'coretracers' feature 'latency' typename : 'GstTracerFactory'
0:00:00.031627235  2471 0x71a370 TRACE   GST_REFCOUNTING gstobject.c:208:gst_object_init: 0x734f10 new
0:00:00.031635451  2471 0x71a370 DEBUG   GST_REGISTRY gstregistrychunks.c:718:gst_registry_chunks_load_feature: Reading/casting for GstRegistryChunkPluginFeature at address 0x735c20
0:00:00.031643328  2471 0x71a370 DEBUG   GST_REGISTRY gstregistry.c:581:gst_registry_add_feature: replacing existing feature 0x735110 (latency)
0:00:00.031650543  2471 0x71a370 DEBUG   GST_REGISTRY gstregistry.c:590:gst_registry_add_feature: adding feature 0x734f10 (latency)
0:00:00.031656505  2471 0x71a370 TRACE   GST_REFCOUNTING gstobject.c:788:gst_object_unparent: unparent
0:00:00.031663675  2471 0x71a370 TRACE   GST_REFCOUNTING gstobject.c:265:gst_object_unref: 0x735110 unref 1->0
0:00:00.031670605  2471 0x71a370 TRACE   GST_REFCOUNTING gstobject.c:381:gst_object_dispose: 0x735110 dispose
0:00:00.031678060  2471 0x71a370 DEBUG   GST_PLUGIN_LOADING gstpluginfeature.c:67:gst_plugin_feature_finalize: finalizing feature 0x735110: 'latency'
0:00:00.031684713  2471 0x71a370 TRACE   GST_REFCOUNTING gstobject.c:423:gst_object_finalize: 0x735110 finalize
0:00:00.031691431  2471 0x71a370 DEBUG   GST_REFCOUNTING gstobject.c:709:gst_object_set_parent: set parent (ref and sink)
0:00:00.031698731  2471 0x71a370 TRACE   GST_REFCOUNTING gstobject.c:294:gst_object_ref_sink: 0x734f10 ref_sink 1->2
0:00:00.031710354  2471 0x71a370 LOG   GST_REGISTRY gstregistry.c:608:gst_registry_add_feature: emitting feature-added for latency
0:00:00.031717197  2471 0x71a370 DEBUG   GST_REGISTRY gstregistrychunks.c:741:gst_registry_chunks_load_feature: Added feature latency, plugin 0x73c960 coretracers
0:00:00.031725840  2471 0x71a370 LOG   GST_PLUGIN_LOADING gstpluginloader.c:889:handle_rx_packet: marking plugin 0x73c960 as registered as /home/conan/w/prod/BuildSingleReference/.conan/data/gstreamer/1.18.3/_/_/package/87c267dd1134a9a07d23e41650d01aade79b0036/lib/gstreamer-1.0/libgstcoretracers.so
0:00:00.031736825  2471 0x71a370 DEBUG   GST_POLL gstpoll.c:1414:gst_poll_wait: 0x733b80: timeout :0:00:01.000000000
0:00:00.031747962  2471 0x71a370 LOG   GST_PLUGIN_LOADING gstpluginloader.c:1028:exchange_packets: Poll res = 2. 0 bytes pending for write
0:00:00.031755677  2471 0x71a370 DEBUG   GST_POLL gstpoll.c:1241:gst_poll_fd_has_error: 0x733b80: fd (fd:8, idx:2) 0
0:00:00.031762398  2471 0x71a370 DEBUG   GST_POLL gstpoll.c:1266:gst_poll_fd_can_read_unlocked: 0x733b80: fd (fd:8, idx:2) 1
0:00:00.031791211  2471 0x71a370 DEBUG   GST_PLUGIN_LOADING gstpluginloader.c:850:handle_rx_packet: Received plugin details from child w/ tag 3. 6860 bytes info
0:00:00.031803057  2471 0x71a370 LOG   GST_REGISTRY gstregistrychunks.c:837:_priv_gst_registry_chunks_load_plugin: Reading/casting for GstRegistryChunkPluginElement at address 0x735a50
0:00:00.031818605  2471 0x71a370 TRACE   GST_REFCOUNTING gstobject.c:208:gst_object_init: 0x733ca0 new
0:00:00.031837113  2471 0x71a370 LOG   GST_REGISTRY gstregistrychunks.c:858:_priv_gst_registry_chunks_load_plugin: read strings for name='coreelements'
0:00:00.031844078  2471 0x71a370 LOG   GST_REGISTRY gstregistrychunks.c:859:_priv_gst_registry_chunks_load_plugin: desc.description='GStreamer core elements'
0:00:00.031851148  2471 0x71a370 LOG   GST_REGISTRY gstregistrychunks.c:860:_priv_gst_registry_chunks_load_plugin: filename='/home/conan/w/prod/BuildSingleReference/.conan/data/gstreamer/1.18.3/_/_/package/87c267dd1134a9a07d23e41650d01aade79b0036/lib/gstreamer-1.0/libgstcoreelements.so'
0:00:00.031857573  2471 0x71a370 LOG   GST_REGISTRY gstregistrychunks.c:861:_priv_gst_registry_chunks_load_plugin: desc.version='1.18.3'
0:00:00.031863131  2471 0x71a370 LOG   GST_REGISTRY gstregistrychunks.c:862:_priv_gst_registry_chunks_load_plugin: desc.license='LGPL'
0:00:00.031868659  2471 0x71a370 LOG   GST_REGISTRY gstregistrychunks.c:863:_priv_gst_registry_chunks_load_plugin: desc.source='gstreamer'
0:00:00.031874288  2471 0x71a370 LOG   GST_REGISTRY gstregistrychunks.c:864:_priv_gst_registry_chunks_load_plugin: desc.package='GStreamer source release'
0:00:00.031880040  2471 0x71a370 LOG   GST_REGISTRY gstregistrychunks.c:865:_priv_gst_registry_chunks_load_plugin: desc.origin='Unknown package origin'
0:00:00.031885755  2471 0x71a370 LOG   GST_REGISTRY gstregistrychunks.c:866:_priv_gst_registry_chunks_load_plugin: desc.datetime=2021-01-13
0:00:00.031896320  2471 0x71a370 DEBUG   GST_REGISTRY gstregistry.c:449:gst_registry_add_plugin: Replacing existing plugin "/home/conan/w/prod/BuildSingleReference/.conan/data/gstreamer/1.18.3/_/_/package/87c267dd1134a9a07d23e41650d01aade79b0036/lib/gstreamer-1.0/libgstcoreelements.so" 0x734200 with new plugin 0x733ca0 for filename "/home/conan/w/prod/BuildSingleReference/.conan/data/gstreamer/1.18.3/_/_/package/87c267dd1134a9a07d23e41650d01aade79b0036/lib/gstreamer-1.0/libgstcoreelements.so"
0:00:00.031911577  2471 0x71a370 TRACE   GST_REFCOUNTING gstobject.c:265:gst_object_unref: 0x734200 unref 1->0
0:00:00.031919085  2471 0x71a370 TRACE   GST_REFCOUNTING gstobject.c:381:gst_object_dispose: 0x734200 dispose
0:00:00.031927928  2471 0x71a370 DEBUG   GST_PLUGIN_LOADING gstplugin.c:136:gst_plugin_finalize: finalizing plugin
0:00:00.031934699  2471 0x71a370 TRACE   GST_REFCOUNTING gstobject.c:423:gst_object_finalize: 0x734200 finalize
0:00:00.031943727  2471 0x71a370 DEBUG   GST_REGISTRY gstregistry.c:474:gst_registry_add_plugin: adding plugin 0x733ca0 for filename "/home/conan/w/prod/BuildSingleReference/.conan/data/gstreamer/1.18.3/_/_/package/87c267dd1134a9a07d23e41650d01aade79b0036/lib/gstreamer-1.0/libgstcoreelements.so"
0:00:00.031951563  2471 0x71a370 TRACE   GST_REFCOUNTING gstobject.c:294:gst_object_ref_sink: 0x733ca0 ref_sink 1->2
0:00:00.031959144  2471 0x71a370 LOG   GST_REGISTRY gstregistry.c:487:gst_registry_add_plugin: emitting plugin-added for filename "/home/conan/w/prod/BuildSingleReference/.conan/data/gstreamer/1.18.3/_/_/package/87c267dd1134a9a07d23e41650d01aade79b0036/lib/gstreamer-1.0/libgstcoreelements.so"
0:00:00.031966895  2471 0x71a370 DEBUG   GST_REGISTRY gstregistrychunks.c:887:_priv_gst_registry_chunks_load_plugin: Added plugin 'coreelements' plugin with 22 features from binary registry
0:00:00.031974086  2471 0x71a370 DEBUG   GST_REGISTRY gstregistrychunks.c:583:gst_registry_chunks_load_feature: Plugin 'coreelements' feature 'streamiddemux' typename : 'GstElementFactory'
0:00:00.031982918  2471 0x71a370 TRACE   GST_REFCOUNTING gstobject.c:208:gst_object_init: 0x73c7d0 new
0:00:00.031991411  2471 0x71a370 LOG   GST_REGISTRY gstregistrychunks.c:610:gst_registry_chunks_load_feature: Reading/casting for GstRegistryChunkElementFactory at address 0x735ba8
0:00:00.031999325  2471 0x71a370 TRACE   structure gststructure.c:287:gst_structure_new_id_empty_with_size: created structure 0x73ca90
0:00:00.032005860  2471 0x71a370 DEBUG   structure gststructure.c:2203:gst_structure_parse_field: trying field name 'long-name'
0:00:00.032013242  2471 0x71a370 DEBUG   default gstvalue.c:2676:_priv_gst_value_parse_value: trying type name 'string'
0:00:00.032022255  2471 0x71a370 DEBUG   structure gststructure.c:2203:gst_structure_parse_field: trying field name 'klass'
0:00:00.032028204  2471 0x71a370 DEBUG   default gstvalue.c:2676:_priv_gst_value_parse_value: trying type name 'string'
0:00:00.032035046  2471 0x71a370 DEBUG   structure gststructure.c:2203:gst_structure_parse_field: trying field name 'description'
0:00:00.032040649  2471 0x71a370 DEBUG   default gstvalue.c:2676:_priv_gst_value_parse_value: trying type name 'string'
0:00:00.032052160  2471 0x71a370 DEBUG   structure gststructure.c:2203:gst_structure_parse_field: trying field name 'author'
0:00:00.032057981  2471 0x71a370 DEBUG   default gstvalue.c:2676:_priv_gst_value_parse_value: trying type name 'string'
0:00:00.032065211  2471 0x71a370 DEBUG   GST_REGISTRY gstregistrychunks.c:626:gst_registry_chunks_load_feature: Element factory : npadtemplates=2
0:00:00.032071461  2471 0x71a370 DEBUG   GST_REGISTRY gstregistrychunks.c:526:gst_registry_chunks_load_pad_template: Reading/casting for GstRegistryChunkPadTemplate at address 0x735c80
0:00:00.032078513  2471 0x71a370 DEBUG   GST_REGISTRY gstregistrychunks.c:539:gst_registry_chunks_load_pad_template: Added pad_template src_%u
0:00:00.032084314  2471 0x71a370 DEBUG   GST_REGISTRY gstregistrychunks.c:526:gst_registry_chunks_load_pad_template: Reading/casting for GstRegistryChunkPadTemplate at address 0x735c98
0:00:00.032090520  2471 0x71a370 DEBUG   GST_REGISTRY gstregistrychunks.c:539:gst_registry_chunks_load_pad_template: Added pad_template sink
0:00:00.032099291  2471 0x71a370 DEBUG   GST_REGISTRY gstregistry.c:581:gst_registry_add_feature: replacing existing feature 0x734570 (streamiddemux)
0:00:00.032107161  2471 0x71a370 DEBUG   GST_REGISTRY gstregistry.c:590:gst_registry_add_feature: adding feature 0x73c7d0 (streamiddemux)
0:00:00.032113516  2471 0x71a370 TRACE   GST_REFCOUNTING gstobject.c:788:gst_object_unparent: unparent
0:00:00.032121484  2471 0x71a370 TRACE   GST_REFCOUNTING gstobject.c:265:gst_object_unref: 0x734570 unref 1->0
0:00:00.032128931  2471 0x71a370 TRACE   GST_REFCOUNTING gstobject.c:381:gst_object_dispose: 0x734570 dispose
0:00:00.032136680  2471 0x71a370 TRACE   structure gststructure.c:544:gst_structure_free: free structure 0x735390
0:00:00.032145575  2471 0x71a370 TRACE   GST_REFCOUNTING gstminiobject.c:723:gst_mini_object_replace: replace (nil) (0) with (nil) (0)
0:00:00.032153464  2471 0x71a370 TRACE   GST_REFCOUNTING gstminiobject.c:723:gst_mini_object_replace: replace (nil) (0) with (nil) (0)
0:00:00.032160755  2471 0x71a370 DEBUG   GST_PLUGIN_LOADING gstpluginfeature.c:67:gst_plugin_feature_finalize: finalizing feature 0x734570: 'streamiddemux'
0:00:00.032167655  2471 0x71a370 TRACE   GST_REFCOUNTING gstobject.c:423:gst_object_finalize: 0x734570 finalize
0:00:00.032174766  2471 0x71a370 DEBUG   GST_REFCOUNTING gstobject.c:709:gst_object_set_parent: set parent (ref and sink)
0:00:00.032182383  2471 0x71a370 TRACE   GST_REFCOUNTING gstobject.c:294:gst_object_ref_sink: 0x73c7d0 ref_sink 1->2
0:00:00.032189319  2471 0x71a370 LOG   GST_REGISTRY gstregistry.c:608:gst_registry_add_feature: emitting feature-added for streamiddemux
0:00:00.032196448  2471 0x71a370 DEBUG   GST_REGISTRY gstregistrychunks.c:741:gst_registry_chunks_load_feature: Added feature streamiddemux, plugin 0x733ca0 coreelements
0:00:00.032203678  2471 0x71a370 DEBUG   GST_REGISTRY gstregistrychunks.c:583:gst_registry_chunks_load_feature: Plugin 'coreelements' feature 'valve' typename : 'GstElementFactory'
0:00:00.032216780  2471 0x71a370 TRACE   GST_REFCOUNTING gstobject.c:208:gst_object_init: 0x734520 new
0:00:00.032225331  2471 0x71a370 LOG   GST_REGISTRY gstregistrychunks.c:610:gst_registry_chunks_load_feature: Reading/casting for GstRegistryChunkElementFactory at address 0x735cc8
0:00:00.032232299  2471 0x71a370 TRACE   structure gststructure.c:287:gst_structure_new_id_empty_with_size: created structure 0x73cbc0
0:00:00.032238523  2471 0x71a370 DEBUG   structure gststructure.c:2203:gst_structure_parse_field: trying field name 'long-name'
0:00:00.032244414  2471 0x71a370 DEBUG   default gstvalue.c:2676:_priv_gst_value_parse_value: trying type name 'string'
0:00:00.032251095  2471 0x71a370 DEBUG   structure gststructure.c:2203:gst_structure_parse_field: trying field name 'klass'
0:00:00.032256889  2471 0x71a370 DEBUG   default gstvalue.c:2676:_priv_gst_value_parse_value: trying type name 'string'
0:00:00.032263282  2471 0x71a370 DEBUG   structure gststructure.c:2203:gst_structure_parse_field: trying field name 'description'
0:00:00.032268899  2471 0x71a370 DEBUG   default gstvalue.c:2676:_priv_gst_value_parse_value: trying type name 'string'
0:00:00.032275883  2471 0x71a370 DEBUG   structure gststructure.c:2203:gst_structure_parse_field: trying field name 'author'
0:00:00.032281468  2471 0x71a370 DEBUG   default gstvalue.c:2676:_priv_gst_value_parse_value: trying type name 'string'
0:00:00.032288698  2471 0x71a370 DEBUG   GST_REGISTRY gstregistrychunks.c:626:gst_registry_chunks_load_feature: Element factory : npadtemplates=2
0:00:00.032294559  2471 0x71a370 DEBUG   GST_REGISTRY gstregistrychunks.c:526:gst_registry_chunks_load_pad_template: Reading/casting for GstRegistryChunkPadTemplate at address 0x735db8
0:00:00.032300857  2471 0x71a370 DEBUG   GST_REGISTRY gstregistrychunks.c:539:gst_registry_chunks_load_pad_template: Added pad_template sink
0:00:00.032306608  2471 0x71a370 DEBUG   GST_REGISTRY gstregistrychunks.c:526:gst_registry_chunks_load_pad_template: Reading/casting for GstRegistryChunkPadTemplate at address 0x735dd0
0:00:00.032312775  2471 0x71a370 DEBUG   GST_REGISTRY gstregistrychunks.c:539:gst_registry_chunks_load_pad_template: Added pad_template src
0:00:00.032320831  2471 0x71a370 DEBUG   GST_REGISTRY gstregistry.c:581:gst_registry_add_feature: replacing existing feature 0x7357d0 (valve)
0:00:00.032328231  2471 0x71a370 DEBUG   GST_REGISTRY gstregistry.c:590:gst_registry_add_feature: adding feature 0x734520 (valve)
0:00:00.032334134  2471 0x71a370 TRACE   GST_REFCOUNTING gstobject.c:788:gst_object_unparent: unparent
0:00:00.032341543  2471 0x71a370 TRACE   GST_REFCOUNTING gstobject.c:265:gst_object_unref: 0x7357d0 unref 1->0
0:00:00.032348620  2471 0x71a370 TRACE   GST_REFCOUNTING gstobject.c:381:gst_object_dispose: 0x7357d0 dispose
0:00:00.032355963  2471 0x71a370 TRACE   structure gststructure.c:544:gst_structure_free: free structure 0x737800
0:00:00.032371548  2471 0x71a370 TRACE   GST_REFCOUNTING gstminiobject.c:723:gst_mini_object_replace: replace (nil) (0) with (nil) (0)
0:00:00.032379296  2471 0x71a370 TRACE   GST_REFCOUNTING gstminiobject.c:723:gst_mini_object_replace: replace (nil) (0) with (nil) (0)
0:00:00.032386382  2471 0x71a370 DEBUG   GST_PLUGIN_LOADING gstpluginfeature.c:67:gst_plugin_feature_finalize: finalizing feature 0x7357d0: 'valve'
0:00:00.032393100  2471 0x71a370 TRACE   GST_REFCOUNTING gstobject.c:423:gst_object_finalize: 0x7357d0 finalize
0:00:00.032400096  2471 0x71a370 DEBUG   GST_REFCOUNTING gstobject.c:709:gst_object_set_parent: set parent (ref and sink)
0:00:00.032414978  2471 0x71a370 TRACE   GST_REFCOUNTING gstobject.c:294:gst_object_ref_sink: 0x734520 ref_sink 1->2
0:00:00.032421972  2471 0x71a370 LOG   GST_REGISTRY gstregistry.c:608:gst_registry_add_feature: emitting feature-added for valve
0:00:00.032429157  2471 0x71a370 DEBUG   GST_REGISTRY gstregistrychunks.c:741:gst_registry_chunks_load_feature: Added feature valve, plugin 0x733ca0 coreelements
0:00:00.032436722  2471 0x71a370 DEBUG   GST_REGISTRY gstregistrychunks.c:583:gst_registry_chunks_load_feature: Plugin 'coreelements' feature 'multiqueue' typename : 'GstElementFactory'
0:00:00.032444890  2471 0x71a370 TRACE   GST_REFCOUNTING gstobject.c:208:gst_object_init: 0x7357d0 new
0:00:00.032453466  2471 0x71a370 LOG   GST_REGISTRY gstregistrychunks.c:610:gst_registry_chunks_load_feature: Reading/casting for GstRegistryChunkElementFactory at address 0x735e00
0:00:00.032460734  2471 0x71a370 TRACE   structure gststructure.c:287:gst_structure_new_id_empty_with_size: created structure 0x73ccf0
0:00:00.032466996  2471 0x71a370 DEBUG   structure gststructure.c:2203:gst_structure_parse_field: trying field name 'long-name'
0:00:00.032472783  2471 0x71a370 DEBUG   default gstvalue.c:2676:_priv_gst_value_parse_value: trying type name 'string'
0:00:00.032479454  2471 0x71a370 DEBUG   structure gststructure.c:2203:gst_structure_parse_field: trying field name 'klass'
0:00:00.032485147  2471 0x71a370 DEBUG   default gstvalue.c:2676:_priv_gst_value_parse_value: trying type name 'string'
0:00:00.032491618  2471 0x71a370 DEBUG   structure gststructure.c:2203:gst_structure_parse_field: trying field name 'description'
0:00:00.032497351  2471 0x71a370 DEBUG   default gstvalue.c:2676:_priv_gst_value_parse_value: trying type name 'string'
0:00:00.032504100  2471 0x71a370 DEBUG   structure gststructure.c:2203:gst_structure_parse_field: trying field name 'author'
0:00:00.032509745  2471 0x71a370 DEBUG   default gstvalue.c:2676:_priv_gst_value_parse_value: trying type name 'string'
0:00:00.032516846  2471 0x71a370 DEBUG   GST_REGISTRY gstregistrychunks.c:626:gst_registry_chunks_load_feature: Element factory : npadtemplates=2
0:00:00.032522665  2471 0x71a370 DEBUG   GST_REGISTRY gstregistrychunks.c:526:gst_registry_chunks_load_pad_template: Reading/casting for GstRegistryChunkPadTemplate at address 0x735ec0
0:00:00.032533529  2471 0x71a370 DEBUG   GST_REGISTRY gstregistrychunks.c:539:gst_registry_chunks_load_pad_template: Added pad_template src_%u
0:00:00.032539369  2471 0x71a370 DEBUG   GST_REGISTRY gstregistrychunks.c:526:gst_registry_chunks_load_pad_template: Reading/casting for GstRegistryChunkPadTemplate at address 0x735ed8
0:00:00.032545543  2471 0x71a370 DEBUG   GST_REGISTRY gstregistrychunks.c:539:gst_registry_chunks_load_pad_template: Added pad_template sink_%u
0:00:00.032553876  2471 0x71a370 DEBUG   GST_REGISTRY gstregistry.c:581:gst_registry_add_feature: replacing existing feature 0x7358c0 (multiqueue)
0:00:00.032566078  2471 0x71a370 DEBUG   GST_REGISTRY gstregistry.c:590:gst_registry_add_feature: adding feature 0x7357d0 (multiqueue)
0:00:00.032572360  2471 0x71a370 TRACE   GST_REFCOUNTING gstobject.c:788:gst_object_unparent: unparent
0:00:00.032579969  2471 0x71a370 TRACE   GST_REFCOUNTING gstobject.c:265:gst_object_unref: 0x7358c0 unref 1->0
0:00:00.032587066  2471 0x71a370 TRACE   GST_REFCOUNTING gstobject.c:381:gst_object_dispose: 0x7358c0 dispose
0:00:00.032594334  2471 0x71a370 TRACE   structure gststructure.c:544:gst_structure_free: free structure 0x737a30
0:00:00.032601646  2471 0x71a370 TRACE   GST_REFCOUNTING gstminiobject.c:723:gst_mini_object_replace: replace (nil) (0) with (nil) (0)
0:00:00.032609716  2471 0x71a370 TRACE   GST_REFCOUNTING gstminiobject.c:723:gst_mini_object_replace: replace (nil) (0) with (nil) (0)
0:00:00.032616623  2471 0x71a370 DEBUG   GST_PLUGIN_LOADING gstpluginfeature.c:67:gst_plugin_feature_finalize: finalizing feature 0x7358c0: 'multiqueue'
0:00:00.032623090  2471 0x71a370 TRACE   GST_REFCOUNTING gstobject.c:423:gst_object_finalize: 0x7358c0 finalize
0:00:00.032630057  2471 0x71a370 DEBUG   GST_REFCOUNTING gstobject.c:709:gst_object_set_parent: set parent (ref and sink)
0:00:00.032637350  2471 0x71a370 TRACE   GST_REFCOUNTING gstobject.c:294:gst_object_ref_sink: 0x7357d0 ref_sink 1->2
0:00:00.032644140  2471 0x71a370 LOG   GST_REGISTRY gstregistry.c:608:gst_registry_add_feature: emitting feature-added for multiqueue
0:00:00.032650971  2471 0x71a370 DEBUG   GST_REGISTRY gstregistrychunks.c:741:gst_registry_chunks_load_feature: Added feature multiqueue, plugin 0x733ca0 coreelements
0:00:00.032657992  2471 0x71a370 DEBUG   GST_REGISTRY gstregistrychunks.c:583:gst_registry_chunks_load_feature: Plugin 'coreelements' feature 'typefind' typename : 'GstElementFactory'
0:00:00.032665925  2471 0x71a370 TRACE   GST_REFCOUNTING gstobject.c:208:gst_object_init: 0x7358c0 new
0:00:00.032674436  2471 0x71a370 LOG   GST_REGISTRY gstregistrychunks.c:610:gst_registry_chunks_load_feature: Reading/casting for GstRegistryChunkElementFactory at address 0x735f08
0:00:00.032681242  2471 0x71a370 TRACE   structure gststructure.c:287:gst_structure_new_id_empty_with_size: created structure 0x73ce20
0:00:00.032687423  2471 0x71a370 DEBUG   structure gststructure.c:2203:gst_structure_parse_field: trying field name 'long-name'
0:00:00.032698134  2471 0x71a370 DEBUG   default gstvalue.c:2676:_priv_gst_value_parse_value: trying type name 'string'
0:00:00.032704901  2471 0x71a370 DEBUG   structure gststructure.c:2203:gst_structure_parse_field: trying field name 'klass'
0:00:00.032710517  2471 0x71a370 DEBUG   default gstvalue.c:2676:_priv_gst_value_parse_value: trying type name 'string'
0:00:00.032716939  2471 0x71a370 DEBUG   structure gststructure.c:2203:gst_structure_parse_field: trying field name 'description'
0:00:00.032722594  2471 0x71a370 DEBUG   default gstvalue.c:2676:_priv_gst_value_parse_value: trying type name 'string'
