0:00:00.011126347  3824 0x1913320 LOG   GST_POLL gstpoll.c:994:gst_poll_fd_ctl_write: 0x191b820: pfd->events now 60 (POLLOUT:4)
0:00:00.011131956  3824 0x1913320 DEBUG   GST_POLL gstpoll.c:980:gst_poll_fd_ctl_write: 0x191b820: fd (fd:0, idx:1), active : 1
0:00:00.011137372  3824 0x1913320 LOG   GST_POLL gstpoll.c:994:gst_poll_fd_ctl_write: 0x191b820: pfd->events now 60 (POLLOUT:4)
0:00:00.011142948  3824 0x1913320 DEBUG   GST_POLL gstpoll.c:980:gst_poll_fd_ctl_write: 0x191b820: fd (fd:0, idx:1), active : 1
0:00:00.011148276  3824 0x1913320 LOG   GST_POLL gstpoll.c:994:gst_poll_fd_ctl_write: 0x191b820: pfd->events now 60 (POLLOUT:4)
0:00:00.011153811  3824 0x1913320 DEBUG   GST_POLL gstpoll.c:980:gst_poll_fd_ctl_write: 0x191b820: fd (fd:0, idx:1), active : 1
0:00:00.011159208  3824 0x1913320 LOG   GST_POLL gstpoll.c:994:gst_poll_fd_ctl_write: 0x191b820: pfd->events now 60 (POLLOUT:4)
0:00:00.011164811  3824 0x1913320 DEBUG   GST_POLL gstpoll.c:980:gst_poll_fd_ctl_write: 0x191b820: fd (fd:0, idx:1), active : 1
0:00:00.011184428  3824 0x1913320 LOG   GST_POLL gstpoll.c:994:gst_poll_fd_ctl_write: 0x191b820: pfd->events now 60 (POLLOUT:4)
0:00:00.011190118  3824 0x1913320 DEBUG   GST_POLL gstpoll.c:980:gst_poll_fd_ctl_write: 0x191b820: fd (fd:0, idx:1), active : 1
0:00:00.011195421  3824 0x1913320 LOG   GST_POLL gstpoll.c:994:gst_poll_fd_ctl_write: 0x191b820: pfd->events now 60 (POLLOUT:4)
0:00:00.011200967  3824 0x1913320 DEBUG   GST_POLL gstpoll.c:980:gst_poll_fd_ctl_write: 0x191b820: fd (fd:0, idx:1), active : 1
0:00:00.011206283  3824 0x1913320 LOG   GST_POLL gstpoll.c:994:gst_poll_fd_ctl_write: 0x191b820: pfd->events now 60 (POLLOUT:4)
0:00:00.011216238  3824 0x1913320 TRACE   GST_REFCOUNTING gstobject.c:265:gst_object_unref: 0x192f140 unref 2->1
0:00:00.011223309  3824 0x1913320 DEBUG   GST_POLL gstpoll.c:1241:gst_poll_fd_has_error: 0x191b820: fd (fd:0, idx:1) 0
0:00:00.011229206  3824 0x1913320 DEBUG   GST_POLL gstpoll.c:1335:gst_poll_fd_can_write: 0x191b820: fd (fd:0, idx:1) 1
0:00:00.011234915  3824 0x1913320 LOG   GST_PLUGIN_LOADING gstpluginloader.c:690:write_one: Writing packet of size 488 bytes to fd 0
0:00:00.011251534  3824 0x1913320 DEBUG   GST_POLL gstpoll.c:1414:gst_poll_wait: 0x191b820: timeout :0:00:01.000000000
0:00:00.011262441  3824 0x1913320 LOG   GST_PLUGIN_LOADING gstpluginloader.c:1028:exchange_packets: Poll res = 2. 6872 bytes pending for write
0:00:00.011268787  3824 0x1913320 DEBUG   GST_POLL gstpoll.c:1241:gst_poll_fd_has_error: 0x191b820: fd (fd:5, idx:2) 0
0:00:00.015647297  3823 0xe62370 LOG   GST_PLUGIN_LOADING gstpluginloader.c:1028:exchange_packets: Poll res = 1. 0 bytes pending for write
0:00:00.011274517  3824 0x1913320 DEBUG   GST_POLL gstpoll.c:1266:gst_poll_fd_can_read_unlocked: 0x191b820: fd (fd:5, idx:2) 1
0:00:00.015664529  3823 0xe62370 DEBUG   GST_POLL gstpoll.c:1241:gst_poll_fd_has_error: 0xe7bb80: fd (fd:8, idx:2) 0
0:00:00.011292445  3824 0x1913320 DEBUG   GST_PLUGIN_LOADING gstpluginloader.c:722:do_plugin_load: Plugin scanner loading file /home/conan/w/prod/BuildSingleReference/.conan/data/gstreamer/1.18.4/_/_/package/1f5f5d419fdfb792f06015b5de5ddcf61311d6c8/lib/gstreamer-1.0/libgstcoretracers.so. tag 2
0:00:00.015679610  3823 0xe62370 DEBUG   GST_POLL gstpoll.c:1266:gst_poll_fd_can_read_unlocked: 0xe7bb80: fd (fd:8, idx:2) 1
0:00:00.011306436  3824 0x1913320 TRACE   GST_REFCOUNTING gstobject.c:238:gst_object_ref: 0x192ce90 ref 1->2
0:00:00.011314380  3824 0x1913320 TRACE   GST_REFCOUNTING gstobject.c:238:gst_object_ref: 0x192dd90 ref 1->2
0:00:00.015691822  3823 0xe62370 DEBUG   GST_PLUGIN_LOADING gstpluginloader.c:850:handle_rx_packet: Received plugin details from child w/ tag 0. 476 bytes info
0:00:00.011320877  3824 0x1913320 TRACE   GST_REFCOUNTING gstobject.c:238:gst_object_ref: 0x192db40 ref 1->2
0:00:00.015700656  3823 0xe62370 LOG   GST_REGISTRY gstregistrychunks.c:837:_priv_gst_registry_chunks_load_plugin: Reading/casting for GstRegistryChunkPluginElement at address 0xe7c200
0:00:00.011327551  3824 0x1913320 TRACE   GST_REFCOUNTING gstobject.c:238:gst_object_ref: 0x192d870 ref 1->2
0:00:00.011334078  3824 0x1913320 TRACE   GST_REFCOUNTING gstobject.c:238:gst_object_ref: 0x192d660 ref 1->2
0:00:00.015717901  3823 0xe62370 TRACE   GST_REFCOUNTING gstobject.c:208:gst_object_init: 0xe7bbe0 new
0:00:00.011344307  3824 0x1913320 TRACE   GST_REFCOUNTING gstobject.c:238:gst_object_ref: 0x192d170 ref 1->2
0:00:00.011353389  3824 0x1913320 TRACE   GST_REFCOUNTING gstobject.c:265:gst_object_unref: 0x192d170 unref 2->1
0:00:00.011359535  3824 0x1913320 TRACE   GST_REFCOUNTING gstobject.c:265:gst_object_unref: 0x192d660 unref 2->1
0:00:00.011365545  3824 0x1913320 TRACE   GST_REFCOUNTING gstobject.c:265:gst_object_unref: 0x192d870 unref 2->1
0:00:00.011371532  3824 0x1913320 TRACE   GST_REFCOUNTING gstobject.c:265:gst_object_unref: 0x192db40 unref 2->1
0:00:00.011377514  3824 0x1913320 TRACE   GST_REFCOUNTING gstobject.c:265:gst_object_unref: 0x192dd90 unref 2->1
0:00:00.015757286  3823 0xe62370 LOG   GST_REGISTRY gstregistrychunks.c:858:_priv_gst_registry_chunks_load_plugin: read strings for name='coretracers'
0:00:00.011384762  3824 0x1913320 DEBUG   GST_REGISTRY gstregistrychunks.c:498:_priv_gst_registry_chunks_save_plugin: Found 5 features in plugin 0x192ce90 (coretracers)
0:00:00.015763903  3823 0xe62370 LOG   GST_REGISTRY gstregistrychunks.c:859:_priv_gst_registry_chunks_load_plugin: desc.description='GStreamer core tracers'
0:00:00.011391480  3824 0x1913320 DEBUG   GST_POLL gstpoll.c:980:gst_poll_fd_ctl_write: 0x191b820: fd (fd:0, idx:1), active : 1
0:00:00.015771202  3823 0xe62370 LOG   GST_REGISTRY gstregistrychunks.c:860:_priv_gst_registry_chunks_load_plugin: filename='/home/conan/w/prod/BuildSingleReference/.conan/data/gstreamer/1.18.4/_/_/package/1f5f5d419fdfb792f06015b5de5ddcf61311d6c8/lib/gstreamer-1.0/libgstcoretracers.so'
0:00:00.011397487  3824 0x1913320 LOG   GST_POLL gstpoll.c:994:gst_poll_fd_ctl_write: 0x191b820: pfd->events now 60 (POLLOUT:4)
0:00:00.015782940  3823 0xe62370 LOG   GST_REGISTRY gstregistrychunks.c:861:_priv_gst_registry_chunks_load_plugin: desc.version='1.18.4'
0:00:00.011408213  3824 0x1913320 DEBUG   GST_POLL gstpoll.c:980:gst_poll_fd_ctl_write: 0x191b820: fd (fd:0, idx:1), active : 1
0:00:00.015788783  3823 0xe62370 LOG   GST_REGISTRY gstregistrychunks.c:862:_priv_gst_registry_chunks_load_plugin: desc.license='LGPL'
0:00:00.011414247  3824 0x1913320 LOG   GST_POLL gstpoll.c:994:gst_poll_fd_ctl_write: 0x191b820: pfd->events now 60 (POLLOUT:4)
0:00:00.015794626  3823 0xe62370 LOG   GST_REGISTRY gstregistrychunks.c:863:_priv_gst_registry_chunks_load_plugin: desc.source='gstreamer'
0:00:00.011420483  3824 0x1913320 DEBUG   GST_POLL gstpoll.c:980:gst_poll_fd_ctl_write: 0x191b820: fd (fd:0, idx:1), active : 1
0:00:00.015800434  3823 0xe62370 LOG   GST_REGISTRY gstregistrychunks.c:864:_priv_gst_registry_chunks_load_plugin: desc.package='GStreamer source release'
0:00:00.011426366  3824 0x1913320 LOG   GST_POLL gstpoll.c:994:gst_poll_fd_ctl_write: 0x191b820: pfd->events now 60 (POLLOUT:4)
0:00:00.015806571  3823 0xe62370 LOG   GST_REGISTRY gstregistrychunks.c:865:_priv_gst_registry_chunks_load_plugin: desc.origin='Unknown package origin'
0:00:00.011432398  3824 0x1913320 DEBUG   GST_POLL gstpoll.c:980:gst_poll_fd_ctl_write: 0x191b820: fd (fd:0, idx:1), active : 1
0:00:00.015812560  3823 0xe62370 LOG   GST_REGISTRY gstregistrychunks.c:866:_priv_gst_registry_chunks_load_plugin: desc.datetime=2021-03-15
0:00:00.011438280  3824 0x1913320 LOG   GST_POLL gstpoll.c:994:gst_poll_fd_ctl_write: 0x191b820: pfd->events now 60 (POLLOUT:4)
0:00:00.011444352  3824 0x1913320 DEBUG   GST_POLL gstpoll.c:980:gst_poll_fd_ctl_write: 0x191b820: fd (fd:0, idx:1), active : 1
0:00:00.015822130  3823 0xe62370 DEBUG   GST_REGISTRY gstregistry.c:474:gst_registry_add_plugin: adding plugin 0xe7bbe0 for filename "/home/conan/w/prod/BuildSingleReference/.conan/data/gstreamer/1.18.4/_/_/package/1f5f5d419fdfb792f06015b5de5ddcf61311d6c8/lib/gstreamer-1.0/libgstcoretracers.so"
0:00:00.011449732  3824 0x1913320 LOG   GST_POLL gstpoll.c:994:gst_poll_fd_ctl_write: 0x191b820: pfd->events now 60 (POLLOUT:4)
0:00:00.015832871  3823 0xe62370 TRACE   GST_REFCOUNTING gstobject.c:294:gst_object_ref_sink: 0xe7bbe0 ref_sink 1->2
0:00:00.011455834  3824 0x1913320 DEBUG   GST_POLL gstpoll.c:980:gst_poll_fd_ctl_write: 0x191b820: fd (fd:0, idx:1), active : 1
0:00:00.015846530  3823 0xe62370 LOG   GST_REGISTRY gstregistry.c:487:gst_registry_add_plugin: emitting plugin-added for filename "/home/conan/w/prod/BuildSingleReference/.conan/data/gstreamer/1.18.4/_/_/package/1f5f5d419fdfb792f06015b5de5ddcf61311d6c8/lib/gstreamer-1.0/libgstcoretracers.so"
0:00:00.011470430  3824 0x1913320 LOG   GST_POLL gstpoll.c:994:gst_poll_fd_ctl_write: 0x191b820: pfd->events now 60 (POLLOUT:4)
0:00:00.015854492  3823 0xe62370 DEBUG   GST_REGISTRY gstregistrychunks.c:887:_priv_gst_registry_chunks_load_plugin: Added plugin 'coretracers' plugin with 5 features from binary registry
0:00:00.011484605  3824 0x1913320 DEBUG   GST_POLL gstpoll.c:980:gst_poll_fd_ctl_write: 0x191b820: fd (fd:0, idx:1), active : 1
0:00:00.015865371  3823 0xe62370 DEBUG   GST_REGISTRY gstregistrychunks.c:583:gst_registry_chunks_load_feature: Plugin 'coretracers' feature 'leaks' typename : 'GstTracerFactory'
0:00:00.011490583  3824 0x1913320 LOG   GST_POLL gstpoll.c:994:gst_poll_fd_ctl_write: 0x191b820: pfd->events now 60 (POLLOUT:4)
0:00:00.011496732  3824 0x1913320 DEBUG   GST_POLL gstpoll.c:980:gst_poll_fd_ctl_write: 0x191b820: fd (fd:0, idx:1), active : 1
0:00:00.011502160  3824 0x1913320 LOG   GST_POLL gstpoll.c:994:gst_poll_fd_ctl_write: 0x191b820: pfd->events now 60 (POLLOUT:4)
0:00:00.015879482  3823 0xe62370 TRACE   GST_REFCOUNTING gstobject.c:208:gst_object_init: 0xe7ca70 new
0:00:00.011507789  3824 0x1913320 DEBUG   GST_POLL gstpoll.c:980:gst_poll_fd_ctl_write: 0x191b820: fd (fd:0, idx:1), active : 1
0:00:00.015890051  3823 0xe62370 DEBUG   GST_REGISTRY gstregistrychunks.c:718:gst_registry_chunks_load_feature: Reading/casting for GstRegistryChunkPluginFeature at address 0xe7c348
0:00:00.011513566  3824 0x1913320 LOG   GST_POLL gstpoll.c:994:gst_poll_fd_ctl_write: 0x191b820: pfd->events now 60 (POLLOUT:4)
0:00:00.011521404  3824 0x1913320 DEBUG   GST_POLL gstpoll.c:980:gst_poll_fd_ctl_write: 0x191b820: fd (fd:0, idx:1), active : 1
0:00:00.015900517  3823 0xe62370 DEBUG   GST_REGISTRY gstregistry.c:590:gst_registry_add_feature: adding feature 0xe7ca70 (leaks)
0:00:00.011526772  3824 0x1913320 LOG   GST_POLL gstpoll.c:994:gst_poll_fd_ctl_write: 0x191b820: pfd->events now 60 (POLLOUT:4)
0:00:00.015907159  3823 0xe62370 DEBUG   GST_REFCOUNTING gstobject.c:709:gst_object_set_parent: set parent (ref and sink)
0:00:00.011532720  3824 0x1913320 DEBUG   GST_POLL gstpoll.c:980:gst_poll_fd_ctl_write: 0x191b820: fd (fd:0, idx:1), active : 1
0:00:00.015914223  3823 0xe62370 TRACE   GST_REFCOUNTING gstobject.c:294:gst_object_ref_sink: 0xe7ca70 ref_sink 1->2
0:00:00.011538686  3824 0x1913320 LOG   GST_POLL gstpoll.c:994:gst_poll_fd_ctl_write: 0x191b820: pfd->events now 60 (POLLOUT:4)
0:00:00.015920951  3823 0xe62370 LOG   GST_REGISTRY gstregistry.c:608:gst_registry_add_feature: emitting feature-added for leaks
0:00:00.011546029  3824 0x1913320 DEBUG   GST_POLL gstpoll.c:980:gst_poll_fd_ctl_write: 0x191b820: fd (fd:0, idx:1), active : 1
0:00:00.015927659  3823 0xe62370 DEBUG   GST_REGISTRY gstregistrychunks.c:741:gst_registry_chunks_load_feature: Added feature leaks, plugin 0xe7bbe0 coretracers
0:00:00.011552015  3824 0x1913320 LOG   GST_POLL gstpoll.c:994:gst_poll_fd_ctl_write: 0x191b820: pfd->events now 60 (POLLOUT:4)
0:00:00.015934283  3823 0xe62370 DEBUG   GST_REGISTRY gstregistrychunks.c:583:gst_registry_chunks_load_feature: Plugin 'coretracers' feature 'stats' typename : 'GstTracerFactory'
0:00:00.011559040  3824 0x1913320 DEBUG   GST_POLL gstpoll.c:980:gst_poll_fd_ctl_write: 0x191b820: fd (fd:0, idx:1), active : 1
0:00:00.015946784  3823 0xe62370 TRACE   GST_REFCOUNTING gstobject.c:208:gst_object_init: 0xe7cc70 new
0:00:00.011570968  3824 0x1913320 LOG   GST_POLL gstpoll.c:994:gst_poll_fd_ctl_write: 0x191b820: pfd->events now 60 (POLLOUT:4)
0:00:00.015954496  3823 0xe62370 DEBUG   GST_REGISTRY gstregistrychunks.c:718:gst_registry_chunks_load_feature: Reading/casting for GstRegistryChunkPluginFeature at address 0xe7c368
0:00:00.011578791  3824 0x1913320 DEBUG   GST_POLL gstpoll.c:980:gst_poll_fd_ctl_write: 0x191b820: fd (fd:0, idx:1), active : 1
0:00:00.015961461  3823 0xe62370 DEBUG   GST_REGISTRY gstregistry.c:590:gst_registry_add_feature: adding feature 0xe7cc70 (stats)
0:00:00.011585616  3824 0x1913320 LOG   GST_POLL gstpoll.c:994:gst_poll_fd_ctl_write: 0x191b820: pfd->events now 60 (POLLOUT:4)
0:00:00.015967406  3823 0xe62370 DEBUG   GST_REFCOUNTING gstobject.c:709:gst_object_set_parent: set parent (ref and sink)
0:00:00.011592722  3824 0x1913320 DEBUG   GST_POLL gstpoll.c:980:gst_poll_fd_ctl_write: 0x191b820: fd (fd:0, idx:1), active : 1
0:00:00.015974100  3823 0xe62370 TRACE   GST_REFCOUNTING gstobject.c:294:gst_object_ref_sink: 0xe7cc70 ref_sink 1->2
0:00:00.011598713  3824 0x1913320 LOG   GST_POLL gstpoll.c:994:gst_poll_fd_ctl_write: 0x191b820: pfd->events now 60 (POLLOUT:4)
0:00:00.015980609  3823 0xe62370 LOG   GST_REGISTRY gstregistry.c:608:gst_registry_add_feature: emitting feature-added for stats
0:00:00.011605819  3824 0x1913320 LOG   GST_PLUGIN_LOADING gstpluginloader.c:646:put_chunk: Expanding tx buf from 7717 to 10158 for chunk of size 17
0:00:00.015986975  3823 0xe62370 DEBUG   GST_REGISTRY gstregistrychunks.c:741:gst_registry_chunks_load_feature: Added feature stats, plugin 0xe7bbe0 coretracers
0:00:00.011616018  3824 0x1913320 DEBUG   GST_POLL gstpoll.c:980:gst_poll_fd_ctl_write: 0x191b820: fd (fd:0, idx:1), active : 1
0:00:00.015993419  3823 0xe62370 DEBUG   GST_REGISTRY gstregistrychunks.c:583:gst_registry_chunks_load_feature: Plugin 'coretracers' feature 'rusage' typename : 'GstTracerFactory'
0:00:00.011622189  3824 0x1913320 LOG   GST_POLL gstpoll.c:994:gst_poll_fd_ctl_write: 0x191b820: pfd->events now 60 (POLLOUT:4)
0:00:00.016002393  3823 0xe62370 TRACE   GST_REFCOUNTING gstobject.c:208:gst_object_init: 0xe7cdc0 new
0:00:00.011628354  3824 0x1913320 DEBUG   GST_POLL gstpoll.c:980:gst_poll_fd_ctl_write: 0x191b820: fd (fd:0, idx:1), active : 1
0:00:00.016009123  3823 0xe62370 DEBUG   GST_REGISTRY gstregistrychunks.c:718:gst_registry_chunks_load_feature: Reading/casting for GstRegistryChunkPluginFeature at address 0xe7c388
0:00:00.011634109  3824 0x1913320 LOG   GST_POLL gstpoll.c:994:gst_poll_fd_ctl_write: 0x191b820: pfd->events now 60 (POLLOUT:4)
0:00:00.016016053  3823 0xe62370 DEBUG   GST_REGISTRY gstregistry.c:590:gst_registry_add_feature: adding feature 0xe7cdc0 (rusage)
0:00:00.011640292  3824 0x1913320 DEBUG   GST_POLL gstpoll.c:980:gst_poll_fd_ctl_write: 0x191b820: fd (fd:0, idx:1), active : 1
0:00:00.016026682  3823 0xe62370 DEBUG   GST_REFCOUNTING gstobject.c:709:gst_object_set_parent: set parent (ref and sink)
0:00:00.011651812  3824 0x1913320 LOG   GST_POLL gstpoll.c:994:gst_poll_fd_ctl_write: 0x191b820: pfd->events now 60 (POLLOUT:4)
0:00:00.016033576  3823 0xe62370 TRACE   GST_REFCOUNTING gstobject.c:294:gst_object_ref_sink: 0xe7cdc0 ref_sink 1->2
0:00:00.011658311  3824 0x1913320 DEBUG   GST_POLL gstpoll.c:980:gst_poll_fd_ctl_write: 0x191b820: fd (fd:0, idx:1), active : 1
0:00:00.016039938  3823 0xe62370 LOG   GST_REGISTRY gstregistry.c:608:gst_registry_add_feature: emitting feature-added for rusage
0:00:00.011664861  3824 0x1913320 LOG   GST_POLL gstpoll.c:994:gst_poll_fd_ctl_write: 0x191b820: pfd->events now 60 (POLLOUT:4)
0:00:00.016046447  3823 0xe62370 DEBUG   GST_REGISTRY gstregistrychunks.c:741:gst_registry_chunks_load_feature: Added feature rusage, plugin 0xe7bbe0 coretracers
0:00:00.011671047  3824 0x1913320 DEBUG   GST_POLL gstpoll.c:980:gst_poll_fd_ctl_write: 0x191b820: fd (fd:0, idx:1), active : 1
0:00:00.016053281  3823 0xe62370 DEBUG   GST_REGISTRY gstregistrychunks.c:583:gst_registry_chunks_load_feature: Plugin 'coretracers' feature 'log' typename : 'GstTracerFactory'
0:00:00.011677575  3824 0x1913320 LOG   GST_POLL gstpoll.c:994:gst_poll_fd_ctl_write: 0x191b820: pfd->events now 60 (POLLOUT:4)
0:00:00.016060384  3823 0xe62370 TRACE   GST_REFCOUNTING gstobject.c:208:gst_object_init: 0xe7cf10 new
0:00:00.011684663  3824 0x1913320 DEBUG   GST_POLL gstpoll.c:980:gst_poll_fd_ctl_write: 0x191b820: fd (fd:0, idx:1), active : 1
0:00:00.016067624  3823 0xe62370 DEBUG   GST_REGISTRY gstregistrychunks.c:718:gst_registry_chunks_load_feature: Reading/casting for GstRegistryChunkPluginFeature at address 0xe7c3a8
0:00:00.011691956  3824 0x1913320 LOG   GST_POLL gstpoll.c:994:gst_poll_fd_ctl_write: 0x191b820: pfd->events now 60 (POLLOUT:4)
0:00:00.016074553  3823 0xe62370 DEBUG   GST_REGISTRY gstregistry.c:590:gst_registry_add_feature: adding feature 0xe7cf10 (log)
0:00:00.011698900  3824 0x1913320 DEBUG   GST_POLL gstpoll.c:980:gst_poll_fd_ctl_write: 0x191b820: fd (fd:0, idx:1), active : 1
0:00:00.016080755  3823 0xe62370 DEBUG   GST_REFCOUNTING gstobject.c:709:gst_object_set_parent: set parent (ref and sink)
0:00:00.011705696  3824 0x1913320 LOG   GST_POLL gstpoll.c:994:gst_poll_fd_ctl_write: 0x191b820: pfd->events now 60 (POLLOUT:4)
0:00:00.016087513  3823 0xe62370 TRACE   GST_REFCOUNTING gstobject.c:294:gst_object_ref_sink: 0xe7cf10 ref_sink 1->2
0:00:00.011712219  3824 0x1913320 DEBUG   GST_POLL gstpoll.c:980:gst_poll_fd_ctl_write: 0x191b820: fd (fd:0, idx:1), active : 1
0:00:00.016094163  3823 0xe62370 LOG   GST_REGISTRY gstregistry.c:608:gst_registry_add_feature: emitting feature-added for log
0:00:00.011718913  3824 0x1913320 LOG   GST_POLL gstpoll.c:994:gst_poll_fd_ctl_write: 0x191b820: pfd->events now 60 (POLLOUT:4)
0:00:00.016104629  3823 0xe62370 DEBUG   GST_REGISTRY gstregistrychunks.c:741:gst_registry_chunks_load_feature: Added feature log, plugin 0xe7bbe0 coretracers
0:00:00.011729306  3824 0x1913320 DEBUG   GST_POLL gstpoll.c:980:gst_poll_fd_ctl_write: 0x191b820: fd (fd:0, idx:1), active : 1
0:00:00.016111479  3823 0xe62370 DEBUG   GST_REGISTRY gstregistrychunks.c:583:gst_registry_chunks_load_feature: Plugin 'coretracers' feature 'latency' typename : 'GstTracerFactory'
0:00:00.011735827  3824 0x1913320 LOG   GST_POLL gstpoll.c:994:gst_poll_fd_ctl_write: 0x191b820: pfd->events now 60 (POLLOUT:4)
0:00:00.016118793  3823 0xe62370 TRACE   GST_REFCOUNTING gstobject.c:208:gst_object_init: 0xe7d110 new
0:00:00.011742907  3824 0x1913320 DEBUG   GST_POLL gstpoll.c:980:gst_poll_fd_ctl_write: 0x191b820: fd (fd:0, idx:1), active : 1
0:00:00.016126057  3823 0xe62370 DEBUG   GST_REGISTRY gstregistrychunks.c:718:gst_registry_chunks_load_feature: Reading/casting for GstRegistryChunkPluginFeature at address 0xe7c3d0
0:00:00.011750257  3824 0x1913320 LOG   GST_POLL gstpoll.c:994:gst_poll_fd_ctl_write: 0x191b820: pfd->events now 60 (POLLOUT:4)
0:00:00.016133180  3823 0xe62370 DEBUG   GST_REGISTRY gstregistry.c:590:gst_registry_add_feature: adding feature 0xe7d110 (latency)
0:00:00.011757408  3824 0x1913320 DEBUG   GST_POLL gstpoll.c:980:gst_poll_fd_ctl_write: 0x191b820: fd (fd:0, idx:1), active : 1
0:00:00.016139290  3823 0xe62370 DEBUG   GST_REFCOUNTING gstobject.c:709:gst_object_set_parent: set parent (ref and sink)
0:00:00.011764375  3824 0x1913320 LOG   GST_POLL gstpoll.c:994:gst_poll_fd_ctl_write: 0x191b820: pfd->events now 60 (POLLOUT:4)
0:00:00.016146294  3823 0xe62370 TRACE   GST_REFCOUNTING gstobject.c:294:gst_object_ref_sink: 0xe7d110 ref_sink 1->2
0:00:00.011771127  3824 0x1913320 DEBUG   GST_POLL gstpoll.c:980:gst_poll_fd_ctl_write: 0x191b820: fd (fd:0, idx:1), active : 1
0:00:00.016153051  3823 0xe62370 LOG   GST_REGISTRY gstregistry.c:608:gst_registry_add_feature: emitting feature-added for latency
0:00:00.011777683  3824 0x1913320 LOG   GST_POLL gstpoll.c:994:gst_poll_fd_ctl_write: 0x191b820: pfd->events now 60 (POLLOUT:4)
0:00:00.016159735  3823 0xe62370 DEBUG   GST_REGISTRY gstregistrychunks.c:741:gst_registry_chunks_load_feature: Added feature latency, plugin 0xe7bbe0 coretracers
0:00:00.011785270  3824 0x1913320 TRACE   GST_REFCOUNTING gstobject.c:265:gst_object_unref: 0x192ce90 unref 2->1
0:00:00.016167244  3823 0xe62370 LOG   GST_PLUGIN_LOADING gstpluginloader.c:889:handle_rx_packet: marking plugin 0xe7bbe0 as registered as /home/conan/w/prod/BuildSingleReference/.conan/data/gstreamer/1.18.4/_/_/package/1f5f5d419fdfb792f06015b5de5ddcf61311d6c8/lib/gstreamer-1.0/libgstcoretracers.so
0:00:00.011792026  3824 0x1913320 DEBUG   GST_POLL gstpoll.c:1241:gst_poll_fd_has_error: 0x191b820: fd (fd:0, idx:1) 0
0:00:00.016178909  3823 0xe62370 DEBUG   GST_POLL gstpoll.c:1414:gst_poll_wait: 0xe7bb80: timeout :0:00:01.000000000
0:00:00.011803670  3824 0x1913320 DEBUG   GST_POLL gstpoll.c:1335:gst_poll_fd_can_write: 0x191b820: fd (fd:0, idx:1) 1
0:00:00.011810700  3824 0x1913320 LOG   GST_PLUGIN_LOADING gstpluginloader.c:690:write_one: Writing packet of size 6872 bytes to fd 0
0:00:00.011827089  3824 0x1913320 DEBUG   GST_POLL gstpoll.c:1414:gst_poll_wait: 0x191b820: timeout :0:00:01.000000000
0:00:00.016207810  3823 0xe62370 LOG   GST_PLUGIN_LOADING gstpluginloader.c:1028:exchange_packets: Poll res = 1. 0 bytes pending for write
0:00:00.011835264  3824 0x1913320 LOG   GST_PLUGIN_LOADING gstpluginloader.c:1028:exchange_packets: Poll res = 2. 488 bytes pending for write
0:00:00.016215576  3823 0xe62370 DEBUG   GST_POLL gstpoll.c:1241:gst_poll_fd_has_error: 0xe7bb80: fd (fd:8, idx:2) 0
0:00:00.011844167  3824 0x1913320 DEBUG   GST_POLL gstpoll.c:1241:gst_poll_fd_has_error: 0x191b820: fd (fd:5, idx:2) 0
0:00:00.016223727  3823 0xe62370 DEBUG   GST_POLL gstpoll.c:1266:gst_poll_fd_can_read_unlocked: 0xe7bb80: fd (fd:8, idx:2) 1
0:00:00.011850593  3824 0x1913320 DEBUG   GST_POLL gstpoll.c:1266:gst_poll_fd_can_read_unlocked: 0x191b820: fd (fd:5, idx:2) 1
0:00:00.016232167  3823 0xe62370 LOG   GST_PLUGIN_LOADING gstpluginloader.c:986:read_one: Expanding rx buf from 512 to 7384
0:00:00.011860433  3824 0x1913320 DEBUG   GST_PLUGIN_LOADING gstpluginloader.c:722:do_plugin_load: Plugin scanner loading file /home/conan/w/prod/BuildSingleReference/.conan/data/gstreamer/1.18.4/_/_/package/1f5f5d419fdfb792f06015b5de5ddcf61311d6c8/lib/gstreamer-1.0/libgstcoreelements.so. tag 3
0:00:00.011868173  3824 0x1913320 TRACE   GST_REFCOUNTING gstobject.c:238:gst_object_ref: 0x192f140 ref 1->2
0:00:00.016251939  3823 0xe62370 DEBUG   GST_PLUGIN_LOADING gstpluginloader.c:850:handle_rx_packet: Received plugin details from child w/ tag 1. 6860 bytes info
0:00:00.011874764  3824 0x1913320 TRACE   GST_REFCOUNTING gstobject.c:238:gst_object_ref: 0x194a370 ref 1->2
0:00:00.016258776  3823 0xe62370 LOG   GST_REGISTRY gstregistrychunks.c:837:_priv_gst_registry_chunks_load_plugin: Reading/casting for GstRegistryChunkPluginElement at address 0xe7da50
0:00:00.011883965  3824 0x1913320 TRACE   GST_REFCOUNTING gstobject.c:238:gst_object_ref: 0x1949640 ref 1->2
0:00:00.016265896  3823 0xe62370 TRACE   GST_REFCOUNTING gstobject.c:208:gst_object_init: 0xe7c200 new
0:00:00.011890677  3824 0x1913320 TRACE   GST_REFCOUNTING gstobject.c:238:gst_object_ref: 0x1947e70 ref 1->2
0:00:00.011897876  3824 0x1913320 TRACE   GST_REFCOUNTING gstobject.c:238:gst_object_ref: 0x19470a0 ref 1->2
0:00:00.016277721  3823 0xe62370 LOG   GST_REGISTRY gstregistrychunks.c:858:_priv_gst_registry_chunks_load_plugin: read strings for name='coreelements'
0:00:00.011903968  3824 0x1913320 TRACE   GST_REFCOUNTING gstobject.c:238:gst_object_ref: 0x1945f00 ref 1->2
0:00:00.016283976  3823 0xe62370 LOG   GST_REGISTRY gstregistrychunks.c:859:_priv_gst_registry_chunks_load_plugin: desc.description='GStreamer core elements'
0:00:00.011914910  3824 0x1913320 TRACE   GST_REFCOUNTING gstobject.c:238:gst_object_ref: 0x1944e00 ref 1->2
0:00:00.016295047  3823 0xe62370 LOG   GST_REGISTRY gstregistrychunks.c:860:_priv_gst_registry_chunks_load_plugin: filename='/home/conan/w/prod/BuildSingleReference/.conan/data/gstreamer/1.18.4/_/_/package/1f5f5d419fdfb792f06015b5de5ddcf61311d6c8/lib/gstreamer-1.0/libgstcoreelements.so'
0:00:00.011921478  3824 0x1913320 TRACE   GST_REFCOUNTING gstobject.c:238:gst_object_ref: 0x19434b0 ref 1->2
0:00:00.016301224  3823 0xe62370 LOG   GST_REGISTRY gstregistrychunks.c:861:_priv_gst_registry_chunks_load_plugin: desc.version='1.18.4'
0:00:00.011927939  3824 0x1913320 TRACE   GST_REFCOUNTING gstobject.c:238:gst_object_ref: 0x19419a0 ref 1->2
0:00:00.016306919  3823 0xe62370 LOG   GST_REGISTRY gstregistrychunks.c:862:_priv_gst_registry_chunks_load_plugin: desc.license='LGPL'
0:00:00.011934379  3824 0x1913320 TRACE   GST_REFCOUNTING gstobject.c:238:gst_object_ref: 0x1940890 ref 1->2
0:00:00.016313499  3823 0xe62370 LOG   GST_REGISTRY gstregistrychunks.c:863:_priv_gst_registry_chunks_load_plugin: desc.source='gstreamer'
0:00:00.011940980  3824 0x1913320 TRACE   GST_REFCOUNTING gstobject.c:238:gst_object_ref: 0x193f670 ref 1->2
0:00:00.016320123  3823 0xe62370 LOG   GST_REGISTRY gstregistrychunks.c:864:_priv_gst_registry_chunks_load_plugin: desc.package='GStreamer source release'
0:00:00.011947522  3824 0x1913320 TRACE   GST_REFCOUNTING gstobject.c:238:gst_object_ref: 0x193e040 ref 1->2
0:00:00.016326980  3823 0xe62370 LOG   GST_REGISTRY gstregistrychunks.c:865:_priv_gst_registry_chunks_load_plugin: desc.origin='Unknown package origin'
0:00:00.011954104  3824 0x1913320 TRACE   GST_REFCOUNTING gstobject.c:238:gst_object_ref: 0x193d390 ref 1->2
0:00:00.016333490  3823 0xe62370 LOG   GST_REGISTRY gstregistrychunks.c:866:_priv_gst_registry_chunks_load_plugin: desc.datetime=2021-03-15
0:00:00.011960501  3824 0x1913320 TRACE   GST_REFCOUNTING gstobject.c:238:gst_object_ref: 0x193c760 ref 1->2
0:00:00.016341976  3823 0xe62370 DEBUG   GST_REGISTRY gstregistry.c:474:gst_registry_add_plugin: adding plugin 0xe7c200 for filename "/home/conan/w/prod/BuildSingleReference/.conan/data/gstreamer/1.18.4/_/_/package/1f5f5d419fdfb792f06015b5de5ddcf61311d6c8/lib/gstreamer-1.0/libgstcoreelements.so"
0:00:00.011966827  3824 0x1913320 TRACE   GST_REFCOUNTING gstobject.c:238:gst_object_ref: 0x1933cb0 ref 1->2
0:00:00.016349636  3823 0xe62370 TRACE   GST_REFCOUNTING gstobject.c:294:gst_object_ref_sink: 0xe7c200 ref_sink 1->2
0:00:00.011973799  3824 0x1913320 TRACE   GST_REFCOUNTING gstobject.c:238:gst_object_ref: 0x1939b60 ref 1->2
0:00:00.016357389  3823 0xe62370 LOG   GST_REGISTRY gstregistry.c:487:gst_registry_add_plugin: emitting plugin-added for filename "/home/conan/w/prod/BuildSingleReference/.conan/data/gstreamer/1.18.4/_/_/package/1f5f5d419fdfb792f06015b5de5ddcf61311d6c8/lib/gstreamer-1.0/libgstcoreelements.so"
0:00:00.011981535  3824 0x1913320 TRACE   GST_REFCOUNTING gstobject.c:238:gst_object_ref: 0x1937530 ref 1->2
0:00:00.016369559  3823 0xe62370 DEBUG   GST_REGISTRY gstregistrychunks.c:887:_priv_gst_registry_chunks_load_plugin: Added plugin 'coreelements' plugin with 22 features from binary registry
0:00:00.011994017  3824 0x1913320 TRACE   GST_REFCOUNTING gstobject.c:238:gst_object_ref: 0x19359e0 ref 1->2
0:00:00.016376872  3823 0xe62370 DEBUG   GST_REGISTRY gstregistrychunks.c:583:gst_registry_chunks_load_feature: Plugin 'coreelements' feature 'streamiddemux' typename : 'GstElementFactory'
0:00:00.012001165  3824 0x1913320 TRACE   GST_REFCOUNTING gstobject.c:238:gst_object_ref: 0x19349a0 ref 1->2
0:00:00.012008279  3824 0x1913320 TRACE   GST_REFCOUNTING gstobject.c:238:gst_object_ref: 0x1932ef0 ref 1->2
0:00:00.016386137  3823 0xe62370 TRACE   GST_REFCOUNTING gstobject.c:208:gst_object_init: 0xe7c570 new
0:00:00.012014675  3824 0x1913320 TRACE   GST_REFCOUNTING gstobject.c:238:gst_object_ref: 0x1932020 ref 1->2
0:00:00.016395267  3823 0xe62370 LOG   GST_REGISTRY gstregistrychunks.c:610:gst_registry_chunks_load_feature: Reading/casting for GstRegistryChunkElementFactory at address 0xe7dba8
0:00:00.012021235  3824 0x1913320 TRACE   GST_REFCOUNTING gstobject.c:238:gst_object_ref: 0x1931280 ref 1->2
0:00:00.016402841  3823 0xe62370 TRACE   structure gststructure.c:287:gst_structure_new_id_empty_with_size: created structure 0xe7d390
0:00:00.012040102  3824 0x1913320 TRACE   GST_REFCOUNTING gstobject.c:238:gst_object_ref: 0x192f590 ref 1->2
0:00:00.016427201  3823 0xe62370 DEBUG   structure gststructure.c:2203:gst_structure_parse_field: trying field name 'long-name'
0:00:00.012055573  3824 0x1913320 DEBUG   GST_REGISTRY gstregistrychunks.c:265:gst_registry_chunks_save_feature: saved 0 interfaces 0 pad templates
0:00:00.016443561  3823 0xe62370 DEBUG   default gstvalue.c:2676:_priv_gst_value_parse_value: trying type name 'string'
0:00:00.012068516  3824 0x1913320 DEBUG   GST_REGISTRY gstregistrychunks.c:265:gst_registry_chunks_save_feature: saved 0 interfaces 0 pad templates
0:00:00.012079942  3824 0x1913320 DEBUG   GST_REGISTRY gstregistrychunks.c:265:gst_registry_chunks_save_feature: saved 0 interfaces 0 pad templates
0:00:00.016457682  3823 0xe62370 DEBUG   structure gststructure.c:2203:gst_structure_parse_field: trying field name 'klass'
0:00:00.016465377  3823 0xe62370 DEBUG   default gstvalue.c:2676:_priv_gst_value_parse_value: trying type name 'string'
0:00:00.012088301  3824 0x1913320 DEBUG   GST_REGISTRY gstregistrychunks.c:265:gst_registry_chunks_save_feature: saved 1 interfaces 0 pad templates
0:00:00.016473285  3823 0xe62370 DEBUG   structure gststructure.c:2203:gst_structure_parse_field: trying field name 'description'
0:00:00.012096044  3824 0x1913320 DEBUG   GST_REGISTRY gstregistrychunks.c:284:gst_registry_chunks_save_feature: Saved 1 UriTypes
0:00:00.016484904  3823 0xe62370 DEBUG   default gstvalue.c:2676:_priv_gst_value_parse_value: trying type name 'string'
0:00:00.012113179  3824 0x1913320 DEBUG   GST_REGISTRY gstregistrychunks.c:265:gst_registry_chunks_save_feature: saved 0 interfaces 0 pad templates
0:00:00.016492175  3823 0xe62370 DEBUG   structure gststructure.c:2203:gst_structure_parse_field: trying field name 'author'
0:00:00.016499003  3823 0xe62370 DEBUG   default gstvalue.c:2676:_priv_gst_value_parse_value: trying type name 'string'
0:00:00.012121621  3824 0x1913320 DEBUG   GST_REGISTRY gstregistrychunks.c:265:gst_registry_chunks_save_feature: saved 0 interfaces 0 pad templates
0:00:00.016505333  3823 0xe62370 DEBUG   GST_REGISTRY gstregistrychunks.c:626:gst_registry_chunks_load_feature: Element factory : npadtemplates=2
0:00:00.012132134  3824 0x1913320 DEBUG   GST_REGISTRY gstregistrychunks.c:265:gst_registry_chunks_save_feature: saved 0 interfaces 0 pad templates
0:00:00.016511338  3823 0xe62370 DEBUG   GST_REGISTRY gstregistrychunks.c:526:gst_registry_chunks_load_pad_template: Reading/casting for GstRegistryChunkPadTemplate at address 0xe7dc80
0:00:00.016518327  3823 0xe62370 DEBUG   GST_REGISTRY gstregistrychunks.c:539:gst_registry_chunks_load_pad_template: Added pad_template src_%u
0:00:00.012141162  3824 0x1913320 DEBUG   GST_REGISTRY gstregistrychunks.c:265:gst_registry_chunks_save_feature: saved 1 interfaces 0 pad templates
0:00:00.016523646  3823 0xe62370 DEBUG   GST_REGISTRY gstregistrychunks.c:526:gst_registry_chunks_load_pad_template: Reading/casting for GstRegistryChunkPadTemplate at address 0xe7dc98
0:00:00.012148756  3824 0x1913320 DEBUG   GST_REGISTRY gstregistrychunks.c:284:gst_registry_chunks_save_feature: Saved 1 UriTypes
0:00:00.016530025  3823 0xe62370 DEBUG   GST_REGISTRY gstregistrychunks.c:539:gst_registry_chunks_load_pad_template: Added pad_template sink
0:00:00.012156922  3824 0x1913320 DEBUG   GST_REGISTRY gstregistrychunks.c:265:gst_registry_chunks_save_feature: saved 1 interfaces 0 pad templates
0:00:00.016537746  3823 0xe62370 DEBUG   GST_REGISTRY gstregistry.c:590:gst_registry_add_feature: adding feature 0xe7c570 (streamiddemux)
0:00:00.012162927  3824 0x1913320 DEBUG   GST_REGISTRY gstregistrychunks.c:284:gst_registry_chunks_save_feature: Saved 1 UriTypes
0:00:00.016545056  3823 0xe62370 DEBUG   GST_REFCOUNTING gstobject.c:709:gst_object_set_parent: set parent (ref and sink)
0:00:00.012171028  3824 0x1913320 DEBUG   GST_REGISTRY gstregistrychunks.c:265:gst_registry_chunks_save_feature: saved 1 interfaces 0 pad templates
0:00:00.016552392  3823 0xe62370 TRACE   GST_REFCOUNTING gstobject.c:294:gst_object_ref_sink: 0xe7c570 ref_sink 1->2
0:00:00.012176899  3824 0x1913320 DEBUG   GST_REGISTRY gstregistrychunks.c:284:gst_registry_chunks_save_feature: Saved 1 UriTypes
0:00:00.016559361  3823 0xe62370 LOG   GST_REGISTRY gstregistry.c:608:gst_registry_add_feature: emitting feature-added for streamiddemux
0:00:00.012185600  3824 0x1913320 DEBUG   GST_REGISTRY gstregistrychunks.c:265:gst_registry_chunks_save_feature: saved 0 interfaces 0 pad templates
0:00:00.016573973  3823 0xe62370 DEBUG   GST_REGISTRY gstregistrychunks.c:741:gst_registry_chunks_load_feature: Added feature streamiddemux, plugin 0xe7c200 coreelements
0:00:00.012200304  3824 0x1913320 DEBUG   GST_REGISTRY gstregistrychunks.c:265:gst_registry_chunks_save_feature: saved 0 interfaces 0 pad templates
0:00:00.016580889  3823 0xe62370 DEBUG   GST_REGISTRY gstregistrychunks.c:583:gst_registry_chunks_load_feature: Plugin 'coreelements' feature 'valve' typename : 'GstElementFactory'
0:00:00.012208215  3824 0x1913320 DEBUG   GST_REGISTRY gstregistrychunks.c:265:gst_registry_chunks_save_feature: saved 0 interfaces 0 pad templates
0:00:00.016588633  3823 0xe62370 TRACE   GST_REFCOUNTING gstobject.c:208:gst_object_init: 0xe7d7d0 new
0:00:00.012217186  3824 0x1913320 DEBUG   GST_REGISTRY gstregistrychunks.c:265:gst_registry_chunks_save_feature: saved 0 interfaces 0 pad templates
0:00:00.016596330  3823 0xe62370 LOG   GST_REGISTRY gstregistrychunks.c:610:gst_registry_chunks_load_feature: Reading/casting for GstRegistryChunkElementFactory at address 0xe7dcc8
0:00:00.012225321  3824 0x1913320 DEBUG   GST_REGISTRY gstregistrychunks.c:265:gst_registry_chunks_save_feature: saved 0 interfaces 0 pad templates
0:00:00.016603878  3823 0xe62370 TRACE   structure gststructure.c:287:gst_structure_new_id_empty_with_size: created structure 0xe7f800
0:00:00.016610833  3823 0xe62370 DEBUG   structure gststructure.c:2203:gst_structure_parse_field: trying field name 'long-name'
0:00:00.012233626  3824 0x1913320 DEBUG   GST_REGISTRY gstregistrychunks.c:265:gst_registry_chunks_save_feature: saved 0 interfaces 0 pad templates
0:00:00.016616241  3823 0xe62370 DEBUG   default gstvalue.c:2676:_priv_gst_value_parse_value: trying type name 'string'
0:00:00.012244095  3824 0x1913320 DEBUG   GST_REGISTRY gstregistrychunks.c:265:gst_registry_chunks_save_feature: saved 1 interfaces 0 pad templates
0:00:00.016622422  3823 0xe62370 DEBUG   structure gststructure.c:2203:gst_structure_parse_field: trying field name 'klass'
0:00:00.012250482  3824 0x1913320 DEBUG   GST_REGISTRY gstregistrychunks.c:284:gst_registry_chunks_save_feature: Saved 1 UriTypes
0:00:00.016629846  3823 0xe62370 DEBUG   default gstvalue.c:2676:_priv_gst_value_parse_value: trying type name 'string'
0:00:00.016636723  3823 0xe62370 DEBUG   structure gststructure.c:2203:gst_structure_parse_field: trying field name 'description'
0:00:00.012259253  3824 0x1913320 DEBUG   GST_REGISTRY gstregistrychunks.c:265:gst_registry_chunks_save_feature: saved 0 interfaces 0 pad templates
0:00:00.016642232  3823 0xe62370 DEBUG   default gstvalue.c:2676:_priv_gst_value_parse_value: trying type name 'string'
0:00:00.012270448  3824 0x1913320 DEBUG   GST_REGISTRY gstregistrychunks.c:265:gst_registry_chunks_save_feature: saved 0 interfaces 0 pad templates
0:00:00.016648680  3823 0xe62370 DEBUG   structure gststructure.c:2203:gst_structure_parse_field: trying field name 'author'
0:00:00.016662194  3823 0xe62370 DEBUG   default gstvalue.c:2676:_priv_gst_value_parse_value: trying type name 'string'
0:00:00.012285813  3824 0x1913320 DEBUG   GST_REGISTRY gstregistrychunks.c:265:gst_registry_chunks_save_feature: saved 0 interfaces 0 pad templates
0:00:00.016668357  3823 0xe62370 DEBUG   GST_REGISTRY gstregistrychunks.c:626:gst_registry_chunks_load_feature: Element factory : npadtemplates=2
0:00:00.012295783  3824 0x1913320 DEBUG   GST_REGISTRY gstregistrychunks.c:265:gst_registry_chunks_save_feature: saved 0 interfaces 0 pad templates
0:00:00.016674132  3823 0xe62370 DEBUG   GST_REGISTRY gstregistrychunks.c:526:gst_registry_chunks_load_pad_template: Reading/casting for GstRegistryChunkPadTemplate at address 0xe7ddb8
0:00:00.016681624  3823 0xe62370 DEBUG   GST_REGISTRY gstregistrychunks.c:539:gst_registry_chunks_load_pad_template: Added pad_template sink
0:00:00.012306338  3824 0x1913320 DEBUG   GST_REGISTRY gstregistrychunks.c:265:gst_registry_chunks_save_feature: saved 0 interfaces 0 pad templates
0:00:00.016686770  3823 0xe62370 DEBUG   GST_REGISTRY gstregistrychunks.c:526:gst_registry_chunks_load_pad_template: Reading/casting for GstRegistryChunkPadTemplate at address 0xe7ddd0
0:00:00.012315864  3824 0x1913320 TRACE   GST_REFCOUNTING gstobject.c:265:gst_object_unref: 0x192f590 unref 2->1
0:00:00.016693994  3823 0xe62370 DEBUG   GST_REGISTRY gstregistrychunks.c:539:gst_registry_chunks_load_pad_template: Added pad_template src
0:00:00.012323567  3824 0x1913320 TRACE   GST_REFCOUNTING gstobject.c:265:gst_object_unref: 0x1931280 unref 2->1
0:00:00.016704118  3823 0xe62370 DEBUG   GST_REGISTRY gstregistry.c:590:gst_registry_add_feature: adding feature 0xe7d7d0 (valve)
0:00:00.012330560  3824 0x1913320 TRACE   GST_REFCOUNTING gstobject.c:265:gst_object_unref: 0x1932020 unref 2->1
0:00:00.016710105  3823 0xe62370 DEBUG   GST_REFCOUNTING gstobject.c:709:gst_object_set_parent: set parent (ref and sink)
0:00:00.016717400  3823 0xe62370 TRACE   GST_REFCOUNTING gstobject.c:294:gst_object_ref_sink: 0xe7d7d0 ref_sink 1->2
0:00:00.012342044  3824 0x1913320 TRACE   GST_REFCOUNTING gstobject.c:265:gst_object_unref: 0x1932ef0 unref 2->1
0:00:00.016723421  3823 0xe62370 LOG   GST_REGISTRY gstregistry.c:608:gst_registry_add_feature: emitting feature-added for valve
0:00:00.012348961  3824 0x1913320 TRACE   GST_REFCOUNTING gstobject.c:265:gst_object_unref: 0x19349a0 unref 2->1
0:00:00.016729818  3823 0xe62370 DEBUG   GST_REGISTRY gstregistrychunks.c:741:gst_registry_chunks_load_feature: Added feature valve, plugin 0xe7c200 coreelements
0:00:00.012355700  3824 0x1913320 TRACE   GST_REFCOUNTING gstobject.c:265:gst_object_unref: 0x19359e0 unref 2->1
0:00:00.016736593  3823 0xe62370 DEBUG   GST_REGISTRY gstregistrychunks.c:583:gst_registry_chunks_load_feature: Plugin 'coreelements' feature 'multiqueue' typename : 'GstElementFactory'
0:00:00.012362560  3824 0x1913320 TRACE   GST_REFCOUNTING gstobject.c:265:gst_object_unref: 0x1937530 unref 2->1
0:00:00.016748077  3823 0xe62370 TRACE   GST_REFCOUNTING gstobject.c:208:gst_object_init: 0xe7d8c0 new
0:00:00.012372415  3824 0x1913320 TRACE   GST_REFCOUNTING gstobject.c:265:gst_object_unref: 0x1939b60 unref 2->1
0:00:00.016755785  3823 0xe62370 LOG   GST_REGISTRY gstregistrychunks.c:610:gst_registry_chunks_load_feature: Reading/casting for GstRegistryChunkElementFactory at address 0xe7de00
0:00:00.012380311  3824 0x1913320 TRACE   GST_REFCOUNTING gstobject.c:265:gst_object_unref: 0x1933cb0 unref 2->1
0:00:00.016762705  3823 0xe62370 TRACE   structure gststructure.c:287:gst_structure_new_id_empty_with_size: created structure 0xe7fa30
0:00:00.012387697  3824 0x1913320 TRACE   GST_REFCOUNTING gstobject.c:265:gst_object_unref: 0x193c760 unref 2->1
0:00:00.016769046  3823 0xe62370 DEBUG   structure gststructure.c:2203:gst_structure_parse_field: trying field name 'long-name'
0:00:00.012394445  3824 0x1913320 TRACE   GST_REFCOUNTING gstobject.c:265:gst_object_unref: 0x193d390 unref 2->1
0:00:00.016774725  3823 0xe62370 DEBUG   default gstvalue.c:2676:_priv_gst_value_parse_value: trying type name 'string'
0:00:00.012401223  3824 0x1913320 TRACE   GST_REFCOUNTING gstobject.c:265:gst_object_unref: 0x193e040 unref 2->1
0:00:00.016780976  3823 0xe62370 DEBUG   structure gststructure.c:2203:gst_structure_parse_field: trying field name 'klass'
0:00:00.012408126  3824 0x1913320 TRACE   GST_REFCOUNTING gstobject.c:265:gst_object_unref: 0x193f670 unref 2->1
0:00:00.016787051  3823 0xe62370 DEBUG   default gstvalue.c:2676:_priv_gst_value_parse_value: trying type name 'string'
0:00:00.012415042  3824 0x1913320 TRACE   GST_REFCOUNTING gstobject.c:265:gst_object_unref: 0x1940890 unref 2->1
0:00:00.016795345  3823 0xe62370 DEBUG   structure gststructure.c:2203:gst_structure_parse_field: trying field name 'description'
0:00:00.012421901  3824 0x1913320 TRACE   GST_REFCOUNTING gstobject.c:265:gst_object_unref: 0x19419a0 unref 2->1
0:00:00.016801425  3823 0xe62370 DEBUG   default gstvalue.c:2676:_priv_gst_value_parse_value: trying type name 'string'
0:00:00.012428632  3824 0x1913320 TRACE   GST_REFCOUNTING gstobject.c:265:gst_object_unref: 0x19434b0 unref 2->1
0:00:00.016808422  3823 0xe62370 DEBUG   structure gststructure.c:2203:gst_structure_parse_field: trying field name 'author'
0:00:00.012435322  3824 0x1913320 TRACE   GST_REFCOUNTING gstobject.c:265:gst_object_unref: 0x1944e00 unref 2->1
0:00:00.016814288  3823 0xe62370 DEBUG   default gstvalue.c:2676:_priv_gst_value_parse_value: trying type name 'string'
0:00:00.012442109  3824 0x1913320 TRACE   GST_REFCOUNTING gstobject.c:265:gst_object_unref: 0x1945f00 unref 2->1
0:00:00.016822077  3823 0xe62370 DEBUG   GST_REGISTRY gstregistrychunks.c:626:gst_registry_chunks_load_feature: Element factory : npadtemplates=2
0:00:00.012453306  3824 0x1913320 TRACE   GST_REFCOUNTING gstobject.c:265:gst_object_unref: 0x19470a0 unref 2->1
0:00:00.016832540  3823 0xe62370 DEBUG   GST_REGISTRY gstregistrychunks.c:526:gst_registry_chunks_load_pad_template: Reading/casting for GstRegistryChunkPadTemplate at address 0xe7dec0
0:00:00.012460238  3824 0x1913320 TRACE   GST_REFCOUNTING gstobject.c:265:gst_object_unref: 0x1947e70 unref 2->1
0:00:00.016847557  3823 0xe62370 DEBUG   GST_REGISTRY gstregistrychunks.c:539:gst_registry_chunks_load_pad_template: Added pad_template src_%u
0:00:00.012472740  3824 0x1913320 TRACE   GST_REFCOUNTING gstobject.c:265:gst_object_unref: 0x1949640 unref 2->1
0:00:00.016853666  3823 0xe62370 DEBUG   GST_REGISTRY gstregistrychunks.c:526:gst_registry_chunks_load_pad_template: Reading/casting for GstRegistryChunkPadTemplate at address 0xe7ded8
0:00:00.012479495  3824 0x1913320 TRACE   GST_REFCOUNTING gstobject.c:265:gst_object_unref: 0x194a370 unref 2->1
0:00:00.016860058  3823 0xe62370 DEBUG   GST_REGISTRY gstregistrychunks.c:539:gst_registry_chunks_load_pad_template: Added pad_template sink_%u
0:00:00.012487905  3824 0x1913320 DEBUG   GST_REGISTRY gstregistrychunks.c:498:_priv_gst_registry_chunks_save_plugin: Found 22 features in plugin 0x192f140 (coreelements)
0:00:00.016867725  3823 0xe62370 DEBUG   GST_REGISTRY gstregistry.c:590:gst_registry_add_feature: adding feature 0xe7d8c0 (multiqueue)
0:00:00.012494978  3824 0x1913320 DEBUG   GST_POLL gstpoll.c:980:gst_poll_fd_ctl_write: 0x191b820: fd (fd:0, idx:1), active : 1
0:00:00.016874249  3823 0xe62370 DEBUG   GST_REFCOUNTING gstobject.c:709:gst_object_set_parent: set parent (ref and sink)
0:00:00.012501920  3824 0x1913320 LOG   GST_POLL gstpoll.c:994:gst_poll_fd_ctl_write: 0x191b820: pfd->events now 60 (POLLOUT:4)
0:00:00.016882275  3823 0xe62370 TRACE   GST_REFCOUNTING gstobject.c:294:gst_object_ref_sink: 0xe7d8c0 ref_sink 1->2
0:00:00.012508511  3824 0x1913320 DEBUG   GST_POLL gstpoll.c:980:gst_poll_fd_ctl_write: 0x191b820: fd (fd:0, idx:1), active : 1
0:00:00.016889145  3823 0xe62370 LOG   GST_REGISTRY gstregistry.c:608:gst_registry_add_feature: emitting feature-added for multiqueue
0:00:00.012514933  3824 0x1913320 LOG   GST_POLL gstpoll.c:994:gst_poll_fd_ctl_write: 0x191b820: pfd->events now 60 (POLLOUT:4)
0:00:00.016896124  3823 0xe62370 DEBUG   GST_REGISTRY gstregistrychunks.c:741:gst_registry_chunks_load_feature: Added feature multiqueue, plugin 0xe7c200 coreelements
0:00:00.012521525  3824 0x1913320 DEBUG   GST_POLL gstpoll.c:980:gst_poll_fd_ctl_write: 0x191b820: fd (fd:0, idx:1), active : 1
0:00:00.016903344  3823 0xe62370 DEBUG   GST_REGISTRY gstregistrychunks.c:583:gst_registry_chunks_load_feature: Plugin 'coreelements' feature 'typefind' typename : 'GstElementFactory'
0:00:00.012527809  3824 0x1913320 LOG   GST_POLL gstpoll.c:994:gst_poll_fd_ctl_write: 0x191b820: pfd->events now 60 (POLLOUT:4)
0:00:00.016916107  3823 0xe62370 TRACE   GST_REFCOUNTING gstobject.c:208:gst_object_init: 0xe7fb60 new
0:00:00.012539844  3824 0x1913320 DEBUG   GST_POLL gstpoll.c:980:gst_poll_fd_ctl_write: 0x191b820: fd (fd:0, idx:1), active : 1
0:00:00.016923958  3823 0xe62370 LOG   GST_REGISTRY gstregistrychunks.c:610:gst_registry_chunks_load_feature: Reading/casting for GstRegistryChunkElementFactory at address 0xe7df08
0:00:00.012548100  3824 0x1913320 LOG   GST_POLL gstpoll.c:994:gst_poll_fd_ctl_write: 0x191b820: pfd->events now 60 (POLLOUT:4)
0:00:00.016930695  3823 0xe62370 TRACE   structure gststructure.c:287:gst_structure_new_id_empty_with_size: created structure 0xe7fdb0
0:00:00.012555569  3824 0x1913320 DEBUG   GST_POLL gstpoll.c:980:gst_poll_fd_ctl_write: 0x191b820: fd (fd:0, idx:1), active : 1
0:00:00.016936457  3823 0xe62370 DEBUG   structure gststructure.c:2203:gst_structure_parse_field: trying field name 'long-name'
0:00:00.012561627  3824 0x1913320 LOG   GST_POLL gstpoll.c:994:gst_poll_fd_ctl_write: 0x191b820: pfd->events now 60 (POLLOUT:4)
0:00:00.016942381  3823 0xe62370 DEBUG   default gstvalue.c:2676:_priv_gst_value_parse_value: trying type name 'string'
0:00:00.012567900  3824 0x1913320 DEBUG   GST_POLL gstpoll.c:980:gst_poll_fd_ctl_write: 0x191b820: fd (fd:0, idx:1), active : 1
0:00:00.016948614  3823 0xe62370 DEBUG   structure gststructure.c:2203:gst_structure_parse_field: trying field name 'klass'
0:00:00.012573962  3824 0x1913320 LOG   GST_POLL gstpoll.c:994:gst_poll_fd_ctl_write: 0x191b820: pfd->events now 60 (POLLOUT:4)
0:00:00.016954424  3823 0xe62370 DEBUG   default gstvalue.c:2676:_priv_gst_value_parse_value: trying type name 'string'
0:00:00.012580119  3824 0x1913320 DEBUG   GST_POLL gstpoll.c:980:gst_poll_fd_ctl_write: 0x191b820: fd (fd:0, idx:1), active : 1
0:00:00.016960531  3823 0xe62370 DEBUG   structure gststructure.c:2203:gst_structure_parse_field: trying field name 'description'
0:00:00.012586034  3824 0x1913320 LOG   GST_POLL gstpoll.c:994:gst_poll_fd_ctl_write: 0x191b820: pfd->events now 60 (POLLOUT:4)
0:00:00.016966239  3823 0xe62370 DEBUG   default gstvalue.c:2676:_priv_gst_value_parse_value: trying type name 'string'
0:00:00.012592200  3824 0x1913320 DEBUG   GST_POLL gstpoll.c:980:gst_poll_fd_ctl_write: 0x191b820: fd (fd:0, idx:1), active : 1
0:00:00.016972535  3823 0xe62370 DEBUG   structure gststructure.c:2203:gst_structure_parse_field: trying field name 'author'
0:00:00.012598158  3824 0x1913320 LOG   GST_POLL gstpoll.c:994:gst_poll_fd_ctl_write: 0x191b820: pfd->events now 60 (POLLOUT:4)
0:00:00.016978257  3823 0xe62370 DEBUG   default gstvalue.c:2676:_priv_gst_value_parse_value: trying type name 'string'
0:00:00.012604369  3824 0x1913320 DEBUG   GST_POLL gstpoll.c:980:gst_poll_fd_ctl_write: 0x191b820: fd (fd:0, idx:1), active : 1
0:00:00.016984757  3823 0xe62370 DEBUG   GST_REGISTRY gstregistrychunks.c:626:gst_registry_chunks_load_feature: Element factory : npadtemplates=2
0:00:00.012614433  3824 0x1913320 LOG   GST_POLL gstpoll.c:994:gst_poll_fd_ctl_write: 0x191b820: pfd->events now 60 (POLLOUT:4)
0:00:00.016993905  3823 0xe62370 DEBUG   GST_REGISTRY gstregistrychunks.c:526:gst_registry_chunks_load_pad_template: Reading/casting for GstRegistryChunkPadTemplate at address 0xe7dfe0
0:00:00.012620637  3824 0x1913320 DEBUG   GST_POLL gstpoll.c:980:gst_poll_fd_ctl_write: 0x191b820: fd (fd:0, idx:1), active : 1
0:00:00.016999981  3823 0xe62370 DEBUG   GST_REGISTRY gstregistrychunks.c:539:gst_registry_chunks_load_pad_template: Added pad_template sink
0:00:00.012626665  3824 0x1913320 LOG   GST_POLL gstpoll.c:994:gst_poll_fd_ctl_write: 0x191b820: pfd->events now 60 (POLLOUT:4)
0:00:00.017005908  3823 0xe62370 DEBUG   GST_REGISTRY gstregistrychunks.c:526:gst_registry_chunks_load_pad_template: Reading/casting for GstRegistryChunkPadTemplate at address 0xe7dff8
0:00:00.012632828  3824 0x1913320 DEBUG   GST_POLL gstpoll.c:980:gst_poll_fd_ctl_write: 0x191b820: fd (fd:0, idx:1), active : 1
0:00:00.017012317  3823 0xe62370 DEBUG   GST_REGISTRY gstregistrychunks.c:539:gst_registry_chunks_load_pad_template: Added pad_template src
0:00:00.012638727  3824 0x1913320 LOG   GST_POLL gstpoll.c:994:gst_poll_fd_ctl_write: 0x191b820: pfd->events now 60 (POLLOUT:4)
0:00:00.012644797  3824 0x1913320 DEBUG   GST_POLL gstpoll.c:980:gst_poll_fd_ctl_write: 0x191b820: fd (fd:0, idx:1), active : 1
0:00:00.017023637  3823 0xe62370 DEBUG   GST_REGISTRY gstregistry.c:590:gst_registry_add_feature: adding feature 0xe7fb60 (typefind)
0:00:00.012650391  3824 0x1913320 LOG   GST_POLL gstpoll.c:994:gst_poll_fd_ctl_write: 0x191b820: pfd->events now 60 (POLLOUT:4)
0:00:00.017030176  3823 0xe62370 DEBUG   GST_REFCOUNTING gstobject.c:709:gst_object_set_parent: set parent (ref and sink)
0:00:00.012656528  3824 0x1913320 DEBUG   GST_POLL gstpoll.c:980:gst_poll_fd_ctl_write: 0x191b820: fd (fd:0, idx:1), active : 1
0:00:00.017037579  3823 0xe62370 TRACE   GST_REFCOUNTING gstobject.c:294:gst_object_ref_sink: 0xe7fb60 ref_sink 1->2
0:00:00.012662435  3824 0x1913320 LOG   GST_POLL gstpoll.c:994:gst_poll_fd_ctl_write: 0x191b820: pfd->events now 60 (POLLOUT:4)
0:00:00.017044340  3823 0xe62370 LOG   GST_REGISTRY gstregistry.c:608:gst_registry_add_feature: emitting feature-added for typefind
0:00:00.012669235  3824 0x1913320 DEBUG   GST_POLL gstpoll.c:980:gst_poll_fd_ctl_write: 0x191b820: fd (fd:0, idx:1), active : 1
0:00:00.017051031  3823 0xe62370 DEBUG   GST_REGISTRY gstregistrychunks.c:741:gst_registry_chunks_load_feature: Added feature typefind, plugin 0xe7c200 coreelements
