******************************************************************************** conan test cci-8a5cbe8d/recipes/gstreamer/all/test_package/conanfile.py gstreamer/1.18.4@#0f08191cb7fd82c31737b0f93cbbcc58 -pr /home/conan/w/prod/BuildSingleReference/236120/cad430a8-6b51-4891-bf3b-d8d27d65c438/profile_linux_12_libstdcpp_clang_release_64.gstreamer-shared-True.txt -c tools.system.package_manager:mode=install -c tools.system.package_manager:sudo=True ******************************************************************************** Configuration: [settings] arch=x86_64 build_type=Release compiler=clang compiler.libcxx=libstdc++ compiler.version=12 os=Linux [options] gstreamer:shared=True [build_requires] [env] [conf] tools.system.package_manager:mode=install tools.system.package_manager:sudo=True gstreamer/1.18.4 (test package): Installing package Requirements bzip2/1.0.8 from 'conan-center' - Cache glib/2.76.2 from 'conan-center' - Cache gstreamer/1.18.4 from local cache - Cache libelf/0.8.13 from 'conan-center' - Cache libffi/3.4.4 from 'conan-center' - Cache libmount/2.36.2 from 'conan-center' - Cache libselinux/3.3 from 'conan-center' - Cache pcre2/10.42 from 'conan-center' - Cache zlib/1.2.13 from 'conan-center' - Cache Packages bzip2/1.0.8:00c750ce60d90d17c6eb9a941db66d67f523d38f - Cache glib/2.76.2:a3499a0ad768c5089c02c5c748ea64d27839628e - Cache gstreamer/1.18.4:1f5f5d419fdfb792f06015b5de5ddcf61311d6c8 - Cache libelf/0.8.13:cf142e38e022cf2a99aadebfd8f37ead3e935ad7 - Cache libffi/3.4.4:cf142e38e022cf2a99aadebfd8f37ead3e935ad7 - Cache libmount/2.36.2:cf142e38e022cf2a99aadebfd8f37ead3e935ad7 - Cache libselinux/3.3:65c910116ee40993a35c3f0d88c416990bbccdcf - Cache pcre2/10.42:99a3ad63fefb65a42e5fb9683d036c577d3f9b74 - Cache zlib/1.2.13:cf142e38e022cf2a99aadebfd8f37ead3e935ad7 - Cache Installing (downloading, building) binaries... bzip2/1.0.8: Already installed! libelf/0.8.13: Already installed! libffi/3.4.4: Already installed! libmount/2.36.2: Already installed! zlib/1.2.13: Already installed! pcre2/10.42: Already installed! pcre2/10.42: Appending PATH environment variable: /home/conan/w/prod/BuildSingleReference/.conan/data/pcre2/10.42/_/_/package/99a3ad63fefb65a42e5fb9683d036c577d3f9b74/bin libselinux/3.3: Already installed! glib/2.76.2: Already installed! gstreamer/1.18.4: Already installed! gstreamer/1.18.4: Appending GST_PLUGIN_PATH env var : /home/conan/w/prod/BuildSingleReference/.conan/data/gstreamer/1.18.4/_/_/package/1f5f5d419fdfb792f06015b5de5ddcf61311d6c8/lib/gstreamer-1.0 gstreamer/1.18.4: Creating GSTREAMER_ROOT env var : /home/conan/w/prod/BuildSingleReference/.conan/data/gstreamer/1.18.4/_/_/package/1f5f5d419fdfb792f06015b5de5ddcf61311d6c8 gstreamer/1.18.4: Creating GST_PLUGIN_SCANNER env var : /home/conan/w/prod/BuildSingleReference/.conan/data/gstreamer/1.18.4/_/_/package/1f5f5d419fdfb792f06015b5de5ddcf61311d6c8/bin/gstreamer-1.0/gst-plugin-scanner gstreamer/1.18.4: Creating GSTREAMER_ROOT_X86_64 env var : /home/conan/w/prod/BuildSingleReference/.conan/data/gstreamer/1.18.4/_/_/package/1f5f5d419fdfb792f06015b5de5ddcf61311d6c8 gstreamer/1.18.4 (test package): Generator txt created conanbuildinfo.txt gstreamer/1.18.4 (test package): Calling generate() gstreamer/1.18.4 (test package): Preset 'release' added to CMakePresets.json. Invoke it manually using 'cmake --preset release' gstreamer/1.18.4 (test package): If your CMake version is not compatible with CMakePresets (<3.19) call cmake like: 'cmake -G "Unix Makefiles" -DCMAKE_TOOLCHAIN_FILE=/home/conan/w/prod/BuildSingleReference/cci-8a5cbe8d/recipes/gstreamer/all/test_package/build/Release/generators/conan_toolchain.cmake -DCMAKE_POLICY_DEFAULT_CMP0091=NEW -DCMAKE_BUILD_TYPE=Release' gstreamer/1.18.4 (test package): Aggregating env generators gstreamer/1.18.4 (test package): Generated conaninfo.txt gstreamer/1.18.4 (test package): Generated graphinfo Using lockfile: '/home/conan/w/prod/BuildSingleReference/cci-8a5cbe8d/recipes/gstreamer/all/test_package/build/Release/generators/conan.lock' Using cached profile from lockfile [HOOK - conan-center.py] pre_build(): [FPIC MANAGEMENT (KB-H007)] 'fPIC' option not found [HOOK - conan-center.py] pre_build(): [FPIC MANAGEMENT (KB-H007)] OK gstreamer/1.18.4 (test package): Calling build() gstreamer/1.18.4 (test package): CMake command: cmake -G "Unix Makefiles" -DCMAKE_TOOLCHAIN_FILE="/home/conan/w/prod/BuildSingleReference/cci-8a5cbe8d/recipes/gstreamer/all/test_package/build/Release/generators/conan_toolchain.cmake" -DCMAKE_POLICY_DEFAULT_CMP0091="NEW" -DCMAKE_BUILD_TYPE="Release" "/home/conan/w/prod/BuildSingleReference/cci-8a5cbe8d/recipes/gstreamer/all/test_package/." ----Running------ > cmake -G "Unix Makefiles" -DCMAKE_TOOLCHAIN_FILE="/home/conan/w/prod/BuildSingleReference/cci-8a5cbe8d/recipes/gstreamer/all/test_package/build/Release/generators/conan_toolchain.cmake" -DCMAKE_POLICY_DEFAULT_CMP0091="NEW" -DCMAKE_BUILD_TYPE="Release" "/home/conan/w/prod/BuildSingleReference/cci-8a5cbe8d/recipes/gstreamer/all/test_package/." ----------------- -- Using Conan toolchain: /home/conan/w/prod/BuildSingleReference/cci-8a5cbe8d/recipes/gstreamer/all/test_package/build/Release/generators/conan_toolchain.cmake -- The C compiler identification is Clang 12.0.0 -- Check for working C compiler: /usr/local/bin/clang -- Check for working C compiler: /usr/local/bin/clang -- works -- Detecting C compiler ABI info -- Detecting C compiler ABI info - done -- Detecting C compile features -- Detecting C compile features - done -- Conan: Component target declared 'gstreamer::gstreamer-1.0' -- Conan: Component target declared 'gstreamer::gstreamer-base-1.0' -- Conan: Component target declared 'gstreamer::gstreamer-controller-1.0' -- Conan: Component target declared 'gstreamer::gstreamer-net-1.0' -- Conan: Component target declared 'gstreamer::gstreamer-check-1.0' -- Conan: Target declared 'gstreamer::gstreamer' -- Conan: Component target declared 'glib::glib-2.0' -- Conan: Component target declared 'glib::gmodule-no-export-2.0' -- Conan: Component target declared 'glib::gmodule-export-2.0' -- Conan: Component target declared 'glib::gmodule-2.0' -- Conan: Component target declared 'glib::gobject-2.0' -- Conan: Component target declared 'glib::gthread-2.0' -- Conan: Component target declared 'glib::gio-2.0' -- Conan: Component target declared 'glib::gresource' -- Conan: Component target declared 'glib::gio-unix-2.0' -- Conan: Target declared 'glib::glib' -- Conan: Component target declared 'PCRE2::8BIT' -- Conan: Component target declared 'PCRE2::POSIX' -- Conan: Component target declared 'PCRE2::16BIT' -- Conan: Component target declared 'PCRE2::32BIT' -- Conan: Target declared 'pcre2::pcre2' -- Conan: Target declared 'ZLIB::ZLIB' -- Conan: Target declared 'BZip2::BZip2' -- Conan: Including build module from '/home/conan/w/prod/BuildSingleReference/.conan/data/bzip2/1.0.8/_/_/package/00c750ce60d90d17c6eb9a941db66d67f523d38f/lib/cmake/conan-official-bzip2-variables.cmake' -- Conan: Target declared 'libffi::libffi' -- Conan: Target declared 'libmount::libmount' -- Conan: Component target declared 'libselinux::sepol' -- Conan: Component target declared 'libselinux::selinux' -- Conan: Target declared 'libselinux::libselinux' -- Conan: Target declared 'libelf::libelf' -- Found PkgConfig: /usr/bin/pkg-config (found version "0.29.1") -- Checking for module 'gstreamer-1.0' -- Found gstreamer-1.0, version 1.18.4 -- Checking for module 'gstreamer-base-1.0' -- Found gstreamer-base-1.0, version 1.18.4 -- Checking for module 'gstreamer-controller-1.0' -- Found gstreamer-controller-1.0, version 1.18.4 -- Checking for module 'gstreamer-net-1.0' -- Found gstreamer-net-1.0, version 1.18.4 -- Checking for module 'gstreamer-check-1.0' -- Found gstreamer-check-1.0, version 1.18.4 -- Checking for module 'gstcoreelements' -- No package 'gstcoreelements' found -- Configuring done -- Generating done -- Build files have been written to: /home/conan/w/prod/BuildSingleReference/cci-8a5cbe8d/recipes/gstreamer/all/test_package/build/Release gstreamer/1.18.4 (test package): CMake command: cmake --build "/home/conan/w/prod/BuildSingleReference/cci-8a5cbe8d/recipes/gstreamer/all/test_package/build/Release" '--' '-j3' ----Running------ > cmake --build "/home/conan/w/prod/BuildSingleReference/cci-8a5cbe8d/recipes/gstreamer/all/test_package/build/Release" '--' '-j3' ----------------- Scanning dependencies of target test_package [ 50%] Building C object CMakeFiles/test_package.dir/test_package.c.o [100%] Linking C executable test_package [100%] Built target test_package gstreamer/1.18.4 (test package): Running test() ----Running------ > . "/home/conan/w/prod/BuildSingleReference/cci-8a5cbe8d/recipes/gstreamer/all/test_package/build/Release/generators/conanrun.sh" && timeout --kill-after=10s 5s ./test_package ----------------- GStreamer version: GStreamer 1.18.4 fakesink has been created successfully fakesrc has been created successfully CMake Warning: Manually-specified variables were not used by the project: CMAKE_POLICY_DEFAULT_CMP0091
0:00:00.000070715  3823 0xe62370 INFO   GST_INIT gst.c:586:init_pre: Initializing GStreamer Core Library version 1.18.4
0:00:00.000109040  3823 0xe62370 INFO   GST_INIT gst.c:587:init_pre: Using library installed in /home/conan/w/prod/BuildSingleReference/.conan/data/gstreamer/1.18.4/_/_/package/1f5f5d419fdfb792f06015b5de5ddcf61311d6c8/lib
0:00:00.000123306  3823 0xe62370 INFO   GST_INIT gst.c:607:init_pre: Linux jnlp-linux-clang-12-ubuntu16.04-1.59.0-6ncw3 5.10.162+ #1 SMP Wed Mar 1 09:59:00 UTC 2023 x86_64
0:00:00.000206865  3823 0xe62370 DEBUG   GST_MEMORY gstallocator.c:589:_priv_gst_allocator_initialize: memory alignment: 7
0:00:00.000294573  3823 0xe62370 TRACE   GST_REFCOUNTING gstobject.c:208:gst_object_init: 0xe64f10 new
0:00:00.000302614  3823 0xe62370 DEBUG   GST_MEMORY gstallocator.c:565:gst_allocator_sysmem_init: init allocator 0xe64f10
0:00:00.000325051  3823 0xe62370 TRACE   GST_REFCOUNTING gstobject.c:294:gst_object_ref_sink: 0xe64f10 ref_sink 1->2
0:00:00.000335445  3823 0xe62370 TRACE   GST_REFCOUNTING gstobject.c:238:gst_object_ref: 0xe64f10 ref 1->2
0:00:00.000343819  3823 0xe62370 DEBUG   GST_MEMORY gstallocator.c:207:gst_allocator_register: registering allocator 0xe64f10 with name "SystemMemory"
0:00:00.000352751  3823 0xe62370 TRACE   GST_REFCOUNTING gstobject.c:238:gst_object_ref: 0xe64f10 ref 2->3
0:00:00.000396714  3823 0xe62370 TRACE   GST_CAPS gstcaps.c:263:gst_caps_new_empty: created caps 0xe5eb60
0:00:00.000452830  3823 0xe62370 TRACE   GST_CAPS gstcaps.c:263:gst_caps_new_empty: created caps 0xe5ebe0
0:00:00.000523024  3823 0xe62370 TRACE   caps-features gstcapsfeatures.c:191:gst_caps_features_new_empty: created caps features 0xe5dd00
0:00:00.000529854  3823 0xe62370 TRACE   caps-features gstcapsfeatures.c:191:gst_caps_features_new_empty: created caps features 0xe5ee70
0:00:00.000538246  3823 0xe62370 INFO   GST_INIT gstmessage.c:129:_priv_gst_message_initialize: init messages
0:00:00.000605014  3823 0xe62370 TRACE   structure gststructure.c:287:gst_structure_new_id_empty_with_size: created structure 0xe689c0
0:00:00.000614595  3823 0xe62370 DEBUG   GST_ELEMENT_PADS gstelement.c:312:gst_element_base_class_init: type GstElement : factory (nil)
0:00:00.000657058  3823 0xe62370 TRACE   structure gststructure.c:287:gst_structure_new_id_empty_with_size: created structure 0xe69ac0
0:00:00.000663687  3823 0xe62370 TRACE   GST_PERFORMANCE gststructure.c:509:gst_structure_copy: doing copy 0xe689c0 -> 0xe69ac0
0:00:00.000670486  3823 0xe62370 DEBUG   GST_ELEMENT_PADS gstelement.c:312:gst_element_base_class_init: type GstBin : factory (nil)
0:00:00.000978481  3823 0xe62370 INFO   GST_INIT gstcontext.c:85:_priv_gst_context_initialize: init contexts
0:00:00.001157693  3823 0xe62370 INFO   GST_PLUGIN_LOADING gstplugin.c:325:_priv_gst_plugin_initialize: registering 0 static plugins
0:00:00.001177067  3823 0xe62370 LOG   GST_PLUGIN_LOADING gstplugin.c:230:gst_plugin_register_static: attempting to load static plugin "staticelements" now...
0:00:00.001188980  3823 0xe62370 TRACE   GST_REFCOUNTING gstobject.c:208:gst_object_init: 0xe79850 new
0:00:00.001199668  3823 0xe62370 LOG   GST_PLUGIN_LOADING gstplugin.c:514:gst_plugin_register_func: plugin "(NULL)" looks good
0:00:00.001217622  3823 0xe62370 TRACE   GST_REFCOUNTING gstobject.c:208:gst_object_init: 0xe79d10 new
0:00:00.001230902  3823 0xe62370 TRACE   GST_REFCOUNTING gstobject.c:294:gst_object_ref_sink: 0xe79d10 ref_sink 1->2
0:00:00.001238756  3823 0xe62370 TRACE   GST_REFCOUNTING gstobject.c:208:gst_object_init: 0xe79ed0 new
0:00:00.001248779  3823 0xe62370 LOG   GST_ELEMENT_FACTORY gstelementfactory.c:238:gst_element_register: Created new elementfactory for type GstBin
0:00:00.001257487  3823 0xe62370 TRACE   structure gststructure.c:287:gst_structure_new_id_empty_with_size: created structure 0xe7a130
0:00:00.001264374  3823 0xe62370 TRACE   GST_PERFORMANCE gststructure.c:509:gst_structure_copy: doing copy 0xe69ac0 -> 0xe7a130
0:00:00.001276637  3823 0xe62370 DEBUG   GST_REGISTRY gstregistry.c:590:gst_registry_add_feature: adding feature 0xe79ed0 (bin)
0:00:00.001283841  3823 0xe62370 DEBUG   GST_REFCOUNTING gstobject.c:709:gst_object_set_parent: set parent (ref and sink)
0:00:00.001291305  3823 0xe62370 TRACE   GST_REFCOUNTING gstobject.c:294:gst_object_ref_sink: 0xe79ed0 ref_sink 1->2
0:00:00.001297655  3823 0xe62370 LOG   GST_REGISTRY gstregistry.c:608:gst_registry_add_feature: emitting feature-added for bin
0:00:00.001308669  3823 0xe62370 TRACE   GST_REFCOUNTING gstobject.c:208:gst_object_init: 0xe7a490 new
0:00:00.001317111  3823 0xe62370 LOG   GST_ELEMENT_FACTORY gstelementfactory.c:238:gst_element_register: Created new elementfactory for type GstPipeline
0:00:00.001324446  3823 0xe62370 TRACE   structure gststructure.c:287:gst_structure_new_id_empty_with_size: created structure 0xe7a970
0:00:00.001331031  3823 0xe62370 TRACE   GST_PERFORMANCE gststructure.c:509:gst_structure_copy: doing copy 0xe69ac0 -> 0xe7a970
0:00:00.001337724  3823 0xe62370 DEBUG   GST_ELEMENT_PADS gstelement.c:312:gst_element_base_class_init: type GstPipeline : factory 0xe7a490
0:00:00.001357059  3823 0xe62370 TRACE   structure gststructure.c:287:gst_structure_new_id_empty_with_size: created structure 0xe6a6a0
0:00:00.001363408  3823 0xe62370 TRACE   GST_PERFORMANCE gststructure.c:509:gst_structure_copy: doing copy 0xe7a970 -> 0xe6a6a0
0:00:00.001370935  3823 0xe62370 DEBUG   GST_REGISTRY gstregistry.c:590:gst_registry_add_feature: adding feature 0xe7a490 (pipeline)
0:00:00.001376608  3823 0xe62370 DEBUG   GST_REFCOUNTING gstobject.c:709:gst_object_set_parent: set parent (ref and sink)
0:00:00.001383531  3823 0xe62370 TRACE   GST_REFCOUNTING gstobject.c:294:gst_object_ref_sink: 0xe7a490 ref_sink 1->2
0:00:00.001395325  3823 0xe62370 LOG   GST_REGISTRY gstregistry.c:608:gst_registry_add_feature: emitting feature-added for pipeline
0:00:00.001401222  3823 0xe62370 LOG   GST_PLUGIN_LOADING gstplugin.c:541:gst_plugin_register_func: plugin "(NULL)" initialised
0:00:00.001432376  3823 0xe62370 INFO   GST_PLUGIN_LOADING gstplugin.c:233:gst_plugin_register_static: registered static plugin "staticelements"
0:00:00.001445659  3823 0xe62370 DEBUG   GST_REGISTRY gstregistry.c:474:gst_registry_add_plugin: adding plugin 0xe79850 for filename "(NULL)"
0:00:00.001455559  3823 0xe62370 TRACE   GST_REFCOUNTING gstobject.c:294:gst_object_ref_sink: 0xe79850 ref_sink 1->2
0:00:00.001462375  3823 0xe62370 LOG   GST_REGISTRY gstregistry.c:487:gst_registry_add_plugin: emitting plugin-added for filename "(NULL)"
0:00:00.001469088  3823 0xe62370 INFO   GST_PLUGIN_LOADING gstplugin.c:235:gst_plugin_register_static: added static plugin "staticelements", result: 1
0:00:00.001484611  3823 0xe62370 INFO   GST_REGISTRY gstregistry.c:1755:ensure_current_registry: reading registry cache: /home/conan/.cache/gstreamer-1.0/registry.x86_64.bin
0:00:00.001599380  3823 0xe62370 INFO   GST_REGISTRY gstregistrybinary.c:584:priv_gst_registry_binary_read_cache: Unable to mmap file /home/conan/.cache/gstreamer-1.0/registry.x86_64.bin : Failed to open file “/home/conan/.cache/gstreamer-1.0/registry.x86_64.bin”: open() failed: No such file or directory
0:00:00.001618682  3823 0xe62370 INFO   GST_REGISTRY gstregistrybinary.c:594:priv_gst_registry_binary_read_cache: Unable to read file /home/conan/.cache/gstreamer-1.0/registry.x86_64.bin : Failed to open file “/home/conan/.cache/gstreamer-1.0/registry.x86_64.bin”: No such file or directory
0:00:00.001626341  3823 0xe62370 DEBUG   GST_REGISTRY gstregistry.c:1783:ensure_current_registry: Updating registry cache
0:00:00.001632206  3823 0xe62370 INFO   GST_REGISTRY gstregistry.c:1614:scan_and_update_registry: Validating plugins from registry cache: /home/conan/.cache/gstreamer-1.0/registry.x86_64.bin
0:00:00.001637516  3823 0xe62370 DEBUG   GST_REGISTRY gstregistry.c:1624:scan_and_update_registry: scanning paths added via --gst-plugin-path
0:00:00.001644056  3823 0xe62370 DEBUG   GST_REGISTRY gstregistry.c:1640:scan_and_update_registry: GST_PLUGIN_PATH set to /home/conan/w/prod/BuildSingleReference/.conan/data/gstreamer/1.18.4/_/_/package/1f5f5d419fdfb792f06015b5de5ddcf61311d6c8/lib/gstreamer-1.0
0:00:00.001651770  3823 0xe62370 DEBUG   GST_REGISTRY gstregistry.c:1380:gst_registry_scan_path_internal: scanning path /home/conan/w/prod/BuildSingleReference/.conan/data/gstreamer/1.18.4/_/_/package/1f5f5d419fdfb792f06015b5de5ddcf61311d6c8/lib/gstreamer-1.0
0:00:00.001693473  3823 0xe62370 LOG   GST_REGISTRY gstregistry.c:1300:gst_registry_scan_path_level: file /home/conan/w/prod/BuildSingleReference/.conan/data/gstreamer/1.18.4/_/_/package/1f5f5d419fdfb792f06015b5de5ddcf61311d6c8/lib/gstreamer-1.0/libgstcoretracers.so looks like a possible module
0:00:00.001701310  3823 0xe62370 DEBUG   GST_REGISTRY gstregistry.c:1361:gst_registry_scan_path_level: file /home/conan/w/prod/BuildSingleReference/.conan/data/gstreamer/1.18.4/_/_/package/1f5f5d419fdfb792f06015b5de5ddcf61311d6c8/lib/gstreamer-1.0/libgstcoretracers.so not yet in registry
0:00:00.001713074  3823 0xe62370 DEBUG   GST_REGISTRY gstregistry.c:1161:gst_registry_scan_plugin_file: Starting plugin scanner for file /home/conan/w/prod/BuildSingleReference/.conan/data/gstreamer/1.18.4/_/_/package/1f5f5d419fdfb792f06015b5de5ddcf61311d6c8/lib/gstreamer-1.0/libgstcoretracers.so
0:00:00.001720485  3823 0xe62370 TRACE   GST_REFCOUNTING gstobject.c:238:gst_object_ref: 0xe79d10 ref 1->2
0:00:00.001727977  3823 0xe62370 DEBUG   GST_POLL gstpoll.c:681:gst_poll_new: 0xe7bb80: new controllable : 0
0:00:00.001750663  3823 0xe62370 DEBUG   GST_POLL gstpoll.c:848:gst_poll_add_fd_unlocked: 0xe7bb80: fd (fd:4, idx:0)
0:00:00.001760226  3823 0xe62370 DEBUG   GST_POLL gstpoll.c:1015:gst_poll_fd_ctl_read_unlocked: 0xe7bb80: fd (fd:4, idx:0), active : 1
0:00:00.001767050  3823 0xe62370 DEBUG   GST_REGISTRY gstregistry.c:1172:gst_registry_scan_plugin_file: Using scan-helper to load plugin /home/conan/w/prod/BuildSingleReference/.conan/data/gstreamer/1.18.4/_/_/package/1f5f5d419fdfb792f06015b5de5ddcf61311d6c8/lib/gstreamer-1.0/libgstcoretracers.so
0:00:00.001775134  3823 0xe62370 LOG   GST_PLUGIN_LOADING gstpluginloader.c:474:gst_plugin_loader_spawn: Trying GST_PLUGIN_SCANNER env var: /home/conan/w/prod/BuildSingleReference/.conan/data/gstreamer/1.18.4/_/_/package/1f5f5d419fdfb792f06015b5de5ddcf61311d6c8/bin/gstreamer-1.0/gst-plugin-scanner
0:00:00.001782470  3823 0xe62370 LOG   GST_PLUGIN_LOADING gstpluginloader.c:432:gst_plugin_loader_try_helper: Trying to spawn gst-plugin-scanner helper at /home/conan/w/prod/BuildSingleReference/.conan/data/gstreamer/1.18.4/_/_/package/1f5f5d419fdfb792f06015b5de5ddcf61311d6c8/bin/gstreamer-1.0/gst-plugin-scanner
0:00:00.002586774  3823 0xe62370 DEBUG   GST_POLL gstpoll.c:848:gst_poll_add_fd_unlocked: 0xe7bb80: fd (fd:7, idx:-1)
0:00:00.002607945  3823 0xe62370 DEBUG   GST_POLL gstpoll.c:848:gst_poll_add_fd_unlocked: 0xe7bb80: fd (fd:8, idx:-1)
0:00:00.002614655  3823 0xe62370 DEBUG   GST_POLL gstpoll.c:1015:gst_poll_fd_ctl_read_unlocked: 0xe7bb80: fd (fd:8, idx:2), active : 1
0:00:00.002620648  3823 0xe62370 DEBUG   GST_POLL gstpoll.c:980:gst_poll_fd_ctl_write: 0xe7bb80: fd (fd:7, idx:1), active : 1
0:00:00.002626938  3823 0xe62370 LOG   GST_POLL gstpoll.c:994:gst_poll_fd_ctl_write: 0xe7bb80: pfd->events now 60 (POLLOUT:4)
0:00:00.002633555  3823 0xe62370 DEBUG   GST_POLL gstpoll.c:980:gst_poll_fd_ctl_write: 0xe7bb80: fd (fd:7, idx:1), active : 1
0:00:00.002639315  3823 0xe62370 LOG   GST_POLL gstpoll.c:994:gst_poll_fd_ctl_write: 0xe7bb80: pfd->events now 60 (POLLOUT:4)
0:00:00.002646922  3823 0xe62370 DEBUG   GST_POLL gstpoll.c:1414:gst_poll_wait: 0xe7bb80: timeout :0:00:01.000000000
0:00:00.002664235  3823 0xe62370 LOG   GST_PLUGIN_LOADING gstpluginloader.c:1028:exchange_packets: Poll res = 1. 24 bytes pending for write
0:00:00.002671345  3823 0xe62370 DEBUG   GST_POLL gstpoll.c:1241:gst_poll_fd_has_error: 0xe7bb80: fd (fd:8, idx:2) 0
0:00:00.002677385  3823 0xe62370 DEBUG   GST_POLL gstpoll.c:1266:gst_poll_fd_can_read_unlocked: 0xe7bb80: fd (fd:8, idx:2) 0
0:00:00.002689006  3823 0xe62370 DEBUG   GST_POLL gstpoll.c:1195:gst_poll_fd_has_closed: 0xe7bb80: fd (fd:8, idx:2) 0
0:00:00.002694679  3823 0xe62370 DEBUG   GST_POLL gstpoll.c:1241:gst_poll_fd_has_error: 0xe7bb80: fd (fd:7, idx:1) 0
0:00:00.002700274  3823 0xe62370 DEBUG   GST_POLL gstpoll.c:1335:gst_poll_fd_can_write: 0xe7bb80: fd (fd:7, idx:1) 1
0:00:00.002706014  3823 0xe62370 LOG   GST_PLUGIN_LOADING gstpluginloader.c:690:write_one: Writing packet of size 12 bytes to fd 7
0:00:00.002718101  3823 0xe62370 DEBUG   GST_POLL gstpoll.c:1414:gst_poll_wait: 0xe7bb80: timeout :0:00:01.000000000
0:00:00.002726124  3823 0xe62370 LOG   GST_PLUGIN_LOADING gstpluginloader.c:1028:exchange_packets: Poll res = 1. 12 bytes pending for write
0:00:00.002732192  3823 0xe62370 DEBUG   GST_POLL gstpoll.c:1241:gst_poll_fd_has_error: 0xe7bb80: fd (fd:8, idx:2) 0
0:00:00.002737675  3823 0xe62370 DEBUG   GST_POLL gstpoll.c:1266:gst_poll_fd_can_read_unlocked: 0xe7bb80: fd (fd:8, idx:2) 0
0:00:00.002743175  3823 0xe62370 DEBUG   GST_POLL gstpoll.c:1195:gst_poll_fd_has_closed: 0xe7bb80: fd (fd:8, idx:2) 0
0:00:00.002748586  3823 0xe62370 DEBUG   GST_POLL gstpoll.c:1241:gst_poll_fd_has_error: 0xe7bb80: fd (fd:7, idx:1) 0
0:00:00.002754044  3823 0xe62370 DEBUG   GST_POLL gstpoll.c:1335:gst_poll_fd_can_write: 0xe7bb80: fd (fd:7, idx:1) 1
0:00:00.002759287  3823 0xe62370 LOG   GST_PLUGIN_LOADING gstpluginloader.c:690:write_one: Writing packet of size 12 bytes to fd 7
0:00:00.002766848  3823 0xe62370 DEBUG   GST_POLL gstpoll.c:980:gst_poll_fd_ctl_write: 0xe7bb80: fd (fd:7, idx:1), active : 0
0:00:00.002772637  3823 0xe62370 LOG   GST_POLL gstpoll.c:994:gst_poll_fd_ctl_write: 0xe7bb80: pfd->events now 56 (POLLOUT:4)
0:00:00.002779088  3823 0xe62370 DEBUG   GST_POLL gstpoll.c:1414:gst_poll_wait: 0xe7bb80: timeout :0:00:01.000000000
0:00:00.000083194  3824 0x1913320 INFO   GST_INIT gst.c:586:init_pre: Initializing GStreamer Core Library version 1.18.4
0:00:00.000125962  3824 0x1913320 INFO   GST_INIT gst.c:587:init_pre: Using library installed in /home/conan/w/prod/BuildSingleReference/.conan/data/gstreamer/1.18.4/_/_/package/1f5f5d419fdfb792f06015b5de5ddcf61311d6c8/lib
0:00:00.000140002  3824 0x1913320 INFO   GST_INIT gst.c:607:init_pre: Linux jnlp-linux-clang-12-ubuntu16.04-1.59.0-6ncw3 5.10.162+ #1 SMP Wed Mar 1 09:59:00 UTC 2023 x86_64
0:00:00.000227951  3824 0x1913320 DEBUG   GST_MEMORY gstallocator.c:589:_priv_gst_allocator_initialize: memory alignment: 7
0:00:00.000303333  3824 0x1913320 TRACE   GST_REFCOUNTING gstobject.c:208:gst_object_init: 0x1915f90 new
0:00:00.000311738  3824 0x1913320 DEBUG   GST_MEMORY gstallocator.c:565:gst_allocator_sysmem_init: init allocator 0x1915f90
0:00:00.000328031  3824 0x1913320 TRACE   GST_REFCOUNTING gstobject.c:294:gst_object_ref_sink: 0x1915f90 ref_sink 1->2
0:00:00.000343959  3824 0x1913320 TRACE   GST_REFCOUNTING gstobject.c:238:gst_object_ref: 0x1915f90 ref 1->2
0:00:00.000360079  3824 0x1913320 DEBUG   GST_MEMORY gstallocator.c:207:gst_allocator_register: registering allocator 0x1915f90 with name "SystemMemory"
0:00:00.000368514  3824 0x1913320 TRACE   GST_REFCOUNTING gstobject.c:238:gst_object_ref: 0x1915f90 ref 2->3
0:00:00.000408609  3824 0x1913320 TRACE   GST_CAPS gstcaps.c:263:gst_caps_new_empty: created caps 0x190fb60
0:00:00.000415256  3824 0x1913320 TRACE   GST_CAPS gstcaps.c:263:gst_caps_new_empty: created caps 0x190fbe0
0:00:00.000432183  3824 0x1913320 TRACE   caps-features gstcapsfeatures.c:191:gst_caps_features_new_empty: created caps features 0x190ed00
0:00:00.000438305  3824 0x1913320 TRACE   caps-features gstcapsfeatures.c:191:gst_caps_features_new_empty: created caps features 0x190fe70
0:00:00.000445206  3824 0x1913320 INFO   GST_INIT gstmessage.c:129:_priv_gst_message_initialize: init messages
0:00:00.000502320  3824 0x1913320 TRACE   structure gststructure.c:287:gst_structure_new_id_empty_with_size: created structure 0x19199d0
0:00:00.000511029  3824 0x1913320 DEBUG   GST_ELEMENT_PADS gstelement.c:312:gst_element_base_class_init: type GstElement : factory (nil)
0:00:00.000544642  3824 0x1913320 TRACE   structure gststructure.c:287:gst_structure_new_id_empty_with_size: created structure 0x191aad0
0:00:00.000551665  3824 0x1913320 TRACE   GST_PERFORMANCE gststructure.c:509:gst_structure_copy: doing copy 0x19199d0 -> 0x191aad0
0:00:00.000558921  3824 0x1913320 DEBUG   GST_ELEMENT_PADS gstelement.c:312:gst_element_base_class_init: type GstBin : factory (nil)
0:00:00.000861363  3824 0x1913320 INFO   GST_INIT gstcontext.c:85:_priv_gst_context_initialize: init contexts
0:00:00.001070873  3824 0x1913320 INFO   GST_PLUGIN_LOADING gstplugin.c:325:_priv_gst_plugin_initialize: registering 0 static plugins
0:00:00.001084827  3824 0x1913320 LOG   GST_PLUGIN_LOADING gstplugin.c:230:gst_plugin_register_static: attempting to load static plugin "staticelements" now...
0:00:00.001097399  3824 0x1913320 TRACE   GST_REFCOUNTING gstobject.c:208:gst_object_init: 0x192a860 new
0:00:00.001108699  3824 0x1913320 LOG   GST_PLUGIN_LOADING gstplugin.c:514:gst_plugin_register_func: plugin "(NULL)" looks good
0:00:00.001125611  3824 0x1913320 TRACE   GST_REFCOUNTING gstobject.c:208:gst_object_init: 0x192ad20 new
0:00:00.001138970  3824 0x1913320 TRACE   GST_REFCOUNTING gstobject.c:294:gst_object_ref_sink: 0x192ad20 ref_sink 1->2
0:00:00.001147095  3824 0x1913320 TRACE   GST_REFCOUNTING gstobject.c:208:gst_object_init: 0x192aee0 new
0:00:00.001156797  3824 0x1913320 LOG   GST_ELEMENT_FACTORY gstelementfactory.c:238:gst_element_register: Created new elementfactory for type GstBin
0:00:00.001165556  3824 0x1913320 TRACE   structure gststructure.c:287:gst_structure_new_id_empty_with_size: created structure 0x192b140
0:00:00.001172982  3824 0x1913320 TRACE   GST_PERFORMANCE gststructure.c:509:gst_structure_copy: doing copy 0x191aad0 -> 0x192b140
0:00:00.001194601  3824 0x1913320 DEBUG   GST_REGISTRY gstregistry.c:590:gst_registry_add_feature: adding feature 0x192aee0 (bin)
0:00:00.001201961  3824 0x1913320 DEBUG   GST_REFCOUNTING gstobject.c:709:gst_object_set_parent: set parent (ref and sink)
0:00:00.001209359  3824 0x1913320 TRACE   GST_REFCOUNTING gstobject.c:294:gst_object_ref_sink: 0x192aee0 ref_sink 1->2
0:00:00.001216492  3824 0x1913320 LOG   GST_REGISTRY gstregistry.c:608:gst_registry_add_feature: emitting feature-added for bin
0:00:00.001228158  3824 0x1913320 TRACE   GST_REFCOUNTING gstobject.c:208:gst_object_init: 0x192b4b0 new
0:00:00.001236690  3824 0x1913320 LOG   GST_ELEMENT_FACTORY gstelementfactory.c:238:gst_element_register: Created new elementfactory for type GstPipeline
0:00:00.001244056  3824 0x1913320 TRACE   structure gststructure.c:287:gst_structure_new_id_empty_with_size: created structure 0x192b990
0:00:00.001250687  3824 0x1913320 TRACE   GST_PERFORMANCE gststructure.c:509:gst_structure_copy: doing copy 0x191aad0 -> 0x192b990
0:00:00.001257632  3824 0x1913320 DEBUG   GST_ELEMENT_PADS gstelement.c:312:gst_element_base_class_init: type GstPipeline : factory 0x192b4b0
0:00:00.001277487  3824 0x1913320 TRACE   structure gststructure.c:287:gst_structure_new_id_empty_with_size: created structure 0x191b6b0
0:00:00.001283959  3824 0x1913320 TRACE   GST_PERFORMANCE gststructure.c:509:gst_structure_copy: doing copy 0x192b990 -> 0x191b6b0
0:00:00.001291653  3824 0x1913320 DEBUG   GST_REGISTRY gstregistry.c:590:gst_registry_add_feature: adding feature 0x192b4b0 (pipeline)
0:00:00.001297551  3824 0x1913320 DEBUG   GST_REFCOUNTING gstobject.c:709:gst_object_set_parent: set parent (ref and sink)
0:00:00.001304577  3824 0x1913320 TRACE   GST_REFCOUNTING gstobject.c:294:gst_object_ref_sink: 0x192b4b0 ref_sink 1->2
0:00:00.001311105  3824 0x1913320 LOG   GST_REGISTRY gstregistry.c:608:gst_registry_add_feature: emitting feature-added for pipeline
0:00:00.001316900  3824 0x1913320 LOG   GST_PLUGIN_LOADING gstplugin.c:541:gst_plugin_register_func: plugin "(NULL)" initialised
0:00:00.001322732  3824 0x1913320 INFO   GST_PLUGIN_LOADING gstplugin.c:233:gst_plugin_register_static: registered static plugin "staticelements"
0:00:00.001329627  3824 0x1913320 DEBUG   GST_REGISTRY gstregistry.c:474:gst_registry_add_plugin: adding plugin 0x192a860 for filename "(NULL)"
0:00:00.001343037  3824 0x1913320 TRACE   GST_REFCOUNTING gstobject.c:294:gst_object_ref_sink: 0x192a860 ref_sink 1->2
0:00:00.001349676  3824 0x1913320 LOG   GST_REGISTRY gstregistry.c:487:gst_registry_add_plugin: emitting plugin-added for filename "(NULL)"
0:00:00.001356137  3824 0x1913320 INFO   GST_PLUGIN_LOADING gstplugin.c:235:gst_plugin_register_static: added static plugin "staticelements", result: 1
0:00:00.001367376  3824 0x1913320 DEBUG   GST_REGISTRY gstregistry.c:1786:ensure_current_registry: Not updating registry cache (disabled)
0:00:00.001378822  3824 0x1913320 INFO   GST_REGISTRY gstregistry.c:1790:ensure_current_registry: registry reading and updating done, result = 1
0:00:00.001383888  3824 0x1913320 LOG   GST_REGISTRY gstregistry.c:1866:gst_update_registry: registry update succeeded
0:00:00.001395293  3824 0x1913320 INFO   GST_INIT gst.c:807:init_post: GLib runtime version: 2.76.2
0:00:00.001402166  3824 0x1913320 INFO   GST_INIT gst.c:809:init_post: GLib headers version: 2.76.2
0:00:00.001407423  3824 0x1913320 INFO   GST_INIT gst.c:810:init_post: initialized GStreamer successfully
0:00:00.001413519  3824 0x1913320 DEBUG   default gsttracerutils.c:77:_priv_gst_tracing_init: Initializing GstTracer
0:00:00.001430484  3824 0x1913320 DEBUG   GST_POLL gstpoll.c:681:gst_poll_new: 0x191b820: new controllable : 0
0:00:00.001453608  3824 0x1913320 DEBUG   GST_POLL gstpoll.c:848:gst_poll_add_fd_unlocked: 0x191b820: fd (fd:3, idx:0)
0:00:00.001460749  3824 0x1913320 DEBUG   GST_POLL gstpoll.c:1015:gst_poll_fd_ctl_read_unlocked: 0x191b820: fd (fd:3, idx:0), active : 1
0:00:00.001475284  3824 0x1913320 DEBUG   GST_POLL gstpoll.c:848:gst_poll_add_fd_unlocked: 0x191b820: fd (fd:0, idx:-1)
0:00:00.001481209  3824 0x1913320 DEBUG   GST_POLL gstpoll.c:848:gst_poll_add_fd_unlocked: 0x191b820: fd (fd:5, idx:-1)
0:00:00.001487276  3824 0x1913320 DEBUG   GST_POLL gstpoll.c:1015:gst_poll_fd_ctl_read_unlocked: 0x191b820: fd (fd:5, idx:2), active : 1
0:00:00.001492392  3824 0x1913320 DEBUG   GST_PLUGIN_LOADING gstpluginloader.c:583:_gst_plugin_loader_client_run: Plugin scanner child running. Waiting for instructions
0:00:00.001500451  3824 0x1913320 DEBUG   GST_POLL gstpoll.c:1414:gst_poll_wait: 0x191b820: timeout :0:00:01.000000000
0:00:00.001512581  3824 0x1913320 LOG   GST_PLUGIN_LOADING gstpluginloader.c:1028:exchange_packets: Poll res = 1. 0 bytes pending for write
0:00:00.001519517  3824 0x1913320 DEBUG   GST_POLL gstpoll.c:1241:gst_poll_fd_has_error: 0x191b820: fd (fd:5, idx:2) 0
0:00:00.001525684  3824 0x1913320 DEBUG   GST_POLL gstpoll.c:1266:gst_poll_fd_can_read_unlocked: 0x191b820: fd (fd:5, idx:2) 1
0:00:00.001535630  3824 0x1913320 LOG   GST_PLUGIN_LOADING gstpluginloader.c:1006:read_one: No payload to read for 0 length packet type 5 tag 0
0:00:00.001542273  3824 0x1913320 DEBUG   GST_POLL gstpoll.c:980:gst_poll_fd_ctl_write: 0x191b820: fd (fd:0, idx:1), active : 1
0:00:00.001548190  3824 0x1913320 LOG   GST_POLL gstpoll.c:994:gst_poll_fd_ctl_write: 0x191b820: pfd->events now 60 (POLLOUT:4)
0:00:00.001553509  3824 0x1913320 LOG   GST_PLUGIN_LOADING gstpluginloader.c:934:handle_rx_packet: Got VERSION in child - replying 3
0:00:00.001559951  3824 0x1913320 DEBUG   GST_POLL gstpoll.c:1241:gst_poll_fd_has_error: 0x191b820: fd (fd:0, idx:1) 0
0:00:00.001565806  3824 0x1913320 DEBUG   GST_POLL gstpoll.c:1335:gst_poll_fd_can_write: 0x191b820: fd (fd:0, idx:1) 0
0:00:00.001575937  3824 0x1913320 DEBUG   GST_POLL gstpoll.c:1195:gst_poll_fd_has_closed: 0x191b820: fd (fd:0, idx:1) 0
0:00:00.001582320  3824 0x1913320 DEBUG   GST_POLL gstpoll.c:1414:gst_poll_wait: 0x191b820: timeout :0:00:01.000000000
0:00:00.001589955  3824 0x1913320 LOG   GST_PLUGIN_LOADING gstpluginloader.c:1028:exchange_packets: Poll res = 2. 80 bytes pending for write
0:00:00.001596298  3824 0x1913320 DEBUG   GST_POLL gstpoll.c:1241:gst_poll_fd_has_error: 0x191b820: fd (fd:5, idx:2) 0
0:00:00.001602054  3824 0x1913320 DEBUG   GST_POLL gstpoll.c:1266:gst_poll_fd_can_read_unlocked: 0x191b820: fd (fd:5, idx:2) 1
0:00:00.001608999  3824 0x1913320 LOG   GST_PLUGIN_LOADING gstpluginloader.c:1006:read_one: No payload to read for 0 length packet type 3 tag 0
0:00:00.001615497  3824 0x1913320 DEBUG   GST_POLL gstpoll.c:980:gst_poll_fd_ctl_write: 0x191b820: fd (fd:0, idx:1), active : 1
0:00:00.001621305  3824 0x1913320 LOG   GST_POLL gstpoll.c:994:gst_poll_fd_ctl_write: 0x191b820: pfd->events now 60 (POLLOUT:4)
0:00:00.001626020  3824 0x1913320 LOG   GST_PLUGIN_LOADING gstpluginloader.c:919:handle_rx_packet: Got SYNC in child - replying
0:00:00.001632270  3824 0x1913320 DEBUG   GST_POLL gstpoll.c:1241:gst_poll_fd_has_error: 0x191b820: fd (fd:0, idx:1) 0
0:00:00.001638171  3824 0x1913320 DEBUG   GST_POLL gstpoll.c:1335:gst_poll_fd_can_write: 0x191b820: fd (fd:0, idx:1) 1
0:00:00.001643566  3824 0x1913320 LOG   GST_PLUGIN_LOADING gstpluginloader.c:690:write_one: Writing packet of size 80 bytes to fd 0
0:00:00.001663757  3824 0x1913320 DEBUG   GST_POLL gstpoll.c:1414:gst_poll_wait: 0x191b820: timeout :0:00:01.000000000
0:00:00.001671581  3824 0x1913320 LOG   GST_PLUGIN_LOADING gstpluginloader.c:1028:exchange_packets: Poll res = 1. 12 bytes pending for write
0:00:00.001677869  3824 0x1913320 DEBUG   GST_POLL gstpoll.c:1241:gst_poll_fd_has_error: 0x191b820: fd (fd:5, idx:2) 0
0:00:00.006056471  3823 0xe62370 LOG   GST_PLUGIN_LOADING gstpluginloader.c:1028:exchange_packets: Poll res = 1. 0 bytes pending for write
0:00:00.001683392  3824 0x1913320 DEBUG   GST_POLL gstpoll.c:1266:gst_poll_fd_can_read_unlocked: 0x191b820: fd (fd:5, idx:2) 0
0:00:00.006067484  3823 0xe62370 DEBUG   GST_POLL gstpoll.c:1241:gst_poll_fd_has_error: 0xe7bb80: fd (fd:8, idx:2) 0
0:00:00.001691939  3824 0x1913320 DEBUG   GST_POLL gstpoll.c:1195:gst_poll_fd_has_closed: 0x191b820: fd (fd:5, idx:2) 0
0:00:00.006073913  3823 0xe62370 DEBUG   GST_POLL gstpoll.c:1266:gst_poll_fd_can_read_unlocked: 0xe7bb80: fd (fd:8, idx:2) 1
0:00:00.001698590  3824 0x1913320 DEBUG   GST_POLL gstpoll.c:1241:gst_poll_fd_has_error: 0x191b820: fd (fd:0, idx:1) 0
0:00:00.001704951  3824 0x1913320 DEBUG   GST_POLL gstpoll.c:1335:gst_poll_fd_can_write: 0x191b820: fd (fd:0, idx:1) 1
0:00:00.001710224  3824 0x1913320 LOG   GST_PLUGIN_LOADING gstpluginloader.c:690:write_one: Writing packet of size 12 bytes to fd 0
0:00:00.006087551  3823 0xe62370 LOG   GST_PLUGIN_LOADING gstpluginloader.c:805:check_protocol_version: Got VERSION 3 from child. Ours is 3
0:00:00.001717873  3824 0x1913320 DEBUG   GST_POLL gstpoll.c:980:gst_poll_fd_ctl_write: 0x191b820: fd (fd:0, idx:1), active : 0
0:00:00.006102608  3823 0xe62370 DEBUG   GST_POLL gstpoll.c:1414:gst_poll_wait: 0xe7bb80: timeout :0:00:01.000000000
0:00:00.001726577  3824 0x1913320 LOG   GST_POLL gstpoll.c:994:gst_poll_fd_ctl_write: 0x191b820: pfd->events now 56 (POLLOUT:4)
0:00:00.006111701  3823 0xe62370 LOG   GST_PLUGIN_LOADING gstpluginloader.c:1028:exchange_packets: Poll res = 1. 0 bytes pending for write
0:00:00.001735162  3824 0x1913320 DEBUG   GST_POLL gstpoll.c:1414:gst_poll_wait: 0x191b820: timeout :0:00:01.000000000
0:00:00.006118541  3823 0xe62370 DEBUG   GST_POLL gstpoll.c:1241:gst_poll_fd_has_error: 0xe7bb80: fd (fd:8, idx:2) 0
0:00:00.006124743  3823 0xe62370 DEBUG   GST_POLL gstpoll.c:1266:gst_poll_fd_can_read_unlocked: 0xe7bb80: fd (fd:8, idx:2) 1
0:00:00.006132362  3823 0xe62370 LOG   GST_PLUGIN_LOADING gstpluginloader.c:1006:read_one: No payload to read for 0 length packet type 3 tag 0
0:00:00.006141331  3823 0xe62370 LOG   GST_PLUGIN_LOADING gstpluginloader.c:236:plugin_loader_load: Sending file /home/conan/w/prod/BuildSingleReference/.conan/data/gstreamer/1.18.4/_/_/package/1f5f5d419fdfb792f06015b5de5ddcf61311d6c8/lib/gstreamer-1.0/libgstcoretracers.so to child. tag 0
0:00:00.006149138  3823 0xe62370 DEBUG   GST_POLL gstpoll.c:980:gst_poll_fd_ctl_write: 0xe7bb80: fd (fd:7, idx:1), active : 1
0:00:00.006155027  3823 0xe62370 LOG   GST_POLL gstpoll.c:994:gst_poll_fd_ctl_write: 0xe7bb80: pfd->events now 60 (POLLOUT:4)
0:00:00.006161365  3823 0xe62370 DEBUG   GST_POLL gstpoll.c:1414:gst_poll_wait: 0xe7bb80: timeout :0:00:01.000000000
0:00:00.006168957  3823 0xe62370 LOG   GST_PLUGIN_LOADING gstpluginloader.c:1028:exchange_packets: Poll res = 1. 173 bytes pending for write
0:00:00.006175000  3823 0xe62370 DEBUG   GST_POLL gstpoll.c:1241:gst_poll_fd_has_error: 0xe7bb80: fd (fd:8, idx:2) 0
0:00:00.006180457  3823 0xe62370 DEBUG   GST_POLL gstpoll.c:1266:gst_poll_fd_can_read_unlocked: 0xe7bb80: fd (fd:8, idx:2) 0
0:00:00.006186064  3823 0xe62370 DEBUG   GST_POLL gstpoll.c:1195:gst_poll_fd_has_closed: 0xe7bb80: fd (fd:8, idx:2) 0
0:00:00.006191851  3823 0xe62370 DEBUG   GST_POLL gstpoll.c:1241:gst_poll_fd_has_error: 0xe7bb80: fd (fd:7, idx:1) 0
0:00:00.006197331  3823 0xe62370 DEBUG   GST_POLL gstpoll.c:1335:gst_poll_fd_can_write: 0xe7bb80: fd (fd:7, idx:1) 1
0:00:00.006203062  3823 0xe62370 LOG   GST_PLUGIN_LOADING gstpluginloader.c:690:write_one: Writing packet of size 173 bytes to fd 7
0:00:00.006218754  3823 0xe62370 DEBUG   GST_POLL gstpoll.c:980:gst_poll_fd_ctl_write: 0xe7bb80: fd (fd:7, idx:1), active : 0
0:00:00.006224937  3823 0xe62370 LOG   GST_POLL gstpoll.c:994:gst_poll_fd_ctl_write: 0xe7bb80: pfd->events now 56 (POLLOUT:4)
0:00:00.001864034  3824 0x1913320 LOG   GST_PLUGIN_LOADING gstpluginloader.c:1028:exchange_packets: Poll res = 1. 0 bytes pending for write
0:00:00.006246107  3823 0xe62370 LOG   GST_REGISTRY gstregistry.c:1300:gst_registry_scan_path_level: file /home/conan/w/prod/BuildSingleReference/.conan/data/gstreamer/1.18.4/_/_/package/1f5f5d419fdfb792f06015b5de5ddcf61311d6c8/lib/gstreamer-1.0/libgstcoreelements.so looks like a possible module
0:00:00.001878443  3824 0x1913320 DEBUG   GST_POLL gstpoll.c:1241:gst_poll_fd_has_error: 0x191b820: fd (fd:5, idx:2) 0
0:00:00.006261596  3823 0xe62370 DEBUG   GST_REGISTRY gstregistry.c:1361:gst_registry_scan_path_level: file /home/conan/w/prod/BuildSingleReference/.conan/data/gstreamer/1.18.4/_/_/package/1f5f5d419fdfb792f06015b5de5ddcf61311d6c8/lib/gstreamer-1.0/libgstcoreelements.so not yet in registry
0:00:00.001885108  3824 0x1913320 DEBUG   GST_POLL gstpoll.c:1266:gst_poll_fd_can_read_unlocked: 0x191b820: fd (fd:5, idx:2) 1
0:00:00.006268711  3823 0xe62370 DEBUG   GST_REGISTRY gstregistry.c:1172:gst_registry_scan_plugin_file: Using scan-helper to load plugin /home/conan/w/prod/BuildSingleReference/.conan/data/gstreamer/1.18.4/_/_/package/1f5f5d419fdfb792f06015b5de5ddcf61311d6c8/lib/gstreamer-1.0/libgstcoreelements.so
0:00:00.001897390  3824 0x1913320 DEBUG   GST_PLUGIN_LOADING gstpluginloader.c:722:do_plugin_load: Plugin scanner loading file /home/conan/w/prod/BuildSingleReference/.conan/data/gstreamer/1.18.4/_/_/package/1f5f5d419fdfb792f06015b5de5ddcf61311d6c8/lib/gstreamer-1.0/libgstcoretracers.so. tag 0
0:00:00.006276700  3823 0xe62370 LOG   GST_PLUGIN_LOADING gstpluginloader.c:236:plugin_loader_load: Sending file /home/conan/w/prod/BuildSingleReference/.conan/data/gstreamer/1.18.4/_/_/package/1f5f5d419fdfb792f06015b5de5ddcf61311d6c8/lib/gstreamer-1.0/libgstcoreelements.so to child. tag 1
0:00:00.006285332  3823 0xe62370 DEBUG   GST_POLL gstpoll.c:980:gst_poll_fd_ctl_write: 0xe7bb80: fd (fd:7, idx:1), active : 1
0:00:00.001907688  3824 0x1913320 DEBUG   GST_PLUGIN_LOADING gstplugin.c:768:_priv_gst_plugin_load_file_for_registry: attempt to load plugin "/home/conan/w/prod/BuildSingleReference/.conan/data/gstreamer/1.18.4/_/_/package/1f5f5d419fdfb792f06015b5de5ddcf61311d6c8/lib/gstreamer-1.0/libgstcoretracers.so"
0:00:00.006291238  3823 0xe62370 LOG   GST_POLL gstpoll.c:994:gst_poll_fd_ctl_write: 0xe7bb80: pfd->events now 60 (POLLOUT:4)
0:00:00.006298571  3823 0xe62370 DEBUG   GST_POLL gstpoll.c:1414:gst_poll_wait: 0xe7bb80: timeout :0:00:01.000000000
0:00:00.006306223  3823 0xe62370 LOG   GST_PLUGIN_LOADING gstpluginloader.c:1028:exchange_packets: Poll res = 1. 174 bytes pending for write
0:00:00.006312640  3823 0xe62370 DEBUG   GST_POLL gstpoll.c:1241:gst_poll_fd_has_error: 0xe7bb80: fd (fd:8, idx:2) 0
0:00:00.006318320  3823 0xe62370 DEBUG   GST_POLL gstpoll.c:1266:gst_poll_fd_can_read_unlocked: 0xe7bb80: fd (fd:8, idx:2) 0
0:00:00.006323886  3823 0xe62370 DEBUG   GST_POLL gstpoll.c:1195:gst_poll_fd_has_closed: 0xe7bb80: fd (fd:8, idx:2) 0
0:00:00.006329347  3823 0xe62370 DEBUG   GST_POLL gstpoll.c:1241:gst_poll_fd_has_error: 0xe7bb80: fd (fd:7, idx:1) 0
0:00:00.006334866  3823 0xe62370 DEBUG   GST_POLL gstpoll.c:1335:gst_poll_fd_can_write: 0xe7bb80: fd (fd:7, idx:1) 1
0:00:00.006340177  3823 0xe62370 LOG   GST_PLUGIN_LOADING gstpluginloader.c:690:write_one: Writing packet of size 174 bytes to fd 7
0:00:00.006352011  3823 0xe62370 DEBUG   GST_POLL gstpoll.c:980:gst_poll_fd_ctl_write: 0xe7bb80: fd (fd:7, idx:1), active : 0
0:00:00.006357797  3823 0xe62370 LOG   GST_POLL gstpoll.c:994:gst_poll_fd_ctl_write: 0xe7bb80: pfd->events now 56 (POLLOUT:4)
0:00:00.006378524  3823 0xe62370 DEBUG   GST_REGISTRY gstregistry.c:1384:gst_registry_scan_path_internal: registry changed in path /home/conan/w/prod/BuildSingleReference/.conan/data/gstreamer/1.18.4/_/_/package/1f5f5d419fdfb792f06015b5de5ddcf61311d6c8/lib/gstreamer-1.0: 0
0:00:00.006386765  3823 0xe62370 DEBUG   GST_REGISTRY gstregistry.c:1659:scan_and_update_registry: GST_PLUGIN_SYSTEM_PATH not set
0:00:00.006397951  3823 0xe62370 DEBUG   GST_REGISTRY gstregistry.c:1666:scan_and_update_registry: scanning home plugins /home/conan/.local/share/gstreamer-1.0/plugins
0:00:00.006420174  3823 0xe62370 DEBUG   GST_REGISTRY gstregistry.c:1380:gst_registry_scan_path_internal: scanning path /home/conan/.local/share/gstreamer-1.0/plugins
0:00:00.006446017  3823 0xe62370 DEBUG   GST_REGISTRY gstregistry.c:1384:gst_registry_scan_path_internal: registry changed in path /home/conan/.local/share/gstreamer-1.0/plugins: 0
0:00:00.006454742  3823 0xe62370 DEBUG   GST_REGISTRY gstregistry.c:1691:scan_and_update_registry: scanning main plugins /home/conan/w/prod/BuildSingleReference/.conan/data/gstreamer/1.18.4/_/_/package/1f5f5d419fdfb792f06015b5de5ddcf61311d6c8/lib/gstreamer-1.0
0:00:00.006461205  3823 0xe62370 DEBUG   GST_REGISTRY gstregistry.c:1380:gst_registry_scan_path_internal: scanning path /home/conan/w/prod/BuildSingleReference/.conan/data/gstreamer/1.18.4/_/_/package/1f5f5d419fdfb792f06015b5de5ddcf61311d6c8/lib/gstreamer-1.0
0:00:00.006495643  3823 0xe62370 LOG   GST_REGISTRY gstregistry.c:1300:gst_registry_scan_path_level: file /home/conan/w/prod/BuildSingleReference/.conan/data/gstreamer/1.18.4/_/_/package/1f5f5d419fdfb792f06015b5de5ddcf61311d6c8/lib/gstreamer-1.0/libgstcoretracers.so looks like a possible module
0:00:00.006503255  3823 0xe62370 DEBUG   GST_REGISTRY gstregistry.c:1361:gst_registry_scan_path_level: file /home/conan/w/prod/BuildSingleReference/.conan/data/gstreamer/1.18.4/_/_/package/1f5f5d419fdfb792f06015b5de5ddcf61311d6c8/lib/gstreamer-1.0/libgstcoretracers.so not yet in registry
0:00:00.006509889  3823 0xe62370 DEBUG   GST_REGISTRY gstregistry.c:1172:gst_registry_scan_plugin_file: Using scan-helper to load plugin /home/conan/w/prod/BuildSingleReference/.conan/data/gstreamer/1.18.4/_/_/package/1f5f5d419fdfb792f06015b5de5ddcf61311d6c8/lib/gstreamer-1.0/libgstcoretracers.so
0:00:00.006517453  3823 0xe62370 LOG   GST_PLUGIN_LOADING gstpluginloader.c:236:plugin_loader_load: Sending file /home/conan/w/prod/BuildSingleReference/.conan/data/gstreamer/1.18.4/_/_/package/1f5f5d419fdfb792f06015b5de5ddcf61311d6c8/lib/gstreamer-1.0/libgstcoretracers.so to child. tag 2
0:00:00.006525092  3823 0xe62370 DEBUG   GST_POLL gstpoll.c:980:gst_poll_fd_ctl_write: 0xe7bb80: fd (fd:7, idx:1), active : 1
0:00:00.002148804  3824 0x1913320 TRACE   GST_REFCOUNTING gstobject.c:208:gst_object_init: 0x192ce90 new
0:00:00.006531435  3823 0xe62370 LOG   GST_POLL gstpoll.c:994:gst_poll_fd_ctl_write: 0xe7bb80: pfd->events now 60 (POLLOUT:4)
0:00:00.006546384  3823 0xe62370 DEBUG   GST_POLL gstpoll.c:1414:gst_poll_wait: 0xe7bb80: timeout :0:00:01.000000000
0:00:00.002171049  3824 0x1913320 LOG   GST_PLUGIN_LOADING gstplugin.c:890:_priv_gst_plugin_load_file_for_registry: Plugin 0x192ce90 for file "/home/conan/w/prod/BuildSingleReference/.conan/data/gstreamer/1.18.4/_/_/package/1f5f5d419fdfb792f06015b5de5ddcf61311d6c8/lib/gstreamer-1.0/libgstcoretracers.so" prepared, calling entry function...
0:00:00.006554888  3823 0xe62370 LOG   GST_PLUGIN_LOADING gstpluginloader.c:1028:exchange_packets: Poll res = 1. 173 bytes pending for write
0:00:00.002183206  3824 0x1913320 LOG   GST_PLUGIN_LOADING gstplugin.c:897:_priv_gst_plugin_load_file_for_registry: Plugin 0x192ce90 for file "/home/conan/w/prod/BuildSingleReference/.conan/data/gstreamer/1.18.4/_/_/package/1f5f5d419fdfb792f06015b5de5ddcf61311d6c8/lib/gstreamer-1.0/libgstcoretracers.so" prepared, registering...
0:00:00.006562026  3823 0xe62370 DEBUG   GST_POLL gstpoll.c:1241:gst_poll_fd_has_error: 0xe7bb80: fd (fd:8, idx:2) 0
0:00:00.002191221  3824 0x1913320 LOG   GST_PLUGIN_LOADING gstplugin.c:514:gst_plugin_register_func: plugin "/home/conan/w/prod/BuildSingleReference/.conan/data/gstreamer/1.18.4/_/_/package/1f5f5d419fdfb792f06015b5de5ddcf61311d6c8/lib/gstreamer-1.0/libgstcoretracers.so" looks good
0:00:00.006570541  3823 0xe62370 DEBUG   GST_POLL gstpoll.c:1266:gst_poll_fd_can_read_unlocked: 0xe7bb80: fd (fd:8, idx:2) 0
0:00:00.006579306  3823 0xe62370 DEBUG   GST_POLL gstpoll.c:1195:gst_poll_fd_has_closed: 0xe7bb80: fd (fd:8, idx:2) 0
0:00:00.006584784  3823 0xe62370 DEBUG   GST_POLL gstpoll.c:1241:gst_poll_fd_has_error: 0xe7bb80: fd (fd:7, idx:1) 0
0:00:00.006590501  3823 0xe62370 DEBUG   GST_POLL gstpoll.c:1335:gst_poll_fd_can_write: 0xe7bb80: fd (fd:7, idx:1) 1
0:00:00.002216435  3824 0x1913320 TRACE   GST_REFCOUNTING gstobject.c:208:gst_object_init: 0x192d170 new
0:00:00.006595915  3823 0xe62370 LOG   GST_PLUGIN_LOADING gstpluginloader.c:690:write_one: Writing packet of size 173 bytes to fd 7
0:00:00.002226339  3824 0x1913320 DEBUG   GST_TRACER gsttracer.c:169:gst_tracer_register: new tracer factory for latency
0:00:00.006605541  3823 0xe62370 DEBUG   GST_POLL gstpoll.c:980:gst_poll_fd_ctl_write: 0xe7bb80: fd (fd:7, idx:1), active : 0
0:00:00.006612829  3823 0xe62370 LOG   GST_POLL gstpoll.c:994:gst_poll_fd_ctl_write: 0xe7bb80: pfd->events now 56 (POLLOUT:4)
0:00:00.002235164  3824 0x1913320 DEBUG   GST_TRACER gsttracer.c:177:gst_tracer_register: tracer factory for 26388208:GstLatencyTracer
0:00:00.002245165  3824 0x1913320 DEBUG   GST_REGISTRY gstregistry.c:590:gst_registry_add_feature: adding feature 0x192d170 (latency)
0:00:00.006626030  3823 0xe62370 LOG   GST_REGISTRY gstregistry.c:1300:gst_registry_scan_path_level: file /home/conan/w/prod/BuildSingleReference/.conan/data/gstreamer/1.18.4/_/_/package/1f5f5d419fdfb792f06015b5de5ddcf61311d6c8/lib/gstreamer-1.0/libgstcoreelements.so looks like a possible module
0:00:00.002251012  3824 0x1913320 DEBUG   GST_REFCOUNTING gstobject.c:709:gst_object_set_parent: set parent (ref and sink)
0:00:00.006633366  3823 0xe62370 DEBUG   GST_REGISTRY gstregistry.c:1361:gst_registry_scan_path_level: file /home/conan/w/prod/BuildSingleReference/.conan/data/gstreamer/1.18.4/_/_/package/1f5f5d419fdfb792f06015b5de5ddcf61311d6c8/lib/gstreamer-1.0/libgstcoreelements.so not yet in registry
0:00:00.002264423  3824 0x1913320 TRACE   GST_REFCOUNTING gstobject.c:294:gst_object_ref_sink: 0x192d170 ref_sink 1->2
0:00:00.006643893  3823 0xe62370 DEBUG   GST_REGISTRY gstregistry.c:1172:gst_registry_scan_plugin_file: Using scan-helper to load plugin /home/conan/w/prod/BuildSingleReference/.conan/data/gstreamer/1.18.4/_/_/package/1f5f5d419fdfb792f06015b5de5ddcf61311d6c8/lib/gstreamer-1.0/libgstcoreelements.so
0:00:00.002271453  3824 0x1913320 LOG   GST_REGISTRY gstregistry.c:608:gst_registry_add_feature: emitting feature-added for latency
0:00:00.006651472  3823 0xe62370 LOG   GST_PLUGIN_LOADING gstpluginloader.c:236:plugin_loader_load: Sending file /home/conan/w/prod/BuildSingleReference/.conan/data/gstreamer/1.18.4/_/_/package/1f5f5d419fdfb792f06015b5de5ddcf61311d6c8/lib/gstreamer-1.0/libgstcoreelements.so to child. tag 3
0:00:00.006658885  3823 0xe62370 DEBUG   GST_POLL gstpoll.c:980:gst_poll_fd_ctl_write: 0xe7bb80: fd (fd:7, idx:1), active : 1
0:00:00.002284965  3824 0x1913320 TRACE   GST_REFCOUNTING gstobject.c:208:gst_object_init: 0x192d660 new
0:00:00.006664721  3823 0xe62370 LOG   GST_POLL gstpoll.c:994:gst_poll_fd_ctl_write: 0xe7bb80: pfd->events now 60 (POLLOUT:4)
0:00:00.002293621  3824 0x1913320 DEBUG   GST_TRACER gsttracer.c:169:gst_tracer_register: new tracer factory for log
