0:00:00.012675184  3824 0x1913320 LOG   GST_POLL gstpoll.c:994:gst_poll_fd_ctl_write: 0x191b820: pfd->events now 60 (POLLOUT:4)
0:00:00.017058108  3823 0xe62370 DEBUG   GST_REGISTRY gstregistrychunks.c:583:gst_registry_chunks_load_feature: Plugin 'coreelements' feature 'tee' typename : 'GstElementFactory'
0:00:00.012682473  3824 0x1913320 DEBUG   GST_POLL gstpoll.c:980:gst_poll_fd_ctl_write: 0x191b820: fd (fd:0, idx:1), active : 1
0:00:00.017070542  3823 0xe62370 TRACE   GST_REFCOUNTING gstobject.c:208:gst_object_init: 0xe7ff30 new
0:00:00.012694242  3824 0x1913320 LOG   GST_POLL gstpoll.c:994:gst_poll_fd_ctl_write: 0x191b820: pfd->events now 60 (POLLOUT:4)
0:00:00.017078058  3823 0xe62370 LOG   GST_REGISTRY gstregistrychunks.c:610:gst_registry_chunks_load_feature: Reading/casting for GstRegistryChunkElementFactory at address 0xe7e020
0:00:00.012702794  3824 0x1913320 DEBUG   GST_POLL gstpoll.c:980:gst_poll_fd_ctl_write: 0x191b820: fd (fd:0, idx:1), active : 1
0:00:00.017084593  3823 0xe62370 TRACE   structure gststructure.c:287:gst_structure_new_id_empty_with_size: created structure 0xe80190
0:00:00.012709196  3824 0x1913320 LOG   GST_POLL gstpoll.c:994:gst_poll_fd_ctl_write: 0x191b820: pfd->events now 60 (POLLOUT:4)
0:00:00.017090638  3823 0xe62370 DEBUG   structure gststructure.c:2203:gst_structure_parse_field: trying field name 'long-name'
0:00:00.012716594  3824 0x1913320 DEBUG   GST_POLL gstpoll.c:980:gst_poll_fd_ctl_write: 0x191b820: fd (fd:0, idx:1), active : 1
0:00:00.017096461  3823 0xe62370 DEBUG   default gstvalue.c:2676:_priv_gst_value_parse_value: trying type name 'string'
0:00:00.012722651  3824 0x1913320 LOG   GST_POLL gstpoll.c:994:gst_poll_fd_ctl_write: 0x191b820: pfd->events now 60 (POLLOUT:4)
0:00:00.017102929  3823 0xe62370 DEBUG   structure gststructure.c:2203:gst_structure_parse_field: trying field name 'klass'
0:00:00.012729040  3824 0x1913320 DEBUG   GST_POLL gstpoll.c:980:gst_poll_fd_ctl_write: 0x191b820: fd (fd:0, idx:1), active : 1
0:00:00.017108719  3823 0xe62370 DEBUG   default gstvalue.c:2676:_priv_gst_value_parse_value: trying type name 'string'
0:00:00.012735126  3824 0x1913320 LOG   GST_POLL gstpoll.c:994:gst_poll_fd_ctl_write: 0x191b820: pfd->events now 60 (POLLOUT:4)
0:00:00.017114841  3823 0xe62370 DEBUG   structure gststructure.c:2203:gst_structure_parse_field: trying field name 'description'
0:00:00.012741238  3824 0x1913320 DEBUG   GST_POLL gstpoll.c:980:gst_poll_fd_ctl_write: 0x191b820: fd (fd:0, idx:1), active : 1
0:00:00.017120664  3823 0xe62370 DEBUG   default gstvalue.c:2676:_priv_gst_value_parse_value: trying type name 'string'
0:00:00.012747146  3824 0x1913320 LOG   GST_POLL gstpoll.c:994:gst_poll_fd_ctl_write: 0x191b820: pfd->events now 60 (POLLOUT:4)
0:00:00.017126862  3823 0xe62370 DEBUG   structure gststructure.c:2203:gst_structure_parse_field: trying field name 'author'
0:00:00.012753333  3824 0x1913320 DEBUG   GST_POLL gstpoll.c:980:gst_poll_fd_ctl_write: 0x191b820: fd (fd:0, idx:1), active : 1
0:00:00.017132468  3823 0xe62370 DEBUG   default gstvalue.c:2676:_priv_gst_value_parse_value: trying type name 'string'
0:00:00.012759491  3824 0x1913320 LOG   GST_POLL gstpoll.c:994:gst_poll_fd_ctl_write: 0x191b820: pfd->events now 60 (POLLOUT:4)
0:00:00.017140005  3823 0xe62370 DEBUG   GST_REGISTRY gstregistrychunks.c:626:gst_registry_chunks_load_feature: Element factory : npadtemplates=2
0:00:00.012769735  3824 0x1913320 DEBUG   GST_POLL gstpoll.c:980:gst_poll_fd_ctl_write: 0x191b820: fd (fd:0, idx:1), active : 1
0:00:00.017149206  3823 0xe62370 DEBUG   GST_REGISTRY gstregistrychunks.c:526:gst_registry_chunks_load_pad_template: Reading/casting for GstRegistryChunkPadTemplate at address 0xe7e110
0:00:00.012775795  3824 0x1913320 LOG   GST_POLL gstpoll.c:994:gst_poll_fd_ctl_write: 0x191b820: pfd->events now 60 (POLLOUT:4)
0:00:00.017155450  3823 0xe62370 DEBUG   GST_REGISTRY gstregistrychunks.c:539:gst_registry_chunks_load_pad_template: Added pad_template src_%u
0:00:00.012781949  3824 0x1913320 DEBUG   GST_POLL gstpoll.c:980:gst_poll_fd_ctl_write: 0x191b820: fd (fd:0, idx:1), active : 1
0:00:00.017161370  3823 0xe62370 DEBUG   GST_REGISTRY gstregistrychunks.c:526:gst_registry_chunks_load_pad_template: Reading/casting for GstRegistryChunkPadTemplate at address 0xe7e128
0:00:00.012787826  3824 0x1913320 LOG   GST_POLL gstpoll.c:994:gst_poll_fd_ctl_write: 0x191b820: pfd->events now 60 (POLLOUT:4)
0:00:00.017167380  3823 0xe62370 DEBUG   GST_REGISTRY gstregistrychunks.c:539:gst_registry_chunks_load_pad_template: Added pad_template sink
0:00:00.012794075  3824 0x1913320 DEBUG   GST_POLL gstpoll.c:980:gst_poll_fd_ctl_write: 0x191b820: fd (fd:0, idx:1), active : 1
0:00:00.017174963  3823 0xe62370 DEBUG   GST_REGISTRY gstregistry.c:590:gst_registry_add_feature: adding feature 0xe7ff30 (tee)
0:00:00.012799995  3824 0x1913320 LOG   GST_POLL gstpoll.c:994:gst_poll_fd_ctl_write: 0x191b820: pfd->events now 60 (POLLOUT:4)
0:00:00.017181381  3823 0xe62370 DEBUG   GST_REFCOUNTING gstobject.c:709:gst_object_set_parent: set parent (ref and sink)
0:00:00.012806205  3824 0x1913320 DEBUG   GST_POLL gstpoll.c:980:gst_poll_fd_ctl_write: 0x191b820: fd (fd:0, idx:1), active : 1
0:00:00.017189075  3823 0xe62370 TRACE   GST_REFCOUNTING gstobject.c:294:gst_object_ref_sink: 0xe7ff30 ref_sink 1->2
0:00:00.012813004  3824 0x1913320 LOG   GST_POLL gstpoll.c:994:gst_poll_fd_ctl_write: 0x191b820: pfd->events now 60 (POLLOUT:4)
0:00:00.017196442  3823 0xe62370 LOG   GST_REGISTRY gstregistry.c:608:gst_registry_add_feature: emitting feature-added for tee
0:00:00.012821297  3824 0x1913320 DEBUG   GST_POLL gstpoll.c:980:gst_poll_fd_ctl_write: 0x191b820: fd (fd:0, idx:1), active : 1
0:00:00.017203715  3823 0xe62370 DEBUG   GST_REGISTRY gstregistrychunks.c:741:gst_registry_chunks_load_feature: Added feature tee, plugin 0xe7c200 coreelements
0:00:00.012827614  3824 0x1913320 LOG   GST_POLL gstpoll.c:994:gst_poll_fd_ctl_write: 0x191b820: pfd->events now 60 (POLLOUT:4)
0:00:00.017211132  3823 0xe62370 DEBUG   GST_REGISTRY gstregistrychunks.c:583:gst_registry_chunks_load_feature: Plugin 'coreelements' feature 'filesink' typename : 'GstElementFactory'
0:00:00.012835358  3824 0x1913320 DEBUG   GST_POLL gstpoll.c:980:gst_poll_fd_ctl_write: 0x191b820: fd (fd:0, idx:1), active : 1
0:00:00.017218587  3823 0xe62370 TRACE   GST_REFCOUNTING gstobject.c:208:gst_object_init: 0xe80390 new
0:00:00.012847220  3824 0x1913320 LOG   GST_POLL gstpoll.c:994:gst_poll_fd_ctl_write: 0x191b820: pfd->events now 60 (POLLOUT:4)
0:00:00.017227538  3823 0xe62370 LOG   GST_REGISTRY gstregistrychunks.c:610:gst_registry_chunks_load_feature: Reading/casting for GstRegistryChunkElementFactory at address 0xe7e158
0:00:00.012853611  3824 0x1913320 DEBUG   GST_POLL gstpoll.c:980:gst_poll_fd_ctl_write: 0x191b820: fd (fd:0, idx:1), active : 1
0:00:00.017234128  3823 0xe62370 TRACE   structure gststructure.c:287:gst_structure_new_id_empty_with_size: created structure 0xe80550
0:00:00.012859693  3824 0x1913320 LOG   GST_POLL gstpoll.c:994:gst_poll_fd_ctl_write: 0x191b820: pfd->events now 60 (POLLOUT:4)
0:00:00.017240173  3823 0xe62370 DEBUG   structure gststructure.c:2203:gst_structure_parse_field: trying field name 'long-name'
0:00:00.012865949  3824 0x1913320 DEBUG   GST_POLL gstpoll.c:980:gst_poll_fd_ctl_write: 0x191b820: fd (fd:0, idx:1), active : 1
0:00:00.017246101  3823 0xe62370 DEBUG   default gstvalue.c:2676:_priv_gst_value_parse_value: trying type name 'string'
0:00:00.012871995  3824 0x1913320 LOG   GST_POLL gstpoll.c:994:gst_poll_fd_ctl_write: 0x191b820: pfd->events now 60 (POLLOUT:4)
0:00:00.017252223  3823 0xe62370 DEBUG   structure gststructure.c:2203:gst_structure_parse_field: trying field name 'klass'
0:00:00.012878141  3824 0x1913320 DEBUG   GST_POLL gstpoll.c:980:gst_poll_fd_ctl_write: 0x191b820: fd (fd:0, idx:1), active : 1
0:00:00.017257935  3823 0xe62370 DEBUG   default gstvalue.c:2676:_priv_gst_value_parse_value: trying type name 'string'
0:00:00.012884097  3824 0x1913320 LOG   GST_POLL gstpoll.c:994:gst_poll_fd_ctl_write: 0x191b820: pfd->events now 60 (POLLOUT:4)
0:00:00.017264124  3823 0xe62370 DEBUG   structure gststructure.c:2203:gst_structure_parse_field: trying field name 'description'
0:00:00.012890323  3824 0x1913320 DEBUG   GST_POLL gstpoll.c:980:gst_poll_fd_ctl_write: 0x191b820: fd (fd:0, idx:1), active : 1
0:00:00.017269892  3823 0xe62370 DEBUG   default gstvalue.c:2676:_priv_gst_value_parse_value: trying type name 'string'
0:00:00.012896321  3824 0x1913320 LOG   GST_POLL gstpoll.c:994:gst_poll_fd_ctl_write: 0x191b820: pfd->events now 60 (POLLOUT:4)
0:00:00.017276195  3823 0xe62370 DEBUG   structure gststructure.c:2203:gst_structure_parse_field: trying field name 'author'
0:00:00.012902509  3824 0x1913320 DEBUG   GST_POLL gstpoll.c:980:gst_poll_fd_ctl_write: 0x191b820: fd (fd:0, idx:1), active : 1
0:00:00.017282021  3823 0xe62370 DEBUG   default gstvalue.c:2676:_priv_gst_value_parse_value: trying type name 'string'
0:00:00.012908503  3824 0x1913320 LOG   GST_POLL gstpoll.c:994:gst_poll_fd_ctl_write: 0x191b820: pfd->events now 60 (POLLOUT:4)
0:00:00.017288713  3823 0xe62370 DEBUG   GST_REGISTRY gstregistrychunks.c:626:gst_registry_chunks_load_feature: Element factory : npadtemplates=1
0:00:00.012914605  3824 0x1913320 DEBUG   GST_POLL gstpoll.c:980:gst_poll_fd_ctl_write: 0x191b820: fd (fd:0, idx:1), active : 1
0:00:00.017299218  3823 0xe62370 DEBUG   GST_REGISTRY gstregistrychunks.c:526:gst_registry_chunks_load_pad_template: Reading/casting for GstRegistryChunkPadTemplate at address 0xe7e238
0:00:00.012924499  3824 0x1913320 LOG   GST_POLL gstpoll.c:994:gst_poll_fd_ctl_write: 0x191b820: pfd->events now 60 (POLLOUT:4)
0:00:00.017305246  3823 0xe62370 DEBUG   GST_REGISTRY gstregistrychunks.c:539:gst_registry_chunks_load_pad_template: Added pad_template sink
0:00:00.012930819  3824 0x1913320 DEBUG   GST_POLL gstpoll.c:980:gst_poll_fd_ctl_write: 0x191b820: fd (fd:0, idx:1), active : 1
0:00:00.017311901  3823 0xe62370 DEBUG   GST_REGISTRY gstregistrychunks.c:639:gst_registry_chunks_load_feature: Reading 1 UriTypes at address 0xe7e249
0:00:00.012936825  3824 0x1913320 LOG   GST_POLL gstpoll.c:994:gst_poll_fd_ctl_write: 0x191b820: pfd->events now 60 (POLLOUT:4)
0:00:00.017320300  3823 0xe62370 DEBUG   GST_REGISTRY gstregistrychunks.c:654:gst_registry_chunks_load_feature: Reading 1 Interfaces at address 0xe7e259
0:00:00.012943518  3824 0x1913320 DEBUG   GST_POLL gstpoll.c:980:gst_poll_fd_ctl_write: 0x191b820: fd (fd:0, idx:1), active : 1
0:00:00.017328318  3823 0xe62370 DEBUG   GST_REGISTRY gstregistry.c:590:gst_registry_add_feature: adding feature 0xe80390 (filesink)
0:00:00.012951738  3824 0x1913320 LOG   GST_POLL gstpoll.c:994:gst_poll_fd_ctl_write: 0x191b820: pfd->events now 60 (POLLOUT:4)
0:00:00.017334846  3823 0xe62370 DEBUG   GST_REFCOUNTING gstobject.c:709:gst_object_set_parent: set parent (ref and sink)
0:00:00.012960226  3824 0x1913320 DEBUG   GST_POLL gstpoll.c:980:gst_poll_fd_ctl_write: 0x191b820: fd (fd:0, idx:1), active : 1
0:00:00.017342698  3823 0xe62370 TRACE   GST_REFCOUNTING gstobject.c:294:gst_object_ref_sink: 0xe80390 ref_sink 1->2
0:00:00.012966758  3824 0x1913320 LOG   GST_POLL gstpoll.c:994:gst_poll_fd_ctl_write: 0x191b820: pfd->events now 60 (POLLOUT:4)
0:00:00.017349636  3823 0xe62370 LOG   GST_REGISTRY gstregistry.c:608:gst_registry_add_feature: emitting feature-added for filesink
0:00:00.012974661  3824 0x1913320 DEBUG   GST_POLL gstpoll.c:980:gst_poll_fd_ctl_write: 0x191b820: fd (fd:0, idx:1), active : 1
0:00:00.017356575  3823 0xe62370 DEBUG   GST_REGISTRY gstregistrychunks.c:741:gst_registry_chunks_load_feature: Added feature filesink, plugin 0xe7c200 coreelements
0:00:00.012980703  3824 0x1913320 LOG   GST_POLL gstpoll.c:994:gst_poll_fd_ctl_write: 0x191b820: pfd->events now 60 (POLLOUT:4)
0:00:00.017363395  3823 0xe62370 DEBUG   GST_REGISTRY gstregistrychunks.c:583:gst_registry_chunks_load_feature: Plugin 'coreelements' feature 'queue2' typename : 'GstElementFactory'
0:00:00.012988377  3824 0x1913320 DEBUG   GST_POLL gstpoll.c:980:gst_poll_fd_ctl_write: 0x191b820: fd (fd:0, idx:1), active : 1
0:00:00.017370895  3823 0xe62370 TRACE   GST_REFCOUNTING gstobject.c:208:gst_object_init: 0xe80680 new
0:00:00.012994477  3824 0x1913320 LOG   GST_POLL gstpoll.c:994:gst_poll_fd_ctl_write: 0x191b820: pfd->events now 60 (POLLOUT:4)
0:00:00.017382995  3823 0xe62370 LOG   GST_REGISTRY gstregistrychunks.c:610:gst_registry_chunks_load_feature: Reading/casting for GstRegistryChunkElementFactory at address 0xe7e280
0:00:00.013007394  3824 0x1913320 DEBUG   GST_POLL gstpoll.c:980:gst_poll_fd_ctl_write: 0x191b820: fd (fd:0, idx:1), active : 1
0:00:00.017389596  3823 0xe62370 TRACE   structure gststructure.c:287:gst_structure_new_id_empty_with_size: created structure 0xe80a40
0:00:00.013014487  3824 0x1913320 LOG   GST_POLL gstpoll.c:994:gst_poll_fd_ctl_write: 0x191b820: pfd->events now 60 (POLLOUT:4)
0:00:00.017395472  3823 0xe62370 DEBUG   structure gststructure.c:2203:gst_structure_parse_field: trying field name 'long-name'
0:00:00.013020747  3824 0x1913320 DEBUG   GST_POLL gstpoll.c:980:gst_poll_fd_ctl_write: 0x191b820: fd (fd:0, idx:1), active : 1
0:00:00.017401224  3823 0xe62370 DEBUG   default gstvalue.c:2676:_priv_gst_value_parse_value: trying type name 'string'
0:00:00.013039334  3824 0x1913320 LOG   GST_POLL gstpoll.c:994:gst_poll_fd_ctl_write: 0x191b820: pfd->events now 60 (POLLOUT:4)
0:00:00.017438015  3823 0xe62370 DEBUG   structure gststructure.c:2203:gst_structure_parse_field: trying field name 'klass'
0:00:00.013065949  3824 0x1913320 DEBUG   GST_POLL gstpoll.c:980:gst_poll_fd_ctl_write: 0x191b820: fd (fd:0, idx:1), active : 1
0:00:00.017447424  3823 0xe62370 DEBUG   default gstvalue.c:2676:_priv_gst_value_parse_value: trying type name 'string'
0:00:00.013075129  3824 0x1913320 LOG   GST_POLL gstpoll.c:994:gst_poll_fd_ctl_write: 0x191b820: pfd->events now 60 (POLLOUT:4)
0:00:00.017454365  3823 0xe62370 DEBUG   structure gststructure.c:2203:gst_structure_parse_field: trying field name 'description'
0:00:00.013081775  3824 0x1913320 DEBUG   GST_POLL gstpoll.c:980:gst_poll_fd_ctl_write: 0x191b820: fd (fd:0, idx:1), active : 1
0:00:00.017460898  3823 0xe62370 DEBUG   default gstvalue.c:2676:_priv_gst_value_parse_value: trying type name 'string'
0:00:00.013088123  3824 0x1913320 LOG   GST_POLL gstpoll.c:994:gst_poll_fd_ctl_write: 0x191b820: pfd->events now 60 (POLLOUT:4)
0:00:00.017467721  3823 0xe62370 DEBUG   structure gststructure.c:2203:gst_structure_parse_field: trying field name 'author'
0:00:00.013094463  3824 0x1913320 DEBUG   GST_POLL gstpoll.c:980:gst_poll_fd_ctl_write: 0x191b820: fd (fd:0, idx:1), active : 1
0:00:00.017473594  3823 0xe62370 DEBUG   default gstvalue.c:2676:_priv_gst_value_parse_value: trying type name 'string'
0:00:00.013100661  3824 0x1913320 LOG   GST_POLL gstpoll.c:994:gst_poll_fd_ctl_write: 0x191b820: pfd->events now 60 (POLLOUT:4)
0:00:00.017481194  3823 0xe62370 DEBUG   GST_REGISTRY gstregistrychunks.c:626:gst_registry_chunks_load_feature: Element factory : npadtemplates=2
0:00:00.013107149  3824 0x1913320 DEBUG   GST_POLL gstpoll.c:980:gst_poll_fd_ctl_write: 0x191b820: fd (fd:0, idx:1), active : 1
0:00:00.017487188  3823 0xe62370 DEBUG   GST_REGISTRY gstregistrychunks.c:526:gst_registry_chunks_load_pad_template: Reading/casting for GstRegistryChunkPadTemplate at address 0xe7e370
0:00:00.013121238  3824 0x1913320 LOG   GST_POLL gstpoll.c:994:gst_poll_fd_ctl_write: 0x191b820: pfd->events now 60 (POLLOUT:4)
0:00:00.017500901  3823 0xe62370 DEBUG   GST_REGISTRY gstregistrychunks.c:539:gst_registry_chunks_load_pad_template: Added pad_template sink
0:00:00.013127686  3824 0x1913320 DEBUG   GST_POLL gstpoll.c:980:gst_poll_fd_ctl_write: 0x191b820: fd (fd:0, idx:1), active : 1
0:00:00.017506492  3823 0xe62370 DEBUG   GST_REGISTRY gstregistrychunks.c:526:gst_registry_chunks_load_pad_template: Reading/casting for GstRegistryChunkPadTemplate at address 0xe7e388
0:00:00.013133737  3824 0x1913320 LOG   GST_POLL gstpoll.c:994:gst_poll_fd_ctl_write: 0x191b820: pfd->events now 60 (POLLOUT:4)
0:00:00.017513128  3823 0xe62370 DEBUG   GST_REGISTRY gstregistrychunks.c:539:gst_registry_chunks_load_pad_template: Added pad_template src
0:00:00.013140352  3824 0x1913320 DEBUG   GST_POLL gstpoll.c:980:gst_poll_fd_ctl_write: 0x191b820: fd (fd:0, idx:1), active : 1
0:00:00.017521321  3823 0xe62370 DEBUG   GST_REGISTRY gstregistry.c:590:gst_registry_add_feature: adding feature 0xe80680 (queue2)
0:00:00.013146372  3824 0x1913320 LOG   GST_POLL gstpoll.c:994:gst_poll_fd_ctl_write: 0x191b820: pfd->events now 60 (POLLOUT:4)
0:00:00.017527713  3823 0xe62370 DEBUG   GST_REFCOUNTING gstobject.c:709:gst_object_set_parent: set parent (ref and sink)
0:00:00.013152726  3824 0x1913320 DEBUG   GST_POLL gstpoll.c:980:gst_poll_fd_ctl_write: 0x191b820: fd (fd:0, idx:1), active : 1
0:00:00.017535212  3823 0xe62370 TRACE   GST_REFCOUNTING gstobject.c:294:gst_object_ref_sink: 0xe80680 ref_sink 1->2
0:00:00.013159474  3824 0x1913320 LOG   GST_POLL gstpoll.c:994:gst_poll_fd_ctl_write: 0x191b820: pfd->events now 60 (POLLOUT:4)
0:00:00.017542012  3823 0xe62370 LOG   GST_REGISTRY gstregistry.c:608:gst_registry_add_feature: emitting feature-added for queue2
0:00:00.013167197  3824 0x1913320 DEBUG   GST_POLL gstpoll.c:980:gst_poll_fd_ctl_write: 0x191b820: fd (fd:0, idx:1), active : 1
0:00:00.017548691  3823 0xe62370 DEBUG   GST_REGISTRY gstregistrychunks.c:741:gst_registry_chunks_load_feature: Added feature queue2, plugin 0xe7c200 coreelements
0:00:00.013173084  3824 0x1913320 LOG   GST_POLL gstpoll.c:994:gst_poll_fd_ctl_write: 0x191b820: pfd->events now 60 (POLLOUT:4)
0:00:00.017555748  3823 0xe62370 DEBUG   GST_REGISTRY gstregistrychunks.c:583:gst_registry_chunks_load_feature: Plugin 'coreelements' feature 'queue' typename : 'GstElementFactory'
0:00:00.013180195  3824 0x1913320 DEBUG   GST_POLL gstpoll.c:980:gst_poll_fd_ctl_write: 0x191b820: fd (fd:0, idx:1), active : 1
0:00:00.017563411  3823 0xe62370 TRACE   GST_REFCOUNTING gstobject.c:208:gst_object_init: 0xe80bc0 new
0:00:00.013186866  3824 0x1913320 LOG   GST_POLL gstpoll.c:994:gst_poll_fd_ctl_write: 0x191b820: pfd->events now 60 (POLLOUT:4)
0:00:00.017571284  3823 0xe62370 LOG   GST_REGISTRY gstregistrychunks.c:610:gst_registry_chunks_load_feature: Reading/casting for GstRegistryChunkElementFactory at address 0xe7e3b0
0:00:00.013199062  3824 0x1913320 DEBUG   GST_POLL gstpoll.c:980:gst_poll_fd_ctl_write: 0x191b820: fd (fd:0, idx:1), active : 1
0:00:00.017578895  3823 0xe62370 TRACE   structure gststructure.c:287:gst_structure_new_id_empty_with_size: created structure 0xe80d60
0:00:00.013205034  3824 0x1913320 LOG   GST_POLL gstpoll.c:994:gst_poll_fd_ctl_write: 0x191b820: pfd->events now 60 (POLLOUT:4)
0:00:00.017584855  3823 0xe62370 DEBUG   structure gststructure.c:2203:gst_structure_parse_field: trying field name 'long-name'
0:00:00.013211340  3824 0x1913320 DEBUG   GST_POLL gstpoll.c:980:gst_poll_fd_ctl_write: 0x191b820: fd (fd:0, idx:1), active : 1
0:00:00.017590555  3823 0xe62370 DEBUG   default gstvalue.c:2676:_priv_gst_value_parse_value: trying type name 'string'
0:00:00.013217217  3824 0x1913320 LOG   GST_POLL gstpoll.c:994:gst_poll_fd_ctl_write: 0x191b820: pfd->events now 60 (POLLOUT:4)
0:00:00.017597203  3823 0xe62370 DEBUG   structure gststructure.c:2203:gst_structure_parse_field: trying field name 'klass'
0:00:00.013223358  3824 0x1913320 DEBUG   GST_POLL gstpoll.c:980:gst_poll_fd_ctl_write: 0x191b820: fd (fd:0, idx:1), active : 1
0:00:00.017602995  3823 0xe62370 DEBUG   default gstvalue.c:2676:_priv_gst_value_parse_value: trying type name 'string'
0:00:00.013229218  3824 0x1913320 LOG   GST_POLL gstpoll.c:994:gst_poll_fd_ctl_write: 0x191b820: pfd->events now 60 (POLLOUT:4)
0:00:00.017609142  3823 0xe62370 DEBUG   structure gststructure.c:2203:gst_structure_parse_field: trying field name 'description'
0:00:00.013235465  3824 0x1913320 DEBUG   GST_POLL gstpoll.c:980:gst_poll_fd_ctl_write: 0x191b820: fd (fd:0, idx:1), active : 1
0:00:00.017615005  3823 0xe62370 DEBUG   default gstvalue.c:2676:_priv_gst_value_parse_value: trying type name 'string'
0:00:00.013241220  3824 0x1913320 LOG   GST_POLL gstpoll.c:994:gst_poll_fd_ctl_write: 0x191b820: pfd->events now 60 (POLLOUT:4)
0:00:00.017621275  3823 0xe62370 DEBUG   structure gststructure.c:2203:gst_structure_parse_field: trying field name 'author'
0:00:00.013247428  3824 0x1913320 DEBUG   GST_POLL gstpoll.c:980:gst_poll_fd_ctl_write: 0x191b820: fd (fd:0, idx:1), active : 1
0:00:00.017627160  3823 0xe62370 DEBUG   default gstvalue.c:2676:_priv_gst_value_parse_value: trying type name 'string'
0:00:00.013253304  3824 0x1913320 LOG   GST_POLL gstpoll.c:994:gst_poll_fd_ctl_write: 0x191b820: pfd->events now 60 (POLLOUT:4)
0:00:00.017633575  3823 0xe62370 DEBUG   GST_REGISTRY gstregistrychunks.c:626:gst_registry_chunks_load_feature: Element factory : npadtemplates=2
0:00:00.013259370  3824 0x1913320 DEBUG   GST_POLL gstpoll.c:980:gst_poll_fd_ctl_write: 0x191b820: fd (fd:0, idx:1), active : 1
0:00:00.017639271  3823 0xe62370 DEBUG   GST_REGISTRY gstregistrychunks.c:526:gst_registry_chunks_load_pad_template: Reading/casting for GstRegistryChunkPadTemplate at address 0xe7e468
0:00:00.013268929  3824 0x1913320 LOG   GST_POLL gstpoll.c:994:gst_poll_fd_ctl_write: 0x191b820: pfd->events now 60 (POLLOUT:4)
0:00:00.017648507  3823 0xe62370 DEBUG   GST_REGISTRY gstregistrychunks.c:539:gst_registry_chunks_load_pad_template: Added pad_template sink
0:00:00.013275155  3824 0x1913320 DEBUG   GST_POLL gstpoll.c:980:gst_poll_fd_ctl_write: 0x191b820: fd (fd:0, idx:1), active : 1
0:00:00.017654246  3823 0xe62370 DEBUG   GST_REGISTRY gstregistrychunks.c:526:gst_registry_chunks_load_pad_template: Reading/casting for GstRegistryChunkPadTemplate at address 0xe7e480
0:00:00.013280985  3824 0x1913320 LOG   GST_POLL gstpoll.c:994:gst_poll_fd_ctl_write: 0x191b820: pfd->events now 60 (POLLOUT:4)
0:00:00.017660491  3823 0xe62370 DEBUG   GST_REGISTRY gstregistrychunks.c:539:gst_registry_chunks_load_pad_template: Added pad_template src
0:00:00.013287152  3824 0x1913320 DEBUG   GST_POLL gstpoll.c:980:gst_poll_fd_ctl_write: 0x191b820: fd (fd:0, idx:1), active : 1
0:00:00.017667604  3823 0xe62370 DEBUG   GST_REGISTRY gstregistry.c:590:gst_registry_add_feature: adding feature 0xe80bc0 (queue)
0:00:00.013292945  3824 0x1913320 LOG   GST_POLL gstpoll.c:994:gst_poll_fd_ctl_write: 0x191b820: pfd->events now 60 (POLLOUT:4)
0:00:00.017673994  3823 0xe62370 DEBUG   GST_REFCOUNTING gstobject.c:709:gst_object_set_parent: set parent (ref and sink)
0:00:00.013299149  3824 0x1913320 DEBUG   GST_POLL gstpoll.c:980:gst_poll_fd_ctl_write: 0x191b820: fd (fd:0, idx:1), active : 1
0:00:00.017681402  3823 0xe62370 TRACE   GST_REFCOUNTING gstobject.c:294:gst_object_ref_sink: 0xe80bc0 ref_sink 1->2
0:00:00.013305112  3824 0x1913320 LOG   GST_POLL gstpoll.c:994:gst_poll_fd_ctl_write: 0x191b820: pfd->events now 60 (POLLOUT:4)
0:00:00.017688745  3823 0xe62370 LOG   GST_REGISTRY gstregistry.c:608:gst_registry_add_feature: emitting feature-added for queue
0:00:00.013313416  3824 0x1913320 DEBUG   GST_POLL gstpoll.c:980:gst_poll_fd_ctl_write: 0x191b820: fd (fd:0, idx:1), active : 1
0:00:00.017695569  3823 0xe62370 DEBUG   GST_REGISTRY gstregistrychunks.c:741:gst_registry_chunks_load_feature: Added feature queue, plugin 0xe7c200 coreelements
0:00:00.013319682  3824 0x1913320 LOG   GST_POLL gstpoll.c:994:gst_poll_fd_ctl_write: 0x191b820: pfd->events now 60 (POLLOUT:4)
0:00:00.017702549  3823 0xe62370 DEBUG   GST_REGISTRY gstregistrychunks.c:583:gst_registry_chunks_load_feature: Plugin 'coreelements' feature 'output-selector' typename : 'GstElementFactory'
0:00:00.013326780  3824 0x1913320 DEBUG   GST_POLL gstpoll.c:980:gst_poll_fd_ctl_write: 0x191b820: fd (fd:0, idx:1), active : 1
0:00:00.017713999  3823 0xe62370 TRACE   GST_REFCOUNTING gstobject.c:208:gst_object_init: 0xe80e90 new
0:00:00.013333539  3824 0x1913320 LOG   GST_POLL gstpoll.c:994:gst_poll_fd_ctl_write: 0x191b820: pfd->events now 60 (POLLOUT:4)
0:00:00.017721573  3823 0xe62370 LOG   GST_REGISTRY gstregistrychunks.c:610:gst_registry_chunks_load_feature: Reading/casting for GstRegistryChunkElementFactory at address 0xe7e4b8
0:00:00.013350667  3824 0x1913320 DEBUG   GST_POLL gstpoll.c:980:gst_poll_fd_ctl_write: 0x191b820: fd (fd:0, idx:1), active : 1
0:00:00.017730031  3823 0xe62370 TRACE   structure gststructure.c:287:gst_structure_new_id_empty_with_size: created structure 0xe81190
0:00:00.013357077  3824 0x1913320 LOG   GST_POLL gstpoll.c:994:gst_poll_fd_ctl_write: 0x191b820: pfd->events now 60 (POLLOUT:4)
0:00:00.017736478  3823 0xe62370 DEBUG   structure gststructure.c:2203:gst_structure_parse_field: trying field name 'long-name'
0:00:00.013363546  3824 0x1913320 DEBUG   GST_POLL gstpoll.c:980:gst_poll_fd_ctl_write: 0x191b820: fd (fd:0, idx:1), active : 1
0:00:00.017742704  3823 0xe62370 DEBUG   default gstvalue.c:2676:_priv_gst_value_parse_value: trying type name 'string'
0:00:00.013369447  3824 0x1913320 LOG   GST_POLL gstpoll.c:994:gst_poll_fd_ctl_write: 0x191b820: pfd->events now 60 (POLLOUT:4)
0:00:00.017749224  3823 0xe62370 DEBUG   structure gststructure.c:2203:gst_structure_parse_field: trying field name 'klass'
0:00:00.013375640  3824 0x1913320 DEBUG   GST_POLL gstpoll.c:980:gst_poll_fd_ctl_write: 0x191b820: fd (fd:0, idx:1), active : 1
0:00:00.017754830  3823 0xe62370 DEBUG   default gstvalue.c:2676:_priv_gst_value_parse_value: trying type name 'string'
0:00:00.013381522  3824 0x1913320 LOG   GST_POLL gstpoll.c:994:gst_poll_fd_ctl_write: 0x191b820: pfd->events now 60 (POLLOUT:4)
0:00:00.017761283  3823 0xe62370 DEBUG   structure gststructure.c:2203:gst_structure_parse_field: trying field name 'description'
0:00:00.013387716  3824 0x1913320 DEBUG   GST_POLL gstpoll.c:980:gst_poll_fd_ctl_write: 0x191b820: fd (fd:0, idx:1), active : 1
0:00:00.017766944  3823 0xe62370 DEBUG   default gstvalue.c:2676:_priv_gst_value_parse_value: trying type name 'string'
0:00:00.013393675  3824 0x1913320 LOG   GST_POLL gstpoll.c:994:gst_poll_fd_ctl_write: 0x191b820: pfd->events now 60 (POLLOUT:4)
0:00:00.017773544  3823 0xe62370 DEBUG   structure gststructure.c:2203:gst_structure_parse_field: trying field name 'author'
0:00:00.013400147  3824 0x1913320 DEBUG   GST_POLL gstpoll.c:980:gst_poll_fd_ctl_write: 0x191b820: fd (fd:0, idx:1), active : 1
0:00:00.017779399  3823 0xe62370 DEBUG   default gstvalue.c:2676:_priv_gst_value_parse_value: trying type name 'string'
0:00:00.013406127  3824 0x1913320 LOG   GST_POLL gstpoll.c:994:gst_poll_fd_ctl_write: 0x191b820: pfd->events now 60 (POLLOUT:4)
0:00:00.017786056  3823 0xe62370 DEBUG   GST_REGISTRY gstregistrychunks.c:626:gst_registry_chunks_load_feature: Element factory : npadtemplates=2
0:00:00.013412374  3824 0x1913320 DEBUG   GST_POLL gstpoll.c:980:gst_poll_fd_ctl_write: 0x191b820: fd (fd:0, idx:1), active : 1
0:00:00.017791716  3823 0xe62370 DEBUG   GST_REGISTRY gstregistrychunks.c:526:gst_registry_chunks_load_pad_template: Reading/casting for GstRegistryChunkPadTemplate at address 0xe7e590
0:00:00.013418221  3824 0x1913320 LOG   GST_POLL gstpoll.c:994:gst_poll_fd_ctl_write: 0x191b820: pfd->events now 60 (POLLOUT:4)
0:00:00.017803350  3823 0xe62370 DEBUG   GST_REGISTRY gstregistrychunks.c:539:gst_registry_chunks_load_pad_template: Added pad_template src_%u
0:00:00.013429064  3824 0x1913320 DEBUG   GST_POLL gstpoll.c:980:gst_poll_fd_ctl_write: 0x191b820: fd (fd:0, idx:1), active : 1
0:00:00.017809367  3823 0xe62370 DEBUG   GST_REGISTRY gstregistrychunks.c:526:gst_registry_chunks_load_pad_template: Reading/casting for GstRegistryChunkPadTemplate at address 0xe7e5a8
0:00:00.013434993  3824 0x1913320 LOG   GST_POLL gstpoll.c:994:gst_poll_fd_ctl_write: 0x191b820: pfd->events now 60 (POLLOUT:4)
0:00:00.017815438  3823 0xe62370 DEBUG   GST_REGISTRY gstregistrychunks.c:539:gst_registry_chunks_load_pad_template: Added pad_template sink
0:00:00.013441351  3824 0x1913320 DEBUG   GST_POLL gstpoll.c:980:gst_poll_fd_ctl_write: 0x191b820: fd (fd:0, idx:1), active : 1
0:00:00.017822653  3823 0xe62370 DEBUG   GST_REGISTRY gstregistry.c:590:gst_registry_add_feature: adding feature 0xe80e90 (output-selector)
0:00:00.013447272  3824 0x1913320 LOG   GST_POLL gstpoll.c:994:gst_poll_fd_ctl_write: 0x191b820: pfd->events now 60 (POLLOUT:4)
0:00:00.017830412  3823 0xe62370 DEBUG   GST_REFCOUNTING gstobject.c:709:gst_object_set_parent: set parent (ref and sink)
0:00:00.013454202  3824 0x1913320 DEBUG   GST_POLL gstpoll.c:980:gst_poll_fd_ctl_write: 0x191b820: fd (fd:0, idx:1), active : 1
0:00:00.013462077  3824 0x1913320 LOG   GST_POLL gstpoll.c:994:gst_poll_fd_ctl_write: 0x191b820: pfd->events now 60 (POLLOUT:4)
0:00:00.017843154  3823 0xe62370 TRACE   GST_REFCOUNTING gstobject.c:294:gst_object_ref_sink: 0xe80e90 ref_sink 1->2
0:00:00.013467759  3824 0x1913320 DEBUG   GST_POLL gstpoll.c:980:gst_poll_fd_ctl_write: 0x191b820: fd (fd:0, idx:1), active : 1
0:00:00.017850744  3823 0xe62370 LOG   GST_REGISTRY gstregistry.c:608:gst_registry_add_feature: emitting feature-added for output-selector
0:00:00.013474657  3824 0x1913320 LOG   GST_POLL gstpoll.c:994:gst_poll_fd_ctl_write: 0x191b820: pfd->events now 60 (POLLOUT:4)
0:00:00.017857790  3823 0xe62370 DEBUG   GST_REGISTRY gstregistrychunks.c:741:gst_registry_chunks_load_feature: Added feature output-selector, plugin 0xe7c200 coreelements
0:00:00.013481996  3824 0x1913320 DEBUG   GST_POLL gstpoll.c:980:gst_poll_fd_ctl_write: 0x191b820: fd (fd:0, idx:1), active : 1
0:00:00.017864853  3823 0xe62370 DEBUG   GST_REGISTRY gstregistrychunks.c:583:gst_registry_chunks_load_feature: Plugin 'coreelements' feature 'input-selector' typename : 'GstElementFactory'
0:00:00.013489064  3824 0x1913320 LOG   GST_POLL gstpoll.c:994:gst_poll_fd_ctl_write: 0x191b820: pfd->events now 60 (POLLOUT:4)
0:00:00.017872533  3823 0xe62370 TRACE   GST_REFCOUNTING gstobject.c:208:gst_object_init: 0xe81430 new
0:00:00.013496162  3824 0x1913320 DEBUG   GST_POLL gstpoll.c:980:gst_poll_fd_ctl_write: 0x191b820: fd (fd:0, idx:1), active : 1
0:00:00.017880041  3823 0xe62370 LOG   GST_REGISTRY gstregistrychunks.c:610:gst_registry_chunks_load_feature: Reading/casting for GstRegistryChunkElementFactory at address 0xe7e5e0
0:00:00.013508136  3824 0x1913320 LOG   GST_POLL gstpoll.c:994:gst_poll_fd_ctl_write: 0x191b820: pfd->events now 60 (POLLOUT:4)
0:00:00.017888321  3823 0xe62370 TRACE   structure gststructure.c:287:gst_structure_new_id_empty_with_size: created structure 0xe817a0
0:00:00.013514411  3824 0x1913320 DEBUG   GST_POLL gstpoll.c:980:gst_poll_fd_ctl_write: 0x191b820: fd (fd:0, idx:1), active : 1
0:00:00.017894331  3823 0xe62370 DEBUG   structure gststructure.c:2203:gst_structure_parse_field: trying field name 'long-name'
0:00:00.013520310  3824 0x1913320 LOG   GST_POLL gstpoll.c:994:gst_poll_fd_ctl_write: 0x191b820: pfd->events now 60 (POLLOUT:4)
0:00:00.017900032  3823 0xe62370 DEBUG   default gstvalue.c:2676:_priv_gst_value_parse_value: trying type name 'string'
0:00:00.013526507  3824 0x1913320 DEBUG   GST_POLL gstpoll.c:980:gst_poll_fd_ctl_write: 0x191b820: fd (fd:0, idx:1), active : 1
0:00:00.017906393  3823 0xe62370 DEBUG   structure gststructure.c:2203:gst_structure_parse_field: trying field name 'klass'
0:00:00.013532379  3824 0x1913320 LOG   GST_POLL gstpoll.c:994:gst_poll_fd_ctl_write: 0x191b820: pfd->events now 60 (POLLOUT:4)
0:00:00.017912012  3823 0xe62370 DEBUG   default gstvalue.c:2676:_priv_gst_value_parse_value: trying type name 'string'
0:00:00.013538519  3824 0x1913320 DEBUG   GST_POLL gstpoll.c:980:gst_poll_fd_ctl_write: 0x191b820: fd (fd:0, idx:1), active : 1
0:00:00.017918297  3823 0xe62370 DEBUG   structure gststructure.c:2203:gst_structure_parse_field: trying field name 'description'
0:00:00.013544413  3824 0x1913320 LOG   GST_POLL gstpoll.c:994:gst_poll_fd_ctl_write: 0x191b820: pfd->events now 60 (POLLOUT:4)
0:00:00.017924010  3823 0xe62370 DEBUG   default gstvalue.c:2676:_priv_gst_value_parse_value: trying type name 'string'
0:00:00.013550558  3824 0x1913320 DEBUG   GST_POLL gstpoll.c:980:gst_poll_fd_ctl_write: 0x191b820: fd (fd:0, idx:1), active : 1
0:00:00.017930153  3823 0xe62370 DEBUG   structure gststructure.c:2203:gst_structure_parse_field: trying field name 'author'
0:00:00.013556379  3824 0x1913320 LOG   GST_POLL gstpoll.c:994:gst_poll_fd_ctl_write: 0x191b820: pfd->events now 60 (POLLOUT:4)
0:00:00.017935704  3823 0xe62370 DEBUG   default gstvalue.c:2676:_priv_gst_value_parse_value: trying type name 'string'
0:00:00.013562774  3824 0x1913320 LOG   GST_PLUGIN_LOADING gstpluginloader.c:646:put_chunk: Expanding tx buf from 10158 to 13209 for chunk of size 209
0:00:00.017942976  3823 0xe62370 DEBUG   GST_REGISTRY gstregistrychunks.c:626:gst_registry_chunks_load_feature: Element factory : npadtemplates=2
0:00:00.017948709  3823 0xe62370 DEBUG   GST_REGISTRY gstregistrychunks.c:526:gst_registry_chunks_load_pad_template: Reading/casting for GstRegistryChunkPadTemplate at address 0xe7e710
0:00:00.013579883  3824 0x1913320 DEBUG   GST_POLL gstpoll.c:980:gst_poll_fd_ctl_write: 0x191b820: fd (fd:0, idx:1), active : 1
0:00:00.017958324  3823 0xe62370 DEBUG   GST_REGISTRY gstregistrychunks.c:539:gst_registry_chunks_load_pad_template: Added pad_template src
0:00:00.013586397  3824 0x1913320 LOG   GST_POLL gstpoll.c:994:gst_poll_fd_ctl_write: 0x191b820: pfd->events now 60 (POLLOUT:4)
0:00:00.017965737  3823 0xe62370 DEBUG   GST_REGISTRY gstregistrychunks.c:526:gst_registry_chunks_load_pad_template: Reading/casting for GstRegistryChunkPadTemplate at address 0xe7e720
0:00:00.013592779  3824 0x1913320 DEBUG   GST_POLL gstpoll.c:980:gst_poll_fd_ctl_write: 0x191b820: fd (fd:0, idx:1), active : 1
0:00:00.017971807  3823 0xe62370 DEBUG   GST_REGISTRY gstregistrychunks.c:539:gst_registry_chunks_load_pad_template: Added pad_template sink_%u
0:00:00.013598906  3824 0x1913320 LOG   GST_POLL gstpoll.c:994:gst_poll_fd_ctl_write: 0x191b820: pfd->events now 60 (POLLOUT:4)
0:00:00.017979746  3823 0xe62370 DEBUG   GST_REGISTRY gstregistry.c:590:gst_registry_add_feature: adding feature 0xe81430 (input-selector)
0:00:00.013605212  3824 0x1913320 DEBUG   GST_POLL gstpoll.c:980:gst_poll_fd_ctl_write: 0x191b820: fd (fd:0, idx:1), active : 1
0:00:00.017986058  3823 0xe62370 DEBUG   GST_REFCOUNTING gstobject.c:709:gst_object_set_parent: set parent (ref and sink)
0:00:00.013611210  3824 0x1913320 LOG   GST_POLL gstpoll.c:994:gst_poll_fd_ctl_write: 0x191b820: pfd->events now 60 (POLLOUT:4)
0:00:00.017993524  3823 0xe62370 TRACE   GST_REFCOUNTING gstobject.c:294:gst_object_ref_sink: 0xe81430 ref_sink 1->2
0:00:00.013617786  3824 0x1913320 DEBUG   GST_POLL gstpoll.c:980:gst_poll_fd_ctl_write: 0x191b820: fd (fd:0, idx:1), active : 1
0:00:00.018000303  3823 0xe62370 LOG   GST_REGISTRY gstregistry.c:608:gst_registry_add_feature: emitting feature-added for input-selector
0:00:00.013625144  3824 0x1913320 LOG   GST_POLL gstpoll.c:994:gst_poll_fd_ctl_write: 0x191b820: pfd->events now 60 (POLLOUT:4)
0:00:00.018007489  3823 0xe62370 DEBUG   GST_REGISTRY gstregistrychunks.c:741:gst_registry_chunks_load_feature: Added feature input-selector, plugin 0xe7c200 coreelements
0:00:00.013631630  3824 0x1913320 DEBUG   GST_POLL gstpoll.c:980:gst_poll_fd_ctl_write: 0x191b820: fd (fd:0, idx:1), active : 1
0:00:00.018014710  3823 0xe62370 DEBUG   GST_REGISTRY gstregistrychunks.c:583:gst_registry_chunks_load_feature: Plugin 'coreelements' feature 'identity' typename : 'GstElementFactory'
0:00:00.013638723  3824 0x1913320 LOG   GST_POLL gstpoll.c:994:gst_poll_fd_ctl_write: 0x191b820: pfd->events now 60 (POLLOUT:4)
0:00:00.018021862  3823 0xe62370 TRACE   GST_REFCOUNTING gstobject.c:208:gst_object_init: 0xe81a20 new
0:00:00.013646282  3824 0x1913320 DEBUG   GST_POLL gstpoll.c:980:gst_poll_fd_ctl_write: 0x191b820: fd (fd:0, idx:1), active : 1
0:00:00.018029331  3823 0xe62370 LOG   GST_REGISTRY gstregistrychunks.c:610:gst_registry_chunks_load_feature: Reading/casting for GstRegistryChunkElementFactory at address 0xe7e750
0:00:00.013653686  3824 0x1913320 LOG   GST_POLL gstpoll.c:994:gst_poll_fd_ctl_write: 0x191b820: pfd->events now 60 (POLLOUT:4)
0:00:00.018040150  3823 0xe62370 TRACE   structure gststructure.c:287:gst_structure_new_id_empty_with_size: created structure 0xe81b10
0:00:00.013665284  3824 0x1913320 DEBUG   GST_POLL gstpoll.c:980:gst_poll_fd_ctl_write: 0x191b820: fd (fd:0, idx:1), active : 1
0:00:00.018046062  3823 0xe62370 DEBUG   structure gststructure.c:2203:gst_structure_parse_field: trying field name 'long-name'
0:00:00.013671315  3824 0x1913320 LOG   GST_POLL gstpoll.c:994:gst_poll_fd_ctl_write: 0x191b820: pfd->events now 60 (POLLOUT:4)
0:00:00.018051946  3823 0xe62370 DEBUG   default gstvalue.c:2676:_priv_gst_value_parse_value: trying type name 'string'
0:00:00.013677521  3824 0x1913320 DEBUG   GST_POLL gstpoll.c:980:gst_poll_fd_ctl_write: 0x191b820: fd (fd:0, idx:1), active : 1
0:00:00.018058247  3823 0xe62370 DEBUG   structure gststructure.c:2203:gst_structure_parse_field: trying field name 'klass'
0:00:00.013683402  3824 0x1913320 LOG   GST_POLL gstpoll.c:994:gst_poll_fd_ctl_write: 0x191b820: pfd->events now 60 (POLLOUT:4)
0:00:00.018063926  3823 0xe62370 DEBUG   default gstvalue.c:2676:_priv_gst_value_parse_value: trying type name 'string'
0:00:00.013689530  3824 0x1913320 DEBUG   GST_POLL gstpoll.c:980:gst_poll_fd_ctl_write: 0x191b820: fd (fd:0, idx:1), active : 1
0:00:00.018069987  3823 0xe62370 DEBUG   structure gststructure.c:2203:gst_structure_parse_field: trying field name 'description'
0:00:00.013695382  3824 0x1913320 LOG   GST_POLL gstpoll.c:994:gst_poll_fd_ctl_write: 0x191b820: pfd->events now 60 (POLLOUT:4)
0:00:00.018075719  3823 0xe62370 DEBUG   default gstvalue.c:2676:_priv_gst_value_parse_value: trying type name 'string'
0:00:00.013701545  3824 0x1913320 DEBUG   GST_POLL gstpoll.c:980:gst_poll_fd_ctl_write: 0x191b820: fd (fd:0, idx:1), active : 1
0:00:00.018081811  3823 0xe62370 DEBUG   structure gststructure.c:2203:gst_structure_parse_field: trying field name 'author'
0:00:00.013707420  3824 0x1913320 LOG   GST_POLL gstpoll.c:994:gst_poll_fd_ctl_write: 0x191b820: pfd->events now 60 (POLLOUT:4)
0:00:00.018087430  3823 0xe62370 DEBUG   default gstvalue.c:2676:_priv_gst_value_parse_value: trying type name 'string'
0:00:00.013713573  3824 0x1913320 DEBUG   GST_POLL gstpoll.c:980:gst_poll_fd_ctl_write: 0x191b820: fd (fd:0, idx:1), active : 1
0:00:00.018093729  3823 0xe62370 DEBUG   GST_REGISTRY gstregistrychunks.c:626:gst_registry_chunks_load_feature: Element factory : npadtemplates=2
0:00:00.013719477  3824 0x1913320 LOG   GST_POLL gstpoll.c:994:gst_poll_fd_ctl_write: 0x191b820: pfd->events now 60 (POLLOUT:4)
0:00:00.018099385  3823 0xe62370 DEBUG   GST_REGISTRY gstregistrychunks.c:526:gst_registry_chunks_load_pad_template: Reading/casting for GstRegistryChunkPadTemplate at address 0xe7e820
0:00:00.013725659  3824 0x1913320 DEBUG   GST_POLL gstpoll.c:980:gst_poll_fd_ctl_write: 0x191b820: fd (fd:0, idx:1), active : 1
0:00:00.018105267  3823 0xe62370 DEBUG   GST_REGISTRY gstregistrychunks.c:539:gst_registry_chunks_load_pad_template: Added pad_template sink
0:00:00.013736296  3824 0x1913320 LOG   GST_POLL gstpoll.c:994:gst_poll_fd_ctl_write: 0x191b820: pfd->events now 60 (POLLOUT:4)
0:00:00.018115709  3823 0xe62370 DEBUG   GST_REGISTRY gstregistrychunks.c:526:gst_registry_chunks_load_pad_template: Reading/casting for GstRegistryChunkPadTemplate at address 0xe7e838
0:00:00.013742738  3824 0x1913320 DEBUG   GST_POLL gstpoll.c:980:gst_poll_fd_ctl_write: 0x191b820: fd (fd:0, idx:1), active : 1
0:00:00.018122156  3823 0xe62370 DEBUG   GST_REGISTRY gstregistrychunks.c:539:gst_registry_chunks_load_pad_template: Added pad_template src
0:00:00.013748563  3824 0x1913320 LOG   GST_POLL gstpoll.c:994:gst_poll_fd_ctl_write: 0x191b820: pfd->events now 60 (POLLOUT:4)
0:00:00.018129487  3823 0xe62370 DEBUG   GST_REGISTRY gstregistry.c:590:gst_registry_add_feature: adding feature 0xe81a20 (identity)
0:00:00.013754665  3824 0x1913320 DEBUG   GST_POLL gstpoll.c:980:gst_poll_fd_ctl_write: 0x191b820: fd (fd:0, idx:1), active : 1
0:00:00.018135461  3823 0xe62370 DEBUG   GST_REFCOUNTING gstobject.c:709:gst_object_set_parent: set parent (ref and sink)
0:00:00.013760495  3824 0x1913320 LOG   GST_POLL gstpoll.c:994:gst_poll_fd_ctl_write: 0x191b820: pfd->events now 60 (POLLOUT:4)
0:00:00.018142841  3823 0xe62370 TRACE   GST_REFCOUNTING gstobject.c:294:gst_object_ref_sink: 0xe81a20 ref_sink 1->2
0:00:00.013767218  3824 0x1913320 DEBUG   GST_POLL gstpoll.c:980:gst_poll_fd_ctl_write: 0x191b820: fd (fd:0, idx:1), active : 1
0:00:00.018149529  3823 0xe62370 LOG   GST_REGISTRY gstregistry.c:608:gst_registry_add_feature: emitting feature-added for identity
0:00:00.013774322  3824 0x1913320 LOG   GST_POLL gstpoll.c:994:gst_poll_fd_ctl_write: 0x191b820: pfd->events now 60 (POLLOUT:4)
0:00:00.018156453  3823 0xe62370 DEBUG   GST_REGISTRY gstregistrychunks.c:741:gst_registry_chunks_load_feature: Added feature identity, plugin 0xe7c200 coreelements
0:00:00.013780866  3824 0x1913320 DEBUG   GST_POLL gstpoll.c:980:gst_poll_fd_ctl_write: 0x191b820: fd (fd:0, idx:1), active : 1
0:00:00.018163526  3823 0xe62370 DEBUG   GST_REGISTRY gstregistrychunks.c:583:gst_registry_chunks_load_feature: Plugin 'coreelements' feature 'funnel' typename : 'GstElementFactory'
0:00:00.013787886  3824 0x1913320 LOG   GST_POLL gstpoll.c:994:gst_poll_fd_ctl_write: 0x191b820: pfd->events now 60 (POLLOUT:4)
0:00:00.018170746  3823 0xe62370 TRACE   GST_REFCOUNTING gstobject.c:208:gst_object_init: 0xe81d90 new
0:00:00.013794970  3824 0x1913320 DEBUG   GST_POLL gstpoll.c:980:gst_poll_fd_ctl_write: 0x191b820: fd (fd:0, idx:1), active : 1
0:00:00.018177883  3823 0xe62370 LOG   GST_REGISTRY gstregistrychunks.c:610:gst_registry_chunks_load_feature: Reading/casting for GstRegistryChunkElementFactory at address 0xe7e868
0:00:00.013802398  3824 0x1913320 LOG   GST_POLL gstpoll.c:994:gst_poll_fd_ctl_write: 0x191b820: pfd->events now 60 (POLLOUT:4)
0:00:00.018187424  3823 0xe62370 TRACE   structure gststructure.c:287:gst_structure_new_id_empty_with_size: created structure 0xe81f50
0:00:00.013813606  3824 0x1913320 DEBUG   GST_POLL gstpoll.c:980:gst_poll_fd_ctl_write: 0x191b820: fd (fd:0, idx:1), active : 1
0:00:00.018193695  3823 0xe62370 DEBUG   structure gststructure.c:2203:gst_structure_parse_field: trying field name 'long-name'
0:00:00.013819634  3824 0x1913320 LOG   GST_POLL gstpoll.c:994:gst_poll_fd_ctl_write: 0x191b820: pfd->events now 60 (POLLOUT:4)
0:00:00.018199455  3823 0xe62370 DEBUG   default gstvalue.c:2676:_priv_gst_value_parse_value: trying type name 'string'
0:00:00.013825740  3824 0x1913320 DEBUG   GST_POLL gstpoll.c:980:gst_poll_fd_ctl_write: 0x191b820: fd (fd:0, idx:1), active : 1
0:00:00.018205455  3823 0xe62370 DEBUG   structure gststructure.c:2203:gst_structure_parse_field: trying field name 'klass'
0:00:00.013831557  3824 0x1913320 LOG   GST_POLL gstpoll.c:994:gst_poll_fd_ctl_write: 0x191b820: pfd->events now 60 (POLLOUT:4)
0:00:00.018211214  3823 0xe62370 DEBUG   default gstvalue.c:2676:_priv_gst_value_parse_value: trying type name 'string'
0:00:00.013838788  3824 0x1913320 DEBUG   GST_POLL gstpoll.c:980:gst_poll_fd_ctl_write: 0x191b820: fd (fd:0, idx:1), active : 1
0:00:00.018217472  3823 0xe62370 DEBUG   structure gststructure.c:2203:gst_structure_parse_field: trying field name 'description'
0:00:00.013845923  3824 0x1913320 LOG   GST_POLL gstpoll.c:994:gst_poll_fd_ctl_write: 0x191b820: pfd->events now 60 (POLLOUT:4)
0:00:00.018225383  3823 0xe62370 DEBUG   default gstvalue.c:2676:_priv_gst_value_parse_value: trying type name 'string'
0:00:00.013852114  3824 0x1913320 DEBUG   GST_POLL gstpoll.c:980:gst_poll_fd_ctl_write: 0x191b820: fd (fd:0, idx:1), active : 1
0:00:00.018231553  3823 0xe62370 DEBUG   structure gststructure.c:2203:gst_structure_parse_field: trying field name 'author'
0:00:00.013858068  3824 0x1913320 LOG   GST_POLL gstpoll.c:994:gst_poll_fd_ctl_write: 0x191b820: pfd->events now 60 (POLLOUT:4)
0:00:00.018237399  3823 0xe62370 DEBUG   default gstvalue.c:2676:_priv_gst_value_parse_value: trying type name 'string'
0:00:00.013864278  3824 0x1913320 DEBUG   GST_POLL gstpoll.c:980:gst_poll_fd_ctl_write: 0x191b820: fd (fd:0, idx:1), active : 1
0:00:00.018244315  3823 0xe62370 DEBUG   GST_REGISTRY gstregistrychunks.c:626:gst_registry_chunks_load_feature: Element factory : npadtemplates=2
0:00:00.013870121  3824 0x1913320 LOG   GST_POLL gstpoll.c:994:gst_poll_fd_ctl_write: 0x191b820: pfd->events now 60 (POLLOUT:4)
0:00:00.018250005  3823 0xe62370 DEBUG   GST_REGISTRY gstregistrychunks.c:526:gst_registry_chunks_load_pad_template: Reading/casting for GstRegistryChunkPadTemplate at address 0xe7e940
0:00:00.013876141  3824 0x1913320 DEBUG   GST_POLL gstpoll.c:980:gst_poll_fd_ctl_write: 0x191b820: fd (fd:0, idx:1), active : 1
0:00:00.018255979  3823 0xe62370 DEBUG   GST_REGISTRY gstregistrychunks.c:539:gst_registry_chunks_load_pad_template: Added pad_template src
0:00:00.013882144  3824 0x1913320 LOG   GST_POLL gstpoll.c:994:gst_poll_fd_ctl_write: 0x191b820: pfd->events now 60 (POLLOUT:4)
0:00:00.018266121  3823 0xe62370 DEBUG   GST_REGISTRY gstregistrychunks.c:526:gst_registry_chunks_load_pad_template: Reading/casting for GstRegistryChunkPadTemplate at address 0xe7e950
0:00:00.013891603  3824 0x1913320 DEBUG   GST_POLL gstpoll.c:980:gst_poll_fd_ctl_write: 0x191b820: fd (fd:0, idx:1), active : 1
0:00:00.018272268  3823 0xe62370 DEBUG   GST_REGISTRY gstregistrychunks.c:539:gst_registry_chunks_load_pad_template: Added pad_template sink_%u
0:00:00.013897332  3824 0x1913320 LOG   GST_POLL gstpoll.c:994:gst_poll_fd_ctl_write: 0x191b820: pfd->events now 60 (POLLOUT:4)
0:00:00.018279770  3823 0xe62370 DEBUG   GST_REGISTRY gstregistry.c:590:gst_registry_add_feature: adding feature 0xe81d90 (funnel)
0:00:00.013903402  3824 0x1913320 DEBUG   GST_POLL gstpoll.c:980:gst_poll_fd_ctl_write: 0x191b820: fd (fd:0, idx:1), active : 1
0:00:00.018285874  3823 0xe62370 DEBUG   GST_REFCOUNTING gstobject.c:709:gst_object_set_parent: set parent (ref and sink)
0:00:00.013910763  3824 0x1913320 LOG   GST_POLL gstpoll.c:994:gst_poll_fd_ctl_write: 0x191b820: pfd->events now 60 (POLLOUT:4)
0:00:00.018293312  3823 0xe62370 TRACE   GST_REFCOUNTING gstobject.c:294:gst_object_ref_sink: 0xe81d90 ref_sink 1->2
0:00:00.013917595  3824 0x1913320 DEBUG   GST_POLL gstpoll.c:980:gst_poll_fd_ctl_write: 0x191b820: fd (fd:0, idx:1), active : 1
0:00:00.018299976  3823 0xe62370 LOG   GST_REGISTRY gstregistry.c:608:gst_registry_add_feature: emitting feature-added for funnel
0:00:00.013924677  3824 0x1913320 LOG   GST_POLL gstpoll.c:994:gst_poll_fd_ctl_write: 0x191b820: pfd->events now 60 (POLLOUT:4)
0:00:00.018306783  3823 0xe62370 DEBUG   GST_REGISTRY gstregistrychunks.c:741:gst_registry_chunks_load_feature: Added feature funnel, plugin 0xe7c200 coreelements
0:00:00.013931292  3824 0x1913320 DEBUG   GST_POLL gstpoll.c:980:gst_poll_fd_ctl_write: 0x191b820: fd (fd:0, idx:1), active : 1
0:00:00.018313752  3823 0xe62370 DEBUG   GST_REGISTRY gstregistrychunks.c:583:gst_registry_chunks_load_feature: Plugin 'coreelements' feature 'filesrc' typename : 'GstElementFactory'
0:00:00.013938077  3824 0x1913320 LOG   GST_POLL gstpoll.c:994:gst_poll_fd_ctl_write: 0x191b820: pfd->events now 60 (POLLOUT:4)
0:00:00.018320782  3823 0xe62370 TRACE   GST_REFCOUNTING gstobject.c:208:gst_object_init: 0xe81c90 new
0:00:00.013945060  3824 0x1913320 DEBUG   GST_POLL gstpoll.c:980:gst_poll_fd_ctl_write: 0x191b820: fd (fd:0, idx:1), active : 1
0:00:00.018327974  3823 0xe62370 LOG   GST_REGISTRY gstregistrychunks.c:610:gst_registry_chunks_load_feature: Reading/casting for GstRegistryChunkElementFactory at address 0xe7e980
0:00:00.013952116  3824 0x1913320 LOG   GST_POLL gstpoll.c:994:gst_poll_fd_ctl_write: 0x191b820: pfd->events now 60 (POLLOUT:4)
0:00:00.018334308  3823 0xe62370 TRACE   structure gststructure.c:287:gst_structure_new_id_empty_with_size: created structure 0xe822c0
0:00:00.013963676  3824 0x1913320 DEBUG   GST_POLL gstpoll.c:980:gst_poll_fd_ctl_write: 0x191b820: fd (fd:0, idx:1), active : 1
0:00:00.018343197  3823 0xe62370 DEBUG   structure gststructure.c:2203:gst_structure_parse_field: trying field name 'long-name'
0:00:00.013969603  3824 0x1913320 LOG   GST_POLL gstpoll.c:994:gst_poll_fd_ctl_write: 0x191b820: pfd->events now 60 (POLLOUT:4)
0:00:00.018348949  3823 0xe62370 DEBUG   default gstvalue.c:2676:_priv_gst_value_parse_value: trying type name 'string'
0:00:00.013975655  3824 0x1913320 DEBUG   GST_POLL gstpoll.c:980:gst_poll_fd_ctl_write: 0x191b820: fd (fd:0, idx:1), active : 1
0:00:00.018355285  3823 0xe62370 DEBUG   structure gststructure.c:2203:gst_structure_parse_field: trying field name 'klass'
0:00:00.013981486  3824 0x1913320 LOG   GST_POLL gstpoll.c:994:gst_poll_fd_ctl_write: 0x191b820: pfd->events now 60 (POLLOUT:4)
0:00:00.018361058  3823 0xe62370 DEBUG   default gstvalue.c:2676:_priv_gst_value_parse_value: trying type name 'string'
0:00:00.013987717  3824 0x1913320 DEBUG   GST_POLL gstpoll.c:980:gst_poll_fd_ctl_write: 0x191b820: fd (fd:0, idx:1), active : 1
0:00:00.018367571  3823 0xe62370 DEBUG   structure gststructure.c:2203:gst_structure_parse_field: trying field name 'description'
0:00:00.013993648  3824 0x1913320 LOG   GST_POLL gstpoll.c:994:gst_poll_fd_ctl_write: 0x191b820: pfd->events now 60 (POLLOUT:4)
0:00:00.018373805  3823 0xe62370 DEBUG   default gstvalue.c:2676:_priv_gst_value_parse_value: trying type name 'string'
0:00:00.013999851  3824 0x1913320 DEBUG   GST_POLL gstpoll.c:980:gst_poll_fd_ctl_write: 0x191b820: fd (fd:0, idx:1), active : 1
0:00:00.018380343  3823 0xe62370 DEBUG   structure gststructure.c:2203:gst_structure_parse_field: trying field name 'author'
0:00:00.014005757  3824 0x1913320 LOG   GST_POLL gstpoll.c:994:gst_poll_fd_ctl_write: 0x191b820: pfd->events now 60 (POLLOUT:4)
