0:00:00.015450229  3824 0x1913320 DEBUG   GST_POLL gstpoll.c:980:gst_poll_fd_ctl_write: 0x191b820: fd (fd:0, idx:1), active : 1
0:00:00.019830776  3823 0xe62370 DEBUG   default gstvalue.c:2676:_priv_gst_value_parse_value: trying type name 'string'
0:00:00.015455848  3824 0x1913320 LOG   GST_POLL gstpoll.c:994:gst_poll_fd_ctl_write: 0x191b820: pfd->events now 60 (POLLOUT:4)
0:00:00.015461862  3824 0x1913320 DEBUG   GST_POLL gstpoll.c:980:gst_poll_fd_ctl_write: 0x191b820: fd (fd:0, idx:1), active : 1
0:00:00.019836964  3823 0xe62370 DEBUG   structure gststructure.c:2203:gst_structure_parse_field: trying field name 'klass'
0:00:00.015467145  3824 0x1913320 LOG   GST_POLL gstpoll.c:994:gst_poll_fd_ctl_write: 0x191b820: pfd->events now 60 (POLLOUT:4)
0:00:00.019847518  3823 0xe62370 DEBUG   default gstvalue.c:2676:_priv_gst_value_parse_value: trying type name 'string'
0:00:00.015473154  3824 0x1913320 DEBUG   GST_POLL gstpoll.c:980:gst_poll_fd_ctl_write: 0x191b820: fd (fd:0, idx:1), active : 1
0:00:00.019854089  3823 0xe62370 DEBUG   structure gststructure.c:2203:gst_structure_parse_field: trying field name 'description'
0:00:00.015478848  3824 0x1913320 LOG   GST_POLL gstpoll.c:994:gst_poll_fd_ctl_write: 0x191b820: pfd->events now 60 (POLLOUT:4)
0:00:00.019860132  3823 0xe62370 DEBUG   default gstvalue.c:2676:_priv_gst_value_parse_value: trying type name 'string'
0:00:00.015485390  3824 0x1913320 DEBUG   GST_POLL gstpoll.c:980:gst_poll_fd_ctl_write: 0x191b820: fd (fd:0, idx:1), active : 1
0:00:00.019866712  3823 0xe62370 DEBUG   structure gststructure.c:2203:gst_structure_parse_field: trying field name 'author'
0:00:00.015491201  3824 0x1913320 LOG   GST_POLL gstpoll.c:994:gst_poll_fd_ctl_write: 0x191b820: pfd->events now 60 (POLLOUT:4)
0:00:00.019876637  3823 0xe62370 DEBUG   default gstvalue.c:2676:_priv_gst_value_parse_value: trying type name 'string'
0:00:00.015502341  3824 0x1913320 DEBUG   GST_POLL gstpoll.c:980:gst_poll_fd_ctl_write: 0x191b820: fd (fd:0, idx:1), active : 1
0:00:00.019883055  3823 0xe62370 DEBUG   GST_REGISTRY gstregistrychunks.c:626:gst_registry_chunks_load_feature: Element factory : npadtemplates=2
0:00:00.015508157  3824 0x1913320 LOG   GST_POLL gstpoll.c:994:gst_poll_fd_ctl_write: 0x191b820: pfd->events now 60 (POLLOUT:4)
0:00:00.019889105  3823 0xe62370 DEBUG   GST_REGISTRY gstregistrychunks.c:526:gst_registry_chunks_load_pad_template: Reading/casting for GstRegistryChunkPadTemplate at address 0xe7f4f0
0:00:00.015514215  3824 0x1913320 DEBUG   GST_POLL gstpoll.c:980:gst_poll_fd_ctl_write: 0x191b820: fd (fd:0, idx:1), active : 1
0:00:00.019895112  3823 0xe62370 DEBUG   GST_REGISTRY gstregistrychunks.c:539:gst_registry_chunks_load_pad_template: Added pad_template sink
0:00:00.015520059  3824 0x1913320 LOG   GST_POLL gstpoll.c:994:gst_poll_fd_ctl_write: 0x191b820: pfd->events now 60 (POLLOUT:4)
0:00:00.019900794  3823 0xe62370 DEBUG   GST_REGISTRY gstregistrychunks.c:526:gst_registry_chunks_load_pad_template: Reading/casting for GstRegistryChunkPadTemplate at address 0xe7f508
0:00:00.015526157  3824 0x1913320 DEBUG   GST_POLL gstpoll.c:980:gst_poll_fd_ctl_write: 0x191b820: fd (fd:0, idx:1), active : 1
0:00:00.019906622  3823 0xe62370 DEBUG   GST_REGISTRY gstregistrychunks.c:539:gst_registry_chunks_load_pad_template: Added pad_template src
0:00:00.015532270  3824 0x1913320 LOG   GST_POLL gstpoll.c:994:gst_poll_fd_ctl_write: 0x191b820: pfd->events now 60 (POLLOUT:4)
0:00:00.019914017  3823 0xe62370 DEBUG   GST_REGISTRY gstregistry.c:590:gst_registry_add_feature: adding feature 0xe84160 (capsfilter)
0:00:00.015538523  3824 0x1913320 DEBUG   GST_POLL gstpoll.c:980:gst_poll_fd_ctl_write: 0x191b820: fd (fd:0, idx:1), active : 1
0:00:00.019920076  3823 0xe62370 DEBUG   GST_REFCOUNTING gstobject.c:709:gst_object_set_parent: set parent (ref and sink)
0:00:00.015545143  3824 0x1913320 LOG   GST_POLL gstpoll.c:994:gst_poll_fd_ctl_write: 0x191b820: pfd->events now 60 (POLLOUT:4)
0:00:00.019927319  3823 0xe62370 TRACE   GST_REFCOUNTING gstobject.c:294:gst_object_ref_sink: 0xe84160 ref_sink 1->2
0:00:00.015551466  3824 0x1913320 DEBUG   GST_POLL gstpoll.c:980:gst_poll_fd_ctl_write: 0x191b820: fd (fd:0, idx:1), active : 1
0:00:00.019934100  3823 0xe62370 LOG   GST_REGISTRY gstregistry.c:608:gst_registry_add_feature: emitting feature-added for capsfilter
0:00:00.015558563  3824 0x1913320 LOG   GST_POLL gstpoll.c:994:gst_poll_fd_ctl_write: 0x191b820: pfd->events now 60 (POLLOUT:4)
0:00:00.019941259  3823 0xe62370 DEBUG   GST_REGISTRY gstregistrychunks.c:741:gst_registry_chunks_load_feature: Added feature capsfilter, plugin 0xe7c200 coreelements
0:00:00.015565450  3824 0x1913320 DEBUG   GST_POLL gstpoll.c:980:gst_poll_fd_ctl_write: 0x191b820: fd (fd:0, idx:1), active : 1
0:00:00.015576051  3824 0x1913320 LOG   GST_POLL gstpoll.c:994:gst_poll_fd_ctl_write: 0x191b820: pfd->events now 60 (POLLOUT:4)
0:00:00.019953039  3823 0xe62370 LOG   GST_PLUGIN_LOADING gstpluginloader.c:889:handle_rx_packet: marking plugin 0xe7c200 as registered as /home/conan/w/prod/BuildSingleReference/.conan/data/gstreamer/1.18.4/_/_/package/1f5f5d419fdfb792f06015b5de5ddcf61311d6c8/lib/gstreamer-1.0/libgstcoreelements.so
0:00:00.015581782  3824 0x1913320 DEBUG   GST_POLL gstpoll.c:980:gst_poll_fd_ctl_write: 0x191b820: fd (fd:0, idx:1), active : 1
0:00:00.019964095  3823 0xe62370 DEBUG   GST_POLL gstpoll.c:1414:gst_poll_wait: 0xe7bb80: timeout :0:00:01.000000000
0:00:00.015587666  3824 0x1913320 LOG   GST_POLL gstpoll.c:994:gst_poll_fd_ctl_write: 0x191b820: pfd->events now 60 (POLLOUT:4)
0:00:00.015595333  3824 0x1913320 DEBUG   GST_POLL gstpoll.c:980:gst_poll_fd_ctl_write: 0x191b820: fd (fd:0, idx:1), active : 1
0:00:00.015600730  3824 0x1913320 LOG   GST_POLL gstpoll.c:994:gst_poll_fd_ctl_write: 0x191b820: pfd->events now 60 (POLLOUT:4)
0:00:00.015606386  3824 0x1913320 DEBUG   GST_POLL gstpoll.c:980:gst_poll_fd_ctl_write: 0x191b820: fd (fd:0, idx:1), active : 1
0:00:00.015611667  3824 0x1913320 LOG   GST_POLL gstpoll.c:994:gst_poll_fd_ctl_write: 0x191b820: pfd->events now 60 (POLLOUT:4)
0:00:00.015617325  3824 0x1913320 DEBUG   GST_POLL gstpoll.c:980:gst_poll_fd_ctl_write: 0x191b820: fd (fd:0, idx:1), active : 1
0:00:00.015622669  3824 0x1913320 LOG   GST_POLL gstpoll.c:994:gst_poll_fd_ctl_write: 0x191b820: pfd->events now 60 (POLLOUT:4)
0:00:00.015628206  3824 0x1913320 DEBUG   GST_POLL gstpoll.c:980:gst_poll_fd_ctl_write: 0x191b820: fd (fd:0, idx:1), active : 1
0:00:00.015633858  3824 0x1913320 LOG   GST_POLL gstpoll.c:994:gst_poll_fd_ctl_write: 0x191b820: pfd->events now 60 (POLLOUT:4)
0:00:00.015639493  3824 0x1913320 DEBUG   GST_POLL gstpoll.c:980:gst_poll_fd_ctl_write: 0x191b820: fd (fd:0, idx:1), active : 1
0:00:00.015644777  3824 0x1913320 LOG   GST_POLL gstpoll.c:994:gst_poll_fd_ctl_write: 0x191b820: pfd->events now 60 (POLLOUT:4)
0:00:00.015650406  3824 0x1913320 DEBUG   GST_POLL gstpoll.c:980:gst_poll_fd_ctl_write: 0x191b820: fd (fd:0, idx:1), active : 1
0:00:00.015655635  3824 0x1913320 LOG   GST_POLL gstpoll.c:994:gst_poll_fd_ctl_write: 0x191b820: pfd->events now 60 (POLLOUT:4)
0:00:00.015661171  3824 0x1913320 DEBUG   GST_POLL gstpoll.c:980:gst_poll_fd_ctl_write: 0x191b820: fd (fd:0, idx:1), active : 1
0:00:00.015666448  3824 0x1913320 LOG   GST_POLL gstpoll.c:994:gst_poll_fd_ctl_write: 0x191b820: pfd->events now 60 (POLLOUT:4)
0:00:00.015672524  3824 0x1913320 DEBUG   GST_POLL gstpoll.c:980:gst_poll_fd_ctl_write: 0x191b820: fd (fd:0, idx:1), active : 1
0:00:00.015677846  3824 0x1913320 LOG   GST_POLL gstpoll.c:994:gst_poll_fd_ctl_write: 0x191b820: pfd->events now 60 (POLLOUT:4)
0:00:00.015687780  3824 0x1913320 DEBUG   GST_POLL gstpoll.c:980:gst_poll_fd_ctl_write: 0x191b820: fd (fd:0, idx:1), active : 1
0:00:00.015694693  3824 0x1913320 LOG   GST_POLL gstpoll.c:994:gst_poll_fd_ctl_write: 0x191b820: pfd->events now 60 (POLLOUT:4)
0:00:00.015700369  3824 0x1913320 DEBUG   GST_POLL gstpoll.c:980:gst_poll_fd_ctl_write: 0x191b820: fd (fd:0, idx:1), active : 1
0:00:00.015706096  3824 0x1913320 LOG   GST_POLL gstpoll.c:994:gst_poll_fd_ctl_write: 0x191b820: pfd->events now 60 (POLLOUT:4)
0:00:00.015711891  3824 0x1913320 DEBUG   GST_POLL gstpoll.c:980:gst_poll_fd_ctl_write: 0x191b820: fd (fd:0, idx:1), active : 1
0:00:00.015717120  3824 0x1913320 LOG   GST_POLL gstpoll.c:994:gst_poll_fd_ctl_write: 0x191b820: pfd->events now 60 (POLLOUT:4)
0:00:00.015722617  3824 0x1913320 DEBUG   GST_POLL gstpoll.c:980:gst_poll_fd_ctl_write: 0x191b820: fd (fd:0, idx:1), active : 1
0:00:00.015727898  3824 0x1913320 LOG   GST_POLL gstpoll.c:994:gst_poll_fd_ctl_write: 0x191b820: pfd->events now 60 (POLLOUT:4)
0:00:00.015733396  3824 0x1913320 DEBUG   GST_POLL gstpoll.c:980:gst_poll_fd_ctl_write: 0x191b820: fd (fd:0, idx:1), active : 1
0:00:00.015738637  3824 0x1913320 LOG   GST_POLL gstpoll.c:994:gst_poll_fd_ctl_write: 0x191b820: pfd->events now 60 (POLLOUT:4)
0:00:00.015744190  3824 0x1913320 DEBUG   GST_POLL gstpoll.c:980:gst_poll_fd_ctl_write: 0x191b820: fd (fd:0, idx:1), active : 1
0:00:00.015749503  3824 0x1913320 LOG   GST_POLL gstpoll.c:994:gst_poll_fd_ctl_write: 0x191b820: pfd->events now 60 (POLLOUT:4)
0:00:00.015755146  3824 0x1913320 DEBUG   GST_POLL gstpoll.c:980:gst_poll_fd_ctl_write: 0x191b820: fd (fd:0, idx:1), active : 1
0:00:00.015760755  3824 0x1913320 LOG   GST_POLL gstpoll.c:994:gst_poll_fd_ctl_write: 0x191b820: pfd->events now 60 (POLLOUT:4)
0:00:00.015770629  3824 0x1913320 TRACE   GST_REFCOUNTING gstobject.c:265:gst_object_unref: 0x192f140 unref 2->1
0:00:00.015777834  3824 0x1913320 DEBUG   GST_POLL gstpoll.c:1241:gst_poll_fd_has_error: 0x191b820: fd (fd:0, idx:1) 0
0:00:00.015783583  3824 0x1913320 DEBUG   GST_POLL gstpoll.c:1335:gst_poll_fd_can_write: 0x191b820: fd (fd:0, idx:1) 1
0:00:00.015789154  3824 0x1913320 LOG   GST_PLUGIN_LOADING gstpluginloader.c:690:write_one: Writing packet of size 488 bytes to fd 0
0:00:00.015810800  3824 0x1913320 DEBUG   GST_POLL gstpoll.c:1414:gst_poll_wait: 0x191b820: timeout :0:00:01.000000000
0:00:00.015821367  3824 0x1913320 LOG   GST_PLUGIN_LOADING gstpluginloader.c:1028:exchange_packets: Poll res = 2. 6872 bytes pending for write
0:00:00.015827846  3824 0x1913320 DEBUG   GST_POLL gstpoll.c:1241:gst_poll_fd_has_error: 0x191b820: fd (fd:5, idx:2) 0
0:00:00.020205527  3823 0xe62370 LOG   GST_PLUGIN_LOADING gstpluginloader.c:1028:exchange_packets: Poll res = 1. 0 bytes pending for write
0:00:00.015833463  3824 0x1913320 DEBUG   GST_POLL gstpoll.c:1266:gst_poll_fd_can_read_unlocked: 0x191b820: fd (fd:5, idx:2) 1
0:00:00.020215672  3823 0xe62370 DEBUG   GST_POLL gstpoll.c:1241:gst_poll_fd_has_error: 0xe7bb80: fd (fd:8, idx:2) 0
0:00:00.015848116  3824 0x1913320 LOG   GST_PLUGIN_LOADING gstpluginloader.c:1006:read_one: No payload to read for 0 length packet type 1 tag 0
0:00:00.020226583  3823 0xe62370 DEBUG   GST_POLL gstpoll.c:1266:gst_poll_fd_can_read_unlocked: 0xe7bb80: fd (fd:8, idx:2) 1
0:00:00.015855014  3824 0x1913320 DEBUG   GST_POLL gstpoll.c:1015:gst_poll_fd_ctl_read_unlocked: 0x191b820: fd (fd:5, idx:2), active : 0
0:00:00.015861240  3824 0x1913320 DEBUG   GST_POLL gstpoll.c:980:gst_poll_fd_ctl_write: 0x191b820: fd (fd:0, idx:1), active : 1
0:00:00.020239226  3823 0xe62370 DEBUG   GST_PLUGIN_LOADING gstpluginloader.c:850:handle_rx_packet: Received plugin details from child w/ tag 2. 476 bytes info
0:00:00.015866771  3824 0x1913320 LOG   GST_POLL gstpoll.c:994:gst_poll_fd_ctl_write: 0x191b820: pfd->events now 60 (POLLOUT:4)
0:00:00.020246873  3823 0xe62370 LOG   GST_REGISTRY gstregistrychunks.c:837:_priv_gst_registry_chunks_load_plugin: Reading/casting for GstRegistryChunkPluginElement at address 0xe7da50
0:00:00.015872887  3824 0x1913320 DEBUG   GST_POLL gstpoll.c:1241:gst_poll_fd_has_error: 0x191b820: fd (fd:0, idx:1) 0
0:00:00.020254608  3823 0xe62370 TRACE   GST_REFCOUNTING gstobject.c:208:gst_object_init: 0xe84960 new
0:00:00.015878908  3824 0x1913320 DEBUG   GST_POLL gstpoll.c:1335:gst_poll_fd_can_write: 0x191b820: fd (fd:0, idx:1) 1
0:00:00.020265338  3823 0xe62370 LOG   GST_REGISTRY gstregistrychunks.c:858:_priv_gst_registry_chunks_load_plugin: read strings for name='coretracers'
0:00:00.015888867  3824 0x1913320 LOG   GST_PLUGIN_LOADING gstpluginloader.c:690:write_one: Writing packet of size 6872 bytes to fd 0
0:00:00.020272266  3823 0xe62370 LOG   GST_REGISTRY gstregistrychunks.c:859:_priv_gst_registry_chunks_load_plugin: desc.description='GStreamer core tracers'
0:00:00.015901689  3824 0x1913320 DEBUG   GST_POLL gstpoll.c:1414:gst_poll_wait: 0x191b820: timeout :0:00:01.000000000
0:00:00.020279217  3823 0xe62370 LOG   GST_REGISTRY gstregistrychunks.c:860:_priv_gst_registry_chunks_load_plugin: filename='/home/conan/w/prod/BuildSingleReference/.conan/data/gstreamer/1.18.4/_/_/package/1f5f5d419fdfb792f06015b5de5ddcf61311d6c8/lib/gstreamer-1.0/libgstcoretracers.so'
0:00:00.015909897  3824 0x1913320 LOG   GST_PLUGIN_LOADING gstpluginloader.c:1028:exchange_packets: Poll res = 1. 12 bytes pending for write
0:00:00.020287664  3823 0xe62370 LOG   GST_REGISTRY gstregistrychunks.c:861:_priv_gst_registry_chunks_load_plugin: desc.version='1.18.4'
0:00:00.015916572  3824 0x1913320 DEBUG   GST_POLL gstpoll.c:1241:gst_poll_fd_has_error: 0x191b820: fd (fd:0, idx:1) 0
0:00:00.020295761  3823 0xe62370 LOG   GST_REGISTRY gstregistrychunks.c:862:_priv_gst_registry_chunks_load_plugin: desc.license='LGPL'
0:00:00.015927037  3824 0x1913320 DEBUG   GST_POLL gstpoll.c:1335:gst_poll_fd_can_write: 0x191b820: fd (fd:0, idx:1) 1
0:00:00.020306325  3823 0xe62370 LOG   GST_REGISTRY gstregistrychunks.c:863:_priv_gst_registry_chunks_load_plugin: desc.source='gstreamer'
0:00:00.015932804  3824 0x1913320 LOG   GST_PLUGIN_LOADING gstpluginloader.c:690:write_one: Writing packet of size 12 bytes to fd 0
0:00:00.020317574  3823 0xe62370 LOG   GST_REGISTRY gstregistrychunks.c:864:_priv_gst_registry_chunks_load_plugin: desc.package='GStreamer source release'
0:00:00.015944347  3824 0x1913320 DEBUG   GST_POLL gstpoll.c:980:gst_poll_fd_ctl_write: 0x191b820: fd (fd:0, idx:1), active : 0
0:00:00.020323934  3823 0xe62370 LOG   GST_REGISTRY gstregistrychunks.c:865:_priv_gst_registry_chunks_load_plugin: desc.origin='Unknown package origin'
0:00:00.015950816  3824 0x1913320 LOG   GST_POLL gstpoll.c:994:gst_poll_fd_ctl_write: 0x191b820: pfd->events now 56 (POLLOUT:4)
0:00:00.020330187  3823 0xe62370 LOG   GST_REGISTRY gstregistrychunks.c:866:_priv_gst_registry_chunks_load_plugin: desc.datetime=2021-03-15
0:00:00.020340799  3823 0xe62370 DEBUG   GST_REGISTRY gstregistry.c:449:gst_registry_add_plugin: Replacing existing plugin "/home/conan/w/prod/BuildSingleReference/.conan/data/gstreamer/1.18.4/_/_/package/1f5f5d419fdfb792f06015b5de5ddcf61311d6c8/lib/gstreamer-1.0/libgstcoretracers.so" 0xe7bbe0 with new plugin 0xe84960 for filename "/home/conan/w/prod/BuildSingleReference/.conan/data/gstreamer/1.18.4/_/_/package/1f5f5d419fdfb792f06015b5de5ddcf61311d6c8/lib/gstreamer-1.0/libgstcoretracers.so"
0:00:00.015969223  3824 0x1913320 DEBUG   GST_POLL gstpoll.c:772:gst_poll_free: 0x191b820: freeing
0:00:00.020352567  3823 0xe62370 TRACE   GST_REFCOUNTING gstobject.c:265:gst_object_unref: 0xe7bbe0 unref 1->0
0:00:00.020361023  3823 0xe62370 TRACE   GST_REFCOUNTING gstobject.c:381:gst_object_dispose: 0xe7bbe0 dispose
0:00:00.020369885  3823 0xe62370 DEBUG   GST_PLUGIN_LOADING gstplugin.c:136:gst_plugin_finalize: finalizing plugin
0:00:00.020378714  3823 0xe62370 TRACE   GST_REFCOUNTING gstobject.c:423:gst_object_finalize: 0xe7bbe0 finalize
0:00:00.020391537  3823 0xe62370 DEBUG   GST_REGISTRY gstregistry.c:474:gst_registry_add_plugin: adding plugin 0xe84960 for filename "/home/conan/w/prod/BuildSingleReference/.conan/data/gstreamer/1.18.4/_/_/package/1f5f5d419fdfb792f06015b5de5ddcf61311d6c8/lib/gstreamer-1.0/libgstcoretracers.so"
0:00:00.020399008  3823 0xe62370 TRACE   GST_REFCOUNTING gstobject.c:294:gst_object_ref_sink: 0xe84960 ref_sink 1->2
0:00:00.020418510  3823 0xe62370 LOG   GST_REGISTRY gstregistry.c:487:gst_registry_add_plugin: emitting plugin-added for filename "/home/conan/w/prod/BuildSingleReference/.conan/data/gstreamer/1.18.4/_/_/package/1f5f5d419fdfb792f06015b5de5ddcf61311d6c8/lib/gstreamer-1.0/libgstcoretracers.so"
0:00:00.020426135  3823 0xe62370 DEBUG   GST_REGISTRY gstregistrychunks.c:887:_priv_gst_registry_chunks_load_plugin: Added plugin 'coretracers' plugin with 5 features from binary registry
0:00:00.020436831  3823 0xe62370 DEBUG   GST_REGISTRY gstregistrychunks.c:583:gst_registry_chunks_load_feature: Plugin 'coretracers' feature 'leaks' typename : 'GstTracerFactory'
0:00:00.020448795  3823 0xe62370 TRACE   GST_REFCOUNTING gstobject.c:208:gst_object_init: 0xe7c800 new
0:00:00.020467491  3823 0xe62370 DEBUG   GST_REGISTRY gstregistrychunks.c:718:gst_registry_chunks_load_feature: Reading/casting for GstRegistryChunkPluginFeature at address 0xe7db98
0:00:00.020475049  3823 0xe62370 DEBUG   GST_REGISTRY gstregistry.c:581:gst_registry_add_feature: replacing existing feature 0xe7ca70 (leaks)
0:00:00.020481832  3823 0xe62370 DEBUG   GST_REGISTRY gstregistry.c:590:gst_registry_add_feature: adding feature 0xe7c800 (leaks)
0:00:00.020487415  3823 0xe62370 TRACE   GST_REFCOUNTING gstobject.c:788:gst_object_unparent: unparent
0:00:00.020493878  3823 0xe62370 TRACE   GST_REFCOUNTING gstobject.c:265:gst_object_unref: 0xe7ca70 unref 1->0
0:00:00.020499804  3823 0xe62370 TRACE   GST_REFCOUNTING gstobject.c:381:gst_object_dispose: 0xe7ca70 dispose
0:00:00.020506136  3823 0xe62370 DEBUG   GST_PLUGIN_LOADING gstpluginfeature.c:67:gst_plugin_feature_finalize: finalizing feature 0xe7ca70: 'leaks'
0:00:00.020512055  3823 0xe62370 TRACE   GST_REFCOUNTING gstobject.c:423:gst_object_finalize: 0xe7ca70 finalize
0:00:00.020518392  3823 0xe62370 DEBUG   GST_REFCOUNTING gstobject.c:709:gst_object_set_parent: set parent (ref and sink)
0:00:00.020524778  3823 0xe62370 TRACE   GST_REFCOUNTING gstobject.c:294:gst_object_ref_sink: 0xe7c800 ref_sink 1->2
0:00:00.020530894  3823 0xe62370 LOG   GST_REGISTRY gstregistry.c:608:gst_registry_add_feature: emitting feature-added for leaks
0:00:00.020537341  3823 0xe62370 DEBUG   GST_REGISTRY gstregistrychunks.c:741:gst_registry_chunks_load_feature: Added feature leaks, plugin 0xe84960 coretracers
0:00:00.020543580  3823 0xe62370 DEBUG   GST_REGISTRY gstregistrychunks.c:583:gst_registry_chunks_load_feature: Plugin 'coretracers' feature 'stats' typename : 'GstTracerFactory'
0:00:00.020550789  3823 0xe62370 TRACE   GST_REFCOUNTING gstobject.c:208:gst_object_init: 0xe7bbd0 new
0:00:00.020557326  3823 0xe62370 DEBUG   GST_REGISTRY gstregistrychunks.c:718:gst_registry_chunks_load_feature: Reading/casting for GstRegistryChunkPluginFeature at address 0xe7dbb8
0:00:00.020564201  3823 0xe62370 DEBUG   GST_REGISTRY gstregistry.c:581:gst_registry_add_feature: replacing existing feature 0xe7cc70 (stats)
0:00:00.020570799  3823 0xe62370 DEBUG   GST_REGISTRY gstregistry.c:590:gst_registry_add_feature: adding feature 0xe7bbd0 (stats)
0:00:00.020575989  3823 0xe62370 TRACE   GST_REFCOUNTING gstobject.c:788:gst_object_unparent: unparent
0:00:00.020582571  3823 0xe62370 TRACE   GST_REFCOUNTING gstobject.c:265:gst_object_unref: 0xe7cc70 unref 1->0
0:00:00.020588773  3823 0xe62370 TRACE   GST_REFCOUNTING gstobject.c:381:gst_object_dispose: 0xe7cc70 dispose
0:00:00.020595235  3823 0xe62370 DEBUG   GST_PLUGIN_LOADING gstpluginfeature.c:67:gst_plugin_feature_finalize: finalizing feature 0xe7cc70: 'stats'
0:00:00.020601341  3823 0xe62370 TRACE   GST_REFCOUNTING gstobject.c:423:gst_object_finalize: 0xe7cc70 finalize
0:00:00.020611509  3823 0xe62370 DEBUG   GST_REFCOUNTING gstobject.c:709:gst_object_set_parent: set parent (ref and sink)
0:00:00.020618100  3823 0xe62370 TRACE   GST_REFCOUNTING gstobject.c:294:gst_object_ref_sink: 0xe7bbd0 ref_sink 1->2
0:00:00.020624231  3823 0xe62370 LOG   GST_REGISTRY gstregistry.c:608:gst_registry_add_feature: emitting feature-added for stats
0:00:00.020630487  3823 0xe62370 DEBUG   GST_REGISTRY gstregistrychunks.c:741:gst_registry_chunks_load_feature: Added feature stats, plugin 0xe84960 coretracers
0:00:00.020637155  3823 0xe62370 DEBUG   GST_REGISTRY gstregistrychunks.c:583:gst_registry_chunks_load_feature: Plugin 'coretracers' feature 'rusage' typename : 'GstTracerFactory'
0:00:00.020643713  3823 0xe62370 TRACE   GST_REFCOUNTING gstobject.c:208:gst_object_init: 0xe7cc70 new
0:00:00.020650566  3823 0xe62370 DEBUG   GST_REGISTRY gstregistrychunks.c:718:gst_registry_chunks_load_feature: Reading/casting for GstRegistryChunkPluginFeature at address 0xe7dbd8
0:00:00.020657524  3823 0xe62370 DEBUG   GST_REGISTRY gstregistry.c:581:gst_registry_add_feature: replacing existing feature 0xe7cdc0 (rusage)
0:00:00.020663981  3823 0xe62370 DEBUG   GST_REGISTRY gstregistry.c:590:gst_registry_add_feature: adding feature 0xe7cc70 (rusage)
0:00:00.020669441  3823 0xe62370 TRACE   GST_REFCOUNTING gstobject.c:788:gst_object_unparent: unparent
0:00:00.020675952  3823 0xe62370 TRACE   GST_REFCOUNTING gstobject.c:265:gst_object_unref: 0xe7cdc0 unref 1->0
0:00:00.020682032  3823 0xe62370 TRACE   GST_REFCOUNTING gstobject.c:381:gst_object_dispose: 0xe7cdc0 dispose
0:00:00.020688349  3823 0xe62370 DEBUG   GST_PLUGIN_LOADING gstpluginfeature.c:67:gst_plugin_feature_finalize: finalizing feature 0xe7cdc0: 'rusage'
0:00:00.020694316  3823 0xe62370 TRACE   GST_REFCOUNTING gstobject.c:423:gst_object_finalize: 0xe7cdc0 finalize
0:00:00.020700195  3823 0xe62370 DEBUG   GST_REFCOUNTING gstobject.c:709:gst_object_set_parent: set parent (ref and sink)
0:00:00.020706661  3823 0xe62370 TRACE   GST_REFCOUNTING gstobject.c:294:gst_object_ref_sink: 0xe7cc70 ref_sink 1->2
0:00:00.020712750  3823 0xe62370 LOG   GST_REGISTRY gstregistry.c:608:gst_registry_add_feature: emitting feature-added for rusage
0:00:00.020718860  3823 0xe62370 DEBUG   GST_REGISTRY gstregistrychunks.c:741:gst_registry_chunks_load_feature: Added feature rusage, plugin 0xe84960 coretracers
0:00:00.020725107  3823 0xe62370 DEBUG   GST_REGISTRY gstregistrychunks.c:583:gst_registry_chunks_load_feature: Plugin 'coretracers' feature 'log' typename : 'GstTracerFactory'
0:00:00.020731284  3823 0xe62370 TRACE   GST_REFCOUNTING gstobject.c:208:gst_object_init: 0xe7cdc0 new
0:00:00.020737714  3823 0xe62370 DEBUG   GST_REGISTRY gstregistrychunks.c:718:gst_registry_chunks_load_feature: Reading/casting for GstRegistryChunkPluginFeature at address 0xe7dbf8
0:00:00.020744388  3823 0xe62370 DEBUG   GST_REGISTRY gstregistry.c:581:gst_registry_add_feature: replacing existing feature 0xe7cf10 (log)
0:00:00.020755353  3823 0xe62370 DEBUG   GST_REGISTRY gstregistry.c:590:gst_registry_add_feature: adding feature 0xe7cdc0 (log)
0:00:00.020760800  3823 0xe62370 TRACE   GST_REFCOUNTING gstobject.c:788:gst_object_unparent: unparent
0:00:00.020767267  3823 0xe62370 TRACE   GST_REFCOUNTING gstobject.c:265:gst_object_unref: 0xe7cf10 unref 1->0
0:00:00.020773257  3823 0xe62370 TRACE   GST_REFCOUNTING gstobject.c:381:gst_object_dispose: 0xe7cf10 dispose
0:00:00.020779495  3823 0xe62370 DEBUG   GST_PLUGIN_LOADING gstpluginfeature.c:67:gst_plugin_feature_finalize: finalizing feature 0xe7cf10: 'log'
0:00:00.020785238  3823 0xe62370 TRACE   GST_REFCOUNTING gstobject.c:423:gst_object_finalize: 0xe7cf10 finalize
0:00:00.020790944  3823 0xe62370 DEBUG   GST_REFCOUNTING gstobject.c:709:gst_object_set_parent: set parent (ref and sink)
0:00:00.020797457  3823 0xe62370 TRACE   GST_REFCOUNTING gstobject.c:294:gst_object_ref_sink: 0xe7cdc0 ref_sink 1->2
0:00:00.020803440  3823 0xe62370 LOG   GST_REGISTRY gstregistry.c:608:gst_registry_add_feature: emitting feature-added for log
0:00:00.020809458  3823 0xe62370 DEBUG   GST_REGISTRY gstregistrychunks.c:741:gst_registry_chunks_load_feature: Added feature log, plugin 0xe84960 coretracers
0:00:00.020815693  3823 0xe62370 DEBUG   GST_REGISTRY gstregistrychunks.c:583:gst_registry_chunks_load_feature: Plugin 'coretracers' feature 'latency' typename : 'GstTracerFactory'
0:00:00.020821891  3823 0xe62370 TRACE   GST_REFCOUNTING gstobject.c:208:gst_object_init: 0xe7cf10 new
0:00:00.020828604  3823 0xe62370 DEBUG   GST_REGISTRY gstregistrychunks.c:718:gst_registry_chunks_load_feature: Reading/casting for GstRegistryChunkPluginFeature at address 0xe7dc20
0:00:00.020835438  3823 0xe62370 DEBUG   GST_REGISTRY gstregistry.c:581:gst_registry_add_feature: replacing existing feature 0xe7d110 (latency)
0:00:00.020848282  3823 0xe62370 DEBUG   GST_REGISTRY gstregistry.c:590:gst_registry_add_feature: adding feature 0xe7cf10 (latency)
0:00:00.020853638  3823 0xe62370 TRACE   GST_REFCOUNTING gstobject.c:788:gst_object_unparent: unparent
0:00:00.020860033  3823 0xe62370 TRACE   GST_REFCOUNTING gstobject.c:265:gst_object_unref: 0xe7d110 unref 1->0
0:00:00.020866034  3823 0xe62370 TRACE   GST_REFCOUNTING gstobject.c:381:gst_object_dispose: 0xe7d110 dispose
0:00:00.020872304  3823 0xe62370 DEBUG   GST_PLUGIN_LOADING gstpluginfeature.c:67:gst_plugin_feature_finalize: finalizing feature 0xe7d110: 'latency'
0:00:00.020878174  3823 0xe62370 TRACE   GST_REFCOUNTING gstobject.c:423:gst_object_finalize: 0xe7d110 finalize
0:00:00.020883864  3823 0xe62370 DEBUG   GST_REFCOUNTING gstobject.c:709:gst_object_set_parent: set parent (ref and sink)
0:00:00.020890274  3823 0xe62370 TRACE   GST_REFCOUNTING gstobject.c:294:gst_object_ref_sink: 0xe7cf10 ref_sink 1->2
0:00:00.020900402  3823 0xe62370 LOG   GST_REGISTRY gstregistry.c:608:gst_registry_add_feature: emitting feature-added for latency
0:00:00.020906485  3823 0xe62370 DEBUG   GST_REGISTRY gstregistrychunks.c:741:gst_registry_chunks_load_feature: Added feature latency, plugin 0xe84960 coretracers
0:00:00.020913807  3823 0xe62370 LOG   GST_PLUGIN_LOADING gstpluginloader.c:889:handle_rx_packet: marking plugin 0xe84960 as registered as /home/conan/w/prod/BuildSingleReference/.conan/data/gstreamer/1.18.4/_/_/package/1f5f5d419fdfb792f06015b5de5ddcf61311d6c8/lib/gstreamer-1.0/libgstcoretracers.so
0:00:00.020922256  3823 0xe62370 DEBUG   GST_POLL gstpoll.c:1414:gst_poll_wait: 0xe7bb80: timeout :0:00:01.000000000
0:00:00.020931282  3823 0xe62370 LOG   GST_PLUGIN_LOADING gstpluginloader.c:1028:exchange_packets: Poll res = 2. 0 bytes pending for write
0:00:00.020938002  3823 0xe62370 DEBUG   GST_POLL gstpoll.c:1241:gst_poll_fd_has_error: 0xe7bb80: fd (fd:8, idx:2) 0
0:00:00.020943959  3823 0xe62370 DEBUG   GST_POLL gstpoll.c:1266:gst_poll_fd_can_read_unlocked: 0xe7bb80: fd (fd:8, idx:2) 1
0:00:00.020954265  3823 0xe62370 DEBUG   GST_PLUGIN_LOADING gstpluginloader.c:850:handle_rx_packet: Received plugin details from child w/ tag 3. 6860 bytes info
0:00:00.020960273  3823 0xe62370 LOG   GST_REGISTRY gstregistrychunks.c:837:_priv_gst_registry_chunks_load_plugin: Reading/casting for GstRegistryChunkPluginElement at address 0xe7da50
0:00:00.020966673  3823 0xe62370 TRACE   GST_REFCOUNTING gstobject.c:208:gst_object_init: 0xe7bca0 new
0:00:00.020975630  3823 0xe62370 LOG   GST_REGISTRY gstregistrychunks.c:858:_priv_gst_registry_chunks_load_plugin: read strings for name='coreelements'
0:00:00.020981356  3823 0xe62370 LOG   GST_REGISTRY gstregistrychunks.c:859:_priv_gst_registry_chunks_load_plugin: desc.description='GStreamer core elements'
0:00:00.020987670  3823 0xe62370 LOG   GST_REGISTRY gstregistrychunks.c:860:_priv_gst_registry_chunks_load_plugin: filename='/home/conan/w/prod/BuildSingleReference/.conan/data/gstreamer/1.18.4/_/_/package/1f5f5d419fdfb792f06015b5de5ddcf61311d6c8/lib/gstreamer-1.0/libgstcoreelements.so'
0:00:00.020993589  3823 0xe62370 LOG   GST_REGISTRY gstregistrychunks.c:861:_priv_gst_registry_chunks_load_plugin: desc.version='1.18.4'
0:00:00.020998681  3823 0xe62370 LOG   GST_REGISTRY gstregistrychunks.c:862:_priv_gst_registry_chunks_load_plugin: desc.license='LGPL'
0:00:00.021003788  3823 0xe62370 LOG   GST_REGISTRY gstregistrychunks.c:863:_priv_gst_registry_chunks_load_plugin: desc.source='gstreamer'
0:00:00.021008935  3823 0xe62370 LOG   GST_REGISTRY gstregistrychunks.c:864:_priv_gst_registry_chunks_load_plugin: desc.package='GStreamer source release'
0:00:00.021014228  3823 0xe62370 LOG   GST_REGISTRY gstregistrychunks.c:865:_priv_gst_registry_chunks_load_plugin: desc.origin='Unknown package origin'
0:00:00.021019427  3823 0xe62370 LOG   GST_REGISTRY gstregistrychunks.c:866:_priv_gst_registry_chunks_load_plugin: desc.datetime=2021-03-15
0:00:00.021027916  3823 0xe62370 DEBUG   GST_REGISTRY gstregistry.c:449:gst_registry_add_plugin: Replacing existing plugin "/home/conan/w/prod/BuildSingleReference/.conan/data/gstreamer/1.18.4/_/_/package/1f5f5d419fdfb792f06015b5de5ddcf61311d6c8/lib/gstreamer-1.0/libgstcoreelements.so" 0xe7c200 with new plugin 0xe7bca0 for filename "/home/conan/w/prod/BuildSingleReference/.conan/data/gstreamer/1.18.4/_/_/package/1f5f5d419fdfb792f06015b5de5ddcf61311d6c8/lib/gstreamer-1.0/libgstcoreelements.so"
0:00:00.021042897  3823 0xe62370 TRACE   GST_REFCOUNTING gstobject.c:265:gst_object_unref: 0xe7c200 unref 1->0
0:00:00.021049243  3823 0xe62370 TRACE   GST_REFCOUNTING gstobject.c:381:gst_object_dispose: 0xe7c200 dispose
0:00:00.021056005  3823 0xe62370 DEBUG   GST_PLUGIN_LOADING gstplugin.c:136:gst_plugin_finalize: finalizing plugin
0:00:00.021061953  3823 0xe62370 TRACE   GST_REFCOUNTING gstobject.c:423:gst_object_finalize: 0xe7c200 finalize
0:00:00.021069920  3823 0xe62370 DEBUG   GST_REGISTRY gstregistry.c:474:gst_registry_add_plugin: adding plugin 0xe7bca0 for filename "/home/conan/w/prod/BuildSingleReference/.conan/data/gstreamer/1.18.4/_/_/package/1f5f5d419fdfb792f06015b5de5ddcf61311d6c8/lib/gstreamer-1.0/libgstcoreelements.so"
0:00:00.021076570  3823 0xe62370 TRACE   GST_REFCOUNTING gstobject.c:294:gst_object_ref_sink: 0xe7bca0 ref_sink 1->2
0:00:00.021083283  3823 0xe62370 LOG   GST_REGISTRY gstregistry.c:487:gst_registry_add_plugin: emitting plugin-added for filename "/home/conan/w/prod/BuildSingleReference/.conan/data/gstreamer/1.18.4/_/_/package/1f5f5d419fdfb792f06015b5de5ddcf61311d6c8/lib/gstreamer-1.0/libgstcoreelements.so"
0:00:00.021090119  3823 0xe62370 DEBUG   GST_REGISTRY gstregistrychunks.c:887:_priv_gst_registry_chunks_load_plugin: Added plugin 'coreelements' plugin with 22 features from binary registry
0:00:00.021096577  3823 0xe62370 DEBUG   GST_REGISTRY gstregistrychunks.c:583:gst_registry_chunks_load_feature: Plugin 'coreelements' feature 'streamiddemux' typename : 'GstElementFactory'
0:00:00.021103220  3823 0xe62370 TRACE   GST_REFCOUNTING gstobject.c:208:gst_object_init: 0xe847d0 new
0:00:00.021109808  3823 0xe62370 LOG   GST_REGISTRY gstregistrychunks.c:610:gst_registry_chunks_load_feature: Reading/casting for GstRegistryChunkElementFactory at address 0xe7dba8
0:00:00.021116133  3823 0xe62370 TRACE   structure gststructure.c:287:gst_structure_new_id_empty_with_size: created structure 0xe84a90
0:00:00.021121825  3823 0xe62370 DEBUG   structure gststructure.c:2203:gst_structure_parse_field: trying field name 'long-name'
0:00:00.021127461  3823 0xe62370 DEBUG   default gstvalue.c:2676:_priv_gst_value_parse_value: trying type name 'string'
0:00:00.021134203  3823 0xe62370 DEBUG   structure gststructure.c:2203:gst_structure_parse_field: trying field name 'klass'
0:00:00.021139641  3823 0xe62370 DEBUG   default gstvalue.c:2676:_priv_gst_value_parse_value: trying type name 'string'
0:00:00.021145562  3823 0xe62370 DEBUG   structure gststructure.c:2203:gst_structure_parse_field: trying field name 'description'
0:00:00.021151095  3823 0xe62370 DEBUG   default gstvalue.c:2676:_priv_gst_value_parse_value: trying type name 'string'
0:00:00.021160808  3823 0xe62370 DEBUG   structure gststructure.c:2203:gst_structure_parse_field: trying field name 'author'
0:00:00.021166068  3823 0xe62370 DEBUG   default gstvalue.c:2676:_priv_gst_value_parse_value: trying type name 'string'
0:00:00.021172222  3823 0xe62370 DEBUG   GST_REGISTRY gstregistrychunks.c:626:gst_registry_chunks_load_feature: Element factory : npadtemplates=2
0:00:00.021177676  3823 0xe62370 DEBUG   GST_REGISTRY gstregistrychunks.c:526:gst_registry_chunks_load_pad_template: Reading/casting for GstRegistryChunkPadTemplate at address 0xe7dc80
0:00:00.021183539  3823 0xe62370 DEBUG   GST_REGISTRY gstregistrychunks.c:539:gst_registry_chunks_load_pad_template: Added pad_template src_%u
0:00:00.021188899  3823 0xe62370 DEBUG   GST_REGISTRY gstregistrychunks.c:526:gst_registry_chunks_load_pad_template: Reading/casting for GstRegistryChunkPadTemplate at address 0xe7dc98
0:00:00.021194295  3823 0xe62370 DEBUG   GST_REGISTRY gstregistrychunks.c:539:gst_registry_chunks_load_pad_template: Added pad_template sink
0:00:00.021201651  3823 0xe62370 DEBUG   GST_REGISTRY gstregistry.c:581:gst_registry_add_feature: replacing existing feature 0xe7c570 (streamiddemux)
0:00:00.021208651  3823 0xe62370 DEBUG   GST_REGISTRY gstregistry.c:590:gst_registry_add_feature: adding feature 0xe847d0 (streamiddemux)
0:00:00.021214074  3823 0xe62370 TRACE   GST_REFCOUNTING gstobject.c:788:gst_object_unparent: unparent
0:00:00.021221108  3823 0xe62370 TRACE   GST_REFCOUNTING gstobject.c:265:gst_object_unref: 0xe7c570 unref 1->0
0:00:00.021227465  3823 0xe62370 TRACE   GST_REFCOUNTING gstobject.c:381:gst_object_dispose: 0xe7c570 dispose
0:00:00.021234204  3823 0xe62370 TRACE   structure gststructure.c:544:gst_structure_free: free structure 0xe7d390
0:00:00.021241644  3823 0xe62370 TRACE   GST_REFCOUNTING gstminiobject.c:723:gst_mini_object_replace: replace (nil) (0) with (nil) (0)
0:00:00.021248714  3823 0xe62370 TRACE   GST_REFCOUNTING gstminiobject.c:723:gst_mini_object_replace: replace (nil) (0) with (nil) (0)
0:00:00.021255347  3823 0xe62370 DEBUG   GST_PLUGIN_LOADING gstpluginfeature.c:67:gst_plugin_feature_finalize: finalizing feature 0xe7c570: 'streamiddemux'
0:00:00.021261432  3823 0xe62370 TRACE   GST_REFCOUNTING gstobject.c:423:gst_object_finalize: 0xe7c570 finalize
0:00:00.021267659  3823 0xe62370 DEBUG   GST_REFCOUNTING gstobject.c:709:gst_object_set_parent: set parent (ref and sink)
0:00:00.021274354  3823 0xe62370 TRACE   GST_REFCOUNTING gstobject.c:294:gst_object_ref_sink: 0xe847d0 ref_sink 1->2
0:00:00.021280596  3823 0xe62370 LOG   GST_REGISTRY gstregistry.c:608:gst_registry_add_feature: emitting feature-added for streamiddemux
0:00:00.021286988  3823 0xe62370 DEBUG   GST_REGISTRY gstregistrychunks.c:741:gst_registry_chunks_load_feature: Added feature streamiddemux, plugin 0xe7bca0 coreelements
0:00:00.021305623  3823 0xe62370 DEBUG   GST_REGISTRY gstregistrychunks.c:583:gst_registry_chunks_load_feature: Plugin 'coreelements' feature 'valve' typename : 'GstElementFactory'
0:00:00.021316192  3823 0xe62370 TRACE   GST_REFCOUNTING gstobject.c:208:gst_object_init: 0xe7c520 new
0:00:00.021322731  3823 0xe62370 LOG   GST_REGISTRY gstregistrychunks.c:610:gst_registry_chunks_load_feature: Reading/casting for GstRegistryChunkElementFactory at address 0xe7dcc8
0:00:00.021328408  3823 0xe62370 TRACE   structure gststructure.c:287:gst_structure_new_id_empty_with_size: created structure 0xe84bc0
0:00:00.021333814  3823 0xe62370 DEBUG   structure gststructure.c:2203:gst_structure_parse_field: trying field name 'long-name'
0:00:00.021338949  3823 0xe62370 DEBUG   default gstvalue.c:2676:_priv_gst_value_parse_value: trying type name 'string'
0:00:00.021344537  3823 0xe62370 DEBUG   structure gststructure.c:2203:gst_structure_parse_field: trying field name 'klass'
0:00:00.021349612  3823 0xe62370 DEBUG   default gstvalue.c:2676:_priv_gst_value_parse_value: trying type name 'string'
0:00:00.021354952  3823 0xe62370 DEBUG   structure gststructure.c:2203:gst_structure_parse_field: trying field name 'description'
0:00:00.021360091  3823 0xe62370 DEBUG   default gstvalue.c:2676:_priv_gst_value_parse_value: trying type name 'string'
0:00:00.021365701  3823 0xe62370 DEBUG   structure gststructure.c:2203:gst_structure_parse_field: trying field name 'author'
0:00:00.021370648  3823 0xe62370 DEBUG   default gstvalue.c:2676:_priv_gst_value_parse_value: trying type name 'string'
0:00:00.021376343  3823 0xe62370 DEBUG   GST_REGISTRY gstregistrychunks.c:626:gst_registry_chunks_load_feature: Element factory : npadtemplates=2
0:00:00.021381682  3823 0xe62370 DEBUG   GST_REGISTRY gstregistrychunks.c:526:gst_registry_chunks_load_pad_template: Reading/casting for GstRegistryChunkPadTemplate at address 0xe7ddb8
0:00:00.021386879  3823 0xe62370 DEBUG   GST_REGISTRY gstregistrychunks.c:539:gst_registry_chunks_load_pad_template: Added pad_template sink
0:00:00.021391752  3823 0xe62370 DEBUG   GST_REGISTRY gstregistrychunks.c:526:gst_registry_chunks_load_pad_template: Reading/casting for GstRegistryChunkPadTemplate at address 0xe7ddd0
0:00:00.021396932  3823 0xe62370 DEBUG   GST_REGISTRY gstregistrychunks.c:539:gst_registry_chunks_load_pad_template: Added pad_template src
0:00:00.021403228  3823 0xe62370 DEBUG   GST_REGISTRY gstregistry.c:581:gst_registry_add_feature: replacing existing feature 0xe7d7d0 (valve)
0:00:00.021409488  3823 0xe62370 DEBUG   GST_REGISTRY gstregistry.c:590:gst_registry_add_feature: adding feature 0xe7c520 (valve)
0:00:00.021414541  3823 0xe62370 TRACE   GST_REFCOUNTING gstobject.c:788:gst_object_unparent: unparent
0:00:00.021432926  3823 0xe62370 TRACE   GST_REFCOUNTING gstobject.c:265:gst_object_unref: 0xe7d7d0 unref 1->0
0:00:00.021438736  3823 0xe62370 TRACE   GST_REFCOUNTING gstobject.c:381:gst_object_dispose: 0xe7d7d0 dispose
0:00:00.021444609  3823 0xe62370 TRACE   structure gststructure.c:544:gst_structure_free: free structure 0xe7f800
0:00:00.021456197  3823 0xe62370 TRACE   GST_REFCOUNTING gstminiobject.c:723:gst_mini_object_replace: replace (nil) (0) with (nil) (0)
0:00:00.021462559  3823 0xe62370 TRACE   GST_REFCOUNTING gstminiobject.c:723:gst_mini_object_replace: replace (nil) (0) with (nil) (0)
0:00:00.021468643  3823 0xe62370 DEBUG   GST_PLUGIN_LOADING gstpluginfeature.c:67:gst_plugin_feature_finalize: finalizing feature 0xe7d7d0: 'valve'
0:00:00.021474225  3823 0xe62370 TRACE   GST_REFCOUNTING gstobject.c:423:gst_object_finalize: 0xe7d7d0 finalize
0:00:00.021480035  3823 0xe62370 DEBUG   GST_REFCOUNTING gstobject.c:709:gst_object_set_parent: set parent (ref and sink)
0:00:00.021486709  3823 0xe62370 TRACE   GST_REFCOUNTING gstobject.c:294:gst_object_ref_sink: 0xe7c520 ref_sink 1->2
0:00:00.021492571  3823 0xe62370 LOG   GST_REGISTRY gstregistry.c:608:gst_registry_add_feature: emitting feature-added for valve
0:00:00.021498591  3823 0xe62370 DEBUG   GST_REGISTRY gstregistrychunks.c:741:gst_registry_chunks_load_feature: Added feature valve, plugin 0xe7bca0 coreelements
0:00:00.021504794  3823 0xe62370 DEBUG   GST_REGISTRY gstregistrychunks.c:583:gst_registry_chunks_load_feature: Plugin 'coreelements' feature 'multiqueue' typename : 'GstElementFactory'
0:00:00.021511054  3823 0xe62370 TRACE   GST_REFCOUNTING gstobject.c:208:gst_object_init: 0xe7d7d0 new
0:00:00.021517812  3823 0xe62370 LOG   GST_REGISTRY gstregistrychunks.c:610:gst_registry_chunks_load_feature: Reading/casting for GstRegistryChunkElementFactory at address 0xe7de00
0:00:00.021523964  3823 0xe62370 TRACE   structure gststructure.c:287:gst_structure_new_id_empty_with_size: created structure 0xe84cf0
0:00:00.021530783  3823 0xe62370 DEBUG   structure gststructure.c:2203:gst_structure_parse_field: trying field name 'long-name'
0:00:00.021535949  3823 0xe62370 DEBUG   default gstvalue.c:2676:_priv_gst_value_parse_value: trying type name 'string'
0:00:00.021541411  3823 0xe62370 DEBUG   structure gststructure.c:2203:gst_structure_parse_field: trying field name 'klass'
0:00:00.021546392  3823 0xe62370 DEBUG   default gstvalue.c:2676:_priv_gst_value_parse_value: trying type name 'string'
0:00:00.021551834  3823 0xe62370 DEBUG   structure gststructure.c:2203:gst_structure_parse_field: trying field name 'description'
0:00:00.021556863  3823 0xe62370 DEBUG   default gstvalue.c:2676:_priv_gst_value_parse_value: trying type name 'string'
0:00:00.021562307  3823 0xe62370 DEBUG   structure gststructure.c:2203:gst_structure_parse_field: trying field name 'author'
0:00:00.021567156  3823 0xe62370 DEBUG   default gstvalue.c:2676:_priv_gst_value_parse_value: trying type name 'string'
0:00:00.021573012  3823 0xe62370 DEBUG   GST_REGISTRY gstregistrychunks.c:626:gst_registry_chunks_load_feature: Element factory : npadtemplates=2
0:00:00.021578029  3823 0xe62370 DEBUG   GST_REGISTRY gstregistrychunks.c:526:gst_registry_chunks_load_pad_template: Reading/casting for GstRegistryChunkPadTemplate at address 0xe7dec0
0:00:00.021587204  3823 0xe62370 DEBUG   GST_REGISTRY gstregistrychunks.c:539:gst_registry_chunks_load_pad_template: Added pad_template src_%u
0:00:00.021592292  3823 0xe62370 DEBUG   GST_REGISTRY gstregistrychunks.c:526:gst_registry_chunks_load_pad_template: Reading/casting for GstRegistryChunkPadTemplate at address 0xe7ded8
0:00:00.021597607  3823 0xe62370 DEBUG   GST_REGISTRY gstregistrychunks.c:539:gst_registry_chunks_load_pad_template: Added pad_template sink_%u
0:00:00.021604419  3823 0xe62370 DEBUG   GST_REGISTRY gstregistry.c:581:gst_registry_add_feature: replacing existing feature 0xe7d8c0 (multiqueue)
0:00:00.021610656  3823 0xe62370 DEBUG   GST_REGISTRY gstregistry.c:590:gst_registry_add_feature: adding feature 0xe7d7d0 (multiqueue)
0:00:00.021615844  3823 0xe62370 TRACE   GST_REFCOUNTING gstobject.c:788:gst_object_unparent: unparent
0:00:00.021622241  3823 0xe62370 TRACE   GST_REFCOUNTING gstobject.c:265:gst_object_unref: 0xe7d8c0 unref 1->0
0:00:00.021628061  3823 0xe62370 TRACE   GST_REFCOUNTING gstobject.c:381:gst_object_dispose: 0xe7d8c0 dispose
0:00:00.021633905  3823 0xe62370 TRACE   structure gststructure.c:544:gst_structure_free: free structure 0xe7fa30
0:00:00.021640157  3823 0xe62370 TRACE   GST_REFCOUNTING gstminiobject.c:723:gst_mini_object_replace: replace (nil) (0) with (nil) (0)
0:00:00.021646623  3823 0xe62370 TRACE   GST_REFCOUNTING gstminiobject.c:723:gst_mini_object_replace: replace (nil) (0) with (nil) (0)
0:00:00.021652818  3823 0xe62370 DEBUG   GST_PLUGIN_LOADING gstpluginfeature.c:67:gst_plugin_feature_finalize: finalizing feature 0xe7d8c0: 'multiqueue'
0:00:00.021658319  3823 0xe62370 TRACE   GST_REFCOUNTING gstobject.c:423:gst_object_finalize: 0xe7d8c0 finalize
0:00:00.021664118  3823 0xe62370 DEBUG   GST_REFCOUNTING gstobject.c:709:gst_object_set_parent: set parent (ref and sink)
0:00:00.021670365  3823 0xe62370 TRACE   GST_REFCOUNTING gstobject.c:294:gst_object_ref_sink: 0xe7d7d0 ref_sink 1->2
0:00:00.021676091  3823 0xe62370 LOG   GST_REGISTRY gstregistry.c:608:gst_registry_add_feature: emitting feature-added for multiqueue
0:00:00.021681944  3823 0xe62370 DEBUG   GST_REGISTRY gstregistrychunks.c:741:gst_registry_chunks_load_feature: Added feature multiqueue, plugin 0xe7bca0 coreelements
0:00:00.021688081  3823 0xe62370 DEBUG   GST_REGISTRY gstregistrychunks.c:583:gst_registry_chunks_load_feature: Plugin 'coreelements' feature 'typefind' typename : 'GstElementFactory'
0:00:00.021694289  3823 0xe62370 TRACE   GST_REFCOUNTING gstobject.c:208:gst_object_init: 0xe7d8c0 new
0:00:00.021700546  3823 0xe62370 LOG   GST_REGISTRY gstregistrychunks.c:610:gst_registry_chunks_load_feature: Reading/casting for GstRegistryChunkElementFactory at address 0xe7df08
0:00:00.021706200  3823 0xe62370 TRACE   structure gststructure.c:287:gst_structure_new_id_empty_with_size: created structure 0xe84e20
0:00:00.021711355  3823 0xe62370 DEBUG   structure gststructure.c:2203:gst_structure_parse_field: trying field name 'long-name'
0:00:00.021720307  3823 0xe62370 DEBUG   default gstvalue.c:2676:_priv_gst_value_parse_value: trying type name 'string'
0:00:00.021725742  3823 0xe62370 DEBUG   structure gststructure.c:2203:gst_structure_parse_field: trying field name 'klass'
0:00:00.021730734  3823 0xe62370 DEBUG   default gstvalue.c:2676:_priv_gst_value_parse_value: trying type name 'string'
0:00:00.021735925  3823 0xe62370 DEBUG   structure gststructure.c:2203:gst_structure_parse_field: trying field name 'description'
0:00:00.021740935  3823 0xe62370 DEBUG   default gstvalue.c:2676:_priv_gst_value_parse_value: trying type name 'string'
0:00:00.021746575  3823 0xe62370 DEBUG   structure gststructure.c:2203:gst_structure_parse_field: trying field name 'author'
0:00:00.021751567  3823 0xe62370 DEBUG   default gstvalue.c:2676:_priv_gst_value_parse_value: trying type name 'string'
0:00:00.021757266  3823 0xe62370 DEBUG   GST_REGISTRY gstregistrychunks.c:626:gst_registry_chunks_load_feature: Element factory : npadtemplates=2
0:00:00.021762422  3823 0xe62370 DEBUG   GST_REGISTRY gstregistrychunks.c:526:gst_registry_chunks_load_pad_template: Reading/casting for GstRegistryChunkPadTemplate at address 0xe7dfe0
0:00:00.021767884  3823 0xe62370 DEBUG   GST_REGISTRY gstregistrychunks.c:539:gst_registry_chunks_load_pad_template: Added pad_template sink
0:00:00.021772973  3823 0xe62370 DEBUG   GST_REGISTRY gstregistrychunks.c:526:gst_registry_chunks_load_pad_template: Reading/casting for GstRegistryChunkPadTemplate at address 0xe7dff8
0:00:00.021778152  3823 0xe62370 DEBUG   GST_REGISTRY gstregistrychunks.c:539:gst_registry_chunks_load_pad_template: Added pad_template src
0:00:00.021784717  3823 0xe62370 DEBUG   GST_REGISTRY gstregistry.c:581:gst_registry_add_feature: replacing existing feature 0xe7fb60 (typefind)
0:00:00.021791110  3823 0xe62370 DEBUG   GST_REGISTRY gstregistry.c:590:gst_registry_add_feature: adding feature 0xe7d8c0 (typefind)
0:00:00.021796251  3823 0xe62370 TRACE   GST_REFCOUNTING gstobject.c:788:gst_object_unparent: unparent
0:00:00.021802714  3823 0xe62370 TRACE   GST_REFCOUNTING gstobject.c:265:gst_object_unref: 0xe7fb60 unref 1->0
0:00:00.021808595  3823 0xe62370 TRACE   GST_REFCOUNTING gstobject.c:381:gst_object_dispose: 0xe7fb60 dispose
0:00:00.021814594  3823 0xe62370 TRACE   structure gststructure.c:544:gst_structure_free: free structure 0xe7fdb0
0:00:00.021820571  3823 0xe62370 TRACE   GST_REFCOUNTING gstminiobject.c:723:gst_mini_object_replace: replace (nil) (0) with (nil) (0)
0:00:00.021826866  3823 0xe62370 TRACE   GST_REFCOUNTING gstminiobject.c:723:gst_mini_object_replace: replace (nil) (0) with (nil) (0)
0:00:00.021833265  3823 0xe62370 DEBUG   GST_PLUGIN_LOADING gstpluginfeature.c:67:gst_plugin_feature_finalize: finalizing feature 0xe7fb60: 'typefind'
0:00:00.021843475  3823 0xe62370 TRACE   GST_REFCOUNTING gstobject.c:423:gst_object_finalize: 0xe7fb60 finalize
0:00:00.021853796  3823 0xe62370 DEBUG   GST_REFCOUNTING gstobject.c:709:gst_object_set_parent: set parent (ref and sink)
0:00:00.021860315  3823 0xe62370 TRACE   GST_REFCOUNTING gstobject.c:294:gst_object_ref_sink: 0xe7d8c0 ref_sink 1->2
0:00:00.021866208  3823 0xe62370 LOG   GST_REGISTRY gstregistry.c:608:gst_registry_add_feature: emitting feature-added for typefind
0:00:00.021872129  3823 0xe62370 DEBUG   GST_REGISTRY gstregistrychunks.c:741:gst_registry_chunks_load_feature: Added feature typefind, plugin 0xe7bca0 coreelements
0:00:00.021878121  3823 0xe62370 DEBUG   GST_REGISTRY gstregistrychunks.c:583:gst_registry_chunks_load_feature: Plugin 'coreelements' feature 'tee' typename : 'GstElementFactory'
0:00:00.021884515  3823 0xe62370 TRACE   GST_REFCOUNTING gstobject.c:208:gst_object_init: 0xe7fb20 new
0:00:00.021890946  3823 0xe62370 LOG   GST_REGISTRY gstregistrychunks.c:610:gst_registry_chunks_load_feature: Reading/casting for GstRegistryChunkElementFactory at address 0xe7e020
0:00:00.021897074  3823 0xe62370 TRACE   structure gststructure.c:287:gst_structure_new_id_empty_with_size: created structure 0xe84f50
0:00:00.021902437  3823 0xe62370 DEBUG   structure gststructure.c:2203:gst_structure_parse_field: trying field name 'long-name'
0:00:00.021907650  3823 0xe62370 DEBUG   default gstvalue.c:2676:_priv_gst_value_parse_value: trying type name 'string'
0:00:00.021913403  3823 0xe62370 DEBUG   structure gststructure.c:2203:gst_structure_parse_field: trying field name 'klass'
0:00:00.021918617  3823 0xe62370 DEBUG   default gstvalue.c:2676:_priv_gst_value_parse_value: trying type name 'string'
0:00:00.021924072  3823 0xe62370 DEBUG   structure gststructure.c:2203:gst_structure_parse_field: trying field name 'description'
0:00:00.021929165  3823 0xe62370 DEBUG   default gstvalue.c:2676:_priv_gst_value_parse_value: trying type name 'string'
0:00:00.021934619  3823 0xe62370 DEBUG   structure gststructure.c:2203:gst_structure_parse_field: trying field name 'author'
0:00:00.021939555  3823 0xe62370 DEBUG   default gstvalue.c:2676:_priv_gst_value_parse_value: trying type name 'string'
0:00:00.021945524  3823 0xe62370 DEBUG   GST_REGISTRY gstregistrychunks.c:626:gst_registry_chunks_load_feature: Element factory : npadtemplates=2
0:00:00.021950940  3823 0xe62370 DEBUG   GST_REGISTRY gstregistrychunks.c:526:gst_registry_chunks_load_pad_template: Reading/casting for GstRegistryChunkPadTemplate at address 0xe7e110
0:00:00.021956474  3823 0xe62370 DEBUG   GST_REGISTRY gstregistrychunks.c:539:gst_registry_chunks_load_pad_template: Added pad_template src_%u
0:00:00.021961913  3823 0xe62370 DEBUG   GST_REGISTRY gstregistrychunks.c:526:gst_registry_chunks_load_pad_template: Reading/casting for GstRegistryChunkPadTemplate at address 0xe7e128
0:00:00.021967162  3823 0xe62370 DEBUG   GST_REGISTRY gstregistrychunks.c:539:gst_registry_chunks_load_pad_template: Added pad_template sink
0:00:00.021973806  3823 0xe62370 DEBUG   GST_REGISTRY gstregistry.c:581:gst_registry_add_feature: replacing existing feature 0xe7ff30 (tee)
0:00:00.021984115  3823 0xe62370 DEBUG   GST_REGISTRY gstregistry.c:590:gst_registry_add_feature: adding feature 0xe7fb20 (tee)
0:00:00.021989362  3823 0xe62370 TRACE   GST_REFCOUNTING gstobject.c:788:gst_object_unparent: unparent
0:00:00.021995860  3823 0xe62370 TRACE   GST_REFCOUNTING gstobject.c:265:gst_object_unref: 0xe7ff30 unref 1->0
0:00:00.022001690  3823 0xe62370 TRACE   GST_REFCOUNTING gstobject.c:381:gst_object_dispose: 0xe7ff30 dispose
