0:00:00.018386113  3823 0xe62370 DEBUG   default gstvalue.c:2676:_priv_gst_value_parse_value: trying type name 'string'
0:00:00.014011823  3824 0x1913320 DEBUG   GST_POLL gstpoll.c:980:gst_poll_fd_ctl_write: 0x191b820: fd (fd:0, idx:1), active : 1
0:00:00.018392533  3823 0xe62370 DEBUG   GST_REGISTRY gstregistrychunks.c:626:gst_registry_chunks_load_feature: Element factory : npadtemplates=1
0:00:00.014017574  3824 0x1913320 LOG   GST_POLL gstpoll.c:994:gst_poll_fd_ctl_write: 0x191b820: pfd->events now 60 (POLLOUT:4)
0:00:00.018398590  3823 0xe62370 DEBUG   GST_REGISTRY gstregistrychunks.c:526:gst_registry_chunks_load_pad_template: Reading/casting for GstRegistryChunkPadTemplate at address 0xe7ea60
0:00:00.014023786  3824 0x1913320 DEBUG   GST_POLL gstpoll.c:980:gst_poll_fd_ctl_write: 0x191b820: fd (fd:0, idx:1), active : 1
0:00:00.018419629  3823 0xe62370 DEBUG   GST_REGISTRY gstregistrychunks.c:539:gst_registry_chunks_load_pad_template: Added pad_template src
0:00:00.014085798  3824 0x1913320 LOG   GST_POLL gstpoll.c:994:gst_poll_fd_ctl_write: 0x191b820: pfd->events now 60 (POLLOUT:4)
0:00:00.018469707  3823 0xe62370 DEBUG   GST_REGISTRY gstregistrychunks.c:639:gst_registry_chunks_load_feature: Reading 1 UriTypes at address 0xe7ea70
0:00:00.014094683  3824 0x1913320 DEBUG   GST_POLL gstpoll.c:980:gst_poll_fd_ctl_write: 0x191b820: fd (fd:0, idx:1), active : 1
0:00:00.018476572  3823 0xe62370 DEBUG   GST_REGISTRY gstregistrychunks.c:654:gst_registry_chunks_load_feature: Reading 1 Interfaces at address 0xe7ea79
0:00:00.014100834  3824 0x1913320 LOG   GST_POLL gstpoll.c:994:gst_poll_fd_ctl_write: 0x191b820: pfd->events now 60 (POLLOUT:4)
0:00:00.018484392  3823 0xe62370 DEBUG   GST_REGISTRY gstregistry.c:590:gst_registry_add_feature: adding feature 0xe81c90 (filesrc)
0:00:00.014107677  3824 0x1913320 DEBUG   GST_POLL gstpoll.c:980:gst_poll_fd_ctl_write: 0x191b820: fd (fd:0, idx:1), active : 1
0:00:00.018490678  3823 0xe62370 DEBUG   GST_REFCOUNTING gstobject.c:709:gst_object_set_parent: set parent (ref and sink)
0:00:00.014115531  3824 0x1913320 LOG   GST_POLL gstpoll.c:994:gst_poll_fd_ctl_write: 0x191b820: pfd->events now 60 (POLLOUT:4)
0:00:00.018498291  3823 0xe62370 TRACE   GST_REFCOUNTING gstobject.c:294:gst_object_ref_sink: 0xe81c90 ref_sink 1->2
0:00:00.014122389  3824 0x1913320 DEBUG   GST_POLL gstpoll.c:980:gst_poll_fd_ctl_write: 0x191b820: fd (fd:0, idx:1), active : 1
0:00:00.018505349  3823 0xe62370 LOG   GST_REGISTRY gstregistry.c:608:gst_registry_add_feature: emitting feature-added for filesrc
0:00:00.014129602  3824 0x1913320 LOG   GST_POLL gstpoll.c:994:gst_poll_fd_ctl_write: 0x191b820: pfd->events now 60 (POLLOUT:4)
0:00:00.018512394  3823 0xe62370 DEBUG   GST_REGISTRY gstregistrychunks.c:741:gst_registry_chunks_load_feature: Added feature filesrc, plugin 0xe7c200 coreelements
0:00:00.014136743  3824 0x1913320 DEBUG   GST_POLL gstpoll.c:980:gst_poll_fd_ctl_write: 0x191b820: fd (fd:0, idx:1), active : 1
0:00:00.018519541  3823 0xe62370 DEBUG   GST_REGISTRY gstregistrychunks.c:583:gst_registry_chunks_load_feature: Plugin 'coreelements' feature 'fdsink' typename : 'GstElementFactory'
0:00:00.014143723  3824 0x1913320 LOG   GST_POLL gstpoll.c:994:gst_poll_fd_ctl_write: 0x191b820: pfd->events now 60 (POLLOUT:4)
0:00:00.018527194  3823 0xe62370 TRACE   GST_REFCOUNTING gstobject.c:208:gst_object_init: 0xe823f0 new
0:00:00.014151003  3824 0x1913320 DEBUG   GST_POLL gstpoll.c:980:gst_poll_fd_ctl_write: 0x191b820: fd (fd:0, idx:1), active : 1
0:00:00.018534813  3823 0xe62370 LOG   GST_REGISTRY gstregistrychunks.c:610:gst_registry_chunks_load_feature: Reading/casting for GstRegistryChunkElementFactory at address 0xe7eaa0
0:00:00.014158629  3824 0x1913320 LOG   GST_POLL gstpoll.c:994:gst_poll_fd_ctl_write: 0x191b820: pfd->events now 60 (POLLOUT:4)
0:00:00.018541601  3823 0xe62370 TRACE   structure gststructure.c:287:gst_structure_new_id_empty_with_size: created structure 0xe825b0
0:00:00.014166259  3824 0x1913320 DEBUG   GST_POLL gstpoll.c:980:gst_poll_fd_ctl_write: 0x191b820: fd (fd:0, idx:1), active : 1
0:00:00.018551751  3823 0xe62370 DEBUG   structure gststructure.c:2203:gst_structure_parse_field: trying field name 'long-name'
0:00:00.014176806  3824 0x1913320 LOG   GST_POLL gstpoll.c:994:gst_poll_fd_ctl_write: 0x191b820: pfd->events now 60 (POLLOUT:4)
0:00:00.018557824  3823 0xe62370 DEBUG   default gstvalue.c:2676:_priv_gst_value_parse_value: trying type name 'string'
0:00:00.014183012  3824 0x1913320 DEBUG   GST_POLL gstpoll.c:980:gst_poll_fd_ctl_write: 0x191b820: fd (fd:0, idx:1), active : 1
0:00:00.018564143  3823 0xe62370 DEBUG   structure gststructure.c:2203:gst_structure_parse_field: trying field name 'klass'
0:00:00.014188914  3824 0x1913320 LOG   GST_POLL gstpoll.c:994:gst_poll_fd_ctl_write: 0x191b820: pfd->events now 60 (POLLOUT:4)
0:00:00.018569913  3823 0xe62370 DEBUG   default gstvalue.c:2676:_priv_gst_value_parse_value: trying type name 'string'
0:00:00.014195156  3824 0x1913320 DEBUG   GST_POLL gstpoll.c:980:gst_poll_fd_ctl_write: 0x191b820: fd (fd:0, idx:1), active : 1
0:00:00.018576182  3823 0xe62370 DEBUG   structure gststructure.c:2203:gst_structure_parse_field: trying field name 'description'
0:00:00.014201111  3824 0x1913320 LOG   GST_POLL gstpoll.c:994:gst_poll_fd_ctl_write: 0x191b820: pfd->events now 60 (POLLOUT:4)
0:00:00.018581994  3823 0xe62370 DEBUG   default gstvalue.c:2676:_priv_gst_value_parse_value: trying type name 'string'
0:00:00.014207160  3824 0x1913320 DEBUG   GST_POLL gstpoll.c:980:gst_poll_fd_ctl_write: 0x191b820: fd (fd:0, idx:1), active : 1
0:00:00.018588460  3823 0xe62370 DEBUG   structure gststructure.c:2203:gst_structure_parse_field: trying field name 'author'
0:00:00.014212980  3824 0x1913320 LOG   GST_POLL gstpoll.c:994:gst_poll_fd_ctl_write: 0x191b820: pfd->events now 60 (POLLOUT:4)
0:00:00.018594274  3823 0xe62370 DEBUG   default gstvalue.c:2676:_priv_gst_value_parse_value: trying type name 'string'
0:00:00.014219387  3824 0x1913320 DEBUG   GST_POLL gstpoll.c:980:gst_poll_fd_ctl_write: 0x191b820: fd (fd:0, idx:1), active : 1
0:00:00.018600656  3823 0xe62370 DEBUG   GST_REGISTRY gstregistrychunks.c:626:gst_registry_chunks_load_feature: Element factory : npadtemplates=1
0:00:00.014225189  3824 0x1913320 LOG   GST_POLL gstpoll.c:994:gst_poll_fd_ctl_write: 0x191b820: pfd->events now 60 (POLLOUT:4)
0:00:00.018606659  3823 0xe62370 DEBUG   GST_REGISTRY gstregistrychunks.c:526:gst_registry_chunks_load_pad_template: Reading/casting for GstRegistryChunkPadTemplate at address 0xe7eb80
0:00:00.014232043  3824 0x1913320 DEBUG   GST_POLL gstpoll.c:980:gst_poll_fd_ctl_write: 0x191b820: fd (fd:0, idx:1), active : 1
0:00:00.018612721  3823 0xe62370 DEBUG   GST_REGISTRY gstregistrychunks.c:539:gst_registry_chunks_load_pad_template: Added pad_template sink
0:00:00.014237878  3824 0x1913320 LOG   GST_POLL gstpoll.c:994:gst_poll_fd_ctl_write: 0x191b820: pfd->events now 60 (POLLOUT:4)
0:00:00.018619483  3823 0xe62370 DEBUG   GST_REGISTRY gstregistrychunks.c:639:gst_registry_chunks_load_feature: Reading 1 UriTypes at address 0xe7eb91
0:00:00.014249229  3824 0x1913320 DEBUG   GST_POLL gstpoll.c:980:gst_poll_fd_ctl_write: 0x191b820: fd (fd:0, idx:1), active : 1
0:00:00.018629271  3823 0xe62370 DEBUG   GST_REGISTRY gstregistrychunks.c:654:gst_registry_chunks_load_feature: Reading 1 Interfaces at address 0xe7eb9f
0:00:00.014255145  3824 0x1913320 LOG   GST_POLL gstpoll.c:994:gst_poll_fd_ctl_write: 0x191b820: pfd->events now 60 (POLLOUT:4)
0:00:00.018636778  3823 0xe62370 DEBUG   GST_REGISTRY gstregistry.c:590:gst_registry_add_feature: adding feature 0xe823f0 (fdsink)
0:00:00.014261355  3824 0x1913320 DEBUG   GST_POLL gstpoll.c:980:gst_poll_fd_ctl_write: 0x191b820: fd (fd:0, idx:1), active : 1
0:00:00.018643118  3823 0xe62370 DEBUG   GST_REFCOUNTING gstobject.c:709:gst_object_set_parent: set parent (ref and sink)
0:00:00.014267843  3824 0x1913320 LOG   GST_POLL gstpoll.c:994:gst_poll_fd_ctl_write: 0x191b820: pfd->events now 60 (POLLOUT:4)
0:00:00.018650837  3823 0xe62370 TRACE   GST_REFCOUNTING gstobject.c:294:gst_object_ref_sink: 0xe823f0 ref_sink 1->2
0:00:00.014274900  3824 0x1913320 DEBUG   GST_POLL gstpoll.c:980:gst_poll_fd_ctl_write: 0x191b820: fd (fd:0, idx:1), active : 1
0:00:00.018657839  3823 0xe62370 LOG   GST_REGISTRY gstregistry.c:608:gst_registry_add_feature: emitting feature-added for fdsink
0:00:00.014282274  3824 0x1913320 LOG   GST_POLL gstpoll.c:994:gst_poll_fd_ctl_write: 0x191b820: pfd->events now 60 (POLLOUT:4)
0:00:00.018664966  3823 0xe62370 DEBUG   GST_REGISTRY gstregistrychunks.c:741:gst_registry_chunks_load_feature: Added feature fdsink, plugin 0xe7c200 coreelements
0:00:00.014289214  3824 0x1913320 DEBUG   GST_POLL gstpoll.c:980:gst_poll_fd_ctl_write: 0x191b820: fd (fd:0, idx:1), active : 1
0:00:00.018672122  3823 0xe62370 DEBUG   GST_REGISTRY gstregistrychunks.c:583:gst_registry_chunks_load_feature: Plugin 'coreelements' feature 'fdsrc' typename : 'GstElementFactory'
0:00:00.014295952  3824 0x1913320 LOG   GST_POLL gstpoll.c:994:gst_poll_fd_ctl_write: 0x191b820: pfd->events now 60 (POLLOUT:4)
0:00:00.018679624  3823 0xe62370 TRACE   GST_REFCOUNTING gstobject.c:208:gst_object_init: 0xe826e0 new
0:00:00.014303496  3824 0x1913320 DEBUG   GST_POLL gstpoll.c:980:gst_poll_fd_ctl_write: 0x191b820: fd (fd:0, idx:1), active : 1
0:00:00.018687049  3823 0xe62370 LOG   GST_REGISTRY gstregistrychunks.c:610:gst_registry_chunks_load_feature: Reading/casting for GstRegistryChunkElementFactory at address 0xe7ebc8
0:00:00.014311076  3824 0x1913320 LOG   GST_POLL gstpoll.c:994:gst_poll_fd_ctl_write: 0x191b820: pfd->events now 60 (POLLOUT:4)
0:00:00.018693450  3823 0xe62370 TRACE   structure gststructure.c:287:gst_structure_new_id_empty_with_size: created structure 0xe82930
0:00:00.014318186  3824 0x1913320 DEBUG   GST_POLL gstpoll.c:980:gst_poll_fd_ctl_write: 0x191b820: fd (fd:0, idx:1), active : 1
0:00:00.018699662  3823 0xe62370 DEBUG   structure gststructure.c:2203:gst_structure_parse_field: trying field name 'long-name'
0:00:00.014329249  3824 0x1913320 LOG   GST_POLL gstpoll.c:994:gst_poll_fd_ctl_write: 0x191b820: pfd->events now 60 (POLLOUT:4)
0:00:00.018708834  3823 0xe62370 DEBUG   default gstvalue.c:2676:_priv_gst_value_parse_value: trying type name 'string'
0:00:00.018714997  3823 0xe62370 DEBUG   structure gststructure.c:2203:gst_structure_parse_field: trying field name 'klass'
0:00:00.014335449  3824 0x1913320 DEBUG   GST_POLL gstpoll.c:980:gst_poll_fd_ctl_write: 0x191b820: fd (fd:0, idx:1), active : 1
0:00:00.018720250  3823 0xe62370 DEBUG   default gstvalue.c:2676:_priv_gst_value_parse_value: trying type name 'string'
0:00:00.014346038  3824 0x1913320 LOG   GST_POLL gstpoll.c:994:gst_poll_fd_ctl_write: 0x191b820: pfd->events now 60 (POLLOUT:4)
0:00:00.018726530  3823 0xe62370 DEBUG   structure gststructure.c:2203:gst_structure_parse_field: trying field name 'description'
0:00:00.014352292  3824 0x1913320 DEBUG   GST_POLL gstpoll.c:980:gst_poll_fd_ctl_write: 0x191b820: fd (fd:0, idx:1), active : 1
0:00:00.018732452  3823 0xe62370 DEBUG   default gstvalue.c:2676:_priv_gst_value_parse_value: trying type name 'string'
0:00:00.014358132  3824 0x1913320 LOG   GST_POLL gstpoll.c:994:gst_poll_fd_ctl_write: 0x191b820: pfd->events now 60 (POLLOUT:4)
0:00:00.018738670  3823 0xe62370 DEBUG   structure gststructure.c:2203:gst_structure_parse_field: trying field name 'author'
0:00:00.014364099  3824 0x1913320 DEBUG   GST_POLL gstpoll.c:980:gst_poll_fd_ctl_write: 0x191b820: fd (fd:0, idx:1), active : 1
0:00:00.018744495  3823 0xe62370 DEBUG   default gstvalue.c:2676:_priv_gst_value_parse_value: trying type name 'string'
0:00:00.014370245  3824 0x1913320 LOG   GST_POLL gstpoll.c:994:gst_poll_fd_ctl_write: 0x191b820: pfd->events now 60 (POLLOUT:4)
0:00:00.018750743  3823 0xe62370 DEBUG   GST_REGISTRY gstregistrychunks.c:626:gst_registry_chunks_load_feature: Element factory : npadtemplates=1
0:00:00.014376121  3824 0x1913320 DEBUG   GST_POLL gstpoll.c:980:gst_poll_fd_ctl_write: 0x191b820: fd (fd:0, idx:1), active : 1
0:00:00.018756790  3823 0xe62370 DEBUG   GST_REGISTRY gstregistrychunks.c:526:gst_registry_chunks_load_pad_template: Reading/casting for GstRegistryChunkPadTemplate at address 0xe7eca8
0:00:00.014381948  3824 0x1913320 LOG   GST_POLL gstpoll.c:994:gst_poll_fd_ctl_write: 0x191b820: pfd->events now 60 (POLLOUT:4)
0:00:00.018762783  3823 0xe62370 DEBUG   GST_REGISTRY gstregistrychunks.c:539:gst_registry_chunks_load_pad_template: Added pad_template src
0:00:00.014388144  3824 0x1913320 DEBUG   GST_POLL gstpoll.c:980:gst_poll_fd_ctl_write: 0x191b820: fd (fd:0, idx:1), active : 1
0:00:00.018769042  3823 0xe62370 DEBUG   GST_REGISTRY gstregistrychunks.c:639:gst_registry_chunks_load_feature: Reading 1 UriTypes at address 0xe7ecb8
0:00:00.014393907  3824 0x1913320 LOG   GST_POLL gstpoll.c:994:gst_poll_fd_ctl_write: 0x191b820: pfd->events now 60 (POLLOUT:4)
0:00:00.018775979  3823 0xe62370 DEBUG   GST_REGISTRY gstregistrychunks.c:654:gst_registry_chunks_load_feature: Reading 1 Interfaces at address 0xe7ecbf
0:00:00.014403822  3824 0x1913320 DEBUG   GST_POLL gstpoll.c:980:gst_poll_fd_ctl_write: 0x191b820: fd (fd:0, idx:1), active : 1
0:00:00.018784638  3823 0xe62370 DEBUG   GST_REGISTRY gstregistry.c:590:gst_registry_add_feature: adding feature 0xe826e0 (fdsrc)
0:00:00.014409735  3824 0x1913320 LOG   GST_POLL gstpoll.c:994:gst_poll_fd_ctl_write: 0x191b820: pfd->events now 60 (POLLOUT:4)
0:00:00.018790888  3823 0xe62370 DEBUG   GST_REFCOUNTING gstobject.c:709:gst_object_set_parent: set parent (ref and sink)
0:00:00.014415747  3824 0x1913320 DEBUG   GST_POLL gstpoll.c:980:gst_poll_fd_ctl_write: 0x191b820: fd (fd:0, idx:1), active : 1
0:00:00.018798257  3823 0xe62370 TRACE   GST_REFCOUNTING gstobject.c:294:gst_object_ref_sink: 0xe826e0 ref_sink 1->2
0:00:00.014422296  3824 0x1913320 LOG   GST_POLL gstpoll.c:994:gst_poll_fd_ctl_write: 0x191b820: pfd->events now 60 (POLLOUT:4)
0:00:00.018805104  3823 0xe62370 LOG   GST_REGISTRY gstregistry.c:608:gst_registry_add_feature: emitting feature-added for fdsrc
0:00:00.014429926  3824 0x1913320 DEBUG   GST_POLL gstpoll.c:980:gst_poll_fd_ctl_write: 0x191b820: fd (fd:0, idx:1), active : 1
0:00:00.018811833  3823 0xe62370 DEBUG   GST_REGISTRY gstregistrychunks.c:741:gst_registry_chunks_load_feature: Added feature fdsrc, plugin 0xe7c200 coreelements
0:00:00.014435904  3824 0x1913320 LOG   GST_POLL gstpoll.c:994:gst_poll_fd_ctl_write: 0x191b820: pfd->events now 60 (POLLOUT:4)
0:00:00.018819239  3823 0xe62370 DEBUG   GST_REGISTRY gstregistrychunks.c:583:gst_registry_chunks_load_feature: Plugin 'coreelements' feature 'fakesink' typename : 'GstElementFactory'
0:00:00.014443141  3824 0x1913320 DEBUG   GST_POLL gstpoll.c:980:gst_poll_fd_ctl_write: 0x191b820: fd (fd:0, idx:1), active : 1
0:00:00.018826601  3823 0xe62370 TRACE   GST_REFCOUNTING gstobject.c:208:gst_object_init: 0xe82b60 new
0:00:00.014450296  3824 0x1913320 LOG   GST_POLL gstpoll.c:994:gst_poll_fd_ctl_write: 0x191b820: pfd->events now 60 (POLLOUT:4)
0:00:00.018834511  3823 0xe62370 LOG   GST_REGISTRY gstregistrychunks.c:610:gst_registry_chunks_load_feature: Reading/casting for GstRegistryChunkElementFactory at address 0xe7ece8
0:00:00.014459227  3824 0x1913320 DEBUG   GST_POLL gstpoll.c:980:gst_poll_fd_ctl_write: 0x191b820: fd (fd:0, idx:1), active : 1
0:00:00.018846106  3823 0xe62370 TRACE   structure gststructure.c:287:gst_structure_new_id_empty_with_size: created structure 0xe82d70
0:00:00.014470426  3824 0x1913320 LOG   GST_POLL gstpoll.c:994:gst_poll_fd_ctl_write: 0x191b820: pfd->events now 60 (POLLOUT:4)
0:00:00.018852133  3823 0xe62370 DEBUG   structure gststructure.c:2203:gst_structure_parse_field: trying field name 'long-name'
0:00:00.014477538  3824 0x1913320 DEBUG   GST_POLL gstpoll.c:980:gst_poll_fd_ctl_write: 0x191b820: fd (fd:0, idx:1), active : 1
0:00:00.018857898  3823 0xe62370 DEBUG   default gstvalue.c:2676:_priv_gst_value_parse_value: trying type name 'string'
0:00:00.014488063  3824 0x1913320 LOG   GST_POLL gstpoll.c:994:gst_poll_fd_ctl_write: 0x191b820: pfd->events now 60 (POLLOUT:4)
0:00:00.018868052  3823 0xe62370 DEBUG   structure gststructure.c:2203:gst_structure_parse_field: trying field name 'klass'
0:00:00.014494433  3824 0x1913320 DEBUG   GST_POLL gstpoll.c:980:gst_poll_fd_ctl_write: 0x191b820: fd (fd:0, idx:1), active : 1
0:00:00.018873716  3823 0xe62370 DEBUG   default gstvalue.c:2676:_priv_gst_value_parse_value: trying type name 'string'
0:00:00.014500462  3824 0x1913320 LOG   GST_POLL gstpoll.c:994:gst_poll_fd_ctl_write: 0x191b820: pfd->events now 60 (POLLOUT:4)
0:00:00.018880375  3823 0xe62370 DEBUG   structure gststructure.c:2203:gst_structure_parse_field: trying field name 'description'
0:00:00.014506508  3824 0x1913320 DEBUG   GST_POLL gstpoll.c:980:gst_poll_fd_ctl_write: 0x191b820: fd (fd:0, idx:1), active : 1
0:00:00.018886069  3823 0xe62370 DEBUG   default gstvalue.c:2676:_priv_gst_value_parse_value: trying type name 'string'
0:00:00.014512315  3824 0x1913320 LOG   GST_POLL gstpoll.c:994:gst_poll_fd_ctl_write: 0x191b820: pfd->events now 60 (POLLOUT:4)
0:00:00.018892064  3823 0xe62370 DEBUG   structure gststructure.c:2203:gst_structure_parse_field: trying field name 'author'
0:00:00.014518382  3824 0x1913320 DEBUG   GST_POLL gstpoll.c:980:gst_poll_fd_ctl_write: 0x191b820: fd (fd:0, idx:1), active : 1
0:00:00.018897731  3823 0xe62370 DEBUG   default gstvalue.c:2676:_priv_gst_value_parse_value: trying type name 'string'
0:00:00.014524443  3824 0x1913320 LOG   GST_POLL gstpoll.c:994:gst_poll_fd_ctl_write: 0x191b820: pfd->events now 60 (POLLOUT:4)
0:00:00.018905310  3823 0xe62370 DEBUG   GST_REGISTRY gstregistrychunks.c:626:gst_registry_chunks_load_feature: Element factory : npadtemplates=1
0:00:00.014530658  3824 0x1913320 DEBUG   GST_POLL gstpoll.c:980:gst_poll_fd_ctl_write: 0x191b820: fd (fd:0, idx:1), active : 1
0:00:00.018911229  3823 0xe62370 DEBUG   GST_REGISTRY gstregistrychunks.c:526:gst_registry_chunks_load_pad_template: Reading/casting for GstRegistryChunkPadTemplate at address 0xe7ee10
0:00:00.014536552  3824 0x1913320 LOG   GST_POLL gstpoll.c:994:gst_poll_fd_ctl_write: 0x191b820: pfd->events now 60 (POLLOUT:4)
0:00:00.018917221  3823 0xe62370 DEBUG   GST_REGISTRY gstregistrychunks.c:539:gst_registry_chunks_load_pad_template: Added pad_template sink
0:00:00.014542614  3824 0x1913320 DEBUG   GST_POLL gstpoll.c:980:gst_poll_fd_ctl_write: 0x191b820: fd (fd:0, idx:1), active : 1
0:00:00.014548461  3824 0x1913320 LOG   GST_POLL gstpoll.c:994:gst_poll_fd_ctl_write: 0x191b820: pfd->events now 60 (POLLOUT:4)
0:00:00.018930527  3823 0xe62370 DEBUG   GST_REGISTRY gstregistry.c:590:gst_registry_add_feature: adding feature 0xe82b60 (fakesink)
0:00:00.014554147  3824 0x1913320 DEBUG   GST_POLL gstpoll.c:980:gst_poll_fd_ctl_write: 0x191b820: fd (fd:0, idx:1), active : 1
0:00:00.018936893  3823 0xe62370 DEBUG   GST_REFCOUNTING gstobject.c:709:gst_object_set_parent: set parent (ref and sink)
0:00:00.014568641  3824 0x1913320 LOG   GST_POLL gstpoll.c:994:gst_poll_fd_ctl_write: 0x191b820: pfd->events now 60 (POLLOUT:4)
0:00:00.018949468  3823 0xe62370 TRACE   GST_REFCOUNTING gstobject.c:294:gst_object_ref_sink: 0xe82b60 ref_sink 1->2
0:00:00.014575098  3824 0x1913320 DEBUG   GST_POLL gstpoll.c:980:gst_poll_fd_ctl_write: 0x191b820: fd (fd:0, idx:1), active : 1
0:00:00.018956332  3823 0xe62370 LOG   GST_REGISTRY gstregistry.c:608:gst_registry_add_feature: emitting feature-added for fakesink
0:00:00.014581124  3824 0x1913320 LOG   GST_POLL gstpoll.c:994:gst_poll_fd_ctl_write: 0x191b820: pfd->events now 60 (POLLOUT:4)
0:00:00.018963542  3823 0xe62370 DEBUG   GST_REGISTRY gstregistrychunks.c:741:gst_registry_chunks_load_feature: Added feature fakesink, plugin 0xe7c200 coreelements
0:00:00.014587756  3824 0x1913320 DEBUG   GST_POLL gstpoll.c:980:gst_poll_fd_ctl_write: 0x191b820: fd (fd:0, idx:1), active : 1
0:00:00.018970507  3823 0xe62370 DEBUG   GST_REGISTRY gstregistrychunks.c:583:gst_registry_chunks_load_feature: Plugin 'coreelements' feature 'fakesrc' typename : 'GstElementFactory'
0:00:00.014594819  3824 0x1913320 LOG   GST_POLL gstpoll.c:994:gst_poll_fd_ctl_write: 0x191b820: pfd->events now 60 (POLLOUT:4)
0:00:00.018978064  3823 0xe62370 TRACE   GST_REFCOUNTING gstobject.c:208:gst_object_init: 0xe82080 new
0:00:00.014602173  3824 0x1913320 DEBUG   GST_POLL gstpoll.c:980:gst_poll_fd_ctl_write: 0x191b820: fd (fd:0, idx:1), active : 1
0:00:00.018985349  3823 0xe62370 LOG   GST_REGISTRY gstregistrychunks.c:610:gst_registry_chunks_load_feature: Reading/casting for GstRegistryChunkElementFactory at address 0xe7ee40
0:00:00.014609711  3824 0x1913320 LOG   GST_POLL gstpoll.c:994:gst_poll_fd_ctl_write: 0x191b820: pfd->events now 60 (POLLOUT:4)
0:00:00.018991849  3823 0xe62370 TRACE   structure gststructure.c:287:gst_structure_new_id_empty_with_size: created structure 0xe831e0
0:00:00.014617118  3824 0x1913320 DEBUG   GST_POLL gstpoll.c:980:gst_poll_fd_ctl_write: 0x191b820: fd (fd:0, idx:1), active : 1
0:00:00.018997881  3823 0xe62370 DEBUG   structure gststructure.c:2203:gst_structure_parse_field: trying field name 'long-name'
0:00:00.014623152  3824 0x1913320 LOG   GST_POLL gstpoll.c:994:gst_poll_fd_ctl_write: 0x191b820: pfd->events now 60 (POLLOUT:4)
0:00:00.019003689  3823 0xe62370 DEBUG   default gstvalue.c:2676:_priv_gst_value_parse_value: trying type name 'string'
0:00:00.014629324  3824 0x1913320 DEBUG   GST_POLL gstpoll.c:980:gst_poll_fd_ctl_write: 0x191b820: fd (fd:0, idx:1), active : 1
0:00:00.019009823  3823 0xe62370 DEBUG   structure gststructure.c:2203:gst_structure_parse_field: trying field name 'klass'
0:00:00.014635168  3824 0x1913320 LOG   GST_POLL gstpoll.c:994:gst_poll_fd_ctl_write: 0x191b820: pfd->events now 60 (POLLOUT:4)
0:00:00.019015495  3823 0xe62370 DEBUG   default gstvalue.c:2676:_priv_gst_value_parse_value: trying type name 'string'
0:00:00.014645195  3824 0x1913320 DEBUG   GST_POLL gstpoll.c:980:gst_poll_fd_ctl_write: 0x191b820: fd (fd:0, idx:1), active : 1
0:00:00.019025275  3823 0xe62370 DEBUG   structure gststructure.c:2203:gst_structure_parse_field: trying field name 'description'
0:00:00.014651138  3824 0x1913320 LOG   GST_POLL gstpoll.c:994:gst_poll_fd_ctl_write: 0x191b820: pfd->events now 60 (POLLOUT:4)
0:00:00.019030954  3823 0xe62370 DEBUG   default gstvalue.c:2676:_priv_gst_value_parse_value: trying type name 'string'
0:00:00.014657237  3824 0x1913320 DEBUG   GST_POLL gstpoll.c:980:gst_poll_fd_ctl_write: 0x191b820: fd (fd:0, idx:1), active : 1
0:00:00.019037438  3823 0xe62370 DEBUG   structure gststructure.c:2203:gst_structure_parse_field: trying field name 'author'
0:00:00.014663235  3824 0x1913320 LOG   GST_POLL gstpoll.c:994:gst_poll_fd_ctl_write: 0x191b820: pfd->events now 60 (POLLOUT:4)
0:00:00.019043231  3823 0xe62370 DEBUG   default gstvalue.c:2676:_priv_gst_value_parse_value: trying type name 'string'
0:00:00.014669229  3824 0x1913320 DEBUG   GST_POLL gstpoll.c:980:gst_poll_fd_ctl_write: 0x191b820: fd (fd:0, idx:1), active : 1
0:00:00.019049883  3823 0xe62370 DEBUG   GST_REGISTRY gstregistrychunks.c:626:gst_registry_chunks_load_feature: Element factory : npadtemplates=1
0:00:00.014675141  3824 0x1913320 LOG   GST_POLL gstpoll.c:994:gst_poll_fd_ctl_write: 0x191b820: pfd->events now 60 (POLLOUT:4)
0:00:00.019055783  3823 0xe62370 DEBUG   GST_REGISTRY gstregistrychunks.c:526:gst_registry_chunks_load_pad_template: Reading/casting for GstRegistryChunkPadTemplate at address 0xe7ef40
0:00:00.014681261  3824 0x1913320 DEBUG   GST_POLL gstpoll.c:980:gst_poll_fd_ctl_write: 0x191b820: fd (fd:0, idx:1), active : 1
0:00:00.019061824  3823 0xe62370 DEBUG   GST_REGISTRY gstregistrychunks.c:539:gst_registry_chunks_load_pad_template: Added pad_template src
0:00:00.014687181  3824 0x1913320 LOG   GST_POLL gstpoll.c:994:gst_poll_fd_ctl_write: 0x191b820: pfd->events now 60 (POLLOUT:4)
0:00:00.019069075  3823 0xe62370 DEBUG   GST_REGISTRY gstregistry.c:590:gst_registry_add_feature: adding feature 0xe82080 (fakesrc)
0:00:00.014693152  3824 0x1913320 DEBUG   GST_POLL gstpoll.c:980:gst_poll_fd_ctl_write: 0x191b820: fd (fd:0, idx:1), active : 1
0:00:00.019075296  3823 0xe62370 DEBUG   GST_REFCOUNTING gstobject.c:709:gst_object_set_parent: set parent (ref and sink)
0:00:00.014700315  3824 0x1913320 LOG   GST_POLL gstpoll.c:994:gst_poll_fd_ctl_write: 0x191b820: pfd->events now 60 (POLLOUT:4)
0:00:00.019082868  3823 0xe62370 TRACE   GST_REFCOUNTING gstobject.c:294:gst_object_ref_sink: 0xe82080 ref_sink 1->2
0:00:00.014707232  3824 0x1913320 DEBUG   GST_POLL gstpoll.c:980:gst_poll_fd_ctl_write: 0x191b820: fd (fd:0, idx:1), active : 1
0:00:00.019089902  3823 0xe62370 LOG   GST_REGISTRY gstregistry.c:608:gst_registry_add_feature: emitting feature-added for fakesrc
0:00:00.014714568  3824 0x1913320 LOG   GST_POLL gstpoll.c:994:gst_poll_fd_ctl_write: 0x191b820: pfd->events now 60 (POLLOUT:4)
0:00:00.019101480  3823 0xe62370 DEBUG   GST_REGISTRY gstregistrychunks.c:741:gst_registry_chunks_load_feature: Added feature fakesrc, plugin 0xe7c200 coreelements
0:00:00.014725859  3824 0x1913320 DEBUG   GST_POLL gstpoll.c:980:gst_poll_fd_ctl_write: 0x191b820: fd (fd:0, idx:1), active : 1
0:00:00.019108617  3823 0xe62370 DEBUG   GST_REGISTRY gstregistrychunks.c:583:gst_registry_chunks_load_feature: Plugin 'coreelements' feature 'downloadbuffer' typename : 'GstElementFactory'
0:00:00.014732582  3824 0x1913320 LOG   GST_POLL gstpoll.c:994:gst_poll_fd_ctl_write: 0x191b820: pfd->events now 60 (POLLOUT:4)
0:00:00.019115923  3823 0xe62370 TRACE   GST_REFCOUNTING gstobject.c:208:gst_object_init: 0xe83360 new
0:00:00.014739928  3824 0x1913320 DEBUG   GST_POLL gstpoll.c:980:gst_poll_fd_ctl_write: 0x191b820: fd (fd:0, idx:1), active : 1
0:00:00.019123213  3823 0xe62370 LOG   GST_REGISTRY gstregistrychunks.c:610:gst_registry_chunks_load_feature: Reading/casting for GstRegistryChunkElementFactory at address 0xe7ef78
0:00:00.014747457  3824 0x1913320 LOG   GST_POLL gstpoll.c:994:gst_poll_fd_ctl_write: 0x191b820: pfd->events now 60 (POLLOUT:4)
0:00:00.019129528  3823 0xe62370 TRACE   structure gststructure.c:287:gst_structure_new_id_empty_with_size: created structure 0xe83650
0:00:00.014754880  3824 0x1913320 DEBUG   GST_POLL gstpoll.c:980:gst_poll_fd_ctl_write: 0x191b820: fd (fd:0, idx:1), active : 1
0:00:00.019135547  3823 0xe62370 DEBUG   structure gststructure.c:2203:gst_structure_parse_field: trying field name 'long-name'
0:00:00.014760942  3824 0x1913320 LOG   GST_POLL gstpoll.c:994:gst_poll_fd_ctl_write: 0x191b820: pfd->events now 60 (POLLOUT:4)
0:00:00.019141606  3823 0xe62370 DEBUG   default gstvalue.c:2676:_priv_gst_value_parse_value: trying type name 'string'
0:00:00.014767375  3824 0x1913320 DEBUG   GST_POLL gstpoll.c:980:gst_poll_fd_ctl_write: 0x191b820: fd (fd:0, idx:1), active : 1
0:00:00.019147621  3823 0xe62370 DEBUG   structure gststructure.c:2203:gst_structure_parse_field: trying field name 'klass'
0:00:00.014773296  3824 0x1913320 LOG   GST_POLL gstpoll.c:994:gst_poll_fd_ctl_write: 0x191b820: pfd->events now 60 (POLLOUT:4)
0:00:00.019153505  3823 0xe62370 DEBUG   default gstvalue.c:2676:_priv_gst_value_parse_value: trying type name 'string'
0:00:00.014779324  3824 0x1913320 DEBUG   GST_POLL gstpoll.c:980:gst_poll_fd_ctl_write: 0x191b820: fd (fd:0, idx:1), active : 1
0:00:00.019159346  3823 0xe62370 DEBUG   structure gststructure.c:2203:gst_structure_parse_field: trying field name 'description'
0:00:00.014785214  3824 0x1913320 LOG   GST_POLL gstpoll.c:994:gst_poll_fd_ctl_write: 0x191b820: pfd->events now 60 (POLLOUT:4)
0:00:00.019165118  3823 0xe62370 DEBUG   default gstvalue.c:2676:_priv_gst_value_parse_value: trying type name 'string'
0:00:00.014791219  3824 0x1913320 DEBUG   GST_POLL gstpoll.c:980:gst_poll_fd_ctl_write: 0x191b820: fd (fd:0, idx:1), active : 1
0:00:00.019175429  3823 0xe62370 DEBUG   structure gststructure.c:2203:gst_structure_parse_field: trying field name 'author'
0:00:00.014800037  3824 0x1913320 LOG   GST_POLL gstpoll.c:994:gst_poll_fd_ctl_write: 0x191b820: pfd->events now 60 (POLLOUT:4)
0:00:00.019181311  3823 0xe62370 DEBUG   default gstvalue.c:2676:_priv_gst_value_parse_value: trying type name 'string'
0:00:00.014806847  3824 0x1913320 DEBUG   GST_POLL gstpoll.c:980:gst_poll_fd_ctl_write: 0x191b820: fd (fd:0, idx:1), active : 1
0:00:00.019200519  3823 0xe62370 DEBUG   GST_REGISTRY gstregistrychunks.c:626:gst_registry_chunks_load_feature: Element factory : npadtemplates=2
0:00:00.014825535  3824 0x1913320 LOG   GST_POLL gstpoll.c:994:gst_poll_fd_ctl_write: 0x191b820: pfd->events now 60 (POLLOUT:4)
0:00:00.019206431  3823 0xe62370 DEBUG   GST_REGISTRY gstregistrychunks.c:526:gst_registry_chunks_load_pad_template: Reading/casting for GstRegistryChunkPadTemplate at address 0xe7f040
0:00:00.014831447  3824 0x1913320 DEBUG   GST_POLL gstpoll.c:980:gst_poll_fd_ctl_write: 0x191b820: fd (fd:0, idx:1), active : 1
0:00:00.019212342  3823 0xe62370 DEBUG   GST_REGISTRY gstregistrychunks.c:539:gst_registry_chunks_load_pad_template: Added pad_template sink
0:00:00.014838481  3824 0x1913320 LOG   GST_POLL gstpoll.c:994:gst_poll_fd_ctl_write: 0x191b820: pfd->events now 60 (POLLOUT:4)
0:00:00.019218006  3823 0xe62370 DEBUG   GST_REGISTRY gstregistrychunks.c:526:gst_registry_chunks_load_pad_template: Reading/casting for GstRegistryChunkPadTemplate at address 0xe7f058
0:00:00.014845795  3824 0x1913320 DEBUG   GST_POLL gstpoll.c:980:gst_poll_fd_ctl_write: 0x191b820: fd (fd:0, idx:1), active : 1
0:00:00.019224983  3823 0xe62370 DEBUG   GST_REGISTRY gstregistrychunks.c:539:gst_registry_chunks_load_pad_template: Added pad_template src
0:00:00.014851656  3824 0x1913320 LOG   GST_POLL gstpoll.c:994:gst_poll_fd_ctl_write: 0x191b820: pfd->events now 60 (POLLOUT:4)
0:00:00.019232840  3823 0xe62370 DEBUG   GST_REGISTRY gstregistry.c:590:gst_registry_add_feature: adding feature 0xe83360 (downloadbuffer)
0:00:00.014857699  3824 0x1913320 DEBUG   GST_POLL gstpoll.c:980:gst_poll_fd_ctl_write: 0x191b820: fd (fd:0, idx:1), active : 1
0:00:00.019238807  3823 0xe62370 DEBUG   GST_REFCOUNTING gstobject.c:709:gst_object_set_parent: set parent (ref and sink)
0:00:00.014863605  3824 0x1913320 LOG   GST_POLL gstpoll.c:994:gst_poll_fd_ctl_write: 0x191b820: pfd->events now 60 (POLLOUT:4)
0:00:00.019245894  3823 0xe62370 TRACE   GST_REFCOUNTING gstobject.c:294:gst_object_ref_sink: 0xe83360 ref_sink 1->2
0:00:00.014870508  3824 0x1913320 DEBUG   GST_POLL gstpoll.c:980:gst_poll_fd_ctl_write: 0x191b820: fd (fd:0, idx:1), active : 1
0:00:00.019252792  3823 0xe62370 LOG   GST_REGISTRY gstregistry.c:608:gst_registry_add_feature: emitting feature-added for downloadbuffer
0:00:00.014877563  3824 0x1913320 LOG   GST_POLL gstpoll.c:994:gst_poll_fd_ctl_write: 0x191b820: pfd->events now 60 (POLLOUT:4)
0:00:00.019263431  3823 0xe62370 DEBUG   GST_REGISTRY gstregistrychunks.c:741:gst_registry_chunks_load_feature: Added feature downloadbuffer, plugin 0xe7c200 coreelements
0:00:00.014887878  3824 0x1913320 DEBUG   GST_POLL gstpoll.c:980:gst_poll_fd_ctl_write: 0x191b820: fd (fd:0, idx:1), active : 1
0:00:00.019270001  3823 0xe62370 DEBUG   GST_REGISTRY gstregistrychunks.c:583:gst_registry_chunks_load_feature: Plugin 'coreelements' feature 'dataurisrc' typename : 'GstElementFactory'
0:00:00.014894429  3824 0x1913320 LOG   GST_POLL gstpoll.c:994:gst_poll_fd_ctl_write: 0x191b820: pfd->events now 60 (POLLOUT:4)
0:00:00.019277461  3823 0xe62370 TRACE   GST_REFCOUNTING gstobject.c:208:gst_object_init: 0xe83080 new
0:00:00.014901259  3824 0x1913320 DEBUG   GST_POLL gstpoll.c:980:gst_poll_fd_ctl_write: 0x191b820: fd (fd:0, idx:1), active : 1
0:00:00.019284869  3823 0xe62370 LOG   GST_REGISTRY gstregistrychunks.c:610:gst_registry_chunks_load_feature: Reading/casting for GstRegistryChunkElementFactory at address 0xe7f088
0:00:00.014908866  3824 0x1913320 LOG   GST_POLL gstpoll.c:994:gst_poll_fd_ctl_write: 0x191b820: pfd->events now 60 (POLLOUT:4)
0:00:00.019291422  3823 0xe62370 TRACE   structure gststructure.c:287:gst_structure_new_id_empty_with_size: created structure 0xe83ad0
0:00:00.014916234  3824 0x1913320 DEBUG   GST_POLL gstpoll.c:980:gst_poll_fd_ctl_write: 0x191b820: fd (fd:0, idx:1), active : 1
0:00:00.019297305  3823 0xe62370 DEBUG   structure gststructure.c:2203:gst_structure_parse_field: trying field name 'long-name'
0:00:00.014922372  3824 0x1913320 LOG   GST_POLL gstpoll.c:994:gst_poll_fd_ctl_write: 0x191b820: pfd->events now 60 (POLLOUT:4)
0:00:00.019303225  3823 0xe62370 DEBUG   default gstvalue.c:2676:_priv_gst_value_parse_value: trying type name 'string'
0:00:00.014928393  3824 0x1913320 DEBUG   GST_POLL gstpoll.c:980:gst_poll_fd_ctl_write: 0x191b820: fd (fd:0, idx:1), active : 1
0:00:00.019309375  3823 0xe62370 DEBUG   structure gststructure.c:2203:gst_structure_parse_field: trying field name 'klass'
0:00:00.014934270  3824 0x1913320 LOG   GST_POLL gstpoll.c:994:gst_poll_fd_ctl_write: 0x191b820: pfd->events now 60 (POLLOUT:4)
0:00:00.019315057  3823 0xe62370 DEBUG   default gstvalue.c:2676:_priv_gst_value_parse_value: trying type name 'string'
0:00:00.014940377  3824 0x1913320 DEBUG   GST_POLL gstpoll.c:980:gst_poll_fd_ctl_write: 0x191b820: fd (fd:0, idx:1), active : 1
0:00:00.019321074  3823 0xe62370 DEBUG   structure gststructure.c:2203:gst_structure_parse_field: trying field name 'description'
0:00:00.014946082  3824 0x1913320 LOG   GST_POLL gstpoll.c:994:gst_poll_fd_ctl_write: 0x191b820: pfd->events now 60 (POLLOUT:4)
0:00:00.019326855  3823 0xe62370 DEBUG   default gstvalue.c:2676:_priv_gst_value_parse_value: trying type name 'string'
0:00:00.014952110  3824 0x1913320 DEBUG   GST_POLL gstpoll.c:980:gst_poll_fd_ctl_write: 0x191b820: fd (fd:0, idx:1), active : 1
0:00:00.019332895  3823 0xe62370 DEBUG   structure gststructure.c:2203:gst_structure_parse_field: trying field name 'author'
0:00:00.014962305  3824 0x1913320 LOG   GST_POLL gstpoll.c:994:gst_poll_fd_ctl_write: 0x191b820: pfd->events now 60 (POLLOUT:4)
0:00:00.019342080  3823 0xe62370 DEBUG   default gstvalue.c:2676:_priv_gst_value_parse_value: trying type name 'string'
0:00:00.014968487  3824 0x1913320 DEBUG   GST_POLL gstpoll.c:980:gst_poll_fd_ctl_write: 0x191b820: fd (fd:0, idx:1), active : 1
0:00:00.019349005  3823 0xe62370 DEBUG   GST_REGISTRY gstregistrychunks.c:626:gst_registry_chunks_load_feature: Element factory : npadtemplates=1
0:00:00.014974308  3824 0x1913320 LOG   GST_POLL gstpoll.c:994:gst_poll_fd_ctl_write: 0x191b820: pfd->events now 60 (POLLOUT:4)
0:00:00.019354583  3823 0xe62370 DEBUG   GST_REGISTRY gstregistrychunks.c:526:gst_registry_chunks_load_pad_template: Reading/casting for GstRegistryChunkPadTemplate at address 0xe7f1a0
0:00:00.014998977  3824 0x1913320 LOG   GST_PLUGIN_LOADING gstpluginloader.c:646:put_chunk: Expanding tx buf from 13209 to 17023 for chunk of size 229
0:00:00.019379079  3823 0xe62370 DEBUG   GST_REGISTRY gstregistrychunks.c:539:gst_registry_chunks_load_pad_template: Added pad_template src
0:00:00.019385765  3823 0xe62370 DEBUG   GST_REGISTRY gstregistrychunks.c:639:gst_registry_chunks_load_feature: Reading 1 UriTypes at address 0xe7f1b0
0:00:00.015009040  3824 0x1913320 DEBUG   GST_POLL gstpoll.c:980:gst_poll_fd_ctl_write: 0x191b820: fd (fd:0, idx:1), active : 1
0:00:00.019392107  3823 0xe62370 DEBUG   GST_REGISTRY gstregistrychunks.c:654:gst_registry_chunks_load_feature: Reading 1 Interfaces at address 0xe7f1b9
0:00:00.015016581  3824 0x1913320 LOG   GST_POLL gstpoll.c:994:gst_poll_fd_ctl_write: 0x191b820: pfd->events now 60 (POLLOUT:4)
0:00:00.019399825  3823 0xe62370 DEBUG   GST_REGISTRY gstregistry.c:590:gst_registry_add_feature: adding feature 0xe83080 (dataurisrc)
0:00:00.015023515  3824 0x1913320 DEBUG   GST_POLL gstpoll.c:980:gst_poll_fd_ctl_write: 0x191b820: fd (fd:0, idx:1), active : 1
0:00:00.019406142  3823 0xe62370 DEBUG   GST_REFCOUNTING gstobject.c:709:gst_object_set_parent: set parent (ref and sink)
0:00:00.015033014  3824 0x1913320 LOG   GST_POLL gstpoll.c:994:gst_poll_fd_ctl_write: 0x191b820: pfd->events now 60 (POLLOUT:4)
0:00:00.019413525  3823 0xe62370 TRACE   GST_REFCOUNTING gstobject.c:294:gst_object_ref_sink: 0xe83080 ref_sink 1->2
0:00:00.019421239  3823 0xe62370 LOG   GST_REGISTRY gstregistry.c:608:gst_registry_add_feature: emitting feature-added for dataurisrc
0:00:00.015044556  3824 0x1913320 DEBUG   GST_POLL gstpoll.c:980:gst_poll_fd_ctl_write: 0x191b820: fd (fd:0, idx:1), active : 1
0:00:00.019429063  3823 0xe62370 DEBUG   GST_REGISTRY gstregistrychunks.c:741:gst_registry_chunks_load_feature: Added feature dataurisrc, plugin 0xe7c200 coreelements
0:00:00.015055794  3824 0x1913320 LOG   GST_POLL gstpoll.c:994:gst_poll_fd_ctl_write: 0x191b820: pfd->events now 60 (POLLOUT:4)
0:00:00.019450584  3823 0xe62370 DEBUG   GST_REGISTRY gstregistrychunks.c:583:gst_registry_chunks_load_feature: Plugin 'coreelements' feature 'concat' typename : 'GstElementFactory'
0:00:00.015081046  3824 0x1913320 DEBUG   GST_POLL gstpoll.c:980:gst_poll_fd_ctl_write: 0x191b820: fd (fd:0, idx:1), active : 1
0:00:00.015087390  3824 0x1913320 LOG   GST_POLL gstpoll.c:994:gst_poll_fd_ctl_write: 0x191b820: pfd->events now 60 (POLLOUT:4)
0:00:00.019466316  3823 0xe62370 TRACE   GST_REFCOUNTING gstobject.c:208:gst_object_init: 0xe83c80 new
0:00:00.015092968  3824 0x1913320 DEBUG   GST_POLL gstpoll.c:980:gst_poll_fd_ctl_write: 0x191b820: fd (fd:0, idx:1), active : 1
0:00:00.019477339  3823 0xe62370 LOG   GST_REGISTRY gstregistrychunks.c:610:gst_registry_chunks_load_feature: Reading/casting for GstRegistryChunkElementFactory at address 0xe7f1e0
0:00:00.015100859  3824 0x1913320 LOG   GST_POLL gstpoll.c:994:gst_poll_fd_ctl_write: 0x191b820: pfd->events now 60 (POLLOUT:4)
0:00:00.019484555  3823 0xe62370 TRACE   structure gststructure.c:287:gst_structure_new_id_empty_with_size: created structure 0xe83d70
0:00:00.015108893  3824 0x1913320 DEBUG   GST_POLL gstpoll.c:980:gst_poll_fd_ctl_write: 0x191b820: fd (fd:0, idx:1), active : 1
0:00:00.019490884  3823 0xe62370 DEBUG   structure gststructure.c:2203:gst_structure_parse_field: trying field name 'long-name'
0:00:00.015115554  3824 0x1913320 LOG   GST_POLL gstpoll.c:994:gst_poll_fd_ctl_write: 0x191b820: pfd->events now 60 (POLLOUT:4)
0:00:00.019497180  3823 0xe62370 DEBUG   default gstvalue.c:2676:_priv_gst_value_parse_value: trying type name 'string'
0:00:00.015122162  3824 0x1913320 DEBUG   GST_POLL gstpoll.c:980:gst_poll_fd_ctl_write: 0x191b820: fd (fd:0, idx:1), active : 1
0:00:00.019503725  3823 0xe62370 DEBUG   structure gststructure.c:2203:gst_structure_parse_field: trying field name 'klass'
0:00:00.015128278  3824 0x1913320 LOG   GST_POLL gstpoll.c:994:gst_poll_fd_ctl_write: 0x191b820: pfd->events now 60 (POLLOUT:4)
0:00:00.019509536  3823 0xe62370 DEBUG   default gstvalue.c:2676:_priv_gst_value_parse_value: trying type name 'string'
0:00:00.015134951  3824 0x1913320 DEBUG   GST_POLL gstpoll.c:980:gst_poll_fd_ctl_write: 0x191b820: fd (fd:0, idx:1), active : 1
0:00:00.019515633  3823 0xe62370 DEBUG   structure gststructure.c:2203:gst_structure_parse_field: trying field name 'description'
0:00:00.015140896  3824 0x1913320 LOG   GST_POLL gstpoll.c:994:gst_poll_fd_ctl_write: 0x191b820: pfd->events now 60 (POLLOUT:4)
0:00:00.019521474  3823 0xe62370 DEBUG   default gstvalue.c:2676:_priv_gst_value_parse_value: trying type name 'string'
0:00:00.015147102  3824 0x1913320 DEBUG   GST_POLL gstpoll.c:980:gst_poll_fd_ctl_write: 0x191b820: fd (fd:0, idx:1), active : 1
0:00:00.019527756  3823 0xe62370 DEBUG   structure gststructure.c:2203:gst_structure_parse_field: trying field name 'author'
0:00:00.015152844  3824 0x1913320 LOG   GST_POLL gstpoll.c:994:gst_poll_fd_ctl_write: 0x191b820: pfd->events now 60 (POLLOUT:4)
0:00:00.019533577  3823 0xe62370 DEBUG   default gstvalue.c:2676:_priv_gst_value_parse_value: trying type name 'string'
0:00:00.015163525  3824 0x1913320 DEBUG   GST_POLL gstpoll.c:980:gst_poll_fd_ctl_write: 0x191b820: fd (fd:0, idx:1), active : 1
0:00:00.019543965  3823 0xe62370 DEBUG   GST_REGISTRY gstregistrychunks.c:626:gst_registry_chunks_load_feature: Element factory : npadtemplates=2
0:00:00.015169395  3824 0x1913320 LOG   GST_POLL gstpoll.c:994:gst_poll_fd_ctl_write: 0x191b820: pfd->events now 60 (POLLOUT:4)
0:00:00.019562872  3823 0xe62370 DEBUG   GST_REGISTRY gstregistrychunks.c:526:gst_registry_chunks_load_pad_template: Reading/casting for GstRegistryChunkPadTemplate at address 0xe7f2b8
0:00:00.015188372  3824 0x1913320 DEBUG   GST_POLL gstpoll.c:980:gst_poll_fd_ctl_write: 0x191b820: fd (fd:0, idx:1), active : 1
0:00:00.019568783  3823 0xe62370 DEBUG   GST_REGISTRY gstregistrychunks.c:539:gst_registry_chunks_load_pad_template: Added pad_template src
0:00:00.015194047  3824 0x1913320 LOG   GST_POLL gstpoll.c:994:gst_poll_fd_ctl_write: 0x191b820: pfd->events now 60 (POLLOUT:4)
0:00:00.019574358  3823 0xe62370 DEBUG   GST_REGISTRY gstregistrychunks.c:526:gst_registry_chunks_load_pad_template: Reading/casting for GstRegistryChunkPadTemplate at address 0xe7f2c8
0:00:00.015199919  3824 0x1913320 DEBUG   GST_POLL gstpoll.c:980:gst_poll_fd_ctl_write: 0x191b820: fd (fd:0, idx:1), active : 1
0:00:00.019580142  3823 0xe62370 DEBUG   GST_REGISTRY gstregistrychunks.c:539:gst_registry_chunks_load_pad_template: Added pad_template sink_%u
0:00:00.015205487  3824 0x1913320 LOG   GST_POLL gstpoll.c:994:gst_poll_fd_ctl_write: 0x191b820: pfd->events now 60 (POLLOUT:4)
0:00:00.015211434  3824 0x1913320 DEBUG   GST_POLL gstpoll.c:980:gst_poll_fd_ctl_write: 0x191b820: fd (fd:0, idx:1), active : 1
0:00:00.019590982  3823 0xe62370 DEBUG   GST_REGISTRY gstregistry.c:590:gst_registry_add_feature: adding feature 0xe83c80 (concat)
0:00:00.015216530  3824 0x1913320 LOG   GST_POLL gstpoll.c:994:gst_poll_fd_ctl_write: 0x191b820: pfd->events now 60 (POLLOUT:4)
0:00:00.019597075  3823 0xe62370 DEBUG   GST_REFCOUNTING gstobject.c:709:gst_object_set_parent: set parent (ref and sink)
0:00:00.015222390  3824 0x1913320 DEBUG   GST_POLL gstpoll.c:980:gst_poll_fd_ctl_write: 0x191b820: fd (fd:0, idx:1), active : 1
0:00:00.019604377  3823 0xe62370 TRACE   GST_REFCOUNTING gstobject.c:294:gst_object_ref_sink: 0xe83c80 ref_sink 1->2
0:00:00.015228265  3824 0x1913320 LOG   GST_POLL gstpoll.c:994:gst_poll_fd_ctl_write: 0x191b820: pfd->events now 60 (POLLOUT:4)
0:00:00.019611252  3823 0xe62370 LOG   GST_REGISTRY gstregistry.c:608:gst_registry_add_feature: emitting feature-added for concat
0:00:00.015235580  3824 0x1913320 DEBUG   GST_POLL gstpoll.c:980:gst_poll_fd_ctl_write: 0x191b820: fd (fd:0, idx:1), active : 1
0:00:00.019617925  3823 0xe62370 DEBUG   GST_REGISTRY gstregistrychunks.c:741:gst_registry_chunks_load_feature: Added feature concat, plugin 0xe7c200 coreelements
0:00:00.015241962  3824 0x1913320 LOG   GST_POLL gstpoll.c:994:gst_poll_fd_ctl_write: 0x191b820: pfd->events now 60 (POLLOUT:4)
0:00:00.019629813  3823 0xe62370 DEBUG   GST_REGISTRY gstregistrychunks.c:583:gst_registry_chunks_load_feature: Plugin 'coreelements' feature 'clocksync' typename : 'GstElementFactory'
0:00:00.015254626  3824 0x1913320 DEBUG   GST_POLL gstpoll.c:980:gst_poll_fd_ctl_write: 0x191b820: fd (fd:0, idx:1), active : 1
0:00:00.019637132  3823 0xe62370 TRACE   GST_REFCOUNTING gstobject.c:208:gst_object_init: 0xe83f70 new
0:00:00.015260912  3824 0x1913320 LOG   GST_POLL gstpoll.c:994:gst_poll_fd_ctl_write: 0x191b820: pfd->events now 60 (POLLOUT:4)
0:00:00.019644269  3823 0xe62370 LOG   GST_REGISTRY gstregistrychunks.c:610:gst_registry_chunks_load_feature: Reading/casting for GstRegistryChunkElementFactory at address 0xe7f2f8
0:00:00.015268567  3824 0x1913320 DEBUG   GST_POLL gstpoll.c:980:gst_poll_fd_ctl_write: 0x191b820: fd (fd:0, idx:1), active : 1
0:00:00.019650693  3823 0xe62370 TRACE   structure gststructure.c:287:gst_structure_new_id_empty_with_size: created structure 0xe84260
0:00:00.015275332  3824 0x1913320 LOG   GST_POLL gstpoll.c:994:gst_poll_fd_ctl_write: 0x191b820: pfd->events now 60 (POLLOUT:4)
0:00:00.019656542  3823 0xe62370 DEBUG   structure gststructure.c:2203:gst_structure_parse_field: trying field name 'long-name'
0:00:00.015281739  3824 0x1913320 DEBUG   GST_POLL gstpoll.c:980:gst_poll_fd_ctl_write: 0x191b820: fd (fd:0, idx:1), active : 1
0:00:00.019662175  3823 0xe62370 DEBUG   default gstvalue.c:2676:_priv_gst_value_parse_value: trying type name 'string'
0:00:00.015287520  3824 0x1913320 LOG   GST_POLL gstpoll.c:994:gst_poll_fd_ctl_write: 0x191b820: pfd->events now 60 (POLLOUT:4)
0:00:00.019668279  3823 0xe62370 DEBUG   structure gststructure.c:2203:gst_structure_parse_field: trying field name 'klass'
0:00:00.015293440  3824 0x1913320 DEBUG   GST_POLL gstpoll.c:980:gst_poll_fd_ctl_write: 0x191b820: fd (fd:0, idx:1), active : 1
0:00:00.019673790  3823 0xe62370 DEBUG   default gstvalue.c:2676:_priv_gst_value_parse_value: trying type name 'string'
0:00:00.015299161  3824 0x1913320 LOG   GST_POLL gstpoll.c:994:gst_poll_fd_ctl_write: 0x191b820: pfd->events now 60 (POLLOUT:4)
0:00:00.019679667  3823 0xe62370 DEBUG   structure gststructure.c:2203:gst_structure_parse_field: trying field name 'description'
0:00:00.015305067  3824 0x1913320 DEBUG   GST_POLL gstpoll.c:980:gst_poll_fd_ctl_write: 0x191b820: fd (fd:0, idx:1), active : 1
0:00:00.019685160  3823 0xe62370 DEBUG   default gstvalue.c:2676:_priv_gst_value_parse_value: trying type name 'string'
0:00:00.015310598  3824 0x1913320 LOG   GST_POLL gstpoll.c:994:gst_poll_fd_ctl_write: 0x191b820: pfd->events now 60 (POLLOUT:4)
0:00:00.019691347  3823 0xe62370 DEBUG   structure gststructure.c:2203:gst_structure_parse_field: trying field name 'author'
0:00:00.015316535  3824 0x1913320 DEBUG   GST_POLL gstpoll.c:980:gst_poll_fd_ctl_write: 0x191b820: fd (fd:0, idx:1), active : 1
0:00:00.019701465  3823 0xe62370 DEBUG   default gstvalue.c:2676:_priv_gst_value_parse_value: trying type name 'string'
0:00:00.015326502  3824 0x1913320 LOG   GST_POLL gstpoll.c:994:gst_poll_fd_ctl_write: 0x191b820: pfd->events now 60 (POLLOUT:4)
0:00:00.019707783  3823 0xe62370 DEBUG   GST_REGISTRY gstregistrychunks.c:626:gst_registry_chunks_load_feature: Element factory : npadtemplates=2
0:00:00.015332577  3824 0x1913320 DEBUG   GST_POLL gstpoll.c:980:gst_poll_fd_ctl_write: 0x191b820: fd (fd:0, idx:1), active : 1
0:00:00.019713640  3823 0xe62370 DEBUG   GST_REGISTRY gstregistrychunks.c:526:gst_registry_chunks_load_pad_template: Reading/casting for GstRegistryChunkPadTemplate at address 0xe7f3c8
0:00:00.015342380  3824 0x1913320 LOG   GST_POLL gstpoll.c:994:gst_poll_fd_ctl_write: 0x191b820: pfd->events now 60 (POLLOUT:4)
0:00:00.019721751  3823 0xe62370 DEBUG   GST_REGISTRY gstregistrychunks.c:539:gst_registry_chunks_load_pad_template: Added pad_template sink
0:00:00.015366283  3824 0x1913320 DEBUG   GST_POLL gstpoll.c:980:gst_poll_fd_ctl_write: 0x191b820: fd (fd:0, idx:1), active : 1
0:00:00.019745668  3823 0xe62370 DEBUG   GST_REGISTRY gstregistrychunks.c:526:gst_registry_chunks_load_pad_template: Reading/casting for GstRegistryChunkPadTemplate at address 0xe7f3e0
0:00:00.015372066  3824 0x1913320 LOG   GST_POLL gstpoll.c:994:gst_poll_fd_ctl_write: 0x191b820: pfd->events now 60 (POLLOUT:4)
0:00:00.019752017  3823 0xe62370 DEBUG   GST_REGISTRY gstregistrychunks.c:539:gst_registry_chunks_load_pad_template: Added pad_template src
0:00:00.015378727  3824 0x1913320 DEBUG   GST_POLL gstpoll.c:980:gst_poll_fd_ctl_write: 0x191b820: fd (fd:0, idx:1), active : 1
0:00:00.019759605  3823 0xe62370 DEBUG   GST_REGISTRY gstregistry.c:590:gst_registry_add_feature: adding feature 0xe83f70 (clocksync)
0:00:00.015384614  3824 0x1913320 LOG   GST_POLL gstpoll.c:994:gst_poll_fd_ctl_write: 0x191b820: pfd->events now 60 (POLLOUT:4)
0:00:00.019765511  3823 0xe62370 DEBUG   GST_REFCOUNTING gstobject.c:709:gst_object_set_parent: set parent (ref and sink)
0:00:00.015390710  3824 0x1913320 DEBUG   GST_POLL gstpoll.c:980:gst_poll_fd_ctl_write: 0x191b820: fd (fd:0, idx:1), active : 1
0:00:00.019773359  3823 0xe62370 TRACE   GST_REFCOUNTING gstobject.c:294:gst_object_ref_sink: 0xe83f70 ref_sink 1->2
0:00:00.015396980  3824 0x1913320 LOG   GST_POLL gstpoll.c:994:gst_poll_fd_ctl_write: 0x191b820: pfd->events now 60 (POLLOUT:4)
0:00:00.019780244  3823 0xe62370 LOG   GST_REGISTRY gstregistry.c:608:gst_registry_add_feature: emitting feature-added for clocksync
0:00:00.015404981  3824 0x1913320 DEBUG   GST_POLL gstpoll.c:980:gst_poll_fd_ctl_write: 0x191b820: fd (fd:0, idx:1), active : 1
0:00:00.019787111  3823 0xe62370 DEBUG   GST_REGISTRY gstregistrychunks.c:741:gst_registry_chunks_load_feature: Added feature clocksync, plugin 0xe7c200 coreelements
0:00:00.015410967  3824 0x1913320 LOG   GST_POLL gstpoll.c:994:gst_poll_fd_ctl_write: 0x191b820: pfd->events now 60 (POLLOUT:4)
0:00:00.019797997  3823 0xe62370 DEBUG   GST_REGISTRY gstregistrychunks.c:583:gst_registry_chunks_load_feature: Plugin 'coreelements' feature 'capsfilter' typename : 'GstElementFactory'
0:00:00.015422363  3824 0x1913320 DEBUG   GST_POLL gstpoll.c:980:gst_poll_fd_ctl_write: 0x191b820: fd (fd:0, idx:1), active : 1
0:00:00.019805486  3823 0xe62370 TRACE   GST_REFCOUNTING gstobject.c:208:gst_object_init: 0xe84160 new
0:00:00.015429073  3824 0x1913320 LOG   GST_POLL gstpoll.c:994:gst_poll_fd_ctl_write: 0x191b820: pfd->events now 60 (POLLOUT:4)
0:00:00.019812947  3823 0xe62370 LOG   GST_REGISTRY gstregistrychunks.c:610:gst_registry_chunks_load_feature: Reading/casting for GstRegistryChunkElementFactory at address 0xe7f410
0:00:00.015437009  3824 0x1913320 DEBUG   GST_POLL gstpoll.c:980:gst_poll_fd_ctl_write: 0x191b820: fd (fd:0, idx:1), active : 1
0:00:00.019819265  3823 0xe62370 TRACE   structure gststructure.c:287:gst_structure_new_id_empty_with_size: created structure 0xe846a0
0:00:00.015444148  3824 0x1913320 LOG   GST_POLL gstpoll.c:994:gst_poll_fd_ctl_write: 0x191b820: pfd->events now 60 (POLLOUT:4)
0:00:00.019825060  3823 0xe62370 DEBUG   structure gststructure.c:2203:gst_structure_parse_field: trying field name 'long-name'
