0:00:00.023309361  3815 0x1d46370 DEBUG   GST_REGISTRY gstregistrychunks.c:741:gst_registry_chunks_load_feature: Added feature clocksync, plugin 0x1d60220 coreelements
0:00:00.018511793  3816 0xeaa320 LOG   GST_POLL gstpoll.c:994:gst_poll_fd_ctl_write: 0xeb2810: pfd->events now 60 (POLLOUT:4)
0:00:00.023316902  3815 0x1d46370 DEBUG   GST_REGISTRY gstregistrychunks.c:583:gst_registry_chunks_load_feature: Plugin 'coreelements' feature 'capsfilter' typename : 'GstElementFactory'
0:00:00.018524682  3816 0xeaa320 DEBUG   GST_POLL gstpoll.c:980:gst_poll_fd_ctl_write: 0xeb2810: fd (fd:0, idx:1), active : 1
0:00:00.023327778  3815 0x1d46370 TRACE   GST_REFCOUNTING gstobject.c:208:gst_object_init: 0x1d68110 new
0:00:00.018531054  3816 0xeaa320 LOG   GST_POLL gstpoll.c:994:gst_poll_fd_ctl_write: 0xeb2810: pfd->events now 60 (POLLOUT:4)
0:00:00.023336864  3815 0x1d46370 LOG   GST_REGISTRY gstregistrychunks.c:610:gst_registry_chunks_load_feature: Reading/casting for GstRegistryChunkElementFactory at address 0x1d63430
0:00:00.018538545  3816 0xeaa320 DEBUG   GST_POLL gstpoll.c:980:gst_poll_fd_ctl_write: 0xeb2810: fd (fd:0, idx:1), active : 1
0:00:00.023343911  3815 0x1d46370 TRACE   structure gststructure.c:287:gst_structure_new_id_empty_with_size: created structure 0x1d68890
0:00:00.018546939  3816 0xeaa320 LOG   GST_POLL gstpoll.c:994:gst_poll_fd_ctl_write: 0xeb2810: pfd->events now 60 (POLLOUT:4)
0:00:00.023352510  3815 0x1d46370 DEBUG   structure gststructure.c:2203:gst_structure_parse_field: trying field name 'long-name'
0:00:00.018557473  3816 0xeaa320 DEBUG   GST_POLL gstpoll.c:980:gst_poll_fd_ctl_write: 0xeb2810: fd (fd:0, idx:1), active : 1
0:00:00.023359780  3815 0x1d46370 DEBUG   default gstvalue.c:2676:_priv_gst_value_parse_value: trying type name 'string'
0:00:00.018564647  3816 0xeaa320 LOG   GST_POLL gstpoll.c:994:gst_poll_fd_ctl_write: 0xeb2810: pfd->events now 60 (POLLOUT:4)
0:00:00.023367398  3815 0x1d46370 DEBUG   structure gststructure.c:2203:gst_structure_parse_field: trying field name 'klass'
0:00:00.018571597  3816 0xeaa320 DEBUG   GST_POLL gstpoll.c:980:gst_poll_fd_ctl_write: 0xeb2810: fd (fd:0, idx:1), active : 1
0:00:00.023373354  3815 0x1d46370 DEBUG   default gstvalue.c:2676:_priv_gst_value_parse_value: trying type name 'string'
0:00:00.018577857  3816 0xeaa320 LOG   GST_POLL gstpoll.c:994:gst_poll_fd_ctl_write: 0xeb2810: pfd->events now 60 (POLLOUT:4)
0:00:00.023380164  3815 0x1d46370 DEBUG   structure gststructure.c:2203:gst_structure_parse_field: trying field name 'description'
0:00:00.018584377  3816 0xeaa320 DEBUG   GST_POLL gstpoll.c:980:gst_poll_fd_ctl_write: 0xeb2810: fd (fd:0, idx:1), active : 1
0:00:00.023386042  3815 0x1d46370 DEBUG   default gstvalue.c:2676:_priv_gst_value_parse_value: trying type name 'string'
0:00:00.018590757  3816 0xeaa320 LOG   GST_POLL gstpoll.c:994:gst_poll_fd_ctl_write: 0xeb2810: pfd->events now 60 (POLLOUT:4)
0:00:00.023393243  3815 0x1d46370 DEBUG   structure gststructure.c:2203:gst_structure_parse_field: trying field name 'author'
0:00:00.018597319  3816 0xeaa320 DEBUG   GST_POLL gstpoll.c:980:gst_poll_fd_ctl_write: 0xeb2810: fd (fd:0, idx:1), active : 1
0:00:00.023398921  3815 0x1d46370 DEBUG   default gstvalue.c:2676:_priv_gst_value_parse_value: trying type name 'string'
0:00:00.018603529  3816 0xeaa320 LOG   GST_POLL gstpoll.c:994:gst_poll_fd_ctl_write: 0xeb2810: pfd->events now 60 (POLLOUT:4)
0:00:00.023412937  3815 0x1d46370 DEBUG   GST_REGISTRY gstregistrychunks.c:626:gst_registry_chunks_load_feature: Element factory : npadtemplates=2
0:00:00.018616683  3816 0xeaa320 DEBUG   GST_POLL gstpoll.c:980:gst_poll_fd_ctl_write: 0xeb2810: fd (fd:0, idx:1), active : 1
0:00:00.023420021  3815 0x1d46370 DEBUG   GST_REGISTRY gstregistrychunks.c:526:gst_registry_chunks_load_pad_template: Reading/casting for GstRegistryChunkPadTemplate at address 0x1d63510
0:00:00.018623692  3816 0xeaa320 LOG   GST_POLL gstpoll.c:994:gst_poll_fd_ctl_write: 0xeb2810: pfd->events now 60 (POLLOUT:4)
0:00:00.023426631  3815 0x1d46370 DEBUG   GST_REGISTRY gstregistrychunks.c:539:gst_registry_chunks_load_pad_template: Added pad_template sink
0:00:00.018630748  3816 0xeaa320 DEBUG   GST_POLL gstpoll.c:980:gst_poll_fd_ctl_write: 0xeb2810: fd (fd:0, idx:1), active : 1
0:00:00.023432473  3815 0x1d46370 DEBUG   GST_REGISTRY gstregistrychunks.c:526:gst_registry_chunks_load_pad_template: Reading/casting for GstRegistryChunkPadTemplate at address 0x1d63528
0:00:00.018637028  3816 0xeaa320 LOG   GST_POLL gstpoll.c:994:gst_poll_fd_ctl_write: 0xeb2810: pfd->events now 60 (POLLOUT:4)
0:00:00.023438501  3815 0x1d46370 DEBUG   GST_REGISTRY gstregistrychunks.c:539:gst_registry_chunks_load_pad_template: Added pad_template src
0:00:00.018643566  3816 0xeaa320 DEBUG   GST_POLL gstpoll.c:980:gst_poll_fd_ctl_write: 0xeb2810: fd (fd:0, idx:1), active : 1
0:00:00.023447186  3815 0x1d46370 DEBUG   GST_REGISTRY gstregistry.c:590:gst_registry_add_feature: adding feature 0x1d68110 (capsfilter)
0:00:00.018649866  3816 0xeaa320 LOG   GST_POLL gstpoll.c:994:gst_poll_fd_ctl_write: 0xeb2810: pfd->events now 60 (POLLOUT:4)
0:00:00.023453949  3815 0x1d46370 DEBUG   GST_REFCOUNTING gstobject.c:709:gst_object_set_parent: set parent (ref and sink)
0:00:00.018657329  3816 0xeaa320 DEBUG   GST_POLL gstpoll.c:980:gst_poll_fd_ctl_write: 0xeb2810: fd (fd:0, idx:1), active : 1
0:00:00.023461909  3815 0x1d46370 TRACE   GST_REFCOUNTING gstobject.c:294:gst_object_ref_sink: 0x1d68110 ref_sink 1->2
0:00:00.018664114  3816 0xeaa320 LOG   GST_POLL gstpoll.c:994:gst_poll_fd_ctl_write: 0xeb2810: pfd->events now 60 (POLLOUT:4)
0:00:00.023471719  3815 0x1d46370 LOG   GST_REGISTRY gstregistry.c:608:gst_registry_add_feature: emitting feature-added for capsfilter
0:00:00.018676130  3816 0xeaa320 DEBUG   GST_POLL gstpoll.c:980:gst_poll_fd_ctl_write: 0xeb2810: fd (fd:0, idx:1), active : 1
0:00:00.023480270  3815 0x1d46370 DEBUG   GST_REGISTRY gstregistrychunks.c:741:gst_registry_chunks_load_feature: Added feature capsfilter, plugin 0x1d60220 coreelements
0:00:00.018683298  3816 0xeaa320 LOG   GST_POLL gstpoll.c:994:gst_poll_fd_ctl_write: 0xeb2810: pfd->events now 60 (POLLOUT:4)
0:00:00.018690936  3816 0xeaa320 DEBUG   GST_POLL gstpoll.c:980:gst_poll_fd_ctl_write: 0xeb2810: fd (fd:0, idx:1), active : 1
0:00:00.023488889  3815 0x1d46370 LOG   GST_PLUGIN_LOADING gstpluginloader.c:889:handle_rx_packet: marking plugin 0x1d60220 as registered as /home/conan/w/prod/BuildSingleReference/.conan/data/gstreamer/1.18.4/_/_/package/467fc03b0f24213bb9b1cf088fa7fb20ffd79c35/lib/gstreamer-1.0/libgstcoreelements.so
0:00:00.018700988  3816 0xeaa320 LOG   GST_POLL gstpoll.c:994:gst_poll_fd_ctl_write: 0xeb2810: pfd->events now 60 (POLLOUT:4)
0:00:00.023505561  3815 0x1d46370 DEBUG   GST_POLL gstpoll.c:1414:gst_poll_wait: 0x1d5fba0: timeout :0:00:01.000000000
0:00:00.018707612  3816 0xeaa320 DEBUG   GST_POLL gstpoll.c:980:gst_poll_fd_ctl_write: 0xeb2810: fd (fd:0, idx:1), active : 1
0:00:00.018715546  3816 0xeaa320 LOG   GST_POLL gstpoll.c:994:gst_poll_fd_ctl_write: 0xeb2810: pfd->events now 60 (POLLOUT:4)
0:00:00.018727297  3816 0xeaa320 TRACE   GST_REFCOUNTING gstobject.c:265:gst_object_unref: 0xec6130 unref 2->1
0:00:00.018735134  3816 0xeaa320 DEBUG   GST_POLL gstpoll.c:1241:gst_poll_fd_has_error: 0xeb2810: fd (fd:0, idx:1) 0
0:00:00.018744168  3816 0xeaa320 DEBUG   GST_POLL gstpoll.c:1335:gst_poll_fd_can_write: 0xeb2810: fd (fd:0, idx:1) 1
0:00:00.018750898  3816 0xeaa320 LOG   GST_PLUGIN_LOADING gstpluginloader.c:690:write_one: Writing packet of size 488 bytes to fd 0
0:00:00.018786771  3816 0xeaa320 DEBUG   GST_POLL gstpoll.c:1414:gst_poll_wait: 0xeb2810: timeout :0:00:01.000000000
0:00:00.018797121  3816 0xeaa320 LOG   GST_PLUGIN_LOADING gstpluginloader.c:1028:exchange_packets: Poll res = 2. 6872 bytes pending for write
0:00:00.018803732  3816 0xeaa320 DEBUG   GST_POLL gstpoll.c:1241:gst_poll_fd_has_error: 0xeb2810: fd (fd:5, idx:2) 0
0:00:00.023601318  3815 0x1d46370 LOG   GST_PLUGIN_LOADING gstpluginloader.c:1028:exchange_packets: Poll res = 1. 0 bytes pending for write
0:00:00.018809692  3816 0xeaa320 DEBUG   GST_POLL gstpoll.c:1266:gst_poll_fd_can_read_unlocked: 0xeb2810: fd (fd:5, idx:2) 1
0:00:00.023612062  3815 0x1d46370 DEBUG   GST_POLL gstpoll.c:1241:gst_poll_fd_has_error: 0x1d5fba0: fd (fd:8, idx:2) 0
0:00:00.018821136  3816 0xeaa320 LOG   GST_PLUGIN_LOADING gstpluginloader.c:1006:read_one: No payload to read for 0 length packet type 1 tag 0
0:00:00.023621935  3815 0x1d46370 DEBUG   GST_POLL gstpoll.c:1266:gst_poll_fd_can_read_unlocked: 0x1d5fba0: fd (fd:8, idx:2) 1
0:00:00.018829915  3816 0xeaa320 DEBUG   GST_POLL gstpoll.c:1015:gst_poll_fd_ctl_read_unlocked: 0xeb2810: fd (fd:5, idx:2), active : 0
0:00:00.018836916  3816 0xeaa320 DEBUG   GST_POLL gstpoll.c:980:gst_poll_fd_ctl_write: 0xeb2810: fd (fd:0, idx:1), active : 1
0:00:00.023635782  3815 0x1d46370 DEBUG   GST_PLUGIN_LOADING gstpluginloader.c:850:handle_rx_packet: Received plugin details from child w/ tag 2. 476 bytes info
0:00:00.018842557  3816 0xeaa320 LOG   GST_POLL gstpoll.c:994:gst_poll_fd_ctl_write: 0xeb2810: pfd->events now 60 (POLLOUT:4)
0:00:00.023643569  3815 0x1d46370 LOG   GST_REGISTRY gstregistrychunks.c:837:_priv_gst_registry_chunks_load_plugin: Reading/casting for GstRegistryChunkPluginElement at address 0x1d61a70
0:00:00.018849294  3816 0xeaa320 DEBUG   GST_POLL gstpoll.c:1241:gst_poll_fd_has_error: 0xeb2810: fd (fd:0, idx:1) 0
0:00:00.018859416  3816 0xeaa320 DEBUG   GST_POLL gstpoll.c:1335:gst_poll_fd_can_write: 0xeb2810: fd (fd:0, idx:1) 1
0:00:00.023659232  3815 0x1d46370 TRACE   GST_REFCOUNTING gstobject.c:208:gst_object_init: 0x1d689d0 new
0:00:00.018864899  3816 0xeaa320 LOG   GST_PLUGIN_LOADING gstpluginloader.c:690:write_one: Writing packet of size 6872 bytes to fd 0
0:00:00.023673226  3815 0x1d46370 LOG   GST_REGISTRY gstregistrychunks.c:858:_priv_gst_registry_chunks_load_plugin: read strings for name='coretracers'
0:00:00.018878969  3816 0xeaa320 DEBUG   GST_POLL gstpoll.c:1414:gst_poll_wait: 0xeb2810: timeout :0:00:01.000000000
0:00:00.023679939  3815 0x1d46370 LOG   GST_REGISTRY gstregistrychunks.c:859:_priv_gst_registry_chunks_load_plugin: desc.description='GStreamer core tracers'
0:00:00.018888763  3816 0xeaa320 LOG   GST_PLUGIN_LOADING gstpluginloader.c:1028:exchange_packets: Poll res = 1. 12 bytes pending for write
0:00:00.023689248  3815 0x1d46370 LOG   GST_REGISTRY gstregistrychunks.c:860:_priv_gst_registry_chunks_load_plugin: filename='/home/conan/w/prod/BuildSingleReference/.conan/data/gstreamer/1.18.4/_/_/package/467fc03b0f24213bb9b1cf088fa7fb20ffd79c35/lib/gstreamer-1.0/libgstcoretracers.so'
0:00:00.018896368  3816 0xeaa320 DEBUG   GST_POLL gstpoll.c:1241:gst_poll_fd_has_error: 0xeb2810: fd (fd:0, idx:1) 0
0:00:00.023697080  3815 0x1d46370 LOG   GST_REGISTRY gstregistrychunks.c:861:_priv_gst_registry_chunks_load_plugin: desc.version='1.18.4'
0:00:00.018902839  3816 0xeaa320 DEBUG   GST_POLL gstpoll.c:1335:gst_poll_fd_can_write: 0xeb2810: fd (fd:0, idx:1) 1
0:00:00.023703483  3815 0x1d46370 LOG   GST_REGISTRY gstregistrychunks.c:862:_priv_gst_registry_chunks_load_plugin: desc.license='LGPL'
0:00:00.018909338  3816 0xeaa320 LOG   GST_PLUGIN_LOADING gstpluginloader.c:690:write_one: Writing packet of size 12 bytes to fd 0
0:00:00.023710097  3815 0x1d46370 LOG   GST_REGISTRY gstregistrychunks.c:863:_priv_gst_registry_chunks_load_plugin: desc.source='gstreamer'
0:00:00.023716492  3815 0x1d46370 LOG   GST_REGISTRY gstregistrychunks.c:864:_priv_gst_registry_chunks_load_plugin: desc.package='GStreamer source release'
0:00:00.018919261  3816 0xeaa320 DEBUG   GST_POLL gstpoll.c:980:gst_poll_fd_ctl_write: 0xeb2810: fd (fd:0, idx:1), active : 0
0:00:00.023721667  3815 0x1d46370 LOG   GST_REGISTRY gstregistrychunks.c:865:_priv_gst_registry_chunks_load_plugin: desc.origin='Unknown package origin'
0:00:00.018927028  3816 0xeaa320 LOG   GST_POLL gstpoll.c:994:gst_poll_fd_ctl_write: 0xeb2810: pfd->events now 56 (POLLOUT:4)
0:00:00.023727889  3815 0x1d46370 LOG   GST_REGISTRY gstregistrychunks.c:866:_priv_gst_registry_chunks_load_plugin: desc.datetime=2021-03-15
0:00:00.023739117  3815 0x1d46370 DEBUG   GST_REGISTRY gstregistry.c:449:gst_registry_add_plugin: Replacing existing plugin "/home/conan/w/prod/BuildSingleReference/.conan/data/gstreamer/1.18.4/_/_/package/467fc03b0f24213bb9b1cf088fa7fb20ffd79c35/lib/gstreamer-1.0/libgstcoretracers.so" 0x1d5fc00 with new plugin 0x1d689d0 for filename "/home/conan/w/prod/BuildSingleReference/.conan/data/gstreamer/1.18.4/_/_/package/467fc03b0f24213bb9b1cf088fa7fb20ffd79c35/lib/gstreamer-1.0/libgstcoretracers.so"
0:00:00.018946953  3816 0xeaa320 DEBUG   GST_POLL gstpoll.c:772:gst_poll_free: 0xeb2810: freeing
0:00:00.023760529  3815 0x1d46370 TRACE   GST_REFCOUNTING gstobject.c:265:gst_object_unref: 0x1d5fc00 unref 1->0
0:00:00.023771093  3815 0x1d46370 TRACE   GST_REFCOUNTING gstobject.c:381:gst_object_dispose: 0x1d5fc00 dispose
0:00:00.023781555  3815 0x1d46370 DEBUG   GST_PLUGIN_LOADING gstplugin.c:136:gst_plugin_finalize: finalizing plugin
0:00:00.023790830  3815 0x1d46370 TRACE   GST_REFCOUNTING gstobject.c:423:gst_object_finalize: 0x1d5fc00 finalize
0:00:00.023807323  3815 0x1d46370 DEBUG   GST_REGISTRY gstregistry.c:474:gst_registry_add_plugin: adding plugin 0x1d689d0 for filename "/home/conan/w/prod/BuildSingleReference/.conan/data/gstreamer/1.18.4/_/_/package/467fc03b0f24213bb9b1cf088fa7fb20ffd79c35/lib/gstreamer-1.0/libgstcoretracers.so"
0:00:00.023814925  3815 0x1d46370 TRACE   GST_REFCOUNTING gstobject.c:294:gst_object_ref_sink: 0x1d689d0 ref_sink 1->2
0:00:00.023822110  3815 0x1d46370 LOG   GST_REGISTRY gstregistry.c:487:gst_registry_add_plugin: emitting plugin-added for filename "/home/conan/w/prod/BuildSingleReference/.conan/data/gstreamer/1.18.4/_/_/package/467fc03b0f24213bb9b1cf088fa7fb20ffd79c35/lib/gstreamer-1.0/libgstcoretracers.so"
0:00:00.023829071  3815 0x1d46370 DEBUG   GST_REGISTRY gstregistrychunks.c:887:_priv_gst_registry_chunks_load_plugin: Added plugin 'coretracers' plugin with 5 features from binary registry
0:00:00.023838333  3815 0x1d46370 DEBUG   GST_REGISTRY gstregistrychunks.c:583:gst_registry_chunks_load_feature: Plugin 'coretracers' feature 'leaks' typename : 'GstTracerFactory'
0:00:00.023849497  3815 0x1d46370 TRACE   GST_REFCOUNTING gstobject.c:208:gst_object_init: 0x1d60820 new
0:00:00.023884429  3815 0x1d46370 DEBUG   GST_REGISTRY gstregistrychunks.c:718:gst_registry_chunks_load_feature: Reading/casting for GstRegistryChunkPluginFeature at address 0x1d61bb8
0:00:00.023897923  3815 0x1d46370 DEBUG   GST_REGISTRY gstregistry.c:581:gst_registry_add_feature: replacing existing feature 0x1d60a90 (leaks)
0:00:00.023908665  3815 0x1d46370 DEBUG   GST_REGISTRY gstregistry.c:590:gst_registry_add_feature: adding feature 0x1d60820 (leaks)
0:00:00.023917993  3815 0x1d46370 TRACE   GST_REFCOUNTING gstobject.c:788:gst_object_unparent: unparent
0:00:00.023928943  3815 0x1d46370 TRACE   GST_REFCOUNTING gstobject.c:265:gst_object_unref: 0x1d60a90 unref 1->0
0:00:00.023937202  3815 0x1d46370 TRACE   GST_REFCOUNTING gstobject.c:381:gst_object_dispose: 0x1d60a90 dispose
0:00:00.023945199  3815 0x1d46370 DEBUG   GST_PLUGIN_LOADING gstpluginfeature.c:67:gst_plugin_feature_finalize: finalizing feature 0x1d60a90: 'leaks'
0:00:00.023951616  3815 0x1d46370 TRACE   GST_REFCOUNTING gstobject.c:423:gst_object_finalize: 0x1d60a90 finalize
0:00:00.023964349  3815 0x1d46370 DEBUG   GST_REFCOUNTING gstobject.c:709:gst_object_set_parent: set parent (ref and sink)
0:00:00.023971893  3815 0x1d46370 TRACE   GST_REFCOUNTING gstobject.c:294:gst_object_ref_sink: 0x1d60820 ref_sink 1->2
0:00:00.023978862  3815 0x1d46370 LOG   GST_REGISTRY gstregistry.c:608:gst_registry_add_feature: emitting feature-added for leaks
0:00:00.023985401  3815 0x1d46370 DEBUG   GST_REGISTRY gstregistrychunks.c:741:gst_registry_chunks_load_feature: Added feature leaks, plugin 0x1d689d0 coretracers
0:00:00.023994895  3815 0x1d46370 DEBUG   GST_REGISTRY gstregistrychunks.c:583:gst_registry_chunks_load_feature: Plugin 'coretracers' feature 'stats' typename : 'GstTracerFactory'
0:00:00.024005280  3815 0x1d46370 TRACE   GST_REFCOUNTING gstobject.c:208:gst_object_init: 0x1d60a90 new
0:00:00.024014006  3815 0x1d46370 DEBUG   GST_REGISTRY gstregistrychunks.c:718:gst_registry_chunks_load_feature: Reading/casting for GstRegistryChunkPluginFeature at address 0x1d61bd8
0:00:00.024021737  3815 0x1d46370 DEBUG   GST_REGISTRY gstregistry.c:581:gst_registry_add_feature: replacing existing feature 0x1d60c90 (stats)
0:00:00.024028482  3815 0x1d46370 DEBUG   GST_REGISTRY gstregistry.c:590:gst_registry_add_feature: adding feature 0x1d60a90 (stats)
0:00:00.024035209  3815 0x1d46370 TRACE   GST_REFCOUNTING gstobject.c:788:gst_object_unparent: unparent
0:00:00.024043765  3815 0x1d46370 TRACE   GST_REFCOUNTING gstobject.c:265:gst_object_unref: 0x1d60c90 unref 1->0
0:00:00.024050487  3815 0x1d46370 TRACE   GST_REFCOUNTING gstobject.c:381:gst_object_dispose: 0x1d60c90 dispose
0:00:00.024060652  3815 0x1d46370 DEBUG   GST_PLUGIN_LOADING gstpluginfeature.c:67:gst_plugin_feature_finalize: finalizing feature 0x1d60c90: 'stats'
0:00:00.024068525  3815 0x1d46370 TRACE   GST_REFCOUNTING gstobject.c:423:gst_object_finalize: 0x1d60c90 finalize
0:00:00.024075533  3815 0x1d46370 DEBUG   GST_REFCOUNTING gstobject.c:709:gst_object_set_parent: set parent (ref and sink)
0:00:00.024082877  3815 0x1d46370 TRACE   GST_REFCOUNTING gstobject.c:294:gst_object_ref_sink: 0x1d60a90 ref_sink 1->2
0:00:00.024089497  3815 0x1d46370 LOG   GST_REGISTRY gstregistry.c:608:gst_registry_add_feature: emitting feature-added for stats
0:00:00.024095869  3815 0x1d46370 DEBUG   GST_REGISTRY gstregistrychunks.c:741:gst_registry_chunks_load_feature: Added feature stats, plugin 0x1d689d0 coretracers
0:00:00.024102359  3815 0x1d46370 DEBUG   GST_REGISTRY gstregistrychunks.c:583:gst_registry_chunks_load_feature: Plugin 'coretracers' feature 'rusage' typename : 'GstTracerFactory'
0:00:00.024110493  3815 0x1d46370 TRACE   GST_REFCOUNTING gstobject.c:208:gst_object_init: 0x1d60c90 new
0:00:00.024122013  3815 0x1d46370 DEBUG   GST_REGISTRY gstregistrychunks.c:718:gst_registry_chunks_load_feature: Reading/casting for GstRegistryChunkPluginFeature at address 0x1d61bf8
0:00:00.024136613  3815 0x1d46370 DEBUG   GST_REGISTRY gstregistry.c:581:gst_registry_add_feature: replacing existing feature 0x1d60de0 (rusage)
0:00:00.024143859  3815 0x1d46370 DEBUG   GST_REGISTRY gstregistry.c:590:gst_registry_add_feature: adding feature 0x1d60c90 (rusage)
0:00:00.024149644  3815 0x1d46370 TRACE   GST_REFCOUNTING gstobject.c:788:gst_object_unparent: unparent
0:00:00.024156742  3815 0x1d46370 TRACE   GST_REFCOUNTING gstobject.c:265:gst_object_unref: 0x1d60de0 unref 1->0
0:00:00.024163112  3815 0x1d46370 TRACE   GST_REFCOUNTING gstobject.c:381:gst_object_dispose: 0x1d60de0 dispose
0:00:00.024170422  3815 0x1d46370 DEBUG   GST_PLUGIN_LOADING gstpluginfeature.c:67:gst_plugin_feature_finalize: finalizing feature 0x1d60de0: 'rusage'
0:00:00.024176289  3815 0x1d46370 TRACE   GST_REFCOUNTING gstobject.c:423:gst_object_finalize: 0x1d60de0 finalize
0:00:00.024185437  3815 0x1d46370 DEBUG   GST_REFCOUNTING gstobject.c:709:gst_object_set_parent: set parent (ref and sink)
0:00:00.024194225  3815 0x1d46370 TRACE   GST_REFCOUNTING gstobject.c:294:gst_object_ref_sink: 0x1d60c90 ref_sink 1->2
0:00:00.024201005  3815 0x1d46370 LOG   GST_REGISTRY gstregistry.c:608:gst_registry_add_feature: emitting feature-added for rusage
0:00:00.024207674  3815 0x1d46370 DEBUG   GST_REGISTRY gstregistrychunks.c:741:gst_registry_chunks_load_feature: Added feature rusage, plugin 0x1d689d0 coretracers
0:00:00.024214313  3815 0x1d46370 DEBUG   GST_REGISTRY gstregistrychunks.c:583:gst_registry_chunks_load_feature: Plugin 'coretracers' feature 'log' typename : 'GstTracerFactory'
0:00:00.024222135  3815 0x1d46370 TRACE   GST_REFCOUNTING gstobject.c:208:gst_object_init: 0x1d60de0 new
0:00:00.024230065  3815 0x1d46370 DEBUG   GST_REGISTRY gstregistrychunks.c:718:gst_registry_chunks_load_feature: Reading/casting for GstRegistryChunkPluginFeature at address 0x1d61c18
0:00:00.024237257  3815 0x1d46370 DEBUG   GST_REGISTRY gstregistry.c:581:gst_registry_add_feature: replacing existing feature 0x1d60f30 (log)
0:00:00.024247215  3815 0x1d46370 DEBUG   GST_REGISTRY gstregistry.c:590:gst_registry_add_feature: adding feature 0x1d60de0 (log)
0:00:00.024253946  3815 0x1d46370 TRACE   GST_REFCOUNTING gstobject.c:788:gst_object_unparent: unparent
0:00:00.024261376  3815 0x1d46370 TRACE   GST_REFCOUNTING gstobject.c:265:gst_object_unref: 0x1d60f30 unref 1->0
0:00:00.024268035  3815 0x1d46370 TRACE   GST_REFCOUNTING gstobject.c:381:gst_object_dispose: 0x1d60f30 dispose
0:00:00.024274827  3815 0x1d46370 DEBUG   GST_PLUGIN_LOADING gstpluginfeature.c:67:gst_plugin_feature_finalize: finalizing feature 0x1d60f30: 'log'
0:00:00.024280874  3815 0x1d46370 TRACE   GST_REFCOUNTING gstobject.c:423:gst_object_finalize: 0x1d60f30 finalize
0:00:00.024287452  3815 0x1d46370 DEBUG   GST_REFCOUNTING gstobject.c:709:gst_object_set_parent: set parent (ref and sink)
0:00:00.024294250  3815 0x1d46370 TRACE   GST_REFCOUNTING gstobject.c:294:gst_object_ref_sink: 0x1d60de0 ref_sink 1->2
0:00:00.024308361  3815 0x1d46370 LOG   GST_REGISTRY gstregistry.c:608:gst_registry_add_feature: emitting feature-added for log
0:00:00.024316214  3815 0x1d46370 DEBUG   GST_REGISTRY gstregistrychunks.c:741:gst_registry_chunks_load_feature: Added feature log, plugin 0x1d689d0 coretracers
0:00:00.024323093  3815 0x1d46370 DEBUG   GST_REGISTRY gstregistrychunks.c:583:gst_registry_chunks_load_feature: Plugin 'coretracers' feature 'latency' typename : 'GstTracerFactory'
0:00:00.024331612  3815 0x1d46370 TRACE   GST_REFCOUNTING gstobject.c:208:gst_object_init: 0x1d5fbf0 new
0:00:00.024340201  3815 0x1d46370 DEBUG   GST_REGISTRY gstregistrychunks.c:718:gst_registry_chunks_load_feature: Reading/casting for GstRegistryChunkPluginFeature at address 0x1d61c40
0:00:00.024347862  3815 0x1d46370 DEBUG   GST_REGISTRY gstregistry.c:581:gst_registry_add_feature: replacing existing feature 0x1d61130 (latency)
0:00:00.024354524  3815 0x1d46370 DEBUG   GST_REGISTRY gstregistry.c:590:gst_registry_add_feature: adding feature 0x1d5fbf0 (latency)
0:00:00.024360152  3815 0x1d46370 TRACE   GST_REFCOUNTING gstobject.c:788:gst_object_unparent: unparent
0:00:00.024370692  3815 0x1d46370 TRACE   GST_REFCOUNTING gstobject.c:265:gst_object_unref: 0x1d61130 unref 1->0
0:00:00.024378410  3815 0x1d46370 TRACE   GST_REFCOUNTING gstobject.c:381:gst_object_dispose: 0x1d61130 dispose
0:00:00.024386137  3815 0x1d46370 DEBUG   GST_PLUGIN_LOADING gstpluginfeature.c:67:gst_plugin_feature_finalize: finalizing feature 0x1d61130: 'latency'
0:00:00.024392409  3815 0x1d46370 TRACE   GST_REFCOUNTING gstobject.c:423:gst_object_finalize: 0x1d61130 finalize
0:00:00.024398604  3815 0x1d46370 DEBUG   GST_REFCOUNTING gstobject.c:709:gst_object_set_parent: set parent (ref and sink)
0:00:00.024405129  3815 0x1d46370 TRACE   GST_REFCOUNTING gstobject.c:294:gst_object_ref_sink: 0x1d5fbf0 ref_sink 1->2
0:00:00.024411619  3815 0x1d46370 LOG   GST_REGISTRY gstregistry.c:608:gst_registry_add_feature: emitting feature-added for latency
0:00:00.024418009  3815 0x1d46370 DEBUG   GST_REGISTRY gstregistrychunks.c:741:gst_registry_chunks_load_feature: Added feature latency, plugin 0x1d689d0 coretracers
0:00:00.024429236  3815 0x1d46370 LOG   GST_PLUGIN_LOADING gstpluginloader.c:889:handle_rx_packet: marking plugin 0x1d689d0 as registered as /home/conan/w/prod/BuildSingleReference/.conan/data/gstreamer/1.18.4/_/_/package/467fc03b0f24213bb9b1cf088fa7fb20ffd79c35/lib/gstreamer-1.0/libgstcoretracers.so
0:00:00.024440080  3815 0x1d46370 DEBUG   GST_POLL gstpoll.c:1414:gst_poll_wait: 0x1d5fba0: timeout :0:00:01.000000000
0:00:00.024449822  3815 0x1d46370 LOG   GST_PLUGIN_LOADING gstpluginloader.c:1028:exchange_packets: Poll res = 2. 0 bytes pending for write
0:00:00.024456875  3815 0x1d46370 DEBUG   GST_POLL gstpoll.c:1241:gst_poll_fd_has_error: 0x1d5fba0: fd (fd:8, idx:2) 0
0:00:00.024463549  3815 0x1d46370 DEBUG   GST_POLL gstpoll.c:1266:gst_poll_fd_can_read_unlocked: 0x1d5fba0: fd (fd:8, idx:2) 1
0:00:00.024481574  3815 0x1d46370 DEBUG   GST_PLUGIN_LOADING gstpluginloader.c:850:handle_rx_packet: Received plugin details from child w/ tag 3. 6860 bytes info
0:00:00.024489929  3815 0x1d46370 LOG   GST_REGISTRY gstregistrychunks.c:837:_priv_gst_registry_chunks_load_plugin: Reading/casting for GstRegistryChunkPluginElement at address 0x1d61a70
0:00:00.024497922  3815 0x1d46370 TRACE   GST_REFCOUNTING gstobject.c:208:gst_object_init: 0x1d5fcc0 new
0:00:00.024510107  3815 0x1d46370 LOG   GST_REGISTRY gstregistrychunks.c:858:_priv_gst_registry_chunks_load_plugin: read strings for name='coreelements'
0:00:00.024516093  3815 0x1d46370 LOG   GST_REGISTRY gstregistrychunks.c:859:_priv_gst_registry_chunks_load_plugin: desc.description='GStreamer core elements'
0:00:00.024521875  3815 0x1d46370 LOG   GST_REGISTRY gstregistrychunks.c:860:_priv_gst_registry_chunks_load_plugin: filename='/home/conan/w/prod/BuildSingleReference/.conan/data/gstreamer/1.18.4/_/_/package/467fc03b0f24213bb9b1cf088fa7fb20ffd79c35/lib/gstreamer-1.0/libgstcoreelements.so'
0:00:00.024527691  3815 0x1d46370 LOG   GST_REGISTRY gstregistrychunks.c:861:_priv_gst_registry_chunks_load_plugin: desc.version='1.18.4'
0:00:00.024532647  3815 0x1d46370 LOG   GST_REGISTRY gstregistrychunks.c:862:_priv_gst_registry_chunks_load_plugin: desc.license='LGPL'
0:00:00.024540181  3815 0x1d46370 LOG   GST_REGISTRY gstregistrychunks.c:863:_priv_gst_registry_chunks_load_plugin: desc.source='gstreamer'
0:00:00.024547038  3815 0x1d46370 LOG   GST_REGISTRY gstregistrychunks.c:864:_priv_gst_registry_chunks_load_plugin: desc.package='GStreamer source release'
0:00:00.024552782  3815 0x1d46370 LOG   GST_REGISTRY gstregistrychunks.c:865:_priv_gst_registry_chunks_load_plugin: desc.origin='Unknown package origin'
0:00:00.024558226  3815 0x1d46370 LOG   GST_REGISTRY gstregistrychunks.c:866:_priv_gst_registry_chunks_load_plugin: desc.datetime=2021-03-15
0:00:00.024567945  3815 0x1d46370 DEBUG   GST_REGISTRY gstregistry.c:449:gst_registry_add_plugin: Replacing existing plugin "/home/conan/w/prod/BuildSingleReference/.conan/data/gstreamer/1.18.4/_/_/package/467fc03b0f24213bb9b1cf088fa7fb20ffd79c35/lib/gstreamer-1.0/libgstcoreelements.so" 0x1d60220 with new plugin 0x1d5fcc0 for filename "/home/conan/w/prod/BuildSingleReference/.conan/data/gstreamer/1.18.4/_/_/package/467fc03b0f24213bb9b1cf088fa7fb20ffd79c35/lib/gstreamer-1.0/libgstcoreelements.so"
0:00:00.024576340  3815 0x1d46370 TRACE   GST_REFCOUNTING gstobject.c:265:gst_object_unref: 0x1d60220 unref 1->0
0:00:00.024583496  3815 0x1d46370 TRACE   GST_REFCOUNTING gstobject.c:381:gst_object_dispose: 0x1d60220 dispose
0:00:00.024591651  3815 0x1d46370 DEBUG   GST_PLUGIN_LOADING gstplugin.c:136:gst_plugin_finalize: finalizing plugin
0:00:00.024600774  3815 0x1d46370 TRACE   GST_REFCOUNTING gstobject.c:423:gst_object_finalize: 0x1d60220 finalize
0:00:00.024611061  3815 0x1d46370 DEBUG   GST_REGISTRY gstregistry.c:474:gst_registry_add_plugin: adding plugin 0x1d5fcc0 for filename "/home/conan/w/prod/BuildSingleReference/.conan/data/gstreamer/1.18.4/_/_/package/467fc03b0f24213bb9b1cf088fa7fb20ffd79c35/lib/gstreamer-1.0/libgstcoreelements.so"
0:00:00.024626566  3815 0x1d46370 TRACE   GST_REFCOUNTING gstobject.c:294:gst_object_ref_sink: 0x1d5fcc0 ref_sink 1->2
0:00:00.024633903  3815 0x1d46370 LOG   GST_REGISTRY gstregistry.c:487:gst_registry_add_plugin: emitting plugin-added for filename "/home/conan/w/prod/BuildSingleReference/.conan/data/gstreamer/1.18.4/_/_/package/467fc03b0f24213bb9b1cf088fa7fb20ffd79c35/lib/gstreamer-1.0/libgstcoreelements.so"
0:00:00.024640828  3815 0x1d46370 DEBUG   GST_REGISTRY gstregistrychunks.c:887:_priv_gst_registry_chunks_load_plugin: Added plugin 'coreelements' plugin with 22 features from binary registry
0:00:00.024647582  3815 0x1d46370 DEBUG   GST_REGISTRY gstregistrychunks.c:583:gst_registry_chunks_load_feature: Plugin 'coreelements' feature 'streamiddemux' typename : 'GstElementFactory'
0:00:00.024656124  3815 0x1d46370 TRACE   GST_REFCOUNTING gstobject.c:208:gst_object_init: 0x1d684e0 new
0:00:00.024664574  3815 0x1d46370 LOG   GST_REGISTRY gstregistrychunks.c:610:gst_registry_chunks_load_feature: Reading/casting for GstRegistryChunkElementFactory at address 0x1d61bc8
0:00:00.024674680  3815 0x1d46370 TRACE   structure gststructure.c:287:gst_structure_new_id_empty_with_size: created structure 0x1d60fc0
0:00:00.024681965  3815 0x1d46370 DEBUG   structure gststructure.c:2203:gst_structure_parse_field: trying field name 'long-name'
0:00:00.024688021  3815 0x1d46370 DEBUG   default gstvalue.c:2676:_priv_gst_value_parse_value: trying type name 'string'
0:00:00.024695802  3815 0x1d46370 DEBUG   structure gststructure.c:2203:gst_structure_parse_field: trying field name 'klass'
0:00:00.024701053  3815 0x1d46370 DEBUG   default gstvalue.c:2676:_priv_gst_value_parse_value: trying type name 'string'
0:00:00.024707177  3815 0x1d46370 DEBUG   structure gststructure.c:2203:gst_structure_parse_field: trying field name 'description'
0:00:00.024712309  3815 0x1d46370 DEBUG   default gstvalue.c:2676:_priv_gst_value_parse_value: trying type name 'string'
0:00:00.024718602  3815 0x1d46370 DEBUG   structure gststructure.c:2203:gst_structure_parse_field: trying field name 'author'
0:00:00.024726923  3815 0x1d46370 DEBUG   default gstvalue.c:2676:_priv_gst_value_parse_value: trying type name 'string'
0:00:00.024735381  3815 0x1d46370 DEBUG   GST_REGISTRY gstregistrychunks.c:626:gst_registry_chunks_load_feature: Element factory : npadtemplates=2
0:00:00.024741143  3815 0x1d46370 DEBUG   GST_REGISTRY gstregistrychunks.c:526:gst_registry_chunks_load_pad_template: Reading/casting for GstRegistryChunkPadTemplate at address 0x1d61ca0
0:00:00.024747401  3815 0x1d46370 DEBUG   GST_REGISTRY gstregistrychunks.c:539:gst_registry_chunks_load_pad_template: Added pad_template src_%u
0:00:00.024752702  3815 0x1d46370 DEBUG   GST_REGISTRY gstregistrychunks.c:526:gst_registry_chunks_load_pad_template: Reading/casting for GstRegistryChunkPadTemplate at address 0x1d61cb8
0:00:00.024758455  3815 0x1d46370 DEBUG   GST_REGISTRY gstregistrychunks.c:539:gst_registry_chunks_load_pad_template: Added pad_template sink
0:00:00.024771062  3815 0x1d46370 DEBUG   GST_REGISTRY gstregistry.c:581:gst_registry_add_feature: replacing existing feature 0x1d60590 (streamiddemux)
0:00:00.024778174  3815 0x1d46370 DEBUG   GST_REGISTRY gstregistry.c:590:gst_registry_add_feature: adding feature 0x1d684e0 (streamiddemux)
0:00:00.024786532  3815 0x1d46370 TRACE   GST_REFCOUNTING gstobject.c:788:gst_object_unparent: unparent
0:00:00.024795794  3815 0x1d46370 TRACE   GST_REFCOUNTING gstobject.c:265:gst_object_unref: 0x1d60590 unref 1->0
0:00:00.024802747  3815 0x1d46370 TRACE   GST_REFCOUNTING gstobject.c:381:gst_object_dispose: 0x1d60590 dispose
0:00:00.024809843  3815 0x1d46370 TRACE   structure gststructure.c:544:gst_structure_free: free structure 0x1d61320
0:00:00.024817498  3815 0x1d46370 TRACE   GST_REFCOUNTING gstminiobject.c:723:gst_mini_object_replace: replace (nil) (0) with (nil) (0)
0:00:00.024824664  3815 0x1d46370 TRACE   GST_REFCOUNTING gstminiobject.c:723:gst_mini_object_replace: replace (nil) (0) with (nil) (0)
0:00:00.024831375  3815 0x1d46370 DEBUG   GST_PLUGIN_LOADING gstpluginfeature.c:67:gst_plugin_feature_finalize: finalizing feature 0x1d60590: 'streamiddemux'
0:00:00.024837566  3815 0x1d46370 TRACE   GST_REFCOUNTING gstobject.c:423:gst_object_finalize: 0x1d60590 finalize
0:00:00.024846766  3815 0x1d46370 DEBUG   GST_REFCOUNTING gstobject.c:709:gst_object_set_parent: set parent (ref and sink)
0:00:00.024867818  3815 0x1d46370 TRACE   GST_REFCOUNTING gstobject.c:294:gst_object_ref_sink: 0x1d684e0 ref_sink 1->2
0:00:00.024881327  3815 0x1d46370 LOG   GST_REGISTRY gstregistry.c:608:gst_registry_add_feature: emitting feature-added for streamiddemux
0:00:00.024888119  3815 0x1d46370 DEBUG   GST_REGISTRY gstregistrychunks.c:741:gst_registry_chunks_load_feature: Added feature streamiddemux, plugin 0x1d5fcc0 coreelements
0:00:00.024894935  3815 0x1d46370 DEBUG   GST_REGISTRY gstregistrychunks.c:583:gst_registry_chunks_load_feature: Plugin 'coreelements' feature 'valve' typename : 'GstElementFactory'
0:00:00.024903559  3815 0x1d46370 TRACE   GST_REFCOUNTING gstobject.c:208:gst_object_init: 0x1d60210 new
0:00:00.024915022  3815 0x1d46370 LOG   GST_REGISTRY gstregistrychunks.c:610:gst_registry_chunks_load_feature: Reading/casting for GstRegistryChunkElementFactory at address 0x1d61ce8
0:00:00.024924124  3815 0x1d46370 TRACE   structure gststructure.c:287:gst_structure_new_id_empty_with_size: created structure 0x1d60540
0:00:00.024930629  3815 0x1d46370 DEBUG   structure gststructure.c:2203:gst_structure_parse_field: trying field name 'long-name'
0:00:00.024936192  3815 0x1d46370 DEBUG   default gstvalue.c:2676:_priv_gst_value_parse_value: trying type name 'string'
0:00:00.024942775  3815 0x1d46370 DEBUG   structure gststructure.c:2203:gst_structure_parse_field: trying field name 'klass'
0:00:00.024948229  3815 0x1d46370 DEBUG   default gstvalue.c:2676:_priv_gst_value_parse_value: trying type name 'string'
0:00:00.024959627  3815 0x1d46370 DEBUG   structure gststructure.c:2203:gst_structure_parse_field: trying field name 'description'
0:00:00.024965029  3815 0x1d46370 DEBUG   default gstvalue.c:2676:_priv_gst_value_parse_value: trying type name 'string'
0:00:00.024974851  3815 0x1d46370 DEBUG   structure gststructure.c:2203:gst_structure_parse_field: trying field name 'author'
0:00:00.024981359  3815 0x1d46370 DEBUG   default gstvalue.c:2676:_priv_gst_value_parse_value: trying type name 'string'
0:00:00.024988725  3815 0x1d46370 DEBUG   GST_REGISTRY gstregistrychunks.c:626:gst_registry_chunks_load_feature: Element factory : npadtemplates=2
0:00:00.024994222  3815 0x1d46370 DEBUG   GST_REGISTRY gstregistrychunks.c:526:gst_registry_chunks_load_pad_template: Reading/casting for GstRegistryChunkPadTemplate at address 0x1d61dd8
0:00:00.024999932  3815 0x1d46370 DEBUG   GST_REGISTRY gstregistrychunks.c:539:gst_registry_chunks_load_pad_template: Added pad_template sink
0:00:00.025005339  3815 0x1d46370 DEBUG   GST_REGISTRY gstregistrychunks.c:526:gst_registry_chunks_load_pad_template: Reading/casting for GstRegistryChunkPadTemplate at address 0x1d61df0
0:00:00.025010737  3815 0x1d46370 DEBUG   GST_REGISTRY gstregistrychunks.c:539:gst_registry_chunks_load_pad_template: Added pad_template src
0:00:00.025018602  3815 0x1d46370 DEBUG   GST_REGISTRY gstregistry.c:581:gst_registry_add_feature: replacing existing feature 0x1d61700 (valve)
0:00:00.025028708  3815 0x1d46370 DEBUG   GST_REGISTRY gstregistry.c:590:gst_registry_add_feature: adding feature 0x1d60210 (valve)
0:00:00.025035542  3815 0x1d46370 TRACE   GST_REFCOUNTING gstobject.c:788:gst_object_unparent: unparent
0:00:00.025043112  3815 0x1d46370 TRACE   GST_REFCOUNTING gstobject.c:265:gst_object_unref: 0x1d61700 unref 1->0
0:00:00.025049970  3815 0x1d46370 TRACE   GST_REFCOUNTING gstobject.c:381:gst_object_dispose: 0x1d61700 dispose
0:00:00.025057343  3815 0x1d46370 TRACE   structure gststructure.c:544:gst_structure_free: free structure 0x1d63820
0:00:00.025064167  3815 0x1d46370 TRACE   GST_REFCOUNTING gstminiobject.c:723:gst_mini_object_replace: replace (nil) (0) with (nil) (0)
0:00:00.025070915  3815 0x1d46370 TRACE   GST_REFCOUNTING gstminiobject.c:723:gst_mini_object_replace: replace (nil) (0) with (nil) (0)
0:00:00.025077664  3815 0x1d46370 DEBUG   GST_PLUGIN_LOADING gstpluginfeature.c:67:gst_plugin_feature_finalize: finalizing feature 0x1d61700: 'valve'
0:00:00.025086828  3815 0x1d46370 TRACE   GST_REFCOUNTING gstobject.c:423:gst_object_finalize: 0x1d61700 finalize
0:00:00.025094840  3815 0x1d46370 DEBUG   GST_REFCOUNTING gstobject.c:709:gst_object_set_parent: set parent (ref and sink)
0:00:00.025102433  3815 0x1d46370 TRACE   GST_REFCOUNTING gstobject.c:294:gst_object_ref_sink: 0x1d60210 ref_sink 1->2
0:00:00.025109148  3815 0x1d46370 LOG   GST_REGISTRY gstregistry.c:608:gst_registry_add_feature: emitting feature-added for valve
0:00:00.025121202  3815 0x1d46370 DEBUG   GST_REGISTRY gstregistrychunks.c:741:gst_registry_chunks_load_feature: Added feature valve, plugin 0x1d5fcc0 coreelements
0:00:00.025127778  3815 0x1d46370 DEBUG   GST_REGISTRY gstregistrychunks.c:583:gst_registry_chunks_load_feature: Plugin 'coreelements' feature 'multiqueue' typename : 'GstElementFactory'
0:00:00.025135929  3815 0x1d46370 TRACE   GST_REFCOUNTING gstobject.c:208:gst_object_init: 0x1d61700 new
0:00:00.025144298  3815 0x1d46370 LOG   GST_REGISTRY gstregistrychunks.c:610:gst_registry_chunks_load_feature: Reading/casting for GstRegistryChunkElementFactory at address 0x1d61e20
0:00:00.025153550  3815 0x1d46370 TRACE   structure gststructure.c:287:gst_structure_new_id_empty_with_size: created structure 0x1d68bb0
0:00:00.025160506  3815 0x1d46370 DEBUG   structure gststructure.c:2203:gst_structure_parse_field: trying field name 'long-name'
0:00:00.025166173  3815 0x1d46370 DEBUG   default gstvalue.c:2676:_priv_gst_value_parse_value: trying type name 'string'
0:00:00.025172726  3815 0x1d46370 DEBUG   structure gststructure.c:2203:gst_structure_parse_field: trying field name 'klass'
0:00:00.025177697  3815 0x1d46370 DEBUG   default gstvalue.c:2676:_priv_gst_value_parse_value: trying type name 'string'
0:00:00.025183588  3815 0x1d46370 DEBUG   structure gststructure.c:2203:gst_structure_parse_field: trying field name 'description'
0:00:00.025188530  3815 0x1d46370 DEBUG   default gstvalue.c:2676:_priv_gst_value_parse_value: trying type name 'string'
0:00:00.025194777  3815 0x1d46370 DEBUG   structure gststructure.c:2203:gst_structure_parse_field: trying field name 'author'
0:00:00.025202687  3815 0x1d46370 DEBUG   default gstvalue.c:2676:_priv_gst_value_parse_value: trying type name 'string'
0:00:00.025211056  3815 0x1d46370 DEBUG   GST_REGISTRY gstregistrychunks.c:626:gst_registry_chunks_load_feature: Element factory : npadtemplates=2
0:00:00.025216835  3815 0x1d46370 DEBUG   GST_REGISTRY gstregistrychunks.c:526:gst_registry_chunks_load_pad_template: Reading/casting for GstRegistryChunkPadTemplate at address 0x1d61ee0
0:00:00.025222834  3815 0x1d46370 DEBUG   GST_REGISTRY gstregistrychunks.c:539:gst_registry_chunks_load_pad_template: Added pad_template src_%u
0:00:00.025228031  3815 0x1d46370 DEBUG   GST_REGISTRY gstregistrychunks.c:526:gst_registry_chunks_load_pad_template: Reading/casting for GstRegistryChunkPadTemplate at address 0x1d61ef8
0:00:00.025233643  3815 0x1d46370 DEBUG   GST_REGISTRY gstregistrychunks.c:539:gst_registry_chunks_load_pad_template: Added pad_template sink_%u
0:00:00.025241665  3815 0x1d46370 DEBUG   GST_REGISTRY gstregistry.c:581:gst_registry_add_feature: replacing existing feature 0x1d617f0 (multiqueue)
0:00:00.025248694  3815 0x1d46370 DEBUG   GST_REGISTRY gstregistry.c:590:gst_registry_add_feature: adding feature 0x1d61700 (multiqueue)
0:00:00.025257071  3815 0x1d46370 TRACE   GST_REFCOUNTING gstobject.c:788:gst_object_unparent: unparent
0:00:00.025266578  3815 0x1d46370 TRACE   GST_REFCOUNTING gstobject.c:265:gst_object_unref: 0x1d617f0 unref 1->0
0:00:00.025279089  3815 0x1d46370 TRACE   GST_REFCOUNTING gstobject.c:381:gst_object_dispose: 0x1d617f0 dispose
0:00:00.025286532  3815 0x1d46370 TRACE   structure gststructure.c:544:gst_structure_free: free structure 0x1d639a0
0:00:00.025293272  3815 0x1d46370 TRACE   GST_REFCOUNTING gstminiobject.c:723:gst_mini_object_replace: replace (nil) (0) with (nil) (0)
0:00:00.025300082  3815 0x1d46370 TRACE   GST_REFCOUNTING gstminiobject.c:723:gst_mini_object_replace: replace (nil) (0) with (nil) (0)
0:00:00.025306516  3815 0x1d46370 DEBUG   GST_PLUGIN_LOADING gstpluginfeature.c:67:gst_plugin_feature_finalize: finalizing feature 0x1d617f0: 'multiqueue'
0:00:00.025312562  3815 0x1d46370 TRACE   GST_REFCOUNTING gstobject.c:423:gst_object_finalize: 0x1d617f0 finalize
0:00:00.025321712  3815 0x1d46370 DEBUG   GST_REFCOUNTING gstobject.c:709:gst_object_set_parent: set parent (ref and sink)
0:00:00.025330066  3815 0x1d46370 TRACE   GST_REFCOUNTING gstobject.c:294:gst_object_ref_sink: 0x1d61700 ref_sink 1->2
0:00:00.025336902  3815 0x1d46370 LOG   GST_REGISTRY gstregistry.c:608:gst_registry_add_feature: emitting feature-added for multiqueue
0:00:00.025343297  3815 0x1d46370 DEBUG   GST_REGISTRY gstregistrychunks.c:741:gst_registry_chunks_load_feature: Added feature multiqueue, plugin 0x1d5fcc0 coreelements
0:00:00.025349876  3815 0x1d46370 DEBUG   GST_REGISTRY gstregistrychunks.c:583:gst_registry_chunks_load_feature: Plugin 'coreelements' feature 'typefind' typename : 'GstElementFactory'
0:00:00.025358229  3815 0x1d46370 TRACE   GST_REFCOUNTING gstobject.c:208:gst_object_init: 0x1d617f0 new
0:00:00.025366028  3815 0x1d46370 LOG   GST_REGISTRY gstregistrychunks.c:610:gst_registry_chunks_load_feature: Reading/casting for GstRegistryChunkElementFactory at address 0x1d61f28
0:00:00.025372650  3815 0x1d46370 TRACE   structure gststructure.c:287:gst_structure_new_id_empty_with_size: created structure 0x1d63970
0:00:00.025381262  3815 0x1d46370 DEBUG   structure gststructure.c:2203:gst_structure_parse_field: trying field name 'long-name'
0:00:00.025387796  3815 0x1d46370 DEBUG   default gstvalue.c:2676:_priv_gst_value_parse_value: trying type name 'string'
0:00:00.025394312  3815 0x1d46370 DEBUG   structure gststructure.c:2203:gst_structure_parse_field: trying field name 'klass'
0:00:00.025399567  3815 0x1d46370 DEBUG   default gstvalue.c:2676:_priv_gst_value_parse_value: trying type name 'string'
0:00:00.025405890  3815 0x1d46370 DEBUG   structure gststructure.c:2203:gst_structure_parse_field: trying field name 'description'
0:00:00.025410862  3815 0x1d46370 DEBUG   default gstvalue.c:2676:_priv_gst_value_parse_value: trying type name 'string'
0:00:00.025417119  3815 0x1d46370 DEBUG   structure gststructure.c:2203:gst_structure_parse_field: trying field name 'author'
0:00:00.025422097  3815 0x1d46370 DEBUG   default gstvalue.c:2676:_priv_gst_value_parse_value: trying type name 'string'
0:00:00.025436409  3815 0x1d46370 DEBUG   GST_REGISTRY gstregistrychunks.c:626:gst_registry_chunks_load_feature: Element factory : npadtemplates=2
0:00:00.025443010  3815 0x1d46370 DEBUG   GST_REGISTRY gstregistrychunks.c:526:gst_registry_chunks_load_pad_template: Reading/casting for GstRegistryChunkPadTemplate at address 0x1d62000
0:00:00.025449111  3815 0x1d46370 DEBUG   GST_REGISTRY gstregistrychunks.c:539:gst_registry_chunks_load_pad_template: Added pad_template sink
0:00:00.025454249  3815 0x1d46370 DEBUG   GST_REGISTRY gstregistrychunks.c:526:gst_registry_chunks_load_pad_template: Reading/casting for GstRegistryChunkPadTemplate at address 0x1d62018
0:00:00.025459726  3815 0x1d46370 DEBUG   GST_REGISTRY gstregistrychunks.c:539:gst_registry_chunks_load_pad_template: Added pad_template src
0:00:00.025467966  3815 0x1d46370 DEBUG   GST_REGISTRY gstregistry.c:581:gst_registry_add_feature: replacing existing feature 0x1d63b20 (typefind)
0:00:00.025474939  3815 0x1d46370 DEBUG   GST_REGISTRY gstregistry.c:590:gst_registry_add_feature: adding feature 0x1d617f0 (typefind)
0:00:00.025480430  3815 0x1d46370 TRACE   GST_REFCOUNTING gstobject.c:788:gst_object_unparent: unparent
0:00:00.025490967  3815 0x1d46370 TRACE   GST_REFCOUNTING gstobject.c:265:gst_object_unref: 0x1d63b20 unref 1->0
0:00:00.025498642  3815 0x1d46370 TRACE   GST_REFCOUNTING gstobject.c:381:gst_object_dispose: 0x1d63b20 dispose
0:00:00.025505880  3815 0x1d46370 TRACE   structure gststructure.c:544:gst_structure_free: free structure 0x1d63ce0
0:00:00.025512751  3815 0x1d46370 TRACE   GST_REFCOUNTING gstminiobject.c:723:gst_mini_object_replace: replace (nil) (0) with (nil) (0)
0:00:00.025519627  3815 0x1d46370 TRACE   GST_REFCOUNTING gstminiobject.c:723:gst_mini_object_replace: replace (nil) (0) with (nil) (0)
0:00:00.025526221  3815 0x1d46370 DEBUG   GST_PLUGIN_LOADING gstpluginfeature.c:67:gst_plugin_feature_finalize: finalizing feature 0x1d63b20: 'typefind'
0:00:00.025532142  3815 0x1d46370 TRACE   GST_REFCOUNTING gstobject.c:423:gst_object_finalize: 0x1d63b20 finalize
0:00:00.025538747  3815 0x1d46370 DEBUG   GST_REFCOUNTING gstobject.c:709:gst_object_set_parent: set parent (ref and sink)
0:00:00.025548768  3815 0x1d46370 TRACE   GST_REFCOUNTING gstobject.c:294:gst_object_ref_sink: 0x1d617f0 ref_sink 1->2
0:00:00.025556522  3815 0x1d46370 LOG   GST_REGISTRY gstregistry.c:608:gst_registry_add_feature: emitting feature-added for typefind
0:00:00.025563319  3815 0x1d46370 DEBUG   GST_REGISTRY gstregistrychunks.c:741:gst_registry_chunks_load_feature: Added feature typefind, plugin 0x1d5fcc0 coreelements
0:00:00.025569928  3815 0x1d46370 DEBUG   GST_REGISTRY gstregistrychunks.c:583:gst_registry_chunks_load_feature: Plugin 'coreelements' feature 'tee' typename : 'GstElementFactory'
0:00:00.025578246  3815 0x1d46370 TRACE   GST_REFCOUNTING gstobject.c:208:gst_object_init: 0x1d63d00 new
0:00:00.025586133  3815 0x1d46370 LOG   GST_REGISTRY gstregistrychunks.c:610:gst_registry_chunks_load_feature: Reading/casting for GstRegistryChunkElementFactory at address 0x1d62040
0:00:00.025596734  3815 0x1d46370 TRACE   structure gststructure.c:287:gst_structure_new_id_empty_with_size: created structure 0x1d68e10
0:00:00.025602580  3815 0x1d46370 DEBUG   structure gststructure.c:2203:gst_structure_parse_field: trying field name 'long-name'
0:00:00.025610686  3815 0x1d46370 DEBUG   default gstvalue.c:2676:_priv_gst_value_parse_value: trying type name 'string'
0:00:00.025618845  3815 0x1d46370 DEBUG   structure gststructure.c:2203:gst_structure_parse_field: trying field name 'klass'
0:00:00.025624482  3815 0x1d46370 DEBUG   default gstvalue.c:2676:_priv_gst_value_parse_value: trying type name 'string'
0:00:00.025630626  3815 0x1d46370 DEBUG   structure gststructure.c:2203:gst_structure_parse_field: trying field name 'description'
0:00:00.025635614  3815 0x1d46370 DEBUG   default gstvalue.c:2676:_priv_gst_value_parse_value: trying type name 'string'
0:00:00.025641626  3815 0x1d46370 DEBUG   structure gststructure.c:2203:gst_structure_parse_field: trying field name 'author'
0:00:00.025646585  3815 0x1d46370 DEBUG   default gstvalue.c:2676:_priv_gst_value_parse_value: trying type name 'string'
0:00:00.025654057  3815 0x1d46370 DEBUG   GST_REGISTRY gstregistrychunks.c:626:gst_registry_chunks_load_feature: Element factory : npadtemplates=2
0:00:00.025662282  3815 0x1d46370 DEBUG   GST_REGISTRY gstregistrychunks.c:526:gst_registry_chunks_load_pad_template: Reading/casting for GstRegistryChunkPadTemplate at address 0x1d62130
0:00:00.025669163  3815 0x1d46370 DEBUG   GST_REGISTRY gstregistrychunks.c:539:gst_registry_chunks_load_pad_template: Added pad_template src_%u
0:00:00.025674704  3815 0x1d46370 DEBUG   GST_REGISTRY gstregistrychunks.c:526:gst_registry_chunks_load_pad_template: Reading/casting for GstRegistryChunkPadTemplate at address 0x1d62148
0:00:00.025680574  3815 0x1d46370 DEBUG   GST_REGISTRY gstregistrychunks.c:539:gst_registry_chunks_load_pad_template: Added pad_template sink
0:00:00.025688580  3815 0x1d46370 DEBUG   GST_REGISTRY gstregistry.c:581:gst_registry_add_feature: replacing existing feature 0x1d63e60 (tee)
0:00:00.025695302  3815 0x1d46370 DEBUG   GST_REGISTRY gstregistry.c:590:gst_registry_add_feature: adding feature 0x1d63d00 (tee)
0:00:00.025701181  3815 0x1d46370 TRACE   GST_REFCOUNTING gstobject.c:788:gst_object_unparent: unparent
0:00:00.025708370  3815 0x1d46370 TRACE   GST_REFCOUNTING gstobject.c:265:gst_object_unref: 0x1d63e60 unref 1->0
0:00:00.025718016  3815 0x1d46370 TRACE   GST_REFCOUNTING gstobject.c:381:gst_object_dispose: 0x1d63e60 dispose
0:00:00.025726106  3815 0x1d46370 TRACE   structure gststructure.c:544:gst_structure_free: free structure 0x1d64030
0:00:00.025732929  3815 0x1d46370 TRACE   GST_REFCOUNTING gstminiobject.c:723:gst_mini_object_replace: replace (nil) (0) with (nil) (0)
0:00:00.025739855  3815 0x1d46370 TRACE   GST_REFCOUNTING gstminiobject.c:723:gst_mini_object_replace: replace (nil) (0) with (nil) (0)
0:00:00.025751199  3815 0x1d46370 DEBUG   GST_PLUGIN_LOADING gstpluginfeature.c:67:gst_plugin_feature_finalize: finalizing feature 0x1d63e60: 'tee'
0:00:00.025757477  3815 0x1d46370 TRACE   GST_REFCOUNTING gstobject.c:423:gst_object_finalize: 0x1d63e60 finalize
0:00:00.025764000  3815 0x1d46370 DEBUG   GST_REFCOUNTING gstobject.c:709:gst_object_set_parent: set parent (ref and sink)
0:00:00.025770618  3815 0x1d46370 TRACE   GST_REFCOUNTING gstobject.c:294:gst_object_ref_sink: 0x1d63d00 ref_sink 1->2
0:00:00.025779786  3815 0x1d46370 LOG   GST_REGISTRY gstregistry.c:608:gst_registry_add_feature: emitting feature-added for tee
0:00:00.025787508  3815 0x1d46370 DEBUG   GST_REGISTRY gstregistrychunks.c:741:gst_registry_chunks_load_feature: Added feature tee, plugin 0x1d5fcc0 coreelements
0:00:00.025794512  3815 0x1d46370 DEBUG   GST_REGISTRY gstregistrychunks.c:583:gst_registry_chunks_load_feature: Plugin 'coreelements' feature 'filesink' typename : 'GstElementFactory'
0:00:00.025802614  3815 0x1d46370 TRACE   GST_REFCOUNTING gstobject.c:208:gst_object_init: 0x1d63e60 new
0:00:00.025810709  3815 0x1d46370 LOG   GST_REGISTRY gstregistrychunks.c:610:gst_registry_chunks_load_feature: Reading/casting for GstRegistryChunkElementFactory at address 0x1d62178
0:00:00.025817374  3815 0x1d46370 TRACE   structure gststructure.c:287:gst_structure_new_id_empty_with_size: created structure 0x1d64030
0:00:00.025823206  3815 0x1d46370 DEBUG   structure gststructure.c:2203:gst_structure_parse_field: trying field name 'long-name'
0:00:00.025828519  3815 0x1d46370 DEBUG   default gstvalue.c:2676:_priv_gst_value_parse_value: trying type name 'string'
