0:00:00.013730963  3816 0xeaa320 DEBUG   GST_POLL gstpoll.c:1414:gst_poll_wait: 0xeb2810: timeout :0:00:01.000000000
0:00:00.013745716  3816 0xeaa320 LOG   GST_PLUGIN_LOADING gstpluginloader.c:1028:exchange_packets: Poll res = 2. 6872 bytes pending for write
0:00:00.013753890  3816 0xeaa320 DEBUG   GST_POLL gstpoll.c:1241:gst_poll_fd_has_error: 0xeb2810: fd (fd:5, idx:2) 0
0:00:00.013760055  3816 0xeaa320 DEBUG   GST_POLL gstpoll.c:1266:gst_poll_fd_can_read_unlocked: 0xeb2810: fd (fd:5, idx:2) 1
0:00:00.018558921  3815 0x1d46370 LOG   GST_PLUGIN_LOADING gstpluginloader.c:1028:exchange_packets: Poll res = 1. 0 bytes pending for write
0:00:00.013771089  3816 0xeaa320 DEBUG   GST_PLUGIN_LOADING gstpluginloader.c:722:do_plugin_load: Plugin scanner loading file /home/conan/w/prod/BuildSingleReference/.conan/data/gstreamer/1.18.4/_/_/package/467fc03b0f24213bb9b1cf088fa7fb20ffd79c35/lib/gstreamer-1.0/libgstcoretracers.so. tag 2
0:00:00.018585575  3815 0x1d46370 DEBUG   GST_POLL gstpoll.c:1241:gst_poll_fd_has_error: 0x1d5fba0: fd (fd:8, idx:2) 0
0:00:00.013789319  3816 0xeaa320 TRACE   GST_REFCOUNTING gstobject.c:238:gst_object_ref: 0xec3e80 ref 1->2
0:00:00.018593269  3815 0x1d46370 DEBUG   GST_POLL gstpoll.c:1266:gst_poll_fd_can_read_unlocked: 0x1d5fba0: fd (fd:8, idx:2) 1
0:00:00.013800637  3816 0xeaa320 TRACE   GST_REFCOUNTING gstobject.c:238:gst_object_ref: 0xec4d80 ref 1->2
0:00:00.018607183  3815 0x1d46370 DEBUG   GST_PLUGIN_LOADING gstpluginloader.c:850:handle_rx_packet: Received plugin details from child w/ tag 0. 476 bytes info
0:00:00.013808928  3816 0xeaa320 TRACE   GST_REFCOUNTING gstobject.c:238:gst_object_ref: 0xec4b30 ref 1->2
0:00:00.018624211  3815 0x1d46370 LOG   GST_REGISTRY gstregistrychunks.c:837:_priv_gst_registry_chunks_load_plugin: Reading/casting for GstRegistryChunkPluginElement at address 0x1d60220
0:00:00.013827586  3816 0xeaa320 TRACE   GST_REFCOUNTING gstobject.c:238:gst_object_ref: 0xec4860 ref 1->2
0:00:00.013834882  3816 0xeaa320 TRACE   GST_REFCOUNTING gstobject.c:238:gst_object_ref: 0xec4650 ref 1->2
0:00:00.013841086  3816 0xeaa320 TRACE   GST_REFCOUNTING gstobject.c:238:gst_object_ref: 0xec4160 ref 1->2
0:00:00.018647548  3815 0x1d46370 TRACE   GST_REFCOUNTING gstobject.c:208:gst_object_init: 0x1d5fc00 new
0:00:00.013851046  3816 0xeaa320 TRACE   GST_REFCOUNTING gstobject.c:265:gst_object_unref: 0xec4160 unref 2->1
0:00:00.013860652  3816 0xeaa320 TRACE   GST_REFCOUNTING gstobject.c:265:gst_object_unref: 0xec4650 unref 2->1
0:00:00.013867129  3816 0xeaa320 TRACE   GST_REFCOUNTING gstobject.c:265:gst_object_unref: 0xec4860 unref 2->1
0:00:00.013876490  3816 0xeaa320 TRACE   GST_REFCOUNTING gstobject.c:265:gst_object_unref: 0xec4b30 unref 2->1
0:00:00.013883777  3816 0xeaa320 TRACE   GST_REFCOUNTING gstobject.c:265:gst_object_unref: 0xec4d80 unref 2->1
0:00:00.013892005  3816 0xeaa320 DEBUG   GST_REGISTRY gstregistrychunks.c:498:_priv_gst_registry_chunks_save_plugin: Found 5 features in plugin 0xec3e80 (coretracers)
0:00:00.018691967  3815 0x1d46370 LOG   GST_REGISTRY gstregistrychunks.c:858:_priv_gst_registry_chunks_load_plugin: read strings for name='coretracers'
0:00:00.013898345  3816 0xeaa320 DEBUG   GST_POLL gstpoll.c:980:gst_poll_fd_ctl_write: 0xeb2810: fd (fd:0, idx:1), active : 1
0:00:00.018700969  3815 0x1d46370 LOG   GST_REGISTRY gstregistrychunks.c:859:_priv_gst_registry_chunks_load_plugin: desc.description='GStreamer core tracers'
0:00:00.013904542  3816 0xeaa320 LOG   GST_POLL gstpoll.c:994:gst_poll_fd_ctl_write: 0xeb2810: pfd->events now 60 (POLLOUT:4)
0:00:00.018708196  3815 0x1d46370 LOG   GST_REGISTRY gstregistrychunks.c:860:_priv_gst_registry_chunks_load_plugin: filename='/home/conan/w/prod/BuildSingleReference/.conan/data/gstreamer/1.18.4/_/_/package/467fc03b0f24213bb9b1cf088fa7fb20ffd79c35/lib/gstreamer-1.0/libgstcoretracers.so'
0:00:00.013911336  3816 0xeaa320 DEBUG   GST_POLL gstpoll.c:980:gst_poll_fd_ctl_write: 0xeb2810: fd (fd:0, idx:1), active : 1
0:00:00.018714864  3815 0x1d46370 LOG   GST_REGISTRY gstregistrychunks.c:861:_priv_gst_registry_chunks_load_plugin: desc.version='1.18.4'
0:00:00.013918572  3816 0xeaa320 LOG   GST_POLL gstpoll.c:994:gst_poll_fd_ctl_write: 0xeb2810: pfd->events now 60 (POLLOUT:4)
0:00:00.018720845  3815 0x1d46370 LOG   GST_REGISTRY gstregistrychunks.c:862:_priv_gst_registry_chunks_load_plugin: desc.license='LGPL'
0:00:00.013925203  3816 0xeaa320 DEBUG   GST_POLL gstpoll.c:980:gst_poll_fd_ctl_write: 0xeb2810: fd (fd:0, idx:1), active : 1
0:00:00.018729007  3815 0x1d46370 LOG   GST_REGISTRY gstregistrychunks.c:863:_priv_gst_registry_chunks_load_plugin: desc.source='gstreamer'
0:00:00.013939964  3816 0xeaa320 LOG   GST_POLL gstpoll.c:994:gst_poll_fd_ctl_write: 0xeb2810: pfd->events now 60 (POLLOUT:4)
0:00:00.018740079  3815 0x1d46370 LOG   GST_REGISTRY gstregistrychunks.c:864:_priv_gst_registry_chunks_load_plugin: desc.package='GStreamer source release'
0:00:00.013947499  3816 0xeaa320 DEBUG   GST_POLL gstpoll.c:980:gst_poll_fd_ctl_write: 0xeb2810: fd (fd:0, idx:1), active : 1
0:00:00.018747884  3815 0x1d46370 LOG   GST_REGISTRY gstregistrychunks.c:865:_priv_gst_registry_chunks_load_plugin: desc.origin='Unknown package origin'
0:00:00.013954136  3816 0xeaa320 LOG   GST_POLL gstpoll.c:994:gst_poll_fd_ctl_write: 0xeb2810: pfd->events now 60 (POLLOUT:4)
0:00:00.018754716  3815 0x1d46370 LOG   GST_REGISTRY gstregistrychunks.c:866:_priv_gst_registry_chunks_load_plugin: desc.datetime=2021-03-15
0:00:00.013960553  3816 0xeaa320 DEBUG   GST_POLL gstpoll.c:980:gst_poll_fd_ctl_write: 0xeb2810: fd (fd:0, idx:1), active : 1
0:00:00.013966925  3816 0xeaa320 LOG   GST_POLL gstpoll.c:994:gst_poll_fd_ctl_write: 0xeb2810: pfd->events now 60 (POLLOUT:4)
0:00:00.018765603  3815 0x1d46370 DEBUG   GST_REGISTRY gstregistry.c:474:gst_registry_add_plugin: adding plugin 0x1d5fc00 for filename "/home/conan/w/prod/BuildSingleReference/.conan/data/gstreamer/1.18.4/_/_/package/467fc03b0f24213bb9b1cf088fa7fb20ffd79c35/lib/gstreamer-1.0/libgstcoretracers.so"
0:00:00.013972760  3816 0xeaa320 DEBUG   GST_POLL gstpoll.c:980:gst_poll_fd_ctl_write: 0xeb2810: fd (fd:0, idx:1), active : 1
0:00:00.013978809  3816 0xeaa320 LOG   GST_POLL gstpoll.c:994:gst_poll_fd_ctl_write: 0xeb2810: pfd->events now 60 (POLLOUT:4)
0:00:00.018777323  3815 0x1d46370 TRACE   GST_REFCOUNTING gstobject.c:294:gst_object_ref_sink: 0x1d5fc00 ref_sink 1->2
0:00:00.013984529  3816 0xeaa320 DEBUG   GST_POLL gstpoll.c:980:gst_poll_fd_ctl_write: 0xeb2810: fd (fd:0, idx:1), active : 1
0:00:00.018786512  3815 0x1d46370 LOG   GST_REGISTRY gstregistry.c:487:gst_registry_add_plugin: emitting plugin-added for filename "/home/conan/w/prod/BuildSingleReference/.conan/data/gstreamer/1.18.4/_/_/package/467fc03b0f24213bb9b1cf088fa7fb20ffd79c35/lib/gstreamer-1.0/libgstcoretracers.so"
0:00:00.013993059  3816 0xeaa320 LOG   GST_POLL gstpoll.c:994:gst_poll_fd_ctl_write: 0xeb2810: pfd->events now 60 (POLLOUT:4)
0:00:00.018797051  3815 0x1d46370 DEBUG   GST_REGISTRY gstregistrychunks.c:887:_priv_gst_registry_chunks_load_plugin: Added plugin 'coretracers' plugin with 5 features from binary registry
0:00:00.014000588  3816 0xeaa320 DEBUG   GST_POLL gstpoll.c:980:gst_poll_fd_ctl_write: 0xeb2810: fd (fd:0, idx:1), active : 1
0:00:00.018805915  3815 0x1d46370 DEBUG   GST_REGISTRY gstregistrychunks.c:583:gst_registry_chunks_load_feature: Plugin 'coretracers' feature 'leaks' typename : 'GstTracerFactory'
0:00:00.014008179  3816 0xeaa320 LOG   GST_POLL gstpoll.c:994:gst_poll_fd_ctl_write: 0xeb2810: pfd->events now 60 (POLLOUT:4)
0:00:00.014020919  3816 0xeaa320 DEBUG   GST_POLL gstpoll.c:980:gst_poll_fd_ctl_write: 0xeb2810: fd (fd:0, idx:1), active : 1
0:00:00.018822437  3815 0x1d46370 TRACE   GST_REFCOUNTING gstobject.c:208:gst_object_init: 0x1d60a90 new
0:00:00.014026698  3816 0xeaa320 LOG   GST_POLL gstpoll.c:994:gst_poll_fd_ctl_write: 0xeb2810: pfd->events now 60 (POLLOUT:4)
0:00:00.014033717  3816 0xeaa320 DEBUG   GST_POLL gstpoll.c:980:gst_poll_fd_ctl_write: 0xeb2810: fd (fd:0, idx:1), active : 1
0:00:00.018835019  3815 0x1d46370 DEBUG   GST_REGISTRY gstregistrychunks.c:718:gst_registry_chunks_load_feature: Reading/casting for GstRegistryChunkPluginFeature at address 0x1d60368
0:00:00.014039148  3816 0xeaa320 LOG   GST_POLL gstpoll.c:994:gst_poll_fd_ctl_write: 0xeb2810: pfd->events now 60 (POLLOUT:4)
0:00:00.018844119  3815 0x1d46370 DEBUG   GST_REGISTRY gstregistry.c:590:gst_registry_add_feature: adding feature 0x1d60a90 (leaks)
0:00:00.014045689  3816 0xeaa320 DEBUG   GST_POLL gstpoll.c:980:gst_poll_fd_ctl_write: 0xeb2810: fd (fd:0, idx:1), active : 1
0:00:00.014066259  3816 0xeaa320 LOG   GST_POLL gstpoll.c:994:gst_poll_fd_ctl_write: 0xeb2810: pfd->events now 60 (POLLOUT:4)
0:00:00.018851482  3815 0x1d46370 DEBUG   GST_REFCOUNTING gstobject.c:709:gst_object_set_parent: set parent (ref and sink)
0:00:00.014077647  3816 0xeaa320 DEBUG   GST_POLL gstpoll.c:980:gst_poll_fd_ctl_write: 0xeb2810: fd (fd:0, idx:1), active : 1
0:00:00.018885683  3815 0x1d46370 TRACE   GST_REFCOUNTING gstobject.c:294:gst_object_ref_sink: 0x1d60a90 ref_sink 1->2
0:00:00.014088771  3816 0xeaa320 LOG   GST_POLL gstpoll.c:994:gst_poll_fd_ctl_write: 0xeb2810: pfd->events now 60 (POLLOUT:4)
0:00:00.018893518  3815 0x1d46370 LOG   GST_REGISTRY gstregistry.c:608:gst_registry_add_feature: emitting feature-added for leaks
0:00:00.014098546  3816 0xeaa320 DEBUG   GST_POLL gstpoll.c:980:gst_poll_fd_ctl_write: 0xeb2810: fd (fd:0, idx:1), active : 1
0:00:00.018900919  3815 0x1d46370 DEBUG   GST_REGISTRY gstregistrychunks.c:741:gst_registry_chunks_load_feature: Added feature leaks, plugin 0x1d5fc00 coretracers
0:00:00.014108475  3816 0xeaa320 LOG   GST_POLL gstpoll.c:994:gst_poll_fd_ctl_write: 0xeb2810: pfd->events now 60 (POLLOUT:4)
0:00:00.018908671  3815 0x1d46370 DEBUG   GST_REGISTRY gstregistrychunks.c:583:gst_registry_chunks_load_feature: Plugin 'coretracers' feature 'stats' typename : 'GstTracerFactory'
0:00:00.014116423  3816 0xeaa320 DEBUG   GST_POLL gstpoll.c:980:gst_poll_fd_ctl_write: 0xeb2810: fd (fd:0, idx:1), active : 1
0:00:00.018919368  3815 0x1d46370 TRACE   GST_REFCOUNTING gstobject.c:208:gst_object_init: 0x1d60c90 new
0:00:00.014122648  3816 0xeaa320 LOG   GST_POLL gstpoll.c:994:gst_poll_fd_ctl_write: 0xeb2810: pfd->events now 60 (POLLOUT:4)
0:00:00.018931323  3815 0x1d46370 DEBUG   GST_REGISTRY gstregistrychunks.c:718:gst_registry_chunks_load_feature: Reading/casting for GstRegistryChunkPluginFeature at address 0x1d60388
0:00:00.014133047  3816 0xeaa320 DEBUG   GST_POLL gstpoll.c:980:gst_poll_fd_ctl_write: 0xeb2810: fd (fd:0, idx:1), active : 1
0:00:00.018946942  3815 0x1d46370 DEBUG   GST_REGISTRY gstregistry.c:590:gst_registry_add_feature: adding feature 0x1d60c90 (stats)
0:00:00.014151134  3816 0xeaa320 LOG   GST_POLL gstpoll.c:994:gst_poll_fd_ctl_write: 0xeb2810: pfd->events now 60 (POLLOUT:4)
0:00:00.018953760  3815 0x1d46370 DEBUG   GST_REFCOUNTING gstobject.c:709:gst_object_set_parent: set parent (ref and sink)
0:00:00.014158160  3816 0xeaa320 LOG   GST_PLUGIN_LOADING gstpluginloader.c:646:put_chunk: Expanding tx buf from 7717 to 10158 for chunk of size 17
0:00:00.018961252  3815 0x1d46370 TRACE   GST_REFCOUNTING gstobject.c:294:gst_object_ref_sink: 0x1d60c90 ref_sink 1->2
0:00:00.014169070  3816 0xeaa320 DEBUG   GST_POLL gstpoll.c:980:gst_poll_fd_ctl_write: 0xeb2810: fd (fd:0, idx:1), active : 1
0:00:00.018968321  3815 0x1d46370 LOG   GST_REGISTRY gstregistry.c:608:gst_registry_add_feature: emitting feature-added for stats
0:00:00.014175431  3816 0xeaa320 LOG   GST_POLL gstpoll.c:994:gst_poll_fd_ctl_write: 0xeb2810: pfd->events now 60 (POLLOUT:4)
0:00:00.018976951  3815 0x1d46370 DEBUG   GST_REGISTRY gstregistrychunks.c:741:gst_registry_chunks_load_feature: Added feature stats, plugin 0x1d5fc00 coretracers
0:00:00.014181843  3816 0xeaa320 DEBUG   GST_POLL gstpoll.c:980:gst_poll_fd_ctl_write: 0xeb2810: fd (fd:0, idx:1), active : 1
0:00:00.018983638  3815 0x1d46370 DEBUG   GST_REGISTRY gstregistrychunks.c:583:gst_registry_chunks_load_feature: Plugin 'coretracers' feature 'rusage' typename : 'GstTracerFactory'
0:00:00.014188095  3816 0xeaa320 LOG   GST_POLL gstpoll.c:994:gst_poll_fd_ctl_write: 0xeb2810: pfd->events now 60 (POLLOUT:4)
0:00:00.018992132  3815 0x1d46370 TRACE   GST_REFCOUNTING gstobject.c:208:gst_object_init: 0x1d60de0 new
0:00:00.014197098  3816 0xeaa320 DEBUG   GST_POLL gstpoll.c:980:gst_poll_fd_ctl_write: 0xeb2810: fd (fd:0, idx:1), active : 1
0:00:00.014204145  3816 0xeaa320 LOG   GST_POLL gstpoll.c:994:gst_poll_fd_ctl_write: 0xeb2810: pfd->events now 60 (POLLOUT:4)
0:00:00.019003866  3815 0x1d46370 DEBUG   GST_REGISTRY gstregistrychunks.c:718:gst_registry_chunks_load_feature: Reading/casting for GstRegistryChunkPluginFeature at address 0x1d603a8
0:00:00.014210270  3816 0xeaa320 DEBUG   GST_POLL gstpoll.c:980:gst_poll_fd_ctl_write: 0xeb2810: fd (fd:0, idx:1), active : 1
0:00:00.019013342  3815 0x1d46370 DEBUG   GST_REGISTRY gstregistry.c:590:gst_registry_add_feature: adding feature 0x1d60de0 (rusage)
0:00:00.014216525  3816 0xeaa320 LOG   GST_POLL gstpoll.c:994:gst_poll_fd_ctl_write: 0xeb2810: pfd->events now 60 (POLLOUT:4)
0:00:00.019019918  3815 0x1d46370 DEBUG   GST_REFCOUNTING gstobject.c:709:gst_object_set_parent: set parent (ref and sink)
0:00:00.014223384  3816 0xeaa320 DEBUG   GST_POLL gstpoll.c:980:gst_poll_fd_ctl_write: 0xeb2810: fd (fd:0, idx:1), active : 1
0:00:00.019027767  3815 0x1d46370 TRACE   GST_REFCOUNTING gstobject.c:294:gst_object_ref_sink: 0x1d60de0 ref_sink 1->2
0:00:00.014234991  3816 0xeaa320 LOG   GST_POLL gstpoll.c:994:gst_poll_fd_ctl_write: 0xeb2810: pfd->events now 60 (POLLOUT:4)
0:00:00.019036273  3815 0x1d46370 LOG   GST_REGISTRY gstregistry.c:608:gst_registry_add_feature: emitting feature-added for rusage
0:00:00.014241683  3816 0xeaa320 DEBUG   GST_POLL gstpoll.c:980:gst_poll_fd_ctl_write: 0xeb2810: fd (fd:0, idx:1), active : 1
0:00:00.019043183  3815 0x1d46370 DEBUG   GST_REGISTRY gstregistrychunks.c:741:gst_registry_chunks_load_feature: Added feature rusage, plugin 0x1d5fc00 coretracers
0:00:00.014247783  3816 0xeaa320 LOG   GST_POLL gstpoll.c:994:gst_poll_fd_ctl_write: 0xeb2810: pfd->events now 60 (POLLOUT:4)
0:00:00.019050104  3815 0x1d46370 DEBUG   GST_REGISTRY gstregistrychunks.c:583:gst_registry_chunks_load_feature: Plugin 'coretracers' feature 'log' typename : 'GstTracerFactory'
0:00:00.014256715  3816 0xeaa320 DEBUG   GST_POLL gstpoll.c:980:gst_poll_fd_ctl_write: 0xeb2810: fd (fd:0, idx:1), active : 1
0:00:00.019058414  3815 0x1d46370 TRACE   GST_REFCOUNTING gstobject.c:208:gst_object_init: 0x1d60f30 new
0:00:00.014263597  3816 0xeaa320 LOG   GST_POLL gstpoll.c:994:gst_poll_fd_ctl_write: 0xeb2810: pfd->events now 60 (POLLOUT:4)
0:00:00.014270344  3816 0xeaa320 DEBUG   GST_POLL gstpoll.c:980:gst_poll_fd_ctl_write: 0xeb2810: fd (fd:0, idx:1), active : 1
0:00:00.019069760  3815 0x1d46370 DEBUG   GST_REGISTRY gstregistrychunks.c:718:gst_registry_chunks_load_feature: Reading/casting for GstRegistryChunkPluginFeature at address 0x1d603c8
0:00:00.014276361  3816 0xeaa320 LOG   GST_POLL gstpoll.c:994:gst_poll_fd_ctl_write: 0xeb2810: pfd->events now 60 (POLLOUT:4)
0:00:00.019079523  3815 0x1d46370 DEBUG   GST_REGISTRY gstregistry.c:590:gst_registry_add_feature: adding feature 0x1d60f30 (log)
0:00:00.014282837  3816 0xeaa320 DEBUG   GST_POLL gstpoll.c:980:gst_poll_fd_ctl_write: 0xeb2810: fd (fd:0, idx:1), active : 1
0:00:00.019086349  3815 0x1d46370 DEBUG   GST_REFCOUNTING gstobject.c:709:gst_object_set_parent: set parent (ref and sink)
0:00:00.014289341  3816 0xeaa320 LOG   GST_POLL gstpoll.c:994:gst_poll_fd_ctl_write: 0xeb2810: pfd->events now 60 (POLLOUT:4)
0:00:00.019094047  3815 0x1d46370 TRACE   GST_REFCOUNTING gstobject.c:294:gst_object_ref_sink: 0x1d60f30 ref_sink 1->2
0:00:00.014297039  3816 0xeaa320 DEBUG   GST_POLL gstpoll.c:980:gst_poll_fd_ctl_write: 0xeb2810: fd (fd:0, idx:1), active : 1
0:00:00.019101443  3815 0x1d46370 LOG   GST_REGISTRY gstregistry.c:608:gst_registry_add_feature: emitting feature-added for log
0:00:00.014304287  3816 0xeaa320 LOG   GST_POLL gstpoll.c:994:gst_poll_fd_ctl_write: 0xeb2810: pfd->events now 60 (POLLOUT:4)
0:00:00.019108654  3815 0x1d46370 DEBUG   GST_REGISTRY gstregistrychunks.c:741:gst_registry_chunks_load_feature: Added feature log, plugin 0x1d5fc00 coretracers
0:00:00.014313626  3816 0xeaa320 DEBUG   GST_POLL gstpoll.c:980:gst_poll_fd_ctl_write: 0xeb2810: fd (fd:0, idx:1), active : 1
0:00:00.019120467  3815 0x1d46370 DEBUG   GST_REGISTRY gstregistrychunks.c:583:gst_registry_chunks_load_feature: Plugin 'coretracers' feature 'latency' typename : 'GstTracerFactory'
0:00:00.014323359  3816 0xeaa320 LOG   GST_POLL gstpoll.c:994:gst_poll_fd_ctl_write: 0xeb2810: pfd->events now 60 (POLLOUT:4)
0:00:00.014330918  3816 0xeaa320 DEBUG   GST_POLL gstpoll.c:980:gst_poll_fd_ctl_write: 0xeb2810: fd (fd:0, idx:1), active : 1
0:00:00.019129471  3815 0x1d46370 TRACE   GST_REFCOUNTING gstobject.c:208:gst_object_init: 0x1d61130 new
0:00:00.014336755  3816 0xeaa320 LOG   GST_POLL gstpoll.c:994:gst_poll_fd_ctl_write: 0xeb2810: pfd->events now 60 (POLLOUT:4)
0:00:00.019142145  3815 0x1d46370 DEBUG   GST_REGISTRY gstregistrychunks.c:718:gst_registry_chunks_load_feature: Reading/casting for GstRegistryChunkPluginFeature at address 0x1d603f0
0:00:00.014344628  3816 0xeaa320 TRACE   GST_REFCOUNTING gstobject.c:265:gst_object_unref: 0xec3e80 unref 2->1
0:00:00.019151881  3815 0x1d46370 DEBUG   GST_REGISTRY gstregistry.c:590:gst_registry_add_feature: adding feature 0x1d61130 (latency)
0:00:00.014353808  3816 0xeaa320 DEBUG   GST_POLL gstpoll.c:1241:gst_poll_fd_has_error: 0xeb2810: fd (fd:0, idx:1) 0
0:00:00.019158782  3815 0x1d46370 DEBUG   GST_REFCOUNTING gstobject.c:709:gst_object_set_parent: set parent (ref and sink)
0:00:00.014362445  3816 0xeaa320 DEBUG   GST_POLL gstpoll.c:1335:gst_poll_fd_can_write: 0xeb2810: fd (fd:0, idx:1) 1
0:00:00.019166268  3815 0x1d46370 TRACE   GST_REFCOUNTING gstobject.c:294:gst_object_ref_sink: 0x1d61130 ref_sink 1->2
0:00:00.014368671  3816 0xeaa320 LOG   GST_PLUGIN_LOADING gstpluginloader.c:690:write_one: Writing packet of size 6872 bytes to fd 0
0:00:00.019173552  3815 0x1d46370 LOG   GST_REGISTRY gstregistry.c:608:gst_registry_add_feature: emitting feature-added for latency
0:00:00.019180391  3815 0x1d46370 DEBUG   GST_REGISTRY gstregistrychunks.c:741:gst_registry_chunks_load_feature: Added feature latency, plugin 0x1d5fc00 coretracers
0:00:00.014385197  3816 0xeaa320 DEBUG   GST_POLL gstpoll.c:1414:gst_poll_wait: 0xeb2810: timeout :0:00:01.000000000
0:00:00.019187557  3815 0x1d46370 LOG   GST_PLUGIN_LOADING gstpluginloader.c:889:handle_rx_packet: marking plugin 0x1d5fc00 as registered as /home/conan/w/prod/BuildSingleReference/.conan/data/gstreamer/1.18.4/_/_/package/467fc03b0f24213bb9b1cf088fa7fb20ffd79c35/lib/gstreamer-1.0/libgstcoretracers.so
0:00:00.014395645  3816 0xeaa320 LOG   GST_PLUGIN_LOADING gstpluginloader.c:1028:exchange_packets: Poll res = 2. 488 bytes pending for write
0:00:00.019200307  3815 0x1d46370 DEBUG   GST_POLL gstpoll.c:1414:gst_poll_wait: 0x1d5fba0: timeout :0:00:01.000000000
0:00:00.014403391  3816 0xeaa320 DEBUG   GST_POLL gstpoll.c:1241:gst_poll_fd_has_error: 0xeb2810: fd (fd:5, idx:2) 0
0:00:00.014411380  3816 0xeaa320 DEBUG   GST_POLL gstpoll.c:1266:gst_poll_fd_can_read_unlocked: 0xeb2810: fd (fd:5, idx:2) 1
0:00:00.019213733  3815 0x1d46370 LOG   GST_PLUGIN_LOADING gstpluginloader.c:1028:exchange_packets: Poll res = 1. 0 bytes pending for write
0:00:00.019223967  3815 0x1d46370 DEBUG   GST_POLL gstpoll.c:1241:gst_poll_fd_has_error: 0x1d5fba0: fd (fd:8, idx:2) 0
0:00:00.014426516  3816 0xeaa320 DEBUG   GST_PLUGIN_LOADING gstpluginloader.c:722:do_plugin_load: Plugin scanner loading file /home/conan/w/prod/BuildSingleReference/.conan/data/gstreamer/1.18.4/_/_/package/467fc03b0f24213bb9b1cf088fa7fb20ffd79c35/lib/gstreamer-1.0/libgstcoreelements.so. tag 3
0:00:00.019230207  3815 0x1d46370 DEBUG   GST_POLL gstpoll.c:1266:gst_poll_fd_can_read_unlocked: 0x1d5fba0: fd (fd:8, idx:2) 1
0:00:00.014437136  3816 0xeaa320 TRACE   GST_REFCOUNTING gstobject.c:238:gst_object_ref: 0xec6130 ref 1->2
0:00:00.019238855  3815 0x1d46370 LOG   GST_PLUGIN_LOADING gstpluginloader.c:986:read_one: Expanding rx buf from 512 to 7384
0:00:00.014445625  3816 0xeaa320 TRACE   GST_REFCOUNTING gstobject.c:238:gst_object_ref: 0xee12d0 ref 1->2
0:00:00.014453108  3816 0xeaa320 TRACE   GST_REFCOUNTING gstobject.c:238:gst_object_ref: 0xee0610 ref 1->2
0:00:00.014459765  3816 0xeaa320 TRACE   GST_REFCOUNTING gstobject.c:238:gst_object_ref: 0xedeea0 ref 1->2
0:00:00.019261356  3815 0x1d46370 DEBUG   GST_PLUGIN_LOADING gstpluginloader.c:850:handle_rx_packet: Received plugin details from child w/ tag 1. 6860 bytes info
0:00:00.014466373  3816 0xeaa320 TRACE   GST_REFCOUNTING gstobject.c:238:gst_object_ref: 0xede050 ref 1->2
0:00:00.019270103  3815 0x1d46370 LOG   GST_REGISTRY gstregistrychunks.c:837:_priv_gst_registry_chunks_load_plugin: Reading/casting for GstRegistryChunkPluginElement at address 0x1d61a70
0:00:00.014473374  3816 0xeaa320 TRACE   GST_REFCOUNTING gstobject.c:238:gst_object_ref: 0xedcef0 ref 1->2
0:00:00.019278866  3815 0x1d46370 TRACE   GST_REFCOUNTING gstobject.c:208:gst_object_init: 0x1d60220 new
0:00:00.014480641  3816 0xeaa320 TRACE   GST_REFCOUNTING gstobject.c:238:gst_object_ref: 0xedbdf0 ref 1->2
0:00:00.014492161  3816 0xeaa320 TRACE   GST_REFCOUNTING gstobject.c:238:gst_object_ref: 0xeda4a0 ref 1->2
0:00:00.019293554  3815 0x1d46370 LOG   GST_REGISTRY gstregistrychunks.c:858:_priv_gst_registry_chunks_load_plugin: read strings for name='coreelements'
0:00:00.014499647  3816 0xeaa320 TRACE   GST_REFCOUNTING gstobject.c:238:gst_object_ref: 0xed8990 ref 1->2
0:00:00.019300411  3815 0x1d46370 LOG   GST_REGISTRY gstregistrychunks.c:859:_priv_gst_registry_chunks_load_plugin: desc.description='GStreamer core elements'
0:00:00.014507246  3816 0xeaa320 TRACE   GST_REFCOUNTING gstobject.c:238:gst_object_ref: 0xed7880 ref 1->2
0:00:00.019307647  3815 0x1d46370 LOG   GST_REGISTRY gstregistrychunks.c:860:_priv_gst_registry_chunks_load_plugin: filename='/home/conan/w/prod/BuildSingleReference/.conan/data/gstreamer/1.18.4/_/_/package/467fc03b0f24213bb9b1cf088fa7fb20ffd79c35/lib/gstreamer-1.0/libgstcoreelements.so'
0:00:00.014514619  3816 0xeaa320 TRACE   GST_REFCOUNTING gstobject.c:238:gst_object_ref: 0xed6660 ref 1->2
0:00:00.019321656  3815 0x1d46370 LOG   GST_REGISTRY gstregistrychunks.c:861:_priv_gst_registry_chunks_load_plugin: desc.version='1.18.4'
0:00:00.014524734  3816 0xeaa320 TRACE   GST_REFCOUNTING gstobject.c:238:gst_object_ref: 0xed5030 ref 1->2
0:00:00.019328639  3815 0x1d46370 LOG   GST_REGISTRY gstregistrychunks.c:862:_priv_gst_registry_chunks_load_plugin: desc.license='LGPL'
0:00:00.014532224  3816 0xeaa320 TRACE   GST_REFCOUNTING gstobject.c:238:gst_object_ref: 0xed4380 ref 1->2
0:00:00.019334494  3815 0x1d46370 LOG   GST_REGISTRY gstregistrychunks.c:863:_priv_gst_registry_chunks_load_plugin: desc.source='gstreamer'
0:00:00.014539328  3816 0xeaa320 TRACE   GST_REFCOUNTING gstobject.c:238:gst_object_ref: 0xed3750 ref 1->2
0:00:00.019340464  3815 0x1d46370 LOG   GST_REGISTRY gstregistrychunks.c:864:_priv_gst_registry_chunks_load_plugin: desc.package='GStreamer source release'
0:00:00.014546125  3816 0xeaa320 TRACE   GST_REFCOUNTING gstobject.c:238:gst_object_ref: 0xecaca0 ref 1->2
0:00:00.019346650  3815 0x1d46370 LOG   GST_REGISTRY gstregistrychunks.c:865:_priv_gst_registry_chunks_load_plugin: desc.origin='Unknown package origin'
0:00:00.019353972  3815 0x1d46370 LOG   GST_REGISTRY gstregistrychunks.c:866:_priv_gst_registry_chunks_load_plugin: desc.datetime=2021-03-15
0:00:00.014555625  3816 0xeaa320 TRACE   GST_REFCOUNTING gstobject.c:238:gst_object_ref: 0xed0b50 ref 1->2
0:00:00.014563459  3816 0xeaa320 TRACE   GST_REFCOUNTING gstobject.c:238:gst_object_ref: 0xece520 ref 1->2
0:00:00.019362210  3815 0x1d46370 DEBUG   GST_REGISTRY gstregistry.c:474:gst_registry_add_plugin: adding plugin 0x1d60220 for filename "/home/conan/w/prod/BuildSingleReference/.conan/data/gstreamer/1.18.4/_/_/package/467fc03b0f24213bb9b1cf088fa7fb20ffd79c35/lib/gstreamer-1.0/libgstcoreelements.so"
0:00:00.014570222  3816 0xeaa320 TRACE   GST_REFCOUNTING gstobject.c:238:gst_object_ref: 0xecc9d0 ref 1->2
0:00:00.019372127  3815 0x1d46370 TRACE   GST_REFCOUNTING gstobject.c:294:gst_object_ref_sink: 0x1d60220 ref_sink 1->2
0:00:00.014577114  3816 0xeaa320 TRACE   GST_REFCOUNTING gstobject.c:238:gst_object_ref: 0xecb990 ref 1->2
0:00:00.014583934  3816 0xeaa320 TRACE   GST_REFCOUNTING gstobject.c:238:gst_object_ref: 0xec9ee0 ref 1->2
0:00:00.019382525  3815 0x1d46370 LOG   GST_REGISTRY gstregistry.c:487:gst_registry_add_plugin: emitting plugin-added for filename "/home/conan/w/prod/BuildSingleReference/.conan/data/gstreamer/1.18.4/_/_/package/467fc03b0f24213bb9b1cf088fa7fb20ffd79c35/lib/gstreamer-1.0/libgstcoreelements.so"
0:00:00.014590244  3816 0xeaa320 TRACE   GST_REFCOUNTING gstobject.c:238:gst_object_ref: 0xec9010 ref 1->2
0:00:00.019392452  3815 0x1d46370 DEBUG   GST_REGISTRY gstregistrychunks.c:887:_priv_gst_registry_chunks_load_plugin: Added plugin 'coreelements' plugin with 22 features from binary registry
0:00:00.014596927  3816 0xeaa320 TRACE   GST_REFCOUNTING gstobject.c:238:gst_object_ref: 0xec8270 ref 1->2
0:00:00.019404347  3815 0x1d46370 DEBUG   GST_REGISTRY gstregistrychunks.c:583:gst_registry_chunks_load_feature: Plugin 'coreelements' feature 'streamiddemux' typename : 'GstElementFactory'
0:00:00.014606888  3816 0xeaa320 TRACE   GST_REFCOUNTING gstobject.c:238:gst_object_ref: 0xec6580 ref 1->2
0:00:00.019415568  3815 0x1d46370 TRACE   GST_REFCOUNTING gstobject.c:208:gst_object_init: 0x1d60590 new
0:00:00.014617770  3816 0xeaa320 DEBUG   GST_REGISTRY gstregistrychunks.c:265:gst_registry_chunks_save_feature: saved 0 interfaces 0 pad templates
0:00:00.019425128  3815 0x1d46370 LOG   GST_REGISTRY gstregistrychunks.c:610:gst_registry_chunks_load_feature: Reading/casting for GstRegistryChunkElementFactory at address 0x1d61bc8
0:00:00.014633359  3816 0xeaa320 DEBUG   GST_REGISTRY gstregistrychunks.c:265:gst_registry_chunks_save_feature: saved 0 interfaces 0 pad templates
0:00:00.019433990  3815 0x1d46370 TRACE   structure gststructure.c:287:gst_structure_new_id_empty_with_size: created structure 0x1d61320
0:00:00.019441595  3815 0x1d46370 DEBUG   structure gststructure.c:2203:gst_structure_parse_field: trying field name 'long-name'
0:00:00.014644201  3816 0xeaa320 DEBUG   GST_REGISTRY gstregistrychunks.c:265:gst_registry_chunks_save_feature: saved 0 interfaces 0 pad templates
0:00:00.014656638  3816 0xeaa320 DEBUG   GST_REGISTRY gstregistrychunks.c:265:gst_registry_chunks_save_feature: saved 1 interfaces 0 pad templates
0:00:00.019457199  3815 0x1d46370 DEBUG   default gstvalue.c:2676:_priv_gst_value_parse_value: trying type name 'string'
0:00:00.014662577  3816 0xeaa320 DEBUG   GST_REGISTRY gstregistrychunks.c:284:gst_registry_chunks_save_feature: Saved 1 UriTypes
0:00:00.019470390  3815 0x1d46370 DEBUG   structure gststructure.c:2203:gst_structure_parse_field: trying field name 'klass'
0:00:00.014673506  3816 0xeaa320 DEBUG   GST_REGISTRY gstregistrychunks.c:265:gst_registry_chunks_save_feature: saved 0 interfaces 0 pad templates
0:00:00.019476677  3815 0x1d46370 DEBUG   default gstvalue.c:2676:_priv_gst_value_parse_value: trying type name 'string'
0:00:00.014683543  3816 0xeaa320 DEBUG   GST_REGISTRY gstregistrychunks.c:265:gst_registry_chunks_save_feature: saved 0 interfaces 0 pad templates
0:00:00.019485342  3815 0x1d46370 DEBUG   structure gststructure.c:2203:gst_structure_parse_field: trying field name 'description'
0:00:00.019491295  3815 0x1d46370 DEBUG   default gstvalue.c:2676:_priv_gst_value_parse_value: trying type name 'string'
0:00:00.014693793  3816 0xeaa320 DEBUG   GST_REGISTRY gstregistrychunks.c:265:gst_registry_chunks_save_feature: saved 0 interfaces 0 pad templates
0:00:00.019497898  3815 0x1d46370 DEBUG   structure gststructure.c:2203:gst_structure_parse_field: trying field name 'author'
0:00:00.014708452  3816 0xeaa320 DEBUG   GST_REGISTRY gstregistrychunks.c:265:gst_registry_chunks_save_feature: saved 1 interfaces 0 pad templates
0:00:00.019510764  3815 0x1d46370 DEBUG   default gstvalue.c:2676:_priv_gst_value_parse_value: trying type name 'string'
0:00:00.014715808  3816 0xeaa320 DEBUG   GST_REGISTRY gstregistrychunks.c:284:gst_registry_chunks_save_feature: Saved 1 UriTypes
0:00:00.019520122  3815 0x1d46370 DEBUG   GST_REGISTRY gstregistrychunks.c:626:gst_registry_chunks_load_feature: Element factory : npadtemplates=2
0:00:00.014725846  3816 0xeaa320 DEBUG   GST_REGISTRY gstregistrychunks.c:265:gst_registry_chunks_save_feature: saved 1 interfaces 0 pad templates
0:00:00.019526713  3815 0x1d46370 DEBUG   GST_REGISTRY gstregistrychunks.c:526:gst_registry_chunks_load_pad_template: Reading/casting for GstRegistryChunkPadTemplate at address 0x1d61ca0
0:00:00.014732257  3816 0xeaa320 DEBUG   GST_REGISTRY gstregistrychunks.c:284:gst_registry_chunks_save_feature: Saved 1 UriTypes
0:00:00.019534308  3815 0x1d46370 DEBUG   GST_REGISTRY gstregistrychunks.c:539:gst_registry_chunks_load_pad_template: Added pad_template src_%u
0:00:00.019540305  3815 0x1d46370 DEBUG   GST_REGISTRY gstregistrychunks.c:526:gst_registry_chunks_load_pad_template: Reading/casting for GstRegistryChunkPadTemplate at address 0x1d61cb8
0:00:00.014742023  3816 0xeaa320 DEBUG   GST_REGISTRY gstregistrychunks.c:265:gst_registry_chunks_save_feature: saved 1 interfaces 0 pad templates
0:00:00.019546536  3815 0x1d46370 DEBUG   GST_REGISTRY gstregistrychunks.c:539:gst_registry_chunks_load_pad_template: Added pad_template sink
0:00:00.014749336  3816 0xeaa320 DEBUG   GST_REGISTRY gstregistrychunks.c:284:gst_registry_chunks_save_feature: Saved 1 UriTypes
0:00:00.019554846  3815 0x1d46370 DEBUG   GST_REGISTRY gstregistry.c:590:gst_registry_add_feature: adding feature 0x1d60590 (streamiddemux)
0:00:00.014759237  3816 0xeaa320 DEBUG   GST_REGISTRY gstregistrychunks.c:265:gst_registry_chunks_save_feature: saved 0 interfaces 0 pad templates
0:00:00.019562934  3815 0x1d46370 DEBUG   GST_REFCOUNTING gstobject.c:709:gst_object_set_parent: set parent (ref and sink)
0:00:00.014769437  3816 0xeaa320 DEBUG   GST_REGISTRY gstregistrychunks.c:265:gst_registry_chunks_save_feature: saved 0 interfaces 0 pad templates
0:00:00.019573431  3815 0x1d46370 TRACE   GST_REFCOUNTING gstobject.c:294:gst_object_ref_sink: 0x1d60590 ref_sink 1->2
0:00:00.014782576  3816 0xeaa320 DEBUG   GST_REGISTRY gstregistrychunks.c:265:gst_registry_chunks_save_feature: saved 0 interfaces 0 pad templates
0:00:00.019581875  3815 0x1d46370 LOG   GST_REGISTRY gstregistry.c:608:gst_registry_add_feature: emitting feature-added for streamiddemux
0:00:00.019592026  3815 0x1d46370 DEBUG   GST_REGISTRY gstregistrychunks.c:741:gst_registry_chunks_load_feature: Added feature streamiddemux, plugin 0x1d60220 coreelements
0:00:00.014795137  3816 0xeaa320 DEBUG   GST_REGISTRY gstregistrychunks.c:265:gst_registry_chunks_save_feature: saved 0 interfaces 0 pad templates
0:00:00.019598514  3815 0x1d46370 DEBUG   GST_REGISTRY gstregistrychunks.c:583:gst_registry_chunks_load_feature: Plugin 'coreelements' feature 'valve' typename : 'GstElementFactory'
0:00:00.014810530  3816 0xeaa320 DEBUG   GST_REGISTRY gstregistrychunks.c:265:gst_registry_chunks_save_feature: saved 0 interfaces 0 pad templates
0:00:00.019609697  3815 0x1d46370 TRACE   GST_REFCOUNTING gstobject.c:208:gst_object_init: 0x1d61700 new
0:00:00.014820478  3816 0xeaa320 DEBUG   GST_REGISTRY gstregistrychunks.c:265:gst_registry_chunks_save_feature: saved 0 interfaces 0 pad templates
0:00:00.019619868  3815 0x1d46370 LOG   GST_REGISTRY gstregistrychunks.c:610:gst_registry_chunks_load_feature: Reading/casting for GstRegistryChunkElementFactory at address 0x1d61ce8
0:00:00.019628936  3815 0x1d46370 TRACE   structure gststructure.c:287:gst_structure_new_id_empty_with_size: created structure 0x1d63820
0:00:00.014830753  3816 0xeaa320 DEBUG   GST_REGISTRY gstregistrychunks.c:265:gst_registry_chunks_save_feature: saved 1 interfaces 0 pad templates
0:00:00.019634567  3815 0x1d46370 DEBUG   structure gststructure.c:2203:gst_structure_parse_field: trying field name 'long-name'
0:00:00.014838668  3816 0xeaa320 DEBUG   GST_REGISTRY gstregistrychunks.c:284:gst_registry_chunks_save_feature: Saved 1 UriTypes
0:00:00.019643118  3815 0x1d46370 DEBUG   default gstvalue.c:2676:_priv_gst_value_parse_value: trying type name 'string'
0:00:00.014849695  3816 0xeaa320 DEBUG   GST_REGISTRY gstregistrychunks.c:265:gst_registry_chunks_save_feature: saved 0 interfaces 0 pad templates
0:00:00.019651956  3815 0x1d46370 DEBUG   structure gststructure.c:2203:gst_structure_parse_field: trying field name 'klass'
0:00:00.019657841  3815 0x1d46370 DEBUG   default gstvalue.c:2676:_priv_gst_value_parse_value: trying type name 'string'
0:00:00.014860874  3816 0xeaa320 DEBUG   GST_REGISTRY gstregistrychunks.c:265:gst_registry_chunks_save_feature: saved 0 interfaces 0 pad templates
0:00:00.019663968  3815 0x1d46370 DEBUG   structure gststructure.c:2203:gst_structure_parse_field: trying field name 'description'
0:00:00.019669713  3815 0x1d46370 DEBUG   default gstvalue.c:2676:_priv_gst_value_parse_value: trying type name 'string'
0:00:00.014875400  3816 0xeaa320 DEBUG   GST_REGISTRY gstregistrychunks.c:265:gst_registry_chunks_save_feature: saved 0 interfaces 0 pad templates
0:00:00.019676642  3815 0x1d46370 DEBUG   structure gststructure.c:2203:gst_structure_parse_field: trying field name 'author'
0:00:00.019683716  3815 0x1d46370 DEBUG   default gstvalue.c:2676:_priv_gst_value_parse_value: trying type name 'string'
0:00:00.014887689  3816 0xeaa320 DEBUG   GST_REGISTRY gstregistrychunks.c:265:gst_registry_chunks_save_feature: saved 0 interfaces 0 pad templates
0:00:00.019690433  3815 0x1d46370 DEBUG   GST_REGISTRY gstregistrychunks.c:626:gst_registry_chunks_load_feature: Element factory : npadtemplates=2
0:00:00.014900144  3816 0xeaa320 DEBUG   GST_REGISTRY gstregistrychunks.c:265:gst_registry_chunks_save_feature: saved 0 interfaces 0 pad templates
0:00:00.019698814  3815 0x1d46370 DEBUG   GST_REGISTRY gstregistrychunks.c:526:gst_registry_chunks_load_pad_template: Reading/casting for GstRegistryChunkPadTemplate at address 0x1d61dd8
0:00:00.019713559  3815 0x1d46370 DEBUG   GST_REGISTRY gstregistrychunks.c:539:gst_registry_chunks_load_pad_template: Added pad_template sink
0:00:00.014917408  3816 0xeaa320 TRACE   GST_REFCOUNTING gstobject.c:265:gst_object_unref: 0xec6580 unref 2->1
0:00:00.019719185  3815 0x1d46370 DEBUG   GST_REGISTRY gstregistrychunks.c:526:gst_registry_chunks_load_pad_template: Reading/casting for GstRegistryChunkPadTemplate at address 0x1d61df0
0:00:00.014926474  3816 0xeaa320 TRACE   GST_REFCOUNTING gstobject.c:265:gst_object_unref: 0xec8270 unref 2->1
0:00:00.019726503  3815 0x1d46370 DEBUG   GST_REGISTRY gstregistrychunks.c:539:gst_registry_chunks_load_pad_template: Added pad_template src
0:00:00.014934003  3816 0xeaa320 TRACE   GST_REFCOUNTING gstobject.c:265:gst_object_unref: 0xec9010 unref 2->1
0:00:00.019737356  3815 0x1d46370 DEBUG   GST_REGISTRY gstregistry.c:590:gst_registry_add_feature: adding feature 0x1d61700 (valve)
0:00:00.014941408  3816 0xeaa320 TRACE   GST_REFCOUNTING gstobject.c:265:gst_object_unref: 0xec9ee0 unref 2->1
0:00:00.019744147  3815 0x1d46370 DEBUG   GST_REFCOUNTING gstobject.c:709:gst_object_set_parent: set parent (ref and sink)
0:00:00.014948687  3816 0xeaa320 TRACE   GST_REFCOUNTING gstobject.c:265:gst_object_unref: 0xecb990 unref 2->1
0:00:00.019752285  3815 0x1d46370 TRACE   GST_REFCOUNTING gstobject.c:294:gst_object_ref_sink: 0x1d61700 ref_sink 1->2
0:00:00.014958500  3816 0xeaa320 TRACE   GST_REFCOUNTING gstobject.c:265:gst_object_unref: 0xecc9d0 unref 2->1
0:00:00.019759383  3815 0x1d46370 LOG   GST_REGISTRY gstregistry.c:608:gst_registry_add_feature: emitting feature-added for valve
0:00:00.014967018  3816 0xeaa320 TRACE   GST_REFCOUNTING gstobject.c:265:gst_object_unref: 0xece520 unref 2->1
0:00:00.019770220  3815 0x1d46370 DEBUG   GST_REGISTRY gstregistrychunks.c:741:gst_registry_chunks_load_feature: Added feature valve, plugin 0x1d60220 coreelements
0:00:00.014974592  3816 0xeaa320 TRACE   GST_REFCOUNTING gstobject.c:265:gst_object_unref: 0xed0b50 unref 2->1
0:00:00.019778616  3815 0x1d46370 DEBUG   GST_REGISTRY gstregistrychunks.c:583:gst_registry_chunks_load_feature: Plugin 'coreelements' feature 'multiqueue' typename : 'GstElementFactory'
0:00:00.014981845  3816 0xeaa320 TRACE   GST_REFCOUNTING gstobject.c:265:gst_object_unref: 0xecaca0 unref 2->1
0:00:00.014989331  3816 0xeaa320 TRACE   GST_REFCOUNTING gstobject.c:265:gst_object_unref: 0xed3750 unref 2->1
0:00:00.019788758  3815 0x1d46370 TRACE   GST_REFCOUNTING gstobject.c:208:gst_object_init: 0x1d617f0 new
0:00:00.014995635  3816 0xeaa320 TRACE   GST_REFCOUNTING gstobject.c:265:gst_object_unref: 0xed4380 unref 2->1
0:00:00.019798224  3815 0x1d46370 LOG   GST_REGISTRY gstregistrychunks.c:610:gst_registry_chunks_load_feature: Reading/casting for GstRegistryChunkElementFactory at address 0x1d61e20
0:00:00.015007644  3816 0xeaa320 TRACE   GST_REFCOUNTING gstobject.c:265:gst_object_unref: 0xed5030 unref 2->1
0:00:00.019808609  3815 0x1d46370 TRACE   structure gststructure.c:287:gst_structure_new_id_empty_with_size: created structure 0x1d639a0
0:00:00.015015412  3816 0xeaa320 TRACE   GST_REFCOUNTING gstobject.c:265:gst_object_unref: 0xed6660 unref 2->1
0:00:00.019815754  3815 0x1d46370 DEBUG   structure gststructure.c:2203:gst_structure_parse_field: trying field name 'long-name'
0:00:00.019823889  3815 0x1d46370 DEBUG   default gstvalue.c:2676:_priv_gst_value_parse_value: trying type name 'string'
0:00:00.015025516  3816 0xeaa320 TRACE   GST_REFCOUNTING gstobject.c:265:gst_object_unref: 0xed7880 unref 2->1
0:00:00.019830135  3815 0x1d46370 DEBUG   structure gststructure.c:2203:gst_structure_parse_field: trying field name 'klass'
0:00:00.015033919  3816 0xeaa320 TRACE   GST_REFCOUNTING gstobject.c:265:gst_object_unref: 0xed8990 unref 2->1
0:00:00.019838162  3815 0x1d46370 DEBUG   default gstvalue.c:2676:_priv_gst_value_parse_value: trying type name 'string'
0:00:00.015041254  3816 0xeaa320 TRACE   GST_REFCOUNTING gstobject.c:265:gst_object_unref: 0xeda4a0 unref 2->1
0:00:00.019846520  3815 0x1d46370 DEBUG   structure gststructure.c:2203:gst_structure_parse_field: trying field name 'description'
0:00:00.015049440  3816 0xeaa320 TRACE   GST_REFCOUNTING gstobject.c:265:gst_object_unref: 0xedbdf0 unref 2->1
0:00:00.019863876  3815 0x1d46370 DEBUG   default gstvalue.c:2676:_priv_gst_value_parse_value: trying type name 'string'
0:00:00.015073801  3816 0xeaa320 TRACE   GST_REFCOUNTING gstobject.c:265:gst_object_unref: 0xedcef0 unref 2->1
0:00:00.019879496  3815 0x1d46370 DEBUG   structure gststructure.c:2203:gst_structure_parse_field: trying field name 'author'
0:00:00.019885271  3815 0x1d46370 DEBUG   default gstvalue.c:2676:_priv_gst_value_parse_value: trying type name 'string'
0:00:00.015085427  3816 0xeaa320 TRACE   GST_REFCOUNTING gstobject.c:265:gst_object_unref: 0xede050 unref 2->1
0:00:00.019891876  3815 0x1d46370 DEBUG   GST_REGISTRY gstregistrychunks.c:626:gst_registry_chunks_load_feature: Element factory : npadtemplates=2
0:00:00.015097472  3816 0xeaa320 TRACE   GST_REFCOUNTING gstobject.c:265:gst_object_unref: 0xedeea0 unref 2->1
0:00:00.019900257  3815 0x1d46370 DEBUG   GST_REGISTRY gstregistrychunks.c:526:gst_registry_chunks_load_pad_template: Reading/casting for GstRegistryChunkPadTemplate at address 0x1d61ee0
0:00:00.019907684  3815 0x1d46370 DEBUG   GST_REGISTRY gstregistrychunks.c:539:gst_registry_chunks_load_pad_template: Added pad_template src_%u
0:00:00.015108453  3816 0xeaa320 TRACE   GST_REFCOUNTING gstobject.c:265:gst_object_unref: 0xee0610 unref 2->1
0:00:00.019913461  3815 0x1d46370 DEBUG   GST_REGISTRY gstregistrychunks.c:526:gst_registry_chunks_load_pad_template: Reading/casting for GstRegistryChunkPadTemplate at address 0x1d61ef8
0:00:00.015122755  3816 0xeaa320 TRACE   GST_REFCOUNTING gstobject.c:265:gst_object_unref: 0xee12d0 unref 2->1
0:00:00.019923032  3815 0x1d46370 DEBUG   GST_REGISTRY gstregistrychunks.c:539:gst_registry_chunks_load_pad_template: Added pad_template sink_%u
0:00:00.015132856  3816 0xeaa320 DEBUG   GST_REGISTRY gstregistrychunks.c:498:_priv_gst_registry_chunks_save_plugin: Found 22 features in plugin 0xec6130 (coreelements)
0:00:00.019933540  3815 0x1d46370 DEBUG   GST_REGISTRY gstregistry.c:590:gst_registry_add_feature: adding feature 0x1d617f0 (multiqueue)
0:00:00.019940503  3815 0x1d46370 DEBUG   GST_REFCOUNTING gstobject.c:709:gst_object_set_parent: set parent (ref and sink)
0:00:00.015140386  3816 0xeaa320 DEBUG   GST_POLL gstpoll.c:980:gst_poll_fd_ctl_write: 0xeb2810: fd (fd:0, idx:1), active : 1
0:00:00.019947942  3815 0x1d46370 TRACE   GST_REFCOUNTING gstobject.c:294:gst_object_ref_sink: 0x1d617f0 ref_sink 1->2
0:00:00.015152400  3816 0xeaa320 LOG   GST_POLL gstpoll.c:994:gst_poll_fd_ctl_write: 0xeb2810: pfd->events now 60 (POLLOUT:4)
0:00:00.019955385  3815 0x1d46370 LOG   GST_REGISTRY gstregistry.c:608:gst_registry_add_feature: emitting feature-added for multiqueue
0:00:00.015159683  3816 0xeaa320 DEBUG   GST_POLL gstpoll.c:980:gst_poll_fd_ctl_write: 0xeb2810: fd (fd:0, idx:1), active : 1
0:00:00.015166677  3816 0xeaa320 LOG   GST_POLL gstpoll.c:994:gst_poll_fd_ctl_write: 0xeb2810: pfd->events now 60 (POLLOUT:4)
0:00:00.019965386  3815 0x1d46370 DEBUG   GST_REGISTRY gstregistrychunks.c:741:gst_registry_chunks_load_feature: Added feature multiqueue, plugin 0x1d60220 coreelements
0:00:00.015175797  3816 0xeaa320 DEBUG   GST_POLL gstpoll.c:980:gst_poll_fd_ctl_write: 0xeb2810: fd (fd:0, idx:1), active : 1
0:00:00.019976085  3815 0x1d46370 DEBUG   GST_REGISTRY gstregistrychunks.c:583:gst_registry_chunks_load_feature: Plugin 'coreelements' feature 'typefind' typename : 'GstElementFactory'
0:00:00.015183427  3816 0xeaa320 LOG   GST_POLL gstpoll.c:994:gst_poll_fd_ctl_write: 0xeb2810: pfd->events now 60 (POLLOUT:4)
0:00:00.019986807  3815 0x1d46370 TRACE   GST_REFCOUNTING gstobject.c:208:gst_object_init: 0x1d63b20 new
0:00:00.015190323  3816 0xeaa320 DEBUG   GST_POLL gstpoll.c:980:gst_poll_fd_ctl_write: 0xeb2810: fd (fd:0, idx:1), active : 1
0:00:00.015197592  3816 0xeaa320 LOG   GST_POLL gstpoll.c:994:gst_poll_fd_ctl_write: 0xeb2810: pfd->events now 60 (POLLOUT:4)
0:00:00.019996263  3815 0x1d46370 LOG   GST_REGISTRY gstregistrychunks.c:610:gst_registry_chunks_load_feature: Reading/casting for GstRegistryChunkElementFactory at address 0x1d61f28
0:00:00.015203574  3816 0xeaa320 DEBUG   GST_POLL gstpoll.c:980:gst_poll_fd_ctl_write: 0xeb2810: fd (fd:0, idx:1), active : 1
0:00:00.020004980  3815 0x1d46370 TRACE   structure gststructure.c:287:gst_structure_new_id_empty_with_size: created structure 0x1d63ce0
0:00:00.015217436  3816 0xeaa320 LOG   GST_POLL gstpoll.c:994:gst_poll_fd_ctl_write: 0xeb2810: pfd->events now 60 (POLLOUT:4)
0:00:00.020018407  3815 0x1d46370 DEBUG   structure gststructure.c:2203:gst_structure_parse_field: trying field name 'long-name'
0:00:00.015224210  3816 0xeaa320 DEBUG   GST_POLL gstpoll.c:980:gst_poll_fd_ctl_write: 0xeb2810: fd (fd:0, idx:1), active : 1
0:00:00.020024717  3815 0x1d46370 DEBUG   default gstvalue.c:2676:_priv_gst_value_parse_value: trying type name 'string'
0:00:00.015230822  3816 0xeaa320 LOG   GST_POLL gstpoll.c:994:gst_poll_fd_ctl_write: 0xeb2810: pfd->events now 60 (POLLOUT:4)
0:00:00.020032495  3815 0x1d46370 DEBUG   structure gststructure.c:2203:gst_structure_parse_field: trying field name 'klass'
0:00:00.015239858  3816 0xeaa320 DEBUG   GST_POLL gstpoll.c:980:gst_poll_fd_ctl_write: 0xeb2810: fd (fd:0, idx:1), active : 1
0:00:00.020040919  3815 0x1d46370 DEBUG   default gstvalue.c:2676:_priv_gst_value_parse_value: trying type name 'string'
0:00:00.015247096  3816 0xeaa320 LOG   GST_POLL gstpoll.c:994:gst_poll_fd_ctl_write: 0xeb2810: pfd->events now 60 (POLLOUT:4)
0:00:00.020049356  3815 0x1d46370 DEBUG   structure gststructure.c:2203:gst_structure_parse_field: trying field name 'description'
0:00:00.015254102  3816 0xeaa320 DEBUG   GST_POLL gstpoll.c:980:gst_poll_fd_ctl_write: 0xeb2810: fd (fd:0, idx:1), active : 1
0:00:00.020055706  3815 0x1d46370 DEBUG   default gstvalue.c:2676:_priv_gst_value_parse_value: trying type name 'string'
0:00:00.015260616  3816 0xeaa320 LOG   GST_POLL gstpoll.c:994:gst_poll_fd_ctl_write: 0xeb2810: pfd->events now 60 (POLLOUT:4)
0:00:00.020063473  3815 0x1d46370 DEBUG   structure gststructure.c:2203:gst_structure_parse_field: trying field name 'author'
0:00:00.015267232  3816 0xeaa320 DEBUG   GST_POLL gstpoll.c:980:gst_poll_fd_ctl_write: 0xeb2810: fd (fd:0, idx:1), active : 1
0:00:00.020069286  3815 0x1d46370 DEBUG   default gstvalue.c:2676:_priv_gst_value_parse_value: trying type name 'string'
0:00:00.015273742  3816 0xeaa320 LOG   GST_POLL gstpoll.c:994:gst_poll_fd_ctl_write: 0xeb2810: pfd->events now 60 (POLLOUT:4)
0:00:00.020077327  3815 0x1d46370 DEBUG   GST_REGISTRY gstregistrychunks.c:626:gst_registry_chunks_load_feature: Element factory : npadtemplates=2
0:00:00.015280563  3816 0xeaa320 DEBUG   GST_POLL gstpoll.c:980:gst_poll_fd_ctl_write: 0xeb2810: fd (fd:0, idx:1), active : 1
0:00:00.020083727  3815 0x1d46370 DEBUG   GST_REGISTRY gstregistrychunks.c:526:gst_registry_chunks_load_pad_template: Reading/casting for GstRegistryChunkPadTemplate at address 0x1d62000
0:00:00.015287116  3816 0xeaa320 LOG   GST_POLL gstpoll.c:994:gst_poll_fd_ctl_write: 0xeb2810: pfd->events now 60 (POLLOUT:4)
0:00:00.020090356  3815 0x1d46370 DEBUG   GST_REGISTRY gstregistrychunks.c:539:gst_registry_chunks_load_pad_template: Added pad_template sink
0:00:00.015296132  3816 0xeaa320 DEBUG   GST_POLL gstpoll.c:980:gst_poll_fd_ctl_write: 0xeb2810: fd (fd:0, idx:1), active : 1
0:00:00.020103793  3815 0x1d46370 DEBUG   GST_REGISTRY gstregistrychunks.c:526:gst_registry_chunks_load_pad_template: Reading/casting for GstRegistryChunkPadTemplate at address 0x1d62018
0:00:00.015306636  3816 0xeaa320 LOG   GST_POLL gstpoll.c:994:gst_poll_fd_ctl_write: 0xeb2810: pfd->events now 60 (POLLOUT:4)
0:00:00.020111822  3815 0x1d46370 DEBUG   GST_REGISTRY gstregistrychunks.c:539:gst_registry_chunks_load_pad_template: Added pad_template src
0:00:00.015315212  3816 0xeaa320 DEBUG   GST_POLL gstpoll.c:980:gst_poll_fd_ctl_write: 0xeb2810: fd (fd:0, idx:1), active : 1
0:00:00.015321869  3816 0xeaa320 LOG   GST_POLL gstpoll.c:994:gst_poll_fd_ctl_write: 0xeb2810: pfd->events now 60 (POLLOUT:4)
0:00:00.020121177  3815 0x1d46370 DEBUG   GST_REGISTRY gstregistry.c:590:gst_registry_add_feature: adding feature 0x1d63b20 (typefind)
0:00:00.015327764  3816 0xeaa320 DEBUG   GST_POLL gstpoll.c:980:gst_poll_fd_ctl_write: 0xeb2810: fd (fd:0, idx:1), active : 1
0:00:00.020128517  3815 0x1d46370 DEBUG   GST_REFCOUNTING gstobject.c:709:gst_object_set_parent: set parent (ref and sink)
0:00:00.015334191  3816 0xeaa320 LOG   GST_POLL gstpoll.c:994:gst_poll_fd_ctl_write: 0xeb2810: pfd->events now 60 (POLLOUT:4)
0:00:00.020136420  3815 0x1d46370 TRACE   GST_REFCOUNTING gstobject.c:294:gst_object_ref_sink: 0x1d63b20 ref_sink 1->2
0:00:00.015340553  3816 0xeaa320 DEBUG   GST_POLL gstpoll.c:980:gst_poll_fd_ctl_write: 0xeb2810: fd (fd:0, idx:1), active : 1
0:00:00.020143713  3815 0x1d46370 LOG   GST_REGISTRY gstregistry.c:608:gst_registry_add_feature: emitting feature-added for typefind
0:00:00.015347050  3816 0xeaa320 LOG   GST_POLL gstpoll.c:994:gst_poll_fd_ctl_write: 0xeb2810: pfd->events now 60 (POLLOUT:4)
0:00:00.020151027  3815 0x1d46370 DEBUG   GST_REGISTRY gstregistrychunks.c:741:gst_registry_chunks_load_feature: Added feature typefind, plugin 0x1d60220 coreelements
0:00:00.015356203  3816 0xeaa320 DEBUG   GST_POLL gstpoll.c:980:gst_poll_fd_ctl_write: 0xeb2810: fd (fd:0, idx:1), active : 1
0:00:00.020158283  3815 0x1d46370 DEBUG   GST_REGISTRY gstregistrychunks.c:583:gst_registry_chunks_load_feature: Plugin 'coreelements' feature 'tee' typename : 'GstElementFactory'
0:00:00.015363368  3816 0xeaa320 LOG   GST_POLL gstpoll.c:994:gst_poll_fd_ctl_write: 0xeb2810: pfd->events now 60 (POLLOUT:4)
0:00:00.015370171  3816 0xeaa320 DEBUG   GST_POLL gstpoll.c:980:gst_poll_fd_ctl_write: 0xeb2810: fd (fd:0, idx:1), active : 1
0:00:00.020169860  3815 0x1d46370 TRACE   GST_REFCOUNTING gstobject.c:208:gst_object_init: 0x1d63e60 new
0:00:00.015375780  3816 0xeaa320 LOG   GST_POLL gstpoll.c:994:gst_poll_fd_ctl_write: 0xeb2810: pfd->events now 60 (POLLOUT:4)
0:00:00.020180028  3815 0x1d46370 LOG   GST_REGISTRY gstregistrychunks.c:610:gst_registry_chunks_load_feature: Reading/casting for GstRegistryChunkElementFactory at address 0x1d62040
0:00:00.015382747  3816 0xeaa320 DEBUG   GST_POLL gstpoll.c:980:gst_poll_fd_ctl_write: 0xeb2810: fd (fd:0, idx:1), active : 1
0:00:00.015396804  3816 0xeaa320 LOG   GST_POLL gstpoll.c:994:gst_poll_fd_ctl_write: 0xeb2810: pfd->events now 60 (POLLOUT:4)
0:00:00.020197946  3815 0x1d46370 TRACE   structure gststructure.c:287:gst_structure_new_id_empty_with_size: created structure 0x1d64030
0:00:00.015402823  3816 0xeaa320 DEBUG   GST_POLL gstpoll.c:980:gst_poll_fd_ctl_write: 0xeb2810: fd (fd:0, idx:1), active : 1
0:00:00.020204645  3815 0x1d46370 DEBUG   structure gststructure.c:2203:gst_structure_parse_field: trying field name 'long-name'
0:00:00.015408996  3816 0xeaa320 LOG   GST_POLL gstpoll.c:994:gst_poll_fd_ctl_write: 0xeb2810: pfd->events now 60 (POLLOUT:4)
0:00:00.020210873  3815 0x1d46370 DEBUG   default gstvalue.c:2676:_priv_gst_value_parse_value: trying type name 'string'
0:00:00.015418022  3816 0xeaa320 DEBUG   GST_POLL gstpoll.c:980:gst_poll_fd_ctl_write: 0xeb2810: fd (fd:0, idx:1), active : 1
0:00:00.020218352  3815 0x1d46370 DEBUG   structure gststructure.c:2203:gst_structure_parse_field: trying field name 'klass'
