0:00:00.015425467  3816 0xeaa320 LOG   GST_POLL gstpoll.c:994:gst_poll_fd_ctl_write: 0xeb2810: pfd->events now 60 (POLLOUT:4)
0:00:00.020225760  3815 0x1d46370 DEBUG   default gstvalue.c:2676:_priv_gst_value_parse_value: trying type name 'string'
0:00:00.015432526  3816 0xeaa320 DEBUG   GST_POLL gstpoll.c:980:gst_poll_fd_ctl_write: 0xeb2810: fd (fd:0, idx:1), active : 1
0:00:00.020236004  3815 0x1d46370 DEBUG   structure gststructure.c:2203:gst_structure_parse_field: trying field name 'description'
0:00:00.015439064  3816 0xeaa320 LOG   GST_POLL gstpoll.c:994:gst_poll_fd_ctl_write: 0xeb2810: pfd->events now 60 (POLLOUT:4)
0:00:00.020243440  3815 0x1d46370 DEBUG   default gstvalue.c:2676:_priv_gst_value_parse_value: trying type name 'string'
0:00:00.015447083  3816 0xeaa320 DEBUG   GST_POLL gstpoll.c:980:gst_poll_fd_ctl_write: 0xeb2810: fd (fd:0, idx:1), active : 1
0:00:00.020250916  3815 0x1d46370 DEBUG   structure gststructure.c:2203:gst_structure_parse_field: trying field name 'author'
0:00:00.015453489  3816 0xeaa320 LOG   GST_POLL gstpoll.c:994:gst_poll_fd_ctl_write: 0xeb2810: pfd->events now 60 (POLLOUT:4)
0:00:00.020257271  3815 0x1d46370 DEBUG   default gstvalue.c:2676:_priv_gst_value_parse_value: trying type name 'string'
0:00:00.015461541  3816 0xeaa320 DEBUG   GST_POLL gstpoll.c:980:gst_poll_fd_ctl_write: 0xeb2810: fd (fd:0, idx:1), active : 1
0:00:00.020265425  3815 0x1d46370 DEBUG   GST_REGISTRY gstregistrychunks.c:626:gst_registry_chunks_load_feature: Element factory : npadtemplates=2
0:00:00.015467862  3816 0xeaa320 LOG   GST_POLL gstpoll.c:994:gst_poll_fd_ctl_write: 0xeb2810: pfd->events now 60 (POLLOUT:4)
0:00:00.020271624  3815 0x1d46370 DEBUG   GST_REGISTRY gstregistrychunks.c:526:gst_registry_chunks_load_pad_template: Reading/casting for GstRegistryChunkPadTemplate at address 0x1d62130
0:00:00.015477793  3816 0xeaa320 DEBUG   GST_POLL gstpoll.c:980:gst_poll_fd_ctl_write: 0xeb2810: fd (fd:0, idx:1), active : 1
0:00:00.020282705  3815 0x1d46370 DEBUG   GST_REGISTRY gstregistrychunks.c:539:gst_registry_chunks_load_pad_template: Added pad_template src_%u
0:00:00.015486413  3816 0xeaa320 LOG   GST_POLL gstpoll.c:994:gst_poll_fd_ctl_write: 0xeb2810: pfd->events now 60 (POLLOUT:4)
0:00:00.020289084  3815 0x1d46370 DEBUG   GST_REGISTRY gstregistrychunks.c:526:gst_registry_chunks_load_pad_template: Reading/casting for GstRegistryChunkPadTemplate at address 0x1d62148
0:00:00.015493418  3816 0xeaa320 DEBUG   GST_POLL gstpoll.c:980:gst_poll_fd_ctl_write: 0xeb2810: fd (fd:0, idx:1), active : 1
0:00:00.020297622  3815 0x1d46370 DEBUG   GST_REGISTRY gstregistrychunks.c:539:gst_registry_chunks_load_pad_template: Added pad_template sink
0:00:00.015500147  3816 0xeaa320 LOG   GST_POLL gstpoll.c:994:gst_poll_fd_ctl_write: 0xeb2810: pfd->events now 60 (POLLOUT:4)
0:00:00.015508737  3816 0xeaa320 DEBUG   GST_POLL gstpoll.c:980:gst_poll_fd_ctl_write: 0xeb2810: fd (fd:0, idx:1), active : 1
0:00:00.020307403  3815 0x1d46370 DEBUG   GST_REGISTRY gstregistry.c:590:gst_registry_add_feature: adding feature 0x1d63e60 (tee)
0:00:00.015514423  3816 0xeaa320 LOG   GST_POLL gstpoll.c:994:gst_poll_fd_ctl_write: 0xeb2810: pfd->events now 60 (POLLOUT:4)
0:00:00.020315942  3815 0x1d46370 DEBUG   GST_REFCOUNTING gstobject.c:709:gst_object_set_parent: set parent (ref and sink)
0:00:00.015521333  3816 0xeaa320 DEBUG   GST_POLL gstpoll.c:980:gst_poll_fd_ctl_write: 0xeb2810: fd (fd:0, idx:1), active : 1
0:00:00.020324587  3815 0x1d46370 TRACE   GST_REFCOUNTING gstobject.c:294:gst_object_ref_sink: 0x1d63e60 ref_sink 1->2
0:00:00.015527439  3816 0xeaa320 LOG   GST_POLL gstpoll.c:994:gst_poll_fd_ctl_write: 0xeb2810: pfd->events now 60 (POLLOUT:4)
0:00:00.020332464  3815 0x1d46370 LOG   GST_REGISTRY gstregistry.c:608:gst_registry_add_feature: emitting feature-added for tee
0:00:00.015538173  3816 0xeaa320 DEBUG   GST_POLL gstpoll.c:980:gst_poll_fd_ctl_write: 0xeb2810: fd (fd:0, idx:1), active : 1
0:00:00.020340037  3815 0x1d46370 DEBUG   GST_REGISTRY gstregistrychunks.c:741:gst_registry_chunks_load_feature: Added feature tee, plugin 0x1d60220 coreelements
0:00:00.015545850  3816 0xeaa320 LOG   GST_POLL gstpoll.c:994:gst_poll_fd_ctl_write: 0xeb2810: pfd->events now 60 (POLLOUT:4)
0:00:00.020347164  3815 0x1d46370 DEBUG   GST_REGISTRY gstregistrychunks.c:583:gst_registry_chunks_load_feature: Plugin 'coreelements' feature 'filesink' typename : 'GstElementFactory'
0:00:00.015553093  3816 0xeaa320 DEBUG   GST_POLL gstpoll.c:980:gst_poll_fd_ctl_write: 0xeb2810: fd (fd:0, idx:1), active : 1
0:00:00.020356082  3815 0x1d46370 TRACE   GST_REFCOUNTING gstobject.c:208:gst_object_init: 0x1d641b0 new
0:00:00.015559532  3816 0xeaa320 LOG   GST_POLL gstpoll.c:994:gst_poll_fd_ctl_write: 0xeb2810: pfd->events now 60 (POLLOUT:4)
0:00:00.020367170  3815 0x1d46370 LOG   GST_REGISTRY gstregistrychunks.c:610:gst_registry_chunks_load_feature: Reading/casting for GstRegistryChunkElementFactory at address 0x1d62178
0:00:00.015572119  3816 0xeaa320 DEBUG   GST_POLL gstpoll.c:980:gst_poll_fd_ctl_write: 0xeb2810: fd (fd:0, idx:1), active : 1
0:00:00.020375387  3815 0x1d46370 TRACE   structure gststructure.c:287:gst_structure_new_id_empty_with_size: created structure 0x1d64550
0:00:00.015578440  3816 0xeaa320 LOG   GST_POLL gstpoll.c:994:gst_poll_fd_ctl_write: 0xeb2810: pfd->events now 60 (POLLOUT:4)
0:00:00.020381857  3815 0x1d46370 DEBUG   structure gststructure.c:2203:gst_structure_parse_field: trying field name 'long-name'
0:00:00.015585659  3816 0xeaa320 DEBUG   GST_POLL gstpoll.c:980:gst_poll_fd_ctl_write: 0xeb2810: fd (fd:0, idx:1), active : 1
0:00:00.020387888  3815 0x1d46370 DEBUG   default gstvalue.c:2676:_priv_gst_value_parse_value: trying type name 'string'
0:00:00.015591970  3816 0xeaa320 LOG   GST_POLL gstpoll.c:994:gst_poll_fd_ctl_write: 0xeb2810: pfd->events now 60 (POLLOUT:4)
0:00:00.020394980  3815 0x1d46370 DEBUG   structure gststructure.c:2203:gst_structure_parse_field: trying field name 'klass'
0:00:00.015601485  3816 0xeaa320 DEBUG   GST_POLL gstpoll.c:980:gst_poll_fd_ctl_write: 0xeb2810: fd (fd:0, idx:1), active : 1
0:00:00.020400776  3815 0x1d46370 DEBUG   default gstvalue.c:2676:_priv_gst_value_parse_value: trying type name 'string'
0:00:00.015608832  3816 0xeaa320 LOG   GST_POLL gstpoll.c:994:gst_poll_fd_ctl_write: 0xeb2810: pfd->events now 60 (POLLOUT:4)
0:00:00.020409992  3815 0x1d46370 DEBUG   structure gststructure.c:2203:gst_structure_parse_field: trying field name 'description'
0:00:00.015616008  3816 0xeaa320 DEBUG   GST_POLL gstpoll.c:980:gst_poll_fd_ctl_write: 0xeb2810: fd (fd:0, idx:1), active : 1
0:00:00.020415750  3815 0x1d46370 DEBUG   default gstvalue.c:2676:_priv_gst_value_parse_value: trying type name 'string'
0:00:00.015622468  3816 0xeaa320 LOG   GST_POLL gstpoll.c:994:gst_poll_fd_ctl_write: 0xeb2810: pfd->events now 60 (POLLOUT:4)
0:00:00.020426620  3815 0x1d46370 DEBUG   structure gststructure.c:2203:gst_structure_parse_field: trying field name 'author'
0:00:00.015629267  3816 0xeaa320 DEBUG   GST_POLL gstpoll.c:980:gst_poll_fd_ctl_write: 0xeb2810: fd (fd:0, idx:1), active : 1
0:00:00.020433964  3815 0x1d46370 DEBUG   default gstvalue.c:2676:_priv_gst_value_parse_value: trying type name 'string'
0:00:00.015637365  3816 0xeaa320 LOG   GST_POLL gstpoll.c:994:gst_poll_fd_ctl_write: 0xeb2810: pfd->events now 60 (POLLOUT:4)
0:00:00.020441704  3815 0x1d46370 DEBUG   GST_REGISTRY gstregistrychunks.c:626:gst_registry_chunks_load_feature: Element factory : npadtemplates=1
0:00:00.015644076  3816 0xeaa320 DEBUG   GST_POLL gstpoll.c:980:gst_poll_fd_ctl_write: 0xeb2810: fd (fd:0, idx:1), active : 1
0:00:00.020448252  3815 0x1d46370 DEBUG   GST_REGISTRY gstregistrychunks.c:526:gst_registry_chunks_load_pad_template: Reading/casting for GstRegistryChunkPadTemplate at address 0x1d62258
0:00:00.015651879  3816 0xeaa320 LOG   GST_POLL gstpoll.c:994:gst_poll_fd_ctl_write: 0xeb2810: pfd->events now 60 (POLLOUT:4)
0:00:00.020458856  3815 0x1d46370 DEBUG   GST_REGISTRY gstregistrychunks.c:539:gst_registry_chunks_load_pad_template: Added pad_template sink
0:00:00.015665043  3816 0xeaa320 DEBUG   GST_POLL gstpoll.c:980:gst_poll_fd_ctl_write: 0xeb2810: fd (fd:0, idx:1), active : 1
0:00:00.020466199  3815 0x1d46370 DEBUG   GST_REGISTRY gstregistrychunks.c:639:gst_registry_chunks_load_feature: Reading 1 UriTypes at address 0x1d62269
0:00:00.015672696  3816 0xeaa320 LOG   GST_POLL gstpoll.c:994:gst_poll_fd_ctl_write: 0xeb2810: pfd->events now 60 (POLLOUT:4)
0:00:00.020474372  3815 0x1d46370 DEBUG   GST_REGISTRY gstregistrychunks.c:654:gst_registry_chunks_load_feature: Reading 1 Interfaces at address 0x1d62279
0:00:00.015680133  3816 0xeaa320 DEBUG   GST_POLL gstpoll.c:980:gst_poll_fd_ctl_write: 0xeb2810: fd (fd:0, idx:1), active : 1
0:00:00.020483759  3815 0x1d46370 DEBUG   GST_REGISTRY gstregistry.c:590:gst_registry_add_feature: adding feature 0x1d641b0 (filesink)
0:00:00.015686743  3816 0xeaa320 LOG   GST_POLL gstpoll.c:994:gst_poll_fd_ctl_write: 0xeb2810: pfd->events now 60 (POLLOUT:4)
0:00:00.020492544  3815 0x1d46370 DEBUG   GST_REFCOUNTING gstobject.c:709:gst_object_set_parent: set parent (ref and sink)
0:00:00.015695590  3816 0xeaa320 DEBUG   GST_POLL gstpoll.c:980:gst_poll_fd_ctl_write: 0xeb2810: fd (fd:0, idx:1), active : 1
0:00:00.015703964  3816 0xeaa320 LOG   GST_POLL gstpoll.c:994:gst_poll_fd_ctl_write: 0xeb2810: pfd->events now 60 (POLLOUT:4)
0:00:00.020502312  3815 0x1d46370 TRACE   GST_REFCOUNTING gstobject.c:294:gst_object_ref_sink: 0x1d641b0 ref_sink 1->2
0:00:00.015710271  3816 0xeaa320 DEBUG   GST_POLL gstpoll.c:980:gst_poll_fd_ctl_write: 0xeb2810: fd (fd:0, idx:1), active : 1
0:00:00.020510935  3815 0x1d46370 LOG   GST_REGISTRY gstregistry.c:608:gst_registry_add_feature: emitting feature-added for filesink
0:00:00.015717040  3816 0xeaa320 LOG   GST_POLL gstpoll.c:994:gst_poll_fd_ctl_write: 0xeb2810: pfd->events now 60 (POLLOUT:4)
0:00:00.020518400  3815 0x1d46370 DEBUG   GST_REGISTRY gstregistrychunks.c:741:gst_registry_chunks_load_feature: Added feature filesink, plugin 0x1d60220 coreelements
0:00:00.015726543  3816 0xeaa320 DEBUG   GST_POLL gstpoll.c:980:gst_poll_fd_ctl_write: 0xeb2810: fd (fd:0, idx:1), active : 1
0:00:00.020525851  3815 0x1d46370 DEBUG   GST_REGISTRY gstregistrychunks.c:583:gst_registry_chunks_load_feature: Plugin 'coreelements' feature 'queue2' typename : 'GstElementFactory'
0:00:00.015734220  3816 0xeaa320 LOG   GST_POLL gstpoll.c:994:gst_poll_fd_ctl_write: 0xeb2810: pfd->events now 60 (POLLOUT:4)
0:00:00.020537185  3815 0x1d46370 TRACE   GST_REFCOUNTING gstobject.c:208:gst_object_init: 0x1d64680 new
0:00:00.015741337  3816 0xeaa320 DEBUG   GST_POLL gstpoll.c:980:gst_poll_fd_ctl_write: 0xeb2810: fd (fd:0, idx:1), active : 1
0:00:00.020546320  3815 0x1d46370 LOG   GST_REGISTRY gstregistrychunks.c:610:gst_registry_chunks_load_feature: Reading/casting for GstRegistryChunkElementFactory at address 0x1d622a0
0:00:00.015752363  3816 0xeaa320 LOG   GST_POLL gstpoll.c:994:gst_poll_fd_ctl_write: 0xeb2810: pfd->events now 60 (POLLOUT:4)
0:00:00.020554179  3815 0x1d46370 TRACE   structure gststructure.c:287:gst_structure_new_id_empty_with_size: created structure 0x1d64850
0:00:00.015759400  3816 0xeaa320 DEBUG   GST_POLL gstpoll.c:980:gst_poll_fd_ctl_write: 0xeb2810: fd (fd:0, idx:1), active : 1
0:00:00.020562700  3815 0x1d46370 DEBUG   structure gststructure.c:2203:gst_structure_parse_field: trying field name 'long-name'
0:00:00.015765656  3816 0xeaa320 LOG   GST_POLL gstpoll.c:994:gst_poll_fd_ctl_write: 0xeb2810: pfd->events now 60 (POLLOUT:4)
0:00:00.020570077  3815 0x1d46370 DEBUG   default gstvalue.c:2676:_priv_gst_value_parse_value: trying type name 'string'
0:00:00.015773687  3816 0xeaa320 DEBUG   GST_POLL gstpoll.c:980:gst_poll_fd_ctl_write: 0xeb2810: fd (fd:0, idx:1), active : 1
0:00:00.020577427  3815 0x1d46370 DEBUG   structure gststructure.c:2203:gst_structure_parse_field: trying field name 'klass'
0:00:00.015779904  3816 0xeaa320 LOG   GST_POLL gstpoll.c:994:gst_poll_fd_ctl_write: 0xeb2810: pfd->events now 60 (POLLOUT:4)
0:00:00.020583248  3815 0x1d46370 DEBUG   default gstvalue.c:2676:_priv_gst_value_parse_value: trying type name 'string'
0:00:00.015789908  3816 0xeaa320 DEBUG   GST_POLL gstpoll.c:980:gst_poll_fd_ctl_write: 0xeb2810: fd (fd:0, idx:1), active : 1
0:00:00.020590063  3815 0x1d46370 DEBUG   structure gststructure.c:2203:gst_structure_parse_field: trying field name 'description'
0:00:00.015797436  3816 0xeaa320 LOG   GST_POLL gstpoll.c:994:gst_poll_fd_ctl_write: 0xeb2810: pfd->events now 60 (POLLOUT:4)
0:00:00.020597415  3815 0x1d46370 DEBUG   default gstvalue.c:2676:_priv_gst_value_parse_value: trying type name 'string'
0:00:00.015804603  3816 0xeaa320 DEBUG   GST_POLL gstpoll.c:980:gst_poll_fd_ctl_write: 0xeb2810: fd (fd:0, idx:1), active : 1
0:00:00.020605253  3815 0x1d46370 DEBUG   structure gststructure.c:2203:gst_structure_parse_field: trying field name 'author'
0:00:00.015811252  3816 0xeaa320 LOG   GST_POLL gstpoll.c:994:gst_poll_fd_ctl_write: 0xeb2810: pfd->events now 60 (POLLOUT:4)
0:00:00.020611671  3815 0x1d46370 DEBUG   default gstvalue.c:2676:_priv_gst_value_parse_value: trying type name 'string'
0:00:00.015818017  3816 0xeaa320 DEBUG   GST_POLL gstpoll.c:980:gst_poll_fd_ctl_write: 0xeb2810: fd (fd:0, idx:1), active : 1
0:00:00.015824400  3816 0xeaa320 LOG   GST_POLL gstpoll.c:994:gst_poll_fd_ctl_write: 0xeb2810: pfd->events now 60 (POLLOUT:4)
0:00:00.020622717  3815 0x1d46370 DEBUG   GST_REGISTRY gstregistrychunks.c:626:gst_registry_chunks_load_feature: Element factory : npadtemplates=2
0:00:00.015830614  3816 0xeaa320 DEBUG   GST_POLL gstpoll.c:980:gst_poll_fd_ctl_write: 0xeb2810: fd (fd:0, idx:1), active : 1
0:00:00.020631115  3815 0x1d46370 DEBUG   GST_REGISTRY gstregistrychunks.c:526:gst_registry_chunks_load_pad_template: Reading/casting for GstRegistryChunkPadTemplate at address 0x1d62390
0:00:00.015842000  3816 0xeaa320 LOG   GST_POLL gstpoll.c:994:gst_poll_fd_ctl_write: 0xeb2810: pfd->events now 60 (POLLOUT:4)
0:00:00.020642990  3815 0x1d46370 DEBUG   GST_REGISTRY gstregistrychunks.c:539:gst_registry_chunks_load_pad_template: Added pad_template sink
0:00:00.020650024  3815 0x1d46370 DEBUG   GST_REGISTRY gstregistrychunks.c:526:gst_registry_chunks_load_pad_template: Reading/casting for GstRegistryChunkPadTemplate at address 0x1d623a8
0:00:00.015851524  3816 0xeaa320 DEBUG   GST_POLL gstpoll.c:980:gst_poll_fd_ctl_write: 0xeb2810: fd (fd:0, idx:1), active : 1
0:00:00.020655820  3815 0x1d46370 DEBUG   GST_REGISTRY gstregistrychunks.c:539:gst_registry_chunks_load_pad_template: Added pad_template src
0:00:00.015859856  3816 0xeaa320 LOG   GST_POLL gstpoll.c:994:gst_poll_fd_ctl_write: 0xeb2810: pfd->events now 60 (POLLOUT:4)
0:00:00.020664339  3815 0x1d46370 DEBUG   GST_REGISTRY gstregistry.c:590:gst_registry_add_feature: adding feature 0x1d64680 (queue2)
0:00:00.015867068  3816 0xeaa320 DEBUG   GST_POLL gstpoll.c:980:gst_poll_fd_ctl_write: 0xeb2810: fd (fd:0, idx:1), active : 1
0:00:00.020671001  3815 0x1d46370 DEBUG   GST_REFCOUNTING gstobject.c:709:gst_object_set_parent: set parent (ref and sink)
0:00:00.015874303  3816 0xeaa320 LOG   GST_POLL gstpoll.c:994:gst_poll_fd_ctl_write: 0xeb2810: pfd->events now 60 (POLLOUT:4)
0:00:00.020679337  3815 0x1d46370 TRACE   GST_REFCOUNTING gstobject.c:294:gst_object_ref_sink: 0x1d64680 ref_sink 1->2
0:00:00.015881528  3816 0xeaa320 DEBUG   GST_POLL gstpoll.c:980:gst_poll_fd_ctl_write: 0xeb2810: fd (fd:0, idx:1), active : 1
0:00:00.015890530  3816 0xeaa320 LOG   GST_POLL gstpoll.c:994:gst_poll_fd_ctl_write: 0xeb2810: pfd->events now 60 (POLLOUT:4)
0:00:00.020689062  3815 0x1d46370 LOG   GST_REGISTRY gstregistry.c:608:gst_registry_add_feature: emitting feature-added for queue2
0:00:00.015896673  3816 0xeaa320 DEBUG   GST_POLL gstpoll.c:980:gst_poll_fd_ctl_write: 0xeb2810: fd (fd:0, idx:1), active : 1
0:00:00.020698414  3815 0x1d46370 DEBUG   GST_REGISTRY gstregistrychunks.c:741:gst_registry_chunks_load_feature: Added feature queue2, plugin 0x1d60220 coreelements
0:00:00.015903040  3816 0xeaa320 LOG   GST_POLL gstpoll.c:994:gst_poll_fd_ctl_write: 0xeb2810: pfd->events now 60 (POLLOUT:4)
0:00:00.020705928  3815 0x1d46370 DEBUG   GST_REGISTRY gstregistrychunks.c:583:gst_registry_chunks_load_feature: Plugin 'coreelements' feature 'queue' typename : 'GstElementFactory'
0:00:00.015912251  3816 0xeaa320 DEBUG   GST_POLL gstpoll.c:980:gst_poll_fd_ctl_write: 0xeb2810: fd (fd:0, idx:1), active : 1
0:00:00.020714912  3815 0x1d46370 TRACE   GST_REFCOUNTING gstobject.c:208:gst_object_init: 0x1d64aa0 new
0:00:00.015919470  3816 0xeaa320 LOG   GST_POLL gstpoll.c:994:gst_poll_fd_ctl_write: 0xeb2810: pfd->events now 60 (POLLOUT:4)
0:00:00.020724073  3815 0x1d46370 LOG   GST_REGISTRY gstregistrychunks.c:610:gst_registry_chunks_load_feature: Reading/casting for GstRegistryChunkElementFactory at address 0x1d623d0
0:00:00.015930982  3816 0xeaa320 DEBUG   GST_POLL gstpoll.c:980:gst_poll_fd_ctl_write: 0xeb2810: fd (fd:0, idx:1), active : 1
0:00:00.020732509  3815 0x1d46370 TRACE   structure gststructure.c:287:gst_structure_new_id_empty_with_size: created structure 0x1d64bd0
0:00:00.015937434  3816 0xeaa320 LOG   GST_POLL gstpoll.c:994:gst_poll_fd_ctl_write: 0xeb2810: pfd->events now 60 (POLLOUT:4)
0:00:00.020738707  3815 0x1d46370 DEBUG   structure gststructure.c:2203:gst_structure_parse_field: trying field name 'long-name'
0:00:00.015944013  3816 0xeaa320 DEBUG   GST_POLL gstpoll.c:980:gst_poll_fd_ctl_write: 0xeb2810: fd (fd:0, idx:1), active : 1
0:00:00.020744982  3815 0x1d46370 DEBUG   default gstvalue.c:2676:_priv_gst_value_parse_value: trying type name 'string'
0:00:00.015950090  3816 0xeaa320 LOG   GST_POLL gstpoll.c:994:gst_poll_fd_ctl_write: 0xeb2810: pfd->events now 60 (POLLOUT:4)
0:00:00.020754442  3815 0x1d46370 DEBUG   structure gststructure.c:2203:gst_structure_parse_field: trying field name 'klass'
0:00:00.015956883  3816 0xeaa320 DEBUG   GST_POLL gstpoll.c:980:gst_poll_fd_ctl_write: 0xeb2810: fd (fd:0, idx:1), active : 1
0:00:00.020761527  3815 0x1d46370 DEBUG   default gstvalue.c:2676:_priv_gst_value_parse_value: trying type name 'string'
0:00:00.015964926  3816 0xeaa320 LOG   GST_POLL gstpoll.c:994:gst_poll_fd_ctl_write: 0xeb2810: pfd->events now 60 (POLLOUT:4)
0:00:00.020768500  3815 0x1d46370 DEBUG   structure gststructure.c:2203:gst_structure_parse_field: trying field name 'description'
0:00:00.015974194  3816 0xeaa320 DEBUG   GST_POLL gstpoll.c:980:gst_poll_fd_ctl_write: 0xeb2810: fd (fd:0, idx:1), active : 1
0:00:00.020774251  3815 0x1d46370 DEBUG   default gstvalue.c:2676:_priv_gst_value_parse_value: trying type name 'string'
0:00:00.015981455  3816 0xeaa320 LOG   GST_POLL gstpoll.c:994:gst_poll_fd_ctl_write: 0xeb2810: pfd->events now 60 (POLLOUT:4)
0:00:00.020784068  3815 0x1d46370 DEBUG   structure gststructure.c:2203:gst_structure_parse_field: trying field name 'author'
0:00:00.015988473  3816 0xeaa320 DEBUG   GST_POLL gstpoll.c:980:gst_poll_fd_ctl_write: 0xeb2810: fd (fd:0, idx:1), active : 1
0:00:00.020791576  3815 0x1d46370 DEBUG   default gstvalue.c:2676:_priv_gst_value_parse_value: trying type name 'string'
0:00:00.015994933  3816 0xeaa320 LOG   GST_POLL gstpoll.c:994:gst_poll_fd_ctl_write: 0xeb2810: pfd->events now 60 (POLLOUT:4)
0:00:00.020799040  3815 0x1d46370 DEBUG   GST_REGISTRY gstregistrychunks.c:626:gst_registry_chunks_load_feature: Element factory : npadtemplates=2
0:00:00.016001889  3816 0xeaa320 DEBUG   GST_POLL gstpoll.c:980:gst_poll_fd_ctl_write: 0xeb2810: fd (fd:0, idx:1), active : 1
0:00:00.020805264  3815 0x1d46370 DEBUG   GST_REGISTRY gstregistrychunks.c:526:gst_registry_chunks_load_pad_template: Reading/casting for GstRegistryChunkPadTemplate at address 0x1d62488
0:00:00.016008733  3816 0xeaa320 LOG   GST_POLL gstpoll.c:994:gst_poll_fd_ctl_write: 0xeb2810: pfd->events now 60 (POLLOUT:4)
0:00:00.020818739  3815 0x1d46370 DEBUG   GST_REGISTRY gstregistrychunks.c:539:gst_registry_chunks_load_pad_template: Added pad_template sink
0:00:00.016021536  3816 0xeaa320 DEBUG   GST_POLL gstpoll.c:980:gst_poll_fd_ctl_write: 0xeb2810: fd (fd:0, idx:1), active : 1
0:00:00.020825944  3815 0x1d46370 DEBUG   GST_REGISTRY gstregistrychunks.c:526:gst_registry_chunks_load_pad_template: Reading/casting for GstRegistryChunkPadTemplate at address 0x1d624a0
0:00:00.016029231  3816 0xeaa320 LOG   GST_POLL gstpoll.c:994:gst_poll_fd_ctl_write: 0xeb2810: pfd->events now 60 (POLLOUT:4)
0:00:00.020832788  3815 0x1d46370 DEBUG   GST_REGISTRY gstregistrychunks.c:539:gst_registry_chunks_load_pad_template: Added pad_template src
0:00:00.016038520  3816 0xeaa320 DEBUG   GST_POLL gstpoll.c:980:gst_poll_fd_ctl_write: 0xeb2810: fd (fd:0, idx:1), active : 1
0:00:00.020842456  3815 0x1d46370 DEBUG   GST_REGISTRY gstregistry.c:590:gst_registry_add_feature: adding feature 0x1d64aa0 (queue)
0:00:00.016045704  3816 0xeaa320 LOG   GST_POLL gstpoll.c:994:gst_poll_fd_ctl_write: 0xeb2810: pfd->events now 60 (POLLOUT:4)
0:00:00.020849084  3815 0x1d46370 DEBUG   GST_REFCOUNTING gstobject.c:709:gst_object_set_parent: set parent (ref and sink)
0:00:00.016052711  3816 0xeaa320 DEBUG   GST_POLL gstpoll.c:980:gst_poll_fd_ctl_write: 0xeb2810: fd (fd:0, idx:1), active : 1
0:00:00.016069923  3816 0xeaa320 LOG   GST_POLL gstpoll.c:994:gst_poll_fd_ctl_write: 0xeb2810: pfd->events now 60 (POLLOUT:4)
0:00:00.020868116  3815 0x1d46370 TRACE   GST_REFCOUNTING gstobject.c:294:gst_object_ref_sink: 0x1d64aa0 ref_sink 1->2
0:00:00.016076280  3816 0xeaa320 DEBUG   GST_POLL gstpoll.c:980:gst_poll_fd_ctl_write: 0xeb2810: fd (fd:0, idx:1), active : 1
0:00:00.016084273  3816 0xeaa320 LOG   GST_POLL gstpoll.c:994:gst_poll_fd_ctl_write: 0xeb2810: pfd->events now 60 (POLLOUT:4)
0:00:00.020883050  3815 0x1d46370 LOG   GST_REGISTRY gstregistry.c:608:gst_registry_add_feature: emitting feature-added for queue
0:00:00.016093388  3816 0xeaa320 DEBUG   GST_POLL gstpoll.c:980:gst_poll_fd_ctl_write: 0xeb2810: fd (fd:0, idx:1), active : 1
0:00:00.020893872  3815 0x1d46370 DEBUG   GST_REGISTRY gstregistrychunks.c:741:gst_registry_chunks_load_feature: Added feature queue, plugin 0x1d60220 coreelements
0:00:00.016100237  3816 0xeaa320 LOG   GST_POLL gstpoll.c:994:gst_poll_fd_ctl_write: 0xeb2810: pfd->events now 60 (POLLOUT:4)
0:00:00.020902009  3815 0x1d46370 DEBUG   GST_REGISTRY gstregistrychunks.c:583:gst_registry_chunks_load_feature: Plugin 'coreelements' feature 'output-selector' typename : 'GstElementFactory'
0:00:00.016106948  3816 0xeaa320 DEBUG   GST_POLL gstpoll.c:980:gst_poll_fd_ctl_write: 0xeb2810: fd (fd:0, idx:1), active : 1
0:00:00.016113191  3816 0xeaa320 LOG   GST_POLL gstpoll.c:994:gst_poll_fd_ctl_write: 0xeb2810: pfd->events now 60 (POLLOUT:4)
0:00:00.020911543  3815 0x1d46370 TRACE   GST_REFCOUNTING gstobject.c:208:gst_object_init: 0x1d64df0 new
0:00:00.016123708  3816 0xeaa320 DEBUG   GST_POLL gstpoll.c:980:gst_poll_fd_ctl_write: 0xeb2810: fd (fd:0, idx:1), active : 1
0:00:00.020926581  3815 0x1d46370 LOG   GST_REGISTRY gstregistrychunks.c:610:gst_registry_chunks_load_feature: Reading/casting for GstRegistryChunkElementFactory at address 0x1d624d8
0:00:00.016129865  3816 0xeaa320 LOG   GST_POLL gstpoll.c:994:gst_poll_fd_ctl_write: 0xeb2810: pfd->events now 60 (POLLOUT:4)
0:00:00.016137126  3816 0xeaa320 DEBUG   GST_POLL gstpoll.c:980:gst_poll_fd_ctl_write: 0xeb2810: fd (fd:0, idx:1), active : 1
0:00:00.020937988  3815 0x1d46370 TRACE   structure gststructure.c:287:gst_structure_new_id_empty_with_size: created structure 0x1d64fb0
0:00:00.020944682  3815 0x1d46370 DEBUG   structure gststructure.c:2203:gst_structure_parse_field: trying field name 'long-name'
0:00:00.016148303  3816 0xeaa320 LOG   GST_POLL gstpoll.c:994:gst_poll_fd_ctl_write: 0xeb2810: pfd->events now 60 (POLLOUT:4)
0:00:00.020953238  3815 0x1d46370 DEBUG   default gstvalue.c:2676:_priv_gst_value_parse_value: trying type name 'string'
0:00:00.016157567  3816 0xeaa320 DEBUG   GST_POLL gstpoll.c:980:gst_poll_fd_ctl_write: 0xeb2810: fd (fd:0, idx:1), active : 1
0:00:00.020961896  3815 0x1d46370 DEBUG   structure gststructure.c:2203:gst_structure_parse_field: trying field name 'klass'
0:00:00.016164642  3816 0xeaa320 LOG   GST_POLL gstpoll.c:994:gst_poll_fd_ctl_write: 0xeb2810: pfd->events now 60 (POLLOUT:4)
0:00:00.020968475  3815 0x1d46370 DEBUG   default gstvalue.c:2676:_priv_gst_value_parse_value: trying type name 'string'
0:00:00.016172595  3816 0xeaa320 DEBUG   GST_POLL gstpoll.c:980:gst_poll_fd_ctl_write: 0xeb2810: fd (fd:0, idx:1), active : 1
0:00:00.020975508  3815 0x1d46370 DEBUG   structure gststructure.c:2203:gst_structure_parse_field: trying field name 'description'
0:00:00.016179088  3816 0xeaa320 LOG   GST_POLL gstpoll.c:994:gst_poll_fd_ctl_write: 0xeb2810: pfd->events now 60 (POLLOUT:4)
0:00:00.020981739  3815 0x1d46370 DEBUG   default gstvalue.c:2676:_priv_gst_value_parse_value: trying type name 'string'
0:00:00.016185958  3816 0xeaa320 DEBUG   GST_POLL gstpoll.c:980:gst_poll_fd_ctl_write: 0xeb2810: fd (fd:0, idx:1), active : 1
0:00:00.020988738  3815 0x1d46370 DEBUG   structure gststructure.c:2203:gst_structure_parse_field: trying field name 'author'
0:00:00.016192423  3816 0xeaa320 LOG   GST_POLL gstpoll.c:994:gst_poll_fd_ctl_write: 0xeb2810: pfd->events now 60 (POLLOUT:4)
0:00:00.020994825  3815 0x1d46370 DEBUG   default gstvalue.c:2676:_priv_gst_value_parse_value: trying type name 'string'
0:00:00.016199118  3816 0xeaa320 DEBUG   GST_POLL gstpoll.c:980:gst_poll_fd_ctl_write: 0xeb2810: fd (fd:0, idx:1), active : 1
0:00:00.021002378  3815 0x1d46370 DEBUG   GST_REGISTRY gstregistrychunks.c:626:gst_registry_chunks_load_feature: Element factory : npadtemplates=2
0:00:00.016208035  3816 0xeaa320 LOG   GST_POLL gstpoll.c:994:gst_poll_fd_ctl_write: 0xeb2810: pfd->events now 60 (POLLOUT:4)
0:00:00.021015609  3815 0x1d46370 DEBUG   GST_REGISTRY gstregistrychunks.c:526:gst_registry_chunks_load_pad_template: Reading/casting for GstRegistryChunkPadTemplate at address 0x1d625b0
0:00:00.016219143  3816 0xeaa320 DEBUG   GST_POLL gstpoll.c:980:gst_poll_fd_ctl_write: 0xeb2810: fd (fd:0, idx:1), active : 1
0:00:00.021023475  3815 0x1d46370 DEBUG   GST_REGISTRY gstregistrychunks.c:539:gst_registry_chunks_load_pad_template: Added pad_template src_%u
0:00:00.016226569  3816 0xeaa320 LOG   GST_POLL gstpoll.c:994:gst_poll_fd_ctl_write: 0xeb2810: pfd->events now 60 (POLLOUT:4)
0:00:00.021029790  3815 0x1d46370 DEBUG   GST_REGISTRY gstregistrychunks.c:526:gst_registry_chunks_load_pad_template: Reading/casting for GstRegistryChunkPadTemplate at address 0x1d625c8
0:00:00.016233932  3816 0xeaa320 DEBUG   GST_POLL gstpoll.c:980:gst_poll_fd_ctl_write: 0xeb2810: fd (fd:0, idx:1), active : 1
0:00:00.021036486  3815 0x1d46370 DEBUG   GST_REGISTRY gstregistrychunks.c:539:gst_registry_chunks_load_pad_template: Added pad_template sink
0:00:00.016240373  3816 0xeaa320 LOG   GST_POLL gstpoll.c:994:gst_poll_fd_ctl_write: 0xeb2810: pfd->events now 60 (POLLOUT:4)
0:00:00.021045457  3815 0x1d46370 DEBUG   GST_REGISTRY gstregistry.c:590:gst_registry_add_feature: adding feature 0x1d64df0 (output-selector)
0:00:00.016247355  3816 0xeaa320 DEBUG   GST_POLL gstpoll.c:980:gst_poll_fd_ctl_write: 0xeb2810: fd (fd:0, idx:1), active : 1
0:00:00.016255323  3816 0xeaa320 LOG   GST_POLL gstpoll.c:994:gst_poll_fd_ctl_write: 0xeb2810: pfd->events now 60 (POLLOUT:4)
0:00:00.021054557  3815 0x1d46370 DEBUG   GST_REFCOUNTING gstobject.c:709:gst_object_set_parent: set parent (ref and sink)
0:00:00.016261316  3816 0xeaa320 DEBUG   GST_POLL gstpoll.c:980:gst_poll_fd_ctl_write: 0xeb2810: fd (fd:0, idx:1), active : 1
0:00:00.021063073  3815 0x1d46370 TRACE   GST_REFCOUNTING gstobject.c:294:gst_object_ref_sink: 0x1d64df0 ref_sink 1->2
0:00:00.016270126  3816 0xeaa320 LOG   GST_POLL gstpoll.c:994:gst_poll_fd_ctl_write: 0xeb2810: pfd->events now 60 (POLLOUT:4)
0:00:00.021070834  3815 0x1d46370 LOG   GST_REGISTRY gstregistry.c:608:gst_registry_add_feature: emitting feature-added for output-selector
0:00:00.016278215  3816 0xeaa320 DEBUG   GST_POLL gstpoll.c:980:gst_poll_fd_ctl_write: 0xeb2810: fd (fd:0, idx:1), active : 1
0:00:00.021082091  3815 0x1d46370 DEBUG   GST_REGISTRY gstregistrychunks.c:741:gst_registry_chunks_load_feature: Added feature output-selector, plugin 0x1d60220 coreelements
0:00:00.016285333  3816 0xeaa320 LOG   GST_POLL gstpoll.c:994:gst_poll_fd_ctl_write: 0xeb2810: pfd->events now 60 (POLLOUT:4)
0:00:00.021090859  3815 0x1d46370 DEBUG   GST_REGISTRY gstregistrychunks.c:583:gst_registry_chunks_load_feature: Plugin 'coreelements' feature 'input-selector' typename : 'GstElementFactory'
0:00:00.016293972  3816 0xeaa320 DEBUG   GST_POLL gstpoll.c:980:gst_poll_fd_ctl_write: 0xeb2810: fd (fd:0, idx:1), active : 1
0:00:00.021100908  3815 0x1d46370 TRACE   GST_REFCOUNTING gstobject.c:208:gst_object_init: 0x1d65380 new
0:00:00.016306067  3816 0xeaa320 LOG   GST_POLL gstpoll.c:994:gst_poll_fd_ctl_write: 0xeb2810: pfd->events now 60 (POLLOUT:4)
0:00:00.021110291  3815 0x1d46370 LOG   GST_REGISTRY gstregistrychunks.c:610:gst_registry_chunks_load_feature: Reading/casting for GstRegistryChunkElementFactory at address 0x1d62600
0:00:00.016313256  3816 0xeaa320 LOG   GST_PLUGIN_LOADING gstpluginloader.c:646:put_chunk: Expanding tx buf from 10158 to 13209 for chunk of size 209
0:00:00.021117547  3815 0x1d46370 TRACE   structure gststructure.c:287:gst_structure_new_id_empty_with_size: created structure 0x1d656d0
0:00:00.021124011  3815 0x1d46370 DEBUG   structure gststructure.c:2203:gst_structure_parse_field: trying field name 'long-name'
0:00:00.021129369  3815 0x1d46370 DEBUG   default gstvalue.c:2676:_priv_gst_value_parse_value: trying type name 'string'
0:00:00.016333208  3816 0xeaa320 DEBUG   GST_POLL gstpoll.c:980:gst_poll_fd_ctl_write: 0xeb2810: fd (fd:0, idx:1), active : 1
0:00:00.021135779  3815 0x1d46370 DEBUG   structure gststructure.c:2203:gst_structure_parse_field: trying field name 'klass'
0:00:00.016341971  3816 0xeaa320 LOG   GST_POLL gstpoll.c:994:gst_poll_fd_ctl_write: 0xeb2810: pfd->events now 60 (POLLOUT:4)
0:00:00.021144151  3815 0x1d46370 DEBUG   default gstvalue.c:2676:_priv_gst_value_parse_value: trying type name 'string'
0:00:00.016349055  3816 0xeaa320 DEBUG   GST_POLL gstpoll.c:980:gst_poll_fd_ctl_write: 0xeb2810: fd (fd:0, idx:1), active : 1
0:00:00.021152524  3815 0x1d46370 DEBUG   structure gststructure.c:2203:gst_structure_parse_field: trying field name 'description'
0:00:00.016355476  3816 0xeaa320 LOG   GST_POLL gstpoll.c:994:gst_poll_fd_ctl_write: 0xeb2810: pfd->events now 60 (POLLOUT:4)
0:00:00.021158545  3815 0x1d46370 DEBUG   default gstvalue.c:2676:_priv_gst_value_parse_value: trying type name 'string'
0:00:00.016362700  3816 0xeaa320 DEBUG   GST_POLL gstpoll.c:980:gst_poll_fd_ctl_write: 0xeb2810: fd (fd:0, idx:1), active : 1
0:00:00.021165814  3815 0x1d46370 DEBUG   structure gststructure.c:2203:gst_structure_parse_field: trying field name 'author'
0:00:00.016369050  3816 0xeaa320 LOG   GST_POLL gstpoll.c:994:gst_poll_fd_ctl_write: 0xeb2810: pfd->events now 60 (POLLOUT:4)
0:00:00.021171432  3815 0x1d46370 DEBUG   default gstvalue.c:2676:_priv_gst_value_parse_value: trying type name 'string'
0:00:00.016375744  3816 0xeaa320 DEBUG   GST_POLL gstpoll.c:980:gst_poll_fd_ctl_write: 0xeb2810: fd (fd:0, idx:1), active : 1
0:00:00.021180131  3815 0x1d46370 DEBUG   GST_REGISTRY gstregistrychunks.c:626:gst_registry_chunks_load_feature: Element factory : npadtemplates=2
0:00:00.016384732  3816 0xeaa320 LOG   GST_POLL gstpoll.c:994:gst_poll_fd_ctl_write: 0xeb2810: pfd->events now 60 (POLLOUT:4)
0:00:00.021186187  3815 0x1d46370 DEBUG   GST_REGISTRY gstregistrychunks.c:526:gst_registry_chunks_load_pad_template: Reading/casting for GstRegistryChunkPadTemplate at address 0x1d62730
0:00:00.016397924  3816 0xeaa320 DEBUG   GST_POLL gstpoll.c:980:gst_poll_fd_ctl_write: 0xeb2810: fd (fd:0, idx:1), active : 1
0:00:00.021197860  3815 0x1d46370 DEBUG   GST_REGISTRY gstregistrychunks.c:539:gst_registry_chunks_load_pad_template: Added pad_template src
0:00:00.016404649  3816 0xeaa320 LOG   GST_POLL gstpoll.c:994:gst_poll_fd_ctl_write: 0xeb2810: pfd->events now 60 (POLLOUT:4)
0:00:00.021207241  3815 0x1d46370 DEBUG   GST_REGISTRY gstregistrychunks.c:526:gst_registry_chunks_load_pad_template: Reading/casting for GstRegistryChunkPadTemplate at address 0x1d62740
0:00:00.016411345  3816 0xeaa320 DEBUG   GST_POLL gstpoll.c:980:gst_poll_fd_ctl_write: 0xeb2810: fd (fd:0, idx:1), active : 1
0:00:00.021215142  3815 0x1d46370 DEBUG   GST_REGISTRY gstregistrychunks.c:539:gst_registry_chunks_load_pad_template: Added pad_template sink_%u
0:00:00.016417836  3816 0xeaa320 LOG   GST_POLL gstpoll.c:994:gst_poll_fd_ctl_write: 0xeb2810: pfd->events now 60 (POLLOUT:4)
0:00:00.016425374  3816 0xeaa320 DEBUG   GST_POLL gstpoll.c:980:gst_poll_fd_ctl_write: 0xeb2810: fd (fd:0, idx:1), active : 1
0:00:00.021224092  3815 0x1d46370 DEBUG   GST_REGISTRY gstregistry.c:590:gst_registry_add_feature: adding feature 0x1d65380 (input-selector)
0:00:00.016430811  3816 0xeaa320 LOG   GST_POLL gstpoll.c:994:gst_poll_fd_ctl_write: 0xeb2810: pfd->events now 60 (POLLOUT:4)
0:00:00.021232140  3815 0x1d46370 DEBUG   GST_REFCOUNTING gstobject.c:709:gst_object_set_parent: set parent (ref and sink)
0:00:00.016437697  3816 0xeaa320 DEBUG   GST_POLL gstpoll.c:980:gst_poll_fd_ctl_write: 0xeb2810: fd (fd:0, idx:1), active : 1
0:00:00.021240240  3815 0x1d46370 TRACE   GST_REFCOUNTING gstobject.c:294:gst_object_ref_sink: 0x1d65380 ref_sink 1->2
0:00:00.016446404  3816 0xeaa320 LOG   GST_POLL gstpoll.c:994:gst_poll_fd_ctl_write: 0xeb2810: pfd->events now 60 (POLLOUT:4)
0:00:00.021247392  3815 0x1d46370 LOG   GST_REGISTRY gstregistry.c:608:gst_registry_add_feature: emitting feature-added for input-selector
0:00:00.016454265  3816 0xeaa320 DEBUG   GST_POLL gstpoll.c:980:gst_poll_fd_ctl_write: 0xeb2810: fd (fd:0, idx:1), active : 1
0:00:00.021255333  3815 0x1d46370 DEBUG   GST_REGISTRY gstregistrychunks.c:741:gst_registry_chunks_load_feature: Added feature input-selector, plugin 0x1d60220 coreelements
0:00:00.016461452  3816 0xeaa320 LOG   GST_POLL gstpoll.c:994:gst_poll_fd_ctl_write: 0xeb2810: pfd->events now 60 (POLLOUT:4)
0:00:00.021263068  3815 0x1d46370 DEBUG   GST_REGISTRY gstregistrychunks.c:583:gst_registry_chunks_load_feature: Plugin 'coreelements' feature 'identity' typename : 'GstElementFactory'
0:00:00.016468270  3816 0xeaa320 DEBUG   GST_POLL gstpoll.c:980:gst_poll_fd_ctl_write: 0xeb2810: fd (fd:0, idx:1), active : 1
0:00:00.016474776  3816 0xeaa320 LOG   GST_POLL gstpoll.c:994:gst_poll_fd_ctl_write: 0xeb2810: pfd->events now 60 (POLLOUT:4)
0:00:00.021274658  3815 0x1d46370 TRACE   GST_REFCOUNTING gstobject.c:208:gst_object_init: 0x1d65950 new
0:00:00.016484957  3816 0xeaa320 DEBUG   GST_POLL gstpoll.c:980:gst_poll_fd_ctl_write: 0xeb2810: fd (fd:0, idx:1), active : 1
0:00:00.021287897  3815 0x1d46370 LOG   GST_REGISTRY gstregistrychunks.c:610:gst_registry_chunks_load_feature: Reading/casting for GstRegistryChunkElementFactory at address 0x1d62770
0:00:00.016491374  3816 0xeaa320 LOG   GST_POLL gstpoll.c:994:gst_poll_fd_ctl_write: 0xeb2810: pfd->events now 60 (POLLOUT:4)
0:00:00.021295168  3815 0x1d46370 TRACE   structure gststructure.c:287:gst_structure_new_id_empty_with_size: created structure 0x1d65a40
0:00:00.016498500  3816 0xeaa320 DEBUG   GST_POLL gstpoll.c:980:gst_poll_fd_ctl_write: 0xeb2810: fd (fd:0, idx:1), active : 1
0:00:00.021301341  3815 0x1d46370 DEBUG   structure gststructure.c:2203:gst_structure_parse_field: trying field name 'long-name'
0:00:00.016507384  3816 0xeaa320 LOG   GST_POLL gstpoll.c:994:gst_poll_fd_ctl_write: 0xeb2810: pfd->events now 60 (POLLOUT:4)
0:00:00.021307328  3815 0x1d46370 DEBUG   default gstvalue.c:2676:_priv_gst_value_parse_value: trying type name 'string'
0:00:00.016515407  3816 0xeaa320 DEBUG   GST_POLL gstpoll.c:980:gst_poll_fd_ctl_write: 0xeb2810: fd (fd:0, idx:1), active : 1
0:00:00.021316267  3815 0x1d46370 DEBUG   structure gststructure.c:2203:gst_structure_parse_field: trying field name 'klass'
0:00:00.016521953  3816 0xeaa320 LOG   GST_POLL gstpoll.c:994:gst_poll_fd_ctl_write: 0xeb2810: pfd->events now 60 (POLLOUT:4)
0:00:00.021322304  3815 0x1d46370 DEBUG   default gstvalue.c:2676:_priv_gst_value_parse_value: trying type name 'string'
0:00:00.016528568  3816 0xeaa320 DEBUG   GST_POLL gstpoll.c:980:gst_poll_fd_ctl_write: 0xeb2810: fd (fd:0, idx:1), active : 1
0:00:00.021329069  3815 0x1d46370 DEBUG   structure gststructure.c:2203:gst_structure_parse_field: trying field name 'description'
0:00:00.016535081  3816 0xeaa320 LOG   GST_POLL gstpoll.c:994:gst_poll_fd_ctl_write: 0xeb2810: pfd->events now 60 (POLLOUT:4)
0:00:00.021337579  3815 0x1d46370 DEBUG   default gstvalue.c:2676:_priv_gst_value_parse_value: trying type name 'string'
0:00:00.016541798  3816 0xeaa320 DEBUG   GST_POLL gstpoll.c:980:gst_poll_fd_ctl_write: 0xeb2810: fd (fd:0, idx:1), active : 1
0:00:00.021346271  3815 0x1d46370 DEBUG   structure gststructure.c:2203:gst_structure_parse_field: trying field name 'author'
0:00:00.016548144  3816 0xeaa320 LOG   GST_POLL gstpoll.c:994:gst_poll_fd_ctl_write: 0xeb2810: pfd->events now 60 (POLLOUT:4)
0:00:00.021352274  3815 0x1d46370 DEBUG   default gstvalue.c:2676:_priv_gst_value_parse_value: trying type name 'string'
0:00:00.016556423  3816 0xeaa320 DEBUG   GST_POLL gstpoll.c:980:gst_poll_fd_ctl_write: 0xeb2810: fd (fd:0, idx:1), active : 1
0:00:00.021359660  3815 0x1d46370 DEBUG   GST_REGISTRY gstregistrychunks.c:626:gst_registry_chunks_load_feature: Element factory : npadtemplates=2
0:00:00.016565189  3816 0xeaa320 LOG   GST_POLL gstpoll.c:994:gst_poll_fd_ctl_write: 0xeb2810: pfd->events now 60 (POLLOUT:4)
0:00:00.021370321  3815 0x1d46370 DEBUG   GST_REGISTRY gstregistrychunks.c:526:gst_registry_chunks_load_pad_template: Reading/casting for GstRegistryChunkPadTemplate at address 0x1d62840
0:00:00.016574805  3816 0xeaa320 DEBUG   GST_POLL gstpoll.c:980:gst_poll_fd_ctl_write: 0xeb2810: fd (fd:0, idx:1), active : 1
0:00:00.021376755  3815 0x1d46370 DEBUG   GST_REGISTRY gstregistrychunks.c:539:gst_registry_chunks_load_pad_template: Added pad_template sink
0:00:00.016581155  3816 0xeaa320 LOG   GST_POLL gstpoll.c:994:gst_poll_fd_ctl_write: 0xeb2810: pfd->events now 60 (POLLOUT:4)
0:00:00.021382996  3815 0x1d46370 DEBUG   GST_REGISTRY gstregistrychunks.c:526:gst_registry_chunks_load_pad_template: Reading/casting for GstRegistryChunkPadTemplate at address 0x1d62858
0:00:00.016587885  3816 0xeaa320 DEBUG   GST_POLL gstpoll.c:980:gst_poll_fd_ctl_write: 0xeb2810: fd (fd:0, idx:1), active : 1
0:00:00.021389511  3815 0x1d46370 DEBUG   GST_REGISTRY gstregistrychunks.c:539:gst_registry_chunks_load_pad_template: Added pad_template src
0:00:00.016593883  3816 0xeaa320 LOG   GST_POLL gstpoll.c:994:gst_poll_fd_ctl_write: 0xeb2810: pfd->events now 60 (POLLOUT:4)
0:00:00.016600557  3816 0xeaa320 DEBUG   GST_POLL gstpoll.c:980:gst_poll_fd_ctl_write: 0xeb2810: fd (fd:0, idx:1), active : 1
0:00:00.021400376  3815 0x1d46370 DEBUG   GST_REGISTRY gstregistry.c:590:gst_registry_add_feature: adding feature 0x1d65950 (identity)
0:00:00.016605817  3816 0xeaa320 LOG   GST_POLL gstpoll.c:994:gst_poll_fd_ctl_write: 0xeb2810: pfd->events now 60 (POLLOUT:4)
0:00:00.021407923  3815 0x1d46370 DEBUG   GST_REFCOUNTING gstobject.c:709:gst_object_set_parent: set parent (ref and sink)
0:00:00.016612501  3816 0xeaa320 DEBUG   GST_POLL gstpoll.c:980:gst_poll_fd_ctl_write: 0xeb2810: fd (fd:0, idx:1), active : 1
0:00:00.021416221  3815 0x1d46370 TRACE   GST_REFCOUNTING gstobject.c:294:gst_object_ref_sink: 0x1d65950 ref_sink 1->2
0:00:00.016621156  3816 0xeaa320 LOG   GST_POLL gstpoll.c:994:gst_poll_fd_ctl_write: 0xeb2810: pfd->events now 60 (POLLOUT:4)
0:00:00.021423652  3815 0x1d46370 LOG   GST_REGISTRY gstregistry.c:608:gst_registry_add_feature: emitting feature-added for identity
0:00:00.016628782  3816 0xeaa320 DEBUG   GST_POLL gstpoll.c:980:gst_poll_fd_ctl_write: 0xeb2810: fd (fd:0, idx:1), active : 1
0:00:00.021430773  3815 0x1d46370 DEBUG   GST_REGISTRY gstregistrychunks.c:741:gst_registry_chunks_load_feature: Added feature identity, plugin 0x1d60220 coreelements
0:00:00.016635334  3816 0xeaa320 LOG   GST_POLL gstpoll.c:994:gst_poll_fd_ctl_write: 0xeb2810: pfd->events now 60 (POLLOUT:4)
0:00:00.021437881  3815 0x1d46370 DEBUG   GST_REGISTRY gstregistrychunks.c:583:gst_registry_chunks_load_feature: Plugin 'coreelements' feature 'funnel' typename : 'GstElementFactory'
0:00:00.016642342  3816 0xeaa320 DEBUG   GST_POLL gstpoll.c:980:gst_poll_fd_ctl_write: 0xeb2810: fd (fd:0, idx:1), active : 1
0:00:00.021446563  3815 0x1d46370 TRACE   GST_REFCOUNTING gstobject.c:208:gst_object_init: 0x1d65cc0 new
0:00:00.016653270  3816 0xeaa320 LOG   GST_POLL gstpoll.c:994:gst_poll_fd_ctl_write: 0xeb2810: pfd->events now 60 (POLLOUT:4)
0:00:00.021456221  3815 0x1d46370 LOG   GST_REGISTRY gstregistrychunks.c:610:gst_registry_chunks_load_feature: Reading/casting for GstRegistryChunkElementFactory at address 0x1d62888
0:00:00.016660240  3816 0xeaa320 DEBUG   GST_POLL gstpoll.c:980:gst_poll_fd_ctl_write: 0xeb2810: fd (fd:0, idx:1), active : 1
0:00:00.016666884  3816 0xeaa320 LOG   GST_POLL gstpoll.c:994:gst_poll_fd_ctl_write: 0xeb2810: pfd->events now 60 (POLLOUT:4)
0:00:00.021465515  3815 0x1d46370 TRACE   structure gststructure.c:287:gst_structure_new_id_empty_with_size: created structure 0x1d65e80
0:00:00.016672838  3816 0xeaa320 DEBUG   GST_POLL gstpoll.c:980:gst_poll_fd_ctl_write: 0xeb2810: fd (fd:0, idx:1), active : 1
0:00:00.021473789  3815 0x1d46370 DEBUG   structure gststructure.c:2203:gst_structure_parse_field: trying field name 'long-name'
0:00:00.016681740  3816 0xeaa320 LOG   GST_POLL gstpoll.c:994:gst_poll_fd_ctl_write: 0xeb2810: pfd->events now 60 (POLLOUT:4)
0:00:00.021481528  3815 0x1d46370 DEBUG   default gstvalue.c:2676:_priv_gst_value_parse_value: trying type name 'string'
0:00:00.016689685  3816 0xeaa320 DEBUG   GST_POLL gstpoll.c:980:gst_poll_fd_ctl_write: 0xeb2810: fd (fd:0, idx:1), active : 1
0:00:00.021490937  3815 0x1d46370 DEBUG   structure gststructure.c:2203:gst_structure_parse_field: trying field name 'klass'
0:00:00.016696176  3816 0xeaa320 LOG   GST_POLL gstpoll.c:994:gst_poll_fd_ctl_write: 0xeb2810: pfd->events now 60 (POLLOUT:4)
0:00:00.021497002  3815 0x1d46370 DEBUG   default gstvalue.c:2676:_priv_gst_value_parse_value: trying type name 'string'
0:00:00.016703148  3816 0xeaa320 DEBUG   GST_POLL gstpoll.c:980:gst_poll_fd_ctl_write: 0xeb2810: fd (fd:0, idx:1), active : 1
0:00:00.016709722  3816 0xeaa320 LOG   GST_POLL gstpoll.c:994:gst_poll_fd_ctl_write: 0xeb2810: pfd->events now 60 (POLLOUT:4)
0:00:00.021508322  3815 0x1d46370 DEBUG   structure gststructure.c:2203:gst_structure_parse_field: trying field name 'description'
0:00:00.016715648  3816 0xeaa320 DEBUG   GST_POLL gstpoll.c:980:gst_poll_fd_ctl_write: 0xeb2810: fd (fd:0, idx:1), active : 1
0:00:00.021516601  3815 0x1d46370 DEBUG   default gstvalue.c:2676:_priv_gst_value_parse_value: trying type name 'string'
0:00:00.016722220  3816 0xeaa320 LOG   GST_POLL gstpoll.c:994:gst_poll_fd_ctl_write: 0xeb2810: pfd->events now 60 (POLLOUT:4)
0:00:00.021526590  3815 0x1d46370 DEBUG   structure gststructure.c:2203:gst_structure_parse_field: trying field name 'author'
0:00:00.016729105  3816 0xeaa320 DEBUG   GST_POLL gstpoll.c:980:gst_poll_fd_ctl_write: 0xeb2810: fd (fd:0, idx:1), active : 1
0:00:00.021534528  3815 0x1d46370 DEBUG   default gstvalue.c:2676:_priv_gst_value_parse_value: trying type name 'string'
0:00:00.016740392  3816 0xeaa320 LOG   GST_POLL gstpoll.c:994:gst_poll_fd_ctl_write: 0xeb2810: pfd->events now 60 (POLLOUT:4)
0:00:00.021548070  3815 0x1d46370 DEBUG   GST_REGISTRY gstregistrychunks.c:626:gst_registry_chunks_load_feature: Element factory : npadtemplates=2
0:00:00.016750651  3816 0xeaa320 DEBUG   GST_POLL gstpoll.c:980:gst_poll_fd_ctl_write: 0xeb2810: fd (fd:0, idx:1), active : 1
0:00:00.021554858  3815 0x1d46370 DEBUG   GST_REGISTRY gstregistrychunks.c:526:gst_registry_chunks_load_pad_template: Reading/casting for GstRegistryChunkPadTemplate at address 0x1d62960
0:00:00.016758504  3816 0xeaa320 LOG   GST_POLL gstpoll.c:994:gst_poll_fd_ctl_write: 0xeb2810: pfd->events now 60 (POLLOUT:4)
0:00:00.021561401  3815 0x1d46370 DEBUG   GST_REGISTRY gstregistrychunks.c:539:gst_registry_chunks_load_pad_template: Added pad_template src
0:00:00.016765285  3816 0xeaa320 DEBUG   GST_POLL gstpoll.c:980:gst_poll_fd_ctl_write: 0xeb2810: fd (fd:0, idx:1), active : 1
0:00:00.021567700  3815 0x1d46370 DEBUG   GST_REGISTRY gstregistrychunks.c:526:gst_registry_chunks_load_pad_template: Reading/casting for GstRegistryChunkPadTemplate at address 0x1d62970
0:00:00.016771714  3816 0xeaa320 LOG   GST_POLL gstpoll.c:994:gst_poll_fd_ctl_write: 0xeb2810: pfd->events now 60 (POLLOUT:4)
0:00:00.021574108  3815 0x1d46370 DEBUG   GST_REGISTRY gstregistrychunks.c:539:gst_registry_chunks_load_pad_template: Added pad_template sink_%u
0:00:00.016778445  3816 0xeaa320 DEBUG   GST_POLL gstpoll.c:980:gst_poll_fd_ctl_write: 0xeb2810: fd (fd:0, idx:1), active : 1
0:00:00.016784801  3816 0xeaa320 LOG   GST_POLL gstpoll.c:994:gst_poll_fd_ctl_write: 0xeb2810: pfd->events now 60 (POLLOUT:4)
0:00:00.021583206  3815 0x1d46370 DEBUG   GST_REGISTRY gstregistry.c:590:gst_registry_add_feature: adding feature 0x1d65cc0 (funnel)
0:00:00.016791067  3816 0xeaa320 DEBUG   GST_POLL gstpoll.c:980:gst_poll_fd_ctl_write: 0xeb2810: fd (fd:0, idx:1), active : 1
0:00:00.021593672  3815 0x1d46370 DEBUG   GST_REFCOUNTING gstobject.c:709:gst_object_set_parent: set parent (ref and sink)
0:00:00.016799714  3816 0xeaa320 LOG   GST_POLL gstpoll.c:994:gst_poll_fd_ctl_write: 0xeb2810: pfd->events now 60 (POLLOUT:4)
0:00:00.021603594  3815 0x1d46370 TRACE   GST_REFCOUNTING gstobject.c:294:gst_object_ref_sink: 0x1d65cc0 ref_sink 1->2
0:00:00.016807739  3816 0xeaa320 DEBUG   GST_POLL gstpoll.c:980:gst_poll_fd_ctl_write: 0xeb2810: fd (fd:0, idx:1), active : 1
0:00:00.021611566  3815 0x1d46370 LOG   GST_REGISTRY gstregistry.c:608:gst_registry_add_feature: emitting feature-added for funnel
0:00:00.016814320  3816 0xeaa320 LOG   GST_POLL gstpoll.c:994:gst_poll_fd_ctl_write: 0xeb2810: pfd->events now 60 (POLLOUT:4)
0:00:00.021619677  3815 0x1d46370 DEBUG   GST_REGISTRY gstregistrychunks.c:741:gst_registry_chunks_load_feature: Added feature funnel, plugin 0x1d60220 coreelements
0:00:00.016822832  3816 0xeaa320 DEBUG   GST_POLL gstpoll.c:980:gst_poll_fd_ctl_write: 0xeb2810: fd (fd:0, idx:1), active : 1
0:00:00.021627375  3815 0x1d46370 DEBUG   GST_REGISTRY gstregistrychunks.c:583:gst_registry_chunks_load_feature: Plugin 'coreelements' feature 'filesrc' typename : 'GstElementFactory'
0:00:00.016834876  3816 0xeaa320 LOG   GST_POLL gstpoll.c:994:gst_poll_fd_ctl_write: 0xeb2810: pfd->events now 60 (POLLOUT:4)
0:00:00.021638591  3815 0x1d46370 TRACE   GST_REFCOUNTING gstobject.c:208:gst_object_init: 0x1d65bc0 new
0:00:00.016841681  3816 0xeaa320 DEBUG   GST_POLL gstpoll.c:980:gst_poll_fd_ctl_write: 0xeb2810: fd (fd:0, idx:1), active : 1
0:00:00.016849520  3816 0xeaa320 LOG   GST_POLL gstpoll.c:994:gst_poll_fd_ctl_write: 0xeb2810: pfd->events now 60 (POLLOUT:4)
0:00:00.021648091  3815 0x1d46370 LOG   GST_REGISTRY gstregistrychunks.c:610:gst_registry_chunks_load_feature: Reading/casting for GstRegistryChunkElementFactory at address 0x1d629a0
0:00:00.016855800  3816 0xeaa320 DEBUG   GST_POLL gstpoll.c:980:gst_poll_fd_ctl_write: 0xeb2810: fd (fd:0, idx:1), active : 1
0:00:00.021656750  3815 0x1d46370 TRACE   structure gststructure.c:287:gst_structure_new_id_empty_with_size: created structure 0x1d662a0
0:00:00.016864712  3816 0xeaa320 LOG   GST_POLL gstpoll.c:994:gst_poll_fd_ctl_write: 0xeb2810: pfd->events now 60 (POLLOUT:4)
0:00:00.021666439  3815 0x1d46370 DEBUG   structure gststructure.c:2203:gst_structure_parse_field: trying field name 'long-name'
0:00:00.016872417  3816 0xeaa320 DEBUG   GST_POLL gstpoll.c:980:gst_poll_fd_ctl_write: 0xeb2810: fd (fd:0, idx:1), active : 1
0:00:00.021673662  3815 0x1d46370 DEBUG   default gstvalue.c:2676:_priv_gst_value_parse_value: trying type name 'string'
0:00:00.016879490  3816 0xeaa320 LOG   GST_POLL gstpoll.c:994:gst_poll_fd_ctl_write: 0xeb2810: pfd->events now 60 (POLLOUT:4)
0:00:00.021681352  3815 0x1d46370 DEBUG   structure gststructure.c:2203:gst_structure_parse_field: trying field name 'klass'
0:00:00.016886308  3816 0xeaa320 DEBUG   GST_POLL gstpoll.c:980:gst_poll_fd_ctl_write: 0xeb2810: fd (fd:0, idx:1), active : 1
0:00:00.021687555  3815 0x1d46370 DEBUG   default gstvalue.c:2676:_priv_gst_value_parse_value: trying type name 'string'
0:00:00.016892485  3816 0xeaa320 LOG   GST_POLL gstpoll.c:994:gst_poll_fd_ctl_write: 0xeb2810: pfd->events now 60 (POLLOUT:4)
0:00:00.021694875  3815 0x1d46370 DEBUG   structure gststructure.c:2203:gst_structure_parse_field: trying field name 'description'
0:00:00.016899248  3816 0xeaa320 DEBUG   GST_POLL gstpoll.c:980:gst_poll_fd_ctl_write: 0xeb2810: fd (fd:0, idx:1), active : 1
0:00:00.021701042  3815 0x1d46370 DEBUG   default gstvalue.c:2676:_priv_gst_value_parse_value: trying type name 'string'
0:00:00.016905407  3816 0xeaa320 LOG   GST_POLL gstpoll.c:994:gst_poll_fd_ctl_write: 0xeb2810: pfd->events now 60 (POLLOUT:4)
0:00:00.021708654  3815 0x1d46370 DEBUG   structure gststructure.c:2203:gst_structure_parse_field: trying field name 'author'
0:00:00.016912032  3816 0xeaa320 DEBUG   GST_POLL gstpoll.c:980:gst_poll_fd_ctl_write: 0xeb2810: fd (fd:0, idx:1), active : 1
0:00:00.021714428  3815 0x1d46370 DEBUG   default gstvalue.c:2676:_priv_gst_value_parse_value: trying type name 'string'
0:00:00.016925158  3816 0xeaa320 LOG   GST_POLL gstpoll.c:994:gst_poll_fd_ctl_write: 0xeb2810: pfd->events now 60 (POLLOUT:4)
0:00:00.021728104  3815 0x1d46370 DEBUG   GST_REGISTRY gstregistrychunks.c:626:gst_registry_chunks_load_feature: Element factory : npadtemplates=1
