******************************************************************************** conan test cci-f1d1471c/recipes/gstreamer/all/test_package/conanfile.py gstreamer/1.18.4@#0f08191cb7fd82c31737b0f93cbbcc58 -pr /home/conan/w/prod/BuildSingleReference/236120/9ce895d0-d175-4ced-894b-048718c5b9f1/profile_linux_12_libstdcpp_clang_debug_64.gstreamer-shared-True.txt -c tools.system.package_manager:mode=install -c tools.system.package_manager:sudo=True ******************************************************************************** Configuration: [settings] arch=x86_64 build_type=Debug compiler=clang compiler.libcxx=libstdc++ compiler.version=12 os=Linux [options] gstreamer:shared=True [build_requires] [env] [conf] tools.system.package_manager:mode=install tools.system.package_manager:sudo=True gstreamer/1.18.4 (test package): Installing package Requirements bzip2/1.0.8 from 'conan-center' - Cache glib/2.76.2 from 'conan-center' - Cache gstreamer/1.18.4 from local cache - Cache libelf/0.8.13 from 'conan-center' - Cache libffi/3.4.4 from 'conan-center' - Cache libmount/2.36.2 from 'conan-center' - Cache libselinux/3.3 from 'conan-center' - Cache pcre2/10.42 from 'conan-center' - Cache zlib/1.2.13 from 'conan-center' - Cache Packages bzip2/1.0.8:72e6ed737694b8ba1d365cdcf09a48918afe7445 - Cache glib/2.76.2:534f849bd11ec50b342845172845268bd2101873 - Cache gstreamer/1.18.4:467fc03b0f24213bb9b1cf088fa7fb20ffd79c35 - Cache libelf/0.8.13:9387155579217a8eec37b28e121e419c4350656c - Cache libffi/3.4.4:9387155579217a8eec37b28e121e419c4350656c - Cache libmount/2.36.2:9387155579217a8eec37b28e121e419c4350656c - Cache libselinux/3.3:aa918da92cb75756fb7167116e08b1326604fea5 - Cache pcre2/10.42:1427a6cf3083df57077db1bf0f7537713a6a481e - Cache zlib/1.2.13:9387155579217a8eec37b28e121e419c4350656c - Cache Installing (downloading, building) binaries... bzip2/1.0.8: Already installed! libelf/0.8.13: Already installed! libffi/3.4.4: Already installed! libmount/2.36.2: Already installed! zlib/1.2.13: Already installed! pcre2/10.42: Already installed! pcre2/10.42: Appending PATH environment variable: /home/conan/w/prod/BuildSingleReference/.conan/data/pcre2/10.42/_/_/package/1427a6cf3083df57077db1bf0f7537713a6a481e/bin libselinux/3.3: Already installed! glib/2.76.2: Already installed! gstreamer/1.18.4: Already installed! gstreamer/1.18.4: Appending GST_PLUGIN_PATH env var : /home/conan/w/prod/BuildSingleReference/.conan/data/gstreamer/1.18.4/_/_/package/467fc03b0f24213bb9b1cf088fa7fb20ffd79c35/lib/gstreamer-1.0 gstreamer/1.18.4: Creating GSTREAMER_ROOT env var : /home/conan/w/prod/BuildSingleReference/.conan/data/gstreamer/1.18.4/_/_/package/467fc03b0f24213bb9b1cf088fa7fb20ffd79c35 gstreamer/1.18.4: Creating GST_PLUGIN_SCANNER env var : /home/conan/w/prod/BuildSingleReference/.conan/data/gstreamer/1.18.4/_/_/package/467fc03b0f24213bb9b1cf088fa7fb20ffd79c35/bin/gstreamer-1.0/gst-plugin-scanner gstreamer/1.18.4: Creating GSTREAMER_ROOT_X86_64 env var : /home/conan/w/prod/BuildSingleReference/.conan/data/gstreamer/1.18.4/_/_/package/467fc03b0f24213bb9b1cf088fa7fb20ffd79c35 gstreamer/1.18.4 (test package): Generator txt created conanbuildinfo.txt gstreamer/1.18.4 (test package): Calling generate() gstreamer/1.18.4 (test package): Preset 'debug' added to CMakePresets.json. Invoke it manually using 'cmake --preset debug' gstreamer/1.18.4 (test package): If your CMake version is not compatible with CMakePresets (<3.19) call cmake like: 'cmake -G "Unix Makefiles" -DCMAKE_TOOLCHAIN_FILE=/home/conan/w/prod/BuildSingleReference/cci-f1d1471c/recipes/gstreamer/all/test_package/build/Debug/generators/conan_toolchain.cmake -DCMAKE_POLICY_DEFAULT_CMP0091=NEW -DCMAKE_BUILD_TYPE=Debug' gstreamer/1.18.4 (test package): Aggregating env generators gstreamer/1.18.4 (test package): Generated conaninfo.txt gstreamer/1.18.4 (test package): Generated graphinfo Using lockfile: '/home/conan/w/prod/BuildSingleReference/cci-f1d1471c/recipes/gstreamer/all/test_package/build/Debug/generators/conan.lock' Using cached profile from lockfile [HOOK - conan-center.py] pre_build(): [FPIC MANAGEMENT (KB-H007)] 'fPIC' option not found [HOOK - conan-center.py] pre_build(): [FPIC MANAGEMENT (KB-H007)] OK gstreamer/1.18.4 (test package): Calling build() gstreamer/1.18.4 (test package): CMake command: cmake -G "Unix Makefiles" -DCMAKE_TOOLCHAIN_FILE="/home/conan/w/prod/BuildSingleReference/cci-f1d1471c/recipes/gstreamer/all/test_package/build/Debug/generators/conan_toolchain.cmake" -DCMAKE_POLICY_DEFAULT_CMP0091="NEW" -DCMAKE_BUILD_TYPE="Debug" "/home/conan/w/prod/BuildSingleReference/cci-f1d1471c/recipes/gstreamer/all/test_package/." ----Running------ > cmake -G "Unix Makefiles" -DCMAKE_TOOLCHAIN_FILE="/home/conan/w/prod/BuildSingleReference/cci-f1d1471c/recipes/gstreamer/all/test_package/build/Debug/generators/conan_toolchain.cmake" -DCMAKE_POLICY_DEFAULT_CMP0091="NEW" -DCMAKE_BUILD_TYPE="Debug" "/home/conan/w/prod/BuildSingleReference/cci-f1d1471c/recipes/gstreamer/all/test_package/." ----------------- -- Using Conan toolchain: /home/conan/w/prod/BuildSingleReference/cci-f1d1471c/recipes/gstreamer/all/test_package/build/Debug/generators/conan_toolchain.cmake -- The C compiler identification is Clang 12.0.0 -- Check for working C compiler: /usr/local/bin/clang -- Check for working C compiler: /usr/local/bin/clang -- works -- Detecting C compiler ABI info -- Detecting C compiler ABI info - done -- Detecting C compile features -- Detecting C compile features - done -- Conan: Component target declared 'gstreamer::gstreamer-1.0' -- Conan: Component target declared 'gstreamer::gstreamer-base-1.0' -- Conan: Component target declared 'gstreamer::gstreamer-controller-1.0' -- Conan: Component target declared 'gstreamer::gstreamer-net-1.0' -- Conan: Component target declared 'gstreamer::gstreamer-check-1.0' -- Conan: Target declared 'gstreamer::gstreamer' -- Conan: Component target declared 'glib::glib-2.0' -- Conan: Component target declared 'glib::gmodule-no-export-2.0' -- Conan: Component target declared 'glib::gmodule-export-2.0' -- Conan: Component target declared 'glib::gmodule-2.0' -- Conan: Component target declared 'glib::gobject-2.0' -- Conan: Component target declared 'glib::gthread-2.0' -- Conan: Component target declared 'glib::gio-2.0' -- Conan: Component target declared 'glib::gresource' -- Conan: Component target declared 'glib::gio-unix-2.0' -- Conan: Target declared 'glib::glib' -- Conan: Component target declared 'PCRE2::8BIT' -- Conan: Component target declared 'PCRE2::POSIX' -- Conan: Component target declared 'PCRE2::16BIT' -- Conan: Component target declared 'PCRE2::32BIT' -- Conan: Target declared 'pcre2::pcre2' -- Conan: Target declared 'ZLIB::ZLIB' -- Conan: Target declared 'BZip2::BZip2' -- Conan: Including build module from '/home/conan/w/prod/BuildSingleReference/.conan/data/bzip2/1.0.8/_/_/package/72e6ed737694b8ba1d365cdcf09a48918afe7445/lib/cmake/conan-official-bzip2-variables.cmake' -- Conan: Target declared 'libffi::libffi' -- Conan: Target declared 'libmount::libmount' -- Conan: Component target declared 'libselinux::sepol' -- Conan: Component target declared 'libselinux::selinux' -- Conan: Target declared 'libselinux::libselinux' -- Conan: Target declared 'libelf::libelf' -- Found PkgConfig: /usr/bin/pkg-config (found version "0.29.1") -- Checking for module 'gstreamer-1.0' -- Found gstreamer-1.0, version 1.18.4 -- Checking for module 'gstreamer-base-1.0' -- Found gstreamer-base-1.0, version 1.18.4 -- Checking for module 'gstreamer-controller-1.0' -- Found gstreamer-controller-1.0, version 1.18.4 -- Checking for module 'gstreamer-net-1.0' -- Found gstreamer-net-1.0, version 1.18.4 -- Checking for module 'gstreamer-check-1.0' -- Found gstreamer-check-1.0, version 1.18.4 -- Checking for module 'gstcoreelements' -- No package 'gstcoreelements' found -- Configuring done -- Generating done -- Build files have been written to: /home/conan/w/prod/BuildSingleReference/cci-f1d1471c/recipes/gstreamer/all/test_package/build/Debug gstreamer/1.18.4 (test package): CMake command: cmake --build "/home/conan/w/prod/BuildSingleReference/cci-f1d1471c/recipes/gstreamer/all/test_package/build/Debug" '--' '-j3' ----Running------ > cmake --build "/home/conan/w/prod/BuildSingleReference/cci-f1d1471c/recipes/gstreamer/all/test_package/build/Debug" '--' '-j3' ----------------- Scanning dependencies of target test_package [ 50%] Building C object CMakeFiles/test_package.dir/test_package.c.o [100%] Linking C executable test_package [100%] Built target test_package gstreamer/1.18.4 (test package): Running test() ----Running------ > . "/home/conan/w/prod/BuildSingleReference/cci-f1d1471c/recipes/gstreamer/all/test_package/build/Debug/generators/conanrun.sh" && timeout --kill-after=10s 5s ./test_package ----------------- GStreamer version: GStreamer 1.18.4 fakesink has been created successfully fakesrc has been created successfully CMake Warning: Manually-specified variables were not used by the project: CMAKE_POLICY_DEFAULT_CMP0091
0:00:00.000106534  3815 0x1d46370 INFO   GST_INIT gst.c:586:init_pre: Initializing GStreamer Core Library version 1.18.4
0:00:00.000145697  3815 0x1d46370 INFO   GST_INIT gst.c:587:init_pre: Using library installed in /home/conan/w/prod/BuildSingleReference/.conan/data/gstreamer/1.18.4/_/_/package/467fc03b0f24213bb9b1cf088fa7fb20ffd79c35/lib
0:00:00.000160118  3815 0x1d46370 INFO   GST_INIT gst.c:607:init_pre: Linux jnlp-linux-clang-12-ubuntu16.04-1.59.0-5h3cr 5.10.162+ #1 SMP Wed Mar 1 09:59:00 UTC 2023 x86_64
0:00:00.000281422  3815 0x1d46370 DEBUG   GST_MEMORY gstallocator.c:589:_priv_gst_allocator_initialize: memory alignment: 7
0:00:00.000405693  3815 0x1d46370 TRACE   GST_REFCOUNTING gstobject.c:208:gst_object_init: 0x1d48f10 new
0:00:00.000415738  3815 0x1d46370 DEBUG   GST_MEMORY gstallocator.c:565:gst_allocator_sysmem_init: init allocator 0x1d48f10
0:00:00.000444655  3815 0x1d46370 TRACE   GST_REFCOUNTING gstobject.c:294:gst_object_ref_sink: 0x1d48f10 ref_sink 1->2
0:00:00.000456085  3815 0x1d46370 TRACE   GST_REFCOUNTING gstobject.c:238:gst_object_ref: 0x1d48f10 ref 1->2
0:00:00.000464238  3815 0x1d46370 DEBUG   GST_MEMORY gstallocator.c:207:gst_allocator_register: registering allocator 0x1d48f10 with name "SystemMemory"
0:00:00.000473703  3815 0x1d46370 TRACE   GST_REFCOUNTING gstobject.c:238:gst_object_ref: 0x1d48f10 ref 2->3
0:00:00.000535779  3815 0x1d46370 TRACE   GST_CAPS gstcaps.c:263:gst_caps_new_empty: created caps 0x1d42b60
0:00:00.000544545  3815 0x1d46370 TRACE   GST_CAPS gstcaps.c:263:gst_caps_new_empty: created caps 0x1d42be0
0:00:00.000561035  3815 0x1d46370 TRACE   caps-features gstcapsfeatures.c:191:gst_caps_features_new_empty: created caps features 0x1d41d00
0:00:00.000568463  3815 0x1d46370 TRACE   caps-features gstcapsfeatures.c:191:gst_caps_features_new_empty: created caps features 0x1d42e70
0:00:00.000577190  3815 0x1d46370 INFO   GST_INIT gstmessage.c:129:_priv_gst_message_initialize: init messages
0:00:00.000681990  3815 0x1d46370 TRACE   structure gststructure.c:287:gst_structure_new_id_empty_with_size: created structure 0x1d4c9d0
0:00:00.000697291  3815 0x1d46370 DEBUG   GST_ELEMENT_PADS gstelement.c:312:gst_element_base_class_init: type GstElement : factory (nil)
0:00:00.000747075  3815 0x1d46370 TRACE   structure gststructure.c:287:gst_structure_new_id_empty_with_size: created structure 0x1d4dad0
0:00:00.000755596  3815 0x1d46370 TRACE   GST_PERFORMANCE gststructure.c:509:gst_structure_copy: doing copy 0x1d4c9d0 -> 0x1d4dad0
0:00:00.000763073  3815 0x1d46370 DEBUG   GST_ELEMENT_PADS gstelement.c:312:gst_element_base_class_init: type GstBin : factory (nil)
0:00:00.001255005  3815 0x1d46370 INFO   GST_INIT gstcontext.c:85:_priv_gst_context_initialize: init contexts
0:00:00.001544008  3815 0x1d46370 INFO   GST_PLUGIN_LOADING gstplugin.c:325:_priv_gst_plugin_initialize: registering 0 static plugins
0:00:00.001566115  3815 0x1d46370 LOG   GST_PLUGIN_LOADING gstplugin.c:230:gst_plugin_register_static: attempting to load static plugin "staticelements" now...
0:00:00.001584586  3815 0x1d46370 TRACE   GST_REFCOUNTING gstobject.c:208:gst_object_init: 0x1d5d860 new
0:00:00.001597940  3815 0x1d46370 LOG   GST_PLUGIN_LOADING gstplugin.c:514:gst_plugin_register_func: plugin "(NULL)" looks good
0:00:00.001627475  3815 0x1d46370 TRACE   GST_REFCOUNTING gstobject.c:208:gst_object_init: 0x1d5dd20 new
0:00:00.001649340  3815 0x1d46370 TRACE   GST_REFCOUNTING gstobject.c:294:gst_object_ref_sink: 0x1d5dd20 ref_sink 1->2
0:00:00.001661276  3815 0x1d46370 TRACE   GST_REFCOUNTING gstobject.c:208:gst_object_init: 0x1d5dee0 new
0:00:00.001674058  3815 0x1d46370 LOG   GST_ELEMENT_FACTORY gstelementfactory.c:238:gst_element_register: Created new elementfactory for type GstBin
0:00:00.001684435  3815 0x1d46370 TRACE   structure gststructure.c:287:gst_structure_new_id_empty_with_size: created structure 0x1d5e140
0:00:00.001692437  3815 0x1d46370 TRACE   GST_PERFORMANCE gststructure.c:509:gst_structure_copy: doing copy 0x1d4dad0 -> 0x1d5e140
0:00:00.001706242  3815 0x1d46370 DEBUG   GST_REGISTRY gstregistry.c:590:gst_registry_add_feature: adding feature 0x1d5dee0 (bin)
0:00:00.001713676  3815 0x1d46370 DEBUG   GST_REFCOUNTING gstobject.c:709:gst_object_set_parent: set parent (ref and sink)
0:00:00.001721317  3815 0x1d46370 TRACE   GST_REFCOUNTING gstobject.c:294:gst_object_ref_sink: 0x1d5dee0 ref_sink 1->2
0:00:00.001731590  3815 0x1d46370 LOG   GST_REGISTRY gstregistry.c:608:gst_registry_add_feature: emitting feature-added for bin
0:00:00.001747834  3815 0x1d46370 TRACE   GST_REFCOUNTING gstobject.c:208:gst_object_init: 0x1d5e4b0 new
0:00:00.001758796  3815 0x1d46370 LOG   GST_ELEMENT_FACTORY gstelementfactory.c:238:gst_element_register: Created new elementfactory for type GstPipeline
0:00:00.001767045  3815 0x1d46370 TRACE   structure gststructure.c:287:gst_structure_new_id_empty_with_size: created structure 0x1d5e990
0:00:00.001774364  3815 0x1d46370 TRACE   GST_PERFORMANCE gststructure.c:509:gst_structure_copy: doing copy 0x1d4dad0 -> 0x1d5e990
0:00:00.001781419  3815 0x1d46370 DEBUG   GST_ELEMENT_PADS gstelement.c:312:gst_element_base_class_init: type GstPipeline : factory 0x1d5e4b0
0:00:00.001812334  3815 0x1d46370 TRACE   structure gststructure.c:287:gst_structure_new_id_empty_with_size: created structure 0x1d4e6b0
0:00:00.001821491  3815 0x1d46370 TRACE   GST_PERFORMANCE gststructure.c:509:gst_structure_copy: doing copy 0x1d5e990 -> 0x1d4e6b0
0:00:00.001831509  3815 0x1d46370 DEBUG   GST_REGISTRY gstregistry.c:590:gst_registry_add_feature: adding feature 0x1d5e4b0 (pipeline)
0:00:00.001837757  3815 0x1d46370 DEBUG   GST_REFCOUNTING gstobject.c:709:gst_object_set_parent: set parent (ref and sink)
0:00:00.001850639  3815 0x1d46370 TRACE   GST_REFCOUNTING gstobject.c:294:gst_object_ref_sink: 0x1d5e4b0 ref_sink 1->2
0:00:00.001888305  3815 0x1d46370 LOG   GST_REGISTRY gstregistry.c:608:gst_registry_add_feature: emitting feature-added for pipeline
0:00:00.001899180  3815 0x1d46370 LOG   GST_PLUGIN_LOADING gstplugin.c:541:gst_plugin_register_func: plugin "(NULL)" initialised
0:00:00.001906251  3815 0x1d46370 INFO   GST_PLUGIN_LOADING gstplugin.c:233:gst_plugin_register_static: registered static plugin "staticelements"
0:00:00.001914368  3815 0x1d46370 DEBUG   GST_REGISTRY gstregistry.c:474:gst_registry_add_plugin: adding plugin 0x1d5d860 for filename "(NULL)"
0:00:00.001921472  3815 0x1d46370 TRACE   GST_REFCOUNTING gstobject.c:294:gst_object_ref_sink: 0x1d5d860 ref_sink 1->2
0:00:00.001928205  3815 0x1d46370 LOG   GST_REGISTRY gstregistry.c:487:gst_registry_add_plugin: emitting plugin-added for filename "(NULL)"
0:00:00.001935058  3815 0x1d46370 INFO   GST_PLUGIN_LOADING gstplugin.c:235:gst_plugin_register_static: added static plugin "staticelements", result: 1
0:00:00.001956261  3815 0x1d46370 INFO   GST_REGISTRY gstregistry.c:1755:ensure_current_registry: reading registry cache: /home/conan/.cache/gstreamer-1.0/registry.x86_64.bin
0:00:00.002089014  3815 0x1d46370 INFO   GST_REGISTRY gstregistrybinary.c:584:priv_gst_registry_binary_read_cache: Unable to mmap file /home/conan/.cache/gstreamer-1.0/registry.x86_64.bin : Failed to open file “/home/conan/.cache/gstreamer-1.0/registry.x86_64.bin”: open() failed: No such file or directory
0:00:00.002111131  3815 0x1d46370 INFO   GST_REGISTRY gstregistrybinary.c:594:priv_gst_registry_binary_read_cache: Unable to read file /home/conan/.cache/gstreamer-1.0/registry.x86_64.bin : Failed to open file “/home/conan/.cache/gstreamer-1.0/registry.x86_64.bin”: No such file or directory
0:00:00.002118906  3815 0x1d46370 DEBUG   GST_REGISTRY gstregistry.c:1783:ensure_current_registry: Updating registry cache
0:00:00.002124917  3815 0x1d46370 INFO   GST_REGISTRY gstregistry.c:1614:scan_and_update_registry: Validating plugins from registry cache: /home/conan/.cache/gstreamer-1.0/registry.x86_64.bin
0:00:00.002130173  3815 0x1d46370 DEBUG   GST_REGISTRY gstregistry.c:1624:scan_and_update_registry: scanning paths added via --gst-plugin-path
0:00:00.002137065  3815 0x1d46370 DEBUG   GST_REGISTRY gstregistry.c:1640:scan_and_update_registry: GST_PLUGIN_PATH set to /home/conan/w/prod/BuildSingleReference/.conan/data/gstreamer/1.18.4/_/_/package/467fc03b0f24213bb9b1cf088fa7fb20ffd79c35/lib/gstreamer-1.0
0:00:00.002151171  3815 0x1d46370 DEBUG   GST_REGISTRY gstregistry.c:1380:gst_registry_scan_path_internal: scanning path /home/conan/w/prod/BuildSingleReference/.conan/data/gstreamer/1.18.4/_/_/package/467fc03b0f24213bb9b1cf088fa7fb20ffd79c35/lib/gstreamer-1.0
0:00:00.002200397  3815 0x1d46370 LOG   GST_REGISTRY gstregistry.c:1300:gst_registry_scan_path_level: file /home/conan/w/prod/BuildSingleReference/.conan/data/gstreamer/1.18.4/_/_/package/467fc03b0f24213bb9b1cf088fa7fb20ffd79c35/lib/gstreamer-1.0/libgstcoretracers.so looks like a possible module
0:00:00.002210723  3815 0x1d46370 DEBUG   GST_REGISTRY gstregistry.c:1361:gst_registry_scan_path_level: file /home/conan/w/prod/BuildSingleReference/.conan/data/gstreamer/1.18.4/_/_/package/467fc03b0f24213bb9b1cf088fa7fb20ffd79c35/lib/gstreamer-1.0/libgstcoretracers.so not yet in registry
0:00:00.002223438  3815 0x1d46370 DEBUG   GST_REGISTRY gstregistry.c:1161:gst_registry_scan_plugin_file: Starting plugin scanner for file /home/conan/w/prod/BuildSingleReference/.conan/data/gstreamer/1.18.4/_/_/package/467fc03b0f24213bb9b1cf088fa7fb20ffd79c35/lib/gstreamer-1.0/libgstcoretracers.so
0:00:00.002232378  3815 0x1d46370 TRACE   GST_REFCOUNTING gstobject.c:238:gst_object_ref: 0x1d5dd20 ref 1->2
0:00:00.002251680  3815 0x1d46370 DEBUG   GST_POLL gstpoll.c:681:gst_poll_new: 0x1d5fba0: new controllable : 0
0:00:00.002273827  3815 0x1d46370 DEBUG   GST_POLL gstpoll.c:848:gst_poll_add_fd_unlocked: 0x1d5fba0: fd (fd:4, idx:0)
0:00:00.002283642  3815 0x1d46370 DEBUG   GST_POLL gstpoll.c:1015:gst_poll_fd_ctl_read_unlocked: 0x1d5fba0: fd (fd:4, idx:0), active : 1
0:00:00.002291207  3815 0x1d46370 DEBUG   GST_REGISTRY gstregistry.c:1172:gst_registry_scan_plugin_file: Using scan-helper to load plugin /home/conan/w/prod/BuildSingleReference/.conan/data/gstreamer/1.18.4/_/_/package/467fc03b0f24213bb9b1cf088fa7fb20ffd79c35/lib/gstreamer-1.0/libgstcoretracers.so
0:00:00.002299360  3815 0x1d46370 LOG   GST_PLUGIN_LOADING gstpluginloader.c:474:gst_plugin_loader_spawn: Trying GST_PLUGIN_SCANNER env var: /home/conan/w/prod/BuildSingleReference/.conan/data/gstreamer/1.18.4/_/_/package/467fc03b0f24213bb9b1cf088fa7fb20ffd79c35/bin/gstreamer-1.0/gst-plugin-scanner
0:00:00.002306769  3815 0x1d46370 LOG   GST_PLUGIN_LOADING gstpluginloader.c:432:gst_plugin_loader_try_helper: Trying to spawn gst-plugin-scanner helper at /home/conan/w/prod/BuildSingleReference/.conan/data/gstreamer/1.18.4/_/_/package/467fc03b0f24213bb9b1cf088fa7fb20ffd79c35/bin/gstreamer-1.0/gst-plugin-scanner
0:00:00.003088434  3815 0x1d46370 DEBUG   GST_POLL gstpoll.c:848:gst_poll_add_fd_unlocked: 0x1d5fba0: fd (fd:7, idx:-1)
0:00:00.003110841  3815 0x1d46370 DEBUG   GST_POLL gstpoll.c:848:gst_poll_add_fd_unlocked: 0x1d5fba0: fd (fd:8, idx:-1)
0:00:00.003118320  3815 0x1d46370 DEBUG   GST_POLL gstpoll.c:1015:gst_poll_fd_ctl_read_unlocked: 0x1d5fba0: fd (fd:8, idx:2), active : 1
0:00:00.003125155  3815 0x1d46370 DEBUG   GST_POLL gstpoll.c:980:gst_poll_fd_ctl_write: 0x1d5fba0: fd (fd:7, idx:1), active : 1
0:00:00.003131393  3815 0x1d46370 LOG   GST_POLL gstpoll.c:994:gst_poll_fd_ctl_write: 0x1d5fba0: pfd->events now 60 (POLLOUT:4)
0:00:00.003137961  3815 0x1d46370 DEBUG   GST_POLL gstpoll.c:980:gst_poll_fd_ctl_write: 0x1d5fba0: fd (fd:7, idx:1), active : 1
0:00:00.003143710  3815 0x1d46370 LOG   GST_POLL gstpoll.c:994:gst_poll_fd_ctl_write: 0x1d5fba0: pfd->events now 60 (POLLOUT:4)
0:00:00.003155081  3815 0x1d46370 DEBUG   GST_POLL gstpoll.c:1414:gst_poll_wait: 0x1d5fba0: timeout :0:00:01.000000000
0:00:00.003173357  3815 0x1d46370 LOG   GST_PLUGIN_LOADING gstpluginloader.c:1028:exchange_packets: Poll res = 1. 24 bytes pending for write
0:00:00.003181166  3815 0x1d46370 DEBUG   GST_POLL gstpoll.c:1241:gst_poll_fd_has_error: 0x1d5fba0: fd (fd:8, idx:2) 0
0:00:00.003187476  3815 0x1d46370 DEBUG   GST_POLL gstpoll.c:1266:gst_poll_fd_can_read_unlocked: 0x1d5fba0: fd (fd:8, idx:2) 0
0:00:00.003199946  3815 0x1d46370 DEBUG   GST_POLL gstpoll.c:1195:gst_poll_fd_has_closed: 0x1d5fba0: fd (fd:8, idx:2) 0
0:00:00.003205830  3815 0x1d46370 DEBUG   GST_POLL gstpoll.c:1241:gst_poll_fd_has_error: 0x1d5fba0: fd (fd:7, idx:1) 0
0:00:00.003214911  3815 0x1d46370 DEBUG   GST_POLL gstpoll.c:1335:gst_poll_fd_can_write: 0x1d5fba0: fd (fd:7, idx:1) 1
0:00:00.003221884  3815 0x1d46370 LOG   GST_PLUGIN_LOADING gstpluginloader.c:690:write_one: Writing packet of size 12 bytes to fd 7
0:00:00.003234496  3815 0x1d46370 DEBUG   GST_POLL gstpoll.c:1414:gst_poll_wait: 0x1d5fba0: timeout :0:00:01.000000000
0:00:00.003242683  3815 0x1d46370 LOG   GST_PLUGIN_LOADING gstpluginloader.c:1028:exchange_packets: Poll res = 1. 12 bytes pending for write
0:00:00.003248858  3815 0x1d46370 DEBUG   GST_POLL gstpoll.c:1241:gst_poll_fd_has_error: 0x1d5fba0: fd (fd:8, idx:2) 0
0:00:00.003254459  3815 0x1d46370 DEBUG   GST_POLL gstpoll.c:1266:gst_poll_fd_can_read_unlocked: 0x1d5fba0: fd (fd:8, idx:2) 0
0:00:00.003263424  3815 0x1d46370 DEBUG   GST_POLL gstpoll.c:1195:gst_poll_fd_has_closed: 0x1d5fba0: fd (fd:8, idx:2) 0
0:00:00.003270224  3815 0x1d46370 DEBUG   GST_POLL gstpoll.c:1241:gst_poll_fd_has_error: 0x1d5fba0: fd (fd:7, idx:1) 0
0:00:00.003276394  3815 0x1d46370 DEBUG   GST_POLL gstpoll.c:1335:gst_poll_fd_can_write: 0x1d5fba0: fd (fd:7, idx:1) 1
0:00:00.003281831  3815 0x1d46370 LOG   GST_PLUGIN_LOADING gstpluginloader.c:690:write_one: Writing packet of size 12 bytes to fd 7
0:00:00.003289538  3815 0x1d46370 DEBUG   GST_POLL gstpoll.c:980:gst_poll_fd_ctl_write: 0x1d5fba0: fd (fd:7, idx:1), active : 0
0:00:00.003295408  3815 0x1d46370 LOG   GST_POLL gstpoll.c:994:gst_poll_fd_ctl_write: 0x1d5fba0: pfd->events now 56 (POLLOUT:4)
0:00:00.003302331  3815 0x1d46370 DEBUG   GST_POLL gstpoll.c:1414:gst_poll_wait: 0x1d5fba0: timeout :0:00:01.000000000
0:00:00.000097963  3816 0xeaa320 INFO   GST_INIT gst.c:586:init_pre: Initializing GStreamer Core Library version 1.18.4
0:00:00.000149562  3816 0xeaa320 INFO   GST_INIT gst.c:587:init_pre: Using library installed in /home/conan/w/prod/BuildSingleReference/.conan/data/gstreamer/1.18.4/_/_/package/467fc03b0f24213bb9b1cf088fa7fb20ffd79c35/lib
0:00:00.000166474  3816 0xeaa320 INFO   GST_INIT gst.c:607:init_pre: Linux jnlp-linux-clang-12-ubuntu16.04-1.59.0-5h3cr 5.10.162+ #1 SMP Wed Mar 1 09:59:00 UTC 2023 x86_64
0:00:00.000311038  3816 0xeaa320 DEBUG   GST_MEMORY gstallocator.c:589:_priv_gst_allocator_initialize: memory alignment: 7
0:00:00.000411279  3816 0xeaa320 TRACE   GST_REFCOUNTING gstobject.c:208:gst_object_init: 0xeacf90 new
0:00:00.000421216  3816 0xeaa320 DEBUG   GST_MEMORY gstallocator.c:565:gst_allocator_sysmem_init: init allocator 0xeacf90
0:00:00.000445060  3816 0xeaa320 TRACE   GST_REFCOUNTING gstobject.c:294:gst_object_ref_sink: 0xeacf90 ref_sink 1->2
0:00:00.000463769  3816 0xeaa320 TRACE   GST_REFCOUNTING gstobject.c:238:gst_object_ref: 0xeacf90 ref 1->2
0:00:00.000472051  3816 0xeaa320 DEBUG   GST_MEMORY gstallocator.c:207:gst_allocator_register: registering allocator 0xeacf90 with name "SystemMemory"
0:00:00.000481225  3816 0xeaa320 TRACE   GST_REFCOUNTING gstobject.c:238:gst_object_ref: 0xeacf90 ref 2->3
0:00:00.000539219  3816 0xeaa320 TRACE   GST_CAPS gstcaps.c:263:gst_caps_new_empty: created caps 0xea6b60
0:00:00.000548494  3816 0xeaa320 TRACE   GST_CAPS gstcaps.c:263:gst_caps_new_empty: created caps 0xea6be0
0:00:00.000565091  3816 0xeaa320 TRACE   caps-features gstcapsfeatures.c:191:gst_caps_features_new_empty: created caps features 0xea5d00
0:00:00.000572443  3816 0xeaa320 TRACE   caps-features gstcapsfeatures.c:191:gst_caps_features_new_empty: created caps features 0xea6e70
0:00:00.000581545  3816 0xeaa320 INFO   GST_INIT gstmessage.c:129:_priv_gst_message_initialize: init messages
0:00:00.000669671  3816 0xeaa320 TRACE   structure gststructure.c:287:gst_structure_new_id_empty_with_size: created structure 0xeb09c0
0:00:00.000680762  3816 0xeaa320 DEBUG   GST_ELEMENT_PADS gstelement.c:312:gst_element_base_class_init: type GstElement : factory (nil)
0:00:00.000733625  3816 0xeaa320 TRACE   structure gststructure.c:287:gst_structure_new_id_empty_with_size: created structure 0xeb1ac0
0:00:00.000744682  3816 0xeaa320 TRACE   GST_PERFORMANCE gststructure.c:509:gst_structure_copy: doing copy 0xeb09c0 -> 0xeb1ac0
0:00:00.000752965  3816 0xeaa320 DEBUG   GST_ELEMENT_PADS gstelement.c:312:gst_element_base_class_init: type GstBin : factory (nil)
0:00:00.001230341  3816 0xeaa320 INFO   GST_INIT gstcontext.c:85:_priv_gst_context_initialize: init contexts
0:00:00.001508988  3816 0xeaa320 INFO   GST_PLUGIN_LOADING gstplugin.c:325:_priv_gst_plugin_initialize: registering 0 static plugins
0:00:00.001521693  3816 0xeaa320 LOG   GST_PLUGIN_LOADING gstplugin.c:230:gst_plugin_register_static: attempting to load static plugin "staticelements" now...
0:00:00.001536244  3816 0xeaa320 TRACE   GST_REFCOUNTING gstobject.c:208:gst_object_init: 0xec1850 new
0:00:00.001548690  3816 0xeaa320 LOG   GST_PLUGIN_LOADING gstplugin.c:514:gst_plugin_register_func: plugin "(NULL)" looks good
0:00:00.001576521  3816 0xeaa320 TRACE   GST_REFCOUNTING gstobject.c:208:gst_object_init: 0xec1d10 new
0:00:00.001594666  3816 0xeaa320 TRACE   GST_REFCOUNTING gstobject.c:294:gst_object_ref_sink: 0xec1d10 ref_sink 1->2
0:00:00.001603818  3816 0xeaa320 TRACE   GST_REFCOUNTING gstobject.c:208:gst_object_init: 0xec1ed0 new
0:00:00.001615283  3816 0xeaa320 LOG   GST_ELEMENT_FACTORY gstelementfactory.c:238:gst_element_register: Created new elementfactory for type GstBin
0:00:00.001625174  3816 0xeaa320 TRACE   structure gststructure.c:287:gst_structure_new_id_empty_with_size: created structure 0xec2130
0:00:00.001643140  3816 0xeaa320 TRACE   GST_PERFORMANCE gststructure.c:509:gst_structure_copy: doing copy 0xeb1ac0 -> 0xec2130
0:00:00.001660131  3816 0xeaa320 DEBUG   GST_REGISTRY gstregistry.c:590:gst_registry_add_feature: adding feature 0xec1ed0 (bin)
0:00:00.001668982  3816 0xeaa320 DEBUG   GST_REFCOUNTING gstobject.c:709:gst_object_set_parent: set parent (ref and sink)
0:00:00.001677553  3816 0xeaa320 TRACE   GST_REFCOUNTING gstobject.c:294:gst_object_ref_sink: 0xec1ed0 ref_sink 1->2
0:00:00.001684627  3816 0xeaa320 LOG   GST_REGISTRY gstregistry.c:608:gst_registry_add_feature: emitting feature-added for bin
0:00:00.001698520  3816 0xeaa320 TRACE   GST_REFCOUNTING gstobject.c:208:gst_object_init: 0xec2490 new
0:00:00.001709226  3816 0xeaa320 LOG   GST_ELEMENT_FACTORY gstelementfactory.c:238:gst_element_register: Created new elementfactory for type GstPipeline
0:00:00.001717251  3816 0xeaa320 TRACE   structure gststructure.c:287:gst_structure_new_id_empty_with_size: created structure 0xec2970
0:00:00.001727484  3816 0xeaa320 TRACE   GST_PERFORMANCE gststructure.c:509:gst_structure_copy: doing copy 0xeb1ac0 -> 0xec2970
0:00:00.001735958  3816 0xeaa320 DEBUG   GST_ELEMENT_PADS gstelement.c:312:gst_element_base_class_init: type GstPipeline : factory 0xec2490
0:00:00.001766510  3816 0xeaa320 TRACE   structure gststructure.c:287:gst_structure_new_id_empty_with_size: created structure 0xeb26a0
0:00:00.001774145  3816 0xeaa320 TRACE   GST_PERFORMANCE gststructure.c:509:gst_structure_copy: doing copy 0xec2970 -> 0xeb26a0
0:00:00.001783807  3816 0xeaa320 DEBUG   GST_REGISTRY gstregistry.c:590:gst_registry_add_feature: adding feature 0xec2490 (pipeline)
0:00:00.001790041  3816 0xeaa320 DEBUG   GST_REFCOUNTING gstobject.c:709:gst_object_set_parent: set parent (ref and sink)
0:00:00.001797503  3816 0xeaa320 TRACE   GST_REFCOUNTING gstobject.c:294:gst_object_ref_sink: 0xec2490 ref_sink 1->2
0:00:00.001807347  3816 0xeaa320 LOG   GST_REGISTRY gstregistry.c:608:gst_registry_add_feature: emitting feature-added for pipeline
0:00:00.001814523  3816 0xeaa320 LOG   GST_PLUGIN_LOADING gstplugin.c:541:gst_plugin_register_func: plugin "(NULL)" initialised
0:00:00.001820727  3816 0xeaa320 INFO   GST_PLUGIN_LOADING gstplugin.c:233:gst_plugin_register_static: registered static plugin "staticelements"
0:00:00.001828691  3816 0xeaa320 DEBUG   GST_REGISTRY gstregistry.c:474:gst_registry_add_plugin: adding plugin 0xec1850 for filename "(NULL)"
0:00:00.001835739  3816 0xeaa320 TRACE   GST_REFCOUNTING gstobject.c:294:gst_object_ref_sink: 0xec1850 ref_sink 1->2
0:00:00.001842511  3816 0xeaa320 LOG   GST_REGISTRY gstregistry.c:487:gst_registry_add_plugin: emitting plugin-added for filename "(NULL)"
0:00:00.001849258  3816 0xeaa320 INFO   GST_PLUGIN_LOADING gstplugin.c:235:gst_plugin_register_static: added static plugin "staticelements", result: 1
0:00:00.001870755  3816 0xeaa320 DEBUG   GST_REGISTRY gstregistry.c:1786:ensure_current_registry: Not updating registry cache (disabled)
0:00:00.001880127  3816 0xeaa320 INFO   GST_REGISTRY gstregistry.c:1790:ensure_current_registry: registry reading and updating done, result = 1
0:00:00.001885593  3816 0xeaa320 LOG   GST_REGISTRY gstregistry.c:1866:gst_update_registry: registry update succeeded
0:00:00.001896897  3816 0xeaa320 INFO   GST_INIT gst.c:807:init_post: GLib runtime version: 2.76.2
0:00:00.001903855  3816 0xeaa320 INFO   GST_INIT gst.c:809:init_post: GLib headers version: 2.76.2
0:00:00.001909072  3816 0xeaa320 INFO   GST_INIT gst.c:810:init_post: initialized GStreamer successfully
0:00:00.001914768  3816 0xeaa320 DEBUG   default gsttracerutils.c:77:_priv_gst_tracing_init: Initializing GstTracer
0:00:00.001941280  3816 0xeaa320 DEBUG   GST_POLL gstpoll.c:681:gst_poll_new: 0xeb2810: new controllable : 0
0:00:00.001965574  3816 0xeaa320 DEBUG   GST_POLL gstpoll.c:848:gst_poll_add_fd_unlocked: 0xeb2810: fd (fd:3, idx:0)
0:00:00.001973577  3816 0xeaa320 DEBUG   GST_POLL gstpoll.c:1015:gst_poll_fd_ctl_read_unlocked: 0xeb2810: fd (fd:3, idx:0), active : 1
0:00:00.001989511  3816 0xeaa320 DEBUG   GST_POLL gstpoll.c:848:gst_poll_add_fd_unlocked: 0xeb2810: fd (fd:0, idx:-1)
0:00:00.001997565  3816 0xeaa320 DEBUG   GST_POLL gstpoll.c:848:gst_poll_add_fd_unlocked: 0xeb2810: fd (fd:5, idx:-1)
0:00:00.002004978  3816 0xeaa320 DEBUG   GST_POLL gstpoll.c:1015:gst_poll_fd_ctl_read_unlocked: 0xeb2810: fd (fd:5, idx:2), active : 1
0:00:00.002010222  3816 0xeaa320 DEBUG   GST_PLUGIN_LOADING gstpluginloader.c:583:_gst_plugin_loader_client_run: Plugin scanner child running. Waiting for instructions
0:00:00.002019087  3816 0xeaa320 DEBUG   GST_POLL gstpoll.c:1414:gst_poll_wait: 0xeb2810: timeout :0:00:01.000000000
0:00:00.002031696  3816 0xeaa320 LOG   GST_PLUGIN_LOADING gstpluginloader.c:1028:exchange_packets: Poll res = 1. 0 bytes pending for write
0:00:00.002042058  3816 0xeaa320 DEBUG   GST_POLL gstpoll.c:1241:gst_poll_fd_has_error: 0xeb2810: fd (fd:5, idx:2) 0
0:00:00.002049512  3816 0xeaa320 DEBUG   GST_POLL gstpoll.c:1266:gst_poll_fd_can_read_unlocked: 0xeb2810: fd (fd:5, idx:2) 1
0:00:00.002107299  3816 0xeaa320 LOG   GST_PLUGIN_LOADING gstpluginloader.c:1006:read_one: No payload to read for 0 length packet type 5 tag 0
0:00:00.002119757  3816 0xeaa320 DEBUG   GST_POLL gstpoll.c:980:gst_poll_fd_ctl_write: 0xeb2810: fd (fd:0, idx:1), active : 1
0:00:00.002128945  3816 0xeaa320 LOG   GST_POLL gstpoll.c:994:gst_poll_fd_ctl_write: 0xeb2810: pfd->events now 60 (POLLOUT:4)
0:00:00.002139131  3816 0xeaa320 LOG   GST_PLUGIN_LOADING gstpluginloader.c:934:handle_rx_packet: Got VERSION in child - replying 3
0:00:00.002153563  3816 0xeaa320 DEBUG   GST_POLL gstpoll.c:1241:gst_poll_fd_has_error: 0xeb2810: fd (fd:0, idx:1) 0
0:00:00.002160214  3816 0xeaa320 DEBUG   GST_POLL gstpoll.c:1335:gst_poll_fd_can_write: 0xeb2810: fd (fd:0, idx:1) 0
0:00:00.002172068  3816 0xeaa320 DEBUG   GST_POLL gstpoll.c:1195:gst_poll_fd_has_closed: 0xeb2810: fd (fd:0, idx:1) 0
0:00:00.002179370  3816 0xeaa320 DEBUG   GST_POLL gstpoll.c:1414:gst_poll_wait: 0xeb2810: timeout :0:00:01.000000000
0:00:00.002188065  3816 0xeaa320 LOG   GST_PLUGIN_LOADING gstpluginloader.c:1028:exchange_packets: Poll res = 2. 80 bytes pending for write
0:00:00.002197897  3816 0xeaa320 DEBUG   GST_POLL gstpoll.c:1241:gst_poll_fd_has_error: 0xeb2810: fd (fd:5, idx:2) 0
0:00:00.002205403  3816 0xeaa320 DEBUG   GST_POLL gstpoll.c:1266:gst_poll_fd_can_read_unlocked: 0xeb2810: fd (fd:5, idx:2) 1
0:00:00.002213610  3816 0xeaa320 LOG   GST_PLUGIN_LOADING gstpluginloader.c:1006:read_one: No payload to read for 0 length packet type 3 tag 0
0:00:00.002220735  3816 0xeaa320 DEBUG   GST_POLL gstpoll.c:980:gst_poll_fd_ctl_write: 0xeb2810: fd (fd:0, idx:1), active : 1
0:00:00.002226716  3816 0xeaa320 LOG   GST_POLL gstpoll.c:994:gst_poll_fd_ctl_write: 0xeb2810: pfd->events now 60 (POLLOUT:4)
0:00:00.002231666  3816 0xeaa320 LOG   GST_PLUGIN_LOADING gstpluginloader.c:919:handle_rx_packet: Got SYNC in child - replying
0:00:00.002238215  3816 0xeaa320 DEBUG   GST_POLL gstpoll.c:1241:gst_poll_fd_has_error: 0xeb2810: fd (fd:0, idx:1) 0
0:00:00.002247151  3816 0xeaa320 DEBUG   GST_POLL gstpoll.c:1335:gst_poll_fd_can_write: 0xeb2810: fd (fd:0, idx:1) 1
0:00:00.002253693  3816 0xeaa320 LOG   GST_PLUGIN_LOADING gstpluginloader.c:690:write_one: Writing packet of size 80 bytes to fd 0
0:00:00.002274603  3816 0xeaa320 DEBUG   GST_POLL gstpoll.c:1414:gst_poll_wait: 0xeb2810: timeout :0:00:01.000000000
0:00:00.002283677  3816 0xeaa320 LOG   GST_PLUGIN_LOADING gstpluginloader.c:1028:exchange_packets: Poll res = 1. 12 bytes pending for write
0:00:00.002290293  3816 0xeaa320 DEBUG   GST_POLL gstpoll.c:1241:gst_poll_fd_has_error: 0xeb2810: fd (fd:5, idx:2) 0
0:00:00.007088199  3815 0x1d46370 LOG   GST_PLUGIN_LOADING gstpluginloader.c:1028:exchange_packets: Poll res = 1. 0 bytes pending for write
0:00:00.002296015  3816 0xeaa320 DEBUG   GST_POLL gstpoll.c:1266:gst_poll_fd_can_read_unlocked: 0xeb2810: fd (fd:5, idx:2) 0
0:00:00.007104017  3815 0x1d46370 DEBUG   GST_POLL gstpoll.c:1241:gst_poll_fd_has_error: 0x1d5fba0: fd (fd:8, idx:2) 0
0:00:00.002308634  3816 0xeaa320 DEBUG   GST_POLL gstpoll.c:1195:gst_poll_fd_has_closed: 0xeb2810: fd (fd:5, idx:2) 0
0:00:00.007111011  3815 0x1d46370 DEBUG   GST_POLL gstpoll.c:1266:gst_poll_fd_can_read_unlocked: 0x1d5fba0: fd (fd:8, idx:2) 1
0:00:00.002315792  3816 0xeaa320 DEBUG   GST_POLL gstpoll.c:1241:gst_poll_fd_has_error: 0xeb2810: fd (fd:0, idx:1) 0
0:00:00.002322455  3816 0xeaa320 DEBUG   GST_POLL gstpoll.c:1335:gst_poll_fd_can_write: 0xeb2810: fd (fd:0, idx:1) 1
0:00:00.007126172  3815 0x1d46370 LOG   GST_PLUGIN_LOADING gstpluginloader.c:805:check_protocol_version: Got VERSION 3 from child. Ours is 3
0:00:00.002327868  3816 0xeaa320 LOG   GST_PLUGIN_LOADING gstpluginloader.c:690:write_one: Writing packet of size 12 bytes to fd 0
0:00:00.007135556  3815 0x1d46370 DEBUG   GST_POLL gstpoll.c:1414:gst_poll_wait: 0x1d5fba0: timeout :0:00:01.000000000
0:00:00.002343319  3816 0xeaa320 DEBUG   GST_POLL gstpoll.c:980:gst_poll_fd_ctl_write: 0xeb2810: fd (fd:0, idx:1), active : 0
0:00:00.007146955  3815 0x1d46370 LOG   GST_PLUGIN_LOADING gstpluginloader.c:1028:exchange_packets: Poll res = 1. 0 bytes pending for write
0:00:00.002349979  3816 0xeaa320 LOG   GST_POLL gstpoll.c:994:gst_poll_fd_ctl_write: 0xeb2810: pfd->events now 56 (POLLOUT:4)
0:00:00.007156056  3815 0x1d46370 DEBUG   GST_POLL gstpoll.c:1241:gst_poll_fd_has_error: 0x1d5fba0: fd (fd:8, idx:2) 0
0:00:00.002360038  3816 0xeaa320 DEBUG   GST_POLL gstpoll.c:1414:gst_poll_wait: 0xeb2810: timeout :0:00:01.000000000
0:00:00.007162867  3815 0x1d46370 DEBUG   GST_POLL gstpoll.c:1266:gst_poll_fd_can_read_unlocked: 0x1d5fba0: fd (fd:8, idx:2) 1
0:00:00.007171235  3815 0x1d46370 LOG   GST_PLUGIN_LOADING gstpluginloader.c:1006:read_one: No payload to read for 0 length packet type 3 tag 0
0:00:00.007181788  3815 0x1d46370 LOG   GST_PLUGIN_LOADING gstpluginloader.c:236:plugin_loader_load: Sending file /home/conan/w/prod/BuildSingleReference/.conan/data/gstreamer/1.18.4/_/_/package/467fc03b0f24213bb9b1cf088fa7fb20ffd79c35/lib/gstreamer-1.0/libgstcoretracers.so to child. tag 0
0:00:00.007189583  3815 0x1d46370 DEBUG   GST_POLL gstpoll.c:980:gst_poll_fd_ctl_write: 0x1d5fba0: fd (fd:7, idx:1), active : 1
0:00:00.007195519  3815 0x1d46370 LOG   GST_POLL gstpoll.c:994:gst_poll_fd_ctl_write: 0x1d5fba0: pfd->events now 60 (POLLOUT:4)
0:00:00.007205699  3815 0x1d46370 DEBUG   GST_POLL gstpoll.c:1414:gst_poll_wait: 0x1d5fba0: timeout :0:00:01.000000000
0:00:00.007214731  3815 0x1d46370 LOG   GST_PLUGIN_LOADING gstpluginloader.c:1028:exchange_packets: Poll res = 1. 173 bytes pending for write
0:00:00.007221399  3815 0x1d46370 DEBUG   GST_POLL gstpoll.c:1241:gst_poll_fd_has_error: 0x1d5fba0: fd (fd:8, idx:2) 0
0:00:00.007227463  3815 0x1d46370 DEBUG   GST_POLL gstpoll.c:1266:gst_poll_fd_can_read_unlocked: 0x1d5fba0: fd (fd:8, idx:2) 0
0:00:00.007233267  3815 0x1d46370 DEBUG   GST_POLL gstpoll.c:1195:gst_poll_fd_has_closed: 0x1d5fba0: fd (fd:8, idx:2) 0
0:00:00.007238835  3815 0x1d46370 DEBUG   GST_POLL gstpoll.c:1241:gst_poll_fd_has_error: 0x1d5fba0: fd (fd:7, idx:1) 0
0:00:00.007244454  3815 0x1d46370 DEBUG   GST_POLL gstpoll.c:1335:gst_poll_fd_can_write: 0x1d5fba0: fd (fd:7, idx:1) 1
0:00:00.007253225  3815 0x1d46370 LOG   GST_PLUGIN_LOADING gstpluginloader.c:690:write_one: Writing packet of size 173 bytes to fd 7
0:00:00.007270341  3815 0x1d46370 DEBUG   GST_POLL gstpoll.c:980:gst_poll_fd_ctl_write: 0x1d5fba0: fd (fd:7, idx:1), active : 0
0:00:00.007276925  3815 0x1d46370 LOG   GST_POLL gstpoll.c:994:gst_poll_fd_ctl_write: 0x1d5fba0: pfd->events now 56 (POLLOUT:4)
0:00:00.002489530  3816 0xeaa320 LOG   GST_PLUGIN_LOADING gstpluginloader.c:1028:exchange_packets: Poll res = 1. 0 bytes pending for write
0:00:00.007301066  3815 0x1d46370 LOG   GST_REGISTRY gstregistry.c:1300:gst_registry_scan_path_level: file /home/conan/w/prod/BuildSingleReference/.conan/data/gstreamer/1.18.4/_/_/package/467fc03b0f24213bb9b1cf088fa7fb20ffd79c35/lib/gstreamer-1.0/libgstcoreelements.so looks like a possible module
0:00:00.002504257  3816 0xeaa320 DEBUG   GST_POLL gstpoll.c:1241:gst_poll_fd_has_error: 0xeb2810: fd (fd:5, idx:2) 0
0:00:00.002512652  3816 0xeaa320 DEBUG   GST_POLL gstpoll.c:1266:gst_poll_fd_can_read_unlocked: 0xeb2810: fd (fd:5, idx:2) 1
0:00:00.007313950  3815 0x1d46370 DEBUG   GST_REGISTRY gstregistry.c:1361:gst_registry_scan_path_level: file /home/conan/w/prod/BuildSingleReference/.conan/data/gstreamer/1.18.4/_/_/package/467fc03b0f24213bb9b1cf088fa7fb20ffd79c35/lib/gstreamer-1.0/libgstcoreelements.so not yet in registry
0:00:00.002522439  3816 0xeaa320 DEBUG   GST_PLUGIN_LOADING gstpluginloader.c:722:do_plugin_load: Plugin scanner loading file /home/conan/w/prod/BuildSingleReference/.conan/data/gstreamer/1.18.4/_/_/package/467fc03b0f24213bb9b1cf088fa7fb20ffd79c35/lib/gstreamer-1.0/libgstcoretracers.so. tag 0
0:00:00.007323393  3815 0x1d46370 DEBUG   GST_REGISTRY gstregistry.c:1172:gst_registry_scan_plugin_file: Using scan-helper to load plugin /home/conan/w/prod/BuildSingleReference/.conan/data/gstreamer/1.18.4/_/_/package/467fc03b0f24213bb9b1cf088fa7fb20ffd79c35/lib/gstreamer-1.0/libgstcoreelements.so
0:00:00.007333472  3815 0x1d46370 LOG   GST_PLUGIN_LOADING gstpluginloader.c:236:plugin_loader_load: Sending file /home/conan/w/prod/BuildSingleReference/.conan/data/gstreamer/1.18.4/_/_/package/467fc03b0f24213bb9b1cf088fa7fb20ffd79c35/lib/gstreamer-1.0/libgstcoreelements.so to child. tag 1
0:00:00.002534862  3816 0xeaa320 DEBUG   GST_PLUGIN_LOADING gstplugin.c:768:_priv_gst_plugin_load_file_for_registry: attempt to load plugin "/home/conan/w/prod/BuildSingleReference/.conan/data/gstreamer/1.18.4/_/_/package/467fc03b0f24213bb9b1cf088fa7fb20ffd79c35/lib/gstreamer-1.0/libgstcoretracers.so"
0:00:00.007341104  3815 0x1d46370 DEBUG   GST_POLL gstpoll.c:980:gst_poll_fd_ctl_write: 0x1d5fba0: fd (fd:7, idx:1), active : 1
0:00:00.007347669  3815 0x1d46370 LOG   GST_POLL gstpoll.c:994:gst_poll_fd_ctl_write: 0x1d5fba0: pfd->events now 60 (POLLOUT:4)
0:00:00.007354816  3815 0x1d46370 DEBUG   GST_POLL gstpoll.c:1414:gst_poll_wait: 0x1d5fba0: timeout :0:00:01.000000000
0:00:00.007362851  3815 0x1d46370 LOG   GST_PLUGIN_LOADING gstpluginloader.c:1028:exchange_packets: Poll res = 1. 174 bytes pending for write
0:00:00.007375388  3815 0x1d46370 DEBUG   GST_POLL gstpoll.c:1241:gst_poll_fd_has_error: 0x1d5fba0: fd (fd:8, idx:2) 0
0:00:00.007384915  3815 0x1d46370 DEBUG   GST_POLL gstpoll.c:1266:gst_poll_fd_can_read_unlocked: 0x1d5fba0: fd (fd:8, idx:2) 0
0:00:00.007391415  3815 0x1d46370 DEBUG   GST_POLL gstpoll.c:1195:gst_poll_fd_has_closed: 0x1d5fba0: fd (fd:8, idx:2) 0
0:00:00.007397467  3815 0x1d46370 DEBUG   GST_POLL gstpoll.c:1241:gst_poll_fd_has_error: 0x1d5fba0: fd (fd:7, idx:1) 0
0:00:00.007403452  3815 0x1d46370 DEBUG   GST_POLL gstpoll.c:1335:gst_poll_fd_can_write: 0x1d5fba0: fd (fd:7, idx:1) 1
0:00:00.007409071  3815 0x1d46370 LOG   GST_PLUGIN_LOADING gstpluginloader.c:690:write_one: Writing packet of size 174 bytes to fd 7
0:00:00.007424387  3815 0x1d46370 DEBUG   GST_POLL gstpoll.c:980:gst_poll_fd_ctl_write: 0x1d5fba0: fd (fd:7, idx:1), active : 0
0:00:00.007433560  3815 0x1d46370 LOG   GST_POLL gstpoll.c:994:gst_poll_fd_ctl_write: 0x1d5fba0: pfd->events now 56 (POLLOUT:4)
0:00:00.007455847  3815 0x1d46370 DEBUG   GST_REGISTRY gstregistry.c:1384:gst_registry_scan_path_internal: registry changed in path /home/conan/w/prod/BuildSingleReference/.conan/data/gstreamer/1.18.4/_/_/package/467fc03b0f24213bb9b1cf088fa7fb20ffd79c35/lib/gstreamer-1.0: 0
0:00:00.007463905  3815 0x1d46370 DEBUG   GST_REGISTRY gstregistry.c:1659:scan_and_update_registry: GST_PLUGIN_SYSTEM_PATH not set
0:00:00.007473882  3815 0x1d46370 DEBUG   GST_REGISTRY gstregistry.c:1666:scan_and_update_registry: scanning home plugins /home/conan/.local/share/gstreamer-1.0/plugins
0:00:00.007479905  3815 0x1d46370 DEBUG   GST_REGISTRY gstregistry.c:1380:gst_registry_scan_path_internal: scanning path /home/conan/.local/share/gstreamer-1.0/plugins
0:00:00.007504704  3815 0x1d46370 DEBUG   GST_REGISTRY gstregistry.c:1384:gst_registry_scan_path_internal: registry changed in path /home/conan/.local/share/gstreamer-1.0/plugins: 0
0:00:00.007512142  3815 0x1d46370 DEBUG   GST_REGISTRY gstregistry.c:1691:scan_and_update_registry: scanning main plugins /home/conan/w/prod/BuildSingleReference/.conan/data/gstreamer/1.18.4/_/_/package/467fc03b0f24213bb9b1cf088fa7fb20ffd79c35/lib/gstreamer-1.0
0:00:00.007518660  3815 0x1d46370 DEBUG   GST_REGISTRY gstregistry.c:1380:gst_registry_scan_path_internal: scanning path /home/conan/w/prod/BuildSingleReference/.conan/data/gstreamer/1.18.4/_/_/package/467fc03b0f24213bb9b1cf088fa7fb20ffd79c35/lib/gstreamer-1.0
0:00:00.007553920  3815 0x1d46370 LOG   GST_REGISTRY gstregistry.c:1300:gst_registry_scan_path_level: file /home/conan/w/prod/BuildSingleReference/.conan/data/gstreamer/1.18.4/_/_/package/467fc03b0f24213bb9b1cf088fa7fb20ffd79c35/lib/gstreamer-1.0/libgstcoretracers.so looks like a possible module
0:00:00.007563323  3815 0x1d46370 DEBUG   GST_REGISTRY gstregistry.c:1361:gst_registry_scan_path_level: file /home/conan/w/prod/BuildSingleReference/.conan/data/gstreamer/1.18.4/_/_/package/467fc03b0f24213bb9b1cf088fa7fb20ffd79c35/lib/gstreamer-1.0/libgstcoretracers.so not yet in registry
0:00:00.007569879  3815 0x1d46370 DEBUG   GST_REGISTRY gstregistry.c:1172:gst_registry_scan_plugin_file: Using scan-helper to load plugin /home/conan/w/prod/BuildSingleReference/.conan/data/gstreamer/1.18.4/_/_/package/467fc03b0f24213bb9b1cf088fa7fb20ffd79c35/lib/gstreamer-1.0/libgstcoretracers.so
0:00:00.007577251  3815 0x1d46370 LOG   GST_PLUGIN_LOADING gstpluginloader.c:236:plugin_loader_load: Sending file /home/conan/w/prod/BuildSingleReference/.conan/data/gstreamer/1.18.4/_/_/package/467fc03b0f24213bb9b1cf088fa7fb20ffd79c35/lib/gstreamer-1.0/libgstcoretracers.so to child. tag 2
0:00:00.007585240  3815 0x1d46370 DEBUG   GST_POLL gstpoll.c:980:gst_poll_fd_ctl_write: 0x1d5fba0: fd (fd:7, idx:1), active : 1
0:00:00.007591683  3815 0x1d46370 LOG   GST_POLL gstpoll.c:994:gst_poll_fd_ctl_write: 0x1d5fba0: pfd->events now 60 (POLLOUT:4)
0:00:00.007601794  3815 0x1d46370 DEBUG   GST_POLL gstpoll.c:1414:gst_poll_wait: 0x1d5fba0: timeout :0:00:01.000000000
0:00:00.002812715  3816 0xeaa320 TRACE   GST_REFCOUNTING gstobject.c:208:gst_object_init: 0xec3e80 new
0:00:00.007616029  3815 0x1d46370 LOG   GST_PLUGIN_LOADING gstpluginloader.c:1028:exchange_packets: Poll res = 1. 173 bytes pending for write
0:00:00.007626779  3815 0x1d46370 DEBUG   GST_POLL gstpoll.c:1241:gst_poll_fd_has_error: 0x1d5fba0: fd (fd:8, idx:2) 0
0:00:00.007632947  3815 0x1d46370 DEBUG   GST_POLL gstpoll.c:1266:gst_poll_fd_can_read_unlocked: 0x1d5fba0: fd (fd:8, idx:2) 0
0:00:00.007638678  3815 0x1d46370 DEBUG   GST_POLL gstpoll.c:1195:gst_poll_fd_has_closed: 0x1d5fba0: fd (fd:8, idx:2) 0
0:00:00.002838917  3816 0xeaa320 LOG   GST_PLUGIN_LOADING gstplugin.c:890:_priv_gst_plugin_load_file_for_registry: Plugin 0xec3e80 for file "/home/conan/w/prod/BuildSingleReference/.conan/data/gstreamer/1.18.4/_/_/package/467fc03b0f24213bb9b1cf088fa7fb20ffd79c35/lib/gstreamer-1.0/libgstcoretracers.so" prepared, calling entry function...
0:00:00.007644496  3815 0x1d46370 DEBUG   GST_POLL gstpoll.c:1241:gst_poll_fd_has_error: 0x1d5fba0: fd (fd:7, idx:1) 0
0:00:00.007650801  3815 0x1d46370 DEBUG   GST_POLL gstpoll.c:1335:gst_poll_fd_can_write: 0x1d5fba0: fd (fd:7, idx:1) 1
0:00:00.002854037  3816 0xeaa320 LOG   GST_PLUGIN_LOADING gstplugin.c:897:_priv_gst_plugin_load_file_for_registry: Plugin 0xec3e80 for file "/home/conan/w/prod/BuildSingleReference/.conan/data/gstreamer/1.18.4/_/_/package/467fc03b0f24213bb9b1cf088fa7fb20ffd79c35/lib/gstreamer-1.0/libgstcoretracers.so" prepared, registering...
0:00:00.007659239  3815 0x1d46370 LOG   GST_PLUGIN_LOADING gstpluginloader.c:690:write_one: Writing packet of size 173 bytes to fd 7
0:00:00.002862824  3816 0xeaa320 LOG   GST_PLUGIN_LOADING gstplugin.c:514:gst_plugin_register_func: plugin "/home/conan/w/prod/BuildSingleReference/.conan/data/gstreamer/1.18.4/_/_/package/467fc03b0f24213bb9b1cf088fa7fb20ffd79c35/lib/gstreamer-1.0/libgstcoretracers.so" looks good
0:00:00.007668744  3815 0x1d46370 DEBUG   GST_POLL gstpoll.c:980:gst_poll_fd_ctl_write: 0x1d5fba0: fd (fd:7, idx:1), active : 0
0:00:00.007675023  3815 0x1d46370 LOG   GST_POLL gstpoll.c:994:gst_poll_fd_ctl_write: 0x1d5fba0: pfd->events now 56 (POLLOUT:4)
0:00:00.002887726  3816 0xeaa320 TRACE   GST_REFCOUNTING gstobject.c:208:gst_object_init: 0xec4160 new
0:00:00.007688656  3815 0x1d46370 LOG   GST_REGISTRY gstregistry.c:1300:gst_registry_scan_path_level: file /home/conan/w/prod/BuildSingleReference/.conan/data/gstreamer/1.18.4/_/_/package/467fc03b0f24213bb9b1cf088fa7fb20ffd79c35/lib/gstreamer-1.0/libgstcoreelements.so looks like a possible module
0:00:00.007696910  3815 0x1d46370 DEBUG   GST_REGISTRY gstregistry.c:1361:gst_registry_scan_path_level: file /home/conan/w/prod/BuildSingleReference/.conan/data/gstreamer/1.18.4/_/_/package/467fc03b0f24213bb9b1cf088fa7fb20ffd79c35/lib/gstreamer-1.0/libgstcoreelements.so not yet in registry
0:00:00.002899857  3816 0xeaa320 DEBUG   GST_TRACER gsttracer.c:169:gst_tracer_register: new tracer factory for latency
0:00:00.007702838  3815 0x1d46370 DEBUG   GST_REGISTRY gstregistry.c:1172:gst_registry_scan_plugin_file: Using scan-helper to load plugin /home/conan/w/prod/BuildSingleReference/.conan/data/gstreamer/1.18.4/_/_/package/467fc03b0f24213bb9b1cf088fa7fb20ffd79c35/lib/gstreamer-1.0/libgstcoreelements.so
0:00:00.002910386  3816 0xeaa320 DEBUG   GST_TRACER gsttracer.c:177:gst_tracer_register: tracer factory for 15472352:GstLatencyTracer
0:00:00.007717637  3815 0x1d46370 LOG   GST_PLUGIN_LOADING gstpluginloader.c:236:plugin_loader_load: Sending file /home/conan/w/prod/BuildSingleReference/.conan/data/gstreamer/1.18.4/_/_/package/467fc03b0f24213bb9b1cf088fa7fb20ffd79c35/lib/gstreamer-1.0/libgstcoreelements.so to child. tag 3
0:00:00.002923184  3816 0xeaa320 DEBUG   GST_REGISTRY gstregistry.c:590:gst_registry_add_feature: adding feature 0xec4160 (latency)
0:00:00.007726256  3815 0x1d46370 DEBUG   GST_POLL gstpoll.c:980:gst_poll_fd_ctl_write: 0x1d5fba0: fd (fd:7, idx:1), active : 1
0:00:00.002931199  3816 0xeaa320 DEBUG   GST_REFCOUNTING gstobject.c:709:gst_object_set_parent: set parent (ref and sink)
0:00:00.007733034  3815 0x1d46370 LOG   GST_POLL gstpoll.c:994:gst_poll_fd_ctl_write: 0x1d5fba0: pfd->events now 60 (POLLOUT:4)
0:00:00.002939502  3816 0xeaa320 TRACE   GST_REFCOUNTING gstobject.c:294:gst_object_ref_sink: 0xec4160 ref_sink 1->2
0:00:00.007740598  3815 0x1d46370 DEBUG   GST_POLL gstpoll.c:1414:gst_poll_wait: 0x1d5fba0: timeout :0:00:01.000000000
0:00:00.002947230  3816 0xeaa320 LOG   GST_REGISTRY gstregistry.c:608:gst_registry_add_feature: emitting feature-added for latency
