0:00:00.016932857  3816 0xeaa320 DEBUG   GST_POLL gstpoll.c:980:gst_poll_fd_ctl_write: 0xeb2810: fd (fd:0, idx:1), active : 1
0:00:00.021735421  3815 0x1d46370 DEBUG   GST_REGISTRY gstregistrychunks.c:526:gst_registry_chunks_load_pad_template: Reading/casting for GstRegistryChunkPadTemplate at address 0x1d62a80
0:00:00.016939884  3816 0xeaa320 LOG   GST_POLL gstpoll.c:994:gst_poll_fd_ctl_write: 0xeb2810: pfd->events now 60 (POLLOUT:4)
0:00:00.021742121  3815 0x1d46370 DEBUG   GST_REGISTRY gstregistrychunks.c:539:gst_registry_chunks_load_pad_template: Added pad_template src
0:00:00.016946999  3816 0xeaa320 DEBUG   GST_POLL gstpoll.c:980:gst_poll_fd_ctl_write: 0xeb2810: fd (fd:0, idx:1), active : 1
0:00:00.021749177  3815 0x1d46370 DEBUG   GST_REGISTRY gstregistrychunks.c:639:gst_registry_chunks_load_feature: Reading 1 UriTypes at address 0x1d62a90
0:00:00.016953110  3816 0xeaa320 LOG   GST_POLL gstpoll.c:994:gst_poll_fd_ctl_write: 0xeb2810: pfd->events now 60 (POLLOUT:4)
0:00:00.021756173  3815 0x1d46370 DEBUG   GST_REGISTRY gstregistrychunks.c:654:gst_registry_chunks_load_feature: Reading 1 Interfaces at address 0x1d62a99
0:00:00.016960024  3816 0xeaa320 DEBUG   GST_POLL gstpoll.c:980:gst_poll_fd_ctl_write: 0xeb2810: fd (fd:0, idx:1), active : 1
0:00:00.016966576  3816 0xeaa320 LOG   GST_POLL gstpoll.c:994:gst_poll_fd_ctl_write: 0xeb2810: pfd->events now 60 (POLLOUT:4)
0:00:00.021767222  3815 0x1d46370 DEBUG   GST_REGISTRY gstregistry.c:590:gst_registry_add_feature: adding feature 0x1d65bc0 (filesrc)
0:00:00.016972413  3816 0xeaa320 DEBUG   GST_POLL gstpoll.c:980:gst_poll_fd_ctl_write: 0xeb2810: fd (fd:0, idx:1), active : 1
0:00:00.021773799  3815 0x1d46370 DEBUG   GST_REFCOUNTING gstobject.c:709:gst_object_set_parent: set parent (ref and sink)
0:00:00.016981069  3816 0xeaa320 LOG   GST_POLL gstpoll.c:994:gst_poll_fd_ctl_write: 0xeb2810: pfd->events now 60 (POLLOUT:4)
0:00:00.021781748  3815 0x1d46370 TRACE   GST_REFCOUNTING gstobject.c:294:gst_object_ref_sink: 0x1d65bc0 ref_sink 1->2
0:00:00.016988940  3816 0xeaa320 DEBUG   GST_POLL gstpoll.c:980:gst_poll_fd_ctl_write: 0xeb2810: fd (fd:0, idx:1), active : 1
0:00:00.021792158  3815 0x1d46370 LOG   GST_REGISTRY gstregistry.c:608:gst_registry_add_feature: emitting feature-added for filesrc
0:00:00.016995506  3816 0xeaa320 LOG   GST_POLL gstpoll.c:994:gst_poll_fd_ctl_write: 0xeb2810: pfd->events now 60 (POLLOUT:4)
0:00:00.021800814  3815 0x1d46370 DEBUG   GST_REGISTRY gstregistrychunks.c:741:gst_registry_chunks_load_feature: Added feature filesrc, plugin 0x1d60220 coreelements
0:00:00.017003648  3816 0xeaa320 DEBUG   GST_POLL gstpoll.c:980:gst_poll_fd_ctl_write: 0xeb2810: fd (fd:0, idx:1), active : 1
0:00:00.021812976  3815 0x1d46370 DEBUG   GST_REGISTRY gstregistrychunks.c:583:gst_registry_chunks_load_feature: Plugin 'coreelements' feature 'fdsink' typename : 'GstElementFactory'
0:00:00.017015658  3816 0xeaa320 LOG   GST_POLL gstpoll.c:994:gst_poll_fd_ctl_write: 0xeb2810: pfd->events now 60 (POLLOUT:4)
0:00:00.017023560  3816 0xeaa320 DEBUG   GST_POLL gstpoll.c:980:gst_poll_fd_ctl_write: 0xeb2810: fd (fd:0, idx:1), active : 1
0:00:00.021822624  3815 0x1d46370 TRACE   GST_REFCOUNTING gstobject.c:208:gst_object_init: 0x1d663d0 new
0:00:00.017029257  3816 0xeaa320 LOG   GST_POLL gstpoll.c:994:gst_poll_fd_ctl_write: 0xeb2810: pfd->events now 60 (POLLOUT:4)
0:00:00.021832408  3815 0x1d46370 LOG   GST_REGISTRY gstregistrychunks.c:610:gst_registry_chunks_load_feature: Reading/casting for GstRegistryChunkElementFactory at address 0x1d62ac0
0:00:00.017035964  3816 0xeaa320 DEBUG   GST_POLL gstpoll.c:980:gst_poll_fd_ctl_write: 0xeb2810: fd (fd:0, idx:1), active : 1
0:00:00.021839696  3815 0x1d46370 TRACE   structure gststructure.c:287:gst_structure_new_id_empty_with_size: created structure 0x1d66590
0:00:00.017044971  3816 0xeaa320 LOG   GST_POLL gstpoll.c:994:gst_poll_fd_ctl_write: 0xeb2810: pfd->events now 60 (POLLOUT:4)
0:00:00.021846201  3815 0x1d46370 DEBUG   structure gststructure.c:2203:gst_structure_parse_field: trying field name 'long-name'
0:00:00.021864752  3815 0x1d46370 DEBUG   default gstvalue.c:2676:_priv_gst_value_parse_value: trying type name 'string'
0:00:00.017052889  3816 0xeaa320 DEBUG   GST_POLL gstpoll.c:980:gst_poll_fd_ctl_write: 0xeb2810: fd (fd:0, idx:1), active : 1
0:00:00.021880211  3815 0x1d46370 DEBUG   structure gststructure.c:2203:gst_structure_parse_field: trying field name 'klass'
0:00:00.017084978  3816 0xeaa320 LOG   GST_POLL gstpoll.c:994:gst_poll_fd_ctl_write: 0xeb2810: pfd->events now 60 (POLLOUT:4)
0:00:00.021886934  3815 0x1d46370 DEBUG   default gstvalue.c:2676:_priv_gst_value_parse_value: trying type name 'string'
0:00:00.017096279  3816 0xeaa320 DEBUG   GST_POLL gstpoll.c:980:gst_poll_fd_ctl_write: 0xeb2810: fd (fd:0, idx:1), active : 1
0:00:00.021895647  3815 0x1d46370 DEBUG   structure gststructure.c:2203:gst_structure_parse_field: trying field name 'description'
0:00:00.017102896  3816 0xeaa320 LOG   GST_POLL gstpoll.c:994:gst_poll_fd_ctl_write: 0xeb2810: pfd->events now 60 (POLLOUT:4)
0:00:00.021903302  3815 0x1d46370 DEBUG   default gstvalue.c:2676:_priv_gst_value_parse_value: trying type name 'string'
0:00:00.017109606  3816 0xeaa320 DEBUG   GST_POLL gstpoll.c:980:gst_poll_fd_ctl_write: 0xeb2810: fd (fd:0, idx:1), active : 1
0:00:00.021910633  3815 0x1d46370 DEBUG   structure gststructure.c:2203:gst_structure_parse_field: trying field name 'author'
0:00:00.017118348  3816 0xeaa320 LOG   GST_POLL gstpoll.c:994:gst_poll_fd_ctl_write: 0xeb2810: pfd->events now 60 (POLLOUT:4)
0:00:00.021917521  3815 0x1d46370 DEBUG   default gstvalue.c:2676:_priv_gst_value_parse_value: trying type name 'string'
0:00:00.017134261  3816 0xeaa320 DEBUG   GST_POLL gstpoll.c:980:gst_poll_fd_ctl_write: 0xeb2810: fd (fd:0, idx:1), active : 1
0:00:00.021937632  3815 0x1d46370 DEBUG   GST_REGISTRY gstregistrychunks.c:626:gst_registry_chunks_load_feature: Element factory : npadtemplates=1
0:00:00.017140948  3816 0xeaa320 LOG   GST_POLL gstpoll.c:994:gst_poll_fd_ctl_write: 0xeb2810: pfd->events now 60 (POLLOUT:4)
0:00:00.021944885  3815 0x1d46370 DEBUG   GST_REGISTRY gstregistrychunks.c:526:gst_registry_chunks_load_pad_template: Reading/casting for GstRegistryChunkPadTemplate at address 0x1d62ba0
0:00:00.017153661  3816 0xeaa320 DEBUG   GST_POLL gstpoll.c:980:gst_poll_fd_ctl_write: 0xeb2810: fd (fd:0, idx:1), active : 1
0:00:00.021954136  3815 0x1d46370 DEBUG   GST_REGISTRY gstregistrychunks.c:539:gst_registry_chunks_load_pad_template: Added pad_template sink
0:00:00.017160221  3816 0xeaa320 LOG   GST_POLL gstpoll.c:994:gst_poll_fd_ctl_write: 0xeb2810: pfd->events now 60 (POLLOUT:4)
0:00:00.021961981  3815 0x1d46370 DEBUG   GST_REGISTRY gstregistrychunks.c:639:gst_registry_chunks_load_feature: Reading 1 UriTypes at address 0x1d62bb1
0:00:00.017166821  3816 0xeaa320 DEBUG   GST_POLL gstpoll.c:980:gst_poll_fd_ctl_write: 0xeb2810: fd (fd:0, idx:1), active : 1
0:00:00.021968972  3815 0x1d46370 DEBUG   GST_REGISTRY gstregistrychunks.c:654:gst_registry_chunks_load_feature: Reading 1 Interfaces at address 0x1d62bbf
0:00:00.017172981  3816 0xeaa320 LOG   GST_POLL gstpoll.c:994:gst_poll_fd_ctl_write: 0xeb2810: pfd->events now 60 (POLLOUT:4)
0:00:00.021977981  3815 0x1d46370 DEBUG   GST_REGISTRY gstregistry.c:590:gst_registry_add_feature: adding feature 0x1d663d0 (fdsink)
0:00:00.017182759  3816 0xeaa320 DEBUG   GST_POLL gstpoll.c:980:gst_poll_fd_ctl_write: 0xeb2810: fd (fd:0, idx:1), active : 1
0:00:00.021984699  3815 0x1d46370 DEBUG   GST_REFCOUNTING gstobject.c:709:gst_object_set_parent: set parent (ref and sink)
0:00:00.017190390  3816 0xeaa320 LOG   GST_POLL gstpoll.c:994:gst_poll_fd_ctl_write: 0xeb2810: pfd->events now 60 (POLLOUT:4)
0:00:00.021994564  3815 0x1d46370 TRACE   GST_REFCOUNTING gstobject.c:294:gst_object_ref_sink: 0x1d663d0 ref_sink 1->2
0:00:00.017197387  3816 0xeaa320 DEBUG   GST_POLL gstpoll.c:980:gst_poll_fd_ctl_write: 0xeb2810: fd (fd:0, idx:1), active : 1
0:00:00.017206917  3816 0xeaa320 LOG   GST_POLL gstpoll.c:994:gst_poll_fd_ctl_write: 0xeb2810: pfd->events now 60 (POLLOUT:4)
0:00:00.022005961  3815 0x1d46370 LOG   GST_REGISTRY gstregistry.c:608:gst_registry_add_feature: emitting feature-added for fdsink
0:00:00.017212959  3816 0xeaa320 DEBUG   GST_POLL gstpoll.c:980:gst_poll_fd_ctl_write: 0xeb2810: fd (fd:0, idx:1), active : 1
0:00:00.022015184  3815 0x1d46370 DEBUG   GST_REGISTRY gstregistrychunks.c:741:gst_registry_chunks_load_feature: Added feature fdsink, plugin 0x1d60220 coreelements
0:00:00.017220533  3816 0xeaa320 LOG   GST_POLL gstpoll.c:994:gst_poll_fd_ctl_write: 0xeb2810: pfd->events now 60 (POLLOUT:4)
0:00:00.022029765  3815 0x1d46370 DEBUG   GST_REGISTRY gstregistrychunks.c:583:gst_registry_chunks_load_feature: Plugin 'coreelements' feature 'fdsrc' typename : 'GstElementFactory'
0:00:00.017232886  3816 0xeaa320 DEBUG   GST_POLL gstpoll.c:980:gst_poll_fd_ctl_write: 0xeb2810: fd (fd:0, idx:1), active : 1
0:00:00.017239849  3816 0xeaa320 LOG   GST_POLL gstpoll.c:994:gst_poll_fd_ctl_write: 0xeb2810: pfd->events now 60 (POLLOUT:4)
0:00:00.022039884  3815 0x1d46370 TRACE   GST_REFCOUNTING gstobject.c:208:gst_object_init: 0x1d666c0 new
0:00:00.017249087  3816 0xeaa320 DEBUG   GST_POLL gstpoll.c:980:gst_poll_fd_ctl_write: 0xeb2810: fd (fd:0, idx:1), active : 1
0:00:00.022050493  3815 0x1d46370 LOG   GST_REGISTRY gstregistrychunks.c:610:gst_registry_chunks_load_feature: Reading/casting for GstRegistryChunkElementFactory at address 0x1d62be8
0:00:00.017256342  3816 0xeaa320 LOG   GST_POLL gstpoll.c:994:gst_poll_fd_ctl_write: 0xeb2810: pfd->events now 60 (POLLOUT:4)
0:00:00.022057376  3815 0x1d46370 TRACE   structure gststructure.c:287:gst_structure_new_id_empty_with_size: created structure 0x1d66950
0:00:00.017263344  3816 0xeaa320 DEBUG   GST_POLL gstpoll.c:980:gst_poll_fd_ctl_write: 0xeb2810: fd (fd:0, idx:1), active : 1
0:00:00.022063805  3815 0x1d46370 DEBUG   structure gststructure.c:2203:gst_structure_parse_field: trying field name 'long-name'
0:00:00.017269962  3816 0xeaa320 LOG   GST_POLL gstpoll.c:994:gst_poll_fd_ctl_write: 0xeb2810: pfd->events now 60 (POLLOUT:4)
0:00:00.022070524  3815 0x1d46370 DEBUG   default gstvalue.c:2676:_priv_gst_value_parse_value: trying type name 'string'
0:00:00.017276829  3816 0xeaa320 DEBUG   GST_POLL gstpoll.c:980:gst_poll_fd_ctl_write: 0xeb2810: fd (fd:0, idx:1), active : 1
0:00:00.022080405  3815 0x1d46370 DEBUG   structure gststructure.c:2203:gst_structure_parse_field: trying field name 'klass'
0:00:00.017283221  3816 0xeaa320 LOG   GST_POLL gstpoll.c:994:gst_poll_fd_ctl_write: 0xeb2810: pfd->events now 60 (POLLOUT:4)
0:00:00.022087808  3815 0x1d46370 DEBUG   default gstvalue.c:2676:_priv_gst_value_parse_value: trying type name 'string'
0:00:00.017292439  3816 0xeaa320 DEBUG   GST_POLL gstpoll.c:980:gst_poll_fd_ctl_write: 0xeb2810: fd (fd:0, idx:1), active : 1
0:00:00.022094943  3815 0x1d46370 DEBUG   structure gststructure.c:2203:gst_structure_parse_field: trying field name 'description'
0:00:00.022100961  3815 0x1d46370 DEBUG   default gstvalue.c:2676:_priv_gst_value_parse_value: trying type name 'string'
0:00:00.017301256  3816 0xeaa320 LOG   GST_POLL gstpoll.c:994:gst_poll_fd_ctl_write: 0xeb2810: pfd->events now 60 (POLLOUT:4)
0:00:00.022107186  3815 0x1d46370 DEBUG   structure gststructure.c:2203:gst_structure_parse_field: trying field name 'author'
0:00:00.022113013  3815 0x1d46370 DEBUG   default gstvalue.c:2676:_priv_gst_value_parse_value: trying type name 'string'
0:00:00.017314439  3816 0xeaa320 DEBUG   GST_POLL gstpoll.c:980:gst_poll_fd_ctl_write: 0xeb2810: fd (fd:0, idx:1), active : 1
0:00:00.022124625  3815 0x1d46370 DEBUG   GST_REGISTRY gstregistrychunks.c:626:gst_registry_chunks_load_feature: Element factory : npadtemplates=1
0:00:00.017327252  3816 0xeaa320 LOG   GST_POLL gstpoll.c:994:gst_poll_fd_ctl_write: 0xeb2810: pfd->events now 60 (POLLOUT:4)
0:00:00.022131034  3815 0x1d46370 DEBUG   GST_REGISTRY gstregistrychunks.c:526:gst_registry_chunks_load_pad_template: Reading/casting for GstRegistryChunkPadTemplate at address 0x1d62cc8
0:00:00.017334911  3816 0xeaa320 DEBUG   GST_POLL gstpoll.c:980:gst_poll_fd_ctl_write: 0xeb2810: fd (fd:0, idx:1), active : 1
0:00:00.017341656  3816 0xeaa320 LOG   GST_POLL gstpoll.c:994:gst_poll_fd_ctl_write: 0xeb2810: pfd->events now 60 (POLLOUT:4)
0:00:00.022139817  3815 0x1d46370 DEBUG   GST_REGISTRY gstregistrychunks.c:539:gst_registry_chunks_load_pad_template: Added pad_template src
0:00:00.017347898  3816 0xeaa320 DEBUG   GST_POLL gstpoll.c:980:gst_poll_fd_ctl_write: 0xeb2810: fd (fd:0, idx:1), active : 1
0:00:00.022149555  3815 0x1d46370 DEBUG   GST_REGISTRY gstregistrychunks.c:639:gst_registry_chunks_load_feature: Reading 1 UriTypes at address 0x1d62cd8
0:00:00.017353900  3816 0xeaa320 LOG   GST_POLL gstpoll.c:994:gst_poll_fd_ctl_write: 0xeb2810: pfd->events now 60 (POLLOUT:4)
0:00:00.022156983  3815 0x1d46370 DEBUG   GST_REGISTRY gstregistrychunks.c:654:gst_registry_chunks_load_feature: Reading 1 Interfaces at address 0x1d62cdf
0:00:00.017360623  3816 0xeaa320 DEBUG   GST_POLL gstpoll.c:980:gst_poll_fd_ctl_write: 0xeb2810: fd (fd:0, idx:1), active : 1
0:00:00.017366893  3816 0xeaa320 LOG   GST_POLL gstpoll.c:994:gst_poll_fd_ctl_write: 0xeb2810: pfd->events now 60 (POLLOUT:4)
0:00:00.022166281  3815 0x1d46370 DEBUG   GST_REGISTRY gstregistry.c:590:gst_registry_add_feature: adding feature 0x1d666c0 (fdsrc)
0:00:00.017375717  3816 0xeaa320 DEBUG   GST_POLL gstpoll.c:980:gst_poll_fd_ctl_write: 0xeb2810: fd (fd:0, idx:1), active : 1
0:00:00.022174894  3815 0x1d46370 DEBUG   GST_REFCOUNTING gstobject.c:709:gst_object_set_parent: set parent (ref and sink)
0:00:00.017383044  3816 0xeaa320 LOG   GST_POLL gstpoll.c:994:gst_poll_fd_ctl_write: 0xeb2810: pfd->events now 60 (POLLOUT:4)
0:00:00.022184880  3815 0x1d46370 TRACE   GST_REFCOUNTING gstobject.c:294:gst_object_ref_sink: 0x1d666c0 ref_sink 1->2
0:00:00.017390031  3816 0xeaa320 DEBUG   GST_POLL gstpoll.c:980:gst_poll_fd_ctl_write: 0xeb2810: fd (fd:0, idx:1), active : 1
0:00:00.022192383  3815 0x1d46370 LOG   GST_REGISTRY gstregistry.c:608:gst_registry_add_feature: emitting feature-added for fdsrc
0:00:00.017396477  3816 0xeaa320 LOG   GST_POLL gstpoll.c:994:gst_poll_fd_ctl_write: 0xeb2810: pfd->events now 60 (POLLOUT:4)
0:00:00.022199841  3815 0x1d46370 DEBUG   GST_REGISTRY gstregistrychunks.c:741:gst_registry_chunks_load_feature: Added feature fdsrc, plugin 0x1d60220 coreelements
0:00:00.017403234  3816 0xeaa320 DEBUG   GST_POLL gstpoll.c:980:gst_poll_fd_ctl_write: 0xeb2810: fd (fd:0, idx:1), active : 1
0:00:00.017415377  3816 0xeaa320 LOG   GST_POLL gstpoll.c:994:gst_poll_fd_ctl_write: 0xeb2810: pfd->events now 60 (POLLOUT:4)
0:00:00.022213824  3815 0x1d46370 DEBUG   GST_REGISTRY gstregistrychunks.c:583:gst_registry_chunks_load_feature: Plugin 'coreelements' feature 'fakesink' typename : 'GstElementFactory'
0:00:00.017421672  3816 0xeaa320 DEBUG   GST_POLL gstpoll.c:980:gst_poll_fd_ctl_write: 0xeb2810: fd (fd:0, idx:1), active : 1
0:00:00.022225360  3815 0x1d46370 TRACE   GST_REFCOUNTING gstobject.c:208:gst_object_init: 0x1d660b0 new
0:00:00.017427905  3816 0xeaa320 LOG   GST_POLL gstpoll.c:994:gst_poll_fd_ctl_write: 0xeb2810: pfd->events now 60 (POLLOUT:4)
0:00:00.022235346  3815 0x1d46370 LOG   GST_REGISTRY gstregistrychunks.c:610:gst_registry_chunks_load_feature: Reading/casting for GstRegistryChunkElementFactory at address 0x1d62d08
0:00:00.017438977  3816 0xeaa320 DEBUG   GST_POLL gstpoll.c:980:gst_poll_fd_ctl_write: 0xeb2810: fd (fd:0, idx:1), active : 1
0:00:00.022242488  3815 0x1d46370 TRACE   structure gststructure.c:287:gst_structure_new_id_empty_with_size: created structure 0x1d66d80
0:00:00.017446152  3816 0xeaa320 LOG   GST_POLL gstpoll.c:994:gst_poll_fd_ctl_write: 0xeb2810: pfd->events now 60 (POLLOUT:4)
0:00:00.022248877  3815 0x1d46370 DEBUG   structure gststructure.c:2203:gst_structure_parse_field: trying field name 'long-name'
0:00:00.017453148  3816 0xeaa320 DEBUG   GST_POLL gstpoll.c:980:gst_poll_fd_ctl_write: 0xeb2810: fd (fd:0, idx:1), active : 1
0:00:00.022254817  3815 0x1d46370 DEBUG   default gstvalue.c:2676:_priv_gst_value_parse_value: trying type name 'string'
0:00:00.017459854  3816 0xeaa320 LOG   GST_POLL gstpoll.c:994:gst_poll_fd_ctl_write: 0xeb2810: pfd->events now 60 (POLLOUT:4)
0:00:00.022262033  3815 0x1d46370 DEBUG   structure gststructure.c:2203:gst_structure_parse_field: trying field name 'klass'
0:00:00.017466815  3816 0xeaa320 DEBUG   GST_POLL gstpoll.c:980:gst_poll_fd_ctl_write: 0xeb2810: fd (fd:0, idx:1), active : 1
0:00:00.022268137  3815 0x1d46370 DEBUG   default gstvalue.c:2676:_priv_gst_value_parse_value: trying type name 'string'
0:00:00.017473329  3816 0xeaa320 LOG   GST_POLL gstpoll.c:994:gst_poll_fd_ctl_write: 0xeb2810: pfd->events now 60 (POLLOUT:4)
0:00:00.017480378  3816 0xeaa320 DEBUG   GST_POLL gstpoll.c:980:gst_poll_fd_ctl_write: 0xeb2810: fd (fd:0, idx:1), active : 1
0:00:00.022278589  3815 0x1d46370 DEBUG   structure gststructure.c:2203:gst_structure_parse_field: trying field name 'description'
0:00:00.017486003  3816 0xeaa320 LOG   GST_POLL gstpoll.c:994:gst_poll_fd_ctl_write: 0xeb2810: pfd->events now 60 (POLLOUT:4)
0:00:00.022287335  3815 0x1d46370 DEBUG   default gstvalue.c:2676:_priv_gst_value_parse_value: trying type name 'string'
0:00:00.017495329  3816 0xeaa320 DEBUG   GST_POLL gstpoll.c:980:gst_poll_fd_ctl_write: 0xeb2810: fd (fd:0, idx:1), active : 1
0:00:00.022295368  3815 0x1d46370 DEBUG   structure gststructure.c:2203:gst_structure_parse_field: trying field name 'author'
0:00:00.017508656  3816 0xeaa320 LOG   GST_POLL gstpoll.c:994:gst_poll_fd_ctl_write: 0xeb2810: pfd->events now 60 (POLLOUT:4)
0:00:00.022309447  3815 0x1d46370 DEBUG   default gstvalue.c:2676:_priv_gst_value_parse_value: trying type name 'string'
0:00:00.017516352  3816 0xeaa320 DEBUG   GST_POLL gstpoll.c:980:gst_poll_fd_ctl_write: 0xeb2810: fd (fd:0, idx:1), active : 1
0:00:00.022319838  3815 0x1d46370 DEBUG   GST_REGISTRY gstregistrychunks.c:626:gst_registry_chunks_load_feature: Element factory : npadtemplates=1
0:00:00.017522992  3816 0xeaa320 LOG   GST_POLL gstpoll.c:994:gst_poll_fd_ctl_write: 0xeb2810: pfd->events now 60 (POLLOUT:4)
0:00:00.022326372  3815 0x1d46370 DEBUG   GST_REGISTRY gstregistrychunks.c:526:gst_registry_chunks_load_pad_template: Reading/casting for GstRegistryChunkPadTemplate at address 0x1d62e30
0:00:00.017530466  3816 0xeaa320 DEBUG   GST_POLL gstpoll.c:980:gst_poll_fd_ctl_write: 0xeb2810: fd (fd:0, idx:1), active : 1
0:00:00.022332808  3815 0x1d46370 DEBUG   GST_REGISTRY gstregistrychunks.c:539:gst_registry_chunks_load_pad_template: Added pad_template sink
0:00:00.017536880  3816 0xeaa320 LOG   GST_POLL gstpoll.c:994:gst_poll_fd_ctl_write: 0xeb2810: pfd->events now 60 (POLLOUT:4)
0:00:00.017543590  3816 0xeaa320 DEBUG   GST_POLL gstpoll.c:980:gst_poll_fd_ctl_write: 0xeb2810: fd (fd:0, idx:1), active : 1
0:00:00.022347112  3815 0x1d46370 DEBUG   GST_REGISTRY gstregistry.c:590:gst_registry_add_feature: adding feature 0x1d660b0 (fakesink)
0:00:00.017549517  3816 0xeaa320 LOG   GST_POLL gstpoll.c:994:gst_poll_fd_ctl_write: 0xeb2810: pfd->events now 60 (POLLOUT:4)
0:00:00.022355988  3815 0x1d46370 DEBUG   GST_REFCOUNTING gstobject.c:709:gst_object_set_parent: set parent (ref and sink)
0:00:00.017561673  3816 0xeaa320 DEBUG   GST_POLL gstpoll.c:980:gst_poll_fd_ctl_write: 0xeb2810: fd (fd:0, idx:1), active : 1
0:00:00.022364970  3815 0x1d46370 TRACE   GST_REFCOUNTING gstobject.c:294:gst_object_ref_sink: 0x1d660b0 ref_sink 1->2
0:00:00.017569170  3816 0xeaa320 LOG   GST_POLL gstpoll.c:994:gst_poll_fd_ctl_write: 0xeb2810: pfd->events now 60 (POLLOUT:4)
0:00:00.022372745  3815 0x1d46370 LOG   GST_REGISTRY gstregistry.c:608:gst_registry_add_feature: emitting feature-added for fakesink
0:00:00.017576464  3816 0xeaa320 DEBUG   GST_POLL gstpoll.c:980:gst_poll_fd_ctl_write: 0xeb2810: fd (fd:0, idx:1), active : 1
0:00:00.022380318  3815 0x1d46370 DEBUG   GST_REGISTRY gstregistrychunks.c:741:gst_registry_chunks_load_feature: Added feature fakesink, plugin 0x1d60220 coreelements
0:00:00.017582891  3816 0xeaa320 LOG   GST_POLL gstpoll.c:994:gst_poll_fd_ctl_write: 0xeb2810: pfd->events now 60 (POLLOUT:4)
0:00:00.022387837  3815 0x1d46370 DEBUG   GST_REGISTRY gstregistrychunks.c:583:gst_registry_chunks_load_feature: Plugin 'coreelements' feature 'fakesrc' typename : 'GstElementFactory'
0:00:00.017590871  3816 0xeaa320 DEBUG   GST_POLL gstpoll.c:980:gst_poll_fd_ctl_write: 0xeb2810: fd (fd:0, idx:1), active : 1
0:00:00.017603737  3816 0xeaa320 LOG   GST_POLL gstpoll.c:994:gst_poll_fd_ctl_write: 0xeb2810: pfd->events now 60 (POLLOUT:4)
0:00:00.022403413  3815 0x1d46370 TRACE   GST_REFCOUNTING gstobject.c:208:gst_object_init: 0x1d670a0 new
0:00:00.017609621  3816 0xeaa320 DEBUG   GST_POLL gstpoll.c:980:gst_poll_fd_ctl_write: 0xeb2810: fd (fd:0, idx:1), active : 1
0:00:00.022412817  3815 0x1d46370 LOG   GST_REGISTRY gstregistrychunks.c:610:gst_registry_chunks_load_feature: Reading/casting for GstRegistryChunkElementFactory at address 0x1d62e60
0:00:00.017615842  3816 0xeaa320 LOG   GST_POLL gstpoll.c:994:gst_poll_fd_ctl_write: 0xeb2810: pfd->events now 60 (POLLOUT:4)
0:00:00.022422601  3815 0x1d46370 TRACE   structure gststructure.c:287:gst_structure_new_id_empty_with_size: created structure 0x1d67280
0:00:00.017627021  3816 0xeaa320 DEBUG   GST_POLL gstpoll.c:980:gst_poll_fd_ctl_write: 0xeb2810: fd (fd:0, idx:1), active : 1
0:00:00.022430099  3815 0x1d46370 DEBUG   structure gststructure.c:2203:gst_structure_parse_field: trying field name 'long-name'
0:00:00.017634134  3816 0xeaa320 LOG   GST_POLL gstpoll.c:994:gst_poll_fd_ctl_write: 0xeb2810: pfd->events now 60 (POLLOUT:4)
0:00:00.022436494  3815 0x1d46370 DEBUG   default gstvalue.c:2676:_priv_gst_value_parse_value: trying type name 'string'
0:00:00.017641044  3816 0xeaa320 DEBUG   GST_POLL gstpoll.c:980:gst_poll_fd_ctl_write: 0xeb2810: fd (fd:0, idx:1), active : 1
0:00:00.022443808  3815 0x1d46370 DEBUG   structure gststructure.c:2203:gst_structure_parse_field: trying field name 'klass'
0:00:00.017648382  3816 0xeaa320 LOG   GST_POLL gstpoll.c:994:gst_poll_fd_ctl_write: 0xeb2810: pfd->events now 60 (POLLOUT:4)
0:00:00.022449789  3815 0x1d46370 DEBUG   default gstvalue.c:2676:_priv_gst_value_parse_value: trying type name 'string'
0:00:00.017657409  3816 0xeaa320 DEBUG   GST_POLL gstpoll.c:980:gst_poll_fd_ctl_write: 0xeb2810: fd (fd:0, idx:1), active : 1
0:00:00.022457865  3815 0x1d46370 DEBUG   structure gststructure.c:2203:gst_structure_parse_field: trying field name 'description'
0:00:00.017663949  3816 0xeaa320 LOG   GST_POLL gstpoll.c:994:gst_poll_fd_ctl_write: 0xeb2810: pfd->events now 60 (POLLOUT:4)
0:00:00.022464353  3815 0x1d46370 DEBUG   default gstvalue.c:2676:_priv_gst_value_parse_value: trying type name 'string'
0:00:00.017670817  3816 0xeaa320 DEBUG   GST_POLL gstpoll.c:980:gst_poll_fd_ctl_write: 0xeb2810: fd (fd:0, idx:1), active : 1
0:00:00.022472204  3815 0x1d46370 DEBUG   structure gststructure.c:2203:gst_structure_parse_field: trying field name 'author'
0:00:00.017676757  3816 0xeaa320 LOG   GST_POLL gstpoll.c:994:gst_poll_fd_ctl_write: 0xeb2810: pfd->events now 60 (POLLOUT:4)
0:00:00.022480505  3815 0x1d46370 DEBUG   default gstvalue.c:2676:_priv_gst_value_parse_value: trying type name 'string'
0:00:00.017685844  3816 0xeaa320 DEBUG   GST_POLL gstpoll.c:980:gst_poll_fd_ctl_write: 0xeb2810: fd (fd:0, idx:1), active : 1
0:00:00.017696061  3816 0xeaa320 LOG   GST_POLL gstpoll.c:994:gst_poll_fd_ctl_write: 0xeb2810: pfd->events now 60 (POLLOUT:4)
0:00:00.022494756  3815 0x1d46370 DEBUG   GST_REGISTRY gstregistrychunks.c:626:gst_registry_chunks_load_feature: Element factory : npadtemplates=1
0:00:00.017702974  3816 0xeaa320 DEBUG   GST_POLL gstpoll.c:980:gst_poll_fd_ctl_write: 0xeb2810: fd (fd:0, idx:1), active : 1
0:00:00.022503473  3815 0x1d46370 DEBUG   GST_REGISTRY gstregistrychunks.c:526:gst_registry_chunks_load_pad_template: Reading/casting for GstRegistryChunkPadTemplate at address 0x1d62f60
0:00:00.017709272  3816 0xeaa320 LOG   GST_POLL gstpoll.c:994:gst_poll_fd_ctl_write: 0xeb2810: pfd->events now 60 (POLLOUT:4)
0:00:00.022510208  3815 0x1d46370 DEBUG   GST_REGISTRY gstregistrychunks.c:539:gst_registry_chunks_load_pad_template: Added pad_template src
0:00:00.017715788  3816 0xeaa320 DEBUG   GST_POLL gstpoll.c:980:gst_poll_fd_ctl_write: 0xeb2810: fd (fd:0, idx:1), active : 1
0:00:00.022519642  3815 0x1d46370 DEBUG   GST_REGISTRY gstregistry.c:590:gst_registry_add_feature: adding feature 0x1d670a0 (fakesrc)
0:00:00.017721637  3816 0xeaa320 LOG   GST_POLL gstpoll.c:994:gst_poll_fd_ctl_write: 0xeb2810: pfd->events now 60 (POLLOUT:4)
0:00:00.022526697  3815 0x1d46370 DEBUG   GST_REFCOUNTING gstobject.c:709:gst_object_set_parent: set parent (ref and sink)
0:00:00.017729684  3816 0xeaa320 DEBUG   GST_POLL gstpoll.c:980:gst_poll_fd_ctl_write: 0xeb2810: fd (fd:0, idx:1), active : 1
0:00:00.022535058  3815 0x1d46370 TRACE   GST_REFCOUNTING gstobject.c:294:gst_object_ref_sink: 0x1d670a0 ref_sink 1->2
0:00:00.017737157  3816 0xeaa320 LOG   GST_POLL gstpoll.c:994:gst_poll_fd_ctl_write: 0xeb2810: pfd->events now 60 (POLLOUT:4)
0:00:00.022542756  3815 0x1d46370 LOG   GST_REGISTRY gstregistry.c:608:gst_registry_add_feature: emitting feature-added for fakesrc
0:00:00.017748173  3816 0xeaa320 DEBUG   GST_POLL gstpoll.c:980:gst_poll_fd_ctl_write: 0xeb2810: fd (fd:0, idx:1), active : 1
0:00:00.022552684  3815 0x1d46370 DEBUG   GST_REGISTRY gstregistrychunks.c:741:gst_registry_chunks_load_feature: Added feature fakesrc, plugin 0x1d60220 coreelements
0:00:00.017755116  3816 0xeaa320 LOG   GST_POLL gstpoll.c:994:gst_poll_fd_ctl_write: 0xeb2810: pfd->events now 60 (POLLOUT:4)
0:00:00.022561000  3815 0x1d46370 DEBUG   GST_REGISTRY gstregistrychunks.c:583:gst_registry_chunks_load_feature: Plugin 'coreelements' feature 'downloadbuffer' typename : 'GstElementFactory'
0:00:00.017763842  3816 0xeaa320 DEBUG   GST_POLL gstpoll.c:980:gst_poll_fd_ctl_write: 0xeb2810: fd (fd:0, idx:1), active : 1
0:00:00.017770938  3816 0xeaa320 LOG   GST_POLL gstpoll.c:994:gst_poll_fd_ctl_write: 0xeb2810: pfd->events now 60 (POLLOUT:4)
0:00:00.022570766  3815 0x1d46370 TRACE   GST_REFCOUNTING gstobject.c:208:gst_object_init: 0x1d66f50 new
0:00:00.017776830  3816 0xeaa320 DEBUG   GST_POLL gstpoll.c:980:gst_poll_fd_ctl_write: 0xeb2810: fd (fd:0, idx:1), active : 1
0:00:00.017787030  3816 0xeaa320 LOG   GST_POLL gstpoll.c:994:gst_poll_fd_ctl_write: 0xeb2810: pfd->events now 60 (POLLOUT:4)
0:00:00.022585735  3815 0x1d46370 LOG   GST_REGISTRY gstregistrychunks.c:610:gst_registry_chunks_load_feature: Reading/casting for GstRegistryChunkElementFactory at address 0x1d62f98
0:00:00.017792842  3816 0xeaa320 DEBUG   GST_POLL gstpoll.c:980:gst_poll_fd_ctl_write: 0xeb2810: fd (fd:0, idx:1), active : 1
0:00:00.022593992  3815 0x1d46370 TRACE   structure gststructure.c:287:gst_structure_new_id_empty_with_size: created structure 0x1d675a0
0:00:00.017798904  3816 0xeaa320 LOG   GST_POLL gstpoll.c:994:gst_poll_fd_ctl_write: 0xeb2810: pfd->events now 60 (POLLOUT:4)
0:00:00.022600325  3815 0x1d46370 DEBUG   structure gststructure.c:2203:gst_structure_parse_field: trying field name 'long-name'
0:00:00.022606465  3815 0x1d46370 DEBUG   default gstvalue.c:2676:_priv_gst_value_parse_value: trying type name 'string'
0:00:00.017807856  3816 0xeaa320 DEBUG   GST_POLL gstpoll.c:980:gst_poll_fd_ctl_write: 0xeb2810: fd (fd:0, idx:1), active : 1
0:00:00.022612819  3815 0x1d46370 DEBUG   structure gststructure.c:2203:gst_structure_parse_field: trying field name 'klass'
0:00:00.017815934  3816 0xeaa320 LOG   GST_POLL gstpoll.c:994:gst_poll_fd_ctl_write: 0xeb2810: pfd->events now 60 (POLLOUT:4)
0:00:00.022621079  3815 0x1d46370 DEBUG   default gstvalue.c:2676:_priv_gst_value_parse_value: trying type name 'string'
0:00:00.017823853  3816 0xeaa320 DEBUG   GST_POLL gstpoll.c:980:gst_poll_fd_ctl_write: 0xeb2810: fd (fd:0, idx:1), active : 1
0:00:00.022629659  3815 0x1d46370 DEBUG   structure gststructure.c:2203:gst_structure_parse_field: trying field name 'description'
0:00:00.017832033  3816 0xeaa320 LOG   GST_POLL gstpoll.c:994:gst_poll_fd_ctl_write: 0xeb2810: pfd->events now 60 (POLLOUT:4)
0:00:00.022636037  3815 0x1d46370 DEBUG   default gstvalue.c:2676:_priv_gst_value_parse_value: trying type name 'string'
0:00:00.017840192  3816 0xeaa320 DEBUG   GST_POLL gstpoll.c:980:gst_poll_fd_ctl_write: 0xeb2810: fd (fd:0, idx:1), active : 1
0:00:00.022643288  3815 0x1d46370 DEBUG   structure gststructure.c:2203:gst_structure_parse_field: trying field name 'author'
0:00:00.017846314  3816 0xeaa320 LOG   GST_POLL gstpoll.c:994:gst_poll_fd_ctl_write: 0xeb2810: pfd->events now 60 (POLLOUT:4)
0:00:00.022649326  3815 0x1d46370 DEBUG   default gstvalue.c:2676:_priv_gst_value_parse_value: trying type name 'string'
0:00:00.017853854  3816 0xeaa320 LOG   GST_PLUGIN_LOADING gstpluginloader.c:646:put_chunk: Expanding tx buf from 13209 to 17023 for chunk of size 229
0:00:00.022656807  3815 0x1d46370 DEBUG   GST_REGISTRY gstregistrychunks.c:626:gst_registry_chunks_load_feature: Element factory : npadtemplates=2
0:00:00.022662969  3815 0x1d46370 DEBUG   GST_REGISTRY gstregistrychunks.c:526:gst_registry_chunks_load_pad_template: Reading/casting for GstRegistryChunkPadTemplate at address 0x1d63060
0:00:00.017867270  3816 0xeaa320 DEBUG   GST_POLL gstpoll.c:980:gst_poll_fd_ctl_write: 0xeb2810: fd (fd:0, idx:1), active : 1
0:00:00.022673633  3815 0x1d46370 DEBUG   GST_REGISTRY gstregistrychunks.c:539:gst_registry_chunks_load_pad_template: Added pad_template sink
0:00:00.017878204  3816 0xeaa320 LOG   GST_POLL gstpoll.c:994:gst_poll_fd_ctl_write: 0xeb2810: pfd->events now 60 (POLLOUT:4)
0:00:00.022681942  3815 0x1d46370 DEBUG   GST_REGISTRY gstregistrychunks.c:526:gst_registry_chunks_load_pad_template: Reading/casting for GstRegistryChunkPadTemplate at address 0x1d63078
0:00:00.017885223  3816 0xeaa320 DEBUG   GST_POLL gstpoll.c:980:gst_poll_fd_ctl_write: 0xeb2810: fd (fd:0, idx:1), active : 1
0:00:00.022689566  3815 0x1d46370 DEBUG   GST_REGISTRY gstregistrychunks.c:539:gst_registry_chunks_load_pad_template: Added pad_template src
0:00:00.017893005  3816 0xeaa320 LOG   GST_POLL gstpoll.c:994:gst_poll_fd_ctl_write: 0xeb2810: pfd->events now 60 (POLLOUT:4)
0:00:00.017899574  3816 0xeaa320 DEBUG   GST_POLL gstpoll.c:980:gst_poll_fd_ctl_write: 0xeb2810: fd (fd:0, idx:1), active : 1
0:00:00.022698387  3815 0x1d46370 DEBUG   GST_REGISTRY gstregistry.c:590:gst_registry_add_feature: adding feature 0x1d66f50 (downloadbuffer)
0:00:00.017905429  3816 0xeaa320 LOG   GST_POLL gstpoll.c:994:gst_poll_fd_ctl_write: 0xeb2810: pfd->events now 60 (POLLOUT:4)
0:00:00.022706736  3815 0x1d46370 DEBUG   GST_REFCOUNTING gstobject.c:709:gst_object_set_parent: set parent (ref and sink)
0:00:00.017911853  3816 0xeaa320 DEBUG   GST_POLL gstpoll.c:980:gst_poll_fd_ctl_write: 0xeb2810: fd (fd:0, idx:1), active : 1
0:00:00.022714907  3815 0x1d46370 TRACE   GST_REFCOUNTING gstobject.c:294:gst_object_ref_sink: 0x1d66f50 ref_sink 1->2
0:00:00.017917977  3816 0xeaa320 LOG   GST_POLL gstpoll.c:994:gst_poll_fd_ctl_write: 0xeb2810: pfd->events now 60 (POLLOUT:4)
0:00:00.022722839  3815 0x1d46370 LOG   GST_REGISTRY gstregistry.c:608:gst_registry_add_feature: emitting feature-added for downloadbuffer
0:00:00.017928032  3816 0xeaa320 DEBUG   GST_POLL gstpoll.c:980:gst_poll_fd_ctl_write: 0xeb2810: fd (fd:0, idx:1), active : 1
0:00:00.022730535  3815 0x1d46370 DEBUG   GST_REGISTRY gstregistrychunks.c:741:gst_registry_chunks_load_feature: Added feature downloadbuffer, plugin 0x1d60220 coreelements
0:00:00.017935124  3816 0xeaa320 LOG   GST_POLL gstpoll.c:994:gst_poll_fd_ctl_write: 0xeb2810: pfd->events now 60 (POLLOUT:4)
0:00:00.022737757  3815 0x1d46370 DEBUG   GST_REGISTRY gstregistrychunks.c:583:gst_registry_chunks_load_feature: Plugin 'coreelements' feature 'dataurisrc' typename : 'GstElementFactory'
0:00:00.017942089  3816 0xeaa320 DEBUG   GST_POLL gstpoll.c:980:gst_poll_fd_ctl_write: 0xeb2810: fd (fd:0, idx:1), active : 1
0:00:00.017948414  3816 0xeaa320 LOG   GST_POLL gstpoll.c:994:gst_poll_fd_ctl_write: 0xeb2810: pfd->events now 60 (POLLOUT:4)
0:00:00.022748940  3815 0x1d46370 TRACE   GST_REFCOUNTING gstobject.c:208:gst_object_init: 0x1d677a0 new
0:00:00.017959882  3816 0xeaa320 DEBUG   GST_POLL gstpoll.c:980:gst_poll_fd_ctl_write: 0xeb2810: fd (fd:0, idx:1), active : 1
0:00:00.022763118  3815 0x1d46370 LOG   GST_REGISTRY gstregistrychunks.c:610:gst_registry_chunks_load_feature: Reading/casting for GstRegistryChunkElementFactory at address 0x1d630a8
0:00:00.017968706  3816 0xeaa320 LOG   GST_POLL gstpoll.c:994:gst_poll_fd_ctl_write: 0xeb2810: pfd->events now 60 (POLLOUT:4)
0:00:00.022770637  3815 0x1d46370 TRACE   structure gststructure.c:287:gst_structure_new_id_empty_with_size: created structure 0x1d679a0
0:00:00.017975483  3816 0xeaa320 DEBUG   GST_POLL gstpoll.c:980:gst_poll_fd_ctl_write: 0xeb2810: fd (fd:0, idx:1), active : 1
0:00:00.022777659  3815 0x1d46370 DEBUG   structure gststructure.c:2203:gst_structure_parse_field: trying field name 'long-name'
0:00:00.017981660  3816 0xeaa320 LOG   GST_POLL gstpoll.c:994:gst_poll_fd_ctl_write: 0xeb2810: pfd->events now 60 (POLLOUT:4)
0:00:00.022785211  3815 0x1d46370 DEBUG   default gstvalue.c:2676:_priv_gst_value_parse_value: trying type name 'string'
0:00:00.017991662  3816 0xeaa320 DEBUG   GST_POLL gstpoll.c:980:gst_poll_fd_ctl_write: 0xeb2810: fd (fd:0, idx:1), active : 1
0:00:00.022792600  3815 0x1d46370 DEBUG   structure gststructure.c:2203:gst_structure_parse_field: trying field name 'klass'
0:00:00.017999064  3816 0xeaa320 LOG   GST_POLL gstpoll.c:994:gst_poll_fd_ctl_write: 0xeb2810: pfd->events now 60 (POLLOUT:4)
0:00:00.022799209  3815 0x1d46370 DEBUG   default gstvalue.c:2676:_priv_gst_value_parse_value: trying type name 'string'
0:00:00.018006468  3816 0xeaa320 DEBUG   GST_POLL gstpoll.c:980:gst_poll_fd_ctl_write: 0xeb2810: fd (fd:0, idx:1), active : 1
0:00:00.022807262  3815 0x1d46370 DEBUG   structure gststructure.c:2203:gst_structure_parse_field: trying field name 'description'
0:00:00.018013369  3816 0xeaa320 LOG   GST_POLL gstpoll.c:994:gst_poll_fd_ctl_write: 0xeb2810: pfd->events now 60 (POLLOUT:4)
0:00:00.022815924  3815 0x1d46370 DEBUG   default gstvalue.c:2676:_priv_gst_value_parse_value: trying type name 'string'
0:00:00.018020972  3816 0xeaa320 DEBUG   GST_POLL gstpoll.c:980:gst_poll_fd_ctl_write: 0xeb2810: fd (fd:0, idx:1), active : 1
0:00:00.022824685  3815 0x1d46370 DEBUG   structure gststructure.c:2203:gst_structure_parse_field: trying field name 'author'
0:00:00.018028469  3816 0xeaa320 LOG   GST_POLL gstpoll.c:994:gst_poll_fd_ctl_write: 0xeb2810: pfd->events now 60 (POLLOUT:4)
0:00:00.022831223  3815 0x1d46370 DEBUG   default gstvalue.c:2676:_priv_gst_value_parse_value: trying type name 'string'
0:00:00.018035161  3816 0xeaa320 DEBUG   GST_POLL gstpoll.c:980:gst_poll_fd_ctl_write: 0xeb2810: fd (fd:0, idx:1), active : 1
0:00:00.022840104  3815 0x1d46370 DEBUG   GST_REGISTRY gstregistrychunks.c:626:gst_registry_chunks_load_feature: Element factory : npadtemplates=1
0:00:00.018041481  3816 0xeaa320 LOG   GST_POLL gstpoll.c:994:gst_poll_fd_ctl_write: 0xeb2810: pfd->events now 60 (POLLOUT:4)
0:00:00.022851038  3815 0x1d46370 DEBUG   GST_REGISTRY gstregistrychunks.c:526:gst_registry_chunks_load_pad_template: Reading/casting for GstRegistryChunkPadTemplate at address 0x1d631c0
0:00:00.018071648  3816 0xeaa320 DEBUG   GST_POLL gstpoll.c:980:gst_poll_fd_ctl_write: 0xeb2810: fd (fd:0, idx:1), active : 1
0:00:00.022877388  3815 0x1d46370 DEBUG   GST_REGISTRY gstregistrychunks.c:539:gst_registry_chunks_load_pad_template: Added pad_template src
0:00:00.018082683  3816 0xeaa320 LOG   GST_POLL gstpoll.c:994:gst_poll_fd_ctl_write: 0xeb2810: pfd->events now 60 (POLLOUT:4)
0:00:00.022888284  3815 0x1d46370 DEBUG   GST_REGISTRY gstregistrychunks.c:639:gst_registry_chunks_load_feature: Reading 1 UriTypes at address 0x1d631d0
0:00:00.018093158  3816 0xeaa320 DEBUG   GST_POLL gstpoll.c:980:gst_poll_fd_ctl_write: 0xeb2810: fd (fd:0, idx:1), active : 1
0:00:00.022896416  3815 0x1d46370 DEBUG   GST_REGISTRY gstregistrychunks.c:654:gst_registry_chunks_load_feature: Reading 1 Interfaces at address 0x1d631d9
0:00:00.018101669  3816 0xeaa320 LOG   GST_POLL gstpoll.c:994:gst_poll_fd_ctl_write: 0xeb2810: pfd->events now 60 (POLLOUT:4)
0:00:00.022906452  3815 0x1d46370 DEBUG   GST_REGISTRY gstregistry.c:590:gst_registry_add_feature: adding feature 0x1d677a0 (dataurisrc)
0:00:00.018108485  3816 0xeaa320 DEBUG   GST_POLL gstpoll.c:980:gst_poll_fd_ctl_write: 0xeb2810: fd (fd:0, idx:1), active : 1
0:00:00.022913209  3815 0x1d46370 DEBUG   GST_REFCOUNTING gstobject.c:709:gst_object_set_parent: set parent (ref and sink)
0:00:00.018116314  3816 0xeaa320 LOG   GST_POLL gstpoll.c:994:gst_poll_fd_ctl_write: 0xeb2810: pfd->events now 60 (POLLOUT:4)
0:00:00.022921351  3815 0x1d46370 TRACE   GST_REFCOUNTING gstobject.c:294:gst_object_ref_sink: 0x1d677a0 ref_sink 1->2
0:00:00.018123757  3816 0xeaa320 DEBUG   GST_POLL gstpoll.c:980:gst_poll_fd_ctl_write: 0xeb2810: fd (fd:0, idx:1), active : 1
0:00:00.022929321  3815 0x1d46370 LOG   GST_REGISTRY gstregistry.c:608:gst_registry_add_feature: emitting feature-added for dataurisrc
0:00:00.018134068  3816 0xeaa320 LOG   GST_POLL gstpoll.c:994:gst_poll_fd_ctl_write: 0xeb2810: pfd->events now 60 (POLLOUT:4)
0:00:00.022936754  3815 0x1d46370 DEBUG   GST_REGISTRY gstregistrychunks.c:741:gst_registry_chunks_load_feature: Added feature dataurisrc, plugin 0x1d60220 coreelements
0:00:00.022943978  3815 0x1d46370 DEBUG   GST_REGISTRY gstregistrychunks.c:583:gst_registry_chunks_load_feature: Plugin 'coreelements' feature 'concat' typename : 'GstElementFactory'
0:00:00.018141813  3816 0xeaa320 DEBUG   GST_POLL gstpoll.c:980:gst_poll_fd_ctl_write: 0xeb2810: fd (fd:0, idx:1), active : 1
0:00:00.018154673  3816 0xeaa320 LOG   GST_POLL gstpoll.c:994:gst_poll_fd_ctl_write: 0xeb2810: pfd->events now 60 (POLLOUT:4)
0:00:00.022955457  3815 0x1d46370 TRACE   GST_REFCOUNTING gstobject.c:208:gst_object_init: 0x1d673b0 new
0:00:00.018160805  3816 0xeaa320 DEBUG   GST_POLL gstpoll.c:980:gst_poll_fd_ctl_write: 0xeb2810: fd (fd:0, idx:1), active : 1
0:00:00.018171035  3816 0xeaa320 LOG   GST_POLL gstpoll.c:994:gst_poll_fd_ctl_write: 0xeb2810: pfd->events now 60 (POLLOUT:4)
0:00:00.022970380  3815 0x1d46370 LOG   GST_REGISTRY gstregistrychunks.c:610:gst_registry_chunks_load_feature: Reading/casting for GstRegistryChunkElementFactory at address 0x1d63200
0:00:00.018177097  3816 0xeaa320 DEBUG   GST_POLL gstpoll.c:980:gst_poll_fd_ctl_write: 0xeb2810: fd (fd:0, idx:1), active : 1
0:00:00.022979393  3815 0x1d46370 TRACE   structure gststructure.c:287:gst_structure_new_id_empty_with_size: created structure 0x1d67e30
0:00:00.018183174  3816 0xeaa320 LOG   GST_POLL gstpoll.c:994:gst_poll_fd_ctl_write: 0xeb2810: pfd->events now 60 (POLLOUT:4)
0:00:00.022985821  3815 0x1d46370 DEBUG   structure gststructure.c:2203:gst_structure_parse_field: trying field name 'long-name'
0:00:00.018192273  3816 0xeaa320 DEBUG   GST_POLL gstpoll.c:980:gst_poll_fd_ctl_write: 0xeb2810: fd (fd:0, idx:1), active : 1
0:00:00.022991845  3815 0x1d46370 DEBUG   default gstvalue.c:2676:_priv_gst_value_parse_value: trying type name 'string'
0:00:00.018199415  3816 0xeaa320 LOG   GST_POLL gstpoll.c:994:gst_poll_fd_ctl_write: 0xeb2810: pfd->events now 60 (POLLOUT:4)
0:00:00.023001528  3815 0x1d46370 DEBUG   structure gststructure.c:2203:gst_structure_parse_field: trying field name 'klass'
0:00:00.018207814  3816 0xeaa320 DEBUG   GST_POLL gstpoll.c:980:gst_poll_fd_ctl_write: 0xeb2810: fd (fd:0, idx:1), active : 1
0:00:00.023008682  3815 0x1d46370 DEBUG   default gstvalue.c:2676:_priv_gst_value_parse_value: trying type name 'string'
0:00:00.018214767  3816 0xeaa320 LOG   GST_POLL gstpoll.c:994:gst_poll_fd_ctl_write: 0xeb2810: pfd->events now 60 (POLLOUT:4)
0:00:00.023016344  3815 0x1d46370 DEBUG   structure gststructure.c:2203:gst_structure_parse_field: trying field name 'description'
0:00:00.018221308  3816 0xeaa320 DEBUG   GST_POLL gstpoll.c:980:gst_poll_fd_ctl_write: 0xeb2810: fd (fd:0, idx:1), active : 1
0:00:00.023024784  3815 0x1d46370 DEBUG   default gstvalue.c:2676:_priv_gst_value_parse_value: trying type name 'string'
0:00:00.018227708  3816 0xeaa320 LOG   GST_POLL gstpoll.c:994:gst_poll_fd_ctl_write: 0xeb2810: pfd->events now 60 (POLLOUT:4)
0:00:00.023033625  3815 0x1d46370 DEBUG   structure gststructure.c:2203:gst_structure_parse_field: trying field name 'author'
0:00:00.018235935  3816 0xeaa320 DEBUG   GST_POLL gstpoll.c:980:gst_poll_fd_ctl_write: 0xeb2810: fd (fd:0, idx:1), active : 1
0:00:00.018243153  3816 0xeaa320 LOG   GST_POLL gstpoll.c:994:gst_poll_fd_ctl_write: 0xeb2810: pfd->events now 60 (POLLOUT:4)
0:00:00.023043481  3815 0x1d46370 DEBUG   default gstvalue.c:2676:_priv_gst_value_parse_value: trying type name 'string'
0:00:00.018252017  3816 0xeaa320 DEBUG   GST_POLL gstpoll.c:980:gst_poll_fd_ctl_write: 0xeb2810: fd (fd:0, idx:1), active : 1
0:00:00.023052571  3815 0x1d46370 DEBUG   GST_REGISTRY gstregistrychunks.c:626:gst_registry_chunks_load_feature: Element factory : npadtemplates=2
0:00:00.018264886  3816 0xeaa320 LOG   GST_POLL gstpoll.c:994:gst_poll_fd_ctl_write: 0xeb2810: pfd->events now 60 (POLLOUT:4)
0:00:00.023065462  3815 0x1d46370 DEBUG   GST_REGISTRY gstregistrychunks.c:526:gst_registry_chunks_load_pad_template: Reading/casting for GstRegistryChunkPadTemplate at address 0x1d632d8
0:00:00.018272417  3816 0xeaa320 DEBUG   GST_POLL gstpoll.c:980:gst_poll_fd_ctl_write: 0xeb2810: fd (fd:0, idx:1), active : 1
0:00:00.023072857  3815 0x1d46370 DEBUG   GST_REGISTRY gstregistrychunks.c:539:gst_registry_chunks_load_pad_template: Added pad_template src
0:00:00.018279063  3816 0xeaa320 LOG   GST_POLL gstpoll.c:994:gst_poll_fd_ctl_write: 0xeb2810: pfd->events now 60 (POLLOUT:4)
0:00:00.023079569  3815 0x1d46370 DEBUG   GST_REGISTRY gstregistrychunks.c:526:gst_registry_chunks_load_pad_template: Reading/casting for GstRegistryChunkPadTemplate at address 0x1d632e8
0:00:00.018285596  3816 0xeaa320 DEBUG   GST_POLL gstpoll.c:980:gst_poll_fd_ctl_write: 0xeb2810: fd (fd:0, idx:1), active : 1
0:00:00.023088400  3815 0x1d46370 DEBUG   GST_REGISTRY gstregistrychunks.c:539:gst_registry_chunks_load_pad_template: Added pad_template sink_%u
0:00:00.018291535  3816 0xeaa320 LOG   GST_POLL gstpoll.c:994:gst_poll_fd_ctl_write: 0xeb2810: pfd->events now 60 (POLLOUT:4)
0:00:00.018299201  3816 0xeaa320 DEBUG   GST_POLL gstpoll.c:980:gst_poll_fd_ctl_write: 0xeb2810: fd (fd:0, idx:1), active : 1
0:00:00.023098001  3815 0x1d46370 DEBUG   GST_REGISTRY gstregistry.c:590:gst_registry_add_feature: adding feature 0x1d673b0 (concat)
0:00:00.018304656  3816 0xeaa320 LOG   GST_POLL gstpoll.c:994:gst_poll_fd_ctl_write: 0xeb2810: pfd->events now 60 (POLLOUT:4)
0:00:00.023105891  3815 0x1d46370 DEBUG   GST_REFCOUNTING gstobject.c:709:gst_object_set_parent: set parent (ref and sink)
0:00:00.018313957  3816 0xeaa320 DEBUG   GST_POLL gstpoll.c:980:gst_poll_fd_ctl_write: 0xeb2810: fd (fd:0, idx:1), active : 1
0:00:00.023114349  3815 0x1d46370 TRACE   GST_REFCOUNTING gstobject.c:294:gst_object_ref_sink: 0x1d673b0 ref_sink 1->2
0:00:00.018321185  3816 0xeaa320 LOG   GST_POLL gstpoll.c:994:gst_poll_fd_ctl_write: 0xeb2810: pfd->events now 60 (POLLOUT:4)
0:00:00.023122393  3815 0x1d46370 LOG   GST_REGISTRY gstregistry.c:608:gst_registry_add_feature: emitting feature-added for concat
0:00:00.018328064  3816 0xeaa320 DEBUG   GST_POLL gstpoll.c:980:gst_poll_fd_ctl_write: 0xeb2810: fd (fd:0, idx:1), active : 1
0:00:00.023129534  3815 0x1d46370 DEBUG   GST_REGISTRY gstregistrychunks.c:741:gst_registry_chunks_load_feature: Added feature concat, plugin 0x1d60220 coreelements
0:00:00.018334314  3816 0xeaa320 LOG   GST_POLL gstpoll.c:994:gst_poll_fd_ctl_write: 0xeb2810: pfd->events now 60 (POLLOUT:4)
0:00:00.023136421  3815 0x1d46370 DEBUG   GST_REGISTRY gstregistrychunks.c:583:gst_registry_chunks_load_feature: Plugin 'coreelements' feature 'clocksync' typename : 'GstElementFactory'
0:00:00.018340969  3816 0xeaa320 DEBUG   GST_POLL gstpoll.c:980:gst_poll_fd_ctl_write: 0xeb2810: fd (fd:0, idx:1), active : 1
0:00:00.018350925  3816 0xeaa320 LOG   GST_POLL gstpoll.c:994:gst_poll_fd_ctl_write: 0xeb2810: pfd->events now 60 (POLLOUT:4)
0:00:00.023149977  3815 0x1d46370 TRACE   GST_REFCOUNTING gstobject.c:208:gst_object_init: 0x1d67ad0 new
0:00:00.018356887  3816 0xeaa320 DEBUG   GST_POLL gstpoll.c:980:gst_poll_fd_ctl_write: 0xeb2810: fd (fd:0, idx:1), active : 1
0:00:00.018363026  3816 0xeaa320 LOG   GST_POLL gstpoll.c:994:gst_poll_fd_ctl_write: 0xeb2810: pfd->events now 60 (POLLOUT:4)
0:00:00.023161568  3815 0x1d46370 LOG   GST_REGISTRY gstregistrychunks.c:610:gst_registry_chunks_load_feature: Reading/casting for GstRegistryChunkElementFactory at address 0x1d63318
0:00:00.018372005  3816 0xeaa320 DEBUG   GST_POLL gstpoll.c:980:gst_poll_fd_ctl_write: 0xeb2810: fd (fd:0, idx:1), active : 1
0:00:00.023171986  3815 0x1d46370 TRACE   structure gststructure.c:287:gst_structure_new_id_empty_with_size: created structure 0x1d68360
0:00:00.018379246  3816 0xeaa320 LOG   GST_POLL gstpoll.c:994:gst_poll_fd_ctl_write: 0xeb2810: pfd->events now 60 (POLLOUT:4)
0:00:00.023179676  3815 0x1d46370 DEBUG   structure gststructure.c:2203:gst_structure_parse_field: trying field name 'long-name'
0:00:00.018386236  3816 0xeaa320 DEBUG   GST_POLL gstpoll.c:980:gst_poll_fd_ctl_write: 0xeb2810: fd (fd:0, idx:1), active : 1
0:00:00.023186190  3815 0x1d46370 DEBUG   default gstvalue.c:2676:_priv_gst_value_parse_value: trying type name 'string'
0:00:00.018392565  3816 0xeaa320 LOG   GST_POLL gstpoll.c:994:gst_poll_fd_ctl_write: 0xeb2810: pfd->events now 60 (POLLOUT:4)
0:00:00.023193993  3815 0x1d46370 DEBUG   structure gststructure.c:2203:gst_structure_parse_field: trying field name 'klass'
0:00:00.018399177  3816 0xeaa320 DEBUG   GST_POLL gstpoll.c:980:gst_poll_fd_ctl_write: 0xeb2810: fd (fd:0, idx:1), active : 1
0:00:00.023199795  3815 0x1d46370 DEBUG   default gstvalue.c:2676:_priv_gst_value_parse_value: trying type name 'string'
0:00:00.018405425  3816 0xeaa320 LOG   GST_POLL gstpoll.c:994:gst_poll_fd_ctl_write: 0xeb2810: pfd->events now 60 (POLLOUT:4)
0:00:00.023206571  3815 0x1d46370 DEBUG   structure gststructure.c:2203:gst_structure_parse_field: trying field name 'description'
0:00:00.018412043  3816 0xeaa320 DEBUG   GST_POLL gstpoll.c:980:gst_poll_fd_ctl_write: 0xeb2810: fd (fd:0, idx:1), active : 1
0:00:00.023212397  3815 0x1d46370 DEBUG   default gstvalue.c:2676:_priv_gst_value_parse_value: trying type name 'string'
0:00:00.018418279  3816 0xeaa320 LOG   GST_POLL gstpoll.c:994:gst_poll_fd_ctl_write: 0xeb2810: pfd->events now 60 (POLLOUT:4)
0:00:00.023222290  3815 0x1d46370 DEBUG   structure gststructure.c:2203:gst_structure_parse_field: trying field name 'author'
0:00:00.018427572  3816 0xeaa320 DEBUG   GST_POLL gstpoll.c:980:gst_poll_fd_ctl_write: 0xeb2810: fd (fd:0, idx:1), active : 1
0:00:00.023229349  3815 0x1d46370 DEBUG   default gstvalue.c:2676:_priv_gst_value_parse_value: trying type name 'string'
0:00:00.018440368  3816 0xeaa320 LOG   GST_POLL gstpoll.c:994:gst_poll_fd_ctl_write: 0xeb2810: pfd->events now 60 (POLLOUT:4)
0:00:00.023242458  3815 0x1d46370 DEBUG   GST_REGISTRY gstregistrychunks.c:626:gst_registry_chunks_load_feature: Element factory : npadtemplates=2
0:00:00.018447487  3816 0xeaa320 DEBUG   GST_POLL gstpoll.c:980:gst_poll_fd_ctl_write: 0xeb2810: fd (fd:0, idx:1), active : 1
0:00:00.023248730  3815 0x1d46370 DEBUG   GST_REGISTRY gstregistrychunks.c:526:gst_registry_chunks_load_pad_template: Reading/casting for GstRegistryChunkPadTemplate at address 0x1d633e8
0:00:00.018453935  3816 0xeaa320 LOG   GST_POLL gstpoll.c:994:gst_poll_fd_ctl_write: 0xeb2810: pfd->events now 60 (POLLOUT:4)
0:00:00.023254808  3815 0x1d46370 DEBUG   GST_REGISTRY gstregistrychunks.c:539:gst_registry_chunks_load_pad_template: Added pad_template sink
0:00:00.018460653  3816 0xeaa320 DEBUG   GST_POLL gstpoll.c:980:gst_poll_fd_ctl_write: 0xeb2810: fd (fd:0, idx:1), active : 1
0:00:00.023260755  3815 0x1d46370 DEBUG   GST_REGISTRY gstregistrychunks.c:526:gst_registry_chunks_load_pad_template: Reading/casting for GstRegistryChunkPadTemplate at address 0x1d63400
0:00:00.018466886  3816 0xeaa320 LOG   GST_POLL gstpoll.c:994:gst_poll_fd_ctl_write: 0xeb2810: pfd->events now 60 (POLLOUT:4)
0:00:00.023267749  3815 0x1d46370 DEBUG   GST_REGISTRY gstregistrychunks.c:539:gst_registry_chunks_load_pad_template: Added pad_template src
0:00:00.018473546  3816 0xeaa320 DEBUG   GST_POLL gstpoll.c:980:gst_poll_fd_ctl_write: 0xeb2810: fd (fd:0, idx:1), active : 1
0:00:00.023275836  3815 0x1d46370 DEBUG   GST_REGISTRY gstregistry.c:590:gst_registry_add_feature: adding feature 0x1d67ad0 (clocksync)
0:00:00.018479969  3816 0xeaa320 LOG   GST_POLL gstpoll.c:994:gst_poll_fd_ctl_write: 0xeb2810: pfd->events now 60 (POLLOUT:4)
0:00:00.023284589  3815 0x1d46370 DEBUG   GST_REFCOUNTING gstobject.c:709:gst_object_set_parent: set parent (ref and sink)
0:00:00.018489783  3816 0xeaa320 DEBUG   GST_POLL gstpoll.c:980:gst_poll_fd_ctl_write: 0xeb2810: fd (fd:0, idx:1), active : 1
0:00:00.023293789  3815 0x1d46370 TRACE   GST_REFCOUNTING gstobject.c:294:gst_object_ref_sink: 0x1d67ad0 ref_sink 1->2
0:00:00.018497121  3816 0xeaa320 LOG   GST_POLL gstpoll.c:994:gst_poll_fd_ctl_write: 0xeb2810: pfd->events now 60 (POLLOUT:4)
0:00:00.023301413  3815 0x1d46370 LOG   GST_REGISTRY gstregistry.c:608:gst_registry_add_feature: emitting feature-added for clocksync
0:00:00.018505136  3816 0xeaa320 DEBUG   GST_POLL gstpoll.c:980:gst_poll_fd_ctl_write: 0xeb2810: fd (fd:0, idx:1), active : 1
