0:00:00.012681790  3827 0x968320 LOG   GST_POLL gstpoll.c:994:gst_poll_fd_ctl_write: 0x970810: pfd->events now 60 (POLLOUT:4)
0:00:00.017076679  3826 0x31e370 DEBUG   default gstvalue.c:2676:_priv_gst_value_parse_value: trying type name 'string'
0:00:00.012688118  3827 0x968320 DEBUG   GST_POLL gstpoll.c:980:gst_poll_fd_ctl_write: 0x970810: fd (fd:0, idx:1), active : 1
0:00:00.017083082  3826 0x31e370 DEBUG   structure gststructure.c:2203:gst_structure_parse_field: trying field name 'description'
0:00:00.012694273  3827 0x968320 LOG   GST_POLL gstpoll.c:994:gst_poll_fd_ctl_write: 0x970810: pfd->events now 60 (POLLOUT:4)
0:00:00.017089196  3826 0x31e370 DEBUG   default gstvalue.c:2676:_priv_gst_value_parse_value: trying type name 'string'
0:00:00.012700386  3827 0x968320 DEBUG   GST_POLL gstpoll.c:980:gst_poll_fd_ctl_write: 0x970810: fd (fd:0, idx:1), active : 1
0:00:00.017095573  3826 0x31e370 DEBUG   structure gststructure.c:2203:gst_structure_parse_field: trying field name 'author'
0:00:00.012706472  3827 0x968320 LOG   GST_POLL gstpoll.c:994:gst_poll_fd_ctl_write: 0x970810: pfd->events now 60 (POLLOUT:4)
0:00:00.017101252  3826 0x31e370 DEBUG   default gstvalue.c:2676:_priv_gst_value_parse_value: trying type name 'string'
0:00:00.012712696  3827 0x968320 DEBUG   GST_POLL gstpoll.c:980:gst_poll_fd_ctl_write: 0x970810: fd (fd:0, idx:1), active : 1
0:00:00.017108641  3826 0x31e370 DEBUG   GST_REGISTRY gstregistrychunks.c:626:gst_registry_chunks_load_feature: Element factory : npadtemplates=2
0:00:00.012718768  3827 0x968320 LOG   GST_POLL gstpoll.c:994:gst_poll_fd_ctl_write: 0x970810: pfd->events now 60 (POLLOUT:4)
0:00:00.017114655  3826 0x31e370 DEBUG   GST_REGISTRY gstregistrychunks.c:526:gst_registry_chunks_load_pad_template: Reading/casting for GstRegistryChunkPadTemplate at address 0x33a110
0:00:00.012724835  3827 0x968320 DEBUG   GST_POLL gstpoll.c:980:gst_poll_fd_ctl_write: 0x970810: fd (fd:0, idx:1), active : 1
0:00:00.017125240  3826 0x31e370 DEBUG   GST_REGISTRY gstregistrychunks.c:539:gst_registry_chunks_load_pad_template: Added pad_template src_%u
0:00:00.012734816  3827 0x968320 LOG   GST_POLL gstpoll.c:994:gst_poll_fd_ctl_write: 0x970810: pfd->events now 60 (POLLOUT:4)
0:00:00.017131250  3826 0x31e370 DEBUG   GST_REGISTRY gstregistrychunks.c:526:gst_registry_chunks_load_pad_template: Reading/casting for GstRegistryChunkPadTemplate at address 0x33a128
0:00:00.012741090  3827 0x968320 DEBUG   GST_POLL gstpoll.c:980:gst_poll_fd_ctl_write: 0x970810: fd (fd:0, idx:1), active : 1
0:00:00.017137253  3826 0x31e370 DEBUG   GST_REGISTRY gstregistrychunks.c:539:gst_registry_chunks_load_pad_template: Added pad_template sink
0:00:00.012747106  3827 0x968320 LOG   GST_POLL gstpoll.c:994:gst_poll_fd_ctl_write: 0x970810: pfd->events now 60 (POLLOUT:4)
0:00:00.017144733  3826 0x31e370 DEBUG   GST_REGISTRY gstregistry.c:590:gst_registry_add_feature: adding feature 0x33bf30 (tee)
0:00:00.012753410  3827 0x968320 DEBUG   GST_POLL gstpoll.c:980:gst_poll_fd_ctl_write: 0x970810: fd (fd:0, idx:1), active : 1
0:00:00.017151300  3826 0x31e370 DEBUG   GST_REFCOUNTING gstobject.c:709:gst_object_set_parent: set parent (ref and sink)
0:00:00.012760416  3827 0x968320 LOG   GST_POLL gstpoll.c:994:gst_poll_fd_ctl_write: 0x970810: pfd->events now 60 (POLLOUT:4)
0:00:00.017159024  3826 0x31e370 TRACE   GST_REFCOUNTING gstobject.c:294:gst_object_ref_sink: 0x33bf30 ref_sink 1->2
0:00:00.012767958  3827 0x968320 DEBUG   GST_POLL gstpoll.c:980:gst_poll_fd_ctl_write: 0x970810: fd (fd:0, idx:1), active : 1
0:00:00.017166214  3826 0x31e370 LOG   GST_REGISTRY gstregistry.c:608:gst_registry_add_feature: emitting feature-added for tee
0:00:00.012775237  3827 0x968320 LOG   GST_POLL gstpoll.c:994:gst_poll_fd_ctl_write: 0x970810: pfd->events now 60 (POLLOUT:4)
0:00:00.017173197  3826 0x31e370 DEBUG   GST_REGISTRY gstregistrychunks.c:741:gst_registry_chunks_load_feature: Added feature tee, plugin 0x338200 coreelements
0:00:00.012782087  3827 0x968320 DEBUG   GST_POLL gstpoll.c:980:gst_poll_fd_ctl_write: 0x970810: fd (fd:0, idx:1), active : 1
0:00:00.017180526  3826 0x31e370 DEBUG   GST_REGISTRY gstregistrychunks.c:583:gst_registry_chunks_load_feature: Plugin 'coreelements' feature 'filesink' typename : 'GstElementFactory'
0:00:00.012789004  3827 0x968320 LOG   GST_POLL gstpoll.c:994:gst_poll_fd_ctl_write: 0x970810: pfd->events now 60 (POLLOUT:4)
0:00:00.017188216  3826 0x31e370 TRACE   GST_REFCOUNTING gstobject.c:208:gst_object_init: 0x33c390 new
0:00:00.012796432  3827 0x968320 DEBUG   GST_POLL gstpoll.c:980:gst_poll_fd_ctl_write: 0x970810: fd (fd:0, idx:1), active : 1
0:00:00.017201516  3826 0x31e370 LOG   GST_REGISTRY gstregistrychunks.c:610:gst_registry_chunks_load_feature: Reading/casting for GstRegistryChunkElementFactory at address 0x33a158
0:00:00.012809945  3827 0x968320 LOG   GST_POLL gstpoll.c:994:gst_poll_fd_ctl_write: 0x970810: pfd->events now 60 (POLLOUT:4)
0:00:00.017217925  3826 0x31e370 TRACE   structure gststructure.c:287:gst_structure_new_id_empty_with_size: created structure 0x33c550
0:00:00.012827037  3827 0x968320 DEBUG   GST_POLL gstpoll.c:980:gst_poll_fd_ctl_write: 0x970810: fd (fd:0, idx:1), active : 1
0:00:00.017224293  3826 0x31e370 DEBUG   structure gststructure.c:2203:gst_structure_parse_field: trying field name 'long-name'
0:00:00.012833710  3827 0x968320 LOG   GST_POLL gstpoll.c:994:gst_poll_fd_ctl_write: 0x970810: pfd->events now 60 (POLLOUT:4)
0:00:00.017230198  3826 0x31e370 DEBUG   default gstvalue.c:2676:_priv_gst_value_parse_value: trying type name 'string'
0:00:00.012839896  3827 0x968320 DEBUG   GST_POLL gstpoll.c:980:gst_poll_fd_ctl_write: 0x970810: fd (fd:0, idx:1), active : 1
0:00:00.017236640  3826 0x31e370 DEBUG   structure gststructure.c:2203:gst_structure_parse_field: trying field name 'klass'
0:00:00.012845999  3827 0x968320 LOG   GST_POLL gstpoll.c:994:gst_poll_fd_ctl_write: 0x970810: pfd->events now 60 (POLLOUT:4)
0:00:00.017242277  3826 0x31e370 DEBUG   default gstvalue.c:2676:_priv_gst_value_parse_value: trying type name 'string'
0:00:00.012852329  3827 0x968320 DEBUG   GST_POLL gstpoll.c:980:gst_poll_fd_ctl_write: 0x970810: fd (fd:0, idx:1), active : 1
0:00:00.017248369  3826 0x31e370 DEBUG   structure gststructure.c:2203:gst_structure_parse_field: trying field name 'description'
0:00:00.012858257  3827 0x968320 LOG   GST_POLL gstpoll.c:994:gst_poll_fd_ctl_write: 0x970810: pfd->events now 60 (POLLOUT:4)
0:00:00.017254173  3826 0x31e370 DEBUG   default gstvalue.c:2676:_priv_gst_value_parse_value: trying type name 'string'
0:00:00.012864422  3827 0x968320 DEBUG   GST_POLL gstpoll.c:980:gst_poll_fd_ctl_write: 0x970810: fd (fd:0, idx:1), active : 1
0:00:00.017260422  3826 0x31e370 DEBUG   structure gststructure.c:2203:gst_structure_parse_field: trying field name 'author'
0:00:00.012870450  3827 0x968320 LOG   GST_POLL gstpoll.c:994:gst_poll_fd_ctl_write: 0x970810: pfd->events now 60 (POLLOUT:4)
0:00:00.017266081  3826 0x31e370 DEBUG   default gstvalue.c:2676:_priv_gst_value_parse_value: trying type name 'string'
0:00:00.012876588  3827 0x968320 DEBUG   GST_POLL gstpoll.c:980:gst_poll_fd_ctl_write: 0x970810: fd (fd:0, idx:1), active : 1
0:00:00.017272652  3826 0x31e370 DEBUG   GST_REGISTRY gstregistrychunks.c:626:gst_registry_chunks_load_feature: Element factory : npadtemplates=1
0:00:00.012882698  3827 0x968320 LOG   GST_POLL gstpoll.c:994:gst_poll_fd_ctl_write: 0x970810: pfd->events now 60 (POLLOUT:4)
0:00:00.017278555  3826 0x31e370 DEBUG   GST_REGISTRY gstregistrychunks.c:526:gst_registry_chunks_load_pad_template: Reading/casting for GstRegistryChunkPadTemplate at address 0x33a238
0:00:00.012888818  3827 0x968320 DEBUG   GST_POLL gstpoll.c:980:gst_poll_fd_ctl_write: 0x970810: fd (fd:0, idx:1), active : 1
0:00:00.017288502  3826 0x31e370 DEBUG   GST_REGISTRY gstregistrychunks.c:539:gst_registry_chunks_load_pad_template: Added pad_template sink
0:00:00.012898273  3827 0x968320 LOG   GST_POLL gstpoll.c:994:gst_poll_fd_ctl_write: 0x970810: pfd->events now 60 (POLLOUT:4)
0:00:00.017295329  3826 0x31e370 DEBUG   GST_REGISTRY gstregistrychunks.c:639:gst_registry_chunks_load_feature: Reading 1 UriTypes at address 0x33a249
0:00:00.012904913  3827 0x968320 DEBUG   GST_POLL gstpoll.c:980:gst_poll_fd_ctl_write: 0x970810: fd (fd:0, idx:1), active : 1
0:00:00.012911230  3827 0x968320 LOG   GST_POLL gstpoll.c:994:gst_poll_fd_ctl_write: 0x970810: pfd->events now 60 (POLLOUT:4)
0:00:00.017304075  3826 0x31e370 DEBUG   GST_REGISTRY gstregistrychunks.c:654:gst_registry_chunks_load_feature: Reading 1 Interfaces at address 0x33a259
0:00:00.012917345  3827 0x968320 DEBUG   GST_POLL gstpoll.c:980:gst_poll_fd_ctl_write: 0x970810: fd (fd:0, idx:1), active : 1
0:00:00.017315390  3826 0x31e370 DEBUG   GST_REGISTRY gstregistry.c:590:gst_registry_add_feature: adding feature 0x33c390 (filesink)
0:00:00.012923547  3827 0x968320 LOG   GST_POLL gstpoll.c:994:gst_poll_fd_ctl_write: 0x970810: pfd->events now 60 (POLLOUT:4)
0:00:00.017321911  3826 0x31e370 DEBUG   GST_REFCOUNTING gstobject.c:709:gst_object_set_parent: set parent (ref and sink)
0:00:00.012931807  3827 0x968320 DEBUG   GST_POLL gstpoll.c:980:gst_poll_fd_ctl_write: 0x970810: fd (fd:0, idx:1), active : 1
0:00:00.017329463  3826 0x31e370 TRACE   GST_REFCOUNTING gstobject.c:294:gst_object_ref_sink: 0x33c390 ref_sink 1->2
0:00:00.012938083  3827 0x968320 LOG   GST_POLL gstpoll.c:994:gst_poll_fd_ctl_write: 0x970810: pfd->events now 60 (POLLOUT:4)
0:00:00.017336405  3826 0x31e370 LOG   GST_REGISTRY gstregistry.c:608:gst_registry_add_feature: emitting feature-added for filesink
0:00:00.012945797  3827 0x968320 DEBUG   GST_POLL gstpoll.c:980:gst_poll_fd_ctl_write: 0x970810: fd (fd:0, idx:1), active : 1
0:00:00.017343051  3826 0x31e370 DEBUG   GST_REGISTRY gstregistrychunks.c:741:gst_registry_chunks_load_feature: Added feature filesink, plugin 0x338200 coreelements
0:00:00.012951790  3827 0x968320 LOG   GST_POLL gstpoll.c:994:gst_poll_fd_ctl_write: 0x970810: pfd->events now 60 (POLLOUT:4)
0:00:00.017349654  3826 0x31e370 DEBUG   GST_REGISTRY gstregistrychunks.c:583:gst_registry_chunks_load_feature: Plugin 'coreelements' feature 'queue2' typename : 'GstElementFactory'
0:00:00.012958881  3827 0x968320 DEBUG   GST_POLL gstpoll.c:980:gst_poll_fd_ctl_write: 0x970810: fd (fd:0, idx:1), active : 1
0:00:00.017357531  3826 0x31e370 TRACE   GST_REFCOUNTING gstobject.c:208:gst_object_init: 0x33c680 new
0:00:00.012965423  3827 0x968320 LOG   GST_POLL gstpoll.c:994:gst_poll_fd_ctl_write: 0x970810: pfd->events now 60 (POLLOUT:4)
0:00:00.017365039  3826 0x31e370 LOG   GST_REGISTRY gstregistrychunks.c:610:gst_registry_chunks_load_feature: Reading/casting for GstRegistryChunkElementFactory at address 0x33a280
0:00:00.012973904  3827 0x968320 DEBUG   GST_POLL gstpoll.c:980:gst_poll_fd_ctl_write: 0x970810: fd (fd:0, idx:1), active : 1
0:00:00.017375757  3826 0x31e370 TRACE   structure gststructure.c:287:gst_structure_new_id_empty_with_size: created structure 0x33ca40
0:00:00.012985033  3827 0x968320 LOG   GST_POLL gstpoll.c:994:gst_poll_fd_ctl_write: 0x970810: pfd->events now 60 (POLLOUT:4)
0:00:00.017381688  3826 0x31e370 DEBUG   structure gststructure.c:2203:gst_structure_parse_field: trying field name 'long-name'
0:00:00.012991261  3827 0x968320 DEBUG   GST_POLL gstpoll.c:980:gst_poll_fd_ctl_write: 0x970810: fd (fd:0, idx:1), active : 1
0:00:00.017387506  3826 0x31e370 DEBUG   default gstvalue.c:2676:_priv_gst_value_parse_value: trying type name 'string'
0:00:00.012997349  3827 0x968320 LOG   GST_POLL gstpoll.c:994:gst_poll_fd_ctl_write: 0x970810: pfd->events now 60 (POLLOUT:4)
0:00:00.017393729  3826 0x31e370 DEBUG   structure gststructure.c:2203:gst_structure_parse_field: trying field name 'klass'
0:00:00.013003616  3827 0x968320 DEBUG   GST_POLL gstpoll.c:980:gst_poll_fd_ctl_write: 0x970810: fd (fd:0, idx:1), active : 1
0:00:00.017399320  3826 0x31e370 DEBUG   default gstvalue.c:2676:_priv_gst_value_parse_value: trying type name 'string'
0:00:00.013009714  3827 0x968320 LOG   GST_POLL gstpoll.c:994:gst_poll_fd_ctl_write: 0x970810: pfd->events now 60 (POLLOUT:4)
0:00:00.017405429  3826 0x31e370 DEBUG   structure gststructure.c:2203:gst_structure_parse_field: trying field name 'description'
0:00:00.013015945  3827 0x968320 DEBUG   GST_POLL gstpoll.c:980:gst_poll_fd_ctl_write: 0x970810: fd (fd:0, idx:1), active : 1
0:00:00.017411011  3826 0x31e370 DEBUG   default gstvalue.c:2676:_priv_gst_value_parse_value: trying type name 'string'
0:00:00.013022195  3827 0x968320 LOG   GST_POLL gstpoll.c:994:gst_poll_fd_ctl_write: 0x970810: pfd->events now 60 (POLLOUT:4)
0:00:00.017417496  3826 0x31e370 DEBUG   structure gststructure.c:2203:gst_structure_parse_field: trying field name 'author'
0:00:00.013028503  3827 0x968320 DEBUG   GST_POLL gstpoll.c:980:gst_poll_fd_ctl_write: 0x970810: fd (fd:0, idx:1), active : 1
0:00:00.017423287  3826 0x31e370 DEBUG   default gstvalue.c:2676:_priv_gst_value_parse_value: trying type name 'string'
0:00:00.013034613  3827 0x968320 LOG   GST_POLL gstpoll.c:994:gst_poll_fd_ctl_write: 0x970810: pfd->events now 60 (POLLOUT:4)
0:00:00.017430844  3826 0x31e370 DEBUG   GST_REGISTRY gstregistrychunks.c:626:gst_registry_chunks_load_feature: Element factory : npadtemplates=2
0:00:00.013040981  3827 0x968320 DEBUG   GST_POLL gstpoll.c:980:gst_poll_fd_ctl_write: 0x970810: fd (fd:0, idx:1), active : 1
0:00:00.017436739  3826 0x31e370 DEBUG   GST_REGISTRY gstregistrychunks.c:526:gst_registry_chunks_load_pad_template: Reading/casting for GstRegistryChunkPadTemplate at address 0x33a370
0:00:00.013047061  3827 0x968320 LOG   GST_POLL gstpoll.c:994:gst_poll_fd_ctl_write: 0x970810: pfd->events now 60 (POLLOUT:4)
0:00:00.017446222  3826 0x31e370 DEBUG   GST_REGISTRY gstregistrychunks.c:539:gst_registry_chunks_load_pad_template: Added pad_template sink
0:00:00.013056293  3827 0x968320 DEBUG   GST_POLL gstpoll.c:980:gst_poll_fd_ctl_write: 0x970810: fd (fd:0, idx:1), active : 1
0:00:00.017452097  3826 0x31e370 DEBUG   GST_REGISTRY gstregistrychunks.c:526:gst_registry_chunks_load_pad_template: Reading/casting for GstRegistryChunkPadTemplate at address 0x33a388
0:00:00.013062286  3827 0x968320 LOG   GST_POLL gstpoll.c:994:gst_poll_fd_ctl_write: 0x970810: pfd->events now 60 (POLLOUT:4)
0:00:00.017458002  3826 0x31e370 DEBUG   GST_REGISTRY gstregistrychunks.c:539:gst_registry_chunks_load_pad_template: Added pad_template src
0:00:00.013068653  3827 0x968320 DEBUG   GST_POLL gstpoll.c:980:gst_poll_fd_ctl_write: 0x970810: fd (fd:0, idx:1), active : 1
0:00:00.017465496  3826 0x31e370 DEBUG   GST_REGISTRY gstregistry.c:590:gst_registry_add_feature: adding feature 0x33c680 (queue2)
0:00:00.013074653  3827 0x968320 LOG   GST_POLL gstpoll.c:994:gst_poll_fd_ctl_write: 0x970810: pfd->events now 60 (POLLOUT:4)
0:00:00.017471732  3826 0x31e370 DEBUG   GST_REFCOUNTING gstobject.c:709:gst_object_set_parent: set parent (ref and sink)
0:00:00.013081328  3827 0x968320 DEBUG   GST_POLL gstpoll.c:980:gst_poll_fd_ctl_write: 0x970810: fd (fd:0, idx:1), active : 1
0:00:00.017479057  3826 0x31e370 TRACE   GST_REFCOUNTING gstobject.c:294:gst_object_ref_sink: 0x33c680 ref_sink 1->2
0:00:00.013087688  3827 0x968320 LOG   GST_POLL gstpoll.c:994:gst_poll_fd_ctl_write: 0x970810: pfd->events now 60 (POLLOUT:4)
0:00:00.017486036  3826 0x31e370 LOG   GST_REGISTRY gstregistry.c:608:gst_registry_add_feature: emitting feature-added for queue2
0:00:00.013095783  3827 0x968320 DEBUG   GST_POLL gstpoll.c:980:gst_poll_fd_ctl_write: 0x970810: fd (fd:0, idx:1), active : 1
0:00:00.017492619  3826 0x31e370 DEBUG   GST_REGISTRY gstregistrychunks.c:741:gst_registry_chunks_load_feature: Added feature queue2, plugin 0x338200 coreelements
0:00:00.013101859  3827 0x968320 LOG   GST_POLL gstpoll.c:994:gst_poll_fd_ctl_write: 0x970810: pfd->events now 60 (POLLOUT:4)
0:00:00.017499457  3826 0x31e370 DEBUG   GST_REGISTRY gstregistrychunks.c:583:gst_registry_chunks_load_feature: Plugin 'coreelements' feature 'queue' typename : 'GstElementFactory'
0:00:00.017506656  3826 0x31e370 TRACE   GST_REFCOUNTING gstobject.c:208:gst_object_init: 0x33cbc0 new
0:00:00.013116358  3827 0x968320 DEBUG   GST_POLL gstpoll.c:980:gst_poll_fd_ctl_write: 0x970810: fd (fd:0, idx:1), active : 1
0:00:00.017513481  3826 0x31e370 LOG   GST_REGISTRY gstregistrychunks.c:610:gst_registry_chunks_load_feature: Reading/casting for GstRegistryChunkElementFactory at address 0x33a3b0
0:00:00.013122492  3827 0x968320 LOG   GST_POLL gstpoll.c:994:gst_poll_fd_ctl_write: 0x970810: pfd->events now 60 (POLLOUT:4)
0:00:00.017519958  3826 0x31e370 TRACE   structure gststructure.c:287:gst_structure_new_id_empty_with_size: created structure 0x33cd60
0:00:00.013148966  3827 0x968320 DEBUG   GST_POLL gstpoll.c:980:gst_poll_fd_ctl_write: 0x970810: fd (fd:0, idx:1), active : 1
0:00:00.017545482  3826 0x31e370 DEBUG   structure gststructure.c:2203:gst_structure_parse_field: trying field name 'long-name'
0:00:00.013159772  3827 0x968320 LOG   GST_POLL gstpoll.c:994:gst_poll_fd_ctl_write: 0x970810: pfd->events now 60 (POLLOUT:4)
0:00:00.017556626  3826 0x31e370 DEBUG   default gstvalue.c:2676:_priv_gst_value_parse_value: trying type name 'string'
0:00:00.013170075  3827 0x968320 DEBUG   GST_POLL gstpoll.c:980:gst_poll_fd_ctl_write: 0x970810: fd (fd:0, idx:1), active : 1
0:00:00.017567949  3826 0x31e370 DEBUG   structure gststructure.c:2203:gst_structure_parse_field: trying field name 'klass'
0:00:00.013176324  3827 0x968320 LOG   GST_POLL gstpoll.c:994:gst_poll_fd_ctl_write: 0x970810: pfd->events now 60 (POLLOUT:4)
0:00:00.017575896  3826 0x31e370 DEBUG   default gstvalue.c:2676:_priv_gst_value_parse_value: trying type name 'string'
0:00:00.013185417  3827 0x968320 DEBUG   GST_POLL gstpoll.c:980:gst_poll_fd_ctl_write: 0x970810: fd (fd:0, idx:1), active : 1
0:00:00.017582174  3826 0x31e370 DEBUG   structure gststructure.c:2203:gst_structure_parse_field: trying field name 'description'
0:00:00.013191295  3827 0x968320 LOG   GST_POLL gstpoll.c:994:gst_poll_fd_ctl_write: 0x970810: pfd->events now 60 (POLLOUT:4)
0:00:00.017588068  3826 0x31e370 DEBUG   default gstvalue.c:2676:_priv_gst_value_parse_value: trying type name 'string'
0:00:00.013198009  3827 0x968320 DEBUG   GST_POLL gstpoll.c:980:gst_poll_fd_ctl_write: 0x970810: fd (fd:0, idx:1), active : 1
0:00:00.017594225  3826 0x31e370 DEBUG   structure gststructure.c:2203:gst_structure_parse_field: trying field name 'author'
0:00:00.013203927  3827 0x968320 LOG   GST_POLL gstpoll.c:994:gst_poll_fd_ctl_write: 0x970810: pfd->events now 60 (POLLOUT:4)
0:00:00.017600097  3826 0x31e370 DEBUG   default gstvalue.c:2676:_priv_gst_value_parse_value: trying type name 'string'
0:00:00.013210352  3827 0x968320 DEBUG   GST_POLL gstpoll.c:980:gst_poll_fd_ctl_write: 0x970810: fd (fd:0, idx:1), active : 1
0:00:00.017606440  3826 0x31e370 DEBUG   GST_REGISTRY gstregistrychunks.c:626:gst_registry_chunks_load_feature: Element factory : npadtemplates=2
0:00:00.013216285  3827 0x968320 LOG   GST_POLL gstpoll.c:994:gst_poll_fd_ctl_write: 0x970810: pfd->events now 60 (POLLOUT:4)
0:00:00.017612263  3826 0x31e370 DEBUG   GST_REGISTRY gstregistrychunks.c:526:gst_registry_chunks_load_pad_template: Reading/casting for GstRegistryChunkPadTemplate at address 0x33a468
0:00:00.013222573  3827 0x968320 DEBUG   GST_POLL gstpoll.c:980:gst_poll_fd_ctl_write: 0x970810: fd (fd:0, idx:1), active : 1
0:00:00.017618173  3826 0x31e370 DEBUG   GST_REGISTRY gstregistrychunks.c:539:gst_registry_chunks_load_pad_template: Added pad_template sink
0:00:00.013228618  3827 0x968320 LOG   GST_POLL gstpoll.c:994:gst_poll_fd_ctl_write: 0x970810: pfd->events now 60 (POLLOUT:4)
0:00:00.017628982  3826 0x31e370 DEBUG   GST_REGISTRY gstregistrychunks.c:526:gst_registry_chunks_load_pad_template: Reading/casting for GstRegistryChunkPadTemplate at address 0x33a480
0:00:00.013238990  3827 0x968320 DEBUG   GST_POLL gstpoll.c:980:gst_poll_fd_ctl_write: 0x970810: fd (fd:0, idx:1), active : 1
0:00:00.017634848  3826 0x31e370 DEBUG   GST_REGISTRY gstregistrychunks.c:539:gst_registry_chunks_load_pad_template: Added pad_template src
0:00:00.013245061  3827 0x968320 LOG   GST_POLL gstpoll.c:994:gst_poll_fd_ctl_write: 0x970810: pfd->events now 60 (POLLOUT:4)
0:00:00.017642598  3826 0x31e370 DEBUG   GST_REGISTRY gstregistry.c:590:gst_registry_add_feature: adding feature 0x33cbc0 (queue)
0:00:00.013251215  3827 0x968320 DEBUG   GST_POLL gstpoll.c:980:gst_poll_fd_ctl_write: 0x970810: fd (fd:0, idx:1), active : 1
0:00:00.017649295  3826 0x31e370 DEBUG   GST_REFCOUNTING gstobject.c:709:gst_object_set_parent: set parent (ref and sink)
0:00:00.013258172  3827 0x968320 LOG   GST_POLL gstpoll.c:994:gst_poll_fd_ctl_write: 0x970810: pfd->events now 60 (POLLOUT:4)
0:00:00.017656915  3826 0x31e370 TRACE   GST_REFCOUNTING gstobject.c:294:gst_object_ref_sink: 0x33cbc0 ref_sink 1->2
0:00:00.013265700  3827 0x968320 DEBUG   GST_POLL gstpoll.c:980:gst_poll_fd_ctl_write: 0x970810: fd (fd:0, idx:1), active : 1
0:00:00.017663980  3826 0x31e370 LOG   GST_REGISTRY gstregistry.c:608:gst_registry_add_feature: emitting feature-added for queue
0:00:00.013272545  3827 0x968320 LOG   GST_POLL gstpoll.c:994:gst_poll_fd_ctl_write: 0x970810: pfd->events now 60 (POLLOUT:4)
0:00:00.017671408  3826 0x31e370 DEBUG   GST_REGISTRY gstregistrychunks.c:741:gst_registry_chunks_load_feature: Added feature queue, plugin 0x338200 coreelements
0:00:00.013279892  3827 0x968320 DEBUG   GST_POLL gstpoll.c:980:gst_poll_fd_ctl_write: 0x970810: fd (fd:0, idx:1), active : 1
0:00:00.017678327  3826 0x31e370 DEBUG   GST_REGISTRY gstregistrychunks.c:583:gst_registry_chunks_load_feature: Plugin 'coreelements' feature 'output-selector' typename : 'GstElementFactory'
0:00:00.013286842  3827 0x968320 LOG   GST_POLL gstpoll.c:994:gst_poll_fd_ctl_write: 0x970810: pfd->events now 60 (POLLOUT:4)
0:00:00.013294166  3827 0x968320 DEBUG   GST_POLL gstpoll.c:980:gst_poll_fd_ctl_write: 0x970810: fd (fd:0, idx:1), active : 1
0:00:00.017690242  3826 0x31e370 TRACE   GST_REFCOUNTING gstobject.c:208:gst_object_init: 0x33ce90 new
0:00:00.013299496  3827 0x968320 LOG   GST_POLL gstpoll.c:994:gst_poll_fd_ctl_write: 0x970810: pfd->events now 60 (POLLOUT:4)
0:00:00.017700045  3826 0x31e370 LOG   GST_REGISTRY gstregistrychunks.c:610:gst_registry_chunks_load_feature: Reading/casting for GstRegistryChunkElementFactory at address 0x33a4b8
0:00:00.013308076  3827 0x968320 DEBUG   GST_POLL gstpoll.c:980:gst_poll_fd_ctl_write: 0x970810: fd (fd:0, idx:1), active : 1
0:00:00.017706772  3826 0x31e370 TRACE   structure gststructure.c:287:gst_structure_new_id_empty_with_size: created structure 0x33d190
0:00:00.013320527  3827 0x968320 LOG   GST_POLL gstpoll.c:994:gst_poll_fd_ctl_write: 0x970810: pfd->events now 60 (POLLOUT:4)
0:00:00.017715818  3826 0x31e370 DEBUG   structure gststructure.c:2203:gst_structure_parse_field: trying field name 'long-name'
0:00:00.013327123  3827 0x968320 DEBUG   GST_POLL gstpoll.c:980:gst_poll_fd_ctl_write: 0x970810: fd (fd:0, idx:1), active : 1
0:00:00.017721865  3826 0x31e370 DEBUG   default gstvalue.c:2676:_priv_gst_value_parse_value: trying type name 'string'
0:00:00.013333636  3827 0x968320 LOG   GST_POLL gstpoll.c:994:gst_poll_fd_ctl_write: 0x970810: pfd->events now 60 (POLLOUT:4)
0:00:00.017729325  3826 0x31e370 DEBUG   structure gststructure.c:2203:gst_structure_parse_field: trying field name 'klass'
0:00:00.013339936  3827 0x968320 DEBUG   GST_POLL gstpoll.c:980:gst_poll_fd_ctl_write: 0x970810: fd (fd:0, idx:1), active : 1
0:00:00.017734971  3826 0x31e370 DEBUG   default gstvalue.c:2676:_priv_gst_value_parse_value: trying type name 'string'
0:00:00.013350808  3827 0x968320 LOG   GST_POLL gstpoll.c:994:gst_poll_fd_ctl_write: 0x970810: pfd->events now 60 (POLLOUT:4)
0:00:00.017746017  3826 0x31e370 DEBUG   structure gststructure.c:2203:gst_structure_parse_field: trying field name 'description'
0:00:00.013357214  3827 0x968320 DEBUG   GST_POLL gstpoll.c:980:gst_poll_fd_ctl_write: 0x970810: fd (fd:0, idx:1), active : 1
0:00:00.017751630  3826 0x31e370 DEBUG   default gstvalue.c:2676:_priv_gst_value_parse_value: trying type name 'string'
0:00:00.013363182  3827 0x968320 LOG   GST_POLL gstpoll.c:994:gst_poll_fd_ctl_write: 0x970810: pfd->events now 60 (POLLOUT:4)
0:00:00.017758711  3826 0x31e370 DEBUG   structure gststructure.c:2203:gst_structure_parse_field: trying field name 'author'
0:00:00.013369526  3827 0x968320 DEBUG   GST_POLL gstpoll.c:980:gst_poll_fd_ctl_write: 0x970810: fd (fd:0, idx:1), active : 1
0:00:00.017764268  3826 0x31e370 DEBUG   default gstvalue.c:2676:_priv_gst_value_parse_value: trying type name 'string'
0:00:00.013375761  3827 0x968320 LOG   GST_POLL gstpoll.c:994:gst_poll_fd_ctl_write: 0x970810: pfd->events now 60 (POLLOUT:4)
0:00:00.017771245  3826 0x31e370 DEBUG   GST_REGISTRY gstregistrychunks.c:626:gst_registry_chunks_load_feature: Element factory : npadtemplates=2
0:00:00.013382168  3827 0x968320 DEBUG   GST_POLL gstpoll.c:980:gst_poll_fd_ctl_write: 0x970810: fd (fd:0, idx:1), active : 1
0:00:00.017777110  3826 0x31e370 DEBUG   GST_REGISTRY gstregistrychunks.c:526:gst_registry_chunks_load_pad_template: Reading/casting for GstRegistryChunkPadTemplate at address 0x33a590
0:00:00.013388272  3827 0x968320 LOG   GST_POLL gstpoll.c:994:gst_poll_fd_ctl_write: 0x970810: pfd->events now 60 (POLLOUT:4)
0:00:00.017783362  3826 0x31e370 DEBUG   GST_REGISTRY gstregistrychunks.c:539:gst_registry_chunks_load_pad_template: Added pad_template src_%u
0:00:00.013394510  3827 0x968320 DEBUG   GST_POLL gstpoll.c:980:gst_poll_fd_ctl_write: 0x970810: fd (fd:0, idx:1), active : 1
0:00:00.017793351  3826 0x31e370 DEBUG   GST_REGISTRY gstregistrychunks.c:526:gst_registry_chunks_load_pad_template: Reading/casting for GstRegistryChunkPadTemplate at address 0x33a5a8
0:00:00.013403051  3827 0x968320 LOG   GST_POLL gstpoll.c:994:gst_poll_fd_ctl_write: 0x970810: pfd->events now 60 (POLLOUT:4)
0:00:00.017799691  3826 0x31e370 DEBUG   GST_REGISTRY gstregistrychunks.c:539:gst_registry_chunks_load_pad_template: Added pad_template sink
0:00:00.013409307  3827 0x968320 DEBUG   GST_POLL gstpoll.c:980:gst_poll_fd_ctl_write: 0x970810: fd (fd:0, idx:1), active : 1
0:00:00.017807149  3826 0x31e370 DEBUG   GST_REGISTRY gstregistry.c:590:gst_registry_add_feature: adding feature 0x33ce90 (output-selector)
0:00:00.013415237  3827 0x968320 LOG   GST_POLL gstpoll.c:994:gst_poll_fd_ctl_write: 0x970810: pfd->events now 60 (POLLOUT:4)
0:00:00.017814768  3826 0x31e370 DEBUG   GST_REFCOUNTING gstobject.c:709:gst_object_set_parent: set parent (ref and sink)
0:00:00.013423153  3827 0x968320 DEBUG   GST_POLL gstpoll.c:980:gst_poll_fd_ctl_write: 0x970810: fd (fd:0, idx:1), active : 1
0:00:00.017822663  3826 0x31e370 TRACE   GST_REFCOUNTING gstobject.c:294:gst_object_ref_sink: 0x33ce90 ref_sink 1->2
0:00:00.013430788  3827 0x968320 LOG   GST_POLL gstpoll.c:994:gst_poll_fd_ctl_write: 0x970810: pfd->events now 60 (POLLOUT:4)
0:00:00.017830223  3826 0x31e370 LOG   GST_REGISTRY gstregistry.c:608:gst_registry_add_feature: emitting feature-added for output-selector
0:00:00.013439496  3827 0x968320 DEBUG   GST_POLL gstpoll.c:980:gst_poll_fd_ctl_write: 0x970810: fd (fd:0, idx:1), active : 1
0:00:00.017837536  3826 0x31e370 DEBUG   GST_REGISTRY gstregistrychunks.c:741:gst_registry_chunks_load_feature: Added feature output-selector, plugin 0x338200 coreelements
0:00:00.013445937  3827 0x968320 LOG   GST_POLL gstpoll.c:994:gst_poll_fd_ctl_write: 0x970810: pfd->events now 60 (POLLOUT:4)
0:00:00.017844325  3826 0x31e370 DEBUG   GST_REGISTRY gstregistrychunks.c:583:gst_registry_chunks_load_feature: Plugin 'coreelements' feature 'input-selector' typename : 'GstElementFactory'
0:00:00.013453218  3827 0x968320 DEBUG   GST_POLL gstpoll.c:980:gst_poll_fd_ctl_write: 0x970810: fd (fd:0, idx:1), active : 1
0:00:00.013459890  3827 0x968320 LOG   GST_POLL gstpoll.c:994:gst_poll_fd_ctl_write: 0x970810: pfd->events now 60 (POLLOUT:4)
0:00:00.017852251  3826 0x31e370 TRACE   GST_REFCOUNTING gstobject.c:208:gst_object_init: 0x33d430 new
0:00:00.013465633  3827 0x968320 DEBUG   GST_POLL gstpoll.c:980:gst_poll_fd_ctl_write: 0x970810: fd (fd:0, idx:1), active : 1
0:00:00.017861417  3826 0x31e370 LOG   GST_REGISTRY gstregistrychunks.c:610:gst_registry_chunks_load_feature: Reading/casting for GstRegistryChunkElementFactory at address 0x33a5e0
0:00:00.013471816  3827 0x968320 LOG   GST_POLL gstpoll.c:994:gst_poll_fd_ctl_write: 0x970810: pfd->events now 60 (POLLOUT:4)
0:00:00.017867999  3826 0x31e370 TRACE   structure gststructure.c:287:gst_structure_new_id_empty_with_size: created structure 0x33d7a0
0:00:00.013482609  3827 0x968320 DEBUG   GST_POLL gstpoll.c:980:gst_poll_fd_ctl_write: 0x970810: fd (fd:0, idx:1), active : 1
0:00:00.017877699  3826 0x31e370 DEBUG   structure gststructure.c:2203:gst_structure_parse_field: trying field name 'long-name'
0:00:00.013488816  3827 0x968320 LOG   GST_POLL gstpoll.c:994:gst_poll_fd_ctl_write: 0x970810: pfd->events now 60 (POLLOUT:4)
0:00:00.017883975  3826 0x31e370 DEBUG   default gstvalue.c:2676:_priv_gst_value_parse_value: trying type name 'string'
0:00:00.013495283  3827 0x968320 LOG   GST_PLUGIN_LOADING gstpluginloader.c:646:put_chunk: Expanding tx buf from 10158 to 13209 for chunk of size 209
0:00:00.017890172  3826 0x31e370 DEBUG   structure gststructure.c:2203:gst_structure_parse_field: trying field name 'klass'
0:00:00.017896881  3826 0x31e370 DEBUG   default gstvalue.c:2676:_priv_gst_value_parse_value: trying type name 'string'
0:00:00.017902433  3826 0x31e370 DEBUG   structure gststructure.c:2203:gst_structure_parse_field: trying field name 'description'
0:00:00.013512493  3827 0x968320 DEBUG   GST_POLL gstpoll.c:980:gst_poll_fd_ctl_write: 0x970810: fd (fd:0, idx:1), active : 1
0:00:00.017907689  3826 0x31e370 DEBUG   default gstvalue.c:2676:_priv_gst_value_parse_value: trying type name 'string'
0:00:00.013519215  3827 0x968320 LOG   GST_POLL gstpoll.c:994:gst_poll_fd_ctl_write: 0x970810: pfd->events now 60 (POLLOUT:4)
0:00:00.017914472  3826 0x31e370 DEBUG   structure gststructure.c:2203:gst_structure_parse_field: trying field name 'author'
0:00:00.013525610  3827 0x968320 DEBUG   GST_POLL gstpoll.c:980:gst_poll_fd_ctl_write: 0x970810: fd (fd:0, idx:1), active : 1
0:00:00.017920162  3826 0x31e370 DEBUG   default gstvalue.c:2676:_priv_gst_value_parse_value: trying type name 'string'
0:00:00.013531821  3827 0x968320 LOG   GST_POLL gstpoll.c:994:gst_poll_fd_ctl_write: 0x970810: pfd->events now 60 (POLLOUT:4)
0:00:00.017928226  3826 0x31e370 DEBUG   GST_REGISTRY gstregistrychunks.c:626:gst_registry_chunks_load_feature: Element factory : npadtemplates=2
0:00:00.013538137  3827 0x968320 DEBUG   GST_POLL gstpoll.c:980:gst_poll_fd_ctl_write: 0x970810: fd (fd:0, idx:1), active : 1
0:00:00.017933983  3826 0x31e370 DEBUG   GST_REGISTRY gstregistrychunks.c:526:gst_registry_chunks_load_pad_template: Reading/casting for GstRegistryChunkPadTemplate at address 0x33a710
0:00:00.013544173  3827 0x968320 LOG   GST_POLL gstpoll.c:994:gst_poll_fd_ctl_write: 0x970810: pfd->events now 60 (POLLOUT:4)
0:00:00.017939868  3826 0x31e370 DEBUG   GST_REGISTRY gstregistrychunks.c:539:gst_registry_chunks_load_pad_template: Added pad_template src
0:00:00.013550156  3827 0x968320 DEBUG   GST_POLL gstpoll.c:980:gst_poll_fd_ctl_write: 0x970810: fd (fd:0, idx:1), active : 1
0:00:00.017945523  3826 0x31e370 DEBUG   GST_REGISTRY gstregistrychunks.c:526:gst_registry_chunks_load_pad_template: Reading/casting for GstRegistryChunkPadTemplate at address 0x33a720
0:00:00.013556105  3827 0x968320 LOG   GST_POLL gstpoll.c:994:gst_poll_fd_ctl_write: 0x970810: pfd->events now 60 (POLLOUT:4)
0:00:00.017955810  3826 0x31e370 DEBUG   GST_REGISTRY gstregistrychunks.c:539:gst_registry_chunks_load_pad_template: Added pad_template sink_%u
0:00:00.013565521  3827 0x968320 DEBUG   GST_POLL gstpoll.c:980:gst_poll_fd_ctl_write: 0x970810: fd (fd:0, idx:1), active : 1
0:00:00.017963056  3826 0x31e370 DEBUG   GST_REGISTRY gstregistry.c:590:gst_registry_add_feature: adding feature 0x33d430 (input-selector)
0:00:00.013571559  3827 0x968320 LOG   GST_POLL gstpoll.c:994:gst_poll_fd_ctl_write: 0x970810: pfd->events now 60 (POLLOUT:4)
0:00:00.017969226  3826 0x31e370 DEBUG   GST_REFCOUNTING gstobject.c:709:gst_object_set_parent: set parent (ref and sink)
0:00:00.013578925  3827 0x968320 DEBUG   GST_POLL gstpoll.c:980:gst_poll_fd_ctl_write: 0x970810: fd (fd:0, idx:1), active : 1
0:00:00.013585256  3827 0x968320 LOG   GST_POLL gstpoll.c:994:gst_poll_fd_ctl_write: 0x970810: pfd->events now 60 (POLLOUT:4)
0:00:00.017980903  3826 0x31e370 TRACE   GST_REFCOUNTING gstobject.c:294:gst_object_ref_sink: 0x33d430 ref_sink 1->2
0:00:00.013591084  3827 0x968320 DEBUG   GST_POLL gstpoll.c:980:gst_poll_fd_ctl_write: 0x970810: fd (fd:0, idx:1), active : 1
0:00:00.017987892  3826 0x31e370 LOG   GST_REGISTRY gstregistry.c:608:gst_registry_add_feature: emitting feature-added for input-selector
0:00:00.013597021  3827 0x968320 LOG   GST_POLL gstpoll.c:994:gst_poll_fd_ctl_write: 0x970810: pfd->events now 60 (POLLOUT:4)
0:00:00.017994982  3826 0x31e370 DEBUG   GST_REGISTRY gstregistrychunks.c:741:gst_registry_chunks_load_feature: Added feature input-selector, plugin 0x338200 coreelements
0:00:00.013603551  3827 0x968320 DEBUG   GST_POLL gstpoll.c:980:gst_poll_fd_ctl_write: 0x970810: fd (fd:0, idx:1), active : 1
0:00:00.018002105  3826 0x31e370 DEBUG   GST_REGISTRY gstregistrychunks.c:583:gst_registry_chunks_load_feature: Plugin 'coreelements' feature 'identity' typename : 'GstElementFactory'
0:00:00.013610460  3827 0x968320 LOG   GST_POLL gstpoll.c:994:gst_poll_fd_ctl_write: 0x970810: pfd->events now 60 (POLLOUT:4)
0:00:00.018009479  3826 0x31e370 TRACE   GST_REFCOUNTING gstobject.c:208:gst_object_init: 0x33da20 new
0:00:00.013617901  3827 0x968320 DEBUG   GST_POLL gstpoll.c:980:gst_poll_fd_ctl_write: 0x970810: fd (fd:0, idx:1), active : 1
0:00:00.018016540  3826 0x31e370 LOG   GST_REGISTRY gstregistrychunks.c:610:gst_registry_chunks_load_feature: Reading/casting for GstRegistryChunkElementFactory at address 0x33a750
0:00:00.013625234  3827 0x968320 LOG   GST_POLL gstpoll.c:994:gst_poll_fd_ctl_write: 0x970810: pfd->events now 60 (POLLOUT:4)
0:00:00.018022917  3826 0x31e370 TRACE   structure gststructure.c:287:gst_structure_new_id_empty_with_size: created structure 0x33db10
0:00:00.013632364  3827 0x968320 DEBUG   GST_POLL gstpoll.c:980:gst_poll_fd_ctl_write: 0x970810: fd (fd:0, idx:1), active : 1
0:00:00.018033331  3826 0x31e370 DEBUG   structure gststructure.c:2203:gst_structure_parse_field: trying field name 'long-name'
0:00:00.013642969  3827 0x968320 LOG   GST_POLL gstpoll.c:994:gst_poll_fd_ctl_write: 0x970810: pfd->events now 60 (POLLOUT:4)
0:00:00.018039304  3826 0x31e370 DEBUG   default gstvalue.c:2676:_priv_gst_value_parse_value: trying type name 'string'
0:00:00.013649324  3827 0x968320 DEBUG   GST_POLL gstpoll.c:980:gst_poll_fd_ctl_write: 0x970810: fd (fd:0, idx:1), active : 1
0:00:00.018045611  3826 0x31e370 DEBUG   structure gststructure.c:2203:gst_structure_parse_field: trying field name 'klass'
0:00:00.013655305  3827 0x968320 LOG   GST_POLL gstpoll.c:994:gst_poll_fd_ctl_write: 0x970810: pfd->events now 60 (POLLOUT:4)
0:00:00.018051248  3826 0x31e370 DEBUG   default gstvalue.c:2676:_priv_gst_value_parse_value: trying type name 'string'
0:00:00.013661484  3827 0x968320 DEBUG   GST_POLL gstpoll.c:980:gst_poll_fd_ctl_write: 0x970810: fd (fd:0, idx:1), active : 1
0:00:00.018057313  3826 0x31e370 DEBUG   structure gststructure.c:2203:gst_structure_parse_field: trying field name 'description'
0:00:00.013667354  3827 0x968320 LOG   GST_POLL gstpoll.c:994:gst_poll_fd_ctl_write: 0x970810: pfd->events now 60 (POLLOUT:4)
0:00:00.018063014  3826 0x31e370 DEBUG   default gstvalue.c:2676:_priv_gst_value_parse_value: trying type name 'string'
0:00:00.013673562  3827 0x968320 DEBUG   GST_POLL gstpoll.c:980:gst_poll_fd_ctl_write: 0x970810: fd (fd:0, idx:1), active : 1
0:00:00.018069087  3826 0x31e370 DEBUG   structure gststructure.c:2203:gst_structure_parse_field: trying field name 'author'
0:00:00.013679439  3827 0x968320 LOG   GST_POLL gstpoll.c:994:gst_poll_fd_ctl_write: 0x970810: pfd->events now 60 (POLLOUT:4)
0:00:00.018074840  3826 0x31e370 DEBUG   default gstvalue.c:2676:_priv_gst_value_parse_value: trying type name 'string'
0:00:00.013685593  3827 0x968320 DEBUG   GST_POLL gstpoll.c:980:gst_poll_fd_ctl_write: 0x970810: fd (fd:0, idx:1), active : 1
0:00:00.018080971  3826 0x31e370 DEBUG   GST_REGISTRY gstregistrychunks.c:626:gst_registry_chunks_load_feature: Element factory : npadtemplates=2
0:00:00.013691563  3827 0x968320 LOG   GST_POLL gstpoll.c:994:gst_poll_fd_ctl_write: 0x970810: pfd->events now 60 (POLLOUT:4)
0:00:00.018086796  3826 0x31e370 DEBUG   GST_REGISTRY gstregistrychunks.c:526:gst_registry_chunks_load_pad_template: Reading/casting for GstRegistryChunkPadTemplate at address 0x33a820
0:00:00.013697718  3827 0x968320 DEBUG   GST_POLL gstpoll.c:980:gst_poll_fd_ctl_write: 0x970810: fd (fd:0, idx:1), active : 1
0:00:00.018092750  3826 0x31e370 DEBUG   GST_REGISTRY gstregistrychunks.c:539:gst_registry_chunks_load_pad_template: Added pad_template sink
0:00:00.013703616  3827 0x968320 LOG   GST_POLL gstpoll.c:994:gst_poll_fd_ctl_write: 0x970810: pfd->events now 60 (POLLOUT:4)
0:00:00.018098481  3826 0x31e370 DEBUG   GST_REGISTRY gstregistrychunks.c:526:gst_registry_chunks_load_pad_template: Reading/casting for GstRegistryChunkPadTemplate at address 0x33a838
0:00:00.013713970  3827 0x968320 DEBUG   GST_POLL gstpoll.c:980:gst_poll_fd_ctl_write: 0x970810: fd (fd:0, idx:1), active : 1
0:00:00.018108956  3826 0x31e370 DEBUG   GST_REGISTRY gstregistrychunks.c:539:gst_registry_chunks_load_pad_template: Added pad_template src
0:00:00.013719851  3827 0x968320 LOG   GST_POLL gstpoll.c:994:gst_poll_fd_ctl_write: 0x970810: pfd->events now 60 (POLLOUT:4)
0:00:00.018116257  3826 0x31e370 DEBUG   GST_REGISTRY gstregistry.c:590:gst_registry_add_feature: adding feature 0x33da20 (identity)
0:00:00.013725937  3827 0x968320 DEBUG   GST_POLL gstpoll.c:980:gst_poll_fd_ctl_write: 0x970810: fd (fd:0, idx:1), active : 1
0:00:00.018122232  3826 0x31e370 DEBUG   GST_REFCOUNTING gstobject.c:709:gst_object_set_parent: set parent (ref and sink)
0:00:00.013731798  3827 0x968320 LOG   GST_POLL gstpoll.c:994:gst_poll_fd_ctl_write: 0x970810: pfd->events now 60 (POLLOUT:4)
0:00:00.018131276  3826 0x31e370 TRACE   GST_REFCOUNTING gstobject.c:294:gst_object_ref_sink: 0x33da20 ref_sink 1->2
0:00:00.013739991  3827 0x968320 DEBUG   GST_POLL gstpoll.c:980:gst_poll_fd_ctl_write: 0x970810: fd (fd:0, idx:1), active : 1
0:00:00.018137925  3826 0x31e370 LOG   GST_REGISTRY gstregistry.c:608:gst_registry_add_feature: emitting feature-added for identity
0:00:00.013747139  3827 0x968320 LOG   GST_POLL gstpoll.c:994:gst_poll_fd_ctl_write: 0x970810: pfd->events now 60 (POLLOUT:4)
0:00:00.018144766  3826 0x31e370 DEBUG   GST_REGISTRY gstregistrychunks.c:741:gst_registry_chunks_load_feature: Added feature identity, plugin 0x338200 coreelements
0:00:00.013753872  3827 0x968320 DEBUG   GST_POLL gstpoll.c:980:gst_poll_fd_ctl_write: 0x970810: fd (fd:0, idx:1), active : 1
0:00:00.018151646  3826 0x31e370 DEBUG   GST_REGISTRY gstregistrychunks.c:583:gst_registry_chunks_load_feature: Plugin 'coreelements' feature 'funnel' typename : 'GstElementFactory'
0:00:00.013760278  3827 0x968320 LOG   GST_POLL gstpoll.c:994:gst_poll_fd_ctl_write: 0x970810: pfd->events now 60 (POLLOUT:4)
0:00:00.018158845  3826 0x31e370 TRACE   GST_REFCOUNTING gstobject.c:208:gst_object_init: 0x33dd90 new
0:00:00.013767435  3827 0x968320 DEBUG   GST_POLL gstpoll.c:980:gst_poll_fd_ctl_write: 0x970810: fd (fd:0, idx:1), active : 1
0:00:00.018165919  3826 0x31e370 LOG   GST_REGISTRY gstregistrychunks.c:610:gst_registry_chunks_load_feature: Reading/casting for GstRegistryChunkElementFactory at address 0x33a868
0:00:00.013774728  3827 0x968320 LOG   GST_POLL gstpoll.c:994:gst_poll_fd_ctl_write: 0x970810: pfd->events now 60 (POLLOUT:4)
0:00:00.013782010  3827 0x968320 DEBUG   GST_POLL gstpoll.c:980:gst_poll_fd_ctl_write: 0x970810: fd (fd:0, idx:1), active : 1
0:00:00.018175779  3826 0x31e370 TRACE   structure gststructure.c:287:gst_structure_new_id_empty_with_size: created structure 0x33df50
0:00:00.013787617  3827 0x968320 LOG   GST_POLL gstpoll.c:994:gst_poll_fd_ctl_write: 0x970810: pfd->events now 60 (POLLOUT:4)
0:00:00.018187628  3826 0x31e370 DEBUG   structure gststructure.c:2203:gst_structure_parse_field: trying field name 'long-name'
0:00:00.013797620  3827 0x968320 DEBUG   GST_POLL gstpoll.c:980:gst_poll_fd_ctl_write: 0x970810: fd (fd:0, idx:1), active : 1
0:00:00.018198198  3826 0x31e370 DEBUG   default gstvalue.c:2676:_priv_gst_value_parse_value: trying type name 'string'
0:00:00.013807544  3827 0x968320 LOG   GST_POLL gstpoll.c:994:gst_poll_fd_ctl_write: 0x970810: pfd->events now 60 (POLLOUT:4)
0:00:00.018204694  3826 0x31e370 DEBUG   structure gststructure.c:2203:gst_structure_parse_field: trying field name 'klass'
0:00:00.013813934  3827 0x968320 DEBUG   GST_POLL gstpoll.c:980:gst_poll_fd_ctl_write: 0x970810: fd (fd:0, idx:1), active : 1
0:00:00.018210176  3826 0x31e370 DEBUG   default gstvalue.c:2676:_priv_gst_value_parse_value: trying type name 'string'
0:00:00.013819861  3827 0x968320 LOG   GST_POLL gstpoll.c:994:gst_poll_fd_ctl_write: 0x970810: pfd->events now 60 (POLLOUT:4)
0:00:00.018216272  3826 0x31e370 DEBUG   structure gststructure.c:2203:gst_structure_parse_field: trying field name 'description'
0:00:00.013825968  3827 0x968320 DEBUG   GST_POLL gstpoll.c:980:gst_poll_fd_ctl_write: 0x970810: fd (fd:0, idx:1), active : 1
0:00:00.018226082  3826 0x31e370 DEBUG   default gstvalue.c:2676:_priv_gst_value_parse_value: trying type name 'string'
0:00:00.013835470  3827 0x968320 LOG   GST_POLL gstpoll.c:994:gst_poll_fd_ctl_write: 0x970810: pfd->events now 60 (POLLOUT:4)
0:00:00.018232158  3826 0x31e370 DEBUG   structure gststructure.c:2203:gst_structure_parse_field: trying field name 'author'
0:00:00.013841641  3827 0x968320 DEBUG   GST_POLL gstpoll.c:980:gst_poll_fd_ctl_write: 0x970810: fd (fd:0, idx:1), active : 1
0:00:00.018237954  3826 0x31e370 DEBUG   default gstvalue.c:2676:_priv_gst_value_parse_value: trying type name 'string'
0:00:00.013847518  3827 0x968320 LOG   GST_POLL gstpoll.c:994:gst_poll_fd_ctl_write: 0x970810: pfd->events now 60 (POLLOUT:4)
0:00:00.018244379  3826 0x31e370 DEBUG   GST_REGISTRY gstregistrychunks.c:626:gst_registry_chunks_load_feature: Element factory : npadtemplates=2
0:00:00.013853843  3827 0x968320 DEBUG   GST_POLL gstpoll.c:980:gst_poll_fd_ctl_write: 0x970810: fd (fd:0, idx:1), active : 1
0:00:00.018250264  3826 0x31e370 DEBUG   GST_REGISTRY gstregistrychunks.c:526:gst_registry_chunks_load_pad_template: Reading/casting for GstRegistryChunkPadTemplate at address 0x33a940
0:00:00.013859776  3827 0x968320 LOG   GST_POLL gstpoll.c:994:gst_poll_fd_ctl_write: 0x970810: pfd->events now 60 (POLLOUT:4)
0:00:00.018256280  3826 0x31e370 DEBUG   GST_REGISTRY gstregistrychunks.c:539:gst_registry_chunks_load_pad_template: Added pad_template src
0:00:00.013865908  3827 0x968320 DEBUG   GST_POLL gstpoll.c:980:gst_poll_fd_ctl_write: 0x970810: fd (fd:0, idx:1), active : 1
0:00:00.018261917  3826 0x31e370 DEBUG   GST_REGISTRY gstregistrychunks.c:526:gst_registry_chunks_load_pad_template: Reading/casting for GstRegistryChunkPadTemplate at address 0x33a950
0:00:00.013875740  3827 0x968320 LOG   GST_POLL gstpoll.c:994:gst_poll_fd_ctl_write: 0x970810: pfd->events now 60 (POLLOUT:4)
0:00:00.018271002  3826 0x31e370 DEBUG   GST_REGISTRY gstregistrychunks.c:539:gst_registry_chunks_load_pad_template: Added pad_template sink_%u
0:00:00.013882012  3827 0x968320 DEBUG   GST_POLL gstpoll.c:980:gst_poll_fd_ctl_write: 0x970810: fd (fd:0, idx:1), active : 1
0:00:00.018278759  3826 0x31e370 DEBUG   GST_REGISTRY gstregistry.c:590:gst_registry_add_feature: adding feature 0x33dd90 (funnel)
0:00:00.013888034  3827 0x968320 LOG   GST_POLL gstpoll.c:994:gst_poll_fd_ctl_write: 0x970810: pfd->events now 60 (POLLOUT:4)
0:00:00.018284868  3826 0x31e370 DEBUG   GST_REFCOUNTING gstobject.c:709:gst_object_set_parent: set parent (ref and sink)
0:00:00.013894636  3827 0x968320 DEBUG   GST_POLL gstpoll.c:980:gst_poll_fd_ctl_write: 0x970810: fd (fd:0, idx:1), active : 1
0:00:00.018292640  3826 0x31e370 TRACE   GST_REFCOUNTING gstobject.c:294:gst_object_ref_sink: 0x33dd90 ref_sink 1->2
0:00:00.013900861  3827 0x968320 LOG   GST_POLL gstpoll.c:994:gst_poll_fd_ctl_write: 0x970810: pfd->events now 60 (POLLOUT:4)
0:00:00.018299272  3826 0x31e370 LOG   GST_REGISTRY gstregistry.c:608:gst_registry_add_feature: emitting feature-added for funnel
0:00:00.013908784  3827 0x968320 DEBUG   GST_POLL gstpoll.c:980:gst_poll_fd_ctl_write: 0x970810: fd (fd:0, idx:1), active : 1
0:00:00.018306016  3826 0x31e370 DEBUG   GST_REGISTRY gstregistrychunks.c:741:gst_registry_chunks_load_feature: Added feature funnel, plugin 0x338200 coreelements
0:00:00.013914770  3827 0x968320 LOG   GST_POLL gstpoll.c:994:gst_poll_fd_ctl_write: 0x970810: pfd->events now 60 (POLLOUT:4)
0:00:00.018312828  3826 0x31e370 DEBUG   GST_REGISTRY gstregistrychunks.c:583:gst_registry_chunks_load_feature: Plugin 'coreelements' feature 'filesrc' typename : 'GstElementFactory'
0:00:00.013921805  3827 0x968320 DEBUG   GST_POLL gstpoll.c:980:gst_poll_fd_ctl_write: 0x970810: fd (fd:0, idx:1), active : 1
0:00:00.018320159  3826 0x31e370 TRACE   GST_REFCOUNTING gstobject.c:208:gst_object_init: 0x33dc90 new
0:00:00.013928322  3827 0x968320 LOG   GST_POLL gstpoll.c:994:gst_poll_fd_ctl_write: 0x970810: pfd->events now 60 (POLLOUT:4)
0:00:00.018327372  3826 0x31e370 LOG   GST_REGISTRY gstregistrychunks.c:610:gst_registry_chunks_load_feature: Reading/casting for GstRegistryChunkElementFactory at address 0x33a980
0:00:00.013936129  3827 0x968320 DEBUG   GST_POLL gstpoll.c:980:gst_poll_fd_ctl_write: 0x970810: fd (fd:0, idx:1), active : 1
0:00:00.018333548  3826 0x31e370 TRACE   structure gststructure.c:287:gst_structure_new_id_empty_with_size: created structure 0x33e2c0
0:00:00.013942787  3827 0x968320 LOG   GST_POLL gstpoll.c:994:gst_poll_fd_ctl_write: 0x970810: pfd->events now 60 (POLLOUT:4)
0:00:00.018339440  3826 0x31e370 DEBUG   structure gststructure.c:2203:gst_structure_parse_field: trying field name 'long-name'
0:00:00.013953259  3827 0x968320 DEBUG   GST_POLL gstpoll.c:980:gst_poll_fd_ctl_write: 0x970810: fd (fd:0, idx:1), active : 1
0:00:00.018348091  3826 0x31e370 DEBUG   default gstvalue.c:2676:_priv_gst_value_parse_value: trying type name 'string'
0:00:00.013959410  3827 0x968320 LOG   GST_POLL gstpoll.c:994:gst_poll_fd_ctl_write: 0x970810: pfd->events now 60 (POLLOUT:4)
0:00:00.018354902  3826 0x31e370 DEBUG   structure gststructure.c:2203:gst_structure_parse_field: trying field name 'klass'
0:00:00.013965927  3827 0x968320 DEBUG   GST_POLL gstpoll.c:980:gst_poll_fd_ctl_write: 0x970810: fd (fd:0, idx:1), active : 1
0:00:00.018360616  3826 0x31e370 DEBUG   default gstvalue.c:2676:_priv_gst_value_parse_value: trying type name 'string'
0:00:00.013971946  3827 0x968320 LOG   GST_POLL gstpoll.c:994:gst_poll_fd_ctl_write: 0x970810: pfd->events now 60 (POLLOUT:4)
0:00:00.018367941  3826 0x31e370 DEBUG   structure gststructure.c:2203:gst_structure_parse_field: trying field name 'description'
0:00:00.013978147  3827 0x968320 DEBUG   GST_POLL gstpoll.c:980:gst_poll_fd_ctl_write: 0x970810: fd (fd:0, idx:1), active : 1
0:00:00.018374166  3826 0x31e370 DEBUG   default gstvalue.c:2676:_priv_gst_value_parse_value: trying type name 'string'
0:00:00.013984033  3827 0x968320 LOG   GST_POLL gstpoll.c:994:gst_poll_fd_ctl_write: 0x970810: pfd->events now 60 (POLLOUT:4)
0:00:00.018380690  3826 0x31e370 DEBUG   structure gststructure.c:2203:gst_structure_parse_field: trying field name 'author'
0:00:00.013990384  3827 0x968320 DEBUG   GST_POLL gstpoll.c:980:gst_poll_fd_ctl_write: 0x970810: fd (fd:0, idx:1), active : 1
0:00:00.018386576  3826 0x31e370 DEBUG   default gstvalue.c:2676:_priv_gst_value_parse_value: trying type name 'string'
0:00:00.013996236  3827 0x968320 LOG   GST_POLL gstpoll.c:994:gst_poll_fd_ctl_write: 0x970810: pfd->events now 60 (POLLOUT:4)
0:00:00.018393020  3826 0x31e370 DEBUG   GST_REGISTRY gstregistrychunks.c:626:gst_registry_chunks_load_feature: Element factory : npadtemplates=1
0:00:00.014002468  3827 0x968320 DEBUG   GST_POLL gstpoll.c:980:gst_poll_fd_ctl_write: 0x970810: fd (fd:0, idx:1), active : 1
0:00:00.018399314  3826 0x31e370 DEBUG   GST_REGISTRY gstregistrychunks.c:526:gst_registry_chunks_load_pad_template: Reading/casting for GstRegistryChunkPadTemplate at address 0x33aa60
0:00:00.014009012  3827 0x968320 LOG   GST_POLL gstpoll.c:994:gst_poll_fd_ctl_write: 0x970810: pfd->events now 60 (POLLOUT:4)
0:00:00.018405256  3826 0x31e370 DEBUG   GST_REGISTRY gstregistrychunks.c:539:gst_registry_chunks_load_pad_template: Added pad_template src
0:00:00.014015150  3827 0x968320 DEBUG   GST_POLL gstpoll.c:980:gst_poll_fd_ctl_write: 0x970810: fd (fd:0, idx:1), active : 1
0:00:00.018411820  3826 0x31e370 DEBUG   GST_REGISTRY gstregistrychunks.c:639:gst_registry_chunks_load_feature: Reading 1 UriTypes at address 0x33aa70
0:00:00.014021040  3827 0x968320 LOG   GST_POLL gstpoll.c:994:gst_poll_fd_ctl_write: 0x970810: pfd->events now 60 (POLLOUT:4)
0:00:00.018425062  3826 0x31e370 DEBUG   GST_REGISTRY gstregistrychunks.c:654:gst_registry_chunks_load_feature: Reading 1 Interfaces at address 0x33aa79
0:00:00.014033587  3827 0x968320 DEBUG   GST_POLL gstpoll.c:980:gst_poll_fd_ctl_write: 0x970810: fd (fd:0, idx:1), active : 1
0:00:00.018433199  3826 0x31e370 DEBUG   GST_REGISTRY gstregistry.c:590:gst_registry_add_feature: adding feature 0x33dc90 (filesrc)
0:00:00.018439519  3826 0x31e370 DEBUG   GST_REFCOUNTING gstobject.c:709:gst_object_set_parent: set parent (ref and sink)
