0:00:00.014040644  3827 0x968320 LOG   GST_POLL gstpoll.c:994:gst_poll_fd_ctl_write: 0x970810: pfd->events now 60 (POLLOUT:4)
0:00:00.018446490  3826 0x31e370 TRACE   GST_REFCOUNTING gstobject.c:294:gst_object_ref_sink: 0x33dc90 ref_sink 1->2
0:00:00.014055351  3827 0x968320 DEBUG   GST_POLL gstpoll.c:980:gst_poll_fd_ctl_write: 0x970810: fd (fd:0, idx:1), active : 1
0:00:00.018453682  3826 0x31e370 LOG   GST_REGISTRY gstregistry.c:608:gst_registry_add_feature: emitting feature-added for filesrc
0:00:00.014062474  3827 0x968320 LOG   GST_POLL gstpoll.c:994:gst_poll_fd_ctl_write: 0x970810: pfd->events now 60 (POLLOUT:4)
0:00:00.018460579  3826 0x31e370 DEBUG   GST_REGISTRY gstregistrychunks.c:741:gst_registry_chunks_load_feature: Added feature filesrc, plugin 0x338200 coreelements
0:00:00.014069385  3827 0x968320 DEBUG   GST_POLL gstpoll.c:980:gst_poll_fd_ctl_write: 0x970810: fd (fd:0, idx:1), active : 1
0:00:00.018467792  3826 0x31e370 DEBUG   GST_REGISTRY gstregistrychunks.c:583:gst_registry_chunks_load_feature: Plugin 'coreelements' feature 'fdsink' typename : 'GstElementFactory'
0:00:00.014076147  3827 0x968320 LOG   GST_POLL gstpoll.c:994:gst_poll_fd_ctl_write: 0x970810: pfd->events now 60 (POLLOUT:4)
0:00:00.018475330  3826 0x31e370 TRACE   GST_REFCOUNTING gstobject.c:208:gst_object_init: 0x33e3f0 new
0:00:00.014083619  3827 0x968320 DEBUG   GST_POLL gstpoll.c:980:gst_poll_fd_ctl_write: 0x970810: fd (fd:0, idx:1), active : 1
0:00:00.018483071  3826 0x31e370 LOG   GST_REGISTRY gstregistrychunks.c:610:gst_registry_chunks_load_feature: Reading/casting for GstRegistryChunkElementFactory at address 0x33aaa0
0:00:00.014091216  3827 0x968320 LOG   GST_POLL gstpoll.c:994:gst_poll_fd_ctl_write: 0x970810: pfd->events now 60 (POLLOUT:4)
0:00:00.018489805  3826 0x31e370 TRACE   structure gststructure.c:287:gst_structure_new_id_empty_with_size: created structure 0x33e5b0
0:00:00.014099142  3827 0x968320 DEBUG   GST_POLL gstpoll.c:980:gst_poll_fd_ctl_write: 0x970810: fd (fd:0, idx:1), active : 1
0:00:00.018495828  3826 0x31e370 DEBUG   structure gststructure.c:2203:gst_structure_parse_field: trying field name 'long-name'
0:00:00.014105108  3827 0x968320 LOG   GST_POLL gstpoll.c:994:gst_poll_fd_ctl_write: 0x970810: pfd->events now 60 (POLLOUT:4)
0:00:00.018501718  3826 0x31e370 DEBUG   default gstvalue.c:2676:_priv_gst_value_parse_value: trying type name 'string'
0:00:00.014115964  3827 0x968320 DEBUG   GST_POLL gstpoll.c:980:gst_poll_fd_ctl_write: 0x970810: fd (fd:0, idx:1), active : 1
0:00:00.018511666  3826 0x31e370 DEBUG   structure gststructure.c:2203:gst_structure_parse_field: trying field name 'klass'
0:00:00.014122231  3827 0x968320 LOG   GST_POLL gstpoll.c:994:gst_poll_fd_ctl_write: 0x970810: pfd->events now 60 (POLLOUT:4)
0:00:00.018517668  3826 0x31e370 DEBUG   default gstvalue.c:2676:_priv_gst_value_parse_value: trying type name 'string'
0:00:00.014128280  3827 0x968320 DEBUG   GST_POLL gstpoll.c:980:gst_poll_fd_ctl_write: 0x970810: fd (fd:0, idx:1), active : 1
0:00:00.018523869  3826 0x31e370 DEBUG   structure gststructure.c:2203:gst_structure_parse_field: trying field name 'description'
0:00:00.014184278  3827 0x968320 LOG   GST_POLL gstpoll.c:994:gst_poll_fd_ctl_write: 0x970810: pfd->events now 60 (POLLOUT:4)
0:00:00.018581955  3826 0x31e370 DEBUG   default gstvalue.c:2676:_priv_gst_value_parse_value: trying type name 'string'
0:00:00.014190712  3827 0x968320 DEBUG   GST_POLL gstpoll.c:980:gst_poll_fd_ctl_write: 0x970810: fd (fd:0, idx:1), active : 1
0:00:00.018589121  3826 0x31e370 DEBUG   structure gststructure.c:2203:gst_structure_parse_field: trying field name 'author'
0:00:00.014197559  3827 0x968320 LOG   GST_POLL gstpoll.c:994:gst_poll_fd_ctl_write: 0x970810: pfd->events now 60 (POLLOUT:4)
0:00:00.018594964  3826 0x31e370 DEBUG   default gstvalue.c:2676:_priv_gst_value_parse_value: trying type name 'string'
0:00:00.014204583  3827 0x968320 DEBUG   GST_POLL gstpoll.c:980:gst_poll_fd_ctl_write: 0x970810: fd (fd:0, idx:1), active : 1
0:00:00.018601432  3826 0x31e370 DEBUG   GST_REGISTRY gstregistrychunks.c:626:gst_registry_chunks_load_feature: Element factory : npadtemplates=1
0:00:00.014210520  3827 0x968320 LOG   GST_POLL gstpoll.c:994:gst_poll_fd_ctl_write: 0x970810: pfd->events now 60 (POLLOUT:4)
0:00:00.018607517  3826 0x31e370 DEBUG   GST_REGISTRY gstregistrychunks.c:526:gst_registry_chunks_load_pad_template: Reading/casting for GstRegistryChunkPadTemplate at address 0x33ab80
0:00:00.014217187  3827 0x968320 DEBUG   GST_POLL gstpoll.c:980:gst_poll_fd_ctl_write: 0x970810: fd (fd:0, idx:1), active : 1
0:00:00.018613802  3826 0x31e370 DEBUG   GST_REGISTRY gstregistrychunks.c:539:gst_registry_chunks_load_pad_template: Added pad_template sink
0:00:00.014223108  3827 0x968320 LOG   GST_POLL gstpoll.c:994:gst_poll_fd_ctl_write: 0x970810: pfd->events now 60 (POLLOUT:4)
0:00:00.018620290  3826 0x31e370 DEBUG   GST_REGISTRY gstregistrychunks.c:639:gst_registry_chunks_load_feature: Reading 1 UriTypes at address 0x33ab91
0:00:00.014229254  3827 0x968320 DEBUG   GST_POLL gstpoll.c:980:gst_poll_fd_ctl_write: 0x970810: fd (fd:0, idx:1), active : 1
0:00:00.018627145  3826 0x31e370 DEBUG   GST_REGISTRY gstregistrychunks.c:654:gst_registry_chunks_load_feature: Reading 1 Interfaces at address 0x33ab9f
0:00:00.014235874  3827 0x968320 LOG   GST_POLL gstpoll.c:994:gst_poll_fd_ctl_write: 0x970810: pfd->events now 60 (POLLOUT:4)
0:00:00.018640200  3826 0x31e370 DEBUG   GST_REGISTRY gstregistry.c:590:gst_registry_add_feature: adding feature 0x33e3f0 (fdsink)
0:00:00.014247906  3827 0x968320 DEBUG   GST_POLL gstpoll.c:980:gst_poll_fd_ctl_write: 0x970810: fd (fd:0, idx:1), active : 1
0:00:00.018646720  3826 0x31e370 DEBUG   GST_REFCOUNTING gstobject.c:709:gst_object_set_parent: set parent (ref and sink)
0:00:00.014255625  3827 0x968320 LOG   GST_POLL gstpoll.c:994:gst_poll_fd_ctl_write: 0x970810: pfd->events now 60 (POLLOUT:4)
0:00:00.018654409  3826 0x31e370 TRACE   GST_REFCOUNTING gstobject.c:294:gst_object_ref_sink: 0x33e3f0 ref_sink 1->2
0:00:00.014262811  3827 0x968320 DEBUG   GST_POLL gstpoll.c:980:gst_poll_fd_ctl_write: 0x970810: fd (fd:0, idx:1), active : 1
0:00:00.018661485  3826 0x31e370 LOG   GST_REGISTRY gstregistry.c:608:gst_registry_add_feature: emitting feature-added for fdsink
0:00:00.014270128  3827 0x968320 LOG   GST_POLL gstpoll.c:994:gst_poll_fd_ctl_write: 0x970810: pfd->events now 60 (POLLOUT:4)
0:00:00.018668716  3826 0x31e370 DEBUG   GST_REGISTRY gstregistrychunks.c:741:gst_registry_chunks_load_feature: Added feature fdsink, plugin 0x338200 coreelements
0:00:00.014277320  3827 0x968320 DEBUG   GST_POLL gstpoll.c:980:gst_poll_fd_ctl_write: 0x970810: fd (fd:0, idx:1), active : 1
0:00:00.018675730  3826 0x31e370 DEBUG   GST_REGISTRY gstregistrychunks.c:583:gst_registry_chunks_load_feature: Plugin 'coreelements' feature 'fdsrc' typename : 'GstElementFactory'
0:00:00.014284136  3827 0x968320 LOG   GST_POLL gstpoll.c:994:gst_poll_fd_ctl_write: 0x970810: pfd->events now 60 (POLLOUT:4)
0:00:00.018683561  3826 0x31e370 TRACE   GST_REFCOUNTING gstobject.c:208:gst_object_init: 0x33e6e0 new
0:00:00.014291470  3827 0x968320 DEBUG   GST_POLL gstpoll.c:980:gst_poll_fd_ctl_write: 0x970810: fd (fd:0, idx:1), active : 1
0:00:00.014299484  3827 0x968320 LOG   GST_POLL gstpoll.c:994:gst_poll_fd_ctl_write: 0x970810: pfd->events now 60 (POLLOUT:4)
0:00:00.018691459  3826 0x31e370 LOG   GST_REGISTRY gstregistrychunks.c:610:gst_registry_chunks_load_feature: Reading/casting for GstRegistryChunkElementFactory at address 0x33abc8
0:00:00.014305050  3827 0x968320 DEBUG   GST_POLL gstpoll.c:980:gst_poll_fd_ctl_write: 0x970810: fd (fd:0, idx:1), active : 1
0:00:00.014310976  3827 0x968320 LOG   GST_POLL gstpoll.c:994:gst_poll_fd_ctl_write: 0x970810: pfd->events now 60 (POLLOUT:4)
0:00:00.018700927  3826 0x31e370 TRACE   structure gststructure.c:287:gst_structure_new_id_empty_with_size: created structure 0x33e930
0:00:00.014316554  3827 0x968320 DEBUG   GST_POLL gstpoll.c:980:gst_poll_fd_ctl_write: 0x970810: fd (fd:0, idx:1), active : 1
0:00:00.018711778  3826 0x31e370 DEBUG   structure gststructure.c:2203:gst_structure_parse_field: trying field name 'long-name'
0:00:00.014322545  3827 0x968320 LOG   GST_POLL gstpoll.c:994:gst_poll_fd_ctl_write: 0x970810: pfd->events now 60 (POLLOUT:4)
0:00:00.018722023  3826 0x31e370 DEBUG   default gstvalue.c:2676:_priv_gst_value_parse_value: trying type name 'string'
0:00:00.014331593  3827 0x968320 DEBUG   GST_POLL gstpoll.c:980:gst_poll_fd_ctl_write: 0x970810: fd (fd:0, idx:1), active : 1
0:00:00.018728408  3826 0x31e370 DEBUG   structure gststructure.c:2203:gst_structure_parse_field: trying field name 'klass'
0:00:00.014337431  3827 0x968320 LOG   GST_POLL gstpoll.c:994:gst_poll_fd_ctl_write: 0x970810: pfd->events now 60 (POLLOUT:4)
0:00:00.018734305  3826 0x31e370 DEBUG   default gstvalue.c:2676:_priv_gst_value_parse_value: trying type name 'string'
0:00:00.018740621  3826 0x31e370 DEBUG   structure gststructure.c:2203:gst_structure_parse_field: trying field name 'description'
0:00:00.014350084  3827 0x968320 DEBUG   GST_POLL gstpoll.c:980:gst_poll_fd_ctl_write: 0x970810: fd (fd:0, idx:1), active : 1
0:00:00.018746061  3826 0x31e370 DEBUG   default gstvalue.c:2676:_priv_gst_value_parse_value: trying type name 'string'
0:00:00.014356448  3827 0x968320 LOG   GST_POLL gstpoll.c:994:gst_poll_fd_ctl_write: 0x970810: pfd->events now 60 (POLLOUT:4)
0:00:00.018752227  3826 0x31e370 DEBUG   structure gststructure.c:2203:gst_structure_parse_field: trying field name 'author'
0:00:00.014362528  3827 0x968320 DEBUG   GST_POLL gstpoll.c:980:gst_poll_fd_ctl_write: 0x970810: fd (fd:0, idx:1), active : 1
0:00:00.018757907  3826 0x31e370 DEBUG   default gstvalue.c:2676:_priv_gst_value_parse_value: trying type name 'string'
0:00:00.014368338  3827 0x968320 LOG   GST_POLL gstpoll.c:994:gst_poll_fd_ctl_write: 0x970810: pfd->events now 60 (POLLOUT:4)
0:00:00.018764184  3826 0x31e370 DEBUG   GST_REGISTRY gstregistrychunks.c:626:gst_registry_chunks_load_feature: Element factory : npadtemplates=1
0:00:00.014374397  3827 0x968320 DEBUG   GST_POLL gstpoll.c:980:gst_poll_fd_ctl_write: 0x970810: fd (fd:0, idx:1), active : 1
0:00:00.018770083  3826 0x31e370 DEBUG   GST_REGISTRY gstregistrychunks.c:526:gst_registry_chunks_load_pad_template: Reading/casting for GstRegistryChunkPadTemplate at address 0x33aca8
0:00:00.014380284  3827 0x968320 LOG   GST_POLL gstpoll.c:994:gst_poll_fd_ctl_write: 0x970810: pfd->events now 60 (POLLOUT:4)
0:00:00.018776101  3826 0x31e370 DEBUG   GST_REGISTRY gstregistrychunks.c:539:gst_registry_chunks_load_pad_template: Added pad_template src
0:00:00.014386367  3827 0x968320 DEBUG   GST_POLL gstpoll.c:980:gst_poll_fd_ctl_write: 0x970810: fd (fd:0, idx:1), active : 1
0:00:00.018782545  3826 0x31e370 DEBUG   GST_REGISTRY gstregistrychunks.c:639:gst_registry_chunks_load_feature: Reading 1 UriTypes at address 0x33acb8
0:00:00.014392320  3827 0x968320 LOG   GST_POLL gstpoll.c:994:gst_poll_fd_ctl_write: 0x970810: pfd->events now 60 (POLLOUT:4)
0:00:00.018789576  3826 0x31e370 DEBUG   GST_REGISTRY gstregistrychunks.c:654:gst_registry_chunks_load_feature: Reading 1 Interfaces at address 0x33acbf
0:00:00.014398393  3827 0x968320 DEBUG   GST_POLL gstpoll.c:980:gst_poll_fd_ctl_write: 0x970810: fd (fd:0, idx:1), active : 1
0:00:00.018801797  3826 0x31e370 DEBUG   GST_REGISTRY gstregistry.c:590:gst_registry_add_feature: adding feature 0x33e6e0 (fdsrc)
0:00:00.014409621  3827 0x968320 LOG   GST_POLL gstpoll.c:994:gst_poll_fd_ctl_write: 0x970810: pfd->events now 60 (POLLOUT:4)
0:00:00.018808154  3826 0x31e370 DEBUG   GST_REFCOUNTING gstobject.c:709:gst_object_set_parent: set parent (ref and sink)
0:00:00.014417643  3827 0x968320 DEBUG   GST_POLL gstpoll.c:980:gst_poll_fd_ctl_write: 0x970810: fd (fd:0, idx:1), active : 1
0:00:00.018815670  3826 0x31e370 TRACE   GST_REFCOUNTING gstobject.c:294:gst_object_ref_sink: 0x33e6e0 ref_sink 1->2
0:00:00.014424018  3827 0x968320 LOG   GST_POLL gstpoll.c:994:gst_poll_fd_ctl_write: 0x970810: pfd->events now 60 (POLLOUT:4)
0:00:00.018822482  3826 0x31e370 LOG   GST_REGISTRY gstregistry.c:608:gst_registry_add_feature: emitting feature-added for fdsrc
0:00:00.014432155  3827 0x968320 DEBUG   GST_POLL gstpoll.c:980:gst_poll_fd_ctl_write: 0x970810: fd (fd:0, idx:1), active : 1
0:00:00.018829257  3826 0x31e370 DEBUG   GST_REGISTRY gstregistrychunks.c:741:gst_registry_chunks_load_feature: Added feature fdsrc, plugin 0x338200 coreelements
0:00:00.014438027  3827 0x968320 LOG   GST_POLL gstpoll.c:994:gst_poll_fd_ctl_write: 0x970810: pfd->events now 60 (POLLOUT:4)
0:00:00.018836452  3826 0x31e370 DEBUG   GST_REGISTRY gstregistrychunks.c:583:gst_registry_chunks_load_feature: Plugin 'coreelements' feature 'fakesink' typename : 'GstElementFactory'
0:00:00.014444933  3827 0x968320 DEBUG   GST_POLL gstpoll.c:980:gst_poll_fd_ctl_write: 0x970810: fd (fd:0, idx:1), active : 1
0:00:00.018844097  3826 0x31e370 TRACE   GST_REFCOUNTING gstobject.c:208:gst_object_init: 0x33eb60 new
0:00:00.014451939  3827 0x968320 LOG   GST_POLL gstpoll.c:994:gst_poll_fd_ctl_write: 0x970810: pfd->events now 60 (POLLOUT:4)
0:00:00.018851788  3826 0x31e370 LOG   GST_REGISTRY gstregistrychunks.c:610:gst_registry_chunks_load_feature: Reading/casting for GstRegistryChunkElementFactory at address 0x33ace8
0:00:00.014460210  3827 0x968320 DEBUG   GST_POLL gstpoll.c:980:gst_poll_fd_ctl_write: 0x970810: fd (fd:0, idx:1), active : 1
0:00:00.018858465  3826 0x31e370 TRACE   structure gststructure.c:287:gst_structure_new_id_empty_with_size: created structure 0x33ed70
0:00:00.014467396  3827 0x968320 LOG   GST_POLL gstpoll.c:994:gst_poll_fd_ctl_write: 0x970810: pfd->events now 60 (POLLOUT:4)
0:00:00.018864311  3826 0x31e370 DEBUG   structure gststructure.c:2203:gst_structure_parse_field: trying field name 'long-name'
0:00:00.014474017  3827 0x968320 DEBUG   GST_POLL gstpoll.c:980:gst_poll_fd_ctl_write: 0x970810: fd (fd:0, idx:1), active : 1
0:00:00.018870225  3826 0x31e370 DEBUG   default gstvalue.c:2676:_priv_gst_value_parse_value: trying type name 'string'
0:00:00.014479781  3827 0x968320 LOG   GST_POLL gstpoll.c:994:gst_poll_fd_ctl_write: 0x970810: pfd->events now 60 (POLLOUT:4)
0:00:00.014493730  3827 0x968320 DEBUG   GST_POLL gstpoll.c:980:gst_poll_fd_ctl_write: 0x970810: fd (fd:0, idx:1), active : 1
0:00:00.018885756  3826 0x31e370 DEBUG   structure gststructure.c:2203:gst_structure_parse_field: trying field name 'klass'
0:00:00.014499071  3827 0x968320 LOG   GST_POLL gstpoll.c:994:gst_poll_fd_ctl_write: 0x970810: pfd->events now 60 (POLLOUT:4)
0:00:00.018894337  3826 0x31e370 DEBUG   default gstvalue.c:2676:_priv_gst_value_parse_value: trying type name 'string'
0:00:00.014505175  3827 0x968320 DEBUG   GST_POLL gstpoll.c:980:gst_poll_fd_ctl_write: 0x970810: fd (fd:0, idx:1), active : 1
0:00:00.018900499  3826 0x31e370 DEBUG   structure gststructure.c:2203:gst_structure_parse_field: trying field name 'description'
0:00:00.014510875  3827 0x968320 LOG   GST_POLL gstpoll.c:994:gst_poll_fd_ctl_write: 0x970810: pfd->events now 60 (POLLOUT:4)
0:00:00.018906297  3826 0x31e370 DEBUG   default gstvalue.c:2676:_priv_gst_value_parse_value: trying type name 'string'
0:00:00.014517066  3827 0x968320 DEBUG   GST_POLL gstpoll.c:980:gst_poll_fd_ctl_write: 0x970810: fd (fd:0, idx:1), active : 1
0:00:00.018912415  3826 0x31e370 DEBUG   structure gststructure.c:2203:gst_structure_parse_field: trying field name 'author'
0:00:00.014522845  3827 0x968320 LOG   GST_POLL gstpoll.c:994:gst_poll_fd_ctl_write: 0x970810: pfd->events now 60 (POLLOUT:4)
0:00:00.018918152  3826 0x31e370 DEBUG   default gstvalue.c:2676:_priv_gst_value_parse_value: trying type name 'string'
0:00:00.014528896  3827 0x968320 DEBUG   GST_POLL gstpoll.c:980:gst_poll_fd_ctl_write: 0x970810: fd (fd:0, idx:1), active : 1
0:00:00.018925427  3826 0x31e370 DEBUG   GST_REGISTRY gstregistrychunks.c:626:gst_registry_chunks_load_feature: Element factory : npadtemplates=1
0:00:00.014534867  3827 0x968320 LOG   GST_POLL gstpoll.c:994:gst_poll_fd_ctl_write: 0x970810: pfd->events now 60 (POLLOUT:4)
0:00:00.018931322  3826 0x31e370 DEBUG   GST_REGISTRY gstregistrychunks.c:526:gst_registry_chunks_load_pad_template: Reading/casting for GstRegistryChunkPadTemplate at address 0x33ae10
0:00:00.014541023  3827 0x968320 DEBUG   GST_POLL gstpoll.c:980:gst_poll_fd_ctl_write: 0x970810: fd (fd:0, idx:1), active : 1
0:00:00.018937449  3826 0x31e370 DEBUG   GST_REGISTRY gstregistrychunks.c:539:gst_registry_chunks_load_pad_template: Added pad_template sink
0:00:00.014546867  3827 0x968320 LOG   GST_POLL gstpoll.c:994:gst_poll_fd_ctl_write: 0x970810: pfd->events now 60 (POLLOUT:4)
0:00:00.014552949  3827 0x968320 DEBUG   GST_POLL gstpoll.c:980:gst_poll_fd_ctl_write: 0x970810: fd (fd:0, idx:1), active : 1
0:00:00.018948453  3826 0x31e370 DEBUG   GST_REGISTRY gstregistry.c:590:gst_registry_add_feature: adding feature 0x33eb60 (fakesink)
0:00:00.014558316  3827 0x968320 LOG   GST_POLL gstpoll.c:994:gst_poll_fd_ctl_write: 0x970810: pfd->events now 60 (POLLOUT:4)
0:00:00.018954813  3826 0x31e370 DEBUG   GST_REFCOUNTING gstobject.c:709:gst_object_set_parent: set parent (ref and sink)
0:00:00.014568436  3827 0x968320 DEBUG   GST_POLL gstpoll.c:980:gst_poll_fd_ctl_write: 0x970810: fd (fd:0, idx:1), active : 1
0:00:00.018964314  3826 0x31e370 TRACE   GST_REFCOUNTING gstobject.c:294:gst_object_ref_sink: 0x33eb60 ref_sink 1->2
0:00:00.014574322  3827 0x968320 LOG   GST_POLL gstpoll.c:994:gst_poll_fd_ctl_write: 0x970810: pfd->events now 60 (POLLOUT:4)
0:00:00.018971120  3826 0x31e370 LOG   GST_REGISTRY gstregistry.c:608:gst_registry_add_feature: emitting feature-added for fakesink
0:00:00.014580351  3827 0x968320 DEBUG   GST_POLL gstpoll.c:980:gst_poll_fd_ctl_write: 0x970810: fd (fd:0, idx:1), active : 1
0:00:00.018977974  3826 0x31e370 DEBUG   GST_REGISTRY gstregistrychunks.c:741:gst_registry_chunks_load_feature: Added feature fakesink, plugin 0x338200 coreelements
0:00:00.014586179  3827 0x968320 LOG   GST_POLL gstpoll.c:994:gst_poll_fd_ctl_write: 0x970810: pfd->events now 60 (POLLOUT:4)
0:00:00.018984783  3826 0x31e370 DEBUG   GST_REGISTRY gstregistrychunks.c:583:gst_registry_chunks_load_feature: Plugin 'coreelements' feature 'fakesrc' typename : 'GstElementFactory'
0:00:00.014593690  3827 0x968320 DEBUG   GST_POLL gstpoll.c:980:gst_poll_fd_ctl_write: 0x970810: fd (fd:0, idx:1), active : 1
0:00:00.018992214  3826 0x31e370 TRACE   GST_REFCOUNTING gstobject.c:208:gst_object_init: 0x33e080 new
0:00:00.014600444  3827 0x968320 LOG   GST_POLL gstpoll.c:994:gst_poll_fd_ctl_write: 0x970810: pfd->events now 60 (POLLOUT:4)
0:00:00.018999271  3826 0x31e370 LOG   GST_REGISTRY gstregistrychunks.c:610:gst_registry_chunks_load_feature: Reading/casting for GstRegistryChunkElementFactory at address 0x33ae40
0:00:00.014608193  3827 0x968320 DEBUG   GST_POLL gstpoll.c:980:gst_poll_fd_ctl_write: 0x970810: fd (fd:0, idx:1), active : 1
0:00:00.019005614  3826 0x31e370 TRACE   structure gststructure.c:287:gst_structure_new_id_empty_with_size: created structure 0x33f1e0
0:00:00.014614718  3827 0x968320 LOG   GST_POLL gstpoll.c:994:gst_poll_fd_ctl_write: 0x970810: pfd->events now 60 (POLLOUT:4)
0:00:00.019011419  3826 0x31e370 DEBUG   structure gststructure.c:2203:gst_structure_parse_field: trying field name 'long-name'
0:00:00.014621142  3827 0x968320 DEBUG   GST_POLL gstpoll.c:980:gst_poll_fd_ctl_write: 0x970810: fd (fd:0, idx:1), active : 1
0:00:00.019017076  3826 0x31e370 DEBUG   default gstvalue.c:2676:_priv_gst_value_parse_value: trying type name 'string'
0:00:00.014626998  3827 0x968320 LOG   GST_POLL gstpoll.c:994:gst_poll_fd_ctl_write: 0x970810: pfd->events now 60 (POLLOUT:4)
0:00:00.019023187  3826 0x31e370 DEBUG   structure gststructure.c:2203:gst_structure_parse_field: trying field name 'klass'
0:00:00.014633127  3827 0x968320 DEBUG   GST_POLL gstpoll.c:980:gst_poll_fd_ctl_write: 0x970810: fd (fd:0, idx:1), active : 1
0:00:00.019028868  3826 0x31e370 DEBUG   default gstvalue.c:2676:_priv_gst_value_parse_value: trying type name 'string'
0:00:00.014642539  3827 0x968320 LOG   GST_POLL gstpoll.c:994:gst_poll_fd_ctl_write: 0x970810: pfd->events now 60 (POLLOUT:4)
0:00:00.019037927  3826 0x31e370 DEBUG   structure gststructure.c:2203:gst_structure_parse_field: trying field name 'description'
0:00:00.014648713  3827 0x968320 DEBUG   GST_POLL gstpoll.c:980:gst_poll_fd_ctl_write: 0x970810: fd (fd:0, idx:1), active : 1
0:00:00.019043651  3826 0x31e370 DEBUG   default gstvalue.c:2676:_priv_gst_value_parse_value: trying type name 'string'
0:00:00.014654678  3827 0x968320 LOG   GST_POLL gstpoll.c:994:gst_poll_fd_ctl_write: 0x970810: pfd->events now 60 (POLLOUT:4)
0:00:00.019050276  3826 0x31e370 DEBUG   structure gststructure.c:2203:gst_structure_parse_field: trying field name 'author'
0:00:00.014660713  3827 0x968320 DEBUG   GST_POLL gstpoll.c:980:gst_poll_fd_ctl_write: 0x970810: fd (fd:0, idx:1), active : 1
0:00:00.019055896  3826 0x31e370 DEBUG   default gstvalue.c:2676:_priv_gst_value_parse_value: trying type name 'string'
0:00:00.014666562  3827 0x968320 LOG   GST_POLL gstpoll.c:994:gst_poll_fd_ctl_write: 0x970810: pfd->events now 60 (POLLOUT:4)
0:00:00.019062675  3826 0x31e370 DEBUG   GST_REGISTRY gstregistrychunks.c:626:gst_registry_chunks_load_feature: Element factory : npadtemplates=1
0:00:00.014672950  3827 0x968320 DEBUG   GST_POLL gstpoll.c:980:gst_poll_fd_ctl_write: 0x970810: fd (fd:0, idx:1), active : 1
0:00:00.019068686  3826 0x31e370 DEBUG   GST_REGISTRY gstregistrychunks.c:526:gst_registry_chunks_load_pad_template: Reading/casting for GstRegistryChunkPadTemplate at address 0x33af40
0:00:00.014678818  3827 0x968320 LOG   GST_POLL gstpoll.c:994:gst_poll_fd_ctl_write: 0x970810: pfd->events now 60 (POLLOUT:4)
0:00:00.019074671  3826 0x31e370 DEBUG   GST_REGISTRY gstregistrychunks.c:539:gst_registry_chunks_load_pad_template: Added pad_template src
0:00:00.014684887  3827 0x968320 DEBUG   GST_POLL gstpoll.c:980:gst_poll_fd_ctl_write: 0x970810: fd (fd:0, idx:1), active : 1
0:00:00.019081922  3826 0x31e370 DEBUG   GST_REGISTRY gstregistry.c:590:gst_registry_add_feature: adding feature 0x33e080 (fakesrc)
0:00:00.014690708  3827 0x968320 LOG   GST_POLL gstpoll.c:994:gst_poll_fd_ctl_write: 0x970810: pfd->events now 60 (POLLOUT:4)
0:00:00.019087923  3826 0x31e370 DEBUG   GST_REFCOUNTING gstobject.c:709:gst_object_set_parent: set parent (ref and sink)
0:00:00.014697636  3827 0x968320 DEBUG   GST_POLL gstpoll.c:980:gst_poll_fd_ctl_write: 0x970810: fd (fd:0, idx:1), active : 1
0:00:00.019095472  3826 0x31e370 TRACE   GST_REFCOUNTING gstobject.c:294:gst_object_ref_sink: 0x33e080 ref_sink 1->2
0:00:00.014703918  3827 0x968320 LOG   GST_POLL gstpoll.c:994:gst_poll_fd_ctl_write: 0x970810: pfd->events now 60 (POLLOUT:4)
0:00:00.019102472  3826 0x31e370 LOG   GST_REGISTRY gstregistry.c:608:gst_registry_add_feature: emitting feature-added for fakesrc
0:00:00.014711514  3827 0x968320 DEBUG   GST_POLL gstpoll.c:980:gst_poll_fd_ctl_write: 0x970810: fd (fd:0, idx:1), active : 1
0:00:00.019113625  3826 0x31e370 DEBUG   GST_REGISTRY gstregistrychunks.c:741:gst_registry_chunks_load_feature: Added feature fakesrc, plugin 0x338200 coreelements
0:00:00.014722027  3827 0x968320 LOG   GST_POLL gstpoll.c:994:gst_poll_fd_ctl_write: 0x970810: pfd->events now 60 (POLLOUT:4)
0:00:00.019120783  3826 0x31e370 DEBUG   GST_REGISTRY gstregistrychunks.c:583:gst_registry_chunks_load_feature: Plugin 'coreelements' feature 'downloadbuffer' typename : 'GstElementFactory'
0:00:00.014729516  3827 0x968320 DEBUG   GST_POLL gstpoll.c:980:gst_poll_fd_ctl_write: 0x970810: fd (fd:0, idx:1), active : 1
0:00:00.019128361  3826 0x31e370 TRACE   GST_REFCOUNTING gstobject.c:208:gst_object_init: 0x33f360 new
0:00:00.014736357  3827 0x968320 LOG   GST_POLL gstpoll.c:994:gst_poll_fd_ctl_write: 0x970810: pfd->events now 60 (POLLOUT:4)
0:00:00.019135876  3826 0x31e370 LOG   GST_REGISTRY gstregistrychunks.c:610:gst_registry_chunks_load_feature: Reading/casting for GstRegistryChunkElementFactory at address 0x33af78
0:00:00.014744631  3827 0x968320 DEBUG   GST_POLL gstpoll.c:980:gst_poll_fd_ctl_write: 0x970810: fd (fd:0, idx:1), active : 1
0:00:00.019142262  3826 0x31e370 TRACE   structure gststructure.c:287:gst_structure_new_id_empty_with_size: created structure 0x33f650
0:00:00.014751398  3827 0x968320 LOG   GST_POLL gstpoll.c:994:gst_poll_fd_ctl_write: 0x970810: pfd->events now 60 (POLLOUT:4)
0:00:00.019148254  3826 0x31e370 DEBUG   structure gststructure.c:2203:gst_structure_parse_field: trying field name 'long-name'
0:00:00.014757806  3827 0x968320 DEBUG   GST_POLL gstpoll.c:980:gst_poll_fd_ctl_write: 0x970810: fd (fd:0, idx:1), active : 1
0:00:00.019153946  3826 0x31e370 DEBUG   default gstvalue.c:2676:_priv_gst_value_parse_value: trying type name 'string'
0:00:00.014763704  3827 0x968320 LOG   GST_POLL gstpoll.c:994:gst_poll_fd_ctl_write: 0x970810: pfd->events now 60 (POLLOUT:4)
0:00:00.019159985  3826 0x31e370 DEBUG   structure gststructure.c:2203:gst_structure_parse_field: trying field name 'klass'
0:00:00.014769900  3827 0x968320 DEBUG   GST_POLL gstpoll.c:980:gst_poll_fd_ctl_write: 0x970810: fd (fd:0, idx:1), active : 1
0:00:00.019165782  3826 0x31e370 DEBUG   default gstvalue.c:2676:_priv_gst_value_parse_value: trying type name 'string'
0:00:00.014775684  3827 0x968320 LOG   GST_POLL gstpoll.c:994:gst_poll_fd_ctl_write: 0x970810: pfd->events now 60 (POLLOUT:4)
0:00:00.019171880  3826 0x31e370 DEBUG   structure gststructure.c:2203:gst_structure_parse_field: trying field name 'description'
0:00:00.014781637  3827 0x968320 DEBUG   GST_POLL gstpoll.c:980:gst_poll_fd_ctl_write: 0x970810: fd (fd:0, idx:1), active : 1
0:00:00.019177570  3826 0x31e370 DEBUG   default gstvalue.c:2676:_priv_gst_value_parse_value: trying type name 'string'
0:00:00.014787403  3827 0x968320 LOG   GST_POLL gstpoll.c:994:gst_poll_fd_ctl_write: 0x970810: pfd->events now 60 (POLLOUT:4)
0:00:00.019183517  3826 0x31e370 DEBUG   structure gststructure.c:2203:gst_structure_parse_field: trying field name 'author'
0:00:00.014800009  3827 0x968320 DEBUG   GST_POLL gstpoll.c:980:gst_poll_fd_ctl_write: 0x970810: fd (fd:0, idx:1), active : 1
0:00:00.019199999  3826 0x31e370 DEBUG   default gstvalue.c:2676:_priv_gst_value_parse_value: trying type name 'string'
0:00:00.014809496  3827 0x968320 LOG   GST_POLL gstpoll.c:994:gst_poll_fd_ctl_write: 0x970810: pfd->events now 60 (POLLOUT:4)
0:00:00.019206542  3826 0x31e370 DEBUG   GST_REGISTRY gstregistrychunks.c:626:gst_registry_chunks_load_feature: Element factory : npadtemplates=2
0:00:00.014815781  3827 0x968320 DEBUG   GST_POLL gstpoll.c:980:gst_poll_fd_ctl_write: 0x970810: fd (fd:0, idx:1), active : 1
0:00:00.019212554  3826 0x31e370 DEBUG   GST_REGISTRY gstregistrychunks.c:526:gst_registry_chunks_load_pad_template: Reading/casting for GstRegistryChunkPadTemplate at address 0x33b040
0:00:00.014821818  3827 0x968320 LOG   GST_POLL gstpoll.c:994:gst_poll_fd_ctl_write: 0x970810: pfd->events now 60 (POLLOUT:4)
0:00:00.019218625  3826 0x31e370 DEBUG   GST_REGISTRY gstregistrychunks.c:539:gst_registry_chunks_load_pad_template: Added pad_template sink
0:00:00.014828254  3827 0x968320 DEBUG   GST_POLL gstpoll.c:980:gst_poll_fd_ctl_write: 0x970810: fd (fd:0, idx:1), active : 1
0:00:00.019224426  3826 0x31e370 DEBUG   GST_REGISTRY gstregistrychunks.c:526:gst_registry_chunks_load_pad_template: Reading/casting for GstRegistryChunkPadTemplate at address 0x33b058
0:00:00.014834353  3827 0x968320 LOG   GST_POLL gstpoll.c:994:gst_poll_fd_ctl_write: 0x970810: pfd->events now 60 (POLLOUT:4)
0:00:00.019230227  3826 0x31e370 DEBUG   GST_REGISTRY gstregistrychunks.c:539:gst_registry_chunks_load_pad_template: Added pad_template src
0:00:00.014840482  3827 0x968320 DEBUG   GST_POLL gstpoll.c:980:gst_poll_fd_ctl_write: 0x970810: fd (fd:0, idx:1), active : 1
0:00:00.019237676  3826 0x31e370 DEBUG   GST_REGISTRY gstregistry.c:590:gst_registry_add_feature: adding feature 0x33f360 (downloadbuffer)
0:00:00.014846469  3827 0x968320 LOG   GST_POLL gstpoll.c:994:gst_poll_fd_ctl_write: 0x970810: pfd->events now 60 (POLLOUT:4)
0:00:00.019243994  3826 0x31e370 DEBUG   GST_REFCOUNTING gstobject.c:709:gst_object_set_parent: set parent (ref and sink)
0:00:00.014853433  3827 0x968320 DEBUG   GST_POLL gstpoll.c:980:gst_poll_fd_ctl_write: 0x970810: fd (fd:0, idx:1), active : 1
0:00:00.019251742  3826 0x31e370 TRACE   GST_REFCOUNTING gstobject.c:294:gst_object_ref_sink: 0x33f360 ref_sink 1->2
0:00:00.014860091  3827 0x968320 LOG   GST_POLL gstpoll.c:994:gst_poll_fd_ctl_write: 0x970810: pfd->events now 60 (POLLOUT:4)
0:00:00.019258939  3826 0x31e370 LOG   GST_REGISTRY gstregistry.c:608:gst_registry_add_feature: emitting feature-added for downloadbuffer
0:00:00.014868076  3827 0x968320 DEBUG   GST_POLL gstpoll.c:980:gst_poll_fd_ctl_write: 0x970810: fd (fd:0, idx:1), active : 1
0:00:00.019265799  3826 0x31e370 DEBUG   GST_REGISTRY gstregistrychunks.c:741:gst_registry_chunks_load_feature: Added feature downloadbuffer, plugin 0x338200 coreelements
0:00:00.014878256  3827 0x968320 LOG   GST_POLL gstpoll.c:994:gst_poll_fd_ctl_write: 0x970810: pfd->events now 60 (POLLOUT:4)
0:00:00.019275052  3826 0x31e370 DEBUG   GST_REGISTRY gstregistrychunks.c:583:gst_registry_chunks_load_feature: Plugin 'coreelements' feature 'dataurisrc' typename : 'GstElementFactory'
0:00:00.014884552  3827 0x968320 DEBUG   GST_POLL gstpoll.c:980:gst_poll_fd_ctl_write: 0x970810: fd (fd:0, idx:1), active : 1
0:00:00.014891444  3827 0x968320 LOG   GST_POLL gstpoll.c:994:gst_poll_fd_ctl_write: 0x970810: pfd->events now 60 (POLLOUT:4)
0:00:00.019283992  3826 0x31e370 TRACE   GST_REFCOUNTING gstobject.c:208:gst_object_init: 0x33f080 new
0:00:00.014897419  3827 0x968320 DEBUG   GST_POLL gstpoll.c:980:gst_poll_fd_ctl_write: 0x970810: fd (fd:0, idx:1), active : 1
0:00:00.019293283  3826 0x31e370 LOG   GST_REGISTRY gstregistrychunks.c:610:gst_registry_chunks_load_feature: Reading/casting for GstRegistryChunkElementFactory at address 0x33b088
0:00:00.014903417  3827 0x968320 LOG   GST_POLL gstpoll.c:994:gst_poll_fd_ctl_write: 0x970810: pfd->events now 60 (POLLOUT:4)
0:00:00.019300099  3826 0x31e370 TRACE   structure gststructure.c:287:gst_structure_new_id_empty_with_size: created structure 0x33fad0
0:00:00.014909814  3827 0x968320 LOG   GST_PLUGIN_LOADING gstpluginloader.c:646:put_chunk: Expanding tx buf from 13209 to 17023 for chunk of size 229
0:00:00.019306105  3826 0x31e370 DEBUG   structure gststructure.c:2203:gst_structure_parse_field: trying field name 'long-name'
0:00:00.019311785  3826 0x31e370 DEBUG   default gstvalue.c:2676:_priv_gst_value_parse_value: trying type name 'string'
0:00:00.019317512  3826 0x31e370 DEBUG   structure gststructure.c:2203:gst_structure_parse_field: trying field name 'klass'
0:00:00.014926336  3827 0x968320 DEBUG   GST_POLL gstpoll.c:980:gst_poll_fd_ctl_write: 0x970810: fd (fd:0, idx:1), active : 1
0:00:00.019326721  3826 0x31e370 DEBUG   default gstvalue.c:2676:_priv_gst_value_parse_value: trying type name 'string'
0:00:00.014936221  3827 0x968320 LOG   GST_POLL gstpoll.c:994:gst_poll_fd_ctl_write: 0x970810: pfd->events now 60 (POLLOUT:4)
0:00:00.019332897  3826 0x31e370 DEBUG   structure gststructure.c:2203:gst_structure_parse_field: trying field name 'description'
0:00:00.014942520  3827 0x968320 DEBUG   GST_POLL gstpoll.c:980:gst_poll_fd_ctl_write: 0x970810: fd (fd:0, idx:1), active : 1
0:00:00.019338554  3826 0x31e370 DEBUG   default gstvalue.c:2676:_priv_gst_value_parse_value: trying type name 'string'
0:00:00.014948313  3827 0x968320 LOG   GST_POLL gstpoll.c:994:gst_poll_fd_ctl_write: 0x970810: pfd->events now 60 (POLLOUT:4)
0:00:00.019344716  3826 0x31e370 DEBUG   structure gststructure.c:2203:gst_structure_parse_field: trying field name 'author'
0:00:00.014954461  3827 0x968320 DEBUG   GST_POLL gstpoll.c:980:gst_poll_fd_ctl_write: 0x970810: fd (fd:0, idx:1), active : 1
0:00:00.019355550  3826 0x31e370 DEBUG   default gstvalue.c:2676:_priv_gst_value_parse_value: trying type name 'string'
0:00:00.014965018  3827 0x968320 LOG   GST_POLL gstpoll.c:994:gst_poll_fd_ctl_write: 0x970810: pfd->events now 60 (POLLOUT:4)
0:00:00.019362631  3826 0x31e370 DEBUG   GST_REGISTRY gstregistrychunks.c:626:gst_registry_chunks_load_feature: Element factory : npadtemplates=1
0:00:00.014971073  3827 0x968320 DEBUG   GST_POLL gstpoll.c:980:gst_poll_fd_ctl_write: 0x970810: fd (fd:0, idx:1), active : 1
0:00:00.019368349  3826 0x31e370 DEBUG   GST_REGISTRY gstregistrychunks.c:526:gst_registry_chunks_load_pad_template: Reading/casting for GstRegistryChunkPadTemplate at address 0x33b1a0
0:00:00.014977838  3827 0x968320 LOG   GST_POLL gstpoll.c:994:gst_poll_fd_ctl_write: 0x970810: pfd->events now 60 (POLLOUT:4)
0:00:00.019374222  3826 0x31e370 DEBUG   GST_REGISTRY gstregistrychunks.c:539:gst_registry_chunks_load_pad_template: Added pad_template src
0:00:00.014983906  3827 0x968320 DEBUG   GST_POLL gstpoll.c:980:gst_poll_fd_ctl_write: 0x970810: fd (fd:0, idx:1), active : 1
0:00:00.019380574  3826 0x31e370 DEBUG   GST_REGISTRY gstregistrychunks.c:639:gst_registry_chunks_load_feature: Reading 1 UriTypes at address 0x33b1b0
0:00:00.014989817  3827 0x968320 LOG   GST_POLL gstpoll.c:994:gst_poll_fd_ctl_write: 0x970810: pfd->events now 60 (POLLOUT:4)
0:00:00.019387621  3826 0x31e370 DEBUG   GST_REGISTRY gstregistrychunks.c:654:gst_registry_chunks_load_feature: Reading 1 Interfaces at address 0x33b1b9
0:00:00.014996544  3827 0x968320 DEBUG   GST_POLL gstpoll.c:980:gst_poll_fd_ctl_write: 0x970810: fd (fd:0, idx:1), active : 1
0:00:00.019395591  3826 0x31e370 DEBUG   GST_REGISTRY gstregistry.c:590:gst_registry_add_feature: adding feature 0x33f080 (dataurisrc)
0:00:00.015003129  3827 0x968320 LOG   GST_POLL gstpoll.c:994:gst_poll_fd_ctl_write: 0x970810: pfd->events now 60 (POLLOUT:4)
0:00:00.019401977  3826 0x31e370 DEBUG   GST_REFCOUNTING gstobject.c:709:gst_object_set_parent: set parent (ref and sink)
0:00:00.015011398  3827 0x968320 DEBUG   GST_POLL gstpoll.c:980:gst_poll_fd_ctl_write: 0x970810: fd (fd:0, idx:1), active : 1
0:00:00.019409425  3826 0x31e370 TRACE   GST_REFCOUNTING gstobject.c:294:gst_object_ref_sink: 0x33f080 ref_sink 1->2
0:00:00.015017810  3827 0x968320 LOG   GST_POLL gstpoll.c:994:gst_poll_fd_ctl_write: 0x970810: pfd->events now 60 (POLLOUT:4)
0:00:00.019416184  3826 0x31e370 LOG   GST_REGISTRY gstregistry.c:608:gst_registry_add_feature: emitting feature-added for dataurisrc
0:00:00.015025613  3827 0x968320 DEBUG   GST_POLL gstpoll.c:980:gst_poll_fd_ctl_write: 0x970810: fd (fd:0, idx:1), active : 1
0:00:00.019423282  3826 0x31e370 DEBUG   GST_REGISTRY gstregistrychunks.c:741:gst_registry_chunks_load_feature: Added feature dataurisrc, plugin 0x338200 coreelements
0:00:00.015031656  3827 0x968320 LOG   GST_POLL gstpoll.c:994:gst_poll_fd_ctl_write: 0x970810: pfd->events now 60 (POLLOUT:4)
0:00:00.019435799  3826 0x31e370 DEBUG   GST_REGISTRY gstregistrychunks.c:583:gst_registry_chunks_load_feature: Plugin 'coreelements' feature 'concat' typename : 'GstElementFactory'
0:00:00.015044861  3827 0x968320 DEBUG   GST_POLL gstpoll.c:980:gst_poll_fd_ctl_write: 0x970810: fd (fd:0, idx:1), active : 1
0:00:00.019443615  3826 0x31e370 TRACE   GST_REFCOUNTING gstobject.c:208:gst_object_init: 0x33fc80 new
0:00:00.015051567  3827 0x968320 LOG   GST_POLL gstpoll.c:994:gst_poll_fd_ctl_write: 0x970810: pfd->events now 60 (POLLOUT:4)
0:00:00.019451119  3826 0x31e370 LOG   GST_REGISTRY gstregistrychunks.c:610:gst_registry_chunks_load_feature: Reading/casting for GstRegistryChunkElementFactory at address 0x33b1e0
0:00:00.015060018  3827 0x968320 DEBUG   GST_POLL gstpoll.c:980:gst_poll_fd_ctl_write: 0x970810: fd (fd:0, idx:1), active : 1
0:00:00.019457826  3826 0x31e370 TRACE   structure gststructure.c:287:gst_structure_new_id_empty_with_size: created structure 0x33fd70
0:00:00.015066418  3827 0x968320 LOG   GST_POLL gstpoll.c:994:gst_poll_fd_ctl_write: 0x970810: pfd->events now 60 (POLLOUT:4)
0:00:00.019464104  3826 0x31e370 DEBUG   structure gststructure.c:2203:gst_structure_parse_field: trying field name 'long-name'
0:00:00.015073429  3827 0x968320 DEBUG   GST_POLL gstpoll.c:980:gst_poll_fd_ctl_write: 0x970810: fd (fd:0, idx:1), active : 1
0:00:00.019470058  3826 0x31e370 DEBUG   default gstvalue.c:2676:_priv_gst_value_parse_value: trying type name 'string'
0:00:00.015079237  3827 0x968320 LOG   GST_POLL gstpoll.c:994:gst_poll_fd_ctl_write: 0x970810: pfd->events now 60 (POLLOUT:4)
0:00:00.019476580  3826 0x31e370 DEBUG   structure gststructure.c:2203:gst_structure_parse_field: trying field name 'klass'
0:00:00.015085530  3827 0x968320 DEBUG   GST_POLL gstpoll.c:980:gst_poll_fd_ctl_write: 0x970810: fd (fd:0, idx:1), active : 1
0:00:00.019482312  3826 0x31e370 DEBUG   default gstvalue.c:2676:_priv_gst_value_parse_value: trying type name 'string'
0:00:00.015091744  3827 0x968320 LOG   GST_POLL gstpoll.c:994:gst_poll_fd_ctl_write: 0x970810: pfd->events now 60 (POLLOUT:4)
0:00:00.019488336  3826 0x31e370 DEBUG   structure gststructure.c:2203:gst_structure_parse_field: trying field name 'description'
0:00:00.015097948  3827 0x968320 DEBUG   GST_POLL gstpoll.c:980:gst_poll_fd_ctl_write: 0x970810: fd (fd:0, idx:1), active : 1
0:00:00.019494032  3826 0x31e370 DEBUG   default gstvalue.c:2676:_priv_gst_value_parse_value: trying type name 'string'
0:00:00.015103879  3827 0x968320 LOG   GST_POLL gstpoll.c:994:gst_poll_fd_ctl_write: 0x970810: pfd->events now 60 (POLLOUT:4)
0:00:00.019500213  3826 0x31e370 DEBUG   structure gststructure.c:2203:gst_structure_parse_field: trying field name 'author'
0:00:00.015109911  3827 0x968320 DEBUG   GST_POLL gstpoll.c:980:gst_poll_fd_ctl_write: 0x970810: fd (fd:0, idx:1), active : 1
0:00:00.019505870  3826 0x31e370 DEBUG   default gstvalue.c:2676:_priv_gst_value_parse_value: trying type name 'string'
0:00:00.015120252  3827 0x968320 LOG   GST_POLL gstpoll.c:994:gst_poll_fd_ctl_write: 0x970810: pfd->events now 60 (POLLOUT:4)
0:00:00.019516281  3826 0x31e370 DEBUG   GST_REGISTRY gstregistrychunks.c:626:gst_registry_chunks_load_feature: Element factory : npadtemplates=2
0:00:00.015126527  3827 0x968320 DEBUG   GST_POLL gstpoll.c:980:gst_poll_fd_ctl_write: 0x970810: fd (fd:0, idx:1), active : 1
0:00:00.019522334  3826 0x31e370 DEBUG   GST_REGISTRY gstregistrychunks.c:526:gst_registry_chunks_load_pad_template: Reading/casting for GstRegistryChunkPadTemplate at address 0x33b2b8
0:00:00.015141079  3827 0x968320 LOG   GST_POLL gstpoll.c:994:gst_poll_fd_ctl_write: 0x970810: pfd->events now 60 (POLLOUT:4)
0:00:00.019538779  3826 0x31e370 DEBUG   GST_REGISTRY gstregistrychunks.c:539:gst_registry_chunks_load_pad_template: Added pad_template src
0:00:00.015148491  3827 0x968320 DEBUG   GST_POLL gstpoll.c:980:gst_poll_fd_ctl_write: 0x970810: fd (fd:0, idx:1), active : 1
0:00:00.019544523  3826 0x31e370 DEBUG   GST_REGISTRY gstregistrychunks.c:526:gst_registry_chunks_load_pad_template: Reading/casting for GstRegistryChunkPadTemplate at address 0x33b2c8
0:00:00.015154497  3827 0x968320 LOG   GST_POLL gstpoll.c:994:gst_poll_fd_ctl_write: 0x970810: pfd->events now 60 (POLLOUT:4)
0:00:00.019550767  3826 0x31e370 DEBUG   GST_REGISTRY gstregistrychunks.c:539:gst_registry_chunks_load_pad_template: Added pad_template sink_%u
0:00:00.015160532  3827 0x968320 DEBUG   GST_POLL gstpoll.c:980:gst_poll_fd_ctl_write: 0x970810: fd (fd:0, idx:1), active : 1
0:00:00.015166358  3827 0x968320 LOG   GST_POLL gstpoll.c:994:gst_poll_fd_ctl_write: 0x970810: pfd->events now 60 (POLLOUT:4)
0:00:00.019561431  3826 0x31e370 DEBUG   GST_REGISTRY gstregistry.c:590:gst_registry_add_feature: adding feature 0x33fc80 (concat)
0:00:00.015172016  3827 0x968320 DEBUG   GST_POLL gstpoll.c:980:gst_poll_fd_ctl_write: 0x970810: fd (fd:0, idx:1), active : 1
0:00:00.019567708  3826 0x31e370 DEBUG   GST_REFCOUNTING gstobject.c:709:gst_object_set_parent: set parent (ref and sink)
0:00:00.015177908  3827 0x968320 LOG   GST_POLL gstpoll.c:994:gst_poll_fd_ctl_write: 0x970810: pfd->events now 60 (POLLOUT:4)
0:00:00.019575338  3826 0x31e370 TRACE   GST_REFCOUNTING gstobject.c:294:gst_object_ref_sink: 0x33fc80 ref_sink 1->2
0:00:00.015184117  3827 0x968320 DEBUG   GST_POLL gstpoll.c:980:gst_poll_fd_ctl_write: 0x970810: fd (fd:0, idx:1), active : 1
0:00:00.019582199  3826 0x31e370 LOG   GST_REGISTRY gstregistry.c:608:gst_registry_add_feature: emitting feature-added for concat
0:00:00.015191013  3827 0x968320 LOG   GST_POLL gstpoll.c:994:gst_poll_fd_ctl_write: 0x970810: pfd->events now 60 (POLLOUT:4)
0:00:00.019589028  3826 0x31e370 DEBUG   GST_REGISTRY gstregistrychunks.c:741:gst_registry_chunks_load_feature: Added feature concat, plugin 0x338200 coreelements
0:00:00.015197830  3827 0x968320 DEBUG   GST_POLL gstpoll.c:980:gst_poll_fd_ctl_write: 0x970810: fd (fd:0, idx:1), active : 1
0:00:00.019599971  3826 0x31e370 DEBUG   GST_REGISTRY gstregistrychunks.c:583:gst_registry_chunks_load_feature: Plugin 'coreelements' feature 'clocksync' typename : 'GstElementFactory'
0:00:00.015208770  3827 0x968320 LOG   GST_POLL gstpoll.c:994:gst_poll_fd_ctl_write: 0x970810: pfd->events now 60 (POLLOUT:4)
0:00:00.019607982  3826 0x31e370 TRACE   GST_REFCOUNTING gstobject.c:208:gst_object_init: 0x33ff70 new
0:00:00.015215890  3827 0x968320 DEBUG   GST_POLL gstpoll.c:980:gst_poll_fd_ctl_write: 0x970810: fd (fd:0, idx:1), active : 1
0:00:00.019615480  3826 0x31e370 LOG   GST_REGISTRY gstregistrychunks.c:610:gst_registry_chunks_load_feature: Reading/casting for GstRegistryChunkElementFactory at address 0x33b2f8
0:00:00.015223784  3827 0x968320 LOG   GST_POLL gstpoll.c:994:gst_poll_fd_ctl_write: 0x970810: pfd->events now 60 (POLLOUT:4)
0:00:00.019623988  3826 0x31e370 TRACE   structure gststructure.c:287:gst_structure_new_id_empty_with_size: created structure 0x340260
0:00:00.015233425  3827 0x968320 DEBUG   GST_POLL gstpoll.c:980:gst_poll_fd_ctl_write: 0x970810: fd (fd:0, idx:1), active : 1
0:00:00.019630145  3826 0x31e370 DEBUG   structure gststructure.c:2203:gst_structure_parse_field: trying field name 'long-name'
0:00:00.015239398  3827 0x968320 LOG   GST_POLL gstpoll.c:994:gst_poll_fd_ctl_write: 0x970810: pfd->events now 60 (POLLOUT:4)
0:00:00.019635797  3826 0x31e370 DEBUG   default gstvalue.c:2676:_priv_gst_value_parse_value: trying type name 'string'
0:00:00.015245523  3827 0x968320 DEBUG   GST_POLL gstpoll.c:980:gst_poll_fd_ctl_write: 0x970810: fd (fd:0, idx:1), active : 1
0:00:00.019642023  3826 0x31e370 DEBUG   structure gststructure.c:2203:gst_structure_parse_field: trying field name 'klass'
0:00:00.015251382  3827 0x968320 LOG   GST_POLL gstpoll.c:994:gst_poll_fd_ctl_write: 0x970810: pfd->events now 60 (POLLOUT:4)
0:00:00.019647625  3826 0x31e370 DEBUG   default gstvalue.c:2676:_priv_gst_value_parse_value: trying type name 'string'
0:00:00.015257593  3827 0x968320 DEBUG   GST_POLL gstpoll.c:980:gst_poll_fd_ctl_write: 0x970810: fd (fd:0, idx:1), active : 1
0:00:00.019653514  3826 0x31e370 DEBUG   structure gststructure.c:2203:gst_structure_parse_field: trying field name 'description'
0:00:00.015263570  3827 0x968320 LOG   GST_POLL gstpoll.c:994:gst_poll_fd_ctl_write: 0x970810: pfd->events now 60 (POLLOUT:4)
0:00:00.019659311  3826 0x31e370 DEBUG   default gstvalue.c:2676:_priv_gst_value_parse_value: trying type name 'string'
0:00:00.015269749  3827 0x968320 DEBUG   GST_POLL gstpoll.c:980:gst_poll_fd_ctl_write: 0x970810: fd (fd:0, idx:1), active : 1
0:00:00.019665504  3826 0x31e370 DEBUG   structure gststructure.c:2203:gst_structure_parse_field: trying field name 'author'
0:00:00.015275738  3827 0x968320 LOG   GST_POLL gstpoll.c:994:gst_poll_fd_ctl_write: 0x970810: pfd->events now 60 (POLLOUT:4)
0:00:00.019671119  3826 0x31e370 DEBUG   default gstvalue.c:2676:_priv_gst_value_parse_value: trying type name 'string'
0:00:00.015286087  3827 0x968320 DEBUG   GST_POLL gstpoll.c:980:gst_poll_fd_ctl_write: 0x970810: fd (fd:0, idx:1), active : 1
0:00:00.019681743  3826 0x31e370 DEBUG   GST_REGISTRY gstregistrychunks.c:626:gst_registry_chunks_load_feature: Element factory : npadtemplates=2
0:00:00.015292003  3827 0x968320 LOG   GST_POLL gstpoll.c:994:gst_poll_fd_ctl_write: 0x970810: pfd->events now 60 (POLLOUT:4)
0:00:00.019687694  3826 0x31e370 DEBUG   GST_REGISTRY gstregistrychunks.c:526:gst_registry_chunks_load_pad_template: Reading/casting for GstRegistryChunkPadTemplate at address 0x33b3c8
0:00:00.015297985  3827 0x968320 DEBUG   GST_POLL gstpoll.c:980:gst_poll_fd_ctl_write: 0x970810: fd (fd:0, idx:1), active : 1
0:00:00.019694924  3826 0x31e370 DEBUG   GST_REGISTRY gstregistrychunks.c:539:gst_registry_chunks_load_pad_template: Added pad_template sink
0:00:00.015304010  3827 0x968320 LOG   GST_POLL gstpoll.c:994:gst_poll_fd_ctl_write: 0x970810: pfd->events now 60 (POLLOUT:4)
0:00:00.019701736  3826 0x31e370 DEBUG   GST_REGISTRY gstregistrychunks.c:526:gst_registry_chunks_load_pad_template: Reading/casting for GstRegistryChunkPadTemplate at address 0x33b3e0
0:00:00.015311700  3827 0x968320 DEBUG   GST_POLL gstpoll.c:980:gst_poll_fd_ctl_write: 0x970810: fd (fd:0, idx:1), active : 1
0:00:00.019708225  3826 0x31e370 DEBUG   GST_REGISTRY gstregistrychunks.c:539:gst_registry_chunks_load_pad_template: Added pad_template src
0:00:00.015317609  3827 0x968320 LOG   GST_POLL gstpoll.c:994:gst_poll_fd_ctl_write: 0x970810: pfd->events now 60 (POLLOUT:4)
0:00:00.019715427  3826 0x31e370 DEBUG   GST_REGISTRY gstregistry.c:590:gst_registry_add_feature: adding feature 0x33ff70 (clocksync)
0:00:00.015323707  3827 0x968320 DEBUG   GST_POLL gstpoll.c:980:gst_poll_fd_ctl_write: 0x970810: fd (fd:0, idx:1), active : 1
0:00:00.019721568  3826 0x31e370 DEBUG   GST_REFCOUNTING gstobject.c:709:gst_object_set_parent: set parent (ref and sink)
0:00:00.015330950  3827 0x968320 LOG   GST_POLL gstpoll.c:994:gst_poll_fd_ctl_write: 0x970810: pfd->events now 60 (POLLOUT:4)
0:00:00.019729085  3826 0x31e370 TRACE   GST_REFCOUNTING gstobject.c:294:gst_object_ref_sink: 0x33ff70 ref_sink 1->2
0:00:00.015337701  3827 0x968320 DEBUG   GST_POLL gstpoll.c:980:gst_poll_fd_ctl_write: 0x970810: fd (fd:0, idx:1), active : 1
0:00:00.019735823  3826 0x31e370 LOG   GST_REGISTRY gstregistry.c:608:gst_registry_add_feature: emitting feature-added for clocksync
0:00:00.015349023  3827 0x968320 LOG   GST_POLL gstpoll.c:994:gst_poll_fd_ctl_write: 0x970810: pfd->events now 60 (POLLOUT:4)
0:00:00.019742716  3826 0x31e370 DEBUG   GST_REGISTRY gstregistrychunks.c:741:gst_registry_chunks_load_feature: Added feature clocksync, plugin 0x338200 coreelements
0:00:00.015355329  3827 0x968320 DEBUG   GST_POLL gstpoll.c:980:gst_poll_fd_ctl_write: 0x970810: fd (fd:0, idx:1), active : 1
0:00:00.019751583  3826 0x31e370 DEBUG   GST_REGISTRY gstregistrychunks.c:583:gst_registry_chunks_load_feature: Plugin 'coreelements' feature 'capsfilter' typename : 'GstElementFactory'
0:00:00.015365461  3827 0x968320 LOG   GST_POLL gstpoll.c:994:gst_poll_fd_ctl_write: 0x970810: pfd->events now 60 (POLLOUT:4)
0:00:00.019762148  3826 0x31e370 TRACE   GST_REFCOUNTING gstobject.c:208:gst_object_init: 0x340160 new
0:00:00.015371764  3827 0x968320 DEBUG   GST_POLL gstpoll.c:980:gst_poll_fd_ctl_write: 0x970810: fd (fd:0, idx:1), active : 1
0:00:00.019769667  3826 0x31e370 LOG   GST_REGISTRY gstregistrychunks.c:610:gst_registry_chunks_load_feature: Reading/casting for GstRegistryChunkElementFactory at address 0x33b410
0:00:00.015378114  3827 0x968320 LOG   GST_POLL gstpoll.c:994:gst_poll_fd_ctl_write: 0x970810: pfd->events now 60 (POLLOUT:4)
0:00:00.019776003  3826 0x31e370 TRACE   structure gststructure.c:287:gst_structure_new_id_empty_with_size: created structure 0x3406a0
0:00:00.015385569  3827 0x968320 DEBUG   GST_POLL gstpoll.c:980:gst_poll_fd_ctl_write: 0x970810: fd (fd:0, idx:1), active : 1
0:00:00.019781957  3826 0x31e370 DEBUG   structure gststructure.c:2203:gst_structure_parse_field: trying field name 'long-name'
0:00:00.015391525  3827 0x968320 LOG   GST_POLL gstpoll.c:994:gst_poll_fd_ctl_write: 0x970810: pfd->events now 60 (POLLOUT:4)
0:00:00.019787754  3826 0x31e370 DEBUG   default gstvalue.c:2676:_priv_gst_value_parse_value: trying type name 'string'
0:00:00.015397636  3827 0x968320 DEBUG   GST_POLL gstpoll.c:980:gst_poll_fd_ctl_write: 0x970810: fd (fd:0, idx:1), active : 1
0:00:00.019794058  3826 0x31e370 DEBUG   structure gststructure.c:2203:gst_structure_parse_field: trying field name 'klass'
0:00:00.015403616  3827 0x968320 LOG   GST_POLL gstpoll.c:994:gst_poll_fd_ctl_write: 0x970810: pfd->events now 60 (POLLOUT:4)
0:00:00.019799821  3826 0x31e370 DEBUG   default gstvalue.c:2676:_priv_gst_value_parse_value: trying type name 'string'
0:00:00.015409738  3827 0x968320 DEBUG   GST_POLL gstpoll.c:980:gst_poll_fd_ctl_write: 0x970810: fd (fd:0, idx:1), active : 1
0:00:00.019806318  3826 0x31e370 DEBUG   structure gststructure.c:2203:gst_structure_parse_field: trying field name 'description'
0:00:00.015415756  3827 0x968320 LOG   GST_POLL gstpoll.c:994:gst_poll_fd_ctl_write: 0x970810: pfd->events now 60 (POLLOUT:4)
0:00:00.019812281  3826 0x31e370 DEBUG   default gstvalue.c:2676:_priv_gst_value_parse_value: trying type name 'string'
0:00:00.015421930  3827 0x968320 DEBUG   GST_POLL gstpoll.c:980:gst_poll_fd_ctl_write: 0x970810: fd (fd:0, idx:1), active : 1
0:00:00.019818851  3826 0x31e370 DEBUG   structure gststructure.c:2203:gst_structure_parse_field: trying field name 'author'
0:00:00.015427768  3827 0x968320 LOG   GST_POLL gstpoll.c:994:gst_poll_fd_ctl_write: 0x970810: pfd->events now 60 (POLLOUT:4)
0:00:00.019824566  3826 0x31e370 DEBUG   default gstvalue.c:2676:_priv_gst_value_parse_value: trying type name 'string'
0:00:00.015434297  3827 0x968320 DEBUG   GST_POLL gstpoll.c:980:gst_poll_fd_ctl_write: 0x970810: fd (fd:0, idx:1), active : 1
0:00:00.019835728  3826 0x31e370 DEBUG   GST_REGISTRY gstregistrychunks.c:626:gst_registry_chunks_load_feature: Element factory : npadtemplates=2
