0:00:00.011120282  3827 0x968320 DEBUG   GST_POLL gstpoll.c:1414:gst_poll_wait: 0x970810: timeout :0:00:01.000000000
0:00:00.011131585  3827 0x968320 LOG   GST_PLUGIN_LOADING gstpluginloader.c:1028:exchange_packets: Poll res = 2. 6872 bytes pending for write
0:00:00.011157502  3827 0x968320 DEBUG   GST_POLL gstpoll.c:1241:gst_poll_fd_has_error: 0x970810: fd (fd:5, idx:2) 0
0:00:00.011167465  3827 0x968320 DEBUG   GST_POLL gstpoll.c:1266:gst_poll_fd_can_read_unlocked: 0x970810: fd (fd:5, idx:2) 1
0:00:00.015563580  3826 0x31e370 LOG   GST_PLUGIN_LOADING gstpluginloader.c:1028:exchange_packets: Poll res = 1. 0 bytes pending for write
0:00:00.011178733  3827 0x968320 DEBUG   GST_PLUGIN_LOADING gstpluginloader.c:722:do_plugin_load: Plugin scanner loading file /home/conan/w/prod/BuildSingleReference/.conan/data/gstreamer/1.18.4/_/_/package/7935acf34602213af1e3939e2637ba8a4da1774a/lib/gstreamer-1.0/libgstcoretracers.so. tag 2
0:00:00.015591491  3826 0x31e370 DEBUG   GST_POLL gstpoll.c:1241:gst_poll_fd_has_error: 0x337b80: fd (fd:8, idx:2) 0
0:00:00.011200067  3827 0x968320 TRACE   GST_REFCOUNTING gstobject.c:238:gst_object_ref: 0x981e70 ref 1->2
0:00:00.015600003  3826 0x31e370 DEBUG   GST_POLL gstpoll.c:1266:gst_poll_fd_can_read_unlocked: 0x337b80: fd (fd:8, idx:2) 1
0:00:00.011210714  3827 0x968320 TRACE   GST_REFCOUNTING gstobject.c:238:gst_object_ref: 0x982d70 ref 1->2
0:00:00.011217697  3827 0x968320 TRACE   GST_REFCOUNTING gstobject.c:238:gst_object_ref: 0x982b20 ref 1->2
0:00:00.015615785  3826 0x31e370 DEBUG   GST_PLUGIN_LOADING gstpluginloader.c:850:handle_rx_packet: Received plugin details from child w/ tag 0. 476 bytes info
0:00:00.011223805  3827 0x968320 TRACE   GST_REFCOUNTING gstobject.c:238:gst_object_ref: 0x982850 ref 1->2
0:00:00.015633889  3826 0x31e370 LOG   GST_REGISTRY gstregistrychunks.c:837:_priv_gst_registry_chunks_load_plugin: Reading/casting for GstRegistryChunkPluginElement at address 0x338200
0:00:00.011242780  3827 0x968320 TRACE   GST_REFCOUNTING gstobject.c:238:gst_object_ref: 0x982640 ref 1->2
0:00:00.011250099  3827 0x968320 TRACE   GST_REFCOUNTING gstobject.c:238:gst_object_ref: 0x982150 ref 1->2
0:00:00.011258067  3827 0x968320 TRACE   GST_REFCOUNTING gstobject.c:265:gst_object_unref: 0x982150 unref 2->1
0:00:00.015653560  3826 0x31e370 TRACE   GST_REFCOUNTING gstobject.c:208:gst_object_init: 0x337be0 new
0:00:00.011264218  3827 0x968320 TRACE   GST_REFCOUNTING gstobject.c:265:gst_object_unref: 0x982640 unref 2->1
0:00:00.011270693  3827 0x968320 TRACE   GST_REFCOUNTING gstobject.c:265:gst_object_unref: 0x982850 unref 2->1
0:00:00.011276499  3827 0x968320 TRACE   GST_REFCOUNTING gstobject.c:265:gst_object_unref: 0x982b20 unref 2->1
0:00:00.011282320  3827 0x968320 TRACE   GST_REFCOUNTING gstobject.c:265:gst_object_unref: 0x982d70 unref 2->1
0:00:00.011289665  3827 0x968320 DEBUG   GST_REGISTRY gstregistrychunks.c:498:_priv_gst_registry_chunks_save_plugin: Found 5 features in plugin 0x981e70 (coretracers)
0:00:00.011295769  3827 0x968320 DEBUG   GST_POLL gstpoll.c:980:gst_poll_fd_ctl_write: 0x970810: fd (fd:0, idx:1), active : 1
0:00:00.011301313  3827 0x968320 LOG   GST_POLL gstpoll.c:994:gst_poll_fd_ctl_write: 0x970810: pfd->events now 60 (POLLOUT:4)
0:00:00.015695212  3826 0x31e370 LOG   GST_REGISTRY gstregistrychunks.c:858:_priv_gst_registry_chunks_load_plugin: read strings for name='coretracers'
0:00:00.011306985  3827 0x968320 DEBUG   GST_POLL gstpoll.c:980:gst_poll_fd_ctl_write: 0x970810: fd (fd:0, idx:1), active : 1
0:00:00.011313171  3827 0x968320 LOG   GST_POLL gstpoll.c:994:gst_poll_fd_ctl_write: 0x970810: pfd->events now 60 (POLLOUT:4)
0:00:00.015705205  3826 0x31e370 LOG   GST_REGISTRY gstregistrychunks.c:859:_priv_gst_registry_chunks_load_plugin: desc.description='GStreamer core tracers'
0:00:00.011318890  3827 0x968320 DEBUG   GST_POLL gstpoll.c:980:gst_poll_fd_ctl_write: 0x970810: fd (fd:0, idx:1), active : 1
0:00:00.011324853  3827 0x968320 LOG   GST_POLL gstpoll.c:994:gst_poll_fd_ctl_write: 0x970810: pfd->events now 60 (POLLOUT:4)
0:00:00.015716552  3826 0x31e370 LOG   GST_REGISTRY gstregistrychunks.c:860:_priv_gst_registry_chunks_load_plugin: filename='/home/conan/w/prod/BuildSingleReference/.conan/data/gstreamer/1.18.4/_/_/package/7935acf34602213af1e3939e2637ba8a4da1774a/lib/gstreamer-1.0/libgstcoretracers.so'
0:00:00.011330461  3827 0x968320 DEBUG   GST_POLL gstpoll.c:980:gst_poll_fd_ctl_write: 0x970810: fd (fd:0, idx:1), active : 1
0:00:00.015726668  3826 0x31e370 LOG   GST_REGISTRY gstregistrychunks.c:861:_priv_gst_registry_chunks_load_plugin: desc.version='1.18.4'
0:00:00.015736495  3826 0x31e370 LOG   GST_REGISTRY gstregistrychunks.c:862:_priv_gst_registry_chunks_load_plugin: desc.license='LGPL'
0:00:00.011341368  3827 0x968320 LOG   GST_POLL gstpoll.c:994:gst_poll_fd_ctl_write: 0x970810: pfd->events now 60 (POLLOUT:4)
0:00:00.015741738  3826 0x31e370 LOG   GST_REGISTRY gstregistrychunks.c:863:_priv_gst_registry_chunks_load_plugin: desc.source='gstreamer'
0:00:00.011352532  3827 0x968320 DEBUG   GST_POLL gstpoll.c:980:gst_poll_fd_ctl_write: 0x970810: fd (fd:0, idx:1), active : 1
0:00:00.015747708  3826 0x31e370 LOG   GST_REGISTRY gstregistrychunks.c:864:_priv_gst_registry_chunks_load_plugin: desc.package='GStreamer source release'
0:00:00.011358564  3827 0x968320 LOG   GST_POLL gstpoll.c:994:gst_poll_fd_ctl_write: 0x970810: pfd->events now 60 (POLLOUT:4)
0:00:00.015754120  3826 0x31e370 LOG   GST_REGISTRY gstregistrychunks.c:865:_priv_gst_registry_chunks_load_plugin: desc.origin='Unknown package origin'
0:00:00.011364785  3827 0x968320 DEBUG   GST_POLL gstpoll.c:980:gst_poll_fd_ctl_write: 0x970810: fd (fd:0, idx:1), active : 1
0:00:00.015760097  3826 0x31e370 LOG   GST_REGISTRY gstregistrychunks.c:866:_priv_gst_registry_chunks_load_plugin: desc.datetime=2021-03-15
0:00:00.011370947  3827 0x968320 LOG   GST_POLL gstpoll.c:994:gst_poll_fd_ctl_write: 0x970810: pfd->events now 60 (POLLOUT:4)
0:00:00.011377210  3827 0x968320 DEBUG   GST_POLL gstpoll.c:980:gst_poll_fd_ctl_write: 0x970810: fd (fd:0, idx:1), active : 1
0:00:00.015770298  3826 0x31e370 DEBUG   GST_REGISTRY gstregistry.c:474:gst_registry_add_plugin: adding plugin 0x337be0 for filename "/home/conan/w/prod/BuildSingleReference/.conan/data/gstreamer/1.18.4/_/_/package/7935acf34602213af1e3939e2637ba8a4da1774a/lib/gstreamer-1.0/libgstcoretracers.so"
0:00:00.011382573  3827 0x968320 LOG   GST_POLL gstpoll.c:994:gst_poll_fd_ctl_write: 0x970810: pfd->events now 60 (POLLOUT:4)
0:00:00.011388694  3827 0x968320 DEBUG   GST_POLL gstpoll.c:980:gst_poll_fd_ctl_write: 0x970810: fd (fd:0, idx:1), active : 1
0:00:00.015781250  3826 0x31e370 TRACE   GST_REFCOUNTING gstobject.c:294:gst_object_ref_sink: 0x337be0 ref_sink 1->2
0:00:00.011394003  3827 0x968320 LOG   GST_POLL gstpoll.c:994:gst_poll_fd_ctl_write: 0x970810: pfd->events now 60 (POLLOUT:4)
0:00:00.015790665  3826 0x31e370 LOG   GST_REGISTRY gstregistry.c:487:gst_registry_add_plugin: emitting plugin-added for filename "/home/conan/w/prod/BuildSingleReference/.conan/data/gstreamer/1.18.4/_/_/package/7935acf34602213af1e3939e2637ba8a4da1774a/lib/gstreamer-1.0/libgstcoretracers.so"
0:00:00.011400156  3827 0x968320 DEBUG   GST_POLL gstpoll.c:980:gst_poll_fd_ctl_write: 0x970810: fd (fd:0, idx:1), active : 1
0:00:00.015798630  3826 0x31e370 DEBUG   GST_REGISTRY gstregistrychunks.c:887:_priv_gst_registry_chunks_load_plugin: Added plugin 'coretracers' plugin with 5 features from binary registry
0:00:00.011406611  3827 0x968320 LOG   GST_POLL gstpoll.c:994:gst_poll_fd_ctl_write: 0x970810: pfd->events now 60 (POLLOUT:4)
0:00:00.015806469  3826 0x31e370 DEBUG   GST_REGISTRY gstregistrychunks.c:583:gst_registry_chunks_load_feature: Plugin 'coretracers' feature 'leaks' typename : 'GstTracerFactory'
0:00:00.011419211  3827 0x968320 DEBUG   GST_POLL gstpoll.c:980:gst_poll_fd_ctl_write: 0x970810: fd (fd:0, idx:1), active : 1
0:00:00.011425178  3827 0x968320 LOG   GST_POLL gstpoll.c:994:gst_poll_fd_ctl_write: 0x970810: pfd->events now 60 (POLLOUT:4)
0:00:00.011430688  3827 0x968320 DEBUG   GST_POLL gstpoll.c:980:gst_poll_fd_ctl_write: 0x970810: fd (fd:0, idx:1), active : 1
0:00:00.015823341  3826 0x31e370 TRACE   GST_REFCOUNTING gstobject.c:208:gst_object_init: 0x338a70 new
0:00:00.011436117  3827 0x968320 LOG   GST_POLL gstpoll.c:994:gst_poll_fd_ctl_write: 0x970810: pfd->events now 60 (POLLOUT:4)
0:00:00.015834403  3826 0x31e370 DEBUG   GST_REGISTRY gstregistrychunks.c:718:gst_registry_chunks_load_feature: Reading/casting for GstRegistryChunkPluginFeature at address 0x338348
0:00:00.011442244  3827 0x968320 DEBUG   GST_POLL gstpoll.c:980:gst_poll_fd_ctl_write: 0x970810: fd (fd:0, idx:1), active : 1
0:00:00.015842209  3826 0x31e370 DEBUG   GST_REGISTRY gstregistry.c:590:gst_registry_add_feature: adding feature 0x338a70 (leaks)
0:00:00.011449912  3827 0x968320 LOG   GST_POLL gstpoll.c:994:gst_poll_fd_ctl_write: 0x970810: pfd->events now 60 (POLLOUT:4)
0:00:00.015848691  3826 0x31e370 DEBUG   GST_REFCOUNTING gstobject.c:709:gst_object_set_parent: set parent (ref and sink)
0:00:00.011457928  3827 0x968320 DEBUG   GST_POLL gstpoll.c:980:gst_poll_fd_ctl_write: 0x970810: fd (fd:0, idx:1), active : 1
0:00:00.015855869  3826 0x31e370 TRACE   GST_REFCOUNTING gstobject.c:294:gst_object_ref_sink: 0x338a70 ref_sink 1->2
0:00:00.011464665  3827 0x968320 LOG   GST_POLL gstpoll.c:994:gst_poll_fd_ctl_write: 0x970810: pfd->events now 60 (POLLOUT:4)
0:00:00.015862696  3826 0x31e370 LOG   GST_REGISTRY gstregistry.c:608:gst_registry_add_feature: emitting feature-added for leaks
0:00:00.011471939  3827 0x968320 DEBUG   GST_POLL gstpoll.c:980:gst_poll_fd_ctl_write: 0x970810: fd (fd:0, idx:1), active : 1
0:00:00.015869466  3826 0x31e370 DEBUG   GST_REGISTRY gstregistrychunks.c:741:gst_registry_chunks_load_feature: Added feature leaks, plugin 0x337be0 coretracers
0:00:00.011478015  3827 0x968320 LOG   GST_POLL gstpoll.c:994:gst_poll_fd_ctl_write: 0x970810: pfd->events now 60 (POLLOUT:4)
0:00:00.015876323  3826 0x31e370 DEBUG   GST_REGISTRY gstregistrychunks.c:583:gst_registry_chunks_load_feature: Plugin 'coretracers' feature 'stats' typename : 'GstTracerFactory'
0:00:00.011485428  3827 0x968320 DEBUG   GST_POLL gstpoll.c:980:gst_poll_fd_ctl_write: 0x970810: fd (fd:0, idx:1), active : 1
0:00:00.015883782  3826 0x31e370 TRACE   GST_REFCOUNTING gstobject.c:208:gst_object_init: 0x338c70 new
0:00:00.011491802  3827 0x968320 LOG   GST_POLL gstpoll.c:994:gst_poll_fd_ctl_write: 0x970810: pfd->events now 60 (POLLOUT:4)
0:00:00.015891131  3826 0x31e370 DEBUG   GST_REGISTRY gstregistrychunks.c:718:gst_registry_chunks_load_feature: Reading/casting for GstRegistryChunkPluginFeature at address 0x338368
0:00:00.011503897  3827 0x968320 LOG   GST_PLUGIN_LOADING gstpluginloader.c:646:put_chunk: Expanding tx buf from 7717 to 10158 for chunk of size 17
0:00:00.015899650  3826 0x31e370 DEBUG   GST_REGISTRY gstregistry.c:590:gst_registry_add_feature: adding feature 0x338c70 (stats)
0:00:00.015905349  3826 0x31e370 DEBUG   GST_REFCOUNTING gstobject.c:709:gst_object_set_parent: set parent (ref and sink)
0:00:00.011514666  3827 0x968320 DEBUG   GST_POLL gstpoll.c:980:gst_poll_fd_ctl_write: 0x970810: fd (fd:0, idx:1), active : 1
0:00:00.015911632  3826 0x31e370 TRACE   GST_REFCOUNTING gstobject.c:294:gst_object_ref_sink: 0x338c70 ref_sink 1->2
0:00:00.011520691  3827 0x968320 LOG   GST_POLL gstpoll.c:994:gst_poll_fd_ctl_write: 0x970810: pfd->events now 60 (POLLOUT:4)
0:00:00.015917840  3826 0x31e370 LOG   GST_REGISTRY gstregistry.c:608:gst_registry_add_feature: emitting feature-added for stats
0:00:00.011527434  3827 0x968320 DEBUG   GST_POLL gstpoll.c:980:gst_poll_fd_ctl_write: 0x970810: fd (fd:0, idx:1), active : 1
0:00:00.015924143  3826 0x31e370 DEBUG   GST_REGISTRY gstregistrychunks.c:741:gst_registry_chunks_load_feature: Added feature stats, plugin 0x337be0 coretracers
0:00:00.011533330  3827 0x968320 LOG   GST_POLL gstpoll.c:994:gst_poll_fd_ctl_write: 0x970810: pfd->events now 60 (POLLOUT:4)
0:00:00.015930554  3826 0x31e370 DEBUG   GST_REGISTRY gstregistrychunks.c:583:gst_registry_chunks_load_feature: Plugin 'coretracers' feature 'rusage' typename : 'GstTracerFactory'
0:00:00.011539763  3827 0x968320 DEBUG   GST_POLL gstpoll.c:980:gst_poll_fd_ctl_write: 0x970810: fd (fd:0, idx:1), active : 1
0:00:00.015937494  3826 0x31e370 TRACE   GST_REFCOUNTING gstobject.c:208:gst_object_init: 0x338dc0 new
0:00:00.011545877  3827 0x968320 LOG   GST_POLL gstpoll.c:994:gst_poll_fd_ctl_write: 0x970810: pfd->events now 60 (POLLOUT:4)
0:00:00.015944369  3826 0x31e370 DEBUG   GST_REGISTRY gstregistrychunks.c:718:gst_registry_chunks_load_feature: Reading/casting for GstRegistryChunkPluginFeature at address 0x338388
0:00:00.011553350  3827 0x968320 DEBUG   GST_POLL gstpoll.c:980:gst_poll_fd_ctl_write: 0x970810: fd (fd:0, idx:1), active : 1
0:00:00.015951577  3826 0x31e370 DEBUG   GST_REGISTRY gstregistry.c:590:gst_registry_add_feature: adding feature 0x338dc0 (rusage)
0:00:00.011559914  3827 0x968320 LOG   GST_POLL gstpoll.c:994:gst_poll_fd_ctl_write: 0x970810: pfd->events now 60 (POLLOUT:4)
0:00:00.015957401  3826 0x31e370 DEBUG   GST_REFCOUNTING gstobject.c:709:gst_object_set_parent: set parent (ref and sink)
0:00:00.011566994  3827 0x968320 DEBUG   GST_POLL gstpoll.c:980:gst_poll_fd_ctl_write: 0x970810: fd (fd:0, idx:1), active : 1
0:00:00.015964046  3826 0x31e370 TRACE   GST_REFCOUNTING gstobject.c:294:gst_object_ref_sink: 0x338dc0 ref_sink 1->2
0:00:00.011572940  3827 0x968320 LOG   GST_POLL gstpoll.c:994:gst_poll_fd_ctl_write: 0x970810: pfd->events now 60 (POLLOUT:4)
0:00:00.015976047  3826 0x31e370 LOG   GST_REGISTRY gstregistry.c:608:gst_registry_add_feature: emitting feature-added for rusage
0:00:00.011585717  3827 0x968320 DEBUG   GST_POLL gstpoll.c:980:gst_poll_fd_ctl_write: 0x970810: fd (fd:0, idx:1), active : 1
0:00:00.015982585  3826 0x31e370 DEBUG   GST_REGISTRY gstregistrychunks.c:741:gst_registry_chunks_load_feature: Added feature rusage, plugin 0x337be0 coretracers
0:00:00.011591606  3827 0x968320 LOG   GST_POLL gstpoll.c:994:gst_poll_fd_ctl_write: 0x970810: pfd->events now 60 (POLLOUT:4)
0:00:00.015989409  3826 0x31e370 DEBUG   GST_REGISTRY gstregistrychunks.c:583:gst_registry_chunks_load_feature: Plugin 'coretracers' feature 'log' typename : 'GstTracerFactory'
0:00:00.011598242  3827 0x968320 DEBUG   GST_POLL gstpoll.c:980:gst_poll_fd_ctl_write: 0x970810: fd (fd:0, idx:1), active : 1
0:00:00.015996500  3826 0x31e370 TRACE   GST_REFCOUNTING gstobject.c:208:gst_object_init: 0x338f10 new
0:00:00.011604825  3827 0x968320 LOG   GST_POLL gstpoll.c:994:gst_poll_fd_ctl_write: 0x970810: pfd->events now 60 (POLLOUT:4)
0:00:00.016003516  3826 0x31e370 DEBUG   GST_REGISTRY gstregistrychunks.c:718:gst_registry_chunks_load_feature: Reading/casting for GstRegistryChunkPluginFeature at address 0x3383a8
0:00:00.011612233  3827 0x968320 DEBUG   GST_POLL gstpoll.c:980:gst_poll_fd_ctl_write: 0x970810: fd (fd:0, idx:1), active : 1
0:00:00.016010786  3826 0x31e370 DEBUG   GST_REGISTRY gstregistry.c:590:gst_registry_add_feature: adding feature 0x338f10 (log)
0:00:00.011619017  3827 0x968320 LOG   GST_POLL gstpoll.c:994:gst_poll_fd_ctl_write: 0x970810: pfd->events now 60 (POLLOUT:4)
0:00:00.016016817  3826 0x31e370 DEBUG   GST_REFCOUNTING gstobject.c:709:gst_object_set_parent: set parent (ref and sink)
0:00:00.011626362  3827 0x968320 DEBUG   GST_POLL gstpoll.c:980:gst_poll_fd_ctl_write: 0x970810: fd (fd:0, idx:1), active : 1
0:00:00.016023534  3826 0x31e370 TRACE   GST_REFCOUNTING gstobject.c:294:gst_object_ref_sink: 0x338f10 ref_sink 1->2
0:00:00.011632287  3827 0x968320 LOG   GST_POLL gstpoll.c:994:gst_poll_fd_ctl_write: 0x970810: pfd->events now 60 (POLLOUT:4)
0:00:00.016030090  3826 0x31e370 LOG   GST_REGISTRY gstregistry.c:608:gst_registry_add_feature: emitting feature-added for log
0:00:00.011639474  3827 0x968320 DEBUG   GST_POLL gstpoll.c:980:gst_poll_fd_ctl_write: 0x970810: fd (fd:0, idx:1), active : 1
0:00:00.016036624  3826 0x31e370 DEBUG   GST_REGISTRY gstregistrychunks.c:741:gst_registry_chunks_load_feature: Added feature log, plugin 0x337be0 coretracers
0:00:00.011645396  3827 0x968320 LOG   GST_POLL gstpoll.c:994:gst_poll_fd_ctl_write: 0x970810: pfd->events now 60 (POLLOUT:4)
0:00:00.016043236  3826 0x31e370 DEBUG   GST_REGISTRY gstregistrychunks.c:583:gst_registry_chunks_load_feature: Plugin 'coretracers' feature 'latency' typename : 'GstTracerFactory'
0:00:00.011652122  3827 0x968320 DEBUG   GST_POLL gstpoll.c:980:gst_poll_fd_ctl_write: 0x970810: fd (fd:0, idx:1), active : 1
0:00:00.016054895  3826 0x31e370 TRACE   GST_REFCOUNTING gstobject.c:208:gst_object_init: 0x339110 new
0:00:00.011663181  3827 0x968320 LOG   GST_POLL gstpoll.c:994:gst_poll_fd_ctl_write: 0x970810: pfd->events now 60 (POLLOUT:4)
0:00:00.016062135  3826 0x31e370 DEBUG   GST_REGISTRY gstregistrychunks.c:718:gst_registry_chunks_load_feature: Reading/casting for GstRegistryChunkPluginFeature at address 0x3383d0
0:00:00.011670943  3827 0x968320 DEBUG   GST_POLL gstpoll.c:980:gst_poll_fd_ctl_write: 0x970810: fd (fd:0, idx:1), active : 1
0:00:00.016069227  3826 0x31e370 DEBUG   GST_REGISTRY gstregistry.c:590:gst_registry_add_feature: adding feature 0x339110 (latency)
0:00:00.011677602  3827 0x968320 LOG   GST_POLL gstpoll.c:994:gst_poll_fd_ctl_write: 0x970810: pfd->events now 60 (POLLOUT:4)
0:00:00.016075256  3826 0x31e370 DEBUG   GST_REFCOUNTING gstobject.c:709:gst_object_set_parent: set parent (ref and sink)
0:00:00.011685476  3827 0x968320 TRACE   GST_REFCOUNTING gstobject.c:265:gst_object_unref: 0x981e70 unref 2->1
0:00:00.016081932  3826 0x31e370 TRACE   GST_REFCOUNTING gstobject.c:294:gst_object_ref_sink: 0x339110 ref_sink 1->2
0:00:00.011692203  3827 0x968320 DEBUG   GST_POLL gstpoll.c:1241:gst_poll_fd_has_error: 0x970810: fd (fd:0, idx:1) 0
0:00:00.016088615  3826 0x31e370 LOG   GST_REGISTRY gstregistry.c:608:gst_registry_add_feature: emitting feature-added for latency
0:00:00.011698237  3827 0x968320 DEBUG   GST_POLL gstpoll.c:1335:gst_poll_fd_can_write: 0x970810: fd (fd:0, idx:1) 1
0:00:00.016095070  3826 0x31e370 DEBUG   GST_REGISTRY gstregistrychunks.c:741:gst_registry_chunks_load_feature: Added feature latency, plugin 0x337be0 coretracers
0:00:00.011704129  3827 0x968320 LOG   GST_PLUGIN_LOADING gstpluginloader.c:690:write_one: Writing packet of size 6872 bytes to fd 0
0:00:00.016102507  3826 0x31e370 LOG   GST_PLUGIN_LOADING gstpluginloader.c:889:handle_rx_packet: marking plugin 0x337be0 as registered as /home/conan/w/prod/BuildSingleReference/.conan/data/gstreamer/1.18.4/_/_/package/7935acf34602213af1e3939e2637ba8a4da1774a/lib/gstreamer-1.0/libgstcoretracers.so
0:00:00.011715152  3827 0x968320 DEBUG   GST_POLL gstpoll.c:1414:gst_poll_wait: 0x970810: timeout :0:00:01.000000000
0:00:00.016116194  3826 0x31e370 DEBUG   GST_POLL gstpoll.c:1414:gst_poll_wait: 0x337b80: timeout :0:00:01.000000000
0:00:00.011723659  3827 0x968320 LOG   GST_PLUGIN_LOADING gstpluginloader.c:1028:exchange_packets: Poll res = 2. 488 bytes pending for write
0:00:00.011732179  3827 0x968320 DEBUG   GST_POLL gstpoll.c:1241:gst_poll_fd_has_error: 0x970810: fd (fd:5, idx:2) 0
0:00:00.016126832  3826 0x31e370 LOG   GST_PLUGIN_LOADING gstpluginloader.c:1028:exchange_packets: Poll res = 1. 0 bytes pending for write
0:00:00.011737699  3827 0x968320 DEBUG   GST_POLL gstpoll.c:1266:gst_poll_fd_can_read_unlocked: 0x970810: fd (fd:5, idx:2) 1
0:00:00.016138202  3826 0x31e370 DEBUG   GST_POLL gstpoll.c:1241:gst_poll_fd_has_error: 0x337b80: fd (fd:8, idx:2) 0
0:00:00.011750276  3827 0x968320 DEBUG   GST_PLUGIN_LOADING gstpluginloader.c:722:do_plugin_load: Plugin scanner loading file /home/conan/w/prod/BuildSingleReference/.conan/data/gstreamer/1.18.4/_/_/package/7935acf34602213af1e3939e2637ba8a4da1774a/lib/gstreamer-1.0/libgstcoreelements.so. tag 3
0:00:00.016144852  3826 0x31e370 DEBUG   GST_POLL gstpoll.c:1266:gst_poll_fd_can_read_unlocked: 0x337b80: fd (fd:8, idx:2) 1
0:00:00.011757585  3827 0x968320 TRACE   GST_REFCOUNTING gstobject.c:238:gst_object_ref: 0x984120 ref 1->2
0:00:00.016154257  3826 0x31e370 LOG   GST_PLUGIN_LOADING gstpluginloader.c:986:read_one: Expanding rx buf from 512 to 7384
0:00:00.011764437  3827 0x968320 TRACE   GST_REFCOUNTING gstobject.c:238:gst_object_ref: 0x99f2c0 ref 1->2
0:00:00.011771202  3827 0x968320 TRACE   GST_REFCOUNTING gstobject.c:238:gst_object_ref: 0x99e600 ref 1->2
0:00:00.011777357  3827 0x968320 TRACE   GST_REFCOUNTING gstobject.c:238:gst_object_ref: 0x99ce90 ref 1->2
0:00:00.016173276  3826 0x31e370 DEBUG   GST_PLUGIN_LOADING gstpluginloader.c:850:handle_rx_packet: Received plugin details from child w/ tag 1. 6860 bytes info
0:00:00.011783322  3827 0x968320 TRACE   GST_REFCOUNTING gstobject.c:238:gst_object_ref: 0x99c040 ref 1->2
0:00:00.016179983  3826 0x31e370 LOG   GST_REGISTRY gstregistrychunks.c:837:_priv_gst_registry_chunks_load_plugin: Reading/casting for GstRegistryChunkPluginElement at address 0x339a50
0:00:00.011789819  3827 0x968320 TRACE   GST_REFCOUNTING gstobject.c:238:gst_object_ref: 0x99aee0 ref 1->2
0:00:00.016187340  3826 0x31e370 TRACE   GST_REFCOUNTING gstobject.c:208:gst_object_init: 0x338200 new
0:00:00.011796273  3827 0x968320 TRACE   GST_REFCOUNTING gstobject.c:238:gst_object_ref: 0x999de0 ref 1->2
0:00:00.011820621  3827 0x968320 TRACE   GST_REFCOUNTING gstobject.c:238:gst_object_ref: 0x998490 ref 1->2
0:00:00.016217012  3826 0x31e370 LOG   GST_REGISTRY gstregistrychunks.c:858:_priv_gst_registry_chunks_load_plugin: read strings for name='coreelements'
0:00:00.011826482  3827 0x968320 TRACE   GST_REFCOUNTING gstobject.c:238:gst_object_ref: 0x996980 ref 1->2
0:00:00.016223352  3826 0x31e370 LOG   GST_REGISTRY gstregistrychunks.c:859:_priv_gst_registry_chunks_load_plugin: desc.description='GStreamer core elements'
0:00:00.011832871  3827 0x968320 TRACE   GST_REFCOUNTING gstobject.c:238:gst_object_ref: 0x995870 ref 1->2
0:00:00.016230128  3826 0x31e370 LOG   GST_REGISTRY gstregistrychunks.c:860:_priv_gst_registry_chunks_load_plugin: filename='/home/conan/w/prod/BuildSingleReference/.conan/data/gstreamer/1.18.4/_/_/package/7935acf34602213af1e3939e2637ba8a4da1774a/lib/gstreamer-1.0/libgstcoreelements.so'
0:00:00.011839303  3827 0x968320 TRACE   GST_REFCOUNTING gstobject.c:238:gst_object_ref: 0x994650 ref 1->2
0:00:00.016236363  3826 0x31e370 LOG   GST_REGISTRY gstregistrychunks.c:861:_priv_gst_registry_chunks_load_plugin: desc.version='1.18.4'
0:00:00.011850614  3827 0x968320 TRACE   GST_REFCOUNTING gstobject.c:238:gst_object_ref: 0x993020 ref 1->2
0:00:00.016245296  3826 0x31e370 LOG   GST_REGISTRY gstregistrychunks.c:862:_priv_gst_registry_chunks_load_plugin: desc.license='LGPL'
0:00:00.011857223  3827 0x968320 TRACE   GST_REFCOUNTING gstobject.c:238:gst_object_ref: 0x992370 ref 1->2
0:00:00.016251915  3826 0x31e370 LOG   GST_REGISTRY gstregistrychunks.c:863:_priv_gst_registry_chunks_load_plugin: desc.source='gstreamer'
0:00:00.011863639  3827 0x968320 TRACE   GST_REFCOUNTING gstobject.c:238:gst_object_ref: 0x991740 ref 1->2
0:00:00.016258362  3826 0x31e370 LOG   GST_REGISTRY gstregistrychunks.c:864:_priv_gst_registry_chunks_load_plugin: desc.package='GStreamer source release'
0:00:00.011870070  3827 0x968320 TRACE   GST_REFCOUNTING gstobject.c:238:gst_object_ref: 0x988c90 ref 1->2
0:00:00.016265079  3826 0x31e370 LOG   GST_REGISTRY gstregistrychunks.c:865:_priv_gst_registry_chunks_load_plugin: desc.origin='Unknown package origin'
0:00:00.011876474  3827 0x968320 TRACE   GST_REFCOUNTING gstobject.c:238:gst_object_ref: 0x98eb40 ref 1->2
0:00:00.016271152  3826 0x31e370 LOG   GST_REGISTRY gstregistrychunks.c:866:_priv_gst_registry_chunks_load_plugin: desc.datetime=2021-03-15
0:00:00.011882947  3827 0x968320 TRACE   GST_REFCOUNTING gstobject.c:238:gst_object_ref: 0x98c510 ref 1->2
0:00:00.016280134  3826 0x31e370 DEBUG   GST_REGISTRY gstregistry.c:474:gst_registry_add_plugin: adding plugin 0x338200 for filename "/home/conan/w/prod/BuildSingleReference/.conan/data/gstreamer/1.18.4/_/_/package/7935acf34602213af1e3939e2637ba8a4da1774a/lib/gstreamer-1.0/libgstcoreelements.so"
0:00:00.011889272  3827 0x968320 TRACE   GST_REFCOUNTING gstobject.c:238:gst_object_ref: 0x98a9c0 ref 1->2
0:00:00.016287880  3826 0x31e370 TRACE   GST_REFCOUNTING gstobject.c:294:gst_object_ref_sink: 0x338200 ref_sink 1->2
0:00:00.011896490  3827 0x968320 TRACE   GST_REFCOUNTING gstobject.c:238:gst_object_ref: 0x989980 ref 1->2
0:00:00.016295251  3826 0x31e370 LOG   GST_REGISTRY gstregistry.c:487:gst_registry_add_plugin: emitting plugin-added for filename "/home/conan/w/prod/BuildSingleReference/.conan/data/gstreamer/1.18.4/_/_/package/7935acf34602213af1e3939e2637ba8a4da1774a/lib/gstreamer-1.0/libgstcoreelements.so"
0:00:00.011903801  3827 0x968320 TRACE   GST_REFCOUNTING gstobject.c:238:gst_object_ref: 0x987ed0 ref 1->2
0:00:00.016302582  3826 0x31e370 DEBUG   GST_REGISTRY gstregistrychunks.c:887:_priv_gst_registry_chunks_load_plugin: Added plugin 'coreelements' plugin with 22 features from binary registry
0:00:00.011911343  3827 0x968320 TRACE   GST_REFCOUNTING gstobject.c:238:gst_object_ref: 0x987000 ref 1->2
0:00:00.016309729  3826 0x31e370 DEBUG   GST_REGISTRY gstregistrychunks.c:583:gst_registry_chunks_load_feature: Plugin 'coreelements' feature 'streamiddemux' typename : 'GstElementFactory'
0:00:00.011918525  3827 0x968320 TRACE   GST_REFCOUNTING gstobject.c:238:gst_object_ref: 0x986260 ref 1->2
0:00:00.011929903  3827 0x968320 TRACE   GST_REFCOUNTING gstobject.c:238:gst_object_ref: 0x984570 ref 1->2
0:00:00.016323931  3826 0x31e370 TRACE   GST_REFCOUNTING gstobject.c:208:gst_object_init: 0x338570 new
0:00:00.011936404  3827 0x968320 DEBUG   GST_REGISTRY gstregistrychunks.c:265:gst_registry_chunks_save_feature: saved 0 interfaces 0 pad templates
0:00:00.016333974  3826 0x31e370 LOG   GST_REGISTRY gstregistrychunks.c:610:gst_registry_chunks_load_feature: Reading/casting for GstRegistryChunkElementFactory at address 0x339ba8
0:00:00.011946572  3827 0x968320 DEBUG   GST_REGISTRY gstregistrychunks.c:265:gst_registry_chunks_save_feature: saved 0 interfaces 0 pad templates
0:00:00.011959594  3827 0x968320 DEBUG   GST_REGISTRY gstregistrychunks.c:265:gst_registry_chunks_save_feature: saved 0 interfaces 0 pad templates
0:00:00.016351463  3826 0x31e370 TRACE   structure gststructure.c:287:gst_structure_new_id_empty_with_size: created structure 0x339390
0:00:00.011967646  3827 0x968320 DEBUG   GST_REGISTRY gstregistrychunks.c:265:gst_registry_chunks_save_feature: saved 1 interfaces 0 pad templates
0:00:00.016363541  3826 0x31e370 DEBUG   structure gststructure.c:2203:gst_structure_parse_field: trying field name 'long-name'
0:00:00.011974033  3827 0x968320 DEBUG   GST_REGISTRY gstregistrychunks.c:284:gst_registry_chunks_save_feature: Saved 1 UriTypes
0:00:00.011983934  3827 0x968320 DEBUG   GST_REGISTRY gstregistrychunks.c:265:gst_registry_chunks_save_feature: saved 0 interfaces 0 pad templates
0:00:00.016379012  3826 0x31e370 DEBUG   default gstvalue.c:2676:_priv_gst_value_parse_value: trying type name 'string'
0:00:00.011994143  3827 0x968320 DEBUG   GST_REGISTRY gstregistrychunks.c:265:gst_registry_chunks_save_feature: saved 0 interfaces 0 pad templates
0:00:00.016396492  3826 0x31e370 DEBUG   structure gststructure.c:2203:gst_structure_parse_field: trying field name 'klass'
0:00:00.012009161  3827 0x968320 DEBUG   GST_REGISTRY gstregistrychunks.c:265:gst_registry_chunks_save_feature: saved 0 interfaces 0 pad templates
0:00:00.016406029  3826 0x31e370 DEBUG   default gstvalue.c:2676:_priv_gst_value_parse_value: trying type name 'string'
0:00:00.016416089  3826 0x31e370 DEBUG   structure gststructure.c:2203:gst_structure_parse_field: trying field name 'description'
0:00:00.012026281  3827 0x968320 DEBUG   GST_REGISTRY gstregistrychunks.c:265:gst_registry_chunks_save_feature: saved 1 interfaces 0 pad templates
0:00:00.016421727  3826 0x31e370 DEBUG   default gstvalue.c:2676:_priv_gst_value_parse_value: trying type name 'string'
0:00:00.012035543  3827 0x968320 DEBUG   GST_REGISTRY gstregistrychunks.c:284:gst_registry_chunks_save_feature: Saved 1 UriTypes
0:00:00.016431347  3826 0x31e370 DEBUG   structure gststructure.c:2203:gst_structure_parse_field: trying field name 'author'
0:00:00.016442169  3826 0x31e370 DEBUG   default gstvalue.c:2676:_priv_gst_value_parse_value: trying type name 'string'
0:00:00.012049417  3827 0x968320 DEBUG   GST_REGISTRY gstregistrychunks.c:265:gst_registry_chunks_save_feature: saved 1 interfaces 0 pad templates
0:00:00.016448524  3826 0x31e370 DEBUG   GST_REGISTRY gstregistrychunks.c:626:gst_registry_chunks_load_feature: Element factory : npadtemplates=2
0:00:00.012056921  3827 0x968320 DEBUG   GST_REGISTRY gstregistrychunks.c:284:gst_registry_chunks_save_feature: Saved 1 UriTypes
0:00:00.016454605  3826 0x31e370 DEBUG   GST_REGISTRY gstregistrychunks.c:526:gst_registry_chunks_load_pad_template: Reading/casting for GstRegistryChunkPadTemplate at address 0x339c80
0:00:00.012066148  3827 0x968320 DEBUG   GST_REGISTRY gstregistrychunks.c:265:gst_registry_chunks_save_feature: saved 1 interfaces 0 pad templates
0:00:00.016461442  3826 0x31e370 DEBUG   GST_REGISTRY gstregistrychunks.c:539:gst_registry_chunks_load_pad_template: Added pad_template src_%u
0:00:00.012072005  3827 0x968320 DEBUG   GST_REGISTRY gstregistrychunks.c:284:gst_registry_chunks_save_feature: Saved 1 UriTypes
0:00:00.016467202  3826 0x31e370 DEBUG   GST_REGISTRY gstregistrychunks.c:526:gst_registry_chunks_load_pad_template: Reading/casting for GstRegistryChunkPadTemplate at address 0x339c98
0:00:00.012079810  3827 0x968320 DEBUG   GST_REGISTRY gstregistrychunks.c:265:gst_registry_chunks_save_feature: saved 0 interfaces 0 pad templates
0:00:00.016473148  3826 0x31e370 DEBUG   GST_REGISTRY gstregistrychunks.c:539:gst_registry_chunks_load_pad_template: Added pad_template sink
0:00:00.012088390  3827 0x968320 DEBUG   GST_REGISTRY gstregistrychunks.c:265:gst_registry_chunks_save_feature: saved 0 interfaces 0 pad templates
0:00:00.016482655  3826 0x31e370 DEBUG   GST_REGISTRY gstregistry.c:590:gst_registry_add_feature: adding feature 0x338570 (streamiddemux)
0:00:00.012096144  3827 0x968320 DEBUG   GST_REGISTRY gstregistrychunks.c:265:gst_registry_chunks_save_feature: saved 0 interfaces 0 pad templates
0:00:00.016490536  3826 0x31e370 DEBUG   GST_REFCOUNTING gstobject.c:709:gst_object_set_parent: set parent (ref and sink)
0:00:00.016498210  3826 0x31e370 TRACE   GST_REFCOUNTING gstobject.c:294:gst_object_ref_sink: 0x338570 ref_sink 1->2
0:00:00.012105733  3827 0x968320 DEBUG   GST_REGISTRY gstregistrychunks.c:265:gst_registry_chunks_save_feature: saved 0 interfaces 0 pad templates
0:00:00.016505320  3826 0x31e370 LOG   GST_REGISTRY gstregistry.c:608:gst_registry_add_feature: emitting feature-added for streamiddemux
0:00:00.012115878  3827 0x968320 DEBUG   GST_REGISTRY gstregistrychunks.c:265:gst_registry_chunks_save_feature: saved 0 interfaces 0 pad templates
0:00:00.016517929  3826 0x31e370 DEBUG   GST_REGISTRY gstregistrychunks.c:741:gst_registry_chunks_load_feature: Added feature streamiddemux, plugin 0x338200 coreelements
0:00:00.012128214  3827 0x968320 DEBUG   GST_REGISTRY gstregistrychunks.c:265:gst_registry_chunks_save_feature: saved 0 interfaces 0 pad templates
0:00:00.016548673  3826 0x31e370 DEBUG   GST_REGISTRY gstregistrychunks.c:583:gst_registry_chunks_load_feature: Plugin 'coreelements' feature 'valve' typename : 'GstElementFactory'
0:00:00.012164322  3827 0x968320 DEBUG   GST_REGISTRY gstregistrychunks.c:265:gst_registry_chunks_save_feature: saved 1 interfaces 0 pad templates
0:00:00.016562616  3826 0x31e370 TRACE   GST_REFCOUNTING gstobject.c:208:gst_object_init: 0x3397d0 new
0:00:00.012173679  3827 0x968320 DEBUG   GST_REGISTRY gstregistrychunks.c:284:gst_registry_chunks_save_feature: Saved 1 UriTypes
0:00:00.016574286  3826 0x31e370 LOG   GST_REGISTRY gstregistrychunks.c:610:gst_registry_chunks_load_feature: Reading/casting for GstRegistryChunkElementFactory at address 0x339cc8
0:00:00.012184542  3827 0x968320 DEBUG   GST_REGISTRY gstregistrychunks.c:265:gst_registry_chunks_save_feature: saved 0 interfaces 0 pad templates
0:00:00.016582302  3826 0x31e370 TRACE   structure gststructure.c:287:gst_structure_new_id_empty_with_size: created structure 0x33b800
0:00:00.012193944  3827 0x968320 DEBUG   GST_REGISTRY gstregistrychunks.c:265:gst_registry_chunks_save_feature: saved 0 interfaces 0 pad templates
0:00:00.016588412  3826 0x31e370 DEBUG   structure gststructure.c:2203:gst_structure_parse_field: trying field name 'long-name'
0:00:00.016595079  3826 0x31e370 DEBUG   default gstvalue.c:2676:_priv_gst_value_parse_value: trying type name 'string'
0:00:00.012203248  3827 0x968320 DEBUG   GST_REGISTRY gstregistrychunks.c:265:gst_registry_chunks_save_feature: saved 0 interfaces 0 pad templates
0:00:00.016601292  3826 0x31e370 DEBUG   structure gststructure.c:2203:gst_structure_parse_field: trying field name 'klass'
0:00:00.012212917  3827 0x968320 DEBUG   GST_REGISTRY gstregistrychunks.c:265:gst_registry_chunks_save_feature: saved 0 interfaces 0 pad templates
0:00:00.016606951  3826 0x31e370 DEBUG   default gstvalue.c:2676:_priv_gst_value_parse_value: trying type name 'string'
0:00:00.016614793  3826 0x31e370 DEBUG   structure gststructure.c:2203:gst_structure_parse_field: trying field name 'description'
0:00:00.012223512  3827 0x968320 DEBUG   GST_REGISTRY gstregistrychunks.c:265:gst_registry_chunks_save_feature: saved 0 interfaces 0 pad templates
0:00:00.016619979  3826 0x31e370 DEBUG   default gstvalue.c:2676:_priv_gst_value_parse_value: trying type name 'string'
0:00:00.016626482  3826 0x31e370 DEBUG   structure gststructure.c:2203:gst_structure_parse_field: trying field name 'author'
0:00:00.012233114  3827 0x968320 TRACE   GST_REFCOUNTING gstobject.c:265:gst_object_unref: 0x984570 unref 2->1
0:00:00.016631660  3826 0x31e370 DEBUG   default gstvalue.c:2676:_priv_gst_value_parse_value: trying type name 'string'
0:00:00.012242014  3827 0x968320 TRACE   GST_REFCOUNTING gstobject.c:265:gst_object_unref: 0x986260 unref 2->1
0:00:00.016638205  3826 0x31e370 DEBUG   GST_REGISTRY gstregistrychunks.c:626:gst_registry_chunks_load_feature: Element factory : npadtemplates=2
0:00:00.012253450  3827 0x968320 TRACE   GST_REFCOUNTING gstobject.c:265:gst_object_unref: 0x987000 unref 2->1
0:00:00.016648223  3826 0x31e370 DEBUG   GST_REGISTRY gstregistrychunks.c:526:gst_registry_chunks_load_pad_template: Reading/casting for GstRegistryChunkPadTemplate at address 0x339db8
0:00:00.012260518  3827 0x968320 TRACE   GST_REFCOUNTING gstobject.c:265:gst_object_unref: 0x987ed0 unref 2->1
0:00:00.016655550  3826 0x31e370 DEBUG   GST_REGISTRY gstregistrychunks.c:539:gst_registry_chunks_load_pad_template: Added pad_template sink
0:00:00.012267204  3827 0x968320 TRACE   GST_REFCOUNTING gstobject.c:265:gst_object_unref: 0x989980 unref 2->1
0:00:00.016661896  3826 0x31e370 DEBUG   GST_REGISTRY gstregistrychunks.c:526:gst_registry_chunks_load_pad_template: Reading/casting for GstRegistryChunkPadTemplate at address 0x339dd0
0:00:00.012273811  3827 0x968320 TRACE   GST_REFCOUNTING gstobject.c:265:gst_object_unref: 0x98a9c0 unref 2->1
0:00:00.016669789  3826 0x31e370 DEBUG   GST_REGISTRY gstregistrychunks.c:539:gst_registry_chunks_load_pad_template: Added pad_template src
0:00:00.012280287  3827 0x968320 TRACE   GST_REFCOUNTING gstobject.c:265:gst_object_unref: 0x98c510 unref 2->1
0:00:00.016678002  3826 0x31e370 DEBUG   GST_REGISTRY gstregistry.c:590:gst_registry_add_feature: adding feature 0x3397d0 (valve)
0:00:00.012286781  3827 0x968320 TRACE   GST_REFCOUNTING gstobject.c:265:gst_object_unref: 0x98eb40 unref 2->1
0:00:00.016684315  3826 0x31e370 DEBUG   GST_REFCOUNTING gstobject.c:709:gst_object_set_parent: set parent (ref and sink)
0:00:00.012293458  3827 0x968320 TRACE   GST_REFCOUNTING gstobject.c:265:gst_object_unref: 0x988c90 unref 2->1
0:00:00.016691817  3826 0x31e370 TRACE   GST_REFCOUNTING gstobject.c:294:gst_object_ref_sink: 0x3397d0 ref_sink 1->2
0:00:00.012300404  3827 0x968320 TRACE   GST_REFCOUNTING gstobject.c:265:gst_object_unref: 0x991740 unref 2->1
0:00:00.016701259  3826 0x31e370 LOG   GST_REGISTRY gstregistry.c:608:gst_registry_add_feature: emitting feature-added for valve
0:00:00.012309805  3827 0x968320 TRACE   GST_REFCOUNTING gstobject.c:265:gst_object_unref: 0x992370 unref 2->1
0:00:00.016707936  3826 0x31e370 DEBUG   GST_REGISTRY gstregistrychunks.c:741:gst_registry_chunks_load_feature: Added feature valve, plugin 0x338200 coreelements
0:00:00.012316750  3827 0x968320 TRACE   GST_REFCOUNTING gstobject.c:265:gst_object_unref: 0x993020 unref 2->1
0:00:00.016714760  3826 0x31e370 DEBUG   GST_REGISTRY gstregistrychunks.c:583:gst_registry_chunks_load_feature: Plugin 'coreelements' feature 'multiqueue' typename : 'GstElementFactory'
0:00:00.012323556  3827 0x968320 TRACE   GST_REFCOUNTING gstobject.c:265:gst_object_unref: 0x994650 unref 2->1
0:00:00.016722357  3826 0x31e370 TRACE   GST_REFCOUNTING gstobject.c:208:gst_object_init: 0x3398c0 new
0:00:00.012334559  3827 0x968320 TRACE   GST_REFCOUNTING gstobject.c:265:gst_object_unref: 0x995870 unref 2->1
0:00:00.016730395  3826 0x31e370 LOG   GST_REGISTRY gstregistrychunks.c:610:gst_registry_chunks_load_feature: Reading/casting for GstRegistryChunkElementFactory at address 0x339e00
0:00:00.016736954  3826 0x31e370 TRACE   structure gststructure.c:287:gst_structure_new_id_empty_with_size: created structure 0x33ba30
0:00:00.012341238  3827 0x968320 TRACE   GST_REFCOUNTING gstobject.c:265:gst_object_unref: 0x996980 unref 2->1
0:00:00.016742420  3826 0x31e370 DEBUG   structure gststructure.c:2203:gst_structure_parse_field: trying field name 'long-name'
0:00:00.012353081  3827 0x968320 TRACE   GST_REFCOUNTING gstobject.c:265:gst_object_unref: 0x998490 unref 2->1
0:00:00.016748099  3826 0x31e370 DEBUG   default gstvalue.c:2676:_priv_gst_value_parse_value: trying type name 'string'
0:00:00.012359814  3827 0x968320 TRACE   GST_REFCOUNTING gstobject.c:265:gst_object_unref: 0x999de0 unref 2->1
0:00:00.016755067  3826 0x31e370 DEBUG   structure gststructure.c:2203:gst_structure_parse_field: trying field name 'klass'
0:00:00.012366554  3827 0x968320 TRACE   GST_REFCOUNTING gstobject.c:265:gst_object_unref: 0x99aee0 unref 2->1
0:00:00.016761284  3826 0x31e370 DEBUG   default gstvalue.c:2676:_priv_gst_value_parse_value: trying type name 'string'
0:00:00.012373107  3827 0x968320 TRACE   GST_REFCOUNTING gstobject.c:265:gst_object_unref: 0x99c040 unref 2->1
0:00:00.016768906  3826 0x31e370 DEBUG   structure gststructure.c:2203:gst_structure_parse_field: trying field name 'description'
0:00:00.012379697  3827 0x968320 TRACE   GST_REFCOUNTING gstobject.c:265:gst_object_unref: 0x99ce90 unref 2->1
0:00:00.016774993  3826 0x31e370 DEBUG   default gstvalue.c:2676:_priv_gst_value_parse_value: trying type name 'string'
0:00:00.012386377  3827 0x968320 TRACE   GST_REFCOUNTING gstobject.c:265:gst_object_unref: 0x99e600 unref 2->1
0:00:00.016781984  3826 0x31e370 DEBUG   structure gststructure.c:2203:gst_structure_parse_field: trying field name 'author'
0:00:00.012393041  3827 0x968320 TRACE   GST_REFCOUNTING gstobject.c:265:gst_object_unref: 0x99f2c0 unref 2->1
0:00:00.016788131  3826 0x31e370 DEBUG   default gstvalue.c:2676:_priv_gst_value_parse_value: trying type name 'string'
0:00:00.012401542  3827 0x968320 DEBUG   GST_REGISTRY gstregistrychunks.c:498:_priv_gst_registry_chunks_save_plugin: Found 22 features in plugin 0x984120 (coreelements)
0:00:00.016795288  3826 0x31e370 DEBUG   GST_REGISTRY gstregistrychunks.c:626:gst_registry_chunks_load_feature: Element factory : npadtemplates=2
0:00:00.012409016  3827 0x968320 DEBUG   GST_POLL gstpoll.c:980:gst_poll_fd_ctl_write: 0x970810: fd (fd:0, idx:1), active : 1
0:00:00.016803484  3826 0x31e370 DEBUG   GST_REGISTRY gstregistrychunks.c:526:gst_registry_chunks_load_pad_template: Reading/casting for GstRegistryChunkPadTemplate at address 0x339ec0
0:00:00.012422219  3827 0x968320 LOG   GST_POLL gstpoll.c:994:gst_poll_fd_ctl_write: 0x970810: pfd->events now 60 (POLLOUT:4)
0:00:00.016817074  3826 0x31e370 DEBUG   GST_REGISTRY gstregistrychunks.c:539:gst_registry_chunks_load_pad_template: Added pad_template src_%u
0:00:00.012428936  3827 0x968320 DEBUG   GST_POLL gstpoll.c:980:gst_poll_fd_ctl_write: 0x970810: fd (fd:0, idx:1), active : 1
0:00:00.016823451  3826 0x31e370 DEBUG   GST_REGISTRY gstregistrychunks.c:526:gst_registry_chunks_load_pad_template: Reading/casting for GstRegistryChunkPadTemplate at address 0x339ed8
0:00:00.012435226  3827 0x968320 LOG   GST_POLL gstpoll.c:994:gst_poll_fd_ctl_write: 0x970810: pfd->events now 60 (POLLOUT:4)
0:00:00.016830412  3826 0x31e370 DEBUG   GST_REGISTRY gstregistrychunks.c:539:gst_registry_chunks_load_pad_template: Added pad_template sink_%u
0:00:00.012441608  3827 0x968320 DEBUG   GST_POLL gstpoll.c:980:gst_poll_fd_ctl_write: 0x970810: fd (fd:0, idx:1), active : 1
0:00:00.016837915  3826 0x31e370 DEBUG   GST_REGISTRY gstregistry.c:590:gst_registry_add_feature: adding feature 0x3398c0 (multiqueue)
0:00:00.012447552  3827 0x968320 LOG   GST_POLL gstpoll.c:994:gst_poll_fd_ctl_write: 0x970810: pfd->events now 60 (POLLOUT:4)
0:00:00.016844415  3826 0x31e370 DEBUG   GST_REFCOUNTING gstobject.c:709:gst_object_set_parent: set parent (ref and sink)
0:00:00.012453798  3827 0x968320 DEBUG   GST_POLL gstpoll.c:980:gst_poll_fd_ctl_write: 0x970810: fd (fd:0, idx:1), active : 1
0:00:00.016852326  3826 0x31e370 TRACE   GST_REFCOUNTING gstobject.c:294:gst_object_ref_sink: 0x3398c0 ref_sink 1->2
0:00:00.012460668  3827 0x968320 LOG   GST_POLL gstpoll.c:994:gst_poll_fd_ctl_write: 0x970810: pfd->events now 60 (POLLOUT:4)
0:00:00.016859149  3826 0x31e370 LOG   GST_REGISTRY gstregistry.c:608:gst_registry_add_feature: emitting feature-added for multiqueue
0:00:00.012468518  3827 0x968320 DEBUG   GST_POLL gstpoll.c:980:gst_poll_fd_ctl_write: 0x970810: fd (fd:0, idx:1), active : 1
0:00:00.016865829  3826 0x31e370 DEBUG   GST_REGISTRY gstregistrychunks.c:741:gst_registry_chunks_load_feature: Added feature multiqueue, plugin 0x338200 coreelements
0:00:00.012474542  3827 0x968320 LOG   GST_POLL gstpoll.c:994:gst_poll_fd_ctl_write: 0x970810: pfd->events now 60 (POLLOUT:4)
0:00:00.016872929  3826 0x31e370 DEBUG   GST_REGISTRY gstregistrychunks.c:583:gst_registry_chunks_load_feature: Plugin 'coreelements' feature 'typefind' typename : 'GstElementFactory'
0:00:00.012481618  3827 0x968320 DEBUG   GST_POLL gstpoll.c:980:gst_poll_fd_ctl_write: 0x970810: fd (fd:0, idx:1), active : 1
0:00:00.016880948  3826 0x31e370 TRACE   GST_REFCOUNTING gstobject.c:208:gst_object_init: 0x33bb60 new
0:00:00.012488692  3827 0x968320 LOG   GST_POLL gstpoll.c:994:gst_poll_fd_ctl_write: 0x970810: pfd->events now 60 (POLLOUT:4)
0:00:00.016888155  3826 0x31e370 LOG   GST_REGISTRY gstregistrychunks.c:610:gst_registry_chunks_load_feature: Reading/casting for GstRegistryChunkElementFactory at address 0x339f08
0:00:00.012500933  3827 0x968320 DEBUG   GST_POLL gstpoll.c:980:gst_poll_fd_ctl_write: 0x970810: fd (fd:0, idx:1), active : 1
0:00:00.016896357  3826 0x31e370 TRACE   structure gststructure.c:287:gst_structure_new_id_empty_with_size: created structure 0x33bdb0
0:00:00.012507116  3827 0x968320 LOG   GST_POLL gstpoll.c:994:gst_poll_fd_ctl_write: 0x970810: pfd->events now 60 (POLLOUT:4)
0:00:00.016902235  3826 0x31e370 DEBUG   structure gststructure.c:2203:gst_structure_parse_field: trying field name 'long-name'
0:00:00.012513428  3827 0x968320 DEBUG   GST_POLL gstpoll.c:980:gst_poll_fd_ctl_write: 0x970810: fd (fd:0, idx:1), active : 1
0:00:00.016908161  3826 0x31e370 DEBUG   default gstvalue.c:2676:_priv_gst_value_parse_value: trying type name 'string'
0:00:00.012519511  3827 0x968320 LOG   GST_POLL gstpoll.c:994:gst_poll_fd_ctl_write: 0x970810: pfd->events now 60 (POLLOUT:4)
0:00:00.016914988  3826 0x31e370 DEBUG   structure gststructure.c:2203:gst_structure_parse_field: trying field name 'klass'
0:00:00.012525612  3827 0x968320 DEBUG   GST_POLL gstpoll.c:980:gst_poll_fd_ctl_write: 0x970810: fd (fd:0, idx:1), active : 1
0:00:00.016920823  3826 0x31e370 DEBUG   default gstvalue.c:2676:_priv_gst_value_parse_value: trying type name 'string'
0:00:00.012531751  3827 0x968320 LOG   GST_POLL gstpoll.c:994:gst_poll_fd_ctl_write: 0x970810: pfd->events now 60 (POLLOUT:4)
0:00:00.016926990  3826 0x31e370 DEBUG   structure gststructure.c:2203:gst_structure_parse_field: trying field name 'description'
0:00:00.012537901  3827 0x968320 DEBUG   GST_POLL gstpoll.c:980:gst_poll_fd_ctl_write: 0x970810: fd (fd:0, idx:1), active : 1
0:00:00.016932723  3826 0x31e370 DEBUG   default gstvalue.c:2676:_priv_gst_value_parse_value: trying type name 'string'
0:00:00.012543957  3827 0x968320 LOG   GST_POLL gstpoll.c:994:gst_poll_fd_ctl_write: 0x970810: pfd->events now 60 (POLLOUT:4)
0:00:00.016939517  3826 0x31e370 DEBUG   structure gststructure.c:2203:gst_structure_parse_field: trying field name 'author'
0:00:00.012550210  3827 0x968320 DEBUG   GST_POLL gstpoll.c:980:gst_poll_fd_ctl_write: 0x970810: fd (fd:0, idx:1), active : 1
0:00:00.016945162  3826 0x31e370 DEBUG   default gstvalue.c:2676:_priv_gst_value_parse_value: trying type name 'string'
0:00:00.012556241  3827 0x968320 LOG   GST_POLL gstpoll.c:994:gst_poll_fd_ctl_write: 0x970810: pfd->events now 60 (POLLOUT:4)
0:00:00.016951939  3826 0x31e370 DEBUG   GST_REGISTRY gstregistrychunks.c:626:gst_registry_chunks_load_feature: Element factory : npadtemplates=2
0:00:00.012562427  3827 0x968320 DEBUG   GST_POLL gstpoll.c:980:gst_poll_fd_ctl_write: 0x970810: fd (fd:0, idx:1), active : 1
0:00:00.016957796  3826 0x31e370 DEBUG   GST_REGISTRY gstregistrychunks.c:526:gst_registry_chunks_load_pad_template: Reading/casting for GstRegistryChunkPadTemplate at address 0x339fe0
0:00:00.012568456  3827 0x968320 LOG   GST_POLL gstpoll.c:994:gst_poll_fd_ctl_write: 0x970810: pfd->events now 60 (POLLOUT:4)
0:00:00.016970969  3826 0x31e370 DEBUG   GST_REGISTRY gstregistrychunks.c:539:gst_registry_chunks_load_pad_template: Added pad_template sink
0:00:00.012580550  3827 0x968320 DEBUG   GST_POLL gstpoll.c:980:gst_poll_fd_ctl_write: 0x970810: fd (fd:0, idx:1), active : 1
0:00:00.016976822  3826 0x31e370 DEBUG   GST_REGISTRY gstregistrychunks.c:526:gst_registry_chunks_load_pad_template: Reading/casting for GstRegistryChunkPadTemplate at address 0x339ff8
0:00:00.012586616  3827 0x968320 LOG   GST_POLL gstpoll.c:994:gst_poll_fd_ctl_write: 0x970810: pfd->events now 60 (POLLOUT:4)
0:00:00.016982945  3826 0x31e370 DEBUG   GST_REGISTRY gstregistrychunks.c:539:gst_registry_chunks_load_pad_template: Added pad_template src
0:00:00.012592818  3827 0x968320 DEBUG   GST_POLL gstpoll.c:980:gst_poll_fd_ctl_write: 0x970810: fd (fd:0, idx:1), active : 1
0:00:00.012598825  3827 0x968320 LOG   GST_POLL gstpoll.c:994:gst_poll_fd_ctl_write: 0x970810: pfd->events now 60 (POLLOUT:4)
0:00:00.016994704  3826 0x31e370 DEBUG   GST_REGISTRY gstregistry.c:590:gst_registry_add_feature: adding feature 0x33bb60 (typefind)
0:00:00.012604508  3827 0x968320 DEBUG   GST_POLL gstpoll.c:980:gst_poll_fd_ctl_write: 0x970810: fd (fd:0, idx:1), active : 1
0:00:00.017001047  3826 0x31e370 DEBUG   GST_REFCOUNTING gstobject.c:709:gst_object_set_parent: set parent (ref and sink)
0:00:00.012610544  3827 0x968320 LOG   GST_POLL gstpoll.c:994:gst_poll_fd_ctl_write: 0x970810: pfd->events now 60 (POLLOUT:4)
0:00:00.017008581  3826 0x31e370 TRACE   GST_REFCOUNTING gstobject.c:294:gst_object_ref_sink: 0x33bb60 ref_sink 1->2
0:00:00.012617401  3827 0x968320 DEBUG   GST_POLL gstpoll.c:980:gst_poll_fd_ctl_write: 0x970810: fd (fd:0, idx:1), active : 1
0:00:00.017015558  3826 0x31e370 LOG   GST_REGISTRY gstregistry.c:608:gst_registry_add_feature: emitting feature-added for typefind
0:00:00.012624672  3827 0x968320 LOG   GST_POLL gstpoll.c:994:gst_poll_fd_ctl_write: 0x970810: pfd->events now 60 (POLLOUT:4)
0:00:00.017022296  3826 0x31e370 DEBUG   GST_REGISTRY gstregistrychunks.c:741:gst_registry_chunks_load_feature: Added feature typefind, plugin 0x338200 coreelements
0:00:00.012631811  3827 0x968320 DEBUG   GST_POLL gstpoll.c:980:gst_poll_fd_ctl_write: 0x970810: fd (fd:0, idx:1), active : 1
0:00:00.017029419  3826 0x31e370 DEBUG   GST_REGISTRY gstregistrychunks.c:583:gst_registry_chunks_load_feature: Plugin 'coreelements' feature 'tee' typename : 'GstElementFactory'
0:00:00.012637958  3827 0x968320 LOG   GST_POLL gstpoll.c:994:gst_poll_fd_ctl_write: 0x970810: pfd->events now 60 (POLLOUT:4)
0:00:00.017037270  3826 0x31e370 TRACE   GST_REFCOUNTING gstobject.c:208:gst_object_init: 0x33bf30 new
0:00:00.012645388  3827 0x968320 DEBUG   GST_POLL gstpoll.c:980:gst_poll_fd_ctl_write: 0x970810: fd (fd:0, idx:1), active : 1
0:00:00.017044622  3826 0x31e370 LOG   GST_REGISTRY gstregistrychunks.c:610:gst_registry_chunks_load_feature: Reading/casting for GstRegistryChunkElementFactory at address 0x33a020
0:00:00.012657111  3827 0x968320 LOG   GST_POLL gstpoll.c:994:gst_poll_fd_ctl_write: 0x970810: pfd->events now 60 (POLLOUT:4)
0:00:00.017052910  3826 0x31e370 TRACE   structure gststructure.c:287:gst_structure_new_id_empty_with_size: created structure 0x33c190
0:00:00.012663374  3827 0x968320 DEBUG   GST_POLL gstpoll.c:980:gst_poll_fd_ctl_write: 0x970810: fd (fd:0, idx:1), active : 1
0:00:00.017058718  3826 0x31e370 DEBUG   structure gststructure.c:2203:gst_structure_parse_field: trying field name 'long-name'
0:00:00.012669454  3827 0x968320 LOG   GST_POLL gstpoll.c:994:gst_poll_fd_ctl_write: 0x970810: pfd->events now 60 (POLLOUT:4)
0:00:00.017064363  3826 0x31e370 DEBUG   default gstvalue.c:2676:_priv_gst_value_parse_value: trying type name 'string'
0:00:00.012675703  3827 0x968320 DEBUG   GST_POLL gstpoll.c:980:gst_poll_fd_ctl_write: 0x970810: fd (fd:0, idx:1), active : 1
0:00:00.017071114  3826 0x31e370 DEBUG   structure gststructure.c:2203:gst_structure_parse_field: trying field name 'klass'
