******************************************************************************** conan test cci-199e9a91/recipes/gstreamer/all/test_package/conanfile.py gstreamer/1.18.4@#0f08191cb7fd82c31737b0f93cbbcc58 -pr /home/conan/w/prod/BuildSingleReference/236120/820f8d81-450b-4a4e-9536-861818b69025/profile_linux_13_libstdcpp_clang_release_64.gstreamer-shared-True.txt -c tools.system.package_manager:mode=install -c tools.system.package_manager:sudo=True ******************************************************************************** Configuration: [settings] arch=x86_64 build_type=Release compiler=clang compiler.libcxx=libstdc++ compiler.version=13 os=Linux [options] gstreamer:shared=True [build_requires] [env] [conf] tools.system.package_manager:mode=install tools.system.package_manager:sudo=True gstreamer/1.18.4 (test package): Installing package Requirements bzip2/1.0.8 from 'conan-center' - Cache glib/2.76.2 from 'conan-center' - Cache gstreamer/1.18.4 from local cache - Cache libelf/0.8.13 from 'conan-center' - Cache libffi/3.4.4 from 'conan-center' - Cache libmount/2.36.2 from 'conan-center' - Cache libselinux/3.3 from 'conan-center' - Cache pcre2/10.42 from 'conan-center' - Cache zlib/1.2.13 from 'conan-center' - Cache Packages bzip2/1.0.8:1718811d87d80de7c9031968965934b738936751 - Cache glib/2.76.2:f0629bc4d4cb1657c54119b77118c0f5b84ccca2 - Cache gstreamer/1.18.4:7935acf34602213af1e3939e2637ba8a4da1774a - Cache libelf/0.8.13:63c2a85d57849e261f98f935b93ecac31ba71b84 - Cache libffi/3.4.4:63c2a85d57849e261f98f935b93ecac31ba71b84 - Cache libmount/2.36.2:63c2a85d57849e261f98f935b93ecac31ba71b84 - Cache libselinux/3.3:a7fea9711f468991f0cf9fa6dafae31f37b5f629 - Cache pcre2/10.42:72e418e535172257d605303061c403b7f485466e - Cache zlib/1.2.13:63c2a85d57849e261f98f935b93ecac31ba71b84 - Cache Installing (downloading, building) binaries... bzip2/1.0.8: Already installed! libelf/0.8.13: Already installed! libffi/3.4.4: Already installed! libmount/2.36.2: Already installed! zlib/1.2.13: Already installed! pcre2/10.42: Already installed! pcre2/10.42: Appending PATH environment variable: /home/conan/w/prod/BuildSingleReference/.conan/data/pcre2/10.42/_/_/package/72e418e535172257d605303061c403b7f485466e/bin libselinux/3.3: Already installed! glib/2.76.2: Already installed! gstreamer/1.18.4: Already installed! gstreamer/1.18.4: Appending GST_PLUGIN_PATH env var : /home/conan/w/prod/BuildSingleReference/.conan/data/gstreamer/1.18.4/_/_/package/7935acf34602213af1e3939e2637ba8a4da1774a/lib/gstreamer-1.0 gstreamer/1.18.4: Creating GSTREAMER_ROOT env var : /home/conan/w/prod/BuildSingleReference/.conan/data/gstreamer/1.18.4/_/_/package/7935acf34602213af1e3939e2637ba8a4da1774a gstreamer/1.18.4: Creating GST_PLUGIN_SCANNER env var : /home/conan/w/prod/BuildSingleReference/.conan/data/gstreamer/1.18.4/_/_/package/7935acf34602213af1e3939e2637ba8a4da1774a/bin/gstreamer-1.0/gst-plugin-scanner gstreamer/1.18.4: Creating GSTREAMER_ROOT_X86_64 env var : /home/conan/w/prod/BuildSingleReference/.conan/data/gstreamer/1.18.4/_/_/package/7935acf34602213af1e3939e2637ba8a4da1774a gstreamer/1.18.4 (test package): Generator txt created conanbuildinfo.txt gstreamer/1.18.4 (test package): Calling generate() gstreamer/1.18.4 (test package): Preset 'release' added to CMakePresets.json. Invoke it manually using 'cmake --preset release' gstreamer/1.18.4 (test package): If your CMake version is not compatible with CMakePresets (<3.19) call cmake like: 'cmake -G "Unix Makefiles" -DCMAKE_TOOLCHAIN_FILE=/home/conan/w/prod/BuildSingleReference/cci-199e9a91/recipes/gstreamer/all/test_package/build/Release/generators/conan_toolchain.cmake -DCMAKE_POLICY_DEFAULT_CMP0091=NEW -DCMAKE_BUILD_TYPE=Release' gstreamer/1.18.4 (test package): Aggregating env generators gstreamer/1.18.4 (test package): Generated conaninfo.txt gstreamer/1.18.4 (test package): Generated graphinfo Using lockfile: '/home/conan/w/prod/BuildSingleReference/cci-199e9a91/recipes/gstreamer/all/test_package/build/Release/generators/conan.lock' Using cached profile from lockfile [HOOK - conan-center.py] pre_build(): [FPIC MANAGEMENT (KB-H007)] 'fPIC' option not found [HOOK - conan-center.py] pre_build(): [FPIC MANAGEMENT (KB-H007)] OK gstreamer/1.18.4 (test package): Calling build() gstreamer/1.18.4 (test package): CMake command: cmake -G "Unix Makefiles" -DCMAKE_TOOLCHAIN_FILE="/home/conan/w/prod/BuildSingleReference/cci-199e9a91/recipes/gstreamer/all/test_package/build/Release/generators/conan_toolchain.cmake" -DCMAKE_POLICY_DEFAULT_CMP0091="NEW" -DCMAKE_BUILD_TYPE="Release" "/home/conan/w/prod/BuildSingleReference/cci-199e9a91/recipes/gstreamer/all/test_package/." ----Running------ > cmake -G "Unix Makefiles" -DCMAKE_TOOLCHAIN_FILE="/home/conan/w/prod/BuildSingleReference/cci-199e9a91/recipes/gstreamer/all/test_package/build/Release/generators/conan_toolchain.cmake" -DCMAKE_POLICY_DEFAULT_CMP0091="NEW" -DCMAKE_BUILD_TYPE="Release" "/home/conan/w/prod/BuildSingleReference/cci-199e9a91/recipes/gstreamer/all/test_package/." ----------------- -- Using Conan toolchain: /home/conan/w/prod/BuildSingleReference/cci-199e9a91/recipes/gstreamer/all/test_package/build/Release/generators/conan_toolchain.cmake -- The C compiler identification is Clang 13.0.0 -- Check for working C compiler: /usr/local/bin/clang -- Check for working C compiler: /usr/local/bin/clang -- works -- Detecting C compiler ABI info -- Detecting C compiler ABI info - done -- Detecting C compile features -- Detecting C compile features - done -- Conan: Component target declared 'gstreamer::gstreamer-1.0' -- Conan: Component target declared 'gstreamer::gstreamer-base-1.0' -- Conan: Component target declared 'gstreamer::gstreamer-controller-1.0' -- Conan: Component target declared 'gstreamer::gstreamer-net-1.0' -- Conan: Component target declared 'gstreamer::gstreamer-check-1.0' -- Conan: Target declared 'gstreamer::gstreamer' -- Conan: Component target declared 'glib::glib-2.0' -- Conan: Component target declared 'glib::gmodule-no-export-2.0' -- Conan: Component target declared 'glib::gmodule-export-2.0' -- Conan: Component target declared 'glib::gmodule-2.0' -- Conan: Component target declared 'glib::gobject-2.0' -- Conan: Component target declared 'glib::gthread-2.0' -- Conan: Component target declared 'glib::gio-2.0' -- Conan: Component target declared 'glib::gresource' -- Conan: Component target declared 'glib::gio-unix-2.0' -- Conan: Target declared 'glib::glib' -- Conan: Component target declared 'PCRE2::8BIT' -- Conan: Component target declared 'PCRE2::POSIX' -- Conan: Component target declared 'PCRE2::16BIT' -- Conan: Component target declared 'PCRE2::32BIT' -- Conan: Target declared 'pcre2::pcre2' -- Conan: Target declared 'ZLIB::ZLIB' -- Conan: Target declared 'BZip2::BZip2' -- Conan: Including build module from '/home/conan/w/prod/BuildSingleReference/.conan/data/bzip2/1.0.8/_/_/package/1718811d87d80de7c9031968965934b738936751/lib/cmake/conan-official-bzip2-variables.cmake' -- Conan: Target declared 'libffi::libffi' -- Conan: Target declared 'libmount::libmount' -- Conan: Component target declared 'libselinux::sepol' -- Conan: Component target declared 'libselinux::selinux' -- Conan: Target declared 'libselinux::libselinux' -- Conan: Target declared 'libelf::libelf' -- Found PkgConfig: /usr/bin/pkg-config (found version "0.29.1") -- Checking for module 'gstreamer-1.0' -- Found gstreamer-1.0, version 1.18.4 -- Checking for module 'gstreamer-base-1.0' -- Found gstreamer-base-1.0, version 1.18.4 -- Checking for module 'gstreamer-controller-1.0' -- Found gstreamer-controller-1.0, version 1.18.4 -- Checking for module 'gstreamer-net-1.0' -- Found gstreamer-net-1.0, version 1.18.4 -- Checking for module 'gstreamer-check-1.0' -- Found gstreamer-check-1.0, version 1.18.4 -- Checking for module 'gstcoreelements' -- No package 'gstcoreelements' found -- Configuring done -- Generating done -- Build files have been written to: /home/conan/w/prod/BuildSingleReference/cci-199e9a91/recipes/gstreamer/all/test_package/build/Release gstreamer/1.18.4 (test package): CMake command: cmake --build "/home/conan/w/prod/BuildSingleReference/cci-199e9a91/recipes/gstreamer/all/test_package/build/Release" '--' '-j3' ----Running------ > cmake --build "/home/conan/w/prod/BuildSingleReference/cci-199e9a91/recipes/gstreamer/all/test_package/build/Release" '--' '-j3' ----------------- Scanning dependencies of target test_package [ 50%] Building C object CMakeFiles/test_package.dir/test_package.c.o [100%] Linking C executable test_package [100%] Built target test_package gstreamer/1.18.4 (test package): Running test() ----Running------ > . "/home/conan/w/prod/BuildSingleReference/cci-199e9a91/recipes/gstreamer/all/test_package/build/Release/generators/conanrun.sh" && timeout --kill-after=10s 5s ./test_package ----------------- GStreamer version: GStreamer 1.18.4 fakesink has been created successfully fakesrc has been created successfully CMake Warning: Manually-specified variables were not used by the project: CMAKE_POLICY_DEFAULT_CMP0091
0:00:00.000084736  3826 0x31e370 INFO   GST_INIT gst.c:586:init_pre: Initializing GStreamer Core Library version 1.18.4
0:00:00.000135506  3826 0x31e370 INFO   GST_INIT gst.c:587:init_pre: Using library installed in /home/conan/w/prod/BuildSingleReference/.conan/data/gstreamer/1.18.4/_/_/package/7935acf34602213af1e3939e2637ba8a4da1774a/lib
0:00:00.000151136  3826 0x31e370 INFO   GST_INIT gst.c:607:init_pre: Linux jnlp-linux-clang-13-ubuntu16.04-1.59.0-1d3n8 5.10.162+ #1 SMP Wed Mar 1 09:59:00 UTC 2023 x86_64
0:00:00.000239702  3826 0x31e370 DEBUG   GST_MEMORY gstallocator.c:589:_priv_gst_allocator_initialize: memory alignment: 7
0:00:00.000339206  3826 0x31e370 TRACE   GST_REFCOUNTING gstobject.c:208:gst_object_init: 0x320f10 new
0:00:00.000348873  3826 0x31e370 DEBUG   GST_MEMORY gstallocator.c:565:gst_allocator_sysmem_init: init allocator 0x320f10
0:00:00.000371952  3826 0x31e370 TRACE   GST_REFCOUNTING gstobject.c:294:gst_object_ref_sink: 0x320f10 ref_sink 1->2
0:00:00.000389094  3826 0x31e370 TRACE   GST_REFCOUNTING gstobject.c:238:gst_object_ref: 0x320f10 ref 1->2
0:00:00.000398917  3826 0x31e370 DEBUG   GST_MEMORY gstallocator.c:207:gst_allocator_register: registering allocator 0x320f10 with name "SystemMemory"
0:00:00.000409360  3826 0x31e370 TRACE   GST_REFCOUNTING gstobject.c:238:gst_object_ref: 0x320f10 ref 2->3
0:00:00.000456128  3826 0x31e370 TRACE   GST_CAPS gstcaps.c:263:gst_caps_new_empty: created caps 0x31ab60
0:00:00.000464402  3826 0x31e370 TRACE   GST_CAPS gstcaps.c:263:gst_caps_new_empty: created caps 0x31abe0
0:00:00.000476463  3826 0x31e370 TRACE   caps-features gstcapsfeatures.c:191:gst_caps_features_new_empty: created caps features 0x319d00
0:00:00.000484006  3826 0x31e370 TRACE   caps-features gstcapsfeatures.c:191:gst_caps_features_new_empty: created caps features 0x31ae70
0:00:00.000492432  3826 0x31e370 INFO   GST_INIT gstmessage.c:129:_priv_gst_message_initialize: init messages
0:00:00.000617059  3826 0x31e370 TRACE   structure gststructure.c:287:gst_structure_new_id_empty_with_size: created structure 0x3249c0
0:00:00.000633431  3826 0x31e370 DEBUG   GST_ELEMENT_PADS gstelement.c:312:gst_element_base_class_init: type GstElement : factory (nil)
0:00:00.000686466  3826 0x31e370 TRACE   structure gststructure.c:287:gst_structure_new_id_empty_with_size: created structure 0x325ac0
0:00:00.000695106  3826 0x31e370 TRACE   GST_PERFORMANCE gststructure.c:509:gst_structure_copy: doing copy 0x3249c0 -> 0x325ac0
0:00:00.000702514  3826 0x31e370 DEBUG   GST_ELEMENT_PADS gstelement.c:312:gst_element_base_class_init: type GstBin : factory (nil)
0:00:00.001024216  3826 0x31e370 INFO   GST_INIT gstcontext.c:85:_priv_gst_context_initialize: init contexts
0:00:00.001212928  3826 0x31e370 INFO   GST_PLUGIN_LOADING gstplugin.c:325:_priv_gst_plugin_initialize: registering 0 static plugins
0:00:00.001235702  3826 0x31e370 LOG   GST_PLUGIN_LOADING gstplugin.c:230:gst_plugin_register_static: attempting to load static plugin "staticelements" now...
0:00:00.001249679  3826 0x31e370 TRACE   GST_REFCOUNTING gstobject.c:208:gst_object_init: 0x335850 new
0:00:00.001262331  3826 0x31e370 LOG   GST_PLUGIN_LOADING gstplugin.c:514:gst_plugin_register_func: plugin "(NULL)" looks good
0:00:00.001282219  3826 0x31e370 TRACE   GST_REFCOUNTING gstobject.c:208:gst_object_init: 0x335d10 new
0:00:00.001297845  3826 0x31e370 TRACE   GST_REFCOUNTING gstobject.c:294:gst_object_ref_sink: 0x335d10 ref_sink 1->2
0:00:00.001307808  3826 0x31e370 TRACE   GST_REFCOUNTING gstobject.c:208:gst_object_init: 0x335ed0 new
0:00:00.001319419  3826 0x31e370 LOG   GST_ELEMENT_FACTORY gstelementfactory.c:238:gst_element_register: Created new elementfactory for type GstBin
0:00:00.001330139  3826 0x31e370 TRACE   structure gststructure.c:287:gst_structure_new_id_empty_with_size: created structure 0x336130
0:00:00.001338202  3826 0x31e370 TRACE   GST_PERFORMANCE gststructure.c:509:gst_structure_copy: doing copy 0x325ac0 -> 0x336130
0:00:00.001351672  3826 0x31e370 DEBUG   GST_REGISTRY gstregistry.c:590:gst_registry_add_feature: adding feature 0x335ed0 (bin)
0:00:00.001360237  3826 0x31e370 DEBUG   GST_REFCOUNTING gstobject.c:709:gst_object_set_parent: set parent (ref and sink)
0:00:00.001368739  3826 0x31e370 TRACE   GST_REFCOUNTING gstobject.c:294:gst_object_ref_sink: 0x335ed0 ref_sink 1->2
0:00:00.001376200  3826 0x31e370 LOG   GST_REGISTRY gstregistry.c:608:gst_registry_add_feature: emitting feature-added for bin
0:00:00.001389349  3826 0x31e370 TRACE   GST_REFCOUNTING gstobject.c:208:gst_object_init: 0x336490 new
0:00:00.001399802  3826 0x31e370 LOG   GST_ELEMENT_FACTORY gstelementfactory.c:238:gst_element_register: Created new elementfactory for type GstPipeline
0:00:00.001408768  3826 0x31e370 TRACE   structure gststructure.c:287:gst_structure_new_id_empty_with_size: created structure 0x336970
0:00:00.001416085  3826 0x31e370 TRACE   GST_PERFORMANCE gststructure.c:509:gst_structure_copy: doing copy 0x325ac0 -> 0x336970
0:00:00.001423645  3826 0x31e370 DEBUG   GST_ELEMENT_PADS gstelement.c:312:gst_element_base_class_init: type GstPipeline : factory 0x336490
0:00:00.001446172  3826 0x31e370 TRACE   structure gststructure.c:287:gst_structure_new_id_empty_with_size: created structure 0x3266a0
0:00:00.001453950  3826 0x31e370 TRACE   GST_PERFORMANCE gststructure.c:509:gst_structure_copy: doing copy 0x336970 -> 0x3266a0
0:00:00.001462690  3826 0x31e370 DEBUG   GST_REGISTRY gstregistry.c:590:gst_registry_add_feature: adding feature 0x336490 (pipeline)
0:00:00.001469621  3826 0x31e370 DEBUG   GST_REFCOUNTING gstobject.c:709:gst_object_set_parent: set parent (ref and sink)
0:00:00.001477682  3826 0x31e370 TRACE   GST_REFCOUNTING gstobject.c:294:gst_object_ref_sink: 0x336490 ref_sink 1->2
0:00:00.001491159  3826 0x31e370 LOG   GST_REGISTRY gstregistry.c:608:gst_registry_add_feature: emitting feature-added for pipeline
0:00:00.001498368  3826 0x31e370 LOG   GST_PLUGIN_LOADING gstplugin.c:541:gst_plugin_register_func: plugin "(NULL)" initialised
0:00:00.001504794  3826 0x31e370 INFO   GST_PLUGIN_LOADING gstplugin.c:233:gst_plugin_register_static: registered static plugin "staticelements"
0:00:00.001512598  3826 0x31e370 DEBUG   GST_REGISTRY gstregistry.c:474:gst_registry_add_plugin: adding plugin 0x335850 for filename "(NULL)"
0:00:00.001520248  3826 0x31e370 TRACE   GST_REFCOUNTING gstobject.c:294:gst_object_ref_sink: 0x335850 ref_sink 1->2
0:00:00.001542662  3826 0x31e370 LOG   GST_REGISTRY gstregistry.c:487:gst_registry_add_plugin: emitting plugin-added for filename "(NULL)"
0:00:00.001552386  3826 0x31e370 INFO   GST_PLUGIN_LOADING gstplugin.c:235:gst_plugin_register_static: added static plugin "staticelements", result: 1
0:00:00.001568912  3826 0x31e370 INFO   GST_REGISTRY gstregistry.c:1755:ensure_current_registry: reading registry cache: /home/conan/.cache/gstreamer-1.0/registry.x86_64.bin
0:00:00.001738048  3826 0x31e370 INFO   GST_REGISTRY gstregistrybinary.c:584:priv_gst_registry_binary_read_cache: Unable to mmap file /home/conan/.cache/gstreamer-1.0/registry.x86_64.bin : Failed to open file “/home/conan/.cache/gstreamer-1.0/registry.x86_64.bin”: open() failed: No such file or directory
0:00:00.001762241  3826 0x31e370 INFO   GST_REGISTRY gstregistrybinary.c:594:priv_gst_registry_binary_read_cache: Unable to read file /home/conan/.cache/gstreamer-1.0/registry.x86_64.bin : Failed to open file “/home/conan/.cache/gstreamer-1.0/registry.x86_64.bin”: No such file or directory
0:00:00.001771948  3826 0x31e370 DEBUG   GST_REGISTRY gstregistry.c:1783:ensure_current_registry: Updating registry cache
0:00:00.001779105  3826 0x31e370 INFO   GST_REGISTRY gstregistry.c:1614:scan_and_update_registry: Validating plugins from registry cache: /home/conan/.cache/gstreamer-1.0/registry.x86_64.bin
0:00:00.001785554  3826 0x31e370 DEBUG   GST_REGISTRY gstregistry.c:1624:scan_and_update_registry: scanning paths added via --gst-plugin-path
0:00:00.001792860  3826 0x31e370 DEBUG   GST_REGISTRY gstregistry.c:1640:scan_and_update_registry: GST_PLUGIN_PATH set to /home/conan/w/prod/BuildSingleReference/.conan/data/gstreamer/1.18.4/_/_/package/7935acf34602213af1e3939e2637ba8a4da1774a/lib/gstreamer-1.0
0:00:00.001802046  3826 0x31e370 DEBUG   GST_REGISTRY gstregistry.c:1380:gst_registry_scan_path_internal: scanning path /home/conan/w/prod/BuildSingleReference/.conan/data/gstreamer/1.18.4/_/_/package/7935acf34602213af1e3939e2637ba8a4da1774a/lib/gstreamer-1.0
0:00:00.001849908  3826 0x31e370 LOG   GST_REGISTRY gstregistry.c:1300:gst_registry_scan_path_level: file /home/conan/w/prod/BuildSingleReference/.conan/data/gstreamer/1.18.4/_/_/package/7935acf34602213af1e3939e2637ba8a4da1774a/lib/gstreamer-1.0/libgstcoretracers.so looks like a possible module
0:00:00.001859290  3826 0x31e370 DEBUG   GST_REGISTRY gstregistry.c:1361:gst_registry_scan_path_level: file /home/conan/w/prod/BuildSingleReference/.conan/data/gstreamer/1.18.4/_/_/package/7935acf34602213af1e3939e2637ba8a4da1774a/lib/gstreamer-1.0/libgstcoretracers.so not yet in registry
0:00:00.001873653  3826 0x31e370 DEBUG   GST_REGISTRY gstregistry.c:1161:gst_registry_scan_plugin_file: Starting plugin scanner for file /home/conan/w/prod/BuildSingleReference/.conan/data/gstreamer/1.18.4/_/_/package/7935acf34602213af1e3939e2637ba8a4da1774a/lib/gstreamer-1.0/libgstcoretracers.so
0:00:00.001882367  3826 0x31e370 TRACE   GST_REFCOUNTING gstobject.c:238:gst_object_ref: 0x335d10 ref 1->2
0:00:00.001890931  3826 0x31e370 DEBUG   GST_POLL gstpoll.c:681:gst_poll_new: 0x337b80: new controllable : 0
0:00:00.001917736  3826 0x31e370 DEBUG   GST_POLL gstpoll.c:848:gst_poll_add_fd_unlocked: 0x337b80: fd (fd:4, idx:0)
0:00:00.001929500  3826 0x31e370 DEBUG   GST_POLL gstpoll.c:1015:gst_poll_fd_ctl_read_unlocked: 0x337b80: fd (fd:4, idx:0), active : 1
0:00:00.001937297  3826 0x31e370 DEBUG   GST_REGISTRY gstregistry.c:1172:gst_registry_scan_plugin_file: Using scan-helper to load plugin /home/conan/w/prod/BuildSingleReference/.conan/data/gstreamer/1.18.4/_/_/package/7935acf34602213af1e3939e2637ba8a4da1774a/lib/gstreamer-1.0/libgstcoretracers.so
0:00:00.001945692  3826 0x31e370 LOG   GST_PLUGIN_LOADING gstpluginloader.c:474:gst_plugin_loader_spawn: Trying GST_PLUGIN_SCANNER env var: /home/conan/w/prod/BuildSingleReference/.conan/data/gstreamer/1.18.4/_/_/package/7935acf34602213af1e3939e2637ba8a4da1774a/bin/gstreamer-1.0/gst-plugin-scanner
0:00:00.001953464  3826 0x31e370 LOG   GST_PLUGIN_LOADING gstpluginloader.c:432:gst_plugin_loader_try_helper: Trying to spawn gst-plugin-scanner helper at /home/conan/w/prod/BuildSingleReference/.conan/data/gstreamer/1.18.4/_/_/package/7935acf34602213af1e3939e2637ba8a4da1774a/bin/gstreamer-1.0/gst-plugin-scanner
0:00:00.002794091  3826 0x31e370 DEBUG   GST_POLL gstpoll.c:848:gst_poll_add_fd_unlocked: 0x337b80: fd (fd:7, idx:-1)
0:00:00.002821832  3826 0x31e370 DEBUG   GST_POLL gstpoll.c:848:gst_poll_add_fd_unlocked: 0x337b80: fd (fd:8, idx:-1)
0:00:00.002829277  3826 0x31e370 DEBUG   GST_POLL gstpoll.c:1015:gst_poll_fd_ctl_read_unlocked: 0x337b80: fd (fd:8, idx:2), active : 1
0:00:00.002835659  3826 0x31e370 DEBUG   GST_POLL gstpoll.c:980:gst_poll_fd_ctl_write: 0x337b80: fd (fd:7, idx:1), active : 1
0:00:00.002841728  3826 0x31e370 LOG   GST_POLL gstpoll.c:994:gst_poll_fd_ctl_write: 0x337b80: pfd->events now 60 (POLLOUT:4)
0:00:00.002848408  3826 0x31e370 DEBUG   GST_POLL gstpoll.c:980:gst_poll_fd_ctl_write: 0x337b80: fd (fd:7, idx:1), active : 1
0:00:00.002854275  3826 0x31e370 LOG   GST_POLL gstpoll.c:994:gst_poll_fd_ctl_write: 0x337b80: pfd->events now 60 (POLLOUT:4)
0:00:00.002861872  3826 0x31e370 DEBUG   GST_POLL gstpoll.c:1414:gst_poll_wait: 0x337b80: timeout :0:00:01.000000000
0:00:00.002881259  3826 0x31e370 LOG   GST_PLUGIN_LOADING gstpluginloader.c:1028:exchange_packets: Poll res = 1. 24 bytes pending for write
0:00:00.002888865  3826 0x31e370 DEBUG   GST_POLL gstpoll.c:1241:gst_poll_fd_has_error: 0x337b80: fd (fd:8, idx:2) 0
0:00:00.002894790  3826 0x31e370 DEBUG   GST_POLL gstpoll.c:1266:gst_poll_fd_can_read_unlocked: 0x337b80: fd (fd:8, idx:2) 0
0:00:00.002907383  3826 0x31e370 DEBUG   GST_POLL gstpoll.c:1195:gst_poll_fd_has_closed: 0x337b80: fd (fd:8, idx:2) 0
0:00:00.002913065  3826 0x31e370 DEBUG   GST_POLL gstpoll.c:1241:gst_poll_fd_has_error: 0x337b80: fd (fd:7, idx:1) 0
0:00:00.002918568  3826 0x31e370 DEBUG   GST_POLL gstpoll.c:1335:gst_poll_fd_can_write: 0x337b80: fd (fd:7, idx:1) 1
0:00:00.002924322  3826 0x31e370 LOG   GST_PLUGIN_LOADING gstpluginloader.c:690:write_one: Writing packet of size 12 bytes to fd 7
0:00:00.002936092  3826 0x31e370 DEBUG   GST_POLL gstpoll.c:1414:gst_poll_wait: 0x337b80: timeout :0:00:01.000000000
0:00:00.002943907  3826 0x31e370 LOG   GST_PLUGIN_LOADING gstpluginloader.c:1028:exchange_packets: Poll res = 1. 12 bytes pending for write
0:00:00.002949917  3826 0x31e370 DEBUG   GST_POLL gstpoll.c:1241:gst_poll_fd_has_error: 0x337b80: fd (fd:8, idx:2) 0
0:00:00.002955387  3826 0x31e370 DEBUG   GST_POLL gstpoll.c:1266:gst_poll_fd_can_read_unlocked: 0x337b80: fd (fd:8, idx:2) 0
0:00:00.002960825  3826 0x31e370 DEBUG   GST_POLL gstpoll.c:1195:gst_poll_fd_has_closed: 0x337b80: fd (fd:8, idx:2) 0
0:00:00.002966304  3826 0x31e370 DEBUG   GST_POLL gstpoll.c:1241:gst_poll_fd_has_error: 0x337b80: fd (fd:7, idx:1) 0
0:00:00.002971765  3826 0x31e370 DEBUG   GST_POLL gstpoll.c:1335:gst_poll_fd_can_write: 0x337b80: fd (fd:7, idx:1) 1
0:00:00.002976958  3826 0x31e370 LOG   GST_PLUGIN_LOADING gstpluginloader.c:690:write_one: Writing packet of size 12 bytes to fd 7
0:00:00.002984445  3826 0x31e370 DEBUG   GST_POLL gstpoll.c:980:gst_poll_fd_ctl_write: 0x337b80: fd (fd:7, idx:1), active : 0
0:00:00.002990377  3826 0x31e370 LOG   GST_POLL gstpoll.c:994:gst_poll_fd_ctl_write: 0x337b80: pfd->events now 56 (POLLOUT:4)
0:00:00.002996779  3826 0x31e370 DEBUG   GST_POLL gstpoll.c:1414:gst_poll_wait: 0x337b80: timeout :0:00:01.000000000
0:00:00.000054620  3827 0x968320 INFO   GST_INIT gst.c:586:init_pre: Initializing GStreamer Core Library version 1.18.4
0:00:00.000091034  3827 0x968320 INFO   GST_INIT gst.c:587:init_pre: Using library installed in /home/conan/w/prod/BuildSingleReference/.conan/data/gstreamer/1.18.4/_/_/package/7935acf34602213af1e3939e2637ba8a4da1774a/lib
0:00:00.000107053  3827 0x968320 INFO   GST_INIT gst.c:607:init_pre: Linux jnlp-linux-clang-13-ubuntu16.04-1.59.0-1d3n8 5.10.162+ #1 SMP Wed Mar 1 09:59:00 UTC 2023 x86_64
0:00:00.000217990  3827 0x968320 DEBUG   GST_MEMORY gstallocator.c:589:_priv_gst_allocator_initialize: memory alignment: 7
0:00:00.000304974  3827 0x968320 TRACE   GST_REFCOUNTING gstobject.c:208:gst_object_init: 0x96af90 new
0:00:00.000313197  3827 0x968320 DEBUG   GST_MEMORY gstallocator.c:565:gst_allocator_sysmem_init: init allocator 0x96af90
0:00:00.000329475  3827 0x968320 TRACE   GST_REFCOUNTING gstobject.c:294:gst_object_ref_sink: 0x96af90 ref_sink 1->2
0:00:00.000337900  3827 0x968320 TRACE   GST_REFCOUNTING gstobject.c:238:gst_object_ref: 0x96af90 ref 1->2
0:00:00.000367498  3827 0x968320 DEBUG   GST_MEMORY gstallocator.c:207:gst_allocator_register: registering allocator 0x96af90 with name "SystemMemory"
0:00:00.000375769  3827 0x968320 TRACE   GST_REFCOUNTING gstobject.c:238:gst_object_ref: 0x96af90 ref 2->3
0:00:00.000415412  3827 0x968320 TRACE   GST_CAPS gstcaps.c:263:gst_caps_new_empty: created caps 0x964b60
0:00:00.000421982  3827 0x968320 TRACE   GST_CAPS gstcaps.c:263:gst_caps_new_empty: created caps 0x964be0
0:00:00.000431645  3827 0x968320 TRACE   caps-features gstcapsfeatures.c:191:gst_caps_features_new_empty: created caps features 0x963d00
0:00:00.000437734  3827 0x968320 TRACE   caps-features gstcapsfeatures.c:191:gst_caps_features_new_empty: created caps features 0x964e70
0:00:00.000444723  3827 0x968320 INFO   GST_INIT gstmessage.c:129:_priv_gst_message_initialize: init messages
0:00:00.000501872  3827 0x968320 TRACE   structure gststructure.c:287:gst_structure_new_id_empty_with_size: created structure 0x96e9c0
0:00:00.000510560  3827 0x968320 DEBUG   GST_ELEMENT_PADS gstelement.c:312:gst_element_base_class_init: type GstElement : factory (nil)
0:00:00.000544111  3827 0x968320 TRACE   structure gststructure.c:287:gst_structure_new_id_empty_with_size: created structure 0x96fac0
0:00:00.000550210  3827 0x968320 TRACE   GST_PERFORMANCE gststructure.c:509:gst_structure_copy: doing copy 0x96e9c0 -> 0x96fac0
0:00:00.000556650  3827 0x968320 DEBUG   GST_ELEMENT_PADS gstelement.c:312:gst_element_base_class_init: type GstBin : factory (nil)
0:00:00.000843918  3827 0x968320 INFO   GST_INIT gstcontext.c:85:_priv_gst_context_initialize: init contexts
0:00:00.001014798  3827 0x968320 INFO   GST_PLUGIN_LOADING gstplugin.c:325:_priv_gst_plugin_initialize: registering 0 static plugins
0:00:00.001022362  3827 0x968320 LOG   GST_PLUGIN_LOADING gstplugin.c:230:gst_plugin_register_static: attempting to load static plugin "staticelements" now...
0:00:00.001033164  3827 0x968320 TRACE   GST_REFCOUNTING gstobject.c:208:gst_object_init: 0x97f850 new
0:00:00.001042889  3827 0x968320 LOG   GST_PLUGIN_LOADING gstplugin.c:514:gst_plugin_register_func: plugin "(NULL)" looks good
0:00:00.001059159  3827 0x968320 TRACE   GST_REFCOUNTING gstobject.c:208:gst_object_init: 0x97fd10 new
0:00:00.001071446  3827 0x968320 TRACE   GST_REFCOUNTING gstobject.c:294:gst_object_ref_sink: 0x97fd10 ref_sink 1->2
0:00:00.001079161  3827 0x968320 TRACE   GST_REFCOUNTING gstobject.c:208:gst_object_init: 0x97fed0 new
0:00:00.001087986  3827 0x968320 LOG   GST_ELEMENT_FACTORY gstelementfactory.c:238:gst_element_register: Created new elementfactory for type GstBin
0:00:00.001095971  3827 0x968320 TRACE   structure gststructure.c:287:gst_structure_new_id_empty_with_size: created structure 0x980130
0:00:00.001102834  3827 0x968320 TRACE   GST_PERFORMANCE gststructure.c:509:gst_structure_copy: doing copy 0x96fac0 -> 0x980130
0:00:00.001121884  3827 0x968320 DEBUG   GST_REGISTRY gstregistry.c:590:gst_registry_add_feature: adding feature 0x97fed0 (bin)
0:00:00.001128932  3827 0x968320 DEBUG   GST_REFCOUNTING gstobject.c:709:gst_object_set_parent: set parent (ref and sink)
0:00:00.001148235  3827 0x968320 TRACE   GST_REFCOUNTING gstobject.c:294:gst_object_ref_sink: 0x97fed0 ref_sink 1->2
0:00:00.001162815  3827 0x968320 LOG   GST_REGISTRY gstregistry.c:608:gst_registry_add_feature: emitting feature-added for bin
0:00:00.001175589  3827 0x968320 TRACE   GST_REFCOUNTING gstobject.c:208:gst_object_init: 0x980490 new
0:00:00.001187799  3827 0x968320 LOG   GST_ELEMENT_FACTORY gstelementfactory.c:238:gst_element_register: Created new elementfactory for type GstPipeline
0:00:00.001195186  3827 0x968320 TRACE   structure gststructure.c:287:gst_structure_new_id_empty_with_size: created structure 0x980970
0:00:00.001201963  3827 0x968320 TRACE   GST_PERFORMANCE gststructure.c:509:gst_structure_copy: doing copy 0x96fac0 -> 0x980970
0:00:00.001208750  3827 0x968320 DEBUG   GST_ELEMENT_PADS gstelement.c:312:gst_element_base_class_init: type GstPipeline : factory 0x980490
0:00:00.001228388  3827 0x968320 TRACE   structure gststructure.c:287:gst_structure_new_id_empty_with_size: created structure 0x9706a0
0:00:00.001234828  3827 0x968320 TRACE   GST_PERFORMANCE gststructure.c:509:gst_structure_copy: doing copy 0x980970 -> 0x9706a0
0:00:00.001242365  3827 0x968320 DEBUG   GST_REGISTRY gstregistry.c:590:gst_registry_add_feature: adding feature 0x980490 (pipeline)
0:00:00.001248100  3827 0x968320 DEBUG   GST_REFCOUNTING gstobject.c:709:gst_object_set_parent: set parent (ref and sink)
0:00:00.001255165  3827 0x968320 TRACE   GST_REFCOUNTING gstobject.c:294:gst_object_ref_sink: 0x980490 ref_sink 1->2
0:00:00.001261624  3827 0x968320 LOG   GST_REGISTRY gstregistry.c:608:gst_registry_add_feature: emitting feature-added for pipeline
0:00:00.001267395  3827 0x968320 LOG   GST_PLUGIN_LOADING gstplugin.c:541:gst_plugin_register_func: plugin "(NULL)" initialised
0:00:00.001273109  3827 0x968320 INFO   GST_PLUGIN_LOADING gstplugin.c:233:gst_plugin_register_static: registered static plugin "staticelements"
0:00:00.001283206  3827 0x968320 DEBUG   GST_REGISTRY gstregistry.c:474:gst_registry_add_plugin: adding plugin 0x97f850 for filename "(NULL)"
0:00:00.001289864  3827 0x968320 TRACE   GST_REFCOUNTING gstobject.c:294:gst_object_ref_sink: 0x97f850 ref_sink 1->2
0:00:00.001296096  3827 0x968320 LOG   GST_REGISTRY gstregistry.c:487:gst_registry_add_plugin: emitting plugin-added for filename "(NULL)"
0:00:00.001302636  3827 0x968320 INFO   GST_PLUGIN_LOADING gstplugin.c:235:gst_plugin_register_static: added static plugin "staticelements", result: 1
0:00:00.001313770  3827 0x968320 DEBUG   GST_REGISTRY gstregistry.c:1786:ensure_current_registry: Not updating registry cache (disabled)
0:00:00.001325432  3827 0x968320 INFO   GST_REGISTRY gstregistry.c:1790:ensure_current_registry: registry reading and updating done, result = 1
0:00:00.001330480  3827 0x968320 LOG   GST_REGISTRY gstregistry.c:1866:gst_update_registry: registry update succeeded
0:00:00.001341243  3827 0x968320 INFO   GST_INIT gst.c:807:init_post: GLib runtime version: 2.76.2
0:00:00.001353484  3827 0x968320 INFO   GST_INIT gst.c:809:init_post: GLib headers version: 2.76.2
0:00:00.001358753  3827 0x968320 INFO   GST_INIT gst.c:810:init_post: initialized GStreamer successfully
0:00:00.001364828  3827 0x968320 DEBUG   default gsttracerutils.c:77:_priv_gst_tracing_init: Initializing GstTracer
0:00:00.001380332  3827 0x968320 DEBUG   GST_POLL gstpoll.c:681:gst_poll_new: 0x970810: new controllable : 0
0:00:00.001404426  3827 0x968320 DEBUG   GST_POLL gstpoll.c:848:gst_poll_add_fd_unlocked: 0x970810: fd (fd:3, idx:0)
0:00:00.001411462  3827 0x968320 DEBUG   GST_POLL gstpoll.c:1015:gst_poll_fd_ctl_read_unlocked: 0x970810: fd (fd:3, idx:0), active : 1
0:00:00.001425670  3827 0x968320 DEBUG   GST_POLL gstpoll.c:848:gst_poll_add_fd_unlocked: 0x970810: fd (fd:0, idx:-1)
0:00:00.001431473  3827 0x968320 DEBUG   GST_POLL gstpoll.c:848:gst_poll_add_fd_unlocked: 0x970810: fd (fd:5, idx:-1)
0:00:00.001437535  3827 0x968320 DEBUG   GST_POLL gstpoll.c:1015:gst_poll_fd_ctl_read_unlocked: 0x970810: fd (fd:5, idx:2), active : 1
0:00:00.001442659  3827 0x968320 DEBUG   GST_PLUGIN_LOADING gstpluginloader.c:583:_gst_plugin_loader_client_run: Plugin scanner child running. Waiting for instructions
0:00:00.001450558  3827 0x968320 DEBUG   GST_POLL gstpoll.c:1414:gst_poll_wait: 0x970810: timeout :0:00:01.000000000
0:00:00.001462238  3827 0x968320 LOG   GST_PLUGIN_LOADING gstpluginloader.c:1028:exchange_packets: Poll res = 1. 0 bytes pending for write
0:00:00.001469007  3827 0x968320 DEBUG   GST_POLL gstpoll.c:1241:gst_poll_fd_has_error: 0x970810: fd (fd:5, idx:2) 0
0:00:00.001475180  3827 0x968320 DEBUG   GST_POLL gstpoll.c:1266:gst_poll_fd_can_read_unlocked: 0x970810: fd (fd:5, idx:2) 1
0:00:00.001484892  3827 0x968320 LOG   GST_PLUGIN_LOADING gstpluginloader.c:1006:read_one: No payload to read for 0 length packet type 5 tag 0
0:00:00.001491506  3827 0x968320 DEBUG   GST_POLL gstpoll.c:980:gst_poll_fd_ctl_write: 0x970810: fd (fd:0, idx:1), active : 1
0:00:00.001497521  3827 0x968320 LOG   GST_POLL gstpoll.c:994:gst_poll_fd_ctl_write: 0x970810: pfd->events now 60 (POLLOUT:4)
0:00:00.001502868  3827 0x968320 LOG   GST_PLUGIN_LOADING gstpluginloader.c:934:handle_rx_packet: Got VERSION in child - replying 3
0:00:00.001509329  3827 0x968320 DEBUG   GST_POLL gstpoll.c:1241:gst_poll_fd_has_error: 0x970810: fd (fd:0, idx:1) 0
0:00:00.001515200  3827 0x968320 DEBUG   GST_POLL gstpoll.c:1335:gst_poll_fd_can_write: 0x970810: fd (fd:0, idx:1) 0
0:00:00.001520834  3827 0x968320 DEBUG   GST_POLL gstpoll.c:1195:gst_poll_fd_has_closed: 0x970810: fd (fd:0, idx:1) 0
0:00:00.001532204  3827 0x968320 DEBUG   GST_POLL gstpoll.c:1414:gst_poll_wait: 0x970810: timeout :0:00:01.000000000
0:00:00.001540009  3827 0x968320 LOG   GST_PLUGIN_LOADING gstpluginloader.c:1028:exchange_packets: Poll res = 2. 80 bytes pending for write
0:00:00.001546382  3827 0x968320 DEBUG   GST_POLL gstpoll.c:1241:gst_poll_fd_has_error: 0x970810: fd (fd:5, idx:2) 0
0:00:00.001552135  3827 0x968320 DEBUG   GST_POLL gstpoll.c:1266:gst_poll_fd_can_read_unlocked: 0x970810: fd (fd:5, idx:2) 1
0:00:00.001559139  3827 0x968320 LOG   GST_PLUGIN_LOADING gstpluginloader.c:1006:read_one: No payload to read for 0 length packet type 3 tag 0
0:00:00.001565465  3827 0x968320 DEBUG   GST_POLL gstpoll.c:980:gst_poll_fd_ctl_write: 0x970810: fd (fd:0, idx:1), active : 1
0:00:00.001571298  3827 0x968320 LOG   GST_POLL gstpoll.c:994:gst_poll_fd_ctl_write: 0x970810: pfd->events now 60 (POLLOUT:4)
0:00:00.001576012  3827 0x968320 LOG   GST_PLUGIN_LOADING gstpluginloader.c:919:handle_rx_packet: Got SYNC in child - replying
0:00:00.001582058  3827 0x968320 DEBUG   GST_POLL gstpoll.c:1241:gst_poll_fd_has_error: 0x970810: fd (fd:0, idx:1) 0
0:00:00.001587791  3827 0x968320 DEBUG   GST_POLL gstpoll.c:1335:gst_poll_fd_can_write: 0x970810: fd (fd:0, idx:1) 1
0:00:00.001593188  3827 0x968320 LOG   GST_PLUGIN_LOADING gstpluginloader.c:690:write_one: Writing packet of size 80 bytes to fd 0
0:00:00.001612380  3827 0x968320 DEBUG   GST_POLL gstpoll.c:1414:gst_poll_wait: 0x970810: timeout :0:00:01.000000000
0:00:00.001620147  3827 0x968320 LOG   GST_PLUGIN_LOADING gstpluginloader.c:1028:exchange_packets: Poll res = 1. 12 bytes pending for write
0:00:00.001626328  3827 0x968320 DEBUG   GST_POLL gstpoll.c:1241:gst_poll_fd_has_error: 0x970810: fd (fd:5, idx:2) 0
0:00:00.001631798  3827 0x968320 DEBUG   GST_POLL gstpoll.c:1266:gst_poll_fd_can_read_unlocked: 0x970810: fd (fd:5, idx:2) 0
0:00:00.001637280  3827 0x968320 DEBUG   GST_POLL gstpoll.c:1195:gst_poll_fd_has_closed: 0x970810: fd (fd:5, idx:2) 0
0:00:00.001642645  3827 0x968320 DEBUG   GST_POLL gstpoll.c:1241:gst_poll_fd_has_error: 0x970810: fd (fd:0, idx:1) 0
0:00:00.006030781  3826 0x31e370 LOG   GST_PLUGIN_LOADING gstpluginloader.c:1028:exchange_packets: Poll res = 1. 0 bytes pending for write
0:00:00.001648082  3827 0x968320 DEBUG   GST_POLL gstpoll.c:1335:gst_poll_fd_can_write: 0x970810: fd (fd:0, idx:1) 1
0:00:00.006051916  3826 0x31e370 DEBUG   GST_POLL gstpoll.c:1241:gst_poll_fd_has_error: 0x337b80: fd (fd:8, idx:2) 0
0:00:00.001659816  3827 0x968320 LOG   GST_PLUGIN_LOADING gstpluginloader.c:690:write_one: Writing packet of size 12 bytes to fd 0
0:00:00.006058918  3826 0x31e370 DEBUG   GST_POLL gstpoll.c:1266:gst_poll_fd_can_read_unlocked: 0x337b80: fd (fd:8, idx:2) 1
0:00:00.001669785  3827 0x968320 DEBUG   GST_POLL gstpoll.c:980:gst_poll_fd_ctl_write: 0x970810: fd (fd:0, idx:1), active : 0
0:00:00.001679849  3827 0x968320 LOG   GST_POLL gstpoll.c:994:gst_poll_fd_ctl_write: 0x970810: pfd->events now 56 (POLLOUT:4)
0:00:00.006073936  3826 0x31e370 LOG   GST_PLUGIN_LOADING gstpluginloader.c:805:check_protocol_version: Got VERSION 3 from child. Ours is 3
0:00:00.001686555  3827 0x968320 DEBUG   GST_POLL gstpoll.c:1414:gst_poll_wait: 0x970810: timeout :0:00:01.000000000
0:00:00.006082633  3826 0x31e370 DEBUG   GST_POLL gstpoll.c:1414:gst_poll_wait: 0x337b80: timeout :0:00:01.000000000
0:00:00.006091704  3826 0x31e370 LOG   GST_PLUGIN_LOADING gstpluginloader.c:1028:exchange_packets: Poll res = 1. 0 bytes pending for write
0:00:00.006097676  3826 0x31e370 DEBUG   GST_POLL gstpoll.c:1241:gst_poll_fd_has_error: 0x337b80: fd (fd:8, idx:2) 0
0:00:00.006103187  3826 0x31e370 DEBUG   GST_POLL gstpoll.c:1266:gst_poll_fd_can_read_unlocked: 0x337b80: fd (fd:8, idx:2) 1
0:00:00.006110392  3826 0x31e370 LOG   GST_PLUGIN_LOADING gstpluginloader.c:1006:read_one: No payload to read for 0 length packet type 3 tag 0
0:00:00.006120084  3826 0x31e370 LOG   GST_PLUGIN_LOADING gstpluginloader.c:236:plugin_loader_load: Sending file /home/conan/w/prod/BuildSingleReference/.conan/data/gstreamer/1.18.4/_/_/package/7935acf34602213af1e3939e2637ba8a4da1774a/lib/gstreamer-1.0/libgstcoretracers.so to child. tag 0
0:00:00.006128087  3826 0x31e370 DEBUG   GST_POLL gstpoll.c:980:gst_poll_fd_ctl_write: 0x337b80: fd (fd:7, idx:1), active : 1
0:00:00.006134021  3826 0x31e370 LOG   GST_POLL gstpoll.c:994:gst_poll_fd_ctl_write: 0x337b80: pfd->events now 60 (POLLOUT:4)
0:00:00.006140288  3826 0x31e370 DEBUG   GST_POLL gstpoll.c:1414:gst_poll_wait: 0x337b80: timeout :0:00:01.000000000
0:00:00.006147941  3826 0x31e370 LOG   GST_PLUGIN_LOADING gstpluginloader.c:1028:exchange_packets: Poll res = 1. 173 bytes pending for write
0:00:00.006153994  3826 0x31e370 DEBUG   GST_POLL gstpoll.c:1241:gst_poll_fd_has_error: 0x337b80: fd (fd:8, idx:2) 0
0:00:00.006159556  3826 0x31e370 DEBUG   GST_POLL gstpoll.c:1266:gst_poll_fd_can_read_unlocked: 0x337b80: fd (fd:8, idx:2) 0
0:00:00.006165083  3826 0x31e370 DEBUG   GST_POLL gstpoll.c:1195:gst_poll_fd_has_closed: 0x337b80: fd (fd:8, idx:2) 0
0:00:00.006170564  3826 0x31e370 DEBUG   GST_POLL gstpoll.c:1241:gst_poll_fd_has_error: 0x337b80: fd (fd:7, idx:1) 0
0:00:00.006176066  3826 0x31e370 DEBUG   GST_POLL gstpoll.c:1335:gst_poll_fd_can_write: 0x337b80: fd (fd:7, idx:1) 1
0:00:00.006181722  3826 0x31e370 LOG   GST_PLUGIN_LOADING gstpluginloader.c:690:write_one: Writing packet of size 173 bytes to fd 7
0:00:00.006197982  3826 0x31e370 DEBUG   GST_POLL gstpoll.c:980:gst_poll_fd_ctl_write: 0x337b80: fd (fd:7, idx:1), active : 0
0:00:00.006204060  3826 0x31e370 LOG   GST_POLL gstpoll.c:994:gst_poll_fd_ctl_write: 0x337b80: pfd->events now 56 (POLLOUT:4)
0:00:00.001823581  3827 0x968320 LOG   GST_PLUGIN_LOADING gstpluginloader.c:1028:exchange_packets: Poll res = 1. 0 bytes pending for write
0:00:00.001831598  3827 0x968320 DEBUG   GST_POLL gstpoll.c:1241:gst_poll_fd_has_error: 0x970810: fd (fd:5, idx:2) 0
0:00:00.006226371  3826 0x31e370 LOG   GST_REGISTRY gstregistry.c:1300:gst_registry_scan_path_level: file /home/conan/w/prod/BuildSingleReference/.conan/data/gstreamer/1.18.4/_/_/package/7935acf34602213af1e3939e2637ba8a4da1774a/lib/gstreamer-1.0/libgstcoreelements.so looks like a possible module
0:00:00.001842045  3827 0x968320 DEBUG   GST_POLL gstpoll.c:1266:gst_poll_fd_can_read_unlocked: 0x970810: fd (fd:5, idx:2) 1
0:00:00.006241927  3826 0x31e370 DEBUG   GST_REGISTRY gstregistry.c:1361:gst_registry_scan_path_level: file /home/conan/w/prod/BuildSingleReference/.conan/data/gstreamer/1.18.4/_/_/package/7935acf34602213af1e3939e2637ba8a4da1774a/lib/gstreamer-1.0/libgstcoreelements.so not yet in registry
0:00:00.001852240  3827 0x968320 DEBUG   GST_PLUGIN_LOADING gstpluginloader.c:722:do_plugin_load: Plugin scanner loading file /home/conan/w/prod/BuildSingleReference/.conan/data/gstreamer/1.18.4/_/_/package/7935acf34602213af1e3939e2637ba8a4da1774a/lib/gstreamer-1.0/libgstcoretracers.so. tag 0
0:00:00.006249305  3826 0x31e370 DEBUG   GST_REGISTRY gstregistry.c:1172:gst_registry_scan_plugin_file: Using scan-helper to load plugin /home/conan/w/prod/BuildSingleReference/.conan/data/gstreamer/1.18.4/_/_/package/7935acf34602213af1e3939e2637ba8a4da1774a/lib/gstreamer-1.0/libgstcoreelements.so
0:00:00.001862318  3827 0x968320 DEBUG   GST_PLUGIN_LOADING gstplugin.c:768:_priv_gst_plugin_load_file_for_registry: attempt to load plugin "/home/conan/w/prod/BuildSingleReference/.conan/data/gstreamer/1.18.4/_/_/package/7935acf34602213af1e3939e2637ba8a4da1774a/lib/gstreamer-1.0/libgstcoretracers.so"
0:00:00.006256934  3826 0x31e370 LOG   GST_PLUGIN_LOADING gstpluginloader.c:236:plugin_loader_load: Sending file /home/conan/w/prod/BuildSingleReference/.conan/data/gstreamer/1.18.4/_/_/package/7935acf34602213af1e3939e2637ba8a4da1774a/lib/gstreamer-1.0/libgstcoreelements.so to child. tag 1
0:00:00.006265567  3826 0x31e370 DEBUG   GST_POLL gstpoll.c:980:gst_poll_fd_ctl_write: 0x337b80: fd (fd:7, idx:1), active : 1
0:00:00.006271278  3826 0x31e370 LOG   GST_POLL gstpoll.c:994:gst_poll_fd_ctl_write: 0x337b80: pfd->events now 60 (POLLOUT:4)
0:00:00.006277922  3826 0x31e370 DEBUG   GST_POLL gstpoll.c:1414:gst_poll_wait: 0x337b80: timeout :0:00:01.000000000
0:00:00.006285623  3826 0x31e370 LOG   GST_PLUGIN_LOADING gstpluginloader.c:1028:exchange_packets: Poll res = 1. 174 bytes pending for write
0:00:00.006291811  3826 0x31e370 DEBUG   GST_POLL gstpoll.c:1241:gst_poll_fd_has_error: 0x337b80: fd (fd:8, idx:2) 0
0:00:00.006297493  3826 0x31e370 DEBUG   GST_POLL gstpoll.c:1266:gst_poll_fd_can_read_unlocked: 0x337b80: fd (fd:8, idx:2) 0
0:00:00.006303036  3826 0x31e370 DEBUG   GST_POLL gstpoll.c:1195:gst_poll_fd_has_closed: 0x337b80: fd (fd:8, idx:2) 0
0:00:00.006308481  3826 0x31e370 DEBUG   GST_POLL gstpoll.c:1241:gst_poll_fd_has_error: 0x337b80: fd (fd:7, idx:1) 0
0:00:00.006313964  3826 0x31e370 DEBUG   GST_POLL gstpoll.c:1335:gst_poll_fd_can_write: 0x337b80: fd (fd:7, idx:1) 1
0:00:00.006319330  3826 0x31e370 LOG   GST_PLUGIN_LOADING gstpluginloader.c:690:write_one: Writing packet of size 174 bytes to fd 7
0:00:00.006335296  3826 0x31e370 DEBUG   GST_POLL gstpoll.c:980:gst_poll_fd_ctl_write: 0x337b80: fd (fd:7, idx:1), active : 0
0:00:00.006341133  3826 0x31e370 LOG   GST_POLL gstpoll.c:994:gst_poll_fd_ctl_write: 0x337b80: pfd->events now 56 (POLLOUT:4)
0:00:00.006361887  3826 0x31e370 DEBUG   GST_REGISTRY gstregistry.c:1384:gst_registry_scan_path_internal: registry changed in path /home/conan/w/prod/BuildSingleReference/.conan/data/gstreamer/1.18.4/_/_/package/7935acf34602213af1e3939e2637ba8a4da1774a/lib/gstreamer-1.0: 0
0:00:00.006370258  3826 0x31e370 DEBUG   GST_REGISTRY gstregistry.c:1659:scan_and_update_registry: GST_PLUGIN_SYSTEM_PATH not set
0:00:00.006381390  3826 0x31e370 DEBUG   GST_REGISTRY gstregistry.c:1666:scan_and_update_registry: scanning home plugins /home/conan/.local/share/gstreamer-1.0/plugins
0:00:00.006387622  3826 0x31e370 DEBUG   GST_REGISTRY gstregistry.c:1380:gst_registry_scan_path_internal: scanning path /home/conan/.local/share/gstreamer-1.0/plugins
0:00:00.006405534  3826 0x31e370 DEBUG   GST_REGISTRY gstregistry.c:1384:gst_registry_scan_path_internal: registry changed in path /home/conan/.local/share/gstreamer-1.0/plugins: 0
0:00:00.006411957  3826 0x31e370 DEBUG   GST_REGISTRY gstregistry.c:1691:scan_and_update_registry: scanning main plugins /home/conan/w/prod/BuildSingleReference/.conan/data/gstreamer/1.18.4/_/_/package/7935acf34602213af1e3939e2637ba8a4da1774a/lib/gstreamer-1.0
0:00:00.006418310  3826 0x31e370 DEBUG   GST_REGISTRY gstregistry.c:1380:gst_registry_scan_path_internal: scanning path /home/conan/w/prod/BuildSingleReference/.conan/data/gstreamer/1.18.4/_/_/package/7935acf34602213af1e3939e2637ba8a4da1774a/lib/gstreamer-1.0
0:00:00.006452238  3826 0x31e370 LOG   GST_REGISTRY gstregistry.c:1300:gst_registry_scan_path_level: file /home/conan/w/prod/BuildSingleReference/.conan/data/gstreamer/1.18.4/_/_/package/7935acf34602213af1e3939e2637ba8a4da1774a/lib/gstreamer-1.0/libgstcoretracers.so looks like a possible module
0:00:00.002060160  3827 0x968320 TRACE   GST_REFCOUNTING gstobject.c:208:gst_object_init: 0x981e70 new
0:00:00.006459926  3826 0x31e370 DEBUG   GST_REGISTRY gstregistry.c:1361:gst_registry_scan_path_level: file /home/conan/w/prod/BuildSingleReference/.conan/data/gstreamer/1.18.4/_/_/package/7935acf34602213af1e3939e2637ba8a4da1774a/lib/gstreamer-1.0/libgstcoretracers.so not yet in registry
0:00:00.006466944  3826 0x31e370 DEBUG   GST_REGISTRY gstregistry.c:1172:gst_registry_scan_plugin_file: Using scan-helper to load plugin /home/conan/w/prod/BuildSingleReference/.conan/data/gstreamer/1.18.4/_/_/package/7935acf34602213af1e3939e2637ba8a4da1774a/lib/gstreamer-1.0/libgstcoretracers.so
0:00:00.006474439  3826 0x31e370 LOG   GST_PLUGIN_LOADING gstpluginloader.c:236:plugin_loader_load: Sending file /home/conan/w/prod/BuildSingleReference/.conan/data/gstreamer/1.18.4/_/_/package/7935acf34602213af1e3939e2637ba8a4da1774a/lib/gstreamer-1.0/libgstcoretracers.so to child. tag 2
0:00:00.002082206  3827 0x968320 LOG   GST_PLUGIN_LOADING gstplugin.c:890:_priv_gst_plugin_load_file_for_registry: Plugin 0x981e70 for file "/home/conan/w/prod/BuildSingleReference/.conan/data/gstreamer/1.18.4/_/_/package/7935acf34602213af1e3939e2637ba8a4da1774a/lib/gstreamer-1.0/libgstcoretracers.so" prepared, calling entry function...
0:00:00.006482203  3826 0x31e370 DEBUG   GST_POLL gstpoll.c:980:gst_poll_fd_ctl_write: 0x337b80: fd (fd:7, idx:1), active : 1
0:00:00.006491410  3826 0x31e370 LOG   GST_POLL gstpoll.c:994:gst_poll_fd_ctl_write: 0x337b80: pfd->events now 60 (POLLOUT:4)
0:00:00.002099243  3827 0x968320 LOG   GST_PLUGIN_LOADING gstplugin.c:897:_priv_gst_plugin_load_file_for_registry: Plugin 0x981e70 for file "/home/conan/w/prod/BuildSingleReference/.conan/data/gstreamer/1.18.4/_/_/package/7935acf34602213af1e3939e2637ba8a4da1774a/lib/gstreamer-1.0/libgstcoretracers.so" prepared, registering...
0:00:00.006498196  3826 0x31e370 DEBUG   GST_POLL gstpoll.c:1414:gst_poll_wait: 0x337b80: timeout :0:00:01.000000000
0:00:00.002107363  3827 0x968320 LOG   GST_PLUGIN_LOADING gstplugin.c:514:gst_plugin_register_func: plugin "/home/conan/w/prod/BuildSingleReference/.conan/data/gstreamer/1.18.4/_/_/package/7935acf34602213af1e3939e2637ba8a4da1774a/lib/gstreamer-1.0/libgstcoretracers.so" looks good
0:00:00.006506524  3826 0x31e370 LOG   GST_PLUGIN_LOADING gstpluginloader.c:1028:exchange_packets: Poll res = 1. 173 bytes pending for write
0:00:00.006513217  3826 0x31e370 DEBUG   GST_POLL gstpoll.c:1241:gst_poll_fd_has_error: 0x337b80: fd (fd:8, idx:2) 0
0:00:00.006519064  3826 0x31e370 DEBUG   GST_POLL gstpoll.c:1266:gst_poll_fd_can_read_unlocked: 0x337b80: fd (fd:8, idx:2) 0
0:00:00.002125352  3827 0x968320 TRACE   GST_REFCOUNTING gstobject.c:208:gst_object_init: 0x982150 new
0:00:00.006524751  3826 0x31e370 DEBUG   GST_POLL gstpoll.c:1195:gst_poll_fd_has_closed: 0x337b80: fd (fd:8, idx:2) 0
0:00:00.002162316  3827 0x968320 DEBUG   GST_TRACER gsttracer.c:169:gst_tracer_register: new tracer factory for latency
0:00:00.006557445  3826 0x31e370 DEBUG   GST_POLL gstpoll.c:1241:gst_poll_fd_has_error: 0x337b80: fd (fd:7, idx:1) 0
0:00:00.002171438  3827 0x968320 DEBUG   GST_TRACER gsttracer.c:177:gst_tracer_register: tracer factory for 9959136:GstLatencyTracer
0:00:00.002179551  3827 0x968320 DEBUG   GST_REGISTRY gstregistry.c:590:gst_registry_add_feature: adding feature 0x982150 (latency)
0:00:00.006575295  3826 0x31e370 DEBUG   GST_POLL gstpoll.c:1335:gst_poll_fd_can_write: 0x337b80: fd (fd:7, idx:1) 1
0:00:00.002185467  3827 0x968320 DEBUG   GST_REFCOUNTING gstobject.c:709:gst_object_set_parent: set parent (ref and sink)
0:00:00.002195967  3827 0x968320 TRACE   GST_REFCOUNTING gstobject.c:294:gst_object_ref_sink: 0x982150 ref_sink 1->2
0:00:00.006588058  3826 0x31e370 LOG   GST_PLUGIN_LOADING gstpluginloader.c:690:write_one: Writing packet of size 173 bytes to fd 7
0:00:00.002202101  3827 0x968320 LOG   GST_REGISTRY gstregistry.c:608:gst_registry_add_feature: emitting feature-added for latency
0:00:00.006602620  3826 0x31e370 DEBUG   GST_POLL gstpoll.c:980:gst_poll_fd_ctl_write: 0x337b80: fd (fd:7, idx:1), active : 0
0:00:00.002215780  3827 0x968320 TRACE   GST_REFCOUNTING gstobject.c:208:gst_object_init: 0x982640 new
0:00:00.006611488  3826 0x31e370 LOG   GST_POLL gstpoll.c:994:gst_poll_fd_ctl_write: 0x337b80: pfd->events now 56 (POLLOUT:4)
0:00:00.002229000  3827 0x968320 DEBUG   GST_TRACER gsttracer.c:169:gst_tracer_register: new tracer factory for log
0:00:00.002236844  3827 0x968320 DEBUG   GST_TRACER gsttracer.c:177:gst_tracer_register: tracer factory for 9970848:GstLogTracer
0:00:00.006631950  3826 0x31e370 LOG   GST_REGISTRY gstregistry.c:1300:gst_registry_scan_path_level: file /home/conan/w/prod/BuildSingleReference/.conan/data/gstreamer/1.18.4/_/_/package/7935acf34602213af1e3939e2637ba8a4da1774a/lib/gstreamer-1.0/libgstcoreelements.so looks like a possible module
0:00:00.002244159  3827 0x968320 DEBUG   GST_REGISTRY gstregistry.c:590:gst_registry_add_feature: adding feature 0x982640 (log)
0:00:00.006639756  3826 0x31e370 DEBUG   GST_REGISTRY gstregistry.c:1361:gst_registry_scan_path_level: file /home/conan/w/prod/BuildSingleReference/.conan/data/gstreamer/1.18.4/_/_/package/7935acf34602213af1e3939e2637ba8a4da1774a/lib/gstreamer-1.0/libgstcoreelements.so not yet in registry
0:00:00.002250386  3827 0x968320 DEBUG   GST_REFCOUNTING gstobject.c:709:gst_object_set_parent: set parent (ref and sink)
0:00:00.006646781  3826 0x31e370 DEBUG   GST_REGISTRY gstregistry.c:1172:gst_registry_scan_plugin_file: Using scan-helper to load plugin /home/conan/w/prod/BuildSingleReference/.conan/data/gstreamer/1.18.4/_/_/package/7935acf34602213af1e3939e2637ba8a4da1774a/lib/gstreamer-1.0/libgstcoreelements.so
0:00:00.002257713  3827 0x968320 TRACE   GST_REFCOUNTING gstobject.c:294:gst_object_ref_sink: 0x982640 ref_sink 1->2
