0:00:00.019355429  3820 0xf0a320 DEBUG   GST_POLL gstpoll.c:980:gst_poll_fd_ctl_write: 0xf12810: fd (fd:0, idx:1), active : 1
0:00:00.024620268  3819 0x16ef370 DEBUG   structure gststructure.c:2203:gst_structure_parse_field: trying field name 'klass'
0:00:00.019368353  3820 0xf0a320 LOG   GST_POLL gstpoll.c:994:gst_poll_fd_ctl_write: 0xf12810: pfd->events now 60 (POLLOUT:4)
0:00:00.024632491  3819 0x16ef370 DEBUG   default gstvalue.c:2676:_priv_gst_value_parse_value: trying type name 'string'
0:00:00.019375818  3820 0xf0a320 DEBUG   GST_POLL gstpoll.c:980:gst_poll_fd_ctl_write: 0xf12810: fd (fd:0, idx:1), active : 1
0:00:00.024640436  3819 0x16ef370 DEBUG   structure gststructure.c:2203:gst_structure_parse_field: trying field name 'description'
0:00:00.019382622  3820 0xf0a320 LOG   GST_POLL gstpoll.c:994:gst_poll_fd_ctl_write: 0xf12810: pfd->events now 60 (POLLOUT:4)
0:00:00.024646817  3819 0x16ef370 DEBUG   default gstvalue.c:2676:_priv_gst_value_parse_value: trying type name 'string'
0:00:00.019389373  3820 0xf0a320 DEBUG   GST_POLL gstpoll.c:980:gst_poll_fd_ctl_write: 0xf12810: fd (fd:0, idx:1), active : 1
0:00:00.024654569  3819 0x16ef370 DEBUG   structure gststructure.c:2203:gst_structure_parse_field: trying field name 'author'
0:00:00.019399086  3820 0xf0a320 LOG   GST_POLL gstpoll.c:994:gst_poll_fd_ctl_write: 0xf12810: pfd->events now 60 (POLLOUT:4)
0:00:00.024663474  3819 0x16ef370 DEBUG   default gstvalue.c:2676:_priv_gst_value_parse_value: trying type name 'string'
0:00:00.019407534  3820 0xf0a320 DEBUG   GST_POLL gstpoll.c:980:gst_poll_fd_ctl_write: 0xf12810: fd (fd:0, idx:1), active : 1
0:00:00.024673559  3819 0x16ef370 DEBUG   GST_REGISTRY gstregistrychunks.c:626:gst_registry_chunks_load_feature: Element factory : npadtemplates=2
0:00:00.019414244  3820 0xf0a320 LOG   GST_POLL gstpoll.c:994:gst_poll_fd_ctl_write: 0xf12810: pfd->events now 60 (POLLOUT:4)
0:00:00.019421051  3820 0xf0a320 DEBUG   GST_POLL gstpoll.c:980:gst_poll_fd_ctl_write: 0xf12810: fd (fd:0, idx:1), active : 1
0:00:00.024686340  3819 0x16ef370 DEBUG   GST_REGISTRY gstregistrychunks.c:526:gst_registry_chunks_load_pad_template: Reading/casting for GstRegistryChunkPadTemplate at address 0x170c3e8
0:00:00.024693858  3819 0x16ef370 DEBUG   GST_REGISTRY gstregistrychunks.c:539:gst_registry_chunks_load_pad_template: Added pad_template sink
0:00:00.019433330  3820 0xf0a320 LOG   GST_POLL gstpoll.c:994:gst_poll_fd_ctl_write: 0xf12810: pfd->events now 60 (POLLOUT:4)
0:00:00.024699654  3819 0x16ef370 DEBUG   GST_REGISTRY gstregistrychunks.c:526:gst_registry_chunks_load_pad_template: Reading/casting for GstRegistryChunkPadTemplate at address 0x170c400
0:00:00.024706371  3819 0x16ef370 DEBUG   GST_REGISTRY gstregistrychunks.c:539:gst_registry_chunks_load_pad_template: Added pad_template src
0:00:00.019447564  3820 0xf0a320 TRACE   GST_REFCOUNTING gstobject.c:265:gst_object_unref: 0xf26130 unref 2->1
0:00:00.024714798  3819 0x16ef370 DEBUG   GST_REGISTRY gstregistry.c:590:gst_registry_add_feature: adding feature 0x1710ad0 (clocksync)
0:00:00.019461579  3820 0xf0a320 DEBUG   GST_POLL gstpoll.c:1241:gst_poll_fd_has_error: 0xf12810: fd (fd:0, idx:1) 0
0:00:00.024726277  3819 0x16ef370 DEBUG   GST_REFCOUNTING gstobject.c:709:gst_object_set_parent: set parent (ref and sink)
0:00:00.019474662  3820 0xf0a320 DEBUG   GST_POLL gstpoll.c:1335:gst_poll_fd_can_write: 0xf12810: fd (fd:0, idx:1) 1
0:00:00.024750958  3819 0x16ef370 TRACE   GST_REFCOUNTING gstobject.c:294:gst_object_ref_sink: 0x1710ad0 ref_sink 1->2
0:00:00.019493000  3820 0xf0a320 LOG   GST_PLUGIN_LOADING gstpluginloader.c:690:write_one: Writing packet of size 488 bytes to fd 0
0:00:00.024759376  3819 0x16ef370 LOG   GST_REGISTRY gstregistry.c:608:gst_registry_add_feature: emitting feature-added for clocksync
0:00:00.024767561  3819 0x16ef370 DEBUG   GST_REGISTRY gstregistrychunks.c:741:gst_registry_chunks_load_feature: Added feature clocksync, plugin 0x1709220 coreelements
0:00:00.019507227  3820 0xf0a320 DEBUG   GST_POLL gstpoll.c:1414:gst_poll_wait: 0xf12810: timeout :0:00:01.000000000
0:00:00.024774129  3819 0x16ef370 DEBUG   GST_REGISTRY gstregistrychunks.c:583:gst_registry_chunks_load_feature: Plugin 'coreelements' feature 'capsfilter' typename : 'GstElementFactory'
0:00:00.024783128  3819 0x16ef370 TRACE   GST_REFCOUNTING gstobject.c:208:gst_object_init: 0x1711110 new
0:00:00.019523047  3820 0xf0a320 LOG   GST_PLUGIN_LOADING gstpluginloader.c:1028:exchange_packets: Poll res = 2. 6872 bytes pending for write
0:00:00.019531586  3820 0xf0a320 DEBUG   GST_POLL gstpoll.c:1241:gst_poll_fd_has_error: 0xf12810: fd (fd:5, idx:2) 0
0:00:00.024794861  3819 0x16ef370 LOG   GST_REGISTRY gstregistrychunks.c:610:gst_registry_chunks_load_feature: Reading/casting for GstRegistryChunkElementFactory at address 0x170c430
0:00:00.019538396  3820 0xf0a320 DEBUG   GST_POLL gstpoll.c:1266:gst_poll_fd_can_read_unlocked: 0xf12810: fd (fd:5, idx:2) 1
0:00:00.024803512  3819 0x16ef370 TRACE   structure gststructure.c:287:gst_structure_new_id_empty_with_size: created structure 0x1711890
0:00:00.024810344  3819 0x16ef370 DEBUG   structure gststructure.c:2203:gst_structure_parse_field: trying field name 'long-name'
0:00:00.019548661  3820 0xf0a320 LOG   GST_PLUGIN_LOADING gstpluginloader.c:1006:read_one: No payload to read for 0 length packet type 1 tag 0
0:00:00.024816222  3819 0x16ef370 DEBUG   default gstvalue.c:2676:_priv_gst_value_parse_value: trying type name 'string'
0:00:00.019556991  3820 0xf0a320 DEBUG   GST_POLL gstpoll.c:1015:gst_poll_fd_ctl_read_unlocked: 0xf12810: fd (fd:5, idx:2), active : 0
0:00:00.024823762  3819 0x16ef370 DEBUG   structure gststructure.c:2203:gst_structure_parse_field: trying field name 'klass'
0:00:00.019564064  3820 0xf0a320 DEBUG   GST_POLL gstpoll.c:980:gst_poll_fd_ctl_write: 0xf12810: fd (fd:0, idx:1), active : 1
0:00:00.024830406  3819 0x16ef370 DEBUG   default gstvalue.c:2676:_priv_gst_value_parse_value: trying type name 'string'
0:00:00.019573179  3820 0xf0a320 LOG   GST_POLL gstpoll.c:994:gst_poll_fd_ctl_write: 0xf12810: pfd->events now 60 (POLLOUT:4)
0:00:00.024837492  3819 0x16ef370 DEBUG   structure gststructure.c:2203:gst_structure_parse_field: trying field name 'description'
0:00:00.019587305  3820 0xf0a320 DEBUG   GST_POLL gstpoll.c:1241:gst_poll_fd_has_error: 0xf12810: fd (fd:0, idx:1) 0
0:00:00.024851165  3819 0x16ef370 DEBUG   default gstvalue.c:2676:_priv_gst_value_parse_value: trying type name 'string'
0:00:00.019594351  3820 0xf0a320 DEBUG   GST_POLL gstpoll.c:1335:gst_poll_fd_can_write: 0xf12810: fd (fd:0, idx:1) 1
0:00:00.024862197  3819 0x16ef370 DEBUG   structure gststructure.c:2203:gst_structure_parse_field: trying field name 'author'
0:00:00.019600828  3820 0xf0a320 LOG   GST_PLUGIN_LOADING gstpluginloader.c:690:write_one: Writing packet of size 6872 bytes to fd 0
0:00:00.024869399  3819 0x16ef370 DEBUG   default gstvalue.c:2676:_priv_gst_value_parse_value: trying type name 'string'
0:00:00.024876505  3819 0x16ef370 DEBUG   GST_REGISTRY gstregistrychunks.c:626:gst_registry_chunks_load_feature: Element factory : npadtemplates=2
0:00:00.019614634  3820 0xf0a320 DEBUG   GST_POLL gstpoll.c:1414:gst_poll_wait: 0xf12810: timeout :0:00:01.000000000
0:00:00.024881921  3819 0x16ef370 DEBUG   GST_REGISTRY gstregistrychunks.c:526:gst_registry_chunks_load_pad_template: Reading/casting for GstRegistryChunkPadTemplate at address 0x170c510
0:00:00.019624296  3820 0xf0a320 LOG   GST_PLUGIN_LOADING gstpluginloader.c:1028:exchange_packets: Poll res = 1. 12 bytes pending for write
0:00:00.024888577  3819 0x16ef370 DEBUG   GST_REGISTRY gstregistrychunks.c:539:gst_registry_chunks_load_pad_template: Added pad_template sink
0:00:00.024896584  3819 0x16ef370 DEBUG   GST_REGISTRY gstregistrychunks.c:526:gst_registry_chunks_load_pad_template: Reading/casting for GstRegistryChunkPadTemplate at address 0x170c528
0:00:00.019633872  3820 0xf0a320 DEBUG   GST_POLL gstpoll.c:1241:gst_poll_fd_has_error: 0xf12810: fd (fd:0, idx:1) 0
0:00:00.024902405  3819 0x16ef370 DEBUG   GST_REGISTRY gstregistrychunks.c:539:gst_registry_chunks_load_pad_template: Added pad_template src
0:00:00.019642945  3820 0xf0a320 DEBUG   GST_POLL gstpoll.c:1335:gst_poll_fd_can_write: 0xf12810: fd (fd:0, idx:1) 1
0:00:00.024911847  3819 0x16ef370 DEBUG   GST_REGISTRY gstregistry.c:590:gst_registry_add_feature: adding feature 0x1711110 (capsfilter)
0:00:00.019649599  3820 0xf0a320 LOG   GST_PLUGIN_LOADING gstpluginloader.c:690:write_one: Writing packet of size 12 bytes to fd 0
0:00:00.024920694  3819 0x16ef370 DEBUG   GST_REFCOUNTING gstobject.c:709:gst_object_set_parent: set parent (ref and sink)
0:00:00.019661798  3820 0xf0a320 DEBUG   GST_POLL gstpoll.c:980:gst_poll_fd_ctl_write: 0xf12810: fd (fd:0, idx:1), active : 0
0:00:00.019669336  3820 0xf0a320 LOG   GST_POLL gstpoll.c:994:gst_poll_fd_ctl_write: 0xf12810: pfd->events now 56 (POLLOUT:4)
0:00:00.024931410  3819 0x16ef370 TRACE   GST_REFCOUNTING gstobject.c:294:gst_object_ref_sink: 0x1711110 ref_sink 1->2
0:00:00.024941322  3819 0x16ef370 LOG   GST_REGISTRY gstregistry.c:608:gst_registry_add_feature: emitting feature-added for capsfilter
0:00:00.024955079  3819 0x16ef370 DEBUG   GST_REGISTRY gstregistrychunks.c:741:gst_registry_chunks_load_feature: Added feature capsfilter, plugin 0x1709220 coreelements
0:00:00.019694670  3820 0xf0a320 DEBUG   GST_POLL gstpoll.c:772:gst_poll_free: 0xf12810: freeing
0:00:00.024963910  3819 0x16ef370 LOG   GST_PLUGIN_LOADING gstpluginloader.c:889:handle_rx_packet: marking plugin 0x1709220 as registered as /home/conan/w/prod/BuildSingleReference/.conan/data/gstreamer/1.18.4/_/_/package/87c267dd1134a9a07d23e41650d01aade79b0036/lib/gstreamer-1.0/libgstcoreelements.so
0:00:00.024976721  3819 0x16ef370 DEBUG   GST_POLL gstpoll.c:1414:gst_poll_wait: 0x1708ba0: timeout :0:00:01.000000000
0:00:00.024989453  3819 0x16ef370 LOG   GST_PLUGIN_LOADING gstpluginloader.c:1028:exchange_packets: Poll res = 2. 0 bytes pending for write
0:00:00.025006714  3819 0x16ef370 DEBUG   GST_POLL gstpoll.c:1241:gst_poll_fd_has_error: 0x1708ba0: fd (fd:8, idx:2) 0
0:00:00.025022164  3819 0x16ef370 DEBUG   GST_POLL gstpoll.c:1266:gst_poll_fd_can_read_unlocked: 0x1708ba0: fd (fd:8, idx:2) 1
0:00:00.025036009  3819 0x16ef370 DEBUG   GST_PLUGIN_LOADING gstpluginloader.c:850:handle_rx_packet: Received plugin details from child w/ tag 2. 476 bytes info
0:00:00.025047860  3819 0x16ef370 LOG   GST_REGISTRY gstregistrychunks.c:837:_priv_gst_registry_chunks_load_plugin: Reading/casting for GstRegistryChunkPluginElement at address 0x170aa70
0:00:00.025059398  3819 0x16ef370 TRACE   GST_REFCOUNTING gstobject.c:208:gst_object_init: 0x17119d0 new
0:00:00.025074285  3819 0x16ef370 LOG   GST_REGISTRY gstregistrychunks.c:858:_priv_gst_registry_chunks_load_plugin: read strings for name='coretracers'
0:00:00.025080876  3819 0x16ef370 LOG   GST_REGISTRY gstregistrychunks.c:859:_priv_gst_registry_chunks_load_plugin: desc.description='GStreamer core tracers'
0:00:00.025087254  3819 0x16ef370 LOG   GST_REGISTRY gstregistrychunks.c:860:_priv_gst_registry_chunks_load_plugin: filename='/home/conan/w/prod/BuildSingleReference/.conan/data/gstreamer/1.18.4/_/_/package/87c267dd1134a9a07d23e41650d01aade79b0036/lib/gstreamer-1.0/libgstcoretracers.so'
0:00:00.025093160  3819 0x16ef370 LOG   GST_REGISTRY gstregistrychunks.c:861:_priv_gst_registry_chunks_load_plugin: desc.version='1.18.4'
0:00:00.025098463  3819 0x16ef370 LOG   GST_REGISTRY gstregistrychunks.c:862:_priv_gst_registry_chunks_load_plugin: desc.license='LGPL'
0:00:00.025103868  3819 0x16ef370 LOG   GST_REGISTRY gstregistrychunks.c:863:_priv_gst_registry_chunks_load_plugin: desc.source='gstreamer'
0:00:00.025112295  3819 0x16ef370 LOG   GST_REGISTRY gstregistrychunks.c:864:_priv_gst_registry_chunks_load_plugin: desc.package='GStreamer source release'
0:00:00.025118892  3819 0x16ef370 LOG   GST_REGISTRY gstregistrychunks.c:865:_priv_gst_registry_chunks_load_plugin: desc.origin='Unknown package origin'
0:00:00.025124338  3819 0x16ef370 LOG   GST_REGISTRY gstregistrychunks.c:866:_priv_gst_registry_chunks_load_plugin: desc.datetime=2021-03-15
0:00:00.025141956  3819 0x16ef370 DEBUG   GST_REGISTRY gstregistry.c:449:gst_registry_add_plugin: Replacing existing plugin "/home/conan/w/prod/BuildSingleReference/.conan/data/gstreamer/1.18.4/_/_/package/87c267dd1134a9a07d23e41650d01aade79b0036/lib/gstreamer-1.0/libgstcoretracers.so" 0x1708c00 with new plugin 0x17119d0 for filename "/home/conan/w/prod/BuildSingleReference/.conan/data/gstreamer/1.18.4/_/_/package/87c267dd1134a9a07d23e41650d01aade79b0036/lib/gstreamer-1.0/libgstcoretracers.so"
0:00:00.025164911  3819 0x16ef370 TRACE   GST_REFCOUNTING gstobject.c:265:gst_object_unref: 0x1708c00 unref 1->0
0:00:00.025174153  3819 0x16ef370 TRACE   GST_REFCOUNTING gstobject.c:381:gst_object_dispose: 0x1708c00 dispose
0:00:00.025184841  3819 0x16ef370 DEBUG   GST_PLUGIN_LOADING gstplugin.c:136:gst_plugin_finalize: finalizing plugin
0:00:00.025199190  3819 0x16ef370 TRACE   GST_REFCOUNTING gstobject.c:423:gst_object_finalize: 0x1708c00 finalize
0:00:00.025217941  3819 0x16ef370 DEBUG   GST_REGISTRY gstregistry.c:474:gst_registry_add_plugin: adding plugin 0x17119d0 for filename "/home/conan/w/prod/BuildSingleReference/.conan/data/gstreamer/1.18.4/_/_/package/87c267dd1134a9a07d23e41650d01aade79b0036/lib/gstreamer-1.0/libgstcoretracers.so"
0:00:00.025227008  3819 0x16ef370 TRACE   GST_REFCOUNTING gstobject.c:294:gst_object_ref_sink: 0x17119d0 ref_sink 1->2
0:00:00.025234733  3819 0x16ef370 LOG   GST_REGISTRY gstregistry.c:487:gst_registry_add_plugin: emitting plugin-added for filename "/home/conan/w/prod/BuildSingleReference/.conan/data/gstreamer/1.18.4/_/_/package/87c267dd1134a9a07d23e41650d01aade79b0036/lib/gstreamer-1.0/libgstcoretracers.so"
0:00:00.025242198  3819 0x16ef370 DEBUG   GST_REGISTRY gstregistrychunks.c:887:_priv_gst_registry_chunks_load_plugin: Added plugin 'coretracers' plugin with 5 features from binary registry
0:00:00.025248838  3819 0x16ef370 DEBUG   GST_REGISTRY gstregistrychunks.c:583:gst_registry_chunks_load_feature: Plugin 'coretracers' feature 'leaks' typename : 'GstTracerFactory'
0:00:00.025257965  3819 0x16ef370 TRACE   GST_REFCOUNTING gstobject.c:208:gst_object_init: 0x1709820 new
0:00:00.025268454  3819 0x16ef370 DEBUG   GST_REGISTRY gstregistrychunks.c:718:gst_registry_chunks_load_feature: Reading/casting for GstRegistryChunkPluginFeature at address 0x170abb8
0:00:00.025279884  3819 0x16ef370 DEBUG   GST_REGISTRY gstregistry.c:581:gst_registry_add_feature: replacing existing feature 0x1709a90 (leaks)
0:00:00.025288158  3819 0x16ef370 DEBUG   GST_REGISTRY gstregistry.c:590:gst_registry_add_feature: adding feature 0x1709820 (leaks)
0:00:00.025294859  3819 0x16ef370 TRACE   GST_REFCOUNTING gstobject.c:788:gst_object_unparent: unparent
0:00:00.025302419  3819 0x16ef370 TRACE   GST_REFCOUNTING gstobject.c:265:gst_object_unref: 0x1709a90 unref 1->0
0:00:00.025309564  3819 0x16ef370 TRACE   GST_REFCOUNTING gstobject.c:381:gst_object_dispose: 0x1709a90 dispose
0:00:00.025317635  3819 0x16ef370 DEBUG   GST_PLUGIN_LOADING gstpluginfeature.c:67:gst_plugin_feature_finalize: finalizing feature 0x1709a90: 'leaks'
0:00:00.025324397  3819 0x16ef370 TRACE   GST_REFCOUNTING gstobject.c:423:gst_object_finalize: 0x1709a90 finalize
0:00:00.025338480  3819 0x16ef370 DEBUG   GST_REFCOUNTING gstobject.c:709:gst_object_set_parent: set parent (ref and sink)
0:00:00.025349952  3819 0x16ef370 TRACE   GST_REFCOUNTING gstobject.c:294:gst_object_ref_sink: 0x1709820 ref_sink 1->2
0:00:00.025358289  3819 0x16ef370 LOG   GST_REGISTRY gstregistry.c:608:gst_registry_add_feature: emitting feature-added for leaks
0:00:00.025365268  3819 0x16ef370 DEBUG   GST_REGISTRY gstregistrychunks.c:741:gst_registry_chunks_load_feature: Added feature leaks, plugin 0x17119d0 coretracers
0:00:00.025372221  3819 0x16ef370 DEBUG   GST_REGISTRY gstregistrychunks.c:583:gst_registry_chunks_load_feature: Plugin 'coretracers' feature 'stats' typename : 'GstTracerFactory'
0:00:00.025380293  3819 0x16ef370 TRACE   GST_REFCOUNTING gstobject.c:208:gst_object_init: 0x1709a90 new
0:00:00.025388711  3819 0x16ef370 DEBUG   GST_REGISTRY gstregistrychunks.c:718:gst_registry_chunks_load_feature: Reading/casting for GstRegistryChunkPluginFeature at address 0x170abd8
0:00:00.025396435  3819 0x16ef370 DEBUG   GST_REGISTRY gstregistry.c:581:gst_registry_add_feature: replacing existing feature 0x1709c90 (stats)
0:00:00.025403754  3819 0x16ef370 DEBUG   GST_REGISTRY gstregistry.c:590:gst_registry_add_feature: adding feature 0x1709a90 (stats)
0:00:00.025411933  3819 0x16ef370 TRACE   GST_REFCOUNTING gstobject.c:788:gst_object_unparent: unparent
0:00:00.025421552  3819 0x16ef370 TRACE   GST_REFCOUNTING gstobject.c:265:gst_object_unref: 0x1709c90 unref 1->0
0:00:00.025428595  3819 0x16ef370 TRACE   GST_REFCOUNTING gstobject.c:381:gst_object_dispose: 0x1709c90 dispose
0:00:00.025436590  3819 0x16ef370 DEBUG   GST_PLUGIN_LOADING gstpluginfeature.c:67:gst_plugin_feature_finalize: finalizing feature 0x1709c90: 'stats'
0:00:00.025442738  3819 0x16ef370 TRACE   GST_REFCOUNTING gstobject.c:423:gst_object_finalize: 0x1709c90 finalize
0:00:00.025449681  3819 0x16ef370 DEBUG   GST_REFCOUNTING gstobject.c:709:gst_object_set_parent: set parent (ref and sink)
0:00:00.025456905  3819 0x16ef370 TRACE   GST_REFCOUNTING gstobject.c:294:gst_object_ref_sink: 0x1709a90 ref_sink 1->2
0:00:00.025463645  3819 0x16ef370 LOG   GST_REGISTRY gstregistry.c:608:gst_registry_add_feature: emitting feature-added for stats
0:00:00.025473052  3819 0x16ef370 DEBUG   GST_REGISTRY gstregistrychunks.c:741:gst_registry_chunks_load_feature: Added feature stats, plugin 0x17119d0 coretracers
0:00:00.025481411  3819 0x16ef370 DEBUG   GST_REGISTRY gstregistrychunks.c:583:gst_registry_chunks_load_feature: Plugin 'coretracers' feature 'rusage' typename : 'GstTracerFactory'
0:00:00.025489703  3819 0x16ef370 TRACE   GST_REFCOUNTING gstobject.c:208:gst_object_init: 0x1709c90 new
0:00:00.025498818  3819 0x16ef370 DEBUG   GST_REGISTRY gstregistrychunks.c:718:gst_registry_chunks_load_feature: Reading/casting for GstRegistryChunkPluginFeature at address 0x170abf8
0:00:00.025512685  3819 0x16ef370 DEBUG   GST_REGISTRY gstregistry.c:581:gst_registry_add_feature: replacing existing feature 0x1709de0 (rusage)
0:00:00.025519671  3819 0x16ef370 DEBUG   GST_REGISTRY gstregistry.c:590:gst_registry_add_feature: adding feature 0x1709c90 (rusage)
0:00:00.025525384  3819 0x16ef370 TRACE   GST_REFCOUNTING gstobject.c:788:gst_object_unparent: unparent
0:00:00.025532333  3819 0x16ef370 TRACE   GST_REFCOUNTING gstobject.c:265:gst_object_unref: 0x1709de0 unref 1->0
0:00:00.025542029  3819 0x16ef370 TRACE   GST_REFCOUNTING gstobject.c:381:gst_object_dispose: 0x1709de0 dispose
0:00:00.025550890  3819 0x16ef370 DEBUG   GST_PLUGIN_LOADING gstpluginfeature.c:67:gst_plugin_feature_finalize: finalizing feature 0x1709de0: 'rusage'
0:00:00.025557555  3819 0x16ef370 TRACE   GST_REFCOUNTING gstobject.c:423:gst_object_finalize: 0x1709de0 finalize
0:00:00.025564668  3819 0x16ef370 DEBUG   GST_REFCOUNTING gstobject.c:709:gst_object_set_parent: set parent (ref and sink)
0:00:00.025572380  3819 0x16ef370 TRACE   GST_REFCOUNTING gstobject.c:294:gst_object_ref_sink: 0x1709c90 ref_sink 1->2
0:00:00.025579485  3819 0x16ef370 LOG   GST_REGISTRY gstregistry.c:608:gst_registry_add_feature: emitting feature-added for rusage
0:00:00.025586495  3819 0x16ef370 DEBUG   GST_REGISTRY gstregistrychunks.c:741:gst_registry_chunks_load_feature: Added feature rusage, plugin 0x17119d0 coretracers
0:00:00.025594031  3819 0x16ef370 DEBUG   GST_REGISTRY gstregistrychunks.c:583:gst_registry_chunks_load_feature: Plugin 'coretracers' feature 'log' typename : 'GstTracerFactory'
0:00:00.025605321  3819 0x16ef370 TRACE   GST_REFCOUNTING gstobject.c:208:gst_object_init: 0x1709de0 new
0:00:00.025615315  3819 0x16ef370 DEBUG   GST_REGISTRY gstregistrychunks.c:718:gst_registry_chunks_load_feature: Reading/casting for GstRegistryChunkPluginFeature at address 0x170ac18
0:00:00.025623233  3819 0x16ef370 DEBUG   GST_REGISTRY gstregistry.c:581:gst_registry_add_feature: replacing existing feature 0x1709f30 (log)
0:00:00.025630108  3819 0x16ef370 DEBUG   GST_REGISTRY gstregistry.c:590:gst_registry_add_feature: adding feature 0x1709de0 (log)
0:00:00.025635823  3819 0x16ef370 TRACE   GST_REFCOUNTING gstobject.c:788:gst_object_unparent: unparent
0:00:00.025642983  3819 0x16ef370 TRACE   GST_REFCOUNTING gstobject.c:265:gst_object_unref: 0x1709f30 unref 1->0
0:00:00.025649549  3819 0x16ef370 TRACE   GST_REFCOUNTING gstobject.c:381:gst_object_dispose: 0x1709f30 dispose
0:00:00.025656788  3819 0x16ef370 DEBUG   GST_PLUGIN_LOADING gstpluginfeature.c:67:gst_plugin_feature_finalize: finalizing feature 0x1709f30: 'log'
0:00:00.025666003  3819 0x16ef370 TRACE   GST_REFCOUNTING gstobject.c:423:gst_object_finalize: 0x1709f30 finalize
0:00:00.025674349  3819 0x16ef370 DEBUG   GST_REFCOUNTING gstobject.c:709:gst_object_set_parent: set parent (ref and sink)
0:00:00.025687440  3819 0x16ef370 TRACE   GST_REFCOUNTING gstobject.c:294:gst_object_ref_sink: 0x1709de0 ref_sink 1->2
0:00:00.025700137  3819 0x16ef370 LOG   GST_REGISTRY gstregistry.c:608:gst_registry_add_feature: emitting feature-added for log
0:00:00.025706994  3819 0x16ef370 DEBUG   GST_REGISTRY gstregistrychunks.c:741:gst_registry_chunks_load_feature: Added feature log, plugin 0x17119d0 coretracers
0:00:00.025713729  3819 0x16ef370 DEBUG   GST_REGISTRY gstregistrychunks.c:583:gst_registry_chunks_load_feature: Plugin 'coretracers' feature 'latency' typename : 'GstTracerFactory'
0:00:00.025722255  3819 0x16ef370 TRACE   GST_REFCOUNTING gstobject.c:208:gst_object_init: 0x1708bf0 new
0:00:00.025734116  3819 0x16ef370 DEBUG   GST_REGISTRY gstregistrychunks.c:718:gst_registry_chunks_load_feature: Reading/casting for GstRegistryChunkPluginFeature at address 0x170ac40
0:00:00.025755795  3819 0x16ef370 DEBUG   GST_REGISTRY gstregistry.c:581:gst_registry_add_feature: replacing existing feature 0x170a130 (latency)
0:00:00.025765540  3819 0x16ef370 DEBUG   GST_REGISTRY gstregistry.c:590:gst_registry_add_feature: adding feature 0x1708bf0 (latency)
0:00:00.025771776  3819 0x16ef370 TRACE   GST_REFCOUNTING gstobject.c:788:gst_object_unparent: unparent
0:00:00.025779265  3819 0x16ef370 TRACE   GST_REFCOUNTING gstobject.c:265:gst_object_unref: 0x170a130 unref 1->0
0:00:00.025785734  3819 0x16ef370 TRACE   GST_REFCOUNTING gstobject.c:381:gst_object_dispose: 0x170a130 dispose
0:00:00.025792776  3819 0x16ef370 DEBUG   GST_PLUGIN_LOADING gstpluginfeature.c:67:gst_plugin_feature_finalize: finalizing feature 0x170a130: 'latency'
0:00:00.025801987  3819 0x16ef370 TRACE   GST_REFCOUNTING gstobject.c:423:gst_object_finalize: 0x170a130 finalize
0:00:00.025809986  3819 0x16ef370 DEBUG   GST_REFCOUNTING gstobject.c:709:gst_object_set_parent: set parent (ref and sink)
0:00:00.025817801  3819 0x16ef370 TRACE   GST_REFCOUNTING gstobject.c:294:gst_object_ref_sink: 0x1708bf0 ref_sink 1->2
0:00:00.025825160  3819 0x16ef370 LOG   GST_REGISTRY gstregistry.c:608:gst_registry_add_feature: emitting feature-added for latency
0:00:00.025831941  3819 0x16ef370 DEBUG   GST_REGISTRY gstregistrychunks.c:741:gst_registry_chunks_load_feature: Added feature latency, plugin 0x17119d0 coretracers
0:00:00.025840027  3819 0x16ef370 LOG   GST_PLUGIN_LOADING gstpluginloader.c:889:handle_rx_packet: marking plugin 0x17119d0 as registered as /home/conan/w/prod/BuildSingleReference/.conan/data/gstreamer/1.18.4/_/_/package/87c267dd1134a9a07d23e41650d01aade79b0036/lib/gstreamer-1.0/libgstcoretracers.so
0:00:00.025850018  3819 0x16ef370 DEBUG   GST_POLL gstpoll.c:1414:gst_poll_wait: 0x1708ba0: timeout :0:00:01.000000000
0:00:00.025862218  3819 0x16ef370 LOG   GST_PLUGIN_LOADING gstpluginloader.c:1028:exchange_packets: Poll res = 2. 0 bytes pending for write
0:00:00.025872180  3819 0x16ef370 DEBUG   GST_POLL gstpoll.c:1241:gst_poll_fd_has_error: 0x1708ba0: fd (fd:8, idx:2) 0
0:00:00.025879200  3819 0x16ef370 DEBUG   GST_POLL gstpoll.c:1266:gst_poll_fd_can_read_unlocked: 0x1708ba0: fd (fd:8, idx:2) 1
0:00:00.025901552  3819 0x16ef370 DEBUG   GST_PLUGIN_LOADING gstpluginloader.c:850:handle_rx_packet: Received plugin details from child w/ tag 3. 6860 bytes info
0:00:00.025908154  3819 0x16ef370 LOG   GST_REGISTRY gstregistrychunks.c:837:_priv_gst_registry_chunks_load_plugin: Reading/casting for GstRegistryChunkPluginElement at address 0x170aa70
0:00:00.025915930  3819 0x16ef370 TRACE   GST_REFCOUNTING gstobject.c:208:gst_object_init: 0x1708cc0 new
0:00:00.025931739  3819 0x16ef370 LOG   GST_REGISTRY gstregistrychunks.c:858:_priv_gst_registry_chunks_load_plugin: read strings for name='coreelements'
0:00:00.025938953  3819 0x16ef370 LOG   GST_REGISTRY gstregistrychunks.c:859:_priv_gst_registry_chunks_load_plugin: desc.description='GStreamer core elements'
0:00:00.025945326  3819 0x16ef370 LOG   GST_REGISTRY gstregistrychunks.c:860:_priv_gst_registry_chunks_load_plugin: filename='/home/conan/w/prod/BuildSingleReference/.conan/data/gstreamer/1.18.4/_/_/package/87c267dd1134a9a07d23e41650d01aade79b0036/lib/gstreamer-1.0/libgstcoreelements.so'
0:00:00.025951533  3819 0x16ef370 LOG   GST_REGISTRY gstregistrychunks.c:861:_priv_gst_registry_chunks_load_plugin: desc.version='1.18.4'
0:00:00.025956868  3819 0x16ef370 LOG   GST_REGISTRY gstregistrychunks.c:862:_priv_gst_registry_chunks_load_plugin: desc.license='LGPL'
0:00:00.025961879  3819 0x16ef370 LOG   GST_REGISTRY gstregistrychunks.c:863:_priv_gst_registry_chunks_load_plugin: desc.source='gstreamer'
0:00:00.025966939  3819 0x16ef370 LOG   GST_REGISTRY gstregistrychunks.c:864:_priv_gst_registry_chunks_load_plugin: desc.package='GStreamer source release'
0:00:00.025972422  3819 0x16ef370 LOG   GST_REGISTRY gstregistrychunks.c:865:_priv_gst_registry_chunks_load_plugin: desc.origin='Unknown package origin'
0:00:00.025980579  3819 0x16ef370 LOG   GST_REGISTRY gstregistrychunks.c:866:_priv_gst_registry_chunks_load_plugin: desc.datetime=2021-03-15
0:00:00.025991732  3819 0x16ef370 DEBUG   GST_REGISTRY gstregistry.c:449:gst_registry_add_plugin: Replacing existing plugin "/home/conan/w/prod/BuildSingleReference/.conan/data/gstreamer/1.18.4/_/_/package/87c267dd1134a9a07d23e41650d01aade79b0036/lib/gstreamer-1.0/libgstcoreelements.so" 0x1709220 with new plugin 0x1708cc0 for filename "/home/conan/w/prod/BuildSingleReference/.conan/data/gstreamer/1.18.4/_/_/package/87c267dd1134a9a07d23e41650d01aade79b0036/lib/gstreamer-1.0/libgstcoreelements.so"
0:00:00.026000458  3819 0x16ef370 TRACE   GST_REFCOUNTING gstobject.c:265:gst_object_unref: 0x1709220 unref 1->0
0:00:00.026008209  3819 0x16ef370 TRACE   GST_REFCOUNTING gstobject.c:381:gst_object_dispose: 0x1709220 dispose
0:00:00.026016602  3819 0x16ef370 DEBUG   GST_PLUGIN_LOADING gstplugin.c:136:gst_plugin_finalize: finalizing plugin
0:00:00.026022870  3819 0x16ef370 TRACE   GST_REFCOUNTING gstobject.c:423:gst_object_finalize: 0x1709220 finalize
0:00:00.026031725  3819 0x16ef370 DEBUG   GST_REGISTRY gstregistry.c:474:gst_registry_add_plugin: adding plugin 0x1708cc0 for filename "/home/conan/w/prod/BuildSingleReference/.conan/data/gstreamer/1.18.4/_/_/package/87c267dd1134a9a07d23e41650d01aade79b0036/lib/gstreamer-1.0/libgstcoreelements.so"
0:00:00.026044583  3819 0x16ef370 TRACE   GST_REFCOUNTING gstobject.c:294:gst_object_ref_sink: 0x1708cc0 ref_sink 1->2
0:00:00.026054745  3819 0x16ef370 LOG   GST_REGISTRY gstregistry.c:487:gst_registry_add_plugin: emitting plugin-added for filename "/home/conan/w/prod/BuildSingleReference/.conan/data/gstreamer/1.18.4/_/_/package/87c267dd1134a9a07d23e41650d01aade79b0036/lib/gstreamer-1.0/libgstcoreelements.so"
0:00:00.026063049  3819 0x16ef370 DEBUG   GST_REGISTRY gstregistrychunks.c:887:_priv_gst_registry_chunks_load_plugin: Added plugin 'coreelements' plugin with 22 features from binary registry
0:00:00.026070074  3819 0x16ef370 DEBUG   GST_REGISTRY gstregistrychunks.c:583:gst_registry_chunks_load_feature: Plugin 'coreelements' feature 'streamiddemux' typename : 'GstElementFactory'
0:00:00.026079213  3819 0x16ef370 TRACE   GST_REFCOUNTING gstobject.c:208:gst_object_init: 0x17114e0 new
0:00:00.026087741  3819 0x16ef370 LOG   GST_REGISTRY gstregistrychunks.c:610:gst_registry_chunks_load_feature: Reading/casting for GstRegistryChunkElementFactory at address 0x170abc8
0:00:00.026095685  3819 0x16ef370 TRACE   structure gststructure.c:287:gst_structure_new_id_empty_with_size: created structure 0x1709fc0
0:00:00.026101661  3819 0x16ef370 DEBUG   structure gststructure.c:2203:gst_structure_parse_field: trying field name 'long-name'
0:00:00.026107338  3819 0x16ef370 DEBUG   default gstvalue.c:2676:_priv_gst_value_parse_value: trying type name 'string'
0:00:00.026117284  3819 0x16ef370 DEBUG   structure gststructure.c:2203:gst_structure_parse_field: trying field name 'klass'
0:00:00.026124373  3819 0x16ef370 DEBUG   default gstvalue.c:2676:_priv_gst_value_parse_value: trying type name 'string'
0:00:00.026131031  3819 0x16ef370 DEBUG   structure gststructure.c:2203:gst_structure_parse_field: trying field name 'description'
0:00:00.026136299  3819 0x16ef370 DEBUG   default gstvalue.c:2676:_priv_gst_value_parse_value: trying type name 'string'
0:00:00.026142508  3819 0x16ef370 DEBUG   structure gststructure.c:2203:gst_structure_parse_field: trying field name 'author'
0:00:00.026147466  3819 0x16ef370 DEBUG   default gstvalue.c:2676:_priv_gst_value_parse_value: trying type name 'string'
0:00:00.026154064  3819 0x16ef370 DEBUG   GST_REGISTRY gstregistrychunks.c:626:gst_registry_chunks_load_feature: Element factory : npadtemplates=2
0:00:00.026159853  3819 0x16ef370 DEBUG   GST_REGISTRY gstregistrychunks.c:526:gst_registry_chunks_load_pad_template: Reading/casting for GstRegistryChunkPadTemplate at address 0x170aca0
0:00:00.026169041  3819 0x16ef370 DEBUG   GST_REGISTRY gstregistrychunks.c:539:gst_registry_chunks_load_pad_template: Added pad_template src_%u
0:00:00.026175959  3819 0x16ef370 DEBUG   GST_REGISTRY gstregistrychunks.c:526:gst_registry_chunks_load_pad_template: Reading/casting for GstRegistryChunkPadTemplate at address 0x170acb8
0:00:00.026181949  3819 0x16ef370 DEBUG   GST_REGISTRY gstregistrychunks.c:539:gst_registry_chunks_load_pad_template: Added pad_template sink
0:00:00.026196501  3819 0x16ef370 DEBUG   GST_REGISTRY gstregistry.c:581:gst_registry_add_feature: replacing existing feature 0x1709590 (streamiddemux)
0:00:00.026204102  3819 0x16ef370 DEBUG   GST_REGISTRY gstregistry.c:590:gst_registry_add_feature: adding feature 0x17114e0 (streamiddemux)
0:00:00.026210220  3819 0x16ef370 TRACE   GST_REFCOUNTING gstobject.c:788:gst_object_unparent: unparent
0:00:00.026218225  3819 0x16ef370 TRACE   GST_REFCOUNTING gstobject.c:265:gst_object_unref: 0x1709590 unref 1->0
0:00:00.026225218  3819 0x16ef370 TRACE   GST_REFCOUNTING gstobject.c:381:gst_object_dispose: 0x1709590 dispose
0:00:00.026235278  3819 0x16ef370 TRACE   structure gststructure.c:544:gst_structure_free: free structure 0x170a320
0:00:00.026245232  3819 0x16ef370 TRACE   GST_REFCOUNTING gstminiobject.c:723:gst_mini_object_replace: replace (nil) (0) with (nil) (0)
0:00:00.026253413  3819 0x16ef370 TRACE   GST_REFCOUNTING gstminiobject.c:723:gst_mini_object_replace: replace (nil) (0) with (nil) (0)
0:00:00.026260936  3819 0x16ef370 DEBUG   GST_PLUGIN_LOADING gstpluginfeature.c:67:gst_plugin_feature_finalize: finalizing feature 0x1709590: 'streamiddemux'
0:00:00.026267750  3819 0x16ef370 TRACE   GST_REFCOUNTING gstobject.c:423:gst_object_finalize: 0x1709590 finalize
0:00:00.026274676  3819 0x16ef370 DEBUG   GST_REFCOUNTING gstobject.c:709:gst_object_set_parent: set parent (ref and sink)
0:00:00.026282014  3819 0x16ef370 TRACE   GST_REFCOUNTING gstobject.c:294:gst_object_ref_sink: 0x17114e0 ref_sink 1->2
0:00:00.026288872  3819 0x16ef370 LOG   GST_REGISTRY gstregistry.c:608:gst_registry_add_feature: emitting feature-added for streamiddemux
0:00:00.026298838  3819 0x16ef370 DEBUG   GST_REGISTRY gstregistrychunks.c:741:gst_registry_chunks_load_feature: Added feature streamiddemux, plugin 0x1708cc0 coreelements
0:00:00.026306927  3819 0x16ef370 DEBUG   GST_REGISTRY gstregistrychunks.c:583:gst_registry_chunks_load_feature: Plugin 'coreelements' feature 'valve' typename : 'GstElementFactory'
0:00:00.026315760  3819 0x16ef370 TRACE   GST_REFCOUNTING gstobject.c:208:gst_object_init: 0x1709210 new
0:00:00.026324394  3819 0x16ef370 LOG   GST_REGISTRY gstregistrychunks.c:610:gst_registry_chunks_load_feature: Reading/casting for GstRegistryChunkElementFactory at address 0x170ace8
0:00:00.026332125  3819 0x16ef370 TRACE   structure gststructure.c:287:gst_structure_new_id_empty_with_size: created structure 0x1709540
0:00:00.026339478  3819 0x16ef370 DEBUG   structure gststructure.c:2203:gst_structure_parse_field: trying field name 'long-name'
0:00:00.026345437  3819 0x16ef370 DEBUG   default gstvalue.c:2676:_priv_gst_value_parse_value: trying type name 'string'
0:00:00.026360971  3819 0x16ef370 DEBUG   structure gststructure.c:2203:gst_structure_parse_field: trying field name 'klass'
0:00:00.026367624  3819 0x16ef370 DEBUG   default gstvalue.c:2676:_priv_gst_value_parse_value: trying type name 'string'
0:00:00.026380260  3819 0x16ef370 DEBUG   structure gststructure.c:2203:gst_structure_parse_field: trying field name 'description'
0:00:00.026386730  3819 0x16ef370 DEBUG   default gstvalue.c:2676:_priv_gst_value_parse_value: trying type name 'string'
0:00:00.026450226  3819 0x16ef370 DEBUG   structure gststructure.c:2203:gst_structure_parse_field: trying field name 'author'
0:00:00.026484248  3819 0x16ef370 DEBUG   default gstvalue.c:2676:_priv_gst_value_parse_value: trying type name 'string'
0:00:00.026494546  3819 0x16ef370 DEBUG   GST_REGISTRY gstregistrychunks.c:626:gst_registry_chunks_load_feature: Element factory : npadtemplates=2
0:00:00.026501525  3819 0x16ef370 DEBUG   GST_REGISTRY gstregistrychunks.c:526:gst_registry_chunks_load_pad_template: Reading/casting for GstRegistryChunkPadTemplate at address 0x170add8
0:00:00.026508761  3819 0x16ef370 DEBUG   GST_REGISTRY gstregistrychunks.c:539:gst_registry_chunks_load_pad_template: Added pad_template sink
0:00:00.026514152  3819 0x16ef370 DEBUG   GST_REGISTRY gstregistrychunks.c:526:gst_registry_chunks_load_pad_template: Reading/casting for GstRegistryChunkPadTemplate at address 0x170adf0
0:00:00.026573000  3819 0x16ef370 DEBUG   GST_REGISTRY gstregistrychunks.c:539:gst_registry_chunks_load_pad_template: Added pad_template src
0:00:00.026603887  3819 0x16ef370 DEBUG   GST_REGISTRY gstregistry.c:581:gst_registry_add_feature: replacing existing feature 0x170a700 (valve)
0:00:00.026615882  3819 0x16ef370 DEBUG   GST_REGISTRY gstregistry.c:590:gst_registry_add_feature: adding feature 0x1709210 (valve)
0:00:00.026622778  3819 0x16ef370 TRACE   GST_REFCOUNTING gstobject.c:788:gst_object_unparent: unparent
0:00:00.026632229  3819 0x16ef370 TRACE   GST_REFCOUNTING gstobject.c:265:gst_object_unref: 0x170a700 unref 1->0
0:00:00.026640271  3819 0x16ef370 TRACE   GST_REFCOUNTING gstobject.c:381:gst_object_dispose: 0x170a700 dispose
0:00:00.026649803  3819 0x16ef370 TRACE   structure gststructure.c:544:gst_structure_free: free structure 0x170c820
0:00:00.026661827  3819 0x16ef370 TRACE   GST_REFCOUNTING gstminiobject.c:723:gst_mini_object_replace: replace (nil) (0) with (nil) (0)
0:00:00.026670784  3819 0x16ef370 TRACE   GST_REFCOUNTING gstminiobject.c:723:gst_mini_object_replace: replace (nil) (0) with (nil) (0)
0:00:00.026678558  3819 0x16ef370 DEBUG   GST_PLUGIN_LOADING gstpluginfeature.c:67:gst_plugin_feature_finalize: finalizing feature 0x170a700: 'valve'
0:00:00.026685785  3819 0x16ef370 TRACE   GST_REFCOUNTING gstobject.c:423:gst_object_finalize: 0x170a700 finalize
0:00:00.026694116  3819 0x16ef370 DEBUG   GST_REFCOUNTING gstobject.c:709:gst_object_set_parent: set parent (ref and sink)
0:00:00.026701387  3819 0x16ef370 TRACE   GST_REFCOUNTING gstobject.c:294:gst_object_ref_sink: 0x1709210 ref_sink 1->2
0:00:00.026707993  3819 0x16ef370 LOG   GST_REGISTRY gstregistry.c:608:gst_registry_add_feature: emitting feature-added for valve
0:00:00.026729184  3819 0x16ef370 DEBUG   GST_REGISTRY gstregistrychunks.c:741:gst_registry_chunks_load_feature: Added feature valve, plugin 0x1708cc0 coreelements
0:00:00.026765828  3819 0x16ef370 DEBUG   GST_REGISTRY gstregistrychunks.c:583:gst_registry_chunks_load_feature: Plugin 'coreelements' feature 'multiqueue' typename : 'GstElementFactory'
0:00:00.026785634  3819 0x16ef370 TRACE   GST_REFCOUNTING gstobject.c:208:gst_object_init: 0x170a700 new
0:00:00.026800849  3819 0x16ef370 LOG   GST_REGISTRY gstregistrychunks.c:610:gst_registry_chunks_load_feature: Reading/casting for GstRegistryChunkElementFactory at address 0x170ae20
0:00:00.026811552  3819 0x16ef370 TRACE   structure gststructure.c:287:gst_structure_new_id_empty_with_size: created structure 0x1711bb0
0:00:00.026820358  3819 0x16ef370 DEBUG   structure gststructure.c:2203:gst_structure_parse_field: trying field name 'long-name'
0:00:00.026826399  3819 0x16ef370 DEBUG   default gstvalue.c:2676:_priv_gst_value_parse_value: trying type name 'string'
0:00:00.026836807  3819 0x16ef370 DEBUG   structure gststructure.c:2203:gst_structure_parse_field: trying field name 'klass'
0:00:00.026843770  3819 0x16ef370 DEBUG   default gstvalue.c:2676:_priv_gst_value_parse_value: trying type name 'string'
0:00:00.026850164  3819 0x16ef370 DEBUG   structure gststructure.c:2203:gst_structure_parse_field: trying field name 'description'
0:00:00.026855240  3819 0x16ef370 DEBUG   default gstvalue.c:2676:_priv_gst_value_parse_value: trying type name 'string'
0:00:00.026861803  3819 0x16ef370 DEBUG   structure gststructure.c:2203:gst_structure_parse_field: trying field name 'author'
0:00:00.026866747  3819 0x16ef370 DEBUG   default gstvalue.c:2676:_priv_gst_value_parse_value: trying type name 'string'
0:00:00.026873374  3819 0x16ef370 DEBUG   GST_REGISTRY gstregistrychunks.c:626:gst_registry_chunks_load_feature: Element factory : npadtemplates=2
0:00:00.026878959  3819 0x16ef370 DEBUG   GST_REGISTRY gstregistrychunks.c:526:gst_registry_chunks_load_pad_template: Reading/casting for GstRegistryChunkPadTemplate at address 0x170aee0
0:00:00.026887728  3819 0x16ef370 DEBUG   GST_REGISTRY gstregistrychunks.c:539:gst_registry_chunks_load_pad_template: Added pad_template src_%u
0:00:00.026894512  3819 0x16ef370 DEBUG   GST_REGISTRY gstregistrychunks.c:526:gst_registry_chunks_load_pad_template: Reading/casting for GstRegistryChunkPadTemplate at address 0x170aef8
0:00:00.026900377  3819 0x16ef370 DEBUG   GST_REGISTRY gstregistrychunks.c:539:gst_registry_chunks_load_pad_template: Added pad_template sink_%u
0:00:00.026909447  3819 0x16ef370 DEBUG   GST_REGISTRY gstregistry.c:581:gst_registry_add_feature: replacing existing feature 0x170a7f0 (multiqueue)
0:00:00.026916941  3819 0x16ef370 DEBUG   GST_REGISTRY gstregistry.c:590:gst_registry_add_feature: adding feature 0x170a700 (multiqueue)
0:00:00.026923036  3819 0x16ef370 TRACE   GST_REFCOUNTING gstobject.c:788:gst_object_unparent: unparent
0:00:00.026930733  3819 0x16ef370 TRACE   GST_REFCOUNTING gstobject.c:265:gst_object_unref: 0x170a7f0 unref 1->0
0:00:00.026944865  3819 0x16ef370 TRACE   GST_REFCOUNTING gstobject.c:381:gst_object_dispose: 0x170a7f0 dispose
0:00:00.026955683  3819 0x16ef370 TRACE   structure gststructure.c:544:gst_structure_free: free structure 0x170c9a0
0:00:00.026964440  3819 0x16ef370 TRACE   GST_REFCOUNTING gstminiobject.c:723:gst_mini_object_replace: replace (nil) (0) with (nil) (0)
0:00:00.026972026  3819 0x16ef370 TRACE   GST_REFCOUNTING gstminiobject.c:723:gst_mini_object_replace: replace (nil) (0) with (nil) (0)
0:00:00.026978800  3819 0x16ef370 DEBUG   GST_PLUGIN_LOADING gstpluginfeature.c:67:gst_plugin_feature_finalize: finalizing feature 0x170a7f0: 'multiqueue'
0:00:00.026985221  3819 0x16ef370 TRACE   GST_REFCOUNTING gstobject.c:423:gst_object_finalize: 0x170a7f0 finalize
0:00:00.026992269  3819 0x16ef370 DEBUG   GST_REFCOUNTING gstobject.c:709:gst_object_set_parent: set parent (ref and sink)
0:00:00.026999209  3819 0x16ef370 TRACE   GST_REFCOUNTING gstobject.c:294:gst_object_ref_sink: 0x170a700 ref_sink 1->2
0:00:00.027005902  3819 0x16ef370 LOG   GST_REGISTRY gstregistry.c:608:gst_registry_add_feature: emitting feature-added for multiqueue
0:00:00.027015680  3819 0x16ef370 DEBUG   GST_REGISTRY gstregistrychunks.c:741:gst_registry_chunks_load_feature: Added feature multiqueue, plugin 0x1708cc0 coreelements
0:00:00.027023637  3819 0x16ef370 DEBUG   GST_REGISTRY gstregistrychunks.c:583:gst_registry_chunks_load_feature: Plugin 'coreelements' feature 'typefind' typename : 'GstElementFactory'
0:00:00.027032933  3819 0x16ef370 TRACE   GST_REFCOUNTING gstobject.c:208:gst_object_init: 0x170a7f0 new
0:00:00.027041734  3819 0x16ef370 LOG   GST_REGISTRY gstregistrychunks.c:610:gst_registry_chunks_load_feature: Reading/casting for GstRegistryChunkElementFactory at address 0x170af28
0:00:00.027048602  3819 0x16ef370 TRACE   structure gststructure.c:287:gst_structure_new_id_empty_with_size: created structure 0x170c970
0:00:00.027054439  3819 0x16ef370 DEBUG   structure gststructure.c:2203:gst_structure_parse_field: trying field name 'long-name'
0:00:00.027059745  3819 0x16ef370 DEBUG   default gstvalue.c:2676:_priv_gst_value_parse_value: trying type name 'string'
0:00:00.027065979  3819 0x16ef370 DEBUG   structure gststructure.c:2203:gst_structure_parse_field: trying field name 'klass'
0:00:00.027074160  3819 0x16ef370 DEBUG   default gstvalue.c:2676:_priv_gst_value_parse_value: trying type name 'string'
0:00:00.027082149  3819 0x16ef370 DEBUG   structure gststructure.c:2203:gst_structure_parse_field: trying field name 'description'
0:00:00.027087768  3819 0x16ef370 DEBUG   default gstvalue.c:2676:_priv_gst_value_parse_value: trying type name 'string'
0:00:00.027094653  3819 0x16ef370 DEBUG   structure gststructure.c:2203:gst_structure_parse_field: trying field name 'author'
0:00:00.027099794  3819 0x16ef370 DEBUG   default gstvalue.c:2676:_priv_gst_value_parse_value: trying type name 'string'
0:00:00.027112974  3819 0x16ef370 DEBUG   GST_REGISTRY gstregistrychunks.c:626:gst_registry_chunks_load_feature: Element factory : npadtemplates=2
0:00:00.027118545  3819 0x16ef370 DEBUG   GST_REGISTRY gstregistrychunks.c:526:gst_registry_chunks_load_pad_template: Reading/casting for GstRegistryChunkPadTemplate at address 0x170b000
0:00:00.027124444  3819 0x16ef370 DEBUG   GST_REGISTRY gstregistrychunks.c:539:gst_registry_chunks_load_pad_template: Added pad_template sink
0:00:00.027133084  3819 0x16ef370 DEBUG   GST_REGISTRY gstregistrychunks.c:526:gst_registry_chunks_load_pad_template: Reading/casting for GstRegistryChunkPadTemplate at address 0x170b018
0:00:00.027140230  3819 0x16ef370 DEBUG   GST_REGISTRY gstregistrychunks.c:539:gst_registry_chunks_load_pad_template: Added pad_template src
0:00:00.027149043  3819 0x16ef370 DEBUG   GST_REGISTRY gstregistry.c:581:gst_registry_add_feature: replacing existing feature 0x170cb20 (typefind)
0:00:00.027156397  3819 0x16ef370 DEBUG   GST_REGISTRY gstregistry.c:590:gst_registry_add_feature: adding feature 0x170a7f0 (typefind)
0:00:00.027162580  3819 0x16ef370 TRACE   GST_REFCOUNTING gstobject.c:788:gst_object_unparent: unparent
0:00:00.027170206  3819 0x16ef370 TRACE   GST_REFCOUNTING gstobject.c:265:gst_object_unref: 0x170cb20 unref 1->0
0:00:00.027177358  3819 0x16ef370 TRACE   GST_REFCOUNTING gstobject.c:381:gst_object_dispose: 0x170cb20 dispose
0:00:00.027184632  3819 0x16ef370 TRACE   structure gststructure.c:544:gst_structure_free: free structure 0x170cce0
0:00:00.027194597  3819 0x16ef370 TRACE   GST_REFCOUNTING gstminiobject.c:723:gst_mini_object_replace: replace (nil) (0) with (nil) (0)
0:00:00.027203299  3819 0x16ef370 TRACE   GST_REFCOUNTING gstminiobject.c:723:gst_mini_object_replace: replace (nil) (0) with (nil) (0)
0:00:00.027210629  3819 0x16ef370 DEBUG   GST_PLUGIN_LOADING gstpluginfeature.c:67:gst_plugin_feature_finalize: finalizing feature 0x170cb20: 'typefind'
0:00:00.027217348  3819 0x16ef370 TRACE   GST_REFCOUNTING gstobject.c:423:gst_object_finalize: 0x170cb20 finalize
0:00:00.027224539  3819 0x16ef370 DEBUG   GST_REFCOUNTING gstobject.c:709:gst_object_set_parent: set parent (ref and sink)
0:00:00.027231764  3819 0x16ef370 TRACE   GST_REFCOUNTING gstobject.c:294:gst_object_ref_sink: 0x170a7f0 ref_sink 1->2
0:00:00.027238445  3819 0x16ef370 LOG   GST_REGISTRY gstregistry.c:608:gst_registry_add_feature: emitting feature-added for typefind
0:00:00.027244824  3819 0x16ef370 DEBUG   GST_REGISTRY gstregistrychunks.c:741:gst_registry_chunks_load_feature: Added feature typefind, plugin 0x1708cc0 coreelements
0:00:00.027254313  3819 0x16ef370 DEBUG   GST_REGISTRY gstregistrychunks.c:583:gst_registry_chunks_load_feature: Plugin 'coreelements' feature 'tee' typename : 'GstElementFactory'
0:00:00.027264300  3819 0x16ef370 TRACE   GST_REFCOUNTING gstobject.c:208:gst_object_init: 0x170cd00 new
0:00:00.027272996  3819 0x16ef370 LOG   GST_REGISTRY gstregistrychunks.c:610:gst_registry_chunks_load_feature: Reading/casting for GstRegistryChunkElementFactory at address 0x170b040
0:00:00.027284034  3819 0x16ef370 TRACE   structure gststructure.c:287:gst_structure_new_id_empty_with_size: created structure 0x1711e10
0:00:00.027290271  3819 0x16ef370 DEBUG   structure gststructure.c:2203:gst_structure_parse_field: trying field name 'long-name'
0:00:00.027295890  3819 0x16ef370 DEBUG   default gstvalue.c:2676:_priv_gst_value_parse_value: trying type name 'string'
0:00:00.027302809  3819 0x16ef370 DEBUG   structure gststructure.c:2203:gst_structure_parse_field: trying field name 'klass'
0:00:00.027307997  3819 0x16ef370 DEBUG   default gstvalue.c:2676:_priv_gst_value_parse_value: trying type name 'string'
0:00:00.027317481  3819 0x16ef370 DEBUG   structure gststructure.c:2203:gst_structure_parse_field: trying field name 'description'
0:00:00.027324285  3819 0x16ef370 DEBUG   default gstvalue.c:2676:_priv_gst_value_parse_value: trying type name 'string'
0:00:00.027331097  3819 0x16ef370 DEBUG   structure gststructure.c:2203:gst_structure_parse_field: trying field name 'author'
0:00:00.027336584  3819 0x16ef370 DEBUG   default gstvalue.c:2676:_priv_gst_value_parse_value: trying type name 'string'
0:00:00.027350610  3819 0x16ef370 DEBUG   GST_REGISTRY gstregistrychunks.c:626:gst_registry_chunks_load_feature: Element factory : npadtemplates=2
0:00:00.027356205  3819 0x16ef370 DEBUG   GST_REGISTRY gstregistrychunks.c:526:gst_registry_chunks_load_pad_template: Reading/casting for GstRegistryChunkPadTemplate at address 0x170b130
0:00:00.027368100  3819 0x16ef370 DEBUG   GST_REGISTRY gstregistrychunks.c:539:gst_registry_chunks_load_pad_template: Added pad_template src_%u
0:00:00.027374998  3819 0x16ef370 DEBUG   GST_REGISTRY gstregistrychunks.c:526:gst_registry_chunks_load_pad_template: Reading/casting for GstRegistryChunkPadTemplate at address 0x170b148
0:00:00.027380698  3819 0x16ef370 DEBUG   GST_REGISTRY gstregistrychunks.c:539:gst_registry_chunks_load_pad_template: Added pad_template sink
0:00:00.027389171  3819 0x16ef370 DEBUG   GST_REGISTRY gstregistry.c:581:gst_registry_add_feature: replacing existing feature 0x170ce60 (tee)
0:00:00.027396405  3819 0x16ef370 DEBUG   GST_REGISTRY gstregistry.c:590:gst_registry_add_feature: adding feature 0x170cd00 (tee)
0:00:00.027409514  3819 0x16ef370 TRACE   GST_REFCOUNTING gstobject.c:788:gst_object_unparent: unparent
0:00:00.027417276  3819 0x16ef370 TRACE   GST_REFCOUNTING gstobject.c:265:gst_object_unref: 0x170ce60 unref 1->0
0:00:00.027427437  3819 0x16ef370 TRACE   GST_REFCOUNTING gstobject.c:381:gst_object_dispose: 0x170ce60 dispose
0:00:00.027436558  3819 0x16ef370 TRACE   structure gststructure.c:544:gst_structure_free: free structure 0x170d030
0:00:00.027443934  3819 0x16ef370 TRACE   GST_REFCOUNTING gstminiobject.c:723:gst_mini_object_replace: replace (nil) (0) with (nil) (0)
0:00:00.027450946  3819 0x16ef370 TRACE   GST_REFCOUNTING gstminiobject.c:723:gst_mini_object_replace: replace (nil) (0) with (nil) (0)
0:00:00.027462353  3819 0x16ef370 DEBUG   GST_PLUGIN_LOADING gstpluginfeature.c:67:gst_plugin_feature_finalize: finalizing feature 0x170ce60: 'tee'
0:00:00.027468785  3819 0x16ef370 TRACE   GST_REFCOUNTING gstobject.c:423:gst_object_finalize: 0x170ce60 finalize
0:00:00.027475502  3819 0x16ef370 DEBUG   GST_REFCOUNTING gstobject.c:709:gst_object_set_parent: set parent (ref and sink)
0:00:00.027483091  3819 0x16ef370 TRACE   GST_REFCOUNTING gstobject.c:294:gst_object_ref_sink: 0x170cd00 ref_sink 1->2
0:00:00.027492558  3819 0x16ef370 LOG   GST_REGISTRY gstregistry.c:608:gst_registry_add_feature: emitting feature-added for tee
0:00:00.027501212  3819 0x16ef370 DEBUG   GST_REGISTRY gstregistrychunks.c:741:gst_registry_chunks_load_feature: Added feature tee, plugin 0x1708cc0 coreelements
0:00:00.027508243  3819 0x16ef370 DEBUG   GST_REGISTRY gstregistrychunks.c:583:gst_registry_chunks_load_feature: Plugin 'coreelements' feature 'filesink' typename : 'GstElementFactory'
0:00:00.027517057  3819 0x16ef370 TRACE   GST_REFCOUNTING gstobject.c:208:gst_object_init: 0x170ce60 new
0:00:00.027532671  3819 0x16ef370 LOG   GST_REGISTRY gstregistrychunks.c:610:gst_registry_chunks_load_feature: Reading/casting for GstRegistryChunkElementFactory at address 0x170b178
0:00:00.027540253  3819 0x16ef370 TRACE   structure gststructure.c:287:gst_structure_new_id_empty_with_size: created structure 0x170d030
0:00:00.027546048  3819 0x16ef370 DEBUG   structure gststructure.c:2203:gst_structure_parse_field: trying field name 'long-name'
0:00:00.027554159  3819 0x16ef370 DEBUG   default gstvalue.c:2676:_priv_gst_value_parse_value: trying type name 'string'
