0:00:00.021298910  3819 0x16ef370 DEBUG   GST_REFCOUNTING gstobject.c:709:gst_object_set_parent: set parent (ref and sink)
0:00:00.016040555  3820 0xf0a320 LOG   GST_POLL gstpoll.c:994:gst_poll_fd_ctl_write: 0xf12810: pfd->events now 60 (POLLOUT:4)
0:00:00.021307698  3819 0x16ef370 TRACE   GST_REFCOUNTING gstobject.c:294:gst_object_ref_sink: 0x170cb20 ref_sink 1->2
0:00:00.016047807  3820 0xf0a320 DEBUG   GST_POLL gstpoll.c:980:gst_poll_fd_ctl_write: 0xf12810: fd (fd:0, idx:1), active : 1
0:00:00.016055160  3820 0xf0a320 LOG   GST_POLL gstpoll.c:994:gst_poll_fd_ctl_write: 0xf12810: pfd->events now 60 (POLLOUT:4)
0:00:00.021317829  3819 0x16ef370 LOG   GST_REGISTRY gstregistry.c:608:gst_registry_add_feature: emitting feature-added for typefind
0:00:00.016061926  3820 0xf0a320 DEBUG   GST_POLL gstpoll.c:980:gst_poll_fd_ctl_write: 0xf12810: fd (fd:0, idx:1), active : 1
0:00:00.021326963  3819 0x16ef370 DEBUG   GST_REGISTRY gstregistrychunks.c:741:gst_registry_chunks_load_feature: Added feature typefind, plugin 0x1709220 coreelements
0:00:00.021336118  3819 0x16ef370 DEBUG   GST_REGISTRY gstregistrychunks.c:583:gst_registry_chunks_load_feature: Plugin 'coreelements' feature 'tee' typename : 'GstElementFactory'
0:00:00.016081737  3820 0xf0a320 LOG   GST_POLL gstpoll.c:994:gst_poll_fd_ctl_write: 0xf12810: pfd->events now 60 (POLLOUT:4)
0:00:00.021345566  3819 0x16ef370 TRACE   GST_REFCOUNTING gstobject.c:208:gst_object_init: 0x170ce60 new
0:00:00.021357077  3819 0x16ef370 LOG   GST_REGISTRY gstregistrychunks.c:610:gst_registry_chunks_load_feature: Reading/casting for GstRegistryChunkElementFactory at address 0x170b040
0:00:00.016090826  3820 0xf0a320 DEBUG   GST_POLL gstpoll.c:980:gst_poll_fd_ctl_write: 0xf12810: fd (fd:0, idx:1), active : 1
0:00:00.021372678  3819 0x16ef370 TRACE   structure gststructure.c:287:gst_structure_new_id_empty_with_size: created structure 0x170d030
0:00:00.016115709  3820 0xf0a320 LOG   GST_POLL gstpoll.c:994:gst_poll_fd_ctl_write: 0xf12810: pfd->events now 60 (POLLOUT:4)
0:00:00.021383072  3819 0x16ef370 DEBUG   structure gststructure.c:2203:gst_structure_parse_field: trying field name 'long-name'
0:00:00.016123004  3820 0xf0a320 DEBUG   GST_POLL gstpoll.c:980:gst_poll_fd_ctl_write: 0xf12810: fd (fd:0, idx:1), active : 1
0:00:00.016132772  3820 0xf0a320 LOG   GST_POLL gstpoll.c:994:gst_poll_fd_ctl_write: 0xf12810: pfd->events now 60 (POLLOUT:4)
0:00:00.021394801  3819 0x16ef370 DEBUG   default gstvalue.c:2676:_priv_gst_value_parse_value: trying type name 'string'
0:00:00.016138783  3820 0xf0a320 DEBUG   GST_POLL gstpoll.c:980:gst_poll_fd_ctl_write: 0xf12810: fd (fd:0, idx:1), active : 1
0:00:00.016145226  3820 0xf0a320 LOG   GST_POLL gstpoll.c:994:gst_poll_fd_ctl_write: 0xf12810: pfd->events now 60 (POLLOUT:4)
0:00:00.021407554  3819 0x16ef370 DEBUG   structure gststructure.c:2203:gst_structure_parse_field: trying field name 'klass'
0:00:00.016154135  3820 0xf0a320 DEBUG   GST_POLL gstpoll.c:980:gst_poll_fd_ctl_write: 0xf12810: fd (fd:0, idx:1), active : 1
0:00:00.021417201  3819 0x16ef370 DEBUG   default gstvalue.c:2676:_priv_gst_value_parse_value: trying type name 'string'
0:00:00.016161709  3820 0xf0a320 LOG   GST_POLL gstpoll.c:994:gst_poll_fd_ctl_write: 0xf12810: pfd->events now 60 (POLLOUT:4)
0:00:00.021426779  3819 0x16ef370 DEBUG   structure gststructure.c:2203:gst_structure_parse_field: trying field name 'description'
0:00:00.016168817  3820 0xf0a320 DEBUG   GST_POLL gstpoll.c:980:gst_poll_fd_ctl_write: 0xf12810: fd (fd:0, idx:1), active : 1
0:00:00.021432836  3819 0x16ef370 DEBUG   default gstvalue.c:2676:_priv_gst_value_parse_value: trying type name 'string'
0:00:00.016175912  3820 0xf0a320 LOG   GST_POLL gstpoll.c:994:gst_poll_fd_ctl_write: 0xf12810: pfd->events now 60 (POLLOUT:4)
0:00:00.021441174  3819 0x16ef370 DEBUG   structure gststructure.c:2203:gst_structure_parse_field: trying field name 'author'
0:00:00.016183407  3820 0xf0a320 DEBUG   GST_POLL gstpoll.c:980:gst_poll_fd_ctl_write: 0xf12810: fd (fd:0, idx:1), active : 1
0:00:00.021447480  3819 0x16ef370 DEBUG   default gstvalue.c:2676:_priv_gst_value_parse_value: trying type name 'string'
0:00:00.016189904  3820 0xf0a320 LOG   GST_POLL gstpoll.c:994:gst_poll_fd_ctl_write: 0xf12810: pfd->events now 60 (POLLOUT:4)
0:00:00.021456448  3819 0x16ef370 DEBUG   GST_REGISTRY gstregistrychunks.c:626:gst_registry_chunks_load_feature: Element factory : npadtemplates=2
0:00:00.016196748  3820 0xf0a320 DEBUG   GST_POLL gstpoll.c:980:gst_poll_fd_ctl_write: 0xf12810: fd (fd:0, idx:1), active : 1
0:00:00.021465732  3819 0x16ef370 DEBUG   GST_REGISTRY gstregistrychunks.c:526:gst_registry_chunks_load_pad_template: Reading/casting for GstRegistryChunkPadTemplate at address 0x170b130
0:00:00.016204275  3820 0xf0a320 LOG   GST_POLL gstpoll.c:994:gst_poll_fd_ctl_write: 0xf12810: pfd->events now 60 (POLLOUT:4)
0:00:00.021482082  3819 0x16ef370 DEBUG   GST_REGISTRY gstregistrychunks.c:539:gst_registry_chunks_load_pad_template: Added pad_template src_%u
0:00:00.016223931  3820 0xf0a320 DEBUG   GST_POLL gstpoll.c:980:gst_poll_fd_ctl_write: 0xf12810: fd (fd:0, idx:1), active : 1
0:00:00.021489317  3819 0x16ef370 DEBUG   GST_REGISTRY gstregistrychunks.c:526:gst_registry_chunks_load_pad_template: Reading/casting for GstRegistryChunkPadTemplate at address 0x170b148
0:00:00.016232540  3820 0xf0a320 LOG   GST_POLL gstpoll.c:994:gst_poll_fd_ctl_write: 0xf12810: pfd->events now 60 (POLLOUT:4)
0:00:00.021496824  3819 0x16ef370 DEBUG   GST_REGISTRY gstregistrychunks.c:539:gst_registry_chunks_load_pad_template: Added pad_template sink
0:00:00.016240369  3820 0xf0a320 DEBUG   GST_POLL gstpoll.c:980:gst_poll_fd_ctl_write: 0xf12810: fd (fd:0, idx:1), active : 1
0:00:00.021507733  3819 0x16ef370 DEBUG   GST_REGISTRY gstregistry.c:590:gst_registry_add_feature: adding feature 0x170ce60 (tee)
0:00:00.016247441  3820 0xf0a320 LOG   GST_POLL gstpoll.c:994:gst_poll_fd_ctl_write: 0xf12810: pfd->events now 60 (POLLOUT:4)
0:00:00.021515458  3819 0x16ef370 DEBUG   GST_REFCOUNTING gstobject.c:709:gst_object_set_parent: set parent (ref and sink)
0:00:00.016255872  3820 0xf0a320 DEBUG   GST_POLL gstpoll.c:980:gst_poll_fd_ctl_write: 0xf12810: fd (fd:0, idx:1), active : 1
0:00:00.016263319  3820 0xf0a320 LOG   GST_POLL gstpoll.c:994:gst_poll_fd_ctl_write: 0xf12810: pfd->events now 60 (POLLOUT:4)
0:00:00.021525358  3819 0x16ef370 TRACE   GST_REFCOUNTING gstobject.c:294:gst_object_ref_sink: 0x170ce60 ref_sink 1->2
0:00:00.016270586  3820 0xf0a320 DEBUG   GST_POLL gstpoll.c:980:gst_poll_fd_ctl_write: 0xf12810: fd (fd:0, idx:1), active : 1
0:00:00.021535516  3819 0x16ef370 LOG   GST_REGISTRY gstregistry.c:608:gst_registry_add_feature: emitting feature-added for tee
0:00:00.016277423  3820 0xf0a320 LOG   GST_POLL gstpoll.c:994:gst_poll_fd_ctl_write: 0xf12810: pfd->events now 60 (POLLOUT:4)
0:00:00.021545873  3819 0x16ef370 DEBUG   GST_REGISTRY gstregistrychunks.c:741:gst_registry_chunks_load_feature: Added feature tee, plugin 0x1709220 coreelements
0:00:00.016287301  3820 0xf0a320 DEBUG   GST_POLL gstpoll.c:980:gst_poll_fd_ctl_write: 0xf12810: fd (fd:0, idx:1), active : 1
0:00:00.021554466  3819 0x16ef370 DEBUG   GST_REGISTRY gstregistrychunks.c:583:gst_registry_chunks_load_feature: Plugin 'coreelements' feature 'filesink' typename : 'GstElementFactory'
0:00:00.016295066  3820 0xf0a320 LOG   GST_POLL gstpoll.c:994:gst_poll_fd_ctl_write: 0xf12810: pfd->events now 60 (POLLOUT:4)
0:00:00.016303090  3820 0xf0a320 DEBUG   GST_POLL gstpoll.c:980:gst_poll_fd_ctl_write: 0xf12810: fd (fd:0, idx:1), active : 1
0:00:00.021565176  3819 0x16ef370 TRACE   GST_REFCOUNTING gstobject.c:208:gst_object_init: 0x170d1b0 new
0:00:00.016309818  3820 0xf0a320 LOG   GST_POLL gstpoll.c:994:gst_poll_fd_ctl_write: 0xf12810: pfd->events now 60 (POLLOUT:4)
0:00:00.021577225  3819 0x16ef370 LOG   GST_REGISTRY gstregistrychunks.c:610:gst_registry_chunks_load_feature: Reading/casting for GstRegistryChunkElementFactory at address 0x170b178
0:00:00.016322333  3820 0xf0a320 DEBUG   GST_POLL gstpoll.c:980:gst_poll_fd_ctl_write: 0xf12810: fd (fd:0, idx:1), active : 1
0:00:00.021587882  3819 0x16ef370 TRACE   structure gststructure.c:287:gst_structure_new_id_empty_with_size: created structure 0x170d550
0:00:00.016328732  3820 0xf0a320 LOG   GST_POLL gstpoll.c:994:gst_poll_fd_ctl_write: 0xf12810: pfd->events now 60 (POLLOUT:4)
0:00:00.021594524  3819 0x16ef370 DEBUG   structure gststructure.c:2203:gst_structure_parse_field: trying field name 'long-name'
0:00:00.016335645  3820 0xf0a320 DEBUG   GST_POLL gstpoll.c:980:gst_poll_fd_ctl_write: 0xf12810: fd (fd:0, idx:1), active : 1
0:00:00.021600856  3819 0x16ef370 DEBUG   default gstvalue.c:2676:_priv_gst_value_parse_value: trying type name 'string'
0:00:00.016342111  3820 0xf0a320 LOG   GST_POLL gstpoll.c:994:gst_poll_fd_ctl_write: 0xf12810: pfd->events now 60 (POLLOUT:4)
0:00:00.021608465  3819 0x16ef370 DEBUG   structure gststructure.c:2203:gst_structure_parse_field: trying field name 'klass'
0:00:00.016357431  3820 0xf0a320 DEBUG   GST_POLL gstpoll.c:980:gst_poll_fd_ctl_write: 0xf12810: fd (fd:0, idx:1), active : 1
0:00:00.021621817  3819 0x16ef370 DEBUG   default gstvalue.c:2676:_priv_gst_value_parse_value: trying type name 'string'
0:00:00.016365359  3820 0xf0a320 LOG   GST_POLL gstpoll.c:994:gst_poll_fd_ctl_write: 0xf12810: pfd->events now 60 (POLLOUT:4)
0:00:00.021631148  3819 0x16ef370 DEBUG   structure gststructure.c:2203:gst_structure_parse_field: trying field name 'description'
0:00:00.016372597  3820 0xf0a320 DEBUG   GST_POLL gstpoll.c:980:gst_poll_fd_ctl_write: 0xf12810: fd (fd:0, idx:1), active : 1
0:00:00.021637423  3819 0x16ef370 DEBUG   default gstvalue.c:2676:_priv_gst_value_parse_value: trying type name 'string'
0:00:00.016379166  3820 0xf0a320 LOG   GST_POLL gstpoll.c:994:gst_poll_fd_ctl_write: 0xf12810: pfd->events now 60 (POLLOUT:4)
0:00:00.021644843  3819 0x16ef370 DEBUG   structure gststructure.c:2203:gst_structure_parse_field: trying field name 'author'
0:00:00.016386031  3820 0xf0a320 DEBUG   GST_POLL gstpoll.c:980:gst_poll_fd_ctl_write: 0xf12810: fd (fd:0, idx:1), active : 1
0:00:00.021650810  3819 0x16ef370 DEBUG   default gstvalue.c:2676:_priv_gst_value_parse_value: trying type name 'string'
0:00:00.016392731  3820 0xf0a320 LOG   GST_POLL gstpoll.c:994:gst_poll_fd_ctl_write: 0xf12810: pfd->events now 60 (POLLOUT:4)
0:00:00.021658714  3819 0x16ef370 DEBUG   GST_REGISTRY gstregistrychunks.c:626:gst_registry_chunks_load_feature: Element factory : npadtemplates=1
0:00:00.016399751  3820 0xf0a320 DEBUG   GST_POLL gstpoll.c:980:gst_poll_fd_ctl_write: 0xf12810: fd (fd:0, idx:1), active : 1
0:00:00.021665145  3819 0x16ef370 DEBUG   GST_REGISTRY gstregistrychunks.c:526:gst_registry_chunks_load_pad_template: Reading/casting for GstRegistryChunkPadTemplate at address 0x170b258
0:00:00.016406347  3820 0xf0a320 LOG   GST_POLL gstpoll.c:994:gst_poll_fd_ctl_write: 0xf12810: pfd->events now 60 (POLLOUT:4)
0:00:00.016419792  3820 0xf0a320 DEBUG   GST_POLL gstpoll.c:980:gst_poll_fd_ctl_write: 0xf12810: fd (fd:0, idx:1), active : 1
0:00:00.021677571  3819 0x16ef370 DEBUG   GST_REGISTRY gstregistrychunks.c:539:gst_registry_chunks_load_pad_template: Added pad_template sink
0:00:00.016427176  3820 0xf0a320 LOG   GST_POLL gstpoll.c:994:gst_poll_fd_ctl_write: 0xf12810: pfd->events now 60 (POLLOUT:4)
0:00:00.021695554  3819 0x16ef370 DEBUG   GST_REGISTRY gstregistrychunks.c:639:gst_registry_chunks_load_feature: Reading 1 UriTypes at address 0x170b269
0:00:00.016434476  3820 0xf0a320 DEBUG   GST_POLL gstpoll.c:980:gst_poll_fd_ctl_write: 0xf12810: fd (fd:0, idx:1), active : 1
0:00:00.021704842  3819 0x16ef370 DEBUG   GST_REGISTRY gstregistrychunks.c:654:gst_registry_chunks_load_feature: Reading 1 Interfaces at address 0x170b279
0:00:00.016443331  3820 0xf0a320 LOG   GST_POLL gstpoll.c:994:gst_poll_fd_ctl_write: 0xf12810: pfd->events now 60 (POLLOUT:4)
0:00:00.016451469  3820 0xf0a320 DEBUG   GST_POLL gstpoll.c:980:gst_poll_fd_ctl_write: 0xf12810: fd (fd:0, idx:1), active : 1
0:00:00.021716558  3819 0x16ef370 DEBUG   GST_REGISTRY gstregistry.c:590:gst_registry_add_feature: adding feature 0x170d1b0 (filesink)
0:00:00.016457543  3820 0xf0a320 LOG   GST_POLL gstpoll.c:994:gst_poll_fd_ctl_write: 0xf12810: pfd->events now 60 (POLLOUT:4)
0:00:00.016465506  3820 0xf0a320 DEBUG   GST_POLL gstpoll.c:980:gst_poll_fd_ctl_write: 0xf12810: fd (fd:0, idx:1), active : 1
0:00:00.021727053  3819 0x16ef370 DEBUG   GST_REFCOUNTING gstobject.c:709:gst_object_set_parent: set parent (ref and sink)
0:00:00.016471365  3820 0xf0a320 LOG   GST_POLL gstpoll.c:994:gst_poll_fd_ctl_write: 0xf12810: pfd->events now 60 (POLLOUT:4)
0:00:00.021755276  3819 0x16ef370 TRACE   GST_REFCOUNTING gstobject.c:294:gst_object_ref_sink: 0x170d1b0 ref_sink 1->2
0:00:00.016496389  3820 0xf0a320 DEBUG   GST_POLL gstpoll.c:980:gst_poll_fd_ctl_write: 0xf12810: fd (fd:0, idx:1), active : 1
0:00:00.021770342  3819 0x16ef370 LOG   GST_REGISTRY gstregistry.c:608:gst_registry_add_feature: emitting feature-added for filesink
0:00:00.016509602  3820 0xf0a320 LOG   GST_POLL gstpoll.c:994:gst_poll_fd_ctl_write: 0xf12810: pfd->events now 60 (POLLOUT:4)
0:00:00.021783006  3819 0x16ef370 DEBUG   GST_REGISTRY gstregistrychunks.c:741:gst_registry_chunks_load_feature: Added feature filesink, plugin 0x1709220 coreelements
0:00:00.016522124  3820 0xf0a320 DEBUG   GST_POLL gstpoll.c:980:gst_poll_fd_ctl_write: 0xf12810: fd (fd:0, idx:1), active : 1
0:00:00.021793843  3819 0x16ef370 DEBUG   GST_REGISTRY gstregistrychunks.c:583:gst_registry_chunks_load_feature: Plugin 'coreelements' feature 'queue2' typename : 'GstElementFactory'
0:00:00.016532884  3820 0xf0a320 LOG   GST_POLL gstpoll.c:994:gst_poll_fd_ctl_write: 0xf12810: pfd->events now 60 (POLLOUT:4)
0:00:00.021806628  3819 0x16ef370 TRACE   GST_REFCOUNTING gstobject.c:208:gst_object_init: 0x170d680 new
0:00:00.016551385  3820 0xf0a320 DEBUG   GST_POLL gstpoll.c:980:gst_poll_fd_ctl_write: 0xf12810: fd (fd:0, idx:1), active : 1
0:00:00.021820084  3819 0x16ef370 LOG   GST_REGISTRY gstregistrychunks.c:610:gst_registry_chunks_load_feature: Reading/casting for GstRegistryChunkElementFactory at address 0x170b2a0
0:00:00.016561960  3820 0xf0a320 LOG   GST_POLL gstpoll.c:994:gst_poll_fd_ctl_write: 0xf12810: pfd->events now 60 (POLLOUT:4)
0:00:00.021831514  3819 0x16ef370 TRACE   structure gststructure.c:287:gst_structure_new_id_empty_with_size: created structure 0x170d850
0:00:00.016571630  3820 0xf0a320 DEBUG   GST_POLL gstpoll.c:980:gst_poll_fd_ctl_write: 0xf12810: fd (fd:0, idx:1), active : 1
0:00:00.021840609  3819 0x16ef370 DEBUG   structure gststructure.c:2203:gst_structure_parse_field: trying field name 'long-name'
0:00:00.016581699  3820 0xf0a320 LOG   GST_POLL gstpoll.c:994:gst_poll_fd_ctl_write: 0xf12810: pfd->events now 60 (POLLOUT:4)
0:00:00.021849595  3819 0x16ef370 DEBUG   default gstvalue.c:2676:_priv_gst_value_parse_value: trying type name 'string'
0:00:00.016589623  3820 0xf0a320 DEBUG   GST_POLL gstpoll.c:980:gst_poll_fd_ctl_write: 0xf12810: fd (fd:0, idx:1), active : 1
0:00:00.016597992  3820 0xf0a320 LOG   GST_POLL gstpoll.c:994:gst_poll_fd_ctl_write: 0xf12810: pfd->events now 60 (POLLOUT:4)
0:00:00.021861896  3819 0x16ef370 DEBUG   structure gststructure.c:2203:gst_structure_parse_field: trying field name 'klass'
0:00:00.016604331  3820 0xf0a320 DEBUG   GST_POLL gstpoll.c:980:gst_poll_fd_ctl_write: 0xf12810: fd (fd:0, idx:1), active : 1
0:00:00.021872558  3819 0x16ef370 DEBUG   default gstvalue.c:2676:_priv_gst_value_parse_value: trying type name 'string'
0:00:00.016611401  3820 0xf0a320 LOG   GST_POLL gstpoll.c:994:gst_poll_fd_ctl_write: 0xf12810: pfd->events now 60 (POLLOUT:4)
0:00:00.021883058  3819 0x16ef370 DEBUG   structure gststructure.c:2203:gst_structure_parse_field: trying field name 'description'
0:00:00.016621659  3820 0xf0a320 DEBUG   GST_POLL gstpoll.c:980:gst_poll_fd_ctl_write: 0xf12810: fd (fd:0, idx:1), active : 1
0:00:00.021889325  3819 0x16ef370 DEBUG   default gstvalue.c:2676:_priv_gst_value_parse_value: trying type name 'string'
0:00:00.016629375  3820 0xf0a320 LOG   GST_POLL gstpoll.c:994:gst_poll_fd_ctl_write: 0xf12810: pfd->events now 60 (POLLOUT:4)
0:00:00.021896296  3819 0x16ef370 DEBUG   structure gststructure.c:2203:gst_structure_parse_field: trying field name 'author'
0:00:00.016636097  3820 0xf0a320 DEBUG   GST_POLL gstpoll.c:980:gst_poll_fd_ctl_write: 0xf12810: fd (fd:0, idx:1), active : 1
0:00:00.021902485  3819 0x16ef370 DEBUG   default gstvalue.c:2676:_priv_gst_value_parse_value: trying type name 'string'
0:00:00.016644965  3820 0xf0a320 LOG   GST_POLL gstpoll.c:994:gst_poll_fd_ctl_write: 0xf12810: pfd->events now 60 (POLLOUT:4)
0:00:00.021911133  3819 0x16ef370 DEBUG   GST_REGISTRY gstregistrychunks.c:626:gst_registry_chunks_load_feature: Element factory : npadtemplates=2
0:00:00.016658653  3820 0xf0a320 DEBUG   GST_POLL gstpoll.c:980:gst_poll_fd_ctl_write: 0xf12810: fd (fd:0, idx:1), active : 1
0:00:00.021922675  3819 0x16ef370 DEBUG   GST_REGISTRY gstregistrychunks.c:526:gst_registry_chunks_load_pad_template: Reading/casting for GstRegistryChunkPadTemplate at address 0x170b390
0:00:00.016665529  3820 0xf0a320 LOG   GST_POLL gstpoll.c:994:gst_poll_fd_ctl_write: 0xf12810: pfd->events now 60 (POLLOUT:4)
0:00:00.021932527  3819 0x16ef370 DEBUG   GST_REGISTRY gstregistrychunks.c:539:gst_registry_chunks_load_pad_template: Added pad_template sink
0:00:00.016672169  3820 0xf0a320 DEBUG   GST_POLL gstpoll.c:980:gst_poll_fd_ctl_write: 0xf12810: fd (fd:0, idx:1), active : 1
0:00:00.021940028  3819 0x16ef370 DEBUG   GST_REGISTRY gstregistrychunks.c:526:gst_registry_chunks_load_pad_template: Reading/casting for GstRegistryChunkPadTemplate at address 0x170b3a8
0:00:00.016679335  3820 0xf0a320 LOG   GST_POLL gstpoll.c:994:gst_poll_fd_ctl_write: 0xf12810: pfd->events now 60 (POLLOUT:4)
0:00:00.021946855  3819 0x16ef370 DEBUG   GST_REGISTRY gstregistrychunks.c:539:gst_registry_chunks_load_pad_template: Added pad_template src
0:00:00.016686559  3820 0xf0a320 DEBUG   GST_POLL gstpoll.c:980:gst_poll_fd_ctl_write: 0xf12810: fd (fd:0, idx:1), active : 1
0:00:00.016693082  3820 0xf0a320 LOG   GST_POLL gstpoll.c:994:gst_poll_fd_ctl_write: 0xf12810: pfd->events now 60 (POLLOUT:4)
0:00:00.021956605  3819 0x16ef370 DEBUG   GST_REGISTRY gstregistry.c:590:gst_registry_add_feature: adding feature 0x170d680 (queue2)
0:00:00.016699906  3820 0xf0a320 DEBUG   GST_POLL gstpoll.c:980:gst_poll_fd_ctl_write: 0xf12810: fd (fd:0, idx:1), active : 1
0:00:00.021964683  3819 0x16ef370 DEBUG   GST_REFCOUNTING gstobject.c:709:gst_object_set_parent: set parent (ref and sink)
0:00:00.016708807  3820 0xf0a320 LOG   GST_POLL gstpoll.c:994:gst_poll_fd_ctl_write: 0xf12810: pfd->events now 60 (POLLOUT:4)
0:00:00.021973823  3819 0x16ef370 TRACE   GST_REFCOUNTING gstobject.c:294:gst_object_ref_sink: 0x170d680 ref_sink 1->2
0:00:00.016717126  3820 0xf0a320 DEBUG   GST_POLL gstpoll.c:980:gst_poll_fd_ctl_write: 0xf12810: fd (fd:0, idx:1), active : 1
0:00:00.021981883  3819 0x16ef370 LOG   GST_REGISTRY gstregistry.c:608:gst_registry_add_feature: emitting feature-added for queue2
0:00:00.016724401  3820 0xf0a320 LOG   GST_POLL gstpoll.c:994:gst_poll_fd_ctl_write: 0xf12810: pfd->events now 60 (POLLOUT:4)
0:00:00.021990485  3819 0x16ef370 DEBUG   GST_REGISTRY gstregistrychunks.c:741:gst_registry_chunks_load_feature: Added feature queue2, plugin 0x1709220 coreelements
0:00:00.016732484  3820 0xf0a320 DEBUG   GST_POLL gstpoll.c:980:gst_poll_fd_ctl_write: 0xf12810: fd (fd:0, idx:1), active : 1
0:00:00.016739028  3820 0xf0a320 LOG   GST_POLL gstpoll.c:994:gst_poll_fd_ctl_write: 0xf12810: pfd->events now 60 (POLLOUT:4)
0:00:00.022000833  3819 0x16ef370 DEBUG   GST_REGISTRY gstregistrychunks.c:583:gst_registry_chunks_load_feature: Plugin 'coreelements' feature 'queue' typename : 'GstElementFactory'
0:00:00.016750071  3820 0xf0a320 DEBUG   GST_POLL gstpoll.c:980:gst_poll_fd_ctl_write: 0xf12810: fd (fd:0, idx:1), active : 1
0:00:00.022018378  3819 0x16ef370 TRACE   GST_REFCOUNTING gstobject.c:208:gst_object_init: 0x170daa0 new
0:00:00.016756861  3820 0xf0a320 LOG   GST_POLL gstpoll.c:994:gst_poll_fd_ctl_write: 0xf12810: pfd->events now 60 (POLLOUT:4)
0:00:00.016766323  3820 0xf0a320 DEBUG   GST_POLL gstpoll.c:980:gst_poll_fd_ctl_write: 0xf12810: fd (fd:0, idx:1), active : 1
0:00:00.022029215  3819 0x16ef370 LOG   GST_REGISTRY gstregistrychunks.c:610:gst_registry_chunks_load_feature: Reading/casting for GstRegistryChunkElementFactory at address 0x170b3d0
0:00:00.016774711  3820 0xf0a320 LOG   GST_POLL gstpoll.c:994:gst_poll_fd_ctl_write: 0xf12810: pfd->events now 60 (POLLOUT:4)
0:00:00.022039288  3819 0x16ef370 TRACE   structure gststructure.c:287:gst_structure_new_id_empty_with_size: created structure 0x170dbd0
0:00:00.016782673  3820 0xf0a320 DEBUG   GST_POLL gstpoll.c:980:gst_poll_fd_ctl_write: 0xf12810: fd (fd:0, idx:1), active : 1
0:00:00.022046698  3819 0x16ef370 DEBUG   structure gststructure.c:2203:gst_structure_parse_field: trying field name 'long-name'
0:00:00.016789302  3820 0xf0a320 LOG   GST_POLL gstpoll.c:994:gst_poll_fd_ctl_write: 0xf12810: pfd->events now 60 (POLLOUT:4)
0:00:00.022053891  3819 0x16ef370 DEBUG   default gstvalue.c:2676:_priv_gst_value_parse_value: trying type name 'string'
0:00:00.016796751  3820 0xf0a320 DEBUG   GST_POLL gstpoll.c:980:gst_poll_fd_ctl_write: 0xf12810: fd (fd:0, idx:1), active : 1
0:00:00.022061318  3819 0x16ef370 DEBUG   structure gststructure.c:2203:gst_structure_parse_field: trying field name 'klass'
0:00:00.016803706  3820 0xf0a320 LOG   GST_POLL gstpoll.c:994:gst_poll_fd_ctl_write: 0xf12810: pfd->events now 60 (POLLOUT:4)
0:00:00.022067916  3819 0x16ef370 DEBUG   default gstvalue.c:2676:_priv_gst_value_parse_value: trying type name 'string'
0:00:00.016811267  3820 0xf0a320 DEBUG   GST_POLL gstpoll.c:980:gst_poll_fd_ctl_write: 0xf12810: fd (fd:0, idx:1), active : 1
0:00:00.022078611  3819 0x16ef370 DEBUG   structure gststructure.c:2203:gst_structure_parse_field: trying field name 'description'
0:00:00.016817703  3820 0xf0a320 LOG   GST_POLL gstpoll.c:994:gst_poll_fd_ctl_write: 0xf12810: pfd->events now 60 (POLLOUT:4)
0:00:00.022086152  3819 0x16ef370 DEBUG   default gstvalue.c:2676:_priv_gst_value_parse_value: trying type name 'string'
0:00:00.016826514  3820 0xf0a320 DEBUG   GST_POLL gstpoll.c:980:gst_poll_fd_ctl_write: 0xf12810: fd (fd:0, idx:1), active : 1
0:00:00.022093669  3819 0x16ef370 DEBUG   structure gststructure.c:2203:gst_structure_parse_field: trying field name 'author'
0:00:00.016835570  3820 0xf0a320 LOG   GST_POLL gstpoll.c:994:gst_poll_fd_ctl_write: 0xf12810: pfd->events now 60 (POLLOUT:4)
0:00:00.022108186  3819 0x16ef370 DEBUG   default gstvalue.c:2676:_priv_gst_value_parse_value: trying type name 'string'
0:00:00.016849703  3820 0xf0a320 DEBUG   GST_POLL gstpoll.c:980:gst_poll_fd_ctl_write: 0xf12810: fd (fd:0, idx:1), active : 1
0:00:00.016856462  3820 0xf0a320 LOG   GST_POLL gstpoll.c:994:gst_poll_fd_ctl_write: 0xf12810: pfd->events now 60 (POLLOUT:4)
0:00:00.022123213  3819 0x16ef370 DEBUG   GST_REGISTRY gstregistrychunks.c:626:gst_registry_chunks_load_feature: Element factory : npadtemplates=2
0:00:00.016862737  3820 0xf0a320 DEBUG   GST_POLL gstpoll.c:980:gst_poll_fd_ctl_write: 0xf12810: fd (fd:0, idx:1), active : 1
0:00:00.022130074  3819 0x16ef370 DEBUG   GST_REGISTRY gstregistrychunks.c:526:gst_registry_chunks_load_pad_template: Reading/casting for GstRegistryChunkPadTemplate at address 0x170b488
0:00:00.016869846  3820 0xf0a320 LOG   GST_POLL gstpoll.c:994:gst_poll_fd_ctl_write: 0xf12810: pfd->events now 60 (POLLOUT:4)
0:00:00.022136847  3819 0x16ef370 DEBUG   GST_REGISTRY gstregistrychunks.c:539:gst_registry_chunks_load_pad_template: Added pad_template sink
0:00:00.016876843  3820 0xf0a320 DEBUG   GST_POLL gstpoll.c:980:gst_poll_fd_ctl_write: 0xf12810: fd (fd:0, idx:1), active : 1
0:00:00.022145627  3819 0x16ef370 DEBUG   GST_REGISTRY gstregistrychunks.c:526:gst_registry_chunks_load_pad_template: Reading/casting for GstRegistryChunkPadTemplate at address 0x170b4a0
0:00:00.016884152  3820 0xf0a320 LOG   GST_POLL gstpoll.c:994:gst_poll_fd_ctl_write: 0xf12810: pfd->events now 60 (POLLOUT:4)
0:00:00.022154177  3819 0x16ef370 DEBUG   GST_REGISTRY gstregistrychunks.c:539:gst_registry_chunks_load_pad_template: Added pad_template src
0:00:00.016893103  3820 0xf0a320 DEBUG   GST_POLL gstpoll.c:980:gst_poll_fd_ctl_write: 0xf12810: fd (fd:0, idx:1), active : 1
0:00:00.022164186  3819 0x16ef370 DEBUG   GST_REGISTRY gstregistry.c:590:gst_registry_add_feature: adding feature 0x170daa0 (queue)
0:00:00.016902825  3820 0xf0a320 LOG   GST_POLL gstpoll.c:994:gst_poll_fd_ctl_write: 0xf12810: pfd->events now 60 (POLLOUT:4)
0:00:00.022171646  3819 0x16ef370 DEBUG   GST_REFCOUNTING gstobject.c:709:gst_object_set_parent: set parent (ref and sink)
0:00:00.016911746  3820 0xf0a320 DEBUG   GST_POLL gstpoll.c:980:gst_poll_fd_ctl_write: 0xf12810: fd (fd:0, idx:1), active : 1
0:00:00.022179914  3819 0x16ef370 TRACE   GST_REFCOUNTING gstobject.c:294:gst_object_ref_sink: 0x170daa0 ref_sink 1->2
0:00:00.016918314  3820 0xf0a320 LOG   GST_POLL gstpoll.c:994:gst_poll_fd_ctl_write: 0xf12810: pfd->events now 60 (POLLOUT:4)
0:00:00.022187534  3819 0x16ef370 LOG   GST_REGISTRY gstregistry.c:608:gst_registry_add_feature: emitting feature-added for queue
0:00:00.016927453  3820 0xf0a320 LOG   GST_PLUGIN_LOADING gstpluginloader.c:646:put_chunk: Expanding tx buf from 10158 to 13209 for chunk of size 209
0:00:00.022195118  3819 0x16ef370 DEBUG   GST_REGISTRY gstregistrychunks.c:741:gst_registry_chunks_load_feature: Added feature queue, plugin 0x1709220 coreelements
0:00:00.022209036  3819 0x16ef370 DEBUG   GST_REGISTRY gstregistrychunks.c:583:gst_registry_chunks_load_feature: Plugin 'coreelements' feature 'output-selector' typename : 'GstElementFactory'
0:00:00.016948209  3820 0xf0a320 DEBUG   GST_POLL gstpoll.c:980:gst_poll_fd_ctl_write: 0xf12810: fd (fd:0, idx:1), active : 1
0:00:00.016959221  3820 0xf0a320 LOG   GST_POLL gstpoll.c:994:gst_poll_fd_ctl_write: 0xf12810: pfd->events now 60 (POLLOUT:4)
0:00:00.022221264  3819 0x16ef370 TRACE   GST_REFCOUNTING gstobject.c:208:gst_object_init: 0x170ddf0 new
0:00:00.016966956  3820 0xf0a320 DEBUG   GST_POLL gstpoll.c:980:gst_poll_fd_ctl_write: 0xf12810: fd (fd:0, idx:1), active : 1
0:00:00.022234238  3819 0x16ef370 LOG   GST_REGISTRY gstregistrychunks.c:610:gst_registry_chunks_load_feature: Reading/casting for GstRegistryChunkElementFactory at address 0x170b4d8
0:00:00.016973840  3820 0xf0a320 LOG   GST_POLL gstpoll.c:994:gst_poll_fd_ctl_write: 0xf12810: pfd->events now 60 (POLLOUT:4)
0:00:00.016981326  3820 0xf0a320 DEBUG   GST_POLL gstpoll.c:980:gst_poll_fd_ctl_write: 0xf12810: fd (fd:0, idx:1), active : 1
0:00:00.022246975  3819 0x16ef370 TRACE   structure gststructure.c:287:gst_structure_new_id_empty_with_size: created structure 0x170dfb0
0:00:00.016987098  3820 0xf0a320 LOG   GST_POLL gstpoll.c:994:gst_poll_fd_ctl_write: 0xf12810: pfd->events now 60 (POLLOUT:4)
0:00:00.022253963  3819 0x16ef370 DEBUG   structure gststructure.c:2203:gst_structure_parse_field: trying field name 'long-name'
0:00:00.016993732  3820 0xf0a320 DEBUG   GST_POLL gstpoll.c:980:gst_poll_fd_ctl_write: 0xf12810: fd (fd:0, idx:1), active : 1
0:00:00.022260481  3819 0x16ef370 DEBUG   default gstvalue.c:2676:_priv_gst_value_parse_value: trying type name 'string'
0:00:00.017000324  3820 0xf0a320 LOG   GST_POLL gstpoll.c:994:gst_poll_fd_ctl_write: 0xf12810: pfd->events now 60 (POLLOUT:4)
0:00:00.022268514  3819 0x16ef370 DEBUG   structure gststructure.c:2203:gst_structure_parse_field: trying field name 'klass'
0:00:00.017007275  3820 0xf0a320 DEBUG   GST_POLL gstpoll.c:980:gst_poll_fd_ctl_write: 0xf12810: fd (fd:0, idx:1), active : 1
0:00:00.022274791  3819 0x16ef370 DEBUG   default gstvalue.c:2676:_priv_gst_value_parse_value: trying type name 'string'
0:00:00.017017094  3820 0xf0a320 LOG   GST_POLL gstpoll.c:994:gst_poll_fd_ctl_write: 0xf12810: pfd->events now 60 (POLLOUT:4)
0:00:00.022284740  3819 0x16ef370 DEBUG   structure gststructure.c:2203:gst_structure_parse_field: trying field name 'description'
0:00:00.017025022  3820 0xf0a320 DEBUG   GST_POLL gstpoll.c:980:gst_poll_fd_ctl_write: 0xf12810: fd (fd:0, idx:1), active : 1
0:00:00.022292438  3819 0x16ef370 DEBUG   default gstvalue.c:2676:_priv_gst_value_parse_value: trying type name 'string'
0:00:00.017032453  3820 0xf0a320 LOG   GST_POLL gstpoll.c:994:gst_poll_fd_ctl_write: 0xf12810: pfd->events now 60 (POLLOUT:4)
0:00:00.022299857  3819 0x16ef370 DEBUG   structure gststructure.c:2203:gst_structure_parse_field: trying field name 'author'
0:00:00.017045029  3820 0xf0a320 DEBUG   GST_POLL gstpoll.c:980:gst_poll_fd_ctl_write: 0xf12810: fd (fd:0, idx:1), active : 1
0:00:00.022309212  3819 0x16ef370 DEBUG   default gstvalue.c:2676:_priv_gst_value_parse_value: trying type name 'string'
0:00:00.017051622  3820 0xf0a320 LOG   GST_POLL gstpoll.c:994:gst_poll_fd_ctl_write: 0xf12810: pfd->events now 60 (POLLOUT:4)
0:00:00.022317808  3819 0x16ef370 DEBUG   GST_REGISTRY gstregistrychunks.c:626:gst_registry_chunks_load_feature: Element factory : npadtemplates=2
0:00:00.017058667  3820 0xf0a320 DEBUG   GST_POLL gstpoll.c:980:gst_poll_fd_ctl_write: 0xf12810: fd (fd:0, idx:1), active : 1
0:00:00.022324439  3819 0x16ef370 DEBUG   GST_REGISTRY gstregistrychunks.c:526:gst_registry_chunks_load_pad_template: Reading/casting for GstRegistryChunkPadTemplate at address 0x170b5b0
0:00:00.017065146  3820 0xf0a320 LOG   GST_POLL gstpoll.c:994:gst_poll_fd_ctl_write: 0xf12810: pfd->events now 60 (POLLOUT:4)
0:00:00.022331225  3819 0x16ef370 DEBUG   GST_REGISTRY gstregistrychunks.c:539:gst_registry_chunks_load_pad_template: Added pad_template src_%u
0:00:00.017072074  3820 0xf0a320 DEBUG   GST_POLL gstpoll.c:980:gst_poll_fd_ctl_write: 0xf12810: fd (fd:0, idx:1), active : 1
0:00:00.022337409  3819 0x16ef370 DEBUG   GST_REGISTRY gstregistrychunks.c:526:gst_registry_chunks_load_pad_template: Reading/casting for GstRegistryChunkPadTemplate at address 0x170b5c8
0:00:00.017081722  3820 0xf0a320 LOG   GST_POLL gstpoll.c:994:gst_poll_fd_ctl_write: 0xf12810: pfd->events now 60 (POLLOUT:4)
0:00:00.022347459  3819 0x16ef370 DEBUG   GST_REGISTRY gstregistrychunks.c:539:gst_registry_chunks_load_pad_template: Added pad_template sink
0:00:00.017089884  3820 0xf0a320 DEBUG   GST_POLL gstpoll.c:980:gst_poll_fd_ctl_write: 0xf12810: fd (fd:0, idx:1), active : 1
0:00:00.017096921  3820 0xf0a320 LOG   GST_POLL gstpoll.c:994:gst_poll_fd_ctl_write: 0xf12810: pfd->events now 60 (POLLOUT:4)
0:00:00.022359176  3819 0x16ef370 DEBUG   GST_REGISTRY gstregistry.c:590:gst_registry_add_feature: adding feature 0x170ddf0 (output-selector)
0:00:00.017103515  3820 0xf0a320 DEBUG   GST_POLL gstpoll.c:980:gst_poll_fd_ctl_write: 0xf12810: fd (fd:0, idx:1), active : 1
0:00:00.022370782  3819 0x16ef370 DEBUG   GST_REFCOUNTING gstobject.c:709:gst_object_set_parent: set parent (ref and sink)
0:00:00.017109815  3820 0xf0a320 LOG   GST_POLL gstpoll.c:994:gst_poll_fd_ctl_write: 0xf12810: pfd->events now 60 (POLLOUT:4)
0:00:00.022379892  3819 0x16ef370 TRACE   GST_REFCOUNTING gstobject.c:294:gst_object_ref_sink: 0x170ddf0 ref_sink 1->2
0:00:00.017118066  3820 0xf0a320 DEBUG   GST_POLL gstpoll.c:980:gst_poll_fd_ctl_write: 0xf12810: fd (fd:0, idx:1), active : 1
0:00:00.022388081  3819 0x16ef370 LOG   GST_REGISTRY gstregistry.c:608:gst_registry_add_feature: emitting feature-added for output-selector
0:00:00.017126717  3820 0xf0a320 LOG   GST_POLL gstpoll.c:994:gst_poll_fd_ctl_write: 0xf12810: pfd->events now 60 (POLLOUT:4)
0:00:00.022401127  3819 0x16ef370 DEBUG   GST_REGISTRY gstregistrychunks.c:741:gst_registry_chunks_load_feature: Added feature output-selector, plugin 0x1709220 coreelements
0:00:00.017139531  3820 0xf0a320 DEBUG   GST_POLL gstpoll.c:980:gst_poll_fd_ctl_write: 0xf12810: fd (fd:0, idx:1), active : 1
0:00:00.022408928  3819 0x16ef370 DEBUG   GST_REGISTRY gstregistrychunks.c:583:gst_registry_chunks_load_feature: Plugin 'coreelements' feature 'input-selector' typename : 'GstElementFactory'
0:00:00.017149628  3820 0xf0a320 LOG   GST_POLL gstpoll.c:994:gst_poll_fd_ctl_write: 0xf12810: pfd->events now 60 (POLLOUT:4)
0:00:00.022418254  3819 0x16ef370 TRACE   GST_REFCOUNTING gstobject.c:208:gst_object_init: 0x170e380 new
0:00:00.017157314  3820 0xf0a320 DEBUG   GST_POLL gstpoll.c:980:gst_poll_fd_ctl_write: 0xf12810: fd (fd:0, idx:1), active : 1
0:00:00.017166238  3820 0xf0a320 LOG   GST_POLL gstpoll.c:994:gst_poll_fd_ctl_write: 0xf12810: pfd->events now 60 (POLLOUT:4)
0:00:00.022430198  3819 0x16ef370 LOG   GST_REGISTRY gstregistrychunks.c:610:gst_registry_chunks_load_feature: Reading/casting for GstRegistryChunkElementFactory at address 0x170b600
0:00:00.017172879  3820 0xf0a320 DEBUG   GST_POLL gstpoll.c:980:gst_poll_fd_ctl_write: 0xf12810: fd (fd:0, idx:1), active : 1
0:00:00.022439143  3819 0x16ef370 TRACE   structure gststructure.c:287:gst_structure_new_id_empty_with_size: created structure 0x170e6d0
0:00:00.017179841  3820 0xf0a320 LOG   GST_POLL gstpoll.c:994:gst_poll_fd_ctl_write: 0xf12810: pfd->events now 60 (POLLOUT:4)
0:00:00.022446534  3819 0x16ef370 DEBUG   structure gststructure.c:2203:gst_structure_parse_field: trying field name 'long-name'
0:00:00.017187068  3820 0xf0a320 DEBUG   GST_POLL gstpoll.c:980:gst_poll_fd_ctl_write: 0xf12810: fd (fd:0, idx:1), active : 1
0:00:00.022453350  3819 0x16ef370 DEBUG   default gstvalue.c:2676:_priv_gst_value_parse_value: trying type name 'string'
0:00:00.017193541  3820 0xf0a320 LOG   GST_POLL gstpoll.c:994:gst_poll_fd_ctl_write: 0xf12810: pfd->events now 60 (POLLOUT:4)
0:00:00.022460843  3819 0x16ef370 DEBUG   structure gststructure.c:2203:gst_structure_parse_field: trying field name 'klass'
0:00:00.017200316  3820 0xf0a320 DEBUG   GST_POLL gstpoll.c:980:gst_poll_fd_ctl_write: 0xf12810: fd (fd:0, idx:1), active : 1
0:00:00.022467434  3819 0x16ef370 DEBUG   default gstvalue.c:2676:_priv_gst_value_parse_value: trying type name 'string'
0:00:00.017209914  3820 0xf0a320 LOG   GST_POLL gstpoll.c:994:gst_poll_fd_ctl_write: 0xf12810: pfd->events now 60 (POLLOUT:4)
0:00:00.022474344  3819 0x16ef370 DEBUG   structure gststructure.c:2203:gst_structure_parse_field: trying field name 'description'
0:00:00.017218355  3820 0xf0a320 DEBUG   GST_POLL gstpoll.c:980:gst_poll_fd_ctl_write: 0xf12810: fd (fd:0, idx:1), active : 1
0:00:00.022482328  3819 0x16ef370 DEBUG   default gstvalue.c:2676:_priv_gst_value_parse_value: trying type name 'string'
0:00:00.017225910  3820 0xf0a320 LOG   GST_POLL gstpoll.c:994:gst_poll_fd_ctl_write: 0xf12810: pfd->events now 60 (POLLOUT:4)
0:00:00.017238506  3820 0xf0a320 DEBUG   GST_POLL gstpoll.c:980:gst_poll_fd_ctl_write: 0xf12810: fd (fd:0, idx:1), active : 1
0:00:00.022500675  3819 0x16ef370 DEBUG   structure gststructure.c:2203:gst_structure_parse_field: trying field name 'author'
0:00:00.017244448  3820 0xf0a320 LOG   GST_POLL gstpoll.c:994:gst_poll_fd_ctl_write: 0xf12810: pfd->events now 60 (POLLOUT:4)
0:00:00.022508997  3819 0x16ef370 DEBUG   default gstvalue.c:2676:_priv_gst_value_parse_value: trying type name 'string'
0:00:00.017251167  3820 0xf0a320 DEBUG   GST_POLL gstpoll.c:980:gst_poll_fd_ctl_write: 0xf12810: fd (fd:0, idx:1), active : 1
0:00:00.022518909  3819 0x16ef370 DEBUG   GST_REGISTRY gstregistrychunks.c:626:gst_registry_chunks_load_feature: Element factory : npadtemplates=2
0:00:00.022525636  3819 0x16ef370 DEBUG   GST_REGISTRY gstregistrychunks.c:526:gst_registry_chunks_load_pad_template: Reading/casting for GstRegistryChunkPadTemplate at address 0x170b730
0:00:00.017257977  3820 0xf0a320 LOG   GST_POLL gstpoll.c:994:gst_poll_fd_ctl_write: 0xf12810: pfd->events now 60 (POLLOUT:4)
0:00:00.022531578  3819 0x16ef370 DEBUG   GST_REGISTRY gstregistrychunks.c:539:gst_registry_chunks_load_pad_template: Added pad_template src
0:00:00.022539482  3819 0x16ef370 DEBUG   GST_REGISTRY gstregistrychunks.c:526:gst_registry_chunks_load_pad_template: Reading/casting for GstRegistryChunkPadTemplate at address 0x170b740
0:00:00.017277075  3820 0xf0a320 DEBUG   GST_POLL gstpoll.c:980:gst_poll_fd_ctl_write: 0xf12810: fd (fd:0, idx:1), active : 1
0:00:00.022545564  3819 0x16ef370 DEBUG   GST_REGISTRY gstregistrychunks.c:539:gst_registry_chunks_load_pad_template: Added pad_template sink_%u
0:00:00.017285899  3820 0xf0a320 LOG   GST_POLL gstpoll.c:994:gst_poll_fd_ctl_write: 0xf12810: pfd->events now 60 (POLLOUT:4)
0:00:00.022555006  3819 0x16ef370 DEBUG   GST_REGISTRY gstregistry.c:590:gst_registry_add_feature: adding feature 0x170e380 (input-selector)
0:00:00.017293014  3820 0xf0a320 DEBUG   GST_POLL gstpoll.c:980:gst_poll_fd_ctl_write: 0xf12810: fd (fd:0, idx:1), active : 1
0:00:00.017302701  3820 0xf0a320 LOG   GST_POLL gstpoll.c:994:gst_poll_fd_ctl_write: 0xf12810: pfd->events now 60 (POLLOUT:4)
0:00:00.022564628  3819 0x16ef370 DEBUG   GST_REFCOUNTING gstobject.c:709:gst_object_set_parent: set parent (ref and sink)
0:00:00.017308723  3820 0xf0a320 DEBUG   GST_POLL gstpoll.c:980:gst_poll_fd_ctl_write: 0xf12810: fd (fd:0, idx:1), active : 1
0:00:00.022574934  3819 0x16ef370 TRACE   GST_REFCOUNTING gstobject.c:294:gst_object_ref_sink: 0x170e380 ref_sink 1->2
0:00:00.017315382  3820 0xf0a320 LOG   GST_POLL gstpoll.c:994:gst_poll_fd_ctl_write: 0xf12810: pfd->events now 60 (POLLOUT:4)
0:00:00.022583499  3819 0x16ef370 LOG   GST_REGISTRY gstregistry.c:608:gst_registry_add_feature: emitting feature-added for input-selector
0:00:00.017322326  3820 0xf0a320 DEBUG   GST_POLL gstpoll.c:980:gst_poll_fd_ctl_write: 0xf12810: fd (fd:0, idx:1), active : 1
0:00:00.022599162  3819 0x16ef370 DEBUG   GST_REGISTRY gstregistrychunks.c:741:gst_registry_chunks_load_feature: Added feature input-selector, plugin 0x1709220 coreelements
0:00:00.017337673  3820 0xf0a320 LOG   GST_POLL gstpoll.c:994:gst_poll_fd_ctl_write: 0xf12810: pfd->events now 60 (POLLOUT:4)
0:00:00.022614915  3819 0x16ef370 DEBUG   GST_REGISTRY gstregistrychunks.c:583:gst_registry_chunks_load_feature: Plugin 'coreelements' feature 'identity' typename : 'GstElementFactory'
0:00:00.017358349  3820 0xf0a320 DEBUG   GST_POLL gstpoll.c:980:gst_poll_fd_ctl_write: 0xf12810: fd (fd:0, idx:1), active : 1
0:00:00.022624336  3819 0x16ef370 TRACE   GST_REFCOUNTING gstobject.c:208:gst_object_init: 0x170e950 new
0:00:00.017365629  3820 0xf0a320 LOG   GST_POLL gstpoll.c:994:gst_poll_fd_ctl_write: 0xf12810: pfd->events now 60 (POLLOUT:4)
0:00:00.017372635  3820 0xf0a320 DEBUG   GST_POLL gstpoll.c:980:gst_poll_fd_ctl_write: 0xf12810: fd (fd:0, idx:1), active : 1
0:00:00.022634569  3819 0x16ef370 LOG   GST_REGISTRY gstregistrychunks.c:610:gst_registry_chunks_load_feature: Reading/casting for GstRegistryChunkElementFactory at address 0x170b770
0:00:00.017378491  3820 0xf0a320 LOG   GST_POLL gstpoll.c:994:gst_poll_fd_ctl_write: 0xf12810: pfd->events now 60 (POLLOUT:4)
0:00:00.022645845  3819 0x16ef370 TRACE   structure gststructure.c:287:gst_structure_new_id_empty_with_size: created structure 0x170ea40
0:00:00.017385227  3820 0xf0a320 DEBUG   GST_POLL gstpoll.c:980:gst_poll_fd_ctl_write: 0xf12810: fd (fd:0, idx:1), active : 1
0:00:00.017394294  3820 0xf0a320 LOG   GST_POLL gstpoll.c:994:gst_poll_fd_ctl_write: 0xf12810: pfd->events now 60 (POLLOUT:4)
0:00:00.022657301  3819 0x16ef370 DEBUG   structure gststructure.c:2203:gst_structure_parse_field: trying field name 'long-name'
0:00:00.017400432  3820 0xf0a320 DEBUG   GST_POLL gstpoll.c:980:gst_poll_fd_ctl_write: 0xf12810: fd (fd:0, idx:1), active : 1
0:00:00.022665037  3819 0x16ef370 DEBUG   default gstvalue.c:2676:_priv_gst_value_parse_value: trying type name 'string'
0:00:00.017406610  3820 0xf0a320 LOG   GST_POLL gstpoll.c:994:gst_poll_fd_ctl_write: 0xf12810: pfd->events now 60 (POLLOUT:4)
0:00:00.022673058  3819 0x16ef370 DEBUG   structure gststructure.c:2203:gst_structure_parse_field: trying field name 'klass'
0:00:00.017415959  3820 0xf0a320 DEBUG   GST_POLL gstpoll.c:980:gst_poll_fd_ctl_write: 0xf12810: fd (fd:0, idx:1), active : 1
0:00:00.022679195  3819 0x16ef370 DEBUG   default gstvalue.c:2676:_priv_gst_value_parse_value: trying type name 'string'
0:00:00.017423571  3820 0xf0a320 LOG   GST_POLL gstpoll.c:994:gst_poll_fd_ctl_write: 0xf12810: pfd->events now 60 (POLLOUT:4)
0:00:00.022693298  3819 0x16ef370 DEBUG   structure gststructure.c:2203:gst_structure_parse_field: trying field name 'description'
0:00:00.017432730  3820 0xf0a320 DEBUG   GST_POLL gstpoll.c:980:gst_poll_fd_ctl_write: 0xf12810: fd (fd:0, idx:1), active : 1
0:00:00.022704288  3819 0x16ef370 DEBUG   default gstvalue.c:2676:_priv_gst_value_parse_value: trying type name 'string'
0:00:00.017444799  3820 0xf0a320 LOG   GST_POLL gstpoll.c:994:gst_poll_fd_ctl_write: 0xf12810: pfd->events now 60 (POLLOUT:4)
0:00:00.022711546  3819 0x16ef370 DEBUG   structure gststructure.c:2203:gst_structure_parse_field: trying field name 'author'
0:00:00.017451706  3820 0xf0a320 DEBUG   GST_POLL gstpoll.c:980:gst_poll_fd_ctl_write: 0xf12810: fd (fd:0, idx:1), active : 1
0:00:00.022719647  3819 0x16ef370 DEBUG   default gstvalue.c:2676:_priv_gst_value_parse_value: trying type name 'string'
0:00:00.017458587  3820 0xf0a320 LOG   GST_POLL gstpoll.c:994:gst_poll_fd_ctl_write: 0xf12810: pfd->events now 60 (POLLOUT:4)
0:00:00.022728810  3819 0x16ef370 DEBUG   GST_REGISTRY gstregistrychunks.c:626:gst_registry_chunks_load_feature: Element factory : npadtemplates=2
0:00:00.017467239  3820 0xf0a320 DEBUG   GST_POLL gstpoll.c:980:gst_poll_fd_ctl_write: 0xf12810: fd (fd:0, idx:1), active : 1
0:00:00.022735529  3819 0x16ef370 DEBUG   GST_REGISTRY gstregistrychunks.c:526:gst_registry_chunks_load_pad_template: Reading/casting for GstRegistryChunkPadTemplate at address 0x170b840
0:00:00.017475333  3820 0xf0a320 LOG   GST_POLL gstpoll.c:994:gst_poll_fd_ctl_write: 0xf12810: pfd->events now 60 (POLLOUT:4)
0:00:00.022756030  3819 0x16ef370 DEBUG   GST_REGISTRY gstregistrychunks.c:539:gst_registry_chunks_load_pad_template: Added pad_template sink
0:00:00.017501134  3820 0xf0a320 DEBUG   GST_POLL gstpoll.c:980:gst_poll_fd_ctl_write: 0xf12810: fd (fd:0, idx:1), active : 1
0:00:00.022765258  3819 0x16ef370 DEBUG   GST_REGISTRY gstregistrychunks.c:526:gst_registry_chunks_load_pad_template: Reading/casting for GstRegistryChunkPadTemplate at address 0x170b858
0:00:00.017508470  3820 0xf0a320 LOG   GST_POLL gstpoll.c:994:gst_poll_fd_ctl_write: 0xf12810: pfd->events now 60 (POLLOUT:4)
0:00:00.022775583  3819 0x16ef370 DEBUG   GST_REGISTRY gstregistrychunks.c:539:gst_registry_chunks_load_pad_template: Added pad_template src
0:00:00.017515659  3820 0xf0a320 DEBUG   GST_POLL gstpoll.c:980:gst_poll_fd_ctl_write: 0xf12810: fd (fd:0, idx:1), active : 1
0:00:00.017523979  3820 0xf0a320 LOG   GST_POLL gstpoll.c:994:gst_poll_fd_ctl_write: 0xf12810: pfd->events now 60 (POLLOUT:4)
0:00:00.022789557  3819 0x16ef370 DEBUG   GST_REGISTRY gstregistry.c:590:gst_registry_add_feature: adding feature 0x170e950 (identity)
0:00:00.017529808  3820 0xf0a320 DEBUG   GST_POLL gstpoll.c:980:gst_poll_fd_ctl_write: 0xf12810: fd (fd:0, idx:1), active : 1
0:00:00.017539562  3820 0xf0a320 LOG   GST_POLL gstpoll.c:994:gst_poll_fd_ctl_write: 0xf12810: pfd->events now 60 (POLLOUT:4)
0:00:00.022802267  3819 0x16ef370 DEBUG   GST_REFCOUNTING gstobject.c:709:gst_object_set_parent: set parent (ref and sink)
0:00:00.017548856  3820 0xf0a320 DEBUG   GST_POLL gstpoll.c:980:gst_poll_fd_ctl_write: 0xf12810: fd (fd:0, idx:1), active : 1
0:00:00.022814079  3819 0x16ef370 TRACE   GST_REFCOUNTING gstobject.c:294:gst_object_ref_sink: 0x170e950 ref_sink 1->2
0:00:00.017562350  3820 0xf0a320 LOG   GST_POLL gstpoll.c:994:gst_poll_fd_ctl_write: 0xf12810: pfd->events now 60 (POLLOUT:4)
0:00:00.022828491  3819 0x16ef370 LOG   GST_REGISTRY gstregistry.c:608:gst_registry_add_feature: emitting feature-added for identity
0:00:00.017569735  3820 0xf0a320 DEBUG   GST_POLL gstpoll.c:980:gst_poll_fd_ctl_write: 0xf12810: fd (fd:0, idx:1), active : 1
0:00:00.022836638  3819 0x16ef370 DEBUG   GST_REGISTRY gstregistrychunks.c:741:gst_registry_chunks_load_feature: Added feature identity, plugin 0x1709220 coreelements
0:00:00.017576211  3820 0xf0a320 LOG   GST_POLL gstpoll.c:994:gst_poll_fd_ctl_write: 0xf12810: pfd->events now 60 (POLLOUT:4)
0:00:00.022844171  3819 0x16ef370 DEBUG   GST_REGISTRY gstregistrychunks.c:583:gst_registry_chunks_load_feature: Plugin 'coreelements' feature 'funnel' typename : 'GstElementFactory'
0:00:00.017583502  3820 0xf0a320 DEBUG   GST_POLL gstpoll.c:980:gst_poll_fd_ctl_write: 0xf12810: fd (fd:0, idx:1), active : 1
0:00:00.017590756  3820 0xf0a320 LOG   GST_POLL gstpoll.c:994:gst_poll_fd_ctl_write: 0xf12810: pfd->events now 60 (POLLOUT:4)
0:00:00.022853721  3819 0x16ef370 TRACE   GST_REFCOUNTING gstobject.c:208:gst_object_init: 0x170ecc0 new
0:00:00.017596766  3820 0xf0a320 DEBUG   GST_POLL gstpoll.c:980:gst_poll_fd_ctl_write: 0xf12810: fd (fd:0, idx:1), active : 1
0:00:00.022863763  3819 0x16ef370 LOG   GST_REGISTRY gstregistrychunks.c:610:gst_registry_chunks_load_feature: Reading/casting for GstRegistryChunkElementFactory at address 0x170b888
0:00:00.017603178  3820 0xf0a320 LOG   GST_POLL gstpoll.c:994:gst_poll_fd_ctl_write: 0xf12810: pfd->events now 60 (POLLOUT:4)
0:00:00.022871238  3819 0x16ef370 TRACE   structure gststructure.c:287:gst_structure_new_id_empty_with_size: created structure 0x170ee80
0:00:00.017612797  3820 0xf0a320 DEBUG   GST_POLL gstpoll.c:980:gst_poll_fd_ctl_write: 0xf12810: fd (fd:0, idx:1), active : 1
0:00:00.022879691  3819 0x16ef370 DEBUG   structure gststructure.c:2203:gst_structure_parse_field: trying field name 'long-name'
0:00:00.017619832  3820 0xf0a320 LOG   GST_POLL gstpoll.c:994:gst_poll_fd_ctl_write: 0xf12810: pfd->events now 60 (POLLOUT:4)
0:00:00.022887295  3819 0x16ef370 DEBUG   default gstvalue.c:2676:_priv_gst_value_parse_value: trying type name 'string'
0:00:00.017627216  3820 0xf0a320 DEBUG   GST_POLL gstpoll.c:980:gst_poll_fd_ctl_write: 0xf12810: fd (fd:0, idx:1), active : 1
0:00:00.022895198  3819 0x16ef370 DEBUG   structure gststructure.c:2203:gst_structure_parse_field: trying field name 'klass'
0:00:00.017634091  3820 0xf0a320 LOG   GST_POLL gstpoll.c:994:gst_poll_fd_ctl_write: 0xf12810: pfd->events now 60 (POLLOUT:4)
0:00:00.022901628  3819 0x16ef370 DEBUG   default gstvalue.c:2676:_priv_gst_value_parse_value: trying type name 'string'
0:00:00.017641586  3820 0xf0a320 DEBUG   GST_POLL gstpoll.c:980:gst_poll_fd_ctl_write: 0xf12810: fd (fd:0, idx:1), active : 1
0:00:00.017653232  3820 0xf0a320 LOG   GST_POLL gstpoll.c:994:gst_poll_fd_ctl_write: 0xf12810: pfd->events now 60 (POLLOUT:4)
0:00:00.022918837  3819 0x16ef370 DEBUG   structure gststructure.c:2203:gst_structure_parse_field: trying field name 'description'
0:00:00.017659126  3820 0xf0a320 DEBUG   GST_POLL gstpoll.c:980:gst_poll_fd_ctl_write: 0xf12810: fd (fd:0, idx:1), active : 1
0:00:00.022925542  3819 0x16ef370 DEBUG   default gstvalue.c:2676:_priv_gst_value_parse_value: trying type name 'string'
0:00:00.017665459  3820 0xf0a320 LOG   GST_POLL gstpoll.c:994:gst_poll_fd_ctl_write: 0xf12810: pfd->events now 60 (POLLOUT:4)
0:00:00.022932750  3819 0x16ef370 DEBUG   structure gststructure.c:2203:gst_structure_parse_field: trying field name 'author'
0:00:00.017674589  3820 0xf0a320 DEBUG   GST_POLL gstpoll.c:980:gst_poll_fd_ctl_write: 0xf12810: fd (fd:0, idx:1), active : 1
0:00:00.022941190  3819 0x16ef370 DEBUG   default gstvalue.c:2676:_priv_gst_value_parse_value: trying type name 'string'
0:00:00.017681875  3820 0xf0a320 LOG   GST_POLL gstpoll.c:994:gst_poll_fd_ctl_write: 0xf12810: pfd->events now 60 (POLLOUT:4)
0:00:00.022950932  3819 0x16ef370 DEBUG   GST_REGISTRY gstregistrychunks.c:626:gst_registry_chunks_load_feature: Element factory : npadtemplates=2
0:00:00.017688667  3820 0xf0a320 DEBUG   GST_POLL gstpoll.c:980:gst_poll_fd_ctl_write: 0xf12810: fd (fd:0, idx:1), active : 1
0:00:00.022957909  3819 0x16ef370 DEBUG   GST_REGISTRY gstregistrychunks.c:526:gst_registry_chunks_load_pad_template: Reading/casting for GstRegistryChunkPadTemplate at address 0x170b960
0:00:00.017697847  3820 0xf0a320 LOG   GST_POLL gstpoll.c:994:gst_poll_fd_ctl_write: 0xf12810: pfd->events now 60 (POLLOUT:4)
0:00:00.022965039  3819 0x16ef370 DEBUG   GST_REGISTRY gstregistrychunks.c:539:gst_registry_chunks_load_pad_template: Added pad_template src
0:00:00.017704554  3820 0xf0a320 DEBUG   GST_POLL gstpoll.c:980:gst_poll_fd_ctl_write: 0xf12810: fd (fd:0, idx:1), active : 1
0:00:00.022971604  3819 0x16ef370 DEBUG   GST_REGISTRY gstregistrychunks.c:526:gst_registry_chunks_load_pad_template: Reading/casting for GstRegistryChunkPadTemplate at address 0x170b970
0:00:00.017710979  3820 0xf0a320 LOG   GST_POLL gstpoll.c:994:gst_poll_fd_ctl_write: 0xf12810: pfd->events now 60 (POLLOUT:4)
0:00:00.022978265  3819 0x16ef370 DEBUG   GST_REGISTRY gstregistrychunks.c:539:gst_registry_chunks_load_pad_template: Added pad_template sink_%u
0:00:00.017718155  3820 0xf0a320 DEBUG   GST_POLL gstpoll.c:980:gst_poll_fd_ctl_write: 0xf12810: fd (fd:0, idx:1), active : 1
0:00:00.017724423  3820 0xf0a320 LOG   GST_POLL gstpoll.c:994:gst_poll_fd_ctl_write: 0xf12810: pfd->events now 60 (POLLOUT:4)
0:00:00.022987515  3819 0x16ef370 DEBUG   GST_REGISTRY gstregistry.c:590:gst_registry_add_feature: adding feature 0x170ecc0 (funnel)
0:00:00.017733711  3820 0xf0a320 DEBUG   GST_POLL gstpoll.c:980:gst_poll_fd_ctl_write: 0xf12810: fd (fd:0, idx:1), active : 1
0:00:00.023001966  3819 0x16ef370 DEBUG   GST_REFCOUNTING gstobject.c:709:gst_object_set_parent: set parent (ref and sink)
0:00:00.017741571  3820 0xf0a320 LOG   GST_POLL gstpoll.c:994:gst_poll_fd_ctl_write: 0xf12810: pfd->events now 60 (POLLOUT:4)
0:00:00.017750383  3820 0xf0a320 DEBUG   GST_POLL gstpoll.c:980:gst_poll_fd_ctl_write: 0xf12810: fd (fd:0, idx:1), active : 1
