0:00:00.014158464  3820 0xf0a320 DEBUG   GST_POLL gstpoll.c:1414:gst_poll_wait: 0xf12810: timeout :0:00:01.000000000
0:00:00.014172727  3820 0xf0a320 LOG   GST_PLUGIN_LOADING gstpluginloader.c:1028:exchange_packets: Poll res = 2. 6872 bytes pending for write
0:00:00.014179905  3820 0xf0a320 DEBUG   GST_POLL gstpoll.c:1241:gst_poll_fd_has_error: 0xf12810: fd (fd:5, idx:2) 0
0:00:00.014185648  3820 0xf0a320 DEBUG   GST_POLL gstpoll.c:1266:gst_poll_fd_can_read_unlocked: 0xf12810: fd (fd:5, idx:2) 1
0:00:00.014199870  3820 0xf0a320 DEBUG   GST_PLUGIN_LOADING gstpluginloader.c:722:do_plugin_load: Plugin scanner loading file /home/conan/w/prod/BuildSingleReference/.conan/data/gstreamer/1.18.4/_/_/package/87c267dd1134a9a07d23e41650d01aade79b0036/lib/gstreamer-1.0/libgstcoretracers.so. tag 2
0:00:00.019459081  3819 0x16ef370 LOG   GST_PLUGIN_LOADING gstpluginloader.c:1028:exchange_packets: Poll res = 1. 0 bytes pending for write
0:00:00.014211295  3820 0xf0a320 TRACE   GST_REFCOUNTING gstobject.c:238:gst_object_ref: 0xf23e80 ref 1->2
0:00:00.019497898  3819 0x16ef370 DEBUG   GST_POLL gstpoll.c:1241:gst_poll_fd_has_error: 0x1708ba0: fd (fd:8, idx:2) 0
0:00:00.014236986  3820 0xf0a320 TRACE   GST_REFCOUNTING gstobject.c:238:gst_object_ref: 0xf24d80 ref 1->2
0:00:00.019507558  3819 0x16ef370 DEBUG   GST_POLL gstpoll.c:1266:gst_poll_fd_can_read_unlocked: 0x1708ba0: fd (fd:8, idx:2) 1
0:00:00.014246659  3820 0xf0a320 TRACE   GST_REFCOUNTING gstobject.c:238:gst_object_ref: 0xf24b30 ref 1->2
0:00:00.014259663  3820 0xf0a320 TRACE   GST_REFCOUNTING gstobject.c:238:gst_object_ref: 0xf24860 ref 1->2
0:00:00.014266670  3820 0xf0a320 TRACE   GST_REFCOUNTING gstobject.c:238:gst_object_ref: 0xf24650 ref 1->2
0:00:00.019528383  3819 0x16ef370 DEBUG   GST_PLUGIN_LOADING gstpluginloader.c:850:handle_rx_packet: Received plugin details from child w/ tag 0. 476 bytes info
0:00:00.014276631  3820 0xf0a320 TRACE   GST_REFCOUNTING gstobject.c:238:gst_object_ref: 0xf24160 ref 1->2
0:00:00.019542095  3819 0x16ef370 LOG   GST_REGISTRY gstregistrychunks.c:837:_priv_gst_registry_chunks_load_plugin: Reading/casting for GstRegistryChunkPluginElement at address 0x1709220
0:00:00.014288907  3820 0xf0a320 TRACE   GST_REFCOUNTING gstobject.c:265:gst_object_unref: 0xf24160 unref 2->1
0:00:00.014296563  3820 0xf0a320 TRACE   GST_REFCOUNTING gstobject.c:265:gst_object_unref: 0xf24650 unref 2->1
0:00:00.014303146  3820 0xf0a320 TRACE   GST_REFCOUNTING gstobject.c:265:gst_object_unref: 0xf24860 unref 2->1
0:00:00.019569856  3819 0x16ef370 TRACE   GST_REFCOUNTING gstobject.c:208:gst_object_init: 0x1708c00 new
0:00:00.014309477  3820 0xf0a320 TRACE   GST_REFCOUNTING gstobject.c:265:gst_object_unref: 0xf24b30 unref 2->1
0:00:00.014318161  3820 0xf0a320 TRACE   GST_REFCOUNTING gstobject.c:265:gst_object_unref: 0xf24d80 unref 2->1
0:00:00.014326180  3820 0xf0a320 DEBUG   GST_REGISTRY gstregistrychunks.c:498:_priv_gst_registry_chunks_save_plugin: Found 5 features in plugin 0xf23e80 (coretracers)
0:00:00.014332675  3820 0xf0a320 DEBUG   GST_POLL gstpoll.c:980:gst_poll_fd_ctl_write: 0xf12810: fd (fd:0, idx:1), active : 1
0:00:00.014341347  3820 0xf0a320 LOG   GST_POLL gstpoll.c:994:gst_poll_fd_ctl_write: 0xf12810: pfd->events now 60 (POLLOUT:4)
0:00:00.014353870  3820 0xf0a320 DEBUG   GST_POLL gstpoll.c:980:gst_poll_fd_ctl_write: 0xf12810: fd (fd:0, idx:1), active : 1
0:00:00.019619919  3819 0x16ef370 LOG   GST_REGISTRY gstregistrychunks.c:858:_priv_gst_registry_chunks_load_plugin: read strings for name='coretracers'
0:00:00.014359974  3820 0xf0a320 LOG   GST_POLL gstpoll.c:994:gst_poll_fd_ctl_write: 0xf12810: pfd->events now 60 (POLLOUT:4)
0:00:00.014368393  3820 0xf0a320 DEBUG   GST_POLL gstpoll.c:980:gst_poll_fd_ctl_write: 0xf12810: fd (fd:0, idx:1), active : 1
0:00:00.019630244  3819 0x16ef370 LOG   GST_REGISTRY gstregistrychunks.c:859:_priv_gst_registry_chunks_load_plugin: desc.description='GStreamer core tracers'
0:00:00.014374531  3820 0xf0a320 LOG   GST_POLL gstpoll.c:994:gst_poll_fd_ctl_write: 0xf12810: pfd->events now 60 (POLLOUT:4)
0:00:00.019640216  3819 0x16ef370 LOG   GST_REGISTRY gstregistrychunks.c:860:_priv_gst_registry_chunks_load_plugin: filename='/home/conan/w/prod/BuildSingleReference/.conan/data/gstreamer/1.18.4/_/_/package/87c267dd1134a9a07d23e41650d01aade79b0036/lib/gstreamer-1.0/libgstcoretracers.so'
0:00:00.014381098  3820 0xf0a320 DEBUG   GST_POLL gstpoll.c:980:gst_poll_fd_ctl_write: 0xf12810: fd (fd:0, idx:1), active : 1
0:00:00.019646947  3819 0x16ef370 LOG   GST_REGISTRY gstregistrychunks.c:861:_priv_gst_registry_chunks_load_plugin: desc.version='1.18.4'
0:00:00.014391943  3820 0xf0a320 LOG   GST_POLL gstpoll.c:994:gst_poll_fd_ctl_write: 0xf12810: pfd->events now 60 (POLLOUT:4)
0:00:00.019656298  3819 0x16ef370 LOG   GST_REGISTRY gstregistrychunks.c:862:_priv_gst_registry_chunks_load_plugin: desc.license='LGPL'
0:00:00.014398524  3820 0xf0a320 DEBUG   GST_POLL gstpoll.c:980:gst_poll_fd_ctl_write: 0xf12810: fd (fd:0, idx:1), active : 1
0:00:00.019662405  3819 0x16ef370 LOG   GST_REGISTRY gstregistrychunks.c:863:_priv_gst_registry_chunks_load_plugin: desc.source='gstreamer'
0:00:00.019670309  3819 0x16ef370 LOG   GST_REGISTRY gstregistrychunks.c:864:_priv_gst_registry_chunks_load_plugin: desc.package='GStreamer source release'
0:00:00.014407256  3820 0xf0a320 LOG   GST_POLL gstpoll.c:994:gst_poll_fd_ctl_write: 0xf12810: pfd->events now 60 (POLLOUT:4)
0:00:00.019676074  3819 0x16ef370 LOG   GST_REGISTRY gstregistrychunks.c:865:_priv_gst_registry_chunks_load_plugin: desc.origin='Unknown package origin'
0:00:00.014416501  3820 0xf0a320 DEBUG   GST_POLL gstpoll.c:980:gst_poll_fd_ctl_write: 0xf12810: fd (fd:0, idx:1), active : 1
0:00:00.019701270  3819 0x16ef370 LOG   GST_REGISTRY gstregistrychunks.c:866:_priv_gst_registry_chunks_load_plugin: desc.datetime=2021-03-15
0:00:00.014440595  3820 0xf0a320 LOG   GST_POLL gstpoll.c:994:gst_poll_fd_ctl_write: 0xf12810: pfd->events now 60 (POLLOUT:4)
0:00:00.014448796  3820 0xf0a320 DEBUG   GST_POLL gstpoll.c:980:gst_poll_fd_ctl_write: 0xf12810: fd (fd:0, idx:1), active : 1
0:00:00.014454374  3820 0xf0a320 LOG   GST_POLL gstpoll.c:994:gst_poll_fd_ctl_write: 0xf12810: pfd->events now 60 (POLLOUT:4)
0:00:00.019716634  3819 0x16ef370 DEBUG   GST_REGISTRY gstregistry.c:474:gst_registry_add_plugin: adding plugin 0x1708c00 for filename "/home/conan/w/prod/BuildSingleReference/.conan/data/gstreamer/1.18.4/_/_/package/87c267dd1134a9a07d23e41650d01aade79b0036/lib/gstreamer-1.0/libgstcoretracers.so"
0:00:00.014460250  3820 0xf0a320 DEBUG   GST_POLL gstpoll.c:980:gst_poll_fd_ctl_write: 0xf12810: fd (fd:0, idx:1), active : 1
0:00:00.014466541  3820 0xf0a320 LOG   GST_POLL gstpoll.c:994:gst_poll_fd_ctl_write: 0xf12810: pfd->events now 60 (POLLOUT:4)
0:00:00.019729407  3819 0x16ef370 TRACE   GST_REFCOUNTING gstobject.c:294:gst_object_ref_sink: 0x1708c00 ref_sink 1->2
0:00:00.014472327  3820 0xf0a320 DEBUG   GST_POLL gstpoll.c:980:gst_poll_fd_ctl_write: 0xf12810: fd (fd:0, idx:1), active : 1
0:00:00.014490659  3820 0xf0a320 LOG   GST_POLL gstpoll.c:994:gst_poll_fd_ctl_write: 0xf12810: pfd->events now 60 (POLLOUT:4)
0:00:00.019738344  3819 0x16ef370 LOG   GST_REGISTRY gstregistry.c:487:gst_registry_add_plugin: emitting plugin-added for filename "/home/conan/w/prod/BuildSingleReference/.conan/data/gstreamer/1.18.4/_/_/package/87c267dd1134a9a07d23e41650d01aade79b0036/lib/gstreamer-1.0/libgstcoretracers.so"
0:00:00.014498983  3820 0xf0a320 DEBUG   GST_POLL gstpoll.c:980:gst_poll_fd_ctl_write: 0xf12810: fd (fd:0, idx:1), active : 1
0:00:00.014514917  3820 0xf0a320 LOG   GST_POLL gstpoll.c:994:gst_poll_fd_ctl_write: 0xf12810: pfd->events now 60 (POLLOUT:4)
0:00:00.019777161  3819 0x16ef370 DEBUG   GST_REGISTRY gstregistrychunks.c:887:_priv_gst_registry_chunks_load_plugin: Added plugin 'coretracers' plugin with 5 features from binary registry
0:00:00.014520980  3820 0xf0a320 DEBUG   GST_POLL gstpoll.c:980:gst_poll_fd_ctl_write: 0xf12810: fd (fd:0, idx:1), active : 1
0:00:00.019786835  3819 0x16ef370 DEBUG   GST_REGISTRY gstregistrychunks.c:583:gst_registry_chunks_load_feature: Plugin 'coretracers' feature 'leaks' typename : 'GstTracerFactory'
0:00:00.014527295  3820 0xf0a320 LOG   GST_POLL gstpoll.c:994:gst_poll_fd_ctl_write: 0xf12810: pfd->events now 60 (POLLOUT:4)
0:00:00.014534336  3820 0xf0a320 DEBUG   GST_POLL gstpoll.c:980:gst_poll_fd_ctl_write: 0xf12810: fd (fd:0, idx:1), active : 1
0:00:00.014539811  3820 0xf0a320 LOG   GST_POLL gstpoll.c:994:gst_poll_fd_ctl_write: 0xf12810: pfd->events now 60 (POLLOUT:4)
0:00:00.019808944  3819 0x16ef370 TRACE   GST_REFCOUNTING gstobject.c:208:gst_object_init: 0x1709a90 new
0:00:00.014548516  3820 0xf0a320 DEBUG   GST_POLL gstpoll.c:980:gst_poll_fd_ctl_write: 0xf12810: fd (fd:0, idx:1), active : 1
0:00:00.014557092  3820 0xf0a320 LOG   GST_POLL gstpoll.c:994:gst_poll_fd_ctl_write: 0xf12810: pfd->events now 60 (POLLOUT:4)
0:00:00.019823540  3819 0x16ef370 DEBUG   GST_REGISTRY gstregistrychunks.c:718:gst_registry_chunks_load_feature: Reading/casting for GstRegistryChunkPluginFeature at address 0x1709368
0:00:00.014563164  3820 0xf0a320 DEBUG   GST_POLL gstpoll.c:980:gst_poll_fd_ctl_write: 0xf12810: fd (fd:0, idx:1), active : 1
0:00:00.014570459  3820 0xf0a320 LOG   GST_POLL gstpoll.c:994:gst_poll_fd_ctl_write: 0xf12810: pfd->events now 60 (POLLOUT:4)
0:00:00.019833732  3819 0x16ef370 DEBUG   GST_REGISTRY gstregistry.c:590:gst_registry_add_feature: adding feature 0x1709a90 (leaks)
0:00:00.014576539  3820 0xf0a320 DEBUG   GST_POLL gstpoll.c:980:gst_poll_fd_ctl_write: 0xf12810: fd (fd:0, idx:1), active : 1
0:00:00.019841658  3819 0x16ef370 DEBUG   GST_REFCOUNTING gstobject.c:709:gst_object_set_parent: set parent (ref and sink)
0:00:00.014583046  3820 0xf0a320 LOG   GST_POLL gstpoll.c:994:gst_poll_fd_ctl_write: 0xf12810: pfd->events now 60 (POLLOUT:4)
0:00:00.019849621  3819 0x16ef370 TRACE   GST_REFCOUNTING gstobject.c:294:gst_object_ref_sink: 0x1709a90 ref_sink 1->2
0:00:00.014589811  3820 0xf0a320 LOG   GST_PLUGIN_LOADING gstpluginloader.c:646:put_chunk: Expanding tx buf from 7717 to 10158 for chunk of size 17
0:00:00.019857234  3819 0x16ef370 LOG   GST_REGISTRY gstregistry.c:608:gst_registry_add_feature: emitting feature-added for leaks
0:00:00.014602729  3820 0xf0a320 DEBUG   GST_POLL gstpoll.c:980:gst_poll_fd_ctl_write: 0xf12810: fd (fd:0, idx:1), active : 1
0:00:00.019867591  3819 0x16ef370 DEBUG   GST_REGISTRY gstregistrychunks.c:741:gst_registry_chunks_load_feature: Added feature leaks, plugin 0x1708c00 coretracers
0:00:00.014615799  3820 0xf0a320 LOG   GST_POLL gstpoll.c:994:gst_poll_fd_ctl_write: 0xf12810: pfd->events now 60 (POLLOUT:4)
0:00:00.019881903  3819 0x16ef370 DEBUG   GST_REGISTRY gstregistrychunks.c:583:gst_registry_chunks_load_feature: Plugin 'coretracers' feature 'stats' typename : 'GstTracerFactory'
0:00:00.014622883  3820 0xf0a320 DEBUG   GST_POLL gstpoll.c:980:gst_poll_fd_ctl_write: 0xf12810: fd (fd:0, idx:1), active : 1
0:00:00.014629506  3820 0xf0a320 LOG   GST_POLL gstpoll.c:994:gst_poll_fd_ctl_write: 0xf12810: pfd->events now 60 (POLLOUT:4)
0:00:00.019891608  3819 0x16ef370 TRACE   GST_REFCOUNTING gstobject.c:208:gst_object_init: 0x1709c90 new
0:00:00.014635386  3820 0xf0a320 DEBUG   GST_POLL gstpoll.c:980:gst_poll_fd_ctl_write: 0xf12810: fd (fd:0, idx:1), active : 1
0:00:00.019902166  3819 0x16ef370 DEBUG   GST_REGISTRY gstregistrychunks.c:718:gst_registry_chunks_load_feature: Reading/casting for GstRegistryChunkPluginFeature at address 0x1709388
0:00:00.014641586  3820 0xf0a320 LOG   GST_POLL gstpoll.c:994:gst_poll_fd_ctl_write: 0xf12810: pfd->events now 60 (POLLOUT:4)
0:00:00.019910362  3819 0x16ef370 DEBUG   GST_REGISTRY gstregistry.c:590:gst_registry_add_feature: adding feature 0x1709c90 (stats)
0:00:00.014648493  3820 0xf0a320 DEBUG   GST_POLL gstpoll.c:980:gst_poll_fd_ctl_write: 0xf12810: fd (fd:0, idx:1), active : 1
0:00:00.019917134  3819 0x16ef370 DEBUG   GST_REFCOUNTING gstobject.c:709:gst_object_set_parent: set parent (ref and sink)
0:00:00.014656127  3820 0xf0a320 LOG   GST_POLL gstpoll.c:994:gst_poll_fd_ctl_write: 0xf12810: pfd->events now 60 (POLLOUT:4)
0:00:00.019924635  3819 0x16ef370 TRACE   GST_REFCOUNTING gstobject.c:294:gst_object_ref_sink: 0x1709c90 ref_sink 1->2
0:00:00.014665975  3820 0xf0a320 DEBUG   GST_POLL gstpoll.c:980:gst_poll_fd_ctl_write: 0xf12810: fd (fd:0, idx:1), active : 1
0:00:00.019931982  3819 0x16ef370 LOG   GST_REGISTRY gstregistry.c:608:gst_registry_add_feature: emitting feature-added for stats
0:00:00.014673439  3820 0xf0a320 LOG   GST_POLL gstpoll.c:994:gst_poll_fd_ctl_write: 0xf12810: pfd->events now 60 (POLLOUT:4)
0:00:00.019941662  3819 0x16ef370 DEBUG   GST_REGISTRY gstregistrychunks.c:741:gst_registry_chunks_load_feature: Added feature stats, plugin 0x1708c00 coretracers
0:00:00.014680343  3820 0xf0a320 DEBUG   GST_POLL gstpoll.c:980:gst_poll_fd_ctl_write: 0xf12810: fd (fd:0, idx:1), active : 1
0:00:00.019949763  3819 0x16ef370 DEBUG   GST_REGISTRY gstregistrychunks.c:583:gst_registry_chunks_load_feature: Plugin 'coretracers' feature 'rusage' typename : 'GstTracerFactory'
0:00:00.014688743  3820 0xf0a320 LOG   GST_POLL gstpoll.c:994:gst_poll_fd_ctl_write: 0xf12810: pfd->events now 60 (POLLOUT:4)
0:00:00.014696202  3820 0xf0a320 DEBUG   GST_POLL gstpoll.c:980:gst_poll_fd_ctl_write: 0xf12810: fd (fd:0, idx:1), active : 1
0:00:00.019958614  3819 0x16ef370 TRACE   GST_REFCOUNTING gstobject.c:208:gst_object_init: 0x1709de0 new
0:00:00.014707425  3820 0xf0a320 LOG   GST_POLL gstpoll.c:994:gst_poll_fd_ctl_write: 0xf12810: pfd->events now 60 (POLLOUT:4)
0:00:00.019974294  3819 0x16ef370 DEBUG   GST_REGISTRY gstregistrychunks.c:718:gst_registry_chunks_load_feature: Reading/casting for GstRegistryChunkPluginFeature at address 0x17093a8
0:00:00.014714153  3820 0xf0a320 DEBUG   GST_POLL gstpoll.c:980:gst_poll_fd_ctl_write: 0xf12810: fd (fd:0, idx:1), active : 1
0:00:00.019982280  3819 0x16ef370 DEBUG   GST_REGISTRY gstregistry.c:590:gst_registry_add_feature: adding feature 0x1709de0 (rusage)
0:00:00.014720505  3820 0xf0a320 LOG   GST_POLL gstpoll.c:994:gst_poll_fd_ctl_write: 0xf12810: pfd->events now 60 (POLLOUT:4)
0:00:00.019988795  3819 0x16ef370 DEBUG   GST_REFCOUNTING gstobject.c:709:gst_object_set_parent: set parent (ref and sink)
0:00:00.014731041  3820 0xf0a320 DEBUG   GST_POLL gstpoll.c:980:gst_poll_fd_ctl_write: 0xf12810: fd (fd:0, idx:1), active : 1
0:00:00.019996516  3819 0x16ef370 TRACE   GST_REFCOUNTING gstobject.c:294:gst_object_ref_sink: 0x1709de0 ref_sink 1->2
0:00:00.014738526  3820 0xf0a320 LOG   GST_POLL gstpoll.c:994:gst_poll_fd_ctl_write: 0xf12810: pfd->events now 60 (POLLOUT:4)
0:00:00.020003770  3819 0x16ef370 LOG   GST_REGISTRY gstregistry.c:608:gst_registry_add_feature: emitting feature-added for rusage
0:00:00.014745507  3820 0xf0a320 DEBUG   GST_POLL gstpoll.c:980:gst_poll_fd_ctl_write: 0xf12810: fd (fd:0, idx:1), active : 1
0:00:00.020013537  3819 0x16ef370 DEBUG   GST_REGISTRY gstregistrychunks.c:741:gst_registry_chunks_load_feature: Added feature rusage, plugin 0x1708c00 coretracers
0:00:00.014752191  3820 0xf0a320 LOG   GST_POLL gstpoll.c:994:gst_poll_fd_ctl_write: 0xf12810: pfd->events now 60 (POLLOUT:4)
0:00:00.020022198  3819 0x16ef370 DEBUG   GST_REGISTRY gstregistrychunks.c:583:gst_registry_chunks_load_feature: Plugin 'coretracers' feature 'log' typename : 'GstTracerFactory'
0:00:00.014761039  3820 0xf0a320 DEBUG   GST_POLL gstpoll.c:980:gst_poll_fd_ctl_write: 0xf12810: fd (fd:0, idx:1), active : 1
0:00:00.014768159  3820 0xf0a320 LOG   GST_POLL gstpoll.c:994:gst_poll_fd_ctl_write: 0xf12810: pfd->events now 60 (POLLOUT:4)
0:00:00.020031142  3819 0x16ef370 TRACE   GST_REFCOUNTING gstobject.c:208:gst_object_init: 0x1709f30 new
0:00:00.014774328  3820 0xf0a320 DEBUG   GST_POLL gstpoll.c:980:gst_poll_fd_ctl_write: 0xf12810: fd (fd:0, idx:1), active : 1
0:00:00.020040820  3819 0x16ef370 DEBUG   GST_REGISTRY gstregistrychunks.c:718:gst_registry_chunks_load_feature: Reading/casting for GstRegistryChunkPluginFeature at address 0x17093c8
0:00:00.014780534  3820 0xf0a320 LOG   GST_POLL gstpoll.c:994:gst_poll_fd_ctl_write: 0xf12810: pfd->events now 60 (POLLOUT:4)
0:00:00.020049327  3819 0x16ef370 DEBUG   GST_REGISTRY gstregistry.c:590:gst_registry_add_feature: adding feature 0x1709f30 (log)
0:00:00.014790770  3820 0xf0a320 TRACE   GST_REFCOUNTING gstobject.c:265:gst_object_unref: 0xf23e80 unref 2->1
0:00:00.020062265  3819 0x16ef370 DEBUG   GST_REFCOUNTING gstobject.c:709:gst_object_set_parent: set parent (ref and sink)
0:00:00.014803224  3820 0xf0a320 DEBUG   GST_POLL gstpoll.c:1241:gst_poll_fd_has_error: 0xf12810: fd (fd:0, idx:1) 0
0:00:00.020070162  3819 0x16ef370 TRACE   GST_REFCOUNTING gstobject.c:294:gst_object_ref_sink: 0x1709f30 ref_sink 1->2
0:00:00.014810891  3820 0xf0a320 DEBUG   GST_POLL gstpoll.c:1335:gst_poll_fd_can_write: 0xf12810: fd (fd:0, idx:1) 1
0:00:00.020077634  3819 0x16ef370 LOG   GST_REGISTRY gstregistry.c:608:gst_registry_add_feature: emitting feature-added for log
0:00:00.014817515  3820 0xf0a320 LOG   GST_PLUGIN_LOADING gstpluginloader.c:690:write_one: Writing packet of size 6872 bytes to fd 0
0:00:00.020087355  3819 0x16ef370 DEBUG   GST_REGISTRY gstregistrychunks.c:741:gst_registry_chunks_load_feature: Added feature log, plugin 0x1708c00 coretracers
0:00:00.014830706  3820 0xf0a320 DEBUG   GST_POLL gstpoll.c:1414:gst_poll_wait: 0xf12810: timeout :0:00:01.000000000
0:00:00.020095431  3819 0x16ef370 DEBUG   GST_REGISTRY gstregistrychunks.c:583:gst_registry_chunks_load_feature: Plugin 'coretracers' feature 'latency' typename : 'GstTracerFactory'
0:00:00.014840915  3820 0xf0a320 LOG   GST_PLUGIN_LOADING gstpluginloader.c:1028:exchange_packets: Poll res = 2. 488 bytes pending for write
0:00:00.020104615  3819 0x16ef370 TRACE   GST_REFCOUNTING gstobject.c:208:gst_object_init: 0x170a130 new
0:00:00.014850563  3820 0xf0a320 DEBUG   GST_POLL gstpoll.c:1241:gst_poll_fd_has_error: 0xf12810: fd (fd:5, idx:2) 0
0:00:00.020115668  3819 0x16ef370 DEBUG   GST_REGISTRY gstregistrychunks.c:718:gst_registry_chunks_load_feature: Reading/casting for GstRegistryChunkPluginFeature at address 0x17093f0
0:00:00.014858850  3820 0xf0a320 DEBUG   GST_POLL gstpoll.c:1266:gst_poll_fd_can_read_unlocked: 0xf12810: fd (fd:5, idx:2) 1
0:00:00.020124476  3819 0x16ef370 DEBUG   GST_REGISTRY gstregistry.c:590:gst_registry_add_feature: adding feature 0x170a130 (latency)
0:00:00.020130956  3819 0x16ef370 DEBUG   GST_REFCOUNTING gstobject.c:709:gst_object_set_parent: set parent (ref and sink)
0:00:00.014869367  3820 0xf0a320 DEBUG   GST_PLUGIN_LOADING gstpluginloader.c:722:do_plugin_load: Plugin scanner loading file /home/conan/w/prod/BuildSingleReference/.conan/data/gstreamer/1.18.4/_/_/package/87c267dd1134a9a07d23e41650d01aade79b0036/lib/gstreamer-1.0/libgstcoreelements.so. tag 3
0:00:00.020138355  3819 0x16ef370 TRACE   GST_REFCOUNTING gstobject.c:294:gst_object_ref_sink: 0x170a130 ref_sink 1->2
0:00:00.014878871  3820 0xf0a320 TRACE   GST_REFCOUNTING gstobject.c:238:gst_object_ref: 0xf26130 ref 1->2
0:00:00.020145727  3819 0x16ef370 LOG   GST_REGISTRY gstregistry.c:608:gst_registry_add_feature: emitting feature-added for latency
0:00:00.014887006  3820 0xf0a320 TRACE   GST_REFCOUNTING gstobject.c:238:gst_object_ref: 0xf412d0 ref 1->2
0:00:00.020155276  3819 0x16ef370 DEBUG   GST_REGISTRY gstregistrychunks.c:741:gst_registry_chunks_load_feature: Added feature latency, plugin 0x1708c00 coretracers
0:00:00.014899635  3820 0xf0a320 TRACE   GST_REFCOUNTING gstobject.c:238:gst_object_ref: 0xf40610 ref 1->2
0:00:00.020165566  3819 0x16ef370 LOG   GST_PLUGIN_LOADING gstpluginloader.c:889:handle_rx_packet: marking plugin 0x1708c00 as registered as /home/conan/w/prod/BuildSingleReference/.conan/data/gstreamer/1.18.4/_/_/package/87c267dd1134a9a07d23e41650d01aade79b0036/lib/gstreamer-1.0/libgstcoretracers.so
0:00:00.014910169  3820 0xf0a320 TRACE   GST_REFCOUNTING gstobject.c:238:gst_object_ref: 0xf3eea0 ref 1->2
0:00:00.020180773  3819 0x16ef370 DEBUG   GST_POLL gstpoll.c:1414:gst_poll_wait: 0x1708ba0: timeout :0:00:01.000000000
0:00:00.014918927  3820 0xf0a320 TRACE   GST_REFCOUNTING gstobject.c:238:gst_object_ref: 0xf3e050 ref 1->2
0:00:00.014927723  3820 0xf0a320 TRACE   GST_REFCOUNTING gstobject.c:238:gst_object_ref: 0xf3cef0 ref 1->2
0:00:00.020192698  3819 0x16ef370 LOG   GST_PLUGIN_LOADING gstpluginloader.c:1028:exchange_packets: Poll res = 1. 0 bytes pending for write
0:00:00.014934690  3820 0xf0a320 TRACE   GST_REFCOUNTING gstobject.c:238:gst_object_ref: 0xf3bdf0 ref 1->2
0:00:00.020200681  3819 0x16ef370 DEBUG   GST_POLL gstpoll.c:1241:gst_poll_fd_has_error: 0x1708ba0: fd (fd:8, idx:2) 0
0:00:00.014941678  3820 0xf0a320 TRACE   GST_REFCOUNTING gstobject.c:238:gst_object_ref: 0xf3a4a0 ref 1->2
0:00:00.020207586  3819 0x16ef370 DEBUG   GST_POLL gstpoll.c:1266:gst_poll_fd_can_read_unlocked: 0x1708ba0: fd (fd:8, idx:2) 1
0:00:00.014948821  3820 0xf0a320 TRACE   GST_REFCOUNTING gstobject.c:238:gst_object_ref: 0xf38990 ref 1->2
0:00:00.014956023  3820 0xf0a320 TRACE   GST_REFCOUNTING gstobject.c:238:gst_object_ref: 0xf37880 ref 1->2
0:00:00.020218083  3819 0x16ef370 LOG   GST_PLUGIN_LOADING gstpluginloader.c:986:read_one: Expanding rx buf from 512 to 7384
0:00:00.014962939  3820 0xf0a320 TRACE   GST_REFCOUNTING gstobject.c:238:gst_object_ref: 0xf36660 ref 1->2
0:00:00.014972683  3820 0xf0a320 TRACE   GST_REFCOUNTING gstobject.c:238:gst_object_ref: 0xf35030 ref 1->2
0:00:00.020242382  3819 0x16ef370 DEBUG   GST_PLUGIN_LOADING gstpluginloader.c:850:handle_rx_packet: Received plugin details from child w/ tag 1. 6860 bytes info
0:00:00.014980613  3820 0xf0a320 TRACE   GST_REFCOUNTING gstobject.c:238:gst_object_ref: 0xf34380 ref 1->2
0:00:00.020250404  3819 0x16ef370 LOG   GST_REGISTRY gstregistrychunks.c:837:_priv_gst_registry_chunks_load_plugin: Reading/casting for GstRegistryChunkPluginElement at address 0x170aa70
0:00:00.014990149  3820 0xf0a320 TRACE   GST_REFCOUNTING gstobject.c:238:gst_object_ref: 0xf33750 ref 1->2
0:00:00.020259350  3819 0x16ef370 TRACE   GST_REFCOUNTING gstobject.c:208:gst_object_init: 0x1709220 new
0:00:00.014997727  3820 0xf0a320 TRACE   GST_REFCOUNTING gstobject.c:238:gst_object_ref: 0xf2aca0 ref 1->2
0:00:00.015012035  3820 0xf0a320 TRACE   GST_REFCOUNTING gstobject.c:238:gst_object_ref: 0xf30b50 ref 1->2
0:00:00.015018436  3820 0xf0a320 TRACE   GST_REFCOUNTING gstobject.c:238:gst_object_ref: 0xf2e520 ref 1->2
0:00:00.020281248  3819 0x16ef370 LOG   GST_REGISTRY gstregistrychunks.c:858:_priv_gst_registry_chunks_load_plugin: read strings for name='coreelements'
0:00:00.015024816  3820 0xf0a320 TRACE   GST_REFCOUNTING gstobject.c:238:gst_object_ref: 0xf2c9d0 ref 1->2
0:00:00.020290218  3819 0x16ef370 LOG   GST_REGISTRY gstregistrychunks.c:859:_priv_gst_registry_chunks_load_plugin: desc.description='GStreamer core elements'
0:00:00.015031971  3820 0xf0a320 TRACE   GST_REFCOUNTING gstobject.c:238:gst_object_ref: 0xf2b990 ref 1->2
0:00:00.020297578  3819 0x16ef370 LOG   GST_REGISTRY gstregistrychunks.c:860:_priv_gst_registry_chunks_load_plugin: filename='/home/conan/w/prod/BuildSingleReference/.conan/data/gstreamer/1.18.4/_/_/package/87c267dd1134a9a07d23e41650d01aade79b0036/lib/gstreamer-1.0/libgstcoreelements.so'
0:00:00.020304062  3819 0x16ef370 LOG   GST_REGISTRY gstregistrychunks.c:861:_priv_gst_registry_chunks_load_plugin: desc.version='1.18.4'
0:00:00.015041875  3820 0xf0a320 TRACE   GST_REFCOUNTING gstobject.c:238:gst_object_ref: 0xf29ee0 ref 1->2
0:00:00.020309131  3819 0x16ef370 LOG   GST_REGISTRY gstregistrychunks.c:862:_priv_gst_registry_chunks_load_plugin: desc.license='LGPL'
0:00:00.015050088  3820 0xf0a320 TRACE   GST_REFCOUNTING gstobject.c:238:gst_object_ref: 0xf29010 ref 1->2
0:00:00.020315310  3819 0x16ef370 LOG   GST_REGISTRY gstregistrychunks.c:863:_priv_gst_registry_chunks_load_plugin: desc.source='gstreamer'
0:00:00.015057775  3820 0xf0a320 TRACE   GST_REFCOUNTING gstobject.c:238:gst_object_ref: 0xf28270 ref 1->2
0:00:00.020321618  3819 0x16ef370 LOG   GST_REGISTRY gstregistrychunks.c:864:_priv_gst_registry_chunks_load_plugin: desc.package='GStreamer source release'
0:00:00.015065525  3820 0xf0a320 TRACE   GST_REFCOUNTING gstobject.c:238:gst_object_ref: 0xf26580 ref 1->2
0:00:00.020329258  3819 0x16ef370 LOG   GST_REGISTRY gstregistrychunks.c:865:_priv_gst_registry_chunks_load_plugin: desc.origin='Unknown package origin'
0:00:00.015073624  3820 0xf0a320 DEBUG   GST_REGISTRY gstregistrychunks.c:265:gst_registry_chunks_save_feature: saved 0 interfaces 0 pad templates
0:00:00.020338664  3819 0x16ef370 LOG   GST_REGISTRY gstregistrychunks.c:866:_priv_gst_registry_chunks_load_plugin: desc.datetime=2021-03-15
0:00:00.015087631  3820 0xf0a320 DEBUG   GST_REGISTRY gstregistrychunks.c:265:gst_registry_chunks_save_feature: saved 0 interfaces 0 pad templates
0:00:00.020353145  3819 0x16ef370 DEBUG   GST_REGISTRY gstregistry.c:474:gst_registry_add_plugin: adding plugin 0x1709220 for filename "/home/conan/w/prod/BuildSingleReference/.conan/data/gstreamer/1.18.4/_/_/package/87c267dd1134a9a07d23e41650d01aade79b0036/lib/gstreamer-1.0/libgstcoreelements.so"
0:00:00.015098326  3820 0xf0a320 DEBUG   GST_REGISTRY gstregistrychunks.c:265:gst_registry_chunks_save_feature: saved 0 interfaces 0 pad templates
0:00:00.020367935  3819 0x16ef370 TRACE   GST_REFCOUNTING gstobject.c:294:gst_object_ref_sink: 0x1709220 ref_sink 1->2
0:00:00.015109819  3820 0xf0a320 DEBUG   GST_REGISTRY gstregistrychunks.c:265:gst_registry_chunks_save_feature: saved 1 interfaces 0 pad templates
0:00:00.020376516  3819 0x16ef370 LOG   GST_REGISTRY gstregistry.c:487:gst_registry_add_plugin: emitting plugin-added for filename "/home/conan/w/prod/BuildSingleReference/.conan/data/gstreamer/1.18.4/_/_/package/87c267dd1134a9a07d23e41650d01aade79b0036/lib/gstreamer-1.0/libgstcoreelements.so"
0:00:00.015119111  3820 0xf0a320 DEBUG   GST_REGISTRY gstregistrychunks.c:284:gst_registry_chunks_save_feature: Saved 1 UriTypes
0:00:00.020384647  3819 0x16ef370 DEBUG   GST_REGISTRY gstregistrychunks.c:887:_priv_gst_registry_chunks_load_plugin: Added plugin 'coreelements' plugin with 22 features from binary registry
0:00:00.020392222  3819 0x16ef370 DEBUG   GST_REGISTRY gstregistrychunks.c:583:gst_registry_chunks_load_feature: Plugin 'coreelements' feature 'streamiddemux' typename : 'GstElementFactory'
0:00:00.015132166  3820 0xf0a320 DEBUG   GST_REGISTRY gstregistrychunks.c:265:gst_registry_chunks_save_feature: saved 0 interfaces 0 pad templates
0:00:00.020403070  3819 0x16ef370 TRACE   GST_REFCOUNTING gstobject.c:208:gst_object_init: 0x1709590 new
0:00:00.015142687  3820 0xf0a320 DEBUG   GST_REGISTRY gstregistrychunks.c:265:gst_registry_chunks_save_feature: saved 0 interfaces 0 pad templates
0:00:00.020415414  3819 0x16ef370 LOG   GST_REGISTRY gstregistrychunks.c:610:gst_registry_chunks_load_feature: Reading/casting for GstRegistryChunkElementFactory at address 0x170abc8
0:00:00.015155186  3820 0xf0a320 DEBUG   GST_REGISTRY gstregistrychunks.c:265:gst_registry_chunks_save_feature: saved 0 interfaces 0 pad templates
0:00:00.020426686  3819 0x16ef370 TRACE   structure gststructure.c:287:gst_structure_new_id_empty_with_size: created structure 0x170a320
0:00:00.015167714  3820 0xf0a320 DEBUG   GST_REGISTRY gstregistrychunks.c:265:gst_registry_chunks_save_feature: saved 1 interfaces 0 pad templates
0:00:00.020434444  3819 0x16ef370 DEBUG   structure gststructure.c:2203:gst_structure_parse_field: trying field name 'long-name'
0:00:00.015174256  3820 0xf0a320 DEBUG   GST_REGISTRY gstregistrychunks.c:284:gst_registry_chunks_save_feature: Saved 1 UriTypes
0:00:00.015184283  3820 0xf0a320 DEBUG   GST_REGISTRY gstregistrychunks.c:265:gst_registry_chunks_save_feature: saved 1 interfaces 0 pad templates
0:00:00.020448960  3819 0x16ef370 DEBUG   default gstvalue.c:2676:_priv_gst_value_parse_value: trying type name 'string'
0:00:00.015190081  3820 0xf0a320 DEBUG   GST_REGISTRY gstregistrychunks.c:284:gst_registry_chunks_save_feature: Saved 1 UriTypes
0:00:00.020462970  3819 0x16ef370 DEBUG   structure gststructure.c:2203:gst_structure_parse_field: trying field name 'klass'
0:00:00.015203236  3820 0xf0a320 DEBUG   GST_REGISTRY gstregistrychunks.c:265:gst_registry_chunks_save_feature: saved 1 interfaces 0 pad templates
0:00:00.020473726  3819 0x16ef370 DEBUG   default gstvalue.c:2676:_priv_gst_value_parse_value: trying type name 'string'
0:00:00.015214319  3820 0xf0a320 DEBUG   GST_REGISTRY gstregistrychunks.c:284:gst_registry_chunks_save_feature: Saved 1 UriTypes
0:00:00.020485545  3819 0x16ef370 DEBUG   structure gststructure.c:2203:gst_structure_parse_field: trying field name 'description'
0:00:00.015224304  3820 0xf0a320 DEBUG   GST_REGISTRY gstregistrychunks.c:265:gst_registry_chunks_save_feature: saved 0 interfaces 0 pad templates
0:00:00.020493298  3819 0x16ef370 DEBUG   default gstvalue.c:2676:_priv_gst_value_parse_value: trying type name 'string'
0:00:00.015236632  3820 0xf0a320 DEBUG   GST_REGISTRY gstregistrychunks.c:265:gst_registry_chunks_save_feature: saved 0 interfaces 0 pad templates
0:00:00.020501364  3819 0x16ef370 DEBUG   structure gststructure.c:2203:gst_structure_parse_field: trying field name 'author'
0:00:00.020507574  3819 0x16ef370 DEBUG   default gstvalue.c:2676:_priv_gst_value_parse_value: trying type name 'string'
0:00:00.015246683  3820 0xf0a320 DEBUG   GST_REGISTRY gstregistrychunks.c:265:gst_registry_chunks_save_feature: saved 0 interfaces 0 pad templates
0:00:00.020514494  3819 0x16ef370 DEBUG   GST_REGISTRY gstregistrychunks.c:626:gst_registry_chunks_load_feature: Element factory : npadtemplates=2
0:00:00.015258591  3820 0xf0a320 DEBUG   GST_REGISTRY gstregistrychunks.c:265:gst_registry_chunks_save_feature: saved 0 interfaces 0 pad templates
0:00:00.020521218  3819 0x16ef370 DEBUG   GST_REGISTRY gstregistrychunks.c:526:gst_registry_chunks_load_pad_template: Reading/casting for GstRegistryChunkPadTemplate at address 0x170aca0
0:00:00.020531368  3819 0x16ef370 DEBUG   GST_REGISTRY gstregistrychunks.c:539:gst_registry_chunks_load_pad_template: Added pad_template src_%u
0:00:00.015269335  3820 0xf0a320 DEBUG   GST_REGISTRY gstregistrychunks.c:265:gst_registry_chunks_save_feature: saved 0 interfaces 0 pad templates
0:00:00.020536887  3819 0x16ef370 DEBUG   GST_REGISTRY gstregistrychunks.c:526:gst_registry_chunks_load_pad_template: Reading/casting for GstRegistryChunkPadTemplate at address 0x170acb8
0:00:00.015280394  3820 0xf0a320 DEBUG   GST_REGISTRY gstregistrychunks.c:265:gst_registry_chunks_save_feature: saved 0 interfaces 0 pad templates
0:00:00.020546812  3819 0x16ef370 DEBUG   GST_REGISTRY gstregistrychunks.c:539:gst_registry_chunks_load_pad_template: Added pad_template sink
0:00:00.015294355  3820 0xf0a320 DEBUG   GST_REGISTRY gstregistrychunks.c:265:gst_registry_chunks_save_feature: saved 1 interfaces 0 pad templates
0:00:00.020557335  3819 0x16ef370 DEBUG   GST_REGISTRY gstregistry.c:590:gst_registry_add_feature: adding feature 0x1709590 (streamiddemux)
0:00:00.015302269  3820 0xf0a320 DEBUG   GST_REGISTRY gstregistrychunks.c:284:gst_registry_chunks_save_feature: Saved 1 UriTypes
0:00:00.020568650  3819 0x16ef370 DEBUG   GST_REFCOUNTING gstobject.c:709:gst_object_set_parent: set parent (ref and sink)
0:00:00.020581797  3819 0x16ef370 TRACE   GST_REFCOUNTING gstobject.c:294:gst_object_ref_sink: 0x1709590 ref_sink 1->2
0:00:00.015320031  3820 0xf0a320 DEBUG   GST_REGISTRY gstregistrychunks.c:265:gst_registry_chunks_save_feature: saved 0 interfaces 0 pad templates
0:00:00.020588894  3819 0x16ef370 LOG   GST_REGISTRY gstregistry.c:608:gst_registry_add_feature: emitting feature-added for streamiddemux
0:00:00.020596366  3819 0x16ef370 DEBUG   GST_REGISTRY gstregistrychunks.c:741:gst_registry_chunks_load_feature: Added feature streamiddemux, plugin 0x1709220 coreelements
0:00:00.020602640  3819 0x16ef370 DEBUG   GST_REGISTRY gstregistrychunks.c:583:gst_registry_chunks_load_feature: Plugin 'coreelements' feature 'valve' typename : 'GstElementFactory'
0:00:00.020612731  3819 0x16ef370 TRACE   GST_REFCOUNTING gstobject.c:208:gst_object_init: 0x170a700 new
0:00:00.015352291  3820 0xf0a320 DEBUG   GST_REGISTRY gstregistrychunks.c:265:gst_registry_chunks_save_feature: saved 0 interfaces 0 pad templates
0:00:00.020626563  3819 0x16ef370 LOG   GST_REGISTRY gstregistrychunks.c:610:gst_registry_chunks_load_feature: Reading/casting for GstRegistryChunkElementFactory at address 0x170ace8
0:00:00.015367272  3820 0xf0a320 DEBUG   GST_REGISTRY gstregistrychunks.c:265:gst_registry_chunks_save_feature: saved 0 interfaces 0 pad templates
0:00:00.020638526  3819 0x16ef370 TRACE   structure gststructure.c:287:gst_structure_new_id_empty_with_size: created structure 0x170c820
0:00:00.015379750  3820 0xf0a320 DEBUG   GST_REGISTRY gstregistrychunks.c:265:gst_registry_chunks_save_feature: saved 0 interfaces 0 pad templates
0:00:00.020648575  3819 0x16ef370 DEBUG   structure gststructure.c:2203:gst_structure_parse_field: trying field name 'long-name'
0:00:00.020657086  3819 0x16ef370 DEBUG   default gstvalue.c:2676:_priv_gst_value_parse_value: trying type name 'string'
0:00:00.015396043  3820 0xf0a320 DEBUG   GST_REGISTRY gstregistrychunks.c:265:gst_registry_chunks_save_feature: saved 0 interfaces 0 pad templates
0:00:00.020666441  3819 0x16ef370 DEBUG   structure gststructure.c:2203:gst_structure_parse_field: trying field name 'klass'
0:00:00.015409794  3820 0xf0a320 TRACE   GST_REFCOUNTING gstobject.c:265:gst_object_unref: 0xf26580 unref 2->1
0:00:00.020675050  3819 0x16ef370 DEBUG   default gstvalue.c:2676:_priv_gst_value_parse_value: trying type name 'string'
0:00:00.015418747  3820 0xf0a320 TRACE   GST_REFCOUNTING gstobject.c:265:gst_object_unref: 0xf28270 unref 2->1
0:00:00.020692392  3819 0x16ef370 DEBUG   structure gststructure.c:2203:gst_structure_parse_field: trying field name 'description'
0:00:00.015430689  3820 0xf0a320 TRACE   GST_REFCOUNTING gstobject.c:265:gst_object_unref: 0xf29010 unref 2->1
0:00:00.020698884  3819 0x16ef370 DEBUG   default gstvalue.c:2676:_priv_gst_value_parse_value: trying type name 'string'
0:00:00.015439319  3820 0xf0a320 TRACE   GST_REFCOUNTING gstobject.c:265:gst_object_unref: 0xf29ee0 unref 2->1
0:00:00.015455371  3820 0xf0a320 TRACE   GST_REFCOUNTING gstobject.c:265:gst_object_unref: 0xf2b990 unref 2->1
0:00:00.020718179  3819 0x16ef370 DEBUG   structure gststructure.c:2203:gst_structure_parse_field: trying field name 'author'
0:00:00.015462346  3820 0xf0a320 TRACE   GST_REFCOUNTING gstobject.c:265:gst_object_unref: 0xf2c9d0 unref 2->1
0:00:00.020727076  3819 0x16ef370 DEBUG   default gstvalue.c:2676:_priv_gst_value_parse_value: trying type name 'string'
0:00:00.015469785  3820 0xf0a320 TRACE   GST_REFCOUNTING gstobject.c:265:gst_object_unref: 0xf2e520 unref 2->1
0:00:00.020735602  3819 0x16ef370 DEBUG   GST_REGISTRY gstregistrychunks.c:626:gst_registry_chunks_load_feature: Element factory : npadtemplates=2
0:00:00.015489523  3820 0xf0a320 TRACE   GST_REFCOUNTING gstobject.c:265:gst_object_unref: 0xf30b50 unref 2->1
0:00:00.015500195  3820 0xf0a320 TRACE   GST_REFCOUNTING gstobject.c:265:gst_object_unref: 0xf2aca0 unref 2->1
0:00:00.020766964  3819 0x16ef370 DEBUG   GST_REGISTRY gstregistrychunks.c:526:gst_registry_chunks_load_pad_template: Reading/casting for GstRegistryChunkPadTemplate at address 0x170add8
0:00:00.015507491  3820 0xf0a320 TRACE   GST_REFCOUNTING gstobject.c:265:gst_object_unref: 0xf33750 unref 2->1
0:00:00.020777505  3819 0x16ef370 DEBUG   GST_REGISTRY gstregistrychunks.c:539:gst_registry_chunks_load_pad_template: Added pad_template sink
0:00:00.015515932  3820 0xf0a320 TRACE   GST_REFCOUNTING gstobject.c:265:gst_object_unref: 0xf34380 unref 2->1
0:00:00.020786843  3819 0x16ef370 DEBUG   GST_REGISTRY gstregistrychunks.c:526:gst_registry_chunks_load_pad_template: Reading/casting for GstRegistryChunkPadTemplate at address 0x170adf0
0:00:00.015525898  3820 0xf0a320 TRACE   GST_REFCOUNTING gstobject.c:265:gst_object_unref: 0xf35030 unref 2->1
0:00:00.015536867  3820 0xf0a320 TRACE   GST_REFCOUNTING gstobject.c:265:gst_object_unref: 0xf36660 unref 2->1
0:00:00.020799332  3819 0x16ef370 DEBUG   GST_REGISTRY gstregistrychunks.c:539:gst_registry_chunks_load_pad_template: Added pad_template src
0:00:00.015543581  3820 0xf0a320 TRACE   GST_REFCOUNTING gstobject.c:265:gst_object_unref: 0xf37880 unref 2->1
0:00:00.020816053  3819 0x16ef370 DEBUG   GST_REGISTRY gstregistry.c:590:gst_registry_add_feature: adding feature 0x170a700 (valve)
0:00:00.015553731  3820 0xf0a320 TRACE   GST_REFCOUNTING gstobject.c:265:gst_object_unref: 0xf38990 unref 2->1
0:00:00.015565523  3820 0xf0a320 TRACE   GST_REFCOUNTING gstobject.c:265:gst_object_unref: 0xf3a4a0 unref 2->1
0:00:00.020826516  3819 0x16ef370 DEBUG   GST_REFCOUNTING gstobject.c:709:gst_object_set_parent: set parent (ref and sink)
0:00:00.015572631  3820 0xf0a320 TRACE   GST_REFCOUNTING gstobject.c:265:gst_object_unref: 0xf3bdf0 unref 2->1
0:00:00.020839842  3819 0x16ef370 TRACE   GST_REFCOUNTING gstobject.c:294:gst_object_ref_sink: 0x170a700 ref_sink 1->2
0:00:00.015585226  3820 0xf0a320 TRACE   GST_REFCOUNTING gstobject.c:265:gst_object_unref: 0xf3cef0 unref 2->1
0:00:00.020851924  3819 0x16ef370 LOG   GST_REGISTRY gstregistry.c:608:gst_registry_add_feature: emitting feature-added for valve
0:00:00.015592680  3820 0xf0a320 TRACE   GST_REFCOUNTING gstobject.c:265:gst_object_unref: 0xf3e050 unref 2->1
0:00:00.015600657  3820 0xf0a320 TRACE   GST_REFCOUNTING gstobject.c:265:gst_object_unref: 0xf3eea0 unref 2->1
0:00:00.020862656  3819 0x16ef370 DEBUG   GST_REGISTRY gstregistrychunks.c:741:gst_registry_chunks_load_feature: Added feature valve, plugin 0x1709220 coreelements
0:00:00.015607189  3820 0xf0a320 TRACE   GST_REFCOUNTING gstobject.c:265:gst_object_unref: 0xf40610 unref 2->1
0:00:00.020874044  3819 0x16ef370 DEBUG   GST_REGISTRY gstregistrychunks.c:583:gst_registry_chunks_load_feature: Plugin 'coreelements' feature 'multiqueue' typename : 'GstElementFactory'
0:00:00.015614559  3820 0xf0a320 TRACE   GST_REFCOUNTING gstobject.c:265:gst_object_unref: 0xf412d0 unref 2->1
0:00:00.015626973  3820 0xf0a320 DEBUG   GST_REGISTRY gstregistrychunks.c:498:_priv_gst_registry_chunks_save_plugin: Found 22 features in plugin 0xf26130 (coreelements)
0:00:00.020888694  3819 0x16ef370 TRACE   GST_REFCOUNTING gstobject.c:208:gst_object_init: 0x170a7f0 new
0:00:00.015635233  3820 0xf0a320 DEBUG   GST_POLL gstpoll.c:980:gst_poll_fd_ctl_write: 0xf12810: fd (fd:0, idx:1), active : 1
0:00:00.015642684  3820 0xf0a320 LOG   GST_POLL gstpoll.c:994:gst_poll_fd_ctl_write: 0xf12810: pfd->events now 60 (POLLOUT:4)
0:00:00.020906209  3819 0x16ef370 LOG   GST_REGISTRY gstregistrychunks.c:610:gst_registry_chunks_load_feature: Reading/casting for GstRegistryChunkElementFactory at address 0x170ae20
0:00:00.015649164  3820 0xf0a320 DEBUG   GST_POLL gstpoll.c:980:gst_poll_fd_ctl_write: 0xf12810: fd (fd:0, idx:1), active : 1
0:00:00.015655681  3820 0xf0a320 LOG   GST_POLL gstpoll.c:994:gst_poll_fd_ctl_write: 0xf12810: pfd->events now 60 (POLLOUT:4)
0:00:00.020918196  3819 0x16ef370 TRACE   structure gststructure.c:287:gst_structure_new_id_empty_with_size: created structure 0x170c9a0
0:00:00.015662196  3820 0xf0a320 DEBUG   GST_POLL gstpoll.c:980:gst_poll_fd_ctl_write: 0xf12810: fd (fd:0, idx:1), active : 1
0:00:00.020928304  3819 0x16ef370 DEBUG   structure gststructure.c:2203:gst_structure_parse_field: trying field name 'long-name'
0:00:00.015668711  3820 0xf0a320 LOG   GST_POLL gstpoll.c:994:gst_poll_fd_ctl_write: 0xf12810: pfd->events now 60 (POLLOUT:4)
0:00:00.020937695  3819 0x16ef370 DEBUG   default gstvalue.c:2676:_priv_gst_value_parse_value: trying type name 'string'
0:00:00.015676862  3820 0xf0a320 DEBUG   GST_POLL gstpoll.c:980:gst_poll_fd_ctl_write: 0xf12810: fd (fd:0, idx:1), active : 1
0:00:00.020948814  3819 0x16ef370 DEBUG   structure gststructure.c:2203:gst_structure_parse_field: trying field name 'klass'
0:00:00.015693845  3820 0xf0a320 LOG   GST_POLL gstpoll.c:994:gst_poll_fd_ctl_write: 0xf12810: pfd->events now 60 (POLLOUT:4)
0:00:00.020958570  3819 0x16ef370 DEBUG   default gstvalue.c:2676:_priv_gst_value_parse_value: trying type name 'string'
0:00:00.015701531  3820 0xf0a320 DEBUG   GST_POLL gstpoll.c:980:gst_poll_fd_ctl_write: 0xf12810: fd (fd:0, idx:1), active : 1
0:00:00.020968658  3819 0x16ef370 DEBUG   structure gststructure.c:2203:gst_structure_parse_field: trying field name 'description'
0:00:00.015708066  3820 0xf0a320 LOG   GST_POLL gstpoll.c:994:gst_poll_fd_ctl_write: 0xf12810: pfd->events now 60 (POLLOUT:4)
0:00:00.020977870  3819 0x16ef370 DEBUG   default gstvalue.c:2676:_priv_gst_value_parse_value: trying type name 'string'
0:00:00.015717484  3820 0xf0a320 DEBUG   GST_POLL gstpoll.c:980:gst_poll_fd_ctl_write: 0xf12810: fd (fd:0, idx:1), active : 1
0:00:00.015726171  3820 0xf0a320 LOG   GST_POLL gstpoll.c:994:gst_poll_fd_ctl_write: 0xf12810: pfd->events now 60 (POLLOUT:4)
0:00:00.020990573  3819 0x16ef370 DEBUG   structure gststructure.c:2203:gst_structure_parse_field: trying field name 'author'
0:00:00.015732243  3820 0xf0a320 DEBUG   GST_POLL gstpoll.c:980:gst_poll_fd_ctl_write: 0xf12810: fd (fd:0, idx:1), active : 1
0:00:00.015739777  3820 0xf0a320 LOG   GST_POLL gstpoll.c:994:gst_poll_fd_ctl_write: 0xf12810: pfd->events now 60 (POLLOUT:4)
0:00:00.021000999  3819 0x16ef370 DEBUG   default gstvalue.c:2676:_priv_gst_value_parse_value: trying type name 'string'
0:00:00.015745609  3820 0xf0a320 DEBUG   GST_POLL gstpoll.c:980:gst_poll_fd_ctl_write: 0xf12810: fd (fd:0, idx:1), active : 1
0:00:00.021013544  3819 0x16ef370 DEBUG   GST_REGISTRY gstregistrychunks.c:626:gst_registry_chunks_load_feature: Element factory : npadtemplates=2
0:00:00.015754545  3820 0xf0a320 LOG   GST_POLL gstpoll.c:994:gst_poll_fd_ctl_write: 0xf12810: pfd->events now 60 (POLLOUT:4)
0:00:00.021023028  3819 0x16ef370 DEBUG   GST_REGISTRY gstregistrychunks.c:526:gst_registry_chunks_load_pad_template: Reading/casting for GstRegistryChunkPadTemplate at address 0x170aee0
0:00:00.015762752  3820 0xf0a320 DEBUG   GST_POLL gstpoll.c:980:gst_poll_fd_ctl_write: 0xf12810: fd (fd:0, idx:1), active : 1
0:00:00.015771349  3820 0xf0a320 LOG   GST_POLL gstpoll.c:994:gst_poll_fd_ctl_write: 0xf12810: pfd->events now 60 (POLLOUT:4)
0:00:00.021032921  3819 0x16ef370 DEBUG   GST_REGISTRY gstregistrychunks.c:539:gst_registry_chunks_load_pad_template: Added pad_template src_%u
0:00:00.015777285  3820 0xf0a320 DEBUG   GST_POLL gstpoll.c:980:gst_poll_fd_ctl_write: 0xf12810: fd (fd:0, idx:1), active : 1
0:00:00.021043218  3819 0x16ef370 DEBUG   GST_REGISTRY gstregistrychunks.c:526:gst_registry_chunks_load_pad_template: Reading/casting for GstRegistryChunkPadTemplate at address 0x170aef8
0:00:00.015783737  3820 0xf0a320 LOG   GST_POLL gstpoll.c:994:gst_poll_fd_ctl_write: 0xf12810: pfd->events now 60 (POLLOUT:4)
0:00:00.021052848  3819 0x16ef370 DEBUG   GST_REGISTRY gstregistrychunks.c:539:gst_registry_chunks_load_pad_template: Added pad_template sink_%u
0:00:00.015798491  3820 0xf0a320 DEBUG   GST_POLL gstpoll.c:980:gst_poll_fd_ctl_write: 0xf12810: fd (fd:0, idx:1), active : 1
0:00:00.015804923  3820 0xf0a320 LOG   GST_POLL gstpoll.c:994:gst_poll_fd_ctl_write: 0xf12810: pfd->events now 60 (POLLOUT:4)
0:00:00.021068082  3819 0x16ef370 DEBUG   GST_REGISTRY gstregistry.c:590:gst_registry_add_feature: adding feature 0x170a7f0 (multiqueue)
0:00:00.015810876  3820 0xf0a320 DEBUG   GST_POLL gstpoll.c:980:gst_poll_fd_ctl_write: 0xf12810: fd (fd:0, idx:1), active : 1
0:00:00.015819607  3820 0xf0a320 LOG   GST_POLL gstpoll.c:994:gst_poll_fd_ctl_write: 0xf12810: pfd->events now 60 (POLLOUT:4)
0:00:00.021079767  3819 0x16ef370 DEBUG   GST_REFCOUNTING gstobject.c:709:gst_object_set_parent: set parent (ref and sink)
0:00:00.015827375  3820 0xf0a320 DEBUG   GST_POLL gstpoll.c:980:gst_poll_fd_ctl_write: 0xf12810: fd (fd:0, idx:1), active : 1
0:00:00.015834304  3820 0xf0a320 LOG   GST_POLL gstpoll.c:994:gst_poll_fd_ctl_write: 0xf12810: pfd->events now 60 (POLLOUT:4)
0:00:00.021095830  3819 0x16ef370 TRACE   GST_REFCOUNTING gstobject.c:294:gst_object_ref_sink: 0x170a7f0 ref_sink 1->2
0:00:00.015840671  3820 0xf0a320 DEBUG   GST_POLL gstpoll.c:980:gst_poll_fd_ctl_write: 0xf12810: fd (fd:0, idx:1), active : 1
0:00:00.021107559  3819 0x16ef370 LOG   GST_REGISTRY gstregistry.c:608:gst_registry_add_feature: emitting feature-added for multiqueue
0:00:00.015846926  3820 0xf0a320 LOG   GST_POLL gstpoll.c:994:gst_poll_fd_ctl_write: 0xf12810: pfd->events now 60 (POLLOUT:4)
0:00:00.021115589  3819 0x16ef370 DEBUG   GST_REGISTRY gstregistrychunks.c:741:gst_registry_chunks_load_feature: Added feature multiqueue, plugin 0x1709220 coreelements
0:00:00.015854617  3820 0xf0a320 DEBUG   GST_POLL gstpoll.c:980:gst_poll_fd_ctl_write: 0xf12810: fd (fd:0, idx:1), active : 1
0:00:00.021123327  3819 0x16ef370 DEBUG   GST_REGISTRY gstregistrychunks.c:583:gst_registry_chunks_load_feature: Plugin 'coreelements' feature 'typefind' typename : 'GstElementFactory'
0:00:00.015861862  3820 0xf0a320 LOG   GST_POLL gstpoll.c:994:gst_poll_fd_ctl_write: 0xf12810: pfd->events now 60 (POLLOUT:4)
0:00:00.015869906  3820 0xf0a320 DEBUG   GST_POLL gstpoll.c:980:gst_poll_fd_ctl_write: 0xf12810: fd (fd:0, idx:1), active : 1
0:00:00.021133531  3819 0x16ef370 TRACE   GST_REFCOUNTING gstobject.c:208:gst_object_init: 0x170cb20 new
0:00:00.015878420  3820 0xf0a320 LOG   GST_POLL gstpoll.c:994:gst_poll_fd_ctl_write: 0xf12810: pfd->events now 60 (POLLOUT:4)
0:00:00.021144706  3819 0x16ef370 LOG   GST_REGISTRY gstregistrychunks.c:610:gst_registry_chunks_load_feature: Reading/casting for GstRegistryChunkElementFactory at address 0x170af28
0:00:00.015887043  3820 0xf0a320 DEBUG   GST_POLL gstpoll.c:980:gst_poll_fd_ctl_write: 0xf12810: fd (fd:0, idx:1), active : 1
0:00:00.021152864  3819 0x16ef370 TRACE   structure gststructure.c:287:gst_structure_new_id_empty_with_size: created structure 0x170cce0
0:00:00.015898539  3820 0xf0a320 LOG   GST_POLL gstpoll.c:994:gst_poll_fd_ctl_write: 0xf12810: pfd->events now 60 (POLLOUT:4)
0:00:00.021165438  3819 0x16ef370 DEBUG   structure gststructure.c:2203:gst_structure_parse_field: trying field name 'long-name'
0:00:00.015905671  3820 0xf0a320 DEBUG   GST_POLL gstpoll.c:980:gst_poll_fd_ctl_write: 0xf12810: fd (fd:0, idx:1), active : 1
0:00:00.021173243  3819 0x16ef370 DEBUG   default gstvalue.c:2676:_priv_gst_value_parse_value: trying type name 'string'
0:00:00.015912768  3820 0xf0a320 LOG   GST_POLL gstpoll.c:994:gst_poll_fd_ctl_write: 0xf12810: pfd->events now 60 (POLLOUT:4)
0:00:00.021181127  3819 0x16ef370 DEBUG   structure gststructure.c:2203:gst_structure_parse_field: trying field name 'klass'
0:00:00.015919856  3820 0xf0a320 DEBUG   GST_POLL gstpoll.c:980:gst_poll_fd_ctl_write: 0xf12810: fd (fd:0, idx:1), active : 1
0:00:00.021187635  3819 0x16ef370 DEBUG   default gstvalue.c:2676:_priv_gst_value_parse_value: trying type name 'string'
0:00:00.015927259  3820 0xf0a320 LOG   GST_POLL gstpoll.c:994:gst_poll_fd_ctl_write: 0xf12810: pfd->events now 60 (POLLOUT:4)
0:00:00.021194982  3819 0x16ef370 DEBUG   structure gststructure.c:2203:gst_structure_parse_field: trying field name 'description'
0:00:00.015934258  3820 0xf0a320 DEBUG   GST_POLL gstpoll.c:980:gst_poll_fd_ctl_write: 0xf12810: fd (fd:0, idx:1), active : 1
0:00:00.021201376  3819 0x16ef370 DEBUG   default gstvalue.c:2676:_priv_gst_value_parse_value: trying type name 'string'
0:00:00.015943577  3820 0xf0a320 LOG   GST_POLL gstpoll.c:994:gst_poll_fd_ctl_write: 0xf12810: pfd->events now 60 (POLLOUT:4)
0:00:00.021209504  3819 0x16ef370 DEBUG   structure gststructure.c:2203:gst_structure_parse_field: trying field name 'author'
0:00:00.015951870  3820 0xf0a320 DEBUG   GST_POLL gstpoll.c:980:gst_poll_fd_ctl_write: 0xf12810: fd (fd:0, idx:1), active : 1
0:00:00.021215572  3819 0x16ef370 DEBUG   default gstvalue.c:2676:_priv_gst_value_parse_value: trying type name 'string'
0:00:00.015959011  3820 0xf0a320 LOG   GST_POLL gstpoll.c:994:gst_poll_fd_ctl_write: 0xf12810: pfd->events now 60 (POLLOUT:4)
0:00:00.015965905  3820 0xf0a320 DEBUG   GST_POLL gstpoll.c:980:gst_poll_fd_ctl_write: 0xf12810: fd (fd:0, idx:1), active : 1
0:00:00.021227799  3819 0x16ef370 DEBUG   GST_REGISTRY gstregistrychunks.c:626:gst_registry_chunks_load_feature: Element factory : npadtemplates=2
0:00:00.015971706  3820 0xf0a320 LOG   GST_POLL gstpoll.c:994:gst_poll_fd_ctl_write: 0xf12810: pfd->events now 60 (POLLOUT:4)
0:00:00.021237270  3819 0x16ef370 DEBUG   GST_REGISTRY gstregistrychunks.c:526:gst_registry_chunks_load_pad_template: Reading/casting for GstRegistryChunkPadTemplate at address 0x170b000
0:00:00.015978812  3820 0xf0a320 DEBUG   GST_POLL gstpoll.c:980:gst_poll_fd_ctl_write: 0xf12810: fd (fd:0, idx:1), active : 1
0:00:00.021260638  3819 0x16ef370 DEBUG   GST_REGISTRY gstregistrychunks.c:539:gst_registry_chunks_load_pad_template: Added pad_template sink
0:00:00.016007358  3820 0xf0a320 LOG   GST_POLL gstpoll.c:994:gst_poll_fd_ctl_write: 0xf12810: pfd->events now 60 (POLLOUT:4)
0:00:00.021272303  3819 0x16ef370 DEBUG   GST_REGISTRY gstregistrychunks.c:526:gst_registry_chunks_load_pad_template: Reading/casting for GstRegistryChunkPadTemplate at address 0x170b018
0:00:00.021280546  3819 0x16ef370 DEBUG   GST_REGISTRY gstregistrychunks.c:539:gst_registry_chunks_load_pad_template: Added pad_template src
0:00:00.016017276  3820 0xf0a320 DEBUG   GST_POLL gstpoll.c:980:gst_poll_fd_ctl_write: 0xf12810: fd (fd:0, idx:1), active : 1
0:00:00.016026890  3820 0xf0a320 LOG   GST_POLL gstpoll.c:994:gst_poll_fd_ctl_write: 0xf12810: pfd->events now 60 (POLLOUT:4)
0:00:00.021289950  3819 0x16ef370 DEBUG   GST_REGISTRY gstregistry.c:590:gst_registry_add_feature: adding feature 0x170cb20 (typefind)
0:00:00.016033954  3820 0xf0a320 DEBUG   GST_POLL gstpoll.c:980:gst_poll_fd_ctl_write: 0xf12810: fd (fd:0, idx:1), active : 1
