0:00:00.023013254  3819 0x16ef370 TRACE   GST_REFCOUNTING gstobject.c:294:gst_object_ref_sink: 0x170ecc0 ref_sink 1->2
0:00:00.017756369  3820 0xf0a320 LOG   GST_POLL gstpoll.c:994:gst_poll_fd_ctl_write: 0xf12810: pfd->events now 60 (POLLOUT:4)
0:00:00.023022501  3819 0x16ef370 LOG   GST_REGISTRY gstregistry.c:608:gst_registry_add_feature: emitting feature-added for funnel
0:00:00.017762911  3820 0xf0a320 DEBUG   GST_POLL gstpoll.c:980:gst_poll_fd_ctl_write: 0xf12810: fd (fd:0, idx:1), active : 1
0:00:00.023030150  3819 0x16ef370 DEBUG   GST_REGISTRY gstregistrychunks.c:741:gst_registry_chunks_load_feature: Added feature funnel, plugin 0x1709220 coreelements
0:00:00.017769007  3820 0xf0a320 LOG   GST_POLL gstpoll.c:994:gst_poll_fd_ctl_write: 0xf12810: pfd->events now 60 (POLLOUT:4)
0:00:00.023037613  3819 0x16ef370 DEBUG   GST_REGISTRY gstregistrychunks.c:583:gst_registry_chunks_load_feature: Plugin 'coreelements' feature 'filesrc' typename : 'GstElementFactory'
0:00:00.017776884  3820 0xf0a320 DEBUG   GST_POLL gstpoll.c:980:gst_poll_fd_ctl_write: 0xf12810: fd (fd:0, idx:1), active : 1
0:00:00.017783634  3820 0xf0a320 LOG   GST_POLL gstpoll.c:994:gst_poll_fd_ctl_write: 0xf12810: pfd->events now 60 (POLLOUT:4)
0:00:00.023047269  3819 0x16ef370 TRACE   GST_REFCOUNTING gstobject.c:208:gst_object_init: 0x170ebc0 new
0:00:00.017792541  3820 0xf0a320 DEBUG   GST_POLL gstpoll.c:980:gst_poll_fd_ctl_write: 0xf12810: fd (fd:0, idx:1), active : 1
0:00:00.023057656  3819 0x16ef370 LOG   GST_REGISTRY gstregistrychunks.c:610:gst_registry_chunks_load_feature: Reading/casting for GstRegistryChunkElementFactory at address 0x170b9a0
0:00:00.017800226  3820 0xf0a320 LOG   GST_POLL gstpoll.c:994:gst_poll_fd_ctl_write: 0xf12810: pfd->events now 60 (POLLOUT:4)
0:00:00.023065508  3819 0x16ef370 TRACE   structure gststructure.c:287:gst_structure_new_id_empty_with_size: created structure 0x170f2a0
0:00:00.017807090  3820 0xf0a320 DEBUG   GST_POLL gstpoll.c:980:gst_poll_fd_ctl_write: 0xf12810: fd (fd:0, idx:1), active : 1
0:00:00.023071911  3819 0x16ef370 DEBUG   structure gststructure.c:2203:gst_structure_parse_field: trying field name 'long-name'
0:00:00.017813549  3820 0xf0a320 LOG   GST_POLL gstpoll.c:994:gst_poll_fd_ctl_write: 0xf12810: pfd->events now 60 (POLLOUT:4)
0:00:00.023080474  3819 0x16ef370 DEBUG   default gstvalue.c:2676:_priv_gst_value_parse_value: trying type name 'string'
0:00:00.017820287  3820 0xf0a320 DEBUG   GST_POLL gstpoll.c:980:gst_poll_fd_ctl_write: 0xf12810: fd (fd:0, idx:1), active : 1
0:00:00.023089266  3819 0x16ef370 DEBUG   structure gststructure.c:2203:gst_structure_parse_field: trying field name 'klass'
0:00:00.017832804  3820 0xf0a320 LOG   GST_POLL gstpoll.c:994:gst_poll_fd_ctl_write: 0xf12810: pfd->events now 60 (POLLOUT:4)
0:00:00.023097518  3819 0x16ef370 DEBUG   default gstvalue.c:2676:_priv_gst_value_parse_value: trying type name 'string'
0:00:00.017839544  3820 0xf0a320 DEBUG   GST_POLL gstpoll.c:980:gst_poll_fd_ctl_write: 0xf12810: fd (fd:0, idx:1), active : 1
0:00:00.023105233  3819 0x16ef370 DEBUG   structure gststructure.c:2203:gst_structure_parse_field: trying field name 'description'
0:00:00.017845701  3820 0xf0a320 LOG   GST_POLL gstpoll.c:994:gst_poll_fd_ctl_write: 0xf12810: pfd->events now 60 (POLLOUT:4)
0:00:00.023111602  3819 0x16ef370 DEBUG   default gstvalue.c:2676:_priv_gst_value_parse_value: trying type name 'string'
0:00:00.017854782  3820 0xf0a320 DEBUG   GST_POLL gstpoll.c:980:gst_poll_fd_ctl_write: 0xf12810: fd (fd:0, idx:1), active : 1
0:00:00.023119043  3819 0x16ef370 DEBUG   structure gststructure.c:2203:gst_structure_parse_field: trying field name 'author'
0:00:00.017862646  3820 0xf0a320 LOG   GST_POLL gstpoll.c:994:gst_poll_fd_ctl_write: 0xf12810: pfd->events now 60 (POLLOUT:4)
0:00:00.023126900  3819 0x16ef370 DEBUG   default gstvalue.c:2676:_priv_gst_value_parse_value: trying type name 'string'
0:00:00.017869553  3820 0xf0a320 DEBUG   GST_POLL gstpoll.c:980:gst_poll_fd_ctl_write: 0xf12810: fd (fd:0, idx:1), active : 1
0:00:00.023135010  3819 0x16ef370 DEBUG   GST_REGISTRY gstregistrychunks.c:626:gst_registry_chunks_load_feature: Element factory : npadtemplates=1
0:00:00.017875699  3820 0xf0a320 LOG   GST_POLL gstpoll.c:994:gst_poll_fd_ctl_write: 0xf12810: pfd->events now 60 (POLLOUT:4)
0:00:00.023143304  3819 0x16ef370 DEBUG   GST_REGISTRY gstregistrychunks.c:526:gst_registry_chunks_load_pad_template: Reading/casting for GstRegistryChunkPadTemplate at address 0x170ba80
0:00:00.017882342  3820 0xf0a320 DEBUG   GST_POLL gstpoll.c:980:gst_poll_fd_ctl_write: 0xf12810: fd (fd:0, idx:1), active : 1
0:00:00.023150833  3819 0x16ef370 DEBUG   GST_REGISTRY gstregistrychunks.c:539:gst_registry_chunks_load_pad_template: Added pad_template src
0:00:00.017889879  3820 0xf0a320 LOG   GST_POLL gstpoll.c:994:gst_poll_fd_ctl_write: 0xf12810: pfd->events now 60 (POLLOUT:4)
0:00:00.023158374  3819 0x16ef370 DEBUG   GST_REGISTRY gstregistrychunks.c:639:gst_registry_chunks_load_feature: Reading 1 UriTypes at address 0x170ba90
0:00:00.017897127  3820 0xf0a320 DEBUG   GST_POLL gstpoll.c:980:gst_poll_fd_ctl_write: 0xf12810: fd (fd:0, idx:1), active : 1
0:00:00.023166359  3819 0x16ef370 DEBUG   GST_REGISTRY gstregistrychunks.c:654:gst_registry_chunks_load_feature: Reading 1 Interfaces at address 0x170ba99
0:00:00.017904855  3820 0xf0a320 LOG   GST_POLL gstpoll.c:994:gst_poll_fd_ctl_write: 0xf12810: pfd->events now 60 (POLLOUT:4)
0:00:00.023176438  3819 0x16ef370 DEBUG   GST_REGISTRY gstregistry.c:590:gst_registry_add_feature: adding feature 0x170ebc0 (filesrc)
0:00:00.017919949  3820 0xf0a320 DEBUG   GST_POLL gstpoll.c:980:gst_poll_fd_ctl_write: 0xf12810: fd (fd:0, idx:1), active : 1
0:00:00.023183906  3819 0x16ef370 DEBUG   GST_REFCOUNTING gstobject.c:709:gst_object_set_parent: set parent (ref and sink)
0:00:00.017927171  3820 0xf0a320 LOG   GST_POLL gstpoll.c:994:gst_poll_fd_ctl_write: 0xf12810: pfd->events now 60 (POLLOUT:4)
0:00:00.023193018  3819 0x16ef370 TRACE   GST_REFCOUNTING gstobject.c:294:gst_object_ref_sink: 0x170ebc0 ref_sink 1->2
0:00:00.017934187  3820 0xf0a320 DEBUG   GST_POLL gstpoll.c:980:gst_poll_fd_ctl_write: 0xf12810: fd (fd:0, idx:1), active : 1
0:00:00.023200827  3819 0x16ef370 LOG   GST_REGISTRY gstregistry.c:608:gst_registry_add_feature: emitting feature-added for filesrc
0:00:00.017940626  3820 0xf0a320 LOG   GST_POLL gstpoll.c:994:gst_poll_fd_ctl_write: 0xf12810: pfd->events now 60 (POLLOUT:4)
0:00:00.017948058  3820 0xf0a320 DEBUG   GST_POLL gstpoll.c:980:gst_poll_fd_ctl_write: 0xf12810: fd (fd:0, idx:1), active : 1
0:00:00.023210669  3819 0x16ef370 DEBUG   GST_REGISTRY gstregistrychunks.c:741:gst_registry_chunks_load_feature: Added feature filesrc, plugin 0x1709220 coreelements
0:00:00.017953804  3820 0xf0a320 LOG   GST_POLL gstpoll.c:994:gst_poll_fd_ctl_write: 0xf12810: pfd->events now 60 (POLLOUT:4)
0:00:00.023219528  3819 0x16ef370 DEBUG   GST_REGISTRY gstregistrychunks.c:583:gst_registry_chunks_load_feature: Plugin 'coreelements' feature 'fdsink' typename : 'GstElementFactory'
0:00:00.017960358  3820 0xf0a320 DEBUG   GST_POLL gstpoll.c:980:gst_poll_fd_ctl_write: 0xf12810: fd (fd:0, idx:1), active : 1
0:00:00.017966636  3820 0xf0a320 LOG   GST_POLL gstpoll.c:994:gst_poll_fd_ctl_write: 0xf12810: pfd->events now 60 (POLLOUT:4)
0:00:00.023229511  3819 0x16ef370 TRACE   GST_REFCOUNTING gstobject.c:208:gst_object_init: 0x170f3d0 new
0:00:00.017975382  3820 0xf0a320 DEBUG   GST_POLL gstpoll.c:980:gst_poll_fd_ctl_write: 0xf12810: fd (fd:0, idx:1), active : 1
0:00:00.023240770  3819 0x16ef370 LOG   GST_REGISTRY gstregistrychunks.c:610:gst_registry_chunks_load_feature: Reading/casting for GstRegistryChunkElementFactory at address 0x170bac0
0:00:00.017982595  3820 0xf0a320 LOG   GST_POLL gstpoll.c:994:gst_poll_fd_ctl_write: 0xf12810: pfd->events now 60 (POLLOUT:4)
0:00:00.023248186  3819 0x16ef370 TRACE   structure gststructure.c:287:gst_structure_new_id_empty_with_size: created structure 0x170f590
0:00:00.017989412  3820 0xf0a320 DEBUG   GST_POLL gstpoll.c:980:gst_poll_fd_ctl_write: 0xf12810: fd (fd:0, idx:1), active : 1
0:00:00.023254507  3819 0x16ef370 DEBUG   structure gststructure.c:2203:gst_structure_parse_field: trying field name 'long-name'
0:00:00.017995954  3820 0xf0a320 LOG   GST_POLL gstpoll.c:994:gst_poll_fd_ctl_write: 0xf12810: pfd->events now 60 (POLLOUT:4)
0:00:00.023260687  3819 0x16ef370 DEBUG   default gstvalue.c:2676:_priv_gst_value_parse_value: trying type name 'string'
0:00:00.018002674  3820 0xf0a320 DEBUG   GST_POLL gstpoll.c:980:gst_poll_fd_ctl_write: 0xf12810: fd (fd:0, idx:1), active : 1
0:00:00.023274821  3819 0x16ef370 DEBUG   structure gststructure.c:2203:gst_structure_parse_field: trying field name 'klass'
0:00:00.018012768  3820 0xf0a320 LOG   GST_POLL gstpoll.c:994:gst_poll_fd_ctl_write: 0xf12810: pfd->events now 60 (POLLOUT:4)
0:00:00.023283493  3819 0x16ef370 DEBUG   default gstvalue.c:2676:_priv_gst_value_parse_value: trying type name 'string'
0:00:00.018022133  3820 0xf0a320 DEBUG   GST_POLL gstpoll.c:980:gst_poll_fd_ctl_write: 0xf12810: fd (fd:0, idx:1), active : 1
0:00:00.023292085  3819 0x16ef370 DEBUG   structure gststructure.c:2203:gst_structure_parse_field: trying field name 'description'
0:00:00.018030283  3820 0xf0a320 LOG   GST_POLL gstpoll.c:994:gst_poll_fd_ctl_write: 0xf12810: pfd->events now 60 (POLLOUT:4)
0:00:00.023298732  3819 0x16ef370 DEBUG   default gstvalue.c:2676:_priv_gst_value_parse_value: trying type name 'string'
0:00:00.018041020  3820 0xf0a320 DEBUG   GST_POLL gstpoll.c:980:gst_poll_fd_ctl_write: 0xf12810: fd (fd:0, idx:1), active : 1
0:00:00.023306340  3819 0x16ef370 DEBUG   structure gststructure.c:2203:gst_structure_parse_field: trying field name 'author'
0:00:00.018048043  3820 0xf0a320 LOG   GST_POLL gstpoll.c:994:gst_poll_fd_ctl_write: 0xf12810: pfd->events now 60 (POLLOUT:4)
0:00:00.023312234  3819 0x16ef370 DEBUG   default gstvalue.c:2676:_priv_gst_value_parse_value: trying type name 'string'
0:00:00.018055061  3820 0xf0a320 DEBUG   GST_POLL gstpoll.c:980:gst_poll_fd_ctl_write: 0xf12810: fd (fd:0, idx:1), active : 1
0:00:00.023320456  3819 0x16ef370 DEBUG   GST_REGISTRY gstregistrychunks.c:626:gst_registry_chunks_load_feature: Element factory : npadtemplates=1
0:00:00.018061399  3820 0xf0a320 LOG   GST_POLL gstpoll.c:994:gst_poll_fd_ctl_write: 0xf12810: pfd->events now 60 (POLLOUT:4)
0:00:00.023326722  3819 0x16ef370 DEBUG   GST_REGISTRY gstregistrychunks.c:526:gst_registry_chunks_load_pad_template: Reading/casting for GstRegistryChunkPadTemplate at address 0x170bba0
0:00:00.018068180  3820 0xf0a320 DEBUG   GST_POLL gstpoll.c:980:gst_poll_fd_ctl_write: 0xf12810: fd (fd:0, idx:1), active : 1
0:00:00.023333452  3819 0x16ef370 DEBUG   GST_REGISTRY gstregistrychunks.c:539:gst_registry_chunks_load_pad_template: Added pad_template sink
0:00:00.018074772  3820 0xf0a320 LOG   GST_POLL gstpoll.c:994:gst_poll_fd_ctl_write: 0xf12810: pfd->events now 60 (POLLOUT:4)
0:00:00.018081641  3820 0xf0a320 DEBUG   GST_POLL gstpoll.c:980:gst_poll_fd_ctl_write: 0xf12810: fd (fd:0, idx:1), active : 1
0:00:00.023343412  3819 0x16ef370 DEBUG   GST_REGISTRY gstregistrychunks.c:639:gst_registry_chunks_load_feature: Reading 1 UriTypes at address 0x170bbb1
0:00:00.018087211  3820 0xf0a320 LOG   GST_POLL gstpoll.c:994:gst_poll_fd_ctl_write: 0xf12810: pfd->events now 60 (POLLOUT:4)
0:00:00.023353055  3819 0x16ef370 DEBUG   GST_REGISTRY gstregistrychunks.c:654:gst_registry_chunks_load_feature: Reading 1 Interfaces at address 0x170bbbf
0:00:00.018096303  3820 0xf0a320 DEBUG   GST_POLL gstpoll.c:980:gst_poll_fd_ctl_write: 0xf12810: fd (fd:0, idx:1), active : 1
0:00:00.018107406  3820 0xf0a320 LOG   GST_POLL gstpoll.c:994:gst_poll_fd_ctl_write: 0xf12810: pfd->events now 60 (POLLOUT:4)
0:00:00.023370195  3819 0x16ef370 DEBUG   GST_REGISTRY gstregistry.c:590:gst_registry_add_feature: adding feature 0x170f3d0 (fdsink)
0:00:00.018113879  3820 0xf0a320 DEBUG   GST_POLL gstpoll.c:980:gst_poll_fd_ctl_write: 0xf12810: fd (fd:0, idx:1), active : 1
0:00:00.023378938  3819 0x16ef370 DEBUG   GST_REFCOUNTING gstobject.c:709:gst_object_set_parent: set parent (ref and sink)
0:00:00.018120755  3820 0xf0a320 LOG   GST_POLL gstpoll.c:994:gst_poll_fd_ctl_write: 0xf12810: pfd->events now 60 (POLLOUT:4)
0:00:00.023387933  3819 0x16ef370 TRACE   GST_REFCOUNTING gstobject.c:294:gst_object_ref_sink: 0x170f3d0 ref_sink 1->2
0:00:00.018127575  3820 0xf0a320 DEBUG   GST_POLL gstpoll.c:980:gst_poll_fd_ctl_write: 0xf12810: fd (fd:0, idx:1), active : 1
0:00:00.023396222  3819 0x16ef370 LOG   GST_REGISTRY gstregistry.c:608:gst_registry_add_feature: emitting feature-added for fdsink
0:00:00.018134479  3820 0xf0a320 LOG   GST_POLL gstpoll.c:994:gst_poll_fd_ctl_write: 0xf12810: pfd->events now 60 (POLLOUT:4)
0:00:00.023404731  3819 0x16ef370 DEBUG   GST_REGISTRY gstregistrychunks.c:741:gst_registry_chunks_load_feature: Added feature fdsink, plugin 0x1709220 coreelements
0:00:00.018143456  3820 0xf0a320 DEBUG   GST_POLL gstpoll.c:980:gst_poll_fd_ctl_write: 0xf12810: fd (fd:0, idx:1), active : 1
0:00:00.023412779  3819 0x16ef370 DEBUG   GST_REGISTRY gstregistrychunks.c:583:gst_registry_chunks_load_feature: Plugin 'coreelements' feature 'fdsrc' typename : 'GstElementFactory'
0:00:00.018151486  3820 0xf0a320 LOG   GST_POLL gstpoll.c:994:gst_poll_fd_ctl_write: 0xf12810: pfd->events now 60 (POLLOUT:4)
0:00:00.018162859  3820 0xf0a320 DEBUG   GST_POLL gstpoll.c:980:gst_poll_fd_ctl_write: 0xf12810: fd (fd:0, idx:1), active : 1
0:00:00.023424814  3819 0x16ef370 TRACE   GST_REFCOUNTING gstobject.c:208:gst_object_init: 0x170f6c0 new
0:00:00.018169679  3820 0xf0a320 LOG   GST_POLL gstpoll.c:994:gst_poll_fd_ctl_write: 0xf12810: pfd->events now 60 (POLLOUT:4)
0:00:00.023437109  3819 0x16ef370 LOG   GST_REGISTRY gstregistrychunks.c:610:gst_registry_chunks_load_feature: Reading/casting for GstRegistryChunkElementFactory at address 0x170bbe8
0:00:00.018176676  3820 0xf0a320 DEBUG   GST_POLL gstpoll.c:980:gst_poll_fd_ctl_write: 0xf12810: fd (fd:0, idx:1), active : 1
0:00:00.023444770  3819 0x16ef370 TRACE   structure gststructure.c:287:gst_structure_new_id_empty_with_size: created structure 0x170f950
0:00:00.018184132  3820 0xf0a320 LOG   GST_POLL gstpoll.c:994:gst_poll_fd_ctl_write: 0xf12810: pfd->events now 60 (POLLOUT:4)
0:00:00.023451251  3819 0x16ef370 DEBUG   structure gststructure.c:2203:gst_structure_parse_field: trying field name 'long-name'
0:00:00.018191226  3820 0xf0a320 DEBUG   GST_POLL gstpoll.c:980:gst_poll_fd_ctl_write: 0xf12810: fd (fd:0, idx:1), active : 1
0:00:00.023461698  3819 0x16ef370 DEBUG   default gstvalue.c:2676:_priv_gst_value_parse_value: trying type name 'string'
0:00:00.018201639  3820 0xf0a320 LOG   GST_POLL gstpoll.c:994:gst_poll_fd_ctl_write: 0xf12810: pfd->events now 60 (POLLOUT:4)
0:00:00.023469269  3819 0x16ef370 DEBUG   structure gststructure.c:2203:gst_structure_parse_field: trying field name 'klass'
0:00:00.018208322  3820 0xf0a320 DEBUG   GST_POLL gstpoll.c:980:gst_poll_fd_ctl_write: 0xf12810: fd (fd:0, idx:1), active : 1
0:00:00.023475081  3819 0x16ef370 DEBUG   default gstvalue.c:2676:_priv_gst_value_parse_value: trying type name 'string'
0:00:00.018214987  3820 0xf0a320 LOG   GST_POLL gstpoll.c:994:gst_poll_fd_ctl_write: 0xf12810: pfd->events now 60 (POLLOUT:4)
0:00:00.023482140  3819 0x16ef370 DEBUG   structure gststructure.c:2203:gst_structure_parse_field: trying field name 'description'
0:00:00.018224296  3820 0xf0a320 DEBUG   GST_POLL gstpoll.c:980:gst_poll_fd_ctl_write: 0xf12810: fd (fd:0, idx:1), active : 1
0:00:00.023490482  3819 0x16ef370 DEBUG   default gstvalue.c:2676:_priv_gst_value_parse_value: trying type name 'string'
0:00:00.018231459  3820 0xf0a320 LOG   GST_POLL gstpoll.c:994:gst_poll_fd_ctl_write: 0xf12810: pfd->events now 60 (POLLOUT:4)
0:00:00.023499194  3819 0x16ef370 DEBUG   structure gststructure.c:2203:gst_structure_parse_field: trying field name 'author'
0:00:00.018238351  3820 0xf0a320 DEBUG   GST_POLL gstpoll.c:980:gst_poll_fd_ctl_write: 0xf12810: fd (fd:0, idx:1), active : 1
0:00:00.023505396  3819 0x16ef370 DEBUG   default gstvalue.c:2676:_priv_gst_value_parse_value: trying type name 'string'
0:00:00.018245335  3820 0xf0a320 LOG   GST_POLL gstpoll.c:994:gst_poll_fd_ctl_write: 0xf12810: pfd->events now 60 (POLLOUT:4)
0:00:00.023512730  3819 0x16ef370 DEBUG   GST_REGISTRY gstregistrychunks.c:626:gst_registry_chunks_load_feature: Element factory : npadtemplates=1
0:00:00.018252486  3820 0xf0a320 DEBUG   GST_POLL gstpoll.c:980:gst_poll_fd_ctl_write: 0xf12810: fd (fd:0, idx:1), active : 1
0:00:00.023519050  3819 0x16ef370 DEBUG   GST_REGISTRY gstregistrychunks.c:526:gst_registry_chunks_load_pad_template: Reading/casting for GstRegistryChunkPadTemplate at address 0x170bcc8
0:00:00.018258772  3820 0xf0a320 LOG   GST_POLL gstpoll.c:994:gst_poll_fd_ctl_write: 0xf12810: pfd->events now 60 (POLLOUT:4)
0:00:00.023525734  3819 0x16ef370 DEBUG   GST_REGISTRY gstregistrychunks.c:539:gst_registry_chunks_load_pad_template: Added pad_template src
0:00:00.018265422  3820 0xf0a320 DEBUG   GST_POLL gstpoll.c:980:gst_poll_fd_ctl_write: 0xf12810: fd (fd:0, idx:1), active : 1
0:00:00.023532793  3819 0x16ef370 DEBUG   GST_REGISTRY gstregistrychunks.c:639:gst_registry_chunks_load_feature: Reading 1 UriTypes at address 0x170bcd8
0:00:00.018271675  3820 0xf0a320 LOG   GST_POLL gstpoll.c:994:gst_poll_fd_ctl_write: 0xf12810: pfd->events now 60 (POLLOUT:4)
0:00:00.023540425  3819 0x16ef370 DEBUG   GST_REGISTRY gstregistrychunks.c:654:gst_registry_chunks_load_feature: Reading 1 Interfaces at address 0x170bcdf
0:00:00.018290475  3820 0xf0a320 DEBUG   GST_POLL gstpoll.c:980:gst_poll_fd_ctl_write: 0xf12810: fd (fd:0, idx:1), active : 1
0:00:00.023558391  3819 0x16ef370 DEBUG   GST_REGISTRY gstregistry.c:590:gst_registry_add_feature: adding feature 0x170f6c0 (fdsrc)
0:00:00.018298159  3820 0xf0a320 LOG   GST_POLL gstpoll.c:994:gst_poll_fd_ctl_write: 0xf12810: pfd->events now 60 (POLLOUT:4)
0:00:00.023573713  3819 0x16ef370 DEBUG   GST_REFCOUNTING gstobject.c:709:gst_object_set_parent: set parent (ref and sink)
0:00:00.018313432  3820 0xf0a320 DEBUG   GST_POLL gstpoll.c:980:gst_poll_fd_ctl_write: 0xf12810: fd (fd:0, idx:1), active : 1
0:00:00.023583360  3819 0x16ef370 TRACE   GST_REFCOUNTING gstobject.c:294:gst_object_ref_sink: 0x170f6c0 ref_sink 1->2
0:00:00.018321779  3820 0xf0a320 LOG   GST_POLL gstpoll.c:994:gst_poll_fd_ctl_write: 0xf12810: pfd->events now 60 (POLLOUT:4)
0:00:00.018330856  3820 0xf0a320 DEBUG   GST_POLL gstpoll.c:980:gst_poll_fd_ctl_write: 0xf12810: fd (fd:0, idx:1), active : 1
0:00:00.023594591  3819 0x16ef370 LOG   GST_REGISTRY gstregistry.c:608:gst_registry_add_feature: emitting feature-added for fdsrc
0:00:00.018336854  3820 0xf0a320 LOG   GST_POLL gstpoll.c:994:gst_poll_fd_ctl_write: 0xf12810: pfd->events now 60 (POLLOUT:4)
0:00:00.023602868  3819 0x16ef370 DEBUG   GST_REGISTRY gstregistrychunks.c:741:gst_registry_chunks_load_feature: Added feature fdsrc, plugin 0x1709220 coreelements
0:00:00.023610674  3819 0x16ef370 DEBUG   GST_REGISTRY gstregistrychunks.c:583:gst_registry_chunks_load_feature: Plugin 'coreelements' feature 'fakesink' typename : 'GstElementFactory'
0:00:00.018343381  3820 0xf0a320 DEBUG   GST_POLL gstpoll.c:980:gst_poll_fd_ctl_write: 0xf12810: fd (fd:0, idx:1), active : 1
0:00:00.023622493  3819 0x16ef370 TRACE   GST_REFCOUNTING gstobject.c:208:gst_object_init: 0x170f0b0 new
0:00:00.018361013  3820 0xf0a320 LOG   GST_POLL gstpoll.c:994:gst_poll_fd_ctl_write: 0xf12810: pfd->events now 60 (POLLOUT:4)
0:00:00.023633792  3819 0x16ef370 LOG   GST_REGISTRY gstregistrychunks.c:610:gst_registry_chunks_load_feature: Reading/casting for GstRegistryChunkElementFactory at address 0x170bd08
0:00:00.018371906  3820 0xf0a320 DEBUG   GST_POLL gstpoll.c:980:gst_poll_fd_ctl_write: 0xf12810: fd (fd:0, idx:1), active : 1
0:00:00.023641802  3819 0x16ef370 TRACE   structure gststructure.c:287:gst_structure_new_id_empty_with_size: created structure 0x170fd80
0:00:00.018380785  3820 0xf0a320 LOG   GST_POLL gstpoll.c:994:gst_poll_fd_ctl_write: 0xf12810: pfd->events now 60 (POLLOUT:4)
0:00:00.023648355  3819 0x16ef370 DEBUG   structure gststructure.c:2203:gst_structure_parse_field: trying field name 'long-name'
0:00:00.018388488  3820 0xf0a320 DEBUG   GST_POLL gstpoll.c:980:gst_poll_fd_ctl_write: 0xf12810: fd (fd:0, idx:1), active : 1
0:00:00.023654874  3819 0x16ef370 DEBUG   default gstvalue.c:2676:_priv_gst_value_parse_value: trying type name 'string'
0:00:00.018400846  3820 0xf0a320 LOG   GST_POLL gstpoll.c:994:gst_poll_fd_ctl_write: 0xf12810: pfd->events now 60 (POLLOUT:4)
0:00:00.023666362  3819 0x16ef370 DEBUG   structure gststructure.c:2203:gst_structure_parse_field: trying field name 'klass'
0:00:00.018408609  3820 0xf0a320 DEBUG   GST_POLL gstpoll.c:980:gst_poll_fd_ctl_write: 0xf12810: fd (fd:0, idx:1), active : 1
0:00:00.023672934  3819 0x16ef370 DEBUG   default gstvalue.c:2676:_priv_gst_value_parse_value: trying type name 'string'
0:00:00.018415184  3820 0xf0a320 LOG   GST_POLL gstpoll.c:994:gst_poll_fd_ctl_write: 0xf12810: pfd->events now 60 (POLLOUT:4)
0:00:00.018422235  3820 0xf0a320 DEBUG   GST_POLL gstpoll.c:980:gst_poll_fd_ctl_write: 0xf12810: fd (fd:0, idx:1), active : 1
0:00:00.023687218  3819 0x16ef370 DEBUG   structure gststructure.c:2203:gst_structure_parse_field: trying field name 'description'
0:00:00.018430962  3820 0xf0a320 LOG   GST_POLL gstpoll.c:994:gst_poll_fd_ctl_write: 0xf12810: pfd->events now 60 (POLLOUT:4)
0:00:00.023695618  3819 0x16ef370 DEBUG   default gstvalue.c:2676:_priv_gst_value_parse_value: trying type name 'string'
0:00:00.018439150  3820 0xf0a320 DEBUG   GST_POLL gstpoll.c:980:gst_poll_fd_ctl_write: 0xf12810: fd (fd:0, idx:1), active : 1
0:00:00.023704754  3819 0x16ef370 DEBUG   structure gststructure.c:2203:gst_structure_parse_field: trying field name 'author'
0:00:00.018446149  3820 0xf0a320 LOG   GST_POLL gstpoll.c:994:gst_poll_fd_ctl_write: 0xf12810: pfd->events now 60 (POLLOUT:4)
0:00:00.023711193  3819 0x16ef370 DEBUG   default gstvalue.c:2676:_priv_gst_value_parse_value: trying type name 'string'
0:00:00.018453627  3820 0xf0a320 DEBUG   GST_POLL gstpoll.c:980:gst_poll_fd_ctl_write: 0xf12810: fd (fd:0, idx:1), active : 1
0:00:00.023721298  3819 0x16ef370 DEBUG   GST_REGISTRY gstregistrychunks.c:626:gst_registry_chunks_load_feature: Element factory : npadtemplates=1
0:00:00.018460079  3820 0xf0a320 LOG   GST_POLL gstpoll.c:994:gst_poll_fd_ctl_write: 0xf12810: pfd->events now 60 (POLLOUT:4)
0:00:00.023727540  3819 0x16ef370 DEBUG   GST_REGISTRY gstregistrychunks.c:526:gst_registry_chunks_load_pad_template: Reading/casting for GstRegistryChunkPadTemplate at address 0x170be30
0:00:00.018467726  3820 0xf0a320 DEBUG   GST_POLL gstpoll.c:980:gst_poll_fd_ctl_write: 0xf12810: fd (fd:0, idx:1), active : 1
0:00:00.023734008  3819 0x16ef370 DEBUG   GST_REGISTRY gstregistrychunks.c:539:gst_registry_chunks_load_pad_template: Added pad_template sink
0:00:00.018474253  3820 0xf0a320 LOG   GST_POLL gstpoll.c:994:gst_poll_fd_ctl_write: 0xf12810: pfd->events now 60 (POLLOUT:4)
0:00:00.018496144  3820 0xf0a320 DEBUG   GST_POLL gstpoll.c:980:gst_poll_fd_ctl_write: 0xf12810: fd (fd:0, idx:1), active : 1
0:00:00.023759987  3819 0x16ef370 DEBUG   GST_REGISTRY gstregistry.c:590:gst_registry_add_feature: adding feature 0x170f0b0 (fakesink)
0:00:00.018503360  3820 0xf0a320 LOG   GST_POLL gstpoll.c:994:gst_poll_fd_ctl_write: 0xf12810: pfd->events now 60 (POLLOUT:4)
0:00:00.023776090  3819 0x16ef370 DEBUG   GST_REFCOUNTING gstobject.c:709:gst_object_set_parent: set parent (ref and sink)
0:00:00.018515714  3820 0xf0a320 DEBUG   GST_POLL gstpoll.c:980:gst_poll_fd_ctl_write: 0xf12810: fd (fd:0, idx:1), active : 1
0:00:00.018523653  3820 0xf0a320 LOG   GST_POLL gstpoll.c:994:gst_poll_fd_ctl_write: 0xf12810: pfd->events now 60 (POLLOUT:4)
0:00:00.023785363  3819 0x16ef370 TRACE   GST_REFCOUNTING gstobject.c:294:gst_object_ref_sink: 0x170f0b0 ref_sink 1->2
0:00:00.018530088  3820 0xf0a320 DEBUG   GST_POLL gstpoll.c:980:gst_poll_fd_ctl_write: 0xf12810: fd (fd:0, idx:1), active : 1
0:00:00.023794903  3819 0x16ef370 LOG   GST_REGISTRY gstregistry.c:608:gst_registry_add_feature: emitting feature-added for fakesink
0:00:00.018536684  3820 0xf0a320 LOG   GST_POLL gstpoll.c:994:gst_poll_fd_ctl_write: 0xf12810: pfd->events now 60 (POLLOUT:4)
0:00:00.023803025  3819 0x16ef370 DEBUG   GST_REGISTRY gstregistrychunks.c:741:gst_registry_chunks_load_feature: Added feature fakesink, plugin 0x1709220 coreelements
0:00:00.018543882  3820 0xf0a320 LOG   GST_PLUGIN_LOADING gstpluginloader.c:646:put_chunk: Expanding tx buf from 13209 to 17023 for chunk of size 229
0:00:00.023810584  3819 0x16ef370 DEBUG   GST_REGISTRY gstregistrychunks.c:583:gst_registry_chunks_load_feature: Plugin 'coreelements' feature 'fakesrc' typename : 'GstElementFactory'
0:00:00.023820199  3819 0x16ef370 TRACE   GST_REFCOUNTING gstobject.c:208:gst_object_init: 0x17100a0 new
0:00:00.018559185  3820 0xf0a320 DEBUG   GST_POLL gstpoll.c:980:gst_poll_fd_ctl_write: 0xf12810: fd (fd:0, idx:1), active : 1
0:00:00.018568958  3820 0xf0a320 LOG   GST_POLL gstpoll.c:994:gst_poll_fd_ctl_write: 0xf12810: pfd->events now 60 (POLLOUT:4)
0:00:00.023832250  3819 0x16ef370 LOG   GST_REGISTRY gstregistrychunks.c:610:gst_registry_chunks_load_feature: Reading/casting for GstRegistryChunkElementFactory at address 0x170be60
0:00:00.018575912  3820 0xf0a320 DEBUG   GST_POLL gstpoll.c:980:gst_poll_fd_ctl_write: 0xf12810: fd (fd:0, idx:1), active : 1
0:00:00.023841200  3819 0x16ef370 TRACE   structure gststructure.c:287:gst_structure_new_id_empty_with_size: created structure 0x1710280
0:00:00.018582568  3820 0xf0a320 LOG   GST_POLL gstpoll.c:994:gst_poll_fd_ctl_write: 0xf12810: pfd->events now 60 (POLLOUT:4)
0:00:00.023847900  3819 0x16ef370 DEBUG   structure gststructure.c:2203:gst_structure_parse_field: trying field name 'long-name'
0:00:00.018589437  3820 0xf0a320 DEBUG   GST_POLL gstpoll.c:980:gst_poll_fd_ctl_write: 0xf12810: fd (fd:0, idx:1), active : 1
0:00:00.023854047  3819 0x16ef370 DEBUG   default gstvalue.c:2676:_priv_gst_value_parse_value: trying type name 'string'
0:00:00.018596062  3820 0xf0a320 LOG   GST_POLL gstpoll.c:994:gst_poll_fd_ctl_write: 0xf12810: pfd->events now 60 (POLLOUT:4)
0:00:00.023861453  3819 0x16ef370 DEBUG   structure gststructure.c:2203:gst_structure_parse_field: trying field name 'klass'
0:00:00.018607602  3820 0xf0a320 DEBUG   GST_POLL gstpoll.c:980:gst_poll_fd_ctl_write: 0xf12810: fd (fd:0, idx:1), active : 1
0:00:00.023871763  3819 0x16ef370 DEBUG   default gstvalue.c:2676:_priv_gst_value_parse_value: trying type name 'string'
0:00:00.018616791  3820 0xf0a320 LOG   GST_POLL gstpoll.c:994:gst_poll_fd_ctl_write: 0xf12810: pfd->events now 60 (POLLOUT:4)
0:00:00.023880609  3819 0x16ef370 DEBUG   structure gststructure.c:2203:gst_structure_parse_field: trying field name 'description'
0:00:00.018625303  3820 0xf0a320 DEBUG   GST_POLL gstpoll.c:980:gst_poll_fd_ctl_write: 0xf12810: fd (fd:0, idx:1), active : 1
0:00:00.023888813  3819 0x16ef370 DEBUG   default gstvalue.c:2676:_priv_gst_value_parse_value: trying type name 'string'
0:00:00.018631914  3820 0xf0a320 LOG   GST_POLL gstpoll.c:994:gst_poll_fd_ctl_write: 0xf12810: pfd->events now 60 (POLLOUT:4)
0:00:00.023900319  3819 0x16ef370 DEBUG   structure gststructure.c:2203:gst_structure_parse_field: trying field name 'author'
0:00:00.018639261  3820 0xf0a320 DEBUG   GST_POLL gstpoll.c:980:gst_poll_fd_ctl_write: 0xf12810: fd (fd:0, idx:1), active : 1
0:00:00.023907982  3819 0x16ef370 DEBUG   default gstvalue.c:2676:_priv_gst_value_parse_value: trying type name 'string'
0:00:00.018647671  3820 0xf0a320 LOG   GST_POLL gstpoll.c:994:gst_poll_fd_ctl_write: 0xf12810: pfd->events now 60 (POLLOUT:4)
0:00:00.023916322  3819 0x16ef370 DEBUG   GST_REGISTRY gstregistrychunks.c:626:gst_registry_chunks_load_feature: Element factory : npadtemplates=1
0:00:00.018654781  3820 0xf0a320 DEBUG   GST_POLL gstpoll.c:980:gst_poll_fd_ctl_write: 0xf12810: fd (fd:0, idx:1), active : 1
0:00:00.023922509  3819 0x16ef370 DEBUG   GST_REGISTRY gstregistrychunks.c:526:gst_registry_chunks_load_pad_template: Reading/casting for GstRegistryChunkPadTemplate at address 0x170bf60
0:00:00.018662302  3820 0xf0a320 LOG   GST_POLL gstpoll.c:994:gst_poll_fd_ctl_write: 0xf12810: pfd->events now 60 (POLLOUT:4)
0:00:00.023929439  3819 0x16ef370 DEBUG   GST_REGISTRY gstregistrychunks.c:539:gst_registry_chunks_load_pad_template: Added pad_template src
0:00:00.018669121  3820 0xf0a320 DEBUG   GST_POLL gstpoll.c:980:gst_poll_fd_ctl_write: 0xf12810: fd (fd:0, idx:1), active : 1
0:00:00.023939344  3819 0x16ef370 DEBUG   GST_REGISTRY gstregistry.c:590:gst_registry_add_feature: adding feature 0x17100a0 (fakesrc)
0:00:00.018678572  3820 0xf0a320 LOG   GST_POLL gstpoll.c:994:gst_poll_fd_ctl_write: 0xf12810: pfd->events now 60 (POLLOUT:4)
0:00:00.023946973  3819 0x16ef370 DEBUG   GST_REFCOUNTING gstobject.c:709:gst_object_set_parent: set parent (ref and sink)
0:00:00.018687775  3820 0xf0a320 DEBUG   GST_POLL gstpoll.c:980:gst_poll_fd_ctl_write: 0xf12810: fd (fd:0, idx:1), active : 1
0:00:00.023955477  3819 0x16ef370 TRACE   GST_REFCOUNTING gstobject.c:294:gst_object_ref_sink: 0x17100a0 ref_sink 1->2
0:00:00.018694356  3820 0xf0a320 LOG   GST_POLL gstpoll.c:994:gst_poll_fd_ctl_write: 0xf12810: pfd->events now 60 (POLLOUT:4)
0:00:00.018709778  3820 0xf0a320 DEBUG   GST_POLL gstpoll.c:980:gst_poll_fd_ctl_write: 0xf12810: fd (fd:0, idx:1), active : 1
0:00:00.023971457  3819 0x16ef370 LOG   GST_REGISTRY gstregistry.c:608:gst_registry_add_feature: emitting feature-added for fakesrc
0:00:00.018716011  3820 0xf0a320 LOG   GST_POLL gstpoll.c:994:gst_poll_fd_ctl_write: 0xf12810: pfd->events now 60 (POLLOUT:4)
0:00:00.023982312  3819 0x16ef370 DEBUG   GST_REGISTRY gstregistrychunks.c:741:gst_registry_chunks_load_feature: Added feature fakesrc, plugin 0x1709220 coreelements
0:00:00.018722865  3820 0xf0a320 DEBUG   GST_POLL gstpoll.c:980:gst_poll_fd_ctl_write: 0xf12810: fd (fd:0, idx:1), active : 1
0:00:00.023989797  3819 0x16ef370 DEBUG   GST_REGISTRY gstregistrychunks.c:583:gst_registry_chunks_load_feature: Plugin 'coreelements' feature 'downloadbuffer' typename : 'GstElementFactory'
0:00:00.018729241  3820 0xf0a320 LOG   GST_POLL gstpoll.c:994:gst_poll_fd_ctl_write: 0xf12810: pfd->events now 60 (POLLOUT:4)
0:00:00.018736691  3820 0xf0a320 DEBUG   GST_POLL gstpoll.c:980:gst_poll_fd_ctl_write: 0xf12810: fd (fd:0, idx:1), active : 1
0:00:00.023999897  3819 0x16ef370 TRACE   GST_REFCOUNTING gstobject.c:208:gst_object_init: 0x170ff50 new
0:00:00.018745442  3820 0xf0a320 LOG   GST_POLL gstpoll.c:994:gst_poll_fd_ctl_write: 0xf12810: pfd->events now 60 (POLLOUT:4)
0:00:00.024010807  3819 0x16ef370 LOG   GST_REGISTRY gstregistrychunks.c:610:gst_registry_chunks_load_feature: Reading/casting for GstRegistryChunkElementFactory at address 0x170bf98
0:00:00.018753127  3820 0xf0a320 DEBUG   GST_POLL gstpoll.c:980:gst_poll_fd_ctl_write: 0xf12810: fd (fd:0, idx:1), active : 1
0:00:00.024017862  3819 0x16ef370 TRACE   structure gststructure.c:287:gst_structure_new_id_empty_with_size: created structure 0x17105a0
0:00:00.018760016  3820 0xf0a320 LOG   GST_POLL gstpoll.c:994:gst_poll_fd_ctl_write: 0xf12810: pfd->events now 60 (POLLOUT:4)
0:00:00.024024067  3819 0x16ef370 DEBUG   structure gststructure.c:2203:gst_structure_parse_field: trying field name 'long-name'
0:00:00.018767063  3820 0xf0a320 DEBUG   GST_POLL gstpoll.c:980:gst_poll_fd_ctl_write: 0xf12810: fd (fd:0, idx:1), active : 1
0:00:00.024031042  3819 0x16ef370 DEBUG   default gstvalue.c:2676:_priv_gst_value_parse_value: trying type name 'string'
0:00:00.018773539  3820 0xf0a320 LOG   GST_POLL gstpoll.c:994:gst_poll_fd_ctl_write: 0xf12810: pfd->events now 60 (POLLOUT:4)
0:00:00.024041290  3819 0x16ef370 DEBUG   structure gststructure.c:2203:gst_structure_parse_field: trying field name 'klass'
0:00:00.018780903  3820 0xf0a320 DEBUG   GST_POLL gstpoll.c:980:gst_poll_fd_ctl_write: 0xf12810: fd (fd:0, idx:1), active : 1
0:00:00.024048962  3819 0x16ef370 DEBUG   default gstvalue.c:2676:_priv_gst_value_parse_value: trying type name 'string'
0:00:00.018788502  3820 0xf0a320 LOG   GST_POLL gstpoll.c:994:gst_poll_fd_ctl_write: 0xf12810: pfd->events now 60 (POLLOUT:4)
0:00:00.024062223  3819 0x16ef370 DEBUG   structure gststructure.c:2203:gst_structure_parse_field: trying field name 'description'
0:00:00.018802334  3820 0xf0a320 DEBUG   GST_POLL gstpoll.c:980:gst_poll_fd_ctl_write: 0xf12810: fd (fd:0, idx:1), active : 1
0:00:00.024068972  3819 0x16ef370 DEBUG   default gstvalue.c:2676:_priv_gst_value_parse_value: trying type name 'string'
0:00:00.018811134  3820 0xf0a320 LOG   GST_POLL gstpoll.c:994:gst_poll_fd_ctl_write: 0xf12810: pfd->events now 60 (POLLOUT:4)
0:00:00.024076055  3819 0x16ef370 DEBUG   structure gststructure.c:2203:gst_structure_parse_field: trying field name 'author'
0:00:00.018819524  3820 0xf0a320 DEBUG   GST_POLL gstpoll.c:980:gst_poll_fd_ctl_write: 0xf12810: fd (fd:0, idx:1), active : 1
0:00:00.024083075  3819 0x16ef370 DEBUG   default gstvalue.c:2676:_priv_gst_value_parse_value: trying type name 'string'
0:00:00.018826484  3820 0xf0a320 LOG   GST_POLL gstpoll.c:994:gst_poll_fd_ctl_write: 0xf12810: pfd->events now 60 (POLLOUT:4)
0:00:00.024092747  3819 0x16ef370 DEBUG   GST_REGISTRY gstregistrychunks.c:626:gst_registry_chunks_load_feature: Element factory : npadtemplates=2
0:00:00.018833682  3820 0xf0a320 DEBUG   GST_POLL gstpoll.c:980:gst_poll_fd_ctl_write: 0xf12810: fd (fd:0, idx:1), active : 1
0:00:00.024099729  3819 0x16ef370 DEBUG   GST_REGISTRY gstregistrychunks.c:526:gst_registry_chunks_load_pad_template: Reading/casting for GstRegistryChunkPadTemplate at address 0x170c060
0:00:00.018840282  3820 0xf0a320 LOG   GST_POLL gstpoll.c:994:gst_poll_fd_ctl_write: 0xf12810: pfd->events now 60 (POLLOUT:4)
0:00:00.024108837  3819 0x16ef370 DEBUG   GST_REGISTRY gstregistrychunks.c:539:gst_registry_chunks_load_pad_template: Added pad_template sink
0:00:00.018847722  3820 0xf0a320 DEBUG   GST_POLL gstpoll.c:980:gst_poll_fd_ctl_write: 0xf12810: fd (fd:0, idx:1), active : 1
0:00:00.024116201  3819 0x16ef370 DEBUG   GST_REGISTRY gstregistrychunks.c:526:gst_registry_chunks_load_pad_template: Reading/casting for GstRegistryChunkPadTemplate at address 0x170c078
0:00:00.018855783  3820 0xf0a320 LOG   GST_POLL gstpoll.c:994:gst_poll_fd_ctl_write: 0xf12810: pfd->events now 60 (POLLOUT:4)
0:00:00.024123658  3819 0x16ef370 DEBUG   GST_REGISTRY gstregistrychunks.c:539:gst_registry_chunks_load_pad_template: Added pad_template src
0:00:00.018863854  3820 0xf0a320 DEBUG   GST_POLL gstpoll.c:980:gst_poll_fd_ctl_write: 0xf12810: fd (fd:0, idx:1), active : 1
0:00:00.024133373  3819 0x16ef370 DEBUG   GST_REGISTRY gstregistry.c:590:gst_registry_add_feature: adding feature 0x170ff50 (downloadbuffer)
0:00:00.018872453  3820 0xf0a320 LOG   GST_POLL gstpoll.c:994:gst_poll_fd_ctl_write: 0xf12810: pfd->events now 60 (POLLOUT:4)
0:00:00.024140713  3819 0x16ef370 DEBUG   GST_REFCOUNTING gstobject.c:709:gst_object_set_parent: set parent (ref and sink)
0:00:00.018880789  3820 0xf0a320 DEBUG   GST_POLL gstpoll.c:980:gst_poll_fd_ctl_write: 0xf12810: fd (fd:0, idx:1), active : 1
0:00:00.024154038  3819 0x16ef370 TRACE   GST_REFCOUNTING gstobject.c:294:gst_object_ref_sink: 0x170ff50 ref_sink 1->2
0:00:00.018892621  3820 0xf0a320 LOG   GST_POLL gstpoll.c:994:gst_poll_fd_ctl_write: 0xf12810: pfd->events now 60 (POLLOUT:4)
0:00:00.024162917  3819 0x16ef370 LOG   GST_REGISTRY gstregistry.c:608:gst_registry_add_feature: emitting feature-added for downloadbuffer
0:00:00.018902038  3820 0xf0a320 DEBUG   GST_POLL gstpoll.c:980:gst_poll_fd_ctl_write: 0xf12810: fd (fd:0, idx:1), active : 1
0:00:00.024170732  3819 0x16ef370 DEBUG   GST_REGISTRY gstregistrychunks.c:741:gst_registry_chunks_load_feature: Added feature downloadbuffer, plugin 0x1709220 coreelements
0:00:00.018909478  3820 0xf0a320 LOG   GST_POLL gstpoll.c:994:gst_poll_fd_ctl_write: 0xf12810: pfd->events now 60 (POLLOUT:4)
0:00:00.018918426  3820 0xf0a320 DEBUG   GST_POLL gstpoll.c:980:gst_poll_fd_ctl_write: 0xf12810: fd (fd:0, idx:1), active : 1
0:00:00.024180798  3819 0x16ef370 DEBUG   GST_REGISTRY gstregistrychunks.c:583:gst_registry_chunks_load_feature: Plugin 'coreelements' feature 'dataurisrc' typename : 'GstElementFactory'
0:00:00.018924254  3820 0xf0a320 LOG   GST_POLL gstpoll.c:994:gst_poll_fd_ctl_write: 0xf12810: pfd->events now 60 (POLLOUT:4)
0:00:00.024192366  3819 0x16ef370 TRACE   GST_REFCOUNTING gstobject.c:208:gst_object_init: 0x17107a0 new
0:00:00.018931383  3820 0xf0a320 DEBUG   GST_POLL gstpoll.c:980:gst_poll_fd_ctl_write: 0xf12810: fd (fd:0, idx:1), active : 1
0:00:00.024202517  3819 0x16ef370 LOG   GST_REGISTRY gstregistrychunks.c:610:gst_registry_chunks_load_feature: Reading/casting for GstRegistryChunkElementFactory at address 0x170c0a8
0:00:00.018942087  3820 0xf0a320 LOG   GST_POLL gstpoll.c:994:gst_poll_fd_ctl_write: 0xf12810: pfd->events now 60 (POLLOUT:4)
0:00:00.024210160  3819 0x16ef370 TRACE   structure gststructure.c:287:gst_structure_new_id_empty_with_size: created structure 0x17109a0
0:00:00.018949935  3820 0xf0a320 DEBUG   GST_POLL gstpoll.c:980:gst_poll_fd_ctl_write: 0xf12810: fd (fd:0, idx:1), active : 1
0:00:00.024216913  3819 0x16ef370 DEBUG   structure gststructure.c:2203:gst_structure_parse_field: trying field name 'long-name'
0:00:00.018956666  3820 0xf0a320 LOG   GST_POLL gstpoll.c:994:gst_poll_fd_ctl_write: 0xf12810: pfd->events now 60 (POLLOUT:4)
0:00:00.024223227  3819 0x16ef370 DEBUG   default gstvalue.c:2676:_priv_gst_value_parse_value: trying type name 'string'
0:00:00.018963406  3820 0xf0a320 DEBUG   GST_POLL gstpoll.c:980:gst_poll_fd_ctl_write: 0xf12810: fd (fd:0, idx:1), active : 1
0:00:00.024231513  3819 0x16ef370 DEBUG   structure gststructure.c:2203:gst_structure_parse_field: trying field name 'klass'
0:00:00.018970421  3820 0xf0a320 LOG   GST_POLL gstpoll.c:994:gst_poll_fd_ctl_write: 0xf12810: pfd->events now 60 (POLLOUT:4)
0:00:00.024237740  3819 0x16ef370 DEBUG   default gstvalue.c:2676:_priv_gst_value_parse_value: trying type name 'string'
0:00:00.018985292  3820 0xf0a320 DEBUG   GST_POLL gstpoll.c:980:gst_poll_fd_ctl_write: 0xf12810: fd (fd:0, idx:1), active : 1
0:00:00.024252557  3819 0x16ef370 DEBUG   structure gststructure.c:2203:gst_structure_parse_field: trying field name 'description'
0:00:00.018991912  3820 0xf0a320 LOG   GST_POLL gstpoll.c:994:gst_poll_fd_ctl_write: 0xf12810: pfd->events now 60 (POLLOUT:4)
0:00:00.024259895  3819 0x16ef370 DEBUG   default gstvalue.c:2676:_priv_gst_value_parse_value: trying type name 'string'
0:00:00.019000279  3820 0xf0a320 DEBUG   GST_POLL gstpoll.c:980:gst_poll_fd_ctl_write: 0xf12810: fd (fd:0, idx:1), active : 1
0:00:00.024268281  3819 0x16ef370 DEBUG   structure gststructure.c:2203:gst_structure_parse_field: trying field name 'author'
0:00:00.019009391  3820 0xf0a320 LOG   GST_POLL gstpoll.c:994:gst_poll_fd_ctl_write: 0xf12810: pfd->events now 60 (POLLOUT:4)
0:00:00.024274704  3819 0x16ef370 DEBUG   default gstvalue.c:2676:_priv_gst_value_parse_value: trying type name 'string'
0:00:00.019017491  3820 0xf0a320 DEBUG   GST_POLL gstpoll.c:980:gst_poll_fd_ctl_write: 0xf12810: fd (fd:0, idx:1), active : 1
0:00:00.024283835  3819 0x16ef370 DEBUG   GST_REGISTRY gstregistrychunks.c:626:gst_registry_chunks_load_feature: Element factory : npadtemplates=1
0:00:00.019024406  3820 0xf0a320 LOG   GST_POLL gstpoll.c:994:gst_poll_fd_ctl_write: 0xf12810: pfd->events now 60 (POLLOUT:4)
0:00:00.024289973  3819 0x16ef370 DEBUG   GST_REGISTRY gstregistrychunks.c:526:gst_registry_chunks_load_pad_template: Reading/casting for GstRegistryChunkPadTemplate at address 0x170c1c0
0:00:00.019031339  3820 0xf0a320 DEBUG   GST_POLL gstpoll.c:980:gst_poll_fd_ctl_write: 0xf12810: fd (fd:0, idx:1), active : 1
0:00:00.024296532  3819 0x16ef370 DEBUG   GST_REGISTRY gstregistrychunks.c:539:gst_registry_chunks_load_pad_template: Added pad_template src
0:00:00.019037988  3820 0xf0a320 LOG   GST_POLL gstpoll.c:994:gst_poll_fd_ctl_write: 0xf12810: pfd->events now 60 (POLLOUT:4)
0:00:00.024303530  3819 0x16ef370 DEBUG   GST_REGISTRY gstregistrychunks.c:639:gst_registry_chunks_load_feature: Reading 1 UriTypes at address 0x170c1d0
0:00:00.019044949  3820 0xf0a320 DEBUG   GST_POLL gstpoll.c:980:gst_poll_fd_ctl_write: 0xf12810: fd (fd:0, idx:1), active : 1
0:00:00.024313121  3819 0x16ef370 DEBUG   GST_REGISTRY gstregistrychunks.c:654:gst_registry_chunks_load_feature: Reading 1 Interfaces at address 0x170c1d9
0:00:00.019051415  3820 0xf0a320 LOG   GST_POLL gstpoll.c:994:gst_poll_fd_ctl_write: 0xf12810: pfd->events now 60 (POLLOUT:4)
0:00:00.019060534  3820 0xf0a320 DEBUG   GST_POLL gstpoll.c:980:gst_poll_fd_ctl_write: 0xf12810: fd (fd:0, idx:1), active : 1
0:00:00.024324313  3819 0x16ef370 DEBUG   GST_REGISTRY gstregistry.c:590:gst_registry_add_feature: adding feature 0x17107a0 (dataurisrc)
0:00:00.019068818  3820 0xf0a320 LOG   GST_POLL gstpoll.c:994:gst_poll_fd_ctl_write: 0xf12810: pfd->events now 60 (POLLOUT:4)
0:00:00.024332753  3819 0x16ef370 DEBUG   GST_REFCOUNTING gstobject.c:709:gst_object_set_parent: set parent (ref and sink)
0:00:00.019081449  3820 0xf0a320 DEBUG   GST_POLL gstpoll.c:980:gst_poll_fd_ctl_write: 0xf12810: fd (fd:0, idx:1), active : 1
0:00:00.024346696  3819 0x16ef370 TRACE   GST_REFCOUNTING gstobject.c:294:gst_object_ref_sink: 0x17107a0 ref_sink 1->2
0:00:00.019088302  3820 0xf0a320 LOG   GST_POLL gstpoll.c:994:gst_poll_fd_ctl_write: 0xf12810: pfd->events now 60 (POLLOUT:4)
0:00:00.024354685  3819 0x16ef370 LOG   GST_REGISTRY gstregistry.c:608:gst_registry_add_feature: emitting feature-added for dataurisrc
0:00:00.019095397  3820 0xf0a320 DEBUG   GST_POLL gstpoll.c:980:gst_poll_fd_ctl_write: 0xf12810: fd (fd:0, idx:1), active : 1
0:00:00.024362490  3819 0x16ef370 DEBUG   GST_REGISTRY gstregistrychunks.c:741:gst_registry_chunks_load_feature: Added feature dataurisrc, plugin 0x1709220 coreelements
0:00:00.019101724  3820 0xf0a320 LOG   GST_POLL gstpoll.c:994:gst_poll_fd_ctl_write: 0xf12810: pfd->events now 60 (POLLOUT:4)
0:00:00.024370001  3819 0x16ef370 DEBUG   GST_REGISTRY gstregistrychunks.c:583:gst_registry_chunks_load_feature: Plugin 'coreelements' feature 'concat' typename : 'GstElementFactory'
0:00:00.019108951  3820 0xf0a320 DEBUG   GST_POLL gstpoll.c:980:gst_poll_fd_ctl_write: 0xf12810: fd (fd:0, idx:1), active : 1
0:00:00.019116173  3820 0xf0a320 LOG   GST_POLL gstpoll.c:994:gst_poll_fd_ctl_write: 0xf12810: pfd->events now 60 (POLLOUT:4)
0:00:00.024379376  3819 0x16ef370 TRACE   GST_REFCOUNTING gstobject.c:208:gst_object_init: 0x17103b0 new
0:00:00.019122107  3820 0xf0a320 DEBUG   GST_POLL gstpoll.c:980:gst_poll_fd_ctl_write: 0xf12810: fd (fd:0, idx:1), active : 1
0:00:00.024391057  3819 0x16ef370 LOG   GST_REGISTRY gstregistrychunks.c:610:gst_registry_chunks_load_feature: Reading/casting for GstRegistryChunkElementFactory at address 0x170c200
0:00:00.019130911  3820 0xf0a320 LOG   GST_POLL gstpoll.c:994:gst_poll_fd_ctl_write: 0xf12810: pfd->events now 60 (POLLOUT:4)
0:00:00.024399642  3819 0x16ef370 TRACE   structure gststructure.c:287:gst_structure_new_id_empty_with_size: created structure 0x1710e30
0:00:00.019139329  3820 0xf0a320 DEBUG   GST_POLL gstpoll.c:980:gst_poll_fd_ctl_write: 0xf12810: fd (fd:0, idx:1), active : 1
0:00:00.024406562  3819 0x16ef370 DEBUG   structure gststructure.c:2203:gst_structure_parse_field: trying field name 'long-name'
0:00:00.019146281  3820 0xf0a320 LOG   GST_POLL gstpoll.c:994:gst_poll_fd_ctl_write: 0xf12810: pfd->events now 60 (POLLOUT:4)
0:00:00.024413342  3819 0x16ef370 DEBUG   default gstvalue.c:2676:_priv_gst_value_parse_value: trying type name 'string'
0:00:00.019153174  3820 0xf0a320 DEBUG   GST_POLL gstpoll.c:980:gst_poll_fd_ctl_write: 0xf12810: fd (fd:0, idx:1), active : 1
0:00:00.024420608  3819 0x16ef370 DEBUG   structure gststructure.c:2203:gst_structure_parse_field: trying field name 'klass'
0:00:00.019159691  3820 0xf0a320 LOG   GST_POLL gstpoll.c:994:gst_poll_fd_ctl_write: 0xf12810: pfd->events now 60 (POLLOUT:4)
0:00:00.024432571  3819 0x16ef370 DEBUG   default gstvalue.c:2676:_priv_gst_value_parse_value: trying type name 'string'
0:00:00.019173144  3820 0xf0a320 DEBUG   GST_POLL gstpoll.c:980:gst_poll_fd_ctl_write: 0xf12810: fd (fd:0, idx:1), active : 1
0:00:00.024439770  3819 0x16ef370 DEBUG   structure gststructure.c:2203:gst_structure_parse_field: trying field name 'description'
0:00:00.019179813  3820 0xf0a320 LOG   GST_POLL gstpoll.c:994:gst_poll_fd_ctl_write: 0xf12810: pfd->events now 60 (POLLOUT:4)
0:00:00.024446201  3819 0x16ef370 DEBUG   default gstvalue.c:2676:_priv_gst_value_parse_value: trying type name 'string'
0:00:00.019187286  3820 0xf0a320 DEBUG   GST_POLL gstpoll.c:980:gst_poll_fd_ctl_write: 0xf12810: fd (fd:0, idx:1), active : 1
0:00:00.024456274  3819 0x16ef370 DEBUG   structure gststructure.c:2203:gst_structure_parse_field: trying field name 'author'
0:00:00.019196262  3820 0xf0a320 LOG   GST_POLL gstpoll.c:994:gst_poll_fd_ctl_write: 0xf12810: pfd->events now 60 (POLLOUT:4)
0:00:00.019204427  3820 0xf0a320 DEBUG   GST_POLL gstpoll.c:980:gst_poll_fd_ctl_write: 0xf12810: fd (fd:0, idx:1), active : 1
0:00:00.024467833  3819 0x16ef370 DEBUG   default gstvalue.c:2676:_priv_gst_value_parse_value: trying type name 'string'
0:00:00.019211006  3820 0xf0a320 LOG   GST_POLL gstpoll.c:994:gst_poll_fd_ctl_write: 0xf12810: pfd->events now 60 (POLLOUT:4)
0:00:00.024477514  3819 0x16ef370 DEBUG   GST_REGISTRY gstregistrychunks.c:626:gst_registry_chunks_load_feature: Element factory : npadtemplates=2
0:00:00.019217891  3820 0xf0a320 DEBUG   GST_POLL gstpoll.c:980:gst_poll_fd_ctl_write: 0xf12810: fd (fd:0, idx:1), active : 1
0:00:00.024484333  3819 0x16ef370 DEBUG   GST_REGISTRY gstregistrychunks.c:526:gst_registry_chunks_load_pad_template: Reading/casting for GstRegistryChunkPadTemplate at address 0x170c2d8
0:00:00.019224249  3820 0xf0a320 LOG   GST_POLL gstpoll.c:994:gst_poll_fd_ctl_write: 0xf12810: pfd->events now 60 (POLLOUT:4)
0:00:00.024491015  3819 0x16ef370 DEBUG   GST_REGISTRY gstregistrychunks.c:539:gst_registry_chunks_load_pad_template: Added pad_template src
0:00:00.019231174  3820 0xf0a320 DEBUG   GST_POLL gstpoll.c:980:gst_poll_fd_ctl_write: 0xf12810: fd (fd:0, idx:1), active : 1
0:00:00.024497214  3819 0x16ef370 DEBUG   GST_REGISTRY gstregistrychunks.c:526:gst_registry_chunks_load_pad_template: Reading/casting for GstRegistryChunkPadTemplate at address 0x170c2e8
0:00:00.019237642  3820 0xf0a320 LOG   GST_POLL gstpoll.c:994:gst_poll_fd_ctl_write: 0xf12810: pfd->events now 60 (POLLOUT:4)
0:00:00.024503923  3819 0x16ef370 DEBUG   GST_REGISTRY gstregistrychunks.c:539:gst_registry_chunks_load_pad_template: Added pad_template sink_%u
0:00:00.019245129  3820 0xf0a320 DEBUG   GST_POLL gstpoll.c:980:gst_poll_fd_ctl_write: 0xf12810: fd (fd:0, idx:1), active : 1
0:00:00.024515914  3819 0x16ef370 DEBUG   GST_REGISTRY gstregistry.c:590:gst_registry_add_feature: adding feature 0x17103b0 (concat)
0:00:00.019254457  3820 0xf0a320 LOG   GST_POLL gstpoll.c:994:gst_poll_fd_ctl_write: 0xf12810: pfd->events now 60 (POLLOUT:4)
0:00:00.024529130  3819 0x16ef370 DEBUG   GST_REFCOUNTING gstobject.c:709:gst_object_set_parent: set parent (ref and sink)
0:00:00.019269348  3820 0xf0a320 DEBUG   GST_POLL gstpoll.c:980:gst_poll_fd_ctl_write: 0xf12810: fd (fd:0, idx:1), active : 1
0:00:00.024538303  3819 0x16ef370 TRACE   GST_REFCOUNTING gstobject.c:294:gst_object_ref_sink: 0x17103b0 ref_sink 1->2
0:00:00.019276517  3820 0xf0a320 LOG   GST_POLL gstpoll.c:994:gst_poll_fd_ctl_write: 0xf12810: pfd->events now 60 (POLLOUT:4)
0:00:00.024546230  3819 0x16ef370 LOG   GST_REGISTRY gstregistry.c:608:gst_registry_add_feature: emitting feature-added for concat
0:00:00.019285922  3820 0xf0a320 DEBUG   GST_POLL gstpoll.c:980:gst_poll_fd_ctl_write: 0xf12810: fd (fd:0, idx:1), active : 1
0:00:00.024553998  3819 0x16ef370 DEBUG   GST_REGISTRY gstregistrychunks.c:741:gst_registry_chunks_load_feature: Added feature concat, plugin 0x1709220 coreelements
0:00:00.019292622  3820 0xf0a320 LOG   GST_POLL gstpoll.c:994:gst_poll_fd_ctl_write: 0xf12810: pfd->events now 60 (POLLOUT:4)
0:00:00.019302501  3820 0xf0a320 DEBUG   GST_POLL gstpoll.c:980:gst_poll_fd_ctl_write: 0xf12810: fd (fd:0, idx:1), active : 1
0:00:00.024564197  3819 0x16ef370 DEBUG   GST_REGISTRY gstregistrychunks.c:583:gst_registry_chunks_load_feature: Plugin 'coreelements' feature 'clocksync' typename : 'GstElementFactory'
0:00:00.019308533  3820 0xf0a320 LOG   GST_POLL gstpoll.c:994:gst_poll_fd_ctl_write: 0xf12810: pfd->events now 60 (POLLOUT:4)
0:00:00.024576079  3819 0x16ef370 TRACE   GST_REFCOUNTING gstobject.c:208:gst_object_init: 0x1710ad0 new
0:00:00.019315543  3820 0xf0a320 DEBUG   GST_POLL gstpoll.c:980:gst_poll_fd_ctl_write: 0xf12810: fd (fd:0, idx:1), active : 1
0:00:00.024585562  3819 0x16ef370 LOG   GST_REGISTRY gstregistrychunks.c:610:gst_registry_chunks_load_feature: Reading/casting for GstRegistryChunkElementFactory at address 0x170c318
0:00:00.019325502  3820 0xf0a320 LOG   GST_POLL gstpoll.c:994:gst_poll_fd_ctl_write: 0xf12810: pfd->events now 60 (POLLOUT:4)
0:00:00.024595553  3819 0x16ef370 TRACE   structure gststructure.c:287:gst_structure_new_id_empty_with_size: created structure 0x1711360
0:00:00.019334072  3820 0xf0a320 DEBUG   GST_POLL gstpoll.c:980:gst_poll_fd_ctl_write: 0xf12810: fd (fd:0, idx:1), active : 1
0:00:00.024603186  3819 0x16ef370 DEBUG   structure gststructure.c:2203:gst_structure_parse_field: trying field name 'long-name'
0:00:00.019342953  3820 0xf0a320 LOG   GST_POLL gstpoll.c:994:gst_poll_fd_ctl_write: 0xf12810: pfd->events now 60 (POLLOUT:4)
0:00:00.024609571  3819 0x16ef370 DEBUG   default gstvalue.c:2676:_priv_gst_value_parse_value: trying type name 'string'
