0:00:00.012074626  2481 0x4fe320 LOG   GST_POLL gstpoll.c:994:gst_poll_fd_ctl_write: 0x506a00: pfd->events now 60 (POLLOUT:4)
0:00:00.012080867  2481 0x4fe320 DEBUG   GST_POLL gstpoll.c:980:gst_poll_fd_ctl_write: 0x506a00: fd (fd:0, idx:1), active : 1
0:00:00.012085831  2481 0x4fe320 LOG   GST_POLL gstpoll.c:994:gst_poll_fd_ctl_write: 0x506a00: pfd->events now 60 (POLLOUT:4)
0:00:00.012090889  2481 0x4fe320 DEBUG   GST_POLL gstpoll.c:980:gst_poll_fd_ctl_write: 0x506a00: fd (fd:0, idx:1), active : 1
0:00:00.012095665  2481 0x4fe320 LOG   GST_POLL gstpoll.c:994:gst_poll_fd_ctl_write: 0x506a00: pfd->events now 60 (POLLOUT:4)
0:00:00.012100726  2481 0x4fe320 DEBUG   GST_POLL gstpoll.c:980:gst_poll_fd_ctl_write: 0x506a00: fd (fd:0, idx:1), active : 1
0:00:00.012105521  2481 0x4fe320 LOG   GST_POLL gstpoll.c:994:gst_poll_fd_ctl_write: 0x506a00: pfd->events now 60 (POLLOUT:4)
0:00:00.012110585  2481 0x4fe320 DEBUG   GST_POLL gstpoll.c:980:gst_poll_fd_ctl_write: 0x506a00: fd (fd:0, idx:1), active : 1
0:00:00.012118236  2481 0x4fe320 LOG   GST_POLL gstpoll.c:994:gst_poll_fd_ctl_write: 0x506a00: pfd->events now 60 (POLLOUT:4)
0:00:00.012124402  2481 0x4fe320 DEBUG   GST_POLL gstpoll.c:980:gst_poll_fd_ctl_write: 0x506a00: fd (fd:0, idx:1), active : 1
0:00:00.012137138  2481 0x4fe320 LOG   GST_POLL gstpoll.c:994:gst_poll_fd_ctl_write: 0x506a00: pfd->events now 60 (POLLOUT:4)
0:00:00.012142586  2481 0x4fe320 DEBUG   GST_POLL gstpoll.c:980:gst_poll_fd_ctl_write: 0x506a00: fd (fd:0, idx:1), active : 1
0:00:00.012147686  2481 0x4fe320 LOG   GST_POLL gstpoll.c:994:gst_poll_fd_ctl_write: 0x506a00: pfd->events now 60 (POLLOUT:4)
0:00:00.012152904  2481 0x4fe320 DEBUG   GST_POLL gstpoll.c:980:gst_poll_fd_ctl_write: 0x506a00: fd (fd:0, idx:1), active : 1
0:00:00.012157809  2481 0x4fe320 LOG   GST_POLL gstpoll.c:994:gst_poll_fd_ctl_write: 0x506a00: pfd->events now 60 (POLLOUT:4)
0:00:00.012162844  2481 0x4fe320 DEBUG   GST_POLL gstpoll.c:980:gst_poll_fd_ctl_write: 0x506a00: fd (fd:0, idx:1), active : 1
0:00:00.012170354  2481 0x4fe320 LOG   GST_POLL gstpoll.c:994:gst_poll_fd_ctl_write: 0x506a00: pfd->events now 60 (POLLOUT:4)
0:00:00.012176470  2481 0x4fe320 DEBUG   GST_POLL gstpoll.c:980:gst_poll_fd_ctl_write: 0x506a00: fd (fd:0, idx:1), active : 1
0:00:00.012181806  2481 0x4fe320 LOG   GST_POLL gstpoll.c:994:gst_poll_fd_ctl_write: 0x506a00: pfd->events now 60 (POLLOUT:4)
0:00:00.012187157  2481 0x4fe320 DEBUG   GST_POLL gstpoll.c:980:gst_poll_fd_ctl_write: 0x506a00: fd (fd:0, idx:1), active : 1
0:00:00.012191978  2481 0x4fe320 LOG   GST_POLL gstpoll.c:994:gst_poll_fd_ctl_write: 0x506a00: pfd->events now 60 (POLLOUT:4)
0:00:00.012197039  2481 0x4fe320 DEBUG   GST_POLL gstpoll.c:980:gst_poll_fd_ctl_write: 0x506a00: fd (fd:0, idx:1), active : 1
0:00:00.012201858  2481 0x4fe320 LOG   GST_POLL gstpoll.c:994:gst_poll_fd_ctl_write: 0x506a00: pfd->events now 60 (POLLOUT:4)
0:00:00.012207147  2481 0x4fe320 DEBUG   GST_POLL gstpoll.c:980:gst_poll_fd_ctl_write: 0x506a00: fd (fd:0, idx:1), active : 1
0:00:00.012214664  2481 0x4fe320 LOG   GST_POLL gstpoll.c:994:gst_poll_fd_ctl_write: 0x506a00: pfd->events now 60 (POLLOUT:4)
0:00:00.012220816  2481 0x4fe320 DEBUG   GST_POLL gstpoll.c:980:gst_poll_fd_ctl_write: 0x506a00: fd (fd:0, idx:1), active : 1
0:00:00.012225998  2481 0x4fe320 LOG   GST_POLL gstpoll.c:994:gst_poll_fd_ctl_write: 0x506a00: pfd->events now 60 (POLLOUT:4)
0:00:00.012231081  2481 0x4fe320 DEBUG   GST_POLL gstpoll.c:980:gst_poll_fd_ctl_write: 0x506a00: fd (fd:0, idx:1), active : 1
0:00:00.012235891  2481 0x4fe320 LOG   GST_POLL gstpoll.c:994:gst_poll_fd_ctl_write: 0x506a00: pfd->events now 60 (POLLOUT:4)
0:00:00.012240987  2481 0x4fe320 DEBUG   GST_POLL gstpoll.c:980:gst_poll_fd_ctl_write: 0x506a00: fd (fd:0, idx:1), active : 1
0:00:00.012245951  2481 0x4fe320 LOG   GST_POLL gstpoll.c:994:gst_poll_fd_ctl_write: 0x506a00: pfd->events now 60 (POLLOUT:4)
0:00:00.012251172  2481 0x4fe320 DEBUG   GST_POLL gstpoll.c:980:gst_poll_fd_ctl_write: 0x506a00: fd (fd:0, idx:1), active : 1
0:00:00.012258714  2481 0x4fe320 LOG   GST_POLL gstpoll.c:994:gst_poll_fd_ctl_write: 0x506a00: pfd->events now 60 (POLLOUT:4)
0:00:00.012269545  2481 0x4fe320 DEBUG   GST_POLL gstpoll.c:980:gst_poll_fd_ctl_write: 0x506a00: fd (fd:0, idx:1), active : 1
0:00:00.012274823  2481 0x4fe320 LOG   GST_POLL gstpoll.c:994:gst_poll_fd_ctl_write: 0x506a00: pfd->events now 60 (POLLOUT:4)
0:00:00.012280159  2481 0x4fe320 DEBUG   GST_POLL gstpoll.c:980:gst_poll_fd_ctl_write: 0x506a00: fd (fd:0, idx:1), active : 1
0:00:00.012284943  2481 0x4fe320 LOG   GST_POLL gstpoll.c:994:gst_poll_fd_ctl_write: 0x506a00: pfd->events now 60 (POLLOUT:4)
0:00:00.012289942  2481 0x4fe320 DEBUG   GST_POLL gstpoll.c:980:gst_poll_fd_ctl_write: 0x506a00: fd (fd:0, idx:1), active : 1
0:00:00.012294748  2481 0x4fe320 LOG   GST_POLL gstpoll.c:994:gst_poll_fd_ctl_write: 0x506a00: pfd->events now 60 (POLLOUT:4)
0:00:00.012299746  2481 0x4fe320 DEBUG   GST_POLL gstpoll.c:980:gst_poll_fd_ctl_write: 0x506a00: fd (fd:0, idx:1), active : 1
0:00:00.012307270  2481 0x4fe320 LOG   GST_POLL gstpoll.c:994:gst_poll_fd_ctl_write: 0x506a00: pfd->events now 60 (POLLOUT:4)
0:00:00.012318851  2481 0x4fe320 TRACE   GST_REFCOUNTING gstobject.c:265:gst_object_unref: 0x51a1b0 unref 2->1
0:00:00.012326211  2481 0x4fe320 DEBUG   GST_POLL gstpoll.c:1241:gst_poll_fd_has_error: 0x506a00: fd (fd:0, idx:1) 0
0:00:00.012331762  2481 0x4fe320 DEBUG   GST_POLL gstpoll.c:1335:gst_poll_fd_can_write: 0x506a00: fd (fd:0, idx:1) 1
0:00:00.012336930  2481 0x4fe320 LOG   GST_PLUGIN_LOADING gstpluginloader.c:689:write_one: Writing packet of size 488 bytes to fd 0
0:00:00.012361338  2481 0x4fe320 DEBUG   GST_POLL gstpoll.c:1414:gst_poll_wait: 0x506a00: timeout :0:00:01.000000000
0:00:00.012375334  2481 0x4fe320 LOG   GST_PLUGIN_LOADING gstpluginloader.c:1027:exchange_packets: Poll res = 2. 6872 bytes pending for write
0:00:00.012383335  2481 0x4fe320 DEBUG   GST_POLL gstpoll.c:1241:gst_poll_fd_has_error: 0x506a00: fd (fd:5, idx:2) 0
0:00:00.012389137  2481 0x4fe320 DEBUG   GST_POLL gstpoll.c:1266:gst_poll_fd_can_read_unlocked: 0x506a00: fd (fd:5, idx:2) 1
0:00:00.012400007  2481 0x4fe320 DEBUG   GST_PLUGIN_LOADING gstpluginloader.c:721:do_plugin_load: Plugin scanner loading file /home/conan/w/prod/BuildSingleReference/.conan/data/gstreamer/1.19.1/_/_/package/1f5f5d419fdfb792f06015b5de5ddcf61311d6c8/lib/gstreamer-1.0/libgstcoretracers.so. tag 2
0:00:00.012408793  2481 0x4fe320 TRACE   GST_REFCOUNTING gstobject.c:238:gst_object_ref: 0x517f40 ref 1->2
0:00:00.012416764  2481 0x4fe320 TRACE   GST_REFCOUNTING gstobject.c:238:gst_object_ref: 0x518e60 ref 1->2
0:00:00.016744321  2480 0x1196370 LOG   GST_PLUGIN_LOADING gstpluginloader.c:1027:exchange_packets: Poll res = 1. 0 bytes pending for write
0:00:00.012425668  2481 0x4fe320 TRACE   GST_REFCOUNTING gstobject.c:238:gst_object_ref: 0x518c20 ref 1->2
0:00:00.012450096  2481 0x4fe320 TRACE   GST_REFCOUNTING gstobject.c:238:gst_object_ref: 0x518a10 ref 1->2
0:00:00.016782584  2480 0x1196370 DEBUG   GST_POLL gstpoll.c:1241:gst_poll_fd_has_error: 0x11afd60: fd (fd:8, idx:2) 0
0:00:00.012456369  2481 0x4fe320 TRACE   GST_REFCOUNTING gstobject.c:238:gst_object_ref: 0x518650 ref 1->2
0:00:00.012475818  2481 0x4fe320 TRACE   GST_REFCOUNTING gstobject.c:238:gst_object_ref: 0x5182f0 ref 1->2
0:00:00.016807206  2480 0x1196370 DEBUG   GST_POLL gstpoll.c:1266:gst_poll_fd_can_read_unlocked: 0x11afd60: fd (fd:8, idx:2) 1
0:00:00.012484841  2481 0x4fe320 TRACE   GST_REFCOUNTING gstobject.c:265:gst_object_unref: 0x5182f0 unref 2->1
0:00:00.012491822  2481 0x4fe320 TRACE   GST_REFCOUNTING gstobject.c:265:gst_object_unref: 0x518650 unref 2->1
0:00:00.012497511  2481 0x4fe320 TRACE   GST_REFCOUNTING gstobject.c:265:gst_object_unref: 0x518a10 unref 2->1
0:00:00.016830658  2480 0x1196370 DEBUG   GST_PLUGIN_LOADING gstpluginloader.c:849:handle_rx_packet: Received plugin details from child w/ tag 0. 476 bytes info
0:00:00.012503194  2481 0x4fe320 TRACE   GST_REFCOUNTING gstobject.c:265:gst_object_unref: 0x518c20 unref 2->1
0:00:00.016840599  2480 0x1196370 LOG   GST_REGISTRY gstregistrychunks.c:837:_priv_gst_registry_chunks_load_plugin: Reading/casting for GstRegistryChunkPluginElement at address 0x11b03e0
0:00:00.012512387  2481 0x4fe320 TRACE   GST_REFCOUNTING gstobject.c:265:gst_object_unref: 0x518e60 unref 2->1
0:00:00.012521292  2481 0x4fe320 DEBUG   GST_REGISTRY gstregistrychunks.c:498:_priv_gst_registry_chunks_save_plugin: Found 5 features in plugin 0x517f40 (coretracers)
0:00:00.012527558  2481 0x4fe320 DEBUG   GST_POLL gstpoll.c:980:gst_poll_fd_ctl_write: 0x506a00: fd (fd:0, idx:1), active : 1
0:00:00.012532807  2481 0x4fe320 LOG   GST_POLL gstpoll.c:994:gst_poll_fd_ctl_write: 0x506a00: pfd->events now 60 (POLLOUT:4)
0:00:00.016864701  2480 0x1196370 TRACE   GST_REFCOUNTING gstobject.c:208:gst_object_init: 0x11afdc0 new
0:00:00.012538270  2481 0x4fe320 DEBUG   GST_POLL gstpoll.c:980:gst_poll_fd_ctl_write: 0x506a00: fd (fd:0, idx:1), active : 1
0:00:00.012544032  2481 0x4fe320 LOG   GST_POLL gstpoll.c:994:gst_poll_fd_ctl_write: 0x506a00: pfd->events now 60 (POLLOUT:4)
0:00:00.012549434  2481 0x4fe320 DEBUG   GST_POLL gstpoll.c:980:gst_poll_fd_ctl_write: 0x506a00: fd (fd:0, idx:1), active : 1
0:00:00.012554451  2481 0x4fe320 LOG   GST_POLL gstpoll.c:994:gst_poll_fd_ctl_write: 0x506a00: pfd->events now 60 (POLLOUT:4)
0:00:00.012562540  2481 0x4fe320 DEBUG   GST_POLL gstpoll.c:980:gst_poll_fd_ctl_write: 0x506a00: fd (fd:0, idx:1), active : 1
0:00:00.012568761  2481 0x4fe320 LOG   GST_POLL gstpoll.c:994:gst_poll_fd_ctl_write: 0x506a00: pfd->events now 60 (POLLOUT:4)
0:00:00.012574447  2481 0x4fe320 DEBUG   GST_POLL gstpoll.c:980:gst_poll_fd_ctl_write: 0x506a00: fd (fd:0, idx:1), active : 1
0:00:00.012579645  2481 0x4fe320 LOG   GST_POLL gstpoll.c:994:gst_poll_fd_ctl_write: 0x506a00: pfd->events now 60 (POLLOUT:4)
0:00:00.016913166  2480 0x1196370 LOG   GST_REGISTRY gstregistrychunks.c:858:_priv_gst_registry_chunks_load_plugin: read strings for name='coretracers'
0:00:00.012584798  2481 0x4fe320 DEBUG   GST_POLL gstpoll.c:980:gst_poll_fd_ctl_write: 0x506a00: fd (fd:0, idx:1), active : 1
0:00:00.016927956  2480 0x1196370 LOG   GST_REGISTRY gstregistrychunks.c:859:_priv_gst_registry_chunks_load_plugin: desc.description='GStreamer core tracers'
0:00:00.012596342  2481 0x4fe320 LOG   GST_POLL gstpoll.c:994:gst_poll_fd_ctl_write: 0x506a00: pfd->events now 60 (POLLOUT:4)
0:00:00.016935118  2480 0x1196370 LOG   GST_REGISTRY gstregistrychunks.c:860:_priv_gst_registry_chunks_load_plugin: filename='/home/conan/w/prod/BuildSingleReference/.conan/data/gstreamer/1.19.1/_/_/package/1f5f5d419fdfb792f06015b5de5ddcf61311d6c8/lib/gstreamer-1.0/libgstcoretracers.so'
0:00:00.012603463  2481 0x4fe320 DEBUG   GST_POLL gstpoll.c:980:gst_poll_fd_ctl_write: 0x506a00: fd (fd:0, idx:1), active : 1
0:00:00.016943566  2480 0x1196370 LOG   GST_REGISTRY gstregistrychunks.c:861:_priv_gst_registry_chunks_load_plugin: desc.version='1.19.1'
0:00:00.012611492  2481 0x4fe320 LOG   GST_POLL gstpoll.c:994:gst_poll_fd_ctl_write: 0x506a00: pfd->events now 60 (POLLOUT:4)
0:00:00.016950621  2480 0x1196370 LOG   GST_REGISTRY gstregistrychunks.c:862:_priv_gst_registry_chunks_load_plugin: desc.license='LGPL'
0:00:00.012622002  2481 0x4fe320 DEBUG   GST_POLL gstpoll.c:980:gst_poll_fd_ctl_write: 0x506a00: fd (fd:0, idx:1), active : 1
0:00:00.016956421  2480 0x1196370 LOG   GST_REGISTRY gstregistrychunks.c:863:_priv_gst_registry_chunks_load_plugin: desc.source='gstreamer'
0:00:00.012628522  2481 0x4fe320 LOG   GST_POLL gstpoll.c:994:gst_poll_fd_ctl_write: 0x506a00: pfd->events now 60 (POLLOUT:4)
0:00:00.016963418  2480 0x1196370 LOG   GST_REGISTRY gstregistrychunks.c:864:_priv_gst_registry_chunks_load_plugin: desc.package='GStreamer source release'
0:00:00.012635007  2481 0x4fe320 DEBUG   GST_POLL gstpoll.c:980:gst_poll_fd_ctl_write: 0x506a00: fd (fd:0, idx:1), active : 1
0:00:00.016970178  2480 0x1196370 LOG   GST_REGISTRY gstregistrychunks.c:865:_priv_gst_registry_chunks_load_plugin: desc.origin='Unknown package origin'
0:00:00.012640747  2481 0x4fe320 LOG   GST_POLL gstpoll.c:994:gst_poll_fd_ctl_write: 0x506a00: pfd->events now 60 (POLLOUT:4)
0:00:00.016976138  2480 0x1196370 LOG   GST_REGISTRY gstregistrychunks.c:866:_priv_gst_registry_chunks_load_plugin: desc.datetime=2021-06-01
0:00:00.012646477  2481 0x4fe320 DEBUG   GST_POLL gstpoll.c:980:gst_poll_fd_ctl_write: 0x506a00: fd (fd:0, idx:1), active : 1
0:00:00.012652104  2481 0x4fe320 LOG   GST_POLL gstpoll.c:994:gst_poll_fd_ctl_write: 0x506a00: pfd->events now 60 (POLLOUT:4)
0:00:00.016987277  2480 0x1196370 DEBUG   GST_REGISTRY gstregistry.c:474:gst_registry_add_plugin: adding plugin 0x11afdc0 for filename "/home/conan/w/prod/BuildSingleReference/.conan/data/gstreamer/1.19.1/_/_/package/1f5f5d419fdfb792f06015b5de5ddcf61311d6c8/lib/gstreamer-1.0/libgstcoretracers.so"
0:00:00.012657324  2481 0x4fe320 DEBUG   GST_POLL gstpoll.c:980:gst_poll_fd_ctl_write: 0x506a00: fd (fd:0, idx:1), active : 1
0:00:00.016999011  2480 0x1196370 TRACE   GST_REFCOUNTING gstobject.c:294:gst_object_ref_sink: 0x11afdc0 ref_sink 1->2
0:00:00.012668140  2481 0x4fe320 LOG   GST_POLL gstpoll.c:994:gst_poll_fd_ctl_write: 0x506a00: pfd->events now 60 (POLLOUT:4)
0:00:00.012678726  2481 0x4fe320 DEBUG   GST_POLL gstpoll.c:980:gst_poll_fd_ctl_write: 0x506a00: fd (fd:0, idx:1), active : 1
0:00:00.012696937  2481 0x4fe320 LOG   GST_POLL gstpoll.c:994:gst_poll_fd_ctl_write: 0x506a00: pfd->events now 60 (POLLOUT:4)
0:00:00.012706259  2481 0x4fe320 DEBUG   GST_POLL gstpoll.c:980:gst_poll_fd_ctl_write: 0x506a00: fd (fd:0, idx:1), active : 1
0:00:00.012714977  2481 0x4fe320 LOG   GST_POLL gstpoll.c:994:gst_poll_fd_ctl_write: 0x506a00: pfd->events now 60 (POLLOUT:4)
0:00:00.017008892  2480 0x1196370 LOG   GST_REGISTRY gstregistry.c:487:gst_registry_add_plugin: emitting plugin-added for filename "/home/conan/w/prod/BuildSingleReference/.conan/data/gstreamer/1.19.1/_/_/package/1f5f5d419fdfb792f06015b5de5ddcf61311d6c8/lib/gstreamer-1.0/libgstcoretracers.so"
0:00:00.012723379  2481 0x4fe320 DEBUG   GST_POLL gstpoll.c:980:gst_poll_fd_ctl_write: 0x506a00: fd (fd:0, idx:1), active : 1
0:00:00.017060127  2480 0x1196370 DEBUG   GST_REGISTRY gstregistrychunks.c:887:_priv_gst_registry_chunks_load_plugin: Added plugin 'coretracers' plugin with 5 features from binary registry
0:00:00.012732247  2481 0x4fe320 LOG   GST_POLL gstpoll.c:994:gst_poll_fd_ctl_write: 0x506a00: pfd->events now 60 (POLLOUT:4)
0:00:00.017068051  2480 0x1196370 DEBUG   GST_REGISTRY gstregistrychunks.c:583:gst_registry_chunks_load_feature: Plugin 'coretracers' feature 'leaks' typename : 'GstTracerFactory'
0:00:00.012742128  2481 0x4fe320 DEBUG   GST_POLL gstpoll.c:980:gst_poll_fd_ctl_write: 0x506a00: fd (fd:0, idx:1), active : 1
0:00:00.012751326  2481 0x4fe320 LOG   GST_POLL gstpoll.c:994:gst_poll_fd_ctl_write: 0x506a00: pfd->events now 60 (POLLOUT:4)
0:00:00.017086673  2480 0x1196370 TRACE   GST_REFCOUNTING gstobject.c:208:gst_object_init: 0x11b0c50 new
0:00:00.012757807  2481 0x4fe320 LOG   GST_PLUGIN_LOADING gstpluginloader.c:645:put_chunk: Expanding tx buf from 7717 to 10158 for chunk of size 17
0:00:00.017100769  2480 0x1196370 DEBUG   GST_REGISTRY gstregistrychunks.c:718:gst_registry_chunks_load_feature: Reading/casting for GstRegistryChunkPluginFeature at address 0x11b0528
0:00:00.012769611  2481 0x4fe320 DEBUG   GST_POLL gstpoll.c:980:gst_poll_fd_ctl_write: 0x506a00: fd (fd:0, idx:1), active : 1
0:00:00.012776781  2481 0x4fe320 LOG   GST_POLL gstpoll.c:994:gst_poll_fd_ctl_write: 0x506a00: pfd->events now 60 (POLLOUT:4)
0:00:00.017114387  2480 0x1196370 DEBUG   GST_REGISTRY gstregistry.c:590:gst_registry_add_feature: adding feature 0x11b0c50 (leaks)
0:00:00.012782179  2481 0x4fe320 DEBUG   GST_POLL gstpoll.c:980:gst_poll_fd_ctl_write: 0x506a00: fd (fd:0, idx:1), active : 1
0:00:00.017121483  2480 0x1196370 DEBUG   GST_REFCOUNTING gstobject.c:709:gst_object_set_parent: set parent (ref and sink)
0:00:00.012789856  2481 0x4fe320 LOG   GST_POLL gstpoll.c:994:gst_poll_fd_ctl_write: 0x506a00: pfd->events now 60 (POLLOUT:4)
0:00:00.017135265  2480 0x1196370 TRACE   GST_REFCOUNTING gstobject.c:294:gst_object_ref_sink: 0x11b0c50 ref_sink 1->2
0:00:00.012803910  2481 0x4fe320 DEBUG   GST_POLL gstpoll.c:980:gst_poll_fd_ctl_write: 0x506a00: fd (fd:0, idx:1), active : 1
0:00:00.017142221  2480 0x1196370 LOG   GST_REGISTRY gstregistry.c:608:gst_registry_add_feature: emitting feature-added for leaks
0:00:00.012812994  2481 0x4fe320 LOG   GST_POLL gstpoll.c:994:gst_poll_fd_ctl_write: 0x506a00: pfd->events now 60 (POLLOUT:4)
0:00:00.017151241  2480 0x1196370 DEBUG   GST_REGISTRY gstregistrychunks.c:741:gst_registry_chunks_load_feature: Added feature leaks, plugin 0x11afdc0 coretracers
0:00:00.012819757  2481 0x4fe320 DEBUG   GST_POLL gstpoll.c:980:gst_poll_fd_ctl_write: 0x506a00: fd (fd:0, idx:1), active : 1
0:00:00.017158909  2480 0x1196370 DEBUG   GST_REGISTRY gstregistrychunks.c:583:gst_registry_chunks_load_feature: Plugin 'coretracers' feature 'stats' typename : 'GstTracerFactory'
0:00:00.012827255  2481 0x4fe320 LOG   GST_POLL gstpoll.c:994:gst_poll_fd_ctl_write: 0x506a00: pfd->events now 60 (POLLOUT:4)
0:00:00.012834467  2481 0x4fe320 DEBUG   GST_POLL gstpoll.c:980:gst_poll_fd_ctl_write: 0x506a00: fd (fd:0, idx:1), active : 1
0:00:00.017167473  2480 0x1196370 TRACE   GST_REFCOUNTING gstobject.c:208:gst_object_init: 0x11b0e50 new
0:00:00.012839744  2481 0x4fe320 LOG   GST_POLL gstpoll.c:994:gst_poll_fd_ctl_write: 0x506a00: pfd->events now 60 (POLLOUT:4)
0:00:00.017176725  2480 0x1196370 DEBUG   GST_REGISTRY gstregistrychunks.c:718:gst_registry_chunks_load_feature: Reading/casting for GstRegistryChunkPluginFeature at address 0x11b0548
0:00:00.012845566  2481 0x4fe320 DEBUG   GST_POLL gstpoll.c:980:gst_poll_fd_ctl_write: 0x506a00: fd (fd:0, idx:1), active : 1
0:00:00.017184179  2480 0x1196370 DEBUG   GST_REGISTRY gstregistry.c:590:gst_registry_add_feature: adding feature 0x11b0e50 (stats)
0:00:00.012851797  2481 0x4fe320 LOG   GST_POLL gstpoll.c:994:gst_poll_fd_ctl_write: 0x506a00: pfd->events now 60 (POLLOUT:4)
0:00:00.017190135  2480 0x1196370 DEBUG   GST_REFCOUNTING gstobject.c:709:gst_object_set_parent: set parent (ref and sink)
0:00:00.012859313  2481 0x4fe320 DEBUG   GST_POLL gstpoll.c:980:gst_poll_fd_ctl_write: 0x506a00: fd (fd:0, idx:1), active : 1
0:00:00.017196869  2480 0x1196370 TRACE   GST_REFCOUNTING gstobject.c:294:gst_object_ref_sink: 0x11b0e50 ref_sink 1->2
0:00:00.012867411  2481 0x4fe320 LOG   GST_POLL gstpoll.c:994:gst_poll_fd_ctl_write: 0x506a00: pfd->events now 60 (POLLOUT:4)
0:00:00.017203161  2480 0x1196370 LOG   GST_REGISTRY gstregistry.c:608:gst_registry_add_feature: emitting feature-added for stats
0:00:00.012874081  2481 0x4fe320 DEBUG   GST_POLL gstpoll.c:980:gst_poll_fd_ctl_write: 0x506a00: fd (fd:0, idx:1), active : 1
0:00:00.017211463  2480 0x1196370 DEBUG   GST_REGISTRY gstregistrychunks.c:741:gst_registry_chunks_load_feature: Added feature stats, plugin 0x11afdc0 coretracers
0:00:00.012880026  2481 0x4fe320 LOG   GST_POLL gstpoll.c:994:gst_poll_fd_ctl_write: 0x506a00: pfd->events now 60 (POLLOUT:4)
0:00:00.017224237  2480 0x1196370 DEBUG   GST_REGISTRY gstregistrychunks.c:583:gst_registry_chunks_load_feature: Plugin 'coretracers' feature 'rusage' typename : 'GstTracerFactory'
0:00:00.012892906  2481 0x4fe320 DEBUG   GST_POLL gstpoll.c:980:gst_poll_fd_ctl_write: 0x506a00: fd (fd:0, idx:1), active : 1
0:00:00.012899348  2481 0x4fe320 LOG   GST_POLL gstpoll.c:994:gst_poll_fd_ctl_write: 0x506a00: pfd->events now 60 (POLLOUT:4)
0:00:00.017232012  2480 0x1196370 TRACE   GST_REFCOUNTING gstobject.c:208:gst_object_init: 0x11b0fa0 new
0:00:00.012904826  2481 0x4fe320 DEBUG   GST_POLL gstpoll.c:980:gst_poll_fd_ctl_write: 0x506a00: fd (fd:0, idx:1), active : 1
0:00:00.017241093  2480 0x1196370 DEBUG   GST_REGISTRY gstregistrychunks.c:718:gst_registry_chunks_load_feature: Reading/casting for GstRegistryChunkPluginFeature at address 0x11b0568
0:00:00.012910788  2481 0x4fe320 LOG   GST_POLL gstpoll.c:994:gst_poll_fd_ctl_write: 0x506a00: pfd->events now 60 (POLLOUT:4)
0:00:00.017248638  2480 0x1196370 DEBUG   GST_REGISTRY gstregistry.c:590:gst_registry_add_feature: adding feature 0x11b0fa0 (rusage)
0:00:00.012916857  2481 0x4fe320 DEBUG   GST_POLL gstpoll.c:980:gst_poll_fd_ctl_write: 0x506a00: fd (fd:0, idx:1), active : 1
0:00:00.017254833  2480 0x1196370 DEBUG   GST_REFCOUNTING gstobject.c:709:gst_object_set_parent: set parent (ref and sink)
0:00:00.012926066  2481 0x4fe320 LOG   GST_POLL gstpoll.c:994:gst_poll_fd_ctl_write: 0x506a00: pfd->events now 60 (POLLOUT:4)
0:00:00.017261806  2480 0x1196370 TRACE   GST_REFCOUNTING gstobject.c:294:gst_object_ref_sink: 0x11b0fa0 ref_sink 1->2
0:00:00.012933282  2481 0x4fe320 DEBUG   GST_POLL gstpoll.c:980:gst_poll_fd_ctl_write: 0x506a00: fd (fd:0, idx:1), active : 1
0:00:00.017268124  2480 0x1196370 LOG   GST_REGISTRY gstregistry.c:608:gst_registry_add_feature: emitting feature-added for rusage
0:00:00.012939564  2481 0x4fe320 LOG   GST_POLL gstpoll.c:994:gst_poll_fd_ctl_write: 0x506a00: pfd->events now 60 (POLLOUT:4)
0:00:00.017277149  2480 0x1196370 DEBUG   GST_REGISTRY gstregistrychunks.c:741:gst_registry_chunks_load_feature: Added feature rusage, plugin 0x11afdc0 coretracers
0:00:00.012947114  2481 0x4fe320 TRACE   GST_REFCOUNTING gstobject.c:265:gst_object_unref: 0x517f40 unref 2->1
0:00:00.017284978  2480 0x1196370 DEBUG   GST_REGISTRY gstregistrychunks.c:583:gst_registry_chunks_load_feature: Plugin 'coretracers' feature 'log' typename : 'GstTracerFactory'
0:00:00.012954285  2481 0x4fe320 DEBUG   GST_POLL gstpoll.c:1241:gst_poll_fd_has_error: 0x506a00: fd (fd:0, idx:1) 0
0:00:00.017293375  2480 0x1196370 TRACE   GST_REFCOUNTING gstobject.c:208:gst_object_init: 0x11b10f0 new
0:00:00.012960961  2481 0x4fe320 DEBUG   GST_POLL gstpoll.c:1335:gst_poll_fd_can_write: 0x506a00: fd (fd:0, idx:1) 1
0:00:00.017301701  2480 0x1196370 DEBUG   GST_REGISTRY gstregistrychunks.c:718:gst_registry_chunks_load_feature: Reading/casting for GstRegistryChunkPluginFeature at address 0x11b0588
0:00:00.012977530  2481 0x4fe320 LOG   GST_PLUGIN_LOADING gstpluginloader.c:689:write_one: Writing packet of size 6872 bytes to fd 0
0:00:00.017313802  2480 0x1196370 DEBUG   GST_REGISTRY gstregistry.c:590:gst_registry_add_feature: adding feature 0x11b10f0 (log)
0:00:00.017320288  2480 0x1196370 DEBUG   GST_REFCOUNTING gstobject.c:709:gst_object_set_parent: set parent (ref and sink)
0:00:00.012991618  2481 0x4fe320 DEBUG   GST_POLL gstpoll.c:1414:gst_poll_wait: 0x506a00: timeout :0:00:01.000000000
0:00:00.017326466  2480 0x1196370 TRACE   GST_REFCOUNTING gstobject.c:294:gst_object_ref_sink: 0x11b10f0 ref_sink 1->2
0:00:00.017335336  2480 0x1196370 LOG   GST_REGISTRY gstregistry.c:608:gst_registry_add_feature: emitting feature-added for log
0:00:00.013003938  2481 0x4fe320 LOG   GST_PLUGIN_LOADING gstpluginloader.c:1027:exchange_packets: Poll res = 2. 488 bytes pending for write
0:00:00.017343638  2480 0x1196370 DEBUG   GST_REGISTRY gstregistrychunks.c:741:gst_registry_chunks_load_feature: Added feature log, plugin 0x11afdc0 coretracers
0:00:00.013012080  2481 0x4fe320 DEBUG   GST_POLL gstpoll.c:1241:gst_poll_fd_has_error: 0x506a00: fd (fd:5, idx:2) 0
0:00:00.017351440  2480 0x1196370 DEBUG   GST_REGISTRY gstregistrychunks.c:583:gst_registry_chunks_load_feature: Plugin 'coretracers' feature 'latency' typename : 'GstTracerFactory'
0:00:00.013020075  2481 0x4fe320 DEBUG   GST_POLL gstpoll.c:1266:gst_poll_fd_can_read_unlocked: 0x506a00: fd (fd:5, idx:2) 1
0:00:00.017359762  2480 0x1196370 TRACE   GST_REFCOUNTING gstobject.c:208:gst_object_init: 0x11b12f0 new
0:00:00.013030510  2481 0x4fe320 DEBUG   GST_PLUGIN_LOADING gstpluginloader.c:721:do_plugin_load: Plugin scanner loading file /home/conan/w/prod/BuildSingleReference/.conan/data/gstreamer/1.19.1/_/_/package/1f5f5d419fdfb792f06015b5de5ddcf61311d6c8/lib/gstreamer-1.0/libgstcoreelements.so. tag 3
0:00:00.017367713  2480 0x1196370 DEBUG   GST_REGISTRY gstregistrychunks.c:718:gst_registry_chunks_load_feature: Reading/casting for GstRegistryChunkPluginFeature at address 0x11b05b0
0:00:00.013040458  2481 0x4fe320 TRACE   GST_REFCOUNTING gstobject.c:238:gst_object_ref: 0x51a1b0 ref 1->2
0:00:00.017374846  2480 0x1196370 DEBUG   GST_REGISTRY gstregistry.c:590:gst_registry_add_feature: adding feature 0x11b12f0 (latency)
0:00:00.013048675  2481 0x4fe320 TRACE   GST_REFCOUNTING gstobject.c:238:gst_object_ref: 0x535750 ref 1->2
0:00:00.017382673  2480 0x1196370 DEBUG   GST_REFCOUNTING gstobject.c:709:gst_object_set_parent: set parent (ref and sink)
0:00:00.013055613  2481 0x4fe320 TRACE   GST_REFCOUNTING gstobject.c:238:gst_object_ref: 0x5347f0 ref 1->2
0:00:00.017390690  2480 0x1196370 TRACE   GST_REFCOUNTING gstobject.c:294:gst_object_ref_sink: 0x11b12f0 ref_sink 1->2
0:00:00.013062075  2481 0x4fe320 TRACE   GST_REFCOUNTING gstobject.c:238:gst_object_ref: 0x5330f0 ref 1->2
0:00:00.017403197  2480 0x1196370 LOG   GST_REGISTRY gstregistry.c:608:gst_registry_add_feature: emitting feature-added for latency
0:00:00.013072267  2481 0x4fe320 TRACE   GST_REFCOUNTING gstobject.c:238:gst_object_ref: 0x5322a0 ref 1->2
0:00:00.017412139  2480 0x1196370 DEBUG   GST_REGISTRY gstregistrychunks.c:741:gst_registry_chunks_load_feature: Added feature latency, plugin 0x11afdc0 coretracers
0:00:00.013080021  2481 0x4fe320 TRACE   GST_REFCOUNTING gstobject.c:238:gst_object_ref: 0x5310d0 ref 1->2
0:00:00.017420689  2480 0x1196370 LOG   GST_PLUGIN_LOADING gstpluginloader.c:888:handle_rx_packet: marking plugin 0x11afdc0 as registered as /home/conan/w/prod/BuildSingleReference/.conan/data/gstreamer/1.19.1/_/_/package/1f5f5d419fdfb792f06015b5de5ddcf61311d6c8/lib/gstreamer-1.0/libgstcoretracers.so
0:00:00.013088374  2481 0x4fe320 TRACE   GST_REFCOUNTING gstobject.c:238:gst_object_ref: 0x52ffd0 ref 1->2
0:00:00.013097338  2481 0x4fe320 TRACE   GST_REFCOUNTING gstobject.c:238:gst_object_ref: 0x52e620 ref 1->2
0:00:00.017434732  2480 0x1196370 DEBUG   GST_POLL gstpoll.c:1414:gst_poll_wait: 0x11afd60: timeout :0:00:01.000000000
0:00:00.013106167  2481 0x4fe320 TRACE   GST_REFCOUNTING gstobject.c:238:gst_object_ref: 0x52cba0 ref 1->2
0:00:00.013113539  2481 0x4fe320 TRACE   GST_REFCOUNTING gstobject.c:238:gst_object_ref: 0x52ba90 ref 1->2
0:00:00.017447309  2480 0x1196370 LOG   GST_PLUGIN_LOADING gstpluginloader.c:1027:exchange_packets: Poll res = 1. 0 bytes pending for write
0:00:00.013119905  2481 0x4fe320 TRACE   GST_REFCOUNTING gstobject.c:238:gst_object_ref: 0x52a870 ref 1->2
0:00:00.017455553  2480 0x1196370 DEBUG   GST_POLL gstpoll.c:1241:gst_poll_fd_has_error: 0x11afd60: fd (fd:8, idx:2) 0
0:00:00.013126676  2481 0x4fe320 TRACE   GST_REFCOUNTING gstobject.c:238:gst_object_ref: 0x5291d0 ref 1->2
0:00:00.017464142  2480 0x1196370 DEBUG   GST_POLL gstpoll.c:1266:gst_poll_fd_can_read_unlocked: 0x11afd60: fd (fd:8, idx:2) 1
0:00:00.013133274  2481 0x4fe320 TRACE   GST_REFCOUNTING gstobject.c:238:gst_object_ref: 0x528520 ref 1->2
0:00:00.013140147  2481 0x4fe320 TRACE   GST_REFCOUNTING gstobject.c:238:gst_object_ref: 0x5278f0 ref 1->2
0:00:00.017474015  2480 0x1196370 LOG   GST_PLUGIN_LOADING gstpluginloader.c:985:read_one: Expanding rx buf from 512 to 7384
0:00:00.013145934  2481 0x4fe320 TRACE   GST_REFCOUNTING gstobject.c:238:gst_object_ref: 0x51ee40 ref 1->2
0:00:00.013152195  2481 0x4fe320 TRACE   GST_REFCOUNTING gstobject.c:238:gst_object_ref: 0x524cf0 ref 1->2
0:00:00.013161365  2481 0x4fe320 TRACE   GST_REFCOUNTING gstobject.c:238:gst_object_ref: 0x5226c0 ref 1->2
0:00:00.017497336  2480 0x1196370 DEBUG   GST_PLUGIN_LOADING gstpluginloader.c:849:handle_rx_packet: Received plugin details from child w/ tag 1. 6860 bytes info
0:00:00.013168275  2481 0x4fe320 TRACE   GST_REFCOUNTING gstobject.c:238:gst_object_ref: 0x520b70 ref 1->2
0:00:00.017509581  2480 0x1196370 LOG   GST_REGISTRY gstregistrychunks.c:837:_priv_gst_registry_chunks_load_plugin: Reading/casting for GstRegistryChunkPluginElement at address 0x11b1c30
0:00:00.013178772  2481 0x4fe320 TRACE   GST_REFCOUNTING gstobject.c:238:gst_object_ref: 0x51fb30 ref 1->2
0:00:00.017517469  2480 0x1196370 TRACE   GST_REFCOUNTING gstobject.c:208:gst_object_init: 0x11b03e0 new
0:00:00.013185259  2481 0x4fe320 TRACE   GST_REFCOUNTING gstobject.c:238:gst_object_ref: 0x51e080 ref 1->2
0:00:00.013193794  2481 0x4fe320 TRACE   GST_REFCOUNTING gstobject.c:238:gst_object_ref: 0x51d240 ref 1->2
0:00:00.017531917  2480 0x1196370 LOG   GST_REGISTRY gstregistrychunks.c:858:_priv_gst_registry_chunks_load_plugin: read strings for name='coreelements'
0:00:00.013199513  2481 0x4fe320 TRACE   GST_REFCOUNTING gstobject.c:238:gst_object_ref: 0x51c2f0 ref 1->2
0:00:00.017539787  2480 0x1196370 LOG   GST_REGISTRY gstregistrychunks.c:859:_priv_gst_registry_chunks_load_plugin: desc.description='GStreamer core elements'
0:00:00.013208958  2481 0x4fe320 TRACE   GST_REFCOUNTING gstobject.c:238:gst_object_ref: 0x51a700 ref 1->2
0:00:00.017546687  2480 0x1196370 LOG   GST_REGISTRY gstregistrychunks.c:860:_priv_gst_registry_chunks_load_plugin: filename='/home/conan/w/prod/BuildSingleReference/.conan/data/gstreamer/1.19.1/_/_/package/1f5f5d419fdfb792f06015b5de5ddcf61311d6c8/lib/gstreamer-1.0/libgstcoreelements.so'
0:00:00.013216146  2481 0x4fe320 DEBUG   GST_REGISTRY gstregistrychunks.c:265:gst_registry_chunks_save_feature: saved 0 interfaces 0 pad templates
0:00:00.017552633  2480 0x1196370 LOG   GST_REGISTRY gstregistrychunks.c:861:_priv_gst_registry_chunks_load_plugin: desc.version='1.19.1'
0:00:00.017558137  2480 0x1196370 LOG   GST_REGISTRY gstregistrychunks.c:862:_priv_gst_registry_chunks_load_plugin: desc.license='LGPL'
0:00:00.017562767  2480 0x1196370 LOG   GST_REGISTRY gstregistrychunks.c:863:_priv_gst_registry_chunks_load_plugin: desc.source='gstreamer'
0:00:00.013230037  2481 0x4fe320 DEBUG   GST_REGISTRY gstregistrychunks.c:265:gst_registry_chunks_save_feature: saved 0 interfaces 0 pad templates
0:00:00.017567538  2480 0x1196370 LOG   GST_REGISTRY gstregistrychunks.c:864:_priv_gst_registry_chunks_load_plugin: desc.package='GStreamer source release'
0:00:00.013239808  2481 0x4fe320 DEBUG   GST_REGISTRY gstregistrychunks.c:265:gst_registry_chunks_save_feature: saved 0 interfaces 0 pad templates
0:00:00.017573493  2480 0x1196370 LOG   GST_REGISTRY gstregistrychunks.c:865:_priv_gst_registry_chunks_load_plugin: desc.origin='Unknown package origin'
0:00:00.013248615  2481 0x4fe320 DEBUG   GST_REGISTRY gstregistrychunks.c:265:gst_registry_chunks_save_feature: saved 1 interfaces 0 pad templates
0:00:00.017582606  2480 0x1196370 LOG   GST_REGISTRY gstregistrychunks.c:866:_priv_gst_registry_chunks_load_plugin: desc.datetime=2021-06-01
0:00:00.013255051  2481 0x4fe320 DEBUG   GST_REGISTRY gstregistrychunks.c:284:gst_registry_chunks_save_feature: Saved 1 UriTypes
0:00:00.017601442  2480 0x1196370 DEBUG   GST_REGISTRY gstregistry.c:474:gst_registry_add_plugin: adding plugin 0x11b03e0 for filename "/home/conan/w/prod/BuildSingleReference/.conan/data/gstreamer/1.19.1/_/_/package/1f5f5d419fdfb792f06015b5de5ddcf61311d6c8/lib/gstreamer-1.0/libgstcoreelements.so"
0:00:00.013271004  2481 0x4fe320 DEBUG   GST_REGISTRY gstregistrychunks.c:265:gst_registry_chunks_save_feature: saved 0 interfaces 0 pad templates
0:00:00.017609810  2480 0x1196370 TRACE   GST_REFCOUNTING gstobject.c:294:gst_object_ref_sink: 0x11b03e0 ref_sink 1->2
0:00:00.013279633  2481 0x4fe320 DEBUG   GST_REGISTRY gstregistrychunks.c:265:gst_registry_chunks_save_feature: saved 0 interfaces 0 pad templates
0:00:00.017617856  2480 0x1196370 LOG   GST_REGISTRY gstregistry.c:487:gst_registry_add_plugin: emitting plugin-added for filename "/home/conan/w/prod/BuildSingleReference/.conan/data/gstreamer/1.19.1/_/_/package/1f5f5d419fdfb792f06015b5de5ddcf61311d6c8/lib/gstreamer-1.0/libgstcoreelements.so"
0:00:00.013289562  2481 0x4fe320 DEBUG   GST_REGISTRY gstregistrychunks.c:265:gst_registry_chunks_save_feature: saved 0 interfaces 0 pad templates
0:00:00.017625113  2480 0x1196370 DEBUG   GST_REGISTRY gstregistrychunks.c:887:_priv_gst_registry_chunks_load_plugin: Added plugin 'coreelements' plugin with 22 features from binary registry
0:00:00.013298824  2481 0x4fe320 DEBUG   GST_REGISTRY gstregistrychunks.c:265:gst_registry_chunks_save_feature: saved 1 interfaces 0 pad templates
0:00:00.017631935  2480 0x1196370 DEBUG   GST_REGISTRY gstregistrychunks.c:583:gst_registry_chunks_load_feature: Plugin 'coreelements' feature 'streamiddemux' typename : 'GstElementFactory'
0:00:00.013307104  2481 0x4fe320 DEBUG   GST_REGISTRY gstregistrychunks.c:284:gst_registry_chunks_save_feature: Saved 1 UriTypes
0:00:00.017644794  2480 0x1196370 TRACE   GST_REFCOUNTING gstobject.c:208:gst_object_init: 0x11b0750 new
0:00:00.013316889  2481 0x4fe320 DEBUG   GST_REGISTRY gstregistrychunks.c:265:gst_registry_chunks_save_feature: saved 1 interfaces 0 pad templates
0:00:00.017655131  2480 0x1196370 LOG   GST_REGISTRY gstregistrychunks.c:610:gst_registry_chunks_load_feature: Reading/casting for GstRegistryChunkElementFactory at address 0x11b1d88
0:00:00.013323306  2481 0x4fe320 DEBUG   GST_REGISTRY gstregistrychunks.c:284:gst_registry_chunks_save_feature: Saved 1 UriTypes
0:00:00.017665178  2480 0x1196370 TRACE   structure gststructure.c:292:gst_structure_new_id_empty_with_size: created structure 0x11b14e0
0:00:00.013333323  2481 0x4fe320 DEBUG   GST_REGISTRY gstregistrychunks.c:265:gst_registry_chunks_save_feature: saved 1 interfaces 0 pad templates
0:00:00.017672448  2480 0x1196370 DEBUG   structure gststructure.c:2258:gst_structure_parse_field: trying field name 'long-name'
0:00:00.013340870  2481 0x4fe320 DEBUG   GST_REGISTRY gstregistrychunks.c:284:gst_registry_chunks_save_feature: Saved 1 UriTypes
0:00:00.017685099  2480 0x1196370 DEBUG   default gstvalue.c:2776:_priv_gst_value_parse_value: trying type name 'string'
0:00:00.013355892  2481 0x4fe320 DEBUG   GST_REGISTRY gstregistrychunks.c:265:gst_registry_chunks_save_feature: saved 0 interfaces 0 pad templates
0:00:00.017697649  2480 0x1196370 DEBUG   structure gststructure.c:2258:gst_structure_parse_field: trying field name 'klass'
0:00:00.013364715  2481 0x4fe320 DEBUG   GST_REGISTRY gstregistrychunks.c:265:gst_registry_chunks_save_feature: saved 0 interfaces 0 pad templates
0:00:00.017703884  2480 0x1196370 DEBUG   default gstvalue.c:2776:_priv_gst_value_parse_value: trying type name 'string'
0:00:00.013374857  2481 0x4fe320 DEBUG   GST_REGISTRY gstregistrychunks.c:265:gst_registry_chunks_save_feature: saved 0 interfaces 0 pad templates
0:00:00.017714523  2480 0x1196370 DEBUG   structure gststructure.c:2258:gst_structure_parse_field: trying field name 'description'
0:00:00.013387696  2481 0x4fe320 DEBUG   GST_REGISTRY gstregistrychunks.c:265:gst_registry_chunks_save_feature: saved 0 interfaces 0 pad templates
0:00:00.017721622  2480 0x1196370 DEBUG   default gstvalue.c:2776:_priv_gst_value_parse_value: trying type name 'string'
0:00:00.013397298  2481 0x4fe320 DEBUG   GST_REGISTRY gstregistrychunks.c:265:gst_registry_chunks_save_feature: saved 0 interfaces 0 pad templates
0:00:00.017731148  2480 0x1196370 DEBUG   structure gststructure.c:2258:gst_structure_parse_field: trying field name 'author'
0:00:00.017738494  2480 0x1196370 DEBUG   default gstvalue.c:2776:_priv_gst_value_parse_value: trying type name 'string'
0:00:00.013405920  2481 0x4fe320 DEBUG   GST_REGISTRY gstregistrychunks.c:265:gst_registry_chunks_save_feature: saved 0 interfaces 0 pad templates
0:00:00.017744946  2480 0x1196370 DEBUG   GST_REGISTRY gstregistrychunks.c:626:gst_registry_chunks_load_feature: Element factory : npadtemplates=2
0:00:00.013415448  2481 0x4fe320 DEBUG   GST_REGISTRY gstregistrychunks.c:265:gst_registry_chunks_save_feature: saved 1 interfaces 0 pad templates
0:00:00.017750937  2480 0x1196370 DEBUG   GST_REGISTRY gstregistrychunks.c:526:gst_registry_chunks_load_pad_template: Reading/casting for GstRegistryChunkPadTemplate at address 0x11b1e60
0:00:00.013421453  2481 0x4fe320 DEBUG   GST_REGISTRY gstregistrychunks.c:284:gst_registry_chunks_save_feature: Saved 1 UriTypes
0:00:00.017757846  2480 0x1196370 DEBUG   GST_REGISTRY gstregistrychunks.c:539:gst_registry_chunks_load_pad_template: Added pad_template src_%u
0:00:00.013430403  2481 0x4fe320 DEBUG   GST_REGISTRY gstregistrychunks.c:265:gst_registry_chunks_save_feature: saved 0 interfaces 0 pad templates
0:00:00.017763765  2480 0x1196370 DEBUG   GST_REGISTRY gstregistrychunks.c:526:gst_registry_chunks_load_pad_template: Reading/casting for GstRegistryChunkPadTemplate at address 0x11b1e78
0:00:00.017774337  2480 0x1196370 DEBUG   GST_REGISTRY gstregistrychunks.c:539:gst_registry_chunks_load_pad_template: Added pad_template sink
0:00:00.013448235  2481 0x4fe320 DEBUG   GST_REGISTRY gstregistrychunks.c:265:gst_registry_chunks_save_feature: saved 0 interfaces 0 pad templates
0:00:00.017789085  2480 0x1196370 DEBUG   GST_REGISTRY gstregistry.c:590:gst_registry_add_feature: adding feature 0x11b0750 (streamiddemux)
0:00:00.013463358  2481 0x4fe320 DEBUG   GST_REGISTRY gstregistrychunks.c:265:gst_registry_chunks_save_feature: saved 0 interfaces 0 pad templates
0:00:00.017797032  2480 0x1196370 DEBUG   GST_REFCOUNTING gstobject.c:709:gst_object_set_parent: set parent (ref and sink)
0:00:00.017806916  2480 0x1196370 TRACE   GST_REFCOUNTING gstobject.c:294:gst_object_ref_sink: 0x11b0750 ref_sink 1->2
0:00:00.013474995  2481 0x4fe320 DEBUG   GST_REGISTRY gstregistrychunks.c:265:gst_registry_chunks_save_feature: saved 0 interfaces 0 pad templates
0:00:00.017813149  2480 0x1196370 LOG   GST_REGISTRY gstregistry.c:608:gst_registry_add_feature: emitting feature-added for streamiddemux
0:00:00.013486541  2481 0x4fe320 DEBUG   GST_REGISTRY gstregistrychunks.c:265:gst_registry_chunks_save_feature: saved 0 interfaces 0 pad templates
0:00:00.017820394  2480 0x1196370 DEBUG   GST_REGISTRY gstregistrychunks.c:741:gst_registry_chunks_load_feature: Added feature streamiddemux, plugin 0x11b03e0 coreelements
0:00:00.017828889  2480 0x1196370 DEBUG   GST_REGISTRY gstregistrychunks.c:583:gst_registry_chunks_load_feature: Plugin 'coreelements' feature 'valve' typename : 'GstElementFactory'
0:00:00.013496576  2481 0x4fe320 TRACE   GST_REFCOUNTING gstobject.c:265:gst_object_unref: 0x51a700 unref 2->1
0:00:00.017836811  2480 0x1196370 TRACE   GST_REFCOUNTING gstobject.c:208:gst_object_init: 0x11b18c0 new
0:00:00.013505295  2481 0x4fe320 TRACE   GST_REFCOUNTING gstobject.c:265:gst_object_unref: 0x51c2f0 unref 2->1
0:00:00.017847007  2480 0x1196370 LOG   GST_REGISTRY gstregistrychunks.c:610:gst_registry_chunks_load_feature: Reading/casting for GstRegistryChunkElementFactory at address 0x11b1ea8
0:00:00.013514518  2481 0x4fe320 TRACE   GST_REFCOUNTING gstobject.c:265:gst_object_unref: 0x51d240 unref 2->1
0:00:00.017856085  2480 0x1196370 TRACE   structure gststructure.c:292:gst_structure_new_id_empty_with_size: created structure 0x11b39e0
0:00:00.013524167  2481 0x4fe320 TRACE   GST_REFCOUNTING gstobject.c:265:gst_object_unref: 0x51e080 unref 2->1
0:00:00.017862769  2480 0x1196370 DEBUG   structure gststructure.c:2258:gst_structure_parse_field: trying field name 'long-name'
0:00:00.013532284  2481 0x4fe320 TRACE   GST_REFCOUNTING gstobject.c:265:gst_object_unref: 0x51fb30 unref 2->1
0:00:00.017868552  2480 0x1196370 DEBUG   default gstvalue.c:2776:_priv_gst_value_parse_value: trying type name 'string'
0:00:00.017875609  2480 0x1196370 DEBUG   structure gststructure.c:2258:gst_structure_parse_field: trying field name 'klass'
0:00:00.013541753  2481 0x4fe320 TRACE   GST_REFCOUNTING gstobject.c:265:gst_object_unref: 0x520b70 unref 2->1
0:00:00.017880484  2480 0x1196370 DEBUG   default gstvalue.c:2776:_priv_gst_value_parse_value: trying type name 'string'
0:00:00.013557379  2481 0x4fe320 TRACE   GST_REFCOUNTING gstobject.c:265:gst_object_unref: 0x5226c0 unref 2->1
0:00:00.017892337  2480 0x1196370 DEBUG   structure gststructure.c:2258:gst_structure_parse_field: trying field name 'description'
0:00:00.013564927  2481 0x4fe320 TRACE   GST_REFCOUNTING gstobject.c:265:gst_object_unref: 0x524cf0 unref 2->1
0:00:00.017899547  2480 0x1196370 DEBUG   default gstvalue.c:2776:_priv_gst_value_parse_value: trying type name 'string'
0:00:00.013572025  2481 0x4fe320 TRACE   GST_REFCOUNTING gstobject.c:265:gst_object_unref: 0x51ee40 unref 2->1
0:00:00.017909489  2480 0x1196370 DEBUG   structure gststructure.c:2258:gst_structure_parse_field: trying field name 'author'
0:00:00.013579069  2481 0x4fe320 TRACE   GST_REFCOUNTING gstobject.c:265:gst_object_unref: 0x5278f0 unref 2->1
0:00:00.017916545  2480 0x1196370 DEBUG   default gstvalue.c:2776:_priv_gst_value_parse_value: trying type name 'string'
0:00:00.013586179  2481 0x4fe320 TRACE   GST_REFCOUNTING gstobject.c:265:gst_object_unref: 0x528520 unref 2->1
0:00:00.017924094  2480 0x1196370 DEBUG   GST_REGISTRY gstregistrychunks.c:626:gst_registry_chunks_load_feature: Element factory : npadtemplates=2
0:00:00.013592611  2481 0x4fe320 TRACE   GST_REFCOUNTING gstobject.c:265:gst_object_unref: 0x5291d0 unref 2->1
0:00:00.017930009  2480 0x1196370 DEBUG   GST_REGISTRY gstregistrychunks.c:526:gst_registry_chunks_load_pad_template: Reading/casting for GstRegistryChunkPadTemplate at address 0x11b1f98
0:00:00.013599757  2481 0x4fe320 TRACE   GST_REFCOUNTING gstobject.c:265:gst_object_unref: 0x52a870 unref 2->1
0:00:00.017936566  2480 0x1196370 DEBUG   GST_REGISTRY gstregistrychunks.c:539:gst_registry_chunks_load_pad_template: Added pad_template sink
0:00:00.017942113  2480 0x1196370 DEBUG   GST_REGISTRY gstregistrychunks.c:526:gst_registry_chunks_load_pad_template: Reading/casting for GstRegistryChunkPadTemplate at address 0x11b1fb0
0:00:00.013609114  2481 0x4fe320 TRACE   GST_REFCOUNTING gstobject.c:265:gst_object_unref: 0x52ba90 unref 2->1
0:00:00.017947843  2480 0x1196370 DEBUG   GST_REGISTRY gstregistrychunks.c:539:gst_registry_chunks_load_pad_template: Added pad_template src
0:00:00.013617574  2481 0x4fe320 TRACE   GST_REFCOUNTING gstobject.c:265:gst_object_unref: 0x52cba0 unref 2->1
0:00:00.017956850  2480 0x1196370 DEBUG   GST_REGISTRY gstregistry.c:590:gst_registry_add_feature: adding feature 0x11b18c0 (valve)
0:00:00.013624777  2481 0x4fe320 TRACE   GST_REFCOUNTING gstobject.c:265:gst_object_unref: 0x52e620 unref 2->1
0:00:00.017965643  2480 0x1196370 DEBUG   GST_REFCOUNTING gstobject.c:709:gst_object_set_parent: set parent (ref and sink)
0:00:00.013633907  2481 0x4fe320 TRACE   GST_REFCOUNTING gstobject.c:265:gst_object_unref: 0x52ffd0 unref 2->1
0:00:00.017975077  2480 0x1196370 TRACE   GST_REFCOUNTING gstobject.c:294:gst_object_ref_sink: 0x11b18c0 ref_sink 1->2
0:00:00.013648963  2481 0x4fe320 TRACE   GST_REFCOUNTING gstobject.c:265:gst_object_unref: 0x5310d0 unref 2->1
0:00:00.017984626  2480 0x1196370 LOG   GST_REGISTRY gstregistry.c:608:gst_registry_add_feature: emitting feature-added for valve
0:00:00.013655871  2481 0x4fe320 TRACE   GST_REFCOUNTING gstobject.c:265:gst_object_unref: 0x5322a0 unref 2->1
0:00:00.017991693  2480 0x1196370 DEBUG   GST_REGISTRY gstregistrychunks.c:741:gst_registry_chunks_load_feature: Added feature valve, plugin 0x11b03e0 coreelements
0:00:00.013662873  2481 0x4fe320 TRACE   GST_REFCOUNTING gstobject.c:265:gst_object_unref: 0x5330f0 unref 2->1
0:00:00.017998844  2480 0x1196370 DEBUG   GST_REGISTRY gstregistrychunks.c:583:gst_registry_chunks_load_feature: Plugin 'coreelements' feature 'multiqueue' typename : 'GstElementFactory'
0:00:00.013669824  2481 0x4fe320 TRACE   GST_REFCOUNTING gstobject.c:265:gst_object_unref: 0x5347f0 unref 2->1
0:00:00.013679078  2481 0x4fe320 TRACE   GST_REFCOUNTING gstobject.c:265:gst_object_unref: 0x535750 unref 2->1
0:00:00.018007709  2480 0x1196370 TRACE   GST_REFCOUNTING gstobject.c:208:gst_object_init: 0x11b19b0 new
0:00:00.013707195  2481 0x4fe320 DEBUG   GST_REGISTRY gstregistrychunks.c:498:_priv_gst_registry_chunks_save_plugin: Found 22 features in plugin 0x51a1b0 (coreelements)
0:00:00.018042677  2480 0x1196370 LOG   GST_REGISTRY gstregistrychunks.c:610:gst_registry_chunks_load_feature: Reading/casting for GstRegistryChunkElementFactory at address 0x11b1fe0
0:00:00.013718495  2481 0x4fe320 DEBUG   GST_POLL gstpoll.c:980:gst_poll_fd_ctl_write: 0x506a00: fd (fd:0, idx:1), active : 1
0:00:00.018052968  2480 0x1196370 TRACE   structure gststructure.c:292:gst_structure_new_id_empty_with_size: created structure 0x11b3b60
0:00:00.018062147  2480 0x1196370 DEBUG   structure gststructure.c:2258:gst_structure_parse_field: trying field name 'long-name'
0:00:00.013728974  2481 0x4fe320 LOG   GST_POLL gstpoll.c:994:gst_poll_fd_ctl_write: 0x506a00: pfd->events now 60 (POLLOUT:4)
0:00:00.018067226  2480 0x1196370 DEBUG   default gstvalue.c:2776:_priv_gst_value_parse_value: trying type name 'string'
0:00:00.013737740  2481 0x4fe320 DEBUG   GST_POLL gstpoll.c:980:gst_poll_fd_ctl_write: 0x506a00: fd (fd:0, idx:1), active : 1
0:00:00.018073727  2480 0x1196370 DEBUG   structure gststructure.c:2258:gst_structure_parse_field: trying field name 'klass'
0:00:00.013743715  2481 0x4fe320 LOG   GST_POLL gstpoll.c:994:gst_poll_fd_ctl_write: 0x506a00: pfd->events now 60 (POLLOUT:4)
0:00:00.018079249  2480 0x1196370 DEBUG   default gstvalue.c:2776:_priv_gst_value_parse_value: trying type name 'string'
0:00:00.013750168  2481 0x4fe320 DEBUG   GST_POLL gstpoll.c:980:gst_poll_fd_ctl_write: 0x506a00: fd (fd:0, idx:1), active : 1
0:00:00.018085580  2480 0x1196370 DEBUG   structure gststructure.c:2258:gst_structure_parse_field: trying field name 'description'
0:00:00.013765542  2481 0x4fe320 LOG   GST_POLL gstpoll.c:994:gst_poll_fd_ctl_write: 0x506a00: pfd->events now 60 (POLLOUT:4)
0:00:00.018100576  2480 0x1196370 DEBUG   default gstvalue.c:2776:_priv_gst_value_parse_value: trying type name 'string'
0:00:00.013772874  2481 0x4fe320 DEBUG   GST_POLL gstpoll.c:980:gst_poll_fd_ctl_write: 0x506a00: fd (fd:0, idx:1), active : 1
0:00:00.018108705  2480 0x1196370 DEBUG   structure gststructure.c:2258:gst_structure_parse_field: trying field name 'author'
0:00:00.013778946  2481 0x4fe320 LOG   GST_POLL gstpoll.c:994:gst_poll_fd_ctl_write: 0x506a00: pfd->events now 60 (POLLOUT:4)
0:00:00.018114668  2480 0x1196370 DEBUG   default gstvalue.c:2776:_priv_gst_value_parse_value: trying type name 'string'
0:00:00.013785021  2481 0x4fe320 DEBUG   GST_POLL gstpoll.c:980:gst_poll_fd_ctl_write: 0x506a00: fd (fd:0, idx:1), active : 1
0:00:00.018121501  2480 0x1196370 DEBUG   GST_REGISTRY gstregistrychunks.c:626:gst_registry_chunks_load_feature: Element factory : npadtemplates=2
0:00:00.013790888  2481 0x4fe320 LOG   GST_POLL gstpoll.c:994:gst_poll_fd_ctl_write: 0x506a00: pfd->events now 60 (POLLOUT:4)
0:00:00.018127686  2480 0x1196370 DEBUG   GST_REGISTRY gstregistrychunks.c:526:gst_registry_chunks_load_pad_template: Reading/casting for GstRegistryChunkPadTemplate at address 0x11b20a0
0:00:00.013797155  2481 0x4fe320 DEBUG   GST_POLL gstpoll.c:980:gst_poll_fd_ctl_write: 0x506a00: fd (fd:0, idx:1), active : 1
0:00:00.018134301  2480 0x1196370 DEBUG   GST_REGISTRY gstregistrychunks.c:539:gst_registry_chunks_load_pad_template: Added pad_template src_%u
0:00:00.013803276  2481 0x4fe320 LOG   GST_POLL gstpoll.c:994:gst_poll_fd_ctl_write: 0x506a00: pfd->events now 60 (POLLOUT:4)
0:00:00.018140140  2480 0x1196370 DEBUG   GST_REGISTRY gstregistrychunks.c:526:gst_registry_chunks_load_pad_template: Reading/casting for GstRegistryChunkPadTemplate at address 0x11b20b8
0:00:00.013809397  2481 0x4fe320 DEBUG   GST_POLL gstpoll.c:980:gst_poll_fd_ctl_write: 0x506a00: fd (fd:0, idx:1), active : 1
0:00:00.018146496  2480 0x1196370 DEBUG   GST_REGISTRY gstregistrychunks.c:539:gst_registry_chunks_load_pad_template: Added pad_template sink_%u
0:00:00.013817788  2481 0x4fe320 LOG   GST_POLL gstpoll.c:994:gst_poll_fd_ctl_write: 0x506a00: pfd->events now 60 (POLLOUT:4)
0:00:00.018156886  2480 0x1196370 DEBUG   GST_REGISTRY gstregistry.c:590:gst_registry_add_feature: adding feature 0x11b19b0 (multiqueue)
0:00:00.013824842  2481 0x4fe320 DEBUG   GST_POLL gstpoll.c:980:gst_poll_fd_ctl_write: 0x506a00: fd (fd:0, idx:1), active : 1
0:00:00.018164793  2480 0x1196370 DEBUG   GST_REFCOUNTING gstobject.c:709:gst_object_set_parent: set parent (ref and sink)
0:00:00.013833718  2481 0x4fe320 LOG   GST_POLL gstpoll.c:994:gst_poll_fd_ctl_write: 0x506a00: pfd->events now 60 (POLLOUT:4)
0:00:00.018172912  2480 0x1196370 TRACE   GST_REFCOUNTING gstobject.c:294:gst_object_ref_sink: 0x11b19b0 ref_sink 1->2
0:00:00.013846217  2481 0x4fe320 DEBUG   GST_POLL gstpoll.c:980:gst_poll_fd_ctl_write: 0x506a00: fd (fd:0, idx:1), active : 1
0:00:00.018182003  2480 0x1196370 LOG   GST_REGISTRY gstregistry.c:608:gst_registry_add_feature: emitting feature-added for multiqueue
0:00:00.013852354  2481 0x4fe320 LOG   GST_POLL gstpoll.c:994:gst_poll_fd_ctl_write: 0x506a00: pfd->events now 60 (POLLOUT:4)
0:00:00.018189021  2480 0x1196370 DEBUG   GST_REGISTRY gstregistrychunks.c:741:gst_registry_chunks_load_feature: Added feature multiqueue, plugin 0x11b03e0 coreelements
0:00:00.013858873  2481 0x4fe320 DEBUG   GST_POLL gstpoll.c:980:gst_poll_fd_ctl_write: 0x506a00: fd (fd:0, idx:1), active : 1
0:00:00.018196804  2480 0x1196370 DEBUG   GST_REGISTRY gstregistrychunks.c:583:gst_registry_chunks_load_feature: Plugin 'coreelements' feature 'typefind' typename : 'GstElementFactory'
0:00:00.013864950  2481 0x4fe320 LOG   GST_POLL gstpoll.c:994:gst_poll_fd_ctl_write: 0x506a00: pfd->events now 60 (POLLOUT:4)
0:00:00.013872313  2481 0x4fe320 DEBUG   GST_POLL gstpoll.c:980:gst_poll_fd_ctl_write: 0x506a00: fd (fd:0, idx:1), active : 1
0:00:00.018204952  2480 0x1196370 TRACE   GST_REFCOUNTING gstobject.c:208:gst_object_init: 0x11b3ce0 new
0:00:00.013880269  2481 0x4fe320 LOG   GST_POLL gstpoll.c:994:gst_poll_fd_ctl_write: 0x506a00: pfd->events now 60 (POLLOUT:4)
