0:00:00.015378754  2481 0x4fe320 DEBUG   GST_POLL gstpoll.c:980:gst_poll_fd_ctl_write: 0x506a00: fd (fd:0, idx:1), active : 1
0:00:00.019714933  2480 0x1196370 DEBUG   default gstvalue.c:2776:_priv_gst_value_parse_value: trying type name 'string'
0:00:00.015385260  2481 0x4fe320 LOG   GST_POLL gstpoll.c:994:gst_poll_fd_ctl_write: 0x506a00: pfd->events now 60 (POLLOUT:4)
0:00:00.019721601  2480 0x1196370 DEBUG   structure gststructure.c:2258:gst_structure_parse_field: trying field name 'author'
0:00:00.015391584  2481 0x4fe320 DEBUG   GST_POLL gstpoll.c:980:gst_poll_fd_ctl_write: 0x506a00: fd (fd:0, idx:1), active : 1
0:00:00.019727621  2480 0x1196370 DEBUG   default gstvalue.c:2776:_priv_gst_value_parse_value: trying type name 'string'
0:00:00.015397395  2481 0x4fe320 LOG   GST_POLL gstpoll.c:994:gst_poll_fd_ctl_write: 0x506a00: pfd->events now 60 (POLLOUT:4)
0:00:00.019734597  2480 0x1196370 DEBUG   GST_REGISTRY gstregistrychunks.c:626:gst_registry_chunks_load_feature: Element factory : npadtemplates=2
0:00:00.015403624  2481 0x4fe320 DEBUG   GST_POLL gstpoll.c:980:gst_poll_fd_ctl_write: 0x506a00: fd (fd:0, idx:1), active : 1
0:00:00.019742345  2480 0x1196370 DEBUG   GST_REGISTRY gstregistrychunks.c:526:gst_registry_chunks_load_pad_template: Reading/casting for GstRegistryChunkPadTemplate at address 0x11b2b20
0:00:00.015410358  2481 0x4fe320 LOG   GST_POLL gstpoll.c:994:gst_poll_fd_ctl_write: 0x506a00: pfd->events now 60 (POLLOUT:4)
0:00:00.019749680  2480 0x1196370 DEBUG   GST_REGISTRY gstregistrychunks.c:539:gst_registry_chunks_load_pad_template: Added pad_template src
0:00:00.015418630  2481 0x4fe320 DEBUG   GST_POLL gstpoll.c:980:gst_poll_fd_ctl_write: 0x506a00: fd (fd:0, idx:1), active : 1
0:00:00.019755619  2480 0x1196370 DEBUG   GST_REGISTRY gstregistrychunks.c:526:gst_registry_chunks_load_pad_template: Reading/casting for GstRegistryChunkPadTemplate at address 0x11b2b30
0:00:00.015424582  2481 0x4fe320 LOG   GST_POLL gstpoll.c:994:gst_poll_fd_ctl_write: 0x506a00: pfd->events now 60 (POLLOUT:4)
0:00:00.019761616  2480 0x1196370 DEBUG   GST_REGISTRY gstregistrychunks.c:539:gst_registry_chunks_load_pad_template: Added pad_template sink_%u
0:00:00.015433051  2481 0x4fe320 DEBUG   GST_POLL gstpoll.c:980:gst_poll_fd_ctl_write: 0x506a00: fd (fd:0, idx:1), active : 1
0:00:00.019777839  2480 0x1196370 DEBUG   GST_REGISTRY gstregistry.c:590:gst_registry_add_feature: adding feature 0x11b5e80 (funnel)
0:00:00.015445152  2481 0x4fe320 LOG   GST_POLL gstpoll.c:994:gst_poll_fd_ctl_write: 0x506a00: pfd->events now 60 (POLLOUT:4)
0:00:00.019784377  2480 0x1196370 DEBUG   GST_REFCOUNTING gstobject.c:709:gst_object_set_parent: set parent (ref and sink)
0:00:00.015453790  2481 0x4fe320 DEBUG   GST_POLL gstpoll.c:980:gst_poll_fd_ctl_write: 0x506a00: fd (fd:0, idx:1), active : 1
0:00:00.019792193  2480 0x1196370 TRACE   GST_REFCOUNTING gstobject.c:294:gst_object_ref_sink: 0x11b5e80 ref_sink 1->2
0:00:00.015460133  2481 0x4fe320 LOG   GST_POLL gstpoll.c:994:gst_poll_fd_ctl_write: 0x506a00: pfd->events now 60 (POLLOUT:4)
0:00:00.019799194  2480 0x1196370 LOG   GST_REGISTRY gstregistry.c:608:gst_registry_add_feature: emitting feature-added for funnel
0:00:00.015468326  2481 0x4fe320 DEBUG   GST_POLL gstpoll.c:980:gst_poll_fd_ctl_write: 0x506a00: fd (fd:0, idx:1), active : 1
0:00:00.015475106  2481 0x4fe320 LOG   GST_POLL gstpoll.c:994:gst_poll_fd_ctl_write: 0x506a00: pfd->events now 60 (POLLOUT:4)
0:00:00.019808514  2480 0x1196370 DEBUG   GST_REGISTRY gstregistrychunks.c:741:gst_registry_chunks_load_feature: Added feature funnel, plugin 0x11b03e0 coreelements
0:00:00.015480874  2481 0x4fe320 DEBUG   GST_POLL gstpoll.c:980:gst_poll_fd_ctl_write: 0x506a00: fd (fd:0, idx:1), active : 1
0:00:00.019816904  2480 0x1196370 DEBUG   GST_REGISTRY gstregistrychunks.c:583:gst_registry_chunks_load_feature: Plugin 'coreelements' feature 'filesrc' typename : 'GstElementFactory'
0:00:00.015486578  2481 0x4fe320 LOG   GST_POLL gstpoll.c:994:gst_poll_fd_ctl_write: 0x506a00: pfd->events now 60 (POLLOUT:4)
0:00:00.019825689  2480 0x1196370 TRACE   GST_REFCOUNTING gstobject.c:208:gst_object_init: 0x11b5d80 new
0:00:00.015494677  2481 0x4fe320 DEBUG   GST_POLL gstpoll.c:980:gst_poll_fd_ctl_write: 0x506a00: fd (fd:0, idx:1), active : 1
0:00:00.019833983  2480 0x1196370 LOG   GST_REGISTRY gstregistrychunks.c:610:gst_registry_chunks_load_feature: Reading/casting for GstRegistryChunkElementFactory at address 0x11b2b60
0:00:00.015501708  2481 0x4fe320 LOG   GST_POLL gstpoll.c:994:gst_poll_fd_ctl_write: 0x506a00: pfd->events now 60 (POLLOUT:4)
0:00:00.019840535  2480 0x1196370 TRACE   structure gststructure.c:292:gst_structure_new_id_empty_with_size: created structure 0x11b6460
0:00:00.015509495  2481 0x4fe320 DEBUG   GST_POLL gstpoll.c:980:gst_poll_fd_ctl_write: 0x506a00: fd (fd:0, idx:1), active : 1
0:00:00.019846640  2480 0x1196370 DEBUG   structure gststructure.c:2258:gst_structure_parse_field: trying field name 'long-name'
0:00:00.015515661  2481 0x4fe320 LOG   GST_POLL gstpoll.c:994:gst_poll_fd_ctl_write: 0x506a00: pfd->events now 60 (POLLOUT:4)
0:00:00.019852580  2480 0x1196370 DEBUG   default gstvalue.c:2776:_priv_gst_value_parse_value: trying type name 'string'
0:00:00.015522188  2481 0x4fe320 DEBUG   GST_POLL gstpoll.c:980:gst_poll_fd_ctl_write: 0x506a00: fd (fd:0, idx:1), active : 1
0:00:00.019864604  2480 0x1196370 DEBUG   structure gststructure.c:2258:gst_structure_parse_field: trying field name 'klass'
0:00:00.015533531  2481 0x4fe320 LOG   GST_POLL gstpoll.c:994:gst_poll_fd_ctl_write: 0x506a00: pfd->events now 60 (POLLOUT:4)
0:00:00.019873453  2480 0x1196370 DEBUG   default gstvalue.c:2776:_priv_gst_value_parse_value: trying type name 'string'
0:00:00.015541954  2481 0x4fe320 DEBUG   GST_POLL gstpoll.c:980:gst_poll_fd_ctl_write: 0x506a00: fd (fd:0, idx:1), active : 1
0:00:00.019881921  2480 0x1196370 DEBUG   structure gststructure.c:2258:gst_structure_parse_field: trying field name 'description'
0:00:00.015549578  2481 0x4fe320 LOG   GST_POLL gstpoll.c:994:gst_poll_fd_ctl_write: 0x506a00: pfd->events now 60 (POLLOUT:4)
0:00:00.019888398  2480 0x1196370 DEBUG   default gstvalue.c:2776:_priv_gst_value_parse_value: trying type name 'string'
0:00:00.015559643  2481 0x4fe320 DEBUG   GST_POLL gstpoll.c:980:gst_poll_fd_ctl_write: 0x506a00: fd (fd:0, idx:1), active : 1
0:00:00.019895075  2480 0x1196370 DEBUG   structure gststructure.c:2258:gst_structure_parse_field: trying field name 'author'
0:00:00.015566219  2481 0x4fe320 LOG   GST_POLL gstpoll.c:994:gst_poll_fd_ctl_write: 0x506a00: pfd->events now 60 (POLLOUT:4)
0:00:00.019901435  2480 0x1196370 DEBUG   default gstvalue.c:2776:_priv_gst_value_parse_value: trying type name 'string'
0:00:00.015572807  2481 0x4fe320 DEBUG   GST_POLL gstpoll.c:980:gst_poll_fd_ctl_write: 0x506a00: fd (fd:0, idx:1), active : 1
0:00:00.019908629  2480 0x1196370 DEBUG   GST_REGISTRY gstregistrychunks.c:626:gst_registry_chunks_load_feature: Element factory : npadtemplates=1
0:00:00.015578432  2481 0x4fe320 LOG   GST_POLL gstpoll.c:994:gst_poll_fd_ctl_write: 0x506a00: pfd->events now 60 (POLLOUT:4)
0:00:00.019914532  2480 0x1196370 DEBUG   GST_REGISTRY gstregistrychunks.c:526:gst_registry_chunks_load_pad_template: Reading/casting for GstRegistryChunkPadTemplate at address 0x11b2c40
0:00:00.015584525  2481 0x4fe320 DEBUG   GST_POLL gstpoll.c:980:gst_poll_fd_ctl_write: 0x506a00: fd (fd:0, idx:1), active : 1
0:00:00.019920464  2480 0x1196370 DEBUG   GST_REGISTRY gstregistrychunks.c:539:gst_registry_chunks_load_pad_template: Added pad_template src
0:00:00.015590109  2481 0x4fe320 LOG   GST_POLL gstpoll.c:994:gst_poll_fd_ctl_write: 0x506a00: pfd->events now 60 (POLLOUT:4)
0:00:00.015597178  2481 0x4fe320 DEBUG   GST_POLL gstpoll.c:980:gst_poll_fd_ctl_write: 0x506a00: fd (fd:0, idx:1), active : 1
0:00:00.019929423  2480 0x1196370 DEBUG   GST_REGISTRY gstregistrychunks.c:639:gst_registry_chunks_load_feature: Reading 1 UriTypes at address 0x11b2c50
0:00:00.015602453  2481 0x4fe320 LOG   GST_POLL gstpoll.c:994:gst_poll_fd_ctl_write: 0x506a00: pfd->events now 60 (POLLOUT:4)
0:00:00.019939313  2480 0x1196370 DEBUG   GST_REGISTRY gstregistrychunks.c:654:gst_registry_chunks_load_feature: Reading 1 Interfaces at address 0x11b2c59
0:00:00.015618702  2481 0x4fe320 DEBUG   GST_POLL gstpoll.c:980:gst_poll_fd_ctl_write: 0x506a00: fd (fd:0, idx:1), active : 1
0:00:00.019954808  2480 0x1196370 DEBUG   GST_REGISTRY gstregistry.c:590:gst_registry_add_feature: adding feature 0x11b5d80 (filesrc)
0:00:00.015625531  2481 0x4fe320 LOG   GST_POLL gstpoll.c:994:gst_poll_fd_ctl_write: 0x506a00: pfd->events now 60 (POLLOUT:4)
0:00:00.019961369  2480 0x1196370 DEBUG   GST_REFCOUNTING gstobject.c:709:gst_object_set_parent: set parent (ref and sink)
0:00:00.015631966  2481 0x4fe320 DEBUG   GST_POLL gstpoll.c:980:gst_poll_fd_ctl_write: 0x506a00: fd (fd:0, idx:1), active : 1
0:00:00.019969440  2480 0x1196370 TRACE   GST_REFCOUNTING gstobject.c:294:gst_object_ref_sink: 0x11b5d80 ref_sink 1->2
0:00:00.015638075  2481 0x4fe320 LOG   GST_POLL gstpoll.c:994:gst_poll_fd_ctl_write: 0x506a00: pfd->events now 60 (POLLOUT:4)
0:00:00.019977053  2480 0x1196370 LOG   GST_REGISTRY gstregistry.c:608:gst_registry_add_feature: emitting feature-added for filesrc
0:00:00.015645653  2481 0x4fe320 DEBUG   GST_POLL gstpoll.c:980:gst_poll_fd_ctl_write: 0x506a00: fd (fd:0, idx:1), active : 1
0:00:00.019983796  2480 0x1196370 DEBUG   GST_REGISTRY gstregistrychunks.c:741:gst_registry_chunks_load_feature: Added feature filesrc, plugin 0x11b03e0 coreelements
0:00:00.015652029  2481 0x4fe320 LOG   GST_POLL gstpoll.c:994:gst_poll_fd_ctl_write: 0x506a00: pfd->events now 60 (POLLOUT:4)
0:00:00.019990497  2480 0x1196370 DEBUG   GST_REGISTRY gstregistrychunks.c:583:gst_registry_chunks_load_feature: Plugin 'coreelements' feature 'fdsink' typename : 'GstElementFactory'
0:00:00.015658965  2481 0x4fe320 DEBUG   GST_POLL gstpoll.c:980:gst_poll_fd_ctl_write: 0x506a00: fd (fd:0, idx:1), active : 1
0:00:00.015666361  2481 0x4fe320 LOG   GST_POLL gstpoll.c:994:gst_poll_fd_ctl_write: 0x506a00: pfd->events now 60 (POLLOUT:4)
0:00:00.020000528  2480 0x1196370 TRACE   GST_REFCOUNTING gstobject.c:208:gst_object_init: 0x11b6590 new
0:00:00.015674639  2481 0x4fe320 DEBUG   GST_POLL gstpoll.c:980:gst_poll_fd_ctl_write: 0x506a00: fd (fd:0, idx:1), active : 1
0:00:00.015681465  2481 0x4fe320 LOG   GST_POLL gstpoll.c:994:gst_poll_fd_ctl_write: 0x506a00: pfd->events now 60 (POLLOUT:4)
0:00:00.020015242  2480 0x1196370 LOG   GST_REGISTRY gstregistrychunks.c:610:gst_registry_chunks_load_feature: Reading/casting for GstRegistryChunkElementFactory at address 0x11b2c80
0:00:00.015699596  2481 0x4fe320 DEBUG   GST_POLL gstpoll.c:980:gst_poll_fd_ctl_write: 0x506a00: fd (fd:0, idx:1), active : 1
0:00:00.020035792  2480 0x1196370 TRACE   structure gststructure.c:292:gst_structure_new_id_empty_with_size: created structure 0x11b6750
0:00:00.015705536  2481 0x4fe320 LOG   GST_POLL gstpoll.c:994:gst_poll_fd_ctl_write: 0x506a00: pfd->events now 60 (POLLOUT:4)
0:00:00.020042040  2480 0x1196370 DEBUG   structure gststructure.c:2258:gst_structure_parse_field: trying field name 'long-name'
0:00:00.015711845  2481 0x4fe320 DEBUG   GST_POLL gstpoll.c:980:gst_poll_fd_ctl_write: 0x506a00: fd (fd:0, idx:1), active : 1
0:00:00.020054067  2480 0x1196370 DEBUG   default gstvalue.c:2776:_priv_gst_value_parse_value: trying type name 'string'
0:00:00.015722980  2481 0x4fe320 LOG   GST_POLL gstpoll.c:994:gst_poll_fd_ctl_write: 0x506a00: pfd->events now 60 (POLLOUT:4)
0:00:00.020063487  2480 0x1196370 DEBUG   structure gststructure.c:2258:gst_structure_parse_field: trying field name 'klass'
0:00:00.015732923  2481 0x4fe320 DEBUG   GST_POLL gstpoll.c:980:gst_poll_fd_ctl_write: 0x506a00: fd (fd:0, idx:1), active : 1
0:00:00.020071330  2480 0x1196370 DEBUG   default gstvalue.c:2776:_priv_gst_value_parse_value: trying type name 'string'
0:00:00.015740442  2481 0x4fe320 LOG   GST_POLL gstpoll.c:994:gst_poll_fd_ctl_write: 0x506a00: pfd->events now 60 (POLLOUT:4)
0:00:00.020077829  2480 0x1196370 DEBUG   structure gststructure.c:2258:gst_structure_parse_field: trying field name 'description'
0:00:00.015747279  2481 0x4fe320 DEBUG   GST_POLL gstpoll.c:980:gst_poll_fd_ctl_write: 0x506a00: fd (fd:0, idx:1), active : 1
0:00:00.020084093  2480 0x1196370 DEBUG   default gstvalue.c:2776:_priv_gst_value_parse_value: trying type name 'string'
0:00:00.015753178  2481 0x4fe320 LOG   GST_POLL gstpoll.c:994:gst_poll_fd_ctl_write: 0x506a00: pfd->events now 60 (POLLOUT:4)
0:00:00.020090979  2480 0x1196370 DEBUG   structure gststructure.c:2258:gst_structure_parse_field: trying field name 'author'
0:00:00.015759640  2481 0x4fe320 DEBUG   GST_POLL gstpoll.c:980:gst_poll_fd_ctl_write: 0x506a00: fd (fd:0, idx:1), active : 1
0:00:00.020096982  2480 0x1196370 DEBUG   default gstvalue.c:2776:_priv_gst_value_parse_value: trying type name 'string'
0:00:00.015766021  2481 0x4fe320 LOG   GST_POLL gstpoll.c:994:gst_poll_fd_ctl_write: 0x506a00: pfd->events now 60 (POLLOUT:4)
0:00:00.020103667  2480 0x1196370 DEBUG   GST_REGISTRY gstregistrychunks.c:626:gst_registry_chunks_load_feature: Element factory : npadtemplates=1
0:00:00.015772116  2481 0x4fe320 DEBUG   GST_POLL gstpoll.c:980:gst_poll_fd_ctl_write: 0x506a00: fd (fd:0, idx:1), active : 1
0:00:00.020109764  2480 0x1196370 DEBUG   GST_REGISTRY gstregistrychunks.c:526:gst_registry_chunks_load_pad_template: Reading/casting for GstRegistryChunkPadTemplate at address 0x11b2d60
0:00:00.015779239  2481 0x4fe320 LOG   GST_POLL gstpoll.c:994:gst_poll_fd_ctl_write: 0x506a00: pfd->events now 60 (POLLOUT:4)
0:00:00.020117734  2480 0x1196370 DEBUG   GST_REGISTRY gstregistrychunks.c:539:gst_registry_chunks_load_pad_template: Added pad_template sink
0:00:00.015788231  2481 0x4fe320 DEBUG   GST_POLL gstpoll.c:980:gst_poll_fd_ctl_write: 0x506a00: fd (fd:0, idx:1), active : 1
0:00:00.020125340  2480 0x1196370 DEBUG   GST_REGISTRY gstregistrychunks.c:639:gst_registry_chunks_load_feature: Reading 1 UriTypes at address 0x11b2d71
0:00:00.015794898  2481 0x4fe320 LOG   GST_POLL gstpoll.c:994:gst_poll_fd_ctl_write: 0x506a00: pfd->events now 60 (POLLOUT:4)
0:00:00.020138478  2480 0x1196370 DEBUG   GST_REGISTRY gstregistrychunks.c:654:gst_registry_chunks_load_feature: Reading 1 Interfaces at address 0x11b2d7f
0:00:00.015807314  2481 0x4fe320 DEBUG   GST_POLL gstpoll.c:980:gst_poll_fd_ctl_write: 0x506a00: fd (fd:0, idx:1), active : 1
0:00:00.015813895  2481 0x4fe320 LOG   GST_POLL gstpoll.c:994:gst_poll_fd_ctl_write: 0x506a00: pfd->events now 60 (POLLOUT:4)
0:00:00.020147091  2480 0x1196370 DEBUG   GST_REGISTRY gstregistry.c:590:gst_registry_add_feature: adding feature 0x11b6590 (fdsink)
0:00:00.015819893  2481 0x4fe320 DEBUG   GST_POLL gstpoll.c:980:gst_poll_fd_ctl_write: 0x506a00: fd (fd:0, idx:1), active : 1
0:00:00.020155697  2480 0x1196370 DEBUG   GST_REFCOUNTING gstobject.c:709:gst_object_set_parent: set parent (ref and sink)
0:00:00.015826261  2481 0x4fe320 LOG   GST_POLL gstpoll.c:994:gst_poll_fd_ctl_write: 0x506a00: pfd->events now 60 (POLLOUT:4)
0:00:00.020163482  2480 0x1196370 TRACE   GST_REFCOUNTING gstobject.c:294:gst_object_ref_sink: 0x11b6590 ref_sink 1->2
0:00:00.015832540  2481 0x4fe320 DEBUG   GST_POLL gstpoll.c:980:gst_poll_fd_ctl_write: 0x506a00: fd (fd:0, idx:1), active : 1
0:00:00.020170917  2480 0x1196370 LOG   GST_REGISTRY gstregistry.c:608:gst_registry_add_feature: emitting feature-added for fdsink
0:00:00.015839074  2481 0x4fe320 LOG   GST_POLL gstpoll.c:994:gst_poll_fd_ctl_write: 0x506a00: pfd->events now 60 (POLLOUT:4)
0:00:00.020178265  2480 0x1196370 DEBUG   GST_REGISTRY gstregistrychunks.c:741:gst_registry_chunks_load_feature: Added feature fdsink, plugin 0x11b03e0 coreelements
0:00:00.015848756  2481 0x4fe320 DEBUG   GST_POLL gstpoll.c:980:gst_poll_fd_ctl_write: 0x506a00: fd (fd:0, idx:1), active : 1
0:00:00.020187193  2480 0x1196370 DEBUG   GST_REGISTRY gstregistrychunks.c:583:gst_registry_chunks_load_feature: Plugin 'coreelements' feature 'fdsrc' typename : 'GstElementFactory'
0:00:00.015855753  2481 0x4fe320 LOG   GST_POLL gstpoll.c:994:gst_poll_fd_ctl_write: 0x506a00: pfd->events now 60 (POLLOUT:4)
0:00:00.015863687  2481 0x4fe320 DEBUG   GST_POLL gstpoll.c:980:gst_poll_fd_ctl_write: 0x506a00: fd (fd:0, idx:1), active : 1
0:00:00.020196607  2480 0x1196370 TRACE   GST_REFCOUNTING gstobject.c:208:gst_object_init: 0x11b6880 new
0:00:00.015869015  2481 0x4fe320 LOG   GST_POLL gstpoll.c:994:gst_poll_fd_ctl_write: 0x506a00: pfd->events now 60 (POLLOUT:4)
0:00:00.020206506  2480 0x1196370 LOG   GST_REGISTRY gstregistrychunks.c:610:gst_registry_chunks_load_feature: Reading/casting for GstRegistryChunkElementFactory at address 0x11b2da8
0:00:00.015875103  2481 0x4fe320 DEBUG   GST_POLL gstpoll.c:980:gst_poll_fd_ctl_write: 0x506a00: fd (fd:0, idx:1), active : 1
0:00:00.020213291  2480 0x1196370 TRACE   structure gststructure.c:292:gst_structure_new_id_empty_with_size: created structure 0x11b6b10
0:00:00.015881982  2481 0x4fe320 LOG   GST_POLL gstpoll.c:994:gst_poll_fd_ctl_write: 0x506a00: pfd->events now 60 (POLLOUT:4)
0:00:00.020219923  2480 0x1196370 DEBUG   structure gststructure.c:2258:gst_structure_parse_field: trying field name 'long-name'
0:00:00.015896178  2481 0x4fe320 DEBUG   GST_POLL gstpoll.c:980:gst_poll_fd_ctl_write: 0x506a00: fd (fd:0, idx:1), active : 1
0:00:00.020231238  2480 0x1196370 DEBUG   default gstvalue.c:2776:_priv_gst_value_parse_value: trying type name 'string'
0:00:00.015902396  2481 0x4fe320 LOG   GST_POLL gstpoll.c:994:gst_poll_fd_ctl_write: 0x506a00: pfd->events now 60 (POLLOUT:4)
0:00:00.020239053  2480 0x1196370 DEBUG   structure gststructure.c:2258:gst_structure_parse_field: trying field name 'klass'
0:00:00.015911692  2481 0x4fe320 DEBUG   GST_POLL gstpoll.c:980:gst_poll_fd_ctl_write: 0x506a00: fd (fd:0, idx:1), active : 1
0:00:00.020246033  2480 0x1196370 DEBUG   default gstvalue.c:2776:_priv_gst_value_parse_value: trying type name 'string'
0:00:00.015919584  2481 0x4fe320 LOG   GST_POLL gstpoll.c:994:gst_poll_fd_ctl_write: 0x506a00: pfd->events now 60 (POLLOUT:4)
0:00:00.020257066  2480 0x1196370 DEBUG   structure gststructure.c:2258:gst_structure_parse_field: trying field name 'description'
0:00:00.015926313  2481 0x4fe320 DEBUG   GST_POLL gstpoll.c:980:gst_poll_fd_ctl_write: 0x506a00: fd (fd:0, idx:1), active : 1
0:00:00.020265666  2480 0x1196370 DEBUG   default gstvalue.c:2776:_priv_gst_value_parse_value: trying type name 'string'
0:00:00.015936293  2481 0x4fe320 LOG   GST_POLL gstpoll.c:994:gst_poll_fd_ctl_write: 0x506a00: pfd->events now 60 (POLLOUT:4)
0:00:00.020274372  2480 0x1196370 DEBUG   structure gststructure.c:2258:gst_structure_parse_field: trying field name 'author'
0:00:00.015943094  2481 0x4fe320 DEBUG   GST_POLL gstpoll.c:980:gst_poll_fd_ctl_write: 0x506a00: fd (fd:0, idx:1), active : 1
0:00:00.020280836  2480 0x1196370 DEBUG   default gstvalue.c:2776:_priv_gst_value_parse_value: trying type name 'string'
0:00:00.015949891  2481 0x4fe320 LOG   GST_POLL gstpoll.c:994:gst_poll_fd_ctl_write: 0x506a00: pfd->events now 60 (POLLOUT:4)
0:00:00.020288059  2480 0x1196370 DEBUG   GST_REGISTRY gstregistrychunks.c:626:gst_registry_chunks_load_feature: Element factory : npadtemplates=1
0:00:00.015956853  2481 0x4fe320 DEBUG   GST_POLL gstpoll.c:980:gst_poll_fd_ctl_write: 0x506a00: fd (fd:0, idx:1), active : 1
0:00:00.020294095  2480 0x1196370 DEBUG   GST_REGISTRY gstregistrychunks.c:526:gst_registry_chunks_load_pad_template: Reading/casting for GstRegistryChunkPadTemplate at address 0x11b2e88
0:00:00.015963118  2481 0x4fe320 LOG   GST_POLL gstpoll.c:994:gst_poll_fd_ctl_write: 0x506a00: pfd->events now 60 (POLLOUT:4)
0:00:00.020300072  2480 0x1196370 DEBUG   GST_REGISTRY gstregistrychunks.c:539:gst_registry_chunks_load_pad_template: Added pad_template src
0:00:00.015971390  2481 0x4fe320 DEBUG   GST_POLL gstpoll.c:980:gst_poll_fd_ctl_write: 0x506a00: fd (fd:0, idx:1), active : 1
0:00:00.020306362  2480 0x1196370 DEBUG   GST_REGISTRY gstregistrychunks.c:639:gst_registry_chunks_load_feature: Reading 1 UriTypes at address 0x11b2e98
0:00:00.015984952  2481 0x4fe320 LOG   GST_POLL gstpoll.c:994:gst_poll_fd_ctl_write: 0x506a00: pfd->events now 60 (POLLOUT:4)
0:00:00.020322740  2480 0x1196370 DEBUG   GST_REGISTRY gstregistrychunks.c:654:gst_registry_chunks_load_feature: Reading 1 Interfaces at address 0x11b2e9f
0:00:00.015991310  2481 0x4fe320 DEBUG   GST_POLL gstpoll.c:980:gst_poll_fd_ctl_write: 0x506a00: fd (fd:0, idx:1), active : 1
0:00:00.020332044  2480 0x1196370 DEBUG   GST_REGISTRY gstregistry.c:590:gst_registry_add_feature: adding feature 0x11b6880 (fdsrc)
0:00:00.015999270  2481 0x4fe320 LOG   GST_POLL gstpoll.c:994:gst_poll_fd_ctl_write: 0x506a00: pfd->events now 60 (POLLOUT:4)
0:00:00.020338892  2480 0x1196370 DEBUG   GST_REFCOUNTING gstobject.c:709:gst_object_set_parent: set parent (ref and sink)
0:00:00.016007760  2481 0x4fe320 DEBUG   GST_POLL gstpoll.c:980:gst_poll_fd_ctl_write: 0x506a00: fd (fd:0, idx:1), active : 1
0:00:00.020347150  2480 0x1196370 TRACE   GST_REFCOUNTING gstobject.c:294:gst_object_ref_sink: 0x11b6880 ref_sink 1->2
0:00:00.016015322  2481 0x4fe320 LOG   GST_POLL gstpoll.c:994:gst_poll_fd_ctl_write: 0x506a00: pfd->events now 60 (POLLOUT:4)
0:00:00.020354529  2480 0x1196370 LOG   GST_REGISTRY gstregistry.c:608:gst_registry_add_feature: emitting feature-added for fdsrc
0:00:00.016023579  2481 0x4fe320 DEBUG   GST_POLL gstpoll.c:980:gst_poll_fd_ctl_write: 0x506a00: fd (fd:0, idx:1), active : 1
0:00:00.020361883  2480 0x1196370 DEBUG   GST_REGISTRY gstregistrychunks.c:741:gst_registry_chunks_load_feature: Added feature fdsrc, plugin 0x11b03e0 coreelements
0:00:00.016029728  2481 0x4fe320 LOG   GST_POLL gstpoll.c:994:gst_poll_fd_ctl_write: 0x506a00: pfd->events now 60 (POLLOUT:4)
0:00:00.020368949  2480 0x1196370 DEBUG   GST_REGISTRY gstregistrychunks.c:583:gst_registry_chunks_load_feature: Plugin 'coreelements' feature 'fakesink' typename : 'GstElementFactory'
0:00:00.016039259  2481 0x4fe320 DEBUG   GST_POLL gstpoll.c:980:gst_poll_fd_ctl_write: 0x506a00: fd (fd:0, idx:1), active : 1
0:00:00.020376522  2480 0x1196370 TRACE   GST_REFCOUNTING gstobject.c:208:gst_object_init: 0x11b6270 new
0:00:00.016046069  2481 0x4fe320 LOG   GST_POLL gstpoll.c:994:gst_poll_fd_ctl_write: 0x506a00: pfd->events now 60 (POLLOUT:4)
0:00:00.016053722  2481 0x4fe320 DEBUG   GST_POLL gstpoll.c:980:gst_poll_fd_ctl_write: 0x506a00: fd (fd:0, idx:1), active : 1
0:00:00.020387138  2480 0x1196370 LOG   GST_REGISTRY gstregistrychunks.c:610:gst_registry_chunks_load_feature: Reading/casting for GstRegistryChunkElementFactory at address 0x11b2ec8
0:00:00.016059622  2481 0x4fe320 LOG   GST_POLL gstpoll.c:994:gst_poll_fd_ctl_write: 0x506a00: pfd->events now 60 (POLLOUT:4)
0:00:00.016066655  2481 0x4fe320 DEBUG   GST_POLL gstpoll.c:980:gst_poll_fd_ctl_write: 0x506a00: fd (fd:0, idx:1), active : 1
0:00:00.020401741  2480 0x1196370 TRACE   structure gststructure.c:292:gst_structure_new_id_empty_with_size: created structure 0x11b6f40
0:00:00.016071810  2481 0x4fe320 LOG   GST_POLL gstpoll.c:994:gst_poll_fd_ctl_write: 0x506a00: pfd->events now 60 (POLLOUT:4)
0:00:00.020416100  2480 0x1196370 DEBUG   structure gststructure.c:2258:gst_structure_parse_field: trying field name 'long-name'
0:00:00.016085815  2481 0x4fe320 DEBUG   GST_POLL gstpoll.c:980:gst_poll_fd_ctl_write: 0x506a00: fd (fd:0, idx:1), active : 1
0:00:00.020422733  2480 0x1196370 DEBUG   default gstvalue.c:2776:_priv_gst_value_parse_value: trying type name 'string'
0:00:00.016092138  2481 0x4fe320 LOG   GST_POLL gstpoll.c:994:gst_poll_fd_ctl_write: 0x506a00: pfd->events now 60 (POLLOUT:4)
0:00:00.020429644  2480 0x1196370 DEBUG   structure gststructure.c:2258:gst_structure_parse_field: trying field name 'klass'
0:00:00.016100601  2481 0x4fe320 DEBUG   GST_POLL gstpoll.c:980:gst_poll_fd_ctl_write: 0x506a00: fd (fd:0, idx:1), active : 1
0:00:00.020435869  2480 0x1196370 DEBUG   default gstvalue.c:2776:_priv_gst_value_parse_value: trying type name 'string'
0:00:00.016108286  2481 0x4fe320 LOG   GST_POLL gstpoll.c:994:gst_poll_fd_ctl_write: 0x506a00: pfd->events now 60 (POLLOUT:4)
0:00:00.020444065  2480 0x1196370 DEBUG   structure gststructure.c:2258:gst_structure_parse_field: trying field name 'description'
0:00:00.016114925  2481 0x4fe320 DEBUG   GST_POLL gstpoll.c:980:gst_poll_fd_ctl_write: 0x506a00: fd (fd:0, idx:1), active : 1
0:00:00.020451927  2480 0x1196370 DEBUG   default gstvalue.c:2776:_priv_gst_value_parse_value: trying type name 'string'
0:00:00.016120782  2481 0x4fe320 LOG   GST_POLL gstpoll.c:994:gst_poll_fd_ctl_write: 0x506a00: pfd->events now 60 (POLLOUT:4)
0:00:00.020459875  2480 0x1196370 DEBUG   structure gststructure.c:2258:gst_structure_parse_field: trying field name 'author'
0:00:00.016128298  2481 0x4fe320 DEBUG   GST_POLL gstpoll.c:980:gst_poll_fd_ctl_write: 0x506a00: fd (fd:0, idx:1), active : 1
0:00:00.020465931  2480 0x1196370 DEBUG   default gstvalue.c:2776:_priv_gst_value_parse_value: trying type name 'string'
0:00:00.016135078  2481 0x4fe320 LOG   GST_POLL gstpoll.c:994:gst_poll_fd_ctl_write: 0x506a00: pfd->events now 60 (POLLOUT:4)
0:00:00.016141395  2481 0x4fe320 DEBUG   GST_POLL gstpoll.c:980:gst_poll_fd_ctl_write: 0x506a00: fd (fd:0, idx:1), active : 1
0:00:00.016146378  2481 0x4fe320 LOG   GST_POLL gstpoll.c:994:gst_poll_fd_ctl_write: 0x506a00: pfd->events now 60 (POLLOUT:4)
0:00:00.016155532  2481 0x4fe320 DEBUG   GST_POLL gstpoll.c:980:gst_poll_fd_ctl_write: 0x506a00: fd (fd:0, idx:1), active : 1
0:00:00.020474397  2480 0x1196370 DEBUG   GST_REGISTRY gstregistrychunks.c:626:gst_registry_chunks_load_feature: Element factory : npadtemplates=1
0:00:00.016163948  2481 0x4fe320 LOG   GST_POLL gstpoll.c:994:gst_poll_fd_ctl_write: 0x506a00: pfd->events now 60 (POLLOUT:4)
0:00:00.020500489  2480 0x1196370 DEBUG   GST_REGISTRY gstregistrychunks.c:526:gst_registry_chunks_load_pad_template: Reading/casting for GstRegistryChunkPadTemplate at address 0x11b2ff0
0:00:00.016173316  2481 0x4fe320 DEBUG   GST_POLL gstpoll.c:980:gst_poll_fd_ctl_write: 0x506a00: fd (fd:0, idx:1), active : 1
0:00:00.020513514  2480 0x1196370 DEBUG   GST_REGISTRY gstregistrychunks.c:539:gst_registry_chunks_load_pad_template: Added pad_template sink
0:00:00.016184131  2481 0x4fe320 LOG   GST_POLL gstpoll.c:994:gst_poll_fd_ctl_write: 0x506a00: pfd->events now 60 (POLLOUT:4)
0:00:00.020524099  2480 0x1196370 DEBUG   GST_REGISTRY gstregistry.c:590:gst_registry_add_feature: adding feature 0x11b6270 (fakesink)
0:00:00.016195533  2481 0x4fe320 DEBUG   GST_POLL gstpoll.c:980:gst_poll_fd_ctl_write: 0x506a00: fd (fd:0, idx:1), active : 1
0:00:00.020531584  2480 0x1196370 DEBUG   GST_REFCOUNTING gstobject.c:709:gst_object_set_parent: set parent (ref and sink)
0:00:00.016205525  2481 0x4fe320 LOG   GST_POLL gstpoll.c:994:gst_poll_fd_ctl_write: 0x506a00: pfd->events now 60 (POLLOUT:4)
0:00:00.020540563  2480 0x1196370 TRACE   GST_REFCOUNTING gstobject.c:294:gst_object_ref_sink: 0x11b6270 ref_sink 1->2
0:00:00.016214377  2481 0x4fe320 DEBUG   GST_POLL gstpoll.c:980:gst_poll_fd_ctl_write: 0x506a00: fd (fd:0, idx:1), active : 1
0:00:00.020549293  2480 0x1196370 LOG   GST_REGISTRY gstregistry.c:608:gst_registry_add_feature: emitting feature-added for fakesink
0:00:00.016224590  2481 0x4fe320 LOG   GST_POLL gstpoll.c:994:gst_poll_fd_ctl_write: 0x506a00: pfd->events now 60 (POLLOUT:4)
0:00:00.020558902  2480 0x1196370 DEBUG   GST_REGISTRY gstregistrychunks.c:741:gst_registry_chunks_load_feature: Added feature fakesink, plugin 0x11b03e0 coreelements
0:00:00.016237154  2481 0x4fe320 DEBUG   GST_POLL gstpoll.c:980:gst_poll_fd_ctl_write: 0x506a00: fd (fd:0, idx:1), active : 1
0:00:00.020570922  2480 0x1196370 DEBUG   GST_REGISTRY gstregistrychunks.c:583:gst_registry_chunks_load_feature: Plugin 'coreelements' feature 'fakesrc' typename : 'GstElementFactory'
0:00:00.016244621  2481 0x4fe320 LOG   GST_POLL gstpoll.c:994:gst_poll_fd_ctl_write: 0x506a00: pfd->events now 60 (POLLOUT:4)
0:00:00.020581625  2480 0x1196370 TRACE   GST_REFCOUNTING gstobject.c:208:gst_object_init: 0x11b7260 new
0:00:00.016251649  2481 0x4fe320 DEBUG   GST_POLL gstpoll.c:980:gst_poll_fd_ctl_write: 0x506a00: fd (fd:0, idx:1), active : 1
0:00:00.020589890  2480 0x1196370 LOG   GST_REGISTRY gstregistrychunks.c:610:gst_registry_chunks_load_feature: Reading/casting for GstRegistryChunkElementFactory at address 0x11b3020
0:00:00.016257756  2481 0x4fe320 LOG   GST_POLL gstpoll.c:994:gst_poll_fd_ctl_write: 0x506a00: pfd->events now 60 (POLLOUT:4)
0:00:00.020598906  2480 0x1196370 TRACE   structure gststructure.c:292:gst_structure_new_id_empty_with_size: created structure 0x11b7440
0:00:00.016266576  2481 0x4fe320 DEBUG   GST_POLL gstpoll.c:980:gst_poll_fd_ctl_write: 0x506a00: fd (fd:0, idx:1), active : 1
0:00:00.020606213  2480 0x1196370 DEBUG   structure gststructure.c:2258:gst_structure_parse_field: trying field name 'long-name'
0:00:00.016275035  2481 0x4fe320 LOG   GST_POLL gstpoll.c:994:gst_poll_fd_ctl_write: 0x506a00: pfd->events now 60 (POLLOUT:4)
0:00:00.020618799  2480 0x1196370 DEBUG   default gstvalue.c:2776:_priv_gst_value_parse_value: trying type name 'string'
0:00:00.016288723  2481 0x4fe320 DEBUG   GST_POLL gstpoll.c:980:gst_poll_fd_ctl_write: 0x506a00: fd (fd:0, idx:1), active : 1
0:00:00.020625995  2480 0x1196370 DEBUG   structure gststructure.c:2258:gst_structure_parse_field: trying field name 'klass'
0:00:00.016294695  2481 0x4fe320 LOG   GST_POLL gstpoll.c:994:gst_poll_fd_ctl_write: 0x506a00: pfd->events now 60 (POLLOUT:4)
0:00:00.020631749  2480 0x1196370 DEBUG   default gstvalue.c:2776:_priv_gst_value_parse_value: trying type name 'string'
0:00:00.016303803  2481 0x4fe320 DEBUG   GST_POLL gstpoll.c:980:gst_poll_fd_ctl_write: 0x506a00: fd (fd:0, idx:1), active : 1
0:00:00.020637866  2480 0x1196370 DEBUG   structure gststructure.c:2258:gst_structure_parse_field: trying field name 'description'
0:00:00.016310941  2481 0x4fe320 LOG   GST_POLL gstpoll.c:994:gst_poll_fd_ctl_write: 0x506a00: pfd->events now 60 (POLLOUT:4)
0:00:00.020645593  2480 0x1196370 DEBUG   default gstvalue.c:2776:_priv_gst_value_parse_value: trying type name 'string'
0:00:00.016318234  2481 0x4fe320 DEBUG   GST_POLL gstpoll.c:980:gst_poll_fd_ctl_write: 0x506a00: fd (fd:0, idx:1), active : 1
0:00:00.020653687  2480 0x1196370 DEBUG   structure gststructure.c:2258:gst_structure_parse_field: trying field name 'author'
0:00:00.016324702  2481 0x4fe320 LOG   GST_POLL gstpoll.c:994:gst_poll_fd_ctl_write: 0x506a00: pfd->events now 60 (POLLOUT:4)
0:00:00.020661516  2480 0x1196370 DEBUG   default gstvalue.c:2776:_priv_gst_value_parse_value: trying type name 'string'
0:00:00.016330800  2481 0x4fe320 DEBUG   GST_POLL gstpoll.c:980:gst_poll_fd_ctl_write: 0x506a00: fd (fd:0, idx:1), active : 1
0:00:00.020669966  2480 0x1196370 DEBUG   GST_REGISTRY gstregistrychunks.c:626:gst_registry_chunks_load_feature: Element factory : npadtemplates=1
0:00:00.016337592  2481 0x4fe320 LOG   GST_POLL gstpoll.c:994:gst_poll_fd_ctl_write: 0x506a00: pfd->events now 60 (POLLOUT:4)
0:00:00.020675977  2480 0x1196370 DEBUG   GST_REGISTRY gstregistrychunks.c:526:gst_registry_chunks_load_pad_template: Reading/casting for GstRegistryChunkPadTemplate at address 0x11b3120
0:00:00.016345425  2481 0x4fe320 DEBUG   GST_POLL gstpoll.c:980:gst_poll_fd_ctl_write: 0x506a00: fd (fd:0, idx:1), active : 1
0:00:00.020682240  2480 0x1196370 DEBUG   GST_REGISTRY gstregistrychunks.c:539:gst_registry_chunks_load_pad_template: Added pad_template src
0:00:00.016351391  2481 0x4fe320 LOG   GST_POLL gstpoll.c:994:gst_poll_fd_ctl_write: 0x506a00: pfd->events now 60 (POLLOUT:4)
0:00:00.020690337  2480 0x1196370 DEBUG   GST_REGISTRY gstregistry.c:590:gst_registry_add_feature: adding feature 0x11b7260 (fakesrc)
0:00:00.016359978  2481 0x4fe320 DEBUG   GST_POLL gstpoll.c:980:gst_poll_fd_ctl_write: 0x506a00: fd (fd:0, idx:1), active : 1
0:00:00.020697179  2480 0x1196370 DEBUG   GST_REFCOUNTING gstobject.c:709:gst_object_set_parent: set parent (ref and sink)
0:00:00.016374958  2481 0x4fe320 LOG   GST_POLL gstpoll.c:994:gst_poll_fd_ctl_write: 0x506a00: pfd->events now 60 (POLLOUT:4)
0:00:00.020710510  2480 0x1196370 TRACE   GST_REFCOUNTING gstobject.c:294:gst_object_ref_sink: 0x11b7260 ref_sink 1->2
0:00:00.016381312  2481 0x4fe320 DEBUG   GST_POLL gstpoll.c:980:gst_poll_fd_ctl_write: 0x506a00: fd (fd:0, idx:1), active : 1
0:00:00.020717706  2480 0x1196370 LOG   GST_REGISTRY gstregistry.c:608:gst_registry_add_feature: emitting feature-added for fakesrc
0:00:00.016387761  2481 0x4fe320 LOG   GST_POLL gstpoll.c:994:gst_poll_fd_ctl_write: 0x506a00: pfd->events now 60 (POLLOUT:4)
0:00:00.020727186  2480 0x1196370 DEBUG   GST_REGISTRY gstregistrychunks.c:741:gst_registry_chunks_load_feature: Added feature fakesrc, plugin 0x11b03e0 coreelements
0:00:00.016394722  2481 0x4fe320 LOG   GST_PLUGIN_LOADING gstpluginloader.c:645:put_chunk: Expanding tx buf from 13209 to 17023 for chunk of size 229
0:00:00.020735213  2480 0x1196370 DEBUG   GST_REGISTRY gstregistrychunks.c:583:gst_registry_chunks_load_feature: Plugin 'coreelements' feature 'downloadbuffer' typename : 'GstElementFactory'
0:00:00.016409678  2481 0x4fe320 DEBUG   GST_POLL gstpoll.c:980:gst_poll_fd_ctl_write: 0x506a00: fd (fd:0, idx:1), active : 1
0:00:00.020744110  2480 0x1196370 TRACE   GST_REFCOUNTING gstobject.c:208:gst_object_init: 0x11b7110 new
0:00:00.016415456  2481 0x4fe320 LOG   GST_POLL gstpoll.c:994:gst_poll_fd_ctl_write: 0x506a00: pfd->events now 60 (POLLOUT:4)
0:00:00.020752101  2480 0x1196370 LOG   GST_REGISTRY gstregistrychunks.c:610:gst_registry_chunks_load_feature: Reading/casting for GstRegistryChunkElementFactory at address 0x11b3158
0:00:00.016423728  2481 0x4fe320 DEBUG   GST_POLL gstpoll.c:980:gst_poll_fd_ctl_write: 0x506a00: fd (fd:0, idx:1), active : 1
0:00:00.020759066  2480 0x1196370 TRACE   structure gststructure.c:292:gst_structure_new_id_empty_with_size: created structure 0x11b7760
0:00:00.016430660  2481 0x4fe320 LOG   GST_POLL gstpoll.c:994:gst_poll_fd_ctl_write: 0x506a00: pfd->events now 60 (POLLOUT:4)
0:00:00.020765669  2480 0x1196370 DEBUG   structure gststructure.c:2258:gst_structure_parse_field: trying field name 'long-name'
0:00:00.020772536  2480 0x1196370 DEBUG   default gstvalue.c:2776:_priv_gst_value_parse_value: trying type name 'string'
0:00:00.016443442  2481 0x4fe320 DEBUG   GST_POLL gstpoll.c:980:gst_poll_fd_ctl_write: 0x506a00: fd (fd:0, idx:1), active : 1
0:00:00.020778314  2480 0x1196370 DEBUG   structure gststructure.c:2258:gst_structure_parse_field: trying field name 'klass'
0:00:00.016449513  2481 0x4fe320 LOG   GST_POLL gstpoll.c:994:gst_poll_fd_ctl_write: 0x506a00: pfd->events now 60 (POLLOUT:4)
0:00:00.020786398  2480 0x1196370 DEBUG   default gstvalue.c:2776:_priv_gst_value_parse_value: trying type name 'string'
0:00:00.016455957  2481 0x4fe320 DEBUG   GST_POLL gstpoll.c:980:gst_poll_fd_ctl_write: 0x506a00: fd (fd:0, idx:1), active : 1
0:00:00.020800089  2480 0x1196370 DEBUG   structure gststructure.c:2258:gst_structure_parse_field: trying field name 'description'
0:00:00.016468234  2481 0x4fe320 LOG   GST_POLL gstpoll.c:994:gst_poll_fd_ctl_write: 0x506a00: pfd->events now 60 (POLLOUT:4)
0:00:00.020806092  2480 0x1196370 DEBUG   default gstvalue.c:2776:_priv_gst_value_parse_value: trying type name 'string'
0:00:00.016475829  2481 0x4fe320 DEBUG   GST_POLL gstpoll.c:980:gst_poll_fd_ctl_write: 0x506a00: fd (fd:0, idx:1), active : 1
0:00:00.020812661  2480 0x1196370 DEBUG   structure gststructure.c:2258:gst_structure_parse_field: trying field name 'author'
0:00:00.016481429  2481 0x4fe320 LOG   GST_POLL gstpoll.c:994:gst_poll_fd_ctl_write: 0x506a00: pfd->events now 60 (POLLOUT:4)
0:00:00.020818852  2480 0x1196370 DEBUG   default gstvalue.c:2776:_priv_gst_value_parse_value: trying type name 'string'
0:00:00.016490388  2481 0x4fe320 DEBUG   GST_POLL gstpoll.c:980:gst_poll_fd_ctl_write: 0x506a00: fd (fd:0, idx:1), active : 1
0:00:00.020825524  2480 0x1196370 DEBUG   GST_REGISTRY gstregistrychunks.c:626:gst_registry_chunks_load_feature: Element factory : npadtemplates=2
0:00:00.016497198  2481 0x4fe320 LOG   GST_POLL gstpoll.c:994:gst_poll_fd_ctl_write: 0x506a00: pfd->events now 60 (POLLOUT:4)
0:00:00.020832257  2480 0x1196370 DEBUG   GST_REGISTRY gstregistrychunks.c:526:gst_registry_chunks_load_pad_template: Reading/casting for GstRegistryChunkPadTemplate at address 0x11b3220
0:00:00.016504702  2481 0x4fe320 DEBUG   GST_POLL gstpoll.c:980:gst_poll_fd_ctl_write: 0x506a00: fd (fd:0, idx:1), active : 1
0:00:00.020839756  2480 0x1196370 DEBUG   GST_REGISTRY gstregistrychunks.c:539:gst_registry_chunks_load_pad_template: Added pad_template sink
0:00:00.016511084  2481 0x4fe320 LOG   GST_POLL gstpoll.c:994:gst_poll_fd_ctl_write: 0x506a00: pfd->events now 60 (POLLOUT:4)
0:00:00.020848135  2480 0x1196370 DEBUG   GST_REGISTRY gstregistrychunks.c:526:gst_registry_chunks_load_pad_template: Reading/casting for GstRegistryChunkPadTemplate at address 0x11b3238
0:00:00.016517138  2481 0x4fe320 DEBUG   GST_POLL gstpoll.c:980:gst_poll_fd_ctl_write: 0x506a00: fd (fd:0, idx:1), active : 1
0:00:00.020855248  2480 0x1196370 DEBUG   GST_REGISTRY gstregistrychunks.c:539:gst_registry_chunks_load_pad_template: Added pad_template src
0:00:00.016524175  2481 0x4fe320 LOG   GST_POLL gstpoll.c:994:gst_poll_fd_ctl_write: 0x506a00: pfd->events now 60 (POLLOUT:4)
0:00:00.016530913  2481 0x4fe320 DEBUG   GST_POLL gstpoll.c:980:gst_poll_fd_ctl_write: 0x506a00: fd (fd:0, idx:1), active : 1
0:00:00.020864022  2480 0x1196370 DEBUG   GST_REGISTRY gstregistry.c:590:gst_registry_add_feature: adding feature 0x11b7110 (downloadbuffer)
0:00:00.016536528  2481 0x4fe320 LOG   GST_POLL gstpoll.c:994:gst_poll_fd_ctl_write: 0x506a00: pfd->events now 60 (POLLOUT:4)
0:00:00.020872284  2480 0x1196370 DEBUG   GST_REFCOUNTING gstobject.c:709:gst_object_set_parent: set parent (ref and sink)
0:00:00.016552333  2481 0x4fe320 DEBUG   GST_POLL gstpoll.c:980:gst_poll_fd_ctl_write: 0x506a00: fd (fd:0, idx:1), active : 1
0:00:00.020886895  2480 0x1196370 TRACE   GST_REFCOUNTING gstobject.c:294:gst_object_ref_sink: 0x11b7110 ref_sink 1->2
0:00:00.016559314  2481 0x4fe320 LOG   GST_POLL gstpoll.c:994:gst_poll_fd_ctl_write: 0x506a00: pfd->events now 60 (POLLOUT:4)
0:00:00.020895592  2480 0x1196370 LOG   GST_REGISTRY gstregistry.c:608:gst_registry_add_feature: emitting feature-added for downloadbuffer
0:00:00.016565913  2481 0x4fe320 DEBUG   GST_POLL gstpoll.c:980:gst_poll_fd_ctl_write: 0x506a00: fd (fd:0, idx:1), active : 1
0:00:00.020902487  2480 0x1196370 DEBUG   GST_REGISTRY gstregistrychunks.c:741:gst_registry_chunks_load_feature: Added feature downloadbuffer, plugin 0x11b03e0 coreelements
0:00:00.016571546  2481 0x4fe320 LOG   GST_POLL gstpoll.c:994:gst_poll_fd_ctl_write: 0x506a00: pfd->events now 60 (POLLOUT:4)
0:00:00.020909412  2480 0x1196370 DEBUG   GST_REGISTRY gstregistrychunks.c:583:gst_registry_chunks_load_feature: Plugin 'coreelements' feature 'dataurisrc' typename : 'GstElementFactory'
0:00:00.016578036  2481 0x4fe320 DEBUG   GST_POLL gstpoll.c:980:gst_poll_fd_ctl_write: 0x506a00: fd (fd:0, idx:1), active : 1
0:00:00.016586411  2481 0x4fe320 LOG   GST_POLL gstpoll.c:994:gst_poll_fd_ctl_write: 0x506a00: pfd->events now 60 (POLLOUT:4)
0:00:00.020920183  2480 0x1196370 TRACE   GST_REFCOUNTING gstobject.c:208:gst_object_init: 0x11b7960 new
0:00:00.016592118  2481 0x4fe320 DEBUG   GST_POLL gstpoll.c:980:gst_poll_fd_ctl_write: 0x506a00: fd (fd:0, idx:1), active : 1
0:00:00.020929289  2480 0x1196370 LOG   GST_REGISTRY gstregistrychunks.c:610:gst_registry_chunks_load_feature: Reading/casting for GstRegistryChunkElementFactory at address 0x11b3268
0:00:00.016598160  2481 0x4fe320 LOG   GST_POLL gstpoll.c:994:gst_poll_fd_ctl_write: 0x506a00: pfd->events now 60 (POLLOUT:4)
0:00:00.020937233  2480 0x1196370 TRACE   structure gststructure.c:292:gst_structure_new_id_empty_with_size: created structure 0x11b7b60
0:00:00.016607968  2481 0x4fe320 DEBUG   GST_POLL gstpoll.c:980:gst_poll_fd_ctl_write: 0x506a00: fd (fd:0, idx:1), active : 1
0:00:00.020943314  2480 0x1196370 DEBUG   structure gststructure.c:2258:gst_structure_parse_field: trying field name 'long-name'
0:00:00.016614697  2481 0x4fe320 LOG   GST_POLL gstpoll.c:994:gst_poll_fd_ctl_write: 0x506a00: pfd->events now 60 (POLLOUT:4)
0:00:00.020949908  2480 0x1196370 DEBUG   default gstvalue.c:2776:_priv_gst_value_parse_value: trying type name 'string'
0:00:00.016620913  2481 0x4fe320 DEBUG   GST_POLL gstpoll.c:980:gst_poll_fd_ctl_write: 0x506a00: fd (fd:0, idx:1), active : 1
0:00:00.020956413  2480 0x1196370 DEBUG   structure gststructure.c:2258:gst_structure_parse_field: trying field name 'klass'
0:00:00.016626616  2481 0x4fe320 LOG   GST_POLL gstpoll.c:994:gst_poll_fd_ctl_write: 0x506a00: pfd->events now 60 (POLLOUT:4)
0:00:00.020976301  2480 0x1196370 DEBUG   default gstvalue.c:2776:_priv_gst_value_parse_value: trying type name 'string'
0:00:00.016646014  2481 0x4fe320 DEBUG   GST_POLL gstpoll.c:980:gst_poll_fd_ctl_write: 0x506a00: fd (fd:0, idx:1), active : 1
0:00:00.020983339  2480 0x1196370 DEBUG   structure gststructure.c:2258:gst_structure_parse_field: trying field name 'description'
0:00:00.016652232  2481 0x4fe320 LOG   GST_POLL gstpoll.c:994:gst_poll_fd_ctl_write: 0x506a00: pfd->events now 60 (POLLOUT:4)
0:00:00.020991094  2480 0x1196370 DEBUG   default gstvalue.c:2776:_priv_gst_value_parse_value: trying type name 'string'
0:00:00.016659815  2481 0x4fe320 DEBUG   GST_POLL gstpoll.c:980:gst_poll_fd_ctl_write: 0x506a00: fd (fd:0, idx:1), active : 1
0:00:00.021000203  2480 0x1196370 DEBUG   structure gststructure.c:2258:gst_structure_parse_field: trying field name 'author'
0:00:00.016667880  2481 0x4fe320 LOG   GST_POLL gstpoll.c:994:gst_poll_fd_ctl_write: 0x506a00: pfd->events now 60 (POLLOUT:4)
0:00:00.021006789  2480 0x1196370 DEBUG   default gstvalue.c:2776:_priv_gst_value_parse_value: trying type name 'string'
0:00:00.016678125  2481 0x4fe320 DEBUG   GST_POLL gstpoll.c:980:gst_poll_fd_ctl_write: 0x506a00: fd (fd:0, idx:1), active : 1
0:00:00.021033776  2480 0x1196370 DEBUG   GST_REGISTRY gstregistrychunks.c:626:gst_registry_chunks_load_feature: Element factory : npadtemplates=1
0:00:00.021042038  2480 0x1196370 DEBUG   GST_REGISTRY gstregistrychunks.c:526:gst_registry_chunks_load_pad_template: Reading/casting for GstRegistryChunkPadTemplate at address 0x11b3380
0:00:00.016708827  2481 0x4fe320 LOG   GST_POLL gstpoll.c:994:gst_poll_fd_ctl_write: 0x506a00: pfd->events now 60 (POLLOUT:4)
0:00:00.021047493  2480 0x1196370 DEBUG   GST_REGISTRY gstregistrychunks.c:539:gst_registry_chunks_load_pad_template: Added pad_template src
0:00:00.016720460  2481 0x4fe320 DEBUG   GST_POLL gstpoll.c:980:gst_poll_fd_ctl_write: 0x506a00: fd (fd:0, idx:1), active : 1
0:00:00.021054595  2480 0x1196370 DEBUG   GST_REGISTRY gstregistrychunks.c:639:gst_registry_chunks_load_feature: Reading 1 UriTypes at address 0x11b3390
0:00:00.016730533  2481 0x4fe320 LOG   GST_POLL gstpoll.c:994:gst_poll_fd_ctl_write: 0x506a00: pfd->events now 60 (POLLOUT:4)
0:00:00.021066594  2480 0x1196370 DEBUG   GST_REGISTRY gstregistrychunks.c:654:gst_registry_chunks_load_feature: Reading 1 Interfaces at address 0x11b3399
0:00:00.016737347  2481 0x4fe320 DEBUG   GST_POLL gstpoll.c:980:gst_poll_fd_ctl_write: 0x506a00: fd (fd:0, idx:1), active : 1
0:00:00.016743293  2481 0x4fe320 LOG   GST_POLL gstpoll.c:994:gst_poll_fd_ctl_write: 0x506a00: pfd->events now 60 (POLLOUT:4)
0:00:00.021076013  2480 0x1196370 DEBUG   GST_REGISTRY gstregistry.c:590:gst_registry_add_feature: adding feature 0x11b7960 (dataurisrc)
0:00:00.016748931  2481 0x4fe320 DEBUG   GST_POLL gstpoll.c:980:gst_poll_fd_ctl_write: 0x506a00: fd (fd:0, idx:1), active : 1
0:00:00.021084184  2480 0x1196370 DEBUG   GST_REFCOUNTING gstobject.c:709:gst_object_set_parent: set parent (ref and sink)
0:00:00.016764126  2481 0x4fe320 LOG   GST_POLL gstpoll.c:994:gst_poll_fd_ctl_write: 0x506a00: pfd->events now 60 (POLLOUT:4)
0:00:00.021099007  2480 0x1196370 TRACE   GST_REFCOUNTING gstobject.c:294:gst_object_ref_sink: 0x11b7960 ref_sink 1->2
0:00:00.016771112  2481 0x4fe320 DEBUG   GST_POLL gstpoll.c:980:gst_poll_fd_ctl_write: 0x506a00: fd (fd:0, idx:1), active : 1
0:00:00.021106724  2480 0x1196370 LOG   GST_REGISTRY gstregistry.c:608:gst_registry_add_feature: emitting feature-added for dataurisrc
0:00:00.016777489  2481 0x4fe320 LOG   GST_POLL gstpoll.c:994:gst_poll_fd_ctl_write: 0x506a00: pfd->events now 60 (POLLOUT:4)
0:00:00.021113843  2480 0x1196370 DEBUG   GST_REGISTRY gstregistrychunks.c:741:gst_registry_chunks_load_feature: Added feature dataurisrc, plugin 0x11b03e0 coreelements
0:00:00.016783801  2481 0x4fe320 DEBUG   GST_POLL gstpoll.c:980:gst_poll_fd_ctl_write: 0x506a00: fd (fd:0, idx:1), active : 1
0:00:00.021120745  2480 0x1196370 DEBUG   GST_REGISTRY gstregistrychunks.c:583:gst_registry_chunks_load_feature: Plugin 'coreelements' feature 'concat' typename : 'GstElementFactory'
0:00:00.016789523  2481 0x4fe320 LOG   GST_POLL gstpoll.c:994:gst_poll_fd_ctl_write: 0x506a00: pfd->events now 60 (POLLOUT:4)
0:00:00.016796313  2481 0x4fe320 DEBUG   GST_POLL gstpoll.c:980:gst_poll_fd_ctl_write: 0x506a00: fd (fd:0, idx:1), active : 1
0:00:00.021128599  2480 0x1196370 TRACE   GST_REFCOUNTING gstobject.c:208:gst_object_init: 0x11b7570 new
0:00:00.016801674  2481 0x4fe320 LOG   GST_POLL gstpoll.c:994:gst_poll_fd_ctl_write: 0x506a00: pfd->events now 60 (POLLOUT:4)
0:00:00.016807610  2481 0x4fe320 DEBUG   GST_POLL gstpoll.c:980:gst_poll_fd_ctl_write: 0x506a00: fd (fd:0, idx:1), active : 1
0:00:00.021140492  2480 0x1196370 LOG   GST_REGISTRY gstregistrychunks.c:610:gst_registry_chunks_load_feature: Reading/casting for GstRegistryChunkElementFactory at address 0x11b33c0
0:00:00.016815465  2481 0x4fe320 LOG   GST_POLL gstpoll.c:994:gst_poll_fd_ctl_write: 0x506a00: pfd->events now 60 (POLLOUT:4)
0:00:00.021154992  2480 0x1196370 TRACE   structure gststructure.c:292:gst_structure_new_id_empty_with_size: created structure 0x11b7ff0
0:00:00.016822505  2481 0x4fe320 DEBUG   GST_POLL gstpoll.c:980:gst_poll_fd_ctl_write: 0x506a00: fd (fd:0, idx:1), active : 1
0:00:00.021161669  2480 0x1196370 DEBUG   structure gststructure.c:2258:gst_structure_parse_field: trying field name 'long-name'
0:00:00.016830991  2481 0x4fe320 LOG   GST_POLL gstpoll.c:994:gst_poll_fd_ctl_write: 0x506a00: pfd->events now 60 (POLLOUT:4)
0:00:00.021168316  2480 0x1196370 DEBUG   default gstvalue.c:2776:_priv_gst_value_parse_value: trying type name 'string'
0:00:00.016837294  2481 0x4fe320 DEBUG   GST_POLL gstpoll.c:980:gst_poll_fd_ctl_write: 0x506a00: fd (fd:0, idx:1), active : 1
0:00:00.021174859  2480 0x1196370 DEBUG   structure gststructure.c:2258:gst_structure_parse_field: trying field name 'klass'
0:00:00.016849097  2481 0x4fe320 LOG   GST_POLL gstpoll.c:994:gst_poll_fd_ctl_write: 0x506a00: pfd->events now 60 (POLLOUT:4)
0:00:00.021184185  2480 0x1196370 DEBUG   default gstvalue.c:2776:_priv_gst_value_parse_value: trying type name 'string'
0:00:00.016855158  2481 0x4fe320 DEBUG   GST_POLL gstpoll.c:980:gst_poll_fd_ctl_write: 0x506a00: fd (fd:0, idx:1), active : 1
0:00:00.021190694  2480 0x1196370 DEBUG   structure gststructure.c:2258:gst_structure_parse_field: trying field name 'description'
0:00:00.016861192  2481 0x4fe320 LOG   GST_POLL gstpoll.c:994:gst_poll_fd_ctl_write: 0x506a00: pfd->events now 60 (POLLOUT:4)
0:00:00.021198264  2480 0x1196370 DEBUG   default gstvalue.c:2776:_priv_gst_value_parse_value: trying type name 'string'
0:00:00.016867017  2481 0x4fe320 DEBUG   GST_POLL gstpoll.c:980:gst_poll_fd_ctl_write: 0x506a00: fd (fd:0, idx:1), active : 1
0:00:00.021206314  2480 0x1196370 DEBUG   structure gststructure.c:2258:gst_structure_parse_field: trying field name 'author'
0:00:00.016876341  2481 0x4fe320 LOG   GST_POLL gstpoll.c:994:gst_poll_fd_ctl_write: 0x506a00: pfd->events now 60 (POLLOUT:4)
0:00:00.021212299  2480 0x1196370 DEBUG   default gstvalue.c:2776:_priv_gst_value_parse_value: trying type name 'string'
0:00:00.016883670  2481 0x4fe320 DEBUG   GST_POLL gstpoll.c:980:gst_poll_fd_ctl_write: 0x506a00: fd (fd:0, idx:1), active : 1
0:00:00.021219245  2480 0x1196370 DEBUG   GST_REGISTRY gstregistrychunks.c:626:gst_registry_chunks_load_feature: Element factory : npadtemplates=2
0:00:00.016890271  2481 0x4fe320 LOG   GST_POLL gstpoll.c:994:gst_poll_fd_ctl_write: 0x506a00: pfd->events now 60 (POLLOUT:4)
0:00:00.021225558  2480 0x1196370 DEBUG   GST_REGISTRY gstregistrychunks.c:526:gst_registry_chunks_load_pad_template: Reading/casting for GstRegistryChunkPadTemplate at address 0x11b3498
0:00:00.016896604  2481 0x4fe320 DEBUG   GST_POLL gstpoll.c:980:gst_poll_fd_ctl_write: 0x506a00: fd (fd:0, idx:1), active : 1
0:00:00.021231617  2480 0x1196370 DEBUG   GST_REGISTRY gstregistrychunks.c:539:gst_registry_chunks_load_pad_template: Added pad_template src
0:00:00.016902547  2481 0x4fe320 LOG   GST_POLL gstpoll.c:994:gst_poll_fd_ctl_write: 0x506a00: pfd->events now 60 (POLLOUT:4)
0:00:00.021237265  2480 0x1196370 DEBUG   GST_REGISTRY gstregistrychunks.c:526:gst_registry_chunks_load_pad_template: Reading/casting for GstRegistryChunkPadTemplate at address 0x11b34a8
0:00:00.016908498  2481 0x4fe320 DEBUG   GST_POLL gstpoll.c:980:gst_poll_fd_ctl_write: 0x506a00: fd (fd:0, idx:1), active : 1
0:00:00.021243329  2480 0x1196370 DEBUG   GST_REGISTRY gstregistrychunks.c:539:gst_registry_chunks_load_pad_template: Added pad_template sink_%u
0:00:00.016916746  2481 0x4fe320 LOG   GST_POLL gstpoll.c:994:gst_poll_fd_ctl_write: 0x506a00: pfd->events now 60 (POLLOUT:4)
0:00:00.021255170  2480 0x1196370 DEBUG   GST_REGISTRY gstregistry.c:590:gst_registry_add_feature: adding feature 0x11b7570 (concat)
0:00:00.016926631  2481 0x4fe320 DEBUG   GST_POLL gstpoll.c:980:gst_poll_fd_ctl_write: 0x506a00: fd (fd:0, idx:1), active : 1
