0:00:00.021269871  2480 0x1196370 DEBUG   GST_REFCOUNTING gstobject.c:709:gst_object_set_parent: set parent (ref and sink)
0:00:00.016942675  2481 0x4fe320 LOG   GST_POLL gstpoll.c:994:gst_poll_fd_ctl_write: 0x506a00: pfd->events now 60 (POLLOUT:4)
0:00:00.021277953  2480 0x1196370 TRACE   GST_REFCOUNTING gstobject.c:294:gst_object_ref_sink: 0x11b7570 ref_sink 1->2
0:00:00.021287245  2480 0x1196370 LOG   GST_REGISTRY gstregistry.c:608:gst_registry_add_feature: emitting feature-added for concat
0:00:00.016953149  2481 0x4fe320 DEBUG   GST_POLL gstpoll.c:980:gst_poll_fd_ctl_write: 0x506a00: fd (fd:0, idx:1), active : 1
0:00:00.021293334  2480 0x1196370 DEBUG   GST_REGISTRY gstregistrychunks.c:741:gst_registry_chunks_load_feature: Added feature concat, plugin 0x11b03e0 coreelements
0:00:00.016963703  2481 0x4fe320 LOG   GST_POLL gstpoll.c:994:gst_poll_fd_ctl_write: 0x506a00: pfd->events now 60 (POLLOUT:4)
0:00:00.021299728  2480 0x1196370 DEBUG   GST_REGISTRY gstregistrychunks.c:583:gst_registry_chunks_load_feature: Plugin 'coreelements' feature 'clocksync' typename : 'GstElementFactory'
0:00:00.016973233  2481 0x4fe320 DEBUG   GST_POLL gstpoll.c:980:gst_poll_fd_ctl_write: 0x506a00: fd (fd:0, idx:1), active : 1
0:00:00.021308322  2480 0x1196370 TRACE   GST_REFCOUNTING gstobject.c:208:gst_object_init: 0x11b7c90 new
0:00:00.016982075  2481 0x4fe320 LOG   GST_POLL gstpoll.c:994:gst_poll_fd_ctl_write: 0x506a00: pfd->events now 60 (POLLOUT:4)
0:00:00.021317838  2480 0x1196370 LOG   GST_REGISTRY gstregistrychunks.c:610:gst_registry_chunks_load_feature: Reading/casting for GstRegistryChunkElementFactory at address 0x11b34d8
0:00:00.016992525  2481 0x4fe320 DEBUG   GST_POLL gstpoll.c:980:gst_poll_fd_ctl_write: 0x506a00: fd (fd:0, idx:1), active : 1
0:00:00.021327911  2480 0x1196370 TRACE   structure gststructure.c:292:gst_structure_new_id_empty_with_size: created structure 0x11b8520
0:00:00.017002803  2481 0x4fe320 LOG   GST_POLL gstpoll.c:994:gst_poll_fd_ctl_write: 0x506a00: pfd->events now 60 (POLLOUT:4)
0:00:00.021336940  2480 0x1196370 DEBUG   structure gststructure.c:2258:gst_structure_parse_field: trying field name 'long-name'
0:00:00.017012046  2481 0x4fe320 DEBUG   GST_POLL gstpoll.c:980:gst_poll_fd_ctl_write: 0x506a00: fd (fd:0, idx:1), active : 1
0:00:00.021346077  2480 0x1196370 DEBUG   default gstvalue.c:2776:_priv_gst_value_parse_value: trying type name 'string'
0:00:00.017020533  2481 0x4fe320 LOG   GST_POLL gstpoll.c:994:gst_poll_fd_ctl_write: 0x506a00: pfd->events now 60 (POLLOUT:4)
0:00:00.021355052  2480 0x1196370 DEBUG   structure gststructure.c:2258:gst_structure_parse_field: trying field name 'klass'
0:00:00.017027651  2481 0x4fe320 DEBUG   GST_POLL gstpoll.c:980:gst_poll_fd_ctl_write: 0x506a00: fd (fd:0, idx:1), active : 1
0:00:00.021361877  2480 0x1196370 DEBUG   default gstvalue.c:2776:_priv_gst_value_parse_value: trying type name 'string'
0:00:00.017040448  2481 0x4fe320 LOG   GST_POLL gstpoll.c:994:gst_poll_fd_ctl_write: 0x506a00: pfd->events now 60 (POLLOUT:4)
0:00:00.021375544  2480 0x1196370 DEBUG   structure gststructure.c:2258:gst_structure_parse_field: trying field name 'description'
0:00:00.017047350  2481 0x4fe320 DEBUG   GST_POLL gstpoll.c:980:gst_poll_fd_ctl_write: 0x506a00: fd (fd:0, idx:1), active : 1
0:00:00.021381849  2480 0x1196370 DEBUG   default gstvalue.c:2776:_priv_gst_value_parse_value: trying type name 'string'
0:00:00.017053451  2481 0x4fe320 LOG   GST_POLL gstpoll.c:994:gst_poll_fd_ctl_write: 0x506a00: pfd->events now 60 (POLLOUT:4)
0:00:00.021389158  2480 0x1196370 DEBUG   structure gststructure.c:2258:gst_structure_parse_field: trying field name 'author'
0:00:00.017059374  2481 0x4fe320 DEBUG   GST_POLL gstpoll.c:980:gst_poll_fd_ctl_write: 0x506a00: fd (fd:0, idx:1), active : 1
0:00:00.021396617  2480 0x1196370 DEBUG   default gstvalue.c:2776:_priv_gst_value_parse_value: trying type name 'string'
0:00:00.017065026  2481 0x4fe320 LOG   GST_POLL gstpoll.c:994:gst_poll_fd_ctl_write: 0x506a00: pfd->events now 60 (POLLOUT:4)
0:00:00.021404761  2480 0x1196370 DEBUG   GST_REGISTRY gstregistrychunks.c:626:gst_registry_chunks_load_feature: Element factory : npadtemplates=2
0:00:00.017072894  2481 0x4fe320 DEBUG   GST_POLL gstpoll.c:980:gst_poll_fd_ctl_write: 0x506a00: fd (fd:0, idx:1), active : 1
0:00:00.021410945  2480 0x1196370 DEBUG   GST_REGISTRY gstregistrychunks.c:526:gst_registry_chunks_load_pad_template: Reading/casting for GstRegistryChunkPadTemplate at address 0x11b35a8
0:00:00.017082295  2481 0x4fe320 LOG   GST_POLL gstpoll.c:994:gst_poll_fd_ctl_write: 0x506a00: pfd->events now 60 (POLLOUT:4)
0:00:00.021417141  2480 0x1196370 DEBUG   GST_REGISTRY gstregistrychunks.c:539:gst_registry_chunks_load_pad_template: Added pad_template sink
0:00:00.017089341  2481 0x4fe320 DEBUG   GST_POLL gstpoll.c:980:gst_poll_fd_ctl_write: 0x506a00: fd (fd:0, idx:1), active : 1
0:00:00.021423852  2480 0x1196370 DEBUG   GST_REGISTRY gstregistrychunks.c:526:gst_registry_chunks_load_pad_template: Reading/casting for GstRegistryChunkPadTemplate at address 0x11b35c0
0:00:00.017095773  2481 0x4fe320 LOG   GST_POLL gstpoll.c:994:gst_poll_fd_ctl_write: 0x506a00: pfd->events now 60 (POLLOUT:4)
0:00:00.021430827  2480 0x1196370 DEBUG   GST_REGISTRY gstregistrychunks.c:539:gst_registry_chunks_load_pad_template: Added pad_template src
0:00:00.017101833  2481 0x4fe320 DEBUG   GST_POLL gstpoll.c:980:gst_poll_fd_ctl_write: 0x506a00: fd (fd:0, idx:1), active : 1
0:00:00.021438513  2480 0x1196370 DEBUG   GST_REGISTRY gstregistry.c:590:gst_registry_add_feature: adding feature 0x11b7c90 (clocksync)
0:00:00.017107861  2481 0x4fe320 LOG   GST_POLL gstpoll.c:994:gst_poll_fd_ctl_write: 0x506a00: pfd->events now 60 (POLLOUT:4)
0:00:00.021445100  2480 0x1196370 DEBUG   GST_REFCOUNTING gstobject.c:709:gst_object_set_parent: set parent (ref and sink)
0:00:00.017119616  2481 0x4fe320 DEBUG   GST_POLL gstpoll.c:980:gst_poll_fd_ctl_write: 0x506a00: fd (fd:0, idx:1), active : 1
0:00:00.017125538  2481 0x4fe320 LOG   GST_POLL gstpoll.c:994:gst_poll_fd_ctl_write: 0x506a00: pfd->events now 60 (POLLOUT:4)
0:00:00.021457571  2480 0x1196370 TRACE   GST_REFCOUNTING gstobject.c:294:gst_object_ref_sink: 0x11b7c90 ref_sink 1->2
0:00:00.017131267  2481 0x4fe320 DEBUG   GST_POLL gstpoll.c:980:gst_poll_fd_ctl_write: 0x506a00: fd (fd:0, idx:1), active : 1
0:00:00.021467470  2480 0x1196370 LOG   GST_REGISTRY gstregistry.c:608:gst_registry_add_feature: emitting feature-added for clocksync
0:00:00.017139674  2481 0x4fe320 LOG   GST_POLL gstpoll.c:994:gst_poll_fd_ctl_write: 0x506a00: pfd->events now 60 (POLLOUT:4)
0:00:00.021475011  2480 0x1196370 DEBUG   GST_REGISTRY gstregistrychunks.c:741:gst_registry_chunks_load_feature: Added feature clocksync, plugin 0x11b03e0 coreelements
0:00:00.017146618  2481 0x4fe320 DEBUG   GST_POLL gstpoll.c:980:gst_poll_fd_ctl_write: 0x506a00: fd (fd:0, idx:1), active : 1
0:00:00.021482141  2480 0x1196370 DEBUG   GST_REGISTRY gstregistrychunks.c:583:gst_registry_chunks_load_feature: Plugin 'coreelements' feature 'capsfilter' typename : 'GstElementFactory'
0:00:00.017152905  2481 0x4fe320 LOG   GST_POLL gstpoll.c:994:gst_poll_fd_ctl_write: 0x506a00: pfd->events now 60 (POLLOUT:4)
0:00:00.021490956  2480 0x1196370 TRACE   GST_REFCOUNTING gstobject.c:208:gst_object_init: 0x11b82d0 new
0:00:00.017160147  2481 0x4fe320 DEBUG   GST_POLL gstpoll.c:980:gst_poll_fd_ctl_write: 0x506a00: fd (fd:0, idx:1), active : 1
0:00:00.021499422  2480 0x1196370 LOG   GST_REGISTRY gstregistrychunks.c:610:gst_registry_chunks_load_feature: Reading/casting for GstRegistryChunkElementFactory at address 0x11b35f0
0:00:00.017166791  2481 0x4fe320 LOG   GST_POLL gstpoll.c:994:gst_poll_fd_ctl_write: 0x506a00: pfd->events now 60 (POLLOUT:4)
0:00:00.021506414  2480 0x1196370 TRACE   structure gststructure.c:292:gst_structure_new_id_empty_with_size: created structure 0x11b8a50
0:00:00.017175552  2481 0x4fe320 DEBUG   GST_POLL gstpoll.c:980:gst_poll_fd_ctl_write: 0x506a00: fd (fd:0, idx:1), active : 1
0:00:00.021512365  2480 0x1196370 DEBUG   structure gststructure.c:2258:gst_structure_parse_field: trying field name 'long-name'
0:00:00.017181654  2481 0x4fe320 LOG   GST_POLL gstpoll.c:994:gst_poll_fd_ctl_write: 0x506a00: pfd->events now 60 (POLLOUT:4)
0:00:00.021520445  2480 0x1196370 DEBUG   default gstvalue.c:2776:_priv_gst_value_parse_value: trying type name 'string'
0:00:00.017189092  2481 0x4fe320 DEBUG   GST_POLL gstpoll.c:980:gst_poll_fd_ctl_write: 0x506a00: fd (fd:0, idx:1), active : 1
0:00:00.021528446  2480 0x1196370 DEBUG   structure gststructure.c:2258:gst_structure_parse_field: trying field name 'klass'
0:00:00.017198831  2481 0x4fe320 LOG   GST_POLL gstpoll.c:994:gst_poll_fd_ctl_write: 0x506a00: pfd->events now 60 (POLLOUT:4)
0:00:00.021534581  2480 0x1196370 DEBUG   default gstvalue.c:2776:_priv_gst_value_parse_value: trying type name 'string'
0:00:00.017213455  2481 0x4fe320 DEBUG   GST_POLL gstpoll.c:980:gst_poll_fd_ctl_write: 0x506a00: fd (fd:0, idx:1), active : 1
0:00:00.021548700  2480 0x1196370 DEBUG   structure gststructure.c:2258:gst_structure_parse_field: trying field name 'description'
0:00:00.017219242  2481 0x4fe320 LOG   GST_POLL gstpoll.c:994:gst_poll_fd_ctl_write: 0x506a00: pfd->events now 60 (POLLOUT:4)
0:00:00.021554380  2480 0x1196370 DEBUG   default gstvalue.c:2776:_priv_gst_value_parse_value: trying type name 'string'
0:00:00.017225456  2481 0x4fe320 DEBUG   GST_POLL gstpoll.c:980:gst_poll_fd_ctl_write: 0x506a00: fd (fd:0, idx:1), active : 1
0:00:00.021560945  2480 0x1196370 DEBUG   structure gststructure.c:2258:gst_structure_parse_field: trying field name 'author'
0:00:00.017231189  2481 0x4fe320 LOG   GST_POLL gstpoll.c:994:gst_poll_fd_ctl_write: 0x506a00: pfd->events now 60 (POLLOUT:4)
0:00:00.021567037  2480 0x1196370 DEBUG   default gstvalue.c:2776:_priv_gst_value_parse_value: trying type name 'string'
0:00:00.017237602  2481 0x4fe320 DEBUG   GST_POLL gstpoll.c:980:gst_poll_fd_ctl_write: 0x506a00: fd (fd:0, idx:1), active : 1
0:00:00.021573407  2480 0x1196370 DEBUG   GST_REGISTRY gstregistrychunks.c:626:gst_registry_chunks_load_feature: Element factory : npadtemplates=2
0:00:00.017243270  2481 0x4fe320 LOG   GST_POLL gstpoll.c:994:gst_poll_fd_ctl_write: 0x506a00: pfd->events now 60 (POLLOUT:4)
0:00:00.021581059  2480 0x1196370 DEBUG   GST_REGISTRY gstregistrychunks.c:526:gst_registry_chunks_load_pad_template: Reading/casting for GstRegistryChunkPadTemplate at address 0x11b36d0
0:00:00.017249778  2481 0x4fe320 DEBUG   GST_POLL gstpoll.c:980:gst_poll_fd_ctl_write: 0x506a00: fd (fd:0, idx:1), active : 1
0:00:00.021588605  2480 0x1196370 DEBUG   GST_REGISTRY gstregistrychunks.c:539:gst_registry_chunks_load_pad_template: Added pad_template sink
0:00:00.017259866  2481 0x4fe320 LOG   GST_POLL gstpoll.c:994:gst_poll_fd_ctl_write: 0x506a00: pfd->events now 60 (POLLOUT:4)
0:00:00.021594693  2480 0x1196370 DEBUG   GST_REGISTRY gstregistrychunks.c:526:gst_registry_chunks_load_pad_template: Reading/casting for GstRegistryChunkPadTemplate at address 0x11b36e8
0:00:00.021604659  2480 0x1196370 DEBUG   GST_REGISTRY gstregistrychunks.c:539:gst_registry_chunks_load_pad_template: Added pad_template src
0:00:00.017270622  2481 0x4fe320 DEBUG   GST_POLL gstpoll.c:980:gst_poll_fd_ctl_write: 0x506a00: fd (fd:0, idx:1), active : 1
0:00:00.021612818  2480 0x1196370 DEBUG   GST_REGISTRY gstregistry.c:590:gst_registry_add_feature: adding feature 0x11b82d0 (capsfilter)
0:00:00.017282550  2481 0x4fe320 LOG   GST_POLL gstpoll.c:994:gst_poll_fd_ctl_write: 0x506a00: pfd->events now 60 (POLLOUT:4)
0:00:00.021619313  2480 0x1196370 DEBUG   GST_REFCOUNTING gstobject.c:709:gst_object_set_parent: set parent (ref and sink)
0:00:00.017300703  2481 0x4fe320 TRACE   GST_REFCOUNTING gstobject.c:265:gst_object_unref: 0x51a1b0 unref 2->1
0:00:00.021635900  2480 0x1196370 TRACE   GST_REFCOUNTING gstobject.c:294:gst_object_ref_sink: 0x11b82d0 ref_sink 1->2
0:00:00.017314458  2481 0x4fe320 DEBUG   GST_POLL gstpoll.c:1241:gst_poll_fd_has_error: 0x506a00: fd (fd:0, idx:1) 0
0:00:00.021656689  2480 0x1196370 LOG   GST_REGISTRY gstregistry.c:608:gst_registry_add_feature: emitting feature-added for capsfilter
0:00:00.017325505  2481 0x4fe320 DEBUG   GST_POLL gstpoll.c:1335:gst_poll_fd_can_write: 0x506a00: fd (fd:0, idx:1) 1
0:00:00.021667803  2480 0x1196370 DEBUG   GST_REGISTRY gstregistrychunks.c:741:gst_registry_chunks_load_feature: Added feature capsfilter, plugin 0x11b03e0 coreelements
0:00:00.017341734  2481 0x4fe320 LOG   GST_PLUGIN_LOADING gstpluginloader.c:689:write_one: Writing packet of size 488 bytes to fd 0
0:00:00.021681173  2480 0x1196370 LOG   GST_PLUGIN_LOADING gstpluginloader.c:888:handle_rx_packet: marking plugin 0x11b03e0 as registered as /home/conan/w/prod/BuildSingleReference/.conan/data/gstreamer/1.19.1/_/_/package/1f5f5d419fdfb792f06015b5de5ddcf61311d6c8/lib/gstreamer-1.0/libgstcoreelements.so
0:00:00.017359778  2481 0x4fe320 DEBUG   GST_POLL gstpoll.c:1414:gst_poll_wait: 0x506a00: timeout :0:00:01.000000000
0:00:00.021695993  2480 0x1196370 DEBUG   GST_POLL gstpoll.c:1414:gst_poll_wait: 0x11afd60: timeout :0:00:01.000000000
0:00:00.017377101  2481 0x4fe320 LOG   GST_PLUGIN_LOADING gstpluginloader.c:1027:exchange_packets: Poll res = 2. 6872 bytes pending for write
0:00:00.021713233  2480 0x1196370 LOG   GST_PLUGIN_LOADING gstpluginloader.c:1027:exchange_packets: Poll res = 1. 0 bytes pending for write
0:00:00.017387587  2481 0x4fe320 DEBUG   GST_POLL gstpoll.c:1241:gst_poll_fd_has_error: 0x506a00: fd (fd:5, idx:2) 0
0:00:00.021724408  2480 0x1196370 DEBUG   GST_POLL gstpoll.c:1241:gst_poll_fd_has_error: 0x11afd60: fd (fd:8, idx:2) 0
0:00:00.017397212  2481 0x4fe320 DEBUG   GST_POLL gstpoll.c:1266:gst_poll_fd_can_read_unlocked: 0x506a00: fd (fd:5, idx:2) 1
0:00:00.021735526  2480 0x1196370 DEBUG   GST_POLL gstpoll.c:1266:gst_poll_fd_can_read_unlocked: 0x11afd60: fd (fd:8, idx:2) 1
0:00:00.017409501  2481 0x4fe320 LOG   GST_PLUGIN_LOADING gstpluginloader.c:1005:read_one: No payload to read for 0 length packet type 1 tag 0
0:00:00.021752437  2480 0x1196370 DEBUG   GST_PLUGIN_LOADING gstpluginloader.c:849:handle_rx_packet: Received plugin details from child w/ tag 2. 476 bytes info
0:00:00.017420280  2481 0x4fe320 DEBUG   GST_POLL gstpoll.c:1015:gst_poll_fd_ctl_read_unlocked: 0x506a00: fd (fd:5, idx:2), active : 0
0:00:00.021760397  2480 0x1196370 LOG   GST_REGISTRY gstregistrychunks.c:837:_priv_gst_registry_chunks_load_plugin: Reading/casting for GstRegistryChunkPluginElement at address 0x11b1c30
0:00:00.021769644  2480 0x1196370 TRACE   GST_REFCOUNTING gstobject.c:208:gst_object_init: 0x11b8b90 new
0:00:00.017433868  2481 0x4fe320 DEBUG   GST_POLL gstpoll.c:980:gst_poll_fd_ctl_write: 0x506a00: fd (fd:0, idx:1), active : 1
0:00:00.021781118  2480 0x1196370 LOG   GST_REGISTRY gstregistrychunks.c:858:_priv_gst_registry_chunks_load_plugin: read strings for name='coretracers'
0:00:00.017457910  2481 0x4fe320 LOG   GST_POLL gstpoll.c:994:gst_poll_fd_ctl_write: 0x506a00: pfd->events now 60 (POLLOUT:4)
0:00:00.021792794  2480 0x1196370 LOG   GST_REGISTRY gstregistrychunks.c:859:_priv_gst_registry_chunks_load_plugin: desc.description='GStreamer core tracers'
0:00:00.017465012  2481 0x4fe320 DEBUG   GST_POLL gstpoll.c:1241:gst_poll_fd_has_error: 0x506a00: fd (fd:0, idx:1) 0
0:00:00.021800221  2480 0x1196370 LOG   GST_REGISTRY gstregistrychunks.c:860:_priv_gst_registry_chunks_load_plugin: filename='/home/conan/w/prod/BuildSingleReference/.conan/data/gstreamer/1.19.1/_/_/package/1f5f5d419fdfb792f06015b5de5ddcf61311d6c8/lib/gstreamer-1.0/libgstcoretracers.so'
0:00:00.017471138  2481 0x4fe320 DEBUG   GST_POLL gstpoll.c:1335:gst_poll_fd_can_write: 0x506a00: fd (fd:0, idx:1) 1
0:00:00.021808423  2480 0x1196370 LOG   GST_REGISTRY gstregistrychunks.c:861:_priv_gst_registry_chunks_load_plugin: desc.version='1.19.1'
0:00:00.017476924  2481 0x4fe320 LOG   GST_PLUGIN_LOADING gstpluginloader.c:689:write_one: Writing packet of size 6872 bytes to fd 0
0:00:00.021815577  2480 0x1196370 LOG   GST_REGISTRY gstregistrychunks.c:862:_priv_gst_registry_chunks_load_plugin: desc.license='LGPL'
0:00:00.017489960  2481 0x4fe320 DEBUG   GST_POLL gstpoll.c:1414:gst_poll_wait: 0x506a00: timeout :0:00:01.000000000
0:00:00.021824363  2480 0x1196370 LOG   GST_REGISTRY gstregistrychunks.c:863:_priv_gst_registry_chunks_load_plugin: desc.source='gstreamer'
0:00:00.021832740  2480 0x1196370 LOG   GST_REGISTRY gstregistrychunks.c:864:_priv_gst_registry_chunks_load_plugin: desc.package='GStreamer source release'
0:00:00.017501487  2481 0x4fe320 LOG   GST_PLUGIN_LOADING gstpluginloader.c:1027:exchange_packets: Poll res = 1. 12 bytes pending for write
0:00:00.021838072  2480 0x1196370 LOG   GST_REGISTRY gstregistrychunks.c:865:_priv_gst_registry_chunks_load_plugin: desc.origin='Unknown package origin'
0:00:00.017509273  2481 0x4fe320 DEBUG   GST_POLL gstpoll.c:1241:gst_poll_fd_has_error: 0x506a00: fd (fd:0, idx:1) 0
0:00:00.021843597  2480 0x1196370 LOG   GST_REGISTRY gstregistrychunks.c:866:_priv_gst_registry_chunks_load_plugin: desc.datetime=2021-06-01
0:00:00.017515513  2481 0x4fe320 DEBUG   GST_POLL gstpoll.c:1335:gst_poll_fd_can_write: 0x506a00: fd (fd:0, idx:1) 1
0:00:00.017521639  2481 0x4fe320 LOG   GST_PLUGIN_LOADING gstpluginloader.c:689:write_one: Writing packet of size 12 bytes to fd 0
0:00:00.021854662  2480 0x1196370 DEBUG   GST_REGISTRY gstregistry.c:449:gst_registry_add_plugin: Replacing existing plugin "/home/conan/w/prod/BuildSingleReference/.conan/data/gstreamer/1.19.1/_/_/package/1f5f5d419fdfb792f06015b5de5ddcf61311d6c8/lib/gstreamer-1.0/libgstcoretracers.so" 0x11afdc0 with new plugin 0x11b8b90 for filename "/home/conan/w/prod/BuildSingleReference/.conan/data/gstreamer/1.19.1/_/_/package/1f5f5d419fdfb792f06015b5de5ddcf61311d6c8/lib/gstreamer-1.0/libgstcoretracers.so"
0:00:00.017529225  2481 0x4fe320 DEBUG   GST_POLL gstpoll.c:980:gst_poll_fd_ctl_write: 0x506a00: fd (fd:0, idx:1), active : 0
0:00:00.017540122  2481 0x4fe320 LOG   GST_POLL gstpoll.c:994:gst_poll_fd_ctl_write: 0x506a00: pfd->events now 56 (POLLOUT:4)
0:00:00.021878612  2480 0x1196370 TRACE   GST_REFCOUNTING gstobject.c:265:gst_object_unref: 0x11afdc0 unref 1->0
0:00:00.021891138  2480 0x1196370 TRACE   GST_REFCOUNTING gstobject.c:381:gst_object_dispose: 0x11afdc0 dispose
0:00:00.017565932  2481 0x4fe320 DEBUG   GST_POLL gstpoll.c:772:gst_poll_free: 0x506a00: freeing
0:00:00.021908686  2480 0x1196370 DEBUG   GST_PLUGIN_LOADING gstplugin.c:136:gst_plugin_finalize: finalizing plugin
0:00:00.021919892  2480 0x1196370 TRACE   GST_REFCOUNTING gstobject.c:423:gst_object_finalize: 0x11afdc0 finalize
0:00:00.021936087  2480 0x1196370 DEBUG   GST_REGISTRY gstregistry.c:474:gst_registry_add_plugin: adding plugin 0x11b8b90 for filename "/home/conan/w/prod/BuildSingleReference/.conan/data/gstreamer/1.19.1/_/_/package/1f5f5d419fdfb792f06015b5de5ddcf61311d6c8/lib/gstreamer-1.0/libgstcoretracers.so"
0:00:00.021944450  2480 0x1196370 TRACE   GST_REFCOUNTING gstobject.c:294:gst_object_ref_sink: 0x11b8b90 ref_sink 1->2
0:00:00.021951022  2480 0x1196370 LOG   GST_REGISTRY gstregistry.c:487:gst_registry_add_plugin: emitting plugin-added for filename "/home/conan/w/prod/BuildSingleReference/.conan/data/gstreamer/1.19.1/_/_/package/1f5f5d419fdfb792f06015b5de5ddcf61311d6c8/lib/gstreamer-1.0/libgstcoretracers.so"
0:00:00.021957479  2480 0x1196370 DEBUG   GST_REGISTRY gstregistrychunks.c:887:_priv_gst_registry_chunks_load_plugin: Added plugin 'coretracers' plugin with 5 features from binary registry
0:00:00.021966833  2480 0x1196370 DEBUG   GST_REGISTRY gstregistrychunks.c:583:gst_registry_chunks_load_feature: Plugin 'coretracers' feature 'leaks' typename : 'GstTracerFactory'
0:00:00.021976988  2480 0x1196370 TRACE   GST_REFCOUNTING gstobject.c:208:gst_object_init: 0x11b09e0 new
0:00:00.021986352  2480 0x1196370 DEBUG   GST_REGISTRY gstregistrychunks.c:718:gst_registry_chunks_load_feature: Reading/casting for GstRegistryChunkPluginFeature at address 0x11b1d78
0:00:00.021994396  2480 0x1196370 DEBUG   GST_REGISTRY gstregistry.c:581:gst_registry_add_feature: replacing existing feature 0x11b0c50 (leaks)
0:00:00.022000811  2480 0x1196370 DEBUG   GST_REGISTRY gstregistry.c:590:gst_registry_add_feature: adding feature 0x11b09e0 (leaks)
0:00:00.022006682  2480 0x1196370 TRACE   GST_REFCOUNTING gstobject.c:788:gst_object_unparent: unparent
0:00:00.022034247  2480 0x1196370 TRACE   GST_REFCOUNTING gstobject.c:265:gst_object_unref: 0x11b0c50 unref 1->0
0:00:00.022044765  2480 0x1196370 TRACE   GST_REFCOUNTING gstobject.c:381:gst_object_dispose: 0x11b0c50 dispose
0:00:00.022053284  2480 0x1196370 DEBUG   GST_PLUGIN_LOADING gstpluginfeature.c:67:gst_plugin_feature_finalize: finalizing feature 0x11b0c50: 'leaks'
0:00:00.022060639  2480 0x1196370 TRACE   GST_REFCOUNTING gstobject.c:423:gst_object_finalize: 0x11b0c50 finalize
0:00:00.022076751  2480 0x1196370 DEBUG   GST_REFCOUNTING gstobject.c:709:gst_object_set_parent: set parent (ref and sink)
0:00:00.022084009  2480 0x1196370 TRACE   GST_REFCOUNTING gstobject.c:294:gst_object_ref_sink: 0x11b09e0 ref_sink 1->2
0:00:00.022090239  2480 0x1196370 LOG   GST_REGISTRY gstregistry.c:608:gst_registry_add_feature: emitting feature-added for leaks
0:00:00.022096538  2480 0x1196370 DEBUG   GST_REGISTRY gstregistrychunks.c:741:gst_registry_chunks_load_feature: Added feature leaks, plugin 0x11b8b90 coretracers
0:00:00.022102470  2480 0x1196370 DEBUG   GST_REGISTRY gstregistrychunks.c:583:gst_registry_chunks_load_feature: Plugin 'coretracers' feature 'stats' typename : 'GstTracerFactory'
0:00:00.022112663  2480 0x1196370 TRACE   GST_REFCOUNTING gstobject.c:208:gst_object_init: 0x11b0c50 new
0:00:00.022121854  2480 0x1196370 DEBUG   GST_REGISTRY gstregistrychunks.c:718:gst_registry_chunks_load_feature: Reading/casting for GstRegistryChunkPluginFeature at address 0x11b1d98
0:00:00.022129272  2480 0x1196370 DEBUG   GST_REGISTRY gstregistry.c:581:gst_registry_add_feature: replacing existing feature 0x11b0e50 (stats)
0:00:00.022136361  2480 0x1196370 DEBUG   GST_REGISTRY gstregistry.c:590:gst_registry_add_feature: adding feature 0x11b0c50 (stats)
0:00:00.022141788  2480 0x1196370 TRACE   GST_REFCOUNTING gstobject.c:788:gst_object_unparent: unparent
0:00:00.022148353  2480 0x1196370 TRACE   GST_REFCOUNTING gstobject.c:265:gst_object_unref: 0x11b0e50 unref 1->0
0:00:00.022154526  2480 0x1196370 TRACE   GST_REFCOUNTING gstobject.c:381:gst_object_dispose: 0x11b0e50 dispose
0:00:00.022161065  2480 0x1196370 DEBUG   GST_PLUGIN_LOADING gstpluginfeature.c:67:gst_plugin_feature_finalize: finalizing feature 0x11b0e50: 'stats'
0:00:00.022169500  2480 0x1196370 TRACE   GST_REFCOUNTING gstobject.c:423:gst_object_finalize: 0x11b0e50 finalize
0:00:00.022176477  2480 0x1196370 DEBUG   GST_REFCOUNTING gstobject.c:709:gst_object_set_parent: set parent (ref and sink)
0:00:00.022183425  2480 0x1196370 TRACE   GST_REFCOUNTING gstobject.c:294:gst_object_ref_sink: 0x11b0c50 ref_sink 1->2
0:00:00.022189462  2480 0x1196370 LOG   GST_REGISTRY gstregistry.c:608:gst_registry_add_feature: emitting feature-added for stats
0:00:00.022195258  2480 0x1196370 DEBUG   GST_REGISTRY gstregistrychunks.c:741:gst_registry_chunks_load_feature: Added feature stats, plugin 0x11b8b90 coretracers
0:00:00.022201217  2480 0x1196370 DEBUG   GST_REGISTRY gstregistrychunks.c:583:gst_registry_chunks_load_feature: Plugin 'coretracers' feature 'rusage' typename : 'GstTracerFactory'
0:00:00.022208023  2480 0x1196370 TRACE   GST_REFCOUNTING gstobject.c:208:gst_object_init: 0x11b0e50 new
0:00:00.022214941  2480 0x1196370 DEBUG   GST_REGISTRY gstregistrychunks.c:718:gst_registry_chunks_load_feature: Reading/casting for GstRegistryChunkPluginFeature at address 0x11b1db8
0:00:00.022233519  2480 0x1196370 DEBUG   GST_REGISTRY gstregistry.c:581:gst_registry_add_feature: replacing existing feature 0x11b0fa0 (rusage)
0:00:00.022241084  2480 0x1196370 DEBUG   GST_REGISTRY gstregistry.c:590:gst_registry_add_feature: adding feature 0x11b0e50 (rusage)
0:00:00.022247252  2480 0x1196370 TRACE   GST_REFCOUNTING gstobject.c:788:gst_object_unparent: unparent
0:00:00.022253637  2480 0x1196370 TRACE   GST_REFCOUNTING gstobject.c:265:gst_object_unref: 0x11b0fa0 unref 1->0
0:00:00.022259309  2480 0x1196370 TRACE   GST_REFCOUNTING gstobject.c:381:gst_object_dispose: 0x11b0fa0 dispose
0:00:00.022265905  2480 0x1196370 DEBUG   GST_PLUGIN_LOADING gstpluginfeature.c:67:gst_plugin_feature_finalize: finalizing feature 0x11b0fa0: 'rusage'
0:00:00.022271516  2480 0x1196370 TRACE   GST_REFCOUNTING gstobject.c:423:gst_object_finalize: 0x11b0fa0 finalize
0:00:00.022277318  2480 0x1196370 DEBUG   GST_REFCOUNTING gstobject.c:709:gst_object_set_parent: set parent (ref and sink)
0:00:00.022286976  2480 0x1196370 TRACE   GST_REFCOUNTING gstobject.c:294:gst_object_ref_sink: 0x11b0e50 ref_sink 1->2
0:00:00.022294692  2480 0x1196370 LOG   GST_REGISTRY gstregistry.c:608:gst_registry_add_feature: emitting feature-added for rusage
0:00:00.022301049  2480 0x1196370 DEBUG   GST_REGISTRY gstregistrychunks.c:741:gst_registry_chunks_load_feature: Added feature rusage, plugin 0x11b8b90 coretracers
0:00:00.022307517  2480 0x1196370 DEBUG   GST_REGISTRY gstregistrychunks.c:583:gst_registry_chunks_load_feature: Plugin 'coretracers' feature 'log' typename : 'GstTracerFactory'
0:00:00.022314030  2480 0x1196370 TRACE   GST_REFCOUNTING gstobject.c:208:gst_object_init: 0x11b0fa0 new
0:00:00.022321831  2480 0x1196370 DEBUG   GST_REGISTRY gstregistrychunks.c:718:gst_registry_chunks_load_feature: Reading/casting for GstRegistryChunkPluginFeature at address 0x11b1dd8
0:00:00.022328761  2480 0x1196370 DEBUG   GST_REGISTRY gstregistry.c:581:gst_registry_add_feature: replacing existing feature 0x11b10f0 (log)
0:00:00.022334994  2480 0x1196370 DEBUG   GST_REGISTRY gstregistry.c:590:gst_registry_add_feature: adding feature 0x11b0fa0 (log)
0:00:00.022342559  2480 0x1196370 TRACE   GST_REFCOUNTING gstobject.c:788:gst_object_unparent: unparent
0:00:00.022350855  2480 0x1196370 TRACE   GST_REFCOUNTING gstobject.c:265:gst_object_unref: 0x11b10f0 unref 1->0
0:00:00.022357034  2480 0x1196370 TRACE   GST_REFCOUNTING gstobject.c:381:gst_object_dispose: 0x11b10f0 dispose
0:00:00.022363573  2480 0x1196370 DEBUG   GST_PLUGIN_LOADING gstpluginfeature.c:67:gst_plugin_feature_finalize: finalizing feature 0x11b10f0: 'log'
0:00:00.022369113  2480 0x1196370 TRACE   GST_REFCOUNTING gstobject.c:423:gst_object_finalize: 0x11b10f0 finalize
0:00:00.022374743  2480 0x1196370 DEBUG   GST_REFCOUNTING gstobject.c:709:gst_object_set_parent: set parent (ref and sink)
0:00:00.022381221  2480 0x1196370 TRACE   GST_REFCOUNTING gstobject.c:294:gst_object_ref_sink: 0x11b0fa0 ref_sink 1->2
0:00:00.022392982  2480 0x1196370 LOG   GST_REGISTRY gstregistry.c:608:gst_registry_add_feature: emitting feature-added for log
0:00:00.022401514  2480 0x1196370 DEBUG   GST_REGISTRY gstregistrychunks.c:741:gst_registry_chunks_load_feature: Added feature log, plugin 0x11b8b90 coretracers
0:00:00.022409261  2480 0x1196370 DEBUG   GST_REGISTRY gstregistrychunks.c:583:gst_registry_chunks_load_feature: Plugin 'coretracers' feature 'latency' typename : 'GstTracerFactory'
0:00:00.022416430  2480 0x1196370 TRACE   GST_REFCOUNTING gstobject.c:208:gst_object_init: 0x11afdb0 new
0:00:00.022423973  2480 0x1196370 DEBUG   GST_REGISTRY gstregistrychunks.c:718:gst_registry_chunks_load_feature: Reading/casting for GstRegistryChunkPluginFeature at address 0x11b1e00
0:00:00.022431152  2480 0x1196370 DEBUG   GST_REGISTRY gstregistry.c:581:gst_registry_add_feature: replacing existing feature 0x11b12f0 (latency)
0:00:00.022437682  2480 0x1196370 DEBUG   GST_REGISTRY gstregistry.c:590:gst_registry_add_feature: adding feature 0x11afdb0 (latency)
0:00:00.022442945  2480 0x1196370 TRACE   GST_REFCOUNTING gstobject.c:788:gst_object_unparent: unparent
0:00:00.022449080  2480 0x1196370 TRACE   GST_REFCOUNTING gstobject.c:265:gst_object_unref: 0x11b12f0 unref 1->0
0:00:00.022457936  2480 0x1196370 TRACE   GST_REFCOUNTING gstobject.c:381:gst_object_dispose: 0x11b12f0 dispose
0:00:00.022465805  2480 0x1196370 DEBUG   GST_PLUGIN_LOADING gstpluginfeature.c:67:gst_plugin_feature_finalize: finalizing feature 0x11b12f0: 'latency'
0:00:00.022473372  2480 0x1196370 TRACE   GST_REFCOUNTING gstobject.c:423:gst_object_finalize: 0x11b12f0 finalize
0:00:00.022480152  2480 0x1196370 DEBUG   GST_REFCOUNTING gstobject.c:709:gst_object_set_parent: set parent (ref and sink)
0:00:00.022487216  2480 0x1196370 TRACE   GST_REFCOUNTING gstobject.c:294:gst_object_ref_sink: 0x11afdb0 ref_sink 1->2
0:00:00.022493565  2480 0x1196370 LOG   GST_REGISTRY gstregistry.c:608:gst_registry_add_feature: emitting feature-added for latency
0:00:00.022499522  2480 0x1196370 DEBUG   GST_REGISTRY gstregistrychunks.c:741:gst_registry_chunks_load_feature: Added feature latency, plugin 0x11b8b90 coretracers
0:00:00.022506861  2480 0x1196370 LOG   GST_PLUGIN_LOADING gstpluginloader.c:888:handle_rx_packet: marking plugin 0x11b8b90 as registered as /home/conan/w/prod/BuildSingleReference/.conan/data/gstreamer/1.19.1/_/_/package/1f5f5d419fdfb792f06015b5de5ddcf61311d6c8/lib/gstreamer-1.0/libgstcoretracers.so
0:00:00.022518629  2480 0x1196370 DEBUG   GST_POLL gstpoll.c:1414:gst_poll_wait: 0x11afd60: timeout :0:00:01.000000000
0:00:00.022529594  2480 0x1196370 LOG   GST_PLUGIN_LOADING gstpluginloader.c:1027:exchange_packets: Poll res = 2. 0 bytes pending for write
0:00:00.022536822  2480 0x1196370 DEBUG   GST_POLL gstpoll.c:1241:gst_poll_fd_has_error: 0x11afd60: fd (fd:8, idx:2) 0
0:00:00.022543069  2480 0x1196370 DEBUG   GST_POLL gstpoll.c:1266:gst_poll_fd_can_read_unlocked: 0x11afd60: fd (fd:8, idx:2) 1
0:00:00.022560885  2480 0x1196370 DEBUG   GST_PLUGIN_LOADING gstpluginloader.c:849:handle_rx_packet: Received plugin details from child w/ tag 3. 6860 bytes info
0:00:00.022569117  2480 0x1196370 LOG   GST_REGISTRY gstregistrychunks.c:837:_priv_gst_registry_chunks_load_plugin: Reading/casting for GstRegistryChunkPluginElement at address 0x11b1c30
0:00:00.022577413  2480 0x1196370 TRACE   GST_REFCOUNTING gstobject.c:208:gst_object_init: 0x11afe80 new
0:00:00.022587462  2480 0x1196370 LOG   GST_REGISTRY gstregistrychunks.c:858:_priv_gst_registry_chunks_load_plugin: read strings for name='coreelements'
0:00:00.022592789  2480 0x1196370 LOG   GST_REGISTRY gstregistrychunks.c:859:_priv_gst_registry_chunks_load_plugin: desc.description='GStreamer core elements'
0:00:00.022598663  2480 0x1196370 LOG   GST_REGISTRY gstregistrychunks.c:860:_priv_gst_registry_chunks_load_plugin: filename='/home/conan/w/prod/BuildSingleReference/.conan/data/gstreamer/1.19.1/_/_/package/1f5f5d419fdfb792f06015b5de5ddcf61311d6c8/lib/gstreamer-1.0/libgstcoreelements.so'
0:00:00.022603960  2480 0x1196370 LOG   GST_REGISTRY gstregistrychunks.c:861:_priv_gst_registry_chunks_load_plugin: desc.version='1.19.1'
0:00:00.022608702  2480 0x1196370 LOG   GST_REGISTRY gstregistrychunks.c:862:_priv_gst_registry_chunks_load_plugin: desc.license='LGPL'
0:00:00.022613481  2480 0x1196370 LOG   GST_REGISTRY gstregistrychunks.c:863:_priv_gst_registry_chunks_load_plugin: desc.source='gstreamer'
0:00:00.022621234  2480 0x1196370 LOG   GST_REGISTRY gstregistrychunks.c:864:_priv_gst_registry_chunks_load_plugin: desc.package='GStreamer source release'
0:00:00.022627608  2480 0x1196370 LOG   GST_REGISTRY gstregistrychunks.c:865:_priv_gst_registry_chunks_load_plugin: desc.origin='Unknown package origin'
0:00:00.022632771  2480 0x1196370 LOG   GST_REGISTRY gstregistrychunks.c:866:_priv_gst_registry_chunks_load_plugin: desc.datetime=2021-06-01
0:00:00.022642118  2480 0x1196370 DEBUG   GST_REGISTRY gstregistry.c:449:gst_registry_add_plugin: Replacing existing plugin "/home/conan/w/prod/BuildSingleReference/.conan/data/gstreamer/1.19.1/_/_/package/1f5f5d419fdfb792f06015b5de5ddcf61311d6c8/lib/gstreamer-1.0/libgstcoreelements.so" 0x11b03e0 with new plugin 0x11afe80 for filename "/home/conan/w/prod/BuildSingleReference/.conan/data/gstreamer/1.19.1/_/_/package/1f5f5d419fdfb792f06015b5de5ddcf61311d6c8/lib/gstreamer-1.0/libgstcoreelements.so"
0:00:00.022649845  2480 0x1196370 TRACE   GST_REFCOUNTING gstobject.c:265:gst_object_unref: 0x11b03e0 unref 1->0
0:00:00.022657083  2480 0x1196370 TRACE   GST_REFCOUNTING gstobject.c:381:gst_object_dispose: 0x11b03e0 dispose
0:00:00.022663877  2480 0x1196370 DEBUG   GST_PLUGIN_LOADING gstplugin.c:136:gst_plugin_finalize: finalizing plugin
0:00:00.022669693  2480 0x1196370 TRACE   GST_REFCOUNTING gstobject.c:423:gst_object_finalize: 0x11b03e0 finalize
0:00:00.022680305  2480 0x1196370 DEBUG   GST_REGISTRY gstregistry.c:474:gst_registry_add_plugin: adding plugin 0x11afe80 for filename "/home/conan/w/prod/BuildSingleReference/.conan/data/gstreamer/1.19.1/_/_/package/1f5f5d419fdfb792f06015b5de5ddcf61311d6c8/lib/gstreamer-1.0/libgstcoreelements.so"
0:00:00.022695821  2480 0x1196370 TRACE   GST_REFCOUNTING gstobject.c:294:gst_object_ref_sink: 0x11afe80 ref_sink 1->2
0:00:00.022703226  2480 0x1196370 LOG   GST_REGISTRY gstregistry.c:487:gst_registry_add_plugin: emitting plugin-added for filename "/home/conan/w/prod/BuildSingleReference/.conan/data/gstreamer/1.19.1/_/_/package/1f5f5d419fdfb792f06015b5de5ddcf61311d6c8/lib/gstreamer-1.0/libgstcoreelements.so"
0:00:00.022710116  2480 0x1196370 DEBUG   GST_REGISTRY gstregistrychunks.c:887:_priv_gst_registry_chunks_load_plugin: Added plugin 'coreelements' plugin with 22 features from binary registry
0:00:00.022716732  2480 0x1196370 DEBUG   GST_REGISTRY gstregistrychunks.c:583:gst_registry_chunks_load_feature: Plugin 'coreelements' feature 'streamiddemux' typename : 'GstElementFactory'
0:00:00.022724236  2480 0x1196370 TRACE   GST_REFCOUNTING gstobject.c:208:gst_object_init: 0x11b86a0 new
0:00:00.022732061  2480 0x1196370 LOG   GST_REGISTRY gstregistrychunks.c:610:gst_registry_chunks_load_feature: Reading/casting for GstRegistryChunkElementFactory at address 0x11b1d88
0:00:00.022739069  2480 0x1196370 TRACE   structure gststructure.c:292:gst_structure_new_id_empty_with_size: created structure 0x11b1180
0:00:00.022748133  2480 0x1196370 DEBUG   structure gststructure.c:2258:gst_structure_parse_field: trying field name 'long-name'
0:00:00.022755651  2480 0x1196370 DEBUG   default gstvalue.c:2776:_priv_gst_value_parse_value: trying type name 'string'
0:00:00.022763441  2480 0x1196370 DEBUG   structure gststructure.c:2258:gst_structure_parse_field: trying field name 'klass'
0:00:00.022768625  2480 0x1196370 DEBUG   default gstvalue.c:2776:_priv_gst_value_parse_value: trying type name 'string'
0:00:00.022774480  2480 0x1196370 DEBUG   structure gststructure.c:2258:gst_structure_parse_field: trying field name 'description'
0:00:00.022779322  2480 0x1196370 DEBUG   default gstvalue.c:2776:_priv_gst_value_parse_value: trying type name 'string'
0:00:00.022785749  2480 0x1196370 DEBUG   structure gststructure.c:2258:gst_structure_parse_field: trying field name 'author'
0:00:00.022790737  2480 0x1196370 DEBUG   default gstvalue.c:2776:_priv_gst_value_parse_value: trying type name 'string'
0:00:00.022799389  2480 0x1196370 DEBUG   GST_REGISTRY gstregistrychunks.c:626:gst_registry_chunks_load_feature: Element factory : npadtemplates=2
0:00:00.022805596  2480 0x1196370 DEBUG   GST_REGISTRY gstregistrychunks.c:526:gst_registry_chunks_load_pad_template: Reading/casting for GstRegistryChunkPadTemplate at address 0x11b1e60
0:00:00.022811389  2480 0x1196370 DEBUG   GST_REGISTRY gstregistrychunks.c:539:gst_registry_chunks_load_pad_template: Added pad_template src_%u
0:00:00.022817186  2480 0x1196370 DEBUG   GST_REGISTRY gstregistrychunks.c:526:gst_registry_chunks_load_pad_template: Reading/casting for GstRegistryChunkPadTemplate at address 0x11b1e78
0:00:00.022822372  2480 0x1196370 DEBUG   GST_REGISTRY gstregistrychunks.c:539:gst_registry_chunks_load_pad_template: Added pad_template sink
0:00:00.022836066  2480 0x1196370 DEBUG   GST_REGISTRY gstregistry.c:581:gst_registry_add_feature: replacing existing feature 0x11b0750 (streamiddemux)
0:00:00.022842614  2480 0x1196370 DEBUG   GST_REGISTRY gstregistry.c:590:gst_registry_add_feature: adding feature 0x11b86a0 (streamiddemux)
0:00:00.022848197  2480 0x1196370 TRACE   GST_REFCOUNTING gstobject.c:788:gst_object_unparent: unparent
0:00:00.022857819  2480 0x1196370 TRACE   GST_REFCOUNTING gstobject.c:265:gst_object_unref: 0x11b0750 unref 1->0
0:00:00.022865168  2480 0x1196370 TRACE   GST_REFCOUNTING gstobject.c:381:gst_object_dispose: 0x11b0750 dispose
0:00:00.022871922  2480 0x1196370 TRACE   structure gststructure.c:547:gst_structure_free: free structure 0x11b14e0
0:00:00.022879720  2480 0x1196370 TRACE   GST_REFCOUNTING gstminiobject.c:736:gst_mini_object_replace: replace (nil) (0) with (nil) (0)
0:00:00.022886141  2480 0x1196370 TRACE   GST_REFCOUNTING gstminiobject.c:736:gst_mini_object_replace: replace (nil) (0) with (nil) (0)
0:00:00.022892898  2480 0x1196370 DEBUG   GST_PLUGIN_LOADING gstpluginfeature.c:67:gst_plugin_feature_finalize: finalizing feature 0x11b0750: 'streamiddemux'
0:00:00.022898521  2480 0x1196370 TRACE   GST_REFCOUNTING gstobject.c:423:gst_object_finalize: 0x11b0750 finalize
0:00:00.022904447  2480 0x1196370 DEBUG   GST_REFCOUNTING gstobject.c:709:gst_object_set_parent: set parent (ref and sink)
0:00:00.022914109  2480 0x1196370 TRACE   GST_REFCOUNTING gstobject.c:294:gst_object_ref_sink: 0x11b86a0 ref_sink 1->2
0:00:00.022921255  2480 0x1196370 LOG   GST_REGISTRY gstregistry.c:608:gst_registry_add_feature: emitting feature-added for streamiddemux
0:00:00.022927689  2480 0x1196370 DEBUG   GST_REGISTRY gstregistrychunks.c:741:gst_registry_chunks_load_feature: Added feature streamiddemux, plugin 0x11afe80 coreelements
0:00:00.022934790  2480 0x1196370 DEBUG   GST_REGISTRY gstregistrychunks.c:583:gst_registry_chunks_load_feature: Plugin 'coreelements' feature 'valve' typename : 'GstElementFactory'
0:00:00.022942040  2480 0x1196370 TRACE   GST_REFCOUNTING gstobject.c:208:gst_object_init: 0x11b03d0 new
0:00:00.022949271  2480 0x1196370 LOG   GST_REGISTRY gstregistrychunks.c:610:gst_registry_chunks_load_feature: Reading/casting for GstRegistryChunkElementFactory at address 0x11b1ea8
0:00:00.022955309  2480 0x1196370 TRACE   structure gststructure.c:292:gst_structure_new_id_empty_with_size: created structure 0x11b0700
0:00:00.022960973  2480 0x1196370 DEBUG   structure gststructure.c:2258:gst_structure_parse_field: trying field name 'long-name'
0:00:00.022968988  2480 0x1196370 DEBUG   default gstvalue.c:2776:_priv_gst_value_parse_value: trying type name 'string'
0:00:00.022976383  2480 0x1196370 DEBUG   structure gststructure.c:2258:gst_structure_parse_field: trying field name 'klass'
0:00:00.022981531  2480 0x1196370 DEBUG   default gstvalue.c:2776:_priv_gst_value_parse_value: trying type name 'string'
0:00:00.022992337  2480 0x1196370 DEBUG   structure gststructure.c:2258:gst_structure_parse_field: trying field name 'description'
0:00:00.022997421  2480 0x1196370 DEBUG   default gstvalue.c:2776:_priv_gst_value_parse_value: trying type name 'string'
0:00:00.023003445  2480 0x1196370 DEBUG   structure gststructure.c:2258:gst_structure_parse_field: trying field name 'author'
0:00:00.023008477  2480 0x1196370 DEBUG   default gstvalue.c:2776:_priv_gst_value_parse_value: trying type name 'string'
0:00:00.023046245  2480 0x1196370 DEBUG   GST_REGISTRY gstregistrychunks.c:626:gst_registry_chunks_load_feature: Element factory : npadtemplates=2
0:00:00.023053034  2480 0x1196370 DEBUG   GST_REGISTRY gstregistrychunks.c:526:gst_registry_chunks_load_pad_template: Reading/casting for GstRegistryChunkPadTemplate at address 0x11b1f98
0:00:00.023059402  2480 0x1196370 DEBUG   GST_REGISTRY gstregistrychunks.c:539:gst_registry_chunks_load_pad_template: Added pad_template sink
0:00:00.023064581  2480 0x1196370 DEBUG   GST_REGISTRY gstregistrychunks.c:526:gst_registry_chunks_load_pad_template: Reading/casting for GstRegistryChunkPadTemplate at address 0x11b1fb0
0:00:00.023069675  2480 0x1196370 DEBUG   GST_REGISTRY gstregistrychunks.c:539:gst_registry_chunks_load_pad_template: Added pad_template src
0:00:00.023077153  2480 0x1196370 DEBUG   GST_REGISTRY gstregistry.c:581:gst_registry_add_feature: replacing existing feature 0x11b18c0 (valve)
0:00:00.023083626  2480 0x1196370 DEBUG   GST_REGISTRY gstregistry.c:590:gst_registry_add_feature: adding feature 0x11b03d0 (valve)
0:00:00.023091312  2480 0x1196370 TRACE   GST_REFCOUNTING gstobject.c:788:gst_object_unparent: unparent
0:00:00.023099834  2480 0x1196370 TRACE   GST_REFCOUNTING gstobject.c:265:gst_object_unref: 0x11b18c0 unref 1->0
0:00:00.023106436  2480 0x1196370 TRACE   GST_REFCOUNTING gstobject.c:381:gst_object_dispose: 0x11b18c0 dispose
0:00:00.023113197  2480 0x1196370 TRACE   structure gststructure.c:547:gst_structure_free: free structure 0x11b39e0
0:00:00.023119416  2480 0x1196370 TRACE   GST_REFCOUNTING gstminiobject.c:736:gst_mini_object_replace: replace (nil) (0) with (nil) (0)
0:00:00.023125599  2480 0x1196370 TRACE   GST_REFCOUNTING gstminiobject.c:736:gst_mini_object_replace: replace (nil) (0) with (nil) (0)
0:00:00.023131592  2480 0x1196370 DEBUG   GST_PLUGIN_LOADING gstpluginfeature.c:67:gst_plugin_feature_finalize: finalizing feature 0x11b18c0: 'valve'
0:00:00.023137089  2480 0x1196370 TRACE   GST_REFCOUNTING gstobject.c:423:gst_object_finalize: 0x11b18c0 finalize
0:00:00.023146000  2480 0x1196370 DEBUG   GST_REFCOUNTING gstobject.c:709:gst_object_set_parent: set parent (ref and sink)
0:00:00.023154007  2480 0x1196370 TRACE   GST_REFCOUNTING gstobject.c:294:gst_object_ref_sink: 0x11b03d0 ref_sink 1->2
0:00:00.023160279  2480 0x1196370 LOG   GST_REGISTRY gstregistry.c:608:gst_registry_add_feature: emitting feature-added for valve
0:00:00.023173194  2480 0x1196370 DEBUG   GST_REGISTRY gstregistrychunks.c:741:gst_registry_chunks_load_feature: Added feature valve, plugin 0x11afe80 coreelements
0:00:00.023179171  2480 0x1196370 DEBUG   GST_REGISTRY gstregistrychunks.c:583:gst_registry_chunks_load_feature: Plugin 'coreelements' feature 'multiqueue' typename : 'GstElementFactory'
0:00:00.023186889  2480 0x1196370 TRACE   GST_REFCOUNTING gstobject.c:208:gst_object_init: 0x11b18c0 new
0:00:00.023194127  2480 0x1196370 LOG   GST_REGISTRY gstregistrychunks.c:610:gst_registry_chunks_load_feature: Reading/casting for GstRegistryChunkElementFactory at address 0x11b1fe0
0:00:00.023200172  2480 0x1196370 TRACE   structure gststructure.c:292:gst_structure_new_id_empty_with_size: created structure 0x11b8d70
0:00:00.023208095  2480 0x1196370 DEBUG   structure gststructure.c:2258:gst_structure_parse_field: trying field name 'long-name'
0:00:00.023214940  2480 0x1196370 DEBUG   default gstvalue.c:2776:_priv_gst_value_parse_value: trying type name 'string'
0:00:00.023221062  2480 0x1196370 DEBUG   structure gststructure.c:2258:gst_structure_parse_field: trying field name 'klass'
0:00:00.023226437  2480 0x1196370 DEBUG   default gstvalue.c:2776:_priv_gst_value_parse_value: trying type name 'string'
0:00:00.023231420  2480 0x1196370 DEBUG   structure gststructure.c:2258:gst_structure_parse_field: trying field name 'description'
0:00:00.023236315  2480 0x1196370 DEBUG   default gstvalue.c:2776:_priv_gst_value_parse_value: trying type name 'string'
0:00:00.023241729  2480 0x1196370 DEBUG   structure gststructure.c:2258:gst_structure_parse_field: trying field name 'author'
0:00:00.023246325  2480 0x1196370 DEBUG   default gstvalue.c:2776:_priv_gst_value_parse_value: trying type name 'string'
0:00:00.023254824  2480 0x1196370 DEBUG   GST_REGISTRY gstregistrychunks.c:626:gst_registry_chunks_load_feature: Element factory : npadtemplates=2
0:00:00.023261525  2480 0x1196370 DEBUG   GST_REGISTRY gstregistrychunks.c:526:gst_registry_chunks_load_pad_template: Reading/casting for GstRegistryChunkPadTemplate at address 0x11b20a0
0:00:00.023267326  2480 0x1196370 DEBUG   GST_REGISTRY gstregistrychunks.c:539:gst_registry_chunks_load_pad_template: Added pad_template src_%u
0:00:00.023272127  2480 0x1196370 DEBUG   GST_REGISTRY gstregistrychunks.c:526:gst_registry_chunks_load_pad_template: Reading/casting for GstRegistryChunkPadTemplate at address 0x11b20b8
0:00:00.023277149  2480 0x1196370 DEBUG   GST_REGISTRY gstregistrychunks.c:539:gst_registry_chunks_load_pad_template: Added pad_template sink_%u
0:00:00.023284168  2480 0x1196370 DEBUG   GST_REGISTRY gstregistry.c:581:gst_registry_add_feature: replacing existing feature 0x11b19b0 (multiqueue)
0:00:00.023290425  2480 0x1196370 DEBUG   GST_REGISTRY gstregistry.c:590:gst_registry_add_feature: adding feature 0x11b18c0 (multiqueue)
0:00:00.023295387  2480 0x1196370 TRACE   GST_REFCOUNTING gstobject.c:788:gst_object_unparent: unparent
0:00:00.023304502  2480 0x1196370 TRACE   GST_REFCOUNTING gstobject.c:265:gst_object_unref: 0x11b19b0 unref 1->0
0:00:00.023316497  2480 0x1196370 TRACE   GST_REFCOUNTING gstobject.c:381:gst_object_dispose: 0x11b19b0 dispose
0:00:00.023322706  2480 0x1196370 TRACE   structure gststructure.c:547:gst_structure_free: free structure 0x11b3b60
0:00:00.023328892  2480 0x1196370 TRACE   GST_REFCOUNTING gstminiobject.c:736:gst_mini_object_replace: replace (nil) (0) with (nil) (0)
0:00:00.023335252  2480 0x1196370 TRACE   GST_REFCOUNTING gstminiobject.c:736:gst_mini_object_replace: replace (nil) (0) with (nil) (0)
0:00:00.023341265  2480 0x1196370 DEBUG   GST_PLUGIN_LOADING gstpluginfeature.c:67:gst_plugin_feature_finalize: finalizing feature 0x11b19b0: 'multiqueue'
0:00:00.023346482  2480 0x1196370 TRACE   GST_REFCOUNTING gstobject.c:423:gst_object_finalize: 0x11b19b0 finalize
0:00:00.023352641  2480 0x1196370 DEBUG   GST_REFCOUNTING gstobject.c:709:gst_object_set_parent: set parent (ref and sink)
0:00:00.023361579  2480 0x1196370 TRACE   GST_REFCOUNTING gstobject.c:294:gst_object_ref_sink: 0x11b18c0 ref_sink 1->2
0:00:00.023368900  2480 0x1196370 LOG   GST_REGISTRY gstregistry.c:608:gst_registry_add_feature: emitting feature-added for multiqueue
0:00:00.023374885  2480 0x1196370 DEBUG   GST_REGISTRY gstregistrychunks.c:741:gst_registry_chunks_load_feature: Added feature multiqueue, plugin 0x11afe80 coreelements
0:00:00.023380825  2480 0x1196370 DEBUG   GST_REGISTRY gstregistrychunks.c:583:gst_registry_chunks_load_feature: Plugin 'coreelements' feature 'typefind' typename : 'GstElementFactory'
0:00:00.023387429  2480 0x1196370 TRACE   GST_REFCOUNTING gstobject.c:208:gst_object_init: 0x11b19b0 new
0:00:00.023394155  2480 0x1196370 LOG   GST_REGISTRY gstregistrychunks.c:610:gst_registry_chunks_load_feature: Reading/casting for GstRegistryChunkElementFactory at address 0x11b20e8
0:00:00.023400297  2480 0x1196370 TRACE   structure gststructure.c:292:gst_structure_new_id_empty_with_size: created structure 0x11b3b30
0:00:00.023405657  2480 0x1196370 DEBUG   structure gststructure.c:2258:gst_structure_parse_field: trying field name 'long-name'
0:00:00.023413000  2480 0x1196370 DEBUG   default gstvalue.c:2776:_priv_gst_value_parse_value: trying type name 'string'
0:00:00.023420153  2480 0x1196370 DEBUG   structure gststructure.c:2258:gst_structure_parse_field: trying field name 'klass'
0:00:00.023425029  2480 0x1196370 DEBUG   default gstvalue.c:2776:_priv_gst_value_parse_value: trying type name 'string'
0:00:00.023430269  2480 0x1196370 DEBUG   structure gststructure.c:2258:gst_structure_parse_field: trying field name 'description'
0:00:00.023434873  2480 0x1196370 DEBUG   default gstvalue.c:2776:_priv_gst_value_parse_value: trying type name 'string'
0:00:00.023440347  2480 0x1196370 DEBUG   structure gststructure.c:2258:gst_structure_parse_field: trying field name 'author'
0:00:00.023445148  2480 0x1196370 DEBUG   default gstvalue.c:2776:_priv_gst_value_parse_value: trying type name 'string'
0:00:00.023456512  2480 0x1196370 DEBUG   GST_REGISTRY gstregistrychunks.c:626:gst_registry_chunks_load_feature: Element factory : npadtemplates=2
0:00:00.023463965  2480 0x1196370 DEBUG   GST_REGISTRY gstregistrychunks.c:526:gst_registry_chunks_load_pad_template: Reading/casting for GstRegistryChunkPadTemplate at address 0x11b21c0
0:00:00.023470965  2480 0x1196370 DEBUG   GST_REGISTRY gstregistrychunks.c:539:gst_registry_chunks_load_pad_template: Added pad_template sink
0:00:00.023476017  2480 0x1196370 DEBUG   GST_REGISTRY gstregistrychunks.c:526:gst_registry_chunks_load_pad_template: Reading/casting for GstRegistryChunkPadTemplate at address 0x11b21d8
0:00:00.023481051  2480 0x1196370 DEBUG   GST_REGISTRY gstregistrychunks.c:539:gst_registry_chunks_load_pad_template: Added pad_template src
0:00:00.023488177  2480 0x1196370 DEBUG   GST_REGISTRY gstregistry.c:581:gst_registry_add_feature: replacing existing feature 0x11b3ce0 (typefind)
0:00:00.023494281  2480 0x1196370 DEBUG   GST_REGISTRY gstregistry.c:590:gst_registry_add_feature: adding feature 0x11b19b0 (typefind)
0:00:00.023499536  2480 0x1196370 TRACE   GST_REFCOUNTING gstobject.c:788:gst_object_unparent: unparent
0:00:00.023506130  2480 0x1196370 TRACE   GST_REFCOUNTING gstobject.c:265:gst_object_unref: 0x11b3ce0 unref 1->0
0:00:00.023514653  2480 0x1196370 TRACE   GST_REFCOUNTING gstobject.c:381:gst_object_dispose: 0x11b3ce0 dispose
0:00:00.023521762  2480 0x1196370 TRACE   structure gststructure.c:547:gst_structure_free: free structure 0x11b3ea0
0:00:00.023528130  2480 0x1196370 TRACE   GST_REFCOUNTING gstminiobject.c:736:gst_mini_object_replace: replace (nil) (0) with (nil) (0)
0:00:00.023534658  2480 0x1196370 TRACE   GST_REFCOUNTING gstminiobject.c:736:gst_mini_object_replace: replace (nil) (0) with (nil) (0)
0:00:00.023541013  2480 0x1196370 DEBUG   GST_PLUGIN_LOADING gstpluginfeature.c:67:gst_plugin_feature_finalize: finalizing feature 0x11b3ce0: 'typefind'
0:00:00.023546552  2480 0x1196370 TRACE   GST_REFCOUNTING gstobject.c:423:gst_object_finalize: 0x11b3ce0 finalize
