0:00:00.018216280  2480 0x1196370 LOG   GST_REGISTRY gstregistrychunks.c:610:gst_registry_chunks_load_feature: Reading/casting for GstRegistryChunkElementFactory at address 0x11b20e8
0:00:00.013887672  2481 0x4fe320 DEBUG   GST_POLL gstpoll.c:980:gst_poll_fd_ctl_write: 0x506a00: fd (fd:0, idx:1), active : 1
0:00:00.013893946  2481 0x4fe320 LOG   GST_POLL gstpoll.c:994:gst_poll_fd_ctl_write: 0x506a00: pfd->events now 60 (POLLOUT:4)
0:00:00.018230862  2480 0x1196370 TRACE   structure gststructure.c:292:gst_structure_new_id_empty_with_size: created structure 0x11b3ea0
0:00:00.013899706  2481 0x4fe320 DEBUG   GST_POLL gstpoll.c:980:gst_poll_fd_ctl_write: 0x506a00: fd (fd:0, idx:1), active : 1
0:00:00.018239202  2480 0x1196370 DEBUG   structure gststructure.c:2258:gst_structure_parse_field: trying field name 'long-name'
0:00:00.013907643  2481 0x4fe320 LOG   GST_POLL gstpoll.c:994:gst_poll_fd_ctl_write: 0x506a00: pfd->events now 60 (POLLOUT:4)
0:00:00.018245976  2480 0x1196370 DEBUG   default gstvalue.c:2776:_priv_gst_value_parse_value: trying type name 'string'
0:00:00.013915070  2481 0x4fe320 DEBUG   GST_POLL gstpoll.c:980:gst_poll_fd_ctl_write: 0x506a00: fd (fd:0, idx:1), active : 1
0:00:00.018253107  2480 0x1196370 DEBUG   structure gststructure.c:2258:gst_structure_parse_field: trying field name 'klass'
0:00:00.013921651  2481 0x4fe320 LOG   GST_POLL gstpoll.c:994:gst_poll_fd_ctl_write: 0x506a00: pfd->events now 60 (POLLOUT:4)
0:00:00.018259468  2480 0x1196370 DEBUG   default gstvalue.c:2776:_priv_gst_value_parse_value: trying type name 'string'
0:00:00.013928846  2481 0x4fe320 DEBUG   GST_POLL gstpoll.c:980:gst_poll_fd_ctl_write: 0x506a00: fd (fd:0, idx:1), active : 1
0:00:00.018273024  2480 0x1196370 DEBUG   structure gststructure.c:2258:gst_structure_parse_field: trying field name 'description'
0:00:00.013943974  2481 0x4fe320 LOG   GST_POLL gstpoll.c:994:gst_poll_fd_ctl_write: 0x506a00: pfd->events now 60 (POLLOUT:4)
0:00:00.018279530  2480 0x1196370 DEBUG   default gstvalue.c:2776:_priv_gst_value_parse_value: trying type name 'string'
0:00:00.013952016  2481 0x4fe320 DEBUG   GST_POLL gstpoll.c:980:gst_poll_fd_ctl_write: 0x506a00: fd (fd:0, idx:1), active : 1
0:00:00.018289467  2480 0x1196370 DEBUG   structure gststructure.c:2258:gst_structure_parse_field: trying field name 'author'
0:00:00.013958304  2481 0x4fe320 LOG   GST_POLL gstpoll.c:994:gst_poll_fd_ctl_write: 0x506a00: pfd->events now 60 (POLLOUT:4)
0:00:00.018296493  2480 0x1196370 DEBUG   default gstvalue.c:2776:_priv_gst_value_parse_value: trying type name 'string'
0:00:00.013966193  2481 0x4fe320 DEBUG   GST_POLL gstpoll.c:980:gst_poll_fd_ctl_write: 0x506a00: fd (fd:0, idx:1), active : 1
0:00:00.018304446  2480 0x1196370 DEBUG   GST_REGISTRY gstregistrychunks.c:626:gst_registry_chunks_load_feature: Element factory : npadtemplates=2
0:00:00.013971989  2481 0x4fe320 LOG   GST_POLL gstpoll.c:994:gst_poll_fd_ctl_write: 0x506a00: pfd->events now 60 (POLLOUT:4)
0:00:00.018310566  2480 0x1196370 DEBUG   GST_REGISTRY gstregistrychunks.c:526:gst_registry_chunks_load_pad_template: Reading/casting for GstRegistryChunkPadTemplate at address 0x11b21c0
0:00:00.013980415  2481 0x4fe320 DEBUG   GST_POLL gstpoll.c:980:gst_poll_fd_ctl_write: 0x506a00: fd (fd:0, idx:1), active : 1
0:00:00.018316915  2480 0x1196370 DEBUG   GST_REGISTRY gstregistrychunks.c:539:gst_registry_chunks_load_pad_template: Added pad_template sink
0:00:00.013986302  2481 0x4fe320 LOG   GST_POLL gstpoll.c:994:gst_poll_fd_ctl_write: 0x506a00: pfd->events now 60 (POLLOUT:4)
0:00:00.018322616  2480 0x1196370 DEBUG   GST_REGISTRY gstregistrychunks.c:526:gst_registry_chunks_load_pad_template: Reading/casting for GstRegistryChunkPadTemplate at address 0x11b21d8
0:00:00.013992071  2481 0x4fe320 DEBUG   GST_POLL gstpoll.c:980:gst_poll_fd_ctl_write: 0x506a00: fd (fd:0, idx:1), active : 1
0:00:00.018328445  2480 0x1196370 DEBUG   GST_REGISTRY gstregistrychunks.c:539:gst_registry_chunks_load_pad_template: Added pad_template src
0:00:00.013999875  2481 0x4fe320 LOG   GST_POLL gstpoll.c:994:gst_poll_fd_ctl_write: 0x506a00: pfd->events now 60 (POLLOUT:4)
0:00:00.018336580  2480 0x1196370 DEBUG   GST_REGISTRY gstregistry.c:590:gst_registry_add_feature: adding feature 0x11b3ce0 (typefind)
0:00:00.014007079  2481 0x4fe320 DEBUG   GST_POLL gstpoll.c:980:gst_poll_fd_ctl_write: 0x506a00: fd (fd:0, idx:1), active : 1
0:00:00.018344754  2480 0x1196370 DEBUG   GST_REFCOUNTING gstobject.c:709:gst_object_set_parent: set parent (ref and sink)
0:00:00.014013411  2481 0x4fe320 LOG   GST_POLL gstpoll.c:994:gst_poll_fd_ctl_write: 0x506a00: pfd->events now 60 (POLLOUT:4)
0:00:00.018359304  2480 0x1196370 TRACE   GST_REFCOUNTING gstobject.c:294:gst_object_ref_sink: 0x11b3ce0 ref_sink 1->2
0:00:00.014027494  2481 0x4fe320 DEBUG   GST_POLL gstpoll.c:980:gst_poll_fd_ctl_write: 0x506a00: fd (fd:0, idx:1), active : 1
0:00:00.018366835  2480 0x1196370 LOG   GST_REGISTRY gstregistry.c:608:gst_registry_add_feature: emitting feature-added for typefind
0:00:00.014035171  2481 0x4fe320 LOG   GST_POLL gstpoll.c:994:gst_poll_fd_ctl_write: 0x506a00: pfd->events now 60 (POLLOUT:4)
0:00:00.018374186  2480 0x1196370 DEBUG   GST_REGISTRY gstregistrychunks.c:741:gst_registry_chunks_load_feature: Added feature typefind, plugin 0x11b03e0 coreelements
0:00:00.014042736  2481 0x4fe320 DEBUG   GST_POLL gstpoll.c:980:gst_poll_fd_ctl_write: 0x506a00: fd (fd:0, idx:1), active : 1
0:00:00.018381380  2480 0x1196370 DEBUG   GST_REGISTRY gstregistrychunks.c:583:gst_registry_chunks_load_feature: Plugin 'coreelements' feature 'tee' typename : 'GstElementFactory'
0:00:00.014049277  2481 0x4fe320 LOG   GST_POLL gstpoll.c:994:gst_poll_fd_ctl_write: 0x506a00: pfd->events now 60 (POLLOUT:4)
0:00:00.014057618  2481 0x4fe320 DEBUG   GST_POLL gstpoll.c:980:gst_poll_fd_ctl_write: 0x506a00: fd (fd:0, idx:1), active : 1
0:00:00.018390471  2480 0x1196370 TRACE   GST_REFCOUNTING gstobject.c:208:gst_object_init: 0x11b4020 new
0:00:00.014065799  2481 0x4fe320 LOG   GST_POLL gstpoll.c:994:gst_poll_fd_ctl_write: 0x506a00: pfd->events now 60 (POLLOUT:4)
0:00:00.018401389  2480 0x1196370 LOG   GST_REGISTRY gstregistrychunks.c:610:gst_registry_chunks_load_feature: Reading/casting for GstRegistryChunkElementFactory at address 0x11b2200
0:00:00.014072933  2481 0x4fe320 DEBUG   GST_POLL gstpoll.c:980:gst_poll_fd_ctl_write: 0x506a00: fd (fd:0, idx:1), active : 1
0:00:00.018408466  2480 0x1196370 TRACE   structure gststructure.c:292:gst_structure_new_id_empty_with_size: created structure 0x11b41f0
0:00:00.014078940  2481 0x4fe320 LOG   GST_POLL gstpoll.c:994:gst_poll_fd_ctl_write: 0x506a00: pfd->events now 60 (POLLOUT:4)
0:00:00.018416596  2480 0x1196370 DEBUG   structure gststructure.c:2258:gst_structure_parse_field: trying field name 'long-name'
0:00:00.014085118  2481 0x4fe320 DEBUG   GST_POLL gstpoll.c:980:gst_poll_fd_ctl_write: 0x506a00: fd (fd:0, idx:1), active : 1
0:00:00.018423895  2480 0x1196370 DEBUG   default gstvalue.c:2776:_priv_gst_value_parse_value: trying type name 'string'
0:00:00.014093104  2481 0x4fe320 LOG   GST_POLL gstpoll.c:994:gst_poll_fd_ctl_write: 0x506a00: pfd->events now 60 (POLLOUT:4)
0:00:00.018431229  2480 0x1196370 DEBUG   structure gststructure.c:2258:gst_structure_parse_field: trying field name 'klass'
0:00:00.014099975  2481 0x4fe320 DEBUG   GST_POLL gstpoll.c:980:gst_poll_fd_ctl_write: 0x506a00: fd (fd:0, idx:1), active : 1
0:00:00.018437490  2480 0x1196370 DEBUG   default gstvalue.c:2776:_priv_gst_value_parse_value: trying type name 'string'
0:00:00.014107170  2481 0x4fe320 LOG   GST_POLL gstpoll.c:994:gst_poll_fd_ctl_write: 0x506a00: pfd->events now 60 (POLLOUT:4)
0:00:00.018450373  2480 0x1196370 DEBUG   structure gststructure.c:2258:gst_structure_parse_field: trying field name 'description'
0:00:00.014119401  2481 0x4fe320 DEBUG   GST_POLL gstpoll.c:980:gst_poll_fd_ctl_write: 0x506a00: fd (fd:0, idx:1), active : 1
0:00:00.018456218  2480 0x1196370 DEBUG   default gstvalue.c:2776:_priv_gst_value_parse_value: trying type name 'string'
0:00:00.014127756  2481 0x4fe320 LOG   GST_POLL gstpoll.c:994:gst_poll_fd_ctl_write: 0x506a00: pfd->events now 60 (POLLOUT:4)
0:00:00.018462854  2480 0x1196370 DEBUG   structure gststructure.c:2258:gst_structure_parse_field: trying field name 'author'
0:00:00.014135539  2481 0x4fe320 DEBUG   GST_POLL gstpoll.c:980:gst_poll_fd_ctl_write: 0x506a00: fd (fd:0, idx:1), active : 1
0:00:00.018469644  2480 0x1196370 DEBUG   default gstvalue.c:2776:_priv_gst_value_parse_value: trying type name 'string'
0:00:00.014142296  2481 0x4fe320 LOG   GST_POLL gstpoll.c:994:gst_poll_fd_ctl_write: 0x506a00: pfd->events now 60 (POLLOUT:4)
0:00:00.018480906  2480 0x1196370 DEBUG   GST_REGISTRY gstregistrychunks.c:626:gst_registry_chunks_load_feature: Element factory : npadtemplates=2
0:00:00.014149054  2481 0x4fe320 DEBUG   GST_POLL gstpoll.c:980:gst_poll_fd_ctl_write: 0x506a00: fd (fd:0, idx:1), active : 1
0:00:00.018488511  2480 0x1196370 DEBUG   GST_REGISTRY gstregistrychunks.c:526:gst_registry_chunks_load_pad_template: Reading/casting for GstRegistryChunkPadTemplate at address 0x11b22f0
0:00:00.014157839  2481 0x4fe320 LOG   GST_POLL gstpoll.c:994:gst_poll_fd_ctl_write: 0x506a00: pfd->events now 60 (POLLOUT:4)
0:00:00.018495065  2480 0x1196370 DEBUG   GST_REGISTRY gstregistrychunks.c:539:gst_registry_chunks_load_pad_template: Added pad_template src_%u
0:00:00.014164388  2481 0x4fe320 DEBUG   GST_POLL gstpoll.c:980:gst_poll_fd_ctl_write: 0x506a00: fd (fd:0, idx:1), active : 1
0:00:00.018502141  2480 0x1196370 DEBUG   GST_REGISTRY gstregistrychunks.c:526:gst_registry_chunks_load_pad_template: Reading/casting for GstRegistryChunkPadTemplate at address 0x11b2308
0:00:00.014171388  2481 0x4fe320 LOG   GST_POLL gstpoll.c:994:gst_poll_fd_ctl_write: 0x506a00: pfd->events now 60 (POLLOUT:4)
0:00:00.018508457  2480 0x1196370 DEBUG   GST_REGISTRY gstregistrychunks.c:539:gst_registry_chunks_load_pad_template: Added pad_template sink
0:00:00.014177596  2481 0x4fe320 DEBUG   GST_POLL gstpoll.c:980:gst_poll_fd_ctl_write: 0x506a00: fd (fd:0, idx:1), active : 1
0:00:00.018516400  2480 0x1196370 DEBUG   GST_REGISTRY gstregistry.c:590:gst_registry_add_feature: adding feature 0x11b4020 (tee)
0:00:00.014186076  2481 0x4fe320 LOG   GST_POLL gstpoll.c:994:gst_poll_fd_ctl_write: 0x506a00: pfd->events now 60 (POLLOUT:4)
0:00:00.018522589  2480 0x1196370 DEBUG   GST_REFCOUNTING gstobject.c:709:gst_object_set_parent: set parent (ref and sink)
0:00:00.014193529  2481 0x4fe320 DEBUG   GST_POLL gstpoll.c:980:gst_poll_fd_ctl_write: 0x506a00: fd (fd:0, idx:1), active : 1
0:00:00.018536628  2480 0x1196370 TRACE   GST_REFCOUNTING gstobject.c:294:gst_object_ref_sink: 0x11b4020 ref_sink 1->2
0:00:00.014204693  2481 0x4fe320 LOG   GST_POLL gstpoll.c:994:gst_poll_fd_ctl_write: 0x506a00: pfd->events now 60 (POLLOUT:4)
0:00:00.014214179  2481 0x4fe320 DEBUG   GST_POLL gstpoll.c:980:gst_poll_fd_ctl_write: 0x506a00: fd (fd:0, idx:1), active : 1
0:00:00.018546808  2480 0x1196370 LOG   GST_REGISTRY gstregistry.c:608:gst_registry_add_feature: emitting feature-added for tee
0:00:00.014219644  2481 0x4fe320 LOG   GST_POLL gstpoll.c:994:gst_poll_fd_ctl_write: 0x506a00: pfd->events now 60 (POLLOUT:4)
0:00:00.018556718  2480 0x1196370 DEBUG   GST_REGISTRY gstregistrychunks.c:741:gst_registry_chunks_load_feature: Added feature tee, plugin 0x11b03e0 coreelements
0:00:00.014226065  2481 0x4fe320 DEBUG   GST_POLL gstpoll.c:980:gst_poll_fd_ctl_write: 0x506a00: fd (fd:0, idx:1), active : 1
0:00:00.018563998  2480 0x1196370 DEBUG   GST_REGISTRY gstregistrychunks.c:583:gst_registry_chunks_load_feature: Plugin 'coreelements' feature 'filesink' typename : 'GstElementFactory'
0:00:00.014232341  2481 0x4fe320 LOG   GST_POLL gstpoll.c:994:gst_poll_fd_ctl_write: 0x506a00: pfd->events now 60 (POLLOUT:4)
0:00:00.018572418  2480 0x1196370 TRACE   GST_REFCOUNTING gstobject.c:208:gst_object_init: 0x11b4370 new
0:00:00.014239867  2481 0x4fe320 DEBUG   GST_POLL gstpoll.c:980:gst_poll_fd_ctl_write: 0x506a00: fd (fd:0, idx:1), active : 1
0:00:00.018581246  2480 0x1196370 LOG   GST_REGISTRY gstregistrychunks.c:610:gst_registry_chunks_load_feature: Reading/casting for GstRegistryChunkElementFactory at address 0x11b2338
0:00:00.014251114  2481 0x4fe320 LOG   GST_POLL gstpoll.c:994:gst_poll_fd_ctl_write: 0x506a00: pfd->events now 60 (POLLOUT:4)
0:00:00.018588122  2480 0x1196370 TRACE   structure gststructure.c:292:gst_structure_new_id_empty_with_size: created structure 0x11b4710
0:00:00.014258126  2481 0x4fe320 DEBUG   GST_POLL gstpoll.c:980:gst_poll_fd_ctl_write: 0x506a00: fd (fd:0, idx:1), active : 1
0:00:00.018593974  2480 0x1196370 DEBUG   structure gststructure.c:2258:gst_structure_parse_field: trying field name 'long-name'
0:00:00.014264074  2481 0x4fe320 LOG   GST_POLL gstpoll.c:994:gst_poll_fd_ctl_write: 0x506a00: pfd->events now 60 (POLLOUT:4)
0:00:00.018599847  2480 0x1196370 DEBUG   default gstvalue.c:2776:_priv_gst_value_parse_value: trying type name 'string'
0:00:00.014270546  2481 0x4fe320 DEBUG   GST_POLL gstpoll.c:980:gst_poll_fd_ctl_write: 0x506a00: fd (fd:0, idx:1), active : 1
0:00:00.018608409  2480 0x1196370 DEBUG   structure gststructure.c:2258:gst_structure_parse_field: trying field name 'klass'
0:00:00.014276386  2481 0x4fe320 LOG   GST_POLL gstpoll.c:994:gst_poll_fd_ctl_write: 0x506a00: pfd->events now 60 (POLLOUT:4)
0:00:00.018615650  2480 0x1196370 DEBUG   default gstvalue.c:2776:_priv_gst_value_parse_value: trying type name 'string'
0:00:00.014293302  2481 0x4fe320 DEBUG   GST_POLL gstpoll.c:980:gst_poll_fd_ctl_write: 0x506a00: fd (fd:0, idx:1), active : 1
0:00:00.018628533  2480 0x1196370 DEBUG   structure gststructure.c:2258:gst_structure_parse_field: trying field name 'description'
0:00:00.014298958  2481 0x4fe320 LOG   GST_POLL gstpoll.c:994:gst_poll_fd_ctl_write: 0x506a00: pfd->events now 60 (POLLOUT:4)
0:00:00.018634438  2480 0x1196370 DEBUG   default gstvalue.c:2776:_priv_gst_value_parse_value: trying type name 'string'
0:00:00.014305246  2481 0x4fe320 DEBUG   GST_POLL gstpoll.c:980:gst_poll_fd_ctl_write: 0x506a00: fd (fd:0, idx:1), active : 1
0:00:00.018641216  2480 0x1196370 DEBUG   structure gststructure.c:2258:gst_structure_parse_field: trying field name 'author'
0:00:00.014313232  2481 0x4fe320 LOG   GST_POLL gstpoll.c:994:gst_poll_fd_ctl_write: 0x506a00: pfd->events now 60 (POLLOUT:4)
0:00:00.018646793  2480 0x1196370 DEBUG   default gstvalue.c:2776:_priv_gst_value_parse_value: trying type name 'string'
0:00:00.014320450  2481 0x4fe320 DEBUG   GST_POLL gstpoll.c:980:gst_poll_fd_ctl_write: 0x506a00: fd (fd:0, idx:1), active : 1
0:00:00.018655940  2480 0x1196370 DEBUG   GST_REGISTRY gstregistrychunks.c:626:gst_registry_chunks_load_feature: Element factory : npadtemplates=1
0:00:00.014326658  2481 0x4fe320 LOG   GST_POLL gstpoll.c:994:gst_poll_fd_ctl_write: 0x506a00: pfd->events now 60 (POLLOUT:4)
0:00:00.018661953  2480 0x1196370 DEBUG   GST_REGISTRY gstregistrychunks.c:526:gst_registry_chunks_load_pad_template: Reading/casting for GstRegistryChunkPadTemplate at address 0x11b2418
0:00:00.014332953  2481 0x4fe320 DEBUG   GST_POLL gstpoll.c:980:gst_poll_fd_ctl_write: 0x506a00: fd (fd:0, idx:1), active : 1
0:00:00.018669997  2480 0x1196370 DEBUG   GST_REGISTRY gstregistrychunks.c:539:gst_registry_chunks_load_pad_template: Added pad_template sink
0:00:00.014338818  2481 0x4fe320 LOG   GST_POLL gstpoll.c:994:gst_poll_fd_ctl_write: 0x506a00: pfd->events now 60 (POLLOUT:4)
0:00:00.018678159  2480 0x1196370 DEBUG   GST_REGISTRY gstregistrychunks.c:639:gst_registry_chunks_load_feature: Reading 1 UriTypes at address 0x11b2429
0:00:00.014346419  2481 0x4fe320 DEBUG   GST_POLL gstpoll.c:980:gst_poll_fd_ctl_write: 0x506a00: fd (fd:0, idx:1), active : 1
0:00:00.014353758  2481 0x4fe320 LOG   GST_POLL gstpoll.c:994:gst_poll_fd_ctl_write: 0x506a00: pfd->events now 60 (POLLOUT:4)
0:00:00.018687524  2480 0x1196370 DEBUG   GST_REGISTRY gstregistrychunks.c:654:gst_registry_chunks_load_feature: Reading 1 Interfaces at address 0x11b2439
0:00:00.014359393  2481 0x4fe320 DEBUG   GST_POLL gstpoll.c:980:gst_poll_fd_ctl_write: 0x506a00: fd (fd:0, idx:1), active : 1
0:00:00.018697111  2480 0x1196370 DEBUG   GST_REGISTRY gstregistry.c:590:gst_registry_add_feature: adding feature 0x11b4370 (filesink)
0:00:00.014367252  2481 0x4fe320 LOG   GST_POLL gstpoll.c:994:gst_poll_fd_ctl_write: 0x506a00: pfd->events now 60 (POLLOUT:4)
0:00:00.018703622  2480 0x1196370 DEBUG   GST_REFCOUNTING gstobject.c:709:gst_object_set_parent: set parent (ref and sink)
0:00:00.014380251  2481 0x4fe320 DEBUG   GST_POLL gstpoll.c:980:gst_poll_fd_ctl_write: 0x506a00: fd (fd:0, idx:1), active : 1
0:00:00.018715822  2480 0x1196370 TRACE   GST_REFCOUNTING gstobject.c:294:gst_object_ref_sink: 0x11b4370 ref_sink 1->2
0:00:00.014386044  2481 0x4fe320 LOG   GST_POLL gstpoll.c:994:gst_poll_fd_ctl_write: 0x506a00: pfd->events now 60 (POLLOUT:4)
0:00:00.018722654  2480 0x1196370 LOG   GST_REGISTRY gstregistry.c:608:gst_registry_add_feature: emitting feature-added for filesink
0:00:00.014392778  2481 0x4fe320 DEBUG   GST_POLL gstpoll.c:980:gst_poll_fd_ctl_write: 0x506a00: fd (fd:0, idx:1), active : 1
0:00:00.018729382  2480 0x1196370 DEBUG   GST_REGISTRY gstregistrychunks.c:741:gst_registry_chunks_load_feature: Added feature filesink, plugin 0x11b03e0 coreelements
0:00:00.014398362  2481 0x4fe320 LOG   GST_POLL gstpoll.c:994:gst_poll_fd_ctl_write: 0x506a00: pfd->events now 60 (POLLOUT:4)
0:00:00.014406187  2481 0x4fe320 DEBUG   GST_POLL gstpoll.c:980:gst_poll_fd_ctl_write: 0x506a00: fd (fd:0, idx:1), active : 1
0:00:00.018738812  2480 0x1196370 DEBUG   GST_REGISTRY gstregistrychunks.c:583:gst_registry_chunks_load_feature: Plugin 'coreelements' feature 'queue2' typename : 'GstElementFactory'
0:00:00.014411530  2481 0x4fe320 LOG   GST_POLL gstpoll.c:994:gst_poll_fd_ctl_write: 0x506a00: pfd->events now 60 (POLLOUT:4)
0:00:00.018749494  2480 0x1196370 TRACE   GST_REFCOUNTING gstobject.c:208:gst_object_init: 0x11b4840 new
0:00:00.014417429  2481 0x4fe320 DEBUG   GST_POLL gstpoll.c:980:gst_poll_fd_ctl_write: 0x506a00: fd (fd:0, idx:1), active : 1
0:00:00.018758427  2480 0x1196370 LOG   GST_REGISTRY gstregistrychunks.c:610:gst_registry_chunks_load_feature: Reading/casting for GstRegistryChunkElementFactory at address 0x11b2460
0:00:00.014427493  2481 0x4fe320 LOG   GST_POLL gstpoll.c:994:gst_poll_fd_ctl_write: 0x506a00: pfd->events now 60 (POLLOUT:4)
0:00:00.018765670  2480 0x1196370 TRACE   structure gststructure.c:292:gst_structure_new_id_empty_with_size: created structure 0x11b4a10
0:00:00.018771841  2480 0x1196370 DEBUG   structure gststructure.c:2258:gst_structure_parse_field: trying field name 'long-name'
0:00:00.014434745  2481 0x4fe320 DEBUG   GST_POLL gstpoll.c:980:gst_poll_fd_ctl_write: 0x506a00: fd (fd:0, idx:1), active : 1
0:00:00.018777089  2480 0x1196370 DEBUG   default gstvalue.c:2776:_priv_gst_value_parse_value: trying type name 'string'
0:00:00.014448386  2481 0x4fe320 LOG   GST_POLL gstpoll.c:994:gst_poll_fd_ctl_write: 0x506a00: pfd->events now 60 (POLLOUT:4)
0:00:00.018783935  2480 0x1196370 DEBUG   structure gststructure.c:2258:gst_structure_parse_field: trying field name 'klass'
0:00:00.014455034  2481 0x4fe320 DEBUG   GST_POLL gstpoll.c:980:gst_poll_fd_ctl_write: 0x506a00: fd (fd:0, idx:1), active : 1
0:00:00.018789879  2480 0x1196370 DEBUG   default gstvalue.c:2776:_priv_gst_value_parse_value: trying type name 'string'
0:00:00.014467187  2481 0x4fe320 LOG   GST_POLL gstpoll.c:994:gst_poll_fd_ctl_write: 0x506a00: pfd->events now 60 (POLLOUT:4)
0:00:00.018804705  2480 0x1196370 DEBUG   structure gststructure.c:2258:gst_structure_parse_field: trying field name 'description'
0:00:00.014473178  2481 0x4fe320 DEBUG   GST_POLL gstpoll.c:980:gst_poll_fd_ctl_write: 0x506a00: fd (fd:0, idx:1), active : 1
0:00:00.018811433  2480 0x1196370 DEBUG   default gstvalue.c:2776:_priv_gst_value_parse_value: trying type name 'string'
0:00:00.014480587  2481 0x4fe320 LOG   GST_POLL gstpoll.c:994:gst_poll_fd_ctl_write: 0x506a00: pfd->events now 60 (POLLOUT:4)
0:00:00.018818387  2480 0x1196370 DEBUG   structure gststructure.c:2258:gst_structure_parse_field: trying field name 'author'
0:00:00.014489363  2481 0x4fe320 DEBUG   GST_POLL gstpoll.c:980:gst_poll_fd_ctl_write: 0x506a00: fd (fd:0, idx:1), active : 1
0:00:00.018824251  2480 0x1196370 DEBUG   default gstvalue.c:2776:_priv_gst_value_parse_value: trying type name 'string'
0:00:00.014496383  2481 0x4fe320 LOG   GST_POLL gstpoll.c:994:gst_poll_fd_ctl_write: 0x506a00: pfd->events now 60 (POLLOUT:4)
0:00:00.018832927  2480 0x1196370 DEBUG   GST_REGISTRY gstregistrychunks.c:626:gst_registry_chunks_load_feature: Element factory : npadtemplates=2
0:00:00.014502607  2481 0x4fe320 DEBUG   GST_POLL gstpoll.c:980:gst_poll_fd_ctl_write: 0x506a00: fd (fd:0, idx:1), active : 1
0:00:00.018838765  2480 0x1196370 DEBUG   GST_REGISTRY gstregistrychunks.c:526:gst_registry_chunks_load_pad_template: Reading/casting for GstRegistryChunkPadTemplate at address 0x11b2550
0:00:00.014508606  2481 0x4fe320 LOG   GST_POLL gstpoll.c:994:gst_poll_fd_ctl_write: 0x506a00: pfd->events now 60 (POLLOUT:4)
0:00:00.018844434  2480 0x1196370 DEBUG   GST_REGISTRY gstregistrychunks.c:539:gst_registry_chunks_load_pad_template: Added pad_template sink
0:00:00.014514605  2481 0x4fe320 DEBUG   GST_POLL gstpoll.c:980:gst_poll_fd_ctl_write: 0x506a00: fd (fd:0, idx:1), active : 1
0:00:00.018849993  2480 0x1196370 DEBUG   GST_REGISTRY gstregistrychunks.c:526:gst_registry_chunks_load_pad_template: Reading/casting for GstRegistryChunkPadTemplate at address 0x11b2568
0:00:00.014520220  2481 0x4fe320 LOG   GST_POLL gstpoll.c:994:gst_poll_fd_ctl_write: 0x506a00: pfd->events now 60 (POLLOUT:4)
0:00:00.018857596  2480 0x1196370 DEBUG   GST_REGISTRY gstregistrychunks.c:539:gst_registry_chunks_load_pad_template: Added pad_template src
0:00:00.014526427  2481 0x4fe320 DEBUG   GST_POLL gstpoll.c:980:gst_poll_fd_ctl_write: 0x506a00: fd (fd:0, idx:1), active : 1
0:00:00.014534202  2481 0x4fe320 LOG   GST_POLL gstpoll.c:994:gst_poll_fd_ctl_write: 0x506a00: pfd->events now 60 (POLLOUT:4)
0:00:00.018867437  2480 0x1196370 DEBUG   GST_REGISTRY gstregistry.c:590:gst_registry_add_feature: adding feature 0x11b4840 (queue2)
0:00:00.014542159  2481 0x4fe320 DEBUG   GST_POLL gstpoll.c:980:gst_poll_fd_ctl_write: 0x506a00: fd (fd:0, idx:1), active : 1
0:00:00.018875991  2480 0x1196370 DEBUG   GST_REFCOUNTING gstobject.c:709:gst_object_set_parent: set parent (ref and sink)
0:00:00.014554110  2481 0x4fe320 LOG   GST_POLL gstpoll.c:994:gst_poll_fd_ctl_write: 0x506a00: pfd->events now 60 (POLLOUT:4)
0:00:00.018890396  2480 0x1196370 TRACE   GST_REFCOUNTING gstobject.c:294:gst_object_ref_sink: 0x11b4840 ref_sink 1->2
0:00:00.014560764  2481 0x4fe320 DEBUG   GST_POLL gstpoll.c:980:gst_poll_fd_ctl_write: 0x506a00: fd (fd:0, idx:1), active : 1
0:00:00.018897083  2480 0x1196370 LOG   GST_REGISTRY gstregistry.c:608:gst_registry_add_feature: emitting feature-added for queue2
0:00:00.014566808  2481 0x4fe320 LOG   GST_POLL gstpoll.c:994:gst_poll_fd_ctl_write: 0x506a00: pfd->events now 60 (POLLOUT:4)
0:00:00.018904215  2480 0x1196370 DEBUG   GST_REGISTRY gstregistrychunks.c:741:gst_registry_chunks_load_feature: Added feature queue2, plugin 0x11b03e0 coreelements
0:00:00.014572982  2481 0x4fe320 DEBUG   GST_POLL gstpoll.c:980:gst_poll_fd_ctl_write: 0x506a00: fd (fd:0, idx:1), active : 1
0:00:00.018911361  2480 0x1196370 DEBUG   GST_REGISTRY gstregistrychunks.c:583:gst_registry_chunks_load_feature: Plugin 'coreelements' feature 'queue' typename : 'GstElementFactory'
0:00:00.014579582  2481 0x4fe320 LOG   GST_POLL gstpoll.c:994:gst_poll_fd_ctl_write: 0x506a00: pfd->events now 60 (POLLOUT:4)
0:00:00.018919489  2480 0x1196370 TRACE   GST_REFCOUNTING gstobject.c:208:gst_object_init: 0x11b4c60 new
0:00:00.014587138  2481 0x4fe320 DEBUG   GST_POLL gstpoll.c:980:gst_poll_fd_ctl_write: 0x506a00: fd (fd:0, idx:1), active : 1
0:00:00.014595753  2481 0x4fe320 LOG   GST_POLL gstpoll.c:994:gst_poll_fd_ctl_write: 0x506a00: pfd->events now 60 (POLLOUT:4)
0:00:00.018929433  2480 0x1196370 LOG   GST_REGISTRY gstregistrychunks.c:610:gst_registry_chunks_load_feature: Reading/casting for GstRegistryChunkElementFactory at address 0x11b2590
0:00:00.014604127  2481 0x4fe320 DEBUG   GST_POLL gstpoll.c:980:gst_poll_fd_ctl_write: 0x506a00: fd (fd:0, idx:1), active : 1
0:00:00.018939007  2480 0x1196370 TRACE   structure gststructure.c:292:gst_structure_new_id_empty_with_size: created structure 0x11b4d90
0:00:00.014611002  2481 0x4fe320 LOG   GST_POLL gstpoll.c:994:gst_poll_fd_ctl_write: 0x506a00: pfd->events now 60 (POLLOUT:4)
0:00:00.018946526  2480 0x1196370 DEBUG   structure gststructure.c:2258:gst_structure_parse_field: trying field name 'long-name'
0:00:00.014617545  2481 0x4fe320 DEBUG   GST_POLL gstpoll.c:980:gst_poll_fd_ctl_write: 0x506a00: fd (fd:0, idx:1), active : 1
0:00:00.018952883  2480 0x1196370 DEBUG   default gstvalue.c:2776:_priv_gst_value_parse_value: trying type name 'string'
0:00:00.014623430  2481 0x4fe320 LOG   GST_POLL gstpoll.c:994:gst_poll_fd_ctl_write: 0x506a00: pfd->events now 60 (POLLOUT:4)
0:00:00.018959195  2480 0x1196370 DEBUG   structure gststructure.c:2258:gst_structure_parse_field: trying field name 'klass'
0:00:00.014629550  2481 0x4fe320 DEBUG   GST_POLL gstpoll.c:980:gst_poll_fd_ctl_write: 0x506a00: fd (fd:0, idx:1), active : 1
0:00:00.018972813  2480 0x1196370 DEBUG   default gstvalue.c:2776:_priv_gst_value_parse_value: trying type name 'string'
0:00:00.014642030  2481 0x4fe320 LOG   GST_POLL gstpoll.c:994:gst_poll_fd_ctl_write: 0x506a00: pfd->events now 60 (POLLOUT:4)
0:00:00.018979570  2480 0x1196370 DEBUG   structure gststructure.c:2258:gst_structure_parse_field: trying field name 'description'
0:00:00.014648686  2481 0x4fe320 DEBUG   GST_POLL gstpoll.c:980:gst_poll_fd_ctl_write: 0x506a00: fd (fd:0, idx:1), active : 1
0:00:00.018985329  2480 0x1196370 DEBUG   default gstvalue.c:2776:_priv_gst_value_parse_value: trying type name 'string'
0:00:00.014654360  2481 0x4fe320 LOG   GST_POLL gstpoll.c:994:gst_poll_fd_ctl_write: 0x506a00: pfd->events now 60 (POLLOUT:4)
0:00:00.018993937  2480 0x1196370 DEBUG   structure gststructure.c:2258:gst_structure_parse_field: trying field name 'author'
0:00:00.014663970  2481 0x4fe320 DEBUG   GST_POLL gstpoll.c:980:gst_poll_fd_ctl_write: 0x506a00: fd (fd:0, idx:1), active : 1
0:00:00.019001355  2480 0x1196370 DEBUG   default gstvalue.c:2776:_priv_gst_value_parse_value: trying type name 'string'
0:00:00.014671221  2481 0x4fe320 LOG   GST_POLL gstpoll.c:994:gst_poll_fd_ctl_write: 0x506a00: pfd->events now 60 (POLLOUT:4)
0:00:00.014678085  2481 0x4fe320 DEBUG   GST_POLL gstpoll.c:980:gst_poll_fd_ctl_write: 0x506a00: fd (fd:0, idx:1), active : 1
0:00:00.014693432  2481 0x4fe320 LOG   GST_POLL gstpoll.c:994:gst_poll_fd_ctl_write: 0x506a00: pfd->events now 60 (POLLOUT:4)
0:00:00.019008826  2480 0x1196370 DEBUG   GST_REGISTRY gstregistrychunks.c:626:gst_registry_chunks_load_feature: Element factory : npadtemplates=2
0:00:00.014700270  2481 0x4fe320 DEBUG   GST_POLL gstpoll.c:980:gst_poll_fd_ctl_write: 0x506a00: fd (fd:0, idx:1), active : 1
0:00:00.019037897  2480 0x1196370 DEBUG   GST_REGISTRY gstregistrychunks.c:526:gst_registry_chunks_load_pad_template: Reading/casting for GstRegistryChunkPadTemplate at address 0x11b2648
0:00:00.014706273  2481 0x4fe320 LOG   GST_POLL gstpoll.c:994:gst_poll_fd_ctl_write: 0x506a00: pfd->events now 60 (POLLOUT:4)
0:00:00.019044661  2480 0x1196370 DEBUG   GST_REGISTRY gstregistrychunks.c:539:gst_registry_chunks_load_pad_template: Added pad_template sink
0:00:00.014716074  2481 0x4fe320 DEBUG   GST_POLL gstpoll.c:980:gst_poll_fd_ctl_write: 0x506a00: fd (fd:0, idx:1), active : 1
0:00:00.019052033  2480 0x1196370 DEBUG   GST_REGISTRY gstregistrychunks.c:526:gst_registry_chunks_load_pad_template: Reading/casting for GstRegistryChunkPadTemplate at address 0x11b2660
0:00:00.014722971  2481 0x4fe320 LOG   GST_POLL gstpoll.c:994:gst_poll_fd_ctl_write: 0x506a00: pfd->events now 60 (POLLOUT:4)
0:00:00.019059768  2480 0x1196370 DEBUG   GST_REGISTRY gstregistrychunks.c:539:gst_registry_chunks_load_pad_template: Added pad_template src
0:00:00.014729308  2481 0x4fe320 DEBUG   GST_POLL gstpoll.c:980:gst_poll_fd_ctl_write: 0x506a00: fd (fd:0, idx:1), active : 1
0:00:00.019073838  2480 0x1196370 DEBUG   GST_REGISTRY gstregistry.c:590:gst_registry_add_feature: adding feature 0x11b4c60 (queue)
0:00:00.014741864  2481 0x4fe320 LOG   GST_POLL gstpoll.c:994:gst_poll_fd_ctl_write: 0x506a00: pfd->events now 60 (POLLOUT:4)
0:00:00.019080828  2480 0x1196370 DEBUG   GST_REFCOUNTING gstobject.c:709:gst_object_set_parent: set parent (ref and sink)
0:00:00.014749810  2481 0x4fe320 DEBUG   GST_POLL gstpoll.c:980:gst_poll_fd_ctl_write: 0x506a00: fd (fd:0, idx:1), active : 1
0:00:00.019088711  2480 0x1196370 TRACE   GST_REFCOUNTING gstobject.c:294:gst_object_ref_sink: 0x11b4c60 ref_sink 1->2
0:00:00.014757008  2481 0x4fe320 LOG   GST_POLL gstpoll.c:994:gst_poll_fd_ctl_write: 0x506a00: pfd->events now 60 (POLLOUT:4)
0:00:00.019096335  2480 0x1196370 LOG   GST_REGISTRY gstregistry.c:608:gst_registry_add_feature: emitting feature-added for queue
0:00:00.014765338  2481 0x4fe320 DEBUG   GST_POLL gstpoll.c:980:gst_poll_fd_ctl_write: 0x506a00: fd (fd:0, idx:1), active : 1
0:00:00.019103778  2480 0x1196370 DEBUG   GST_REGISTRY gstregistrychunks.c:741:gst_registry_chunks_load_feature: Added feature queue, plugin 0x11b03e0 coreelements
0:00:00.014771922  2481 0x4fe320 LOG   GST_POLL gstpoll.c:994:gst_poll_fd_ctl_write: 0x506a00: pfd->events now 60 (POLLOUT:4)
0:00:00.019112990  2480 0x1196370 DEBUG   GST_REGISTRY gstregistrychunks.c:583:gst_registry_chunks_load_feature: Plugin 'coreelements' feature 'output-selector' typename : 'GstElementFactory'
0:00:00.014782559  2481 0x4fe320 DEBUG   GST_POLL gstpoll.c:980:gst_poll_fd_ctl_write: 0x506a00: fd (fd:0, idx:1), active : 1
0:00:00.014789353  2481 0x4fe320 LOG   GST_POLL gstpoll.c:994:gst_poll_fd_ctl_write: 0x506a00: pfd->events now 60 (POLLOUT:4)
0:00:00.019122552  2480 0x1196370 TRACE   GST_REFCOUNTING gstobject.c:208:gst_object_init: 0x11b4fb0 new
0:00:00.014795081  2481 0x4fe320 DEBUG   GST_POLL gstpoll.c:980:gst_poll_fd_ctl_write: 0x506a00: fd (fd:0, idx:1), active : 1
0:00:00.019132525  2480 0x1196370 LOG   GST_REGISTRY gstregistrychunks.c:610:gst_registry_chunks_load_feature: Reading/casting for GstRegistryChunkElementFactory at address 0x11b2698
0:00:00.014801020  2481 0x4fe320 LOG   GST_POLL gstpoll.c:994:gst_poll_fd_ctl_write: 0x506a00: pfd->events now 60 (POLLOUT:4)
0:00:00.019139458  2480 0x1196370 TRACE   structure gststructure.c:292:gst_structure_new_id_empty_with_size: created structure 0x11b5170
0:00:00.014808166  2481 0x4fe320 DEBUG   GST_POLL gstpoll.c:980:gst_poll_fd_ctl_write: 0x506a00: fd (fd:0, idx:1), active : 1
0:00:00.019145694  2480 0x1196370 DEBUG   structure gststructure.c:2258:gst_structure_parse_field: trying field name 'long-name'
0:00:00.014814354  2481 0x4fe320 LOG   GST_POLL gstpoll.c:994:gst_poll_fd_ctl_write: 0x506a00: pfd->events now 60 (POLLOUT:4)
0:00:00.019151925  2480 0x1196370 DEBUG   default gstvalue.c:2776:_priv_gst_value_parse_value: trying type name 'string'
0:00:00.014821194  2481 0x4fe320 DEBUG   GST_POLL gstpoll.c:980:gst_poll_fd_ctl_write: 0x506a00: fd (fd:0, idx:1), active : 1
0:00:00.019164397  2480 0x1196370 DEBUG   structure gststructure.c:2258:gst_structure_parse_field: trying field name 'klass'
0:00:00.014832486  2481 0x4fe320 LOG   GST_POLL gstpoll.c:994:gst_poll_fd_ctl_write: 0x506a00: pfd->events now 60 (POLLOUT:4)
0:00:00.019170485  2480 0x1196370 DEBUG   default gstvalue.c:2776:_priv_gst_value_parse_value: trying type name 'string'
0:00:00.014842314  2481 0x4fe320 DEBUG   GST_POLL gstpoll.c:980:gst_poll_fd_ctl_write: 0x506a00: fd (fd:0, idx:1), active : 1
0:00:00.019179333  2480 0x1196370 DEBUG   structure gststructure.c:2258:gst_structure_parse_field: trying field name 'description'
0:00:00.014848997  2481 0x4fe320 LOG   GST_POLL gstpoll.c:994:gst_poll_fd_ctl_write: 0x506a00: pfd->events now 60 (POLLOUT:4)
0:00:00.019186624  2480 0x1196370 DEBUG   default gstvalue.c:2776:_priv_gst_value_parse_value: trying type name 'string'
0:00:00.014856327  2481 0x4fe320 DEBUG   GST_POLL gstpoll.c:980:gst_poll_fd_ctl_write: 0x506a00: fd (fd:0, idx:1), active : 1
0:00:00.019194083  2480 0x1196370 DEBUG   structure gststructure.c:2258:gst_structure_parse_field: trying field name 'author'
0:00:00.014862258  2481 0x4fe320 LOG   GST_POLL gstpoll.c:994:gst_poll_fd_ctl_write: 0x506a00: pfd->events now 60 (POLLOUT:4)
0:00:00.019200396  2480 0x1196370 DEBUG   default gstvalue.c:2776:_priv_gst_value_parse_value: trying type name 'string'
0:00:00.014870375  2481 0x4fe320 LOG   GST_PLUGIN_LOADING gstpluginloader.c:645:put_chunk: Expanding tx buf from 10158 to 13209 for chunk of size 209
0:00:00.019207433  2480 0x1196370 DEBUG   GST_REGISTRY gstregistrychunks.c:626:gst_registry_chunks_load_feature: Element factory : npadtemplates=2
0:00:00.019213309  2480 0x1196370 DEBUG   GST_REGISTRY gstregistrychunks.c:526:gst_registry_chunks_load_pad_template: Reading/casting for GstRegistryChunkPadTemplate at address 0x11b2770
0:00:00.019218313  2480 0x1196370 DEBUG   GST_REGISTRY gstregistrychunks.c:539:gst_registry_chunks_load_pad_template: Added pad_template src_%u
0:00:00.019223471  2480 0x1196370 DEBUG   GST_REGISTRY gstregistrychunks.c:526:gst_registry_chunks_load_pad_template: Reading/casting for GstRegistryChunkPadTemplate at address 0x11b2788
0:00:00.014891779  2481 0x4fe320 DEBUG   GST_POLL gstpoll.c:980:gst_poll_fd_ctl_write: 0x506a00: fd (fd:0, idx:1), active : 1
0:00:00.019231441  2480 0x1196370 DEBUG   GST_REGISTRY gstregistrychunks.c:539:gst_registry_chunks_load_pad_template: Added pad_template sink
0:00:00.014901241  2481 0x4fe320 LOG   GST_POLL gstpoll.c:994:gst_poll_fd_ctl_write: 0x506a00: pfd->events now 60 (POLLOUT:4)
0:00:00.019240634  2480 0x1196370 DEBUG   GST_REGISTRY gstregistry.c:590:gst_registry_add_feature: adding feature 0x11b4fb0 (output-selector)
0:00:00.014908652  2481 0x4fe320 DEBUG   GST_POLL gstpoll.c:980:gst_poll_fd_ctl_write: 0x506a00: fd (fd:0, idx:1), active : 1
0:00:00.019248676  2480 0x1196370 DEBUG   GST_REFCOUNTING gstobject.c:709:gst_object_set_parent: set parent (ref and sink)
0:00:00.014922198  2481 0x4fe320 LOG   GST_POLL gstpoll.c:994:gst_poll_fd_ctl_write: 0x506a00: pfd->events now 60 (POLLOUT:4)
0:00:00.019259434  2480 0x1196370 TRACE   GST_REFCOUNTING gstobject.c:294:gst_object_ref_sink: 0x11b4fb0 ref_sink 1->2
0:00:00.014928998  2481 0x4fe320 DEBUG   GST_POLL gstpoll.c:980:gst_poll_fd_ctl_write: 0x506a00: fd (fd:0, idx:1), active : 1
0:00:00.019267053  2480 0x1196370 LOG   GST_REGISTRY gstregistry.c:608:gst_registry_add_feature: emitting feature-added for output-selector
0:00:00.014935102  2481 0x4fe320 LOG   GST_POLL gstpoll.c:994:gst_poll_fd_ctl_write: 0x506a00: pfd->events now 60 (POLLOUT:4)
0:00:00.019274809  2480 0x1196370 DEBUG   GST_REGISTRY gstregistrychunks.c:741:gst_registry_chunks_load_feature: Added feature output-selector, plugin 0x11b03e0 coreelements
0:00:00.014942885  2481 0x4fe320 DEBUG   GST_POLL gstpoll.c:980:gst_poll_fd_ctl_write: 0x506a00: fd (fd:0, idx:1), active : 1
0:00:00.019283062  2480 0x1196370 DEBUG   GST_REGISTRY gstregistrychunks.c:583:gst_registry_chunks_load_feature: Plugin 'coreelements' feature 'input-selector' typename : 'GstElementFactory'
0:00:00.014951017  2481 0x4fe320 LOG   GST_POLL gstpoll.c:994:gst_poll_fd_ctl_write: 0x506a00: pfd->events now 60 (POLLOUT:4)
0:00:00.019290904  2480 0x1196370 TRACE   GST_REFCOUNTING gstobject.c:208:gst_object_init: 0x11b5540 new
0:00:00.014960747  2481 0x4fe320 DEBUG   GST_POLL gstpoll.c:980:gst_poll_fd_ctl_write: 0x506a00: fd (fd:0, idx:1), active : 1
0:00:00.014968217  2481 0x4fe320 LOG   GST_POLL gstpoll.c:994:gst_poll_fd_ctl_write: 0x506a00: pfd->events now 60 (POLLOUT:4)
0:00:00.019301476  2480 0x1196370 LOG   GST_REGISTRY gstregistrychunks.c:610:gst_registry_chunks_load_feature: Reading/casting for GstRegistryChunkElementFactory at address 0x11b27c0
0:00:00.014974798  2481 0x4fe320 DEBUG   GST_POLL gstpoll.c:980:gst_poll_fd_ctl_write: 0x506a00: fd (fd:0, idx:1), active : 1
0:00:00.019310885  2480 0x1196370 TRACE   structure gststructure.c:292:gst_structure_new_id_empty_with_size: created structure 0x11b5890
0:00:00.014981115  2481 0x4fe320 LOG   GST_POLL gstpoll.c:994:gst_poll_fd_ctl_write: 0x506a00: pfd->events now 60 (POLLOUT:4)
0:00:00.019317622  2480 0x1196370 DEBUG   structure gststructure.c:2258:gst_structure_parse_field: trying field name 'long-name'
0:00:00.014987919  2481 0x4fe320 DEBUG   GST_POLL gstpoll.c:980:gst_poll_fd_ctl_write: 0x506a00: fd (fd:0, idx:1), active : 1
0:00:00.019323729  2480 0x1196370 DEBUG   default gstvalue.c:2776:_priv_gst_value_parse_value: trying type name 'string'
0:00:00.014993775  2481 0x4fe320 LOG   GST_POLL gstpoll.c:994:gst_poll_fd_ctl_write: 0x506a00: pfd->events now 60 (POLLOUT:4)
0:00:00.019330813  2480 0x1196370 DEBUG   structure gststructure.c:2258:gst_structure_parse_field: trying field name 'klass'
0:00:00.014999870  2481 0x4fe320 DEBUG   GST_POLL gstpoll.c:980:gst_poll_fd_ctl_write: 0x506a00: fd (fd:0, idx:1), active : 1
0:00:00.019343613  2480 0x1196370 DEBUG   default gstvalue.c:2776:_priv_gst_value_parse_value: trying type name 'string'
0:00:00.015013048  2481 0x4fe320 LOG   GST_POLL gstpoll.c:994:gst_poll_fd_ctl_write: 0x506a00: pfd->events now 60 (POLLOUT:4)
0:00:00.019350089  2480 0x1196370 DEBUG   structure gststructure.c:2258:gst_structure_parse_field: trying field name 'description'
0:00:00.015021314  2481 0x4fe320 DEBUG   GST_POLL gstpoll.c:980:gst_poll_fd_ctl_write: 0x506a00: fd (fd:0, idx:1), active : 1
0:00:00.019355764  2480 0x1196370 DEBUG   default gstvalue.c:2776:_priv_gst_value_parse_value: trying type name 'string'
0:00:00.015028119  2481 0x4fe320 LOG   GST_POLL gstpoll.c:994:gst_poll_fd_ctl_write: 0x506a00: pfd->events now 60 (POLLOUT:4)
0:00:00.019365698  2480 0x1196370 DEBUG   structure gststructure.c:2258:gst_structure_parse_field: trying field name 'author'
0:00:00.015034495  2481 0x4fe320 DEBUG   GST_POLL gstpoll.c:980:gst_poll_fd_ctl_write: 0x506a00: fd (fd:0, idx:1), active : 1
0:00:00.019372686  2480 0x1196370 DEBUG   default gstvalue.c:2776:_priv_gst_value_parse_value: trying type name 'string'
0:00:00.015042007  2481 0x4fe320 LOG   GST_POLL gstpoll.c:994:gst_poll_fd_ctl_write: 0x506a00: pfd->events now 60 (POLLOUT:4)
0:00:00.019380602  2480 0x1196370 DEBUG   GST_REGISTRY gstregistrychunks.c:626:gst_registry_chunks_load_feature: Element factory : npadtemplates=2
0:00:00.015048051  2481 0x4fe320 DEBUG   GST_POLL gstpoll.c:980:gst_poll_fd_ctl_write: 0x506a00: fd (fd:0, idx:1), active : 1
0:00:00.019386541  2480 0x1196370 DEBUG   GST_REGISTRY gstregistrychunks.c:526:gst_registry_chunks_load_pad_template: Reading/casting for GstRegistryChunkPadTemplate at address 0x11b28f0
0:00:00.015055748  2481 0x4fe320 LOG   GST_POLL gstpoll.c:994:gst_poll_fd_ctl_write: 0x506a00: pfd->events now 60 (POLLOUT:4)
0:00:00.019392461  2480 0x1196370 DEBUG   GST_REGISTRY gstregistrychunks.c:539:gst_registry_chunks_load_pad_template: Added pad_template src
0:00:00.015061893  2481 0x4fe320 DEBUG   GST_POLL gstpoll.c:980:gst_poll_fd_ctl_write: 0x506a00: fd (fd:0, idx:1), active : 1
0:00:00.019398186  2480 0x1196370 DEBUG   GST_REGISTRY gstregistrychunks.c:526:gst_registry_chunks_load_pad_template: Reading/casting for GstRegistryChunkPadTemplate at address 0x11b2900
0:00:00.015067639  2481 0x4fe320 LOG   GST_POLL gstpoll.c:994:gst_poll_fd_ctl_write: 0x506a00: pfd->events now 60 (POLLOUT:4)
0:00:00.019403850  2480 0x1196370 DEBUG   GST_REGISTRY gstregistrychunks.c:539:gst_registry_chunks_load_pad_template: Added pad_template sink_%u
0:00:00.015075904  2481 0x4fe320 DEBUG   GST_POLL gstpoll.c:980:gst_poll_fd_ctl_write: 0x506a00: fd (fd:0, idx:1), active : 1
0:00:00.019411727  2480 0x1196370 DEBUG   GST_REGISTRY gstregistry.c:590:gst_registry_add_feature: adding feature 0x11b5540 (input-selector)
0:00:00.015082438  2481 0x4fe320 LOG   GST_POLL gstpoll.c:994:gst_poll_fd_ctl_write: 0x506a00: pfd->events now 60 (POLLOUT:4)
0:00:00.019419803  2480 0x1196370 DEBUG   GST_REFCOUNTING gstobject.c:709:gst_object_set_parent: set parent (ref and sink)
0:00:00.015098179  2481 0x4fe320 DEBUG   GST_POLL gstpoll.c:980:gst_poll_fd_ctl_write: 0x506a00: fd (fd:0, idx:1), active : 1
0:00:00.019434856  2480 0x1196370 TRACE   GST_REFCOUNTING gstobject.c:294:gst_object_ref_sink: 0x11b5540 ref_sink 1->2
0:00:00.015104752  2481 0x4fe320 LOG   GST_POLL gstpoll.c:994:gst_poll_fd_ctl_write: 0x506a00: pfd->events now 60 (POLLOUT:4)
0:00:00.019442484  2480 0x1196370 LOG   GST_REGISTRY gstregistry.c:608:gst_registry_add_feature: emitting feature-added for input-selector
0:00:00.015111158  2481 0x4fe320 DEBUG   GST_POLL gstpoll.c:980:gst_poll_fd_ctl_write: 0x506a00: fd (fd:0, idx:1), active : 1
0:00:00.019449761  2480 0x1196370 DEBUG   GST_REGISTRY gstregistrychunks.c:741:gst_registry_chunks_load_feature: Added feature input-selector, plugin 0x11b03e0 coreelements
0:00:00.015117630  2481 0x4fe320 LOG   GST_POLL gstpoll.c:994:gst_poll_fd_ctl_write: 0x506a00: pfd->events now 60 (POLLOUT:4)
0:00:00.019456988  2480 0x1196370 DEBUG   GST_REGISTRY gstregistrychunks.c:583:gst_registry_chunks_load_feature: Plugin 'coreelements' feature 'identity' typename : 'GstElementFactory'
0:00:00.015125302  2481 0x4fe320 DEBUG   GST_POLL gstpoll.c:980:gst_poll_fd_ctl_write: 0x506a00: fd (fd:0, idx:1), active : 1
0:00:00.015132304  2481 0x4fe320 LOG   GST_POLL gstpoll.c:994:gst_poll_fd_ctl_write: 0x506a00: pfd->events now 60 (POLLOUT:4)
0:00:00.019465175  2480 0x1196370 TRACE   GST_REFCOUNTING gstobject.c:208:gst_object_init: 0x11b5b10 new
0:00:00.015140870  2481 0x4fe320 DEBUG   GST_POLL gstpoll.c:980:gst_poll_fd_ctl_write: 0x506a00: fd (fd:0, idx:1), active : 1
0:00:00.019475664  2480 0x1196370 LOG   GST_REGISTRY gstregistrychunks.c:610:gst_registry_chunks_load_feature: Reading/casting for GstRegistryChunkElementFactory at address 0x11b2930
0:00:00.015148091  2481 0x4fe320 LOG   GST_POLL gstpoll.c:994:gst_poll_fd_ctl_write: 0x506a00: pfd->events now 60 (POLLOUT:4)
0:00:00.019483796  2480 0x1196370 TRACE   structure gststructure.c:292:gst_structure_new_id_empty_with_size: created structure 0x11b5c00
0:00:00.015154452  2481 0x4fe320 DEBUG   GST_POLL gstpoll.c:980:gst_poll_fd_ctl_write: 0x506a00: fd (fd:0, idx:1), active : 1
0:00:00.019491851  2480 0x1196370 DEBUG   structure gststructure.c:2258:gst_structure_parse_field: trying field name 'long-name'
0:00:00.015160126  2481 0x4fe320 LOG   GST_POLL gstpoll.c:994:gst_poll_fd_ctl_write: 0x506a00: pfd->events now 60 (POLLOUT:4)
0:00:00.019499277  2480 0x1196370 DEBUG   default gstvalue.c:2776:_priv_gst_value_parse_value: trying type name 'string'
0:00:00.015168742  2481 0x4fe320 DEBUG   GST_POLL gstpoll.c:980:gst_poll_fd_ctl_write: 0x506a00: fd (fd:0, idx:1), active : 1
0:00:00.019506325  2480 0x1196370 DEBUG   structure gststructure.c:2258:gst_structure_parse_field: trying field name 'klass'
0:00:00.015174462  2481 0x4fe320 LOG   GST_POLL gstpoll.c:994:gst_poll_fd_ctl_write: 0x506a00: pfd->events now 60 (POLLOUT:4)
0:00:00.019519449  2480 0x1196370 DEBUG   default gstvalue.c:2776:_priv_gst_value_parse_value: trying type name 'string'
0:00:00.015189283  2481 0x4fe320 DEBUG   GST_POLL gstpoll.c:980:gst_poll_fd_ctl_write: 0x506a00: fd (fd:0, idx:1), active : 1
0:00:00.019526017  2480 0x1196370 DEBUG   structure gststructure.c:2258:gst_structure_parse_field: trying field name 'description'
0:00:00.015195117  2481 0x4fe320 LOG   GST_POLL gstpoll.c:994:gst_poll_fd_ctl_write: 0x506a00: pfd->events now 60 (POLLOUT:4)
0:00:00.019531808  2480 0x1196370 DEBUG   default gstvalue.c:2776:_priv_gst_value_parse_value: trying type name 'string'
0:00:00.015204101  2481 0x4fe320 DEBUG   GST_POLL gstpoll.c:980:gst_poll_fd_ctl_write: 0x506a00: fd (fd:0, idx:1), active : 1
0:00:00.019538222  2480 0x1196370 DEBUG   structure gststructure.c:2258:gst_structure_parse_field: trying field name 'author'
0:00:00.015211074  2481 0x4fe320 LOG   GST_POLL gstpoll.c:994:gst_poll_fd_ctl_write: 0x506a00: pfd->events now 60 (POLLOUT:4)
0:00:00.019546149  2480 0x1196370 DEBUG   default gstvalue.c:2776:_priv_gst_value_parse_value: trying type name 'string'
0:00:00.015217602  2481 0x4fe320 DEBUG   GST_POLL gstpoll.c:980:gst_poll_fd_ctl_write: 0x506a00: fd (fd:0, idx:1), active : 1
0:00:00.019555103  2480 0x1196370 DEBUG   GST_REGISTRY gstregistrychunks.c:626:gst_registry_chunks_load_feature: Element factory : npadtemplates=2
0:00:00.015223986  2481 0x4fe320 LOG   GST_POLL gstpoll.c:994:gst_poll_fd_ctl_write: 0x506a00: pfd->events now 60 (POLLOUT:4)
0:00:00.019562288  2480 0x1196370 DEBUG   GST_REGISTRY gstregistrychunks.c:526:gst_registry_chunks_load_pad_template: Reading/casting for GstRegistryChunkPadTemplate at address 0x11b2a00
0:00:00.015231538  2481 0x4fe320 DEBUG   GST_POLL gstpoll.c:980:gst_poll_fd_ctl_write: 0x506a00: fd (fd:0, idx:1), active : 1
0:00:00.019568466  2480 0x1196370 DEBUG   GST_REGISTRY gstregistrychunks.c:539:gst_registry_chunks_load_pad_template: Added pad_template sink
0:00:00.015237235  2481 0x4fe320 LOG   GST_POLL gstpoll.c:994:gst_poll_fd_ctl_write: 0x506a00: pfd->events now 60 (POLLOUT:4)
0:00:00.019574447  2480 0x1196370 DEBUG   GST_REGISTRY gstregistrychunks.c:526:gst_registry_chunks_load_pad_template: Reading/casting for GstRegistryChunkPadTemplate at address 0x11b2a18
0:00:00.015243836  2481 0x4fe320 DEBUG   GST_POLL gstpoll.c:980:gst_poll_fd_ctl_write: 0x506a00: fd (fd:0, idx:1), active : 1
0:00:00.019580366  2480 0x1196370 DEBUG   GST_REGISTRY gstregistrychunks.c:539:gst_registry_chunks_load_pad_template: Added pad_template src
0:00:00.015249501  2481 0x4fe320 LOG   GST_POLL gstpoll.c:994:gst_poll_fd_ctl_write: 0x506a00: pfd->events now 60 (POLLOUT:4)
0:00:00.019588195  2480 0x1196370 DEBUG   GST_REGISTRY gstregistry.c:590:gst_registry_add_feature: adding feature 0x11b5b10 (identity)
0:00:00.015257542  2481 0x4fe320 DEBUG   GST_POLL gstpoll.c:980:gst_poll_fd_ctl_write: 0x506a00: fd (fd:0, idx:1), active : 1
0:00:00.019601263  2480 0x1196370 DEBUG   GST_REFCOUNTING gstobject.c:709:gst_object_set_parent: set parent (ref and sink)
0:00:00.015270250  2481 0x4fe320 LOG   GST_POLL gstpoll.c:994:gst_poll_fd_ctl_write: 0x506a00: pfd->events now 60 (POLLOUT:4)
0:00:00.019608781  2480 0x1196370 TRACE   GST_REFCOUNTING gstobject.c:294:gst_object_ref_sink: 0x11b5b10 ref_sink 1->2
0:00:00.015277713  2481 0x4fe320 DEBUG   GST_POLL gstpoll.c:980:gst_poll_fd_ctl_write: 0x506a00: fd (fd:0, idx:1), active : 1
0:00:00.015286146  2481 0x4fe320 LOG   GST_POLL gstpoll.c:994:gst_poll_fd_ctl_write: 0x506a00: pfd->events now 60 (POLLOUT:4)
0:00:00.019618466  2480 0x1196370 LOG   GST_REGISTRY gstregistry.c:608:gst_registry_add_feature: emitting feature-added for identity
0:00:00.015291966  2481 0x4fe320 DEBUG   GST_POLL gstpoll.c:980:gst_poll_fd_ctl_write: 0x506a00: fd (fd:0, idx:1), active : 1
0:00:00.019628313  2480 0x1196370 DEBUG   GST_REGISTRY gstregistrychunks.c:741:gst_registry_chunks_load_feature: Added feature identity, plugin 0x11b03e0 coreelements
0:00:00.015297705  2481 0x4fe320 LOG   GST_POLL gstpoll.c:994:gst_poll_fd_ctl_write: 0x506a00: pfd->events now 60 (POLLOUT:4)
0:00:00.019635512  2480 0x1196370 DEBUG   GST_REGISTRY gstregistrychunks.c:583:gst_registry_chunks_load_feature: Plugin 'coreelements' feature 'funnel' typename : 'GstElementFactory'
0:00:00.015304055  2481 0x4fe320 DEBUG   GST_POLL gstpoll.c:980:gst_poll_fd_ctl_write: 0x506a00: fd (fd:0, idx:1), active : 1
0:00:00.015310647  2481 0x4fe320 LOG   GST_POLL gstpoll.c:994:gst_poll_fd_ctl_write: 0x506a00: pfd->events now 60 (POLLOUT:4)
0:00:00.019643577  2480 0x1196370 TRACE   GST_REFCOUNTING gstobject.c:208:gst_object_init: 0x11b5e80 new
0:00:00.015318591  2481 0x4fe320 DEBUG   GST_POLL gstpoll.c:980:gst_poll_fd_ctl_write: 0x506a00: fd (fd:0, idx:1), active : 1
0:00:00.019653886  2480 0x1196370 LOG   GST_REGISTRY gstregistrychunks.c:610:gst_registry_chunks_load_feature: Reading/casting for GstRegistryChunkElementFactory at address 0x11b2a48
0:00:00.015325276  2481 0x4fe320 LOG   GST_POLL gstpoll.c:994:gst_poll_fd_ctl_write: 0x506a00: pfd->events now 60 (POLLOUT:4)
0:00:00.015332082  2481 0x4fe320 DEBUG   GST_POLL gstpoll.c:980:gst_poll_fd_ctl_write: 0x506a00: fd (fd:0, idx:1), active : 1
0:00:00.019665957  2480 0x1196370 TRACE   structure gststructure.c:292:gst_structure_new_id_empty_with_size: created structure 0x11b6040
0:00:00.015337776  2481 0x4fe320 LOG   GST_POLL gstpoll.c:994:gst_poll_fd_ctl_write: 0x506a00: pfd->events now 60 (POLLOUT:4)
0:00:00.019673235  2480 0x1196370 DEBUG   structure gststructure.c:2258:gst_structure_parse_field: trying field name 'long-name'
0:00:00.015344568  2481 0x4fe320 DEBUG   GST_POLL gstpoll.c:980:gst_poll_fd_ctl_write: 0x506a00: fd (fd:0, idx:1), active : 1
0:00:00.019681658  2480 0x1196370 DEBUG   default gstvalue.c:2776:_priv_gst_value_parse_value: trying type name 'string'
0:00:00.015350098  2481 0x4fe320 LOG   GST_POLL gstpoll.c:994:gst_poll_fd_ctl_write: 0x506a00: pfd->events now 60 (POLLOUT:4)
0:00:00.019694764  2480 0x1196370 DEBUG   structure gststructure.c:2258:gst_structure_parse_field: trying field name 'klass'
0:00:00.015363115  2481 0x4fe320 DEBUG   GST_POLL gstpoll.c:980:gst_poll_fd_ctl_write: 0x506a00: fd (fd:0, idx:1), active : 1
0:00:00.019701573  2480 0x1196370 DEBUG   default gstvalue.c:2776:_priv_gst_value_parse_value: trying type name 'string'
0:00:00.015370606  2481 0x4fe320 LOG   GST_POLL gstpoll.c:994:gst_poll_fd_ctl_write: 0x506a00: pfd->events now 60 (POLLOUT:4)
0:00:00.019708631  2480 0x1196370 DEBUG   structure gststructure.c:2258:gst_structure_parse_field: trying field name 'description'
