0:00:00.020152536  2468 0xafb370 DEBUG   GST_REGISTRY gstregistrychunks.c:583:gst_registry_chunks_load_feature: Plugin 'coreelements' feature 'typefind' typename : 'GstElementFactory'
0:00:00.015285824  2469 0x1f6e320 DEBUG   GST_POLL gstpoll.c:980:gst_poll_fd_ctl_write: 0x1f769c0: fd (fd:0, idx:1), active : 1
0:00:00.015298055  2469 0x1f6e320 LOG   GST_POLL gstpoll.c:994:gst_poll_fd_ctl_write: 0x1f769c0: pfd->events now 60 (POLLOUT:4)
0:00:00.020172050  2468 0xafb370 TRACE   GST_REFCOUNTING gstobject.c:208:gst_object_init: 0xb18d20 new
0:00:00.015304331  2469 0x1f6e320 DEBUG   GST_POLL gstpoll.c:980:gst_poll_fd_ctl_write: 0x1f769c0: fd (fd:0, idx:1), active : 1
0:00:00.020181913  2468 0xafb370 LOG   GST_REGISTRY gstregistrychunks.c:610:gst_registry_chunks_load_feature: Reading/casting for GstRegistryChunkElementFactory at address 0xb170c8
0:00:00.015310850  2469 0x1f6e320 LOG   GST_POLL gstpoll.c:994:gst_poll_fd_ctl_write: 0x1f769c0: pfd->events now 60 (POLLOUT:4)
0:00:00.015319133  2469 0x1f6e320 DEBUG   GST_POLL gstpoll.c:980:gst_poll_fd_ctl_write: 0x1f769c0: fd (fd:0, idx:1), active : 1
0:00:00.020193584  2468 0xafb370 TRACE   structure gststructure.c:292:gst_structure_new_id_empty_with_size: created structure 0xb18f70
0:00:00.015325135  2469 0x1f6e320 LOG   GST_POLL gstpoll.c:994:gst_poll_fd_ctl_write: 0x1f769c0: pfd->events now 60 (POLLOUT:4)
0:00:00.020200454  2468 0xafb370 DEBUG   structure gststructure.c:2258:gst_structure_parse_field: trying field name 'long-name'
0:00:00.015331922  2469 0x1f6e320 DEBUG   GST_POLL gstpoll.c:980:gst_poll_fd_ctl_write: 0x1f769c0: fd (fd:0, idx:1), active : 1
0:00:00.020206977  2468 0xafb370 DEBUG   default gstvalue.c:2776:_priv_gst_value_parse_value: trying type name 'string'
0:00:00.015338600  2469 0x1f6e320 LOG   GST_POLL gstpoll.c:994:gst_poll_fd_ctl_write: 0x1f769c0: pfd->events now 60 (POLLOUT:4)
0:00:00.020214591  2468 0xafb370 DEBUG   structure gststructure.c:2258:gst_structure_parse_field: trying field name 'klass'
0:00:00.015345287  2469 0x1f6e320 DEBUG   GST_POLL gstpoll.c:980:gst_poll_fd_ctl_write: 0x1f769c0: fd (fd:0, idx:1), active : 1
0:00:00.020221163  2468 0xafb370 DEBUG   default gstvalue.c:2776:_priv_gst_value_parse_value: trying type name 'string'
0:00:00.015351676  2469 0x1f6e320 LOG   GST_POLL gstpoll.c:994:gst_poll_fd_ctl_write: 0x1f769c0: pfd->events now 60 (POLLOUT:4)
0:00:00.020228414  2468 0xafb370 DEBUG   structure gststructure.c:2258:gst_structure_parse_field: trying field name 'description'
0:00:00.015358277  2469 0x1f6e320 DEBUG   GST_POLL gstpoll.c:980:gst_poll_fd_ctl_write: 0x1f769c0: fd (fd:0, idx:1), active : 1
0:00:00.020234703  2468 0xafb370 DEBUG   default gstvalue.c:2776:_priv_gst_value_parse_value: trying type name 'string'
0:00:00.015365395  2469 0x1f6e320 LOG   GST_POLL gstpoll.c:994:gst_poll_fd_ctl_write: 0x1f769c0: pfd->events now 60 (POLLOUT:4)
0:00:00.020242272  2468 0xafb370 DEBUG   structure gststructure.c:2258:gst_structure_parse_field: trying field name 'author'
0:00:00.015371973  2469 0x1f6e320 DEBUG   GST_POLL gstpoll.c:980:gst_poll_fd_ctl_write: 0x1f769c0: fd (fd:0, idx:1), active : 1
0:00:00.020252921  2468 0xafb370 DEBUG   default gstvalue.c:2776:_priv_gst_value_parse_value: trying type name 'string'
0:00:00.015383691  2469 0x1f6e320 LOG   GST_POLL gstpoll.c:994:gst_poll_fd_ctl_write: 0x1f769c0: pfd->events now 60 (POLLOUT:4)
0:00:00.020260750  2468 0xafb370 DEBUG   GST_REGISTRY gstregistrychunks.c:626:gst_registry_chunks_load_feature: Element factory : npadtemplates=2
0:00:00.015390624  2469 0x1f6e320 DEBUG   GST_POLL gstpoll.c:980:gst_poll_fd_ctl_write: 0x1f769c0: fd (fd:0, idx:1), active : 1
0:00:00.020267479  2468 0xafb370 DEBUG   GST_REGISTRY gstregistrychunks.c:526:gst_registry_chunks_load_pad_template: Reading/casting for GstRegistryChunkPadTemplate at address 0xb171a0
0:00:00.015397821  2469 0x1f6e320 LOG   GST_POLL gstpoll.c:994:gst_poll_fd_ctl_write: 0x1f769c0: pfd->events now 60 (POLLOUT:4)
0:00:00.020274659  2468 0xafb370 DEBUG   GST_REGISTRY gstregistrychunks.c:539:gst_registry_chunks_load_pad_template: Added pad_template sink
0:00:00.015404605  2469 0x1f6e320 DEBUG   GST_POLL gstpoll.c:980:gst_poll_fd_ctl_write: 0x1f769c0: fd (fd:0, idx:1), active : 1
0:00:00.020281493  2468 0xafb370 DEBUG   GST_REGISTRY gstregistrychunks.c:526:gst_registry_chunks_load_pad_template: Reading/casting for GstRegistryChunkPadTemplate at address 0xb171b8
0:00:00.015411913  2469 0x1f6e320 LOG   GST_POLL gstpoll.c:994:gst_poll_fd_ctl_write: 0x1f769c0: pfd->events now 60 (POLLOUT:4)
0:00:00.020288146  2468 0xafb370 DEBUG   GST_REGISTRY gstregistrychunks.c:539:gst_registry_chunks_load_pad_template: Added pad_template src
0:00:00.015418964  2469 0x1f6e320 DEBUG   GST_POLL gstpoll.c:980:gst_poll_fd_ctl_write: 0x1f769c0: fd (fd:0, idx:1), active : 1
0:00:00.015425893  2469 0x1f6e320 LOG   GST_POLL gstpoll.c:994:gst_poll_fd_ctl_write: 0x1f769c0: pfd->events now 60 (POLLOUT:4)
0:00:00.020298023  2468 0xafb370 DEBUG   GST_REGISTRY gstregistry.c:590:gst_registry_add_feature: adding feature 0xb18d20 (typefind)
0:00:00.015432072  2469 0x1f6e320 DEBUG   GST_POLL gstpoll.c:980:gst_poll_fd_ctl_write: 0x1f769c0: fd (fd:0, idx:1), active : 1
0:00:00.020306632  2468 0xafb370 DEBUG   GST_REFCOUNTING gstobject.c:709:gst_object_set_parent: set parent (ref and sink)
0:00:00.015438805  2469 0x1f6e320 LOG   GST_POLL gstpoll.c:994:gst_poll_fd_ctl_write: 0x1f769c0: pfd->events now 60 (POLLOUT:4)
0:00:00.020315252  2468 0xafb370 TRACE   GST_REFCOUNTING gstobject.c:294:gst_object_ref_sink: 0xb18d20 ref_sink 1->2
0:00:00.015445642  2469 0x1f6e320 DEBUG   GST_POLL gstpoll.c:980:gst_poll_fd_ctl_write: 0x1f769c0: fd (fd:0, idx:1), active : 1
0:00:00.020322973  2468 0xafb370 LOG   GST_REGISTRY gstregistry.c:608:gst_registry_add_feature: emitting feature-added for typefind
0:00:00.015452783  2469 0x1f6e320 LOG   GST_POLL gstpoll.c:994:gst_poll_fd_ctl_write: 0x1f769c0: pfd->events now 60 (POLLOUT:4)
0:00:00.020330311  2468 0xafb370 DEBUG   GST_REGISTRY gstregistrychunks.c:741:gst_registry_chunks_load_feature: Added feature typefind, plugin 0xb153c0 coreelements
0:00:00.015460413  2469 0x1f6e320 DEBUG   GST_POLL gstpoll.c:980:gst_poll_fd_ctl_write: 0x1f769c0: fd (fd:0, idx:1), active : 1
0:00:00.020344806  2468 0xafb370 DEBUG   GST_REGISTRY gstregistrychunks.c:583:gst_registry_chunks_load_feature: Plugin 'coreelements' feature 'tee' typename : 'GstElementFactory'
0:00:00.015473789  2469 0x1f6e320 LOG   GST_POLL gstpoll.c:994:gst_poll_fd_ctl_write: 0x1f769c0: pfd->events now 60 (POLLOUT:4)
0:00:00.020354650  2468 0xafb370 TRACE   GST_REFCOUNTING gstobject.c:208:gst_object_init: 0xb190f0 new
0:00:00.015483297  2469 0x1f6e320 DEBUG   GST_POLL gstpoll.c:980:gst_poll_fd_ctl_write: 0x1f769c0: fd (fd:0, idx:1), active : 1
0:00:00.020363811  2468 0xafb370 LOG   GST_REGISTRY gstregistrychunks.c:610:gst_registry_chunks_load_feature: Reading/casting for GstRegistryChunkElementFactory at address 0xb171e0
0:00:00.015492860  2469 0x1f6e320 LOG   GST_POLL gstpoll.c:994:gst_poll_fd_ctl_write: 0x1f769c0: pfd->events now 60 (POLLOUT:4)
0:00:00.020371366  2468 0xafb370 TRACE   structure gststructure.c:292:gst_structure_new_id_empty_with_size: created structure 0xb19350
0:00:00.015501525  2469 0x1f6e320 DEBUG   GST_POLL gstpoll.c:980:gst_poll_fd_ctl_write: 0x1f769c0: fd (fd:0, idx:1), active : 1
0:00:00.020377943  2468 0xafb370 DEBUG   structure gststructure.c:2258:gst_structure_parse_field: trying field name 'long-name'
0:00:00.015508200  2469 0x1f6e320 LOG   GST_POLL gstpoll.c:994:gst_poll_fd_ctl_write: 0x1f769c0: pfd->events now 60 (POLLOUT:4)
0:00:00.020384623  2468 0xafb370 DEBUG   default gstvalue.c:2776:_priv_gst_value_parse_value: trying type name 'string'
0:00:00.015515479  2469 0x1f6e320 DEBUG   GST_POLL gstpoll.c:980:gst_poll_fd_ctl_write: 0x1f769c0: fd (fd:0, idx:1), active : 1
0:00:00.020392008  2468 0xafb370 DEBUG   structure gststructure.c:2258:gst_structure_parse_field: trying field name 'klass'
0:00:00.015522119  2469 0x1f6e320 LOG   GST_POLL gstpoll.c:994:gst_poll_fd_ctl_write: 0x1f769c0: pfd->events now 60 (POLLOUT:4)
0:00:00.020398544  2468 0xafb370 DEBUG   default gstvalue.c:2776:_priv_gst_value_parse_value: trying type name 'string'
0:00:00.015529436  2469 0x1f6e320 DEBUG   GST_POLL gstpoll.c:980:gst_poll_fd_ctl_write: 0x1f769c0: fd (fd:0, idx:1), active : 1
0:00:00.020405400  2468 0xafb370 DEBUG   structure gststructure.c:2258:gst_structure_parse_field: trying field name 'description'
0:00:00.015536098  2469 0x1f6e320 LOG   GST_POLL gstpoll.c:994:gst_poll_fd_ctl_write: 0x1f769c0: pfd->events now 60 (POLLOUT:4)
0:00:00.020411629  2468 0xafb370 DEBUG   default gstvalue.c:2776:_priv_gst_value_parse_value: trying type name 'string'
0:00:00.015542950  2469 0x1f6e320 DEBUG   GST_POLL gstpoll.c:980:gst_poll_fd_ctl_write: 0x1f769c0: fd (fd:0, idx:1), active : 1
0:00:00.020418823  2468 0xafb370 DEBUG   structure gststructure.c:2258:gst_structure_parse_field: trying field name 'author'
0:00:00.015549473  2469 0x1f6e320 LOG   GST_POLL gstpoll.c:994:gst_poll_fd_ctl_write: 0x1f769c0: pfd->events now 60 (POLLOUT:4)
0:00:00.020429489  2468 0xafb370 DEBUG   default gstvalue.c:2776:_priv_gst_value_parse_value: trying type name 'string'
0:00:00.015560590  2469 0x1f6e320 DEBUG   GST_POLL gstpoll.c:980:gst_poll_fd_ctl_write: 0x1f769c0: fd (fd:0, idx:1), active : 1
0:00:00.020438160  2468 0xafb370 DEBUG   GST_REGISTRY gstregistrychunks.c:626:gst_registry_chunks_load_feature: Element factory : npadtemplates=2
0:00:00.015567084  2469 0x1f6e320 LOG   GST_POLL gstpoll.c:994:gst_poll_fd_ctl_write: 0x1f769c0: pfd->events now 60 (POLLOUT:4)
0:00:00.020445126  2468 0xafb370 DEBUG   GST_REGISTRY gstregistrychunks.c:526:gst_registry_chunks_load_pad_template: Reading/casting for GstRegistryChunkPadTemplate at address 0xb172d0
0:00:00.015575690  2469 0x1f6e320 DEBUG   GST_POLL gstpoll.c:980:gst_poll_fd_ctl_write: 0x1f769c0: fd (fd:0, idx:1), active : 1
0:00:00.020451774  2468 0xafb370 DEBUG   GST_REGISTRY gstregistrychunks.c:539:gst_registry_chunks_load_pad_template: Added pad_template src_%u
0:00:00.015582477  2469 0x1f6e320 LOG   GST_POLL gstpoll.c:994:gst_poll_fd_ctl_write: 0x1f769c0: pfd->events now 60 (POLLOUT:4)
0:00:00.020458240  2468 0xafb370 DEBUG   GST_REGISTRY gstregistrychunks.c:526:gst_registry_chunks_load_pad_template: Reading/casting for GstRegistryChunkPadTemplate at address 0xb172e8
0:00:00.015589384  2469 0x1f6e320 DEBUG   GST_POLL gstpoll.c:980:gst_poll_fd_ctl_write: 0x1f769c0: fd (fd:0, idx:1), active : 1
0:00:00.020464680  2468 0xafb370 DEBUG   GST_REGISTRY gstregistrychunks.c:539:gst_registry_chunks_load_pad_template: Added pad_template sink
0:00:00.015595895  2469 0x1f6e320 LOG   GST_POLL gstpoll.c:994:gst_poll_fd_ctl_write: 0x1f769c0: pfd->events now 60 (POLLOUT:4)
0:00:00.020473716  2468 0xafb370 DEBUG   GST_REGISTRY gstregistry.c:590:gst_registry_add_feature: adding feature 0xb190f0 (tee)
0:00:00.015602916  2469 0x1f6e320 DEBUG   GST_POLL gstpoll.c:980:gst_poll_fd_ctl_write: 0x1f769c0: fd (fd:0, idx:1), active : 1
0:00:00.015610643  2469 0x1f6e320 LOG   GST_POLL gstpoll.c:994:gst_poll_fd_ctl_write: 0x1f769c0: pfd->events now 60 (POLLOUT:4)
0:00:00.020486840  2468 0xafb370 DEBUG   GST_REFCOUNTING gstobject.c:709:gst_object_set_parent: set parent (ref and sink)
0:00:00.015617204  2469 0x1f6e320 DEBUG   GST_POLL gstpoll.c:980:gst_poll_fd_ctl_write: 0x1f769c0: fd (fd:0, idx:1), active : 1
0:00:00.020495661  2468 0xafb370 TRACE   GST_REFCOUNTING gstobject.c:294:gst_object_ref_sink: 0xb190f0 ref_sink 1->2
0:00:00.015624573  2469 0x1f6e320 LOG   GST_POLL gstpoll.c:994:gst_poll_fd_ctl_write: 0x1f769c0: pfd->events now 60 (POLLOUT:4)
0:00:00.020503760  2468 0xafb370 LOG   GST_REGISTRY gstregistry.c:608:gst_registry_add_feature: emitting feature-added for tee
0:00:00.015633544  2469 0x1f6e320 DEBUG   GST_POLL gstpoll.c:980:gst_poll_fd_ctl_write: 0x1f769c0: fd (fd:0, idx:1), active : 1
0:00:00.020511726  2468 0xafb370 DEBUG   GST_REGISTRY gstregistrychunks.c:741:gst_registry_chunks_load_feature: Added feature tee, plugin 0xb153c0 coreelements
0:00:00.015646256  2469 0x1f6e320 LOG   GST_POLL gstpoll.c:994:gst_poll_fd_ctl_write: 0x1f769c0: pfd->events now 60 (POLLOUT:4)
0:00:00.020521720  2468 0xafb370 DEBUG   GST_REGISTRY gstregistrychunks.c:583:gst_registry_chunks_load_feature: Plugin 'coreelements' feature 'filesink' typename : 'GstElementFactory'
0:00:00.015653517  2469 0x1f6e320 DEBUG   GST_POLL gstpoll.c:980:gst_poll_fd_ctl_write: 0x1f769c0: fd (fd:0, idx:1), active : 1
0:00:00.020531141  2468 0xafb370 TRACE   GST_REFCOUNTING gstobject.c:208:gst_object_init: 0xb19550 new
0:00:00.015660081  2469 0x1f6e320 LOG   GST_POLL gstpoll.c:994:gst_poll_fd_ctl_write: 0x1f769c0: pfd->events now 60 (POLLOUT:4)
0:00:00.020540250  2468 0xafb370 LOG   GST_REGISTRY gstregistrychunks.c:610:gst_registry_chunks_load_feature: Reading/casting for GstRegistryChunkElementFactory at address 0xb17318
0:00:00.015668872  2469 0x1f6e320 DEBUG   GST_POLL gstpoll.c:980:gst_poll_fd_ctl_write: 0x1f769c0: fd (fd:0, idx:1), active : 1
0:00:00.020547743  2468 0xafb370 TRACE   structure gststructure.c:292:gst_structure_new_id_empty_with_size: created structure 0xb19710
0:00:00.015677324  2469 0x1f6e320 LOG   GST_POLL gstpoll.c:994:gst_poll_fd_ctl_write: 0x1f769c0: pfd->events now 60 (POLLOUT:4)
0:00:00.020554801  2468 0xafb370 DEBUG   structure gststructure.c:2258:gst_structure_parse_field: trying field name 'long-name'
0:00:00.015685022  2469 0x1f6e320 DEBUG   GST_POLL gstpoll.c:980:gst_poll_fd_ctl_write: 0x1f769c0: fd (fd:0, idx:1), active : 1
0:00:00.020561040  2468 0xafb370 DEBUG   default gstvalue.c:2776:_priv_gst_value_parse_value: trying type name 'string'
0:00:00.015691641  2469 0x1f6e320 LOG   GST_POLL gstpoll.c:994:gst_poll_fd_ctl_write: 0x1f769c0: pfd->events now 60 (POLLOUT:4)
0:00:00.020568577  2468 0xafb370 DEBUG   structure gststructure.c:2258:gst_structure_parse_field: trying field name 'klass'
0:00:00.015698789  2469 0x1f6e320 DEBUG   GST_POLL gstpoll.c:980:gst_poll_fd_ctl_write: 0x1f769c0: fd (fd:0, idx:1), active : 1
0:00:00.020575074  2468 0xafb370 DEBUG   default gstvalue.c:2776:_priv_gst_value_parse_value: trying type name 'string'
0:00:00.015705260  2469 0x1f6e320 LOG   GST_POLL gstpoll.c:994:gst_poll_fd_ctl_write: 0x1f769c0: pfd->events now 60 (POLLOUT:4)
0:00:00.020582881  2468 0xafb370 DEBUG   structure gststructure.c:2258:gst_structure_parse_field: trying field name 'description'
0:00:00.015712258  2469 0x1f6e320 DEBUG   GST_POLL gstpoll.c:980:gst_poll_fd_ctl_write: 0x1f769c0: fd (fd:0, idx:1), active : 1
0:00:00.020589226  2468 0xafb370 DEBUG   default gstvalue.c:2776:_priv_gst_value_parse_value: trying type name 'string'
0:00:00.015719610  2469 0x1f6e320 LOG   GST_POLL gstpoll.c:994:gst_poll_fd_ctl_write: 0x1f769c0: pfd->events now 60 (POLLOUT:4)
0:00:00.020596511  2468 0xafb370 DEBUG   structure gststructure.c:2258:gst_structure_parse_field: trying field name 'author'
0:00:00.015726516  2469 0x1f6e320 DEBUG   GST_POLL gstpoll.c:980:gst_poll_fd_ctl_write: 0x1f769c0: fd (fd:0, idx:1), active : 1
0:00:00.020607365  2468 0xafb370 DEBUG   default gstvalue.c:2776:_priv_gst_value_parse_value: trying type name 'string'
0:00:00.015737990  2469 0x1f6e320 LOG   GST_POLL gstpoll.c:994:gst_poll_fd_ctl_write: 0x1f769c0: pfd->events now 60 (POLLOUT:4)
0:00:00.020615746  2468 0xafb370 DEBUG   GST_REGISTRY gstregistrychunks.c:626:gst_registry_chunks_load_feature: Element factory : npadtemplates=1
0:00:00.015744884  2469 0x1f6e320 DEBUG   GST_POLL gstpoll.c:980:gst_poll_fd_ctl_write: 0x1f769c0: fd (fd:0, idx:1), active : 1
0:00:00.020622170  2468 0xafb370 DEBUG   GST_REGISTRY gstregistrychunks.c:526:gst_registry_chunks_load_pad_template: Reading/casting for GstRegistryChunkPadTemplate at address 0xb173f8
0:00:00.015752563  2469 0x1f6e320 LOG   GST_POLL gstpoll.c:994:gst_poll_fd_ctl_write: 0x1f769c0: pfd->events now 60 (POLLOUT:4)
0:00:00.020628914  2468 0xafb370 DEBUG   GST_REGISTRY gstregistrychunks.c:539:gst_registry_chunks_load_pad_template: Added pad_template sink
0:00:00.015759382  2469 0x1f6e320 DEBUG   GST_POLL gstpoll.c:980:gst_poll_fd_ctl_write: 0x1f769c0: fd (fd:0, idx:1), active : 1
0:00:00.020635881  2468 0xafb370 DEBUG   GST_REGISTRY gstregistrychunks.c:639:gst_registry_chunks_load_feature: Reading 1 UriTypes at address 0xb17409
0:00:00.015766081  2469 0x1f6e320 LOG   GST_POLL gstpoll.c:994:gst_poll_fd_ctl_write: 0x1f769c0: pfd->events now 60 (POLLOUT:4)
0:00:00.020644089  2468 0xafb370 DEBUG   GST_REGISTRY gstregistrychunks.c:654:gst_registry_chunks_load_feature: Reading 1 Interfaces at address 0xb17419
0:00:00.015773497  2469 0x1f6e320 DEBUG   GST_POLL gstpoll.c:980:gst_poll_fd_ctl_write: 0x1f769c0: fd (fd:0, idx:1), active : 1
0:00:00.015781395  2469 0x1f6e320 LOG   GST_POLL gstpoll.c:994:gst_poll_fd_ctl_write: 0x1f769c0: pfd->events now 60 (POLLOUT:4)
0:00:00.020653785  2468 0xafb370 DEBUG   GST_REGISTRY gstregistry.c:590:gst_registry_add_feature: adding feature 0xb19550 (filesink)
0:00:00.015788078  2469 0x1f6e320 DEBUG   GST_POLL gstpoll.c:980:gst_poll_fd_ctl_write: 0x1f769c0: fd (fd:0, idx:1), active : 1
0:00:00.020661984  2468 0xafb370 DEBUG   GST_REFCOUNTING gstobject.c:709:gst_object_set_parent: set parent (ref and sink)
0:00:00.015795067  2469 0x1f6e320 LOG   GST_POLL gstpoll.c:994:gst_poll_fd_ctl_write: 0x1f769c0: pfd->events now 60 (POLLOUT:4)
0:00:00.020670672  2468 0xafb370 TRACE   GST_REFCOUNTING gstobject.c:294:gst_object_ref_sink: 0xb19550 ref_sink 1->2
0:00:00.015802124  2469 0x1f6e320 DEBUG   GST_POLL gstpoll.c:980:gst_poll_fd_ctl_write: 0x1f769c0: fd (fd:0, idx:1), active : 1
0:00:00.020678268  2468 0xafb370 LOG   GST_REGISTRY gstregistry.c:608:gst_registry_add_feature: emitting feature-added for filesink
0:00:00.015808583  2469 0x1f6e320 LOG   GST_POLL gstpoll.c:994:gst_poll_fd_ctl_write: 0x1f769c0: pfd->events now 60 (POLLOUT:4)
0:00:00.020685840  2468 0xafb370 DEBUG   GST_REGISTRY gstregistrychunks.c:741:gst_registry_chunks_load_feature: Added feature filesink, plugin 0xb153c0 coreelements
0:00:00.015820698  2469 0x1f6e320 DEBUG   GST_POLL gstpoll.c:980:gst_poll_fd_ctl_write: 0x1f769c0: fd (fd:0, idx:1), active : 1
0:00:00.020695421  2468 0xafb370 DEBUG   GST_REGISTRY gstregistrychunks.c:583:gst_registry_chunks_load_feature: Plugin 'coreelements' feature 'queue2' typename : 'GstElementFactory'
0:00:00.015827321  2469 0x1f6e320 LOG   GST_POLL gstpoll.c:994:gst_poll_fd_ctl_write: 0x1f769c0: pfd->events now 60 (POLLOUT:4)
0:00:00.020704664  2468 0xafb370 TRACE   GST_REFCOUNTING gstobject.c:208:gst_object_init: 0xb19840 new
0:00:00.015834478  2469 0x1f6e320 DEBUG   GST_POLL gstpoll.c:980:gst_poll_fd_ctl_write: 0x1f769c0: fd (fd:0, idx:1), active : 1
0:00:00.020713720  2468 0xafb370 LOG   GST_REGISTRY gstregistrychunks.c:610:gst_registry_chunks_load_feature: Reading/casting for GstRegistryChunkElementFactory at address 0xb17440
0:00:00.015842530  2469 0x1f6e320 LOG   GST_POLL gstpoll.c:994:gst_poll_fd_ctl_write: 0x1f769c0: pfd->events now 60 (POLLOUT:4)
0:00:00.020721102  2468 0xafb370 TRACE   structure gststructure.c:292:gst_structure_new_id_empty_with_size: created structure 0xb19c00
0:00:00.015851297  2469 0x1f6e320 DEBUG   GST_POLL gstpoll.c:980:gst_poll_fd_ctl_write: 0x1f769c0: fd (fd:0, idx:1), active : 1
0:00:00.020728157  2468 0xafb370 DEBUG   structure gststructure.c:2258:gst_structure_parse_field: trying field name 'long-name'
0:00:00.015858485  2469 0x1f6e320 LOG   GST_POLL gstpoll.c:994:gst_poll_fd_ctl_write: 0x1f769c0: pfd->events now 60 (POLLOUT:4)
0:00:00.020734485  2468 0xafb370 DEBUG   default gstvalue.c:2776:_priv_gst_value_parse_value: trying type name 'string'
0:00:00.015865471  2469 0x1f6e320 DEBUG   GST_POLL gstpoll.c:980:gst_poll_fd_ctl_write: 0x1f769c0: fd (fd:0, idx:1), active : 1
0:00:00.020741984  2468 0xafb370 DEBUG   structure gststructure.c:2258:gst_structure_parse_field: trying field name 'klass'
0:00:00.015872033  2469 0x1f6e320 LOG   GST_POLL gstpoll.c:994:gst_poll_fd_ctl_write: 0x1f769c0: pfd->events now 60 (POLLOUT:4)
0:00:00.020748353  2468 0xafb370 DEBUG   default gstvalue.c:2776:_priv_gst_value_parse_value: trying type name 'string'
0:00:00.015879546  2469 0x1f6e320 DEBUG   GST_POLL gstpoll.c:980:gst_poll_fd_ctl_write: 0x1f769c0: fd (fd:0, idx:1), active : 1
0:00:00.020755937  2468 0xafb370 DEBUG   structure gststructure.c:2258:gst_structure_parse_field: trying field name 'description'
0:00:00.015886049  2469 0x1f6e320 LOG   GST_POLL gstpoll.c:994:gst_poll_fd_ctl_write: 0x1f769c0: pfd->events now 60 (POLLOUT:4)
0:00:00.020762530  2468 0xafb370 DEBUG   default gstvalue.c:2776:_priv_gst_value_parse_value: trying type name 'string'
0:00:00.015893640  2469 0x1f6e320 DEBUG   GST_POLL gstpoll.c:980:gst_poll_fd_ctl_write: 0x1f769c0: fd (fd:0, idx:1), active : 1
0:00:00.020770003  2468 0xafb370 DEBUG   structure gststructure.c:2258:gst_structure_parse_field: trying field name 'author'
0:00:00.015900604  2469 0x1f6e320 LOG   GST_POLL gstpoll.c:994:gst_poll_fd_ctl_write: 0x1f769c0: pfd->events now 60 (POLLOUT:4)
0:00:00.020781456  2468 0xafb370 DEBUG   default gstvalue.c:2776:_priv_gst_value_parse_value: trying type name 'string'
0:00:00.015912162  2469 0x1f6e320 DEBUG   GST_POLL gstpoll.c:980:gst_poll_fd_ctl_write: 0x1f769c0: fd (fd:0, idx:1), active : 1
0:00:00.020790137  2468 0xafb370 DEBUG   GST_REGISTRY gstregistrychunks.c:626:gst_registry_chunks_load_feature: Element factory : npadtemplates=2
0:00:00.015918732  2469 0x1f6e320 LOG   GST_POLL gstpoll.c:994:gst_poll_fd_ctl_write: 0x1f769c0: pfd->events now 60 (POLLOUT:4)
0:00:00.020796780  2468 0xafb370 DEBUG   GST_REGISTRY gstregistrychunks.c:526:gst_registry_chunks_load_pad_template: Reading/casting for GstRegistryChunkPadTemplate at address 0xb17530
0:00:00.015927616  2469 0x1f6e320 DEBUG   GST_POLL gstpoll.c:980:gst_poll_fd_ctl_write: 0x1f769c0: fd (fd:0, idx:1), active : 1
0:00:00.020803568  2468 0xafb370 DEBUG   GST_REGISTRY gstregistrychunks.c:539:gst_registry_chunks_load_pad_template: Added pad_template sink
0:00:00.015934342  2469 0x1f6e320 LOG   GST_POLL gstpoll.c:994:gst_poll_fd_ctl_write: 0x1f769c0: pfd->events now 60 (POLLOUT:4)
0:00:00.020810194  2468 0xafb370 DEBUG   GST_REGISTRY gstregistrychunks.c:526:gst_registry_chunks_load_pad_template: Reading/casting for GstRegistryChunkPadTemplate at address 0xb17548
0:00:00.015941404  2469 0x1f6e320 DEBUG   GST_POLL gstpoll.c:980:gst_poll_fd_ctl_write: 0x1f769c0: fd (fd:0, idx:1), active : 1
0:00:00.020816980  2468 0xafb370 DEBUG   GST_REGISTRY gstregistrychunks.c:539:gst_registry_chunks_load_pad_template: Added pad_template src
0:00:00.015947865  2469 0x1f6e320 LOG   GST_POLL gstpoll.c:994:gst_poll_fd_ctl_write: 0x1f769c0: pfd->events now 60 (POLLOUT:4)
0:00:00.020825951  2468 0xafb370 DEBUG   GST_REGISTRY gstregistry.c:590:gst_registry_add_feature: adding feature 0xb19840 (queue2)
0:00:00.015954858  2469 0x1f6e320 DEBUG   GST_POLL gstpoll.c:980:gst_poll_fd_ctl_write: 0x1f769c0: fd (fd:0, idx:1), active : 1
0:00:00.020832866  2468 0xafb370 DEBUG   GST_REFCOUNTING gstobject.c:709:gst_object_set_parent: set parent (ref and sink)
0:00:00.015962936  2469 0x1f6e320 LOG   GST_POLL gstpoll.c:994:gst_poll_fd_ctl_write: 0x1f769c0: pfd->events now 60 (POLLOUT:4)
0:00:00.020841200  2468 0xafb370 TRACE   GST_REFCOUNTING gstobject.c:294:gst_object_ref_sink: 0xb19840 ref_sink 1->2
0:00:00.015970656  2469 0x1f6e320 DEBUG   GST_POLL gstpoll.c:980:gst_poll_fd_ctl_write: 0x1f769c0: fd (fd:0, idx:1), active : 1
0:00:00.020848896  2468 0xafb370 LOG   GST_REGISTRY gstregistry.c:608:gst_registry_add_feature: emitting feature-added for queue2
0:00:00.015978741  2469 0x1f6e320 LOG   GST_POLL gstpoll.c:994:gst_poll_fd_ctl_write: 0x1f769c0: pfd->events now 60 (POLLOUT:4)
0:00:00.020856507  2468 0xafb370 DEBUG   GST_REGISTRY gstregistrychunks.c:741:gst_registry_chunks_load_feature: Added feature queue2, plugin 0xb153c0 coreelements
0:00:00.015986354  2469 0x1f6e320 DEBUG   GST_POLL gstpoll.c:980:gst_poll_fd_ctl_write: 0x1f769c0: fd (fd:0, idx:1), active : 1
0:00:00.020869387  2468 0xafb370 DEBUG   GST_REGISTRY gstregistrychunks.c:583:gst_registry_chunks_load_feature: Plugin 'coreelements' feature 'queue' typename : 'GstElementFactory'
0:00:00.015998616  2469 0x1f6e320 LOG   GST_POLL gstpoll.c:994:gst_poll_fd_ctl_write: 0x1f769c0: pfd->events now 60 (POLLOUT:4)
0:00:00.020878297  2468 0xafb370 TRACE   GST_REFCOUNTING gstobject.c:208:gst_object_init: 0xb19d80 new
0:00:00.016006974  2469 0x1f6e320 DEBUG   GST_POLL gstpoll.c:980:gst_poll_fd_ctl_write: 0x1f769c0: fd (fd:0, idx:1), active : 1
0:00:00.020887504  2468 0xafb370 LOG   GST_REGISTRY gstregistrychunks.c:610:gst_registry_chunks_load_feature: Reading/casting for GstRegistryChunkElementFactory at address 0xb17570
0:00:00.016015997  2469 0x1f6e320 LOG   GST_POLL gstpoll.c:994:gst_poll_fd_ctl_write: 0x1f769c0: pfd->events now 60 (POLLOUT:4)
0:00:00.016024922  2469 0x1f6e320 DEBUG   GST_POLL gstpoll.c:980:gst_poll_fd_ctl_write: 0x1f769c0: fd (fd:0, idx:1), active : 1
0:00:00.020898263  2468 0xafb370 TRACE   structure gststructure.c:292:gst_structure_new_id_empty_with_size: created structure 0xb19f20
0:00:00.016031237  2469 0x1f6e320 LOG   GST_POLL gstpoll.c:994:gst_poll_fd_ctl_write: 0x1f769c0: pfd->events now 60 (POLLOUT:4)
0:00:00.020905734  2468 0xafb370 DEBUG   structure gststructure.c:2258:gst_structure_parse_field: trying field name 'long-name'
0:00:00.016038167  2469 0x1f6e320 DEBUG   GST_POLL gstpoll.c:980:gst_poll_fd_ctl_write: 0x1f769c0: fd (fd:0, idx:1), active : 1
0:00:00.020912367  2468 0xafb370 DEBUG   default gstvalue.c:2776:_priv_gst_value_parse_value: trying type name 'string'
0:00:00.016044730  2469 0x1f6e320 LOG   GST_POLL gstpoll.c:994:gst_poll_fd_ctl_write: 0x1f769c0: pfd->events now 60 (POLLOUT:4)
0:00:00.020919810  2468 0xafb370 DEBUG   structure gststructure.c:2258:gst_structure_parse_field: trying field name 'klass'
0:00:00.016051780  2469 0x1f6e320 DEBUG   GST_POLL gstpoll.c:980:gst_poll_fd_ctl_write: 0x1f769c0: fd (fd:0, idx:1), active : 1
0:00:00.020926388  2468 0xafb370 DEBUG   default gstvalue.c:2776:_priv_gst_value_parse_value: trying type name 'string'
0:00:00.016058397  2469 0x1f6e320 LOG   GST_POLL gstpoll.c:994:gst_poll_fd_ctl_write: 0x1f769c0: pfd->events now 60 (POLLOUT:4)
0:00:00.020933497  2468 0xafb370 DEBUG   structure gststructure.c:2258:gst_structure_parse_field: trying field name 'description'
0:00:00.016065417  2469 0x1f6e320 DEBUG   GST_POLL gstpoll.c:980:gst_poll_fd_ctl_write: 0x1f769c0: fd (fd:0, idx:1), active : 1
0:00:00.020939773  2468 0xafb370 DEBUG   default gstvalue.c:2776:_priv_gst_value_parse_value: trying type name 'string'
0:00:00.016071892  2469 0x1f6e320 LOG   GST_POLL gstpoll.c:994:gst_poll_fd_ctl_write: 0x1f769c0: pfd->events now 60 (POLLOUT:4)
0:00:00.020947130  2468 0xafb370 DEBUG   structure gststructure.c:2258:gst_structure_parse_field: trying field name 'author'
0:00:00.016091181  2469 0x1f6e320 DEBUG   GST_POLL gstpoll.c:980:gst_poll_fd_ctl_write: 0x1f769c0: fd (fd:0, idx:1), active : 1
0:00:00.020965309  2468 0xafb370 DEBUG   default gstvalue.c:2776:_priv_gst_value_parse_value: trying type name 'string'
0:00:00.020973767  2468 0xafb370 DEBUG   GST_REGISTRY gstregistrychunks.c:626:gst_registry_chunks_load_feature: Element factory : npadtemplates=2
0:00:00.016098404  2469 0x1f6e320 LOG   GST_POLL gstpoll.c:994:gst_poll_fd_ctl_write: 0x1f769c0: pfd->events now 60 (POLLOUT:4)
0:00:00.020980164  2468 0xafb370 DEBUG   GST_REGISTRY gstregistrychunks.c:526:gst_registry_chunks_load_pad_template: Reading/casting for GstRegistryChunkPadTemplate at address 0xb17628
0:00:00.016111488  2469 0x1f6e320 DEBUG   GST_POLL gstpoll.c:980:gst_poll_fd_ctl_write: 0x1f769c0: fd (fd:0, idx:1), active : 1
0:00:00.020986780  2468 0xafb370 DEBUG   GST_REGISTRY gstregistrychunks.c:539:gst_registry_chunks_load_pad_template: Added pad_template sink
0:00:00.016118184  2469 0x1f6e320 LOG   GST_POLL gstpoll.c:994:gst_poll_fd_ctl_write: 0x1f769c0: pfd->events now 60 (POLLOUT:4)
0:00:00.020993303  2468 0xafb370 DEBUG   GST_REGISTRY gstregistrychunks.c:526:gst_registry_chunks_load_pad_template: Reading/casting for GstRegistryChunkPadTemplate at address 0xb17640
0:00:00.016125158  2469 0x1f6e320 DEBUG   GST_POLL gstpoll.c:980:gst_poll_fd_ctl_write: 0x1f769c0: fd (fd:0, idx:1), active : 1
0:00:00.021000128  2468 0xafb370 DEBUG   GST_REGISTRY gstregistrychunks.c:539:gst_registry_chunks_load_pad_template: Added pad_template src
0:00:00.016132059  2469 0x1f6e320 LOG   GST_POLL gstpoll.c:994:gst_poll_fd_ctl_write: 0x1f769c0: pfd->events now 60 (POLLOUT:4)
0:00:00.021009160  2468 0xafb370 DEBUG   GST_REGISTRY gstregistry.c:590:gst_registry_add_feature: adding feature 0xb19d80 (queue)
0:00:00.016139221  2469 0x1f6e320 DEBUG   GST_POLL gstpoll.c:980:gst_poll_fd_ctl_write: 0x1f769c0: fd (fd:0, idx:1), active : 1
0:00:00.021016517  2468 0xafb370 DEBUG   GST_REFCOUNTING gstobject.c:709:gst_object_set_parent: set parent (ref and sink)
0:00:00.016146621  2469 0x1f6e320 LOG   GST_POLL gstpoll.c:994:gst_poll_fd_ctl_write: 0x1f769c0: pfd->events now 60 (POLLOUT:4)
0:00:00.021025351  2468 0xafb370 TRACE   GST_REFCOUNTING gstobject.c:294:gst_object_ref_sink: 0xb19d80 ref_sink 1->2
0:00:00.016154554  2469 0x1f6e320 DEBUG   GST_POLL gstpoll.c:980:gst_poll_fd_ctl_write: 0x1f769c0: fd (fd:0, idx:1), active : 1
0:00:00.021033840  2468 0xafb370 LOG   GST_REGISTRY gstregistry.c:608:gst_registry_add_feature: emitting feature-added for queue
0:00:00.016163498  2469 0x1f6e320 LOG   GST_POLL gstpoll.c:994:gst_poll_fd_ctl_write: 0x1f769c0: pfd->events now 60 (POLLOUT:4)
0:00:00.021041766  2468 0xafb370 DEBUG   GST_REGISTRY gstregistrychunks.c:741:gst_registry_chunks_load_feature: Added feature queue, plugin 0xb153c0 coreelements
0:00:00.016171595  2469 0x1f6e320 DEBUG   GST_POLL gstpoll.c:980:gst_poll_fd_ctl_write: 0x1f769c0: fd (fd:0, idx:1), active : 1
0:00:00.021049643  2468 0xafb370 DEBUG   GST_REGISTRY gstregistrychunks.c:583:gst_registry_chunks_load_feature: Plugin 'coreelements' feature 'output-selector' typename : 'GstElementFactory'
0:00:00.016183910  2469 0x1f6e320 LOG   GST_POLL gstpoll.c:994:gst_poll_fd_ctl_write: 0x1f769c0: pfd->events now 60 (POLLOUT:4)
0:00:00.021060660  2468 0xafb370 TRACE   GST_REFCOUNTING gstobject.c:208:gst_object_init: 0xb1a050 new
0:00:00.016191135  2469 0x1f6e320 DEBUG   GST_POLL gstpoll.c:980:gst_poll_fd_ctl_write: 0x1f769c0: fd (fd:0, idx:1), active : 1
0:00:00.021069705  2468 0xafb370 LOG   GST_REGISTRY gstregistrychunks.c:610:gst_registry_chunks_load_feature: Reading/casting for GstRegistryChunkElementFactory at address 0xb17678
0:00:00.016198573  2469 0x1f6e320 LOG   GST_POLL gstpoll.c:994:gst_poll_fd_ctl_write: 0x1f769c0: pfd->events now 60 (POLLOUT:4)
0:00:00.021077115  2468 0xafb370 TRACE   structure gststructure.c:292:gst_structure_new_id_empty_with_size: created structure 0xb1a350
0:00:00.016207565  2469 0x1f6e320 DEBUG   GST_POLL gstpoll.c:980:gst_poll_fd_ctl_write: 0x1f769c0: fd (fd:0, idx:1), active : 1
0:00:00.021083858  2468 0xafb370 DEBUG   structure gststructure.c:2258:gst_structure_parse_field: trying field name 'long-name'
0:00:00.016214216  2469 0x1f6e320 LOG   GST_POLL gstpoll.c:994:gst_poll_fd_ctl_write: 0x1f769c0: pfd->events now 60 (POLLOUT:4)
0:00:00.021090282  2468 0xafb370 DEBUG   default gstvalue.c:2776:_priv_gst_value_parse_value: trying type name 'string'
0:00:00.016221194  2469 0x1f6e320 DEBUG   GST_POLL gstpoll.c:980:gst_poll_fd_ctl_write: 0x1f769c0: fd (fd:0, idx:1), active : 1
0:00:00.021097827  2468 0xafb370 DEBUG   structure gststructure.c:2258:gst_structure_parse_field: trying field name 'klass'
0:00:00.016242442  2469 0x1f6e320 LOG   GST_POLL gstpoll.c:994:gst_poll_fd_ctl_write: 0x1f769c0: pfd->events now 60 (POLLOUT:4)
0:00:00.021119735  2468 0xafb370 DEBUG   default gstvalue.c:2776:_priv_gst_value_parse_value: trying type name 'string'
0:00:00.016250858  2469 0x1f6e320 DEBUG   GST_POLL gstpoll.c:980:gst_poll_fd_ctl_write: 0x1f769c0: fd (fd:0, idx:1), active : 1
0:00:00.016259170  2469 0x1f6e320 LOG   GST_POLL gstpoll.c:994:gst_poll_fd_ctl_write: 0x1f769c0: pfd->events now 60 (POLLOUT:4)
0:00:00.021130777  2468 0xafb370 DEBUG   structure gststructure.c:2258:gst_structure_parse_field: trying field name 'description'
0:00:00.016265617  2469 0x1f6e320 DEBUG   GST_POLL gstpoll.c:980:gst_poll_fd_ctl_write: 0x1f769c0: fd (fd:0, idx:1), active : 1
0:00:00.016272207  2469 0x1f6e320 LOG   GST_POLL gstpoll.c:994:gst_poll_fd_ctl_write: 0x1f769c0: pfd->events now 60 (POLLOUT:4)
0:00:00.021142343  2468 0xafb370 DEBUG   default gstvalue.c:2776:_priv_gst_value_parse_value: trying type name 'string'
0:00:00.016278883  2469 0x1f6e320 DEBUG   GST_POLL gstpoll.c:980:gst_poll_fd_ctl_write: 0x1f769c0: fd (fd:0, idx:1), active : 1
0:00:00.021156950  2468 0xafb370 DEBUG   structure gststructure.c:2258:gst_structure_parse_field: trying field name 'author'
0:00:00.016290379  2469 0x1f6e320 LOG   GST_POLL gstpoll.c:994:gst_poll_fd_ctl_write: 0x1f769c0: pfd->events now 60 (POLLOUT:4)
0:00:00.021166896  2468 0xafb370 DEBUG   default gstvalue.c:2776:_priv_gst_value_parse_value: trying type name 'string'
0:00:00.016297685  2469 0x1f6e320 DEBUG   GST_POLL gstpoll.c:980:gst_poll_fd_ctl_write: 0x1f769c0: fd (fd:0, idx:1), active : 1
0:00:00.021177337  2468 0xafb370 DEBUG   GST_REGISTRY gstregistrychunks.c:626:gst_registry_chunks_load_feature: Element factory : npadtemplates=2
0:00:00.016306336  2469 0x1f6e320 LOG   GST_POLL gstpoll.c:994:gst_poll_fd_ctl_write: 0x1f769c0: pfd->events now 60 (POLLOUT:4)
0:00:00.021184124  2468 0xafb370 DEBUG   GST_REGISTRY gstregistrychunks.c:526:gst_registry_chunks_load_pad_template: Reading/casting for GstRegistryChunkPadTemplate at address 0xb17750
0:00:00.016314955  2469 0x1f6e320 DEBUG   GST_POLL gstpoll.c:980:gst_poll_fd_ctl_write: 0x1f769c0: fd (fd:0, idx:1), active : 1
0:00:00.021191372  2468 0xafb370 DEBUG   GST_REGISTRY gstregistrychunks.c:539:gst_registry_chunks_load_pad_template: Added pad_template src_%u
0:00:00.016321303  2469 0x1f6e320 LOG   GST_POLL gstpoll.c:994:gst_poll_fd_ctl_write: 0x1f769c0: pfd->events now 60 (POLLOUT:4)
0:00:00.021197773  2468 0xafb370 DEBUG   GST_REGISTRY gstregistrychunks.c:526:gst_registry_chunks_load_pad_template: Reading/casting for GstRegistryChunkPadTemplate at address 0xb17768
0:00:00.016328582  2469 0x1f6e320 DEBUG   GST_POLL gstpoll.c:980:gst_poll_fd_ctl_write: 0x1f769c0: fd (fd:0, idx:1), active : 1
0:00:00.021204550  2468 0xafb370 DEBUG   GST_REGISTRY gstregistrychunks.c:539:gst_registry_chunks_load_pad_template: Added pad_template sink
0:00:00.016335530  2469 0x1f6e320 LOG   GST_POLL gstpoll.c:994:gst_poll_fd_ctl_write: 0x1f769c0: pfd->events now 60 (POLLOUT:4)
0:00:00.016342299  2469 0x1f6e320 DEBUG   GST_POLL gstpoll.c:980:gst_poll_fd_ctl_write: 0x1f769c0: fd (fd:0, idx:1), active : 1
0:00:00.021214523  2468 0xafb370 DEBUG   GST_REGISTRY gstregistry.c:590:gst_registry_add_feature: adding feature 0xb1a050 (output-selector)
0:00:00.016348524  2469 0x1f6e320 LOG   GST_POLL gstpoll.c:994:gst_poll_fd_ctl_write: 0x1f769c0: pfd->events now 60 (POLLOUT:4)
0:00:00.021225397  2468 0xafb370 DEBUG   GST_REFCOUNTING gstobject.c:709:gst_object_set_parent: set parent (ref and sink)
0:00:00.016355558  2469 0x1f6e320 DEBUG   GST_POLL gstpoll.c:980:gst_poll_fd_ctl_write: 0x1f769c0: fd (fd:0, idx:1), active : 1
0:00:00.016363584  2469 0x1f6e320 LOG   GST_POLL gstpoll.c:994:gst_poll_fd_ctl_write: 0x1f769c0: pfd->events now 60 (POLLOUT:4)
0:00:00.021234891  2468 0xafb370 TRACE   GST_REFCOUNTING gstobject.c:294:gst_object_ref_sink: 0xb1a050 ref_sink 1->2
0:00:00.016370025  2469 0x1f6e320 DEBUG   GST_POLL gstpoll.c:980:gst_poll_fd_ctl_write: 0x1f769c0: fd (fd:0, idx:1), active : 1
0:00:00.021245001  2468 0xafb370 LOG   GST_REGISTRY gstregistry.c:608:gst_registry_add_feature: emitting feature-added for output-selector
0:00:00.016380832  2469 0x1f6e320 LOG   GST_POLL gstpoll.c:994:gst_poll_fd_ctl_write: 0x1f769c0: pfd->events now 60 (POLLOUT:4)
0:00:00.021256568  2468 0xafb370 DEBUG   GST_REGISTRY gstregistrychunks.c:741:gst_registry_chunks_load_feature: Added feature output-selector, plugin 0xb153c0 coreelements
0:00:00.016387670  2469 0x1f6e320 DEBUG   GST_POLL gstpoll.c:980:gst_poll_fd_ctl_write: 0x1f769c0: fd (fd:0, idx:1), active : 1
0:00:00.021264242  2468 0xafb370 DEBUG   GST_REGISTRY gstregistrychunks.c:583:gst_registry_chunks_load_feature: Plugin 'coreelements' feature 'input-selector' typename : 'GstElementFactory'
0:00:00.016394021  2469 0x1f6e320 LOG   GST_POLL gstpoll.c:994:gst_poll_fd_ctl_write: 0x1f769c0: pfd->events now 60 (POLLOUT:4)
0:00:00.016401855  2469 0x1f6e320 DEBUG   GST_POLL gstpoll.c:980:gst_poll_fd_ctl_write: 0x1f769c0: fd (fd:0, idx:1), active : 1
0:00:00.021274362  2468 0xafb370 TRACE   GST_REFCOUNTING gstobject.c:208:gst_object_init: 0xb1a5f0 new
0:00:00.016408205  2469 0x1f6e320 LOG   GST_POLL gstpoll.c:994:gst_poll_fd_ctl_write: 0x1f769c0: pfd->events now 60 (POLLOUT:4)
0:00:00.021284872  2468 0xafb370 LOG   GST_REGISTRY gstregistrychunks.c:610:gst_registry_chunks_load_feature: Reading/casting for GstRegistryChunkElementFactory at address 0xb177a0
0:00:00.016415463  2469 0x1f6e320 LOG   GST_PLUGIN_LOADING gstpluginloader.c:645:put_chunk: Expanding tx buf from 10158 to 13209 for chunk of size 209
0:00:00.021292778  2468 0xafb370 TRACE   structure gststructure.c:292:gst_structure_new_id_empty_with_size: created structure 0xb1a960
0:00:00.021299725  2468 0xafb370 DEBUG   structure gststructure.c:2258:gst_structure_parse_field: trying field name 'long-name'
0:00:00.021305846  2468 0xafb370 DEBUG   default gstvalue.c:2776:_priv_gst_value_parse_value: trying type name 'string'
0:00:00.016438822  2469 0x1f6e320 DEBUG   GST_POLL gstpoll.c:980:gst_poll_fd_ctl_write: 0x1f769c0: fd (fd:0, idx:1), active : 1
0:00:00.021312867  2468 0xafb370 DEBUG   structure gststructure.c:2258:gst_structure_parse_field: trying field name 'klass'
0:00:00.016446344  2469 0x1f6e320 LOG   GST_POLL gstpoll.c:994:gst_poll_fd_ctl_write: 0x1f769c0: pfd->events now 60 (POLLOUT:4)
0:00:00.021320082  2468 0xafb370 DEBUG   default gstvalue.c:2776:_priv_gst_value_parse_value: trying type name 'string'
0:00:00.016454069  2469 0x1f6e320 DEBUG   GST_POLL gstpoll.c:980:gst_poll_fd_ctl_write: 0x1f769c0: fd (fd:0, idx:1), active : 1
0:00:00.021328007  2468 0xafb370 DEBUG   structure gststructure.c:2258:gst_structure_parse_field: trying field name 'description'
0:00:00.016461193  2469 0x1f6e320 LOG   GST_POLL gstpoll.c:994:gst_poll_fd_ctl_write: 0x1f769c0: pfd->events now 60 (POLLOUT:4)
0:00:00.021335218  2468 0xafb370 DEBUG   default gstvalue.c:2776:_priv_gst_value_parse_value: trying type name 'string'
0:00:00.016468489  2469 0x1f6e320 DEBUG   GST_POLL gstpoll.c:980:gst_poll_fd_ctl_write: 0x1f769c0: fd (fd:0, idx:1), active : 1
0:00:00.021342957  2468 0xafb370 DEBUG   structure gststructure.c:2258:gst_structure_parse_field: trying field name 'author'
0:00:00.016480247  2469 0x1f6e320 LOG   GST_POLL gstpoll.c:994:gst_poll_fd_ctl_write: 0x1f769c0: pfd->events now 60 (POLLOUT:4)
0:00:00.021354125  2468 0xafb370 DEBUG   default gstvalue.c:2776:_priv_gst_value_parse_value: trying type name 'string'
0:00:00.016487324  2469 0x1f6e320 DEBUG   GST_POLL gstpoll.c:980:gst_poll_fd_ctl_write: 0x1f769c0: fd (fd:0, idx:1), active : 1
0:00:00.021363961  2468 0xafb370 DEBUG   GST_REGISTRY gstregistrychunks.c:626:gst_registry_chunks_load_feature: Element factory : npadtemplates=2
0:00:00.016493911  2469 0x1f6e320 LOG   GST_POLL gstpoll.c:994:gst_poll_fd_ctl_write: 0x1f769c0: pfd->events now 60 (POLLOUT:4)
0:00:00.021371152  2468 0xafb370 DEBUG   GST_REGISTRY gstregistrychunks.c:526:gst_registry_chunks_load_pad_template: Reading/casting for GstRegistryChunkPadTemplate at address 0xb178d0
0:00:00.016502121  2469 0x1f6e320 DEBUG   GST_POLL gstpoll.c:980:gst_poll_fd_ctl_write: 0x1f769c0: fd (fd:0, idx:1), active : 1
0:00:00.021377883  2468 0xafb370 DEBUG   GST_REGISTRY gstregistrychunks.c:539:gst_registry_chunks_load_pad_template: Added pad_template src
0:00:00.016508741  2469 0x1f6e320 LOG   GST_POLL gstpoll.c:994:gst_poll_fd_ctl_write: 0x1f769c0: pfd->events now 60 (POLLOUT:4)
0:00:00.021384217  2468 0xafb370 DEBUG   GST_REGISTRY gstregistrychunks.c:526:gst_registry_chunks_load_pad_template: Reading/casting for GstRegistryChunkPadTemplate at address 0xb178e0
0:00:00.016515502  2469 0x1f6e320 DEBUG   GST_POLL gstpoll.c:980:gst_poll_fd_ctl_write: 0x1f769c0: fd (fd:0, idx:1), active : 1
0:00:00.021390984  2468 0xafb370 DEBUG   GST_REGISTRY gstregistrychunks.c:539:gst_registry_chunks_load_pad_template: Added pad_template sink_%u
0:00:00.016522004  2469 0x1f6e320 LOG   GST_POLL gstpoll.c:994:gst_poll_fd_ctl_write: 0x1f769c0: pfd->events now 60 (POLLOUT:4)
0:00:00.021399814  2468 0xafb370 DEBUG   GST_REGISTRY gstregistry.c:590:gst_registry_add_feature: adding feature 0xb1a5f0 (input-selector)
0:00:00.016528790  2469 0x1f6e320 DEBUG   GST_POLL gstpoll.c:980:gst_poll_fd_ctl_write: 0x1f769c0: fd (fd:0, idx:1), active : 1
0:00:00.021407085  2468 0xafb370 DEBUG   GST_REFCOUNTING gstobject.c:709:gst_object_set_parent: set parent (ref and sink)
0:00:00.016536990  2469 0x1f6e320 LOG   GST_POLL gstpoll.c:994:gst_poll_fd_ctl_write: 0x1f769c0: pfd->events now 60 (POLLOUT:4)
0:00:00.021415524  2468 0xafb370 TRACE   GST_REFCOUNTING gstobject.c:294:gst_object_ref_sink: 0xb1a5f0 ref_sink 1->2
0:00:00.016544957  2469 0x1f6e320 DEBUG   GST_POLL gstpoll.c:980:gst_poll_fd_ctl_write: 0x1f769c0: fd (fd:0, idx:1), active : 1
0:00:00.021423506  2468 0xafb370 LOG   GST_REGISTRY gstregistry.c:608:gst_registry_add_feature: emitting feature-added for input-selector
0:00:00.016553500  2469 0x1f6e320 LOG   GST_POLL gstpoll.c:994:gst_poll_fd_ctl_write: 0x1f769c0: pfd->events now 60 (POLLOUT:4)
0:00:00.021431801  2468 0xafb370 DEBUG   GST_REGISTRY gstregistrychunks.c:741:gst_registry_chunks_load_feature: Added feature input-selector, plugin 0xb153c0 coreelements
0:00:00.016565227  2469 0x1f6e320 DEBUG   GST_POLL gstpoll.c:980:gst_poll_fd_ctl_write: 0x1f769c0: fd (fd:0, idx:1), active : 1
0:00:00.021440264  2468 0xafb370 DEBUG   GST_REGISTRY gstregistrychunks.c:583:gst_registry_chunks_load_feature: Plugin 'coreelements' feature 'identity' typename : 'GstElementFactory'
0:00:00.016572228  2469 0x1f6e320 LOG   GST_POLL gstpoll.c:994:gst_poll_fd_ctl_write: 0x1f769c0: pfd->events now 60 (POLLOUT:4)
0:00:00.021449536  2468 0xafb370 TRACE   GST_REFCOUNTING gstobject.c:208:gst_object_init: 0xb1abe0 new
0:00:00.016579406  2469 0x1f6e320 DEBUG   GST_POLL gstpoll.c:980:gst_poll_fd_ctl_write: 0x1f769c0: fd (fd:0, idx:1), active : 1
0:00:00.021458197  2468 0xafb370 LOG   GST_REGISTRY gstregistrychunks.c:610:gst_registry_chunks_load_feature: Reading/casting for GstRegistryChunkElementFactory at address 0xb17910
0:00:00.016587386  2469 0x1f6e320 LOG   GST_POLL gstpoll.c:994:gst_poll_fd_ctl_write: 0x1f769c0: pfd->events now 60 (POLLOUT:4)
0:00:00.021465296  2468 0xafb370 TRACE   structure gststructure.c:292:gst_structure_new_id_empty_with_size: created structure 0xb1acd0
0:00:00.016595548  2469 0x1f6e320 DEBUG   GST_POLL gstpoll.c:980:gst_poll_fd_ctl_write: 0x1f769c0: fd (fd:0, idx:1), active : 1
0:00:00.021471804  2468 0xafb370 DEBUG   structure gststructure.c:2258:gst_structure_parse_field: trying field name 'long-name'
0:00:00.016602356  2469 0x1f6e320 LOG   GST_POLL gstpoll.c:994:gst_poll_fd_ctl_write: 0x1f769c0: pfd->events now 60 (POLLOUT:4)
0:00:00.021478165  2468 0xafb370 DEBUG   default gstvalue.c:2776:_priv_gst_value_parse_value: trying type name 'string'
0:00:00.016609584  2469 0x1f6e320 DEBUG   GST_POLL gstpoll.c:980:gst_poll_fd_ctl_write: 0x1f769c0: fd (fd:0, idx:1), active : 1
0:00:00.021491310  2468 0xafb370 DEBUG   structure gststructure.c:2258:gst_structure_parse_field: trying field name 'klass'
0:00:00.016620875  2469 0x1f6e320 LOG   GST_POLL gstpoll.c:994:gst_poll_fd_ctl_write: 0x1f769c0: pfd->events now 60 (POLLOUT:4)
0:00:00.021497831  2468 0xafb370 DEBUG   default gstvalue.c:2776:_priv_gst_value_parse_value: trying type name 'string'
0:00:00.016628857  2469 0x1f6e320 DEBUG   GST_POLL gstpoll.c:980:gst_poll_fd_ctl_write: 0x1f769c0: fd (fd:0, idx:1), active : 1
0:00:00.021504648  2468 0xafb370 DEBUG   structure gststructure.c:2258:gst_structure_parse_field: trying field name 'description'
0:00:00.016635556  2469 0x1f6e320 LOG   GST_POLL gstpoll.c:994:gst_poll_fd_ctl_write: 0x1f769c0: pfd->events now 60 (POLLOUT:4)
0:00:00.021511183  2468 0xafb370 DEBUG   default gstvalue.c:2776:_priv_gst_value_parse_value: trying type name 'string'
0:00:00.016642674  2469 0x1f6e320 DEBUG   GST_POLL gstpoll.c:980:gst_poll_fd_ctl_write: 0x1f769c0: fd (fd:0, idx:1), active : 1
0:00:00.021518540  2468 0xafb370 DEBUG   structure gststructure.c:2258:gst_structure_parse_field: trying field name 'author'
0:00:00.016653486  2469 0x1f6e320 LOG   GST_POLL gstpoll.c:994:gst_poll_fd_ctl_write: 0x1f769c0: pfd->events now 60 (POLLOUT:4)
0:00:00.021527707  2468 0xafb370 DEBUG   default gstvalue.c:2776:_priv_gst_value_parse_value: trying type name 'string'
0:00:00.016660599  2469 0x1f6e320 DEBUG   GST_POLL gstpoll.c:980:gst_poll_fd_ctl_write: 0x1f769c0: fd (fd:0, idx:1), active : 1
0:00:00.021535666  2468 0xafb370 DEBUG   GST_REGISTRY gstregistrychunks.c:626:gst_registry_chunks_load_feature: Element factory : npadtemplates=2
0:00:00.016667171  2469 0x1f6e320 LOG   GST_POLL gstpoll.c:994:gst_poll_fd_ctl_write: 0x1f769c0: pfd->events now 60 (POLLOUT:4)
0:00:00.021542437  2468 0xafb370 DEBUG   GST_REGISTRY gstregistrychunks.c:526:gst_registry_chunks_load_pad_template: Reading/casting for GstRegistryChunkPadTemplate at address 0xb179e0
0:00:00.016674373  2469 0x1f6e320 DEBUG   GST_POLL gstpoll.c:980:gst_poll_fd_ctl_write: 0x1f769c0: fd (fd:0, idx:1), active : 1
0:00:00.021549348  2468 0xafb370 DEBUG   GST_REGISTRY gstregistrychunks.c:539:gst_registry_chunks_load_pad_template: Added pad_template sink
0:00:00.016681072  2469 0x1f6e320 LOG   GST_POLL gstpoll.c:994:gst_poll_fd_ctl_write: 0x1f769c0: pfd->events now 60 (POLLOUT:4)
0:00:00.021555712  2468 0xafb370 DEBUG   GST_REGISTRY gstregistrychunks.c:526:gst_registry_chunks_load_pad_template: Reading/casting for GstRegistryChunkPadTemplate at address 0xb179f8
0:00:00.016687885  2469 0x1f6e320 DEBUG   GST_POLL gstpoll.c:980:gst_poll_fd_ctl_write: 0x1f769c0: fd (fd:0, idx:1), active : 1
0:00:00.021562363  2468 0xafb370 DEBUG   GST_REGISTRY gstregistrychunks.c:539:gst_registry_chunks_load_pad_template: Added pad_template src
0:00:00.016694419  2469 0x1f6e320 LOG   GST_POLL gstpoll.c:994:gst_poll_fd_ctl_write: 0x1f769c0: pfd->events now 60 (POLLOUT:4)
0:00:00.016701465  2469 0x1f6e320 DEBUG   GST_POLL gstpoll.c:980:gst_poll_fd_ctl_write: 0x1f769c0: fd (fd:0, idx:1), active : 1
0:00:00.021575203  2468 0xafb370 DEBUG   GST_REGISTRY gstregistry.c:590:gst_registry_add_feature: adding feature 0xb1abe0 (identity)
0:00:00.016707521  2469 0x1f6e320 LOG   GST_POLL gstpoll.c:994:gst_poll_fd_ctl_write: 0x1f769c0: pfd->events now 60 (POLLOUT:4)
0:00:00.021582292  2468 0xafb370 DEBUG   GST_REFCOUNTING gstobject.c:709:gst_object_set_parent: set parent (ref and sink)
0:00:00.016715372  2469 0x1f6e320 DEBUG   GST_POLL gstpoll.c:980:gst_poll_fd_ctl_write: 0x1f769c0: fd (fd:0, idx:1), active : 1
0:00:00.021591239  2468 0xafb370 TRACE   GST_REFCOUNTING gstobject.c:294:gst_object_ref_sink: 0xb1abe0 ref_sink 1->2
0:00:00.016722139  2469 0x1f6e320 LOG   GST_POLL gstpoll.c:994:gst_poll_fd_ctl_write: 0x1f769c0: pfd->events now 60 (POLLOUT:4)
0:00:00.021599255  2468 0xafb370 LOG   GST_REGISTRY gstregistry.c:608:gst_registry_add_feature: emitting feature-added for identity
0:00:00.016729659  2469 0x1f6e320 DEBUG   GST_POLL gstpoll.c:980:gst_poll_fd_ctl_write: 0x1f769c0: fd (fd:0, idx:1), active : 1
0:00:00.021613673  2468 0xafb370 DEBUG   GST_REGISTRY gstregistrychunks.c:741:gst_registry_chunks_load_feature: Added feature identity, plugin 0xb153c0 coreelements
0:00:00.016743250  2469 0x1f6e320 LOG   GST_POLL gstpoll.c:994:gst_poll_fd_ctl_write: 0x1f769c0: pfd->events now 60 (POLLOUT:4)
0:00:00.021621817  2468 0xafb370 DEBUG   GST_REGISTRY gstregistrychunks.c:583:gst_registry_chunks_load_feature: Plugin 'coreelements' feature 'funnel' typename : 'GstElementFactory'
0:00:00.016751586  2469 0x1f6e320 DEBUG   GST_POLL gstpoll.c:980:gst_poll_fd_ctl_write: 0x1f769c0: fd (fd:0, idx:1), active : 1
0:00:00.016759129  2469 0x1f6e320 LOG   GST_POLL gstpoll.c:994:gst_poll_fd_ctl_write: 0x1f769c0: pfd->events now 60 (POLLOUT:4)
0:00:00.021631398  2468 0xafb370 TRACE   GST_REFCOUNTING gstobject.c:208:gst_object_init: 0xb1af50 new
0:00:00.016765767  2469 0x1f6e320 DEBUG   GST_POLL gstpoll.c:980:gst_poll_fd_ctl_write: 0x1f769c0: fd (fd:0, idx:1), active : 1
0:00:00.021641504  2468 0xafb370 LOG   GST_REGISTRY gstregistrychunks.c:610:gst_registry_chunks_load_feature: Reading/casting for GstRegistryChunkElementFactory at address 0xb17a28
0:00:00.016772183  2469 0x1f6e320 LOG   GST_POLL gstpoll.c:994:gst_poll_fd_ctl_write: 0x1f769c0: pfd->events now 60 (POLLOUT:4)
0:00:00.021648846  2468 0xafb370 TRACE   structure gststructure.c:292:gst_structure_new_id_empty_with_size: created structure 0xb1b110
0:00:00.016779100  2469 0x1f6e320 DEBUG   GST_POLL gstpoll.c:980:gst_poll_fd_ctl_write: 0x1f769c0: fd (fd:0, idx:1), active : 1
0:00:00.021655354  2468 0xafb370 DEBUG   structure gststructure.c:2258:gst_structure_parse_field: trying field name 'long-name'
0:00:00.016785532  2469 0x1f6e320 LOG   GST_POLL gstpoll.c:994:gst_poll_fd_ctl_write: 0x1f769c0: pfd->events now 60 (POLLOUT:4)
0:00:00.021661541  2468 0xafb370 DEBUG   default gstvalue.c:2776:_priv_gst_value_parse_value: trying type name 'string'
0:00:00.016792298  2469 0x1f6e320 DEBUG   GST_POLL gstpoll.c:980:gst_poll_fd_ctl_write: 0x1f769c0: fd (fd:0, idx:1), active : 1
