0:00:00.021668878  2468 0xafb370 DEBUG   structure gststructure.c:2258:gst_structure_parse_field: trying field name 'klass'
0:00:00.016799057  2469 0x1f6e320 LOG   GST_POLL gstpoll.c:994:gst_poll_fd_ctl_write: 0x1f769c0: pfd->events now 60 (POLLOUT:4)
0:00:00.021674989  2468 0xafb370 DEBUG   default gstvalue.c:2776:_priv_gst_value_parse_value: trying type name 'string'
0:00:00.016806089  2469 0x1f6e320 DEBUG   GST_POLL gstpoll.c:980:gst_poll_fd_ctl_write: 0x1f769c0: fd (fd:0, idx:1), active : 1
0:00:00.021682003  2468 0xafb370 DEBUG   structure gststructure.c:2258:gst_structure_parse_field: trying field name 'description'
0:00:00.016812470  2469 0x1f6e320 LOG   GST_POLL gstpoll.c:994:gst_poll_fd_ctl_write: 0x1f769c0: pfd->events now 60 (POLLOUT:4)
0:00:00.021688587  2468 0xafb370 DEBUG   default gstvalue.c:2776:_priv_gst_value_parse_value: trying type name 'string'
0:00:00.016819452  2469 0x1f6e320 DEBUG   GST_POLL gstpoll.c:980:gst_poll_fd_ctl_write: 0x1f769c0: fd (fd:0, idx:1), active : 1
0:00:00.021700273  2468 0xafb370 DEBUG   structure gststructure.c:2258:gst_structure_parse_field: trying field name 'author'
0:00:00.016829717  2469 0x1f6e320 LOG   GST_POLL gstpoll.c:994:gst_poll_fd_ctl_write: 0x1f769c0: pfd->events now 60 (POLLOUT:4)
0:00:00.021706547  2468 0xafb370 DEBUG   default gstvalue.c:2776:_priv_gst_value_parse_value: trying type name 'string'
0:00:00.016837478  2469 0x1f6e320 DEBUG   GST_POLL gstpoll.c:980:gst_poll_fd_ctl_write: 0x1f769c0: fd (fd:0, idx:1), active : 1
0:00:00.021714376  2468 0xafb370 DEBUG   GST_REGISTRY gstregistrychunks.c:626:gst_registry_chunks_load_feature: Element factory : npadtemplates=2
0:00:00.016844000  2469 0x1f6e320 LOG   GST_POLL gstpoll.c:994:gst_poll_fd_ctl_write: 0x1f769c0: pfd->events now 60 (POLLOUT:4)
0:00:00.021720936  2468 0xafb370 DEBUG   GST_REGISTRY gstregistrychunks.c:526:gst_registry_chunks_load_pad_template: Reading/casting for GstRegistryChunkPadTemplate at address 0xb17b00
0:00:00.016851716  2469 0x1f6e320 DEBUG   GST_POLL gstpoll.c:980:gst_poll_fd_ctl_write: 0x1f769c0: fd (fd:0, idx:1), active : 1
0:00:00.021727783  2468 0xafb370 DEBUG   GST_REGISTRY gstregistrychunks.c:539:gst_registry_chunks_load_pad_template: Added pad_template src
0:00:00.016858361  2469 0x1f6e320 LOG   GST_POLL gstpoll.c:994:gst_poll_fd_ctl_write: 0x1f769c0: pfd->events now 60 (POLLOUT:4)
0:00:00.021734197  2468 0xafb370 DEBUG   GST_REGISTRY gstregistrychunks.c:526:gst_registry_chunks_load_pad_template: Reading/casting for GstRegistryChunkPadTemplate at address 0xb17b10
0:00:00.016865011  2469 0x1f6e320 DEBUG   GST_POLL gstpoll.c:980:gst_poll_fd_ctl_write: 0x1f769c0: fd (fd:0, idx:1), active : 1
0:00:00.021740915  2468 0xafb370 DEBUG   GST_REGISTRY gstregistrychunks.c:539:gst_registry_chunks_load_pad_template: Added pad_template sink_%u
0:00:00.016871634  2469 0x1f6e320 LOG   GST_POLL gstpoll.c:994:gst_poll_fd_ctl_write: 0x1f769c0: pfd->events now 60 (POLLOUT:4)
0:00:00.021749807  2468 0xafb370 DEBUG   GST_REGISTRY gstregistry.c:590:gst_registry_add_feature: adding feature 0xb1af50 (funnel)
0:00:00.016878794  2469 0x1f6e320 DEBUG   GST_POLL gstpoll.c:980:gst_poll_fd_ctl_write: 0x1f769c0: fd (fd:0, idx:1), active : 1
0:00:00.021756959  2468 0xafb370 DEBUG   GST_REFCOUNTING gstobject.c:709:gst_object_set_parent: set parent (ref and sink)
0:00:00.016886824  2469 0x1f6e320 LOG   GST_POLL gstpoll.c:994:gst_poll_fd_ctl_write: 0x1f769c0: pfd->events now 60 (POLLOUT:4)
0:00:00.021766005  2468 0xafb370 TRACE   GST_REFCOUNTING gstobject.c:294:gst_object_ref_sink: 0xb1af50 ref_sink 1->2
0:00:00.016895684  2469 0x1f6e320 DEBUG   GST_POLL gstpoll.c:980:gst_poll_fd_ctl_write: 0x1f769c0: fd (fd:0, idx:1), active : 1
0:00:00.021773523  2468 0xafb370 LOG   GST_REGISTRY gstregistry.c:608:gst_registry_add_feature: emitting feature-added for funnel
0:00:00.016903513  2469 0x1f6e320 LOG   GST_POLL gstpoll.c:994:gst_poll_fd_ctl_write: 0x1f769c0: pfd->events now 60 (POLLOUT:4)
0:00:00.021785741  2468 0xafb370 DEBUG   GST_REGISTRY gstregistrychunks.c:741:gst_registry_chunks_load_feature: Added feature funnel, plugin 0xb153c0 coreelements
0:00:00.016915518  2469 0x1f6e320 DEBUG   GST_POLL gstpoll.c:980:gst_poll_fd_ctl_write: 0x1f769c0: fd (fd:0, idx:1), active : 1
0:00:00.021793704  2468 0xafb370 DEBUG   GST_REGISTRY gstregistrychunks.c:583:gst_registry_chunks_load_feature: Plugin 'coreelements' feature 'filesrc' typename : 'GstElementFactory'
0:00:00.016923236  2469 0x1f6e320 LOG   GST_POLL gstpoll.c:994:gst_poll_fd_ctl_write: 0x1f769c0: pfd->events now 60 (POLLOUT:4)
0:00:00.021802399  2468 0xafb370 TRACE   GST_REFCOUNTING gstobject.c:208:gst_object_init: 0xb1ae50 new
0:00:00.016931394  2469 0x1f6e320 DEBUG   GST_POLL gstpoll.c:980:gst_poll_fd_ctl_write: 0x1f769c0: fd (fd:0, idx:1), active : 1
0:00:00.021812044  2468 0xafb370 LOG   GST_REGISTRY gstregistrychunks.c:610:gst_registry_chunks_load_feature: Reading/casting for GstRegistryChunkElementFactory at address 0xb17b40
0:00:00.016940526  2469 0x1f6e320 LOG   GST_POLL gstpoll.c:994:gst_poll_fd_ctl_write: 0x1f769c0: pfd->events now 60 (POLLOUT:4)
0:00:00.021819295  2468 0xafb370 TRACE   structure gststructure.c:292:gst_structure_new_id_empty_with_size: created structure 0xb1b480
0:00:00.016949482  2469 0x1f6e320 DEBUG   GST_POLL gstpoll.c:980:gst_poll_fd_ctl_write: 0x1f769c0: fd (fd:0, idx:1), active : 1
0:00:00.021826059  2468 0xafb370 DEBUG   structure gststructure.c:2258:gst_structure_parse_field: trying field name 'long-name'
0:00:00.016956275  2469 0x1f6e320 LOG   GST_POLL gstpoll.c:994:gst_poll_fd_ctl_write: 0x1f769c0: pfd->events now 60 (POLLOUT:4)
0:00:00.021832801  2468 0xafb370 DEBUG   default gstvalue.c:2776:_priv_gst_value_parse_value: trying type name 'string'
0:00:00.016963608  2469 0x1f6e320 DEBUG   GST_POLL gstpoll.c:980:gst_poll_fd_ctl_write: 0x1f769c0: fd (fd:0, idx:1), active : 1
0:00:00.021840187  2468 0xafb370 DEBUG   structure gststructure.c:2258:gst_structure_parse_field: trying field name 'klass'
0:00:00.016970090  2469 0x1f6e320 LOG   GST_POLL gstpoll.c:994:gst_poll_fd_ctl_write: 0x1f769c0: pfd->events now 60 (POLLOUT:4)
0:00:00.021846576  2468 0xafb370 DEBUG   default gstvalue.c:2776:_priv_gst_value_parse_value: trying type name 'string'
0:00:00.016977353  2469 0x1f6e320 DEBUG   GST_POLL gstpoll.c:980:gst_poll_fd_ctl_write: 0x1f769c0: fd (fd:0, idx:1), active : 1
0:00:00.021854284  2468 0xafb370 DEBUG   structure gststructure.c:2258:gst_structure_parse_field: trying field name 'description'
0:00:00.016983935  2469 0x1f6e320 LOG   GST_POLL gstpoll.c:994:gst_poll_fd_ctl_write: 0x1f769c0: pfd->events now 60 (POLLOUT:4)
0:00:00.021861000  2468 0xafb370 DEBUG   default gstvalue.c:2776:_priv_gst_value_parse_value: trying type name 'string'
0:00:00.016991538  2469 0x1f6e320 DEBUG   GST_POLL gstpoll.c:980:gst_poll_fd_ctl_write: 0x1f769c0: fd (fd:0, idx:1), active : 1
0:00:00.021868813  2468 0xafb370 DEBUG   structure gststructure.c:2258:gst_structure_parse_field: trying field name 'author'
0:00:00.017002926  2469 0x1f6e320 LOG   GST_POLL gstpoll.c:994:gst_poll_fd_ctl_write: 0x1f769c0: pfd->events now 60 (POLLOUT:4)
0:00:00.021877618  2468 0xafb370 DEBUG   default gstvalue.c:2776:_priv_gst_value_parse_value: trying type name 'string'
0:00:00.017010631  2469 0x1f6e320 DEBUG   GST_POLL gstpoll.c:980:gst_poll_fd_ctl_write: 0x1f769c0: fd (fd:0, idx:1), active : 1
0:00:00.021885627  2468 0xafb370 DEBUG   GST_REGISTRY gstregistrychunks.c:626:gst_registry_chunks_load_feature: Element factory : npadtemplates=1
0:00:00.017017393  2469 0x1f6e320 LOG   GST_POLL gstpoll.c:994:gst_poll_fd_ctl_write: 0x1f769c0: pfd->events now 60 (POLLOUT:4)
0:00:00.021892623  2468 0xafb370 DEBUG   GST_REGISTRY gstregistrychunks.c:526:gst_registry_chunks_load_pad_template: Reading/casting for GstRegistryChunkPadTemplate at address 0xb17c20
0:00:00.017024995  2469 0x1f6e320 DEBUG   GST_POLL gstpoll.c:980:gst_poll_fd_ctl_write: 0x1f769c0: fd (fd:0, idx:1), active : 1
0:00:00.021899640  2468 0xafb370 DEBUG   GST_REGISTRY gstregistrychunks.c:539:gst_registry_chunks_load_pad_template: Added pad_template src
0:00:00.017031602  2469 0x1f6e320 LOG   GST_POLL gstpoll.c:994:gst_poll_fd_ctl_write: 0x1f769c0: pfd->events now 60 (POLLOUT:4)
0:00:00.021906921  2468 0xafb370 DEBUG   GST_REGISTRY gstregistrychunks.c:639:gst_registry_chunks_load_feature: Reading 1 UriTypes at address 0xb17c30
0:00:00.017038662  2469 0x1f6e320 DEBUG   GST_POLL gstpoll.c:980:gst_poll_fd_ctl_write: 0x1f769c0: fd (fd:0, idx:1), active : 1
0:00:00.021914501  2468 0xafb370 DEBUG   GST_REGISTRY gstregistrychunks.c:654:gst_registry_chunks_load_feature: Reading 1 Interfaces at address 0xb17c39
0:00:00.017045628  2469 0x1f6e320 LOG   GST_POLL gstpoll.c:994:gst_poll_fd_ctl_write: 0x1f769c0: pfd->events now 60 (POLLOUT:4)
0:00:00.021924456  2468 0xafb370 DEBUG   GST_REGISTRY gstregistry.c:590:gst_registry_add_feature: adding feature 0xb1ae50 (filesrc)
0:00:00.017052896  2469 0x1f6e320 DEBUG   GST_POLL gstpoll.c:980:gst_poll_fd_ctl_write: 0x1f769c0: fd (fd:0, idx:1), active : 1
0:00:00.021931424  2468 0xafb370 DEBUG   GST_REFCOUNTING gstobject.c:709:gst_object_set_parent: set parent (ref and sink)
0:00:00.017061305  2469 0x1f6e320 LOG   GST_POLL gstpoll.c:994:gst_poll_fd_ctl_write: 0x1f769c0: pfd->events now 60 (POLLOUT:4)
0:00:00.021940066  2468 0xafb370 TRACE   GST_REFCOUNTING gstobject.c:294:gst_object_ref_sink: 0xb1ae50 ref_sink 1->2
0:00:00.017069382  2469 0x1f6e320 DEBUG   GST_POLL gstpoll.c:980:gst_poll_fd_ctl_write: 0x1f769c0: fd (fd:0, idx:1), active : 1
0:00:00.021948339  2468 0xafb370 LOG   GST_REGISTRY gstregistry.c:608:gst_registry_add_feature: emitting feature-added for filesrc
0:00:00.017077616  2469 0x1f6e320 LOG   GST_POLL gstpoll.c:994:gst_poll_fd_ctl_write: 0x1f769c0: pfd->events now 60 (POLLOUT:4)
0:00:00.021955932  2468 0xafb370 DEBUG   GST_REGISTRY gstregistrychunks.c:741:gst_registry_chunks_load_feature: Added feature filesrc, plugin 0xb153c0 coreelements
0:00:00.017089706  2469 0x1f6e320 DEBUG   GST_POLL gstpoll.c:980:gst_poll_fd_ctl_write: 0x1f769c0: fd (fd:0, idx:1), active : 1
0:00:00.021964715  2468 0xafb370 DEBUG   GST_REGISTRY gstregistrychunks.c:583:gst_registry_chunks_load_feature: Plugin 'coreelements' feature 'fdsink' typename : 'GstElementFactory'
0:00:00.017096548  2469 0x1f6e320 LOG   GST_POLL gstpoll.c:994:gst_poll_fd_ctl_write: 0x1f769c0: pfd->events now 60 (POLLOUT:4)
0:00:00.021974207  2468 0xafb370 TRACE   GST_REFCOUNTING gstobject.c:208:gst_object_init: 0xb1b5b0 new
0:00:00.017109857  2469 0x1f6e320 DEBUG   GST_POLL gstpoll.c:980:gst_poll_fd_ctl_write: 0x1f769c0: fd (fd:0, idx:1), active : 1
0:00:00.021985635  2468 0xafb370 LOG   GST_REGISTRY gstregistrychunks.c:610:gst_registry_chunks_load_feature: Reading/casting for GstRegistryChunkElementFactory at address 0xb17c60
0:00:00.017116453  2469 0x1f6e320 LOG   GST_POLL gstpoll.c:994:gst_poll_fd_ctl_write: 0x1f769c0: pfd->events now 60 (POLLOUT:4)
0:00:00.021993843  2468 0xafb370 TRACE   structure gststructure.c:292:gst_structure_new_id_empty_with_size: created structure 0xb1b770
0:00:00.017123673  2469 0x1f6e320 DEBUG   GST_POLL gstpoll.c:980:gst_poll_fd_ctl_write: 0x1f769c0: fd (fd:0, idx:1), active : 1
0:00:00.022000993  2468 0xafb370 DEBUG   structure gststructure.c:2258:gst_structure_parse_field: trying field name 'long-name'
0:00:00.017131125  2469 0x1f6e320 LOG   GST_POLL gstpoll.c:994:gst_poll_fd_ctl_write: 0x1f769c0: pfd->events now 60 (POLLOUT:4)
0:00:00.022007509  2468 0xafb370 DEBUG   default gstvalue.c:2776:_priv_gst_value_parse_value: trying type name 'string'
0:00:00.017138240  2469 0x1f6e320 DEBUG   GST_POLL gstpoll.c:980:gst_poll_fd_ctl_write: 0x1f769c0: fd (fd:0, idx:1), active : 1
0:00:00.022015212  2468 0xafb370 DEBUG   structure gststructure.c:2258:gst_structure_parse_field: trying field name 'klass'
0:00:00.017144601  2469 0x1f6e320 LOG   GST_POLL gstpoll.c:994:gst_poll_fd_ctl_write: 0x1f769c0: pfd->events now 60 (POLLOUT:4)
0:00:00.022021552  2468 0xafb370 DEBUG   default gstvalue.c:2776:_priv_gst_value_parse_value: trying type name 'string'
0:00:00.017152272  2469 0x1f6e320 DEBUG   GST_POLL gstpoll.c:980:gst_poll_fd_ctl_write: 0x1f769c0: fd (fd:0, idx:1), active : 1
0:00:00.022028798  2468 0xafb370 DEBUG   structure gststructure.c:2258:gst_structure_parse_field: trying field name 'description'
0:00:00.017158766  2469 0x1f6e320 LOG   GST_POLL gstpoll.c:994:gst_poll_fd_ctl_write: 0x1f769c0: pfd->events now 60 (POLLOUT:4)
0:00:00.022035345  2468 0xafb370 DEBUG   default gstvalue.c:2776:_priv_gst_value_parse_value: trying type name 'string'
0:00:00.017166096  2469 0x1f6e320 DEBUG   GST_POLL gstpoll.c:980:gst_poll_fd_ctl_write: 0x1f769c0: fd (fd:0, idx:1), active : 1
0:00:00.022043016  2468 0xafb370 DEBUG   structure gststructure.c:2258:gst_structure_parse_field: trying field name 'author'
0:00:00.017176945  2469 0x1f6e320 LOG   GST_POLL gstpoll.c:994:gst_poll_fd_ctl_write: 0x1f769c0: pfd->events now 60 (POLLOUT:4)
0:00:00.022050895  2468 0xafb370 DEBUG   default gstvalue.c:2776:_priv_gst_value_parse_value: trying type name 'string'
0:00:00.017183943  2469 0x1f6e320 DEBUG   GST_POLL gstpoll.c:980:gst_poll_fd_ctl_write: 0x1f769c0: fd (fd:0, idx:1), active : 1
0:00:00.022059467  2468 0xafb370 DEBUG   GST_REGISTRY gstregistrychunks.c:626:gst_registry_chunks_load_feature: Element factory : npadtemplates=1
0:00:00.017190771  2469 0x1f6e320 LOG   GST_POLL gstpoll.c:994:gst_poll_fd_ctl_write: 0x1f769c0: pfd->events now 60 (POLLOUT:4)
0:00:00.022066009  2468 0xafb370 DEBUG   GST_REGISTRY gstregistrychunks.c:526:gst_registry_chunks_load_pad_template: Reading/casting for GstRegistryChunkPadTemplate at address 0xb17d40
0:00:00.017197701  2469 0x1f6e320 DEBUG   GST_POLL gstpoll.c:980:gst_poll_fd_ctl_write: 0x1f769c0: fd (fd:0, idx:1), active : 1
0:00:00.022072800  2468 0xafb370 DEBUG   GST_REGISTRY gstregistrychunks.c:539:gst_registry_chunks_load_pad_template: Added pad_template sink
0:00:00.017204396  2469 0x1f6e320 LOG   GST_POLL gstpoll.c:994:gst_poll_fd_ctl_write: 0x1f769c0: pfd->events now 60 (POLLOUT:4)
0:00:00.022079944  2468 0xafb370 DEBUG   GST_REGISTRY gstregistrychunks.c:639:gst_registry_chunks_load_feature: Reading 1 UriTypes at address 0xb17d51
0:00:00.017211769  2469 0x1f6e320 DEBUG   GST_POLL gstpoll.c:980:gst_poll_fd_ctl_write: 0x1f769c0: fd (fd:0, idx:1), active : 1
0:00:00.022087388  2468 0xafb370 DEBUG   GST_REGISTRY gstregistrychunks.c:654:gst_registry_chunks_load_feature: Reading 1 Interfaces at address 0xb17d5f
0:00:00.017218452  2469 0x1f6e320 LOG   GST_POLL gstpoll.c:994:gst_poll_fd_ctl_write: 0x1f769c0: pfd->events now 60 (POLLOUT:4)
0:00:00.022096627  2468 0xafb370 DEBUG   GST_REGISTRY gstregistry.c:590:gst_registry_add_feature: adding feature 0xb1b5b0 (fdsink)
0:00:00.017225456  2469 0x1f6e320 DEBUG   GST_POLL gstpoll.c:980:gst_poll_fd_ctl_write: 0x1f769c0: fd (fd:0, idx:1), active : 1
0:00:00.022114878  2468 0xafb370 DEBUG   GST_REFCOUNTING gstobject.c:709:gst_object_set_parent: set parent (ref and sink)
0:00:00.017245672  2469 0x1f6e320 LOG   GST_POLL gstpoll.c:994:gst_poll_fd_ctl_write: 0x1f769c0: pfd->events now 60 (POLLOUT:4)
0:00:00.022123941  2468 0xafb370 TRACE   GST_REFCOUNTING gstobject.c:294:gst_object_ref_sink: 0xb1b5b0 ref_sink 1->2
0:00:00.017253173  2469 0x1f6e320 DEBUG   GST_POLL gstpoll.c:980:gst_poll_fd_ctl_write: 0x1f769c0: fd (fd:0, idx:1), active : 1
0:00:00.022132302  2468 0xafb370 LOG   GST_REGISTRY gstregistry.c:608:gst_registry_add_feature: emitting feature-added for fdsink
0:00:00.017261699  2469 0x1f6e320 LOG   GST_POLL gstpoll.c:994:gst_poll_fd_ctl_write: 0x1f769c0: pfd->events now 60 (POLLOUT:4)
0:00:00.022140129  2468 0xafb370 DEBUG   GST_REGISTRY gstregistrychunks.c:741:gst_registry_chunks_load_feature: Added feature fdsink, plugin 0xb153c0 coreelements
0:00:00.017269592  2469 0x1f6e320 DEBUG   GST_POLL gstpoll.c:980:gst_poll_fd_ctl_write: 0x1f769c0: fd (fd:0, idx:1), active : 1
0:00:00.022152909  2468 0xafb370 DEBUG   GST_REGISTRY gstregistrychunks.c:583:gst_registry_chunks_load_feature: Plugin 'coreelements' feature 'fdsrc' typename : 'GstElementFactory'
0:00:00.017282384  2469 0x1f6e320 LOG   GST_POLL gstpoll.c:994:gst_poll_fd_ctl_write: 0x1f769c0: pfd->events now 60 (POLLOUT:4)
0:00:00.017290448  2469 0x1f6e320 DEBUG   GST_POLL gstpoll.c:980:gst_poll_fd_ctl_write: 0x1f769c0: fd (fd:0, idx:1), active : 1
0:00:00.022162313  2468 0xafb370 TRACE   GST_REFCOUNTING gstobject.c:208:gst_object_init: 0xb1b8a0 new
0:00:00.017296527  2469 0x1f6e320 LOG   GST_POLL gstpoll.c:994:gst_poll_fd_ctl_write: 0x1f769c0: pfd->events now 60 (POLLOUT:4)
0:00:00.022172466  2468 0xafb370 LOG   GST_REGISTRY gstregistrychunks.c:610:gst_registry_chunks_load_feature: Reading/casting for GstRegistryChunkElementFactory at address 0xb17d88
0:00:00.017303314  2469 0x1f6e320 DEBUG   GST_POLL gstpoll.c:980:gst_poll_fd_ctl_write: 0x1f769c0: fd (fd:0, idx:1), active : 1
0:00:00.022180128  2468 0xafb370 TRACE   structure gststructure.c:292:gst_structure_new_id_empty_with_size: created structure 0xb1baf0
0:00:00.017309585  2469 0x1f6e320 LOG   GST_POLL gstpoll.c:994:gst_poll_fd_ctl_write: 0x1f769c0: pfd->events now 60 (POLLOUT:4)
0:00:00.022186748  2468 0xafb370 DEBUG   structure gststructure.c:2258:gst_structure_parse_field: trying field name 'long-name'
0:00:00.017317362  2469 0x1f6e320 DEBUG   GST_POLL gstpoll.c:980:gst_poll_fd_ctl_write: 0x1f769c0: fd (fd:0, idx:1), active : 1
0:00:00.022192999  2468 0xafb370 DEBUG   default gstvalue.c:2776:_priv_gst_value_parse_value: trying type name 'string'
0:00:00.017323937  2469 0x1f6e320 LOG   GST_POLL gstpoll.c:994:gst_poll_fd_ctl_write: 0x1f769c0: pfd->events now 60 (POLLOUT:4)
0:00:00.022200478  2468 0xafb370 DEBUG   structure gststructure.c:2258:gst_structure_parse_field: trying field name 'klass'
0:00:00.017330896  2469 0x1f6e320 DEBUG   GST_POLL gstpoll.c:980:gst_poll_fd_ctl_write: 0x1f769c0: fd (fd:0, idx:1), active : 1
0:00:00.022206554  2468 0xafb370 DEBUG   default gstvalue.c:2776:_priv_gst_value_parse_value: trying type name 'string'
0:00:00.017337391  2469 0x1f6e320 LOG   GST_POLL gstpoll.c:994:gst_poll_fd_ctl_write: 0x1f769c0: pfd->events now 60 (POLLOUT:4)
0:00:00.022213716  2468 0xafb370 DEBUG   structure gststructure.c:2258:gst_structure_parse_field: trying field name 'description'
0:00:00.017344123  2469 0x1f6e320 DEBUG   GST_POLL gstpoll.c:980:gst_poll_fd_ctl_write: 0x1f769c0: fd (fd:0, idx:1), active : 1
0:00:00.022220040  2468 0xafb370 DEBUG   default gstvalue.c:2776:_priv_gst_value_parse_value: trying type name 'string'
0:00:00.017350791  2469 0x1f6e320 LOG   GST_POLL gstpoll.c:994:gst_poll_fd_ctl_write: 0x1f769c0: pfd->events now 60 (POLLOUT:4)
0:00:00.022227669  2468 0xafb370 DEBUG   structure gststructure.c:2258:gst_structure_parse_field: trying field name 'author'
0:00:00.017361831  2469 0x1f6e320 DEBUG   GST_POLL gstpoll.c:980:gst_poll_fd_ctl_write: 0x1f769c0: fd (fd:0, idx:1), active : 1
0:00:00.022235652  2468 0xafb370 DEBUG   default gstvalue.c:2776:_priv_gst_value_parse_value: trying type name 'string'
0:00:00.017368608  2469 0x1f6e320 LOG   GST_POLL gstpoll.c:994:gst_poll_fd_ctl_write: 0x1f769c0: pfd->events now 60 (POLLOUT:4)
0:00:00.022243915  2468 0xafb370 DEBUG   GST_REGISTRY gstregistrychunks.c:626:gst_registry_chunks_load_feature: Element factory : npadtemplates=1
0:00:00.017375703  2469 0x1f6e320 DEBUG   GST_POLL gstpoll.c:980:gst_poll_fd_ctl_write: 0x1f769c0: fd (fd:0, idx:1), active : 1
0:00:00.022251342  2468 0xafb370 DEBUG   GST_REGISTRY gstregistrychunks.c:526:gst_registry_chunks_load_pad_template: Reading/casting for GstRegistryChunkPadTemplate at address 0xb17e68
0:00:00.017382690  2469 0x1f6e320 LOG   GST_POLL gstpoll.c:994:gst_poll_fd_ctl_write: 0x1f769c0: pfd->events now 60 (POLLOUT:4)
0:00:00.022258169  2468 0xafb370 DEBUG   GST_REGISTRY gstregistrychunks.c:539:gst_registry_chunks_load_pad_template: Added pad_template src
0:00:00.017389788  2469 0x1f6e320 DEBUG   GST_POLL gstpoll.c:980:gst_poll_fd_ctl_write: 0x1f769c0: fd (fd:0, idx:1), active : 1
0:00:00.022265547  2468 0xafb370 DEBUG   GST_REGISTRY gstregistrychunks.c:639:gst_registry_chunks_load_feature: Reading 1 UriTypes at address 0xb17e78
0:00:00.017396394  2469 0x1f6e320 LOG   GST_POLL gstpoll.c:994:gst_poll_fd_ctl_write: 0x1f769c0: pfd->events now 60 (POLLOUT:4)
0:00:00.022273371  2468 0xafb370 DEBUG   GST_REGISTRY gstregistrychunks.c:654:gst_registry_chunks_load_feature: Reading 1 Interfaces at address 0xb17e7f
0:00:00.017403678  2469 0x1f6e320 DEBUG   GST_POLL gstpoll.c:980:gst_poll_fd_ctl_write: 0x1f769c0: fd (fd:0, idx:1), active : 1
0:00:00.017410665  2469 0x1f6e320 LOG   GST_POLL gstpoll.c:994:gst_poll_fd_ctl_write: 0x1f769c0: pfd->events now 60 (POLLOUT:4)
0:00:00.022282763  2468 0xafb370 DEBUG   GST_REGISTRY gstregistry.c:590:gst_registry_add_feature: adding feature 0xb1b8a0 (fdsrc)
0:00:00.017417162  2469 0x1f6e320 DEBUG   GST_POLL gstpoll.c:980:gst_poll_fd_ctl_write: 0x1f769c0: fd (fd:0, idx:1), active : 1
0:00:00.022291565  2468 0xafb370 DEBUG   GST_REFCOUNTING gstobject.c:709:gst_object_set_parent: set parent (ref and sink)
0:00:00.017423733  2469 0x1f6e320 LOG   GST_POLL gstpoll.c:994:gst_poll_fd_ctl_write: 0x1f769c0: pfd->events now 60 (POLLOUT:4)
0:00:00.022299807  2468 0xafb370 TRACE   GST_REFCOUNTING gstobject.c:294:gst_object_ref_sink: 0xb1b8a0 ref_sink 1->2
0:00:00.017430834  2469 0x1f6e320 DEBUG   GST_POLL gstpoll.c:980:gst_poll_fd_ctl_write: 0x1f769c0: fd (fd:0, idx:1), active : 1
0:00:00.022307345  2468 0xafb370 LOG   GST_REGISTRY gstregistry.c:608:gst_registry_add_feature: emitting feature-added for fdsrc
0:00:00.017437600  2469 0x1f6e320 LOG   GST_POLL gstpoll.c:994:gst_poll_fd_ctl_write: 0x1f769c0: pfd->events now 60 (POLLOUT:4)
0:00:00.022315065  2468 0xafb370 DEBUG   GST_REGISTRY gstregistrychunks.c:741:gst_registry_chunks_load_feature: Added feature fdsrc, plugin 0xb153c0 coreelements
0:00:00.017448840  2469 0x1f6e320 DEBUG   GST_POLL gstpoll.c:980:gst_poll_fd_ctl_write: 0x1f769c0: fd (fd:0, idx:1), active : 1
0:00:00.022323894  2468 0xafb370 DEBUG   GST_REGISTRY gstregistrychunks.c:583:gst_registry_chunks_load_feature: Plugin 'coreelements' feature 'fakesink' typename : 'GstElementFactory'
0:00:00.017455645  2469 0x1f6e320 LOG   GST_POLL gstpoll.c:994:gst_poll_fd_ctl_write: 0x1f769c0: pfd->events now 60 (POLLOUT:4)
0:00:00.022332847  2468 0xafb370 TRACE   GST_REFCOUNTING gstobject.c:208:gst_object_init: 0xb1bd20 new
0:00:00.017463365  2469 0x1f6e320 DEBUG   GST_POLL gstpoll.c:980:gst_poll_fd_ctl_write: 0x1f769c0: fd (fd:0, idx:1), active : 1
0:00:00.022341792  2468 0xafb370 LOG   GST_REGISTRY gstregistrychunks.c:610:gst_registry_chunks_load_feature: Reading/casting for GstRegistryChunkElementFactory at address 0xb17ea8
0:00:00.017470388  2469 0x1f6e320 LOG   GST_POLL gstpoll.c:994:gst_poll_fd_ctl_write: 0x1f769c0: pfd->events now 60 (POLLOUT:4)
0:00:00.017479734  2469 0x1f6e320 DEBUG   GST_POLL gstpoll.c:980:gst_poll_fd_ctl_write: 0x1f769c0: fd (fd:0, idx:1), active : 1
0:00:00.022352971  2468 0xafb370 TRACE   structure gststructure.c:292:gst_structure_new_id_empty_with_size: created structure 0xb1bf30
0:00:00.017485829  2469 0x1f6e320 LOG   GST_POLL gstpoll.c:994:gst_poll_fd_ctl_write: 0x1f769c0: pfd->events now 60 (POLLOUT:4)
0:00:00.022360190  2468 0xafb370 DEBUG   structure gststructure.c:2258:gst_structure_parse_field: trying field name 'long-name'
0:00:00.017493432  2469 0x1f6e320 DEBUG   GST_POLL gstpoll.c:980:gst_poll_fd_ctl_write: 0x1f769c0: fd (fd:0, idx:1), active : 1
0:00:00.022366865  2468 0xafb370 DEBUG   default gstvalue.c:2776:_priv_gst_value_parse_value: trying type name 'string'
0:00:00.017500074  2469 0x1f6e320 LOG   GST_POLL gstpoll.c:994:gst_poll_fd_ctl_write: 0x1f769c0: pfd->events now 60 (POLLOUT:4)
0:00:00.022375155  2468 0xafb370 DEBUG   structure gststructure.c:2258:gst_structure_parse_field: trying field name 'klass'
0:00:00.017507541  2469 0x1f6e320 DEBUG   GST_POLL gstpoll.c:980:gst_poll_fd_ctl_write: 0x1f769c0: fd (fd:0, idx:1), active : 1
0:00:00.022381467  2468 0xafb370 DEBUG   default gstvalue.c:2776:_priv_gst_value_parse_value: trying type name 'string'
0:00:00.017513954  2469 0x1f6e320 LOG   GST_POLL gstpoll.c:994:gst_poll_fd_ctl_write: 0x1f769c0: pfd->events now 60 (POLLOUT:4)
0:00:00.022388778  2468 0xafb370 DEBUG   structure gststructure.c:2258:gst_structure_parse_field: trying field name 'description'
0:00:00.017521138  2469 0x1f6e320 DEBUG   GST_POLL gstpoll.c:980:gst_poll_fd_ctl_write: 0x1f769c0: fd (fd:0, idx:1), active : 1
0:00:00.022395109  2468 0xafb370 DEBUG   default gstvalue.c:2776:_priv_gst_value_parse_value: trying type name 'string'
0:00:00.017527821  2469 0x1f6e320 LOG   GST_POLL gstpoll.c:994:gst_poll_fd_ctl_write: 0x1f769c0: pfd->events now 60 (POLLOUT:4)
0:00:00.022407878  2468 0xafb370 DEBUG   structure gststructure.c:2258:gst_structure_parse_field: trying field name 'author'
0:00:00.017537995  2469 0x1f6e320 DEBUG   GST_POLL gstpoll.c:980:gst_poll_fd_ctl_write: 0x1f769c0: fd (fd:0, idx:1), active : 1
0:00:00.022414827  2468 0xafb370 DEBUG   default gstvalue.c:2776:_priv_gst_value_parse_value: trying type name 'string'
0:00:00.017545239  2469 0x1f6e320 LOG   GST_POLL gstpoll.c:994:gst_poll_fd_ctl_write: 0x1f769c0: pfd->events now 60 (POLLOUT:4)
0:00:00.022424147  2468 0xafb370 DEBUG   GST_REGISTRY gstregistrychunks.c:626:gst_registry_chunks_load_feature: Element factory : npadtemplates=1
0:00:00.017552207  2469 0x1f6e320 DEBUG   GST_POLL gstpoll.c:980:gst_poll_fd_ctl_write: 0x1f769c0: fd (fd:0, idx:1), active : 1
0:00:00.022430732  2468 0xafb370 DEBUG   GST_REGISTRY gstregistrychunks.c:526:gst_registry_chunks_load_pad_template: Reading/casting for GstRegistryChunkPadTemplate at address 0xb17fd0
0:00:00.017561027  2469 0x1f6e320 LOG   GST_POLL gstpoll.c:994:gst_poll_fd_ctl_write: 0x1f769c0: pfd->events now 60 (POLLOUT:4)
0:00:00.022438040  2468 0xafb370 DEBUG   GST_REGISTRY gstregistrychunks.c:539:gst_registry_chunks_load_pad_template: Added pad_template sink
0:00:00.017568520  2469 0x1f6e320 DEBUG   GST_POLL gstpoll.c:980:gst_poll_fd_ctl_write: 0x1f769c0: fd (fd:0, idx:1), active : 1
0:00:00.017574785  2469 0x1f6e320 LOG   GST_POLL gstpoll.c:994:gst_poll_fd_ctl_write: 0x1f769c0: pfd->events now 60 (POLLOUT:4)
0:00:00.022447321  2468 0xafb370 DEBUG   GST_REGISTRY gstregistry.c:590:gst_registry_add_feature: adding feature 0xb1bd20 (fakesink)
0:00:00.017581204  2469 0x1f6e320 DEBUG   GST_POLL gstpoll.c:980:gst_poll_fd_ctl_write: 0x1f769c0: fd (fd:0, idx:1), active : 1
0:00:00.022455718  2468 0xafb370 DEBUG   GST_REFCOUNTING gstobject.c:709:gst_object_set_parent: set parent (ref and sink)
0:00:00.017588161  2469 0x1f6e320 LOG   GST_POLL gstpoll.c:994:gst_poll_fd_ctl_write: 0x1f769c0: pfd->events now 60 (POLLOUT:4)
0:00:00.022464460  2468 0xafb370 TRACE   GST_REFCOUNTING gstobject.c:294:gst_object_ref_sink: 0xb1bd20 ref_sink 1->2
0:00:00.017595158  2469 0x1f6e320 DEBUG   GST_POLL gstpoll.c:980:gst_poll_fd_ctl_write: 0x1f769c0: fd (fd:0, idx:1), active : 1
0:00:00.022472231  2468 0xafb370 LOG   GST_REGISTRY gstregistry.c:608:gst_registry_add_feature: emitting feature-added for fakesink
0:00:00.017601955  2469 0x1f6e320 LOG   GST_POLL gstpoll.c:994:gst_poll_fd_ctl_write: 0x1f769c0: pfd->events now 60 (POLLOUT:4)
0:00:00.017610060  2469 0x1f6e320 DEBUG   GST_POLL gstpoll.c:980:gst_poll_fd_ctl_write: 0x1f769c0: fd (fd:0, idx:1), active : 1
0:00:00.022480372  2468 0xafb370 DEBUG   GST_REGISTRY gstregistrychunks.c:741:gst_registry_chunks_load_feature: Added feature fakesink, plugin 0xb153c0 coreelements
0:00:00.017616277  2469 0x1f6e320 LOG   GST_POLL gstpoll.c:994:gst_poll_fd_ctl_write: 0x1f769c0: pfd->events now 60 (POLLOUT:4)
0:00:00.022493589  2468 0xafb370 DEBUG   GST_REGISTRY gstregistrychunks.c:583:gst_registry_chunks_load_feature: Plugin 'coreelements' feature 'fakesrc' typename : 'GstElementFactory'
0:00:00.017628151  2469 0x1f6e320 DEBUG   GST_POLL gstpoll.c:980:gst_poll_fd_ctl_write: 0x1f769c0: fd (fd:0, idx:1), active : 1
0:00:00.022504323  2468 0xafb370 TRACE   GST_REFCOUNTING gstobject.c:208:gst_object_init: 0xb1b240 new
0:00:00.017634660  2469 0x1f6e320 LOG   GST_POLL gstpoll.c:994:gst_poll_fd_ctl_write: 0x1f769c0: pfd->events now 60 (POLLOUT:4)
0:00:00.022513404  2468 0xafb370 LOG   GST_REGISTRY gstregistrychunks.c:610:gst_registry_chunks_load_feature: Reading/casting for GstRegistryChunkElementFactory at address 0xb18000
0:00:00.017642275  2469 0x1f6e320 DEBUG   GST_POLL gstpoll.c:980:gst_poll_fd_ctl_write: 0x1f769c0: fd (fd:0, idx:1), active : 1
0:00:00.022520898  2468 0xafb370 TRACE   structure gststructure.c:292:gst_structure_new_id_empty_with_size: created structure 0xb1c3a0
0:00:00.017650685  2469 0x1f6e320 LOG   GST_POLL gstpoll.c:994:gst_poll_fd_ctl_write: 0x1f769c0: pfd->events now 60 (POLLOUT:4)
0:00:00.022527326  2468 0xafb370 DEBUG   structure gststructure.c:2258:gst_structure_parse_field: trying field name 'long-name'
0:00:00.017658122  2469 0x1f6e320 DEBUG   GST_POLL gstpoll.c:980:gst_poll_fd_ctl_write: 0x1f769c0: fd (fd:0, idx:1), active : 1
0:00:00.022533512  2468 0xafb370 DEBUG   default gstvalue.c:2776:_priv_gst_value_parse_value: trying type name 'string'
0:00:00.017664670  2469 0x1f6e320 LOG   GST_POLL gstpoll.c:994:gst_poll_fd_ctl_write: 0x1f769c0: pfd->events now 60 (POLLOUT:4)
0:00:00.022540687  2468 0xafb370 DEBUG   structure gststructure.c:2258:gst_structure_parse_field: trying field name 'klass'
0:00:00.017671717  2469 0x1f6e320 DEBUG   GST_POLL gstpoll.c:980:gst_poll_fd_ctl_write: 0x1f769c0: fd (fd:0, idx:1), active : 1
0:00:00.022546806  2468 0xafb370 DEBUG   default gstvalue.c:2776:_priv_gst_value_parse_value: trying type name 'string'
0:00:00.017678286  2469 0x1f6e320 LOG   GST_POLL gstpoll.c:994:gst_poll_fd_ctl_write: 0x1f769c0: pfd->events now 60 (POLLOUT:4)
0:00:00.022553644  2468 0xafb370 DEBUG   structure gststructure.c:2258:gst_structure_parse_field: trying field name 'description'
0:00:00.017685414  2469 0x1f6e320 DEBUG   GST_POLL gstpoll.c:980:gst_poll_fd_ctl_write: 0x1f769c0: fd (fd:0, idx:1), active : 1
0:00:00.022559896  2468 0xafb370 DEBUG   default gstvalue.c:2776:_priv_gst_value_parse_value: trying type name 'string'
0:00:00.017691837  2469 0x1f6e320 LOG   GST_POLL gstpoll.c:994:gst_poll_fd_ctl_write: 0x1f769c0: pfd->events now 60 (POLLOUT:4)
0:00:00.022567292  2468 0xafb370 DEBUG   structure gststructure.c:2258:gst_structure_parse_field: trying field name 'author'
0:00:00.017698885  2469 0x1f6e320 DEBUG   GST_POLL gstpoll.c:980:gst_poll_fd_ctl_write: 0x1f769c0: fd (fd:0, idx:1), active : 1
0:00:00.022573747  2468 0xafb370 DEBUG   default gstvalue.c:2776:_priv_gst_value_parse_value: trying type name 'string'
0:00:00.017709393  2469 0x1f6e320 LOG   GST_POLL gstpoll.c:994:gst_poll_fd_ctl_write: 0x1f769c0: pfd->events now 60 (POLLOUT:4)
0:00:00.022585607  2468 0xafb370 DEBUG   GST_REGISTRY gstregistrychunks.c:626:gst_registry_chunks_load_feature: Element factory : npadtemplates=1
0:00:00.017716694  2469 0x1f6e320 DEBUG   GST_POLL gstpoll.c:980:gst_poll_fd_ctl_write: 0x1f769c0: fd (fd:0, idx:1), active : 1
0:00:00.022592156  2468 0xafb370 DEBUG   GST_REGISTRY gstregistrychunks.c:526:gst_registry_chunks_load_pad_template: Reading/casting for GstRegistryChunkPadTemplate at address 0xb18100
0:00:00.017723408  2469 0x1f6e320 LOG   GST_POLL gstpoll.c:994:gst_poll_fd_ctl_write: 0x1f769c0: pfd->events now 60 (POLLOUT:4)
0:00:00.022599051  2468 0xafb370 DEBUG   GST_REGISTRY gstregistrychunks.c:539:gst_registry_chunks_load_pad_template: Added pad_template src
0:00:00.017730437  2469 0x1f6e320 DEBUG   GST_POLL gstpoll.c:980:gst_poll_fd_ctl_write: 0x1f769c0: fd (fd:0, idx:1), active : 1
0:00:00.022608207  2468 0xafb370 DEBUG   GST_REGISTRY gstregistry.c:590:gst_registry_add_feature: adding feature 0xb1b240 (fakesrc)
0:00:00.017737149  2469 0x1f6e320 LOG   GST_POLL gstpoll.c:994:gst_poll_fd_ctl_write: 0x1f769c0: pfd->events now 60 (POLLOUT:4)
0:00:00.022615631  2468 0xafb370 DEBUG   GST_REFCOUNTING gstobject.c:709:gst_object_set_parent: set parent (ref and sink)
0:00:00.017745947  2469 0x1f6e320 DEBUG   GST_POLL gstpoll.c:980:gst_poll_fd_ctl_write: 0x1f769c0: fd (fd:0, idx:1), active : 1
0:00:00.022623852  2468 0xafb370 TRACE   GST_REFCOUNTING gstobject.c:294:gst_object_ref_sink: 0xb1b240 ref_sink 1->2
0:00:00.017752919  2469 0x1f6e320 LOG   GST_POLL gstpoll.c:994:gst_poll_fd_ctl_write: 0x1f769c0: pfd->events now 60 (POLLOUT:4)
0:00:00.022631602  2468 0xafb370 LOG   GST_REGISTRY gstregistry.c:608:gst_registry_add_feature: emitting feature-added for fakesrc
0:00:00.017761442  2469 0x1f6e320 DEBUG   GST_POLL gstpoll.c:980:gst_poll_fd_ctl_write: 0x1f769c0: fd (fd:0, idx:1), active : 1
0:00:00.022639518  2468 0xafb370 DEBUG   GST_REGISTRY gstregistrychunks.c:741:gst_registry_chunks_load_feature: Added feature fakesrc, plugin 0xb153c0 coreelements
0:00:00.017768593  2469 0x1f6e320 LOG   GST_POLL gstpoll.c:994:gst_poll_fd_ctl_write: 0x1f769c0: pfd->events now 60 (POLLOUT:4)
0:00:00.022647440  2468 0xafb370 DEBUG   GST_REGISTRY gstregistrychunks.c:583:gst_registry_chunks_load_feature: Plugin 'coreelements' feature 'downloadbuffer' typename : 'GstElementFactory'
0:00:00.017777168  2469 0x1f6e320 DEBUG   GST_POLL gstpoll.c:980:gst_poll_fd_ctl_write: 0x1f769c0: fd (fd:0, idx:1), active : 1
0:00:00.022655967  2468 0xafb370 TRACE   GST_REFCOUNTING gstobject.c:208:gst_object_init: 0xb1c520 new
0:00:00.017784571  2469 0x1f6e320 LOG   GST_POLL gstpoll.c:994:gst_poll_fd_ctl_write: 0x1f769c0: pfd->events now 60 (POLLOUT:4)
0:00:00.022664738  2468 0xafb370 LOG   GST_REGISTRY gstregistrychunks.c:610:gst_registry_chunks_load_feature: Reading/casting for GstRegistryChunkElementFactory at address 0xb18138
0:00:00.017797808  2469 0x1f6e320 DEBUG   GST_POLL gstpoll.c:980:gst_poll_fd_ctl_write: 0x1f769c0: fd (fd:0, idx:1), active : 1
0:00:00.022671889  2468 0xafb370 TRACE   structure gststructure.c:292:gst_structure_new_id_empty_with_size: created structure 0xb1c810
0:00:00.017804419  2469 0x1f6e320 LOG   GST_POLL gstpoll.c:994:gst_poll_fd_ctl_write: 0x1f769c0: pfd->events now 60 (POLLOUT:4)
0:00:00.022678672  2468 0xafb370 DEBUG   structure gststructure.c:2258:gst_structure_parse_field: trying field name 'long-name'
0:00:00.017811402  2469 0x1f6e320 DEBUG   GST_POLL gstpoll.c:980:gst_poll_fd_ctl_write: 0x1f769c0: fd (fd:0, idx:1), active : 1
0:00:00.022685027  2468 0xafb370 DEBUG   default gstvalue.c:2776:_priv_gst_value_parse_value: trying type name 'string'
0:00:00.017817953  2469 0x1f6e320 LOG   GST_POLL gstpoll.c:994:gst_poll_fd_ctl_write: 0x1f769c0: pfd->events now 60 (POLLOUT:4)
0:00:00.022692890  2468 0xafb370 DEBUG   structure gststructure.c:2258:gst_structure_parse_field: trying field name 'klass'
0:00:00.017824747  2469 0x1f6e320 DEBUG   GST_POLL gstpoll.c:980:gst_poll_fd_ctl_write: 0x1f769c0: fd (fd:0, idx:1), active : 1
0:00:00.022698998  2468 0xafb370 DEBUG   default gstvalue.c:2776:_priv_gst_value_parse_value: trying type name 'string'
0:00:00.017831319  2469 0x1f6e320 LOG   GST_POLL gstpoll.c:994:gst_poll_fd_ctl_write: 0x1f769c0: pfd->events now 60 (POLLOUT:4)
0:00:00.022705961  2468 0xafb370 DEBUG   structure gststructure.c:2258:gst_structure_parse_field: trying field name 'description'
0:00:00.017838667  2469 0x1f6e320 DEBUG   GST_POLL gstpoll.c:980:gst_poll_fd_ctl_write: 0x1f769c0: fd (fd:0, idx:1), active : 1
0:00:00.022711957  2468 0xafb370 DEBUG   default gstvalue.c:2776:_priv_gst_value_parse_value: trying type name 'string'
0:00:00.017845147  2469 0x1f6e320 LOG   GST_POLL gstpoll.c:994:gst_poll_fd_ctl_write: 0x1f769c0: pfd->events now 60 (POLLOUT:4)
0:00:00.022720263  2468 0xafb370 DEBUG   structure gststructure.c:2258:gst_structure_parse_field: trying field name 'author'
0:00:00.017852108  2469 0x1f6e320 DEBUG   GST_POLL gstpoll.c:980:gst_poll_fd_ctl_write: 0x1f769c0: fd (fd:0, idx:1), active : 1
0:00:00.022726461  2468 0xafb370 DEBUG   default gstvalue.c:2776:_priv_gst_value_parse_value: trying type name 'string'
0:00:00.017858909  2469 0x1f6e320 LOG   GST_POLL gstpoll.c:994:gst_poll_fd_ctl_write: 0x1f769c0: pfd->events now 60 (POLLOUT:4)
0:00:00.022734435  2468 0xafb370 DEBUG   GST_REGISTRY gstregistrychunks.c:626:gst_registry_chunks_load_feature: Element factory : npadtemplates=2
0:00:00.017865725  2469 0x1f6e320 DEBUG   GST_POLL gstpoll.c:980:gst_poll_fd_ctl_write: 0x1f769c0: fd (fd:0, idx:1), active : 1
0:00:00.022740809  2468 0xafb370 DEBUG   GST_REGISTRY gstregistrychunks.c:526:gst_registry_chunks_load_pad_template: Reading/casting for GstRegistryChunkPadTemplate at address 0xb18200
0:00:00.017872578  2469 0x1f6e320 LOG   GST_POLL gstpoll.c:994:gst_poll_fd_ctl_write: 0x1f769c0: pfd->events now 60 (POLLOUT:4)
0:00:00.022752098  2468 0xafb370 DEBUG   GST_REGISTRY gstregistrychunks.c:539:gst_registry_chunks_load_pad_template: Added pad_template sink
0:00:00.017882699  2469 0x1f6e320 DEBUG   GST_POLL gstpoll.c:980:gst_poll_fd_ctl_write: 0x1f769c0: fd (fd:0, idx:1), active : 1
0:00:00.022758571  2468 0xafb370 DEBUG   GST_REGISTRY gstregistrychunks.c:526:gst_registry_chunks_load_pad_template: Reading/casting for GstRegistryChunkPadTemplate at address 0xb18218
0:00:00.017889294  2469 0x1f6e320 LOG   GST_POLL gstpoll.c:994:gst_poll_fd_ctl_write: 0x1f769c0: pfd->events now 60 (POLLOUT:4)
0:00:00.022765462  2468 0xafb370 DEBUG   GST_REGISTRY gstregistrychunks.c:539:gst_registry_chunks_load_pad_template: Added pad_template src
0:00:00.017896250  2469 0x1f6e320 DEBUG   GST_POLL gstpoll.c:980:gst_poll_fd_ctl_write: 0x1f769c0: fd (fd:0, idx:1), active : 1
0:00:00.022774394  2468 0xafb370 DEBUG   GST_REGISTRY gstregistry.c:590:gst_registry_add_feature: adding feature 0xb1c520 (downloadbuffer)
0:00:00.017903160  2469 0x1f6e320 LOG   GST_POLL gstpoll.c:994:gst_poll_fd_ctl_write: 0x1f769c0: pfd->events now 60 (POLLOUT:4)
0:00:00.022781669  2468 0xafb370 DEBUG   GST_REFCOUNTING gstobject.c:709:gst_object_set_parent: set parent (ref and sink)
0:00:00.017911894  2469 0x1f6e320 DEBUG   GST_POLL gstpoll.c:980:gst_poll_fd_ctl_write: 0x1f769c0: fd (fd:0, idx:1), active : 1
0:00:00.022790159  2468 0xafb370 TRACE   GST_REFCOUNTING gstobject.c:294:gst_object_ref_sink: 0xb1c520 ref_sink 1->2
0:00:00.017919199  2469 0x1f6e320 LOG   GST_POLL gstpoll.c:994:gst_poll_fd_ctl_write: 0x1f769c0: pfd->events now 60 (POLLOUT:4)
0:00:00.022797791  2468 0xafb370 LOG   GST_REGISTRY gstregistry.c:608:gst_registry_add_feature: emitting feature-added for downloadbuffer
0:00:00.017928198  2469 0x1f6e320 LOG   GST_PLUGIN_LOADING gstpluginloader.c:645:put_chunk: Expanding tx buf from 13209 to 17023 for chunk of size 229
0:00:00.022805032  2468 0xafb370 DEBUG   GST_REGISTRY gstregistrychunks.c:741:gst_registry_chunks_load_feature: Added feature downloadbuffer, plugin 0xb153c0 coreelements
0:00:00.017939552  2469 0x1f6e320 DEBUG   GST_POLL gstpoll.c:980:gst_poll_fd_ctl_write: 0x1f769c0: fd (fd:0, idx:1), active : 1
0:00:00.022812593  2468 0xafb370 DEBUG   GST_REGISTRY gstregistrychunks.c:583:gst_registry_chunks_load_feature: Plugin 'coreelements' feature 'dataurisrc' typename : 'GstElementFactory'
0:00:00.017946006  2469 0x1f6e320 LOG   GST_POLL gstpoll.c:994:gst_poll_fd_ctl_write: 0x1f769c0: pfd->events now 60 (POLLOUT:4)
0:00:00.022822592  2468 0xafb370 TRACE   GST_REFCOUNTING gstobject.c:208:gst_object_init: 0xb1c240 new
0:00:00.017952975  2469 0x1f6e320 DEBUG   GST_POLL gstpoll.c:980:gst_poll_fd_ctl_write: 0x1f769c0: fd (fd:0, idx:1), active : 1
0:00:00.022831552  2468 0xafb370 LOG   GST_REGISTRY gstregistrychunks.c:610:gst_registry_chunks_load_feature: Reading/casting for GstRegistryChunkElementFactory at address 0xb18248
0:00:00.017960062  2469 0x1f6e320 LOG   GST_POLL gstpoll.c:994:gst_poll_fd_ctl_write: 0x1f769c0: pfd->events now 60 (POLLOUT:4)
0:00:00.022842976  2468 0xafb370 TRACE   structure gststructure.c:292:gst_structure_new_id_empty_with_size: created structure 0xb1cc90
0:00:00.017973220  2469 0x1f6e320 DEBUG   GST_POLL gstpoll.c:980:gst_poll_fd_ctl_write: 0x1f769c0: fd (fd:0, idx:1), active : 1
0:00:00.022849610  2468 0xafb370 DEBUG   structure gststructure.c:2258:gst_structure_parse_field: trying field name 'long-name'
0:00:00.017979776  2469 0x1f6e320 LOG   GST_POLL gstpoll.c:994:gst_poll_fd_ctl_write: 0x1f769c0: pfd->events now 60 (POLLOUT:4)
0:00:00.022856008  2468 0xafb370 DEBUG   default gstvalue.c:2776:_priv_gst_value_parse_value: trying type name 'string'
0:00:00.017986756  2469 0x1f6e320 DEBUG   GST_POLL gstpoll.c:980:gst_poll_fd_ctl_write: 0x1f769c0: fd (fd:0, idx:1), active : 1
0:00:00.022863536  2468 0xafb370 DEBUG   structure gststructure.c:2258:gst_structure_parse_field: trying field name 'klass'
0:00:00.017993214  2469 0x1f6e320 LOG   GST_POLL gstpoll.c:994:gst_poll_fd_ctl_write: 0x1f769c0: pfd->events now 60 (POLLOUT:4)
0:00:00.022870367  2468 0xafb370 DEBUG   default gstvalue.c:2776:_priv_gst_value_parse_value: trying type name 'string'
0:00:00.018001130  2469 0x1f6e320 DEBUG   GST_POLL gstpoll.c:980:gst_poll_fd_ctl_write: 0x1f769c0: fd (fd:0, idx:1), active : 1
0:00:00.022877178  2468 0xafb370 DEBUG   structure gststructure.c:2258:gst_structure_parse_field: trying field name 'description'
0:00:00.018007443  2469 0x1f6e320 LOG   GST_POLL gstpoll.c:994:gst_poll_fd_ctl_write: 0x1f769c0: pfd->events now 60 (POLLOUT:4)
0:00:00.022883619  2468 0xafb370 DEBUG   default gstvalue.c:2776:_priv_gst_value_parse_value: trying type name 'string'
0:00:00.018014401  2469 0x1f6e320 DEBUG   GST_POLL gstpoll.c:980:gst_poll_fd_ctl_write: 0x1f769c0: fd (fd:0, idx:1), active : 1
0:00:00.022890677  2468 0xafb370 DEBUG   structure gststructure.c:2258:gst_structure_parse_field: trying field name 'author'
0:00:00.018020836  2469 0x1f6e320 LOG   GST_POLL gstpoll.c:994:gst_poll_fd_ctl_write: 0x1f769c0: pfd->events now 60 (POLLOUT:4)
0:00:00.022896952  2468 0xafb370 DEBUG   default gstvalue.c:2776:_priv_gst_value_parse_value: trying type name 'string'
0:00:00.018027749  2469 0x1f6e320 DEBUG   GST_POLL gstpoll.c:980:gst_poll_fd_ctl_write: 0x1f769c0: fd (fd:0, idx:1), active : 1
0:00:00.018034107  2469 0x1f6e320 LOG   GST_POLL gstpoll.c:994:gst_poll_fd_ctl_write: 0x1f769c0: pfd->events now 60 (POLLOUT:4)
0:00:00.022906067  2468 0xafb370 DEBUG   GST_REGISTRY gstregistrychunks.c:626:gst_registry_chunks_load_feature: Element factory : npadtemplates=1
0:00:00.018040452  2469 0x1f6e320 DEBUG   GST_POLL gstpoll.c:980:gst_poll_fd_ctl_write: 0x1f769c0: fd (fd:0, idx:1), active : 1
0:00:00.022914439  2468 0xafb370 DEBUG   GST_REGISTRY gstregistrychunks.c:526:gst_registry_chunks_load_pad_template: Reading/casting for GstRegistryChunkPadTemplate at address 0xb18360
0:00:00.018046963  2469 0x1f6e320 LOG   GST_POLL gstpoll.c:994:gst_poll_fd_ctl_write: 0x1f769c0: pfd->events now 60 (POLLOUT:4)
0:00:00.022928702  2468 0xafb370 DEBUG   GST_REGISTRY gstregistrychunks.c:539:gst_registry_chunks_load_pad_template: Added pad_template src
0:00:00.018059260  2469 0x1f6e320 DEBUG   GST_POLL gstpoll.c:980:gst_poll_fd_ctl_write: 0x1f769c0: fd (fd:0, idx:1), active : 1
0:00:00.022936083  2468 0xafb370 DEBUG   GST_REGISTRY gstregistrychunks.c:639:gst_registry_chunks_load_feature: Reading 1 UriTypes at address 0xb18370
0:00:00.018065673  2469 0x1f6e320 LOG   GST_POLL gstpoll.c:994:gst_poll_fd_ctl_write: 0x1f769c0: pfd->events now 60 (POLLOUT:4)
0:00:00.022943781  2468 0xafb370 DEBUG   GST_REGISTRY gstregistrychunks.c:654:gst_registry_chunks_load_feature: Reading 1 Interfaces at address 0xb18379
0:00:00.018073453  2469 0x1f6e320 DEBUG   GST_POLL gstpoll.c:980:gst_poll_fd_ctl_write: 0x1f769c0: fd (fd:0, idx:1), active : 1
0:00:00.018080683  2469 0x1f6e320 LOG   GST_POLL gstpoll.c:994:gst_poll_fd_ctl_write: 0x1f769c0: pfd->events now 60 (POLLOUT:4)
0:00:00.022953140  2468 0xafb370 DEBUG   GST_REGISTRY gstregistry.c:590:gst_registry_add_feature: adding feature 0xb1c240 (dataurisrc)
0:00:00.018086915  2469 0x1f6e320 DEBUG   GST_POLL gstpoll.c:980:gst_poll_fd_ctl_write: 0x1f769c0: fd (fd:0, idx:1), active : 1
0:00:00.022961306  2468 0xafb370 DEBUG   GST_REFCOUNTING gstobject.c:709:gst_object_set_parent: set parent (ref and sink)
0:00:00.018093168  2469 0x1f6e320 LOG   GST_POLL gstpoll.c:994:gst_poll_fd_ctl_write: 0x1f769c0: pfd->events now 60 (POLLOUT:4)
0:00:00.022970058  2468 0xafb370 TRACE   GST_REFCOUNTING gstobject.c:294:gst_object_ref_sink: 0xb1c240 ref_sink 1->2
0:00:00.022977392  2468 0xafb370 LOG   GST_REGISTRY gstregistry.c:608:gst_registry_add_feature: emitting feature-added for dataurisrc
0:00:00.018105686  2469 0x1f6e320 DEBUG   GST_POLL gstpoll.c:980:gst_poll_fd_ctl_write: 0x1f769c0: fd (fd:0, idx:1), active : 1
0:00:00.022984878  2468 0xafb370 DEBUG   GST_REGISTRY gstregistrychunks.c:741:gst_registry_chunks_load_feature: Added feature dataurisrc, plugin 0xb153c0 coreelements
0:00:00.018113745  2469 0x1f6e320 LOG   GST_POLL gstpoll.c:994:gst_poll_fd_ctl_write: 0x1f769c0: pfd->events now 60 (POLLOUT:4)
0:00:00.022992660  2468 0xafb370 DEBUG   GST_REGISTRY gstregistrychunks.c:583:gst_registry_chunks_load_feature: Plugin 'coreelements' feature 'concat' typename : 'GstElementFactory'
0:00:00.018122537  2469 0x1f6e320 DEBUG   GST_POLL gstpoll.c:980:gst_poll_fd_ctl_write: 0x1f769c0: fd (fd:0, idx:1), active : 1
0:00:00.018129035  2469 0x1f6e320 LOG   GST_POLL gstpoll.c:994:gst_poll_fd_ctl_write: 0x1f769c0: pfd->events now 60 (POLLOUT:4)
0:00:00.023001295  2468 0xafb370 TRACE   GST_REFCOUNTING gstobject.c:208:gst_object_init: 0xb1ce40 new
0:00:00.018135709  2469 0x1f6e320 DEBUG   GST_POLL gstpoll.c:980:gst_poll_fd_ctl_write: 0x1f769c0: fd (fd:0, idx:1), active : 1
0:00:00.023010984  2468 0xafb370 LOG   GST_REGISTRY gstregistrychunks.c:610:gst_registry_chunks_load_feature: Reading/casting for GstRegistryChunkElementFactory at address 0xb183a0
0:00:00.018148847  2469 0x1f6e320 LOG   GST_POLL gstpoll.c:994:gst_poll_fd_ctl_write: 0x1f769c0: pfd->events now 60 (POLLOUT:4)
0:00:00.023027232  2468 0xafb370 TRACE   structure gststructure.c:292:gst_structure_new_id_empty_with_size: created structure 0xb1cf30
0:00:00.018155785  2469 0x1f6e320 DEBUG   GST_POLL gstpoll.c:980:gst_poll_fd_ctl_write: 0x1f769c0: fd (fd:0, idx:1), active : 1
0:00:00.023034284  2468 0xafb370 DEBUG   structure gststructure.c:2258:gst_structure_parse_field: trying field name 'long-name'
0:00:00.018164209  2469 0x1f6e320 LOG   GST_POLL gstpoll.c:994:gst_poll_fd_ctl_write: 0x1f769c0: pfd->events now 60 (POLLOUT:4)
0:00:00.023040958  2468 0xafb370 DEBUG   default gstvalue.c:2776:_priv_gst_value_parse_value: trying type name 'string'
0:00:00.018171532  2469 0x1f6e320 DEBUG   GST_POLL gstpoll.c:980:gst_poll_fd_ctl_write: 0x1f769c0: fd (fd:0, idx:1), active : 1
0:00:00.023048136  2468 0xafb370 DEBUG   structure gststructure.c:2258:gst_structure_parse_field: trying field name 'klass'
0:00:00.018177840  2469 0x1f6e320 LOG   GST_POLL gstpoll.c:994:gst_poll_fd_ctl_write: 0x1f769c0: pfd->events now 60 (POLLOUT:4)
0:00:00.023054510  2468 0xafb370 DEBUG   default gstvalue.c:2776:_priv_gst_value_parse_value: trying type name 'string'
0:00:00.018185412  2469 0x1f6e320 DEBUG   GST_POLL gstpoll.c:980:gst_poll_fd_ctl_write: 0x1f769c0: fd (fd:0, idx:1), active : 1
0:00:00.023061392  2468 0xafb370 DEBUG   structure gststructure.c:2258:gst_structure_parse_field: trying field name 'description'
0:00:00.018192043  2469 0x1f6e320 LOG   GST_POLL gstpoll.c:994:gst_poll_fd_ctl_write: 0x1f769c0: pfd->events now 60 (POLLOUT:4)
0:00:00.023067836  2468 0xafb370 DEBUG   default gstvalue.c:2776:_priv_gst_value_parse_value: trying type name 'string'
0:00:00.018199371  2469 0x1f6e320 DEBUG   GST_POLL gstpoll.c:980:gst_poll_fd_ctl_write: 0x1f769c0: fd (fd:0, idx:1), active : 1
0:00:00.023075403  2468 0xafb370 DEBUG   structure gststructure.c:2258:gst_structure_parse_field: trying field name 'author'
0:00:00.018205948  2469 0x1f6e320 LOG   GST_POLL gstpoll.c:994:gst_poll_fd_ctl_write: 0x1f769c0: pfd->events now 60 (POLLOUT:4)
0:00:00.023081808  2468 0xafb370 DEBUG   default gstvalue.c:2776:_priv_gst_value_parse_value: trying type name 'string'
0:00:00.018213109  2469 0x1f6e320 DEBUG   GST_POLL gstpoll.c:980:gst_poll_fd_ctl_write: 0x1f769c0: fd (fd:0, idx:1), active : 1
0:00:00.023089822  2468 0xafb370 DEBUG   GST_REGISTRY gstregistrychunks.c:626:gst_registry_chunks_load_feature: Element factory : npadtemplates=2
0:00:00.018219635  2469 0x1f6e320 LOG   GST_POLL gstpoll.c:994:gst_poll_fd_ctl_write: 0x1f769c0: pfd->events now 60 (POLLOUT:4)
0:00:00.023096544  2468 0xafb370 DEBUG   GST_REGISTRY gstregistrychunks.c:526:gst_registry_chunks_load_pad_template: Reading/casting for GstRegistryChunkPadTemplate at address 0xb18478
0:00:00.018227096  2469 0x1f6e320 DEBUG   GST_POLL gstpoll.c:980:gst_poll_fd_ctl_write: 0x1f769c0: fd (fd:0, idx:1), active : 1
0:00:00.023120896  2468 0xafb370 DEBUG   GST_REGISTRY gstregistrychunks.c:539:gst_registry_chunks_load_pad_template: Added pad_template src
0:00:00.018250618  2469 0x1f6e320 LOG   GST_POLL gstpoll.c:994:gst_poll_fd_ctl_write: 0x1f769c0: pfd->events now 60 (POLLOUT:4)
0:00:00.023130576  2468 0xafb370 DEBUG   GST_REGISTRY gstregistrychunks.c:526:gst_registry_chunks_load_pad_template: Reading/casting for GstRegistryChunkPadTemplate at address 0xb18488
0:00:00.018260426  2469 0x1f6e320 DEBUG   GST_POLL gstpoll.c:980:gst_poll_fd_ctl_write: 0x1f769c0: fd (fd:0, idx:1), active : 1
0:00:00.018269816  2469 0x1f6e320 LOG   GST_POLL gstpoll.c:994:gst_poll_fd_ctl_write: 0x1f769c0: pfd->events now 60 (POLLOUT:4)
0:00:00.023141452  2468 0xafb370 DEBUG   GST_REGISTRY gstregistrychunks.c:539:gst_registry_chunks_load_pad_template: Added pad_template sink_%u
0:00:00.018276143  2469 0x1f6e320 DEBUG   GST_POLL gstpoll.c:980:gst_poll_fd_ctl_write: 0x1f769c0: fd (fd:0, idx:1), active : 1
0:00:00.018282522  2469 0x1f6e320 LOG   GST_POLL gstpoll.c:994:gst_poll_fd_ctl_write: 0x1f769c0: pfd->events now 60 (POLLOUT:4)
0:00:00.023156947  2468 0xafb370 DEBUG   GST_REGISTRY gstregistry.c:590:gst_registry_add_feature: adding feature 0xb1ce40 (concat)
