0:00:00.018288903  2469 0x1f6e320 DEBUG   GST_POLL gstpoll.c:980:gst_poll_fd_ctl_write: 0x1f769c0: fd (fd:0, idx:1), active : 1
0:00:00.018296535  2469 0x1f6e320 LOG   GST_POLL gstpoll.c:994:gst_poll_fd_ctl_write: 0x1f769c0: pfd->events now 60 (POLLOUT:4)
0:00:00.023167402  2468 0xafb370 DEBUG   GST_REFCOUNTING gstobject.c:709:gst_object_set_parent: set parent (ref and sink)
0:00:00.018303112  2469 0x1f6e320 DEBUG   GST_POLL gstpoll.c:980:gst_poll_fd_ctl_write: 0x1f769c0: fd (fd:0, idx:1), active : 1
0:00:00.023178893  2468 0xafb370 TRACE   GST_REFCOUNTING gstobject.c:294:gst_object_ref_sink: 0xb1ce40 ref_sink 1->2
0:00:00.018309515  2469 0x1f6e320 LOG   GST_POLL gstpoll.c:994:gst_poll_fd_ctl_write: 0x1f769c0: pfd->events now 60 (POLLOUT:4)
0:00:00.023186678  2468 0xafb370 LOG   GST_REGISTRY gstregistry.c:608:gst_registry_add_feature: emitting feature-added for concat
0:00:00.018316508  2469 0x1f6e320 DEBUG   GST_POLL gstpoll.c:980:gst_poll_fd_ctl_write: 0x1f769c0: fd (fd:0, idx:1), active : 1
0:00:00.023194365  2468 0xafb370 DEBUG   GST_REGISTRY gstregistrychunks.c:741:gst_registry_chunks_load_feature: Added feature concat, plugin 0xb153c0 coreelements
0:00:00.018323532  2469 0x1f6e320 LOG   GST_POLL gstpoll.c:994:gst_poll_fd_ctl_write: 0x1f769c0: pfd->events now 60 (POLLOUT:4)
0:00:00.023202005  2468 0xafb370 DEBUG   GST_REGISTRY gstregistrychunks.c:583:gst_registry_chunks_load_feature: Plugin 'coreelements' feature 'clocksync' typename : 'GstElementFactory'
0:00:00.018331624  2469 0x1f6e320 DEBUG   GST_POLL gstpoll.c:980:gst_poll_fd_ctl_write: 0x1f769c0: fd (fd:0, idx:1), active : 1
0:00:00.018343405  2469 0x1f6e320 LOG   GST_POLL gstpoll.c:994:gst_poll_fd_ctl_write: 0x1f769c0: pfd->events now 60 (POLLOUT:4)
0:00:00.023216273  2468 0xafb370 TRACE   GST_REFCOUNTING gstobject.c:208:gst_object_init: 0xb1d130 new
0:00:00.018350154  2469 0x1f6e320 DEBUG   GST_POLL gstpoll.c:980:gst_poll_fd_ctl_write: 0x1f769c0: fd (fd:0, idx:1), active : 1
0:00:00.023226571  2468 0xafb370 LOG   GST_REGISTRY gstregistrychunks.c:610:gst_registry_chunks_load_feature: Reading/casting for GstRegistryChunkElementFactory at address 0xb184b8
0:00:00.018356571  2469 0x1f6e320 LOG   GST_POLL gstpoll.c:994:gst_poll_fd_ctl_write: 0x1f769c0: pfd->events now 60 (POLLOUT:4)
0:00:00.023234039  2468 0xafb370 TRACE   structure gststructure.c:292:gst_structure_new_id_empty_with_size: created structure 0xb1d420
0:00:00.018363990  2469 0x1f6e320 DEBUG   GST_POLL gstpoll.c:980:gst_poll_fd_ctl_write: 0x1f769c0: fd (fd:0, idx:1), active : 1
0:00:00.023240674  2468 0xafb370 DEBUG   structure gststructure.c:2258:gst_structure_parse_field: trying field name 'long-name'
0:00:00.018371249  2469 0x1f6e320 LOG   GST_POLL gstpoll.c:994:gst_poll_fd_ctl_write: 0x1f769c0: pfd->events now 60 (POLLOUT:4)
0:00:00.023247703  2468 0xafb370 DEBUG   default gstvalue.c:2776:_priv_gst_value_parse_value: trying type name 'string'
0:00:00.018378170  2469 0x1f6e320 DEBUG   GST_POLL gstpoll.c:980:gst_poll_fd_ctl_write: 0x1f769c0: fd (fd:0, idx:1), active : 1
0:00:00.023255051  2468 0xafb370 DEBUG   structure gststructure.c:2258:gst_structure_parse_field: trying field name 'klass'
0:00:00.018384422  2469 0x1f6e320 LOG   GST_POLL gstpoll.c:994:gst_poll_fd_ctl_write: 0x1f769c0: pfd->events now 60 (POLLOUT:4)
0:00:00.023261243  2468 0xafb370 DEBUG   default gstvalue.c:2776:_priv_gst_value_parse_value: trying type name 'string'
0:00:00.018392129  2469 0x1f6e320 DEBUG   GST_POLL gstpoll.c:980:gst_poll_fd_ctl_write: 0x1f769c0: fd (fd:0, idx:1), active : 1
0:00:00.023268121  2468 0xafb370 DEBUG   structure gststructure.c:2258:gst_structure_parse_field: trying field name 'description'
0:00:00.018398592  2469 0x1f6e320 LOG   GST_POLL gstpoll.c:994:gst_poll_fd_ctl_write: 0x1f769c0: pfd->events now 60 (POLLOUT:4)
0:00:00.023274330  2468 0xafb370 DEBUG   default gstvalue.c:2776:_priv_gst_value_parse_value: trying type name 'string'
0:00:00.018405452  2469 0x1f6e320 DEBUG   GST_POLL gstpoll.c:980:gst_poll_fd_ctl_write: 0x1f769c0: fd (fd:0, idx:1), active : 1
0:00:00.023281762  2468 0xafb370 DEBUG   structure gststructure.c:2258:gst_structure_parse_field: trying field name 'author'
0:00:00.018411885  2469 0x1f6e320 LOG   GST_POLL gstpoll.c:994:gst_poll_fd_ctl_write: 0x1f769c0: pfd->events now 60 (POLLOUT:4)
0:00:00.023287931  2468 0xafb370 DEBUG   default gstvalue.c:2776:_priv_gst_value_parse_value: trying type name 'string'
0:00:00.018418782  2469 0x1f6e320 DEBUG   GST_POLL gstpoll.c:980:gst_poll_fd_ctl_write: 0x1f769c0: fd (fd:0, idx:1), active : 1
0:00:00.023300173  2468 0xafb370 DEBUG   GST_REGISTRY gstregistrychunks.c:626:gst_registry_chunks_load_feature: Element factory : npadtemplates=2
0:00:00.018429454  2469 0x1f6e320 LOG   GST_POLL gstpoll.c:994:gst_poll_fd_ctl_write: 0x1f769c0: pfd->events now 60 (POLLOUT:4)
0:00:00.023306861  2468 0xafb370 DEBUG   GST_REGISTRY gstregistrychunks.c:526:gst_registry_chunks_load_pad_template: Reading/casting for GstRegistryChunkPadTemplate at address 0xb18588
0:00:00.018437651  2469 0x1f6e320 DEBUG   GST_POLL gstpoll.c:980:gst_poll_fd_ctl_write: 0x1f769c0: fd (fd:0, idx:1), active : 1
0:00:00.023313950  2468 0xafb370 DEBUG   GST_REGISTRY gstregistrychunks.c:539:gst_registry_chunks_load_pad_template: Added pad_template sink
0:00:00.018444129  2469 0x1f6e320 LOG   GST_POLL gstpoll.c:994:gst_poll_fd_ctl_write: 0x1f769c0: pfd->events now 60 (POLLOUT:4)
0:00:00.023320613  2468 0xafb370 DEBUG   GST_REGISTRY gstregistrychunks.c:526:gst_registry_chunks_load_pad_template: Reading/casting for GstRegistryChunkPadTemplate at address 0xb185a0
0:00:00.018451416  2469 0x1f6e320 DEBUG   GST_POLL gstpoll.c:980:gst_poll_fd_ctl_write: 0x1f769c0: fd (fd:0, idx:1), active : 1
0:00:00.023327830  2468 0xafb370 DEBUG   GST_REGISTRY gstregistrychunks.c:539:gst_registry_chunks_load_pad_template: Added pad_template src
0:00:00.018457795  2469 0x1f6e320 LOG   GST_POLL gstpoll.c:994:gst_poll_fd_ctl_write: 0x1f769c0: pfd->events now 60 (POLLOUT:4)
0:00:00.023336978  2468 0xafb370 DEBUG   GST_REGISTRY gstregistry.c:590:gst_registry_add_feature: adding feature 0xb1d130 (clocksync)
0:00:00.018465326  2469 0x1f6e320 DEBUG   GST_POLL gstpoll.c:980:gst_poll_fd_ctl_write: 0x1f769c0: fd (fd:0, idx:1), active : 1
0:00:00.023344043  2468 0xafb370 DEBUG   GST_REFCOUNTING gstobject.c:709:gst_object_set_parent: set parent (ref and sink)
0:00:00.018474304  2469 0x1f6e320 LOG   GST_POLL gstpoll.c:994:gst_poll_fd_ctl_write: 0x1f769c0: pfd->events now 60 (POLLOUT:4)
0:00:00.023352795  2468 0xafb370 TRACE   GST_REFCOUNTING gstobject.c:294:gst_object_ref_sink: 0xb1d130 ref_sink 1->2
0:00:00.018482038  2469 0x1f6e320 DEBUG   GST_POLL gstpoll.c:980:gst_poll_fd_ctl_write: 0x1f769c0: fd (fd:0, idx:1), active : 1
0:00:00.023360569  2468 0xafb370 LOG   GST_REGISTRY gstregistry.c:608:gst_registry_add_feature: emitting feature-added for clocksync
0:00:00.018490438  2469 0x1f6e320 LOG   GST_POLL gstpoll.c:994:gst_poll_fd_ctl_write: 0x1f769c0: pfd->events now 60 (POLLOUT:4)
0:00:00.023368322  2468 0xafb370 DEBUG   GST_REGISTRY gstregistrychunks.c:741:gst_registry_chunks_load_feature: Added feature clocksync, plugin 0xb153c0 coreelements
0:00:00.018498121  2469 0x1f6e320 DEBUG   GST_POLL gstpoll.c:980:gst_poll_fd_ctl_write: 0x1f769c0: fd (fd:0, idx:1), active : 1
0:00:00.023376322  2468 0xafb370 DEBUG   GST_REGISTRY gstregistrychunks.c:583:gst_registry_chunks_load_feature: Plugin 'coreelements' feature 'capsfilter' typename : 'GstElementFactory'
0:00:00.018505572  2469 0x1f6e320 LOG   GST_POLL gstpoll.c:994:gst_poll_fd_ctl_write: 0x1f769c0: pfd->events now 60 (POLLOUT:4)
0:00:00.023389778  2468 0xafb370 TRACE   GST_REFCOUNTING gstobject.c:208:gst_object_init: 0xb1d320 new
0:00:00.018518575  2469 0x1f6e320 DEBUG   GST_POLL gstpoll.c:980:gst_poll_fd_ctl_write: 0x1f769c0: fd (fd:0, idx:1), active : 1
0:00:00.023399145  2468 0xafb370 LOG   GST_REGISTRY gstregistrychunks.c:610:gst_registry_chunks_load_feature: Reading/casting for GstRegistryChunkElementFactory at address 0xb185d0
0:00:00.018527662  2469 0x1f6e320 LOG   GST_POLL gstpoll.c:994:gst_poll_fd_ctl_write: 0x1f769c0: pfd->events now 60 (POLLOUT:4)
0:00:00.023406218  2468 0xafb370 TRACE   structure gststructure.c:292:gst_structure_new_id_empty_with_size: created structure 0xb1d860
0:00:00.018536879  2469 0x1f6e320 DEBUG   GST_POLL gstpoll.c:980:gst_poll_fd_ctl_write: 0x1f769c0: fd (fd:0, idx:1), active : 1
0:00:00.023412888  2468 0xafb370 DEBUG   structure gststructure.c:2258:gst_structure_parse_field: trying field name 'long-name'
0:00:00.018543571  2469 0x1f6e320 LOG   GST_POLL gstpoll.c:994:gst_poll_fd_ctl_write: 0x1f769c0: pfd->events now 60 (POLLOUT:4)
0:00:00.023419251  2468 0xafb370 DEBUG   default gstvalue.c:2776:_priv_gst_value_parse_value: trying type name 'string'
0:00:00.018550669  2469 0x1f6e320 DEBUG   GST_POLL gstpoll.c:980:gst_poll_fd_ctl_write: 0x1f769c0: fd (fd:0, idx:1), active : 1
0:00:00.023426325  2468 0xafb370 DEBUG   structure gststructure.c:2258:gst_structure_parse_field: trying field name 'klass'
0:00:00.018557120  2469 0x1f6e320 LOG   GST_POLL gstpoll.c:994:gst_poll_fd_ctl_write: 0x1f769c0: pfd->events now 60 (POLLOUT:4)
0:00:00.023432513  2468 0xafb370 DEBUG   default gstvalue.c:2776:_priv_gst_value_parse_value: trying type name 'string'
0:00:00.018563970  2469 0x1f6e320 DEBUG   GST_POLL gstpoll.c:980:gst_poll_fd_ctl_write: 0x1f769c0: fd (fd:0, idx:1), active : 1
0:00:00.023439721  2468 0xafb370 DEBUG   structure gststructure.c:2258:gst_structure_parse_field: trying field name 'description'
0:00:00.018570346  2469 0x1f6e320 LOG   GST_POLL gstpoll.c:994:gst_poll_fd_ctl_write: 0x1f769c0: pfd->events now 60 (POLLOUT:4)
0:00:00.023446357  2468 0xafb370 DEBUG   default gstvalue.c:2776:_priv_gst_value_parse_value: trying type name 'string'
0:00:00.018577444  2469 0x1f6e320 DEBUG   GST_POLL gstpoll.c:980:gst_poll_fd_ctl_write: 0x1f769c0: fd (fd:0, idx:1), active : 1
0:00:00.023454195  2468 0xafb370 DEBUG   structure gststructure.c:2258:gst_structure_parse_field: trying field name 'author'
0:00:00.018583749  2469 0x1f6e320 LOG   GST_POLL gstpoll.c:994:gst_poll_fd_ctl_write: 0x1f769c0: pfd->events now 60 (POLLOUT:4)
0:00:00.023460349  2468 0xafb370 DEBUG   default gstvalue.c:2776:_priv_gst_value_parse_value: trying type name 'string'
0:00:00.018591236  2469 0x1f6e320 DEBUG   GST_POLL gstpoll.c:980:gst_poll_fd_ctl_write: 0x1f769c0: fd (fd:0, idx:1), active : 1
0:00:00.023467660  2468 0xafb370 DEBUG   GST_REGISTRY gstregistrychunks.c:626:gst_registry_chunks_load_feature: Element factory : npadtemplates=2
0:00:00.018602303  2469 0x1f6e320 LOG   GST_POLL gstpoll.c:994:gst_poll_fd_ctl_write: 0x1f769c0: pfd->events now 60 (POLLOUT:4)
0:00:00.023476448  2468 0xafb370 DEBUG   GST_REGISTRY gstregistrychunks.c:526:gst_registry_chunks_load_pad_template: Reading/casting for GstRegistryChunkPadTemplate at address 0xb186b0
0:00:00.018609353  2469 0x1f6e320 DEBUG   GST_POLL gstpoll.c:980:gst_poll_fd_ctl_write: 0x1f769c0: fd (fd:0, idx:1), active : 1
0:00:00.023490036  2468 0xafb370 DEBUG   GST_REGISTRY gstregistrychunks.c:539:gst_registry_chunks_load_pad_template: Added pad_template sink
0:00:00.018620083  2469 0x1f6e320 LOG   GST_POLL gstpoll.c:994:gst_poll_fd_ctl_write: 0x1f769c0: pfd->events now 60 (POLLOUT:4)
0:00:00.023496713  2468 0xafb370 DEBUG   GST_REGISTRY gstregistrychunks.c:526:gst_registry_chunks_load_pad_template: Reading/casting for GstRegistryChunkPadTemplate at address 0xb186c8
0:00:00.018627495  2469 0x1f6e320 DEBUG   GST_POLL gstpoll.c:980:gst_poll_fd_ctl_write: 0x1f769c0: fd (fd:0, idx:1), active : 1
0:00:00.023503617  2468 0xafb370 DEBUG   GST_REGISTRY gstregistrychunks.c:539:gst_registry_chunks_load_pad_template: Added pad_template src
0:00:00.018634283  2469 0x1f6e320 LOG   GST_POLL gstpoll.c:994:gst_poll_fd_ctl_write: 0x1f769c0: pfd->events now 60 (POLLOUT:4)
0:00:00.023512216  2468 0xafb370 DEBUG   GST_REGISTRY gstregistry.c:590:gst_registry_add_feature: adding feature 0xb1d320 (capsfilter)
0:00:00.018641239  2469 0x1f6e320 DEBUG   GST_POLL gstpoll.c:980:gst_poll_fd_ctl_write: 0x1f769c0: fd (fd:0, idx:1), active : 1
0:00:00.023518988  2468 0xafb370 DEBUG   GST_REFCOUNTING gstobject.c:709:gst_object_set_parent: set parent (ref and sink)
0:00:00.018648838  2469 0x1f6e320 LOG   GST_POLL gstpoll.c:994:gst_poll_fd_ctl_write: 0x1f769c0: pfd->events now 60 (POLLOUT:4)
0:00:00.023527308  2468 0xafb370 TRACE   GST_REFCOUNTING gstobject.c:294:gst_object_ref_sink: 0xb1d320 ref_sink 1->2
0:00:00.018656537  2469 0x1f6e320 DEBUG   GST_POLL gstpoll.c:980:gst_poll_fd_ctl_write: 0x1f769c0: fd (fd:0, idx:1), active : 1
0:00:00.023535080  2468 0xafb370 LOG   GST_REGISTRY gstregistry.c:608:gst_registry_add_feature: emitting feature-added for capsfilter
0:00:00.018664700  2469 0x1f6e320 LOG   GST_POLL gstpoll.c:994:gst_poll_fd_ctl_write: 0x1f769c0: pfd->events now 60 (POLLOUT:4)
0:00:00.023542539  2468 0xafb370 DEBUG   GST_REGISTRY gstregistrychunks.c:741:gst_registry_chunks_load_feature: Added feature capsfilter, plugin 0xb153c0 coreelements
0:00:00.018672204  2469 0x1f6e320 DEBUG   GST_POLL gstpoll.c:980:gst_poll_fd_ctl_write: 0x1f769c0: fd (fd:0, idx:1), active : 1
0:00:00.018679292  2469 0x1f6e320 LOG   GST_POLL gstpoll.c:994:gst_poll_fd_ctl_write: 0x1f769c0: pfd->events now 60 (POLLOUT:4)
0:00:00.023551461  2468 0xafb370 LOG   GST_PLUGIN_LOADING gstpluginloader.c:888:handle_rx_packet: marking plugin 0xb153c0 as registered as /home/conan/w/prod/BuildSingleReference/.conan/data/gstreamer/1.19.1/_/_/package/467fc03b0f24213bb9b1cf088fa7fb20ffd79c35/lib/gstreamer-1.0/libgstcoreelements.so
0:00:00.018685760  2469 0x1f6e320 DEBUG   GST_POLL gstpoll.c:980:gst_poll_fd_ctl_write: 0x1f769c0: fd (fd:0, idx:1), active : 1
0:00:00.018694206  2469 0x1f6e320 LOG   GST_POLL gstpoll.c:994:gst_poll_fd_ctl_write: 0x1f769c0: pfd->events now 60 (POLLOUT:4)
0:00:00.023567832  2468 0xafb370 DEBUG   GST_POLL gstpoll.c:1414:gst_poll_wait: 0xb14d40: timeout :0:00:01.000000000
0:00:00.018700614  2469 0x1f6e320 DEBUG   GST_POLL gstpoll.c:980:gst_poll_fd_ctl_write: 0x1f769c0: fd (fd:0, idx:1), active : 1
0:00:00.018707116  2469 0x1f6e320 LOG   GST_POLL gstpoll.c:994:gst_poll_fd_ctl_write: 0x1f769c0: pfd->events now 60 (POLLOUT:4)
0:00:00.018713546  2469 0x1f6e320 DEBUG   GST_POLL gstpoll.c:980:gst_poll_fd_ctl_write: 0x1f769c0: fd (fd:0, idx:1), active : 1
0:00:00.018719710  2469 0x1f6e320 LOG   GST_POLL gstpoll.c:994:gst_poll_fd_ctl_write: 0x1f769c0: pfd->events now 60 (POLLOUT:4)
0:00:00.018726187  2469 0x1f6e320 DEBUG   GST_POLL gstpoll.c:980:gst_poll_fd_ctl_write: 0x1f769c0: fd (fd:0, idx:1), active : 1
0:00:00.018732158  2469 0x1f6e320 LOG   GST_POLL gstpoll.c:994:gst_poll_fd_ctl_write: 0x1f769c0: pfd->events now 60 (POLLOUT:4)
0:00:00.018738572  2469 0x1f6e320 DEBUG   GST_POLL gstpoll.c:980:gst_poll_fd_ctl_write: 0x1f769c0: fd (fd:0, idx:1), active : 1
0:00:00.018744518  2469 0x1f6e320 LOG   GST_POLL gstpoll.c:994:gst_poll_fd_ctl_write: 0x1f769c0: pfd->events now 60 (POLLOUT:4)
0:00:00.018750975  2469 0x1f6e320 DEBUG   GST_POLL gstpoll.c:980:gst_poll_fd_ctl_write: 0x1f769c0: fd (fd:0, idx:1), active : 1
0:00:00.018756973  2469 0x1f6e320 LOG   GST_POLL gstpoll.c:994:gst_poll_fd_ctl_write: 0x1f769c0: pfd->events now 60 (POLLOUT:4)
0:00:00.018768934  2469 0x1f6e320 TRACE   GST_REFCOUNTING gstobject.c:265:gst_object_unref: 0x1f8a230 unref 2->1
0:00:00.018777194  2469 0x1f6e320 DEBUG   GST_POLL gstpoll.c:1241:gst_poll_fd_has_error: 0x1f769c0: fd (fd:0, idx:1) 0
0:00:00.018783815  2469 0x1f6e320 DEBUG   GST_POLL gstpoll.c:1335:gst_poll_fd_can_write: 0x1f769c0: fd (fd:0, idx:1) 1
0:00:00.018789799  2469 0x1f6e320 LOG   GST_PLUGIN_LOADING gstpluginloader.c:689:write_one: Writing packet of size 488 bytes to fd 0
0:00:00.018809571  2469 0x1f6e320 DEBUG   GST_POLL gstpoll.c:1414:gst_poll_wait: 0x1f769c0: timeout :0:00:01.000000000
0:00:00.018820879  2469 0x1f6e320 LOG   GST_PLUGIN_LOADING gstpluginloader.c:1027:exchange_packets: Poll res = 2. 6872 bytes pending for write
0:00:00.018828378  2469 0x1f6e320 DEBUG   GST_POLL gstpoll.c:1241:gst_poll_fd_has_error: 0x1f769c0: fd (fd:5, idx:2) 0
0:00:00.018834852  2469 0x1f6e320 DEBUG   GST_POLL gstpoll.c:1266:gst_poll_fd_can_read_unlocked: 0x1f769c0: fd (fd:5, idx:2) 1
0:00:00.023707506  2468 0xafb370 LOG   GST_PLUGIN_LOADING gstpluginloader.c:1027:exchange_packets: Poll res = 1. 0 bytes pending for write
0:00:00.018843568  2469 0x1f6e320 LOG   GST_PLUGIN_LOADING gstpluginloader.c:1005:read_one: No payload to read for 0 length packet type 1 tag 0
0:00:00.023723325  2468 0xafb370 DEBUG   GST_POLL gstpoll.c:1241:gst_poll_fd_has_error: 0xb14d40: fd (fd:8, idx:2) 0
0:00:00.018852852  2469 0x1f6e320 DEBUG   GST_POLL gstpoll.c:1015:gst_poll_fd_ctl_read_unlocked: 0x1f769c0: fd (fd:5, idx:2), active : 0
0:00:00.023730914  2468 0xafb370 DEBUG   GST_POLL gstpoll.c:1266:gst_poll_fd_can_read_unlocked: 0xb14d40: fd (fd:8, idx:2) 1
0:00:00.018860969  2469 0x1f6e320 DEBUG   GST_POLL gstpoll.c:980:gst_poll_fd_ctl_write: 0x1f769c0: fd (fd:0, idx:1), active : 1
0:00:00.018867605  2469 0x1f6e320 LOG   GST_POLL gstpoll.c:994:gst_poll_fd_ctl_write: 0x1f769c0: pfd->events now 60 (POLLOUT:4)
0:00:00.023743237  2468 0xafb370 DEBUG   GST_PLUGIN_LOADING gstpluginloader.c:849:handle_rx_packet: Received plugin details from child w/ tag 2. 476 bytes info
0:00:00.018874099  2469 0x1f6e320 DEBUG   GST_POLL gstpoll.c:1241:gst_poll_fd_has_error: 0x1f769c0: fd (fd:0, idx:1) 0
0:00:00.023750930  2468 0xafb370 LOG   GST_REGISTRY gstregistrychunks.c:837:_priv_gst_registry_chunks_load_plugin: Reading/casting for GstRegistryChunkPluginElement at address 0xb16c10
0:00:00.018881143  2469 0x1f6e320 DEBUG   GST_POLL gstpoll.c:1335:gst_poll_fd_can_write: 0x1f769c0: fd (fd:0, idx:1) 1
0:00:00.018887827  2469 0x1f6e320 LOG   GST_PLUGIN_LOADING gstpluginloader.c:689:write_one: Writing packet of size 6872 bytes to fd 0
0:00:00.023760270  2468 0xafb370 TRACE   GST_REFCOUNTING gstobject.c:208:gst_object_init: 0xb1db20 new
0:00:00.018899477  2469 0x1f6e320 DEBUG   GST_POLL gstpoll.c:1414:gst_poll_wait: 0x1f769c0: timeout :0:00:01.000000000
0:00:00.023775033  2468 0xafb370 LOG   GST_REGISTRY gstregistrychunks.c:858:_priv_gst_registry_chunks_load_plugin: read strings for name='coretracers'
0:00:00.018908186  2469 0x1f6e320 LOG   GST_PLUGIN_LOADING gstpluginloader.c:1027:exchange_packets: Poll res = 1. 12 bytes pending for write
0:00:00.023781916  2468 0xafb370 LOG   GST_REGISTRY gstregistrychunks.c:859:_priv_gst_registry_chunks_load_plugin: desc.description='GStreamer core tracers'
0:00:00.018915670  2469 0x1f6e320 DEBUG   GST_POLL gstpoll.c:1241:gst_poll_fd_has_error: 0x1f769c0: fd (fd:0, idx:1) 0
0:00:00.023790345  2468 0xafb370 LOG   GST_REGISTRY gstregistrychunks.c:860:_priv_gst_registry_chunks_load_plugin: filename='/home/conan/w/prod/BuildSingleReference/.conan/data/gstreamer/1.19.1/_/_/package/467fc03b0f24213bb9b1cf088fa7fb20ffd79c35/lib/gstreamer-1.0/libgstcoretracers.so'
0:00:00.018922432  2469 0x1f6e320 DEBUG   GST_POLL gstpoll.c:1335:gst_poll_fd_can_write: 0x1f769c0: fd (fd:0, idx:1) 1
0:00:00.023797332  2468 0xafb370 LOG   GST_REGISTRY gstregistrychunks.c:861:_priv_gst_registry_chunks_load_plugin: desc.version='1.19.1'
0:00:00.018928742  2469 0x1f6e320 LOG   GST_PLUGIN_LOADING gstpluginloader.c:689:write_one: Writing packet of size 12 bytes to fd 0
0:00:00.023803572  2468 0xafb370 LOG   GST_REGISTRY gstregistrychunks.c:862:_priv_gst_registry_chunks_load_plugin: desc.license='LGPL'
0:00:00.018937269  2469 0x1f6e320 DEBUG   GST_POLL gstpoll.c:980:gst_poll_fd_ctl_write: 0x1f769c0: fd (fd:0, idx:1), active : 0
0:00:00.023813726  2468 0xafb370 LOG   GST_REGISTRY gstregistrychunks.c:863:_priv_gst_registry_chunks_load_plugin: desc.source='gstreamer'
0:00:00.018944568  2469 0x1f6e320 LOG   GST_POLL gstpoll.c:994:gst_poll_fd_ctl_write: 0x1f769c0: pfd->events now 56 (POLLOUT:4)
0:00:00.023820061  2468 0xafb370 LOG   GST_REGISTRY gstregistrychunks.c:864:_priv_gst_registry_chunks_load_plugin: desc.package='GStreamer source release'
0:00:00.023826537  2468 0xafb370 LOG   GST_REGISTRY gstregistrychunks.c:865:_priv_gst_registry_chunks_load_plugin: desc.origin='Unknown package origin'
0:00:00.023832393  2468 0xafb370 LOG   GST_REGISTRY gstregistrychunks.c:866:_priv_gst_registry_chunks_load_plugin: desc.datetime=2021-06-01
0:00:00.018964605  2469 0x1f6e320 DEBUG   GST_POLL gstpoll.c:772:gst_poll_free: 0x1f769c0: freeing
0:00:00.023842922  2468 0xafb370 DEBUG   GST_REGISTRY gstregistry.c:449:gst_registry_add_plugin: Replacing existing plugin "/home/conan/w/prod/BuildSingleReference/.conan/data/gstreamer/1.19.1/_/_/package/467fc03b0f24213bb9b1cf088fa7fb20ffd79c35/lib/gstreamer-1.0/libgstcoretracers.so" 0xb14da0 with new plugin 0xb1db20 for filename "/home/conan/w/prod/BuildSingleReference/.conan/data/gstreamer/1.19.1/_/_/package/467fc03b0f24213bb9b1cf088fa7fb20ffd79c35/lib/gstreamer-1.0/libgstcoretracers.so"
0:00:00.023858829  2468 0xafb370 TRACE   GST_REFCOUNTING gstobject.c:265:gst_object_unref: 0xb14da0 unref 1->0
0:00:00.023867956  2468 0xafb370 TRACE   GST_REFCOUNTING gstobject.c:381:gst_object_dispose: 0xb14da0 dispose
0:00:00.023877817  2468 0xafb370 DEBUG   GST_PLUGIN_LOADING gstplugin.c:136:gst_plugin_finalize: finalizing plugin
0:00:00.023887618  2468 0xafb370 TRACE   GST_REFCOUNTING gstobject.c:423:gst_object_finalize: 0xb14da0 finalize
0:00:00.023904578  2468 0xafb370 DEBUG   GST_REGISTRY gstregistry.c:474:gst_registry_add_plugin: adding plugin 0xb1db20 for filename "/home/conan/w/prod/BuildSingleReference/.conan/data/gstreamer/1.19.1/_/_/package/467fc03b0f24213bb9b1cf088fa7fb20ffd79c35/lib/gstreamer-1.0/libgstcoretracers.so"
0:00:00.023912992  2468 0xafb370 TRACE   GST_REFCOUNTING gstobject.c:294:gst_object_ref_sink: 0xb1db20 ref_sink 1->2
0:00:00.023920882  2468 0xafb370 LOG   GST_REGISTRY gstregistry.c:487:gst_registry_add_plugin: emitting plugin-added for filename "/home/conan/w/prod/BuildSingleReference/.conan/data/gstreamer/1.19.1/_/_/package/467fc03b0f24213bb9b1cf088fa7fb20ffd79c35/lib/gstreamer-1.0/libgstcoretracers.so"
0:00:00.023928502  2468 0xafb370 DEBUG   GST_REGISTRY gstregistrychunks.c:887:_priv_gst_registry_chunks_load_plugin: Added plugin 'coretracers' plugin with 5 features from binary registry
0:00:00.023936045  2468 0xafb370 DEBUG   GST_REGISTRY gstregistrychunks.c:583:gst_registry_chunks_load_feature: Plugin 'coretracers' feature 'leaks' typename : 'GstTracerFactory'
0:00:00.023945167  2468 0xafb370 TRACE   GST_REFCOUNTING gstobject.c:208:gst_object_init: 0xb159c0 new
0:00:00.023959024  2468 0xafb370 DEBUG   GST_REGISTRY gstregistrychunks.c:718:gst_registry_chunks_load_feature: Reading/casting for GstRegistryChunkPluginFeature at address 0xb16d58
0:00:00.023967781  2468 0xafb370 DEBUG   GST_REGISTRY gstregistry.c:581:gst_registry_add_feature: replacing existing feature 0xb15c30 (leaks)
0:00:00.023975307  2468 0xafb370 DEBUG   GST_REGISTRY gstregistry.c:590:gst_registry_add_feature: adding feature 0xb159c0 (leaks)
0:00:00.023981692  2468 0xafb370 TRACE   GST_REFCOUNTING gstobject.c:788:gst_object_unparent: unparent
0:00:00.023989250  2468 0xafb370 TRACE   GST_REFCOUNTING gstobject.c:265:gst_object_unref: 0xb15c30 unref 1->0
0:00:00.023996209  2468 0xafb370 TRACE   GST_REFCOUNTING gstobject.c:381:gst_object_dispose: 0xb15c30 dispose
0:00:00.024003962  2468 0xafb370 DEBUG   GST_PLUGIN_LOADING gstpluginfeature.c:67:gst_plugin_feature_finalize: finalizing feature 0xb15c30: 'leaks'
0:00:00.024010830  2468 0xafb370 TRACE   GST_REFCOUNTING gstobject.c:423:gst_object_finalize: 0xb15c30 finalize
0:00:00.024017971  2468 0xafb370 DEBUG   GST_REFCOUNTING gstobject.c:709:gst_object_set_parent: set parent (ref and sink)
0:00:00.024025342  2468 0xafb370 TRACE   GST_REFCOUNTING gstobject.c:294:gst_object_ref_sink: 0xb159c0 ref_sink 1->2
0:00:00.024032133  2468 0xafb370 LOG   GST_REGISTRY gstregistry.c:608:gst_registry_add_feature: emitting feature-added for leaks
0:00:00.024039017  2468 0xafb370 DEBUG   GST_REGISTRY gstregistrychunks.c:741:gst_registry_chunks_load_feature: Added feature leaks, plugin 0xb1db20 coretracers
0:00:00.024045990  2468 0xafb370 DEBUG   GST_REGISTRY gstregistrychunks.c:583:gst_registry_chunks_load_feature: Plugin 'coretracers' feature 'stats' typename : 'GstTracerFactory'
0:00:00.024054569  2468 0xafb370 TRACE   GST_REFCOUNTING gstobject.c:208:gst_object_init: 0xb14d90 new
0:00:00.024062810  2468 0xafb370 DEBUG   GST_REGISTRY gstregistrychunks.c:718:gst_registry_chunks_load_feature: Reading/casting for GstRegistryChunkPluginFeature at address 0xb16d78
0:00:00.024071121  2468 0xafb370 DEBUG   GST_REGISTRY gstregistry.c:581:gst_registry_add_feature: replacing existing feature 0xb15e30 (stats)
0:00:00.024078712  2468 0xafb370 DEBUG   GST_REGISTRY gstregistry.c:590:gst_registry_add_feature: adding feature 0xb14d90 (stats)
0:00:00.024094556  2468 0xafb370 TRACE   GST_REFCOUNTING gstobject.c:788:gst_object_unparent: unparent
0:00:00.024125013  2468 0xafb370 TRACE   GST_REFCOUNTING gstobject.c:265:gst_object_unref: 0xb15e30 unref 1->0
0:00:00.024139322  2468 0xafb370 TRACE   GST_REFCOUNTING gstobject.c:381:gst_object_dispose: 0xb15e30 dispose
0:00:00.024154345  2468 0xafb370 DEBUG   GST_PLUGIN_LOADING gstpluginfeature.c:67:gst_plugin_feature_finalize: finalizing feature 0xb15e30: 'stats'
0:00:00.024165763  2468 0xafb370 TRACE   GST_REFCOUNTING gstobject.c:423:gst_object_finalize: 0xb15e30 finalize
0:00:00.024181637  2468 0xafb370 DEBUG   GST_REFCOUNTING gstobject.c:709:gst_object_set_parent: set parent (ref and sink)
0:00:00.024189658  2468 0xafb370 TRACE   GST_REFCOUNTING gstobject.c:294:gst_object_ref_sink: 0xb14d90 ref_sink 1->2
0:00:00.024197011  2468 0xafb370 LOG   GST_REGISTRY gstregistry.c:608:gst_registry_add_feature: emitting feature-added for stats
0:00:00.024203999  2468 0xafb370 DEBUG   GST_REGISTRY gstregistrychunks.c:741:gst_registry_chunks_load_feature: Added feature stats, plugin 0xb1db20 coretracers
0:00:00.024211233  2468 0xafb370 DEBUG   GST_REGISTRY gstregistrychunks.c:583:gst_registry_chunks_load_feature: Plugin 'coretracers' feature 'rusage' typename : 'GstTracerFactory'
0:00:00.024219921  2468 0xafb370 TRACE   GST_REFCOUNTING gstobject.c:208:gst_object_init: 0xb15e30 new
0:00:00.024229311  2468 0xafb370 DEBUG   GST_REGISTRY gstregistrychunks.c:718:gst_registry_chunks_load_feature: Reading/casting for GstRegistryChunkPluginFeature at address 0xb16d98
0:00:00.024237644  2468 0xafb370 DEBUG   GST_REGISTRY gstregistry.c:581:gst_registry_add_feature: replacing existing feature 0xb15f80 (rusage)
0:00:00.024244973  2468 0xafb370 DEBUG   GST_REGISTRY gstregistry.c:590:gst_registry_add_feature: adding feature 0xb15e30 (rusage)
0:00:00.024255156  2468 0xafb370 TRACE   GST_REFCOUNTING gstobject.c:788:gst_object_unparent: unparent
0:00:00.024263231  2468 0xafb370 TRACE   GST_REFCOUNTING gstobject.c:265:gst_object_unref: 0xb15f80 unref 1->0
0:00:00.024270585  2468 0xafb370 TRACE   GST_REFCOUNTING gstobject.c:381:gst_object_dispose: 0xb15f80 dispose
0:00:00.024278520  2468 0xafb370 DEBUG   GST_PLUGIN_LOADING gstpluginfeature.c:67:gst_plugin_feature_finalize: finalizing feature 0xb15f80: 'rusage'
0:00:00.024285341  2468 0xafb370 TRACE   GST_REFCOUNTING gstobject.c:423:gst_object_finalize: 0xb15f80 finalize
0:00:00.024292385  2468 0xafb370 DEBUG   GST_REFCOUNTING gstobject.c:709:gst_object_set_parent: set parent (ref and sink)
0:00:00.024300084  2468 0xafb370 TRACE   GST_REFCOUNTING gstobject.c:294:gst_object_ref_sink: 0xb15e30 ref_sink 1->2
0:00:00.024307005  2468 0xafb370 LOG   GST_REGISTRY gstregistry.c:608:gst_registry_add_feature: emitting feature-added for rusage
0:00:00.024313923  2468 0xafb370 DEBUG   GST_REGISTRY gstregistrychunks.c:741:gst_registry_chunks_load_feature: Added feature rusage, plugin 0xb1db20 coretracers
0:00:00.024321044  2468 0xafb370 DEBUG   GST_REGISTRY gstregistrychunks.c:583:gst_registry_chunks_load_feature: Plugin 'coretracers' feature 'log' typename : 'GstTracerFactory'
0:00:00.024329092  2468 0xafb370 TRACE   GST_REFCOUNTING gstobject.c:208:gst_object_init: 0xb15f80 new
0:00:00.024337289  2468 0xafb370 DEBUG   GST_REGISTRY gstregistrychunks.c:718:gst_registry_chunks_load_feature: Reading/casting for GstRegistryChunkPluginFeature at address 0xb16db8
0:00:00.024345393  2468 0xafb370 DEBUG   GST_REGISTRY gstregistry.c:581:gst_registry_add_feature: replacing existing feature 0xb160d0 (log)
0:00:00.024356714  2468 0xafb370 DEBUG   GST_REGISTRY gstregistry.c:590:gst_registry_add_feature: adding feature 0xb15f80 (log)
0:00:00.024363356  2468 0xafb370 TRACE   GST_REFCOUNTING gstobject.c:788:gst_object_unparent: unparent
0:00:00.024371317  2468 0xafb370 TRACE   GST_REFCOUNTING gstobject.c:265:gst_object_unref: 0xb160d0 unref 1->0
0:00:00.024378151  2468 0xafb370 TRACE   GST_REFCOUNTING gstobject.c:381:gst_object_dispose: 0xb160d0 dispose
0:00:00.024385473  2468 0xafb370 DEBUG   GST_PLUGIN_LOADING gstpluginfeature.c:67:gst_plugin_feature_finalize: finalizing feature 0xb160d0: 'log'
0:00:00.024391920  2468 0xafb370 TRACE   GST_REFCOUNTING gstobject.c:423:gst_object_finalize: 0xb160d0 finalize
0:00:00.024398871  2468 0xafb370 DEBUG   GST_REFCOUNTING gstobject.c:709:gst_object_set_parent: set parent (ref and sink)
0:00:00.024406521  2468 0xafb370 TRACE   GST_REFCOUNTING gstobject.c:294:gst_object_ref_sink: 0xb15f80 ref_sink 1->2
0:00:00.024413472  2468 0xafb370 LOG   GST_REGISTRY gstregistry.c:608:gst_registry_add_feature: emitting feature-added for log
0:00:00.024420520  2468 0xafb370 DEBUG   GST_REGISTRY gstregistrychunks.c:741:gst_registry_chunks_load_feature: Added feature log, plugin 0xb1db20 coretracers
0:00:00.024427658  2468 0xafb370 DEBUG   GST_REGISTRY gstregistrychunks.c:583:gst_registry_chunks_load_feature: Plugin 'coretracers' feature 'latency' typename : 'GstTracerFactory'
0:00:00.024435235  2468 0xafb370 TRACE   GST_REFCOUNTING gstobject.c:208:gst_object_init: 0xb160d0 new
0:00:00.024443424  2468 0xafb370 DEBUG   GST_REGISTRY gstregistrychunks.c:718:gst_registry_chunks_load_feature: Reading/casting for GstRegistryChunkPluginFeature at address 0xb16de0
0:00:00.024451622  2468 0xafb370 DEBUG   GST_REGISTRY gstregistry.c:581:gst_registry_add_feature: replacing existing feature 0xb162d0 (latency)
0:00:00.024458920  2468 0xafb370 DEBUG   GST_REGISTRY gstregistry.c:590:gst_registry_add_feature: adding feature 0xb160d0 (latency)
0:00:00.024465048  2468 0xafb370 TRACE   GST_REFCOUNTING gstobject.c:788:gst_object_unparent: unparent
0:00:00.024472642  2468 0xafb370 TRACE   GST_REFCOUNTING gstobject.c:265:gst_object_unref: 0xb162d0 unref 1->0
0:00:00.024479641  2468 0xafb370 TRACE   GST_REFCOUNTING gstobject.c:381:gst_object_dispose: 0xb162d0 dispose
0:00:00.024496554  2468 0xafb370 DEBUG   GST_PLUGIN_LOADING gstpluginfeature.c:67:gst_plugin_feature_finalize: finalizing feature 0xb162d0: 'latency'
0:00:00.024503243  2468 0xafb370 TRACE   GST_REFCOUNTING gstobject.c:423:gst_object_finalize: 0xb162d0 finalize
0:00:00.024509881  2468 0xafb370 DEBUG   GST_REFCOUNTING gstobject.c:709:gst_object_set_parent: set parent (ref and sink)
0:00:00.024517445  2468 0xafb370 TRACE   GST_REFCOUNTING gstobject.c:294:gst_object_ref_sink: 0xb160d0 ref_sink 1->2
0:00:00.024529032  2468 0xafb370 LOG   GST_REGISTRY gstregistry.c:608:gst_registry_add_feature: emitting feature-added for latency
0:00:00.024535951  2468 0xafb370 DEBUG   GST_REGISTRY gstregistrychunks.c:741:gst_registry_chunks_load_feature: Added feature latency, plugin 0xb1db20 coretracers
0:00:00.024544360  2468 0xafb370 LOG   GST_PLUGIN_LOADING gstpluginloader.c:888:handle_rx_packet: marking plugin 0xb1db20 as registered as /home/conan/w/prod/BuildSingleReference/.conan/data/gstreamer/1.19.1/_/_/package/467fc03b0f24213bb9b1cf088fa7fb20ffd79c35/lib/gstreamer-1.0/libgstcoretracers.so
0:00:00.024554548  2468 0xafb370 DEBUG   GST_POLL gstpoll.c:1414:gst_poll_wait: 0xb14d40: timeout :0:00:01.000000000
0:00:00.024564570  2468 0xafb370 LOG   GST_PLUGIN_LOADING gstpluginloader.c:1027:exchange_packets: Poll res = 2. 0 bytes pending for write
0:00:00.024571960  2468 0xafb370 DEBUG   GST_POLL gstpoll.c:1241:gst_poll_fd_has_error: 0xb14d40: fd (fd:8, idx:2) 0
0:00:00.024578784  2468 0xafb370 DEBUG   GST_POLL gstpoll.c:1266:gst_poll_fd_can_read_unlocked: 0xb14d40: fd (fd:8, idx:2) 1
0:00:00.024590532  2468 0xafb370 DEBUG   GST_PLUGIN_LOADING gstpluginloader.c:849:handle_rx_packet: Received plugin details from child w/ tag 3. 6860 bytes info
0:00:00.024596967  2468 0xafb370 LOG   GST_REGISTRY gstregistrychunks.c:837:_priv_gst_registry_chunks_load_plugin: Reading/casting for GstRegistryChunkPluginElement at address 0xb16c10
0:00:00.024604588  2468 0xafb370 TRACE   GST_REFCOUNTING gstobject.c:208:gst_object_init: 0xb14e60 new
0:00:00.024616417  2468 0xafb370 LOG   GST_REGISTRY gstregistrychunks.c:858:_priv_gst_registry_chunks_load_plugin: read strings for name='coreelements'
0:00:00.024622613  2468 0xafb370 LOG   GST_REGISTRY gstregistrychunks.c:859:_priv_gst_registry_chunks_load_plugin: desc.description='GStreamer core elements'
0:00:00.024629497  2468 0xafb370 LOG   GST_REGISTRY gstregistrychunks.c:860:_priv_gst_registry_chunks_load_plugin: filename='/home/conan/w/prod/BuildSingleReference/.conan/data/gstreamer/1.19.1/_/_/package/467fc03b0f24213bb9b1cf088fa7fb20ffd79c35/lib/gstreamer-1.0/libgstcoreelements.so'
0:00:00.024635915  2468 0xafb370 LOG   GST_REGISTRY gstregistrychunks.c:861:_priv_gst_registry_chunks_load_plugin: desc.version='1.19.1'
0:00:00.024641461  2468 0xafb370 LOG   GST_REGISTRY gstregistrychunks.c:862:_priv_gst_registry_chunks_load_plugin: desc.license='LGPL'
0:00:00.024647237  2468 0xafb370 LOG   GST_REGISTRY gstregistrychunks.c:863:_priv_gst_registry_chunks_load_plugin: desc.source='gstreamer'
0:00:00.024652973  2468 0xafb370 LOG   GST_REGISTRY gstregistrychunks.c:864:_priv_gst_registry_chunks_load_plugin: desc.package='GStreamer source release'
0:00:00.024658811  2468 0xafb370 LOG   GST_REGISTRY gstregistrychunks.c:865:_priv_gst_registry_chunks_load_plugin: desc.origin='Unknown package origin'
0:00:00.024677623  2468 0xafb370 LOG   GST_REGISTRY gstregistrychunks.c:866:_priv_gst_registry_chunks_load_plugin: desc.datetime=2021-06-01
0:00:00.024688170  2468 0xafb370 DEBUG   GST_REGISTRY gstregistry.c:449:gst_registry_add_plugin: Replacing existing plugin "/home/conan/w/prod/BuildSingleReference/.conan/data/gstreamer/1.19.1/_/_/package/467fc03b0f24213bb9b1cf088fa7fb20ffd79c35/lib/gstreamer-1.0/libgstcoreelements.so" 0xb153c0 with new plugin 0xb14e60 for filename "/home/conan/w/prod/BuildSingleReference/.conan/data/gstreamer/1.19.1/_/_/package/467fc03b0f24213bb9b1cf088fa7fb20ffd79c35/lib/gstreamer-1.0/libgstcoreelements.so"
0:00:00.024703514  2468 0xafb370 TRACE   GST_REFCOUNTING gstobject.c:265:gst_object_unref: 0xb153c0 unref 1->0
0:00:00.024711171  2468 0xafb370 TRACE   GST_REFCOUNTING gstobject.c:381:gst_object_dispose: 0xb153c0 dispose
0:00:00.024719712  2468 0xafb370 DEBUG   GST_PLUGIN_LOADING gstplugin.c:136:gst_plugin_finalize: finalizing plugin
0:00:00.024727569  2468 0xafb370 TRACE   GST_REFCOUNTING gstobject.c:423:gst_object_finalize: 0xb153c0 finalize
0:00:00.024736628  2468 0xafb370 DEBUG   GST_REGISTRY gstregistry.c:474:gst_registry_add_plugin: adding plugin 0xb14e60 for filename "/home/conan/w/prod/BuildSingleReference/.conan/data/gstreamer/1.19.1/_/_/package/467fc03b0f24213bb9b1cf088fa7fb20ffd79c35/lib/gstreamer-1.0/libgstcoreelements.so"
0:00:00.024744800  2468 0xafb370 TRACE   GST_REFCOUNTING gstobject.c:294:gst_object_ref_sink: 0xb14e60 ref_sink 1->2
0:00:00.024752621  2468 0xafb370 LOG   GST_REGISTRY gstregistry.c:487:gst_registry_add_plugin: emitting plugin-added for filename "/home/conan/w/prod/BuildSingleReference/.conan/data/gstreamer/1.19.1/_/_/package/467fc03b0f24213bb9b1cf088fa7fb20ffd79c35/lib/gstreamer-1.0/libgstcoreelements.so"
0:00:00.024760572  2468 0xafb370 DEBUG   GST_REGISTRY gstregistrychunks.c:887:_priv_gst_registry_chunks_load_plugin: Added plugin 'coreelements' plugin with 22 features from binary registry
0:00:00.024767883  2468 0xafb370 DEBUG   GST_REGISTRY gstregistrychunks.c:583:gst_registry_chunks_load_feature: Plugin 'coreelements' feature 'streamiddemux' typename : 'GstElementFactory'
0:00:00.024776023  2468 0xafb370 TRACE   GST_REFCOUNTING gstobject.c:208:gst_object_init: 0xb1d990 new
0:00:00.024784525  2468 0xafb370 LOG   GST_REGISTRY gstregistrychunks.c:610:gst_registry_chunks_load_feature: Reading/casting for GstRegistryChunkElementFactory at address 0xb16d68
0:00:00.024792823  2468 0xafb370 TRACE   structure gststructure.c:292:gst_structure_new_id_empty_with_size: created structure 0xb1dc50
0:00:00.024799363  2468 0xafb370 DEBUG   structure gststructure.c:2258:gst_structure_parse_field: trying field name 'long-name'
0:00:00.024805811  2468 0xafb370 DEBUG   default gstvalue.c:2776:_priv_gst_value_parse_value: trying type name 'string'
0:00:00.024814205  2468 0xafb370 DEBUG   structure gststructure.c:2258:gst_structure_parse_field: trying field name 'klass'
0:00:00.024820018  2468 0xafb370 DEBUG   default gstvalue.c:2776:_priv_gst_value_parse_value: trying type name 'string'
0:00:00.024826762  2468 0xafb370 DEBUG   structure gststructure.c:2258:gst_structure_parse_field: trying field name 'description'
0:00:00.024832503  2468 0xafb370 DEBUG   default gstvalue.c:2776:_priv_gst_value_parse_value: trying type name 'string'
0:00:00.024844429  2468 0xafb370 DEBUG   structure gststructure.c:2258:gst_structure_parse_field: trying field name 'author'
0:00:00.024850524  2468 0xafb370 DEBUG   default gstvalue.c:2776:_priv_gst_value_parse_value: trying type name 'string'
0:00:00.024857781  2468 0xafb370 DEBUG   GST_REGISTRY gstregistrychunks.c:626:gst_registry_chunks_load_feature: Element factory : npadtemplates=2
0:00:00.024866136  2468 0xafb370 DEBUG   GST_REGISTRY gstregistrychunks.c:526:gst_registry_chunks_load_pad_template: Reading/casting for GstRegistryChunkPadTemplate at address 0xb16e40
0:00:00.024872598  2468 0xafb370 DEBUG   GST_REGISTRY gstregistrychunks.c:539:gst_registry_chunks_load_pad_template: Added pad_template src_%u
0:00:00.024878558  2468 0xafb370 DEBUG   GST_REGISTRY gstregistrychunks.c:526:gst_registry_chunks_load_pad_template: Reading/casting for GstRegistryChunkPadTemplate at address 0xb16e58
0:00:00.024885200  2468 0xafb370 DEBUG   GST_REGISTRY gstregistrychunks.c:539:gst_registry_chunks_load_pad_template: Added pad_template sink
0:00:00.024893748  2468 0xafb370 DEBUG   GST_REGISTRY gstregistry.c:581:gst_registry_add_feature: replacing existing feature 0xb15730 (streamiddemux)
0:00:00.024901357  2468 0xafb370 DEBUG   GST_REGISTRY gstregistry.c:590:gst_registry_add_feature: adding feature 0xb1d990 (streamiddemux)
0:00:00.024907584  2468 0xafb370 TRACE   GST_REFCOUNTING gstobject.c:788:gst_object_unparent: unparent
0:00:00.024915774  2468 0xafb370 TRACE   GST_REFCOUNTING gstobject.c:265:gst_object_unref: 0xb15730 unref 1->0
0:00:00.024923025  2468 0xafb370 TRACE   GST_REFCOUNTING gstobject.c:381:gst_object_dispose: 0xb15730 dispose
0:00:00.024930702  2468 0xafb370 TRACE   structure gststructure.c:547:gst_structure_free: free structure 0xb16550
0:00:00.024939662  2468 0xafb370 TRACE   GST_REFCOUNTING gstminiobject.c:736:gst_mini_object_replace: replace (nil) (0) with (nil) (0)
0:00:00.024947940  2468 0xafb370 TRACE   GST_REFCOUNTING gstminiobject.c:736:gst_mini_object_replace: replace (nil) (0) with (nil) (0)
0:00:00.024955375  2468 0xafb370 DEBUG   GST_PLUGIN_LOADING gstpluginfeature.c:67:gst_plugin_feature_finalize: finalizing feature 0xb15730: 'streamiddemux'
0:00:00.024962479  2468 0xafb370 TRACE   GST_REFCOUNTING gstobject.c:423:gst_object_finalize: 0xb15730 finalize
0:00:00.024969724  2468 0xafb370 DEBUG   GST_REFCOUNTING gstobject.c:709:gst_object_set_parent: set parent (ref and sink)
0:00:00.024977233  2468 0xafb370 TRACE   GST_REFCOUNTING gstobject.c:294:gst_object_ref_sink: 0xb1d990 ref_sink 1->2
0:00:00.024984311  2468 0xafb370 LOG   GST_REGISTRY gstregistry.c:608:gst_registry_add_feature: emitting feature-added for streamiddemux
0:00:00.024991867  2468 0xafb370 DEBUG   GST_REGISTRY gstregistrychunks.c:741:gst_registry_chunks_load_feature: Added feature streamiddemux, plugin 0xb14e60 coreelements
0:00:00.024999291  2468 0xafb370 DEBUG   GST_REGISTRY gstregistrychunks.c:583:gst_registry_chunks_load_feature: Plugin 'coreelements' feature 'valve' typename : 'GstElementFactory'
0:00:00.025014066  2468 0xafb370 TRACE   GST_REFCOUNTING gstobject.c:208:gst_object_init: 0xb156e0 new
0:00:00.025022693  2468 0xafb370 LOG   GST_REGISTRY gstregistrychunks.c:610:gst_registry_chunks_load_feature: Reading/casting for GstRegistryChunkElementFactory at address 0xb16e88
0:00:00.025029516  2468 0xafb370 TRACE   structure gststructure.c:292:gst_structure_new_id_empty_with_size: created structure 0xb1dd80
0:00:00.025035853  2468 0xafb370 DEBUG   structure gststructure.c:2258:gst_structure_parse_field: trying field name 'long-name'
0:00:00.025041922  2468 0xafb370 DEBUG   default gstvalue.c:2776:_priv_gst_value_parse_value: trying type name 'string'
0:00:00.025049066  2468 0xafb370 DEBUG   structure gststructure.c:2258:gst_structure_parse_field: trying field name 'klass'
0:00:00.025054863  2468 0xafb370 DEBUG   default gstvalue.c:2776:_priv_gst_value_parse_value: trying type name 'string'
0:00:00.025061633  2468 0xafb370 DEBUG   structure gststructure.c:2258:gst_structure_parse_field: trying field name 'description'
0:00:00.025067357  2468 0xafb370 DEBUG   default gstvalue.c:2776:_priv_gst_value_parse_value: trying type name 'string'
0:00:00.025074509  2468 0xafb370 DEBUG   structure gststructure.c:2258:gst_structure_parse_field: trying field name 'author'
0:00:00.025080180  2468 0xafb370 DEBUG   default gstvalue.c:2776:_priv_gst_value_parse_value: trying type name 'string'
0:00:00.025087397  2468 0xafb370 DEBUG   GST_REGISTRY gstregistrychunks.c:626:gst_registry_chunks_load_feature: Element factory : npadtemplates=2
0:00:00.025093445  2468 0xafb370 DEBUG   GST_REGISTRY gstregistrychunks.c:526:gst_registry_chunks_load_pad_template: Reading/casting for GstRegistryChunkPadTemplate at address 0xb16f78
0:00:00.025114274  2468 0xafb370 DEBUG   GST_REGISTRY gstregistrychunks.c:539:gst_registry_chunks_load_pad_template: Added pad_template sink
0:00:00.025120632  2468 0xafb370 DEBUG   GST_REGISTRY gstregistrychunks.c:526:gst_registry_chunks_load_pad_template: Reading/casting for GstRegistryChunkPadTemplate at address 0xb16f90
0:00:00.025127018  2468 0xafb370 DEBUG   GST_REGISTRY gstregistrychunks.c:539:gst_registry_chunks_load_pad_template: Added pad_template src
0:00:00.025137039  2468 0xafb370 DEBUG   GST_REGISTRY gstregistry.c:581:gst_registry_add_feature: replacing existing feature 0xb16990 (valve)
0:00:00.025144531  2468 0xafb370 DEBUG   GST_REGISTRY gstregistry.c:590:gst_registry_add_feature: adding feature 0xb156e0 (valve)
0:00:00.025150538  2468 0xafb370 TRACE   GST_REFCOUNTING gstobject.c:788:gst_object_unparent: unparent
0:00:00.025158410  2468 0xafb370 TRACE   GST_REFCOUNTING gstobject.c:265:gst_object_unref: 0xb16990 unref 1->0
0:00:00.025165483  2468 0xafb370 TRACE   GST_REFCOUNTING gstobject.c:381:gst_object_dispose: 0xb16990 dispose
0:00:00.025173046  2468 0xafb370 TRACE   structure gststructure.c:547:gst_structure_free: free structure 0xb189c0
0:00:00.025185889  2468 0xafb370 TRACE   GST_REFCOUNTING gstminiobject.c:736:gst_mini_object_replace: replace (nil) (0) with (nil) (0)
0:00:00.025193379  2468 0xafb370 TRACE   GST_REFCOUNTING gstminiobject.c:736:gst_mini_object_replace: replace (nil) (0) with (nil) (0)
0:00:00.025200322  2468 0xafb370 DEBUG   GST_PLUGIN_LOADING gstpluginfeature.c:67:gst_plugin_feature_finalize: finalizing feature 0xb16990: 'valve'
0:00:00.025206836  2468 0xafb370 TRACE   GST_REFCOUNTING gstobject.c:423:gst_object_finalize: 0xb16990 finalize
0:00:00.025213777  2468 0xafb370 DEBUG   GST_REFCOUNTING gstobject.c:709:gst_object_set_parent: set parent (ref and sink)
0:00:00.025221333  2468 0xafb370 TRACE   GST_REFCOUNTING gstobject.c:294:gst_object_ref_sink: 0xb156e0 ref_sink 1->2
0:00:00.025228354  2468 0xafb370 LOG   GST_REGISTRY gstregistry.c:608:gst_registry_add_feature: emitting feature-added for valve
0:00:00.025235670  2468 0xafb370 DEBUG   GST_REGISTRY gstregistrychunks.c:741:gst_registry_chunks_load_feature: Added feature valve, plugin 0xb14e60 coreelements
0:00:00.025243154  2468 0xafb370 DEBUG   GST_REGISTRY gstregistrychunks.c:583:gst_registry_chunks_load_feature: Plugin 'coreelements' feature 'multiqueue' typename : 'GstElementFactory'
0:00:00.025251446  2468 0xafb370 TRACE   GST_REFCOUNTING gstobject.c:208:gst_object_init: 0xb16990 new
0:00:00.025260087  2468 0xafb370 LOG   GST_REGISTRY gstregistrychunks.c:610:gst_registry_chunks_load_feature: Reading/casting for GstRegistryChunkElementFactory at address 0xb16fc0
0:00:00.025267523  2468 0xafb370 TRACE   structure gststructure.c:292:gst_structure_new_id_empty_with_size: created structure 0xb1deb0
0:00:00.025273802  2468 0xafb370 DEBUG   structure gststructure.c:2258:gst_structure_parse_field: trying field name 'long-name'
0:00:00.025279526  2468 0xafb370 DEBUG   default gstvalue.c:2776:_priv_gst_value_parse_value: trying type name 'string'
0:00:00.025286479  2468 0xafb370 DEBUG   structure gststructure.c:2258:gst_structure_parse_field: trying field name 'klass'
0:00:00.025292760  2468 0xafb370 DEBUG   default gstvalue.c:2776:_priv_gst_value_parse_value: trying type name 'string'
0:00:00.025299219  2468 0xafb370 DEBUG   structure gststructure.c:2258:gst_structure_parse_field: trying field name 'description'
0:00:00.025305006  2468 0xafb370 DEBUG   default gstvalue.c:2776:_priv_gst_value_parse_value: trying type name 'string'
0:00:00.025311880  2468 0xafb370 DEBUG   structure gststructure.c:2258:gst_structure_parse_field: trying field name 'author'
0:00:00.025317756  2468 0xafb370 DEBUG   default gstvalue.c:2776:_priv_gst_value_parse_value: trying type name 'string'
0:00:00.025325237  2468 0xafb370 DEBUG   GST_REGISTRY gstregistrychunks.c:626:gst_registry_chunks_load_feature: Element factory : npadtemplates=2
0:00:00.025331354  2468 0xafb370 DEBUG   GST_REGISTRY gstregistrychunks.c:526:gst_registry_chunks_load_pad_template: Reading/casting for GstRegistryChunkPadTemplate at address 0xb17080
0:00:00.025342140  2468 0xafb370 DEBUG   GST_REGISTRY gstregistrychunks.c:539:gst_registry_chunks_load_pad_template: Added pad_template src_%u
0:00:00.025348109  2468 0xafb370 DEBUG   GST_REGISTRY gstregistrychunks.c:526:gst_registry_chunks_load_pad_template: Reading/casting for GstRegistryChunkPadTemplate at address 0xb17098
0:00:00.025354371  2468 0xafb370 DEBUG   GST_REGISTRY gstregistrychunks.c:539:gst_registry_chunks_load_pad_template: Added pad_template sink_%u
0:00:00.025363039  2468 0xafb370 DEBUG   GST_REGISTRY gstregistry.c:581:gst_registry_add_feature: replacing existing feature 0xb16a80 (multiqueue)
0:00:00.025370614  2468 0xafb370 DEBUG   GST_REGISTRY gstregistry.c:590:gst_registry_add_feature: adding feature 0xb16990 (multiqueue)
0:00:00.025376849  2468 0xafb370 TRACE   GST_REFCOUNTING gstobject.c:788:gst_object_unparent: unparent
0:00:00.025384624  2468 0xafb370 TRACE   GST_REFCOUNTING gstobject.c:265:gst_object_unref: 0xb16a80 unref 1->0
0:00:00.025391797  2468 0xafb370 TRACE   GST_REFCOUNTING gstobject.c:381:gst_object_dispose: 0xb16a80 dispose
0:00:00.025399653  2468 0xafb370 TRACE   structure gststructure.c:547:gst_structure_free: free structure 0xb18bf0
0:00:00.025407035  2468 0xafb370 TRACE   GST_REFCOUNTING gstminiobject.c:736:gst_mini_object_replace: replace (nil) (0) with (nil) (0)
0:00:00.025414947  2468 0xafb370 TRACE   GST_REFCOUNTING gstminiobject.c:736:gst_mini_object_replace: replace (nil) (0) with (nil) (0)
0:00:00.025421948  2468 0xafb370 DEBUG   GST_PLUGIN_LOADING gstpluginfeature.c:67:gst_plugin_feature_finalize: finalizing feature 0xb16a80: 'multiqueue'
0:00:00.025428398  2468 0xafb370 TRACE   GST_REFCOUNTING gstobject.c:423:gst_object_finalize: 0xb16a80 finalize
0:00:00.025435466  2468 0xafb370 DEBUG   GST_REFCOUNTING gstobject.c:709:gst_object_set_parent: set parent (ref and sink)
0:00:00.025442949  2468 0xafb370 TRACE   GST_REFCOUNTING gstobject.c:294:gst_object_ref_sink: 0xb16990 ref_sink 1->2
0:00:00.025449840  2468 0xafb370 LOG   GST_REGISTRY gstregistry.c:608:gst_registry_add_feature: emitting feature-added for multiqueue
0:00:00.025456640  2468 0xafb370 DEBUG   GST_REGISTRY gstregistrychunks.c:741:gst_registry_chunks_load_feature: Added feature multiqueue, plugin 0xb14e60 coreelements
0:00:00.025463553  2468 0xafb370 DEBUG   GST_REGISTRY gstregistrychunks.c:583:gst_registry_chunks_load_feature: Plugin 'coreelements' feature 'typefind' typename : 'GstElementFactory'
0:00:00.025471227  2468 0xafb370 TRACE   GST_REFCOUNTING gstobject.c:208:gst_object_init: 0xb16a80 new
0:00:00.025479673  2468 0xafb370 LOG   GST_REGISTRY gstregistrychunks.c:610:gst_registry_chunks_load_feature: Reading/casting for GstRegistryChunkElementFactory at address 0xb170c8
0:00:00.025491877  2468 0xafb370 TRACE   structure gststructure.c:292:gst_structure_new_id_empty_with_size: created structure 0xb1dfe0
0:00:00.025498088  2468 0xafb370 DEBUG   structure gststructure.c:2258:gst_structure_parse_field: trying field name 'long-name'
0:00:00.025509776  2468 0xafb370 DEBUG   default gstvalue.c:2776:_priv_gst_value_parse_value: trying type name 'string'
0:00:00.025516584  2468 0xafb370 DEBUG   structure gststructure.c:2258:gst_structure_parse_field: trying field name 'klass'
0:00:00.025522178  2468 0xafb370 DEBUG   default gstvalue.c:2776:_priv_gst_value_parse_value: trying type name 'string'
0:00:00.025528483  2468 0xafb370 DEBUG   structure gststructure.c:2258:gst_structure_parse_field: trying field name 'description'
0:00:00.025534231  2468 0xafb370 DEBUG   default gstvalue.c:2776:_priv_gst_value_parse_value: trying type name 'string'
