0:00:00.013383808  2469 0x1f6e320 DEBUG   GST_POLL gstpoll.c:980:gst_poll_fd_ctl_write: 0x1f769c0: fd (fd:0, idx:1), active : 1
0:00:00.013390005  2469 0x1f6e320 LOG   GST_POLL gstpoll.c:994:gst_poll_fd_ctl_write: 0x1f769c0: pfd->events now 60 (POLLOUT:4)
0:00:00.013400252  2469 0x1f6e320 DEBUG   GST_POLL gstpoll.c:980:gst_poll_fd_ctl_write: 0x1f769c0: fd (fd:0, idx:1), active : 1
0:00:00.013406220  2469 0x1f6e320 LOG   GST_POLL gstpoll.c:994:gst_poll_fd_ctl_write: 0x1f769c0: pfd->events now 60 (POLLOUT:4)
0:00:00.013412528  2469 0x1f6e320 DEBUG   GST_POLL gstpoll.c:980:gst_poll_fd_ctl_write: 0x1f769c0: fd (fd:0, idx:1), active : 1
0:00:00.013418531  2469 0x1f6e320 LOG   GST_POLL gstpoll.c:994:gst_poll_fd_ctl_write: 0x1f769c0: pfd->events now 60 (POLLOUT:4)
0:00:00.013424911  2469 0x1f6e320 DEBUG   GST_POLL gstpoll.c:980:gst_poll_fd_ctl_write: 0x1f769c0: fd (fd:0, idx:1), active : 1
0:00:00.013430885  2469 0x1f6e320 LOG   GST_POLL gstpoll.c:994:gst_poll_fd_ctl_write: 0x1f769c0: pfd->events now 60 (POLLOUT:4)
0:00:00.013437237  2469 0x1f6e320 DEBUG   GST_POLL gstpoll.c:980:gst_poll_fd_ctl_write: 0x1f769c0: fd (fd:0, idx:1), active : 1
0:00:00.013443297  2469 0x1f6e320 LOG   GST_POLL gstpoll.c:994:gst_poll_fd_ctl_write: 0x1f769c0: pfd->events now 60 (POLLOUT:4)
0:00:00.013449571  2469 0x1f6e320 DEBUG   GST_POLL gstpoll.c:980:gst_poll_fd_ctl_write: 0x1f769c0: fd (fd:0, idx:1), active : 1
0:00:00.013455457  2469 0x1f6e320 LOG   GST_POLL gstpoll.c:994:gst_poll_fd_ctl_write: 0x1f769c0: pfd->events now 60 (POLLOUT:4)
0:00:00.013461749  2469 0x1f6e320 DEBUG   GST_POLL gstpoll.c:980:gst_poll_fd_ctl_write: 0x1f769c0: fd (fd:0, idx:1), active : 1
0:00:00.013467636  2469 0x1f6e320 LOG   GST_POLL gstpoll.c:994:gst_poll_fd_ctl_write: 0x1f769c0: pfd->events now 60 (POLLOUT:4)
0:00:00.013473950  2469 0x1f6e320 DEBUG   GST_POLL gstpoll.c:980:gst_poll_fd_ctl_write: 0x1f769c0: fd (fd:0, idx:1), active : 1
0:00:00.013479980  2469 0x1f6e320 LOG   GST_POLL gstpoll.c:994:gst_poll_fd_ctl_write: 0x1f769c0: pfd->events now 60 (POLLOUT:4)
0:00:00.013486159  2469 0x1f6e320 DEBUG   GST_POLL gstpoll.c:980:gst_poll_fd_ctl_write: 0x1f769c0: fd (fd:0, idx:1), active : 1
0:00:00.013492179  2469 0x1f6e320 LOG   GST_POLL gstpoll.c:994:gst_poll_fd_ctl_write: 0x1f769c0: pfd->events now 60 (POLLOUT:4)
0:00:00.013498450  2469 0x1f6e320 DEBUG   GST_POLL gstpoll.c:980:gst_poll_fd_ctl_write: 0x1f769c0: fd (fd:0, idx:1), active : 1
0:00:00.013504437  2469 0x1f6e320 LOG   GST_POLL gstpoll.c:994:gst_poll_fd_ctl_write: 0x1f769c0: pfd->events now 60 (POLLOUT:4)
0:00:00.013511060  2469 0x1f6e320 DEBUG   GST_POLL gstpoll.c:980:gst_poll_fd_ctl_write: 0x1f769c0: fd (fd:0, idx:1), active : 1
0:00:00.013522874  2469 0x1f6e320 LOG   GST_POLL gstpoll.c:994:gst_poll_fd_ctl_write: 0x1f769c0: pfd->events now 60 (POLLOUT:4)
0:00:00.013529360  2469 0x1f6e320 DEBUG   GST_POLL gstpoll.c:980:gst_poll_fd_ctl_write: 0x1f769c0: fd (fd:0, idx:1), active : 1
0:00:00.013535343  2469 0x1f6e320 LOG   GST_POLL gstpoll.c:994:gst_poll_fd_ctl_write: 0x1f769c0: pfd->events now 60 (POLLOUT:4)
0:00:00.013541628  2469 0x1f6e320 DEBUG   GST_POLL gstpoll.c:980:gst_poll_fd_ctl_write: 0x1f769c0: fd (fd:0, idx:1), active : 1
0:00:00.013547598  2469 0x1f6e320 LOG   GST_POLL gstpoll.c:994:gst_poll_fd_ctl_write: 0x1f769c0: pfd->events now 60 (POLLOUT:4)
0:00:00.013553836  2469 0x1f6e320 DEBUG   GST_POLL gstpoll.c:980:gst_poll_fd_ctl_write: 0x1f769c0: fd (fd:0, idx:1), active : 1
0:00:00.013559846  2469 0x1f6e320 LOG   GST_POLL gstpoll.c:994:gst_poll_fd_ctl_write: 0x1f769c0: pfd->events now 60 (POLLOUT:4)
0:00:00.013566122  2469 0x1f6e320 DEBUG   GST_POLL gstpoll.c:980:gst_poll_fd_ctl_write: 0x1f769c0: fd (fd:0, idx:1), active : 1
0:00:00.013572068  2469 0x1f6e320 LOG   GST_POLL gstpoll.c:994:gst_poll_fd_ctl_write: 0x1f769c0: pfd->events now 60 (POLLOUT:4)
0:00:00.013578370  2469 0x1f6e320 DEBUG   GST_POLL gstpoll.c:980:gst_poll_fd_ctl_write: 0x1f769c0: fd (fd:0, idx:1), active : 1
0:00:00.013584299  2469 0x1f6e320 LOG   GST_POLL gstpoll.c:994:gst_poll_fd_ctl_write: 0x1f769c0: pfd->events now 60 (POLLOUT:4)
0:00:00.013590669  2469 0x1f6e320 DEBUG   GST_POLL gstpoll.c:980:gst_poll_fd_ctl_write: 0x1f769c0: fd (fd:0, idx:1), active : 1
0:00:00.013596566  2469 0x1f6e320 LOG   GST_POLL gstpoll.c:994:gst_poll_fd_ctl_write: 0x1f769c0: pfd->events now 60 (POLLOUT:4)
0:00:00.013602848  2469 0x1f6e320 DEBUG   GST_POLL gstpoll.c:980:gst_poll_fd_ctl_write: 0x1f769c0: fd (fd:0, idx:1), active : 1
0:00:00.013608893  2469 0x1f6e320 LOG   GST_POLL gstpoll.c:994:gst_poll_fd_ctl_write: 0x1f769c0: pfd->events now 60 (POLLOUT:4)
0:00:00.013615056  2469 0x1f6e320 DEBUG   GST_POLL gstpoll.c:980:gst_poll_fd_ctl_write: 0x1f769c0: fd (fd:0, idx:1), active : 1
0:00:00.013621101  2469 0x1f6e320 LOG   GST_POLL gstpoll.c:994:gst_poll_fd_ctl_write: 0x1f769c0: pfd->events now 60 (POLLOUT:4)
0:00:00.013627430  2469 0x1f6e320 DEBUG   GST_POLL gstpoll.c:980:gst_poll_fd_ctl_write: 0x1f769c0: fd (fd:0, idx:1), active : 1
0:00:00.013633337  2469 0x1f6e320 LOG   GST_POLL gstpoll.c:994:gst_poll_fd_ctl_write: 0x1f769c0: pfd->events now 60 (POLLOUT:4)
0:00:00.013639625  2469 0x1f6e320 DEBUG   GST_POLL gstpoll.c:980:gst_poll_fd_ctl_write: 0x1f769c0: fd (fd:0, idx:1), active : 1
0:00:00.013645527  2469 0x1f6e320 LOG   GST_POLL gstpoll.c:994:gst_poll_fd_ctl_write: 0x1f769c0: pfd->events now 60 (POLLOUT:4)
0:00:00.013651780  2469 0x1f6e320 DEBUG   GST_POLL gstpoll.c:980:gst_poll_fd_ctl_write: 0x1f769c0: fd (fd:0, idx:1), active : 1
0:00:00.013657724  2469 0x1f6e320 LOG   GST_POLL gstpoll.c:994:gst_poll_fd_ctl_write: 0x1f769c0: pfd->events now 60 (POLLOUT:4)
0:00:00.013668141  2469 0x1f6e320 DEBUG   GST_POLL gstpoll.c:980:gst_poll_fd_ctl_write: 0x1f769c0: fd (fd:0, idx:1), active : 1
0:00:00.013674183  2469 0x1f6e320 LOG   GST_POLL gstpoll.c:994:gst_poll_fd_ctl_write: 0x1f769c0: pfd->events now 60 (POLLOUT:4)
0:00:00.013680471  2469 0x1f6e320 DEBUG   GST_POLL gstpoll.c:980:gst_poll_fd_ctl_write: 0x1f769c0: fd (fd:0, idx:1), active : 1
0:00:00.013686587  2469 0x1f6e320 LOG   GST_POLL gstpoll.c:994:gst_poll_fd_ctl_write: 0x1f769c0: pfd->events now 60 (POLLOUT:4)
0:00:00.013693167  2469 0x1f6e320 DEBUG   GST_POLL gstpoll.c:980:gst_poll_fd_ctl_write: 0x1f769c0: fd (fd:0, idx:1), active : 1
0:00:00.013699176  2469 0x1f6e320 LOG   GST_POLL gstpoll.c:994:gst_poll_fd_ctl_write: 0x1f769c0: pfd->events now 60 (POLLOUT:4)
0:00:00.013705464  2469 0x1f6e320 DEBUG   GST_POLL gstpoll.c:980:gst_poll_fd_ctl_write: 0x1f769c0: fd (fd:0, idx:1), active : 1
0:00:00.013711480  2469 0x1f6e320 LOG   GST_POLL gstpoll.c:994:gst_poll_fd_ctl_write: 0x1f769c0: pfd->events now 60 (POLLOUT:4)
0:00:00.013717732  2469 0x1f6e320 DEBUG   GST_POLL gstpoll.c:980:gst_poll_fd_ctl_write: 0x1f769c0: fd (fd:0, idx:1), active : 1
0:00:00.013723622  2469 0x1f6e320 LOG   GST_POLL gstpoll.c:994:gst_poll_fd_ctl_write: 0x1f769c0: pfd->events now 60 (POLLOUT:4)
0:00:00.013729779  2469 0x1f6e320 DEBUG   GST_POLL gstpoll.c:980:gst_poll_fd_ctl_write: 0x1f769c0: fd (fd:0, idx:1), active : 1
0:00:00.013735658  2469 0x1f6e320 LOG   GST_POLL gstpoll.c:994:gst_poll_fd_ctl_write: 0x1f769c0: pfd->events now 60 (POLLOUT:4)
0:00:00.013741920  2469 0x1f6e320 DEBUG   GST_POLL gstpoll.c:980:gst_poll_fd_ctl_write: 0x1f769c0: fd (fd:0, idx:1), active : 1
0:00:00.013747812  2469 0x1f6e320 LOG   GST_POLL gstpoll.c:994:gst_poll_fd_ctl_write: 0x1f769c0: pfd->events now 60 (POLLOUT:4)
0:00:00.013760246  2469 0x1f6e320 TRACE   GST_REFCOUNTING gstobject.c:265:gst_object_unref: 0x1f8a230 unref 2->1
0:00:00.013768734  2469 0x1f6e320 DEBUG   GST_POLL gstpoll.c:1241:gst_poll_fd_has_error: 0x1f769c0: fd (fd:0, idx:1) 0
0:00:00.013775408  2469 0x1f6e320 DEBUG   GST_POLL gstpoll.c:1335:gst_poll_fd_can_write: 0x1f769c0: fd (fd:0, idx:1) 1
0:00:00.013781632  2469 0x1f6e320 LOG   GST_PLUGIN_LOADING gstpluginloader.c:689:write_one: Writing packet of size 488 bytes to fd 0
0:00:00.013805221  2469 0x1f6e320 DEBUG   GST_POLL gstpoll.c:1414:gst_poll_wait: 0x1f769c0: timeout :0:00:01.000000000
0:00:00.013819475  2469 0x1f6e320 LOG   GST_PLUGIN_LOADING gstpluginloader.c:1027:exchange_packets: Poll res = 2. 6872 bytes pending for write
0:00:00.013826652  2469 0x1f6e320 DEBUG   GST_POLL gstpoll.c:1241:gst_poll_fd_has_error: 0x1f769c0: fd (fd:5, idx:2) 0
0:00:00.013832982  2469 0x1f6e320 DEBUG   GST_POLL gstpoll.c:1266:gst_poll_fd_can_read_unlocked: 0x1f769c0: fd (fd:5, idx:2) 1
0:00:00.013844735  2469 0x1f6e320 DEBUG   GST_PLUGIN_LOADING gstpluginloader.c:721:do_plugin_load: Plugin scanner loading file /home/conan/w/prod/BuildSingleReference/.conan/data/gstreamer/1.19.1/_/_/package/467fc03b0f24213bb9b1cf088fa7fb20ffd79c35/lib/gstreamer-1.0/libgstcoretracers.so. tag 2
0:00:00.018713636  2468 0xafb370 LOG   GST_PLUGIN_LOADING gstpluginloader.c:1027:exchange_packets: Poll res = 1. 0 bytes pending for write
0:00:00.013860099  2469 0x1f6e320 TRACE   GST_REFCOUNTING gstobject.c:238:gst_object_ref: 0x1f87ea0 ref 1->2
0:00:00.018744095  2468 0xafb370 DEBUG   GST_POLL gstpoll.c:1241:gst_poll_fd_has_error: 0xb14d40: fd (fd:8, idx:2) 0
0:00:00.013874320  2469 0x1f6e320 TRACE   GST_REFCOUNTING gstobject.c:238:gst_object_ref: 0x1f88e80 ref 1->2
0:00:00.018752818  2468 0xafb370 DEBUG   GST_POLL gstpoll.c:1266:gst_poll_fd_can_read_unlocked: 0xb14d40: fd (fd:8, idx:2) 1
0:00:00.013883526  2469 0x1f6e320 TRACE   GST_REFCOUNTING gstobject.c:238:gst_object_ref: 0x1f88c30 ref 1->2
0:00:00.013891410  2469 0x1f6e320 TRACE   GST_REFCOUNTING gstobject.c:238:gst_object_ref: 0x1f88960 ref 1->2
0:00:00.018769370  2468 0xafb370 DEBUG   GST_PLUGIN_LOADING gstpluginloader.c:849:handle_rx_packet: Received plugin details from child w/ tag 0. 476 bytes info
0:00:00.013898380  2469 0x1f6e320 TRACE   GST_REFCOUNTING gstobject.c:238:gst_object_ref: 0x1f88750 ref 1->2
0:00:00.018778074  2468 0xafb370 LOG   GST_REGISTRY gstregistrychunks.c:837:_priv_gst_registry_chunks_load_plugin: Reading/casting for GstRegistryChunkPluginElement at address 0xb153c0
0:00:00.013907783  2469 0x1f6e320 TRACE   GST_REFCOUNTING gstobject.c:238:gst_object_ref: 0x1f88260 ref 1->2
0:00:00.013920503  2469 0x1f6e320 TRACE   GST_REFCOUNTING gstobject.c:265:gst_object_unref: 0x1f88260 unref 2->1
0:00:00.013927655  2469 0x1f6e320 TRACE   GST_REFCOUNTING gstobject.c:265:gst_object_unref: 0x1f88750 unref 2->1
0:00:00.018801834  2468 0xafb370 TRACE   GST_REFCOUNTING gstobject.c:208:gst_object_init: 0xb14da0 new
0:00:00.013934443  2469 0x1f6e320 TRACE   GST_REFCOUNTING gstobject.c:265:gst_object_unref: 0x1f88960 unref 2->1
0:00:00.013941673  2469 0x1f6e320 TRACE   GST_REFCOUNTING gstobject.c:265:gst_object_unref: 0x1f88c30 unref 2->1
0:00:00.013948382  2469 0x1f6e320 TRACE   GST_REFCOUNTING gstobject.c:265:gst_object_unref: 0x1f88e80 unref 2->1
0:00:00.013956655  2469 0x1f6e320 DEBUG   GST_REGISTRY gstregistrychunks.c:498:_priv_gst_registry_chunks_save_plugin: Found 5 features in plugin 0x1f87ea0 (coretracers)
0:00:00.013963614  2469 0x1f6e320 DEBUG   GST_POLL gstpoll.c:980:gst_poll_fd_ctl_write: 0x1f769c0: fd (fd:0, idx:1), active : 1
0:00:00.013969820  2469 0x1f6e320 LOG   GST_POLL gstpoll.c:994:gst_poll_fd_ctl_write: 0x1f769c0: pfd->events now 60 (POLLOUT:4)
0:00:00.013976113  2469 0x1f6e320 DEBUG   GST_POLL gstpoll.c:980:gst_poll_fd_ctl_write: 0x1f769c0: fd (fd:0, idx:1), active : 1
0:00:00.018848496  2468 0xafb370 LOG   GST_REGISTRY gstregistrychunks.c:858:_priv_gst_registry_chunks_load_plugin: read strings for name='coretracers'
0:00:00.013982159  2469 0x1f6e320 LOG   GST_POLL gstpoll.c:994:gst_poll_fd_ctl_write: 0x1f769c0: pfd->events now 60 (POLLOUT:4)
0:00:00.018857137  2468 0xafb370 LOG   GST_REGISTRY gstregistrychunks.c:859:_priv_gst_registry_chunks_load_plugin: desc.description='GStreamer core tracers'
0:00:00.013996120  2469 0x1f6e320 DEBUG   GST_POLL gstpoll.c:980:gst_poll_fd_ctl_write: 0x1f769c0: fd (fd:0, idx:1), active : 1
0:00:00.018870896  2468 0xafb370 LOG   GST_REGISTRY gstregistrychunks.c:860:_priv_gst_registry_chunks_load_plugin: filename='/home/conan/w/prod/BuildSingleReference/.conan/data/gstreamer/1.19.1/_/_/package/467fc03b0f24213bb9b1cf088fa7fb20ffd79c35/lib/gstreamer-1.0/libgstcoretracers.so'
0:00:00.014002807  2469 0x1f6e320 LOG   GST_POLL gstpoll.c:994:gst_poll_fd_ctl_write: 0x1f769c0: pfd->events now 60 (POLLOUT:4)
0:00:00.018878095  2468 0xafb370 LOG   GST_REGISTRY gstregistrychunks.c:861:_priv_gst_registry_chunks_load_plugin: desc.version='1.19.1'
0:00:00.014009704  2469 0x1f6e320 DEBUG   GST_POLL gstpoll.c:980:gst_poll_fd_ctl_write: 0x1f769c0: fd (fd:0, idx:1), active : 1
0:00:00.018884506  2468 0xafb370 LOG   GST_REGISTRY gstregistrychunks.c:862:_priv_gst_registry_chunks_load_plugin: desc.license='LGPL'
0:00:00.014016291  2469 0x1f6e320 LOG   GST_POLL gstpoll.c:994:gst_poll_fd_ctl_write: 0x1f769c0: pfd->events now 60 (POLLOUT:4)
0:00:00.018890502  2468 0xafb370 LOG   GST_REGISTRY gstregistrychunks.c:863:_priv_gst_registry_chunks_load_plugin: desc.source='gstreamer'
0:00:00.014023357  2469 0x1f6e320 DEBUG   GST_POLL gstpoll.c:980:gst_poll_fd_ctl_write: 0x1f769c0: fd (fd:0, idx:1), active : 1
0:00:00.018897205  2468 0xafb370 LOG   GST_REGISTRY gstregistrychunks.c:864:_priv_gst_registry_chunks_load_plugin: desc.package='GStreamer source release'
0:00:00.014029905  2469 0x1f6e320 LOG   GST_POLL gstpoll.c:994:gst_poll_fd_ctl_write: 0x1f769c0: pfd->events now 60 (POLLOUT:4)
0:00:00.018904173  2468 0xafb370 LOG   GST_REGISTRY gstregistrychunks.c:865:_priv_gst_registry_chunks_load_plugin: desc.origin='Unknown package origin'
0:00:00.014036675  2469 0x1f6e320 DEBUG   GST_POLL gstpoll.c:980:gst_poll_fd_ctl_write: 0x1f769c0: fd (fd:0, idx:1), active : 1
0:00:00.018910675  2468 0xafb370 LOG   GST_REGISTRY gstregistrychunks.c:866:_priv_gst_registry_chunks_load_plugin: desc.datetime=2021-06-01
0:00:00.014043124  2469 0x1f6e320 LOG   GST_POLL gstpoll.c:994:gst_poll_fd_ctl_write: 0x1f769c0: pfd->events now 60 (POLLOUT:4)
0:00:00.014049745  2469 0x1f6e320 DEBUG   GST_POLL gstpoll.c:980:gst_poll_fd_ctl_write: 0x1f769c0: fd (fd:0, idx:1), active : 1
0:00:00.018922076  2468 0xafb370 DEBUG   GST_REGISTRY gstregistry.c:474:gst_registry_add_plugin: adding plugin 0xb14da0 for filename "/home/conan/w/prod/BuildSingleReference/.conan/data/gstreamer/1.19.1/_/_/package/467fc03b0f24213bb9b1cf088fa7fb20ffd79c35/lib/gstreamer-1.0/libgstcoretracers.so"
0:00:00.014055737  2469 0x1f6e320 LOG   GST_POLL gstpoll.c:994:gst_poll_fd_ctl_write: 0x1f769c0: pfd->events now 60 (POLLOUT:4)
0:00:00.014062320  2469 0x1f6e320 DEBUG   GST_POLL gstpoll.c:980:gst_poll_fd_ctl_write: 0x1f769c0: fd (fd:0, idx:1), active : 1
0:00:00.018933907  2468 0xafb370 TRACE   GST_REFCOUNTING gstobject.c:294:gst_object_ref_sink: 0xb14da0 ref_sink 1->2
0:00:00.014071912  2469 0x1f6e320 LOG   GST_POLL gstpoll.c:994:gst_poll_fd_ctl_write: 0x1f769c0: pfd->events now 60 (POLLOUT:4)
0:00:00.018948210  2468 0xafb370 LOG   GST_REGISTRY gstregistry.c:487:gst_registry_add_plugin: emitting plugin-added for filename "/home/conan/w/prod/BuildSingleReference/.conan/data/gstreamer/1.19.1/_/_/package/467fc03b0f24213bb9b1cf088fa7fb20ffd79c35/lib/gstreamer-1.0/libgstcoretracers.so"
0:00:00.014078750  2469 0x1f6e320 DEBUG   GST_POLL gstpoll.c:980:gst_poll_fd_ctl_write: 0x1f769c0: fd (fd:0, idx:1), active : 1
0:00:00.018956885  2468 0xafb370 DEBUG   GST_REGISTRY gstregistrychunks.c:887:_priv_gst_registry_chunks_load_plugin: Added plugin 'coretracers' plugin with 5 features from binary registry
0:00:00.014085772  2469 0x1f6e320 LOG   GST_POLL gstpoll.c:994:gst_poll_fd_ctl_write: 0x1f769c0: pfd->events now 60 (POLLOUT:4)
0:00:00.018965104  2468 0xafb370 DEBUG   GST_REGISTRY gstregistrychunks.c:583:gst_registry_chunks_load_feature: Plugin 'coretracers' feature 'leaks' typename : 'GstTracerFactory'
0:00:00.014094269  2469 0x1f6e320 DEBUG   GST_POLL gstpoll.c:980:gst_poll_fd_ctl_write: 0x1f769c0: fd (fd:0, idx:1), active : 1
0:00:00.014107955  2469 0x1f6e320 LOG   GST_POLL gstpoll.c:994:gst_poll_fd_ctl_write: 0x1f769c0: pfd->events now 60 (POLLOUT:4)
0:00:00.018982913  2468 0xafb370 TRACE   GST_REFCOUNTING gstobject.c:208:gst_object_init: 0xb15c30 new
0:00:00.014114354  2469 0x1f6e320 DEBUG   GST_POLL gstpoll.c:980:gst_poll_fd_ctl_write: 0x1f769c0: fd (fd:0, idx:1), active : 1
0:00:00.014121050  2469 0x1f6e320 LOG   GST_POLL gstpoll.c:994:gst_poll_fd_ctl_write: 0x1f769c0: pfd->events now 60 (POLLOUT:4)
0:00:00.018995034  2468 0xafb370 DEBUG   GST_REGISTRY gstregistrychunks.c:718:gst_registry_chunks_load_feature: Reading/casting for GstRegistryChunkPluginFeature at address 0xb15508
0:00:00.014127218  2469 0x1f6e320 DEBUG   GST_POLL gstpoll.c:980:gst_poll_fd_ctl_write: 0x1f769c0: fd (fd:0, idx:1), active : 1
0:00:00.019004386  2468 0xafb370 DEBUG   GST_REGISTRY gstregistry.c:590:gst_registry_add_feature: adding feature 0xb15c30 (leaks)
0:00:00.014133536  2469 0x1f6e320 LOG   GST_POLL gstpoll.c:994:gst_poll_fd_ctl_write: 0x1f769c0: pfd->events now 60 (POLLOUT:4)
0:00:00.019011489  2468 0xafb370 DEBUG   GST_REFCOUNTING gstobject.c:709:gst_object_set_parent: set parent (ref and sink)
0:00:00.014141514  2469 0x1f6e320 DEBUG   GST_POLL gstpoll.c:980:gst_poll_fd_ctl_write: 0x1f769c0: fd (fd:0, idx:1), active : 1
0:00:00.019019219  2468 0xafb370 TRACE   GST_REFCOUNTING gstobject.c:294:gst_object_ref_sink: 0xb15c30 ref_sink 1->2
0:00:00.014148562  2469 0x1f6e320 LOG   GST_POLL gstpoll.c:994:gst_poll_fd_ctl_write: 0x1f769c0: pfd->events now 60 (POLLOUT:4)
0:00:00.019026522  2468 0xafb370 LOG   GST_REGISTRY gstregistry.c:608:gst_registry_add_feature: emitting feature-added for leaks
0:00:00.014156740  2469 0x1f6e320 DEBUG   GST_POLL gstpoll.c:980:gst_poll_fd_ctl_write: 0x1f769c0: fd (fd:0, idx:1), active : 1
0:00:00.019045162  2468 0xafb370 DEBUG   GST_REGISTRY gstregistrychunks.c:741:gst_registry_chunks_load_feature: Added feature leaks, plugin 0xb14da0 coretracers
0:00:00.014174089  2469 0x1f6e320 LOG   GST_POLL gstpoll.c:994:gst_poll_fd_ctl_write: 0x1f769c0: pfd->events now 60 (POLLOUT:4)
0:00:00.019052943  2468 0xafb370 DEBUG   GST_REGISTRY gstregistrychunks.c:583:gst_registry_chunks_load_feature: Plugin 'coretracers' feature 'stats' typename : 'GstTracerFactory'
0:00:00.014182675  2469 0x1f6e320 DEBUG   GST_POLL gstpoll.c:980:gst_poll_fd_ctl_write: 0x1f769c0: fd (fd:0, idx:1), active : 1
0:00:00.014189825  2469 0x1f6e320 LOG   GST_POLL gstpoll.c:994:gst_poll_fd_ctl_write: 0x1f769c0: pfd->events now 60 (POLLOUT:4)
0:00:00.019061517  2468 0xafb370 TRACE   GST_REFCOUNTING gstobject.c:208:gst_object_init: 0xb15e30 new
0:00:00.014196372  2469 0x1f6e320 LOG   GST_PLUGIN_LOADING gstpluginloader.c:645:put_chunk: Expanding tx buf from 7717 to 10158 for chunk of size 17
0:00:00.019071851  2468 0xafb370 DEBUG   GST_REGISTRY gstregistrychunks.c:718:gst_registry_chunks_load_feature: Reading/casting for GstRegistryChunkPluginFeature at address 0xb15528
0:00:00.014207557  2469 0x1f6e320 DEBUG   GST_POLL gstpoll.c:980:gst_poll_fd_ctl_write: 0x1f769c0: fd (fd:0, idx:1), active : 1
0:00:00.019080178  2468 0xafb370 DEBUG   GST_REGISTRY gstregistry.c:590:gst_registry_add_feature: adding feature 0xb15e30 (stats)
0:00:00.014214242  2469 0x1f6e320 LOG   GST_POLL gstpoll.c:994:gst_poll_fd_ctl_write: 0x1f769c0: pfd->events now 60 (POLLOUT:4)
0:00:00.019088520  2468 0xafb370 DEBUG   GST_REFCOUNTING gstobject.c:709:gst_object_set_parent: set parent (ref and sink)
0:00:00.014221091  2469 0x1f6e320 DEBUG   GST_POLL gstpoll.c:980:gst_poll_fd_ctl_write: 0x1f769c0: fd (fd:0, idx:1), active : 1
0:00:00.019096202  2468 0xafb370 TRACE   GST_REFCOUNTING gstobject.c:294:gst_object_ref_sink: 0xb15e30 ref_sink 1->2
0:00:00.014243730  2469 0x1f6e320 LOG   GST_POLL gstpoll.c:994:gst_poll_fd_ctl_write: 0x1f769c0: pfd->events now 60 (POLLOUT:4)
0:00:00.019119672  2468 0xafb370 LOG   GST_REGISTRY gstregistry.c:608:gst_registry_add_feature: emitting feature-added for stats
0:00:00.014256200  2469 0x1f6e320 DEBUG   GST_POLL gstpoll.c:980:gst_poll_fd_ctl_write: 0x1f769c0: fd (fd:0, idx:1), active : 1
0:00:00.019132836  2468 0xafb370 DEBUG   GST_REGISTRY gstregistrychunks.c:741:gst_registry_chunks_load_feature: Added feature stats, plugin 0xb14da0 coretracers
0:00:00.014267672  2469 0x1f6e320 LOG   GST_POLL gstpoll.c:994:gst_poll_fd_ctl_write: 0x1f769c0: pfd->events now 60 (POLLOUT:4)
0:00:00.019145036  2468 0xafb370 DEBUG   GST_REGISTRY gstregistrychunks.c:583:gst_registry_chunks_load_feature: Plugin 'coretracers' feature 'rusage' typename : 'GstTracerFactory'
0:00:00.014278226  2469 0x1f6e320 DEBUG   GST_POLL gstpoll.c:980:gst_poll_fd_ctl_write: 0x1f769c0: fd (fd:0, idx:1), active : 1
0:00:00.019156714  2468 0xafb370 TRACE   GST_REFCOUNTING gstobject.c:208:gst_object_init: 0xb15f80 new
0:00:00.014291203  2469 0x1f6e320 LOG   GST_POLL gstpoll.c:994:gst_poll_fd_ctl_write: 0x1f769c0: pfd->events now 60 (POLLOUT:4)
0:00:00.019167564  2468 0xafb370 DEBUG   GST_REGISTRY gstregistrychunks.c:718:gst_registry_chunks_load_feature: Reading/casting for GstRegistryChunkPluginFeature at address 0xb15548
0:00:00.014298180  2469 0x1f6e320 DEBUG   GST_POLL gstpoll.c:980:gst_poll_fd_ctl_write: 0x1f769c0: fd (fd:0, idx:1), active : 1
0:00:00.019176036  2468 0xafb370 DEBUG   GST_REGISTRY gstregistry.c:590:gst_registry_add_feature: adding feature 0xb15f80 (rusage)
0:00:00.014304624  2469 0x1f6e320 LOG   GST_POLL gstpoll.c:994:gst_poll_fd_ctl_write: 0x1f769c0: pfd->events now 60 (POLLOUT:4)
0:00:00.019183035  2468 0xafb370 DEBUG   GST_REFCOUNTING gstobject.c:709:gst_object_set_parent: set parent (ref and sink)
0:00:00.014313434  2469 0x1f6e320 DEBUG   GST_POLL gstpoll.c:980:gst_poll_fd_ctl_write: 0x1f769c0: fd (fd:0, idx:1), active : 1
0:00:00.019190704  2468 0xafb370 TRACE   GST_REFCOUNTING gstobject.c:294:gst_object_ref_sink: 0xb15f80 ref_sink 1->2
0:00:00.014320143  2469 0x1f6e320 LOG   GST_POLL gstpoll.c:994:gst_poll_fd_ctl_write: 0x1f769c0: pfd->events now 60 (POLLOUT:4)
0:00:00.019197982  2468 0xafb370 LOG   GST_REGISTRY gstregistry.c:608:gst_registry_add_feature: emitting feature-added for rusage
0:00:00.014328279  2469 0x1f6e320 DEBUG   GST_POLL gstpoll.c:980:gst_poll_fd_ctl_write: 0x1f769c0: fd (fd:0, idx:1), active : 1
0:00:00.019205111  2468 0xafb370 DEBUG   GST_REGISTRY gstregistrychunks.c:741:gst_registry_chunks_load_feature: Added feature rusage, plugin 0xb14da0 coretracers
0:00:00.014334923  2469 0x1f6e320 LOG   GST_POLL gstpoll.c:994:gst_poll_fd_ctl_write: 0x1f769c0: pfd->events now 60 (POLLOUT:4)
0:00:00.019212507  2468 0xafb370 DEBUG   GST_REGISTRY gstregistrychunks.c:583:gst_registry_chunks_load_feature: Plugin 'coretracers' feature 'log' typename : 'GstTracerFactory'
0:00:00.014342109  2469 0x1f6e320 DEBUG   GST_POLL gstpoll.c:980:gst_poll_fd_ctl_write: 0x1f769c0: fd (fd:0, idx:1), active : 1
0:00:00.019220594  2468 0xafb370 TRACE   GST_REFCOUNTING gstobject.c:208:gst_object_init: 0xb160d0 new
0:00:00.014349489  2469 0x1f6e320 LOG   GST_POLL gstpoll.c:994:gst_poll_fd_ctl_write: 0x1f769c0: pfd->events now 60 (POLLOUT:4)
0:00:00.019229327  2468 0xafb370 DEBUG   GST_REGISTRY gstregistrychunks.c:718:gst_registry_chunks_load_feature: Reading/casting for GstRegistryChunkPluginFeature at address 0xb15568
0:00:00.014358410  2469 0x1f6e320 DEBUG   GST_POLL gstpoll.c:980:gst_poll_fd_ctl_write: 0x1f769c0: fd (fd:0, idx:1), active : 1
0:00:00.019237507  2468 0xafb370 DEBUG   GST_REGISTRY gstregistry.c:590:gst_registry_add_feature: adding feature 0xb160d0 (log)
0:00:00.014366366  2469 0x1f6e320 LOG   GST_POLL gstpoll.c:994:gst_poll_fd_ctl_write: 0x1f769c0: pfd->events now 60 (POLLOUT:4)
0:00:00.019244050  2468 0xafb370 DEBUG   GST_REFCOUNTING gstobject.c:709:gst_object_set_parent: set parent (ref and sink)
0:00:00.014379251  2469 0x1f6e320 DEBUG   GST_POLL gstpoll.c:980:gst_poll_fd_ctl_write: 0x1f769c0: fd (fd:0, idx:1), active : 1
0:00:00.019253468  2468 0xafb370 TRACE   GST_REFCOUNTING gstobject.c:294:gst_object_ref_sink: 0xb160d0 ref_sink 1->2
0:00:00.014385837  2469 0x1f6e320 LOG   GST_POLL gstpoll.c:994:gst_poll_fd_ctl_write: 0x1f769c0: pfd->events now 60 (POLLOUT:4)
0:00:00.019260834  2468 0xafb370 LOG   GST_REGISTRY gstregistry.c:608:gst_registry_add_feature: emitting feature-added for log
0:00:00.014392855  2469 0x1f6e320 DEBUG   GST_POLL gstpoll.c:980:gst_poll_fd_ctl_write: 0x1f769c0: fd (fd:0, idx:1), active : 1
0:00:00.019268162  2468 0xafb370 DEBUG   GST_REGISTRY gstregistrychunks.c:741:gst_registry_chunks_load_feature: Added feature log, plugin 0xb14da0 coretracers
0:00:00.014399296  2469 0x1f6e320 LOG   GST_POLL gstpoll.c:994:gst_poll_fd_ctl_write: 0x1f769c0: pfd->events now 60 (POLLOUT:4)
0:00:00.019275489  2468 0xafb370 DEBUG   GST_REGISTRY gstregistrychunks.c:583:gst_registry_chunks_load_feature: Plugin 'coretracers' feature 'latency' typename : 'GstTracerFactory'
0:00:00.014406052  2469 0x1f6e320 DEBUG   GST_POLL gstpoll.c:980:gst_poll_fd_ctl_write: 0x1f769c0: fd (fd:0, idx:1), active : 1
0:00:00.019283598  2468 0xafb370 TRACE   GST_REFCOUNTING gstobject.c:208:gst_object_init: 0xb162d0 new
0:00:00.014412482  2469 0x1f6e320 LOG   GST_POLL gstpoll.c:994:gst_poll_fd_ctl_write: 0x1f769c0: pfd->events now 60 (POLLOUT:4)
0:00:00.019292187  2468 0xafb370 DEBUG   GST_REGISTRY gstregistrychunks.c:718:gst_registry_chunks_load_feature: Reading/casting for GstRegistryChunkPluginFeature at address 0xb15590
0:00:00.014422608  2469 0x1f6e320 TRACE   GST_REFCOUNTING gstobject.c:265:gst_object_unref: 0x1f87ea0 unref 2->1
0:00:00.019300201  2468 0xafb370 DEBUG   GST_REGISTRY gstregistry.c:590:gst_registry_add_feature: adding feature 0xb162d0 (latency)
0:00:00.014430523  2469 0x1f6e320 DEBUG   GST_POLL gstpoll.c:1241:gst_poll_fd_has_error: 0x1f769c0: fd (fd:0, idx:1) 0
0:00:00.019306877  2468 0xafb370 DEBUG   GST_REFCOUNTING gstobject.c:709:gst_object_set_parent: set parent (ref and sink)
0:00:00.014437257  2469 0x1f6e320 DEBUG   GST_POLL gstpoll.c:1335:gst_poll_fd_can_write: 0x1f769c0: fd (fd:0, idx:1) 1
0:00:00.019314626  2468 0xafb370 TRACE   GST_REFCOUNTING gstobject.c:294:gst_object_ref_sink: 0xb162d0 ref_sink 1->2
0:00:00.014444390  2469 0x1f6e320 LOG   GST_PLUGIN_LOADING gstpluginloader.c:689:write_one: Writing packet of size 6872 bytes to fd 0
0:00:00.019322349  2468 0xafb370 LOG   GST_REGISTRY gstregistry.c:608:gst_registry_add_feature: emitting feature-added for latency
0:00:00.019329312  2468 0xafb370 DEBUG   GST_REGISTRY gstregistrychunks.c:741:gst_registry_chunks_load_feature: Added feature latency, plugin 0xb14da0 coretracers
0:00:00.014458009  2469 0x1f6e320 DEBUG   GST_POLL gstpoll.c:1414:gst_poll_wait: 0x1f769c0: timeout :0:00:01.000000000
0:00:00.019343025  2468 0xafb370 LOG   GST_PLUGIN_LOADING gstpluginloader.c:888:handle_rx_packet: marking plugin 0xb14da0 as registered as /home/conan/w/prod/BuildSingleReference/.conan/data/gstreamer/1.19.1/_/_/package/467fc03b0f24213bb9b1cf088fa7fb20ffd79c35/lib/gstreamer-1.0/libgstcoretracers.so
0:00:00.014474695  2469 0x1f6e320 LOG   GST_PLUGIN_LOADING gstpluginloader.c:1027:exchange_packets: Poll res = 2. 488 bytes pending for write
0:00:00.014482514  2469 0x1f6e320 DEBUG   GST_POLL gstpoll.c:1241:gst_poll_fd_has_error: 0x1f769c0: fd (fd:5, idx:2) 0
0:00:00.019356696  2468 0xafb370 DEBUG   GST_POLL gstpoll.c:1414:gst_poll_wait: 0xb14d40: timeout :0:00:01.000000000
0:00:00.014488926  2469 0x1f6e320 DEBUG   GST_POLL gstpoll.c:1266:gst_poll_fd_can_read_unlocked: 0x1f769c0: fd (fd:5, idx:2) 1
0:00:00.019368327  2468 0xafb370 LOG   GST_PLUGIN_LOADING gstpluginloader.c:1027:exchange_packets: Poll res = 1. 0 bytes pending for write
0:00:00.014499503  2469 0x1f6e320 DEBUG   GST_PLUGIN_LOADING gstpluginloader.c:721:do_plugin_load: Plugin scanner loading file /home/conan/w/prod/BuildSingleReference/.conan/data/gstreamer/1.19.1/_/_/package/467fc03b0f24213bb9b1cf088fa7fb20ffd79c35/lib/gstreamer-1.0/libgstcoreelements.so. tag 3
0:00:00.019376288  2468 0xafb370 DEBUG   GST_POLL gstpoll.c:1241:gst_poll_fd_has_error: 0xb14d40: fd (fd:8, idx:2) 0
0:00:00.014508654  2469 0x1f6e320 TRACE   GST_REFCOUNTING gstobject.c:238:gst_object_ref: 0x1f8a230 ref 1->2
0:00:00.019383557  2468 0xafb370 DEBUG   GST_POLL gstpoll.c:1266:gst_poll_fd_can_read_unlocked: 0xb14d40: fd (fd:8, idx:2) 1
0:00:00.014516940  2469 0x1f6e320 TRACE   GST_REFCOUNTING gstobject.c:238:gst_object_ref: 0x1fa5730 ref 1->2
0:00:00.019392691  2468 0xafb370 LOG   GST_PLUGIN_LOADING gstpluginloader.c:985:read_one: Expanding rx buf from 512 to 7384
0:00:00.014524892  2469 0x1f6e320 TRACE   GST_REFCOUNTING gstobject.c:238:gst_object_ref: 0x1fa4840 ref 1->2
0:00:00.014532430  2469 0x1f6e320 TRACE   GST_REFCOUNTING gstobject.c:238:gst_object_ref: 0x1fa30a0 ref 1->2
0:00:00.014539617  2469 0x1f6e320 TRACE   GST_REFCOUNTING gstobject.c:238:gst_object_ref: 0x1fa22d0 ref 1->2
0:00:00.019414013  2468 0xafb370 DEBUG   GST_PLUGIN_LOADING gstpluginloader.c:849:handle_rx_packet: Received plugin details from child w/ tag 1. 6860 bytes info
0:00:00.014546766  2469 0x1f6e320 TRACE   GST_REFCOUNTING gstobject.c:238:gst_object_ref: 0x1fa10c0 ref 1->2
0:00:00.019421303  2468 0xafb370 LOG   GST_REGISTRY gstregistrychunks.c:837:_priv_gst_registry_chunks_load_plugin: Reading/casting for GstRegistryChunkPluginElement at address 0xb16c10
0:00:00.014554403  2469 0x1f6e320 TRACE   GST_REFCOUNTING gstobject.c:238:gst_object_ref: 0x1f9ffc0 ref 1->2
0:00:00.019429886  2468 0xafb370 TRACE   GST_REFCOUNTING gstobject.c:208:gst_object_init: 0xb153c0 new
0:00:00.014561943  2469 0x1f6e320 TRACE   GST_REFCOUNTING gstobject.c:238:gst_object_ref: 0x1f9e610 ref 1->2
0:00:00.019444645  2468 0xafb370 LOG   GST_REGISTRY gstregistrychunks.c:858:_priv_gst_registry_chunks_load_plugin: read strings for name='coreelements'
0:00:00.014574437  2469 0x1f6e320 TRACE   GST_REFCOUNTING gstobject.c:238:gst_object_ref: 0x1f9cb90 ref 1->2
0:00:00.019452392  2468 0xafb370 LOG   GST_REGISTRY gstregistrychunks.c:859:_priv_gst_registry_chunks_load_plugin: desc.description='GStreamer core elements'
0:00:00.014582811  2469 0x1f6e320 TRACE   GST_REFCOUNTING gstobject.c:238:gst_object_ref: 0x1f9ba80 ref 1->2
0:00:00.019459706  2468 0xafb370 LOG   GST_REGISTRY gstregistrychunks.c:860:_priv_gst_registry_chunks_load_plugin: filename='/home/conan/w/prod/BuildSingleReference/.conan/data/gstreamer/1.19.1/_/_/package/467fc03b0f24213bb9b1cf088fa7fb20ffd79c35/lib/gstreamer-1.0/libgstcoreelements.so'
0:00:00.014590518  2469 0x1f6e320 TRACE   GST_REFCOUNTING gstobject.c:238:gst_object_ref: 0x1f9a860 ref 1->2
0:00:00.019466488  2468 0xafb370 LOG   GST_REGISTRY gstregistrychunks.c:861:_priv_gst_registry_chunks_load_plugin: desc.version='1.19.1'
0:00:00.014598311  2469 0x1f6e320 TRACE   GST_REFCOUNTING gstobject.c:238:gst_object_ref: 0x1f991c0 ref 1->2
0:00:00.019473005  2468 0xafb370 LOG   GST_REGISTRY gstregistrychunks.c:862:_priv_gst_registry_chunks_load_plugin: desc.license='LGPL'
0:00:00.014605938  2469 0x1f6e320 TRACE   GST_REFCOUNTING gstobject.c:238:gst_object_ref: 0x1f98510 ref 1->2
0:00:00.014613669  2469 0x1f6e320 TRACE   GST_REFCOUNTING gstobject.c:238:gst_object_ref: 0x1f978e0 ref 1->2
0:00:00.019479414  2468 0xafb370 LOG   GST_REGISTRY gstregistrychunks.c:863:_priv_gst_registry_chunks_load_plugin: desc.source='gstreamer'
0:00:00.014621063  2469 0x1f6e320 TRACE   GST_REFCOUNTING gstobject.c:238:gst_object_ref: 0x1f8ee30 ref 1->2
0:00:00.019496236  2468 0xafb370 LOG   GST_REGISTRY gstregistrychunks.c:864:_priv_gst_registry_chunks_load_plugin: desc.package='GStreamer source release'
0:00:00.014628482  2469 0x1f6e320 TRACE   GST_REFCOUNTING gstobject.c:238:gst_object_ref: 0x1f94ce0 ref 1->2
0:00:00.019503090  2468 0xafb370 LOG   GST_REGISTRY gstregistrychunks.c:865:_priv_gst_registry_chunks_load_plugin: desc.origin='Unknown package origin'
0:00:00.014636346  2469 0x1f6e320 TRACE   GST_REFCOUNTING gstobject.c:238:gst_object_ref: 0x1f926b0 ref 1->2
0:00:00.019509785  2468 0xafb370 LOG   GST_REGISTRY gstregistrychunks.c:866:_priv_gst_registry_chunks_load_plugin: desc.datetime=2021-06-01
0:00:00.014644078  2469 0x1f6e320 TRACE   GST_REFCOUNTING gstobject.c:238:gst_object_ref: 0x1f90b60 ref 1->2
0:00:00.019521388  2468 0xafb370 DEBUG   GST_REGISTRY gstregistry.c:474:gst_registry_add_plugin: adding plugin 0xb153c0 for filename "/home/conan/w/prod/BuildSingleReference/.conan/data/gstreamer/1.19.1/_/_/package/467fc03b0f24213bb9b1cf088fa7fb20ffd79c35/lib/gstreamer-1.0/libgstcoreelements.so"
0:00:00.014651915  2469 0x1f6e320 TRACE   GST_REFCOUNTING gstobject.c:238:gst_object_ref: 0x1f8fb20 ref 1->2
0:00:00.019536093  2468 0xafb370 TRACE   GST_REFCOUNTING gstobject.c:294:gst_object_ref_sink: 0xb153c0 ref_sink 1->2
0:00:00.014665600  2469 0x1f6e320 TRACE   GST_REFCOUNTING gstobject.c:238:gst_object_ref: 0x1f8e070 ref 1->2
0:00:00.019545032  2468 0xafb370 LOG   GST_REGISTRY gstregistry.c:487:gst_registry_add_plugin: emitting plugin-added for filename "/home/conan/w/prod/BuildSingleReference/.conan/data/gstreamer/1.19.1/_/_/package/467fc03b0f24213bb9b1cf088fa7fb20ffd79c35/lib/gstreamer-1.0/libgstcoreelements.so"
0:00:00.014674684  2469 0x1f6e320 TRACE   GST_REFCOUNTING gstobject.c:238:gst_object_ref: 0x1f8d270 ref 1->2
0:00:00.019553536  2468 0xafb370 DEBUG   GST_REGISTRY gstregistrychunks.c:887:_priv_gst_registry_chunks_load_plugin: Added plugin 'coreelements' plugin with 22 features from binary registry
0:00:00.014682967  2469 0x1f6e320 TRACE   GST_REFCOUNTING gstobject.c:238:gst_object_ref: 0x1f8c370 ref 1->2
0:00:00.019561405  2468 0xafb370 DEBUG   GST_REGISTRY gstregistrychunks.c:583:gst_registry_chunks_load_feature: Plugin 'coreelements' feature 'streamiddemux' typename : 'GstElementFactory'
0:00:00.014691566  2469 0x1f6e320 TRACE   GST_REFCOUNTING gstobject.c:238:gst_object_ref: 0x1f8a680 ref 1->2
0:00:00.014700002  2469 0x1f6e320 DEBUG   GST_REGISTRY gstregistrychunks.c:265:gst_registry_chunks_save_feature: saved 0 interfaces 0 pad templates
0:00:00.019572376  2468 0xafb370 TRACE   GST_REFCOUNTING gstobject.c:208:gst_object_init: 0xb15730 new
0:00:00.019583656  2468 0xafb370 LOG   GST_REGISTRY gstregistrychunks.c:610:gst_registry_chunks_load_feature: Reading/casting for GstRegistryChunkElementFactory at address 0xb16d68
0:00:00.014713840  2469 0x1f6e320 DEBUG   GST_REGISTRY gstregistrychunks.c:265:gst_registry_chunks_save_feature: saved 0 interfaces 0 pad templates
0:00:00.019592321  2468 0xafb370 TRACE   structure gststructure.c:292:gst_structure_new_id_empty_with_size: created structure 0xb16550
0:00:00.014725514  2469 0x1f6e320 DEBUG   GST_REGISTRY gstregistrychunks.c:265:gst_registry_chunks_save_feature: saved 0 interfaces 0 pad templates
0:00:00.019600301  2468 0xafb370 DEBUG   structure gststructure.c:2258:gst_structure_parse_field: trying field name 'long-name'
0:00:00.014737165  2469 0x1f6e320 DEBUG   GST_REGISTRY gstregistrychunks.c:265:gst_registry_chunks_save_feature: saved 1 interfaces 0 pad templates
0:00:00.019614393  2468 0xafb370 DEBUG   default gstvalue.c:2776:_priv_gst_value_parse_value: trying type name 'string'
0:00:00.014744218  2469 0x1f6e320 DEBUG   GST_REGISTRY gstregistrychunks.c:284:gst_registry_chunks_save_feature: Saved 1 UriTypes
0:00:00.019627938  2468 0xafb370 DEBUG   structure gststructure.c:2258:gst_structure_parse_field: trying field name 'klass'
0:00:00.014756746  2469 0x1f6e320 DEBUG   GST_REGISTRY gstregistrychunks.c:265:gst_registry_chunks_save_feature: saved 0 interfaces 0 pad templates
0:00:00.019634565  2468 0xafb370 DEBUG   default gstvalue.c:2776:_priv_gst_value_parse_value: trying type name 'string'
0:00:00.014772795  2469 0x1f6e320 DEBUG   GST_REGISTRY gstregistrychunks.c:265:gst_registry_chunks_save_feature: saved 0 interfaces 0 pad templates
0:00:00.019646136  2468 0xafb370 DEBUG   structure gststructure.c:2258:gst_structure_parse_field: trying field name 'description'
0:00:00.019653754  2468 0xafb370 DEBUG   default gstvalue.c:2776:_priv_gst_value_parse_value: trying type name 'string'
0:00:00.014784196  2469 0x1f6e320 DEBUG   GST_REGISTRY gstregistrychunks.c:265:gst_registry_chunks_save_feature: saved 0 interfaces 0 pad templates
0:00:00.019661292  2468 0xafb370 DEBUG   structure gststructure.c:2258:gst_structure_parse_field: trying field name 'author'
0:00:00.019667775  2468 0xafb370 DEBUG   default gstvalue.c:2776:_priv_gst_value_parse_value: trying type name 'string'
0:00:00.014796024  2469 0x1f6e320 DEBUG   GST_REGISTRY gstregistrychunks.c:265:gst_registry_chunks_save_feature: saved 1 interfaces 0 pad templates
0:00:00.019675542  2468 0xafb370 DEBUG   GST_REGISTRY gstregistrychunks.c:626:gst_registry_chunks_load_feature: Element factory : npadtemplates=2
0:00:00.014805170  2469 0x1f6e320 DEBUG   GST_REGISTRY gstregistrychunks.c:284:gst_registry_chunks_save_feature: Saved 1 UriTypes
0:00:00.019682059  2468 0xafb370 DEBUG   GST_REGISTRY gstregistrychunks.c:526:gst_registry_chunks_load_pad_template: Reading/casting for GstRegistryChunkPadTemplate at address 0xb16e40
0:00:00.014816565  2469 0x1f6e320 DEBUG   GST_REGISTRY gstregistrychunks.c:265:gst_registry_chunks_save_feature: saved 1 interfaces 0 pad templates
0:00:00.019689734  2468 0xafb370 DEBUG   GST_REGISTRY gstregistrychunks.c:539:gst_registry_chunks_load_pad_template: Added pad_template src_%u
0:00:00.014823356  2469 0x1f6e320 DEBUG   GST_REGISTRY gstregistrychunks.c:284:gst_registry_chunks_save_feature: Saved 1 UriTypes
0:00:00.019697487  2468 0xafb370 DEBUG   GST_REGISTRY gstregistrychunks.c:526:gst_registry_chunks_load_pad_template: Reading/casting for GstRegistryChunkPadTemplate at address 0xb16e58
0:00:00.019705391  2468 0xafb370 DEBUG   GST_REGISTRY gstregistrychunks.c:539:gst_registry_chunks_load_pad_template: Added pad_template sink
0:00:00.014834392  2469 0x1f6e320 DEBUG   GST_REGISTRY gstregistrychunks.c:265:gst_registry_chunks_save_feature: saved 1 interfaces 0 pad templates
0:00:00.014841801  2469 0x1f6e320 DEBUG   GST_REGISTRY gstregistrychunks.c:284:gst_registry_chunks_save_feature: Saved 1 UriTypes
0:00:00.019713826  2468 0xafb370 DEBUG   GST_REGISTRY gstregistry.c:590:gst_registry_add_feature: adding feature 0xb15730 (streamiddemux)
0:00:00.014851460  2469 0x1f6e320 DEBUG   GST_REGISTRY gstregistrychunks.c:265:gst_registry_chunks_save_feature: saved 0 interfaces 0 pad templates
0:00:00.019724487  2468 0xafb370 DEBUG   GST_REFCOUNTING gstobject.c:709:gst_object_set_parent: set parent (ref and sink)
0:00:00.019733773  2468 0xafb370 TRACE   GST_REFCOUNTING gstobject.c:294:gst_object_ref_sink: 0xb15730 ref_sink 1->2
0:00:00.014862500  2469 0x1f6e320 DEBUG   GST_REGISTRY gstregistrychunks.c:265:gst_registry_chunks_save_feature: saved 0 interfaces 0 pad templates
0:00:00.019745790  2468 0xafb370 LOG   GST_REGISTRY gstregistry.c:608:gst_registry_add_feature: emitting feature-added for streamiddemux
0:00:00.014879141  2469 0x1f6e320 DEBUG   GST_REGISTRY gstregistrychunks.c:265:gst_registry_chunks_save_feature: saved 0 interfaces 0 pad templates
0:00:00.019753595  2468 0xafb370 DEBUG   GST_REGISTRY gstregistrychunks.c:741:gst_registry_chunks_load_feature: Added feature streamiddemux, plugin 0xb153c0 coreelements
0:00:00.019761462  2468 0xafb370 DEBUG   GST_REGISTRY gstregistrychunks.c:583:gst_registry_chunks_load_feature: Plugin 'coreelements' feature 'valve' typename : 'GstElementFactory'
0:00:00.014891380  2469 0x1f6e320 DEBUG   GST_REGISTRY gstregistrychunks.c:265:gst_registry_chunks_save_feature: saved 0 interfaces 0 pad templates
0:00:00.019769990  2468 0xafb370 TRACE   GST_REFCOUNTING gstobject.c:208:gst_object_init: 0xb16990 new
0:00:00.014901652  2469 0x1f6e320 DEBUG   GST_REGISTRY gstregistrychunks.c:265:gst_registry_chunks_save_feature: saved 0 interfaces 0 pad templates
0:00:00.019779112  2468 0xafb370 LOG   GST_REGISTRY gstregistrychunks.c:610:gst_registry_chunks_load_feature: Reading/casting for GstRegistryChunkElementFactory at address 0xb16e88
0:00:00.014911980  2469 0x1f6e320 DEBUG   GST_REGISTRY gstregistrychunks.c:265:gst_registry_chunks_save_feature: saved 0 interfaces 0 pad templates
0:00:00.019786907  2468 0xafb370 TRACE   structure gststructure.c:292:gst_structure_new_id_empty_with_size: created structure 0xb189c0
0:00:00.019793666  2468 0xafb370 DEBUG   structure gststructure.c:2258:gst_structure_parse_field: trying field name 'long-name'
0:00:00.014923223  2469 0x1f6e320 DEBUG   GST_REGISTRY gstregistrychunks.c:265:gst_registry_chunks_save_feature: saved 1 interfaces 0 pad templates
0:00:00.019799857  2468 0xafb370 DEBUG   default gstvalue.c:2776:_priv_gst_value_parse_value: trying type name 'string'
0:00:00.014930392  2469 0x1f6e320 DEBUG   GST_REGISTRY gstregistrychunks.c:284:gst_registry_chunks_save_feature: Saved 1 UriTypes
0:00:00.019807460  2468 0xafb370 DEBUG   structure gststructure.c:2258:gst_structure_parse_field: trying field name 'klass'
0:00:00.019813789  2468 0xafb370 DEBUG   default gstvalue.c:2776:_priv_gst_value_parse_value: trying type name 'string'
0:00:00.014941478  2469 0x1f6e320 DEBUG   GST_REGISTRY gstregistrychunks.c:265:gst_registry_chunks_save_feature: saved 0 interfaces 0 pad templates
0:00:00.019820523  2468 0xafb370 DEBUG   structure gststructure.c:2258:gst_structure_parse_field: trying field name 'description'
0:00:00.019826973  2468 0xafb370 DEBUG   default gstvalue.c:2776:_priv_gst_value_parse_value: trying type name 'string'
0:00:00.014955238  2469 0x1f6e320 DEBUG   GST_REGISTRY gstregistrychunks.c:265:gst_registry_chunks_save_feature: saved 0 interfaces 0 pad templates
0:00:00.019834214  2468 0xafb370 DEBUG   structure gststructure.c:2258:gst_structure_parse_field: trying field name 'author'
0:00:00.019841370  2468 0xafb370 DEBUG   default gstvalue.c:2776:_priv_gst_value_parse_value: trying type name 'string'
0:00:00.014972591  2469 0x1f6e320 DEBUG   GST_REGISTRY gstregistrychunks.c:265:gst_registry_chunks_save_feature: saved 0 interfaces 0 pad templates
0:00:00.019848828  2468 0xafb370 DEBUG   GST_REGISTRY gstregistrychunks.c:626:gst_registry_chunks_load_feature: Element factory : npadtemplates=2
0:00:00.019855659  2468 0xafb370 DEBUG   GST_REGISTRY gstregistrychunks.c:526:gst_registry_chunks_load_pad_template: Reading/casting for GstRegistryChunkPadTemplate at address 0xb16f78
0:00:00.014985017  2469 0x1f6e320 DEBUG   GST_REGISTRY gstregistrychunks.c:265:gst_registry_chunks_save_feature: saved 0 interfaces 0 pad templates
0:00:00.019864644  2468 0xafb370 DEBUG   GST_REGISTRY gstregistrychunks.c:539:gst_registry_chunks_load_pad_template: Added pad_template sink
0:00:00.019871268  2468 0xafb370 DEBUG   GST_REGISTRY gstregistrychunks.c:526:gst_registry_chunks_load_pad_template: Reading/casting for GstRegistryChunkPadTemplate at address 0xb16f90
0:00:00.015001420  2469 0x1f6e320 DEBUG   GST_REGISTRY gstregistrychunks.c:265:gst_registry_chunks_save_feature: saved 0 interfaces 0 pad templates
0:00:00.019878608  2468 0xafb370 DEBUG   GST_REGISTRY gstregistrychunks.c:539:gst_registry_chunks_load_pad_template: Added pad_template src
0:00:00.015014470  2469 0x1f6e320 TRACE   GST_REFCOUNTING gstobject.c:265:gst_object_unref: 0x1f8a680 unref 2->1
0:00:00.019887977  2468 0xafb370 DEBUG   GST_REGISTRY gstregistry.c:590:gst_registry_add_feature: adding feature 0xb16990 (valve)
0:00:00.015023385  2469 0x1f6e320 TRACE   GST_REFCOUNTING gstobject.c:265:gst_object_unref: 0x1f8c370 unref 2->1
0:00:00.019896750  2468 0xafb370 DEBUG   GST_REFCOUNTING gstobject.c:709:gst_object_set_parent: set parent (ref and sink)
0:00:00.015031354  2469 0x1f6e320 TRACE   GST_REFCOUNTING gstobject.c:265:gst_object_unref: 0x1f8d270 unref 2->1
0:00:00.019906062  2468 0xafb370 TRACE   GST_REFCOUNTING gstobject.c:294:gst_object_ref_sink: 0xb16990 ref_sink 1->2
0:00:00.015039092  2469 0x1f6e320 TRACE   GST_REFCOUNTING gstobject.c:265:gst_object_unref: 0x1f8e070 unref 2->1
0:00:00.019913397  2468 0xafb370 LOG   GST_REGISTRY gstregistry.c:608:gst_registry_add_feature: emitting feature-added for valve
0:00:00.015046760  2469 0x1f6e320 TRACE   GST_REFCOUNTING gstobject.c:265:gst_object_unref: 0x1f8fb20 unref 2->1
0:00:00.019921539  2468 0xafb370 DEBUG   GST_REGISTRY gstregistrychunks.c:741:gst_registry_chunks_load_feature: Added feature valve, plugin 0xb153c0 coreelements
0:00:00.015054227  2469 0x1f6e320 TRACE   GST_REFCOUNTING gstobject.c:265:gst_object_unref: 0x1f90b60 unref 2->1
0:00:00.019928844  2468 0xafb370 DEBUG   GST_REGISTRY gstregistrychunks.c:583:gst_registry_chunks_load_feature: Plugin 'coreelements' feature 'multiqueue' typename : 'GstElementFactory'
0:00:00.015061953  2469 0x1f6e320 TRACE   GST_REFCOUNTING gstobject.c:265:gst_object_unref: 0x1f926b0 unref 2->1
0:00:00.019942009  2468 0xafb370 TRACE   GST_REFCOUNTING gstobject.c:208:gst_object_init: 0xb16a80 new
0:00:00.015070778  2469 0x1f6e320 TRACE   GST_REFCOUNTING gstobject.c:265:gst_object_unref: 0x1f94ce0 unref 2->1
0:00:00.019950928  2468 0xafb370 LOG   GST_REGISTRY gstregistrychunks.c:610:gst_registry_chunks_load_feature: Reading/casting for GstRegistryChunkElementFactory at address 0xb16fc0
0:00:00.015080295  2469 0x1f6e320 TRACE   GST_REFCOUNTING gstobject.c:265:gst_object_unref: 0x1f8ee30 unref 2->1
0:00:00.019958552  2468 0xafb370 TRACE   structure gststructure.c:292:gst_structure_new_id_empty_with_size: created structure 0xb18bf0
0:00:00.015088636  2469 0x1f6e320 TRACE   GST_REFCOUNTING gstobject.c:265:gst_object_unref: 0x1f978e0 unref 2->1
0:00:00.019965308  2468 0xafb370 DEBUG   structure gststructure.c:2258:gst_structure_parse_field: trying field name 'long-name'
0:00:00.015096322  2469 0x1f6e320 TRACE   GST_REFCOUNTING gstobject.c:265:gst_object_unref: 0x1f98510 unref 2->1
0:00:00.019971911  2468 0xafb370 DEBUG   default gstvalue.c:2776:_priv_gst_value_parse_value: trying type name 'string'
0:00:00.015110109  2469 0x1f6e320 TRACE   GST_REFCOUNTING gstobject.c:265:gst_object_unref: 0x1f991c0 unref 2->1
0:00:00.019984310  2468 0xafb370 DEBUG   structure gststructure.c:2258:gst_structure_parse_field: trying field name 'klass'
0:00:00.015118162  2469 0x1f6e320 TRACE   GST_REFCOUNTING gstobject.c:265:gst_object_unref: 0x1f9a860 unref 2->1
0:00:00.019992018  2468 0xafb370 DEBUG   default gstvalue.c:2776:_priv_gst_value_parse_value: trying type name 'string'
0:00:00.015125912  2469 0x1f6e320 TRACE   GST_REFCOUNTING gstobject.c:265:gst_object_unref: 0x1f9ba80 unref 2->1
0:00:00.020000893  2468 0xafb370 DEBUG   structure gststructure.c:2258:gst_structure_parse_field: trying field name 'description'
0:00:00.015133467  2469 0x1f6e320 TRACE   GST_REFCOUNTING gstobject.c:265:gst_object_unref: 0x1f9cb90 unref 2->1
0:00:00.020007916  2468 0xafb370 DEBUG   default gstvalue.c:2776:_priv_gst_value_parse_value: trying type name 'string'
0:00:00.015141092  2469 0x1f6e320 TRACE   GST_REFCOUNTING gstobject.c:265:gst_object_unref: 0x1f9e610 unref 2->1
0:00:00.020016244  2468 0xafb370 DEBUG   structure gststructure.c:2258:gst_structure_parse_field: trying field name 'author'
0:00:00.015149421  2469 0x1f6e320 TRACE   GST_REFCOUNTING gstobject.c:265:gst_object_unref: 0x1f9ffc0 unref 2->1
0:00:00.020022935  2468 0xafb370 DEBUG   default gstvalue.c:2776:_priv_gst_value_parse_value: trying type name 'string'
0:00:00.015156973  2469 0x1f6e320 TRACE   GST_REFCOUNTING gstobject.c:265:gst_object_unref: 0x1fa10c0 unref 2->1
0:00:00.020032271  2468 0xafb370 DEBUG   GST_REGISTRY gstregistrychunks.c:626:gst_registry_chunks_load_feature: Element factory : npadtemplates=2
0:00:00.015169299  2469 0x1f6e320 TRACE   GST_REFCOUNTING gstobject.c:265:gst_object_unref: 0x1fa22d0 unref 2->1
0:00:00.020043006  2468 0xafb370 DEBUG   GST_REGISTRY gstregistrychunks.c:526:gst_registry_chunks_load_pad_template: Reading/casting for GstRegistryChunkPadTemplate at address 0xb17080
0:00:00.015177173  2469 0x1f6e320 TRACE   GST_REFCOUNTING gstobject.c:265:gst_object_unref: 0x1fa30a0 unref 2->1
0:00:00.020051102  2468 0xafb370 DEBUG   GST_REGISTRY gstregistrychunks.c:539:gst_registry_chunks_load_pad_template: Added pad_template src_%u
0:00:00.015185299  2469 0x1f6e320 TRACE   GST_REFCOUNTING gstobject.c:265:gst_object_unref: 0x1fa4840 unref 2->1
0:00:00.020058750  2468 0xafb370 DEBUG   GST_REGISTRY gstregistrychunks.c:526:gst_registry_chunks_load_pad_template: Reading/casting for GstRegistryChunkPadTemplate at address 0xb17098
0:00:00.015193002  2469 0x1f6e320 TRACE   GST_REFCOUNTING gstobject.c:265:gst_object_unref: 0x1fa5730 unref 2->1
0:00:00.020067020  2468 0xafb370 DEBUG   GST_REGISTRY gstregistrychunks.c:539:gst_registry_chunks_load_pad_template: Added pad_template sink_%u
0:00:00.015203021  2469 0x1f6e320 DEBUG   GST_REGISTRY gstregistrychunks.c:498:_priv_gst_registry_chunks_save_plugin: Found 22 features in plugin 0x1f8a230 (coreelements)
0:00:00.020077413  2468 0xafb370 DEBUG   GST_REGISTRY gstregistry.c:590:gst_registry_add_feature: adding feature 0xb16a80 (multiqueue)
0:00:00.015210694  2469 0x1f6e320 DEBUG   GST_POLL gstpoll.c:980:gst_poll_fd_ctl_write: 0x1f769c0: fd (fd:0, idx:1), active : 1
0:00:00.020084897  2468 0xafb370 DEBUG   GST_REFCOUNTING gstobject.c:709:gst_object_set_parent: set parent (ref and sink)
0:00:00.015217706  2469 0x1f6e320 LOG   GST_POLL gstpoll.c:994:gst_poll_fd_ctl_write: 0x1f769c0: pfd->events now 60 (POLLOUT:4)
0:00:00.020093626  2468 0xafb370 TRACE   GST_REFCOUNTING gstobject.c:294:gst_object_ref_sink: 0xb16a80 ref_sink 1->2
0:00:00.015224887  2469 0x1f6e320 DEBUG   GST_POLL gstpoll.c:980:gst_poll_fd_ctl_write: 0x1f769c0: fd (fd:0, idx:1), active : 1
0:00:00.015250372  2469 0x1f6e320 LOG   GST_POLL gstpoll.c:994:gst_poll_fd_ctl_write: 0x1f769c0: pfd->events now 60 (POLLOUT:4)
0:00:00.020125078  2468 0xafb370 LOG   GST_REGISTRY gstregistry.c:608:gst_registry_add_feature: emitting feature-added for multiqueue
0:00:00.015262839  2469 0x1f6e320 DEBUG   GST_POLL gstpoll.c:980:gst_poll_fd_ctl_write: 0x1f769c0: fd (fd:0, idx:1), active : 1
0:00:00.020139490  2468 0xafb370 DEBUG   GST_REGISTRY gstregistrychunks.c:741:gst_registry_chunks_load_feature: Added feature multiqueue, plugin 0xb153c0 coreelements
0:00:00.015274917  2469 0x1f6e320 LOG   GST_POLL gstpoll.c:994:gst_poll_fd_ctl_write: 0x1f769c0: pfd->events now 60 (POLLOUT:4)
