0:00:00.005954776  2471 0x190f370 DEBUG   GST_REGISTRY gstregistry.c:1361:gst_registry_scan_path_level: file /home/conan/w/prod/BuildSingleReference/.conan/data/gstreamer/1.19.1/_/_/package/7935acf34602213af1e3939e2637ba8a4da1774a/lib/gstreamer-1.0/libgstcoretracers.so not yet in registry
0:00:00.005960756  2471 0x190f370 DEBUG   GST_REGISTRY gstregistry.c:1172:gst_registry_scan_plugin_file: Using scan-helper to load plugin /home/conan/w/prod/BuildSingleReference/.conan/data/gstreamer/1.19.1/_/_/package/7935acf34602213af1e3939e2637ba8a4da1774a/lib/gstreamer-1.0/libgstcoretracers.so
0:00:00.001979974  2472 0x17be320 LOG   GST_PLUGIN_LOADING gstplugin.c:890:_priv_gst_plugin_load_file_for_registry: Plugin 0x17d7e90 for file "/home/conan/w/prod/BuildSingleReference/.conan/data/gstreamer/1.19.1/_/_/package/7935acf34602213af1e3939e2637ba8a4da1774a/lib/gstreamer-1.0/libgstcoretracers.so" prepared, calling entry function...
0:00:00.005967624  2471 0x190f370 LOG   GST_PLUGIN_LOADING gstpluginloader.c:236:plugin_loader_load: Sending file /home/conan/w/prod/BuildSingleReference/.conan/data/gstreamer/1.19.1/_/_/package/7935acf34602213af1e3939e2637ba8a4da1774a/lib/gstreamer-1.0/libgstcoretracers.so to child. tag 2
0:00:00.001990929  2472 0x17be320 LOG   GST_PLUGIN_LOADING gstplugin.c:897:_priv_gst_plugin_load_file_for_registry: Plugin 0x17d7e90 for file "/home/conan/w/prod/BuildSingleReference/.conan/data/gstreamer/1.19.1/_/_/package/7935acf34602213af1e3939e2637ba8a4da1774a/lib/gstreamer-1.0/libgstcoretracers.so" prepared, registering...
0:00:00.005978699  2471 0x190f370 DEBUG   GST_POLL gstpoll.c:980:gst_poll_fd_ctl_write: 0x1928d60: fd (fd:7, idx:1), active : 1
0:00:00.002000117  2472 0x17be320 LOG   GST_PLUGIN_LOADING gstplugin.c:514:gst_plugin_register_func: plugin "/home/conan/w/prod/BuildSingleReference/.conan/data/gstreamer/1.19.1/_/_/package/7935acf34602213af1e3939e2637ba8a4da1774a/lib/gstreamer-1.0/libgstcoretracers.so" looks good
0:00:00.005984914  2471 0x190f370 LOG   GST_POLL gstpoll.c:994:gst_poll_fd_ctl_write: 0x1928d60: pfd->events now 60 (POLLOUT:4)
0:00:00.005991504  2471 0x190f370 DEBUG   GST_POLL gstpoll.c:1414:gst_poll_wait: 0x1928d60: timeout :0:00:01.000000000
0:00:00.005998378  2471 0x190f370 LOG   GST_PLUGIN_LOADING gstpluginloader.c:1027:exchange_packets: Poll res = 1. 173 bytes pending for write
0:00:00.002017206  2472 0x17be320 TRACE   GST_REFCOUNTING gstobject.c:208:gst_object_init: 0x17d8250 new
0:00:00.006004202  2471 0x190f370 DEBUG   GST_POLL gstpoll.c:1241:gst_poll_fd_has_error: 0x1928d60: fd (fd:8, idx:2) 0
0:00:00.002027226  2472 0x17be320 DEBUG   GST_TRACER gsttracer.c:169:gst_tracer_register: new tracer factory for latency
0:00:00.006009983  2471 0x190f370 DEBUG   GST_POLL gstpoll.c:1266:gst_poll_fd_can_read_unlocked: 0x1928d60: fd (fd:8, idx:2) 0
0:00:00.006016530  2471 0x190f370 DEBUG   GST_POLL gstpoll.c:1195:gst_poll_fd_has_closed: 0x1928d60: fd (fd:8, idx:2) 0
0:00:00.002035180  2472 0x17be320 DEBUG   GST_TRACER gsttracer.c:177:gst_tracer_register: tracer factory for 24991616:GstLatencyTracer
0:00:00.006021664  2471 0x190f370 DEBUG   GST_POLL gstpoll.c:1241:gst_poll_fd_has_error: 0x1928d60: fd (fd:7, idx:1) 0
0:00:00.002044059  2472 0x17be320 DEBUG   GST_REGISTRY gstregistry.c:590:gst_registry_add_feature: adding feature 0x17d8250 (latency)
0:00:00.006027088  2471 0x190f370 DEBUG   GST_POLL gstpoll.c:1335:gst_poll_fd_can_write: 0x1928d60: fd (fd:7, idx:1) 1
0:00:00.002049935  2472 0x17be320 DEBUG   GST_REFCOUNTING gstobject.c:709:gst_object_set_parent: set parent (ref and sink)
0:00:00.006032874  2471 0x190f370 LOG   GST_PLUGIN_LOADING gstpluginloader.c:689:write_one: Writing packet of size 173 bytes to fd 7
0:00:00.002056649  2472 0x17be320 TRACE   GST_REFCOUNTING gstobject.c:294:gst_object_ref_sink: 0x17d8250 ref_sink 1->2
0:00:00.006040484  2471 0x190f370 DEBUG   GST_POLL gstpoll.c:980:gst_poll_fd_ctl_write: 0x1928d60: fd (fd:7, idx:1), active : 0
0:00:00.002062850  2472 0x17be320 LOG   GST_REGISTRY gstregistry.c:608:gst_registry_add_feature: emitting feature-added for latency
0:00:00.006046018  2471 0x190f370 LOG   GST_POLL gstpoll.c:994:gst_poll_fd_ctl_write: 0x1928d60: pfd->events now 56 (POLLOUT:4)
0:00:00.002079637  2472 0x17be320 TRACE   GST_REFCOUNTING gstobject.c:208:gst_object_init: 0x17d8740 new
0:00:00.006063071  2471 0x190f370 LOG   GST_REGISTRY gstregistry.c:1300:gst_registry_scan_path_level: file /home/conan/w/prod/BuildSingleReference/.conan/data/gstreamer/1.19.1/_/_/package/7935acf34602213af1e3939e2637ba8a4da1774a/lib/gstreamer-1.0/libgstcoreelements.so looks like a possible module
0:00:00.002087403  2472 0x17be320 DEBUG   GST_TRACER gsttracer.c:169:gst_tracer_register: new tracer factory for log
0:00:00.006069743  2471 0x190f370 DEBUG   GST_REGISTRY gstregistry.c:1361:gst_registry_scan_path_level: file /home/conan/w/prod/BuildSingleReference/.conan/data/gstreamer/1.19.1/_/_/package/7935acf34602213af1e3939e2637ba8a4da1774a/lib/gstreamer-1.0/libgstcoreelements.so not yet in registry
0:00:00.002094709  2472 0x17be320 DEBUG   GST_TRACER gsttracer.c:177:gst_tracer_register: tracer factory for 25003424:GstLogTracer
0:00:00.006076511  2471 0x190f370 DEBUG   GST_REGISTRY gstregistry.c:1172:gst_registry_scan_plugin_file: Using scan-helper to load plugin /home/conan/w/prod/BuildSingleReference/.conan/data/gstreamer/1.19.1/_/_/package/7935acf34602213af1e3939e2637ba8a4da1774a/lib/gstreamer-1.0/libgstcoreelements.so
0:00:00.002101866  2472 0x17be320 DEBUG   GST_REGISTRY gstregistry.c:590:gst_registry_add_feature: adding feature 0x17d8740 (log)
0:00:00.006084292  2471 0x190f370 LOG   GST_PLUGIN_LOADING gstpluginloader.c:236:plugin_loader_load: Sending file /home/conan/w/prod/BuildSingleReference/.conan/data/gstreamer/1.19.1/_/_/package/7935acf34602213af1e3939e2637ba8a4da1774a/lib/gstreamer-1.0/libgstcoreelements.so to child. tag 3
0:00:00.002107691  2472 0x17be320 DEBUG   GST_REFCOUNTING gstobject.c:709:gst_object_set_parent: set parent (ref and sink)
0:00:00.006090985  2471 0x190f370 DEBUG   GST_POLL gstpoll.c:980:gst_poll_fd_ctl_write: 0x1928d60: fd (fd:7, idx:1), active : 1
0:00:00.002114369  2472 0x17be320 TRACE   GST_REFCOUNTING gstobject.c:294:gst_object_ref_sink: 0x17d8740 ref_sink 1->2
0:00:00.006097060  2471 0x190f370 LOG   GST_POLL gstpoll.c:994:gst_poll_fd_ctl_write: 0x1928d60: pfd->events now 60 (POLLOUT:4)
0:00:00.002120895  2472 0x17be320 LOG   GST_REGISTRY gstregistry.c:608:gst_registry_add_feature: emitting feature-added for log
0:00:00.006104248  2471 0x190f370 DEBUG   GST_POLL gstpoll.c:1414:gst_poll_wait: 0x1928d60: timeout :0:00:01.000000000
0:00:00.002130153  2472 0x17be320 TRACE   GST_REFCOUNTING gstobject.c:208:gst_object_init: 0x17d8950 new
0:00:00.006111394  2471 0x190f370 LOG   GST_PLUGIN_LOADING gstpluginloader.c:1027:exchange_packets: Poll res = 1. 174 bytes pending for write
0:00:00.002137499  2472 0x17be320 DEBUG   GST_TRACER gsttracer.c:169:gst_tracer_register: new tracer factory for rusage
0:00:00.006119407  2471 0x190f370 DEBUG   GST_POLL gstpoll.c:1241:gst_poll_fd_has_error: 0x1928d60: fd (fd:8, idx:2) 0
0:00:00.002144463  2472 0x17be320 DEBUG   GST_TRACER gsttracer.c:177:gst_tracer_register: tracer factory for 25004032:GstRUsageTracer
0:00:00.006126716  2471 0x190f370 DEBUG   GST_POLL gstpoll.c:1266:gst_poll_fd_can_read_unlocked: 0x1928d60: fd (fd:8, idx:2) 0
0:00:00.006137522  2471 0x190f370 DEBUG   GST_POLL gstpoll.c:1195:gst_poll_fd_has_closed: 0x1928d60: fd (fd:8, idx:2) 0
0:00:00.006142582  2471 0x190f370 DEBUG   GST_POLL gstpoll.c:1241:gst_poll_fd_has_error: 0x1928d60: fd (fd:7, idx:1) 0
0:00:00.006147696  2471 0x190f370 DEBUG   GST_POLL gstpoll.c:1335:gst_poll_fd_can_write: 0x1928d60: fd (fd:7, idx:1) 1
0:00:00.002155124  2472 0x17be320 DEBUG   GST_REGISTRY gstregistry.c:590:gst_registry_add_feature: adding feature 0x17d8950 (rusage)
0:00:00.006152587  2471 0x190f370 LOG   GST_PLUGIN_LOADING gstpluginloader.c:689:write_one: Writing packet of size 174 bytes to fd 7
0:00:00.002175166  2472 0x17be320 DEBUG   GST_REFCOUNTING gstobject.c:709:gst_object_set_parent: set parent (ref and sink)
0:00:00.006159855  2471 0x190f370 DEBUG   GST_POLL gstpoll.c:980:gst_poll_fd_ctl_write: 0x1928d60: fd (fd:7, idx:1), active : 0
0:00:00.002182063  2472 0x17be320 TRACE   GST_REFCOUNTING gstobject.c:294:gst_object_ref_sink: 0x17d8950 ref_sink 1->2
0:00:00.006165526  2471 0x190f370 LOG   GST_POLL gstpoll.c:994:gst_poll_fd_ctl_write: 0x1928d60: pfd->events now 56 (POLLOUT:4)
0:00:00.002187929  2472 0x17be320 LOG   GST_REGISTRY gstregistry.c:608:gst_registry_add_feature: emitting feature-added for rusage
0:00:00.006175950  2471 0x190f370 DEBUG   GST_REGISTRY gstregistry.c:1384:gst_registry_scan_path_internal: registry changed in path /home/conan/w/prod/BuildSingleReference/.conan/data/gstreamer/1.19.1/_/_/package/7935acf34602213af1e3939e2637ba8a4da1774a/lib/gstreamer-1.0: 0
0:00:00.002197787  2472 0x17be320 TRACE   GST_REFCOUNTING gstobject.c:208:gst_object_init: 0x17d8c20 new
0:00:00.002205420  2472 0x17be320 DEBUG   GST_TRACER gsttracer.c:169:gst_tracer_register: new tracer factory for stats
0:00:00.006187513  2471 0x190f370 DEBUG   GST_POLL gstpoll.c:980:gst_poll_fd_ctl_write: 0x1928d60: fd (fd:7, idx:1), active : 1
0:00:00.002211575  2472 0x17be320 DEBUG   GST_TRACER gsttracer.c:177:gst_tracer_register: tracer factory for 25004640:GstStatsTracer
0:00:00.006194087  2471 0x190f370 LOG   GST_POLL gstpoll.c:994:gst_poll_fd_ctl_write: 0x1928d60: pfd->events now 60 (POLLOUT:4)
0:00:00.002218511  2472 0x17be320 DEBUG   GST_REGISTRY gstregistry.c:590:gst_registry_add_feature: adding feature 0x17d8c20 (stats)
0:00:00.006201483  2471 0x190f370 DEBUG   GST_POLL gstpoll.c:1414:gst_poll_wait: 0x1928d60: timeout :0:00:01.000000000
0:00:00.002224325  2472 0x17be320 DEBUG   GST_REFCOUNTING gstobject.c:709:gst_object_set_parent: set parent (ref and sink)
0:00:00.006208677  2471 0x190f370 LOG   GST_PLUGIN_LOADING gstpluginloader.c:1027:exchange_packets: Poll res = 1. 12 bytes pending for write
0:00:00.002230998  2472 0x17be320 TRACE   GST_REFCOUNTING gstobject.c:294:gst_object_ref_sink: 0x17d8c20 ref_sink 1->2
0:00:00.006214710  2471 0x190f370 DEBUG   GST_POLL gstpoll.c:1241:gst_poll_fd_has_error: 0x1928d60: fd (fd:8, idx:2) 0
0:00:00.002241510  2472 0x17be320 LOG   GST_REGISTRY gstregistry.c:608:gst_registry_add_feature: emitting feature-added for stats
0:00:00.006224598  2471 0x190f370 DEBUG   GST_POLL gstpoll.c:1266:gst_poll_fd_can_read_unlocked: 0x1928d60: fd (fd:8, idx:2) 0
0:00:00.006230451  2471 0x190f370 DEBUG   GST_POLL gstpoll.c:1195:gst_poll_fd_has_closed: 0x1928d60: fd (fd:8, idx:2) 0
0:00:00.006235493  2471 0x190f370 DEBUG   GST_POLL gstpoll.c:1241:gst_poll_fd_has_error: 0x1928d60: fd (fd:7, idx:1) 0
0:00:00.002254187  2472 0x17be320 TRACE   GST_REFCOUNTING gstobject.c:208:gst_object_init: 0x17d8e70 new
0:00:00.006240619  2471 0x190f370 DEBUG   GST_POLL gstpoll.c:1335:gst_poll_fd_can_write: 0x1928d60: fd (fd:7, idx:1) 1
0:00:00.002263285  2472 0x17be320 DEBUG   GST_TRACER gsttracer.c:169:gst_tracer_register: new tracer factory for leaks
0:00:00.006245759  2471 0x190f370 LOG   GST_PLUGIN_LOADING gstpluginloader.c:689:write_one: Writing packet of size 12 bytes to fd 7
0:00:00.006255481  2471 0x190f370 DEBUG   GST_POLL gstpoll.c:980:gst_poll_fd_ctl_write: 0x1928d60: fd (fd:7, idx:1), active : 0
0:00:00.002274482  2472 0x17be320 DEBUG   GST_TRACER gsttracer.c:177:gst_tracer_register: tracer factory for 25005312:GstLeaksTracer
0:00:00.006261200  2471 0x190f370 LOG   GST_POLL gstpoll.c:994:gst_poll_fd_ctl_write: 0x1928d60: pfd->events now 56 (POLLOUT:4)
0:00:00.002282931  2472 0x17be320 DEBUG   GST_REGISTRY gstregistry.c:590:gst_registry_add_feature: adding feature 0x17d8e70 (leaks)
0:00:00.006267543  2471 0x190f370 DEBUG   GST_POLL gstpoll.c:1414:gst_poll_wait: 0x1928d60: timeout :0:00:01.000000000
0:00:00.002288427  2472 0x17be320 DEBUG   GST_REFCOUNTING gstobject.c:709:gst_object_set_parent: set parent (ref and sink)
0:00:00.002294817  2472 0x17be320 TRACE   GST_REFCOUNTING gstobject.c:294:gst_object_ref_sink: 0x17d8e70 ref_sink 1->2
0:00:00.002300584  2472 0x17be320 LOG   GST_REGISTRY gstregistry.c:608:gst_registry_add_feature: emitting feature-added for leaks
0:00:00.002306469  2472 0x17be320 LOG   GST_PLUGIN_LOADING gstplugin.c:541:gst_plugin_register_func: plugin "/home/conan/w/prod/BuildSingleReference/.conan/data/gstreamer/1.19.1/_/_/package/7935acf34602213af1e3939e2637ba8a4da1774a/lib/gstreamer-1.0/libgstcoretracers.so" initialised
0:00:00.002331931  2472 0x17be320 INFO   GST_PLUGIN_LOADING gstplugin.c:915:_priv_gst_plugin_load_file_for_registry: plugin "/home/conan/w/prod/BuildSingleReference/.conan/data/gstreamer/1.19.1/_/_/package/7935acf34602213af1e3939e2637ba8a4da1774a/lib/gstreamer-1.0/libgstcoretracers.so" loaded
0:00:00.002339289  2472 0x17be320 TRACE   GST_REFCOUNTING gstobject.c:238:gst_object_ref: 0x17d7e90 ref 1->2
0:00:00.002347326  2472 0x17be320 DEBUG   GST_REGISTRY gstregistry.c:474:gst_registry_add_plugin: adding plugin 0x17d7e90 for filename "/home/conan/w/prod/BuildSingleReference/.conan/data/gstreamer/1.19.1/_/_/package/7935acf34602213af1e3939e2637ba8a4da1774a/lib/gstreamer-1.0/libgstcoretracers.so"
0:00:00.002359590  2472 0x17be320 TRACE   GST_REFCOUNTING gstobject.c:294:gst_object_ref_sink: 0x17d7e90 ref_sink 2->3
0:00:00.002373031  2472 0x17be320 LOG   GST_REGISTRY gstregistry.c:487:gst_registry_add_plugin: emitting plugin-added for filename "/home/conan/w/prod/BuildSingleReference/.conan/data/gstreamer/1.19.1/_/_/package/7935acf34602213af1e3939e2637ba8a4da1774a/lib/gstreamer-1.0/libgstcoretracers.so"
0:00:00.002380883  2472 0x17be320 TRACE   GST_REFCOUNTING gstobject.c:238:gst_object_ref: 0x17d8e70 ref 1->2
0:00:00.002387814  2472 0x17be320 TRACE   GST_REFCOUNTING gstobject.c:238:gst_object_ref: 0x17d8c20 ref 1->2
0:00:00.002394803  2472 0x17be320 TRACE   GST_REFCOUNTING gstobject.c:238:gst_object_ref: 0x17d8950 ref 1->2
0:00:00.002401568  2472 0x17be320 TRACE   GST_REFCOUNTING gstobject.c:238:gst_object_ref: 0x17d8740 ref 1->2
0:00:00.002408281  2472 0x17be320 TRACE   GST_REFCOUNTING gstobject.c:238:gst_object_ref: 0x17d8250 ref 1->2
0:00:00.002420945  2472 0x17be320 TRACE   GST_REFCOUNTING gstobject.c:265:gst_object_unref: 0x17d8250 unref 2->1
0:00:00.002428749  2472 0x17be320 TRACE   GST_REFCOUNTING gstobject.c:265:gst_object_unref: 0x17d8740 unref 2->1
0:00:00.002435091  2472 0x17be320 TRACE   GST_REFCOUNTING gstobject.c:265:gst_object_unref: 0x17d8950 unref 2->1
0:00:00.002441409  2472 0x17be320 TRACE   GST_REFCOUNTING gstobject.c:265:gst_object_unref: 0x17d8c20 unref 2->1
0:00:00.002447596  2472 0x17be320 TRACE   GST_REFCOUNTING gstobject.c:265:gst_object_unref: 0x17d8e70 unref 2->1
0:00:00.002456377  2472 0x17be320 DEBUG   GST_REGISTRY gstregistrychunks.c:498:_priv_gst_registry_chunks_save_plugin: Found 5 features in plugin 0x17d7e90 (coretracers)
0:00:00.002463777  2472 0x17be320 DEBUG   GST_POLL gstpoll.c:980:gst_poll_fd_ctl_write: 0x17c69c0: fd (fd:0, idx:1), active : 1
0:00:00.002470095  2472 0x17be320 LOG   GST_POLL gstpoll.c:994:gst_poll_fd_ctl_write: 0x17c69c0: pfd->events now 60 (POLLOUT:4)
0:00:00.002477241  2472 0x17be320 DEBUG   GST_POLL gstpoll.c:980:gst_poll_fd_ctl_write: 0x17c69c0: fd (fd:0, idx:1), active : 1
0:00:00.002483059  2472 0x17be320 LOG   GST_POLL gstpoll.c:994:gst_poll_fd_ctl_write: 0x17c69c0: pfd->events now 60 (POLLOUT:4)
0:00:00.002489738  2472 0x17be320 DEBUG   GST_POLL gstpoll.c:980:gst_poll_fd_ctl_write: 0x17c69c0: fd (fd:0, idx:1), active : 1
0:00:00.002495468  2472 0x17be320 LOG   GST_POLL gstpoll.c:994:gst_poll_fd_ctl_write: 0x17c69c0: pfd->events now 60 (POLLOUT:4)
0:00:00.002501418  2472 0x17be320 DEBUG   GST_POLL gstpoll.c:980:gst_poll_fd_ctl_write: 0x17c69c0: fd (fd:0, idx:1), active : 1
0:00:00.002507071  2472 0x17be320 LOG   GST_POLL gstpoll.c:994:gst_poll_fd_ctl_write: 0x17c69c0: pfd->events now 60 (POLLOUT:4)
0:00:00.002513031  2472 0x17be320 DEBUG   GST_POLL gstpoll.c:980:gst_poll_fd_ctl_write: 0x17c69c0: fd (fd:0, idx:1), active : 1
0:00:00.002550852  2472 0x17be320 LOG   GST_POLL gstpoll.c:994:gst_poll_fd_ctl_write: 0x17c69c0: pfd->events now 60 (POLLOUT:4)
0:00:00.002563961  2472 0x17be320 DEBUG   GST_POLL gstpoll.c:980:gst_poll_fd_ctl_write: 0x17c69c0: fd (fd:0, idx:1), active : 1
0:00:00.002571339  2472 0x17be320 LOG   GST_POLL gstpoll.c:994:gst_poll_fd_ctl_write: 0x17c69c0: pfd->events now 60 (POLLOUT:4)
0:00:00.002577236  2472 0x17be320 DEBUG   GST_POLL gstpoll.c:980:gst_poll_fd_ctl_write: 0x17c69c0: fd (fd:0, idx:1), active : 1
0:00:00.002582866  2472 0x17be320 LOG   GST_POLL gstpoll.c:994:gst_poll_fd_ctl_write: 0x17c69c0: pfd->events now 60 (POLLOUT:4)
0:00:00.002588532  2472 0x17be320 DEBUG   GST_POLL gstpoll.c:980:gst_poll_fd_ctl_write: 0x17c69c0: fd (fd:0, idx:1), active : 1
0:00:00.002594139  2472 0x17be320 LOG   GST_POLL gstpoll.c:994:gst_poll_fd_ctl_write: 0x17c69c0: pfd->events now 60 (POLLOUT:4)
0:00:00.002599853  2472 0x17be320 DEBUG   GST_POLL gstpoll.c:980:gst_poll_fd_ctl_write: 0x17c69c0: fd (fd:0, idx:1), active : 1
0:00:00.002605509  2472 0x17be320 LOG   GST_POLL gstpoll.c:994:gst_poll_fd_ctl_write: 0x17c69c0: pfd->events now 60 (POLLOUT:4)
0:00:00.002611472  2472 0x17be320 DEBUG   GST_POLL gstpoll.c:980:gst_poll_fd_ctl_write: 0x17c69c0: fd (fd:0, idx:1), active : 1
0:00:00.002616983  2472 0x17be320 LOG   GST_POLL gstpoll.c:994:gst_poll_fd_ctl_write: 0x17c69c0: pfd->events now 60 (POLLOUT:4)
0:00:00.002622818  2472 0x17be320 DEBUG   GST_POLL gstpoll.c:980:gst_poll_fd_ctl_write: 0x17c69c0: fd (fd:0, idx:1), active : 1
0:00:00.002628357  2472 0x17be320 LOG   GST_POLL gstpoll.c:994:gst_poll_fd_ctl_write: 0x17c69c0: pfd->events now 60 (POLLOUT:4)
0:00:00.002634208  2472 0x17be320 DEBUG   GST_POLL gstpoll.c:980:gst_poll_fd_ctl_write: 0x17c69c0: fd (fd:0, idx:1), active : 1
0:00:00.002639906  2472 0x17be320 LOG   GST_POLL gstpoll.c:994:gst_poll_fd_ctl_write: 0x17c69c0: pfd->events now 60 (POLLOUT:4)
0:00:00.002645830  2472 0x17be320 DEBUG   GST_POLL gstpoll.c:980:gst_poll_fd_ctl_write: 0x17c69c0: fd (fd:0, idx:1), active : 1
0:00:00.002651400  2472 0x17be320 LOG   GST_POLL gstpoll.c:994:gst_poll_fd_ctl_write: 0x17c69c0: pfd->events now 60 (POLLOUT:4)
0:00:00.002657428  2472 0x17be320 DEBUG   GST_POLL gstpoll.c:980:gst_poll_fd_ctl_write: 0x17c69c0: fd (fd:0, idx:1), active : 1
0:00:00.002663057  2472 0x17be320 LOG   GST_POLL gstpoll.c:994:gst_poll_fd_ctl_write: 0x17c69c0: pfd->events now 60 (POLLOUT:4)
0:00:00.002668838  2472 0x17be320 DEBUG   GST_POLL gstpoll.c:980:gst_poll_fd_ctl_write: 0x17c69c0: fd (fd:0, idx:1), active : 1
0:00:00.002674432  2472 0x17be320 LOG   GST_POLL gstpoll.c:994:gst_poll_fd_ctl_write: 0x17c69c0: pfd->events now 60 (POLLOUT:4)
0:00:00.002680217  2472 0x17be320 DEBUG   GST_POLL gstpoll.c:980:gst_poll_fd_ctl_write: 0x17c69c0: fd (fd:0, idx:1), active : 1
0:00:00.002685817  2472 0x17be320 LOG   GST_POLL gstpoll.c:994:gst_poll_fd_ctl_write: 0x17c69c0: pfd->events now 60 (POLLOUT:4)
0:00:00.002696270  2472 0x17be320 DEBUG   GST_POLL gstpoll.c:980:gst_poll_fd_ctl_write: 0x17c69c0: fd (fd:0, idx:1), active : 1
0:00:00.002701971  2472 0x17be320 LOG   GST_POLL gstpoll.c:994:gst_poll_fd_ctl_write: 0x17c69c0: pfd->events now 60 (POLLOUT:4)
0:00:00.002707957  2472 0x17be320 DEBUG   GST_POLL gstpoll.c:980:gst_poll_fd_ctl_write: 0x17c69c0: fd (fd:0, idx:1), active : 1
0:00:00.002713588  2472 0x17be320 LOG   GST_POLL gstpoll.c:994:gst_poll_fd_ctl_write: 0x17c69c0: pfd->events now 60 (POLLOUT:4)
0:00:00.002719314  2472 0x17be320 DEBUG   GST_POLL gstpoll.c:980:gst_poll_fd_ctl_write: 0x17c69c0: fd (fd:0, idx:1), active : 1
0:00:00.002724795  2472 0x17be320 LOG   GST_POLL gstpoll.c:994:gst_poll_fd_ctl_write: 0x17c69c0: pfd->events now 60 (POLLOUT:4)
0:00:00.002730565  2472 0x17be320 DEBUG   GST_POLL gstpoll.c:980:gst_poll_fd_ctl_write: 0x17c69c0: fd (fd:0, idx:1), active : 1
0:00:00.002735994  2472 0x17be320 LOG   GST_POLL gstpoll.c:994:gst_poll_fd_ctl_write: 0x17c69c0: pfd->events now 60 (POLLOUT:4)
0:00:00.002741657  2472 0x17be320 DEBUG   GST_POLL gstpoll.c:980:gst_poll_fd_ctl_write: 0x17c69c0: fd (fd:0, idx:1), active : 1
0:00:00.002747002  2472 0x17be320 LOG   GST_POLL gstpoll.c:994:gst_poll_fd_ctl_write: 0x17c69c0: pfd->events now 60 (POLLOUT:4)
0:00:00.002752774  2472 0x17be320 DEBUG   GST_POLL gstpoll.c:980:gst_poll_fd_ctl_write: 0x17c69c0: fd (fd:0, idx:1), active : 1
0:00:00.002758154  2472 0x17be320 LOG   GST_POLL gstpoll.c:994:gst_poll_fd_ctl_write: 0x17c69c0: pfd->events now 60 (POLLOUT:4)
0:00:00.002763763  2472 0x17be320 DEBUG   GST_POLL gstpoll.c:980:gst_poll_fd_ctl_write: 0x17c69c0: fd (fd:0, idx:1), active : 1
0:00:00.002769092  2472 0x17be320 LOG   GST_POLL gstpoll.c:994:gst_poll_fd_ctl_write: 0x17c69c0: pfd->events now 60 (POLLOUT:4)
0:00:00.002774740  2472 0x17be320 DEBUG   GST_POLL gstpoll.c:980:gst_poll_fd_ctl_write: 0x17c69c0: fd (fd:0, idx:1), active : 1
0:00:00.002780597  2472 0x17be320 LOG   GST_POLL gstpoll.c:994:gst_poll_fd_ctl_write: 0x17c69c0: pfd->events now 60 (POLLOUT:4)
0:00:00.002786199  2472 0x17be320 DEBUG   GST_POLL gstpoll.c:980:gst_poll_fd_ctl_write: 0x17c69c0: fd (fd:0, idx:1), active : 1
0:00:00.002791520  2472 0x17be320 LOG   GST_POLL gstpoll.c:994:gst_poll_fd_ctl_write: 0x17c69c0: pfd->events now 60 (POLLOUT:4)
0:00:00.002797143  2472 0x17be320 DEBUG   GST_POLL gstpoll.c:980:gst_poll_fd_ctl_write: 0x17c69c0: fd (fd:0, idx:1), active : 1
0:00:00.002802460  2472 0x17be320 LOG   GST_POLL gstpoll.c:994:gst_poll_fd_ctl_write: 0x17c69c0: pfd->events now 60 (POLLOUT:4)
0:00:00.002808101  2472 0x17be320 DEBUG   GST_POLL gstpoll.c:980:gst_poll_fd_ctl_write: 0x17c69c0: fd (fd:0, idx:1), active : 1
0:00:00.002813405  2472 0x17be320 LOG   GST_POLL gstpoll.c:994:gst_poll_fd_ctl_write: 0x17c69c0: pfd->events now 60 (POLLOUT:4)
0:00:00.002819888  2472 0x17be320 TRACE   GST_REFCOUNTING gstobject.c:265:gst_object_unref: 0x17d7e90 unref 2->1
0:00:00.002831416  2472 0x17be320 DEBUG   GST_POLL gstpoll.c:1241:gst_poll_fd_has_error: 0x17c69c0: fd (fd:0, idx:1) 0
0:00:00.002837818  2472 0x17be320 DEBUG   GST_POLL gstpoll.c:1335:gst_poll_fd_can_write: 0x17c69c0: fd (fd:0, idx:1) 0
0:00:00.002843608  2472 0x17be320 DEBUG   GST_POLL gstpoll.c:1195:gst_poll_fd_has_closed: 0x17c69c0: fd (fd:0, idx:1) 0
0:00:00.002850649  2472 0x17be320 DEBUG   GST_POLL gstpoll.c:1414:gst_poll_wait: 0x17c69c0: timeout :0:00:01.000000000
0:00:00.002860486  2472 0x17be320 LOG   GST_PLUGIN_LOADING gstpluginloader.c:1027:exchange_packets: Poll res = 2. 488 bytes pending for write
0:00:00.002867203  2472 0x17be320 DEBUG   GST_POLL gstpoll.c:1241:gst_poll_fd_has_error: 0x17c69c0: fd (fd:5, idx:2) 0
0:00:00.002873363  2472 0x17be320 DEBUG   GST_POLL gstpoll.c:1266:gst_poll_fd_can_read_unlocked: 0x17c69c0: fd (fd:5, idx:2) 1
0:00:00.002883597  2472 0x17be320 DEBUG   GST_PLUGIN_LOADING gstpluginloader.c:721:do_plugin_load: Plugin scanner loading file /home/conan/w/prod/BuildSingleReference/.conan/data/gstreamer/1.19.1/_/_/package/7935acf34602213af1e3939e2637ba8a4da1774a/lib/gstreamer-1.0/libgstcoreelements.so. tag 1
0:00:00.002891629  2472 0x17be320 DEBUG   GST_PLUGIN_LOADING gstplugin.c:768:_priv_gst_plugin_load_file_for_registry: attempt to load plugin "/home/conan/w/prod/BuildSingleReference/.conan/data/gstreamer/1.19.1/_/_/package/7935acf34602213af1e3939e2637ba8a4da1774a/lib/gstreamer-1.0/libgstcoreelements.so"
0:00:00.003274862  2472 0x17be320 TRACE   GST_REFCOUNTING gstobject.c:208:gst_object_init: 0x17da220 new
0:00:00.003294852  2472 0x17be320 LOG   GST_PLUGIN_LOADING gstplugin.c:890:_priv_gst_plugin_load_file_for_registry: Plugin 0x17da220 for file "/home/conan/w/prod/BuildSingleReference/.conan/data/gstreamer/1.19.1/_/_/package/7935acf34602213af1e3939e2637ba8a4da1774a/lib/gstreamer-1.0/libgstcoreelements.so" prepared, calling entry function...
0:00:00.003305474  2472 0x17be320 LOG   GST_PLUGIN_LOADING gstplugin.c:897:_priv_gst_plugin_load_file_for_registry: Plugin 0x17da220 for file "/home/conan/w/prod/BuildSingleReference/.conan/data/gstreamer/1.19.1/_/_/package/7935acf34602213af1e3939e2637ba8a4da1774a/lib/gstreamer-1.0/libgstcoreelements.so" prepared, registering...
0:00:00.003312929  2472 0x17be320 LOG   GST_PLUGIN_LOADING gstplugin.c:514:gst_plugin_register_func: plugin "/home/conan/w/prod/BuildSingleReference/.conan/data/gstreamer/1.19.1/_/_/package/7935acf34602213af1e3939e2637ba8a4da1774a/lib/gstreamer-1.0/libgstcoreelements.so" looks good
0:00:00.003337717  2472 0x17be320 TRACE   GST_REFCOUNTING gstobject.c:208:gst_object_init: 0x17da670 new
0:00:00.003347002  2472 0x17be320 LOG   GST_ELEMENT_FACTORY gstelementfactory.c:238:gst_element_register: Created new elementfactory for type GstCapsFilter
0:00:00.003354928  2472 0x17be320 TRACE   structure gststructure.c:292:gst_structure_new_id_empty_with_size: created structure 0x17dad20
0:00:00.003361063  2472 0x17be320 TRACE   GST_PERFORMANCE gststructure.c:512:gst_structure_copy: doing copy 0x17c4b40 -> 0x17dad20
0:00:00.003376928  2472 0x17be320 DEBUG   GST_ELEMENT_PADS gstelement.c:312:gst_element_base_class_init: type GstBaseTransform : factory (nil)
0:00:00.003390435  2472 0x17be320 DEBUG   basetransform gstbasetransform.c:333:gst_base_transform_class_init: gst_base_transform_class_init
0:00:00.003404836  2472 0x17be320 TRACE   structure gststructure.c:292:gst_structure_new_id_empty_with_size: created structure 0x17db190
0:00:00.003411194  2472 0x17be320 TRACE   GST_PERFORMANCE gststructure.c:512:gst_structure_copy: doing copy 0x17dad20 -> 0x17db190
0:00:00.003417748  2472 0x17be320 DEBUG   GST_ELEMENT_PADS gstelement.c:312:gst_element_base_class_init: type GstCapsFilter : factory 0x17da670
0:00:00.003433326  2472 0x17be320 TRACE   GST_CAPS gstcaps.c:263:gst_caps_new_empty: created caps 0x17cdaa0
0:00:00.003439975  2472 0x17be320 TRACE   GST_CAPS gstcaps.c:440:gst_static_caps_get: created 0x7f1cf969efc8 from string ANY
0:00:00.003446434  2472 0x17be320 TRACE   GST_REFCOUNTING gstminiobject.c:479:gst_mini_object_ref: 0x17cdaa0 ref 1->2
0:00:00.003465769  2472 0x17be320 TRACE   GST_REFCOUNTING gstobject.c:208:gst_object_init: 0x17dbb20 new
0:00:00.003476694  2472 0x17be320 TRACE   GST_REFCOUNTING gstminiobject.c:479:gst_mini_object_ref: 0x17cdaa0 ref 2->3
0:00:00.003487553  2472 0x17be320 TRACE   GST_REFCOUNTING gstminiobject.c:661:gst_mini_object_unref: 0x17cdaa0 unref 3->2
0:00:00.003494938  2472 0x17be320 TRACE   GST_REFCOUNTING gstobject.c:294:gst_object_ref_sink: 0x17dbb20 ref_sink 1->2
0:00:00.003501630  2472 0x17be320 TRACE   GST_CAPS gstcaps.c:263:gst_caps_new_empty: created caps 0x17db560
0:00:00.003507777  2472 0x17be320 TRACE   GST_CAPS gstcaps.c:440:gst_static_caps_get: created 0x7f1cf969f008 from string ANY
0:00:00.003514286  2472 0x17be320 TRACE   GST_REFCOUNTING gstminiobject.c:479:gst_mini_object_ref: 0x17db560 ref 1->2
0:00:00.003592913  2472 0x17be320 TRACE   GST_REFCOUNTING gstobject.c:208:gst_object_init: 0x17dbd60 new
0:00:00.003606097  2472 0x17be320 TRACE   GST_REFCOUNTING gstminiobject.c:479:gst_mini_object_ref: 0x17db560 ref 2->3
0:00:00.003613465  2472 0x17be320 TRACE   GST_REFCOUNTING gstminiobject.c:661:gst_mini_object_unref: 0x17db560 unref 3->2
0:00:00.003619819  2472 0x17be320 TRACE   GST_REFCOUNTING gstobject.c:294:gst_object_ref_sink: 0x17dbd60 ref_sink 1->2
0:00:00.003628224  2472 0x17be320 TRACE   structure gststructure.c:292:gst_structure_new_id_empty_with_size: created structure 0x17dbfc0
0:00:00.003634684  2472 0x17be320 TRACE   GST_PERFORMANCE gststructure.c:512:gst_structure_copy: doing copy 0x17db190 -> 0x17dbfc0
0:00:00.003643302  2472 0x17be320 DEBUG   GST_REGISTRY gstregistry.c:590:gst_registry_add_feature: adding feature 0x17da670 (capsfilter)
0:00:00.003650021  2472 0x17be320 DEBUG   GST_REFCOUNTING gstobject.c:709:gst_object_set_parent: set parent (ref and sink)
0:00:00.003656178  2472 0x17be320 TRACE   GST_REFCOUNTING gstobject.c:294:gst_object_ref_sink: 0x17da670 ref_sink 1->2
0:00:00.003667224  2472 0x17be320 LOG   GST_REGISTRY gstregistry.c:608:gst_registry_add_feature: emitting feature-added for capsfilter
0:00:00.003677651  2472 0x17be320 TRACE   GST_REFCOUNTING gstobject.c:208:gst_object_init: 0x17dc360 new
0:00:00.003685794  2472 0x17be320 LOG   GST_ELEMENT_FACTORY gstelementfactory.c:238:gst_element_register: Created new elementfactory for type GstClockSync
0:00:00.003692426  2472 0x17be320 TRACE   structure gststructure.c:292:gst_structure_new_id_empty_with_size: created structure 0x17dc790
0:00:00.003697863  2472 0x17be320 TRACE   GST_PERFORMANCE gststructure.c:512:gst_structure_copy: doing copy 0x17c4b40 -> 0x17dc790
0:00:00.003703778  2472 0x17be320 DEBUG   GST_ELEMENT_PADS gstelement.c:312:gst_element_base_class_init: type GstClockSync : factory 0x17dc360
0:00:00.003714923  2472 0x17be320 TRACE   GST_CAPS gstcaps.c:263:gst_caps_new_empty: created caps 0x17dc9d0
0:00:00.003720543  2472 0x17be320 TRACE   GST_CAPS gstcaps.c:440:gst_static_caps_get: created 0x7f1cf969f048 from string ANY
0:00:00.003725845  2472 0x17be320 TRACE   GST_REFCOUNTING gstminiobject.c:479:gst_mini_object_ref: 0x17dc9d0 ref 1->2
0:00:00.003732482  2472 0x17be320 TRACE   GST_REFCOUNTING gstobject.c:208:gst_object_init: 0x17dcbe0 new
0:00:00.003739222  2472 0x17be320 TRACE   GST_REFCOUNTING gstminiobject.c:479:gst_mini_object_ref: 0x17dc9d0 ref 2->3
0:00:00.003746187  2472 0x17be320 TRACE   GST_REFCOUNTING gstminiobject.c:661:gst_mini_object_unref: 0x17dc9d0 unref 3->2
0:00:00.003752611  2472 0x17be320 TRACE   GST_REFCOUNTING gstobject.c:294:gst_object_ref_sink: 0x17dcbe0 ref_sink 1->2
0:00:00.003758289  2472 0x17be320 TRACE   GST_CAPS gstcaps.c:263:gst_caps_new_empty: created caps 0x17dc250
0:00:00.003763950  2472 0x17be320 TRACE   GST_CAPS gstcaps.c:440:gst_static_caps_get: created 0x7f1cf969f088 from string ANY
0:00:00.003769357  2472 0x17be320 TRACE   GST_REFCOUNTING gstminiobject.c:479:gst_mini_object_ref: 0x17dc250 ref 1->2
0:00:00.003775827  2472 0x17be320 TRACE   GST_REFCOUNTING gstobject.c:208:gst_object_init: 0x17dccf0 new
0:00:00.003782532  2472 0x17be320 TRACE   GST_REFCOUNTING gstminiobject.c:479:gst_mini_object_ref: 0x17dc250 ref 2->3
0:00:00.003789140  2472 0x17be320 TRACE   GST_REFCOUNTING gstminiobject.c:661:gst_mini_object_unref: 0x17dc250 unref 3->2
0:00:00.003795112  2472 0x17be320 TRACE   GST_REFCOUNTING gstobject.c:294:gst_object_ref_sink: 0x17dccf0 ref_sink 1->2
0:00:00.003801095  2472 0x17be320 TRACE   structure gststructure.c:292:gst_structure_new_id_empty_with_size: created structure 0x17dcd90
0:00:00.003809472  2472 0x17be320 TRACE   GST_PERFORMANCE gststructure.c:512:gst_structure_copy: doing copy 0x17dc790 -> 0x17dcd90
0:00:00.003816997  2472 0x17be320 DEBUG   GST_REGISTRY gstregistry.c:590:gst_registry_add_feature: adding feature 0x17dc360 (clocksync)
0:00:00.003825814  2472 0x17be320 DEBUG   GST_REFCOUNTING gstobject.c:709:gst_object_set_parent: set parent (ref and sink)
0:00:00.003831832  2472 0x17be320 TRACE   GST_REFCOUNTING gstobject.c:294:gst_object_ref_sink: 0x17dc360 ref_sink 1->2
0:00:00.003837588  2472 0x17be320 LOG   GST_REGISTRY gstregistry.c:608:gst_registry_add_feature: emitting feature-added for clocksync
0:00:00.003846803  2472 0x17be320 TRACE   GST_REFCOUNTING gstobject.c:208:gst_object_init: 0x17dd260 new
0:00:00.003854410  2472 0x17be320 LOG   GST_ELEMENT_FACTORY gstelementfactory.c:238:gst_element_register: Created new elementfactory for type GstConcat
0:00:00.003860548  2472 0x17be320 TRACE   structure gststructure.c:292:gst_structure_new_id_empty_with_size: created structure 0x17dd640
0:00:00.003865704  2472 0x17be320 TRACE   GST_PERFORMANCE gststructure.c:512:gst_structure_copy: doing copy 0x17c4b40 -> 0x17dd640
0:00:00.003871343  2472 0x17be320 DEBUG   GST_ELEMENT_PADS gstelement.c:312:gst_element_base_class_init: type GstConcat : factory 0x17dd260
0:00:00.003881036  2472 0x17be320 TRACE   GST_CAPS gstcaps.c:263:gst_caps_new_empty: created caps 0x17dd770
0:00:00.003886605  2472 0x17be320 TRACE   GST_CAPS gstcaps.c:440:gst_static_caps_get: created 0x7f1cf969f0c8 from string ANY
0:00:00.003892052  2472 0x17be320 TRACE   GST_REFCOUNTING gstminiobject.c:479:gst_mini_object_ref: 0x17dd770 ref 1->2
0:00:00.003898613  2472 0x17be320 TRACE   GST_REFCOUNTING gstobject.c:208:gst_object_init: 0x17dd8c0 new
0:00:00.003905516  2472 0x17be320 TRACE   GST_REFCOUNTING gstminiobject.c:479:gst_mini_object_ref: 0x17dd770 ref 2->3
0:00:00.003912163  2472 0x17be320 TRACE   GST_REFCOUNTING gstminiobject.c:661:gst_mini_object_unref: 0x17dd770 unref 3->2
0:00:00.003918123  2472 0x17be320 TRACE   GST_REFCOUNTING gstobject.c:294:gst_object_ref_sink: 0x17dd8c0 ref_sink 1->2
0:00:00.003923688  2472 0x17be320 TRACE   GST_CAPS gstcaps.c:263:gst_caps_new_empty: created caps 0x17dd870
0:00:00.003929040  2472 0x17be320 TRACE   GST_CAPS gstcaps.c:440:gst_static_caps_get: created 0x7f1cf969f108 from string ANY
0:00:00.003934504  2472 0x17be320 TRACE   GST_REFCOUNTING gstminiobject.c:479:gst_mini_object_ref: 0x17dd870 ref 1->2
0:00:00.003940972  2472 0x17be320 TRACE   GST_REFCOUNTING gstobject.c:208:gst_object_init: 0x17dd960 new
0:00:00.003947740  2472 0x17be320 TRACE   GST_REFCOUNTING gstminiobject.c:479:gst_mini_object_ref: 0x17dd870 ref 2->3
0:00:00.003954020  2472 0x17be320 TRACE   GST_REFCOUNTING gstminiobject.c:661:gst_mini_object_unref: 0x17dd870 unref 3->2
0:00:00.003959770  2472 0x17be320 TRACE   GST_REFCOUNTING gstobject.c:294:gst_object_ref_sink: 0x17dd960 ref_sink 1->2
0:00:00.003966200  2472 0x17be320 TRACE   structure gststructure.c:292:gst_structure_new_id_empty_with_size: created structure 0x17ddaa0
0:00:00.003975558  2472 0x17be320 TRACE   GST_PERFORMANCE gststructure.c:512:gst_structure_copy: doing copy 0x17dd640 -> 0x17ddaa0
0:00:00.003982846  2472 0x17be320 DEBUG   GST_REGISTRY gstregistry.c:590:gst_registry_add_feature: adding feature 0x17dd260 (concat)
0:00:00.003988027  2472 0x17be320 DEBUG   GST_REFCOUNTING gstobject.c:709:gst_object_set_parent: set parent (ref and sink)
0:00:00.003996624  2472 0x17be320 TRACE   GST_REFCOUNTING gstobject.c:294:gst_object_ref_sink: 0x17dd260 ref_sink 1->2
0:00:00.004002404  2472 0x17be320 LOG   GST_REGISTRY gstregistry.c:608:gst_registry_add_feature: emitting feature-added for concat
0:00:00.004017484  2472 0x17be320 TRACE   GST_REFCOUNTING gstobject.c:208:gst_object_init: 0x17de060 new
0:00:00.004025534  2472 0x17be320 LOG   GST_ELEMENT_FACTORY gstelementfactory.c:238:gst_element_register: Created new elementfactory for type GstDataURISrc
0:00:00.004031628  2472 0x17be320 TRACE   structure gststructure.c:292:gst_structure_new_id_empty_with_size: created structure 0x17de600
0:00:00.004036968  2472 0x17be320 TRACE   GST_PERFORMANCE gststructure.c:512:gst_structure_copy: doing copy 0x17c4b40 -> 0x17de600
0:00:00.004042745  2472 0x17be320 DEBUG   GST_ELEMENT_PADS gstelement.c:312:gst_element_base_class_init: type GstBaseSrc : factory (nil)
0:00:00.004064934  2472 0x17be320 TRACE   structure gststructure.c:292:gst_structure_new_id_empty_with_size: created structure 0x17d72a0
0:00:00.004070649  2472 0x17be320 TRACE   GST_PERFORMANCE gststructure.c:512:gst_structure_copy: doing copy 0x17de600 -> 0x17d72a0
0:00:00.004076452  2472 0x17be320 DEBUG   GST_ELEMENT_PADS gstelement.c:312:gst_element_base_class_init: type GstDataURISrc : factory 0x17de060
0:00:00.004083776  2472 0x17be320 TRACE   GST_CAPS gstcaps.c:263:gst_caps_new_empty: created caps 0x17df490
0:00:00.004089636  2472 0x17be320 TRACE   GST_CAPS gstcaps.c:440:gst_static_caps_get: created 0x7f1cf969f150 from string ANY
0:00:00.004095059  2472 0x17be320 TRACE   GST_REFCOUNTING gstminiobject.c:479:gst_mini_object_ref: 0x17df490 ref 1->2
0:00:00.004101744  2472 0x17be320 TRACE   GST_REFCOUNTING gstobject.c:208:gst_object_init: 0x17df4e0 new
0:00:00.004108370  2472 0x17be320 TRACE   GST_REFCOUNTING gstminiobject.c:479:gst_mini_object_ref: 0x17df490 ref 2->3
0:00:00.004115265  2472 0x17be320 TRACE   GST_REFCOUNTING gstminiobject.c:661:gst_mini_object_unref: 0x17df490 unref 3->2
0:00:00.004121522  2472 0x17be320 TRACE   GST_REFCOUNTING gstobject.c:294:gst_object_ref_sink: 0x17df4e0 ref_sink 1->2
0:00:00.004130796  2472 0x17be320 TRACE   structure gststructure.c:292:gst_structure_new_id_empty_with_size: created structure 0x17df690
0:00:00.004136387  2472 0x17be320 TRACE   GST_PERFORMANCE gststructure.c:512:gst_structure_copy: doing copy 0x17d72a0 -> 0x17df690
0:00:00.004145899  2472 0x17be320 DEBUG   GST_REGISTRY gstregistry.c:590:gst_registry_add_feature: adding feature 0x17de060 (dataurisrc)
0:00:00.004155475  2472 0x17be320 DEBUG   GST_REFCOUNTING gstobject.c:709:gst_object_set_parent: set parent (ref and sink)
0:00:00.004161562  2472 0x17be320 TRACE   GST_REFCOUNTING gstobject.c:294:gst_object_ref_sink: 0x17de060 ref_sink 1->2
0:00:00.004167370  2472 0x17be320 LOG   GST_REGISTRY gstregistry.c:608:gst_registry_add_feature: emitting feature-added for dataurisrc
0:00:00.004176992  2472 0x17be320 TRACE   GST_REFCOUNTING gstobject.c:208:gst_object_init: 0x17dfb10 new
0:00:00.004184648  2472 0x17be320 LOG   GST_ELEMENT_FACTORY gstelementfactory.c:238:gst_element_register: Created new elementfactory for type GstDownloadBuffer
0:00:00.004193402  2472 0x17be320 TRACE   structure gststructure.c:292:gst_structure_new_id_empty_with_size: created structure 0x17e0040
0:00:00.004198678  2472 0x17be320 TRACE   GST_PERFORMANCE gststructure.c:512:gst_structure_copy: doing copy 0x17c4b40 -> 0x17e0040
0:00:00.004204573  2472 0x17be320 DEBUG   GST_ELEMENT_PADS gstelement.c:312:gst_element_base_class_init: type GstDownloadBuffer : factory 0x17dfb10
0:00:00.004217436  2472 0x17be320 TRACE   GST_CAPS gstcaps.c:263:gst_caps_new_empty: created caps 0x17dfe00
0:00:00.004223066  2472 0x17be320 TRACE   GST_CAPS gstcaps.c:440:gst_static_caps_get: created 0x7f1cf969f1a0 from string ANY
0:00:00.004228714  2472 0x17be320 TRACE   GST_REFCOUNTING gstminiobject.c:479:gst_mini_object_ref: 0x17dfe00 ref 1->2
0:00:00.004235364  2472 0x17be320 TRACE   GST_REFCOUNTING gstobject.c:208:gst_object_init: 0x17dfc80 new
0:00:00.004241620  2472 0x17be320 TRACE   GST_REFCOUNTING gstminiobject.c:479:gst_mini_object_ref: 0x17dfe00 ref 2->3
0:00:00.004248260  2472 0x17be320 TRACE   GST_REFCOUNTING gstminiobject.c:661:gst_mini_object_unref: 0x17dfe00 unref 3->2
0:00:00.004254241  2472 0x17be320 TRACE   GST_REFCOUNTING gstobject.c:294:gst_object_ref_sink: 0x17dfc80 ref_sink 1->2
0:00:00.004259962  2472 0x17be320 TRACE   GST_CAPS gstcaps.c:263:gst_caps_new_empty: created caps 0x17e05a0
0:00:00.004265508  2472 0x17be320 TRACE   GST_CAPS gstcaps.c:440:gst_static_caps_get: created 0x7f1cf969f1e0 from string ANY
0:00:00.004270863  2472 0x17be320 TRACE   GST_REFCOUNTING gstminiobject.c:479:gst_mini_object_ref: 0x17e05a0 ref 1->2
0:00:00.004277269  2472 0x17be320 TRACE   GST_REFCOUNTING gstobject.c:208:gst_object_init: 0x17e04d0 new
0:00:00.004283298  2472 0x17be320 TRACE   GST_REFCOUNTING gstminiobject.c:479:gst_mini_object_ref: 0x17e05a0 ref 2->3
0:00:00.004289605  2472 0x17be320 TRACE   GST_REFCOUNTING gstminiobject.c:661:gst_mini_object_unref: 0x17e05a0 unref 3->2
0:00:00.004295616  2472 0x17be320 TRACE   GST_REFCOUNTING gstobject.c:294:gst_object_ref_sink: 0x17e04d0 ref_sink 1->2
0:00:00.004302704  2472 0x17be320 TRACE   structure gststructure.c:292:gst_structure_new_id_empty_with_size: created structure 0x17e0760
0:00:00.004311930  2472 0x17be320 TRACE   GST_PERFORMANCE gststructure.c:512:gst_structure_copy: doing copy 0x17e0040 -> 0x17e0760
0:00:00.004319258  2472 0x17be320 DEBUG   GST_REGISTRY gstregistry.c:590:gst_registry_add_feature: adding feature 0x17dfb10 (downloadbuffer)
0:00:00.004324824  2472 0x17be320 DEBUG   GST_REFCOUNTING gstobject.c:709:gst_object_set_parent: set parent (ref and sink)
0:00:00.004330694  2472 0x17be320 TRACE   GST_REFCOUNTING gstobject.c:294:gst_object_ref_sink: 0x17dfb10 ref_sink 1->2
0:00:00.004336492  2472 0x17be320 LOG   GST_REGISTRY gstregistry.c:608:gst_registry_add_feature: emitting feature-added for downloadbuffer
0:00:00.004345999  2472 0x17be320 TRACE   GST_REFCOUNTING gstobject.c:208:gst_object_init: 0x17e0b50 new
0:00:00.004353349  2472 0x17be320 LOG   GST_ELEMENT_FACTORY gstelementfactory.c:238:gst_element_register: Created new elementfactory for type GstFakeSrc
0:00:00.004361914  2472 0x17be320 TRACE   structure gststructure.c:292:gst_structure_new_id_empty_with_size: created structure 0x17e11f0
0:00:00.004373314  2472 0x17be320 TRACE   GST_PERFORMANCE gststructure.c:512:gst_structure_copy: doing copy 0x17de600 -> 0x17e11f0
0:00:00.004379316  2472 0x17be320 DEBUG   GST_ELEMENT_PADS gstelement.c:312:gst_element_base_class_init: type GstFakeSrc : factory 0x17e0b50
0:00:00.004412442  2472 0x17be320 TRACE   GST_CAPS gstcaps.c:263:gst_caps_new_empty: created caps 0x17e1f60
0:00:00.004418294  2472 0x17be320 TRACE   GST_CAPS gstcaps.c:440:gst_static_caps_get: created 0x7f1cf969f260 from string ANY
0:00:00.004423777  2472 0x17be320 TRACE   GST_REFCOUNTING gstminiobject.c:479:gst_mini_object_ref: 0x17e1f60 ref 1->2
0:00:00.004430700  2472 0x17be320 TRACE   GST_REFCOUNTING gstobject.c:208:gst_object_init: 0x17e20e0 new
0:00:00.004437691  2472 0x17be320 TRACE   GST_REFCOUNTING gstminiobject.c:479:gst_mini_object_ref: 0x17e1f60 ref 2->3
0:00:00.004444434  2472 0x17be320 TRACE   GST_REFCOUNTING gstminiobject.c:661:gst_mini_object_unref: 0x17e1f60 unref 3->2
0:00:00.004450193  2472 0x17be320 TRACE   GST_REFCOUNTING gstobject.c:294:gst_object_ref_sink: 0x17e20e0 ref_sink 1->2
0:00:00.004457612  2472 0x17be320 TRACE   structure gststructure.c:292:gst_structure_new_id_empty_with_size: created structure 0x17e2340
0:00:00.004463241  2472 0x17be320 TRACE   GST_PERFORMANCE gststructure.c:512:gst_structure_copy: doing copy 0x17e11f0 -> 0x17e2340
0:00:00.004470490  2472 0x17be320 DEBUG   GST_REGISTRY gstregistry.c:590:gst_registry_add_feature: adding feature 0x17e0b50 (fakesrc)
0:00:00.004475848  2472 0x17be320 DEBUG   GST_REFCOUNTING gstobject.c:709:gst_object_set_parent: set parent (ref and sink)
0:00:00.004481885  2472 0x17be320 TRACE   GST_REFCOUNTING gstobject.c:294:gst_object_ref_sink: 0x17e0b50 ref_sink 1->2
0:00:00.004487688  2472 0x17be320 LOG   GST_REGISTRY gstregistry.c:608:gst_registry_add_feature: emitting feature-added for fakesrc
0:00:00.004508150  2472 0x17be320 TRACE   GST_REFCOUNTING gstobject.c:208:gst_object_init: 0x17e26a0 new
0:00:00.004515683  2472 0x17be320 LOG   GST_ELEMENT_FACTORY gstelementfactory.c:238:gst_element_register: Created new elementfactory for type GstFakeSink
0:00:00.004544824  2472 0x17be320 TRACE   structure gststructure.c:292:gst_structure_new_id_empty_with_size: created structure 0x17e2d30
0:00:00.004552957  2472 0x17be320 TRACE   GST_PERFORMANCE gststructure.c:512:gst_structure_copy: doing copy 0x17c4b40 -> 0x17e2d30
0:00:00.004562330  2472 0x17be320 DEBUG   GST_ELEMENT_PADS gstelement.c:312:gst_element_base_class_init: type GstBaseSink : factory (nil)
0:00:00.004586702  2472 0x17be320 TRACE   structure gststructure.c:292:gst_structure_new_id_empty_with_size: created structure 0x17e39e0
0:00:00.004592048  2472 0x17be320 TRACE   GST_PERFORMANCE gststructure.c:512:gst_structure_copy: doing copy 0x17e2d30 -> 0x17e39e0
0:00:00.004597952  2472 0x17be320 DEBUG   GST_ELEMENT_PADS gstelement.c:312:gst_element_base_class_init: type GstFakeSink : factory 0x17e26a0
0:00:00.004620946  2472 0x17be320 TRACE   GST_CAPS gstcaps.c:263:gst_caps_new_empty: created caps 0x17e42b0
0:00:00.004626590  2472 0x17be320 TRACE   GST_CAPS gstcaps.c:440:gst_static_caps_get: created 0x7f1cf969f220 from string ANY
0:00:00.004631917  2472 0x17be320 TRACE   GST_REFCOUNTING gstminiobject.c:479:gst_mini_object_ref: 0x17e42b0 ref 1->2
0:00:00.004638784  2472 0x17be320 TRACE   GST_REFCOUNTING gstobject.c:208:gst_object_init: 0x17e45a0 new
0:00:00.004645563  2472 0x17be320 TRACE   GST_REFCOUNTING gstminiobject.c:479:gst_mini_object_ref: 0x17e42b0 ref 2->3
0:00:00.004652139  2472 0x17be320 TRACE   GST_REFCOUNTING gstminiobject.c:661:gst_mini_object_unref: 0x17e42b0 unref 3->2
0:00:00.004657845  2472 0x17be320 TRACE   GST_REFCOUNTING gstobject.c:294:gst_object_ref_sink: 0x17e45a0 ref_sink 1->2
0:00:00.004664593  2472 0x17be320 TRACE   structure gststructure.c:292:gst_structure_new_id_empty_with_size: created structure 0x17e4730
0:00:00.004670066  2472 0x17be320 TRACE   GST_PERFORMANCE gststructure.c:512:gst_structure_copy: doing copy 0x17e39e0 -> 0x17e4730
0:00:00.004676958  2472 0x17be320 DEBUG   GST_REGISTRY gstregistry.c:590:gst_registry_add_feature: adding feature 0x17e26a0 (fakesink)
0:00:00.004682216  2472 0x17be320 DEBUG   GST_REFCOUNTING gstobject.c:709:gst_object_set_parent: set parent (ref and sink)
0:00:00.004687751  2472 0x17be320 TRACE   GST_REFCOUNTING gstobject.c:294:gst_object_ref_sink: 0x17e26a0 ref_sink 1->2
0:00:00.004693163  2472 0x17be320 LOG   GST_REGISTRY gstregistry.c:608:gst_registry_add_feature: emitting feature-added for fakesink
0:00:00.004712268  2472 0x17be320 TRACE   GST_REFCOUNTING gstobject.c:208:gst_object_init: 0x17e4cd0 new
0:00:00.004724492  2472 0x17be320 LOG   GST_ELEMENT_FACTORY gstelementfactory.c:238:gst_element_register: Created new elementfactory for type GstFdSrc
0:00:00.004733145  2472 0x17be320 TRACE   structure gststructure.c:292:gst_structure_new_id_empty_with_size: created structure 0x17e5290
0:00:00.004738081  2472 0x17be320 TRACE   GST_PERFORMANCE gststructure.c:512:gst_structure_copy: doing copy 0x17de600 -> 0x17e5290
0:00:00.004743407  2472 0x17be320 DEBUG   GST_ELEMENT_PADS gstelement.c:312:gst_element_base_class_init: type GstPushSrc : factory (nil)
0:00:00.004749503  2472 0x17be320 TRACE   structure gststructure.c:292:gst_structure_new_id_empty_with_size: created structure 0x17e5730
0:00:00.004754407  2472 0x17be320 TRACE   GST_PERFORMANCE gststructure.c:512:gst_structure_copy: doing copy 0x17e5290 -> 0x17e5730
0:00:00.004759653  2472 0x17be320 DEBUG   GST_ELEMENT_PADS gstelement.c:312:gst_element_base_class_init: type GstFdSrc : factory 0x17e4cd0
0:00:00.004768496  2472 0x17be320 TRACE   GST_CAPS gstcaps.c:263:gst_caps_new_empty: created caps 0x17e4e60
0:00:00.004773734  2472 0x17be320 TRACE   GST_CAPS gstcaps.c:440:gst_static_caps_get: created 0x7f1cf969f2f0 from string ANY
0:00:00.004778903  2472 0x17be320 TRACE   GST_REFCOUNTING gstminiobject.c:479:gst_mini_object_ref: 0x17e4e60 ref 1->2
0:00:00.004785188  2472 0x17be320 TRACE   GST_REFCOUNTING gstobject.c:208:gst_object_init: 0x17e5a50 new
0:00:00.004791658  2472 0x17be320 TRACE   GST_REFCOUNTING gstminiobject.c:479:gst_mini_object_ref: 0x17e4e60 ref 2->3
0:00:00.004797774  2472 0x17be320 TRACE   GST_REFCOUNTING gstminiobject.c:661:gst_mini_object_unref: 0x17e4e60 unref 3->2
0:00:00.004821463  2472 0x17be320 TRACE   GST_REFCOUNTING gstobject.c:294:gst_object_ref_sink: 0x17e5a50 ref_sink 1->2
0:00:00.004838547  2472 0x17be320 TRACE   structure gststructure.c:292:gst_structure_new_id_empty_with_size: created structure 0x17dea40
0:00:00.004844999  2472 0x17be320 TRACE   GST_PERFORMANCE gststructure.c:512:gst_structure_copy: doing copy 0x17e5730 -> 0x17dea40
0:00:00.004853504  2472 0x17be320 DEBUG   GST_REGISTRY gstregistry.c:590:gst_registry_add_feature: adding feature 0x17e4cd0 (fdsrc)
0:00:00.004859078  2472 0x17be320 DEBUG   GST_REFCOUNTING gstobject.c:709:gst_object_set_parent: set parent (ref and sink)
0:00:00.004865323  2472 0x17be320 TRACE   GST_REFCOUNTING gstobject.c:294:gst_object_ref_sink: 0x17e4cd0 ref_sink 1->2
0:00:00.004871272  2472 0x17be320 LOG   GST_REGISTRY gstregistry.c:608:gst_registry_add_feature: emitting feature-added for fdsrc
0:00:00.004881636  2472 0x17be320 TRACE   GST_REFCOUNTING gstobject.c:208:gst_object_init: 0x17dee20 new
0:00:00.004889764  2472 0x17be320 LOG   GST_ELEMENT_FACTORY gstelementfactory.c:238:gst_element_register: Created new elementfactory for type GstFdSink
0:00:00.004898752  2472 0x17be320 TRACE   structure gststructure.c:292:gst_structure_new_id_empty_with_size: created structure 0x17df1b0
0:00:00.004907959  2472 0x17be320 TRACE   GST_PERFORMANCE gststructure.c:512:gst_structure_copy: doing copy 0x17e2d30 -> 0x17df1b0
0:00:00.004914099  2472 0x17be320 DEBUG   GST_ELEMENT_PADS gstelement.c:312:gst_element_base_class_init: type GstFdSink : factory 0x17dee20
0:00:00.004920768  2472 0x17be320 TRACE   GST_CAPS gstcaps.c:263:gst_caps_new_empty: created caps 0x17df160
0:00:00.004926388  2472 0x17be320 TRACE   GST_CAPS gstcaps.c:440:gst_static_caps_get: created 0x7f1cf969f2a0 from string ANY
0:00:00.004931874  2472 0x17be320 TRACE   GST_REFCOUNTING gstminiobject.c:479:gst_mini_object_ref: 0x17df160 ref 1->2
0:00:00.004938388  2472 0x17be320 TRACE   GST_REFCOUNTING gstobject.c:208:gst_object_init: 0x17e7240 new
0:00:00.004945142  2472 0x17be320 TRACE   GST_REFCOUNTING gstminiobject.c:479:gst_mini_object_ref: 0x17df160 ref 2->3
0:00:00.004951829  2472 0x17be320 TRACE   GST_REFCOUNTING gstminiobject.c:661:gst_mini_object_unref: 0x17df160 unref 3->2
0:00:00.004957839  2472 0x17be320 TRACE   GST_REFCOUNTING gstobject.c:294:gst_object_ref_sink: 0x17e7240 ref_sink 1->2
0:00:00.004967057  2472 0x17be320 TRACE   structure gststructure.c:292:gst_structure_new_id_empty_with_size: created structure 0x17e7360
0:00:00.004972884  2472 0x17be320 TRACE   GST_PERFORMANCE gststructure.c:512:gst_structure_copy: doing copy 0x17df1b0 -> 0x17e7360
0:00:00.004980569  2472 0x17be320 DEBUG   GST_REGISTRY gstregistry.c:590:gst_registry_add_feature: adding feature 0x17dee20 (fdsink)
0:00:00.004987066  2472 0x17be320 DEBUG   GST_REFCOUNTING gstobject.c:709:gst_object_set_parent: set parent (ref and sink)
0:00:00.004992952  2472 0x17be320 TRACE   GST_REFCOUNTING gstobject.c:294:gst_object_ref_sink: 0x17dee20 ref_sink 1->2
0:00:00.004998727  2472 0x17be320 LOG   GST_REGISTRY gstregistry.c:608:gst_registry_add_feature: emitting feature-added for fdsink
0:00:00.005009212  2472 0x17be320 TRACE   GST_REFCOUNTING gstobject.c:208:gst_object_init: 0x17e78d0 new
