0:00:00.014168235  2472 0x17be320 DEBUG   GST_POLL gstpoll.c:980:gst_poll_fd_ctl_write: 0x17c69c0: fd (fd:0, idx:1), active : 1
0:00:00.018152870  2471 0x190f370 DEBUG   GST_REGISTRY gstregistrychunks.c:741:gst_registry_chunks_load_feature: Added feature concat, plugin 0x19293e0 coreelements
0:00:00.014173525  2472 0x17be320 LOG   GST_POLL gstpoll.c:994:gst_poll_fd_ctl_write: 0x17c69c0: pfd->events now 60 (POLLOUT:4)
0:00:00.018159010  2471 0x190f370 DEBUG   GST_REGISTRY gstregistrychunks.c:583:gst_registry_chunks_load_feature: Plugin 'coreelements' feature 'clocksync' typename : 'GstElementFactory'
0:00:00.014179804  2472 0x17be320 DEBUG   GST_POLL gstpoll.c:980:gst_poll_fd_ctl_write: 0x17c69c0: fd (fd:0, idx:1), active : 1
0:00:00.018165625  2471 0x190f370 TRACE   GST_REFCOUNTING gstobject.c:208:gst_object_init: 0x1930c90 new
0:00:00.014185625  2472 0x17be320 LOG   GST_POLL gstpoll.c:994:gst_poll_fd_ctl_write: 0x17c69c0: pfd->events now 60 (POLLOUT:4)
0:00:00.018172338  2471 0x190f370 LOG   GST_REGISTRY gstregistrychunks.c:610:gst_registry_chunks_load_feature: Reading/casting for GstRegistryChunkElementFactory at address 0x192c4d8
0:00:00.014193173  2472 0x17be320 DEBUG   GST_POLL gstpoll.c:980:gst_poll_fd_ctl_write: 0x17c69c0: fd (fd:0, idx:1), active : 1
0:00:00.018178046  2471 0x190f370 TRACE   structure gststructure.c:292:gst_structure_new_id_empty_with_size: created structure 0x1931520
0:00:00.014199110  2472 0x17be320 LOG   GST_POLL gstpoll.c:994:gst_poll_fd_ctl_write: 0x17c69c0: pfd->events now 60 (POLLOUT:4)
0:00:00.018183395  2471 0x190f370 DEBUG   structure gststructure.c:2258:gst_structure_parse_field: trying field name 'long-name'
0:00:00.014204778  2472 0x17be320 DEBUG   GST_POLL gstpoll.c:980:gst_poll_fd_ctl_write: 0x17c69c0: fd (fd:0, idx:1), active : 1
0:00:00.018188509  2471 0x190f370 DEBUG   default gstvalue.c:2776:_priv_gst_value_parse_value: trying type name 'string'
0:00:00.014209975  2472 0x17be320 LOG   GST_POLL gstpoll.c:994:gst_poll_fd_ctl_write: 0x17c69c0: pfd->events now 60 (POLLOUT:4)
0:00:00.018194117  2471 0x190f370 DEBUG   structure gststructure.c:2258:gst_structure_parse_field: trying field name 'klass'
0:00:00.014215507  2472 0x17be320 DEBUG   GST_POLL gstpoll.c:980:gst_poll_fd_ctl_write: 0x17c69c0: fd (fd:0, idx:1), active : 1
0:00:00.018202592  2471 0x190f370 DEBUG   default gstvalue.c:2776:_priv_gst_value_parse_value: trying type name 'string'
0:00:00.014223944  2472 0x17be320 LOG   GST_POLL gstpoll.c:994:gst_poll_fd_ctl_write: 0x17c69c0: pfd->events now 60 (POLLOUT:4)
0:00:00.018208149  2471 0x190f370 DEBUG   structure gststructure.c:2258:gst_structure_parse_field: trying field name 'description'
0:00:00.014229379  2472 0x17be320 DEBUG   GST_POLL gstpoll.c:980:gst_poll_fd_ctl_write: 0x17c69c0: fd (fd:0, idx:1), active : 1
0:00:00.018213249  2471 0x190f370 DEBUG   default gstvalue.c:2776:_priv_gst_value_parse_value: trying type name 'string'
0:00:00.014234665  2472 0x17be320 LOG   GST_POLL gstpoll.c:994:gst_poll_fd_ctl_write: 0x17c69c0: pfd->events now 60 (POLLOUT:4)
0:00:00.018218894  2471 0x190f370 DEBUG   structure gststructure.c:2258:gst_structure_parse_field: trying field name 'author'
0:00:00.014240332  2472 0x17be320 DEBUG   GST_POLL gstpoll.c:980:gst_poll_fd_ctl_write: 0x17c69c0: fd (fd:0, idx:1), active : 1
0:00:00.018223896  2471 0x190f370 DEBUG   default gstvalue.c:2776:_priv_gst_value_parse_value: trying type name 'string'
0:00:00.014245688  2472 0x17be320 LOG   GST_POLL gstpoll.c:994:gst_poll_fd_ctl_write: 0x17c69c0: pfd->events now 60 (POLLOUT:4)
0:00:00.018229717  2471 0x190f370 DEBUG   GST_REGISTRY gstregistrychunks.c:626:gst_registry_chunks_load_feature: Element factory : npadtemplates=2
0:00:00.014251193  2472 0x17be320 DEBUG   GST_POLL gstpoll.c:980:gst_poll_fd_ctl_write: 0x17c69c0: fd (fd:0, idx:1), active : 1
0:00:00.018234868  2471 0x190f370 DEBUG   GST_REGISTRY gstregistrychunks.c:526:gst_registry_chunks_load_pad_template: Reading/casting for GstRegistryChunkPadTemplate at address 0x192c5a8
0:00:00.014256395  2472 0x17be320 LOG   GST_POLL gstpoll.c:994:gst_poll_fd_ctl_write: 0x17c69c0: pfd->events now 60 (POLLOUT:4)
0:00:00.018240404  2471 0x190f370 DEBUG   GST_REGISTRY gstregistrychunks.c:539:gst_registry_chunks_load_pad_template: Added pad_template sink
0:00:00.014261992  2472 0x17be320 DEBUG   GST_POLL gstpoll.c:980:gst_poll_fd_ctl_write: 0x17c69c0: fd (fd:0, idx:1), active : 1
0:00:00.018245428  2471 0x190f370 DEBUG   GST_REGISTRY gstregistrychunks.c:526:gst_registry_chunks_load_pad_template: Reading/casting for GstRegistryChunkPadTemplate at address 0x192c5c0
0:00:00.014267219  2472 0x17be320 LOG   GST_POLL gstpoll.c:994:gst_poll_fd_ctl_write: 0x17c69c0: pfd->events now 60 (POLLOUT:4)
0:00:00.018250840  2471 0x190f370 DEBUG   GST_REGISTRY gstregistrychunks.c:539:gst_registry_chunks_load_pad_template: Added pad_template src
0:00:00.014272742  2472 0x17be320 DEBUG   GST_POLL gstpoll.c:980:gst_poll_fd_ctl_write: 0x17c69c0: fd (fd:0, idx:1), active : 1
0:00:00.018257112  2471 0x190f370 DEBUG   GST_REGISTRY gstregistry.c:590:gst_registry_add_feature: adding feature 0x1930c90 (clocksync)
0:00:00.014278121  2472 0x17be320 LOG   GST_POLL gstpoll.c:994:gst_poll_fd_ctl_write: 0x17c69c0: pfd->events now 60 (POLLOUT:4)
0:00:00.018262666  2471 0x190f370 DEBUG   GST_REFCOUNTING gstobject.c:709:gst_object_set_parent: set parent (ref and sink)
0:00:00.014287990  2472 0x17be320 DEBUG   GST_POLL gstpoll.c:980:gst_poll_fd_ctl_write: 0x17c69c0: fd (fd:0, idx:1), active : 1
0:00:00.018271070  2471 0x190f370 TRACE   GST_REFCOUNTING gstobject.c:294:gst_object_ref_sink: 0x1930c90 ref_sink 1->2
0:00:00.014293456  2472 0x17be320 LOG   GST_POLL gstpoll.c:994:gst_poll_fd_ctl_write: 0x17c69c0: pfd->events now 60 (POLLOUT:4)
0:00:00.018277076  2471 0x190f370 LOG   GST_REGISTRY gstregistry.c:608:gst_registry_add_feature: emitting feature-added for clocksync
0:00:00.014298979  2472 0x17be320 DEBUG   GST_POLL gstpoll.c:980:gst_poll_fd_ctl_write: 0x17c69c0: fd (fd:0, idx:1), active : 1
0:00:00.018283308  2471 0x190f370 DEBUG   GST_REGISTRY gstregistrychunks.c:741:gst_registry_chunks_load_feature: Added feature clocksync, plugin 0x19293e0 coreelements
0:00:00.014304247  2472 0x17be320 LOG   GST_POLL gstpoll.c:994:gst_poll_fd_ctl_write: 0x17c69c0: pfd->events now 60 (POLLOUT:4)
0:00:00.018289579  2471 0x190f370 DEBUG   GST_REGISTRY gstregistrychunks.c:583:gst_registry_chunks_load_feature: Plugin 'coreelements' feature 'capsfilter' typename : 'GstElementFactory'
0:00:00.014310307  2472 0x17be320 DEBUG   GST_POLL gstpoll.c:980:gst_poll_fd_ctl_write: 0x17c69c0: fd (fd:0, idx:1), active : 1
0:00:00.018296370  2471 0x190f370 TRACE   GST_REFCOUNTING gstobject.c:208:gst_object_init: 0x19312d0 new
0:00:00.014316192  2472 0x17be320 LOG   GST_POLL gstpoll.c:994:gst_poll_fd_ctl_write: 0x17c69c0: pfd->events now 60 (POLLOUT:4)
0:00:00.018303252  2471 0x190f370 LOG   GST_REGISTRY gstregistrychunks.c:610:gst_registry_chunks_load_feature: Reading/casting for GstRegistryChunkElementFactory at address 0x192c5f0
0:00:00.014323749  2472 0x17be320 DEBUG   GST_POLL gstpoll.c:980:gst_poll_fd_ctl_write: 0x17c69c0: fd (fd:0, idx:1), active : 1
0:00:00.018308898  2471 0x190f370 TRACE   structure gststructure.c:292:gst_structure_new_id_empty_with_size: created structure 0x1931a50
0:00:00.014329931  2472 0x17be320 LOG   GST_POLL gstpoll.c:994:gst_poll_fd_ctl_write: 0x17c69c0: pfd->events now 60 (POLLOUT:4)
0:00:00.018314186  2471 0x190f370 DEBUG   structure gststructure.c:2258:gst_structure_parse_field: trying field name 'long-name'
0:00:00.014335534  2472 0x17be320 DEBUG   GST_POLL gstpoll.c:980:gst_poll_fd_ctl_write: 0x17c69c0: fd (fd:0, idx:1), active : 1
0:00:00.018319222  2471 0x190f370 DEBUG   default gstvalue.c:2776:_priv_gst_value_parse_value: trying type name 'string'
0:00:00.014340843  2472 0x17be320 LOG   GST_POLL gstpoll.c:994:gst_poll_fd_ctl_write: 0x17c69c0: pfd->events now 60 (POLLOUT:4)
0:00:00.018324818  2471 0x190f370 DEBUG   structure gststructure.c:2258:gst_structure_parse_field: trying field name 'klass'
0:00:00.014346322  2472 0x17be320 DEBUG   GST_POLL gstpoll.c:980:gst_poll_fd_ctl_write: 0x17c69c0: fd (fd:0, idx:1), active : 1
0:00:00.018329923  2471 0x190f370 DEBUG   default gstvalue.c:2776:_priv_gst_value_parse_value: trying type name 'string'
0:00:00.014354968  2472 0x17be320 LOG   GST_POLL gstpoll.c:994:gst_poll_fd_ctl_write: 0x17c69c0: pfd->events now 60 (POLLOUT:4)
0:00:00.018338234  2471 0x190f370 DEBUG   structure gststructure.c:2258:gst_structure_parse_field: trying field name 'description'
0:00:00.014360534  2472 0x17be320 DEBUG   GST_POLL gstpoll.c:980:gst_poll_fd_ctl_write: 0x17c69c0: fd (fd:0, idx:1), active : 1
0:00:00.018343282  2471 0x190f370 DEBUG   default gstvalue.c:2776:_priv_gst_value_parse_value: trying type name 'string'
0:00:00.018349574  2471 0x190f370 DEBUG   structure gststructure.c:2258:gst_structure_parse_field: trying field name 'author'
0:00:00.014370135  2472 0x17be320 LOG   GST_POLL gstpoll.c:994:gst_poll_fd_ctl_write: 0x17c69c0: pfd->events now 60 (POLLOUT:4)
0:00:00.018354229  2471 0x190f370 DEBUG   default gstvalue.c:2776:_priv_gst_value_parse_value: trying type name 'string'
0:00:00.014375774  2472 0x17be320 DEBUG   GST_POLL gstpoll.c:980:gst_poll_fd_ctl_write: 0x17c69c0: fd (fd:0, idx:1), active : 1
0:00:00.018359764  2471 0x190f370 DEBUG   GST_REGISTRY gstregistrychunks.c:626:gst_registry_chunks_load_feature: Element factory : npadtemplates=2
0:00:00.014381269  2472 0x17be320 LOG   GST_POLL gstpoll.c:994:gst_poll_fd_ctl_write: 0x17c69c0: pfd->events now 60 (POLLOUT:4)
0:00:00.018365034  2471 0x190f370 DEBUG   GST_REGISTRY gstregistrychunks.c:526:gst_registry_chunks_load_pad_template: Reading/casting for GstRegistryChunkPadTemplate at address 0x192c6d0
0:00:00.014386810  2472 0x17be320 DEBUG   GST_POLL gstpoll.c:980:gst_poll_fd_ctl_write: 0x17c69c0: fd (fd:0, idx:1), active : 1
0:00:00.018370396  2471 0x190f370 DEBUG   GST_REGISTRY gstregistrychunks.c:539:gst_registry_chunks_load_pad_template: Added pad_template sink
0:00:00.014392101  2472 0x17be320 LOG   GST_POLL gstpoll.c:994:gst_poll_fd_ctl_write: 0x17c69c0: pfd->events now 60 (POLLOUT:4)
0:00:00.018375544  2471 0x190f370 DEBUG   GST_REGISTRY gstregistrychunks.c:526:gst_registry_chunks_load_pad_template: Reading/casting for GstRegistryChunkPadTemplate at address 0x192c6e8
0:00:00.014397565  2472 0x17be320 DEBUG   GST_POLL gstpoll.c:980:gst_poll_fd_ctl_write: 0x17c69c0: fd (fd:0, idx:1), active : 1
0:00:00.018380750  2471 0x190f370 DEBUG   GST_REGISTRY gstregistrychunks.c:539:gst_registry_chunks_load_pad_template: Added pad_template src
0:00:00.014402919  2472 0x17be320 LOG   GST_POLL gstpoll.c:994:gst_poll_fd_ctl_write: 0x17c69c0: pfd->events now 60 (POLLOUT:4)
0:00:00.018387468  2471 0x190f370 DEBUG   GST_REGISTRY gstregistry.c:590:gst_registry_add_feature: adding feature 0x19312d0 (capsfilter)
0:00:00.014408477  2472 0x17be320 DEBUG   GST_POLL gstpoll.c:980:gst_poll_fd_ctl_write: 0x17c69c0: fd (fd:0, idx:1), active : 1
0:00:00.018392890  2471 0x190f370 DEBUG   GST_REFCOUNTING gstobject.c:709:gst_object_set_parent: set parent (ref and sink)
0:00:00.014414023  2472 0x17be320 LOG   GST_POLL gstpoll.c:994:gst_poll_fd_ctl_write: 0x17c69c0: pfd->events now 60 (POLLOUT:4)
0:00:00.018403368  2471 0x190f370 TRACE   GST_REFCOUNTING gstobject.c:294:gst_object_ref_sink: 0x19312d0 ref_sink 1->2
0:00:00.014424048  2472 0x17be320 DEBUG   GST_POLL gstpoll.c:980:gst_poll_fd_ctl_write: 0x17c69c0: fd (fd:0, idx:1), active : 1
0:00:00.018409434  2471 0x190f370 LOG   GST_REGISTRY gstregistry.c:608:gst_registry_add_feature: emitting feature-added for capsfilter
0:00:00.014430464  2472 0x17be320 LOG   GST_POLL gstpoll.c:994:gst_poll_fd_ctl_write: 0x17c69c0: pfd->events now 60 (POLLOUT:4)
0:00:00.018415700  2471 0x190f370 DEBUG   GST_REGISTRY gstregistrychunks.c:741:gst_registry_chunks_load_feature: Added feature capsfilter, plugin 0x19293e0 coreelements
0:00:00.014436408  2472 0x17be320 DEBUG   GST_POLL gstpoll.c:980:gst_poll_fd_ctl_write: 0x17c69c0: fd (fd:0, idx:1), active : 1
0:00:00.014442461  2472 0x17be320 LOG   GST_POLL gstpoll.c:994:gst_poll_fd_ctl_write: 0x17c69c0: pfd->events now 60 (POLLOUT:4)
0:00:00.018422868  2471 0x190f370 LOG   GST_PLUGIN_LOADING gstpluginloader.c:888:handle_rx_packet: marking plugin 0x19293e0 as registered as /home/conan/w/prod/BuildSingleReference/.conan/data/gstreamer/1.19.1/_/_/package/7935acf34602213af1e3939e2637ba8a4da1774a/lib/gstreamer-1.0/libgstcoreelements.so
0:00:00.014447537  2472 0x17be320 DEBUG   GST_POLL gstpoll.c:980:gst_poll_fd_ctl_write: 0x17c69c0: fd (fd:0, idx:1), active : 1
0:00:00.018432588  2471 0x190f370 DEBUG   GST_POLL gstpoll.c:1414:gst_poll_wait: 0x1928d60: timeout :0:00:01.000000000
0:00:00.014452769  2472 0x17be320 LOG   GST_POLL gstpoll.c:994:gst_poll_fd_ctl_write: 0x17c69c0: pfd->events now 60 (POLLOUT:4)
0:00:00.014459501  2472 0x17be320 DEBUG   GST_POLL gstpoll.c:980:gst_poll_fd_ctl_write: 0x17c69c0: fd (fd:0, idx:1), active : 1
0:00:00.014464295  2472 0x17be320 LOG   GST_POLL gstpoll.c:994:gst_poll_fd_ctl_write: 0x17c69c0: pfd->events now 60 (POLLOUT:4)
0:00:00.014469339  2472 0x17be320 DEBUG   GST_POLL gstpoll.c:980:gst_poll_fd_ctl_write: 0x17c69c0: fd (fd:0, idx:1), active : 1
0:00:00.014474153  2472 0x17be320 LOG   GST_POLL gstpoll.c:994:gst_poll_fd_ctl_write: 0x17c69c0: pfd->events now 60 (POLLOUT:4)
0:00:00.014479146  2472 0x17be320 DEBUG   GST_POLL gstpoll.c:980:gst_poll_fd_ctl_write: 0x17c69c0: fd (fd:0, idx:1), active : 1
0:00:00.014483945  2472 0x17be320 LOG   GST_POLL gstpoll.c:994:gst_poll_fd_ctl_write: 0x17c69c0: pfd->events now 60 (POLLOUT:4)
0:00:00.014489044  2472 0x17be320 DEBUG   GST_POLL gstpoll.c:980:gst_poll_fd_ctl_write: 0x17c69c0: fd (fd:0, idx:1), active : 1
0:00:00.014493814  2472 0x17be320 LOG   GST_POLL gstpoll.c:994:gst_poll_fd_ctl_write: 0x17c69c0: pfd->events now 60 (POLLOUT:4)
0:00:00.014498824  2472 0x17be320 DEBUG   GST_POLL gstpoll.c:980:gst_poll_fd_ctl_write: 0x17c69c0: fd (fd:0, idx:1), active : 1
0:00:00.014503612  2472 0x17be320 LOG   GST_POLL gstpoll.c:994:gst_poll_fd_ctl_write: 0x17c69c0: pfd->events now 60 (POLLOUT:4)
0:00:00.014512205  2472 0x17be320 DEBUG   GST_POLL gstpoll.c:980:gst_poll_fd_ctl_write: 0x17c69c0: fd (fd:0, idx:1), active : 1
0:00:00.014531588  2472 0x17be320 LOG   GST_POLL gstpoll.c:994:gst_poll_fd_ctl_write: 0x17c69c0: pfd->events now 60 (POLLOUT:4)
0:00:00.014542649  2472 0x17be320 DEBUG   GST_POLL gstpoll.c:980:gst_poll_fd_ctl_write: 0x17c69c0: fd (fd:0, idx:1), active : 1
0:00:00.014548893  2472 0x17be320 LOG   GST_POLL gstpoll.c:994:gst_poll_fd_ctl_write: 0x17c69c0: pfd->events now 60 (POLLOUT:4)
0:00:00.014554009  2472 0x17be320 DEBUG   GST_POLL gstpoll.c:980:gst_poll_fd_ctl_write: 0x17c69c0: fd (fd:0, idx:1), active : 1
0:00:00.014558783  2472 0x17be320 LOG   GST_POLL gstpoll.c:994:gst_poll_fd_ctl_write: 0x17c69c0: pfd->events now 60 (POLLOUT:4)
0:00:00.014563766  2472 0x17be320 DEBUG   GST_POLL gstpoll.c:980:gst_poll_fd_ctl_write: 0x17c69c0: fd (fd:0, idx:1), active : 1
0:00:00.014568488  2472 0x17be320 LOG   GST_POLL gstpoll.c:994:gst_poll_fd_ctl_write: 0x17c69c0: pfd->events now 60 (POLLOUT:4)
0:00:00.014573689  2472 0x17be320 DEBUG   GST_POLL gstpoll.c:980:gst_poll_fd_ctl_write: 0x17c69c0: fd (fd:0, idx:1), active : 1
0:00:00.014578575  2472 0x17be320 LOG   GST_POLL gstpoll.c:994:gst_poll_fd_ctl_write: 0x17c69c0: pfd->events now 60 (POLLOUT:4)
0:00:00.014583728  2472 0x17be320 DEBUG   GST_POLL gstpoll.c:980:gst_poll_fd_ctl_write: 0x17c69c0: fd (fd:0, idx:1), active : 1
0:00:00.014588553  2472 0x17be320 LOG   GST_POLL gstpoll.c:994:gst_poll_fd_ctl_write: 0x17c69c0: pfd->events now 60 (POLLOUT:4)
0:00:00.014593634  2472 0x17be320 DEBUG   GST_POLL gstpoll.c:980:gst_poll_fd_ctl_write: 0x17c69c0: fd (fd:0, idx:1), active : 1
0:00:00.014598443  2472 0x17be320 LOG   GST_POLL gstpoll.c:994:gst_poll_fd_ctl_write: 0x17c69c0: pfd->events now 60 (POLLOUT:4)
0:00:00.014603555  2472 0x17be320 DEBUG   GST_POLL gstpoll.c:980:gst_poll_fd_ctl_write: 0x17c69c0: fd (fd:0, idx:1), active : 1
0:00:00.014608359  2472 0x17be320 LOG   GST_POLL gstpoll.c:994:gst_poll_fd_ctl_write: 0x17c69c0: pfd->events now 60 (POLLOUT:4)
0:00:00.014616788  2472 0x17be320 TRACE   GST_REFCOUNTING gstobject.c:265:gst_object_unref: 0x17da220 unref 2->1
0:00:00.014623122  2472 0x17be320 DEBUG   GST_POLL gstpoll.c:1241:gst_poll_fd_has_error: 0x17c69c0: fd (fd:0, idx:1) 0
0:00:00.014628401  2472 0x17be320 DEBUG   GST_POLL gstpoll.c:1335:gst_poll_fd_can_write: 0x17c69c0: fd (fd:0, idx:1) 1
0:00:00.014633327  2472 0x17be320 LOG   GST_PLUGIN_LOADING gstpluginloader.c:689:write_one: Writing packet of size 488 bytes to fd 0
0:00:00.014647371  2472 0x17be320 DEBUG   GST_POLL gstpoll.c:1414:gst_poll_wait: 0x17c69c0: timeout :0:00:01.000000000
0:00:00.014655414  2472 0x17be320 LOG   GST_PLUGIN_LOADING gstpluginloader.c:1027:exchange_packets: Poll res = 2. 6872 bytes pending for write
0:00:00.014661072  2472 0x17be320 DEBUG   GST_POLL gstpoll.c:1241:gst_poll_fd_has_error: 0x17c69c0: fd (fd:5, idx:2) 0
0:00:00.018641748  2471 0x190f370 LOG   GST_PLUGIN_LOADING gstpluginloader.c:1027:exchange_packets: Poll res = 1. 0 bytes pending for write
0:00:00.014670423  2472 0x17be320 DEBUG   GST_POLL gstpoll.c:1266:gst_poll_fd_can_read_unlocked: 0x17c69c0: fd (fd:5, idx:2) 1
0:00:00.018655270  2471 0x190f370 DEBUG   GST_POLL gstpoll.c:1241:gst_poll_fd_has_error: 0x1928d60: fd (fd:8, idx:2) 0
0:00:00.014677985  2472 0x17be320 LOG   GST_PLUGIN_LOADING gstpluginloader.c:1005:read_one: No payload to read for 0 length packet type 1 tag 0
0:00:00.018661439  2471 0x190f370 DEBUG   GST_POLL gstpoll.c:1266:gst_poll_fd_can_read_unlocked: 0x1928d60: fd (fd:8, idx:2) 1
0:00:00.014684190  2472 0x17be320 DEBUG   GST_POLL gstpoll.c:1015:gst_poll_fd_ctl_read_unlocked: 0x17c69c0: fd (fd:5, idx:2), active : 0
0:00:00.014689953  2472 0x17be320 DEBUG   GST_POLL gstpoll.c:980:gst_poll_fd_ctl_write: 0x17c69c0: fd (fd:0, idx:1), active : 1
0:00:00.018671374  2471 0x190f370 DEBUG   GST_PLUGIN_LOADING gstpluginloader.c:849:handle_rx_packet: Received plugin details from child w/ tag 2. 476 bytes info
0:00:00.014694911  2472 0x17be320 LOG   GST_POLL gstpoll.c:994:gst_poll_fd_ctl_write: 0x17c69c0: pfd->events now 60 (POLLOUT:4)
0:00:00.018677957  2471 0x190f370 LOG   GST_REGISTRY gstregistrychunks.c:837:_priv_gst_registry_chunks_load_plugin: Reading/casting for GstRegistryChunkPluginElement at address 0x192ac30
0:00:00.014700455  2472 0x17be320 DEBUG   GST_POLL gstpoll.c:1241:gst_poll_fd_has_error: 0x17c69c0: fd (fd:0, idx:1) 0
0:00:00.018685261  2471 0x190f370 TRACE   GST_REFCOUNTING gstobject.c:208:gst_object_init: 0x1931b90 new
0:00:00.014705866  2472 0x17be320 DEBUG   GST_POLL gstpoll.c:1335:gst_poll_fd_can_write: 0x17c69c0: fd (fd:0, idx:1) 1
0:00:00.014712431  2472 0x17be320 LOG   GST_PLUGIN_LOADING gstpluginloader.c:689:write_one: Writing packet of size 6872 bytes to fd 0
0:00:00.018694435  2471 0x190f370 LOG   GST_REGISTRY gstregistrychunks.c:858:_priv_gst_registry_chunks_load_plugin: read strings for name='coretracers'
0:00:00.018700890  2471 0x190f370 LOG   GST_REGISTRY gstregistrychunks.c:859:_priv_gst_registry_chunks_load_plugin: desc.description='GStreamer core tracers'
0:00:00.014721172  2472 0x17be320 DEBUG   GST_POLL gstpoll.c:1414:gst_poll_wait: 0x17c69c0: timeout :0:00:01.000000000
0:00:00.018706444  2471 0x190f370 LOG   GST_REGISTRY gstregistrychunks.c:860:_priv_gst_registry_chunks_load_plugin: filename='/home/conan/w/prod/BuildSingleReference/.conan/data/gstreamer/1.19.1/_/_/package/7935acf34602213af1e3939e2637ba8a4da1774a/lib/gstreamer-1.0/libgstcoretracers.so'
0:00:00.014728887  2472 0x17be320 LOG   GST_PLUGIN_LOADING gstpluginloader.c:1027:exchange_packets: Poll res = 1. 12 bytes pending for write
0:00:00.018712302  2471 0x190f370 LOG   GST_REGISTRY gstregistrychunks.c:861:_priv_gst_registry_chunks_load_plugin: desc.version='1.19.1'
0:00:00.014734871  2472 0x17be320 DEBUG   GST_POLL gstpoll.c:1241:gst_poll_fd_has_error: 0x17c69c0: fd (fd:0, idx:1) 0
0:00:00.018717212  2471 0x190f370 LOG   GST_REGISTRY gstregistrychunks.c:862:_priv_gst_registry_chunks_load_plugin: desc.license='LGPL'
0:00:00.014740590  2472 0x17be320 DEBUG   GST_POLL gstpoll.c:1335:gst_poll_fd_can_write: 0x17c69c0: fd (fd:0, idx:1) 1
0:00:00.018727319  2471 0x190f370 LOG   GST_REGISTRY gstregistrychunks.c:863:_priv_gst_registry_chunks_load_plugin: desc.source='gstreamer'
0:00:00.014748685  2472 0x17be320 LOG   GST_PLUGIN_LOADING gstpluginloader.c:689:write_one: Writing packet of size 12 bytes to fd 0
0:00:00.018732567  2471 0x190f370 LOG   GST_REGISTRY gstregistrychunks.c:864:_priv_gst_registry_chunks_load_plugin: desc.package='GStreamer source release'
0:00:00.014755892  2472 0x17be320 DEBUG   GST_POLL gstpoll.c:980:gst_poll_fd_ctl_write: 0x17c69c0: fd (fd:0, idx:1), active : 0
0:00:00.018737727  2471 0x190f370 LOG   GST_REGISTRY gstregistrychunks.c:865:_priv_gst_registry_chunks_load_plugin: desc.origin='Unknown package origin'
0:00:00.014761465  2472 0x17be320 LOG   GST_POLL gstpoll.c:994:gst_poll_fd_ctl_write: 0x17c69c0: pfd->events now 56 (POLLOUT:4)
0:00:00.018744179  2471 0x190f370 LOG   GST_REGISTRY gstregistrychunks.c:866:_priv_gst_registry_chunks_load_plugin: desc.datetime=2021-06-01
0:00:00.018752726  2471 0x190f370 DEBUG   GST_REGISTRY gstregistry.c:449:gst_registry_add_plugin: Replacing existing plugin "/home/conan/w/prod/BuildSingleReference/.conan/data/gstreamer/1.19.1/_/_/package/7935acf34602213af1e3939e2637ba8a4da1774a/lib/gstreamer-1.0/libgstcoretracers.so" 0x1928dc0 with new plugin 0x1931b90 for filename "/home/conan/w/prod/BuildSingleReference/.conan/data/gstreamer/1.19.1/_/_/package/7935acf34602213af1e3939e2637ba8a4da1774a/lib/gstreamer-1.0/libgstcoretracers.so"
0:00:00.014775475  2472 0x17be320 DEBUG   GST_POLL gstpoll.c:772:gst_poll_free: 0x17c69c0: freeing
0:00:00.018763087  2471 0x190f370 TRACE   GST_REFCOUNTING gstobject.c:265:gst_object_unref: 0x1928dc0 unref 1->0
0:00:00.018770543  2471 0x190f370 TRACE   GST_REFCOUNTING gstobject.c:381:gst_object_dispose: 0x1928dc0 dispose
0:00:00.018777878  2471 0x190f370 DEBUG   GST_PLUGIN_LOADING gstplugin.c:136:gst_plugin_finalize: finalizing plugin
0:00:00.018785056  2471 0x190f370 TRACE   GST_REFCOUNTING gstobject.c:423:gst_object_finalize: 0x1928dc0 finalize
0:00:00.018798697  2471 0x190f370 DEBUG   GST_REGISTRY gstregistry.c:474:gst_registry_add_plugin: adding plugin 0x1931b90 for filename "/home/conan/w/prod/BuildSingleReference/.conan/data/gstreamer/1.19.1/_/_/package/7935acf34602213af1e3939e2637ba8a4da1774a/lib/gstreamer-1.0/libgstcoretracers.so"
0:00:00.018805408  2471 0x190f370 TRACE   GST_REFCOUNTING gstobject.c:294:gst_object_ref_sink: 0x1931b90 ref_sink 1->2
0:00:00.018811613  2471 0x190f370 LOG   GST_REGISTRY gstregistry.c:487:gst_registry_add_plugin: emitting plugin-added for filename "/home/conan/w/prod/BuildSingleReference/.conan/data/gstreamer/1.19.1/_/_/package/7935acf34602213af1e3939e2637ba8a4da1774a/lib/gstreamer-1.0/libgstcoretracers.so"
0:00:00.018817694  2471 0x190f370 DEBUG   GST_REGISTRY gstregistrychunks.c:887:_priv_gst_registry_chunks_load_plugin: Added plugin 'coretracers' plugin with 5 features from binary registry
0:00:00.018826948  2471 0x190f370 DEBUG   GST_REGISTRY gstregistrychunks.c:583:gst_registry_chunks_load_feature: Plugin 'coretracers' feature 'leaks' typename : 'GstTracerFactory'
0:00:00.018833718  2471 0x190f370 TRACE   GST_REFCOUNTING gstobject.c:208:gst_object_init: 0x19299e0 new
0:00:00.018840432  2471 0x190f370 DEBUG   GST_REGISTRY gstregistrychunks.c:718:gst_registry_chunks_load_feature: Reading/casting for GstRegistryChunkPluginFeature at address 0x192ad78
0:00:00.018846754  2471 0x190f370 DEBUG   GST_REGISTRY gstregistry.c:581:gst_registry_add_feature: replacing existing feature 0x1929c50 (leaks)
0:00:00.018852619  2471 0x190f370 DEBUG   GST_REGISTRY gstregistry.c:590:gst_registry_add_feature: adding feature 0x19299e0 (leaks)
0:00:00.018857676  2471 0x190f370 TRACE   GST_REFCOUNTING gstobject.c:788:gst_object_unparent: unparent
0:00:00.018863428  2471 0x190f370 TRACE   GST_REFCOUNTING gstobject.c:265:gst_object_unref: 0x1929c50 unref 1->0
0:00:00.018868980  2471 0x190f370 TRACE   GST_REFCOUNTING gstobject.c:381:gst_object_dispose: 0x1929c50 dispose
0:00:00.018875777  2471 0x190f370 DEBUG   GST_PLUGIN_LOADING gstpluginfeature.c:67:gst_plugin_feature_finalize: finalizing feature 0x1929c50: 'leaks'
0:00:00.018881378  2471 0x190f370 TRACE   GST_REFCOUNTING gstobject.c:423:gst_object_finalize: 0x1929c50 finalize
0:00:00.018886918  2471 0x190f370 DEBUG   GST_REFCOUNTING gstobject.c:709:gst_object_set_parent: set parent (ref and sink)
0:00:00.018892959  2471 0x190f370 TRACE   GST_REFCOUNTING gstobject.c:294:gst_object_ref_sink: 0x19299e0 ref_sink 1->2
0:00:00.018898500  2471 0x190f370 LOG   GST_REGISTRY gstregistry.c:608:gst_registry_add_feature: emitting feature-added for leaks
0:00:00.018904189  2471 0x190f370 DEBUG   GST_REGISTRY gstregistrychunks.c:741:gst_registry_chunks_load_feature: Added feature leaks, plugin 0x1931b90 coretracers
0:00:00.018916830  2471 0x190f370 DEBUG   GST_REGISTRY gstregistrychunks.c:583:gst_registry_chunks_load_feature: Plugin 'coretracers' feature 'stats' typename : 'GstTracerFactory'
0:00:00.018923123  2471 0x190f370 TRACE   GST_REFCOUNTING gstobject.c:208:gst_object_init: 0x1929c50 new
0:00:00.018929224  2471 0x190f370 DEBUG   GST_REGISTRY gstregistrychunks.c:718:gst_registry_chunks_load_feature: Reading/casting for GstRegistryChunkPluginFeature at address 0x192ad98
0:00:00.018935542  2471 0x190f370 DEBUG   GST_REGISTRY gstregistry.c:581:gst_registry_add_feature: replacing existing feature 0x1929e50 (stats)
0:00:00.018959640  2471 0x190f370 DEBUG   GST_REGISTRY gstregistry.c:590:gst_registry_add_feature: adding feature 0x1929c50 (stats)
0:00:00.018965189  2471 0x190f370 TRACE   GST_REFCOUNTING gstobject.c:788:gst_object_unparent: unparent
0:00:00.018971490  2471 0x190f370 TRACE   GST_REFCOUNTING gstobject.c:265:gst_object_unref: 0x1929e50 unref 1->0
0:00:00.018977484  2471 0x190f370 TRACE   GST_REFCOUNTING gstobject.c:381:gst_object_dispose: 0x1929e50 dispose
0:00:00.018988143  2471 0x190f370 DEBUG   GST_PLUGIN_LOADING gstpluginfeature.c:67:gst_plugin_feature_finalize: finalizing feature 0x1929e50: 'stats'
0:00:00.018993961  2471 0x190f370 TRACE   GST_REFCOUNTING gstobject.c:423:gst_object_finalize: 0x1929e50 finalize
0:00:00.018999710  2471 0x190f370 DEBUG   GST_REFCOUNTING gstobject.c:709:gst_object_set_parent: set parent (ref and sink)
0:00:00.019005957  2471 0x190f370 TRACE   GST_REFCOUNTING gstobject.c:294:gst_object_ref_sink: 0x1929c50 ref_sink 1->2
0:00:00.019011754  2471 0x190f370 LOG   GST_REGISTRY gstregistry.c:608:gst_registry_add_feature: emitting feature-added for stats
0:00:00.019017732  2471 0x190f370 DEBUG   GST_REGISTRY gstregistrychunks.c:741:gst_registry_chunks_load_feature: Added feature stats, plugin 0x1931b90 coretracers
0:00:00.019023931  2471 0x190f370 DEBUG   GST_REGISTRY gstregistrychunks.c:583:gst_registry_chunks_load_feature: Plugin 'coretracers' feature 'rusage' typename : 'GstTracerFactory'
0:00:00.019030475  2471 0x190f370 TRACE   GST_REFCOUNTING gstobject.c:208:gst_object_init: 0x1929e50 new
0:00:00.019036953  2471 0x190f370 DEBUG   GST_REGISTRY gstregistrychunks.c:718:gst_registry_chunks_load_feature: Reading/casting for GstRegistryChunkPluginFeature at address 0x192adb8
0:00:00.019043561  2471 0x190f370 DEBUG   GST_REGISTRY gstregistry.c:581:gst_registry_add_feature: replacing existing feature 0x1929fa0 (rusage)
0:00:00.019049775  2471 0x190f370 DEBUG   GST_REGISTRY gstregistry.c:590:gst_registry_add_feature: adding feature 0x1929e50 (rusage)
0:00:00.019055058  2471 0x190f370 TRACE   GST_REFCOUNTING gstobject.c:788:gst_object_unparent: unparent
0:00:00.019061215  2471 0x190f370 TRACE   GST_REFCOUNTING gstobject.c:265:gst_object_unref: 0x1929fa0 unref 1->0
0:00:00.019067127  2471 0x190f370 TRACE   GST_REFCOUNTING gstobject.c:381:gst_object_dispose: 0x1929fa0 dispose
0:00:00.019073655  2471 0x190f370 DEBUG   GST_PLUGIN_LOADING gstpluginfeature.c:67:gst_plugin_feature_finalize: finalizing feature 0x1929fa0: 'rusage'
0:00:00.019079278  2471 0x190f370 TRACE   GST_REFCOUNTING gstobject.c:423:gst_object_finalize: 0x1929fa0 finalize
0:00:00.019084767  2471 0x190f370 DEBUG   GST_REFCOUNTING gstobject.c:709:gst_object_set_parent: set parent (ref and sink)
0:00:00.019090962  2471 0x190f370 TRACE   GST_REFCOUNTING gstobject.c:294:gst_object_ref_sink: 0x1929e50 ref_sink 1->2
0:00:00.019096705  2471 0x190f370 LOG   GST_REGISTRY gstregistry.c:608:gst_registry_add_feature: emitting feature-added for rusage
0:00:00.019102726  2471 0x190f370 DEBUG   GST_REGISTRY gstregistrychunks.c:741:gst_registry_chunks_load_feature: Added feature rusage, plugin 0x1931b90 coretracers
0:00:00.019108807  2471 0x190f370 DEBUG   GST_REGISTRY gstregistrychunks.c:583:gst_registry_chunks_load_feature: Plugin 'coretracers' feature 'log' typename : 'GstTracerFactory'
0:00:00.019115130  2471 0x190f370 TRACE   GST_REFCOUNTING gstobject.c:208:gst_object_init: 0x1929fa0 new
0:00:00.019125608  2471 0x190f370 DEBUG   GST_REGISTRY gstregistrychunks.c:718:gst_registry_chunks_load_feature: Reading/casting for GstRegistryChunkPluginFeature at address 0x192add8
0:00:00.019132198  2471 0x190f370 DEBUG   GST_REGISTRY gstregistry.c:581:gst_registry_add_feature: replacing existing feature 0x192a0f0 (log)
0:00:00.019138427  2471 0x190f370 DEBUG   GST_REGISTRY gstregistry.c:590:gst_registry_add_feature: adding feature 0x1929fa0 (log)
0:00:00.019143567  2471 0x190f370 TRACE   GST_REFCOUNTING gstobject.c:788:gst_object_unparent: unparent
0:00:00.019149830  2471 0x190f370 TRACE   GST_REFCOUNTING gstobject.c:265:gst_object_unref: 0x192a0f0 unref 1->0
0:00:00.019155714  2471 0x190f370 TRACE   GST_REFCOUNTING gstobject.c:381:gst_object_dispose: 0x192a0f0 dispose
0:00:00.019161921  2471 0x190f370 DEBUG   GST_PLUGIN_LOADING gstpluginfeature.c:67:gst_plugin_feature_finalize: finalizing feature 0x192a0f0: 'log'
0:00:00.019167562  2471 0x190f370 TRACE   GST_REFCOUNTING gstobject.c:423:gst_object_finalize: 0x192a0f0 finalize
0:00:00.019173018  2471 0x190f370 DEBUG   GST_REFCOUNTING gstobject.c:709:gst_object_set_parent: set parent (ref and sink)
0:00:00.019179166  2471 0x190f370 TRACE   GST_REFCOUNTING gstobject.c:294:gst_object_ref_sink: 0x1929fa0 ref_sink 1->2
0:00:00.019184945  2471 0x190f370 LOG   GST_REGISTRY gstregistry.c:608:gst_registry_add_feature: emitting feature-added for log
0:00:00.019190852  2471 0x190f370 DEBUG   GST_REGISTRY gstregistrychunks.c:741:gst_registry_chunks_load_feature: Added feature log, plugin 0x1931b90 coretracers
0:00:00.019197112  2471 0x190f370 DEBUG   GST_REGISTRY gstregistrychunks.c:583:gst_registry_chunks_load_feature: Plugin 'coretracers' feature 'latency' typename : 'GstTracerFactory'
0:00:00.019203602  2471 0x190f370 TRACE   GST_REFCOUNTING gstobject.c:208:gst_object_init: 0x1928db0 new
0:00:00.019210276  2471 0x190f370 DEBUG   GST_REGISTRY gstregistrychunks.c:718:gst_registry_chunks_load_feature: Reading/casting for GstRegistryChunkPluginFeature at address 0x192ae00
0:00:00.019217058  2471 0x190f370 DEBUG   GST_REGISTRY gstregistry.c:581:gst_registry_add_feature: replacing existing feature 0x192a2f0 (latency)
0:00:00.019223481  2471 0x190f370 DEBUG   GST_REGISTRY gstregistry.c:590:gst_registry_add_feature: adding feature 0x1928db0 (latency)
0:00:00.019228657  2471 0x190f370 TRACE   GST_REFCOUNTING gstobject.c:788:gst_object_unparent: unparent
0:00:00.019234799  2471 0x190f370 TRACE   GST_REFCOUNTING gstobject.c:265:gst_object_unref: 0x192a2f0 unref 1->0
0:00:00.019240585  2471 0x190f370 TRACE   GST_REFCOUNTING gstobject.c:381:gst_object_dispose: 0x192a2f0 dispose
0:00:00.019246944  2471 0x190f370 DEBUG   GST_PLUGIN_LOADING gstpluginfeature.c:67:gst_plugin_feature_finalize: finalizing feature 0x192a2f0: 'latency'
0:00:00.019252755  2471 0x190f370 TRACE   GST_REFCOUNTING gstobject.c:423:gst_object_finalize: 0x192a2f0 finalize
0:00:00.019262324  2471 0x190f370 DEBUG   GST_REFCOUNTING gstobject.c:709:gst_object_set_parent: set parent (ref and sink)
0:00:00.019268685  2471 0x190f370 TRACE   GST_REFCOUNTING gstobject.c:294:gst_object_ref_sink: 0x1928db0 ref_sink 1->2
0:00:00.019274529  2471 0x190f370 LOG   GST_REGISTRY gstregistry.c:608:gst_registry_add_feature: emitting feature-added for latency
0:00:00.019280552  2471 0x190f370 DEBUG   GST_REGISTRY gstregistrychunks.c:741:gst_registry_chunks_load_feature: Added feature latency, plugin 0x1931b90 coretracers
0:00:00.019287675  2471 0x190f370 LOG   GST_PLUGIN_LOADING gstpluginloader.c:888:handle_rx_packet: marking plugin 0x1931b90 as registered as /home/conan/w/prod/BuildSingleReference/.conan/data/gstreamer/1.19.1/_/_/package/7935acf34602213af1e3939e2637ba8a4da1774a/lib/gstreamer-1.0/libgstcoretracers.so
0:00:00.019296085  2471 0x190f370 DEBUG   GST_POLL gstpoll.c:1414:gst_poll_wait: 0x1928d60: timeout :0:00:01.000000000
0:00:00.019304352  2471 0x190f370 LOG   GST_PLUGIN_LOADING gstpluginloader.c:1027:exchange_packets: Poll res = 2. 0 bytes pending for write
0:00:00.019310787  2471 0x190f370 DEBUG   GST_POLL gstpoll.c:1241:gst_poll_fd_has_error: 0x1928d60: fd (fd:8, idx:2) 0
0:00:00.019316612  2471 0x190f370 DEBUG   GST_POLL gstpoll.c:1266:gst_poll_fd_can_read_unlocked: 0x1928d60: fd (fd:8, idx:2) 1
0:00:00.019326110  2471 0x190f370 DEBUG   GST_PLUGIN_LOADING gstpluginloader.c:849:handle_rx_packet: Received plugin details from child w/ tag 3. 6860 bytes info
0:00:00.019331670  2471 0x190f370 LOG   GST_REGISTRY gstregistrychunks.c:837:_priv_gst_registry_chunks_load_plugin: Reading/casting for GstRegistryChunkPluginElement at address 0x192ac30
0:00:00.019337802  2471 0x190f370 TRACE   GST_REFCOUNTING gstobject.c:208:gst_object_init: 0x1928e80 new
0:00:00.019346364  2471 0x190f370 LOG   GST_REGISTRY gstregistrychunks.c:858:_priv_gst_registry_chunks_load_plugin: read strings for name='coreelements'
0:00:00.019352018  2471 0x190f370 LOG   GST_REGISTRY gstregistrychunks.c:859:_priv_gst_registry_chunks_load_plugin: desc.description='GStreamer core elements'
0:00:00.019357920  2471 0x190f370 LOG   GST_REGISTRY gstregistrychunks.c:860:_priv_gst_registry_chunks_load_plugin: filename='/home/conan/w/prod/BuildSingleReference/.conan/data/gstreamer/1.19.1/_/_/package/7935acf34602213af1e3939e2637ba8a4da1774a/lib/gstreamer-1.0/libgstcoreelements.so'
0:00:00.019363627  2471 0x190f370 LOG   GST_REGISTRY gstregistrychunks.c:861:_priv_gst_registry_chunks_load_plugin: desc.version='1.19.1'
0:00:00.019368652  2471 0x190f370 LOG   GST_REGISTRY gstregistrychunks.c:862:_priv_gst_registry_chunks_load_plugin: desc.license='LGPL'
0:00:00.019373592  2471 0x190f370 LOG   GST_REGISTRY gstregistrychunks.c:863:_priv_gst_registry_chunks_load_plugin: desc.source='gstreamer'
0:00:00.019378612  2471 0x190f370 LOG   GST_REGISTRY gstregistrychunks.c:864:_priv_gst_registry_chunks_load_plugin: desc.package='GStreamer source release'
0:00:00.019383699  2471 0x190f370 LOG   GST_REGISTRY gstregistrychunks.c:865:_priv_gst_registry_chunks_load_plugin: desc.origin='Unknown package origin'
0:00:00.019392760  2471 0x190f370 LOG   GST_REGISTRY gstregistrychunks.c:866:_priv_gst_registry_chunks_load_plugin: desc.datetime=2021-06-01
0:00:00.019400948  2471 0x190f370 DEBUG   GST_REGISTRY gstregistry.c:449:gst_registry_add_plugin: Replacing existing plugin "/home/conan/w/prod/BuildSingleReference/.conan/data/gstreamer/1.19.1/_/_/package/7935acf34602213af1e3939e2637ba8a4da1774a/lib/gstreamer-1.0/libgstcoreelements.so" 0x19293e0 with new plugin 0x1928e80 for filename "/home/conan/w/prod/BuildSingleReference/.conan/data/gstreamer/1.19.1/_/_/package/7935acf34602213af1e3939e2637ba8a4da1774a/lib/gstreamer-1.0/libgstcoreelements.so"
0:00:00.019408658  2471 0x190f370 TRACE   GST_REFCOUNTING gstobject.c:265:gst_object_unref: 0x19293e0 unref 1->0
0:00:00.019415162  2471 0x190f370 TRACE   GST_REFCOUNTING gstobject.c:381:gst_object_dispose: 0x19293e0 dispose
0:00:00.019421915  2471 0x190f370 DEBUG   GST_PLUGIN_LOADING gstplugin.c:136:gst_plugin_finalize: finalizing plugin
0:00:00.019427735  2471 0x190f370 TRACE   GST_REFCOUNTING gstobject.c:423:gst_object_finalize: 0x19293e0 finalize
0:00:00.019435348  2471 0x190f370 DEBUG   GST_REGISTRY gstregistry.c:474:gst_registry_add_plugin: adding plugin 0x1928e80 for filename "/home/conan/w/prod/BuildSingleReference/.conan/data/gstreamer/1.19.1/_/_/package/7935acf34602213af1e3939e2637ba8a4da1774a/lib/gstreamer-1.0/libgstcoreelements.so"
0:00:00.019442315  2471 0x190f370 TRACE   GST_REFCOUNTING gstobject.c:294:gst_object_ref_sink: 0x1928e80 ref_sink 1->2
0:00:00.019448857  2471 0x190f370 LOG   GST_REGISTRY gstregistry.c:487:gst_registry_add_plugin: emitting plugin-added for filename "/home/conan/w/prod/BuildSingleReference/.conan/data/gstreamer/1.19.1/_/_/package/7935acf34602213af1e3939e2637ba8a4da1774a/lib/gstreamer-1.0/libgstcoreelements.so"
0:00:00.019455232  2471 0x190f370 DEBUG   GST_REGISTRY gstregistrychunks.c:887:_priv_gst_registry_chunks_load_plugin: Added plugin 'coreelements' plugin with 22 features from binary registry
0:00:00.019461664  2471 0x190f370 DEBUG   GST_REGISTRY gstregistrychunks.c:583:gst_registry_chunks_load_feature: Plugin 'coreelements' feature 'streamiddemux' typename : 'GstElementFactory'
0:00:00.019468205  2471 0x190f370 TRACE   GST_REFCOUNTING gstobject.c:208:gst_object_init: 0x19316a0 new
0:00:00.019475099  2471 0x190f370 LOG   GST_REGISTRY gstregistrychunks.c:610:gst_registry_chunks_load_feature: Reading/casting for GstRegistryChunkElementFactory at address 0x192ad88
0:00:00.019481635  2471 0x190f370 TRACE   structure gststructure.c:292:gst_structure_new_id_empty_with_size: created structure 0x192a180
0:00:00.019487245  2471 0x190f370 DEBUG   structure gststructure.c:2258:gst_structure_parse_field: trying field name 'long-name'
0:00:00.019492667  2471 0x190f370 DEBUG   default gstvalue.c:2776:_priv_gst_value_parse_value: trying type name 'string'
0:00:00.019498902  2471 0x190f370 DEBUG   structure gststructure.c:2258:gst_structure_parse_field: trying field name 'klass'
0:00:00.019504007  2471 0x190f370 DEBUG   default gstvalue.c:2776:_priv_gst_value_parse_value: trying type name 'string'
0:00:00.019513417  2471 0x190f370 DEBUG   structure gststructure.c:2258:gst_structure_parse_field: trying field name 'description'
0:00:00.019529718  2471 0x190f370 DEBUG   default gstvalue.c:2776:_priv_gst_value_parse_value: trying type name 'string'
0:00:00.019536876  2471 0x190f370 DEBUG   structure gststructure.c:2258:gst_structure_parse_field: trying field name 'author'
0:00:00.019544299  2471 0x190f370 DEBUG   default gstvalue.c:2776:_priv_gst_value_parse_value: trying type name 'string'
0:00:00.019553347  2471 0x190f370 DEBUG   GST_REGISTRY gstregistrychunks.c:626:gst_registry_chunks_load_feature: Element factory : npadtemplates=2
0:00:00.019562429  2471 0x190f370 DEBUG   GST_REGISTRY gstregistrychunks.c:526:gst_registry_chunks_load_pad_template: Reading/casting for GstRegistryChunkPadTemplate at address 0x192ae60
0:00:00.019572254  2471 0x190f370 DEBUG   GST_REGISTRY gstregistrychunks.c:539:gst_registry_chunks_load_pad_template: Added pad_template src_%u
0:00:00.019579457  2471 0x190f370 DEBUG   GST_REGISTRY gstregistrychunks.c:526:gst_registry_chunks_load_pad_template: Reading/casting for GstRegistryChunkPadTemplate at address 0x192ae78
0:00:00.019584834  2471 0x190f370 DEBUG   GST_REGISTRY gstregistrychunks.c:539:gst_registry_chunks_load_pad_template: Added pad_template sink
0:00:00.019592023  2471 0x190f370 DEBUG   GST_REGISTRY gstregistry.c:581:gst_registry_add_feature: replacing existing feature 0x1929750 (streamiddemux)
0:00:00.019598760  2471 0x190f370 DEBUG   GST_REGISTRY gstregistry.c:590:gst_registry_add_feature: adding feature 0x19316a0 (streamiddemux)
0:00:00.019604237  2471 0x190f370 TRACE   GST_REFCOUNTING gstobject.c:788:gst_object_unparent: unparent
0:00:00.019611152  2471 0x190f370 TRACE   GST_REFCOUNTING gstobject.c:265:gst_object_unref: 0x1929750 unref 1->0
0:00:00.019617416  2471 0x190f370 TRACE   GST_REFCOUNTING gstobject.c:381:gst_object_dispose: 0x1929750 dispose
0:00:00.019623930  2471 0x190f370 TRACE   structure gststructure.c:547:gst_structure_free: free structure 0x192a4e0
0:00:00.019631026  2471 0x190f370 TRACE   GST_REFCOUNTING gstminiobject.c:736:gst_mini_object_replace: replace (nil) (0) with (nil) (0)
0:00:00.019637655  2471 0x190f370 TRACE   GST_REFCOUNTING gstminiobject.c:736:gst_mini_object_replace: replace (nil) (0) with (nil) (0)
0:00:00.019644113  2471 0x190f370 DEBUG   GST_PLUGIN_LOADING gstpluginfeature.c:67:gst_plugin_feature_finalize: finalizing feature 0x1929750: 'streamiddemux'
0:00:00.019650180  2471 0x190f370 TRACE   GST_REFCOUNTING gstobject.c:423:gst_object_finalize: 0x1929750 finalize
0:00:00.019656192  2471 0x190f370 DEBUG   GST_REFCOUNTING gstobject.c:709:gst_object_set_parent: set parent (ref and sink)
0:00:00.019662817  2471 0x190f370 TRACE   GST_REFCOUNTING gstobject.c:294:gst_object_ref_sink: 0x19316a0 ref_sink 1->2
0:00:00.019668812  2471 0x190f370 LOG   GST_REGISTRY gstregistry.c:608:gst_registry_add_feature: emitting feature-added for streamiddemux
0:00:00.019682125  2471 0x190f370 DEBUG   GST_REGISTRY gstregistrychunks.c:741:gst_registry_chunks_load_feature: Added feature streamiddemux, plugin 0x1928e80 coreelements
0:00:00.019688790  2471 0x190f370 DEBUG   GST_REGISTRY gstregistrychunks.c:583:gst_registry_chunks_load_feature: Plugin 'coreelements' feature 'valve' typename : 'GstElementFactory'
0:00:00.019695870  2471 0x190f370 TRACE   GST_REFCOUNTING gstobject.c:208:gst_object_init: 0x19293d0 new
0:00:00.019702752  2471 0x190f370 LOG   GST_REGISTRY gstregistrychunks.c:610:gst_registry_chunks_load_feature: Reading/casting for GstRegistryChunkElementFactory at address 0x192aea8
0:00:00.019708920  2471 0x190f370 TRACE   structure gststructure.c:292:gst_structure_new_id_empty_with_size: created structure 0x1929700
0:00:00.019714482  2471 0x190f370 DEBUG   structure gststructure.c:2258:gst_structure_parse_field: trying field name 'long-name'
0:00:00.019719615  2471 0x190f370 DEBUG   default gstvalue.c:2776:_priv_gst_value_parse_value: trying type name 'string'
0:00:00.019725311  2471 0x190f370 DEBUG   structure gststructure.c:2258:gst_structure_parse_field: trying field name 'klass'
0:00:00.019730276  2471 0x190f370 DEBUG   default gstvalue.c:2776:_priv_gst_value_parse_value: trying type name 'string'
0:00:00.019735693  2471 0x190f370 DEBUG   structure gststructure.c:2258:gst_structure_parse_field: trying field name 'description'
0:00:00.019740753  2471 0x190f370 DEBUG   default gstvalue.c:2776:_priv_gst_value_parse_value: trying type name 'string'
0:00:00.019746397  2471 0x190f370 DEBUG   structure gststructure.c:2258:gst_structure_parse_field: trying field name 'author'
0:00:00.019751522  2471 0x190f370 DEBUG   default gstvalue.c:2776:_priv_gst_value_parse_value: trying type name 'string'
0:00:00.019757275  2471 0x190f370 DEBUG   GST_REGISTRY gstregistrychunks.c:626:gst_registry_chunks_load_feature: Element factory : npadtemplates=2
0:00:00.019762370  2471 0x190f370 DEBUG   GST_REGISTRY gstregistrychunks.c:526:gst_registry_chunks_load_pad_template: Reading/casting for GstRegistryChunkPadTemplate at address 0x192af98
0:00:00.019767696  2471 0x190f370 DEBUG   GST_REGISTRY gstregistrychunks.c:539:gst_registry_chunks_load_pad_template: Added pad_template sink
0:00:00.019772687  2471 0x190f370 DEBUG   GST_REGISTRY gstregistrychunks.c:526:gst_registry_chunks_load_pad_template: Reading/casting for GstRegistryChunkPadTemplate at address 0x192afb0
0:00:00.019777917  2471 0x190f370 DEBUG   GST_REGISTRY gstregistrychunks.c:539:gst_registry_chunks_load_pad_template: Added pad_template src
0:00:00.019784500  2471 0x190f370 DEBUG   GST_REGISTRY gstregistry.c:581:gst_registry_add_feature: replacing existing feature 0x192a8c0 (valve)
0:00:00.019790942  2471 0x190f370 DEBUG   GST_REGISTRY gstregistry.c:590:gst_registry_add_feature: adding feature 0x19293d0 (valve)
0:00:00.019796242  2471 0x190f370 TRACE   GST_REFCOUNTING gstobject.c:788:gst_object_unparent: unparent
0:00:00.019807100  2471 0x190f370 TRACE   GST_REFCOUNTING gstobject.c:265:gst_object_unref: 0x192a8c0 unref 1->0
0:00:00.019814017  2471 0x190f370 TRACE   GST_REFCOUNTING gstobject.c:381:gst_object_dispose: 0x192a8c0 dispose
0:00:00.019822982  2471 0x190f370 TRACE   structure gststructure.c:547:gst_structure_free: free structure 0x192c9e0
0:00:00.019830699  2471 0x190f370 TRACE   GST_REFCOUNTING gstminiobject.c:736:gst_mini_object_replace: replace (nil) (0) with (nil) (0)
0:00:00.019837163  2471 0x190f370 TRACE   GST_REFCOUNTING gstminiobject.c:736:gst_mini_object_replace: replace (nil) (0) with (nil) (0)
0:00:00.019843507  2471 0x190f370 DEBUG   GST_PLUGIN_LOADING gstpluginfeature.c:67:gst_plugin_feature_finalize: finalizing feature 0x192a8c0: 'valve'
0:00:00.019849380  2471 0x190f370 TRACE   GST_REFCOUNTING gstobject.c:423:gst_object_finalize: 0x192a8c0 finalize
0:00:00.019855006  2471 0x190f370 DEBUG   GST_REFCOUNTING gstobject.c:709:gst_object_set_parent: set parent (ref and sink)
0:00:00.019861069  2471 0x190f370 TRACE   GST_REFCOUNTING gstobject.c:294:gst_object_ref_sink: 0x19293d0 ref_sink 1->2
0:00:00.019866724  2471 0x190f370 LOG   GST_REGISTRY gstregistry.c:608:gst_registry_add_feature: emitting feature-added for valve
0:00:00.019872680  2471 0x190f370 DEBUG   GST_REGISTRY gstregistrychunks.c:741:gst_registry_chunks_load_feature: Added feature valve, plugin 0x1928e80 coreelements
0:00:00.019878740  2471 0x190f370 DEBUG   GST_REGISTRY gstregistrychunks.c:583:gst_registry_chunks_load_feature: Plugin 'coreelements' feature 'multiqueue' typename : 'GstElementFactory'
0:00:00.019885290  2471 0x190f370 TRACE   GST_REFCOUNTING gstobject.c:208:gst_object_init: 0x192a8c0 new
0:00:00.019891927  2471 0x190f370 LOG   GST_REGISTRY gstregistrychunks.c:610:gst_registry_chunks_load_feature: Reading/casting for GstRegistryChunkElementFactory at address 0x192afe0
0:00:00.019898042  2471 0x190f370 TRACE   structure gststructure.c:292:gst_structure_new_id_empty_with_size: created structure 0x1931d70
0:00:00.019903504  2471 0x190f370 DEBUG   structure gststructure.c:2258:gst_structure_parse_field: trying field name 'long-name'
0:00:00.019914295  2471 0x190f370 DEBUG   default gstvalue.c:2776:_priv_gst_value_parse_value: trying type name 'string'
0:00:00.019920314  2471 0x190f370 DEBUG   structure gststructure.c:2258:gst_structure_parse_field: trying field name 'klass'
0:00:00.019925228  2471 0x190f370 DEBUG   default gstvalue.c:2776:_priv_gst_value_parse_value: trying type name 'string'
0:00:00.019930478  2471 0x190f370 DEBUG   structure gststructure.c:2258:gst_structure_parse_field: trying field name 'description'
0:00:00.019935520  2471 0x190f370 DEBUG   default gstvalue.c:2776:_priv_gst_value_parse_value: trying type name 'string'
0:00:00.019940965  2471 0x190f370 DEBUG   structure gststructure.c:2258:gst_structure_parse_field: trying field name 'author'
0:00:00.019945870  2471 0x190f370 DEBUG   default gstvalue.c:2776:_priv_gst_value_parse_value: trying type name 'string'
0:00:00.019955788  2471 0x190f370 DEBUG   GST_REGISTRY gstregistrychunks.c:626:gst_registry_chunks_load_feature: Element factory : npadtemplates=2
0:00:00.019960977  2471 0x190f370 DEBUG   GST_REGISTRY gstregistrychunks.c:526:gst_registry_chunks_load_pad_template: Reading/casting for GstRegistryChunkPadTemplate at address 0x192b0a0
0:00:00.019966338  2471 0x190f370 DEBUG   GST_REGISTRY gstregistrychunks.c:539:gst_registry_chunks_load_pad_template: Added pad_template src_%u
0:00:00.019971382  2471 0x190f370 DEBUG   GST_REGISTRY gstregistrychunks.c:526:gst_registry_chunks_load_pad_template: Reading/casting for GstRegistryChunkPadTemplate at address 0x192b0b8
0:00:00.019976590  2471 0x190f370 DEBUG   GST_REGISTRY gstregistrychunks.c:539:gst_registry_chunks_load_pad_template: Added pad_template sink_%u
0:00:00.019983435  2471 0x190f370 DEBUG   GST_REGISTRY gstregistry.c:581:gst_registry_add_feature: replacing existing feature 0x192a9b0 (multiqueue)
0:00:00.019989840  2471 0x190f370 DEBUG   GST_REGISTRY gstregistry.c:590:gst_registry_add_feature: adding feature 0x192a8c0 (multiqueue)
0:00:00.019995197  2471 0x190f370 TRACE   GST_REFCOUNTING gstobject.c:788:gst_object_unparent: unparent
0:00:00.020001773  2471 0x190f370 TRACE   GST_REFCOUNTING gstobject.c:265:gst_object_unref: 0x192a9b0 unref 1->0
0:00:00.020007878  2471 0x190f370 TRACE   GST_REFCOUNTING gstobject.c:381:gst_object_dispose: 0x192a9b0 dispose
0:00:00.020013903  2471 0x190f370 TRACE   structure gststructure.c:547:gst_structure_free: free structure 0x192cb60
0:00:00.020020235  2471 0x190f370 TRACE   GST_REFCOUNTING gstminiobject.c:736:gst_mini_object_replace: replace (nil) (0) with (nil) (0)
0:00:00.020026652  2471 0x190f370 TRACE   GST_REFCOUNTING gstminiobject.c:736:gst_mini_object_replace: replace (nil) (0) with (nil) (0)
0:00:00.020032645  2471 0x190f370 DEBUG   GST_PLUGIN_LOADING gstpluginfeature.c:67:gst_plugin_feature_finalize: finalizing feature 0x192a9b0: 'multiqueue'
0:00:00.020038286  2471 0x190f370 TRACE   GST_REFCOUNTING gstobject.c:423:gst_object_finalize: 0x192a9b0 finalize
0:00:00.020043805  2471 0x190f370 DEBUG   GST_REFCOUNTING gstobject.c:709:gst_object_set_parent: set parent (ref and sink)
0:00:00.020049960  2471 0x190f370 TRACE   GST_REFCOUNTING gstobject.c:294:gst_object_ref_sink: 0x192a8c0 ref_sink 1->2
0:00:00.020055614  2471 0x190f370 LOG   GST_REGISTRY gstregistry.c:608:gst_registry_add_feature: emitting feature-added for multiqueue
0:00:00.020061613  2471 0x190f370 DEBUG   GST_REGISTRY gstregistrychunks.c:741:gst_registry_chunks_load_feature: Added feature multiqueue, plugin 0x1928e80 coreelements
