0:00:00.010203569  2472 0x17be320 LOG   GST_POLL gstpoll.c:994:gst_poll_fd_ctl_write: 0x17c69c0: pfd->events now 60 (POLLOUT:4)
0:00:00.010208655  2472 0x17be320 DEBUG   GST_POLL gstpoll.c:980:gst_poll_fd_ctl_write: 0x17c69c0: fd (fd:0, idx:1), active : 1
0:00:00.010213443  2472 0x17be320 LOG   GST_POLL gstpoll.c:994:gst_poll_fd_ctl_write: 0x17c69c0: pfd->events now 60 (POLLOUT:4)
0:00:00.010218465  2472 0x17be320 DEBUG   GST_POLL gstpoll.c:980:gst_poll_fd_ctl_write: 0x17c69c0: fd (fd:0, idx:1), active : 1
0:00:00.010223351  2472 0x17be320 LOG   GST_POLL gstpoll.c:994:gst_poll_fd_ctl_write: 0x17c69c0: pfd->events now 60 (POLLOUT:4)
0:00:00.010228419  2472 0x17be320 DEBUG   GST_POLL gstpoll.c:980:gst_poll_fd_ctl_write: 0x17c69c0: fd (fd:0, idx:1), active : 1
0:00:00.010233195  2472 0x17be320 LOG   GST_POLL gstpoll.c:994:gst_poll_fd_ctl_write: 0x17c69c0: pfd->events now 60 (POLLOUT:4)
0:00:00.010238239  2472 0x17be320 DEBUG   GST_POLL gstpoll.c:980:gst_poll_fd_ctl_write: 0x17c69c0: fd (fd:0, idx:1), active : 1
0:00:00.010243017  2472 0x17be320 LOG   GST_POLL gstpoll.c:994:gst_poll_fd_ctl_write: 0x17c69c0: pfd->events now 60 (POLLOUT:4)
0:00:00.010248553  2472 0x17be320 DEBUG   GST_POLL gstpoll.c:980:gst_poll_fd_ctl_write: 0x17c69c0: fd (fd:0, idx:1), active : 1
0:00:00.010253352  2472 0x17be320 LOG   GST_POLL gstpoll.c:994:gst_poll_fd_ctl_write: 0x17c69c0: pfd->events now 60 (POLLOUT:4)
0:00:00.010258381  2472 0x17be320 DEBUG   GST_POLL gstpoll.c:980:gst_poll_fd_ctl_write: 0x17c69c0: fd (fd:0, idx:1), active : 1
0:00:00.010263178  2472 0x17be320 LOG   GST_POLL gstpoll.c:994:gst_poll_fd_ctl_write: 0x17c69c0: pfd->events now 60 (POLLOUT:4)
0:00:00.010268187  2472 0x17be320 DEBUG   GST_POLL gstpoll.c:980:gst_poll_fd_ctl_write: 0x17c69c0: fd (fd:0, idx:1), active : 1
0:00:00.010272979  2472 0x17be320 LOG   GST_POLL gstpoll.c:994:gst_poll_fd_ctl_write: 0x17c69c0: pfd->events now 60 (POLLOUT:4)
0:00:00.010278044  2472 0x17be320 DEBUG   GST_POLL gstpoll.c:980:gst_poll_fd_ctl_write: 0x17c69c0: fd (fd:0, idx:1), active : 1
0:00:00.010282863  2472 0x17be320 LOG   GST_POLL gstpoll.c:994:gst_poll_fd_ctl_write: 0x17c69c0: pfd->events now 60 (POLLOUT:4)
0:00:00.010287865  2472 0x17be320 DEBUG   GST_POLL gstpoll.c:980:gst_poll_fd_ctl_write: 0x17c69c0: fd (fd:0, idx:1), active : 1
0:00:00.010292667  2472 0x17be320 LOG   GST_POLL gstpoll.c:994:gst_poll_fd_ctl_write: 0x17c69c0: pfd->events now 60 (POLLOUT:4)
0:00:00.010297695  2472 0x17be320 DEBUG   GST_POLL gstpoll.c:980:gst_poll_fd_ctl_write: 0x17c69c0: fd (fd:0, idx:1), active : 1
0:00:00.010302471  2472 0x17be320 LOG   GST_POLL gstpoll.c:994:gst_poll_fd_ctl_write: 0x17c69c0: pfd->events now 60 (POLLOUT:4)
0:00:00.010307544  2472 0x17be320 DEBUG   GST_POLL gstpoll.c:980:gst_poll_fd_ctl_write: 0x17c69c0: fd (fd:0, idx:1), active : 1
0:00:00.010317340  2472 0x17be320 LOG   GST_POLL gstpoll.c:994:gst_poll_fd_ctl_write: 0x17c69c0: pfd->events now 60 (POLLOUT:4)
0:00:00.010322495  2472 0x17be320 DEBUG   GST_POLL gstpoll.c:980:gst_poll_fd_ctl_write: 0x17c69c0: fd (fd:0, idx:1), active : 1
0:00:00.010327429  2472 0x17be320 LOG   GST_POLL gstpoll.c:994:gst_poll_fd_ctl_write: 0x17c69c0: pfd->events now 60 (POLLOUT:4)
0:00:00.010332481  2472 0x17be320 DEBUG   GST_POLL gstpoll.c:980:gst_poll_fd_ctl_write: 0x17c69c0: fd (fd:0, idx:1), active : 1
0:00:00.010337295  2472 0x17be320 LOG   GST_POLL gstpoll.c:994:gst_poll_fd_ctl_write: 0x17c69c0: pfd->events now 60 (POLLOUT:4)
0:00:00.010342328  2472 0x17be320 DEBUG   GST_POLL gstpoll.c:980:gst_poll_fd_ctl_write: 0x17c69c0: fd (fd:0, idx:1), active : 1
0:00:00.010347135  2472 0x17be320 LOG   GST_POLL gstpoll.c:994:gst_poll_fd_ctl_write: 0x17c69c0: pfd->events now 60 (POLLOUT:4)
0:00:00.010352223  2472 0x17be320 DEBUG   GST_POLL gstpoll.c:980:gst_poll_fd_ctl_write: 0x17c69c0: fd (fd:0, idx:1), active : 1
0:00:00.010357101  2472 0x17be320 LOG   GST_POLL gstpoll.c:994:gst_poll_fd_ctl_write: 0x17c69c0: pfd->events now 60 (POLLOUT:4)
0:00:00.010362113  2472 0x17be320 DEBUG   GST_POLL gstpoll.c:980:gst_poll_fd_ctl_write: 0x17c69c0: fd (fd:0, idx:1), active : 1
0:00:00.010371297  2472 0x17be320 LOG   GST_POLL gstpoll.c:994:gst_poll_fd_ctl_write: 0x17c69c0: pfd->events now 60 (POLLOUT:4)
0:00:00.010376530  2472 0x17be320 DEBUG   GST_POLL gstpoll.c:980:gst_poll_fd_ctl_write: 0x17c69c0: fd (fd:0, idx:1), active : 1
0:00:00.010381377  2472 0x17be320 LOG   GST_POLL gstpoll.c:994:gst_poll_fd_ctl_write: 0x17c69c0: pfd->events now 60 (POLLOUT:4)
0:00:00.010386519  2472 0x17be320 DEBUG   GST_POLL gstpoll.c:980:gst_poll_fd_ctl_write: 0x17c69c0: fd (fd:0, idx:1), active : 1
0:00:00.010391365  2472 0x17be320 LOG   GST_POLL gstpoll.c:994:gst_poll_fd_ctl_write: 0x17c69c0: pfd->events now 60 (POLLOUT:4)
0:00:00.010396403  2472 0x17be320 DEBUG   GST_POLL gstpoll.c:980:gst_poll_fd_ctl_write: 0x17c69c0: fd (fd:0, idx:1), active : 1
0:00:00.010401253  2472 0x17be320 LOG   GST_POLL gstpoll.c:994:gst_poll_fd_ctl_write: 0x17c69c0: pfd->events now 60 (POLLOUT:4)
0:00:00.010406315  2472 0x17be320 DEBUG   GST_POLL gstpoll.c:980:gst_poll_fd_ctl_write: 0x17c69c0: fd (fd:0, idx:1), active : 1
0:00:00.010411165  2472 0x17be320 LOG   GST_POLL gstpoll.c:994:gst_poll_fd_ctl_write: 0x17c69c0: pfd->events now 60 (POLLOUT:4)
0:00:00.010416199  2472 0x17be320 DEBUG   GST_POLL gstpoll.c:980:gst_poll_fd_ctl_write: 0x17c69c0: fd (fd:0, idx:1), active : 1
0:00:00.010421045  2472 0x17be320 LOG   GST_POLL gstpoll.c:994:gst_poll_fd_ctl_write: 0x17c69c0: pfd->events now 60 (POLLOUT:4)
0:00:00.010426125  2472 0x17be320 DEBUG   GST_POLL gstpoll.c:980:gst_poll_fd_ctl_write: 0x17c69c0: fd (fd:0, idx:1), active : 1
0:00:00.010430941  2472 0x17be320 LOG   GST_POLL gstpoll.c:994:gst_poll_fd_ctl_write: 0x17c69c0: pfd->events now 60 (POLLOUT:4)
0:00:00.010439771  2472 0x17be320 DEBUG   GST_POLL gstpoll.c:980:gst_poll_fd_ctl_write: 0x17c69c0: fd (fd:0, idx:1), active : 1
0:00:00.010444677  2472 0x17be320 LOG   GST_POLL gstpoll.c:994:gst_poll_fd_ctl_write: 0x17c69c0: pfd->events now 60 (POLLOUT:4)
0:00:00.010449726  2472 0x17be320 DEBUG   GST_POLL gstpoll.c:980:gst_poll_fd_ctl_write: 0x17c69c0: fd (fd:0, idx:1), active : 1
0:00:00.010454585  2472 0x17be320 LOG   GST_POLL gstpoll.c:994:gst_poll_fd_ctl_write: 0x17c69c0: pfd->events now 60 (POLLOUT:4)
0:00:00.010459803  2472 0x17be320 DEBUG   GST_POLL gstpoll.c:980:gst_poll_fd_ctl_write: 0x17c69c0: fd (fd:0, idx:1), active : 1
0:00:00.010464627  2472 0x17be320 LOG   GST_POLL gstpoll.c:994:gst_poll_fd_ctl_write: 0x17c69c0: pfd->events now 60 (POLLOUT:4)
0:00:00.010469666  2472 0x17be320 DEBUG   GST_POLL gstpoll.c:980:gst_poll_fd_ctl_write: 0x17c69c0: fd (fd:0, idx:1), active : 1
0:00:00.010474481  2472 0x17be320 LOG   GST_POLL gstpoll.c:994:gst_poll_fd_ctl_write: 0x17c69c0: pfd->events now 60 (POLLOUT:4)
0:00:00.010479531  2472 0x17be320 DEBUG   GST_POLL gstpoll.c:980:gst_poll_fd_ctl_write: 0x17c69c0: fd (fd:0, idx:1), active : 1
0:00:00.010484459  2472 0x17be320 LOG   GST_POLL gstpoll.c:994:gst_poll_fd_ctl_write: 0x17c69c0: pfd->events now 60 (POLLOUT:4)
0:00:00.010489494  2472 0x17be320 DEBUG   GST_POLL gstpoll.c:980:gst_poll_fd_ctl_write: 0x17c69c0: fd (fd:0, idx:1), active : 1
0:00:00.010494281  2472 0x17be320 LOG   GST_POLL gstpoll.c:994:gst_poll_fd_ctl_write: 0x17c69c0: pfd->events now 60 (POLLOUT:4)
0:00:00.010499292  2472 0x17be320 DEBUG   GST_POLL gstpoll.c:980:gst_poll_fd_ctl_write: 0x17c69c0: fd (fd:0, idx:1), active : 1
0:00:00.010504075  2472 0x17be320 LOG   GST_POLL gstpoll.c:994:gst_poll_fd_ctl_write: 0x17c69c0: pfd->events now 60 (POLLOUT:4)
0:00:00.010512764  2472 0x17be320 TRACE   GST_REFCOUNTING gstobject.c:265:gst_object_unref: 0x17da220 unref 2->1
0:00:00.010532343  2472 0x17be320 DEBUG   GST_POLL gstpoll.c:1241:gst_poll_fd_has_error: 0x17c69c0: fd (fd:0, idx:1) 0
0:00:00.010544529  2472 0x17be320 DEBUG   GST_POLL gstpoll.c:1335:gst_poll_fd_can_write: 0x17c69c0: fd (fd:0, idx:1) 1
0:00:00.010552685  2472 0x17be320 LOG   GST_PLUGIN_LOADING gstpluginloader.c:689:write_one: Writing packet of size 488 bytes to fd 0
0:00:00.010569762  2472 0x17be320 DEBUG   GST_POLL gstpoll.c:1414:gst_poll_wait: 0x17c69c0: timeout :0:00:01.000000000
0:00:00.010579275  2472 0x17be320 LOG   GST_PLUGIN_LOADING gstpluginloader.c:1027:exchange_packets: Poll res = 2. 6872 bytes pending for write
0:00:00.010585016  2472 0x17be320 DEBUG   GST_POLL gstpoll.c:1241:gst_poll_fd_has_error: 0x17c69c0: fd (fd:5, idx:2) 0
0:00:00.014564002  2471 0x190f370 LOG   GST_PLUGIN_LOADING gstpluginloader.c:1027:exchange_packets: Poll res = 1. 0 bytes pending for write
0:00:00.010590185  2472 0x17be320 DEBUG   GST_POLL gstpoll.c:1266:gst_poll_fd_can_read_unlocked: 0x17c69c0: fd (fd:5, idx:2) 1
0:00:00.014579176  2471 0x190f370 DEBUG   GST_POLL gstpoll.c:1241:gst_poll_fd_has_error: 0x1928d60: fd (fd:8, idx:2) 0
0:00:00.014586730  2471 0x190f370 DEBUG   GST_POLL gstpoll.c:1266:gst_poll_fd_can_read_unlocked: 0x1928d60: fd (fd:8, idx:2) 1
0:00:00.010607037  2472 0x17be320 DEBUG   GST_PLUGIN_LOADING gstpluginloader.c:721:do_plugin_load: Plugin scanner loading file /home/conan/w/prod/BuildSingleReference/.conan/data/gstreamer/1.19.1/_/_/package/7935acf34602213af1e3939e2637ba8a4da1774a/lib/gstreamer-1.0/libgstcoretracers.so. tag 2
0:00:00.010615099  2472 0x17be320 TRACE   GST_REFCOUNTING gstobject.c:238:gst_object_ref: 0x17d7e90 ref 1->2
0:00:00.014596567  2471 0x190f370 DEBUG   GST_PLUGIN_LOADING gstpluginloader.c:849:handle_rx_packet: Received plugin details from child w/ tag 0. 476 bytes info
0:00:00.010621909  2472 0x17be320 TRACE   GST_REFCOUNTING gstobject.c:238:gst_object_ref: 0x17d8e70 ref 1->2
0:00:00.014603848  2471 0x190f370 LOG   GST_REGISTRY gstregistrychunks.c:837:_priv_gst_registry_chunks_load_plugin: Reading/casting for GstRegistryChunkPluginElement at address 0x19293e0
0:00:00.010628133  2472 0x17be320 TRACE   GST_REFCOUNTING gstobject.c:238:gst_object_ref: 0x17d8c20 ref 1->2
0:00:00.010634272  2472 0x17be320 TRACE   GST_REFCOUNTING gstobject.c:238:gst_object_ref: 0x17d8950 ref 1->2
0:00:00.014619702  2471 0x190f370 TRACE   GST_REFCOUNTING gstobject.c:208:gst_object_init: 0x1928dc0 new
0:00:00.010639769  2472 0x17be320 TRACE   GST_REFCOUNTING gstobject.c:238:gst_object_ref: 0x17d8740 ref 1->2
0:00:00.010647623  2472 0x17be320 TRACE   GST_REFCOUNTING gstobject.c:238:gst_object_ref: 0x17d8250 ref 1->2
0:00:00.010655085  2472 0x17be320 TRACE   GST_REFCOUNTING gstobject.c:265:gst_object_unref: 0x17d8250 unref 2->1
0:00:00.010660801  2472 0x17be320 TRACE   GST_REFCOUNTING gstobject.c:265:gst_object_unref: 0x17d8740 unref 2->1
0:00:00.010666256  2472 0x17be320 TRACE   GST_REFCOUNTING gstobject.c:265:gst_object_unref: 0x17d8950 unref 2->1
0:00:00.014649872  2471 0x190f370 LOG   GST_REGISTRY gstregistrychunks.c:858:_priv_gst_registry_chunks_load_plugin: read strings for name='coretracers'
0:00:00.010671759  2472 0x17be320 TRACE   GST_REFCOUNTING gstobject.c:265:gst_object_unref: 0x17d8c20 unref 2->1
0:00:00.014656058  2471 0x190f370 LOG   GST_REGISTRY gstregistrychunks.c:859:_priv_gst_registry_chunks_load_plugin: desc.description='GStreamer core tracers'
0:00:00.010677735  2472 0x17be320 TRACE   GST_REFCOUNTING gstobject.c:265:gst_object_unref: 0x17d8e70 unref 2->1
0:00:00.014662204  2471 0x190f370 LOG   GST_REGISTRY gstregistrychunks.c:860:_priv_gst_registry_chunks_load_plugin: filename='/home/conan/w/prod/BuildSingleReference/.conan/data/gstreamer/1.19.1/_/_/package/7935acf34602213af1e3939e2637ba8a4da1774a/lib/gstreamer-1.0/libgstcoretracers.so'
0:00:00.010684759  2472 0x17be320 DEBUG   GST_REGISTRY gstregistrychunks.c:498:_priv_gst_registry_chunks_save_plugin: Found 5 features in plugin 0x17d7e90 (coretracers)
0:00:00.014667968  2471 0x190f370 LOG   GST_REGISTRY gstregistrychunks.c:861:_priv_gst_registry_chunks_load_plugin: desc.version='1.19.1'
0:00:00.010694420  2472 0x17be320 DEBUG   GST_POLL gstpoll.c:980:gst_poll_fd_ctl_write: 0x17c69c0: fd (fd:0, idx:1), active : 1
0:00:00.014676738  2471 0x190f370 LOG   GST_REGISTRY gstregistrychunks.c:862:_priv_gst_registry_chunks_load_plugin: desc.license='LGPL'
0:00:00.010700214  2472 0x17be320 LOG   GST_POLL gstpoll.c:994:gst_poll_fd_ctl_write: 0x17c69c0: pfd->events now 60 (POLLOUT:4)
0:00:00.014682851  2471 0x190f370 LOG   GST_REGISTRY gstregistrychunks.c:863:_priv_gst_registry_chunks_load_plugin: desc.source='gstreamer'
0:00:00.010705985  2472 0x17be320 DEBUG   GST_POLL gstpoll.c:980:gst_poll_fd_ctl_write: 0x17c69c0: fd (fd:0, idx:1), active : 1
0:00:00.014688866  2471 0x190f370 LOG   GST_REGISTRY gstregistrychunks.c:864:_priv_gst_registry_chunks_load_plugin: desc.package='GStreamer source release'
0:00:00.010711328  2472 0x17be320 LOG   GST_POLL gstpoll.c:994:gst_poll_fd_ctl_write: 0x17c69c0: pfd->events now 60 (POLLOUT:4)
0:00:00.014694357  2471 0x190f370 LOG   GST_REGISTRY gstregistrychunks.c:865:_priv_gst_registry_chunks_load_plugin: desc.origin='Unknown package origin'
0:00:00.010716965  2472 0x17be320 DEBUG   GST_POLL gstpoll.c:980:gst_poll_fd_ctl_write: 0x17c69c0: fd (fd:0, idx:1), active : 1
0:00:00.014699629  2471 0x190f370 LOG   GST_REGISTRY gstregistrychunks.c:866:_priv_gst_registry_chunks_load_plugin: desc.datetime=2021-06-01
0:00:00.010722425  2472 0x17be320 LOG   GST_POLL gstpoll.c:994:gst_poll_fd_ctl_write: 0x17c69c0: pfd->events now 60 (POLLOUT:4)
0:00:00.010727947  2472 0x17be320 DEBUG   GST_POLL gstpoll.c:980:gst_poll_fd_ctl_write: 0x17c69c0: fd (fd:0, idx:1), active : 1
0:00:00.014708284  2471 0x190f370 DEBUG   GST_REGISTRY gstregistry.c:474:gst_registry_add_plugin: adding plugin 0x1928dc0 for filename "/home/conan/w/prod/BuildSingleReference/.conan/data/gstreamer/1.19.1/_/_/package/7935acf34602213af1e3939e2637ba8a4da1774a/lib/gstreamer-1.0/libgstcoretracers.so"
0:00:00.010732870  2472 0x17be320 LOG   GST_POLL gstpoll.c:994:gst_poll_fd_ctl_write: 0x17c69c0: pfd->events now 60 (POLLOUT:4)
0:00:00.010738354  2472 0x17be320 DEBUG   GST_POLL gstpoll.c:980:gst_poll_fd_ctl_write: 0x17c69c0: fd (fd:0, idx:1), active : 1
0:00:00.014718672  2471 0x190f370 TRACE   GST_REFCOUNTING gstobject.c:294:gst_object_ref_sink: 0x1928dc0 ref_sink 1->2
0:00:00.010743267  2472 0x17be320 LOG   GST_POLL gstpoll.c:994:gst_poll_fd_ctl_write: 0x17c69c0: pfd->events now 60 (POLLOUT:4)
0:00:00.014727332  2471 0x190f370 LOG   GST_REGISTRY gstregistry.c:487:gst_registry_add_plugin: emitting plugin-added for filename "/home/conan/w/prod/BuildSingleReference/.conan/data/gstreamer/1.19.1/_/_/package/7935acf34602213af1e3939e2637ba8a4da1774a/lib/gstreamer-1.0/libgstcoretracers.so"
0:00:00.010748692  2472 0x17be320 DEBUG   GST_POLL gstpoll.c:980:gst_poll_fd_ctl_write: 0x17c69c0: fd (fd:0, idx:1), active : 1
0:00:00.014734056  2471 0x190f370 DEBUG   GST_REGISTRY gstregistrychunks.c:887:_priv_gst_registry_chunks_load_plugin: Added plugin 'coretracers' plugin with 5 features from binary registry
0:00:00.010760078  2472 0x17be320 LOG   GST_POLL gstpoll.c:994:gst_poll_fd_ctl_write: 0x17c69c0: pfd->events now 60 (POLLOUT:4)
0:00:00.014743909  2471 0x190f370 DEBUG   GST_REGISTRY gstregistrychunks.c:583:gst_registry_chunks_load_feature: Plugin 'coretracers' feature 'leaks' typename : 'GstTracerFactory'
0:00:00.010765835  2472 0x17be320 DEBUG   GST_POLL gstpoll.c:980:gst_poll_fd_ctl_write: 0x17c69c0: fd (fd:0, idx:1), active : 1
0:00:00.010771194  2472 0x17be320 LOG   GST_POLL gstpoll.c:994:gst_poll_fd_ctl_write: 0x17c69c0: pfd->events now 60 (POLLOUT:4)
0:00:00.014756438  2471 0x190f370 TRACE   GST_REFCOUNTING gstobject.c:208:gst_object_init: 0x1929c50 new
0:00:00.010776223  2472 0x17be320 DEBUG   GST_POLL gstpoll.c:980:gst_poll_fd_ctl_write: 0x17c69c0: fd (fd:0, idx:1), active : 1
0:00:00.010783708  2472 0x17be320 LOG   GST_POLL gstpoll.c:994:gst_poll_fd_ctl_write: 0x17c69c0: pfd->events now 60 (POLLOUT:4)
0:00:00.014764431  2471 0x190f370 DEBUG   GST_REGISTRY gstregistrychunks.c:718:gst_registry_chunks_load_feature: Reading/casting for GstRegistryChunkPluginFeature at address 0x1929528
0:00:00.010788863  2472 0x17be320 DEBUG   GST_POLL gstpoll.c:980:gst_poll_fd_ctl_write: 0x17c69c0: fd (fd:0, idx:1), active : 1
0:00:00.014773036  2471 0x190f370 DEBUG   GST_REGISTRY gstregistry.c:590:gst_registry_add_feature: adding feature 0x1929c50 (leaks)
0:00:00.010794215  2472 0x17be320 LOG   GST_POLL gstpoll.c:994:gst_poll_fd_ctl_write: 0x17c69c0: pfd->events now 60 (POLLOUT:4)
0:00:00.014779042  2471 0x190f370 DEBUG   GST_REFCOUNTING gstobject.c:709:gst_object_set_parent: set parent (ref and sink)
0:00:00.010800280  2472 0x17be320 DEBUG   GST_POLL gstpoll.c:980:gst_poll_fd_ctl_write: 0x17c69c0: fd (fd:0, idx:1), active : 1
0:00:00.014785324  2471 0x190f370 TRACE   GST_REFCOUNTING gstobject.c:294:gst_object_ref_sink: 0x1929c50 ref_sink 1->2
0:00:00.010806161  2472 0x17be320 LOG   GST_POLL gstpoll.c:994:gst_poll_fd_ctl_write: 0x17c69c0: pfd->events now 60 (POLLOUT:4)
0:00:00.014791604  2471 0x190f370 LOG   GST_REGISTRY gstregistry.c:608:gst_registry_add_feature: emitting feature-added for leaks
0:00:00.010812634  2472 0x17be320 DEBUG   GST_POLL gstpoll.c:980:gst_poll_fd_ctl_write: 0x17c69c0: fd (fd:0, idx:1), active : 1
0:00:00.014797520  2471 0x190f370 DEBUG   GST_REGISTRY gstregistrychunks.c:741:gst_registry_chunks_load_feature: Added feature leaks, plugin 0x1928dc0 coretracers
0:00:00.010817919  2472 0x17be320 LOG   GST_POLL gstpoll.c:994:gst_poll_fd_ctl_write: 0x17c69c0: pfd->events now 60 (POLLOUT:4)
0:00:00.014803506  2471 0x190f370 DEBUG   GST_REGISTRY gstregistrychunks.c:583:gst_registry_chunks_load_feature: Plugin 'coretracers' feature 'stats' typename : 'GstTracerFactory'
0:00:00.010824395  2472 0x17be320 DEBUG   GST_POLL gstpoll.c:980:gst_poll_fd_ctl_write: 0x17c69c0: fd (fd:0, idx:1), active : 1
0:00:00.014809906  2471 0x190f370 TRACE   GST_REFCOUNTING gstobject.c:208:gst_object_init: 0x1929e50 new
0:00:00.010833320  2472 0x17be320 LOG   GST_POLL gstpoll.c:994:gst_poll_fd_ctl_write: 0x17c69c0: pfd->events now 60 (POLLOUT:4)
0:00:00.014817210  2471 0x190f370 DEBUG   GST_REGISTRY gstregistrychunks.c:718:gst_registry_chunks_load_feature: Reading/casting for GstRegistryChunkPluginFeature at address 0x1929548
0:00:00.010839014  2472 0x17be320 DEBUG   GST_POLL gstpoll.c:980:gst_poll_fd_ctl_write: 0x17c69c0: fd (fd:0, idx:1), active : 1
0:00:00.014823653  2471 0x190f370 DEBUG   GST_REGISTRY gstregistry.c:590:gst_registry_add_feature: adding feature 0x1929e50 (stats)
0:00:00.010844341  2472 0x17be320 LOG   GST_POLL gstpoll.c:994:gst_poll_fd_ctl_write: 0x17c69c0: pfd->events now 60 (POLLOUT:4)
0:00:00.014828927  2471 0x190f370 DEBUG   GST_REFCOUNTING gstobject.c:709:gst_object_set_parent: set parent (ref and sink)
0:00:00.010850359  2472 0x17be320 DEBUG   GST_POLL gstpoll.c:980:gst_poll_fd_ctl_write: 0x17c69c0: fd (fd:0, idx:1), active : 1
0:00:00.014834992  2471 0x190f370 TRACE   GST_REFCOUNTING gstobject.c:294:gst_object_ref_sink: 0x1929e50 ref_sink 1->2
0:00:00.010855847  2472 0x17be320 LOG   GST_POLL gstpoll.c:994:gst_poll_fd_ctl_write: 0x17c69c0: pfd->events now 60 (POLLOUT:4)
0:00:00.014840775  2471 0x190f370 LOG   GST_REGISTRY gstregistry.c:608:gst_registry_add_feature: emitting feature-added for stats
0:00:00.010862222  2472 0x17be320 DEBUG   GST_POLL gstpoll.c:980:gst_poll_fd_ctl_write: 0x17c69c0: fd (fd:0, idx:1), active : 1
0:00:00.014846367  2471 0x190f370 DEBUG   GST_REGISTRY gstregistrychunks.c:741:gst_registry_chunks_load_feature: Added feature stats, plugin 0x1928dc0 coretracers
0:00:00.010867622  2472 0x17be320 LOG   GST_POLL gstpoll.c:994:gst_poll_fd_ctl_write: 0x17c69c0: pfd->events now 60 (POLLOUT:4)
0:00:00.014852118  2471 0x190f370 DEBUG   GST_REGISTRY gstregistrychunks.c:583:gst_registry_chunks_load_feature: Plugin 'coretracers' feature 'rusage' typename : 'GstTracerFactory'
0:00:00.010873441  2472 0x17be320 LOG   GST_PLUGIN_LOADING gstpluginloader.c:645:put_chunk: Expanding tx buf from 7717 to 10158 for chunk of size 17
0:00:00.014858101  2471 0x190f370 TRACE   GST_REFCOUNTING gstobject.c:208:gst_object_init: 0x1929fa0 new
0:00:00.010882561  2472 0x17be320 DEBUG   GST_POLL gstpoll.c:980:gst_poll_fd_ctl_write: 0x17c69c0: fd (fd:0, idx:1), active : 1
0:00:00.014864461  2471 0x190f370 DEBUG   GST_REGISTRY gstregistrychunks.c:718:gst_registry_chunks_load_feature: Reading/casting for GstRegistryChunkPluginFeature at address 0x1929568
0:00:00.010888011  2472 0x17be320 LOG   GST_POLL gstpoll.c:994:gst_poll_fd_ctl_write: 0x17c69c0: pfd->events now 60 (POLLOUT:4)
0:00:00.014871596  2471 0x190f370 DEBUG   GST_REGISTRY gstregistry.c:590:gst_registry_add_feature: adding feature 0x1929fa0 (rusage)
0:00:00.010893643  2472 0x17be320 DEBUG   GST_POLL gstpoll.c:980:gst_poll_fd_ctl_write: 0x17c69c0: fd (fd:0, idx:1), active : 1
0:00:00.014876887  2471 0x190f370 DEBUG   GST_REFCOUNTING gstobject.c:709:gst_object_set_parent: set parent (ref and sink)
0:00:00.010902216  2472 0x17be320 LOG   GST_POLL gstpoll.c:994:gst_poll_fd_ctl_write: 0x17c69c0: pfd->events now 60 (POLLOUT:4)
0:00:00.014885506  2471 0x190f370 TRACE   GST_REFCOUNTING gstobject.c:294:gst_object_ref_sink: 0x1929fa0 ref_sink 1->2
0:00:00.010907906  2472 0x17be320 DEBUG   GST_POLL gstpoll.c:980:gst_poll_fd_ctl_write: 0x17c69c0: fd (fd:0, idx:1), active : 1
0:00:00.014891284  2471 0x190f370 LOG   GST_REGISTRY gstregistry.c:608:gst_registry_add_feature: emitting feature-added for rusage
0:00:00.010913171  2472 0x17be320 LOG   GST_POLL gstpoll.c:994:gst_poll_fd_ctl_write: 0x17c69c0: pfd->events now 60 (POLLOUT:4)
0:00:00.014897089  2471 0x190f370 DEBUG   GST_REGISTRY gstregistrychunks.c:741:gst_registry_chunks_load_feature: Added feature rusage, plugin 0x1928dc0 coretracers
0:00:00.010918679  2472 0x17be320 DEBUG   GST_POLL gstpoll.c:980:gst_poll_fd_ctl_write: 0x17c69c0: fd (fd:0, idx:1), active : 1
0:00:00.014902954  2471 0x190f370 DEBUG   GST_REGISTRY gstregistrychunks.c:583:gst_registry_chunks_load_feature: Plugin 'coretracers' feature 'log' typename : 'GstTracerFactory'
0:00:00.010923911  2472 0x17be320 LOG   GST_POLL gstpoll.c:994:gst_poll_fd_ctl_write: 0x17c69c0: pfd->events now 60 (POLLOUT:4)
0:00:00.010929794  2472 0x17be320 DEBUG   GST_POLL gstpoll.c:980:gst_poll_fd_ctl_write: 0x17c69c0: fd (fd:0, idx:1), active : 1
0:00:00.014914409  2471 0x190f370 TRACE   GST_REFCOUNTING gstobject.c:208:gst_object_init: 0x192a0f0 new
0:00:00.010934628  2472 0x17be320 LOG   GST_POLL gstpoll.c:994:gst_poll_fd_ctl_write: 0x17c69c0: pfd->events now 60 (POLLOUT:4)
0:00:00.014921034  2471 0x190f370 DEBUG   GST_REGISTRY gstregistrychunks.c:718:gst_registry_chunks_load_feature: Reading/casting for GstRegistryChunkPluginFeature at address 0x1929588
0:00:00.010941618  2472 0x17be320 DEBUG   GST_POLL gstpoll.c:980:gst_poll_fd_ctl_write: 0x17c69c0: fd (fd:0, idx:1), active : 1
0:00:00.014927716  2471 0x190f370 DEBUG   GST_REGISTRY gstregistry.c:590:gst_registry_add_feature: adding feature 0x192a0f0 (log)
0:00:00.010947854  2472 0x17be320 LOG   GST_POLL gstpoll.c:994:gst_poll_fd_ctl_write: 0x17c69c0: pfd->events now 60 (POLLOUT:4)
0:00:00.014933277  2471 0x190f370 DEBUG   GST_REFCOUNTING gstobject.c:709:gst_object_set_parent: set parent (ref and sink)
0:00:00.010954653  2472 0x17be320 DEBUG   GST_POLL gstpoll.c:980:gst_poll_fd_ctl_write: 0x17c69c0: fd (fd:0, idx:1), active : 1
0:00:00.014939210  2471 0x190f370 TRACE   GST_REFCOUNTING gstobject.c:294:gst_object_ref_sink: 0x192a0f0 ref_sink 1->2
0:00:00.010960006  2472 0x17be320 LOG   GST_POLL gstpoll.c:994:gst_poll_fd_ctl_write: 0x17c69c0: pfd->events now 60 (POLLOUT:4)
0:00:00.014945072  2471 0x190f370 LOG   GST_REGISTRY gstregistry.c:608:gst_registry_add_feature: emitting feature-added for log
0:00:00.010966157  2472 0x17be320 DEBUG   GST_POLL gstpoll.c:980:gst_poll_fd_ctl_write: 0x17c69c0: fd (fd:0, idx:1), active : 1
0:00:00.014957939  2471 0x190f370 DEBUG   GST_REGISTRY gstregistrychunks.c:741:gst_registry_chunks_load_feature: Added feature log, plugin 0x1928dc0 coretracers
0:00:00.010978614  2472 0x17be320 LOG   GST_POLL gstpoll.c:994:gst_poll_fd_ctl_write: 0x17c69c0: pfd->events now 60 (POLLOUT:4)
0:00:00.014964060  2471 0x190f370 DEBUG   GST_REGISTRY gstregistrychunks.c:583:gst_registry_chunks_load_feature: Plugin 'coretracers' feature 'latency' typename : 'GstTracerFactory'
0:00:00.010984956  2472 0x17be320 DEBUG   GST_POLL gstpoll.c:980:gst_poll_fd_ctl_write: 0x17c69c0: fd (fd:0, idx:1), active : 1
0:00:00.014970729  2471 0x190f370 TRACE   GST_REFCOUNTING gstobject.c:208:gst_object_init: 0x192a2f0 new
0:00:00.010990724  2472 0x17be320 LOG   GST_POLL gstpoll.c:994:gst_poll_fd_ctl_write: 0x17c69c0: pfd->events now 60 (POLLOUT:4)
0:00:00.014977213  2471 0x190f370 DEBUG   GST_REGISTRY gstregistrychunks.c:718:gst_registry_chunks_load_feature: Reading/casting for GstRegistryChunkPluginFeature at address 0x19295b0
0:00:00.010998022  2472 0x17be320 DEBUG   GST_POLL gstpoll.c:980:gst_poll_fd_ctl_write: 0x17c69c0: fd (fd:0, idx:1), active : 1
0:00:00.014984002  2471 0x190f370 DEBUG   GST_REGISTRY gstregistry.c:590:gst_registry_add_feature: adding feature 0x192a2f0 (latency)
0:00:00.011004094  2472 0x17be320 LOG   GST_POLL gstpoll.c:994:gst_poll_fd_ctl_write: 0x17c69c0: pfd->events now 60 (POLLOUT:4)
0:00:00.014989523  2471 0x190f370 DEBUG   GST_REFCOUNTING gstobject.c:709:gst_object_set_parent: set parent (ref and sink)
0:00:00.011011021  2472 0x17be320 DEBUG   GST_POLL gstpoll.c:980:gst_poll_fd_ctl_write: 0x17c69c0: fd (fd:0, idx:1), active : 1
0:00:00.014995516  2471 0x190f370 TRACE   GST_REFCOUNTING gstobject.c:294:gst_object_ref_sink: 0x192a2f0 ref_sink 1->2
0:00:00.011016345  2472 0x17be320 LOG   GST_POLL gstpoll.c:994:gst_poll_fd_ctl_write: 0x17c69c0: pfd->events now 60 (POLLOUT:4)
0:00:00.015001418  2471 0x190f370 LOG   GST_REGISTRY gstregistry.c:608:gst_registry_add_feature: emitting feature-added for latency
0:00:00.011022564  2472 0x17be320 DEBUG   GST_POLL gstpoll.c:980:gst_poll_fd_ctl_write: 0x17c69c0: fd (fd:0, idx:1), active : 1
0:00:00.015007049  2471 0x190f370 DEBUG   GST_REGISTRY gstregistrychunks.c:741:gst_registry_chunks_load_feature: Added feature latency, plugin 0x1928dc0 coretracers
0:00:00.011027892  2472 0x17be320 LOG   GST_POLL gstpoll.c:994:gst_poll_fd_ctl_write: 0x17c69c0: pfd->events now 60 (POLLOUT:4)
0:00:00.015013882  2471 0x190f370 LOG   GST_PLUGIN_LOADING gstpluginloader.c:888:handle_rx_packet: marking plugin 0x1928dc0 as registered as /home/conan/w/prod/BuildSingleReference/.conan/data/gstreamer/1.19.1/_/_/package/7935acf34602213af1e3939e2637ba8a4da1774a/lib/gstreamer-1.0/libgstcoretracers.so
0:00:00.011034556  2472 0x17be320 TRACE   GST_REFCOUNTING gstobject.c:265:gst_object_unref: 0x17d7e90 unref 2->1
0:00:00.015023625  2471 0x190f370 DEBUG   GST_POLL gstpoll.c:1414:gst_poll_wait: 0x1928d60: timeout :0:00:01.000000000
0:00:00.011045336  2472 0x17be320 DEBUG   GST_POLL gstpoll.c:1241:gst_poll_fd_has_error: 0x17c69c0: fd (fd:0, idx:1) 0
0:00:00.011050916  2472 0x17be320 DEBUG   GST_POLL gstpoll.c:1335:gst_poll_fd_can_write: 0x17c69c0: fd (fd:0, idx:1) 1
0:00:00.011055749  2472 0x17be320 LOG   GST_PLUGIN_LOADING gstpluginloader.c:689:write_one: Writing packet of size 6872 bytes to fd 0
0:00:00.011069290  2472 0x17be320 DEBUG   GST_POLL gstpoll.c:1414:gst_poll_wait: 0x17c69c0: timeout :0:00:01.000000000
0:00:00.015055212  2471 0x190f370 LOG   GST_PLUGIN_LOADING gstpluginloader.c:1027:exchange_packets: Poll res = 1. 0 bytes pending for write
0:00:00.011076700  2472 0x17be320 LOG   GST_PLUGIN_LOADING gstpluginloader.c:1027:exchange_packets: Poll res = 2. 488 bytes pending for write
0:00:00.015062248  2471 0x190f370 DEBUG   GST_POLL gstpoll.c:1241:gst_poll_fd_has_error: 0x1928d60: fd (fd:8, idx:2) 0
0:00:00.011083035  2472 0x17be320 DEBUG   GST_POLL gstpoll.c:1241:gst_poll_fd_has_error: 0x17c69c0: fd (fd:5, idx:2) 0
0:00:00.015068033  2471 0x190f370 DEBUG   GST_POLL gstpoll.c:1266:gst_poll_fd_can_read_unlocked: 0x1928d60: fd (fd:8, idx:2) 1
0:00:00.011089002  2472 0x17be320 DEBUG   GST_POLL gstpoll.c:1266:gst_poll_fd_can_read_unlocked: 0x17c69c0: fd (fd:5, idx:2) 1
0:00:00.015075172  2471 0x190f370 LOG   GST_PLUGIN_LOADING gstpluginloader.c:985:read_one: Expanding rx buf from 512 to 7384
0:00:00.011097321  2472 0x17be320 DEBUG   GST_PLUGIN_LOADING gstpluginloader.c:721:do_plugin_load: Plugin scanner loading file /home/conan/w/prod/BuildSingleReference/.conan/data/gstreamer/1.19.1/_/_/package/7935acf34602213af1e3939e2637ba8a4da1774a/lib/gstreamer-1.0/libgstcoreelements.so. tag 3
0:00:00.011103951  2472 0x17be320 TRACE   GST_REFCOUNTING gstobject.c:238:gst_object_ref: 0x17da220 ref 1->2
0:00:00.011109814  2472 0x17be320 TRACE   GST_REFCOUNTING gstobject.c:238:gst_object_ref: 0x17f5720 ref 1->2
0:00:00.015092008  2471 0x190f370 DEBUG   GST_PLUGIN_LOADING gstpluginloader.c:849:handle_rx_packet: Received plugin details from child w/ tag 1. 6860 bytes info
0:00:00.011115475  2472 0x17be320 TRACE   GST_REFCOUNTING gstobject.c:238:gst_object_ref: 0x17f4830 ref 1->2
0:00:00.015098315  2471 0x190f370 LOG   GST_REGISTRY gstregistrychunks.c:837:_priv_gst_registry_chunks_load_plugin: Reading/casting for GstRegistryChunkPluginElement at address 0x192ac30
0:00:00.011121567  2472 0x17be320 TRACE   GST_REFCOUNTING gstobject.c:238:gst_object_ref: 0x17f3090 ref 1->2
0:00:00.015105324  2471 0x190f370 TRACE   GST_REFCOUNTING gstobject.c:208:gst_object_init: 0x19293e0 new
0:00:00.011127572  2472 0x17be320 TRACE   GST_REFCOUNTING gstobject.c:238:gst_object_ref: 0x17f22c0 ref 1->2
0:00:00.011133620  2472 0x17be320 TRACE   GST_REFCOUNTING gstobject.c:238:gst_object_ref: 0x17f10b0 ref 1->2
0:00:00.015116169  2471 0x190f370 LOG   GST_REGISTRY gstregistrychunks.c:858:_priv_gst_registry_chunks_load_plugin: read strings for name='coreelements'
0:00:00.011139126  2472 0x17be320 TRACE   GST_REFCOUNTING gstobject.c:238:gst_object_ref: 0x17effb0 ref 1->2
0:00:00.015126027  2471 0x190f370 LOG   GST_REGISTRY gstregistrychunks.c:859:_priv_gst_registry_chunks_load_plugin: desc.description='GStreamer core elements'
0:00:00.011147556  2472 0x17be320 TRACE   GST_REFCOUNTING gstobject.c:238:gst_object_ref: 0x17ee600 ref 1->2
0:00:00.015132223  2471 0x190f370 LOG   GST_REGISTRY gstregistrychunks.c:860:_priv_gst_registry_chunks_load_plugin: filename='/home/conan/w/prod/BuildSingleReference/.conan/data/gstreamer/1.19.1/_/_/package/7935acf34602213af1e3939e2637ba8a4da1774a/lib/gstreamer-1.0/libgstcoreelements.so'
0:00:00.011153548  2472 0x17be320 TRACE   GST_REFCOUNTING gstobject.c:238:gst_object_ref: 0x17ecb80 ref 1->2
0:00:00.015137887  2471 0x190f370 LOG   GST_REGISTRY gstregistrychunks.c:861:_priv_gst_registry_chunks_load_plugin: desc.version='1.19.1'
0:00:00.011159457  2472 0x17be320 TRACE   GST_REFCOUNTING gstobject.c:238:gst_object_ref: 0x17eba70 ref 1->2
0:00:00.015143113  2471 0x190f370 LOG   GST_REGISTRY gstregistrychunks.c:862:_priv_gst_registry_chunks_load_plugin: desc.license='LGPL'
0:00:00.011165488  2472 0x17be320 TRACE   GST_REFCOUNTING gstobject.c:238:gst_object_ref: 0x17ea850 ref 1->2
0:00:00.015148351  2471 0x190f370 LOG   GST_REGISTRY gstregistrychunks.c:863:_priv_gst_registry_chunks_load_plugin: desc.source='gstreamer'
0:00:00.011171515  2472 0x17be320 TRACE   GST_REFCOUNTING gstobject.c:238:gst_object_ref: 0x17e91b0 ref 1->2
0:00:00.015154082  2471 0x190f370 LOG   GST_REGISTRY gstregistrychunks.c:864:_priv_gst_registry_chunks_load_plugin: desc.package='GStreamer source release'
0:00:00.011177496  2472 0x17be320 TRACE   GST_REFCOUNTING gstobject.c:238:gst_object_ref: 0x17e8500 ref 1->2
0:00:00.015160163  2471 0x190f370 LOG   GST_REGISTRY gstregistrychunks.c:865:_priv_gst_registry_chunks_load_plugin: desc.origin='Unknown package origin'
0:00:00.011183468  2472 0x17be320 TRACE   GST_REFCOUNTING gstobject.c:238:gst_object_ref: 0x17e78d0 ref 1->2
0:00:00.015166014  2471 0x190f370 LOG   GST_REGISTRY gstregistrychunks.c:866:_priv_gst_registry_chunks_load_plugin: desc.datetime=2021-06-01
0:00:00.011189606  2472 0x17be320 TRACE   GST_REFCOUNTING gstobject.c:238:gst_object_ref: 0x17dee20 ref 1->2
0:00:00.015173935  2471 0x190f370 DEBUG   GST_REGISTRY gstregistry.c:474:gst_registry_add_plugin: adding plugin 0x19293e0 for filename "/home/conan/w/prod/BuildSingleReference/.conan/data/gstreamer/1.19.1/_/_/package/7935acf34602213af1e3939e2637ba8a4da1774a/lib/gstreamer-1.0/libgstcoreelements.so"
0:00:00.011195533  2472 0x17be320 TRACE   GST_REFCOUNTING gstobject.c:238:gst_object_ref: 0x17e4cd0 ref 1->2
0:00:00.015180852  2471 0x190f370 TRACE   GST_REFCOUNTING gstobject.c:294:gst_object_ref_sink: 0x19293e0 ref_sink 1->2
0:00:00.011201594  2472 0x17be320 TRACE   GST_REFCOUNTING gstobject.c:238:gst_object_ref: 0x17e26a0 ref 1->2
0:00:00.015191088  2471 0x190f370 LOG   GST_REGISTRY gstregistry.c:487:gst_registry_add_plugin: emitting plugin-added for filename "/home/conan/w/prod/BuildSingleReference/.conan/data/gstreamer/1.19.1/_/_/package/7935acf34602213af1e3939e2637ba8a4da1774a/lib/gstreamer-1.0/libgstcoreelements.so"
0:00:00.011211769  2472 0x17be320 TRACE   GST_REFCOUNTING gstobject.c:238:gst_object_ref: 0x17e0b50 ref 1->2
0:00:00.015197598  2471 0x190f370 DEBUG   GST_REGISTRY gstregistrychunks.c:887:_priv_gst_registry_chunks_load_plugin: Added plugin 'coreelements' plugin with 22 features from binary registry
0:00:00.011218367  2472 0x17be320 TRACE   GST_REFCOUNTING gstobject.c:238:gst_object_ref: 0x17dfb10 ref 1->2
0:00:00.015204013  2471 0x190f370 DEBUG   GST_REGISTRY gstregistrychunks.c:583:gst_registry_chunks_load_feature: Plugin 'coreelements' feature 'streamiddemux' typename : 'GstElementFactory'
0:00:00.011224960  2472 0x17be320 TRACE   GST_REFCOUNTING gstobject.c:238:gst_object_ref: 0x17de060 ref 1->2
0:00:00.011231060  2472 0x17be320 TRACE   GST_REFCOUNTING gstobject.c:238:gst_object_ref: 0x17dd260 ref 1->2
0:00:00.015212153  2471 0x190f370 TRACE   GST_REFCOUNTING gstobject.c:208:gst_object_init: 0x1929750 new
0:00:00.011236684  2472 0x17be320 TRACE   GST_REFCOUNTING gstobject.c:238:gst_object_ref: 0x17dc360 ref 1->2
0:00:00.015220479  2471 0x190f370 LOG   GST_REGISTRY gstregistrychunks.c:610:gst_registry_chunks_load_feature: Reading/casting for GstRegistryChunkElementFactory at address 0x192ad88
0:00:00.011242469  2472 0x17be320 TRACE   GST_REFCOUNTING gstobject.c:238:gst_object_ref: 0x17da670 ref 1->2
0:00:00.015227504  2471 0x190f370 TRACE   structure gststructure.c:292:gst_structure_new_id_empty_with_size: created structure 0x192a4e0
0:00:00.011248850  2472 0x17be320 DEBUG   GST_REGISTRY gstregistrychunks.c:265:gst_registry_chunks_save_feature: saved 0 interfaces 0 pad templates
0:00:00.015233552  2471 0x190f370 DEBUG   structure gststructure.c:2258:gst_structure_parse_field: trying field name 'long-name'
0:00:00.011257881  2472 0x17be320 DEBUG   GST_REGISTRY gstregistrychunks.c:265:gst_registry_chunks_save_feature: saved 0 interfaces 0 pad templates
0:00:00.015244030  2471 0x190f370 DEBUG   default gstvalue.c:2776:_priv_gst_value_parse_value: trying type name 'string'
0:00:00.011265473  2472 0x17be320 DEBUG   GST_REGISTRY gstregistrychunks.c:265:gst_registry_chunks_save_feature: saved 0 interfaces 0 pad templates
0:00:00.015253492  2471 0x190f370 DEBUG   structure gststructure.c:2258:gst_structure_parse_field: trying field name 'klass'
0:00:00.011273059  2472 0x17be320 DEBUG   GST_REGISTRY gstregistrychunks.c:265:gst_registry_chunks_save_feature: saved 1 interfaces 0 pad templates
0:00:00.015258782  2471 0x190f370 DEBUG   default gstvalue.c:2776:_priv_gst_value_parse_value: trying type name 'string'
0:00:00.011280221  2472 0x17be320 DEBUG   GST_REGISTRY gstregistrychunks.c:284:gst_registry_chunks_save_feature: Saved 1 UriTypes
0:00:00.015269775  2471 0x190f370 DEBUG   structure gststructure.c:2258:gst_structure_parse_field: trying field name 'description'
0:00:00.011291660  2472 0x17be320 DEBUG   GST_REGISTRY gstregistrychunks.c:265:gst_registry_chunks_save_feature: saved 0 interfaces 0 pad templates
0:00:00.015275198  2471 0x190f370 DEBUG   default gstvalue.c:2776:_priv_gst_value_parse_value: trying type name 'string'
0:00:00.011299184  2472 0x17be320 DEBUG   GST_REGISTRY gstregistrychunks.c:265:gst_registry_chunks_save_feature: saved 0 interfaces 0 pad templates
0:00:00.015281369  2471 0x190f370 DEBUG   structure gststructure.c:2258:gst_structure_parse_field: trying field name 'author'
0:00:00.015287494  2471 0x190f370 DEBUG   default gstvalue.c:2776:_priv_gst_value_parse_value: trying type name 'string'
0:00:00.011306912  2472 0x17be320 DEBUG   GST_REGISTRY gstregistrychunks.c:265:gst_registry_chunks_save_feature: saved 0 interfaces 0 pad templates
0:00:00.015293235  2471 0x190f370 DEBUG   GST_REGISTRY gstregistrychunks.c:626:gst_registry_chunks_load_feature: Element factory : npadtemplates=2
0:00:00.011316292  2472 0x17be320 DEBUG   GST_REGISTRY gstregistrychunks.c:265:gst_registry_chunks_save_feature: saved 1 interfaces 0 pad templates
0:00:00.015298729  2471 0x190f370 DEBUG   GST_REGISTRY gstregistrychunks.c:526:gst_registry_chunks_load_pad_template: Reading/casting for GstRegistryChunkPadTemplate at address 0x192ae60
0:00:00.011321810  2472 0x17be320 DEBUG   GST_REGISTRY gstregistrychunks.c:284:gst_registry_chunks_save_feature: Saved 1 UriTypes
0:00:00.015305138  2471 0x190f370 DEBUG   GST_REGISTRY gstregistrychunks.c:539:gst_registry_chunks_load_pad_template: Added pad_template src_%u
0:00:00.011329130  2472 0x17be320 DEBUG   GST_REGISTRY gstregistrychunks.c:265:gst_registry_chunks_save_feature: saved 1 interfaces 0 pad templates
0:00:00.015310382  2471 0x190f370 DEBUG   GST_REGISTRY gstregistrychunks.c:526:gst_registry_chunks_load_pad_template: Reading/casting for GstRegistryChunkPadTemplate at address 0x192ae78
0:00:00.011334666  2472 0x17be320 DEBUG   GST_REGISTRY gstregistrychunks.c:284:gst_registry_chunks_save_feature: Saved 1 UriTypes
0:00:00.015317750  2471 0x190f370 DEBUG   GST_REGISTRY gstregistrychunks.c:539:gst_registry_chunks_load_pad_template: Added pad_template sink
0:00:00.011341910  2472 0x17be320 DEBUG   GST_REGISTRY gstregistrychunks.c:265:gst_registry_chunks_save_feature: saved 1 interfaces 0 pad templates
0:00:00.015324296  2471 0x190f370 DEBUG   GST_REGISTRY gstregistry.c:590:gst_registry_add_feature: adding feature 0x1929750 (streamiddemux)
0:00:00.011347316  2472 0x17be320 DEBUG   GST_REGISTRY gstregistrychunks.c:284:gst_registry_chunks_save_feature: Saved 1 UriTypes
0:00:00.015331487  2471 0x190f370 DEBUG   GST_REFCOUNTING gstobject.c:709:gst_object_set_parent: set parent (ref and sink)
0:00:00.011354472  2472 0x17be320 DEBUG   GST_REGISTRY gstregistrychunks.c:265:gst_registry_chunks_save_feature: saved 0 interfaces 0 pad templates
0:00:00.015338002  2471 0x190f370 TRACE   GST_REFCOUNTING gstobject.c:294:gst_object_ref_sink: 0x1929750 ref_sink 1->2
0:00:00.015346736  2471 0x190f370 LOG   GST_REGISTRY gstregistry.c:608:gst_registry_add_feature: emitting feature-added for streamiddemux
0:00:00.011370044  2472 0x17be320 DEBUG   GST_REGISTRY gstregistrychunks.c:265:gst_registry_chunks_save_feature: saved 0 interfaces 0 pad templates
0:00:00.015352620  2471 0x190f370 DEBUG   GST_REGISTRY gstregistrychunks.c:741:gst_registry_chunks_load_feature: Added feature streamiddemux, plugin 0x19293e0 coreelements
0:00:00.011377665  2472 0x17be320 DEBUG   GST_REGISTRY gstregistrychunks.c:265:gst_registry_chunks_save_feature: saved 0 interfaces 0 pad templates
0:00:00.015359201  2471 0x190f370 DEBUG   GST_REGISTRY gstregistrychunks.c:583:gst_registry_chunks_load_feature: Plugin 'coreelements' feature 'valve' typename : 'GstElementFactory'
0:00:00.011386162  2472 0x17be320 DEBUG   GST_REGISTRY gstregistrychunks.c:265:gst_registry_chunks_save_feature: saved 0 interfaces 0 pad templates
0:00:00.015367288  2471 0x190f370 TRACE   GST_REFCOUNTING gstobject.c:208:gst_object_init: 0x192a8c0 new
0:00:00.011393562  2472 0x17be320 DEBUG   GST_REGISTRY gstregistrychunks.c:265:gst_registry_chunks_save_feature: saved 0 interfaces 0 pad templates
0:00:00.015375464  2471 0x190f370 LOG   GST_REGISTRY gstregistrychunks.c:610:gst_registry_chunks_load_feature: Reading/casting for GstRegistryChunkElementFactory at address 0x192aea8
0:00:00.011401310  2472 0x17be320 DEBUG   GST_REGISTRY gstregistrychunks.c:265:gst_registry_chunks_save_feature: saved 0 interfaces 0 pad templates
0:00:00.015382834  2471 0x190f370 TRACE   structure gststructure.c:292:gst_structure_new_id_empty_with_size: created structure 0x192c9e0
0:00:00.015389643  2471 0x190f370 DEBUG   structure gststructure.c:2258:gst_structure_parse_field: trying field name 'long-name'
0:00:00.011408830  2472 0x17be320 DEBUG   GST_REGISTRY gstregistrychunks.c:265:gst_registry_chunks_save_feature: saved 1 interfaces 0 pad templates
0:00:00.015394390  2471 0x190f370 DEBUG   default gstvalue.c:2776:_priv_gst_value_parse_value: trying type name 'string'
0:00:00.011415851  2472 0x17be320 DEBUG   GST_REGISTRY gstregistrychunks.c:284:gst_registry_chunks_save_feature: Saved 1 UriTypes
0:00:00.015400100  2471 0x190f370 DEBUG   structure gststructure.c:2258:gst_structure_parse_field: trying field name 'klass'
0:00:00.015405017  2471 0x190f370 DEBUG   default gstvalue.c:2776:_priv_gst_value_parse_value: trying type name 'string'
0:00:00.011423844  2472 0x17be320 DEBUG   GST_REGISTRY gstregistrychunks.c:265:gst_registry_chunks_save_feature: saved 0 interfaces 0 pad templates
0:00:00.015410039  2471 0x190f370 DEBUG   structure gststructure.c:2258:gst_structure_parse_field: trying field name 'description'
0:00:00.011433870  2472 0x17be320 DEBUG   GST_REGISTRY gstregistrychunks.c:265:gst_registry_chunks_save_feature: saved 0 interfaces 0 pad templates
0:00:00.015415334  2471 0x190f370 DEBUG   default gstvalue.c:2776:_priv_gst_value_parse_value: trying type name 'string'
0:00:00.015426167  2471 0x190f370 DEBUG   structure gststructure.c:2258:gst_structure_parse_field: trying field name 'author'
0:00:00.011445972  2472 0x17be320 DEBUG   GST_REGISTRY gstregistrychunks.c:265:gst_registry_chunks_save_feature: saved 0 interfaces 0 pad templates
0:00:00.015430848  2471 0x190f370 DEBUG   default gstvalue.c:2776:_priv_gst_value_parse_value: trying type name 'string'
0:00:00.011455480  2472 0x17be320 DEBUG   GST_REGISTRY gstregistrychunks.c:265:gst_registry_chunks_save_feature: saved 0 interfaces 0 pad templates
0:00:00.015436765  2471 0x190f370 DEBUG   GST_REGISTRY gstregistrychunks.c:626:gst_registry_chunks_load_feature: Element factory : npadtemplates=2
0:00:00.015443599  2471 0x190f370 DEBUG   GST_REGISTRY gstregistrychunks.c:526:gst_registry_chunks_load_pad_template: Reading/casting for GstRegistryChunkPadTemplate at address 0x192af98
0:00:00.011464978  2472 0x17be320 DEBUG   GST_REGISTRY gstregistrychunks.c:265:gst_registry_chunks_save_feature: saved 0 interfaces 0 pad templates
0:00:00.015448682  2471 0x190f370 DEBUG   GST_REGISTRY gstregistrychunks.c:539:gst_registry_chunks_load_pad_template: Added pad_template sink
0:00:00.015454019  2471 0x190f370 DEBUG   GST_REGISTRY gstregistrychunks.c:526:gst_registry_chunks_load_pad_template: Reading/casting for GstRegistryChunkPadTemplate at address 0x192afb0
0:00:00.011473672  2472 0x17be320 TRACE   GST_REFCOUNTING gstobject.c:265:gst_object_unref: 0x17da670 unref 2->1
0:00:00.015459056  2471 0x190f370 DEBUG   GST_REGISTRY gstregistrychunks.c:539:gst_registry_chunks_load_pad_template: Added pad_template src
0:00:00.011481013  2472 0x17be320 TRACE   GST_REFCOUNTING gstobject.c:265:gst_object_unref: 0x17dc360 unref 2->1
0:00:00.015465858  2471 0x190f370 DEBUG   GST_REGISTRY gstregistry.c:590:gst_registry_add_feature: adding feature 0x192a8c0 (valve)
0:00:00.011487412  2472 0x17be320 TRACE   GST_REFCOUNTING gstobject.c:265:gst_object_unref: 0x17dd260 unref 2->1
0:00:00.015471369  2471 0x190f370 DEBUG   GST_REFCOUNTING gstobject.c:709:gst_object_set_parent: set parent (ref and sink)
0:00:00.011493494  2472 0x17be320 TRACE   GST_REFCOUNTING gstobject.c:265:gst_object_unref: 0x17de060 unref 2->1
0:00:00.015477543  2471 0x190f370 TRACE   GST_REFCOUNTING gstobject.c:294:gst_object_ref_sink: 0x192a8c0 ref_sink 1->2
0:00:00.011499620  2472 0x17be320 TRACE   GST_REFCOUNTING gstobject.c:265:gst_object_unref: 0x17dfb10 unref 2->1
0:00:00.015483456  2471 0x190f370 LOG   GST_REGISTRY gstregistry.c:608:gst_registry_add_feature: emitting feature-added for valve
0:00:00.011505664  2472 0x17be320 TRACE   GST_REFCOUNTING gstobject.c:265:gst_object_unref: 0x17e0b50 unref 2->1
0:00:00.015489279  2471 0x190f370 DEBUG   GST_REGISTRY gstregistrychunks.c:741:gst_registry_chunks_load_feature: Added feature valve, plugin 0x19293e0 coreelements
0:00:00.011511726  2472 0x17be320 TRACE   GST_REFCOUNTING gstobject.c:265:gst_object_unref: 0x17e26a0 unref 2->1
0:00:00.015512630  2471 0x190f370 DEBUG   GST_REGISTRY gstregistrychunks.c:583:gst_registry_chunks_load_feature: Plugin 'coreelements' feature 'multiqueue' typename : 'GstElementFactory'
0:00:00.011531597  2472 0x17be320 TRACE   GST_REFCOUNTING gstobject.c:265:gst_object_unref: 0x17e4cd0 unref 2->1
0:00:00.011546492  2472 0x17be320 TRACE   GST_REFCOUNTING gstobject.c:265:gst_object_unref: 0x17dee20 unref 2->1
0:00:00.015526691  2471 0x190f370 TRACE   GST_REFCOUNTING gstobject.c:208:gst_object_init: 0x192a9b0 new
0:00:00.011554423  2472 0x17be320 TRACE   GST_REFCOUNTING gstobject.c:265:gst_object_unref: 0x17e78d0 unref 2->1
0:00:00.015539971  2471 0x190f370 LOG   GST_REGISTRY gstregistrychunks.c:610:gst_registry_chunks_load_feature: Reading/casting for GstRegistryChunkElementFactory at address 0x192afe0
0:00:00.011560514  2472 0x17be320 TRACE   GST_REFCOUNTING gstobject.c:265:gst_object_unref: 0x17e8500 unref 2->1
0:00:00.015546621  2471 0x190f370 TRACE   structure gststructure.c:292:gst_structure_new_id_empty_with_size: created structure 0x192cb60
0:00:00.011567401  2472 0x17be320 TRACE   GST_REFCOUNTING gstobject.c:265:gst_object_unref: 0x17e91b0 unref 2->1
0:00:00.015552189  2471 0x190f370 DEBUG   structure gststructure.c:2258:gst_structure_parse_field: trying field name 'long-name'
0:00:00.011573611  2472 0x17be320 TRACE   GST_REFCOUNTING gstobject.c:265:gst_object_unref: 0x17ea850 unref 2->1
0:00:00.015557471  2471 0x190f370 DEBUG   default gstvalue.c:2776:_priv_gst_value_parse_value: trying type name 'string'
0:00:00.011579743  2472 0x17be320 TRACE   GST_REFCOUNTING gstobject.c:265:gst_object_unref: 0x17eba70 unref 2->1
0:00:00.015563326  2471 0x190f370 DEBUG   structure gststructure.c:2258:gst_structure_parse_field: trying field name 'klass'
0:00:00.011585778  2472 0x17be320 TRACE   GST_REFCOUNTING gstobject.c:265:gst_object_unref: 0x17ecb80 unref 2->1
0:00:00.015568191  2471 0x190f370 DEBUG   default gstvalue.c:2776:_priv_gst_value_parse_value: trying type name 'string'
0:00:00.011591794  2472 0x17be320 TRACE   GST_REFCOUNTING gstobject.c:265:gst_object_unref: 0x17ee600 unref 2->1
0:00:00.015574771  2471 0x190f370 DEBUG   structure gststructure.c:2258:gst_structure_parse_field: trying field name 'description'
0:00:00.011597814  2472 0x17be320 TRACE   GST_REFCOUNTING gstobject.c:265:gst_object_unref: 0x17effb0 unref 2->1
0:00:00.015580212  2471 0x190f370 DEBUG   default gstvalue.c:2776:_priv_gst_value_parse_value: trying type name 'string'
0:00:00.011603724  2472 0x17be320 TRACE   GST_REFCOUNTING gstobject.c:265:gst_object_unref: 0x17f10b0 unref 2->1
0:00:00.015586800  2471 0x190f370 DEBUG   structure gststructure.c:2258:gst_structure_parse_field: trying field name 'author'
0:00:00.011609744  2472 0x17be320 TRACE   GST_REFCOUNTING gstobject.c:265:gst_object_unref: 0x17f22c0 unref 2->1
0:00:00.015596595  2471 0x190f370 DEBUG   default gstvalue.c:2776:_priv_gst_value_parse_value: trying type name 'string'
0:00:00.011618400  2472 0x17be320 TRACE   GST_REFCOUNTING gstobject.c:265:gst_object_unref: 0x17f3090 unref 2->1
0:00:00.015602652  2471 0x190f370 DEBUG   GST_REGISTRY gstregistrychunks.c:626:gst_registry_chunks_load_feature: Element factory : npadtemplates=2
0:00:00.011624492  2472 0x17be320 TRACE   GST_REFCOUNTING gstobject.c:265:gst_object_unref: 0x17f4830 unref 2->1
0:00:00.015608036  2471 0x190f370 DEBUG   GST_REGISTRY gstregistrychunks.c:526:gst_registry_chunks_load_pad_template: Reading/casting for GstRegistryChunkPadTemplate at address 0x192b0a0
0:00:00.011630563  2472 0x17be320 TRACE   GST_REFCOUNTING gstobject.c:265:gst_object_unref: 0x17f5720 unref 2->1
0:00:00.015613645  2471 0x190f370 DEBUG   GST_REGISTRY gstregistrychunks.c:539:gst_registry_chunks_load_pad_template: Added pad_template src_%u
0:00:00.015618901  2471 0x190f370 DEBUG   GST_REGISTRY gstregistrychunks.c:526:gst_registry_chunks_load_pad_template: Reading/casting for GstRegistryChunkPadTemplate at address 0x192b0b8
0:00:00.011638048  2472 0x17be320 DEBUG   GST_REGISTRY gstregistrychunks.c:498:_priv_gst_registry_chunks_save_plugin: Found 22 features in plugin 0x17da220 (coreelements)
0:00:00.015623990  2471 0x190f370 DEBUG   GST_REGISTRY gstregistrychunks.c:539:gst_registry_chunks_load_pad_template: Added pad_template sink_%u
0:00:00.011645718  2472 0x17be320 DEBUG   GST_POLL gstpoll.c:980:gst_poll_fd_ctl_write: 0x17c69c0: fd (fd:0, idx:1), active : 1
0:00:00.015630845  2471 0x190f370 DEBUG   GST_REGISTRY gstregistry.c:590:gst_registry_add_feature: adding feature 0x192a9b0 (multiqueue)
0:00:00.011651686  2472 0x17be320 LOG   GST_POLL gstpoll.c:994:gst_poll_fd_ctl_write: 0x17c69c0: pfd->events now 60 (POLLOUT:4)
0:00:00.015636561  2471 0x190f370 DEBUG   GST_REFCOUNTING gstobject.c:709:gst_object_set_parent: set parent (ref and sink)
0:00:00.011657961  2472 0x17be320 DEBUG   GST_POLL gstpoll.c:980:gst_poll_fd_ctl_write: 0x17c69c0: fd (fd:0, idx:1), active : 1
0:00:00.015643255  2471 0x190f370 TRACE   GST_REFCOUNTING gstobject.c:294:gst_object_ref_sink: 0x192a9b0 ref_sink 1->2
0:00:00.011663670  2472 0x17be320 LOG   GST_POLL gstpoll.c:994:gst_poll_fd_ctl_write: 0x17c69c0: pfd->events now 60 (POLLOUT:4)
0:00:00.015649769  2471 0x190f370 LOG   GST_REGISTRY gstregistry.c:608:gst_registry_add_feature: emitting feature-added for multiqueue
