0:00:00.012929095  2472 0x17be320 LOG   GST_POLL gstpoll.c:994:gst_poll_fd_ctl_write: 0x17c69c0: pfd->events now 60 (POLLOUT:4)
0:00:00.016905724  2471 0x190f370 DEBUG   default gstvalue.c:2776:_priv_gst_value_parse_value: trying type name 'string'
0:00:00.012934786  2472 0x17be320 DEBUG   GST_POLL gstpoll.c:980:gst_poll_fd_ctl_write: 0x17c69c0: fd (fd:0, idx:1), active : 1
0:00:00.016918511  2471 0x190f370 DEBUG   structure gststructure.c:2258:gst_structure_parse_field: trying field name 'description'
0:00:00.012940578  2472 0x17be320 LOG   GST_POLL gstpoll.c:994:gst_poll_fd_ctl_write: 0x17c69c0: pfd->events now 60 (POLLOUT:4)
0:00:00.016924758  2471 0x190f370 DEBUG   default gstvalue.c:2776:_priv_gst_value_parse_value: trying type name 'string'
0:00:00.012946732  2472 0x17be320 DEBUG   GST_POLL gstpoll.c:980:gst_poll_fd_ctl_write: 0x17c69c0: fd (fd:0, idx:1), active : 1
0:00:00.016931156  2471 0x190f370 DEBUG   structure gststructure.c:2258:gst_structure_parse_field: trying field name 'author'
0:00:00.012952493  2472 0x17be320 LOG   GST_POLL gstpoll.c:994:gst_poll_fd_ctl_write: 0x17c69c0: pfd->events now 60 (POLLOUT:4)
0:00:00.016936804  2471 0x190f370 DEBUG   default gstvalue.c:2776:_priv_gst_value_parse_value: trying type name 'string'
0:00:00.012958643  2472 0x17be320 DEBUG   GST_POLL gstpoll.c:980:gst_poll_fd_ctl_write: 0x17c69c0: fd (fd:0, idx:1), active : 1
0:00:00.016947703  2471 0x190f370 DEBUG   GST_REGISTRY gstregistrychunks.c:626:gst_registry_chunks_load_feature: Element factory : npadtemplates=2
0:00:00.012968051  2472 0x17be320 LOG   GST_POLL gstpoll.c:994:gst_poll_fd_ctl_write: 0x17c69c0: pfd->events now 60 (POLLOUT:4)
0:00:00.016953600  2471 0x190f370 DEBUG   GST_REGISTRY gstregistrychunks.c:526:gst_registry_chunks_load_pad_template: Reading/casting for GstRegistryChunkPadTemplate at address 0x192bb20
0:00:00.012975244  2472 0x17be320 DEBUG   GST_POLL gstpoll.c:980:gst_poll_fd_ctl_write: 0x17c69c0: fd (fd:0, idx:1), active : 1
0:00:00.016959661  2471 0x190f370 DEBUG   GST_REGISTRY gstregistrychunks.c:539:gst_registry_chunks_load_pad_template: Added pad_template src
0:00:00.012981032  2472 0x17be320 LOG   GST_POLL gstpoll.c:994:gst_poll_fd_ctl_write: 0x17c69c0: pfd->events now 60 (POLLOUT:4)
0:00:00.016965357  2471 0x190f370 DEBUG   GST_REGISTRY gstregistrychunks.c:526:gst_registry_chunks_load_pad_template: Reading/casting for GstRegistryChunkPadTemplate at address 0x192bb30
0:00:00.012987163  2472 0x17be320 DEBUG   GST_POLL gstpoll.c:980:gst_poll_fd_ctl_write: 0x17c69c0: fd (fd:0, idx:1), active : 1
0:00:00.016971277  2471 0x190f370 DEBUG   GST_REGISTRY gstregistrychunks.c:539:gst_registry_chunks_load_pad_template: Added pad_template sink_%u
0:00:00.012992977  2472 0x17be320 LOG   GST_POLL gstpoll.c:994:gst_poll_fd_ctl_write: 0x17c69c0: pfd->events now 60 (POLLOUT:4)
0:00:00.016978592  2471 0x190f370 DEBUG   GST_REGISTRY gstregistry.c:590:gst_registry_add_feature: adding feature 0x192ee80 (funnel)
0:00:00.012999112  2472 0x17be320 DEBUG   GST_POLL gstpoll.c:980:gst_poll_fd_ctl_write: 0x17c69c0: fd (fd:0, idx:1), active : 1
0:00:00.016984675  2471 0x190f370 DEBUG   GST_REFCOUNTING gstobject.c:709:gst_object_set_parent: set parent (ref and sink)
0:00:00.013005967  2472 0x17be320 LOG   GST_POLL gstpoll.c:994:gst_poll_fd_ctl_write: 0x17c69c0: pfd->events now 60 (POLLOUT:4)
0:00:00.016991843  2471 0x190f370 TRACE   GST_REFCOUNTING gstobject.c:294:gst_object_ref_sink: 0x192ee80 ref_sink 1->2
0:00:00.013012672  2472 0x17be320 DEBUG   GST_POLL gstpoll.c:980:gst_poll_fd_ctl_write: 0x17c69c0: fd (fd:0, idx:1), active : 1
0:00:00.016998568  2471 0x190f370 LOG   GST_REGISTRY gstregistry.c:608:gst_registry_add_feature: emitting feature-added for funnel
0:00:00.013019674  2472 0x17be320 LOG   GST_POLL gstpoll.c:994:gst_poll_fd_ctl_write: 0x17c69c0: pfd->events now 60 (POLLOUT:4)
0:00:00.017005197  2471 0x190f370 DEBUG   GST_REGISTRY gstregistrychunks.c:741:gst_registry_chunks_load_feature: Added feature funnel, plugin 0x19293e0 coreelements
0:00:00.013025995  2472 0x17be320 DEBUG   GST_POLL gstpoll.c:980:gst_poll_fd_ctl_write: 0x17c69c0: fd (fd:0, idx:1), active : 1
0:00:00.017012176  2471 0x190f370 DEBUG   GST_REGISTRY gstregistrychunks.c:583:gst_registry_chunks_load_feature: Plugin 'coreelements' feature 'filesrc' typename : 'GstElementFactory'
0:00:00.013032720  2472 0x17be320 LOG   GST_POLL gstpoll.c:994:gst_poll_fd_ctl_write: 0x17c69c0: pfd->events now 60 (POLLOUT:4)
0:00:00.017023444  2471 0x190f370 TRACE   GST_REFCOUNTING gstobject.c:208:gst_object_init: 0x192ed80 new
0:00:00.013043498  2472 0x17be320 DEBUG   GST_POLL gstpoll.c:980:gst_poll_fd_ctl_write: 0x17c69c0: fd (fd:0, idx:1), active : 1
0:00:00.017031311  2471 0x190f370 LOG   GST_REGISTRY gstregistrychunks.c:610:gst_registry_chunks_load_feature: Reading/casting for GstRegistryChunkElementFactory at address 0x192bb60
0:00:00.013051495  2472 0x17be320 LOG   GST_POLL gstpoll.c:994:gst_poll_fd_ctl_write: 0x17c69c0: pfd->events now 60 (POLLOUT:4)
0:00:00.017037768  2471 0x190f370 TRACE   structure gststructure.c:292:gst_structure_new_id_empty_with_size: created structure 0x192f460
0:00:00.013059217  2472 0x17be320 DEBUG   GST_POLL gstpoll.c:980:gst_poll_fd_ctl_write: 0x17c69c0: fd (fd:0, idx:1), active : 1
0:00:00.017043746  2471 0x190f370 DEBUG   structure gststructure.c:2258:gst_structure_parse_field: trying field name 'long-name'
0:00:00.013065098  2472 0x17be320 LOG   GST_POLL gstpoll.c:994:gst_poll_fd_ctl_write: 0x17c69c0: pfd->events now 60 (POLLOUT:4)
0:00:00.017049343  2471 0x190f370 DEBUG   default gstvalue.c:2776:_priv_gst_value_parse_value: trying type name 'string'
0:00:00.013071321  2472 0x17be320 DEBUG   GST_POLL gstpoll.c:980:gst_poll_fd_ctl_write: 0x17c69c0: fd (fd:0, idx:1), active : 1
0:00:00.017055468  2471 0x190f370 DEBUG   structure gststructure.c:2258:gst_structure_parse_field: trying field name 'klass'
0:00:00.013077095  2472 0x17be320 LOG   GST_POLL gstpoll.c:994:gst_poll_fd_ctl_write: 0x17c69c0: pfd->events now 60 (POLLOUT:4)
0:00:00.017061094  2471 0x190f370 DEBUG   default gstvalue.c:2776:_priv_gst_value_parse_value: trying type name 'string'
0:00:00.013083149  2472 0x17be320 DEBUG   GST_POLL gstpoll.c:980:gst_poll_fd_ctl_write: 0x17c69c0: fd (fd:0, idx:1), active : 1
0:00:00.017067614  2471 0x190f370 DEBUG   structure gststructure.c:2258:gst_structure_parse_field: trying field name 'description'
0:00:00.013088880  2472 0x17be320 LOG   GST_POLL gstpoll.c:994:gst_poll_fd_ctl_write: 0x17c69c0: pfd->events now 60 (POLLOUT:4)
0:00:00.017073513  2471 0x190f370 DEBUG   default gstvalue.c:2776:_priv_gst_value_parse_value: trying type name 'string'
0:00:00.013095143  2472 0x17be320 DEBUG   GST_POLL gstpoll.c:980:gst_poll_fd_ctl_write: 0x17c69c0: fd (fd:0, idx:1), active : 1
0:00:00.017079907  2471 0x190f370 DEBUG   structure gststructure.c:2258:gst_structure_parse_field: trying field name 'author'
0:00:00.013100886  2472 0x17be320 LOG   GST_POLL gstpoll.c:994:gst_poll_fd_ctl_write: 0x17c69c0: pfd->events now 60 (POLLOUT:4)
0:00:00.017085386  2471 0x190f370 DEBUG   default gstvalue.c:2776:_priv_gst_value_parse_value: trying type name 'string'
0:00:00.013107004  2472 0x17be320 DEBUG   GST_POLL gstpoll.c:980:gst_poll_fd_ctl_write: 0x17c69c0: fd (fd:0, idx:1), active : 1
0:00:00.017091899  2471 0x190f370 DEBUG   GST_REGISTRY gstregistrychunks.c:626:gst_registry_chunks_load_feature: Element factory : npadtemplates=1
0:00:00.013116705  2472 0x17be320 LOG   GST_POLL gstpoll.c:994:gst_poll_fd_ctl_write: 0x17c69c0: pfd->events now 60 (POLLOUT:4)
0:00:00.017099779  2471 0x190f370 DEBUG   GST_REGISTRY gstregistrychunks.c:526:gst_registry_chunks_load_pad_template: Reading/casting for GstRegistryChunkPadTemplate at address 0x192bc40
0:00:00.013122923  2472 0x17be320 DEBUG   GST_POLL gstpoll.c:980:gst_poll_fd_ctl_write: 0x17c69c0: fd (fd:0, idx:1), active : 1
0:00:00.017105691  2471 0x190f370 DEBUG   GST_REGISTRY gstregistrychunks.c:539:gst_registry_chunks_load_pad_template: Added pad_template src
0:00:00.013128849  2472 0x17be320 LOG   GST_POLL gstpoll.c:994:gst_poll_fd_ctl_write: 0x17c69c0: pfd->events now 60 (POLLOUT:4)
0:00:00.017112752  2471 0x190f370 DEBUG   GST_REGISTRY gstregistrychunks.c:639:gst_registry_chunks_load_feature: Reading 1 UriTypes at address 0x192bc50
0:00:00.013134859  2472 0x17be320 DEBUG   GST_POLL gstpoll.c:980:gst_poll_fd_ctl_write: 0x17c69c0: fd (fd:0, idx:1), active : 1
0:00:00.017119497  2471 0x190f370 DEBUG   GST_REGISTRY gstregistrychunks.c:654:gst_registry_chunks_load_feature: Reading 1 Interfaces at address 0x192bc59
0:00:00.013140670  2472 0x17be320 LOG   GST_POLL gstpoll.c:994:gst_poll_fd_ctl_write: 0x17c69c0: pfd->events now 60 (POLLOUT:4)
0:00:00.017127131  2471 0x190f370 DEBUG   GST_REGISTRY gstregistry.c:590:gst_registry_add_feature: adding feature 0x192ed80 (filesrc)
0:00:00.013147213  2472 0x17be320 DEBUG   GST_POLL gstpoll.c:980:gst_poll_fd_ctl_write: 0x17c69c0: fd (fd:0, idx:1), active : 1
0:00:00.017133087  2471 0x190f370 DEBUG   GST_REFCOUNTING gstobject.c:709:gst_object_set_parent: set parent (ref and sink)
0:00:00.013154488  2472 0x17be320 LOG   GST_POLL gstpoll.c:994:gst_poll_fd_ctl_write: 0x17c69c0: pfd->events now 60 (POLLOUT:4)
0:00:00.017140443  2471 0x190f370 TRACE   GST_REFCOUNTING gstobject.c:294:gst_object_ref_sink: 0x192ed80 ref_sink 1->2
0:00:00.013161079  2472 0x17be320 DEBUG   GST_POLL gstpoll.c:980:gst_poll_fd_ctl_write: 0x17c69c0: fd (fd:0, idx:1), active : 1
0:00:00.017147380  2471 0x190f370 LOG   GST_REGISTRY gstregistry.c:608:gst_registry_add_feature: emitting feature-added for filesrc
0:00:00.013168227  2472 0x17be320 LOG   GST_POLL gstpoll.c:994:gst_poll_fd_ctl_write: 0x17c69c0: pfd->events now 60 (POLLOUT:4)
0:00:00.017153998  2471 0x190f370 DEBUG   GST_REGISTRY gstregistrychunks.c:741:gst_registry_chunks_load_feature: Added feature filesrc, plugin 0x19293e0 coreelements
0:00:00.013174962  2472 0x17be320 DEBUG   GST_POLL gstpoll.c:980:gst_poll_fd_ctl_write: 0x17c69c0: fd (fd:0, idx:1), active : 1
0:00:00.017160917  2471 0x190f370 DEBUG   GST_REGISTRY gstregistrychunks.c:583:gst_registry_chunks_load_feature: Plugin 'coreelements' feature 'fdsink' typename : 'GstElementFactory'
0:00:00.013181359  2472 0x17be320 LOG   GST_POLL gstpoll.c:994:gst_poll_fd_ctl_write: 0x17c69c0: pfd->events now 60 (POLLOUT:4)
0:00:00.017168378  2471 0x190f370 TRACE   GST_REFCOUNTING gstobject.c:208:gst_object_init: 0x192f590 new
0:00:00.013192329  2472 0x17be320 DEBUG   GST_POLL gstpoll.c:980:gst_poll_fd_ctl_write: 0x17c69c0: fd (fd:0, idx:1), active : 1
0:00:00.017176311  2471 0x190f370 LOG   GST_REGISTRY gstregistrychunks.c:610:gst_registry_chunks_load_feature: Reading/casting for GstRegistryChunkElementFactory at address 0x192bc80
0:00:00.013198277  2472 0x17be320 LOG   GST_POLL gstpoll.c:994:gst_poll_fd_ctl_write: 0x17c69c0: pfd->events now 60 (POLLOUT:4)
0:00:00.017182983  2471 0x190f370 TRACE   structure gststructure.c:292:gst_structure_new_id_empty_with_size: created structure 0x192f750
0:00:00.013204433  2472 0x17be320 DEBUG   GST_POLL gstpoll.c:980:gst_poll_fd_ctl_write: 0x17c69c0: fd (fd:0, idx:1), active : 1
0:00:00.017188974  2471 0x190f370 DEBUG   structure gststructure.c:2258:gst_structure_parse_field: trying field name 'long-name'
0:00:00.013210253  2472 0x17be320 LOG   GST_POLL gstpoll.c:994:gst_poll_fd_ctl_write: 0x17c69c0: pfd->events now 60 (POLLOUT:4)
0:00:00.017194924  2471 0x190f370 DEBUG   default gstvalue.c:2776:_priv_gst_value_parse_value: trying type name 'string'
0:00:00.013216462  2472 0x17be320 DEBUG   GST_POLL gstpoll.c:980:gst_poll_fd_ctl_write: 0x17c69c0: fd (fd:0, idx:1), active : 1
0:00:00.017201314  2471 0x190f370 DEBUG   structure gststructure.c:2258:gst_structure_parse_field: trying field name 'klass'
0:00:00.013222374  2472 0x17be320 LOG   GST_POLL gstpoll.c:994:gst_poll_fd_ctl_write: 0x17c69c0: pfd->events now 60 (POLLOUT:4)
0:00:00.017207009  2471 0x190f370 DEBUG   default gstvalue.c:2776:_priv_gst_value_parse_value: trying type name 'string'
0:00:00.013228748  2472 0x17be320 DEBUG   GST_POLL gstpoll.c:980:gst_poll_fd_ctl_write: 0x17c69c0: fd (fd:0, idx:1), active : 1
0:00:00.017213248  2471 0x190f370 DEBUG   structure gststructure.c:2258:gst_structure_parse_field: trying field name 'description'
0:00:00.013234522  2472 0x17be320 LOG   GST_POLL gstpoll.c:994:gst_poll_fd_ctl_write: 0x17c69c0: pfd->events now 60 (POLLOUT:4)
0:00:00.017218923  2471 0x190f370 DEBUG   default gstvalue.c:2776:_priv_gst_value_parse_value: trying type name 'string'
0:00:00.013240788  2472 0x17be320 DEBUG   GST_POLL gstpoll.c:980:gst_poll_fd_ctl_write: 0x17c69c0: fd (fd:0, idx:1), active : 1
0:00:00.017225268  2471 0x190f370 DEBUG   structure gststructure.c:2258:gst_structure_parse_field: trying field name 'author'
0:00:00.013246591  2472 0x17be320 LOG   GST_POLL gstpoll.c:994:gst_poll_fd_ctl_write: 0x17c69c0: pfd->events now 60 (POLLOUT:4)
0:00:00.017230889  2471 0x190f370 DEBUG   default gstvalue.c:2776:_priv_gst_value_parse_value: trying type name 'string'
0:00:00.013252736  2472 0x17be320 DEBUG   GST_POLL gstpoll.c:980:gst_poll_fd_ctl_write: 0x17c69c0: fd (fd:0, idx:1), active : 1
0:00:00.017237209  2471 0x190f370 DEBUG   GST_REGISTRY gstregistrychunks.c:626:gst_registry_chunks_load_feature: Element factory : npadtemplates=1
0:00:00.013258546  2472 0x17be320 LOG   GST_POLL gstpoll.c:994:gst_poll_fd_ctl_write: 0x17c69c0: pfd->events now 60 (POLLOUT:4)
0:00:00.017247191  2471 0x190f370 DEBUG   GST_REGISTRY gstregistrychunks.c:526:gst_registry_chunks_load_pad_template: Reading/casting for GstRegistryChunkPadTemplate at address 0x192bd60
0:00:00.013268971  2472 0x17be320 DEBUG   GST_POLL gstpoll.c:980:gst_poll_fd_ctl_write: 0x17c69c0: fd (fd:0, idx:1), active : 1
0:00:00.017253167  2471 0x190f370 DEBUG   GST_REGISTRY gstregistrychunks.c:539:gst_registry_chunks_load_pad_template: Added pad_template sink
0:00:00.013274812  2472 0x17be320 LOG   GST_POLL gstpoll.c:994:gst_poll_fd_ctl_write: 0x17c69c0: pfd->events now 60 (POLLOUT:4)
0:00:00.017259498  2471 0x190f370 DEBUG   GST_REGISTRY gstregistrychunks.c:639:gst_registry_chunks_load_feature: Reading 1 UriTypes at address 0x192bd71
0:00:00.013280942  2472 0x17be320 DEBUG   GST_POLL gstpoll.c:980:gst_poll_fd_ctl_write: 0x17c69c0: fd (fd:0, idx:1), active : 1
0:00:00.017265999  2471 0x190f370 DEBUG   GST_REGISTRY gstregistrychunks.c:654:gst_registry_chunks_load_feature: Reading 1 Interfaces at address 0x192bd7f
0:00:00.013286749  2472 0x17be320 LOG   GST_POLL gstpoll.c:994:gst_poll_fd_ctl_write: 0x17c69c0: pfd->events now 60 (POLLOUT:4)
0:00:00.017273560  2471 0x190f370 DEBUG   GST_REGISTRY gstregistry.c:590:gst_registry_add_feature: adding feature 0x192f590 (fdsink)
0:00:00.013293465  2472 0x17be320 DEBUG   GST_POLL gstpoll.c:980:gst_poll_fd_ctl_write: 0x17c69c0: fd (fd:0, idx:1), active : 1
0:00:00.017279864  2471 0x190f370 DEBUG   GST_REFCOUNTING gstobject.c:709:gst_object_set_parent: set parent (ref and sink)
0:00:00.013300909  2472 0x17be320 LOG   GST_POLL gstpoll.c:994:gst_poll_fd_ctl_write: 0x17c69c0: pfd->events now 60 (POLLOUT:4)
0:00:00.017287212  2471 0x190f370 TRACE   GST_REFCOUNTING gstobject.c:294:gst_object_ref_sink: 0x192f590 ref_sink 1->2
0:00:00.013307857  2472 0x17be320 DEBUG   GST_POLL gstpoll.c:980:gst_poll_fd_ctl_write: 0x17c69c0: fd (fd:0, idx:1), active : 1
0:00:00.017294068  2471 0x190f370 LOG   GST_REGISTRY gstregistry.c:608:gst_registry_add_feature: emitting feature-added for fdsink
0:00:00.013314803  2472 0x17be320 LOG   GST_POLL gstpoll.c:994:gst_poll_fd_ctl_write: 0x17c69c0: pfd->events now 60 (POLLOUT:4)
0:00:00.017300894  2471 0x190f370 DEBUG   GST_REGISTRY gstregistrychunks.c:741:gst_registry_chunks_load_feature: Added feature fdsink, plugin 0x19293e0 coreelements
0:00:00.013321672  2472 0x17be320 DEBUG   GST_POLL gstpoll.c:980:gst_poll_fd_ctl_write: 0x17c69c0: fd (fd:0, idx:1), active : 1
0:00:00.017307611  2471 0x190f370 DEBUG   GST_REGISTRY gstregistrychunks.c:583:gst_registry_chunks_load_feature: Plugin 'coreelements' feature 'fdsrc' typename : 'GstElementFactory'
0:00:00.013328101  2472 0x17be320 LOG   GST_POLL gstpoll.c:994:gst_poll_fd_ctl_write: 0x17c69c0: pfd->events now 60 (POLLOUT:4)
0:00:00.017314956  2471 0x190f370 TRACE   GST_REFCOUNTING gstobject.c:208:gst_object_init: 0x192f880 new
0:00:00.013335331  2472 0x17be320 DEBUG   GST_POLL gstpoll.c:980:gst_poll_fd_ctl_write: 0x17c69c0: fd (fd:0, idx:1), active : 1
0:00:00.017325952  2471 0x190f370 LOG   GST_REGISTRY gstregistrychunks.c:610:gst_registry_chunks_load_feature: Reading/casting for GstRegistryChunkElementFactory at address 0x192bda8
0:00:00.013346324  2472 0x17be320 LOG   GST_POLL gstpoll.c:994:gst_poll_fd_ctl_write: 0x17c69c0: pfd->events now 60 (POLLOUT:4)
0:00:00.017332513  2471 0x190f370 TRACE   structure gststructure.c:292:gst_structure_new_id_empty_with_size: created structure 0x192fb10
0:00:00.013353916  2472 0x17be320 DEBUG   GST_POLL gstpoll.c:980:gst_poll_fd_ctl_write: 0x17c69c0: fd (fd:0, idx:1), active : 1
0:00:00.017338403  2471 0x190f370 DEBUG   structure gststructure.c:2258:gst_structure_parse_field: trying field name 'long-name'
0:00:00.013359755  2472 0x17be320 LOG   GST_POLL gstpoll.c:994:gst_poll_fd_ctl_write: 0x17c69c0: pfd->events now 60 (POLLOUT:4)
0:00:00.017344017  2471 0x190f370 DEBUG   default gstvalue.c:2776:_priv_gst_value_parse_value: trying type name 'string'
0:00:00.017350256  2471 0x190f370 DEBUG   structure gststructure.c:2258:gst_structure_parse_field: trying field name 'klass'
0:00:00.013370962  2472 0x17be320 DEBUG   GST_POLL gstpoll.c:980:gst_poll_fd_ctl_write: 0x17c69c0: fd (fd:0, idx:1), active : 1
0:00:00.017355508  2471 0x190f370 DEBUG   default gstvalue.c:2776:_priv_gst_value_parse_value: trying type name 'string'
0:00:00.013376884  2472 0x17be320 LOG   GST_POLL gstpoll.c:994:gst_poll_fd_ctl_write: 0x17c69c0: pfd->events now 60 (POLLOUT:4)
0:00:00.017361568  2471 0x190f370 DEBUG   structure gststructure.c:2258:gst_structure_parse_field: trying field name 'description'
0:00:00.013383065  2472 0x17be320 DEBUG   GST_POLL gstpoll.c:980:gst_poll_fd_ctl_write: 0x17c69c0: fd (fd:0, idx:1), active : 1
0:00:00.017367260  2471 0x190f370 DEBUG   default gstvalue.c:2776:_priv_gst_value_parse_value: trying type name 'string'
0:00:00.013389057  2472 0x17be320 LOG   GST_POLL gstpoll.c:994:gst_poll_fd_ctl_write: 0x17c69c0: pfd->events now 60 (POLLOUT:4)
0:00:00.017373468  2471 0x190f370 DEBUG   structure gststructure.c:2258:gst_structure_parse_field: trying field name 'author'
0:00:00.013395155  2472 0x17be320 DEBUG   GST_POLL gstpoll.c:980:gst_poll_fd_ctl_write: 0x17c69c0: fd (fd:0, idx:1), active : 1
0:00:00.017379133  2471 0x190f370 DEBUG   default gstvalue.c:2776:_priv_gst_value_parse_value: trying type name 'string'
0:00:00.013401012  2472 0x17be320 LOG   GST_POLL gstpoll.c:994:gst_poll_fd_ctl_write: 0x17c69c0: pfd->events now 60 (POLLOUT:4)
0:00:00.017385426  2471 0x190f370 DEBUG   GST_REGISTRY gstregistrychunks.c:626:gst_registry_chunks_load_feature: Element factory : npadtemplates=1
0:00:00.013407068  2472 0x17be320 DEBUG   GST_POLL gstpoll.c:980:gst_poll_fd_ctl_write: 0x17c69c0: fd (fd:0, idx:1), active : 1
0:00:00.017391046  2471 0x190f370 DEBUG   GST_REGISTRY gstregistrychunks.c:526:gst_registry_chunks_load_pad_template: Reading/casting for GstRegistryChunkPadTemplate at address 0x192be88
0:00:00.013412898  2472 0x17be320 LOG   GST_POLL gstpoll.c:994:gst_poll_fd_ctl_write: 0x17c69c0: pfd->events now 60 (POLLOUT:4)
0:00:00.017400780  2471 0x190f370 DEBUG   GST_REGISTRY gstregistrychunks.c:539:gst_registry_chunks_load_pad_template: Added pad_template src
0:00:00.013422534  2472 0x17be320 DEBUG   GST_POLL gstpoll.c:980:gst_poll_fd_ctl_write: 0x17c69c0: fd (fd:0, idx:1), active : 1
0:00:00.017407226  2471 0x190f370 DEBUG   GST_REGISTRY gstregistrychunks.c:639:gst_registry_chunks_load_feature: Reading 1 UriTypes at address 0x192be98
0:00:00.013428502  2472 0x17be320 LOG   GST_POLL gstpoll.c:994:gst_poll_fd_ctl_write: 0x17c69c0: pfd->events now 60 (POLLOUT:4)
0:00:00.017414134  2471 0x190f370 DEBUG   GST_REGISTRY gstregistrychunks.c:654:gst_registry_chunks_load_feature: Reading 1 Interfaces at address 0x192be9f
0:00:00.013434928  2472 0x17be320 DEBUG   GST_POLL gstpoll.c:980:gst_poll_fd_ctl_write: 0x17c69c0: fd (fd:0, idx:1), active : 1
0:00:00.017422038  2471 0x190f370 DEBUG   GST_REGISTRY gstregistry.c:590:gst_registry_add_feature: adding feature 0x192f880 (fdsrc)
0:00:00.013441522  2472 0x17be320 LOG   GST_POLL gstpoll.c:994:gst_poll_fd_ctl_write: 0x17c69c0: pfd->events now 60 (POLLOUT:4)
0:00:00.017428139  2471 0x190f370 DEBUG   GST_REFCOUNTING gstobject.c:709:gst_object_set_parent: set parent (ref and sink)
0:00:00.013449765  2472 0x17be320 DEBUG   GST_POLL gstpoll.c:980:gst_poll_fd_ctl_write: 0x17c69c0: fd (fd:0, idx:1), active : 1
0:00:00.017435621  2471 0x190f370 TRACE   GST_REFCOUNTING gstobject.c:294:gst_object_ref_sink: 0x192f880 ref_sink 1->2
0:00:00.013456043  2472 0x17be320 LOG   GST_POLL gstpoll.c:994:gst_poll_fd_ctl_write: 0x17c69c0: pfd->events now 60 (POLLOUT:4)
0:00:00.017442290  2471 0x190f370 LOG   GST_REGISTRY gstregistry.c:608:gst_registry_add_feature: emitting feature-added for fdsrc
0:00:00.013463617  2472 0x17be320 DEBUG   GST_POLL gstpoll.c:980:gst_poll_fd_ctl_write: 0x17c69c0: fd (fd:0, idx:1), active : 1
0:00:00.017449285  2471 0x190f370 DEBUG   GST_REGISTRY gstregistrychunks.c:741:gst_registry_chunks_load_feature: Added feature fdsrc, plugin 0x19293e0 coreelements
0:00:00.013469497  2472 0x17be320 LOG   GST_POLL gstpoll.c:994:gst_poll_fd_ctl_write: 0x17c69c0: pfd->events now 60 (POLLOUT:4)
0:00:00.017456091  2471 0x190f370 DEBUG   GST_REGISTRY gstregistrychunks.c:583:gst_registry_chunks_load_feature: Plugin 'coreelements' feature 'fakesink' typename : 'GstElementFactory'
0:00:00.013476727  2472 0x17be320 DEBUG   GST_POLL gstpoll.c:980:gst_poll_fd_ctl_write: 0x17c69c0: fd (fd:0, idx:1), active : 1
0:00:00.017463448  2471 0x190f370 TRACE   GST_REFCOUNTING gstobject.c:208:gst_object_init: 0x192f270 new
0:00:00.013483520  2472 0x17be320 LOG   GST_POLL gstpoll.c:994:gst_poll_fd_ctl_write: 0x17c69c0: pfd->events now 60 (POLLOUT:4)
0:00:00.017470947  2471 0x190f370 LOG   GST_REGISTRY gstregistrychunks.c:610:gst_registry_chunks_load_feature: Reading/casting for GstRegistryChunkElementFactory at address 0x192bec8
0:00:00.013491598  2472 0x17be320 DEBUG   GST_POLL gstpoll.c:980:gst_poll_fd_ctl_write: 0x17c69c0: fd (fd:0, idx:1), active : 1
0:00:00.013502077  2472 0x17be320 LOG   GST_POLL gstpoll.c:994:gst_poll_fd_ctl_write: 0x17c69c0: pfd->events now 60 (POLLOUT:4)
0:00:00.017484097  2471 0x190f370 TRACE   structure gststructure.c:292:gst_structure_new_id_empty_with_size: created structure 0x192ff40
0:00:00.013507842  2472 0x17be320 DEBUG   GST_POLL gstpoll.c:980:gst_poll_fd_ctl_write: 0x17c69c0: fd (fd:0, idx:1), active : 1
0:00:00.017490803  2471 0x190f370 DEBUG   structure gststructure.c:2258:gst_structure_parse_field: trying field name 'long-name'
0:00:00.013513794  2472 0x17be320 LOG   GST_POLL gstpoll.c:994:gst_poll_fd_ctl_write: 0x17c69c0: pfd->events now 60 (POLLOUT:4)
0:00:00.017496536  2471 0x190f370 DEBUG   default gstvalue.c:2776:_priv_gst_value_parse_value: trying type name 'string'
0:00:00.017524228  2471 0x190f370 DEBUG   structure gststructure.c:2258:gst_structure_parse_field: trying field name 'klass'
0:00:00.013543454  2472 0x17be320 DEBUG   GST_POLL gstpoll.c:980:gst_poll_fd_ctl_write: 0x17c69c0: fd (fd:0, idx:1), active : 1
0:00:00.017530251  2471 0x190f370 DEBUG   default gstvalue.c:2776:_priv_gst_value_parse_value: trying type name 'string'
0:00:00.013553491  2472 0x17be320 LOG   GST_POLL gstpoll.c:994:gst_poll_fd_ctl_write: 0x17c69c0: pfd->events now 60 (POLLOUT:4)
0:00:00.017536151  2471 0x190f370 DEBUG   structure gststructure.c:2258:gst_structure_parse_field: trying field name 'description'
0:00:00.013560407  2472 0x17be320 DEBUG   GST_POLL gstpoll.c:980:gst_poll_fd_ctl_write: 0x17c69c0: fd (fd:0, idx:1), active : 1
0:00:00.017542756  2471 0x190f370 DEBUG   default gstvalue.c:2776:_priv_gst_value_parse_value: trying type name 'string'
0:00:00.013565986  2472 0x17be320 LOG   GST_POLL gstpoll.c:994:gst_poll_fd_ctl_write: 0x17c69c0: pfd->events now 60 (POLLOUT:4)
0:00:00.017549232  2471 0x190f370 DEBUG   structure gststructure.c:2258:gst_structure_parse_field: trying field name 'author'
0:00:00.013571559  2472 0x17be320 DEBUG   GST_POLL gstpoll.c:980:gst_poll_fd_ctl_write: 0x17c69c0: fd (fd:0, idx:1), active : 1
0:00:00.017554541  2471 0x190f370 DEBUG   default gstvalue.c:2776:_priv_gst_value_parse_value: trying type name 'string'
0:00:00.013576887  2472 0x17be320 LOG   GST_POLL gstpoll.c:994:gst_poll_fd_ctl_write: 0x17c69c0: pfd->events now 60 (POLLOUT:4)
0:00:00.017561374  2471 0x190f370 DEBUG   GST_REGISTRY gstregistrychunks.c:626:gst_registry_chunks_load_feature: Element factory : npadtemplates=1
0:00:00.013582381  2472 0x17be320 DEBUG   GST_POLL gstpoll.c:980:gst_poll_fd_ctl_write: 0x17c69c0: fd (fd:0, idx:1), active : 1
0:00:00.017566724  2471 0x190f370 DEBUG   GST_REGISTRY gstregistrychunks.c:526:gst_registry_chunks_load_pad_template: Reading/casting for GstRegistryChunkPadTemplate at address 0x192bff0
0:00:00.013587990  2472 0x17be320 LOG   GST_POLL gstpoll.c:994:gst_poll_fd_ctl_write: 0x17c69c0: pfd->events now 60 (POLLOUT:4)
0:00:00.017575532  2471 0x190f370 DEBUG   GST_REGISTRY gstregistrychunks.c:539:gst_registry_chunks_load_pad_template: Added pad_template sink
0:00:00.013597053  2472 0x17be320 DEBUG   GST_POLL gstpoll.c:980:gst_poll_fd_ctl_write: 0x17c69c0: fd (fd:0, idx:1), active : 1
0:00:00.017582516  2471 0x190f370 DEBUG   GST_REGISTRY gstregistry.c:590:gst_registry_add_feature: adding feature 0x192f270 (fakesink)
0:00:00.013602329  2472 0x17be320 LOG   GST_POLL gstpoll.c:994:gst_poll_fd_ctl_write: 0x17c69c0: pfd->events now 60 (POLLOUT:4)
0:00:00.017588080  2471 0x190f370 DEBUG   GST_REFCOUNTING gstobject.c:709:gst_object_set_parent: set parent (ref and sink)
0:00:00.013609443  2472 0x17be320 DEBUG   GST_POLL gstpoll.c:980:gst_poll_fd_ctl_write: 0x17c69c0: fd (fd:0, idx:1), active : 1
0:00:00.017594644  2471 0x190f370 TRACE   GST_REFCOUNTING gstobject.c:294:gst_object_ref_sink: 0x192f270 ref_sink 1->2
0:00:00.013615090  2472 0x17be320 LOG   GST_POLL gstpoll.c:994:gst_poll_fd_ctl_write: 0x17c69c0: pfd->events now 60 (POLLOUT:4)
0:00:00.017600776  2471 0x190f370 LOG   GST_REGISTRY gstregistry.c:608:gst_registry_add_feature: emitting feature-added for fakesink
0:00:00.013621841  2472 0x17be320 DEBUG   GST_POLL gstpoll.c:980:gst_poll_fd_ctl_write: 0x17c69c0: fd (fd:0, idx:1), active : 1
0:00:00.017607034  2471 0x190f370 DEBUG   GST_REGISTRY gstregistrychunks.c:741:gst_registry_chunks_load_feature: Added feature fakesink, plugin 0x19293e0 coreelements
0:00:00.013627560  2472 0x17be320 LOG   GST_POLL gstpoll.c:994:gst_poll_fd_ctl_write: 0x17c69c0: pfd->events now 60 (POLLOUT:4)
0:00:00.017613379  2471 0x190f370 DEBUG   GST_REGISTRY gstregistrychunks.c:583:gst_registry_chunks_load_feature: Plugin 'coreelements' feature 'fakesrc' typename : 'GstElementFactory'
0:00:00.013634001  2472 0x17be320 DEBUG   GST_POLL gstpoll.c:980:gst_poll_fd_ctl_write: 0x17c69c0: fd (fd:0, idx:1), active : 1
0:00:00.013640160  2472 0x17be320 LOG   GST_POLL gstpoll.c:994:gst_poll_fd_ctl_write: 0x17c69c0: pfd->events now 60 (POLLOUT:4)
0:00:00.017620516  2471 0x190f370 TRACE   GST_REFCOUNTING gstobject.c:208:gst_object_init: 0x1930260 new
0:00:00.013645257  2472 0x17be320 DEBUG   GST_POLL gstpoll.c:980:gst_poll_fd_ctl_write: 0x17c69c0: fd (fd:0, idx:1), active : 1
0:00:00.017628702  2471 0x190f370 LOG   GST_REGISTRY gstregistrychunks.c:610:gst_registry_chunks_load_feature: Reading/casting for GstRegistryChunkElementFactory at address 0x192c020
0:00:00.013650698  2472 0x17be320 LOG   GST_POLL gstpoll.c:994:gst_poll_fd_ctl_write: 0x17c69c0: pfd->events now 60 (POLLOUT:4)
0:00:00.017634484  2471 0x190f370 TRACE   structure gststructure.c:292:gst_structure_new_id_empty_with_size: created structure 0x1930440
0:00:00.013656310  2472 0x17be320 DEBUG   GST_POLL gstpoll.c:980:gst_poll_fd_ctl_write: 0x17c69c0: fd (fd:0, idx:1), active : 1
0:00:00.017639924  2471 0x190f370 DEBUG   structure gststructure.c:2258:gst_structure_parse_field: trying field name 'long-name'
0:00:00.013665631  2472 0x17be320 LOG   GST_POLL gstpoll.c:994:gst_poll_fd_ctl_write: 0x17c69c0: pfd->events now 60 (POLLOUT:4)
0:00:00.017648612  2471 0x190f370 DEBUG   default gstvalue.c:2776:_priv_gst_value_parse_value: trying type name 'string'
0:00:00.013671499  2472 0x17be320 DEBUG   GST_POLL gstpoll.c:980:gst_poll_fd_ctl_write: 0x17c69c0: fd (fd:0, idx:1), active : 1
0:00:00.017654365  2471 0x190f370 DEBUG   structure gststructure.c:2258:gst_structure_parse_field: trying field name 'klass'
0:00:00.013676843  2472 0x17be320 LOG   GST_POLL gstpoll.c:994:gst_poll_fd_ctl_write: 0x17c69c0: pfd->events now 60 (POLLOUT:4)
0:00:00.017659407  2471 0x190f370 DEBUG   default gstvalue.c:2776:_priv_gst_value_parse_value: trying type name 'string'
0:00:00.013682416  2472 0x17be320 DEBUG   GST_POLL gstpoll.c:980:gst_poll_fd_ctl_write: 0x17c69c0: fd (fd:0, idx:1), active : 1
0:00:00.017665287  2471 0x190f370 DEBUG   structure gststructure.c:2258:gst_structure_parse_field: trying field name 'description'
0:00:00.013687706  2472 0x17be320 LOG   GST_POLL gstpoll.c:994:gst_poll_fd_ctl_write: 0x17c69c0: pfd->events now 60 (POLLOUT:4)
0:00:00.017670325  2471 0x190f370 DEBUG   default gstvalue.c:2776:_priv_gst_value_parse_value: trying type name 'string'
0:00:00.013693337  2472 0x17be320 DEBUG   GST_POLL gstpoll.c:980:gst_poll_fd_ctl_write: 0x17c69c0: fd (fd:0, idx:1), active : 1
0:00:00.017676519  2471 0x190f370 DEBUG   structure gststructure.c:2258:gst_structure_parse_field: trying field name 'author'
0:00:00.013698731  2472 0x17be320 LOG   GST_POLL gstpoll.c:994:gst_poll_fd_ctl_write: 0x17c69c0: pfd->events now 60 (POLLOUT:4)
0:00:00.017681580  2471 0x190f370 DEBUG   default gstvalue.c:2776:_priv_gst_value_parse_value: trying type name 'string'
0:00:00.013704608  2472 0x17be320 DEBUG   GST_POLL gstpoll.c:980:gst_poll_fd_ctl_write: 0x17c69c0: fd (fd:0, idx:1), active : 1
0:00:00.017687689  2471 0x190f370 DEBUG   GST_REGISTRY gstregistrychunks.c:626:gst_registry_chunks_load_feature: Element factory : npadtemplates=1
0:00:00.013709919  2472 0x17be320 LOG   GST_POLL gstpoll.c:994:gst_poll_fd_ctl_write: 0x17c69c0: pfd->events now 60 (POLLOUT:4)
0:00:00.017692999  2471 0x190f370 DEBUG   GST_REGISTRY gstregistrychunks.c:526:gst_registry_chunks_load_pad_template: Reading/casting for GstRegistryChunkPadTemplate at address 0x192c120
0:00:00.013715609  2472 0x17be320 DEBUG   GST_POLL gstpoll.c:980:gst_poll_fd_ctl_write: 0x17c69c0: fd (fd:0, idx:1), active : 1
0:00:00.017698457  2471 0x190f370 DEBUG   GST_REGISTRY gstregistrychunks.c:539:gst_registry_chunks_load_pad_template: Added pad_template src
0:00:00.013720928  2472 0x17be320 LOG   GST_POLL gstpoll.c:994:gst_poll_fd_ctl_write: 0x17c69c0: pfd->events now 60 (POLLOUT:4)
0:00:00.017705278  2471 0x190f370 DEBUG   GST_REGISTRY gstregistry.c:590:gst_registry_add_feature: adding feature 0x1930260 (fakesrc)
0:00:00.013726570  2472 0x17be320 DEBUG   GST_POLL gstpoll.c:980:gst_poll_fd_ctl_write: 0x17c69c0: fd (fd:0, idx:1), active : 1
0:00:00.017716776  2471 0x190f370 DEBUG   GST_REFCOUNTING gstobject.c:709:gst_object_set_parent: set parent (ref and sink)
0:00:00.013737855  2472 0x17be320 LOG   GST_POLL gstpoll.c:994:gst_poll_fd_ctl_write: 0x17c69c0: pfd->events now 60 (POLLOUT:4)
0:00:00.017723376  2471 0x190f370 TRACE   GST_REFCOUNTING gstobject.c:294:gst_object_ref_sink: 0x1930260 ref_sink 1->2
0:00:00.013744292  2472 0x17be320 DEBUG   GST_POLL gstpoll.c:980:gst_poll_fd_ctl_write: 0x17c69c0: fd (fd:0, idx:1), active : 1
0:00:00.017729656  2471 0x190f370 LOG   GST_REGISTRY gstregistry.c:608:gst_registry_add_feature: emitting feature-added for fakesrc
0:00:00.013750448  2472 0x17be320 LOG   GST_POLL gstpoll.c:994:gst_poll_fd_ctl_write: 0x17c69c0: pfd->events now 60 (POLLOUT:4)
0:00:00.017735928  2471 0x190f370 DEBUG   GST_REGISTRY gstregistrychunks.c:741:gst_registry_chunks_load_feature: Added feature fakesrc, plugin 0x19293e0 coreelements
0:00:00.013756624  2472 0x17be320 DEBUG   GST_POLL gstpoll.c:980:gst_poll_fd_ctl_write: 0x17c69c0: fd (fd:0, idx:1), active : 1
0:00:00.017742006  2471 0x190f370 DEBUG   GST_REGISTRY gstregistrychunks.c:583:gst_registry_chunks_load_feature: Plugin 'coreelements' feature 'downloadbuffer' typename : 'GstElementFactory'
0:00:00.013762581  2472 0x17be320 LOG   GST_POLL gstpoll.c:994:gst_poll_fd_ctl_write: 0x17c69c0: pfd->events now 60 (POLLOUT:4)
0:00:00.017748892  2471 0x190f370 TRACE   GST_REFCOUNTING gstobject.c:208:gst_object_init: 0x1930110 new
0:00:00.013769045  2472 0x17be320 DEBUG   GST_POLL gstpoll.c:980:gst_poll_fd_ctl_write: 0x17c69c0: fd (fd:0, idx:1), active : 1
0:00:00.017755755  2471 0x190f370 LOG   GST_REGISTRY gstregistrychunks.c:610:gst_registry_chunks_load_feature: Reading/casting for GstRegistryChunkElementFactory at address 0x192c158
0:00:00.013776079  2472 0x17be320 LOG   GST_POLL gstpoll.c:994:gst_poll_fd_ctl_write: 0x17c69c0: pfd->events now 60 (POLLOUT:4)
0:00:00.017761566  2471 0x190f370 TRACE   structure gststructure.c:292:gst_structure_new_id_empty_with_size: created structure 0x1930760
0:00:00.013782744  2472 0x17be320 DEBUG   GST_POLL gstpoll.c:980:gst_poll_fd_ctl_write: 0x17c69c0: fd (fd:0, idx:1), active : 1
0:00:00.017766940  2471 0x190f370 DEBUG   structure gststructure.c:2258:gst_structure_parse_field: trying field name 'long-name'
0:00:00.013787989  2472 0x17be320 LOG   GST_POLL gstpoll.c:994:gst_poll_fd_ctl_write: 0x17c69c0: pfd->events now 60 (POLLOUT:4)
0:00:00.017772129  2471 0x190f370 DEBUG   default gstvalue.c:2776:_priv_gst_value_parse_value: trying type name 'string'
0:00:00.013793565  2472 0x17be320 DEBUG   GST_POLL gstpoll.c:980:gst_poll_fd_ctl_write: 0x17c69c0: fd (fd:0, idx:1), active : 1
0:00:00.017777712  2471 0x190f370 DEBUG   structure gststructure.c:2258:gst_structure_parse_field: trying field name 'klass'
0:00:00.013798741  2472 0x17be320 LOG   GST_POLL gstpoll.c:994:gst_poll_fd_ctl_write: 0x17c69c0: pfd->events now 60 (POLLOUT:4)
0:00:00.017786030  2471 0x190f370 DEBUG   default gstvalue.c:2776:_priv_gst_value_parse_value: trying type name 'string'
0:00:00.013807825  2472 0x17be320 DEBUG   GST_POLL gstpoll.c:980:gst_poll_fd_ctl_write: 0x17c69c0: fd (fd:0, idx:1), active : 1
0:00:00.017791758  2471 0x190f370 DEBUG   structure gststructure.c:2258:gst_structure_parse_field: trying field name 'description'
0:00:00.013813136  2472 0x17be320 LOG   GST_POLL gstpoll.c:994:gst_poll_fd_ctl_write: 0x17c69c0: pfd->events now 60 (POLLOUT:4)
0:00:00.017796876  2471 0x190f370 DEBUG   default gstvalue.c:2776:_priv_gst_value_parse_value: trying type name 'string'
0:00:00.013818623  2472 0x17be320 DEBUG   GST_POLL gstpoll.c:980:gst_poll_fd_ctl_write: 0x17c69c0: fd (fd:0, idx:1), active : 1
0:00:00.017802466  2471 0x190f370 DEBUG   structure gststructure.c:2258:gst_structure_parse_field: trying field name 'author'
0:00:00.013823835  2472 0x17be320 LOG   GST_POLL gstpoll.c:994:gst_poll_fd_ctl_write: 0x17c69c0: pfd->events now 60 (POLLOUT:4)
0:00:00.017807548  2471 0x190f370 DEBUG   default gstvalue.c:2776:_priv_gst_value_parse_value: trying type name 'string'
0:00:00.013829563  2472 0x17be320 DEBUG   GST_POLL gstpoll.c:980:gst_poll_fd_ctl_write: 0x17c69c0: fd (fd:0, idx:1), active : 1
0:00:00.017813577  2471 0x190f370 DEBUG   GST_REGISTRY gstregistrychunks.c:626:gst_registry_chunks_load_feature: Element factory : npadtemplates=2
0:00:00.013834980  2472 0x17be320 LOG   GST_POLL gstpoll.c:994:gst_poll_fd_ctl_write: 0x17c69c0: pfd->events now 60 (POLLOUT:4)
0:00:00.017818767  2471 0x190f370 DEBUG   GST_REGISTRY gstregistrychunks.c:526:gst_registry_chunks_load_pad_template: Reading/casting for GstRegistryChunkPadTemplate at address 0x192c220
0:00:00.013840651  2472 0x17be320 DEBUG   GST_POLL gstpoll.c:980:gst_poll_fd_ctl_write: 0x17c69c0: fd (fd:0, idx:1), active : 1
0:00:00.017824284  2471 0x190f370 DEBUG   GST_REGISTRY gstregistrychunks.c:539:gst_registry_chunks_load_pad_template: Added pad_template sink
0:00:00.013845938  2472 0x17be320 LOG   GST_POLL gstpoll.c:994:gst_poll_fd_ctl_write: 0x17c69c0: pfd->events now 60 (POLLOUT:4)
0:00:00.017829493  2471 0x190f370 DEBUG   GST_REGISTRY gstregistrychunks.c:526:gst_registry_chunks_load_pad_template: Reading/casting for GstRegistryChunkPadTemplate at address 0x192c238
0:00:00.013851444  2472 0x17be320 DEBUG   GST_POLL gstpoll.c:980:gst_poll_fd_ctl_write: 0x17c69c0: fd (fd:0, idx:1), active : 1
0:00:00.017834806  2471 0x190f370 DEBUG   GST_REGISTRY gstregistrychunks.c:539:gst_registry_chunks_load_pad_template: Added pad_template src
0:00:00.013856883  2472 0x17be320 LOG   GST_POLL gstpoll.c:994:gst_poll_fd_ctl_write: 0x17c69c0: pfd->events now 60 (POLLOUT:4)
0:00:00.017841568  2471 0x190f370 DEBUG   GST_REGISTRY gstregistry.c:590:gst_registry_add_feature: adding feature 0x1930110 (downloadbuffer)
0:00:00.013862596  2472 0x17be320 DEBUG   GST_POLL gstpoll.c:980:gst_poll_fd_ctl_write: 0x17c69c0: fd (fd:0, idx:1), active : 1
0:00:00.017847074  2471 0x190f370 DEBUG   GST_REFCOUNTING gstobject.c:709:gst_object_set_parent: set parent (ref and sink)
0:00:00.013871265  2472 0x17be320 LOG   GST_POLL gstpoll.c:994:gst_poll_fd_ctl_write: 0x17c69c0: pfd->events now 60 (POLLOUT:4)
0:00:00.017855014  2471 0x190f370 TRACE   GST_REFCOUNTING gstobject.c:294:gst_object_ref_sink: 0x1930110 ref_sink 1->2
0:00:00.013876934  2472 0x17be320 DEBUG   GST_POLL gstpoll.c:980:gst_poll_fd_ctl_write: 0x17c69c0: fd (fd:0, idx:1), active : 1
0:00:00.017861360  2471 0x190f370 LOG   GST_REGISTRY gstregistry.c:608:gst_registry_add_feature: emitting feature-added for downloadbuffer
0:00:00.013882162  2472 0x17be320 LOG   GST_POLL gstpoll.c:994:gst_poll_fd_ctl_write: 0x17c69c0: pfd->events now 60 (POLLOUT:4)
0:00:00.017867563  2471 0x190f370 DEBUG   GST_REGISTRY gstregistrychunks.c:741:gst_registry_chunks_load_feature: Added feature downloadbuffer, plugin 0x19293e0 coreelements
0:00:00.013888205  2472 0x17be320 DEBUG   GST_POLL gstpoll.c:980:gst_poll_fd_ctl_write: 0x17c69c0: fd (fd:0, idx:1), active : 1
0:00:00.017873923  2471 0x190f370 DEBUG   GST_REGISTRY gstregistrychunks.c:583:gst_registry_chunks_load_feature: Plugin 'coreelements' feature 'dataurisrc' typename : 'GstElementFactory'
0:00:00.013894174  2472 0x17be320 LOG   GST_POLL gstpoll.c:994:gst_poll_fd_ctl_write: 0x17c69c0: pfd->events now 60 (POLLOUT:4)
0:00:00.017880730  2471 0x190f370 TRACE   GST_REFCOUNTING gstobject.c:208:gst_object_init: 0x1930960 new
0:00:00.013901063  2472 0x17be320 DEBUG   GST_POLL gstpoll.c:980:gst_poll_fd_ctl_write: 0x17c69c0: fd (fd:0, idx:1), active : 1
0:00:00.017887496  2471 0x190f370 LOG   GST_REGISTRY gstregistrychunks.c:610:gst_registry_chunks_load_feature: Reading/casting for GstRegistryChunkElementFactory at address 0x192c268
0:00:00.013907735  2472 0x17be320 LOG   GST_POLL gstpoll.c:994:gst_poll_fd_ctl_write: 0x17c69c0: pfd->events now 60 (POLLOUT:4)
0:00:00.017893421  2471 0x190f370 TRACE   structure gststructure.c:292:gst_structure_new_id_empty_with_size: created structure 0x1930b60
0:00:00.013914560  2472 0x17be320 DEBUG   GST_POLL gstpoll.c:980:gst_poll_fd_ctl_write: 0x17c69c0: fd (fd:0, idx:1), active : 1
0:00:00.017898808  2471 0x190f370 DEBUG   structure gststructure.c:2258:gst_structure_parse_field: trying field name 'long-name'
0:00:00.013919804  2472 0x17be320 LOG   GST_POLL gstpoll.c:994:gst_poll_fd_ctl_write: 0x17c69c0: pfd->events now 60 (POLLOUT:4)
0:00:00.017904004  2471 0x190f370 DEBUG   default gstvalue.c:2776:_priv_gst_value_parse_value: trying type name 'string'
0:00:00.013925369  2472 0x17be320 DEBUG   GST_POLL gstpoll.c:980:gst_poll_fd_ctl_write: 0x17c69c0: fd (fd:0, idx:1), active : 1
0:00:00.013930568  2472 0x17be320 LOG   GST_POLL gstpoll.c:994:gst_poll_fd_ctl_write: 0x17c69c0: pfd->events now 60 (POLLOUT:4)
0:00:00.017913480  2471 0x190f370 DEBUG   structure gststructure.c:2258:gst_structure_parse_field: trying field name 'klass'
0:00:00.013935655  2472 0x17be320 DEBUG   GST_POLL gstpoll.c:980:gst_poll_fd_ctl_write: 0x17c69c0: fd (fd:0, idx:1), active : 1
0:00:00.017922422  2471 0x190f370 DEBUG   default gstvalue.c:2776:_priv_gst_value_parse_value: trying type name 'string'
0:00:00.013943669  2472 0x17be320 LOG   GST_POLL gstpoll.c:994:gst_poll_fd_ctl_write: 0x17c69c0: pfd->events now 60 (POLLOUT:4)
0:00:00.017928290  2471 0x190f370 DEBUG   structure gststructure.c:2258:gst_structure_parse_field: trying field name 'description'
0:00:00.013949419  2472 0x17be320 LOG   GST_PLUGIN_LOADING gstpluginloader.c:645:put_chunk: Expanding tx buf from 13209 to 17023 for chunk of size 229
0:00:00.017933537  2471 0x190f370 DEBUG   default gstvalue.c:2776:_priv_gst_value_parse_value: trying type name 'string'
0:00:00.013957933  2472 0x17be320 DEBUG   GST_POLL gstpoll.c:980:gst_poll_fd_ctl_write: 0x17c69c0: fd (fd:0, idx:1), active : 1
0:00:00.017939600  2471 0x190f370 DEBUG   structure gststructure.c:2258:gst_structure_parse_field: trying field name 'author'
0:00:00.013963413  2472 0x17be320 LOG   GST_POLL gstpoll.c:994:gst_poll_fd_ctl_write: 0x17c69c0: pfd->events now 60 (POLLOUT:4)
0:00:00.017946288  2471 0x190f370 DEBUG   default gstvalue.c:2776:_priv_gst_value_parse_value: trying type name 'string'
0:00:00.013968964  2472 0x17be320 DEBUG   GST_POLL gstpoll.c:980:gst_poll_fd_ctl_write: 0x17c69c0: fd (fd:0, idx:1), active : 1
0:00:00.017953065  2471 0x190f370 DEBUG   GST_REGISTRY gstregistrychunks.c:626:gst_registry_chunks_load_feature: Element factory : npadtemplates=1
0:00:00.013974058  2472 0x17be320 LOG   GST_POLL gstpoll.c:994:gst_poll_fd_ctl_write: 0x17c69c0: pfd->events now 60 (POLLOUT:4)
0:00:00.017958555  2471 0x190f370 DEBUG   GST_REGISTRY gstregistrychunks.c:526:gst_registry_chunks_load_pad_template: Reading/casting for GstRegistryChunkPadTemplate at address 0x192c380
0:00:00.013980052  2472 0x17be320 DEBUG   GST_POLL gstpoll.c:980:gst_poll_fd_ctl_write: 0x17c69c0: fd (fd:0, idx:1), active : 1
0:00:00.017964072  2471 0x190f370 DEBUG   GST_REGISTRY gstregistrychunks.c:539:gst_registry_chunks_load_pad_template: Added pad_template src
0:00:00.013985361  2472 0x17be320 LOG   GST_POLL gstpoll.c:994:gst_poll_fd_ctl_write: 0x17c69c0: pfd->events now 60 (POLLOUT:4)
0:00:00.017969786  2471 0x190f370 DEBUG   GST_REGISTRY gstregistrychunks.c:639:gst_registry_chunks_load_feature: Reading 1 UriTypes at address 0x192c390
0:00:00.013990894  2472 0x17be320 DEBUG   GST_POLL gstpoll.c:980:gst_poll_fd_ctl_write: 0x17c69c0: fd (fd:0, idx:1), active : 1
0:00:00.017976057  2471 0x190f370 DEBUG   GST_REGISTRY gstregistrychunks.c:654:gst_registry_chunks_load_feature: Reading 1 Interfaces at address 0x192c399
0:00:00.013996407  2472 0x17be320 LOG   GST_POLL gstpoll.c:994:gst_poll_fd_ctl_write: 0x17c69c0: pfd->events now 60 (POLLOUT:4)
0:00:00.017983352  2471 0x190f370 DEBUG   GST_REGISTRY gstregistry.c:590:gst_registry_add_feature: adding feature 0x1930960 (dataurisrc)
0:00:00.014002951  2472 0x17be320 DEBUG   GST_POLL gstpoll.c:980:gst_poll_fd_ctl_write: 0x17c69c0: fd (fd:0, idx:1), active : 1
0:00:00.017992761  2471 0x190f370 DEBUG   GST_REFCOUNTING gstobject.c:709:gst_object_set_parent: set parent (ref and sink)
0:00:00.014013805  2472 0x17be320 LOG   GST_POLL gstpoll.c:994:gst_poll_fd_ctl_write: 0x17c69c0: pfd->events now 60 (POLLOUT:4)
0:00:00.017999606  2471 0x190f370 TRACE   GST_REFCOUNTING gstobject.c:294:gst_object_ref_sink: 0x1930960 ref_sink 1->2
0:00:00.014020104  2472 0x17be320 DEBUG   GST_POLL gstpoll.c:980:gst_poll_fd_ctl_write: 0x17c69c0: fd (fd:0, idx:1), active : 1
0:00:00.018006186  2471 0x190f370 LOG   GST_REGISTRY gstregistry.c:608:gst_registry_add_feature: emitting feature-added for dataurisrc
0:00:00.014026689  2472 0x17be320 LOG   GST_POLL gstpoll.c:994:gst_poll_fd_ctl_write: 0x17c69c0: pfd->events now 60 (POLLOUT:4)
0:00:00.018012579  2471 0x190f370 DEBUG   GST_REGISTRY gstregistrychunks.c:741:gst_registry_chunks_load_feature: Added feature dataurisrc, plugin 0x19293e0 coreelements
0:00:00.014033139  2472 0x17be320 DEBUG   GST_POLL gstpoll.c:980:gst_poll_fd_ctl_write: 0x17c69c0: fd (fd:0, idx:1), active : 1
0:00:00.018018956  2471 0x190f370 DEBUG   GST_REGISTRY gstregistrychunks.c:583:gst_registry_chunks_load_feature: Plugin 'coreelements' feature 'concat' typename : 'GstElementFactory'
0:00:00.014039390  2472 0x17be320 LOG   GST_POLL gstpoll.c:994:gst_poll_fd_ctl_write: 0x17c69c0: pfd->events now 60 (POLLOUT:4)
0:00:00.018025998  2471 0x190f370 TRACE   GST_REFCOUNTING gstobject.c:208:gst_object_init: 0x1930570 new
0:00:00.014046064  2472 0x17be320 DEBUG   GST_POLL gstpoll.c:980:gst_poll_fd_ctl_write: 0x17c69c0: fd (fd:0, idx:1), active : 1
0:00:00.018033052  2471 0x190f370 LOG   GST_REGISTRY gstregistrychunks.c:610:gst_registry_chunks_load_feature: Reading/casting for GstRegistryChunkElementFactory at address 0x192c3c0
0:00:00.014053215  2472 0x17be320 LOG   GST_POLL gstpoll.c:994:gst_poll_fd_ctl_write: 0x17c69c0: pfd->events now 60 (POLLOUT:4)
0:00:00.014060033  2472 0x17be320 DEBUG   GST_POLL gstpoll.c:980:gst_poll_fd_ctl_write: 0x17c69c0: fd (fd:0, idx:1), active : 1
0:00:00.018041176  2471 0x190f370 TRACE   structure gststructure.c:292:gst_structure_new_id_empty_with_size: created structure 0x1930ff0
0:00:00.014064907  2472 0x17be320 LOG   GST_POLL gstpoll.c:994:gst_poll_fd_ctl_write: 0x17c69c0: pfd->events now 60 (POLLOUT:4)
0:00:00.018047843  2471 0x190f370 DEBUG   structure gststructure.c:2258:gst_structure_parse_field: trying field name 'long-name'
0:00:00.014070517  2472 0x17be320 DEBUG   GST_POLL gstpoll.c:980:gst_poll_fd_ctl_write: 0x17c69c0: fd (fd:0, idx:1), active : 1
0:00:00.018053158  2471 0x190f370 DEBUG   default gstvalue.c:2776:_priv_gst_value_parse_value: trying type name 'string'
0:00:00.014076118  2472 0x17be320 LOG   GST_POLL gstpoll.c:994:gst_poll_fd_ctl_write: 0x17c69c0: pfd->events now 60 (POLLOUT:4)
0:00:00.018059248  2471 0x190f370 DEBUG   structure gststructure.c:2258:gst_structure_parse_field: trying field name 'klass'
0:00:00.014085107  2472 0x17be320 DEBUG   GST_POLL gstpoll.c:980:gst_poll_fd_ctl_write: 0x17c69c0: fd (fd:0, idx:1), active : 1
0:00:00.018067871  2471 0x190f370 DEBUG   default gstvalue.c:2776:_priv_gst_value_parse_value: trying type name 'string'
0:00:00.014090541  2472 0x17be320 LOG   GST_POLL gstpoll.c:994:gst_poll_fd_ctl_write: 0x17c69c0: pfd->events now 60 (POLLOUT:4)
0:00:00.018073683  2471 0x190f370 DEBUG   structure gststructure.c:2258:gst_structure_parse_field: trying field name 'description'
0:00:00.014096127  2472 0x17be320 DEBUG   GST_POLL gstpoll.c:980:gst_poll_fd_ctl_write: 0x17c69c0: fd (fd:0, idx:1), active : 1
0:00:00.018078971  2471 0x190f370 DEBUG   default gstvalue.c:2776:_priv_gst_value_parse_value: trying type name 'string'
0:00:00.014101309  2472 0x17be320 LOG   GST_POLL gstpoll.c:994:gst_poll_fd_ctl_write: 0x17c69c0: pfd->events now 60 (POLLOUT:4)
0:00:00.018084800  2471 0x190f370 DEBUG   structure gststructure.c:2258:gst_structure_parse_field: trying field name 'author'
0:00:00.014106864  2472 0x17be320 DEBUG   GST_POLL gstpoll.c:980:gst_poll_fd_ctl_write: 0x17c69c0: fd (fd:0, idx:1), active : 1
0:00:00.018089987  2471 0x190f370 DEBUG   default gstvalue.c:2776:_priv_gst_value_parse_value: trying type name 'string'
0:00:00.014112131  2472 0x17be320 LOG   GST_POLL gstpoll.c:994:gst_poll_fd_ctl_write: 0x17c69c0: pfd->events now 60 (POLLOUT:4)
0:00:00.018095982  2471 0x190f370 DEBUG   GST_REGISTRY gstregistrychunks.c:626:gst_registry_chunks_load_feature: Element factory : npadtemplates=2
0:00:00.014117626  2472 0x17be320 DEBUG   GST_POLL gstpoll.c:980:gst_poll_fd_ctl_write: 0x17c69c0: fd (fd:0, idx:1), active : 1
0:00:00.018101384  2471 0x190f370 DEBUG   GST_REGISTRY gstregistrychunks.c:526:gst_registry_chunks_load_pad_template: Reading/casting for GstRegistryChunkPadTemplate at address 0x192c498
0:00:00.014122835  2472 0x17be320 LOG   GST_POLL gstpoll.c:994:gst_poll_fd_ctl_write: 0x17c69c0: pfd->events now 60 (POLLOUT:4)
0:00:00.018107006  2471 0x190f370 DEBUG   GST_REGISTRY gstregistrychunks.c:539:gst_registry_chunks_load_pad_template: Added pad_template src
0:00:00.014128313  2472 0x17be320 DEBUG   GST_POLL gstpoll.c:980:gst_poll_fd_ctl_write: 0x17c69c0: fd (fd:0, idx:1), active : 1
0:00:00.018112254  2471 0x190f370 DEBUG   GST_REGISTRY gstregistrychunks.c:526:gst_registry_chunks_load_pad_template: Reading/casting for GstRegistryChunkPadTemplate at address 0x192c4a8
0:00:00.014133427  2472 0x17be320 LOG   GST_POLL gstpoll.c:994:gst_poll_fd_ctl_write: 0x17c69c0: pfd->events now 60 (POLLOUT:4)
0:00:00.018117903  2471 0x190f370 DEBUG   GST_REGISTRY gstregistrychunks.c:539:gst_registry_chunks_load_pad_template: Added pad_template sink_%u
0:00:00.014139496  2472 0x17be320 DEBUG   GST_POLL gstpoll.c:980:gst_poll_fd_ctl_write: 0x17c69c0: fd (fd:0, idx:1), active : 1
0:00:00.018124266  2471 0x190f370 DEBUG   GST_REGISTRY gstregistry.c:590:gst_registry_add_feature: adding feature 0x1930570 (concat)
0:00:00.014144739  2472 0x17be320 LOG   GST_POLL gstpoll.c:994:gst_poll_fd_ctl_write: 0x17c69c0: pfd->events now 60 (POLLOUT:4)
0:00:00.018133760  2471 0x190f370 DEBUG   GST_REFCOUNTING gstobject.c:709:gst_object_set_parent: set parent (ref and sink)
0:00:00.014155225  2472 0x17be320 DEBUG   GST_POLL gstpoll.c:980:gst_poll_fd_ctl_write: 0x17c69c0: fd (fd:0, idx:1), active : 1
0:00:00.018140732  2471 0x190f370 TRACE   GST_REFCOUNTING gstobject.c:294:gst_object_ref_sink: 0x1930570 ref_sink 1->2
0:00:00.014160873  2472 0x17be320 LOG   GST_POLL gstpoll.c:994:gst_poll_fd_ctl_write: 0x17c69c0: pfd->events now 60 (POLLOUT:4)
0:00:00.018146890  2471 0x190f370 LOG   GST_REGISTRY gstregistry.c:608:gst_registry_add_feature: emitting feature-added for concat
