0:00:00.011670763  2472 0x17be320 DEBUG   GST_POLL gstpoll.c:980:gst_poll_fd_ctl_write: 0x17c69c0: fd (fd:0, idx:1), active : 1
0:00:00.015655975  2471 0x190f370 DEBUG   GST_REGISTRY gstregistrychunks.c:741:gst_registry_chunks_load_feature: Added feature multiqueue, plugin 0x19293e0 coreelements
0:00:00.011676528  2472 0x17be320 LOG   GST_POLL gstpoll.c:994:gst_poll_fd_ctl_write: 0x17c69c0: pfd->events now 60 (POLLOUT:4)
0:00:00.015662408  2471 0x190f370 DEBUG   GST_REGISTRY gstregistrychunks.c:583:gst_registry_chunks_load_feature: Plugin 'coreelements' feature 'typefind' typename : 'GstElementFactory'
0:00:00.011687279  2472 0x17be320 DEBUG   GST_POLL gstpoll.c:980:gst_poll_fd_ctl_write: 0x17c69c0: fd (fd:0, idx:1), active : 1
0:00:00.015671478  2471 0x190f370 TRACE   GST_REFCOUNTING gstobject.c:208:gst_object_init: 0x192cce0 new
0:00:00.011692720  2472 0x17be320 LOG   GST_POLL gstpoll.c:994:gst_poll_fd_ctl_write: 0x17c69c0: pfd->events now 60 (POLLOUT:4)
0:00:00.015678427  2471 0x190f370 LOG   GST_REGISTRY gstregistrychunks.c:610:gst_registry_chunks_load_feature: Reading/casting for GstRegistryChunkElementFactory at address 0x192b0e8
0:00:00.011698908  2472 0x17be320 DEBUG   GST_POLL gstpoll.c:980:gst_poll_fd_ctl_write: 0x17c69c0: fd (fd:0, idx:1), active : 1
0:00:00.011705384  2472 0x17be320 LOG   GST_POLL gstpoll.c:994:gst_poll_fd_ctl_write: 0x17c69c0: pfd->events now 60 (POLLOUT:4)
0:00:00.015687687  2471 0x190f370 TRACE   structure gststructure.c:292:gst_structure_new_id_empty_with_size: created structure 0x192cea0
0:00:00.011710488  2472 0x17be320 DEBUG   GST_POLL gstpoll.c:980:gst_poll_fd_ctl_write: 0x17c69c0: fd (fd:0, idx:1), active : 1
0:00:00.015693274  2471 0x190f370 DEBUG   structure gststructure.c:2258:gst_structure_parse_field: trying field name 'long-name'
0:00:00.011715863  2472 0x17be320 LOG   GST_POLL gstpoll.c:994:gst_poll_fd_ctl_write: 0x17c69c0: pfd->events now 60 (POLLOUT:4)
0:00:00.015698832  2471 0x190f370 DEBUG   default gstvalue.c:2776:_priv_gst_value_parse_value: trying type name 'string'
0:00:00.011721400  2472 0x17be320 DEBUG   GST_POLL gstpoll.c:980:gst_poll_fd_ctl_write: 0x17c69c0: fd (fd:0, idx:1), active : 1
0:00:00.015704609  2471 0x190f370 DEBUG   structure gststructure.c:2258:gst_structure_parse_field: trying field name 'klass'
0:00:00.011726764  2472 0x17be320 LOG   GST_POLL gstpoll.c:994:gst_poll_fd_ctl_write: 0x17c69c0: pfd->events now 60 (POLLOUT:4)
0:00:00.015709763  2471 0x190f370 DEBUG   default gstvalue.c:2776:_priv_gst_value_parse_value: trying type name 'string'
0:00:00.011732229  2472 0x17be320 DEBUG   GST_POLL gstpoll.c:980:gst_poll_fd_ctl_write: 0x17c69c0: fd (fd:0, idx:1), active : 1
0:00:00.015715407  2471 0x190f370 DEBUG   structure gststructure.c:2258:gst_structure_parse_field: trying field name 'description'
0:00:00.011737637  2472 0x17be320 LOG   GST_POLL gstpoll.c:994:gst_poll_fd_ctl_write: 0x17c69c0: pfd->events now 60 (POLLOUT:4)
0:00:00.015720670  2471 0x190f370 DEBUG   default gstvalue.c:2776:_priv_gst_value_parse_value: trying type name 'string'
0:00:00.011743292  2472 0x17be320 DEBUG   GST_POLL gstpoll.c:980:gst_poll_fd_ctl_write: 0x17c69c0: fd (fd:0, idx:1), active : 1
0:00:00.015726605  2471 0x190f370 DEBUG   structure gststructure.c:2258:gst_structure_parse_field: trying field name 'author'
0:00:00.011748606  2472 0x17be320 LOG   GST_POLL gstpoll.c:994:gst_poll_fd_ctl_write: 0x17c69c0: pfd->events now 60 (POLLOUT:4)
0:00:00.015736119  2471 0x190f370 DEBUG   default gstvalue.c:2776:_priv_gst_value_parse_value: trying type name 'string'
0:00:00.011757640  2472 0x17be320 DEBUG   GST_POLL gstpoll.c:980:gst_poll_fd_ctl_write: 0x17c69c0: fd (fd:0, idx:1), active : 1
0:00:00.015742322  2471 0x190f370 DEBUG   GST_REGISTRY gstregistrychunks.c:626:gst_registry_chunks_load_feature: Element factory : npadtemplates=2
0:00:00.011763006  2472 0x17be320 LOG   GST_POLL gstpoll.c:994:gst_poll_fd_ctl_write: 0x17c69c0: pfd->events now 60 (POLLOUT:4)
0:00:00.015747765  2471 0x190f370 DEBUG   GST_REGISTRY gstregistrychunks.c:526:gst_registry_chunks_load_pad_template: Reading/casting for GstRegistryChunkPadTemplate at address 0x192b1c0
0:00:00.011769231  2472 0x17be320 DEBUG   GST_POLL gstpoll.c:980:gst_poll_fd_ctl_write: 0x17c69c0: fd (fd:0, idx:1), active : 1
0:00:00.015753259  2471 0x190f370 DEBUG   GST_REGISTRY gstregistrychunks.c:539:gst_registry_chunks_load_pad_template: Added pad_template sink
0:00:00.011774639  2472 0x17be320 LOG   GST_POLL gstpoll.c:994:gst_poll_fd_ctl_write: 0x17c69c0: pfd->events now 60 (POLLOUT:4)
0:00:00.015758563  2471 0x190f370 DEBUG   GST_REGISTRY gstregistrychunks.c:526:gst_registry_chunks_load_pad_template: Reading/casting for GstRegistryChunkPadTemplate at address 0x192b1d8
0:00:00.011780073  2472 0x17be320 DEBUG   GST_POLL gstpoll.c:980:gst_poll_fd_ctl_write: 0x17c69c0: fd (fd:0, idx:1), active : 1
0:00:00.015764007  2471 0x190f370 DEBUG   GST_REGISTRY gstregistrychunks.c:539:gst_registry_chunks_load_pad_template: Added pad_template src
0:00:00.011785496  2472 0x17be320 LOG   GST_POLL gstpoll.c:994:gst_poll_fd_ctl_write: 0x17c69c0: pfd->events now 60 (POLLOUT:4)
0:00:00.015770984  2471 0x190f370 DEBUG   GST_REGISTRY gstregistry.c:590:gst_registry_add_feature: adding feature 0x192cce0 (typefind)
0:00:00.011790945  2472 0x17be320 DEBUG   GST_POLL gstpoll.c:980:gst_poll_fd_ctl_write: 0x17c69c0: fd (fd:0, idx:1), active : 1
0:00:00.015776464  2471 0x190f370 DEBUG   GST_REFCOUNTING gstobject.c:709:gst_object_set_parent: set parent (ref and sink)
0:00:00.011797674  2472 0x17be320 LOG   GST_POLL gstpoll.c:994:gst_poll_fd_ctl_write: 0x17c69c0: pfd->events now 60 (POLLOUT:4)
0:00:00.015782991  2471 0x190f370 TRACE   GST_REFCOUNTING gstobject.c:294:gst_object_ref_sink: 0x192cce0 ref_sink 1->2
0:00:00.011803675  2472 0x17be320 DEBUG   GST_POLL gstpoll.c:980:gst_poll_fd_ctl_write: 0x17c69c0: fd (fd:0, idx:1), active : 1
0:00:00.015789227  2471 0x190f370 LOG   GST_REGISTRY gstregistry.c:608:gst_registry_add_feature: emitting feature-added for typefind
0:00:00.011810052  2472 0x17be320 LOG   GST_POLL gstpoll.c:994:gst_poll_fd_ctl_write: 0x17c69c0: pfd->events now 60 (POLLOUT:4)
0:00:00.015795135  2471 0x190f370 DEBUG   GST_REGISTRY gstregistrychunks.c:741:gst_registry_chunks_load_feature: Added feature typefind, plugin 0x19293e0 coreelements
0:00:00.011816239  2472 0x17be320 DEBUG   GST_POLL gstpoll.c:980:gst_poll_fd_ctl_write: 0x17c69c0: fd (fd:0, idx:1), active : 1
0:00:00.015804937  2471 0x190f370 DEBUG   GST_REGISTRY gstregistrychunks.c:583:gst_registry_chunks_load_feature: Plugin 'coreelements' feature 'tee' typename : 'GstElementFactory'
0:00:00.011825407  2472 0x17be320 LOG   GST_POLL gstpoll.c:994:gst_poll_fd_ctl_write: 0x17c69c0: pfd->events now 60 (POLLOUT:4)
0:00:00.015811971  2471 0x190f370 TRACE   GST_REFCOUNTING gstobject.c:208:gst_object_init: 0x192d020 new
0:00:00.011832016  2472 0x17be320 DEBUG   GST_POLL gstpoll.c:980:gst_poll_fd_ctl_write: 0x17c69c0: fd (fd:0, idx:1), active : 1
0:00:00.015818887  2471 0x190f370 LOG   GST_REGISTRY gstregistrychunks.c:610:gst_registry_chunks_load_feature: Reading/casting for GstRegistryChunkElementFactory at address 0x192b200
0:00:00.011839047  2472 0x17be320 LOG   GST_POLL gstpoll.c:994:gst_poll_fd_ctl_write: 0x17c69c0: pfd->events now 60 (POLLOUT:4)
0:00:00.015824997  2471 0x190f370 TRACE   structure gststructure.c:292:gst_structure_new_id_empty_with_size: created structure 0x192d1f0
0:00:00.011846570  2472 0x17be320 DEBUG   GST_POLL gstpoll.c:980:gst_poll_fd_ctl_write: 0x17c69c0: fd (fd:0, idx:1), active : 1
0:00:00.015830575  2471 0x190f370 DEBUG   structure gststructure.c:2258:gst_structure_parse_field: trying field name 'long-name'
0:00:00.011852333  2472 0x17be320 LOG   GST_POLL gstpoll.c:994:gst_poll_fd_ctl_write: 0x17c69c0: pfd->events now 60 (POLLOUT:4)
0:00:00.015835858  2471 0x190f370 DEBUG   default gstvalue.c:2776:_priv_gst_value_parse_value: trying type name 'string'
0:00:00.011858050  2472 0x17be320 DEBUG   GST_POLL gstpoll.c:980:gst_poll_fd_ctl_write: 0x17c69c0: fd (fd:0, idx:1), active : 1
0:00:00.015841621  2471 0x190f370 DEBUG   structure gststructure.c:2258:gst_structure_parse_field: trying field name 'klass'
0:00:00.011863624  2472 0x17be320 LOG   GST_POLL gstpoll.c:994:gst_poll_fd_ctl_write: 0x17c69c0: pfd->events now 60 (POLLOUT:4)
0:00:00.015846914  2471 0x190f370 DEBUG   default gstvalue.c:2776:_priv_gst_value_parse_value: trying type name 'string'
0:00:00.011869260  2472 0x17be320 DEBUG   GST_POLL gstpoll.c:980:gst_poll_fd_ctl_write: 0x17c69c0: fd (fd:0, idx:1), active : 1
0:00:00.015852440  2471 0x190f370 DEBUG   structure gststructure.c:2258:gst_structure_parse_field: trying field name 'description'
0:00:00.011874657  2472 0x17be320 LOG   GST_POLL gstpoll.c:994:gst_poll_fd_ctl_write: 0x17c69c0: pfd->events now 60 (POLLOUT:4)
0:00:00.015857543  2471 0x190f370 DEBUG   default gstvalue.c:2776:_priv_gst_value_parse_value: trying type name 'string'
0:00:00.011880232  2472 0x17be320 DEBUG   GST_POLL gstpoll.c:980:gst_poll_fd_ctl_write: 0x17c69c0: fd (fd:0, idx:1), active : 1
0:00:00.015863293  2471 0x190f370 DEBUG   structure gststructure.c:2258:gst_structure_parse_field: trying field name 'author'
0:00:00.011885554  2472 0x17be320 LOG   GST_POLL gstpoll.c:994:gst_poll_fd_ctl_write: 0x17c69c0: pfd->events now 60 (POLLOUT:4)
0:00:00.015868365  2471 0x190f370 DEBUG   default gstvalue.c:2776:_priv_gst_value_parse_value: trying type name 'string'
0:00:00.011895038  2472 0x17be320 DEBUG   GST_POLL gstpoll.c:980:gst_poll_fd_ctl_write: 0x17c69c0: fd (fd:0, idx:1), active : 1
0:00:00.015878718  2471 0x190f370 DEBUG   GST_REGISTRY gstregistrychunks.c:626:gst_registry_chunks_load_feature: Element factory : npadtemplates=2
0:00:00.011900494  2472 0x17be320 LOG   GST_POLL gstpoll.c:994:gst_poll_fd_ctl_write: 0x17c69c0: pfd->events now 60 (POLLOUT:4)
0:00:00.015883931  2471 0x190f370 DEBUG   GST_REGISTRY gstregistrychunks.c:526:gst_registry_chunks_load_pad_template: Reading/casting for GstRegistryChunkPadTemplate at address 0x192b2f0
0:00:00.011906018  2472 0x17be320 DEBUG   GST_POLL gstpoll.c:980:gst_poll_fd_ctl_write: 0x17c69c0: fd (fd:0, idx:1), active : 1
0:00:00.015889513  2471 0x190f370 DEBUG   GST_REGISTRY gstregistrychunks.c:539:gst_registry_chunks_load_pad_template: Added pad_template src_%u
0:00:00.011911291  2472 0x17be320 LOG   GST_POLL gstpoll.c:994:gst_poll_fd_ctl_write: 0x17c69c0: pfd->events now 60 (POLLOUT:4)
0:00:00.015894726  2471 0x190f370 DEBUG   GST_REGISTRY gstregistrychunks.c:526:gst_registry_chunks_load_pad_template: Reading/casting for GstRegistryChunkPadTemplate at address 0x192b308
0:00:00.011916848  2472 0x17be320 DEBUG   GST_POLL gstpoll.c:980:gst_poll_fd_ctl_write: 0x17c69c0: fd (fd:0, idx:1), active : 1
0:00:00.015900229  2471 0x190f370 DEBUG   GST_REGISTRY gstregistrychunks.c:539:gst_registry_chunks_load_pad_template: Added pad_template sink
0:00:00.011922200  2472 0x17be320 LOG   GST_POLL gstpoll.c:994:gst_poll_fd_ctl_write: 0x17c69c0: pfd->events now 60 (POLLOUT:4)
0:00:00.011927730  2472 0x17be320 DEBUG   GST_POLL gstpoll.c:980:gst_poll_fd_ctl_write: 0x17c69c0: fd (fd:0, idx:1), active : 1
0:00:00.011932616  2472 0x17be320 LOG   GST_POLL gstpoll.c:994:gst_poll_fd_ctl_write: 0x17c69c0: pfd->events now 60 (POLLOUT:4)
0:00:00.015906648  2471 0x190f370 DEBUG   GST_REGISTRY gstregistry.c:590:gst_registry_add_feature: adding feature 0x192d020 (tee)
0:00:00.011937793  2472 0x17be320 DEBUG   GST_POLL gstpoll.c:980:gst_poll_fd_ctl_write: 0x17c69c0: fd (fd:0, idx:1), active : 1
0:00:00.015920785  2471 0x190f370 DEBUG   GST_REFCOUNTING gstobject.c:709:gst_object_set_parent: set parent (ref and sink)
0:00:00.011943105  2472 0x17be320 LOG   GST_POLL gstpoll.c:994:gst_poll_fd_ctl_write: 0x17c69c0: pfd->events now 60 (POLLOUT:4)
0:00:00.015927577  2471 0x190f370 TRACE   GST_REFCOUNTING gstobject.c:294:gst_object_ref_sink: 0x192d020 ref_sink 1->2
0:00:00.011948763  2472 0x17be320 DEBUG   GST_POLL gstpoll.c:980:gst_poll_fd_ctl_write: 0x17c69c0: fd (fd:0, idx:1), active : 1
0:00:00.015933913  2471 0x190f370 LOG   GST_REGISTRY gstregistry.c:608:gst_registry_add_feature: emitting feature-added for tee
0:00:00.011955002  2472 0x17be320 LOG   GST_POLL gstpoll.c:994:gst_poll_fd_ctl_write: 0x17c69c0: pfd->events now 60 (POLLOUT:4)
0:00:00.015940052  2471 0x190f370 DEBUG   GST_REGISTRY gstregistrychunks.c:741:gst_registry_chunks_load_feature: Added feature tee, plugin 0x19293e0 coreelements
0:00:00.011964248  2472 0x17be320 DEBUG   GST_POLL gstpoll.c:980:gst_poll_fd_ctl_write: 0x17c69c0: fd (fd:0, idx:1), active : 1
0:00:00.015947537  2471 0x190f370 DEBUG   GST_REGISTRY gstregistrychunks.c:583:gst_registry_chunks_load_feature: Plugin 'coreelements' feature 'filesink' typename : 'GstElementFactory'
0:00:00.011970023  2472 0x17be320 LOG   GST_POLL gstpoll.c:994:gst_poll_fd_ctl_write: 0x17c69c0: pfd->events now 60 (POLLOUT:4)
0:00:00.015954552  2471 0x190f370 TRACE   GST_REFCOUNTING gstobject.c:208:gst_object_init: 0x192d370 new
0:00:00.011975778  2472 0x17be320 DEBUG   GST_POLL gstpoll.c:980:gst_poll_fd_ctl_write: 0x17c69c0: fd (fd:0, idx:1), active : 1
0:00:00.015961319  2471 0x190f370 LOG   GST_REGISTRY gstregistrychunks.c:610:gst_registry_chunks_load_feature: Reading/casting for GstRegistryChunkElementFactory at address 0x192b338
0:00:00.011981918  2472 0x17be320 LOG   GST_POLL gstpoll.c:994:gst_poll_fd_ctl_write: 0x17c69c0: pfd->events now 60 (POLLOUT:4)
0:00:00.015967103  2471 0x190f370 TRACE   structure gststructure.c:292:gst_structure_new_id_empty_with_size: created structure 0x192d710
0:00:00.011988260  2472 0x17be320 DEBUG   GST_POLL gstpoll.c:980:gst_poll_fd_ctl_write: 0x17c69c0: fd (fd:0, idx:1), active : 1
0:00:00.015972583  2471 0x190f370 DEBUG   structure gststructure.c:2258:gst_structure_parse_field: trying field name 'long-name'
0:00:00.011993836  2472 0x17be320 LOG   GST_POLL gstpoll.c:994:gst_poll_fd_ctl_write: 0x17c69c0: pfd->events now 60 (POLLOUT:4)
0:00:00.015977800  2471 0x190f370 DEBUG   default gstvalue.c:2776:_priv_gst_value_parse_value: trying type name 'string'
0:00:00.011999427  2472 0x17be320 DEBUG   GST_POLL gstpoll.c:980:gst_poll_fd_ctl_write: 0x17c69c0: fd (fd:0, idx:1), active : 1
0:00:00.015983579  2471 0x190f370 DEBUG   structure gststructure.c:2258:gst_structure_parse_field: trying field name 'klass'
0:00:00.012004810  2472 0x17be320 LOG   GST_POLL gstpoll.c:994:gst_poll_fd_ctl_write: 0x17c69c0: pfd->events now 60 (POLLOUT:4)
0:00:00.015988747  2471 0x190f370 DEBUG   default gstvalue.c:2776:_priv_gst_value_parse_value: trying type name 'string'
0:00:00.012010468  2472 0x17be320 DEBUG   GST_POLL gstpoll.c:980:gst_poll_fd_ctl_write: 0x17c69c0: fd (fd:0, idx:1), active : 1
0:00:00.015994165  2471 0x190f370 DEBUG   structure gststructure.c:2258:gst_structure_parse_field: trying field name 'description'
0:00:00.012015848  2472 0x17be320 LOG   GST_POLL gstpoll.c:994:gst_poll_fd_ctl_write: 0x17c69c0: pfd->events now 60 (POLLOUT:4)
0:00:00.015999249  2471 0x190f370 DEBUG   default gstvalue.c:2776:_priv_gst_value_parse_value: trying type name 'string'
0:00:00.012021432  2472 0x17be320 DEBUG   GST_POLL gstpoll.c:980:gst_poll_fd_ctl_write: 0x17c69c0: fd (fd:0, idx:1), active : 1
0:00:00.016004873  2471 0x190f370 DEBUG   structure gststructure.c:2258:gst_structure_parse_field: trying field name 'author'
0:00:00.012026798  2472 0x17be320 LOG   GST_POLL gstpoll.c:994:gst_poll_fd_ctl_write: 0x17c69c0: pfd->events now 60 (POLLOUT:4)
0:00:00.016016461  2471 0x190f370 DEBUG   default gstvalue.c:2776:_priv_gst_value_parse_value: trying type name 'string'
0:00:00.012038046  2472 0x17be320 DEBUG   GST_POLL gstpoll.c:980:gst_poll_fd_ctl_write: 0x17c69c0: fd (fd:0, idx:1), active : 1
0:00:00.016022793  2471 0x190f370 DEBUG   GST_REGISTRY gstregistrychunks.c:626:gst_registry_chunks_load_feature: Element factory : npadtemplates=1
0:00:00.012043379  2472 0x17be320 LOG   GST_POLL gstpoll.c:994:gst_poll_fd_ctl_write: 0x17c69c0: pfd->events now 60 (POLLOUT:4)
0:00:00.016028119  2471 0x190f370 DEBUG   GST_REGISTRY gstregistrychunks.c:526:gst_registry_chunks_load_pad_template: Reading/casting for GstRegistryChunkPadTemplate at address 0x192b418
0:00:00.012049569  2472 0x17be320 DEBUG   GST_POLL gstpoll.c:980:gst_poll_fd_ctl_write: 0x17c69c0: fd (fd:0, idx:1), active : 1
0:00:00.016033524  2471 0x190f370 DEBUG   GST_REGISTRY gstregistrychunks.c:539:gst_registry_chunks_load_pad_template: Added pad_template sink
0:00:00.012054976  2472 0x17be320 LOG   GST_POLL gstpoll.c:994:gst_poll_fd_ctl_write: 0x17c69c0: pfd->events now 60 (POLLOUT:4)
0:00:00.016039649  2471 0x190f370 DEBUG   GST_REGISTRY gstregistrychunks.c:639:gst_registry_chunks_load_feature: Reading 1 UriTypes at address 0x192b429
0:00:00.012060479  2472 0x17be320 DEBUG   GST_POLL gstpoll.c:980:gst_poll_fd_ctl_write: 0x17c69c0: fd (fd:0, idx:1), active : 1
0:00:00.016047203  2471 0x190f370 DEBUG   GST_REGISTRY gstregistrychunks.c:654:gst_registry_chunks_load_feature: Reading 1 Interfaces at address 0x192b439
0:00:00.012066474  2472 0x17be320 LOG   GST_POLL gstpoll.c:994:gst_poll_fd_ctl_write: 0x17c69c0: pfd->events now 60 (POLLOUT:4)
0:00:00.016054368  2471 0x190f370 DEBUG   GST_REGISTRY gstregistry.c:590:gst_registry_add_feature: adding feature 0x192d370 (filesink)
0:00:00.012074060  2472 0x17be320 DEBUG   GST_POLL gstpoll.c:980:gst_poll_fd_ctl_write: 0x17c69c0: fd (fd:0, idx:1), active : 1
0:00:00.016060056  2471 0x190f370 DEBUG   GST_REFCOUNTING gstobject.c:709:gst_object_set_parent: set parent (ref and sink)
0:00:00.012081239  2472 0x17be320 LOG   GST_POLL gstpoll.c:994:gst_poll_fd_ctl_write: 0x17c69c0: pfd->events now 60 (POLLOUT:4)
0:00:00.016066531  2471 0x190f370 TRACE   GST_REFCOUNTING gstobject.c:294:gst_object_ref_sink: 0x192d370 ref_sink 1->2
0:00:00.012087573  2472 0x17be320 DEBUG   GST_POLL gstpoll.c:980:gst_poll_fd_ctl_write: 0x17c69c0: fd (fd:0, idx:1), active : 1
0:00:00.016072595  2471 0x190f370 LOG   GST_REGISTRY gstregistry.c:608:gst_registry_add_feature: emitting feature-added for filesink
0:00:00.012093592  2472 0x17be320 LOG   GST_POLL gstpoll.c:994:gst_poll_fd_ctl_write: 0x17c69c0: pfd->events now 60 (POLLOUT:4)
0:00:00.016078853  2471 0x190f370 DEBUG   GST_REGISTRY gstregistrychunks.c:741:gst_registry_chunks_load_feature: Added feature filesink, plugin 0x19293e0 coreelements
0:00:00.012099769  2472 0x17be320 DEBUG   GST_POLL gstpoll.c:980:gst_poll_fd_ctl_write: 0x17c69c0: fd (fd:0, idx:1), active : 1
0:00:00.016088369  2471 0x190f370 DEBUG   GST_REGISTRY gstregistrychunks.c:583:gst_registry_chunks_load_feature: Plugin 'coreelements' feature 'queue2' typename : 'GstElementFactory'
0:00:00.012109039  2472 0x17be320 LOG   GST_POLL gstpoll.c:994:gst_poll_fd_ctl_write: 0x17c69c0: pfd->events now 60 (POLLOUT:4)
0:00:00.016095271  2471 0x190f370 TRACE   GST_REFCOUNTING gstobject.c:208:gst_object_init: 0x192d840 new
0:00:00.012115657  2472 0x17be320 DEBUG   GST_POLL gstpoll.c:980:gst_poll_fd_ctl_write: 0x17c69c0: fd (fd:0, idx:1), active : 1
0:00:00.016102150  2471 0x190f370 LOG   GST_REGISTRY gstregistrychunks.c:610:gst_registry_chunks_load_feature: Reading/casting for GstRegistryChunkElementFactory at address 0x192b460
0:00:00.012122342  2472 0x17be320 LOG   GST_POLL gstpoll.c:994:gst_poll_fd_ctl_write: 0x17c69c0: pfd->events now 60 (POLLOUT:4)
0:00:00.016108527  2471 0x190f370 TRACE   structure gststructure.c:292:gst_structure_new_id_empty_with_size: created structure 0x192da10
0:00:00.012129492  2472 0x17be320 DEBUG   GST_POLL gstpoll.c:980:gst_poll_fd_ctl_write: 0x17c69c0: fd (fd:0, idx:1), active : 1
0:00:00.016113917  2471 0x190f370 DEBUG   structure gststructure.c:2258:gst_structure_parse_field: trying field name 'long-name'
0:00:00.012135230  2472 0x17be320 LOG   GST_POLL gstpoll.c:994:gst_poll_fd_ctl_write: 0x17c69c0: pfd->events now 60 (POLLOUT:4)
0:00:00.016119036  2471 0x190f370 DEBUG   default gstvalue.c:2776:_priv_gst_value_parse_value: trying type name 'string'
0:00:00.012141024  2472 0x17be320 DEBUG   GST_POLL gstpoll.c:980:gst_poll_fd_ctl_write: 0x17c69c0: fd (fd:0, idx:1), active : 1
0:00:00.016124761  2471 0x190f370 DEBUG   structure gststructure.c:2258:gst_structure_parse_field: trying field name 'klass'
0:00:00.012146397  2472 0x17be320 LOG   GST_POLL gstpoll.c:994:gst_poll_fd_ctl_write: 0x17c69c0: pfd->events now 60 (POLLOUT:4)
0:00:00.016129809  2471 0x190f370 DEBUG   default gstvalue.c:2776:_priv_gst_value_parse_value: trying type name 'string'
0:00:00.012151960  2472 0x17be320 DEBUG   GST_POLL gstpoll.c:980:gst_poll_fd_ctl_write: 0x17c69c0: fd (fd:0, idx:1), active : 1
0:00:00.016135463  2471 0x190f370 DEBUG   structure gststructure.c:2258:gst_structure_parse_field: trying field name 'description'
0:00:00.012157334  2472 0x17be320 LOG   GST_POLL gstpoll.c:994:gst_poll_fd_ctl_write: 0x17c69c0: pfd->events now 60 (POLLOUT:4)
0:00:00.016140494  2471 0x190f370 DEBUG   default gstvalue.c:2776:_priv_gst_value_parse_value: trying type name 'string'
0:00:00.012163013  2472 0x17be320 DEBUG   GST_POLL gstpoll.c:980:gst_poll_fd_ctl_write: 0x17c69c0: fd (fd:0, idx:1), active : 1
0:00:00.016146048  2471 0x190f370 DEBUG   structure gststructure.c:2258:gst_structure_parse_field: trying field name 'author'
0:00:00.012168310  2472 0x17be320 LOG   GST_POLL gstpoll.c:994:gst_poll_fd_ctl_write: 0x17c69c0: pfd->events now 60 (POLLOUT:4)
0:00:00.016154558  2471 0x190f370 DEBUG   default gstvalue.c:2776:_priv_gst_value_parse_value: trying type name 'string'
0:00:00.012176116  2472 0x17be320 DEBUG   GST_POLL gstpoll.c:980:gst_poll_fd_ctl_write: 0x17c69c0: fd (fd:0, idx:1), active : 1
0:00:00.016161129  2471 0x190f370 DEBUG   GST_REGISTRY gstregistrychunks.c:626:gst_registry_chunks_load_feature: Element factory : npadtemplates=2
0:00:00.012181481  2472 0x17be320 LOG   GST_POLL gstpoll.c:994:gst_poll_fd_ctl_write: 0x17c69c0: pfd->events now 60 (POLLOUT:4)
0:00:00.016166318  2471 0x190f370 DEBUG   GST_REGISTRY gstregistrychunks.c:526:gst_registry_chunks_load_pad_template: Reading/casting for GstRegistryChunkPadTemplate at address 0x192b550
0:00:00.012187924  2472 0x17be320 DEBUG   GST_POLL gstpoll.c:980:gst_poll_fd_ctl_write: 0x17c69c0: fd (fd:0, idx:1), active : 1
0:00:00.016171814  2471 0x190f370 DEBUG   GST_REGISTRY gstregistrychunks.c:539:gst_registry_chunks_load_pad_template: Added pad_template sink
0:00:00.012193194  2472 0x17be320 LOG   GST_POLL gstpoll.c:994:gst_poll_fd_ctl_write: 0x17c69c0: pfd->events now 60 (POLLOUT:4)
0:00:00.016176915  2471 0x190f370 DEBUG   GST_REGISTRY gstregistrychunks.c:526:gst_registry_chunks_load_pad_template: Reading/casting for GstRegistryChunkPadTemplate at address 0x192b568
0:00:00.012198932  2472 0x17be320 DEBUG   GST_POLL gstpoll.c:980:gst_poll_fd_ctl_write: 0x17c69c0: fd (fd:0, idx:1), active : 1
0:00:00.016182307  2471 0x190f370 DEBUG   GST_REGISTRY gstregistrychunks.c:539:gst_registry_chunks_load_pad_template: Added pad_template src
0:00:00.012204206  2472 0x17be320 LOG   GST_POLL gstpoll.c:994:gst_poll_fd_ctl_write: 0x17c69c0: pfd->events now 60 (POLLOUT:4)
0:00:00.016188739  2471 0x190f370 DEBUG   GST_REGISTRY gstregistry.c:590:gst_registry_add_feature: adding feature 0x192d840 (queue2)
0:00:00.012210069  2472 0x17be320 DEBUG   GST_POLL gstpoll.c:980:gst_poll_fd_ctl_write: 0x17c69c0: fd (fd:0, idx:1), active : 1
0:00:00.016194145  2471 0x190f370 DEBUG   GST_REFCOUNTING gstobject.c:709:gst_object_set_parent: set parent (ref and sink)
0:00:00.012215327  2472 0x17be320 LOG   GST_POLL gstpoll.c:994:gst_poll_fd_ctl_write: 0x17c69c0: pfd->events now 60 (POLLOUT:4)
0:00:00.016201100  2471 0x190f370 TRACE   GST_REFCOUNTING gstobject.c:294:gst_object_ref_sink: 0x192d840 ref_sink 1->2
0:00:00.012221749  2472 0x17be320 DEBUG   GST_POLL gstpoll.c:980:gst_poll_fd_ctl_write: 0x17c69c0: fd (fd:0, idx:1), active : 1
0:00:00.016207059  2471 0x190f370 LOG   GST_REGISTRY gstregistry.c:608:gst_registry_add_feature: emitting feature-added for queue2
0:00:00.012228078  2472 0x17be320 LOG   GST_POLL gstpoll.c:994:gst_poll_fd_ctl_write: 0x17c69c0: pfd->events now 60 (POLLOUT:4)
0:00:00.016213379  2471 0x190f370 DEBUG   GST_REGISTRY gstregistrychunks.c:741:gst_registry_chunks_load_feature: Added feature queue2, plugin 0x19293e0 coreelements
0:00:00.012234024  2472 0x17be320 DEBUG   GST_POLL gstpoll.c:980:gst_poll_fd_ctl_write: 0x17c69c0: fd (fd:0, idx:1), active : 1
0:00:00.016219759  2471 0x190f370 DEBUG   GST_REGISTRY gstregistrychunks.c:583:gst_registry_chunks_load_feature: Plugin 'coreelements' feature 'queue' typename : 'GstElementFactory'
0:00:00.012243744  2472 0x17be320 LOG   GST_POLL gstpoll.c:994:gst_poll_fd_ctl_write: 0x17c69c0: pfd->events now 60 (POLLOUT:4)
0:00:00.016227589  2471 0x190f370 TRACE   GST_REFCOUNTING gstobject.c:208:gst_object_init: 0x192dc60 new
0:00:00.012249561  2472 0x17be320 DEBUG   GST_POLL gstpoll.c:980:gst_poll_fd_ctl_write: 0x17c69c0: fd (fd:0, idx:1), active : 1
0:00:00.016234246  2471 0x190f370 LOG   GST_REGISTRY gstregistrychunks.c:610:gst_registry_chunks_load_feature: Reading/casting for GstRegistryChunkElementFactory at address 0x192b590
0:00:00.012254846  2472 0x17be320 LOG   GST_POLL gstpoll.c:994:gst_poll_fd_ctl_write: 0x17c69c0: pfd->events now 60 (POLLOUT:4)
0:00:00.016240572  2471 0x190f370 TRACE   structure gststructure.c:292:gst_structure_new_id_empty_with_size: created structure 0x192dd90
0:00:00.012261381  2472 0x17be320 DEBUG   GST_POLL gstpoll.c:980:gst_poll_fd_ctl_write: 0x17c69c0: fd (fd:0, idx:1), active : 1
0:00:00.016245877  2471 0x190f370 DEBUG   structure gststructure.c:2258:gst_structure_parse_field: trying field name 'long-name'
0:00:00.012267096  2472 0x17be320 LOG   GST_POLL gstpoll.c:994:gst_poll_fd_ctl_write: 0x17c69c0: pfd->events now 60 (POLLOUT:4)
0:00:00.016251364  2471 0x190f370 DEBUG   default gstvalue.c:2776:_priv_gst_value_parse_value: trying type name 'string'
0:00:00.012277398  2472 0x17be320 DEBUG   GST_POLL gstpoll.c:980:gst_poll_fd_ctl_write: 0x17c69c0: fd (fd:0, idx:1), active : 1
0:00:00.016260403  2471 0x190f370 DEBUG   structure gststructure.c:2258:gst_structure_parse_field: trying field name 'klass'
0:00:00.012282822  2472 0x17be320 LOG   GST_POLL gstpoll.c:994:gst_poll_fd_ctl_write: 0x17c69c0: pfd->events now 60 (POLLOUT:4)
0:00:00.016265612  2471 0x190f370 DEBUG   default gstvalue.c:2776:_priv_gst_value_parse_value: trying type name 'string'
0:00:00.012288516  2472 0x17be320 DEBUG   GST_POLL gstpoll.c:980:gst_poll_fd_ctl_write: 0x17c69c0: fd (fd:0, idx:1), active : 1
0:00:00.016271093  2471 0x190f370 DEBUG   structure gststructure.c:2258:gst_structure_parse_field: trying field name 'description'
0:00:00.012293895  2472 0x17be320 LOG   GST_POLL gstpoll.c:994:gst_poll_fd_ctl_write: 0x17c69c0: pfd->events now 60 (POLLOUT:4)
0:00:00.016276666  2471 0x190f370 DEBUG   default gstvalue.c:2776:_priv_gst_value_parse_value: trying type name 'string'
0:00:00.012299464  2472 0x17be320 DEBUG   GST_POLL gstpoll.c:980:gst_poll_fd_ctl_write: 0x17c69c0: fd (fd:0, idx:1), active : 1
0:00:00.016282336  2471 0x190f370 DEBUG   structure gststructure.c:2258:gst_structure_parse_field: trying field name 'author'
0:00:00.012304820  2472 0x17be320 LOG   GST_POLL gstpoll.c:994:gst_poll_fd_ctl_write: 0x17c69c0: pfd->events now 60 (POLLOUT:4)
0:00:00.016287435  2471 0x190f370 DEBUG   default gstvalue.c:2776:_priv_gst_value_parse_value: trying type name 'string'
0:00:00.012330812  2472 0x17be320 DEBUG   GST_POLL gstpoll.c:980:gst_poll_fd_ctl_write: 0x17c69c0: fd (fd:0, idx:1), active : 1
0:00:00.016314403  2471 0x190f370 DEBUG   GST_REGISTRY gstregistrychunks.c:626:gst_registry_chunks_load_feature: Element factory : npadtemplates=2
0:00:00.012336836  2472 0x17be320 LOG   GST_POLL gstpoll.c:994:gst_poll_fd_ctl_write: 0x17c69c0: pfd->events now 60 (POLLOUT:4)
0:00:00.016320143  2471 0x190f370 DEBUG   GST_REGISTRY gstregistrychunks.c:526:gst_registry_chunks_load_pad_template: Reading/casting for GstRegistryChunkPadTemplate at address 0x192b648
0:00:00.012343012  2472 0x17be320 DEBUG   GST_POLL gstpoll.c:980:gst_poll_fd_ctl_write: 0x17c69c0: fd (fd:0, idx:1), active : 1
0:00:00.016326223  2471 0x190f370 DEBUG   GST_REGISTRY gstregistrychunks.c:539:gst_registry_chunks_load_pad_template: Added pad_template sink
0:00:00.012348820  2472 0x17be320 LOG   GST_POLL gstpoll.c:994:gst_poll_fd_ctl_write: 0x17c69c0: pfd->events now 60 (POLLOUT:4)
0:00:00.016331751  2471 0x190f370 DEBUG   GST_REGISTRY gstregistrychunks.c:526:gst_registry_chunks_load_pad_template: Reading/casting for GstRegistryChunkPadTemplate at address 0x192b660
0:00:00.012355138  2472 0x17be320 DEBUG   GST_POLL gstpoll.c:980:gst_poll_fd_ctl_write: 0x17c69c0: fd (fd:0, idx:1), active : 1
0:00:00.016338030  2471 0x190f370 DEBUG   GST_REGISTRY gstregistrychunks.c:539:gst_registry_chunks_load_pad_template: Added pad_template src
0:00:00.012360972  2472 0x17be320 LOG   GST_POLL gstpoll.c:994:gst_poll_fd_ctl_write: 0x17c69c0: pfd->events now 60 (POLLOUT:4)
0:00:00.016354449  2471 0x190f370 DEBUG   GST_REGISTRY gstregistry.c:590:gst_registry_add_feature: adding feature 0x192dc60 (queue)
0:00:00.012376565  2472 0x17be320 DEBUG   GST_POLL gstpoll.c:980:gst_poll_fd_ctl_write: 0x17c69c0: fd (fd:0, idx:1), active : 1
0:00:00.016360646  2471 0x190f370 DEBUG   GST_REFCOUNTING gstobject.c:709:gst_object_set_parent: set parent (ref and sink)
0:00:00.012382595  2472 0x17be320 LOG   GST_POLL gstpoll.c:994:gst_poll_fd_ctl_write: 0x17c69c0: pfd->events now 60 (POLLOUT:4)
0:00:00.016367848  2471 0x190f370 TRACE   GST_REFCOUNTING gstobject.c:294:gst_object_ref_sink: 0x192dc60 ref_sink 1->2
0:00:00.012388747  2472 0x17be320 DEBUG   GST_POLL gstpoll.c:980:gst_poll_fd_ctl_write: 0x17c69c0: fd (fd:0, idx:1), active : 1
0:00:00.016374921  2471 0x190f370 LOG   GST_REGISTRY gstregistry.c:608:gst_registry_add_feature: emitting feature-added for queue
0:00:00.012395622  2472 0x17be320 LOG   GST_POLL gstpoll.c:994:gst_poll_fd_ctl_write: 0x17c69c0: pfd->events now 60 (POLLOUT:4)
0:00:00.016381795  2471 0x190f370 DEBUG   GST_REGISTRY gstregistrychunks.c:741:gst_registry_chunks_load_feature: Added feature queue, plugin 0x19293e0 coreelements
0:00:00.012402708  2472 0x17be320 DEBUG   GST_POLL gstpoll.c:980:gst_poll_fd_ctl_write: 0x17c69c0: fd (fd:0, idx:1), active : 1
0:00:00.016388567  2471 0x190f370 DEBUG   GST_REGISTRY gstregistrychunks.c:583:gst_registry_chunks_load_feature: Plugin 'coreelements' feature 'output-selector' typename : 'GstElementFactory'
0:00:00.012412996  2472 0x17be320 LOG   GST_POLL gstpoll.c:994:gst_poll_fd_ctl_write: 0x17c69c0: pfd->events now 60 (POLLOUT:4)
0:00:00.016397727  2471 0x190f370 TRACE   GST_REFCOUNTING gstobject.c:208:gst_object_init: 0x192dfb0 new
0:00:00.012419356  2472 0x17be320 DEBUG   GST_POLL gstpoll.c:980:gst_poll_fd_ctl_write: 0x17c69c0: fd (fd:0, idx:1), active : 1
0:00:00.016405129  2471 0x190f370 LOG   GST_REGISTRY gstregistrychunks.c:610:gst_registry_chunks_load_feature: Reading/casting for GstRegistryChunkElementFactory at address 0x192b698
0:00:00.012425397  2472 0x17be320 LOG   GST_POLL gstpoll.c:994:gst_poll_fd_ctl_write: 0x17c69c0: pfd->events now 60 (POLLOUT:4)
0:00:00.016411676  2471 0x190f370 TRACE   structure gststructure.c:292:gst_structure_new_id_empty_with_size: created structure 0x192e170
0:00:00.012432837  2472 0x17be320 DEBUG   GST_POLL gstpoll.c:980:gst_poll_fd_ctl_write: 0x17c69c0: fd (fd:0, idx:1), active : 1
0:00:00.016417689  2471 0x190f370 DEBUG   structure gststructure.c:2258:gst_structure_parse_field: trying field name 'long-name'
0:00:00.012439027  2472 0x17be320 LOG   GST_POLL gstpoll.c:994:gst_poll_fd_ctl_write: 0x17c69c0: pfd->events now 60 (POLLOUT:4)
0:00:00.016423387  2471 0x190f370 DEBUG   default gstvalue.c:2776:_priv_gst_value_parse_value: trying type name 'string'
0:00:00.012445155  2472 0x17be320 DEBUG   GST_POLL gstpoll.c:980:gst_poll_fd_ctl_write: 0x17c69c0: fd (fd:0, idx:1), active : 1
0:00:00.016429779  2471 0x190f370 DEBUG   structure gststructure.c:2258:gst_structure_parse_field: trying field name 'klass'
0:00:00.012451034  2472 0x17be320 LOG   GST_POLL gstpoll.c:994:gst_poll_fd_ctl_write: 0x17c69c0: pfd->events now 60 (POLLOUT:4)
0:00:00.016435532  2471 0x190f370 DEBUG   default gstvalue.c:2776:_priv_gst_value_parse_value: trying type name 'string'
0:00:00.012457149  2472 0x17be320 DEBUG   GST_POLL gstpoll.c:980:gst_poll_fd_ctl_write: 0x17c69c0: fd (fd:0, idx:1), active : 1
0:00:00.016441606  2471 0x190f370 DEBUG   structure gststructure.c:2258:gst_structure_parse_field: trying field name 'description'
0:00:00.012462983  2472 0x17be320 LOG   GST_POLL gstpoll.c:994:gst_poll_fd_ctl_write: 0x17c69c0: pfd->events now 60 (POLLOUT:4)
0:00:00.016447265  2471 0x190f370 DEBUG   default gstvalue.c:2776:_priv_gst_value_parse_value: trying type name 'string'
0:00:00.012469210  2472 0x17be320 DEBUG   GST_POLL gstpoll.c:980:gst_poll_fd_ctl_write: 0x17c69c0: fd (fd:0, idx:1), active : 1
0:00:00.016453567  2471 0x190f370 DEBUG   structure gststructure.c:2258:gst_structure_parse_field: trying field name 'author'
0:00:00.012475015  2472 0x17be320 LOG   GST_POLL gstpoll.c:994:gst_poll_fd_ctl_write: 0x17c69c0: pfd->events now 60 (POLLOUT:4)
0:00:00.016459226  2471 0x190f370 DEBUG   default gstvalue.c:2776:_priv_gst_value_parse_value: trying type name 'string'
0:00:00.012481221  2472 0x17be320 DEBUG   GST_POLL gstpoll.c:980:gst_poll_fd_ctl_write: 0x17c69c0: fd (fd:0, idx:1), active : 1
0:00:00.016469711  2471 0x190f370 DEBUG   GST_REGISTRY gstregistrychunks.c:626:gst_registry_chunks_load_feature: Element factory : npadtemplates=2
0:00:00.012490417  2472 0x17be320 LOG   GST_POLL gstpoll.c:994:gst_poll_fd_ctl_write: 0x17c69c0: pfd->events now 60 (POLLOUT:4)
0:00:00.016475662  2471 0x190f370 DEBUG   GST_REGISTRY gstregistrychunks.c:526:gst_registry_chunks_load_pad_template: Reading/casting for GstRegistryChunkPadTemplate at address 0x192b770
0:00:00.012497565  2472 0x17be320 DEBUG   GST_POLL gstpoll.c:980:gst_poll_fd_ctl_write: 0x17c69c0: fd (fd:0, idx:1), active : 1
0:00:00.016481702  2471 0x190f370 DEBUG   GST_REGISTRY gstregistrychunks.c:539:gst_registry_chunks_load_pad_template: Added pad_template src_%u
0:00:00.012503395  2472 0x17be320 LOG   GST_POLL gstpoll.c:994:gst_poll_fd_ctl_write: 0x17c69c0: pfd->events now 60 (POLLOUT:4)
0:00:00.016487297  2471 0x190f370 DEBUG   GST_REGISTRY gstregistrychunks.c:526:gst_registry_chunks_load_pad_template: Reading/casting for GstRegistryChunkPadTemplate at address 0x192b788
0:00:00.012509674  2472 0x17be320 DEBUG   GST_POLL gstpoll.c:980:gst_poll_fd_ctl_write: 0x17c69c0: fd (fd:0, idx:1), active : 1
0:00:00.016493380  2471 0x190f370 DEBUG   GST_REGISTRY gstregistrychunks.c:539:gst_registry_chunks_load_pad_template: Added pad_template sink
0:00:00.016500809  2471 0x190f370 DEBUG   GST_REGISTRY gstregistry.c:590:gst_registry_add_feature: adding feature 0x192dfb0 (output-selector)
0:00:00.016508208  2471 0x190f370 DEBUG   GST_REFCOUNTING gstobject.c:709:gst_object_set_parent: set parent (ref and sink)
0:00:00.012515644  2472 0x17be320 LOG   GST_POLL gstpoll.c:994:gst_poll_fd_ctl_write: 0x17c69c0: pfd->events now 60 (POLLOUT:4)
0:00:00.012543242  2472 0x17be320 DEBUG   GST_POLL gstpoll.c:980:gst_poll_fd_ctl_write: 0x17c69c0: fd (fd:0, idx:1), active : 1
0:00:00.012550931  2472 0x17be320 LOG   GST_POLL gstpoll.c:994:gst_poll_fd_ctl_write: 0x17c69c0: pfd->events now 60 (POLLOUT:4)
0:00:00.012556789  2472 0x17be320 DEBUG   GST_POLL gstpoll.c:980:gst_poll_fd_ctl_write: 0x17c69c0: fd (fd:0, idx:1), active : 1
0:00:00.016537615  2471 0x190f370 TRACE   GST_REFCOUNTING gstobject.c:294:gst_object_ref_sink: 0x192dfb0 ref_sink 1->2
0:00:00.012562149  2472 0x17be320 LOG   GST_POLL gstpoll.c:994:gst_poll_fd_ctl_write: 0x17c69c0: pfd->events now 60 (POLLOUT:4)
0:00:00.016547077  2471 0x190f370 LOG   GST_REGISTRY gstregistry.c:608:gst_registry_add_feature: emitting feature-added for output-selector
0:00:00.012568364  2472 0x17be320 DEBUG   GST_POLL gstpoll.c:980:gst_poll_fd_ctl_write: 0x17c69c0: fd (fd:0, idx:1), active : 1
0:00:00.016554287  2471 0x190f370 DEBUG   GST_REGISTRY gstregistrychunks.c:741:gst_registry_chunks_load_feature: Added feature output-selector, plugin 0x19293e0 coreelements
0:00:00.012574410  2472 0x17be320 LOG   GST_POLL gstpoll.c:994:gst_poll_fd_ctl_write: 0x17c69c0: pfd->events now 60 (POLLOUT:4)
0:00:00.016561673  2471 0x190f370 DEBUG   GST_REGISTRY gstregistrychunks.c:583:gst_registry_chunks_load_feature: Plugin 'coreelements' feature 'input-selector' typename : 'GstElementFactory'
0:00:00.012586612  2472 0x17be320 DEBUG   GST_POLL gstpoll.c:980:gst_poll_fd_ctl_write: 0x17c69c0: fd (fd:0, idx:1), active : 1
0:00:00.016571441  2471 0x190f370 TRACE   GST_REFCOUNTING gstobject.c:208:gst_object_init: 0x192e540 new
0:00:00.012592640  2472 0x17be320 LOG   GST_POLL gstpoll.c:994:gst_poll_fd_ctl_write: 0x17c69c0: pfd->events now 60 (POLLOUT:4)
0:00:00.016579477  2471 0x190f370 LOG   GST_REGISTRY gstregistrychunks.c:610:gst_registry_chunks_load_feature: Reading/casting for GstRegistryChunkElementFactory at address 0x192b7c0
0:00:00.012599663  2472 0x17be320 DEBUG   GST_POLL gstpoll.c:980:gst_poll_fd_ctl_write: 0x17c69c0: fd (fd:0, idx:1), active : 1
0:00:00.016586061  2471 0x190f370 TRACE   structure gststructure.c:292:gst_structure_new_id_empty_with_size: created structure 0x192e890
0:00:00.012607022  2472 0x17be320 LOG   GST_POLL gstpoll.c:994:gst_poll_fd_ctl_write: 0x17c69c0: pfd->events now 60 (POLLOUT:4)
0:00:00.016592216  2471 0x190f370 DEBUG   structure gststructure.c:2258:gst_structure_parse_field: trying field name 'long-name'
0:00:00.012613787  2472 0x17be320 DEBUG   GST_POLL gstpoll.c:980:gst_poll_fd_ctl_write: 0x17c69c0: fd (fd:0, idx:1), active : 1
0:00:00.016597958  2471 0x190f370 DEBUG   default gstvalue.c:2776:_priv_gst_value_parse_value: trying type name 'string'
0:00:00.012619672  2472 0x17be320 LOG   GST_POLL gstpoll.c:994:gst_poll_fd_ctl_write: 0x17c69c0: pfd->events now 60 (POLLOUT:4)
0:00:00.016604387  2471 0x190f370 DEBUG   structure gststructure.c:2258:gst_structure_parse_field: trying field name 'klass'
0:00:00.012625916  2472 0x17be320 DEBUG   GST_POLL gstpoll.c:980:gst_poll_fd_ctl_write: 0x17c69c0: fd (fd:0, idx:1), active : 1
0:00:00.016610025  2471 0x190f370 DEBUG   default gstvalue.c:2776:_priv_gst_value_parse_value: trying type name 'string'
0:00:00.012631700  2472 0x17be320 LOG   GST_POLL gstpoll.c:994:gst_poll_fd_ctl_write: 0x17c69c0: pfd->events now 60 (POLLOUT:4)
0:00:00.016615943  2471 0x190f370 DEBUG   structure gststructure.c:2258:gst_structure_parse_field: trying field name 'description'
0:00:00.012638275  2472 0x17be320 LOG   GST_PLUGIN_LOADING gstpluginloader.c:645:put_chunk: Expanding tx buf from 10158 to 13209 for chunk of size 209
0:00:00.016621670  2471 0x190f370 DEBUG   default gstvalue.c:2776:_priv_gst_value_parse_value: trying type name 'string'
0:00:00.016628294  2471 0x190f370 DEBUG   structure gststructure.c:2258:gst_structure_parse_field: trying field name 'author'
0:00:00.016633372  2471 0x190f370 DEBUG   default gstvalue.c:2776:_priv_gst_value_parse_value: trying type name 'string'
0:00:00.012658842  2472 0x17be320 DEBUG   GST_POLL gstpoll.c:980:gst_poll_fd_ctl_write: 0x17c69c0: fd (fd:0, idx:1), active : 1
0:00:00.016640493  2471 0x190f370 DEBUG   GST_REGISTRY gstregistrychunks.c:626:gst_registry_chunks_load_feature: Element factory : npadtemplates=2
0:00:00.012669075  2472 0x17be320 LOG   GST_POLL gstpoll.c:994:gst_poll_fd_ctl_write: 0x17c69c0: pfd->events now 60 (POLLOUT:4)
0:00:00.016651887  2471 0x190f370 DEBUG   GST_REGISTRY gstregistrychunks.c:526:gst_registry_chunks_load_pad_template: Reading/casting for GstRegistryChunkPadTemplate at address 0x192b8f0
0:00:00.012675775  2472 0x17be320 DEBUG   GST_POLL gstpoll.c:980:gst_poll_fd_ctl_write: 0x17c69c0: fd (fd:0, idx:1), active : 1
0:00:00.016658425  2471 0x190f370 DEBUG   GST_REGISTRY gstregistrychunks.c:539:gst_registry_chunks_load_pad_template: Added pad_template src
0:00:00.012681818  2472 0x17be320 LOG   GST_POLL gstpoll.c:994:gst_poll_fd_ctl_write: 0x17c69c0: pfd->events now 60 (POLLOUT:4)
0:00:00.016664656  2471 0x190f370 DEBUG   GST_REGISTRY gstregistrychunks.c:526:gst_registry_chunks_load_pad_template: Reading/casting for GstRegistryChunkPadTemplate at address 0x192b900
0:00:00.012687901  2472 0x17be320 DEBUG   GST_POLL gstpoll.c:980:gst_poll_fd_ctl_write: 0x17c69c0: fd (fd:0, idx:1), active : 1
0:00:00.016670581  2471 0x190f370 DEBUG   GST_REGISTRY gstregistrychunks.c:539:gst_registry_chunks_load_pad_template: Added pad_template sink_%u
0:00:00.012693912  2472 0x17be320 LOG   GST_POLL gstpoll.c:994:gst_poll_fd_ctl_write: 0x17c69c0: pfd->events now 60 (POLLOUT:4)
0:00:00.016678597  2471 0x190f370 DEBUG   GST_REGISTRY gstregistry.c:590:gst_registry_add_feature: adding feature 0x192e540 (input-selector)
0:00:00.012700256  2472 0x17be320 DEBUG   GST_POLL gstpoll.c:980:gst_poll_fd_ctl_write: 0x17c69c0: fd (fd:0, idx:1), active : 1
0:00:00.016684761  2471 0x190f370 DEBUG   GST_REFCOUNTING gstobject.c:709:gst_object_set_parent: set parent (ref and sink)
0:00:00.012706254  2472 0x17be320 LOG   GST_POLL gstpoll.c:994:gst_poll_fd_ctl_write: 0x17c69c0: pfd->events now 60 (POLLOUT:4)
0:00:00.016692184  2471 0x190f370 TRACE   GST_REFCOUNTING gstobject.c:294:gst_object_ref_sink: 0x192e540 ref_sink 1->2
0:00:00.012712766  2472 0x17be320 DEBUG   GST_POLL gstpoll.c:980:gst_poll_fd_ctl_write: 0x17c69c0: fd (fd:0, idx:1), active : 1
0:00:00.016698965  2471 0x190f370 LOG   GST_REGISTRY gstregistry.c:608:gst_registry_add_feature: emitting feature-added for input-selector
0:00:00.012720049  2472 0x17be320 LOG   GST_POLL gstpoll.c:994:gst_poll_fd_ctl_write: 0x17c69c0: pfd->events now 60 (POLLOUT:4)
0:00:00.016705854  2471 0x190f370 DEBUG   GST_REGISTRY gstregistrychunks.c:741:gst_registry_chunks_load_feature: Added feature input-selector, plugin 0x19293e0 coreelements
0:00:00.012726482  2472 0x17be320 DEBUG   GST_POLL gstpoll.c:980:gst_poll_fd_ctl_write: 0x17c69c0: fd (fd:0, idx:1), active : 1
0:00:00.016712857  2471 0x190f370 DEBUG   GST_REGISTRY gstregistrychunks.c:583:gst_registry_chunks_load_feature: Plugin 'coreelements' feature 'identity' typename : 'GstElementFactory'
0:00:00.012733295  2472 0x17be320 LOG   GST_POLL gstpoll.c:994:gst_poll_fd_ctl_write: 0x17c69c0: pfd->events now 60 (POLLOUT:4)
0:00:00.016720118  2471 0x190f370 TRACE   GST_REFCOUNTING gstobject.c:208:gst_object_init: 0x192eb10 new
0:00:00.012744164  2472 0x17be320 DEBUG   GST_POLL gstpoll.c:980:gst_poll_fd_ctl_write: 0x17c69c0: fd (fd:0, idx:1), active : 1
0:00:00.016727594  2471 0x190f370 LOG   GST_REGISTRY gstregistrychunks.c:610:gst_registry_chunks_load_feature: Reading/casting for GstRegistryChunkElementFactory at address 0x192b930
0:00:00.012750168  2472 0x17be320 LOG   GST_POLL gstpoll.c:994:gst_poll_fd_ctl_write: 0x17c69c0: pfd->events now 60 (POLLOUT:4)
0:00:00.016734013  2471 0x190f370 TRACE   structure gststructure.c:292:gst_structure_new_id_empty_with_size: created structure 0x192ec00
0:00:00.012756222  2472 0x17be320 DEBUG   GST_POLL gstpoll.c:980:gst_poll_fd_ctl_write: 0x17c69c0: fd (fd:0, idx:1), active : 1
0:00:00.016739743  2471 0x190f370 DEBUG   structure gststructure.c:2258:gst_structure_parse_field: trying field name 'long-name'
0:00:00.012762051  2472 0x17be320 LOG   GST_POLL gstpoll.c:994:gst_poll_fd_ctl_write: 0x17c69c0: pfd->events now 60 (POLLOUT:4)
0:00:00.016745335  2471 0x190f370 DEBUG   default gstvalue.c:2776:_priv_gst_value_parse_value: trying type name 'string'
0:00:00.012768229  2472 0x17be320 DEBUG   GST_POLL gstpoll.c:980:gst_poll_fd_ctl_write: 0x17c69c0: fd (fd:0, idx:1), active : 1
0:00:00.016751293  2471 0x190f370 DEBUG   structure gststructure.c:2258:gst_structure_parse_field: trying field name 'klass'
0:00:00.012774143  2472 0x17be320 LOG   GST_POLL gstpoll.c:994:gst_poll_fd_ctl_write: 0x17c69c0: pfd->events now 60 (POLLOUT:4)
0:00:00.016756826  2471 0x190f370 DEBUG   default gstvalue.c:2776:_priv_gst_value_parse_value: trying type name 'string'
0:00:00.012780348  2472 0x17be320 DEBUG   GST_POLL gstpoll.c:980:gst_poll_fd_ctl_write: 0x17c69c0: fd (fd:0, idx:1), active : 1
0:00:00.016763147  2471 0x190f370 DEBUG   structure gststructure.c:2258:gst_structure_parse_field: trying field name 'description'
0:00:00.012786332  2472 0x17be320 LOG   GST_POLL gstpoll.c:994:gst_poll_fd_ctl_write: 0x17c69c0: pfd->events now 60 (POLLOUT:4)
0:00:00.016769099  2471 0x190f370 DEBUG   default gstvalue.c:2776:_priv_gst_value_parse_value: trying type name 'string'
0:00:00.012792656  2472 0x17be320 DEBUG   GST_POLL gstpoll.c:980:gst_poll_fd_ctl_write: 0x17c69c0: fd (fd:0, idx:1), active : 1
0:00:00.016775762  2471 0x190f370 DEBUG   structure gststructure.c:2258:gst_structure_parse_field: trying field name 'author'
0:00:00.012798435  2472 0x17be320 LOG   GST_POLL gstpoll.c:994:gst_poll_fd_ctl_write: 0x17c69c0: pfd->events now 60 (POLLOUT:4)
0:00:00.016781386  2471 0x190f370 DEBUG   default gstvalue.c:2776:_priv_gst_value_parse_value: trying type name 'string'
0:00:00.012804609  2472 0x17be320 DEBUG   GST_POLL gstpoll.c:980:gst_poll_fd_ctl_write: 0x17c69c0: fd (fd:0, idx:1), active : 1
0:00:00.016787567  2471 0x190f370 DEBUG   GST_REGISTRY gstregistrychunks.c:626:gst_registry_chunks_load_feature: Element factory : npadtemplates=2
0:00:00.012810424  2472 0x17be320 LOG   GST_POLL gstpoll.c:994:gst_poll_fd_ctl_write: 0x17c69c0: pfd->events now 60 (POLLOUT:4)
0:00:00.016797724  2471 0x190f370 DEBUG   GST_REGISTRY gstregistrychunks.c:526:gst_registry_chunks_load_pad_template: Reading/casting for GstRegistryChunkPadTemplate at address 0x192ba00
0:00:00.012819600  2472 0x17be320 DEBUG   GST_POLL gstpoll.c:980:gst_poll_fd_ctl_write: 0x17c69c0: fd (fd:0, idx:1), active : 1
0:00:00.016803619  2471 0x190f370 DEBUG   GST_REGISTRY gstregistrychunks.c:539:gst_registry_chunks_load_pad_template: Added pad_template sink
0:00:00.012825519  2472 0x17be320 LOG   GST_POLL gstpoll.c:994:gst_poll_fd_ctl_write: 0x17c69c0: pfd->events now 60 (POLLOUT:4)
0:00:00.016809192  2471 0x190f370 DEBUG   GST_REGISTRY gstregistrychunks.c:526:gst_registry_chunks_load_pad_template: Reading/casting for GstRegistryChunkPadTemplate at address 0x192ba18
0:00:00.012831651  2472 0x17be320 DEBUG   GST_POLL gstpoll.c:980:gst_poll_fd_ctl_write: 0x17c69c0: fd (fd:0, idx:1), active : 1
0:00:00.016815138  2471 0x190f370 DEBUG   GST_REGISTRY gstregistrychunks.c:539:gst_registry_chunks_load_pad_template: Added pad_template src
0:00:00.012837528  2472 0x17be320 LOG   GST_POLL gstpoll.c:994:gst_poll_fd_ctl_write: 0x17c69c0: pfd->events now 60 (POLLOUT:4)
0:00:00.016822444  2471 0x190f370 DEBUG   GST_REGISTRY gstregistry.c:590:gst_registry_add_feature: adding feature 0x192eb10 (identity)
0:00:00.012843643  2472 0x17be320 DEBUG   GST_POLL gstpoll.c:980:gst_poll_fd_ctl_write: 0x17c69c0: fd (fd:0, idx:1), active : 1
0:00:00.016828531  2471 0x190f370 DEBUG   GST_REFCOUNTING gstobject.c:709:gst_object_set_parent: set parent (ref and sink)
0:00:00.012849941  2472 0x17be320 LOG   GST_POLL gstpoll.c:994:gst_poll_fd_ctl_write: 0x17c69c0: pfd->events now 60 (POLLOUT:4)
0:00:00.016835767  2471 0x190f370 TRACE   GST_REFCOUNTING gstobject.c:294:gst_object_ref_sink: 0x192eb10 ref_sink 1->2
0:00:00.012856699  2472 0x17be320 DEBUG   GST_POLL gstpoll.c:980:gst_poll_fd_ctl_write: 0x17c69c0: fd (fd:0, idx:1), active : 1
0:00:00.016842158  2471 0x190f370 LOG   GST_REGISTRY gstregistry.c:608:gst_registry_add_feature: emitting feature-added for identity
0:00:00.012863321  2472 0x17be320 LOG   GST_POLL gstpoll.c:994:gst_poll_fd_ctl_write: 0x17c69c0: pfd->events now 60 (POLLOUT:4)
0:00:00.016848997  2471 0x190f370 DEBUG   GST_REGISTRY gstregistrychunks.c:741:gst_registry_chunks_load_feature: Added feature identity, plugin 0x19293e0 coreelements
0:00:00.012869799  2472 0x17be320 DEBUG   GST_POLL gstpoll.c:980:gst_poll_fd_ctl_write: 0x17c69c0: fd (fd:0, idx:1), active : 1
0:00:00.016855632  2471 0x190f370 DEBUG   GST_REGISTRY gstregistrychunks.c:583:gst_registry_chunks_load_feature: Plugin 'coreelements' feature 'funnel' typename : 'GstElementFactory'
0:00:00.012876388  2472 0x17be320 LOG   GST_POLL gstpoll.c:994:gst_poll_fd_ctl_write: 0x17c69c0: pfd->events now 60 (POLLOUT:4)
0:00:00.016862821  2471 0x190f370 TRACE   GST_REFCOUNTING gstobject.c:208:gst_object_init: 0x192ee80 new
0:00:00.012887033  2472 0x17be320 DEBUG   GST_POLL gstpoll.c:980:gst_poll_fd_ctl_write: 0x17c69c0: fd (fd:0, idx:1), active : 1
0:00:00.016870776  2471 0x190f370 LOG   GST_REGISTRY gstregistrychunks.c:610:gst_registry_chunks_load_feature: Reading/casting for GstRegistryChunkElementFactory at address 0x192ba48
0:00:00.012893014  2472 0x17be320 LOG   GST_POLL gstpoll.c:994:gst_poll_fd_ctl_write: 0x17c69c0: pfd->events now 60 (POLLOUT:4)
0:00:00.012899096  2472 0x17be320 DEBUG   GST_POLL gstpoll.c:980:gst_poll_fd_ctl_write: 0x17c69c0: fd (fd:0, idx:1), active : 1
0:00:00.016879923  2471 0x190f370 TRACE   structure gststructure.c:292:gst_structure_new_id_empty_with_size: created structure 0x192f040
0:00:00.012904535  2472 0x17be320 LOG   GST_POLL gstpoll.c:994:gst_poll_fd_ctl_write: 0x17c69c0: pfd->events now 60 (POLLOUT:4)
0:00:00.016887466  2471 0x190f370 DEBUG   structure gststructure.c:2258:gst_structure_parse_field: trying field name 'long-name'
0:00:00.012910851  2472 0x17be320 DEBUG   GST_POLL gstpoll.c:980:gst_poll_fd_ctl_write: 0x17c69c0: fd (fd:0, idx:1), active : 1
0:00:00.016893718  2471 0x190f370 DEBUG   default gstvalue.c:2776:_priv_gst_value_parse_value: trying type name 'string'
0:00:00.012916749  2472 0x17be320 LOG   GST_POLL gstpoll.c:994:gst_poll_fd_ctl_write: 0x17c69c0: pfd->events now 60 (POLLOUT:4)
0:00:00.016900136  2471 0x190f370 DEBUG   structure gststructure.c:2258:gst_structure_parse_field: trying field name 'klass'
0:00:00.012922897  2472 0x17be320 DEBUG   GST_POLL gstpoll.c:980:gst_poll_fd_ctl_write: 0x17c69c0: fd (fd:0, idx:1), active : 1
