0:00:00.023239296  2470 0xbf5370 DEBUG   GST_REFCOUNTING gstobject.c:709:gst_object_set_parent: set parent (ref and sink)
0:00:00.018327858  2471 0xdaa320 DEBUG   GST_POLL gstpoll.c:980:gst_poll_fd_ctl_write: 0xdb2a00: fd (fd:0, idx:1), active : 1
0:00:00.023248116  2470 0xbf5370 TRACE   GST_REFCOUNTING gstobject.c:294:gst_object_ref_sink: 0xc16e40 ref_sink 1->2
0:00:00.018337174  2471 0xdaa320 LOG   GST_POLL gstpoll.c:994:gst_poll_fd_ctl_write: 0xdb2a00: pfd->events now 60 (POLLOUT:4)
0:00:00.023256163  2470 0xbf5370 LOG   GST_REGISTRY gstregistry.c:608:gst_registry_add_feature: emitting feature-added for concat
0:00:00.018344812  2471 0xdaa320 DEBUG   GST_POLL gstpoll.c:980:gst_poll_fd_ctl_write: 0xdb2a00: fd (fd:0, idx:1), active : 1
0:00:00.023263687  2470 0xbf5370 DEBUG   GST_REGISTRY gstregistrychunks.c:741:gst_registry_chunks_load_feature: Added feature concat, plugin 0xc0f3c0 coreelements
0:00:00.018351280  2471 0xdaa320 LOG   GST_POLL gstpoll.c:994:gst_poll_fd_ctl_write: 0xdb2a00: pfd->events now 60 (POLLOUT:4)
0:00:00.023270939  2470 0xbf5370 DEBUG   GST_REGISTRY gstregistrychunks.c:583:gst_registry_chunks_load_feature: Plugin 'coreelements' feature 'clocksync' typename : 'GstElementFactory'
0:00:00.018359130  2471 0xdaa320 DEBUG   GST_POLL gstpoll.c:980:gst_poll_fd_ctl_write: 0xdb2a00: fd (fd:0, idx:1), active : 1
0:00:00.018365488  2471 0xdaa320 LOG   GST_POLL gstpoll.c:994:gst_poll_fd_ctl_write: 0xdb2a00: pfd->events now 60 (POLLOUT:4)
0:00:00.023280260  2470 0xbf5370 TRACE   GST_REFCOUNTING gstobject.c:208:gst_object_init: 0xc17130 new
0:00:00.018371467  2471 0xdaa320 DEBUG   GST_POLL gstpoll.c:980:gst_poll_fd_ctl_write: 0xdb2a00: fd (fd:0, idx:1), active : 1
0:00:00.023289323  2470 0xbf5370 LOG   GST_REGISTRY gstregistrychunks.c:610:gst_registry_chunks_load_feature: Reading/casting for GstRegistryChunkElementFactory at address 0xc124b8
0:00:00.018377518  2471 0xdaa320 LOG   GST_POLL gstpoll.c:994:gst_poll_fd_ctl_write: 0xdb2a00: pfd->events now 60 (POLLOUT:4)
0:00:00.018391580  2471 0xdaa320 DEBUG   GST_POLL gstpoll.c:980:gst_poll_fd_ctl_write: 0xdb2a00: fd (fd:0, idx:1), active : 1
0:00:00.023304701  2470 0xbf5370 TRACE   structure gststructure.c:292:gst_structure_new_id_empty_with_size: created structure 0xc17420
0:00:00.018400000  2471 0xdaa320 LOG   GST_POLL gstpoll.c:994:gst_poll_fd_ctl_write: 0xdb2a00: pfd->events now 60 (POLLOUT:4)
0:00:00.023314730  2470 0xbf5370 DEBUG   structure gststructure.c:2258:gst_structure_parse_field: trying field name 'long-name'
0:00:00.018407669  2471 0xdaa320 DEBUG   GST_POLL gstpoll.c:980:gst_poll_fd_ctl_write: 0xdb2a00: fd (fd:0, idx:1), active : 1
0:00:00.023322332  2470 0xbf5370 DEBUG   default gstvalue.c:2776:_priv_gst_value_parse_value: trying type name 'string'
0:00:00.018414260  2471 0xdaa320 LOG   GST_POLL gstpoll.c:994:gst_poll_fd_ctl_write: 0xdb2a00: pfd->events now 60 (POLLOUT:4)
0:00:00.023330942  2470 0xbf5370 DEBUG   structure gststructure.c:2258:gst_structure_parse_field: trying field name 'klass'
0:00:00.018420988  2471 0xdaa320 DEBUG   GST_POLL gstpoll.c:980:gst_poll_fd_ctl_write: 0xdb2a00: fd (fd:0, idx:1), active : 1
0:00:00.023336736  2470 0xbf5370 DEBUG   default gstvalue.c:2776:_priv_gst_value_parse_value: trying type name 'string'
0:00:00.018427065  2471 0xdaa320 LOG   GST_POLL gstpoll.c:994:gst_poll_fd_ctl_write: 0xdb2a00: pfd->events now 60 (POLLOUT:4)
0:00:00.023343241  2470 0xbf5370 DEBUG   structure gststructure.c:2258:gst_structure_parse_field: trying field name 'description'
0:00:00.018433720  2471 0xdaa320 DEBUG   GST_POLL gstpoll.c:980:gst_poll_fd_ctl_write: 0xdb2a00: fd (fd:0, idx:1), active : 1
0:00:00.023348827  2470 0xbf5370 DEBUG   default gstvalue.c:2776:_priv_gst_value_parse_value: trying type name 'string'
0:00:00.018439970  2471 0xdaa320 LOG   GST_POLL gstpoll.c:994:gst_poll_fd_ctl_write: 0xdb2a00: pfd->events now 60 (POLLOUT:4)
0:00:00.023356626  2470 0xbf5370 DEBUG   structure gststructure.c:2258:gst_structure_parse_field: trying field name 'author'
0:00:00.018446561  2471 0xdaa320 DEBUG   GST_POLL gstpoll.c:980:gst_poll_fd_ctl_write: 0xdb2a00: fd (fd:0, idx:1), active : 1
0:00:00.023364557  2470 0xbf5370 DEBUG   default gstvalue.c:2776:_priv_gst_value_parse_value: trying type name 'string'
0:00:00.018455103  2471 0xdaa320 LOG   GST_POLL gstpoll.c:994:gst_poll_fd_ctl_write: 0xdb2a00: pfd->events now 60 (POLLOUT:4)
0:00:00.023373436  2470 0xbf5370 DEBUG   GST_REGISTRY gstregistrychunks.c:626:gst_registry_chunks_load_feature: Element factory : npadtemplates=2
0:00:00.018462721  2471 0xdaa320 DEBUG   GST_POLL gstpoll.c:980:gst_poll_fd_ctl_write: 0xdb2a00: fd (fd:0, idx:1), active : 1
0:00:00.023379766  2470 0xbf5370 DEBUG   GST_REGISTRY gstregistrychunks.c:526:gst_registry_chunks_load_pad_template: Reading/casting for GstRegistryChunkPadTemplate at address 0xc12588
0:00:00.018469185  2471 0xdaa320 LOG   GST_POLL gstpoll.c:994:gst_poll_fd_ctl_write: 0xdb2a00: pfd->events now 60 (POLLOUT:4)
0:00:00.023390886  2470 0xbf5370 DEBUG   GST_REGISTRY gstregistrychunks.c:539:gst_registry_chunks_load_pad_template: Added pad_template sink
0:00:00.018479766  2471 0xdaa320 DEBUG   GST_POLL gstpoll.c:980:gst_poll_fd_ctl_write: 0xdb2a00: fd (fd:0, idx:1), active : 1
0:00:00.023396873  2470 0xbf5370 DEBUG   GST_REGISTRY gstregistrychunks.c:526:gst_registry_chunks_load_pad_template: Reading/casting for GstRegistryChunkPadTemplate at address 0xc125a0
0:00:00.018486066  2471 0xdaa320 LOG   GST_POLL gstpoll.c:994:gst_poll_fd_ctl_write: 0xdb2a00: pfd->events now 60 (POLLOUT:4)
0:00:00.023403747  2470 0xbf5370 DEBUG   GST_REGISTRY gstregistrychunks.c:539:gst_registry_chunks_load_pad_template: Added pad_template src
0:00:00.018492785  2471 0xdaa320 DEBUG   GST_POLL gstpoll.c:980:gst_poll_fd_ctl_write: 0xdb2a00: fd (fd:0, idx:1), active : 1
0:00:00.023412383  2470 0xbf5370 DEBUG   GST_REGISTRY gstregistry.c:590:gst_registry_add_feature: adding feature 0xc17130 (clocksync)
0:00:00.018498955  2471 0xdaa320 LOG   GST_POLL gstpoll.c:994:gst_poll_fd_ctl_write: 0xdb2a00: pfd->events now 60 (POLLOUT:4)
0:00:00.023419195  2470 0xbf5370 DEBUG   GST_REFCOUNTING gstobject.c:709:gst_object_set_parent: set parent (ref and sink)
0:00:00.018507437  2471 0xdaa320 DEBUG   GST_POLL gstpoll.c:980:gst_poll_fd_ctl_write: 0xdb2a00: fd (fd:0, idx:1), active : 1
0:00:00.023429954  2470 0xbf5370 TRACE   GST_REFCOUNTING gstobject.c:294:gst_object_ref_sink: 0xc17130 ref_sink 1->2
0:00:00.018517613  2471 0xdaa320 LOG   GST_POLL gstpoll.c:994:gst_poll_fd_ctl_write: 0xdb2a00: pfd->events now 60 (POLLOUT:4)
0:00:00.023438312  2470 0xbf5370 LOG   GST_REGISTRY gstregistry.c:608:gst_registry_add_feature: emitting feature-added for clocksync
0:00:00.018526704  2471 0xdaa320 DEBUG   GST_POLL gstpoll.c:980:gst_poll_fd_ctl_write: 0xdb2a00: fd (fd:0, idx:1), active : 1
0:00:00.023446226  2470 0xbf5370 DEBUG   GST_REGISTRY gstregistrychunks.c:741:gst_registry_chunks_load_feature: Added feature clocksync, plugin 0xc0f3c0 coreelements
0:00:00.018533474  2471 0xdaa320 LOG   GST_POLL gstpoll.c:994:gst_poll_fd_ctl_write: 0xdb2a00: pfd->events now 60 (POLLOUT:4)
0:00:00.023453706  2470 0xbf5370 DEBUG   GST_REGISTRY gstregistrychunks.c:583:gst_registry_chunks_load_feature: Plugin 'coreelements' feature 'capsfilter' typename : 'GstElementFactory'
0:00:00.018541493  2471 0xdaa320 DEBUG   GST_POLL gstpoll.c:980:gst_poll_fd_ctl_write: 0xdb2a00: fd (fd:0, idx:1), active : 1
0:00:00.018548588  2471 0xdaa320 LOG   GST_POLL gstpoll.c:994:gst_poll_fd_ctl_write: 0xdb2a00: pfd->events now 60 (POLLOUT:4)
0:00:00.023463211  2470 0xbf5370 TRACE   GST_REFCOUNTING gstobject.c:208:gst_object_init: 0xc17320 new
0:00:00.018554553  2471 0xdaa320 DEBUG   GST_POLL gstpoll.c:980:gst_poll_fd_ctl_write: 0xdb2a00: fd (fd:0, idx:1), active : 1
0:00:00.023472279  2470 0xbf5370 LOG   GST_REGISTRY gstregistrychunks.c:610:gst_registry_chunks_load_feature: Reading/casting for GstRegistryChunkElementFactory at address 0xc125d0
0:00:00.018565993  2471 0xdaa320 LOG   GST_POLL gstpoll.c:994:gst_poll_fd_ctl_write: 0xdb2a00: pfd->events now 60 (POLLOUT:4)
0:00:00.023482322  2470 0xbf5370 TRACE   structure gststructure.c:292:gst_structure_new_id_empty_with_size: created structure 0xc17860
0:00:00.018572794  2471 0xdaa320 DEBUG   GST_POLL gstpoll.c:980:gst_poll_fd_ctl_write: 0xdb2a00: fd (fd:0, idx:1), active : 1
0:00:00.023488550  2470 0xbf5370 DEBUG   structure gststructure.c:2258:gst_structure_parse_field: trying field name 'long-name'
0:00:00.018581356  2471 0xdaa320 LOG   GST_POLL gstpoll.c:994:gst_poll_fd_ctl_write: 0xdb2a00: pfd->events now 60 (POLLOUT:4)
0:00:00.023497230  2470 0xbf5370 DEBUG   default gstvalue.c:2776:_priv_gst_value_parse_value: trying type name 'string'
0:00:00.023505748  2470 0xbf5370 DEBUG   structure gststructure.c:2258:gst_structure_parse_field: trying field name 'klass'
0:00:00.018593258  2471 0xdaa320 TRACE   GST_REFCOUNTING gstobject.c:265:gst_object_unref: 0xdc6210 unref 2->1
0:00:00.023511112  2470 0xbf5370 DEBUG   default gstvalue.c:2776:_priv_gst_value_parse_value: trying type name 'string'
0:00:00.018601457  2471 0xdaa320 DEBUG   GST_POLL gstpoll.c:1241:gst_poll_fd_has_error: 0xdb2a00: fd (fd:0, idx:1) 0
0:00:00.023518511  2470 0xbf5370 DEBUG   structure gststructure.c:2258:gst_structure_parse_field: trying field name 'description'
0:00:00.018608297  2471 0xdaa320 DEBUG   GST_POLL gstpoll.c:1335:gst_poll_fd_can_write: 0xdb2a00: fd (fd:0, idx:1) 1
0:00:00.023524586  2470 0xbf5370 DEBUG   default gstvalue.c:2776:_priv_gst_value_parse_value: trying type name 'string'
0:00:00.018614662  2471 0xdaa320 LOG   GST_PLUGIN_LOADING gstpluginloader.c:689:write_one: Writing packet of size 488 bytes to fd 0
0:00:00.023532314  2470 0xbf5370 DEBUG   structure gststructure.c:2258:gst_structure_parse_field: trying field name 'author'
0:00:00.023538033  2470 0xbf5370 DEBUG   default gstvalue.c:2776:_priv_gst_value_parse_value: trying type name 'string'
0:00:00.018625181  2471 0xdaa320 DEBUG   GST_POLL gstpoll.c:1414:gst_poll_wait: 0xdb2a00: timeout :0:00:01.000000000
0:00:00.023544746  2470 0xbf5370 DEBUG   GST_REGISTRY gstregistrychunks.c:626:gst_registry_chunks_load_feature: Element factory : npadtemplates=2
0:00:00.018636953  2471 0xdaa320 LOG   GST_PLUGIN_LOADING gstpluginloader.c:1027:exchange_packets: Poll res = 2. 6872 bytes pending for write
0:00:00.023552911  2470 0xbf5370 DEBUG   GST_REGISTRY gstregistrychunks.c:526:gst_registry_chunks_load_pad_template: Reading/casting for GstRegistryChunkPadTemplate at address 0xc126b0
0:00:00.018646020  2471 0xdaa320 DEBUG   GST_POLL gstpoll.c:1241:gst_poll_fd_has_error: 0xdb2a00: fd (fd:5, idx:2) 0
0:00:00.023561372  2470 0xbf5370 DEBUG   GST_REGISTRY gstregistrychunks.c:539:gst_registry_chunks_load_pad_template: Added pad_template sink
0:00:00.018653114  2471 0xdaa320 DEBUG   GST_POLL gstpoll.c:1266:gst_poll_fd_can_read_unlocked: 0xdb2a00: fd (fd:5, idx:2) 1
0:00:00.023579242  2470 0xbf5370 DEBUG   GST_REGISTRY gstregistrychunks.c:526:gst_registry_chunks_load_pad_template: Reading/casting for GstRegistryChunkPadTemplate at address 0xc126c8
0:00:00.018669827  2471 0xdaa320 LOG   GST_PLUGIN_LOADING gstpluginloader.c:1005:read_one: No payload to read for 0 length packet type 1 tag 0
0:00:00.023585698  2470 0xbf5370 DEBUG   GST_REGISTRY gstregistrychunks.c:539:gst_registry_chunks_load_pad_template: Added pad_template src
0:00:00.018677432  2471 0xdaa320 DEBUG   GST_POLL gstpoll.c:1015:gst_poll_fd_ctl_read_unlocked: 0xdb2a00: fd (fd:5, idx:2), active : 0
0:00:00.023595082  2470 0xbf5370 DEBUG   GST_REGISTRY gstregistry.c:590:gst_registry_add_feature: adding feature 0xc17320 (capsfilter)
0:00:00.018684253  2471 0xdaa320 DEBUG   GST_POLL gstpoll.c:980:gst_poll_fd_ctl_write: 0xdb2a00: fd (fd:0, idx:1), active : 1
0:00:00.023601602  2470 0xbf5370 DEBUG   GST_REFCOUNTING gstobject.c:709:gst_object_set_parent: set parent (ref and sink)
0:00:00.018690585  2471 0xdaa320 LOG   GST_POLL gstpoll.c:994:gst_poll_fd_ctl_write: 0xdb2a00: pfd->events now 60 (POLLOUT:4)
0:00:00.023609910  2470 0xbf5370 TRACE   GST_REFCOUNTING gstobject.c:294:gst_object_ref_sink: 0xc17320 ref_sink 1->2
0:00:00.018699594  2471 0xdaa320 DEBUG   GST_POLL gstpoll.c:1241:gst_poll_fd_has_error: 0xdb2a00: fd (fd:0, idx:1) 0
0:00:00.023617321  2470 0xbf5370 LOG   GST_REGISTRY gstregistry.c:608:gst_registry_add_feature: emitting feature-added for capsfilter
0:00:00.018707101  2471 0xdaa320 DEBUG   GST_POLL gstpoll.c:1335:gst_poll_fd_can_write: 0xdb2a00: fd (fd:0, idx:1) 1
0:00:00.018713618  2471 0xdaa320 LOG   GST_PLUGIN_LOADING gstpluginloader.c:689:write_one: Writing packet of size 6872 bytes to fd 0
0:00:00.023626999  2470 0xbf5370 DEBUG   GST_REGISTRY gstregistrychunks.c:741:gst_registry_chunks_load_feature: Added feature capsfilter, plugin 0xc0f3c0 coreelements
0:00:00.018725340  2471 0xdaa320 DEBUG   GST_POLL gstpoll.c:1414:gst_poll_wait: 0xdb2a00: timeout :0:00:01.000000000
0:00:00.023638175  2470 0xbf5370 LOG   GST_PLUGIN_LOADING gstpluginloader.c:888:handle_rx_packet: marking plugin 0xc0f3c0 as registered as /home/conan/w/prod/BuildSingleReference/.conan/data/gstreamer/1.19.1/_/_/package/87c267dd1134a9a07d23e41650d01aade79b0036/lib/gstreamer-1.0/libgstcoreelements.so
0:00:00.018733891  2471 0xdaa320 LOG   GST_PLUGIN_LOADING gstpluginloader.c:1027:exchange_packets: Poll res = 1. 12 bytes pending for write
0:00:00.023651317  2470 0xbf5370 DEBUG   GST_POLL gstpoll.c:1414:gst_poll_wait: 0xc0ed40: timeout :0:00:01.000000000
0:00:00.018740848  2471 0xdaa320 DEBUG   GST_POLL gstpoll.c:1241:gst_poll_fd_has_error: 0xdb2a00: fd (fd:0, idx:1) 0
0:00:00.023662542  2470 0xbf5370 LOG   GST_PLUGIN_LOADING gstpluginloader.c:1027:exchange_packets: Poll res = 1. 0 bytes pending for write
0:00:00.018749763  2471 0xdaa320 DEBUG   GST_POLL gstpoll.c:1335:gst_poll_fd_can_write: 0xdb2a00: fd (fd:0, idx:1) 1
0:00:00.023675239  2470 0xbf5370 DEBUG   GST_POLL gstpoll.c:1241:gst_poll_fd_has_error: 0xc0ed40: fd (fd:8, idx:2) 0
0:00:00.018762667  2471 0xdaa320 LOG   GST_PLUGIN_LOADING gstpluginloader.c:689:write_one: Writing packet of size 12 bytes to fd 0
0:00:00.023682434  2470 0xbf5370 DEBUG   GST_POLL gstpoll.c:1266:gst_poll_fd_can_read_unlocked: 0xc0ed40: fd (fd:8, idx:2) 1
0:00:00.018772650  2471 0xdaa320 DEBUG   GST_POLL gstpoll.c:980:gst_poll_fd_ctl_write: 0xdb2a00: fd (fd:0, idx:1), active : 0
0:00:00.018779129  2471 0xdaa320 LOG   GST_POLL gstpoll.c:994:gst_poll_fd_ctl_write: 0xdb2a00: pfd->events now 56 (POLLOUT:4)
0:00:00.023695299  2470 0xbf5370 DEBUG   GST_PLUGIN_LOADING gstpluginloader.c:849:handle_rx_packet: Received plugin details from child w/ tag 2. 476 bytes info
0:00:00.023703643  2470 0xbf5370 LOG   GST_REGISTRY gstregistrychunks.c:837:_priv_gst_registry_chunks_load_plugin: Reading/casting for GstRegistryChunkPluginElement at address 0xc10c10
0:00:00.018795624  2471 0xdaa320 DEBUG   GST_POLL gstpoll.c:772:gst_poll_free: 0xdb2a00: freeing
0:00:00.023712021  2470 0xbf5370 TRACE   GST_REFCOUNTING gstobject.c:208:gst_object_init: 0xc17b20 new
0:00:00.023724874  2470 0xbf5370 LOG   GST_REGISTRY gstregistrychunks.c:858:_priv_gst_registry_chunks_load_plugin: read strings for name='coretracers'
0:00:00.023730970  2470 0xbf5370 LOG   GST_REGISTRY gstregistrychunks.c:859:_priv_gst_registry_chunks_load_plugin: desc.description='GStreamer core tracers'
0:00:00.023737073  2470 0xbf5370 LOG   GST_REGISTRY gstregistrychunks.c:860:_priv_gst_registry_chunks_load_plugin: filename='/home/conan/w/prod/BuildSingleReference/.conan/data/gstreamer/1.19.1/_/_/package/87c267dd1134a9a07d23e41650d01aade79b0036/lib/gstreamer-1.0/libgstcoretracers.so'
0:00:00.023742691  2470 0xbf5370 LOG   GST_REGISTRY gstregistrychunks.c:861:_priv_gst_registry_chunks_load_plugin: desc.version='1.19.1'
0:00:00.023750257  2470 0xbf5370 LOG   GST_REGISTRY gstregistrychunks.c:862:_priv_gst_registry_chunks_load_plugin: desc.license='LGPL'
0:00:00.023756714  2470 0xbf5370 LOG   GST_REGISTRY gstregistrychunks.c:863:_priv_gst_registry_chunks_load_plugin: desc.source='gstreamer'
0:00:00.023762304  2470 0xbf5370 LOG   GST_REGISTRY gstregistrychunks.c:864:_priv_gst_registry_chunks_load_plugin: desc.package='GStreamer source release'
0:00:00.023767737  2470 0xbf5370 LOG   GST_REGISTRY gstregistrychunks.c:865:_priv_gst_registry_chunks_load_plugin: desc.origin='Unknown package origin'
0:00:00.023772892  2470 0xbf5370 LOG   GST_REGISTRY gstregistrychunks.c:866:_priv_gst_registry_chunks_load_plugin: desc.datetime=2021-06-01
0:00:00.023782717  2470 0xbf5370 DEBUG   GST_REGISTRY gstregistry.c:449:gst_registry_add_plugin: Replacing existing plugin "/home/conan/w/prod/BuildSingleReference/.conan/data/gstreamer/1.19.1/_/_/package/87c267dd1134a9a07d23e41650d01aade79b0036/lib/gstreamer-1.0/libgstcoretracers.so" 0xc0eda0 with new plugin 0xc17b20 for filename "/home/conan/w/prod/BuildSingleReference/.conan/data/gstreamer/1.19.1/_/_/package/87c267dd1134a9a07d23e41650d01aade79b0036/lib/gstreamer-1.0/libgstcoretracers.so"
0:00:00.023799700  2470 0xbf5370 TRACE   GST_REFCOUNTING gstobject.c:265:gst_object_unref: 0xc0eda0 unref 1->0
0:00:00.023808046  2470 0xbf5370 TRACE   GST_REFCOUNTING gstobject.c:381:gst_object_dispose: 0xc0eda0 dispose
0:00:00.023820540  2470 0xbf5370 DEBUG   GST_PLUGIN_LOADING gstplugin.c:136:gst_plugin_finalize: finalizing plugin
0:00:00.023830469  2470 0xbf5370 TRACE   GST_REFCOUNTING gstobject.c:423:gst_object_finalize: 0xc0eda0 finalize
0:00:00.023845966  2470 0xbf5370 DEBUG   GST_REGISTRY gstregistry.c:474:gst_registry_add_plugin: adding plugin 0xc17b20 for filename "/home/conan/w/prod/BuildSingleReference/.conan/data/gstreamer/1.19.1/_/_/package/87c267dd1134a9a07d23e41650d01aade79b0036/lib/gstreamer-1.0/libgstcoretracers.so"
0:00:00.023853886  2470 0xbf5370 TRACE   GST_REFCOUNTING gstobject.c:294:gst_object_ref_sink: 0xc17b20 ref_sink 1->2
0:00:00.023861023  2470 0xbf5370 LOG   GST_REGISTRY gstregistry.c:487:gst_registry_add_plugin: emitting plugin-added for filename "/home/conan/w/prod/BuildSingleReference/.conan/data/gstreamer/1.19.1/_/_/package/87c267dd1134a9a07d23e41650d01aade79b0036/lib/gstreamer-1.0/libgstcoretracers.so"
0:00:00.023867816  2470 0xbf5370 DEBUG   GST_REGISTRY gstregistrychunks.c:887:_priv_gst_registry_chunks_load_plugin: Added plugin 'coretracers' plugin with 5 features from binary registry
0:00:00.023874250  2470 0xbf5370 DEBUG   GST_REGISTRY gstregistrychunks.c:583:gst_registry_chunks_load_feature: Plugin 'coretracers' feature 'leaks' typename : 'GstTracerFactory'
0:00:00.023882619  2470 0xbf5370 TRACE   GST_REFCOUNTING gstobject.c:208:gst_object_init: 0xc0f9c0 new
0:00:00.023894542  2470 0xbf5370 DEBUG   GST_REGISTRY gstregistrychunks.c:718:gst_registry_chunks_load_feature: Reading/casting for GstRegistryChunkPluginFeature at address 0xc10d58
0:00:00.023903650  2470 0xbf5370 DEBUG   GST_REGISTRY gstregistry.c:581:gst_registry_add_feature: replacing existing feature 0xc0fc30 (leaks)
0:00:00.023910811  2470 0xbf5370 DEBUG   GST_REGISTRY gstregistry.c:590:gst_registry_add_feature: adding feature 0xc0f9c0 (leaks)
0:00:00.023916820  2470 0xbf5370 TRACE   GST_REFCOUNTING gstobject.c:788:gst_object_unparent: unparent
0:00:00.023923971  2470 0xbf5370 TRACE   GST_REFCOUNTING gstobject.c:265:gst_object_unref: 0xc0fc30 unref 1->0
0:00:00.023930386  2470 0xbf5370 TRACE   GST_REFCOUNTING gstobject.c:381:gst_object_dispose: 0xc0fc30 dispose
0:00:00.023937411  2470 0xbf5370 DEBUG   GST_PLUGIN_LOADING gstpluginfeature.c:67:gst_plugin_feature_finalize: finalizing feature 0xc0fc30: 'leaks'
0:00:00.023943522  2470 0xbf5370 TRACE   GST_REFCOUNTING gstobject.c:423:gst_object_finalize: 0xc0fc30 finalize
0:00:00.023952892  2470 0xbf5370 DEBUG   GST_REFCOUNTING gstobject.c:709:gst_object_set_parent: set parent (ref and sink)
0:00:00.023961266  2470 0xbf5370 TRACE   GST_REFCOUNTING gstobject.c:294:gst_object_ref_sink: 0xc0f9c0 ref_sink 1->2
0:00:00.023972484  2470 0xbf5370 LOG   GST_REGISTRY gstregistry.c:608:gst_registry_add_feature: emitting feature-added for leaks
0:00:00.023979002  2470 0xbf5370 DEBUG   GST_REGISTRY gstregistrychunks.c:741:gst_registry_chunks_load_feature: Added feature leaks, plugin 0xc17b20 coretracers
0:00:00.023985393  2470 0xbf5370 DEBUG   GST_REGISTRY gstregistrychunks.c:583:gst_registry_chunks_load_feature: Plugin 'coretracers' feature 'stats' typename : 'GstTracerFactory'
0:00:00.023994405  2470 0xbf5370 TRACE   GST_REFCOUNTING gstobject.c:208:gst_object_init: 0xc0ed90 new
0:00:00.024002465  2470 0xbf5370 DEBUG   GST_REGISTRY gstregistrychunks.c:718:gst_registry_chunks_load_feature: Reading/casting for GstRegistryChunkPluginFeature at address 0xc10d78
0:00:00.024010357  2470 0xbf5370 DEBUG   GST_REGISTRY gstregistry.c:581:gst_registry_add_feature: replacing existing feature 0xc0fe30 (stats)
0:00:00.024020445  2470 0xbf5370 DEBUG   GST_REGISTRY gstregistry.c:590:gst_registry_add_feature: adding feature 0xc0ed90 (stats)
0:00:00.024027354  2470 0xbf5370 TRACE   GST_REFCOUNTING gstobject.c:788:gst_object_unparent: unparent
0:00:00.024035095  2470 0xbf5370 TRACE   GST_REFCOUNTING gstobject.c:265:gst_object_unref: 0xc0fe30 unref 1->0
0:00:00.024042022  2470 0xbf5370 TRACE   GST_REFCOUNTING gstobject.c:381:gst_object_dispose: 0xc0fe30 dispose
0:00:00.024049179  2470 0xbf5370 DEBUG   GST_PLUGIN_LOADING gstpluginfeature.c:67:gst_plugin_feature_finalize: finalizing feature 0xc0fe30: 'stats'
0:00:00.024055485  2470 0xbf5370 TRACE   GST_REFCOUNTING gstobject.c:423:gst_object_finalize: 0xc0fe30 finalize
0:00:00.024061985  2470 0xbf5370 DEBUG   GST_REFCOUNTING gstobject.c:709:gst_object_set_parent: set parent (ref and sink)
0:00:00.024068851  2470 0xbf5370 TRACE   GST_REFCOUNTING gstobject.c:294:gst_object_ref_sink: 0xc0ed90 ref_sink 1->2
0:00:00.024078231  2470 0xbf5370 LOG   GST_REGISTRY gstregistry.c:608:gst_registry_add_feature: emitting feature-added for stats
0:00:00.024086146  2470 0xbf5370 DEBUG   GST_REGISTRY gstregistrychunks.c:741:gst_registry_chunks_load_feature: Added feature stats, plugin 0xc17b20 coretracers
0:00:00.024092926  2470 0xbf5370 DEBUG   GST_REGISTRY gstregistrychunks.c:583:gst_registry_chunks_load_feature: Plugin 'coretracers' feature 'rusage' typename : 'GstTracerFactory'
0:00:00.024101103  2470 0xbf5370 TRACE   GST_REFCOUNTING gstobject.c:208:gst_object_init: 0xc0fe30 new
0:00:00.024109820  2470 0xbf5370 DEBUG   GST_REGISTRY gstregistrychunks.c:718:gst_registry_chunks_load_feature: Reading/casting for GstRegistryChunkPluginFeature at address 0xc10d98
0:00:00.024117600  2470 0xbf5370 DEBUG   GST_REGISTRY gstregistry.c:581:gst_registry_add_feature: replacing existing feature 0xc0ff80 (rusage)
0:00:00.024124429  2470 0xbf5370 DEBUG   GST_REGISTRY gstregistry.c:590:gst_registry_add_feature: adding feature 0xc0fe30 (rusage)
0:00:00.024152533  2470 0xbf5370 TRACE   GST_REFCOUNTING gstobject.c:788:gst_object_unparent: unparent
0:00:00.024161639  2470 0xbf5370 TRACE   GST_REFCOUNTING gstobject.c:265:gst_object_unref: 0xc0ff80 unref 1->0
0:00:00.024168438  2470 0xbf5370 TRACE   GST_REFCOUNTING gstobject.c:381:gst_object_dispose: 0xc0ff80 dispose
0:00:00.024175599  2470 0xbf5370 DEBUG   GST_PLUGIN_LOADING gstpluginfeature.c:67:gst_plugin_feature_finalize: finalizing feature 0xc0ff80: 'rusage'
0:00:00.024181600  2470 0xbf5370 TRACE   GST_REFCOUNTING gstobject.c:423:gst_object_finalize: 0xc0ff80 finalize
0:00:00.024188061  2470 0xbf5370 DEBUG   GST_REFCOUNTING gstobject.c:709:gst_object_set_parent: set parent (ref and sink)
0:00:00.024194840  2470 0xbf5370 TRACE   GST_REFCOUNTING gstobject.c:294:gst_object_ref_sink: 0xc0fe30 ref_sink 1->2
0:00:00.024204286  2470 0xbf5370 LOG   GST_REGISTRY gstregistry.c:608:gst_registry_add_feature: emitting feature-added for rusage
0:00:00.024212154  2470 0xbf5370 DEBUG   GST_REGISTRY gstregistrychunks.c:741:gst_registry_chunks_load_feature: Added feature rusage, plugin 0xc17b20 coretracers
0:00:00.024218893  2470 0xbf5370 DEBUG   GST_REGISTRY gstregistrychunks.c:583:gst_registry_chunks_load_feature: Plugin 'coretracers' feature 'log' typename : 'GstTracerFactory'
0:00:00.024227210  2470 0xbf5370 TRACE   GST_REFCOUNTING gstobject.c:208:gst_object_init: 0xc0ff80 new
0:00:00.024235403  2470 0xbf5370 DEBUG   GST_REGISTRY gstregistrychunks.c:718:gst_registry_chunks_load_feature: Reading/casting for GstRegistryChunkPluginFeature at address 0xc10db8
0:00:00.024243006  2470 0xbf5370 DEBUG   GST_REGISTRY gstregistry.c:581:gst_registry_add_feature: replacing existing feature 0xc100d0 (log)
0:00:00.024249754  2470 0xbf5370 DEBUG   GST_REGISTRY gstregistry.c:590:gst_registry_add_feature: adding feature 0xc0ff80 (log)
0:00:00.024255291  2470 0xbf5370 TRACE   GST_REFCOUNTING gstobject.c:788:gst_object_unparent: unparent
0:00:00.024265429  2470 0xbf5370 TRACE   GST_REFCOUNTING gstobject.c:265:gst_object_unref: 0xc100d0 unref 1->0
0:00:00.024273623  2470 0xbf5370 TRACE   GST_REFCOUNTING gstobject.c:381:gst_object_dispose: 0xc100d0 dispose
0:00:00.024280912  2470 0xbf5370 DEBUG   GST_PLUGIN_LOADING gstpluginfeature.c:67:gst_plugin_feature_finalize: finalizing feature 0xc100d0: 'log'
0:00:00.024287006  2470 0xbf5370 TRACE   GST_REFCOUNTING gstobject.c:423:gst_object_finalize: 0xc100d0 finalize
0:00:00.024293363  2470 0xbf5370 DEBUG   GST_REFCOUNTING gstobject.c:709:gst_object_set_parent: set parent (ref and sink)
0:00:00.024300108  2470 0xbf5370 TRACE   GST_REFCOUNTING gstobject.c:294:gst_object_ref_sink: 0xc0ff80 ref_sink 1->2
0:00:00.024306584  2470 0xbf5370 LOG   GST_REGISTRY gstregistry.c:608:gst_registry_add_feature: emitting feature-added for log
0:00:00.024312951  2470 0xbf5370 DEBUG   GST_REGISTRY gstregistrychunks.c:741:gst_registry_chunks_load_feature: Added feature log, plugin 0xc17b20 coretracers
0:00:00.024327353  2470 0xbf5370 DEBUG   GST_REGISTRY gstregistrychunks.c:583:gst_registry_chunks_load_feature: Plugin 'coretracers' feature 'latency' typename : 'GstTracerFactory'
0:00:00.024336799  2470 0xbf5370 TRACE   GST_REFCOUNTING gstobject.c:208:gst_object_init: 0xc100d0 new
0:00:00.024345354  2470 0xbf5370 DEBUG   GST_REGISTRY gstregistrychunks.c:718:gst_registry_chunks_load_feature: Reading/casting for GstRegistryChunkPluginFeature at address 0xc10de0
0:00:00.024352970  2470 0xbf5370 DEBUG   GST_REGISTRY gstregistry.c:581:gst_registry_add_feature: replacing existing feature 0xc102d0 (latency)
0:00:00.024359634  2470 0xbf5370 DEBUG   GST_REGISTRY gstregistry.c:590:gst_registry_add_feature: adding feature 0xc100d0 (latency)
0:00:00.024365161  2470 0xbf5370 TRACE   GST_REFCOUNTING gstobject.c:788:gst_object_unparent: unparent
0:00:00.024371990  2470 0xbf5370 TRACE   GST_REFCOUNTING gstobject.c:265:gst_object_unref: 0xc102d0 unref 1->0
0:00:00.024378246  2470 0xbf5370 TRACE   GST_REFCOUNTING gstobject.c:381:gst_object_dispose: 0xc102d0 dispose
0:00:00.024388250  2470 0xbf5370 DEBUG   GST_PLUGIN_LOADING gstpluginfeature.c:67:gst_plugin_feature_finalize: finalizing feature 0xc102d0: 'latency'
0:00:00.024395818  2470 0xbf5370 TRACE   GST_REFCOUNTING gstobject.c:423:gst_object_finalize: 0xc102d0 finalize
0:00:00.024402677  2470 0xbf5370 DEBUG   GST_REFCOUNTING gstobject.c:709:gst_object_set_parent: set parent (ref and sink)
0:00:00.024409826  2470 0xbf5370 TRACE   GST_REFCOUNTING gstobject.c:294:gst_object_ref_sink: 0xc100d0 ref_sink 1->2
0:00:00.024416455  2470 0xbf5370 LOG   GST_REGISTRY gstregistry.c:608:gst_registry_add_feature: emitting feature-added for latency
0:00:00.024422787  2470 0xbf5370 DEBUG   GST_REGISTRY gstregistrychunks.c:741:gst_registry_chunks_load_feature: Added feature latency, plugin 0xc17b20 coretracers
0:00:00.024430008  2470 0xbf5370 LOG   GST_PLUGIN_LOADING gstpluginloader.c:888:handle_rx_packet: marking plugin 0xc17b20 as registered as /home/conan/w/prod/BuildSingleReference/.conan/data/gstreamer/1.19.1/_/_/package/87c267dd1134a9a07d23e41650d01aade79b0036/lib/gstreamer-1.0/libgstcoretracers.so
0:00:00.024439274  2470 0xbf5370 DEBUG   GST_POLL gstpoll.c:1414:gst_poll_wait: 0xc0ed40: timeout :0:00:01.000000000
0:00:00.024451105  2470 0xbf5370 LOG   GST_PLUGIN_LOADING gstpluginloader.c:1027:exchange_packets: Poll res = 2. 0 bytes pending for write
0:00:00.024459375  2470 0xbf5370 DEBUG   GST_POLL gstpoll.c:1241:gst_poll_fd_has_error: 0xc0ed40: fd (fd:8, idx:2) 0
0:00:00.024465863  2470 0xbf5370 DEBUG   GST_POLL gstpoll.c:1266:gst_poll_fd_can_read_unlocked: 0xc0ed40: fd (fd:8, idx:2) 1
0:00:00.024484047  2470 0xbf5370 DEBUG   GST_PLUGIN_LOADING gstpluginloader.c:849:handle_rx_packet: Received plugin details from child w/ tag 3. 6860 bytes info
0:00:00.024490196  2470 0xbf5370 LOG   GST_REGISTRY gstregistrychunks.c:837:_priv_gst_registry_chunks_load_plugin: Reading/casting for GstRegistryChunkPluginElement at address 0xc10c10
0:00:00.024505634  2470 0xbf5370 TRACE   GST_REFCOUNTING gstobject.c:208:gst_object_init: 0xc0ee60 new
0:00:00.024518076  2470 0xbf5370 LOG   GST_REGISTRY gstregistrychunks.c:858:_priv_gst_registry_chunks_load_plugin: read strings for name='coreelements'
0:00:00.024523911  2470 0xbf5370 LOG   GST_REGISTRY gstregistrychunks.c:859:_priv_gst_registry_chunks_load_plugin: desc.description='GStreamer core elements'
0:00:00.024530148  2470 0xbf5370 LOG   GST_REGISTRY gstregistrychunks.c:860:_priv_gst_registry_chunks_load_plugin: filename='/home/conan/w/prod/BuildSingleReference/.conan/data/gstreamer/1.19.1/_/_/package/87c267dd1134a9a07d23e41650d01aade79b0036/lib/gstreamer-1.0/libgstcoreelements.so'
0:00:00.024536026  2470 0xbf5370 LOG   GST_REGISTRY gstregistrychunks.c:861:_priv_gst_registry_chunks_load_plugin: desc.version='1.19.1'
0:00:00.024541221  2470 0xbf5370 LOG   GST_REGISTRY gstregistrychunks.c:862:_priv_gst_registry_chunks_load_plugin: desc.license='LGPL'
0:00:00.024546242  2470 0xbf5370 LOG   GST_REGISTRY gstregistrychunks.c:863:_priv_gst_registry_chunks_load_plugin: desc.source='gstreamer'
0:00:00.024551314  2470 0xbf5370 LOG   GST_REGISTRY gstregistrychunks.c:864:_priv_gst_registry_chunks_load_plugin: desc.package='GStreamer source release'
0:00:00.024559076  2470 0xbf5370 LOG   GST_REGISTRY gstregistrychunks.c:865:_priv_gst_registry_chunks_load_plugin: desc.origin='Unknown package origin'
0:00:00.024565722  2470 0xbf5370 LOG   GST_REGISTRY gstregistrychunks.c:866:_priv_gst_registry_chunks_load_plugin: desc.datetime=2021-06-01
0:00:00.024575726  2470 0xbf5370 DEBUG   GST_REGISTRY gstregistry.c:449:gst_registry_add_plugin: Replacing existing plugin "/home/conan/w/prod/BuildSingleReference/.conan/data/gstreamer/1.19.1/_/_/package/87c267dd1134a9a07d23e41650d01aade79b0036/lib/gstreamer-1.0/libgstcoreelements.so" 0xc0f3c0 with new plugin 0xc0ee60 for filename "/home/conan/w/prod/BuildSingleReference/.conan/data/gstreamer/1.19.1/_/_/package/87c267dd1134a9a07d23e41650d01aade79b0036/lib/gstreamer-1.0/libgstcoreelements.so"
0:00:00.024584209  2470 0xbf5370 TRACE   GST_REFCOUNTING gstobject.c:265:gst_object_unref: 0xc0f3c0 unref 1->0
0:00:00.024591302  2470 0xbf5370 TRACE   GST_REFCOUNTING gstobject.c:381:gst_object_dispose: 0xc0f3c0 dispose
0:00:00.024599133  2470 0xbf5370 DEBUG   GST_PLUGIN_LOADING gstplugin.c:136:gst_plugin_finalize: finalizing plugin
0:00:00.024605230  2470 0xbf5370 TRACE   GST_REFCOUNTING gstobject.c:423:gst_object_finalize: 0xc0f3c0 finalize
0:00:00.024613486  2470 0xbf5370 DEBUG   GST_REGISTRY gstregistry.c:474:gst_registry_add_plugin: adding plugin 0xc0ee60 for filename "/home/conan/w/prod/BuildSingleReference/.conan/data/gstreamer/1.19.1/_/_/package/87c267dd1134a9a07d23e41650d01aade79b0036/lib/gstreamer-1.0/libgstcoreelements.so"
0:00:00.024623869  2470 0xbf5370 TRACE   GST_REFCOUNTING gstobject.c:294:gst_object_ref_sink: 0xc0ee60 ref_sink 1->2
0:00:00.024631957  2470 0xbf5370 LOG   GST_REGISTRY gstregistry.c:487:gst_registry_add_plugin: emitting plugin-added for filename "/home/conan/w/prod/BuildSingleReference/.conan/data/gstreamer/1.19.1/_/_/package/87c267dd1134a9a07d23e41650d01aade79b0036/lib/gstreamer-1.0/libgstcoreelements.so"
0:00:00.024643568  2470 0xbf5370 DEBUG   GST_REGISTRY gstregistrychunks.c:887:_priv_gst_registry_chunks_load_plugin: Added plugin 'coreelements' plugin with 22 features from binary registry
0:00:00.024650441  2470 0xbf5370 DEBUG   GST_REGISTRY gstregistrychunks.c:583:gst_registry_chunks_load_feature: Plugin 'coreelements' feature 'streamiddemux' typename : 'GstElementFactory'
0:00:00.024658586  2470 0xbf5370 TRACE   GST_REFCOUNTING gstobject.c:208:gst_object_init: 0xc17990 new
0:00:00.024666823  2470 0xbf5370 LOG   GST_REGISTRY gstregistrychunks.c:610:gst_registry_chunks_load_feature: Reading/casting for GstRegistryChunkElementFactory at address 0xc10d68
0:00:00.024673410  2470 0xbf5370 TRACE   structure gststructure.c:292:gst_structure_new_id_empty_with_size: created structure 0xc17c50
0:00:00.024679138  2470 0xbf5370 DEBUG   structure gststructure.c:2258:gst_structure_parse_field: trying field name 'long-name'
0:00:00.024687372  2470 0xbf5370 DEBUG   default gstvalue.c:2776:_priv_gst_value_parse_value: trying type name 'string'
0:00:00.024695953  2470 0xbf5370 DEBUG   structure gststructure.c:2258:gst_structure_parse_field: trying field name 'klass'
0:00:00.024701570  2470 0xbf5370 DEBUG   default gstvalue.c:2776:_priv_gst_value_parse_value: trying type name 'string'
0:00:00.024707836  2470 0xbf5370 DEBUG   structure gststructure.c:2258:gst_structure_parse_field: trying field name 'description'
0:00:00.024712802  2470 0xbf5370 DEBUG   default gstvalue.c:2776:_priv_gst_value_parse_value: trying type name 'string'
0:00:00.024719287  2470 0xbf5370 DEBUG   structure gststructure.c:2258:gst_structure_parse_field: trying field name 'author'
0:00:00.024724398  2470 0xbf5370 DEBUG   default gstvalue.c:2776:_priv_gst_value_parse_value: trying type name 'string'
0:00:00.024731244  2470 0xbf5370 DEBUG   GST_REGISTRY gstregistrychunks.c:626:gst_registry_chunks_load_feature: Element factory : npadtemplates=2
0:00:00.024739402  2470 0xbf5370 DEBUG   GST_REGISTRY gstregistrychunks.c:526:gst_registry_chunks_load_pad_template: Reading/casting for GstRegistryChunkPadTemplate at address 0xc10e40
0:00:00.024746487  2470 0xbf5370 DEBUG   GST_REGISTRY gstregistrychunks.c:539:gst_registry_chunks_load_pad_template: Added pad_template src_%u
0:00:00.024751839  2470 0xbf5370 DEBUG   GST_REGISTRY gstregistrychunks.c:526:gst_registry_chunks_load_pad_template: Reading/casting for GstRegistryChunkPadTemplate at address 0xc10e58
0:00:00.024757320  2470 0xbf5370 DEBUG   GST_REGISTRY gstregistrychunks.c:539:gst_registry_chunks_load_pad_template: Added pad_template sink
0:00:00.024765836  2470 0xbf5370 DEBUG   GST_REGISTRY gstregistry.c:581:gst_registry_add_feature: replacing existing feature 0xc0f730 (streamiddemux)
0:00:00.024772848  2470 0xbf5370 DEBUG   GST_REGISTRY gstregistry.c:590:gst_registry_add_feature: adding feature 0xc17990 (streamiddemux)
0:00:00.024783510  2470 0xbf5370 TRACE   GST_REFCOUNTING gstobject.c:788:gst_object_unparent: unparent
0:00:00.024791285  2470 0xbf5370 TRACE   GST_REFCOUNTING gstobject.c:265:gst_object_unref: 0xc0f730 unref 1->0
0:00:00.024801367  2470 0xbf5370 TRACE   GST_REFCOUNTING gstobject.c:381:gst_object_dispose: 0xc0f730 dispose
0:00:00.024810027  2470 0xbf5370 TRACE   structure gststructure.c:547:gst_structure_free: free structure 0xc10550
0:00:00.024818209  2470 0xbf5370 TRACE   GST_REFCOUNTING gstminiobject.c:736:gst_mini_object_replace: replace (nil) (0) with (nil) (0)
0:00:00.024826010  2470 0xbf5370 TRACE   GST_REFCOUNTING gstminiobject.c:736:gst_mini_object_replace: replace (nil) (0) with (nil) (0)
0:00:00.024833051  2470 0xbf5370 DEBUG   GST_PLUGIN_LOADING gstpluginfeature.c:67:gst_plugin_feature_finalize: finalizing feature 0xc0f730: 'streamiddemux'
0:00:00.024839545  2470 0xbf5370 TRACE   GST_REFCOUNTING gstobject.c:423:gst_object_finalize: 0xc0f730 finalize
0:00:00.024846310  2470 0xbf5370 DEBUG   GST_REFCOUNTING gstobject.c:709:gst_object_set_parent: set parent (ref and sink)
0:00:00.024853241  2470 0xbf5370 TRACE   GST_REFCOUNTING gstobject.c:294:gst_object_ref_sink: 0xc17990 ref_sink 1->2
0:00:00.024862609  2470 0xbf5370 LOG   GST_REGISTRY gstregistry.c:608:gst_registry_add_feature: emitting feature-added for streamiddemux
0:00:00.024870599  2470 0xbf5370 DEBUG   GST_REGISTRY gstregistrychunks.c:741:gst_registry_chunks_load_feature: Added feature streamiddemux, plugin 0xc0ee60 coreelements
0:00:00.024877314  2470 0xbf5370 DEBUG   GST_REGISTRY gstregistrychunks.c:583:gst_registry_chunks_load_feature: Plugin 'coreelements' feature 'valve' typename : 'GstElementFactory'
0:00:00.024885591  2470 0xbf5370 TRACE   GST_REFCOUNTING gstobject.c:208:gst_object_init: 0xc0f6e0 new
0:00:00.024893970  2470 0xbf5370 LOG   GST_REGISTRY gstregistrychunks.c:610:gst_registry_chunks_load_feature: Reading/casting for GstRegistryChunkElementFactory at address 0xc10e88
0:00:00.024900316  2470 0xbf5370 TRACE   structure gststructure.c:292:gst_structure_new_id_empty_with_size: created structure 0xc17d80
0:00:00.024905834  2470 0xbf5370 DEBUG   structure gststructure.c:2258:gst_structure_parse_field: trying field name 'long-name'
0:00:00.024911318  2470 0xbf5370 DEBUG   default gstvalue.c:2776:_priv_gst_value_parse_value: trying type name 'string'
0:00:00.024920863  2470 0xbf5370 DEBUG   structure gststructure.c:2258:gst_structure_parse_field: trying field name 'klass'
0:00:00.024927290  2470 0xbf5370 DEBUG   default gstvalue.c:2776:_priv_gst_value_parse_value: trying type name 'string'
0:00:00.024933735  2470 0xbf5370 DEBUG   structure gststructure.c:2258:gst_structure_parse_field: trying field name 'description'
0:00:00.024939003  2470 0xbf5370 DEBUG   default gstvalue.c:2776:_priv_gst_value_parse_value: trying type name 'string'
0:00:00.024945442  2470 0xbf5370 DEBUG   structure gststructure.c:2258:gst_structure_parse_field: trying field name 'author'
0:00:00.024954933  2470 0xbf5370 DEBUG   default gstvalue.c:2776:_priv_gst_value_parse_value: trying type name 'string'
0:00:00.024961686  2470 0xbf5370 DEBUG   GST_REGISTRY gstregistrychunks.c:626:gst_registry_chunks_load_feature: Element factory : npadtemplates=2
0:00:00.024966934  2470 0xbf5370 DEBUG   GST_REGISTRY gstregistrychunks.c:526:gst_registry_chunks_load_pad_template: Reading/casting for GstRegistryChunkPadTemplate at address 0xc10f78
0:00:00.024975258  2470 0xbf5370 DEBUG   GST_REGISTRY gstregistrychunks.c:539:gst_registry_chunks_load_pad_template: Added pad_template sink
0:00:00.024981621  2470 0xbf5370 DEBUG   GST_REGISTRY gstregistrychunks.c:526:gst_registry_chunks_load_pad_template: Reading/casting for GstRegistryChunkPadTemplate at address 0xc10f90
0:00:00.024987486  2470 0xbf5370 DEBUG   GST_REGISTRY gstregistrychunks.c:539:gst_registry_chunks_load_pad_template: Added pad_template src
0:00:00.024995694  2470 0xbf5370 DEBUG   GST_REGISTRY gstregistry.c:581:gst_registry_add_feature: replacing existing feature 0xc10990 (valve)
0:00:00.025002723  2470 0xbf5370 DEBUG   GST_REGISTRY gstregistry.c:590:gst_registry_add_feature: adding feature 0xc0f6e0 (valve)
0:00:00.025008397  2470 0xbf5370 TRACE   GST_REFCOUNTING gstobject.c:788:gst_object_unparent: unparent
0:00:00.025015396  2470 0xbf5370 TRACE   GST_REFCOUNTING gstobject.c:265:gst_object_unref: 0xc10990 unref 1->0
0:00:00.025022095  2470 0xbf5370 TRACE   GST_REFCOUNTING gstobject.c:381:gst_object_dispose: 0xc10990 dispose
0:00:00.025031914  2470 0xbf5370 TRACE   structure gststructure.c:547:gst_structure_free: free structure 0xc129c0
0:00:00.025039778  2470 0xbf5370 TRACE   GST_REFCOUNTING gstminiobject.c:736:gst_mini_object_replace: replace (nil) (0) with (nil) (0)
0:00:00.025046848  2470 0xbf5370 TRACE   GST_REFCOUNTING gstminiobject.c:736:gst_mini_object_replace: replace (nil) (0) with (nil) (0)
0:00:00.025053646  2470 0xbf5370 DEBUG   GST_PLUGIN_LOADING gstpluginfeature.c:67:gst_plugin_feature_finalize: finalizing feature 0xc10990: 'valve'
0:00:00.025059978  2470 0xbf5370 TRACE   GST_REFCOUNTING gstobject.c:423:gst_object_finalize: 0xc10990 finalize
0:00:00.025066760  2470 0xbf5370 DEBUG   GST_REFCOUNTING gstobject.c:709:gst_object_set_parent: set parent (ref and sink)
0:00:00.025073761  2470 0xbf5370 TRACE   GST_REFCOUNTING gstobject.c:294:gst_object_ref_sink: 0xc0f6e0 ref_sink 1->2
0:00:00.025080237  2470 0xbf5370 LOG   GST_REGISTRY gstregistry.c:608:gst_registry_add_feature: emitting feature-added for valve
0:00:00.025089720  2470 0xbf5370 DEBUG   GST_REGISTRY gstregistrychunks.c:741:gst_registry_chunks_load_feature: Added feature valve, plugin 0xc0ee60 coreelements
0:00:00.025097509  2470 0xbf5370 DEBUG   GST_REGISTRY gstregistrychunks.c:583:gst_registry_chunks_load_feature: Plugin 'coreelements' feature 'multiqueue' typename : 'GstElementFactory'
0:00:00.025106305  2470 0xbf5370 TRACE   GST_REFCOUNTING gstobject.c:208:gst_object_init: 0xc10990 new
0:00:00.025119708  2470 0xbf5370 LOG   GST_REGISTRY gstregistrychunks.c:610:gst_registry_chunks_load_feature: Reading/casting for GstRegistryChunkElementFactory at address 0xc10fc0
0:00:00.025126712  2470 0xbf5370 TRACE   structure gststructure.c:292:gst_structure_new_id_empty_with_size: created structure 0xc17eb0
0:00:00.025143319  2470 0xbf5370 DEBUG   structure gststructure.c:2258:gst_structure_parse_field: trying field name 'long-name'
0:00:00.025157395  2470 0xbf5370 DEBUG   default gstvalue.c:2776:_priv_gst_value_parse_value: trying type name 'string'
0:00:00.025165085  2470 0xbf5370 DEBUG   structure gststructure.c:2258:gst_structure_parse_field: trying field name 'klass'
0:00:00.025170350  2470 0xbf5370 DEBUG   default gstvalue.c:2776:_priv_gst_value_parse_value: trying type name 'string'
0:00:00.025176466  2470 0xbf5370 DEBUG   structure gststructure.c:2258:gst_structure_parse_field: trying field name 'description'
0:00:00.025181504  2470 0xbf5370 DEBUG   default gstvalue.c:2776:_priv_gst_value_parse_value: trying type name 'string'
0:00:00.025187685  2470 0xbf5370 DEBUG   structure gststructure.c:2258:gst_structure_parse_field: trying field name 'author'
0:00:00.025192694  2470 0xbf5370 DEBUG   default gstvalue.c:2776:_priv_gst_value_parse_value: trying type name 'string'
0:00:00.025199271  2470 0xbf5370 DEBUG   GST_REGISTRY gstregistrychunks.c:626:gst_registry_chunks_load_feature: Element factory : npadtemplates=2
0:00:00.025207335  2470 0xbf5370 DEBUG   GST_REGISTRY gstregistrychunks.c:526:gst_registry_chunks_load_pad_template: Reading/casting for GstRegistryChunkPadTemplate at address 0xc11080
0:00:00.025214199  2470 0xbf5370 DEBUG   GST_REGISTRY gstregistrychunks.c:539:gst_registry_chunks_load_pad_template: Added pad_template src_%u
0:00:00.025219638  2470 0xbf5370 DEBUG   GST_REGISTRY gstregistrychunks.c:526:gst_registry_chunks_load_pad_template: Reading/casting for GstRegistryChunkPadTemplate at address 0xc11098
0:00:00.025225208  2470 0xbf5370 DEBUG   GST_REGISTRY gstregistrychunks.c:539:gst_registry_chunks_load_pad_template: Added pad_template sink_%u
0:00:00.025233254  2470 0xbf5370 DEBUG   GST_REGISTRY gstregistry.c:581:gst_registry_add_feature: replacing existing feature 0xc10a80 (multiqueue)
0:00:00.025240015  2470 0xbf5370 DEBUG   GST_REGISTRY gstregistry.c:590:gst_registry_add_feature: adding feature 0xc10990 (multiqueue)
0:00:00.025245762  2470 0xbf5370 TRACE   GST_REFCOUNTING gstobject.c:788:gst_object_unparent: unparent
0:00:00.025252861  2470 0xbf5370 TRACE   GST_REFCOUNTING gstobject.c:265:gst_object_unref: 0xc10a80 unref 1->0
0:00:00.025262492  2470 0xbf5370 TRACE   GST_REFCOUNTING gstobject.c:381:gst_object_dispose: 0xc10a80 dispose
0:00:00.025270530  2470 0xbf5370 TRACE   structure gststructure.c:547:gst_structure_free: free structure 0xc12bf0
0:00:00.025277865  2470 0xbf5370 TRACE   GST_REFCOUNTING gstminiobject.c:736:gst_mini_object_replace: replace (nil) (0) with (nil) (0)
0:00:00.025289698  2470 0xbf5370 TRACE   GST_REFCOUNTING gstminiobject.c:736:gst_mini_object_replace: replace (nil) (0) with (nil) (0)
0:00:00.025296637  2470 0xbf5370 DEBUG   GST_PLUGIN_LOADING gstpluginfeature.c:67:gst_plugin_feature_finalize: finalizing feature 0xc10a80: 'multiqueue'
0:00:00.025302905  2470 0xbf5370 TRACE   GST_REFCOUNTING gstobject.c:423:gst_object_finalize: 0xc10a80 finalize
0:00:00.025309570  2470 0xbf5370 DEBUG   GST_REFCOUNTING gstobject.c:709:gst_object_set_parent: set parent (ref and sink)
0:00:00.025316472  2470 0xbf5370 TRACE   GST_REFCOUNTING gstobject.c:294:gst_object_ref_sink: 0xc10990 ref_sink 1->2
0:00:00.025325642  2470 0xbf5370 LOG   GST_REGISTRY gstregistry.c:608:gst_registry_add_feature: emitting feature-added for multiqueue
0:00:00.025333223  2470 0xbf5370 DEBUG   GST_REGISTRY gstregistrychunks.c:741:gst_registry_chunks_load_feature: Added feature multiqueue, plugin 0xc0ee60 coreelements
0:00:00.025340239  2470 0xbf5370 DEBUG   GST_REGISTRY gstregistrychunks.c:583:gst_registry_chunks_load_feature: Plugin 'coreelements' feature 'typefind' typename : 'GstElementFactory'
0:00:00.025348461  2470 0xbf5370 TRACE   GST_REFCOUNTING gstobject.c:208:gst_object_init: 0xc10a80 new
0:00:00.025356959  2470 0xbf5370 LOG   GST_REGISTRY gstregistrychunks.c:610:gst_registry_chunks_load_feature: Reading/casting for GstRegistryChunkElementFactory at address 0xc110c8
0:00:00.025363482  2470 0xbf5370 TRACE   structure gststructure.c:292:gst_structure_new_id_empty_with_size: created structure 0xc17fe0
0:00:00.025369034  2470 0xbf5370 DEBUG   structure gststructure.c:2258:gst_structure_parse_field: trying field name 'long-name'
0:00:00.025374381  2470 0xbf5370 DEBUG   default gstvalue.c:2776:_priv_gst_value_parse_value: trying type name 'string'
0:00:00.025383473  2470 0xbf5370 DEBUG   structure gststructure.c:2258:gst_structure_parse_field: trying field name 'klass'
0:00:00.025389796  2470 0xbf5370 DEBUG   default gstvalue.c:2776:_priv_gst_value_parse_value: trying type name 'string'
0:00:00.025396111  2470 0xbf5370 DEBUG   structure gststructure.c:2258:gst_structure_parse_field: trying field name 'description'
0:00:00.025401428  2470 0xbf5370 DEBUG   default gstvalue.c:2776:_priv_gst_value_parse_value: trying type name 'string'
0:00:00.025407973  2470 0xbf5370 DEBUG   structure gststructure.c:2258:gst_structure_parse_field: trying field name 'author'
0:00:00.025412879  2470 0xbf5370 DEBUG   default gstvalue.c:2776:_priv_gst_value_parse_value: trying type name 'string'
0:00:00.025419552  2470 0xbf5370 DEBUG   GST_REGISTRY gstregistrychunks.c:626:gst_registry_chunks_load_feature: Element factory : npadtemplates=2
0:00:00.025425002  2470 0xbf5370 DEBUG   GST_REGISTRY gstregistrychunks.c:526:gst_registry_chunks_load_pad_template: Reading/casting for GstRegistryChunkPadTemplate at address 0xc111a0
0:00:00.025433199  2470 0xbf5370 DEBUG   GST_REGISTRY gstregistrychunks.c:539:gst_registry_chunks_load_pad_template: Added pad_template sink
0:00:00.025444497  2470 0xbf5370 DEBUG   GST_REGISTRY gstregistrychunks.c:526:gst_registry_chunks_load_pad_template: Reading/casting for GstRegistryChunkPadTemplate at address 0xc111b8
0:00:00.025450398  2470 0xbf5370 DEBUG   GST_REGISTRY gstregistrychunks.c:539:gst_registry_chunks_load_pad_template: Added pad_template src
0:00:00.025458785  2470 0xbf5370 DEBUG   GST_REGISTRY gstregistry.c:581:gst_registry_add_feature: replacing existing feature 0xc12d20 (typefind)
0:00:00.025465650  2470 0xbf5370 DEBUG   GST_REGISTRY gstregistry.c:590:gst_registry_add_feature: adding feature 0xc10a80 (typefind)
0:00:00.025471295  2470 0xbf5370 TRACE   GST_REFCOUNTING gstobject.c:788:gst_object_unparent: unparent
0:00:00.025478428  2470 0xbf5370 TRACE   GST_REFCOUNTING gstobject.c:265:gst_object_unref: 0xc12d20 unref 1->0
0:00:00.025484671  2470 0xbf5370 TRACE   GST_REFCOUNTING gstobject.c:381:gst_object_dispose: 0xc12d20 dispose
0:00:00.025494421  2470 0xbf5370 TRACE   structure gststructure.c:547:gst_structure_free: free structure 0xc12f70
0:00:00.025502481  2470 0xbf5370 TRACE   GST_REFCOUNTING gstminiobject.c:736:gst_mini_object_replace: replace (nil) (0) with (nil) (0)
0:00:00.025509828  2470 0xbf5370 TRACE   GST_REFCOUNTING gstminiobject.c:736:gst_mini_object_replace: replace (nil) (0) with (nil) (0)
0:00:00.025516881  2470 0xbf5370 DEBUG   GST_PLUGIN_LOADING gstpluginfeature.c:67:gst_plugin_feature_finalize: finalizing feature 0xc12d20: 'typefind'
0:00:00.025523282  2470 0xbf5370 TRACE   GST_REFCOUNTING gstobject.c:423:gst_object_finalize: 0xc12d20 finalize
0:00:00.025530204  2470 0xbf5370 DEBUG   GST_REFCOUNTING gstobject.c:709:gst_object_set_parent: set parent (ref and sink)
0:00:00.025537136  2470 0xbf5370 TRACE   GST_REFCOUNTING gstobject.c:294:gst_object_ref_sink: 0xc10a80 ref_sink 1->2
0:00:00.025543612  2470 0xbf5370 LOG   GST_REGISTRY gstregistry.c:608:gst_registry_add_feature: emitting feature-added for typefind
0:00:00.025552986  2470 0xbf5370 DEBUG   GST_REGISTRY gstregistrychunks.c:741:gst_registry_chunks_load_feature: Added feature typefind, plugin 0xc0ee60 coreelements
0:00:00.025560365  2470 0xbf5370 DEBUG   GST_REGISTRY gstregistrychunks.c:583:gst_registry_chunks_load_feature: Plugin 'coreelements' feature 'tee' typename : 'GstElementFactory'
0:00:00.025569058  2470 0xbf5370 TRACE   GST_REFCOUNTING gstobject.c:208:gst_object_init: 0xc12ce0 new
0:00:00.025577518  2470 0xbf5370 LOG   GST_REGISTRY gstregistrychunks.c:610:gst_registry_chunks_load_feature: Reading/casting for GstRegistryChunkElementFactory at address 0xc111e0
0:00:00.025584291  2470 0xbf5370 TRACE   structure gststructure.c:292:gst_structure_new_id_empty_with_size: created structure 0xc18110
0:00:00.025589941  2470 0xbf5370 DEBUG   structure gststructure.c:2258:gst_structure_parse_field: trying field name 'long-name'
0:00:00.025601055  2470 0xbf5370 DEBUG   default gstvalue.c:2776:_priv_gst_value_parse_value: trying type name 'string'
0:00:00.025607774  2470 0xbf5370 DEBUG   structure gststructure.c:2258:gst_structure_parse_field: trying field name 'klass'
0:00:00.025615712  2470 0xbf5370 DEBUG   default gstvalue.c:2776:_priv_gst_value_parse_value: trying type name 'string'
