0:00:00.007712688  2470 0xbf5370 LOG   GST_REGISTRY gstregistry.c:1300:gst_registry_scan_path_level: file /home/conan/w/prod/BuildSingleReference/.conan/data/gstreamer/1.19.1/_/_/package/87c267dd1134a9a07d23e41650d01aade79b0036/lib/gstreamer-1.0/libgstcoretracers.so looks like a possible module
0:00:00.007724467  2470 0xbf5370 DEBUG   GST_REGISTRY gstregistry.c:1361:gst_registry_scan_path_level: file /home/conan/w/prod/BuildSingleReference/.conan/data/gstreamer/1.19.1/_/_/package/87c267dd1134a9a07d23e41650d01aade79b0036/lib/gstreamer-1.0/libgstcoretracers.so not yet in registry
0:00:00.002815334  2471 0xdaa320 TRACE   GST_REFCOUNTING gstobject.c:208:gst_object_init: 0xdc4300 new
0:00:00.007738427  2470 0xbf5370 DEBUG   GST_REGISTRY gstregistry.c:1172:gst_registry_scan_plugin_file: Using scan-helper to load plugin /home/conan/w/prod/BuildSingleReference/.conan/data/gstreamer/1.19.1/_/_/package/87c267dd1134a9a07d23e41650d01aade79b0036/lib/gstreamer-1.0/libgstcoretracers.so
0:00:00.002831258  2471 0xdaa320 DEBUG   GST_TRACER gsttracer.c:169:gst_tracer_register: new tracer factory for latency
0:00:00.007748680  2470 0xbf5370 LOG   GST_PLUGIN_LOADING gstpluginloader.c:236:plugin_loader_load: Sending file /home/conan/w/prod/BuildSingleReference/.conan/data/gstreamer/1.19.1/_/_/package/87c267dd1134a9a07d23e41650d01aade79b0036/lib/gstreamer-1.0/libgstcoretracers.so to child. tag 2
0:00:00.002841623  2471 0xdaa320 DEBUG   GST_TRACER gsttracer.c:177:gst_tracer_register: tracer factory for 14423936:GstLatencyTracer
0:00:00.007761455  2470 0xbf5370 DEBUG   GST_POLL gstpoll.c:980:gst_poll_fd_ctl_write: 0xc0ed40: fd (fd:7, idx:1), active : 1
0:00:00.002851318  2471 0xdaa320 DEBUG   GST_REGISTRY gstregistry.c:590:gst_registry_add_feature: adding feature 0xdc4300 (latency)
0:00:00.007771049  2470 0xbf5370 LOG   GST_POLL gstpoll.c:994:gst_poll_fd_ctl_write: 0xc0ed40: pfd->events now 60 (POLLOUT:4)
0:00:00.002858691  2471 0xdaa320 DEBUG   GST_REFCOUNTING gstobject.c:709:gst_object_set_parent: set parent (ref and sink)
0:00:00.007780559  2470 0xbf5370 DEBUG   GST_POLL gstpoll.c:1414:gst_poll_wait: 0xc0ed40: timeout :0:00:01.000000000
0:00:00.002868624  2471 0xdaa320 TRACE   GST_REFCOUNTING gstobject.c:294:gst_object_ref_sink: 0xdc4300 ref_sink 1->2
0:00:00.007791315  2470 0xbf5370 LOG   GST_PLUGIN_LOADING gstpluginloader.c:1027:exchange_packets: Poll res = 1. 173 bytes pending for write
0:00:00.002879885  2471 0xdaa320 LOG   GST_REGISTRY gstregistry.c:608:gst_registry_add_feature: emitting feature-added for latency
0:00:00.007800667  2470 0xbf5370 DEBUG   GST_POLL gstpoll.c:1241:gst_poll_fd_has_error: 0xc0ed40: fd (fd:8, idx:2) 0
0:00:00.007808684  2470 0xbf5370 DEBUG   GST_POLL gstpoll.c:1266:gst_poll_fd_can_read_unlocked: 0xc0ed40: fd (fd:8, idx:2) 0
0:00:00.007815603  2470 0xbf5370 DEBUG   GST_POLL gstpoll.c:1195:gst_poll_fd_has_closed: 0xc0ed40: fd (fd:8, idx:2) 0
0:00:00.002902089  2471 0xdaa320 TRACE   GST_REFCOUNTING gstobject.c:208:gst_object_init: 0xdc4660 new
0:00:00.007825240  2470 0xbf5370 DEBUG   GST_POLL gstpoll.c:1241:gst_poll_fd_has_error: 0xc0ed40: fd (fd:7, idx:1) 0
0:00:00.002914883  2471 0xdaa320 DEBUG   GST_TRACER gsttracer.c:169:gst_tracer_register: new tracer factory for log
0:00:00.007833696  2470 0xbf5370 DEBUG   GST_POLL gstpoll.c:1335:gst_poll_fd_can_write: 0xc0ed40: fd (fd:7, idx:1) 1
0:00:00.002924154  2471 0xdaa320 DEBUG   GST_TRACER gsttracer.c:177:gst_tracer_register: tracer factory for 14435376:GstLogTracer
0:00:00.007841360  2470 0xbf5370 LOG   GST_PLUGIN_LOADING gstpluginloader.c:689:write_one: Writing packet of size 173 bytes to fd 7
0:00:00.002939745  2471 0xdaa320 DEBUG   GST_REGISTRY gstregistry.c:590:gst_registry_add_feature: adding feature 0xdc4660 (log)
0:00:00.007856831  2470 0xbf5370 DEBUG   GST_POLL gstpoll.c:980:gst_poll_fd_ctl_write: 0xc0ed40: fd (fd:7, idx:1), active : 0
0:00:00.002946373  2471 0xdaa320 DEBUG   GST_REFCOUNTING gstobject.c:709:gst_object_set_parent: set parent (ref and sink)
0:00:00.007864497  2470 0xbf5370 LOG   GST_POLL gstpoll.c:994:gst_poll_fd_ctl_write: 0xc0ed40: pfd->events now 56 (POLLOUT:4)
0:00:00.002954443  2471 0xdaa320 TRACE   GST_REFCOUNTING gstobject.c:294:gst_object_ref_sink: 0xdc4660 ref_sink 1->2
0:00:00.002964584  2471 0xdaa320 LOG   GST_REGISTRY gstregistry.c:608:gst_registry_add_feature: emitting feature-added for log
0:00:00.007881196  2470 0xbf5370 LOG   GST_REGISTRY gstregistry.c:1300:gst_registry_scan_path_level: file /home/conan/w/prod/BuildSingleReference/.conan/data/gstreamer/1.19.1/_/_/package/87c267dd1134a9a07d23e41650d01aade79b0036/lib/gstreamer-1.0/libgstcoreelements.so looks like a possible module
0:00:00.002979903  2471 0xdaa320 TRACE   GST_REFCOUNTING gstobject.c:208:gst_object_init: 0xdc48f0 new
0:00:00.007893426  2470 0xbf5370 DEBUG   GST_REGISTRY gstregistry.c:1361:gst_registry_scan_path_level: file /home/conan/w/prod/BuildSingleReference/.conan/data/gstreamer/1.19.1/_/_/package/87c267dd1134a9a07d23e41650d01aade79b0036/lib/gstreamer-1.0/libgstcoreelements.so not yet in registry
0:00:00.002990518  2471 0xdaa320 DEBUG   GST_TRACER gsttracer.c:169:gst_tracer_register: new tracer factory for rusage
0:00:00.007905070  2470 0xbf5370 DEBUG   GST_REGISTRY gstregistry.c:1172:gst_registry_scan_plugin_file: Using scan-helper to load plugin /home/conan/w/prod/BuildSingleReference/.conan/data/gstreamer/1.19.1/_/_/package/87c267dd1134a9a07d23e41650d01aade79b0036/lib/gstreamer-1.0/libgstcoreelements.so
0:00:00.002999773  2471 0xdaa320 DEBUG   GST_TRACER gsttracer.c:177:gst_tracer_register: tracer factory for 14436464:GstRUsageTracer
0:00:00.007915718  2470 0xbf5370 LOG   GST_PLUGIN_LOADING gstpluginloader.c:236:plugin_loader_load: Sending file /home/conan/w/prod/BuildSingleReference/.conan/data/gstreamer/1.19.1/_/_/package/87c267dd1134a9a07d23e41650d01aade79b0036/lib/gstreamer-1.0/libgstcoreelements.so to child. tag 3
0:00:00.003008022  2471 0xdaa320 DEBUG   GST_REGISTRY gstregistry.c:590:gst_registry_add_feature: adding feature 0xdc48f0 (rusage)
0:00:00.007925522  2470 0xbf5370 DEBUG   GST_POLL gstpoll.c:980:gst_poll_fd_ctl_write: 0xc0ed40: fd (fd:7, idx:1), active : 1
0:00:00.003014406  2471 0xdaa320 DEBUG   GST_REFCOUNTING gstobject.c:709:gst_object_set_parent: set parent (ref and sink)
0:00:00.007933624  2470 0xbf5370 LOG   GST_POLL gstpoll.c:994:gst_poll_fd_ctl_write: 0xc0ed40: pfd->events now 60 (POLLOUT:4)
0:00:00.003021909  2471 0xdaa320 TRACE   GST_REFCOUNTING gstobject.c:294:gst_object_ref_sink: 0xdc48f0 ref_sink 1->2
0:00:00.007942779  2470 0xbf5370 DEBUG   GST_POLL gstpoll.c:1414:gst_poll_wait: 0xc0ed40: timeout :0:00:01.000000000
0:00:00.003036993  2471 0xdaa320 LOG   GST_REGISTRY gstregistry.c:608:gst_registry_add_feature: emitting feature-added for rusage
0:00:00.007954525  2470 0xbf5370 LOG   GST_PLUGIN_LOADING gstpluginloader.c:1027:exchange_packets: Poll res = 1. 174 bytes pending for write
0:00:00.007965488  2470 0xbf5370 DEBUG   GST_POLL gstpoll.c:1241:gst_poll_fd_has_error: 0xc0ed40: fd (fd:8, idx:2) 0
0:00:00.003053113  2471 0xdaa320 TRACE   GST_REFCOUNTING gstobject.c:208:gst_object_init: 0xdc4c10 new
0:00:00.007973434  2470 0xbf5370 DEBUG   GST_POLL gstpoll.c:1266:gst_poll_fd_can_read_unlocked: 0xc0ed40: fd (fd:8, idx:2) 0
0:00:00.003063753  2471 0xdaa320 DEBUG   GST_TRACER gsttracer.c:169:gst_tracer_register: new tracer factory for stats
0:00:00.007981289  2470 0xbf5370 DEBUG   GST_POLL gstpoll.c:1195:gst_poll_fd_has_closed: 0xc0ed40: fd (fd:8, idx:2) 0
0:00:00.003072723  2471 0xdaa320 DEBUG   GST_TRACER gsttracer.c:177:gst_tracer_register: tracer factory for 14437008:GstStatsTracer
0:00:00.007988831  2470 0xbf5370 DEBUG   GST_POLL gstpoll.c:1241:gst_poll_fd_has_error: 0xc0ed40: fd (fd:7, idx:1) 0
0:00:00.003081102  2471 0xdaa320 DEBUG   GST_REGISTRY gstregistry.c:590:gst_registry_add_feature: adding feature 0xdc4c10 (stats)
0:00:00.007996433  2470 0xbf5370 DEBUG   GST_POLL gstpoll.c:1335:gst_poll_fd_can_write: 0xc0ed40: fd (fd:7, idx:1) 1
0:00:00.003087601  2471 0xdaa320 DEBUG   GST_REFCOUNTING gstobject.c:709:gst_object_set_parent: set parent (ref and sink)
0:00:00.008004396  2470 0xbf5370 LOG   GST_PLUGIN_LOADING gstpluginloader.c:689:write_one: Writing packet of size 174 bytes to fd 7
0:00:00.003095825  2471 0xdaa320 TRACE   GST_REFCOUNTING gstobject.c:294:gst_object_ref_sink: 0xdc4c10 ref_sink 1->2
0:00:00.008014336  2470 0xbf5370 DEBUG   GST_POLL gstpoll.c:980:gst_poll_fd_ctl_write: 0xc0ed40: fd (fd:7, idx:1), active : 0
0:00:00.003105326  2471 0xdaa320 LOG   GST_REGISTRY gstregistry.c:608:gst_registry_add_feature: emitting feature-added for stats
0:00:00.008024336  2470 0xbf5370 LOG   GST_POLL gstpoll.c:994:gst_poll_fd_ctl_write: 0xc0ed40: pfd->events now 56 (POLLOUT:4)
0:00:00.003124138  2471 0xdaa320 TRACE   GST_REFCOUNTING gstobject.c:208:gst_object_init: 0xdc4f10 new
0:00:00.008039351  2470 0xbf5370 DEBUG   GST_REGISTRY gstregistry.c:1384:gst_registry_scan_path_internal: registry changed in path /home/conan/w/prod/BuildSingleReference/.conan/data/gstreamer/1.19.1/_/_/package/87c267dd1134a9a07d23e41650d01aade79b0036/lib/gstreamer-1.0: 0
0:00:00.003134492  2471 0xdaa320 DEBUG   GST_TRACER gsttracer.c:169:gst_tracer_register: new tracer factory for leaks
0:00:00.008056044  2470 0xbf5370 DEBUG   GST_POLL gstpoll.c:980:gst_poll_fd_ctl_write: 0xc0ed40: fd (fd:7, idx:1), active : 1
0:00:00.003143039  2471 0xdaa320 DEBUG   GST_TRACER gsttracer.c:177:gst_tracer_register: tracer factory for 14436784:GstLeaksTracer
0:00:00.008064376  2470 0xbf5370 LOG   GST_POLL gstpoll.c:994:gst_poll_fd_ctl_write: 0xc0ed40: pfd->events now 60 (POLLOUT:4)
0:00:00.003158645  2471 0xdaa320 DEBUG   GST_REGISTRY gstregistry.c:590:gst_registry_add_feature: adding feature 0xdc4f10 (leaks)
0:00:00.008077477  2470 0xbf5370 DEBUG   GST_POLL gstpoll.c:1414:gst_poll_wait: 0xc0ed40: timeout :0:00:01.000000000
0:00:00.003165307  2471 0xdaa320 DEBUG   GST_REFCOUNTING gstobject.c:709:gst_object_set_parent: set parent (ref and sink)
0:00:00.008114154  2470 0xbf5370 LOG   GST_PLUGIN_LOADING gstpluginloader.c:1027:exchange_packets: Poll res = 1. 12 bytes pending for write
0:00:00.003203146  2471 0xdaa320 TRACE   GST_REFCOUNTING gstobject.c:294:gst_object_ref_sink: 0xdc4f10 ref_sink 1->2
0:00:00.008123327  2470 0xbf5370 DEBUG   GST_POLL gstpoll.c:1241:gst_poll_fd_has_error: 0xc0ed40: fd (fd:8, idx:2) 0
0:00:00.003214901  2471 0xdaa320 LOG   GST_REGISTRY gstregistry.c:608:gst_registry_add_feature: emitting feature-added for leaks
0:00:00.008160841  2470 0xbf5370 DEBUG   GST_POLL gstpoll.c:1266:gst_poll_fd_can_read_unlocked: 0xc0ed40: fd (fd:8, idx:2) 0
0:00:00.008174757  2470 0xbf5370 DEBUG   GST_POLL gstpoll.c:1195:gst_poll_fd_has_closed: 0xc0ed40: fd (fd:8, idx:2) 0
0:00:00.008187439  2470 0xbf5370 DEBUG   GST_POLL gstpoll.c:1241:gst_poll_fd_has_error: 0xc0ed40: fd (fd:7, idx:1) 0
0:00:00.008195369  2470 0xbf5370 DEBUG   GST_POLL gstpoll.c:1335:gst_poll_fd_can_write: 0xc0ed40: fd (fd:7, idx:1) 1
0:00:00.003256319  2471 0xdaa320 LOG   GST_PLUGIN_LOADING gstplugin.c:541:gst_plugin_register_func: plugin "/home/conan/w/prod/BuildSingleReference/.conan/data/gstreamer/1.19.1/_/_/package/87c267dd1134a9a07d23e41650d01aade79b0036/lib/gstreamer-1.0/libgstcoretracers.so" initialised
0:00:00.008202020  2470 0xbf5370 LOG   GST_PLUGIN_LOADING gstpluginloader.c:689:write_one: Writing packet of size 12 bytes to fd 7
0:00:00.003293193  2471 0xdaa320 INFO   GST_PLUGIN_LOADING gstplugin.c:915:_priv_gst_plugin_load_file_for_registry: plugin "/home/conan/w/prod/BuildSingleReference/.conan/data/gstreamer/1.19.1/_/_/package/87c267dd1134a9a07d23e41650d01aade79b0036/lib/gstreamer-1.0/libgstcoretracers.so" loaded
0:00:00.008212211  2470 0xbf5370 DEBUG   GST_POLL gstpoll.c:980:gst_poll_fd_ctl_write: 0xc0ed40: fd (fd:7, idx:1), active : 0
0:00:00.003305140  2471 0xdaa320 TRACE   GST_REFCOUNTING gstobject.c:238:gst_object_ref: 0xdc3f50 ref 1->2
0:00:00.008219924  2470 0xbf5370 LOG   GST_POLL gstpoll.c:994:gst_poll_fd_ctl_write: 0xc0ed40: pfd->events now 56 (POLLOUT:4)
0:00:00.003315929  2471 0xdaa320 DEBUG   GST_REGISTRY gstregistry.c:474:gst_registry_add_plugin: adding plugin 0xdc3f50 for filename "/home/conan/w/prod/BuildSingleReference/.conan/data/gstreamer/1.19.1/_/_/package/87c267dd1134a9a07d23e41650d01aade79b0036/lib/gstreamer-1.0/libgstcoretracers.so"
0:00:00.008230794  2470 0xbf5370 DEBUG   GST_POLL gstpoll.c:1414:gst_poll_wait: 0xc0ed40: timeout :0:00:01.000000000
0:00:00.003325556  2471 0xdaa320 TRACE   GST_REFCOUNTING gstobject.c:294:gst_object_ref_sink: 0xdc3f50 ref_sink 2->3
0:00:00.003336430  2471 0xdaa320 LOG   GST_REGISTRY gstregistry.c:487:gst_registry_add_plugin: emitting plugin-added for filename "/home/conan/w/prod/BuildSingleReference/.conan/data/gstreamer/1.19.1/_/_/package/87c267dd1134a9a07d23e41650d01aade79b0036/lib/gstreamer-1.0/libgstcoretracers.so"
0:00:00.003344985  2471 0xdaa320 TRACE   GST_REFCOUNTING gstobject.c:238:gst_object_ref: 0xdc4f10 ref 1->2
0:00:00.003352028  2471 0xdaa320 TRACE   GST_REFCOUNTING gstobject.c:238:gst_object_ref: 0xdc4c10 ref 1->2
0:00:00.003359080  2471 0xdaa320 TRACE   GST_REFCOUNTING gstobject.c:238:gst_object_ref: 0xdc48f0 ref 1->2
0:00:00.003365798  2471 0xdaa320 TRACE   GST_REFCOUNTING gstobject.c:238:gst_object_ref: 0xdc4660 ref 1->2
0:00:00.003375935  2471 0xdaa320 TRACE   GST_REFCOUNTING gstobject.c:238:gst_object_ref: 0xdc4300 ref 1->2
0:00:00.003396725  2471 0xdaa320 TRACE   GST_REFCOUNTING gstobject.c:265:gst_object_unref: 0xdc4300 unref 2->1
0:00:00.003405633  2471 0xdaa320 TRACE   GST_REFCOUNTING gstobject.c:265:gst_object_unref: 0xdc4660 unref 2->1
0:00:00.003412507  2471 0xdaa320 TRACE   GST_REFCOUNTING gstobject.c:265:gst_object_unref: 0xdc48f0 unref 2->1
0:00:00.003419118  2471 0xdaa320 TRACE   GST_REFCOUNTING gstobject.c:265:gst_object_unref: 0xdc4c10 unref 2->1
0:00:00.003425625  2471 0xdaa320 TRACE   GST_REFCOUNTING gstobject.c:265:gst_object_unref: 0xdc4f10 unref 2->1
0:00:00.003435632  2471 0xdaa320 DEBUG   GST_REGISTRY gstregistrychunks.c:498:_priv_gst_registry_chunks_save_plugin: Found 5 features in plugin 0xdc3f50 (coretracers)
0:00:00.003446345  2471 0xdaa320 DEBUG   GST_POLL gstpoll.c:980:gst_poll_fd_ctl_write: 0xdb2a00: fd (fd:0, idx:1), active : 1
0:00:00.003454029  2471 0xdaa320 LOG   GST_POLL gstpoll.c:994:gst_poll_fd_ctl_write: 0xdb2a00: pfd->events now 60 (POLLOUT:4)
0:00:00.003461213  2471 0xdaa320 DEBUG   GST_POLL gstpoll.c:980:gst_poll_fd_ctl_write: 0xdb2a00: fd (fd:0, idx:1), active : 1
0:00:00.003467382  2471 0xdaa320 LOG   GST_POLL gstpoll.c:994:gst_poll_fd_ctl_write: 0xdb2a00: pfd->events now 60 (POLLOUT:4)
0:00:00.003474554  2471 0xdaa320 DEBUG   GST_POLL gstpoll.c:980:gst_poll_fd_ctl_write: 0xdb2a00: fd (fd:0, idx:1), active : 1
0:00:00.003480318  2471 0xdaa320 LOG   GST_POLL gstpoll.c:994:gst_poll_fd_ctl_write: 0xdb2a00: pfd->events now 60 (POLLOUT:4)
0:00:00.003486426  2471 0xdaa320 DEBUG   GST_POLL gstpoll.c:980:gst_poll_fd_ctl_write: 0xdb2a00: fd (fd:0, idx:1), active : 1
0:00:00.003492100  2471 0xdaa320 LOG   GST_POLL gstpoll.c:994:gst_poll_fd_ctl_write: 0xdb2a00: pfd->events now 60 (POLLOUT:4)
0:00:00.003501390  2471 0xdaa320 DEBUG   GST_POLL gstpoll.c:980:gst_poll_fd_ctl_write: 0xdb2a00: fd (fd:0, idx:1), active : 1
0:00:00.003508265  2471 0xdaa320 LOG   GST_POLL gstpoll.c:994:gst_poll_fd_ctl_write: 0xdb2a00: pfd->events now 60 (POLLOUT:4)
0:00:00.003520896  2471 0xdaa320 DEBUG   GST_POLL gstpoll.c:980:gst_poll_fd_ctl_write: 0xdb2a00: fd (fd:0, idx:1), active : 1
0:00:00.003526973  2471 0xdaa320 LOG   GST_POLL gstpoll.c:994:gst_poll_fd_ctl_write: 0xdb2a00: pfd->events now 60 (POLLOUT:4)
0:00:00.003532968  2471 0xdaa320 DEBUG   GST_POLL gstpoll.c:980:gst_poll_fd_ctl_write: 0xdb2a00: fd (fd:0, idx:1), active : 1
0:00:00.003538609  2471 0xdaa320 LOG   GST_POLL gstpoll.c:994:gst_poll_fd_ctl_write: 0xdb2a00: pfd->events now 60 (POLLOUT:4)
0:00:00.003544505  2471 0xdaa320 DEBUG   GST_POLL gstpoll.c:980:gst_poll_fd_ctl_write: 0xdb2a00: fd (fd:0, idx:1), active : 1
0:00:00.003550171  2471 0xdaa320 LOG   GST_POLL gstpoll.c:994:gst_poll_fd_ctl_write: 0xdb2a00: pfd->events now 60 (POLLOUT:4)
0:00:00.003559208  2471 0xdaa320 DEBUG   GST_POLL gstpoll.c:980:gst_poll_fd_ctl_write: 0xdb2a00: fd (fd:0, idx:1), active : 1
0:00:00.003565951  2471 0xdaa320 LOG   GST_POLL gstpoll.c:994:gst_poll_fd_ctl_write: 0xdb2a00: pfd->events now 60 (POLLOUT:4)
0:00:00.003572533  2471 0xdaa320 DEBUG   GST_POLL gstpoll.c:980:gst_poll_fd_ctl_write: 0xdb2a00: fd (fd:0, idx:1), active : 1
0:00:00.003578518  2471 0xdaa320 LOG   GST_POLL gstpoll.c:994:gst_poll_fd_ctl_write: 0xdb2a00: pfd->events now 60 (POLLOUT:4)
0:00:00.003584590  2471 0xdaa320 DEBUG   GST_POLL gstpoll.c:980:gst_poll_fd_ctl_write: 0xdb2a00: fd (fd:0, idx:1), active : 1
0:00:00.003590231  2471 0xdaa320 LOG   GST_POLL gstpoll.c:994:gst_poll_fd_ctl_write: 0xdb2a00: pfd->events now 60 (POLLOUT:4)
0:00:00.003596173  2471 0xdaa320 DEBUG   GST_POLL gstpoll.c:980:gst_poll_fd_ctl_write: 0xdb2a00: fd (fd:0, idx:1), active : 1
0:00:00.003601680  2471 0xdaa320 LOG   GST_POLL gstpoll.c:994:gst_poll_fd_ctl_write: 0xdb2a00: pfd->events now 60 (POLLOUT:4)
0:00:00.003610711  2471 0xdaa320 DEBUG   GST_POLL gstpoll.c:980:gst_poll_fd_ctl_write: 0xdb2a00: fd (fd:0, idx:1), active : 1
0:00:00.003617265  2471 0xdaa320 LOG   GST_POLL gstpoll.c:994:gst_poll_fd_ctl_write: 0xdb2a00: pfd->events now 60 (POLLOUT:4)
0:00:00.003623509  2471 0xdaa320 DEBUG   GST_POLL gstpoll.c:980:gst_poll_fd_ctl_write: 0xdb2a00: fd (fd:0, idx:1), active : 1
0:00:00.003628990  2471 0xdaa320 LOG   GST_POLL gstpoll.c:994:gst_poll_fd_ctl_write: 0xdb2a00: pfd->events now 60 (POLLOUT:4)
0:00:00.003634872  2471 0xdaa320 DEBUG   GST_POLL gstpoll.c:980:gst_poll_fd_ctl_write: 0xdb2a00: fd (fd:0, idx:1), active : 1
0:00:00.003640284  2471 0xdaa320 LOG   GST_POLL gstpoll.c:994:gst_poll_fd_ctl_write: 0xdb2a00: pfd->events now 60 (POLLOUT:4)
0:00:00.003646227  2471 0xdaa320 DEBUG   GST_POLL gstpoll.c:980:gst_poll_fd_ctl_write: 0xdb2a00: fd (fd:0, idx:1), active : 1
0:00:00.003651798  2471 0xdaa320 LOG   GST_POLL gstpoll.c:994:gst_poll_fd_ctl_write: 0xdb2a00: pfd->events now 60 (POLLOUT:4)
0:00:00.003660848  2471 0xdaa320 DEBUG   GST_POLL gstpoll.c:980:gst_poll_fd_ctl_write: 0xdb2a00: fd (fd:0, idx:1), active : 1
0:00:00.003672194  2471 0xdaa320 LOG   GST_POLL gstpoll.c:994:gst_poll_fd_ctl_write: 0xdb2a00: pfd->events now 60 (POLLOUT:4)
0:00:00.003678754  2471 0xdaa320 DEBUG   GST_POLL gstpoll.c:980:gst_poll_fd_ctl_write: 0xdb2a00: fd (fd:0, idx:1), active : 1
0:00:00.003684415  2471 0xdaa320 LOG   GST_POLL gstpoll.c:994:gst_poll_fd_ctl_write: 0xdb2a00: pfd->events now 60 (POLLOUT:4)
0:00:00.003690483  2471 0xdaa320 DEBUG   GST_POLL gstpoll.c:980:gst_poll_fd_ctl_write: 0xdb2a00: fd (fd:0, idx:1), active : 1
0:00:00.003695982  2471 0xdaa320 LOG   GST_POLL gstpoll.c:994:gst_poll_fd_ctl_write: 0xdb2a00: pfd->events now 60 (POLLOUT:4)
0:00:00.003701959  2471 0xdaa320 DEBUG   GST_POLL gstpoll.c:980:gst_poll_fd_ctl_write: 0xdb2a00: fd (fd:0, idx:1), active : 1
0:00:00.003707391  2471 0xdaa320 LOG   GST_POLL gstpoll.c:994:gst_poll_fd_ctl_write: 0xdb2a00: pfd->events now 60 (POLLOUT:4)
0:00:00.003716393  2471 0xdaa320 DEBUG   GST_POLL gstpoll.c:980:gst_poll_fd_ctl_write: 0xdb2a00: fd (fd:0, idx:1), active : 1
0:00:00.003722918  2471 0xdaa320 LOG   GST_POLL gstpoll.c:994:gst_poll_fd_ctl_write: 0xdb2a00: pfd->events now 60 (POLLOUT:4)
0:00:00.003729274  2471 0xdaa320 DEBUG   GST_POLL gstpoll.c:980:gst_poll_fd_ctl_write: 0xdb2a00: fd (fd:0, idx:1), active : 1
0:00:00.003734813  2471 0xdaa320 LOG   GST_POLL gstpoll.c:994:gst_poll_fd_ctl_write: 0xdb2a00: pfd->events now 60 (POLLOUT:4)
0:00:00.003740718  2471 0xdaa320 DEBUG   GST_POLL gstpoll.c:980:gst_poll_fd_ctl_write: 0xdb2a00: fd (fd:0, idx:1), active : 1
0:00:00.003746062  2471 0xdaa320 LOG   GST_POLL gstpoll.c:994:gst_poll_fd_ctl_write: 0xdb2a00: pfd->events now 60 (POLLOUT:4)
0:00:00.003751943  2471 0xdaa320 DEBUG   GST_POLL gstpoll.c:980:gst_poll_fd_ctl_write: 0xdb2a00: fd (fd:0, idx:1), active : 1
0:00:00.003757336  2471 0xdaa320 LOG   GST_POLL gstpoll.c:994:gst_poll_fd_ctl_write: 0xdb2a00: pfd->events now 60 (POLLOUT:4)
0:00:00.003766402  2471 0xdaa320 DEBUG   GST_POLL gstpoll.c:980:gst_poll_fd_ctl_write: 0xdb2a00: fd (fd:0, idx:1), active : 1
0:00:00.003772943  2471 0xdaa320 LOG   GST_POLL gstpoll.c:994:gst_poll_fd_ctl_write: 0xdb2a00: pfd->events now 60 (POLLOUT:4)
0:00:00.003779219  2471 0xdaa320 DEBUG   GST_POLL gstpoll.c:980:gst_poll_fd_ctl_write: 0xdb2a00: fd (fd:0, idx:1), active : 1
0:00:00.003784799  2471 0xdaa320 LOG   GST_POLL gstpoll.c:994:gst_poll_fd_ctl_write: 0xdb2a00: pfd->events now 60 (POLLOUT:4)
0:00:00.003790583  2471 0xdaa320 DEBUG   GST_POLL gstpoll.c:980:gst_poll_fd_ctl_write: 0xdb2a00: fd (fd:0, idx:1), active : 1
0:00:00.003796051  2471 0xdaa320 LOG   GST_POLL gstpoll.c:994:gst_poll_fd_ctl_write: 0xdb2a00: pfd->events now 60 (POLLOUT:4)
0:00:00.003803116  2471 0xdaa320 TRACE   GST_REFCOUNTING gstobject.c:265:gst_object_unref: 0xdc3f50 unref 2->1
0:00:00.003810613  2471 0xdaa320 DEBUG   GST_POLL gstpoll.c:1241:gst_poll_fd_has_error: 0xdb2a00: fd (fd:0, idx:1) 0
0:00:00.003824865  2471 0xdaa320 DEBUG   GST_POLL gstpoll.c:1335:gst_poll_fd_can_write: 0xdb2a00: fd (fd:0, idx:1) 0
0:00:00.003831875  2471 0xdaa320 DEBUG   GST_POLL gstpoll.c:1195:gst_poll_fd_has_closed: 0xdb2a00: fd (fd:0, idx:1) 0
0:00:00.003841441  2471 0xdaa320 DEBUG   GST_POLL gstpoll.c:1414:gst_poll_wait: 0xdb2a00: timeout :0:00:01.000000000
0:00:00.003852393  2471 0xdaa320 LOG   GST_PLUGIN_LOADING gstpluginloader.c:1027:exchange_packets: Poll res = 2. 488 bytes pending for write
0:00:00.003859521  2471 0xdaa320 DEBUG   GST_POLL gstpoll.c:1241:gst_poll_fd_has_error: 0xdb2a00: fd (fd:5, idx:2) 0
0:00:00.003865699  2471 0xdaa320 DEBUG   GST_POLL gstpoll.c:1266:gst_poll_fd_can_read_unlocked: 0xdb2a00: fd (fd:5, idx:2) 1
0:00:00.003877559  2471 0xdaa320 DEBUG   GST_PLUGIN_LOADING gstpluginloader.c:721:do_plugin_load: Plugin scanner loading file /home/conan/w/prod/BuildSingleReference/.conan/data/gstreamer/1.19.1/_/_/package/87c267dd1134a9a07d23e41650d01aade79b0036/lib/gstreamer-1.0/libgstcoreelements.so. tag 1
0:00:00.003887489  2471 0xdaa320 DEBUG   GST_PLUGIN_LOADING gstplugin.c:768:_priv_gst_plugin_load_file_for_registry: attempt to load plugin "/home/conan/w/prod/BuildSingleReference/.conan/data/gstreamer/1.19.1/_/_/package/87c267dd1134a9a07d23e41650d01aade79b0036/lib/gstreamer-1.0/libgstcoreelements.so"
0:00:00.004355017  2471 0xdaa320 TRACE   GST_REFCOUNTING gstobject.c:208:gst_object_init: 0xdc6210 new
0:00:00.004382184  2471 0xdaa320 LOG   GST_PLUGIN_LOADING gstplugin.c:890:_priv_gst_plugin_load_file_for_registry: Plugin 0xdc6210 for file "/home/conan/w/prod/BuildSingleReference/.conan/data/gstreamer/1.19.1/_/_/package/87c267dd1134a9a07d23e41650d01aade79b0036/lib/gstreamer-1.0/libgstcoreelements.so" prepared, calling entry function...
0:00:00.004394216  2471 0xdaa320 LOG   GST_PLUGIN_LOADING gstplugin.c:897:_priv_gst_plugin_load_file_for_registry: Plugin 0xdc6210 for file "/home/conan/w/prod/BuildSingleReference/.conan/data/gstreamer/1.19.1/_/_/package/87c267dd1134a9a07d23e41650d01aade79b0036/lib/gstreamer-1.0/libgstcoreelements.so" prepared, registering...
0:00:00.004403949  2471 0xdaa320 LOG   GST_PLUGIN_LOADING gstplugin.c:514:gst_plugin_register_func: plugin "/home/conan/w/prod/BuildSingleReference/.conan/data/gstreamer/1.19.1/_/_/package/87c267dd1134a9a07d23e41650d01aade79b0036/lib/gstreamer-1.0/libgstcoreelements.so" looks good
0:00:00.004437193  2471 0xdaa320 TRACE   GST_REFCOUNTING gstobject.c:208:gst_object_init: 0xdc6660 new
0:00:00.004449359  2471 0xdaa320 LOG   GST_ELEMENT_FACTORY gstelementfactory.c:238:gst_element_register: Created new elementfactory for type GstCapsFilter
0:00:00.004461277  2471 0xdaa320 TRACE   structure gststructure.c:292:gst_structure_new_id_empty_with_size: created structure 0xdc6d10
0:00:00.004469208  2471 0xdaa320 TRACE   GST_PERFORMANCE gststructure.c:512:gst_structure_copy: doing copy 0xdb0b40 -> 0xdc6d10
0:00:00.004477229  2471 0xdaa320 DEBUG   GST_ELEMENT_PADS gstelement.c:312:gst_element_base_class_init: type GstBaseTransform : factory (nil)
0:00:00.004485729  2471 0xdaa320 DEBUG   basetransform gstbasetransform.c:333:gst_base_transform_class_init: gst_base_transform_class_init
0:00:00.004510809  2471 0xdaa320 TRACE   structure gststructure.c:292:gst_structure_new_id_empty_with_size: created structure 0xdc7180
0:00:00.004517218  2471 0xdaa320 TRACE   GST_PERFORMANCE gststructure.c:512:gst_structure_copy: doing copy 0xdc6d10 -> 0xdc7180
0:00:00.004523732  2471 0xdaa320 DEBUG   GST_ELEMENT_PADS gstelement.c:312:gst_element_base_class_init: type GstCapsFilter : factory 0xdc6660
0:00:00.004548147  2471 0xdaa320 TRACE   GST_CAPS gstcaps.c:263:gst_caps_new_empty: created caps 0xdb9aa0
0:00:00.004556719  2471 0xdaa320 TRACE   GST_CAPS gstcaps.c:440:gst_static_caps_get: created 0x7febeb431488 from string ANY
0:00:00.004564007  2471 0xdaa320 TRACE   GST_REFCOUNTING gstminiobject.c:479:gst_mini_object_ref: 0xdb9aa0 ref 1->2
0:00:00.004593255  2471 0xdaa320 TRACE   GST_REFCOUNTING gstobject.c:208:gst_object_init: 0xdc7b10 new
0:00:00.004606350  2471 0xdaa320 TRACE   GST_REFCOUNTING gstminiobject.c:479:gst_mini_object_ref: 0xdb9aa0 ref 2->3
0:00:00.004619085  2471 0xdaa320 TRACE   GST_REFCOUNTING gstminiobject.c:661:gst_mini_object_unref: 0xdb9aa0 unref 3->2
0:00:00.004627316  2471 0xdaa320 TRACE   GST_REFCOUNTING gstobject.c:294:gst_object_ref_sink: 0xdc7b10 ref_sink 1->2
0:00:00.004636993  2471 0xdaa320 TRACE   GST_CAPS gstcaps.c:263:gst_caps_new_empty: created caps 0xdc7550
0:00:00.004644869  2471 0xdaa320 TRACE   GST_CAPS gstcaps.c:440:gst_static_caps_get: created 0x7febeb4314c8 from string ANY
0:00:00.004651883  2471 0xdaa320 TRACE   GST_REFCOUNTING gstminiobject.c:479:gst_mini_object_ref: 0xdc7550 ref 1->2
0:00:00.004661841  2471 0xdaa320 TRACE   GST_REFCOUNTING gstobject.c:208:gst_object_init: 0xdc7d50 new
0:00:00.004674738  2471 0xdaa320 TRACE   GST_REFCOUNTING gstminiobject.c:479:gst_mini_object_ref: 0xdc7550 ref 2->3
0:00:00.004683527  2471 0xdaa320 TRACE   GST_REFCOUNTING gstminiobject.c:661:gst_mini_object_unref: 0xdc7550 unref 3->2
0:00:00.004691183  2471 0xdaa320 TRACE   GST_REFCOUNTING gstobject.c:294:gst_object_ref_sink: 0xdc7d50 ref_sink 1->2
0:00:00.004705904  2471 0xdaa320 TRACE   structure gststructure.c:292:gst_structure_new_id_empty_with_size: created structure 0xdc7fb0
0:00:00.004715325  2471 0xdaa320 TRACE   GST_PERFORMANCE gststructure.c:512:gst_structure_copy: doing copy 0xdc7180 -> 0xdc7fb0
0:00:00.004727218  2471 0xdaa320 DEBUG   GST_REGISTRY gstregistry.c:590:gst_registry_add_feature: adding feature 0xdc6660 (capsfilter)
0:00:00.004735640  2471 0xdaa320 DEBUG   GST_REFCOUNTING gstobject.c:709:gst_object_set_parent: set parent (ref and sink)
0:00:00.004743130  2471 0xdaa320 TRACE   GST_REFCOUNTING gstobject.c:294:gst_object_ref_sink: 0xdc6660 ref_sink 1->2
0:00:00.004750213  2471 0xdaa320 LOG   GST_REGISTRY gstregistry.c:608:gst_registry_add_feature: emitting feature-added for capsfilter
0:00:00.004763781  2471 0xdaa320 TRACE   GST_REFCOUNTING gstobject.c:208:gst_object_init: 0xdc8350 new
0:00:00.004783709  2471 0xdaa320 LOG   GST_ELEMENT_FACTORY gstelementfactory.c:238:gst_element_register: Created new elementfactory for type GstClockSync
0:00:00.004792847  2471 0xdaa320 TRACE   structure gststructure.c:292:gst_structure_new_id_empty_with_size: created structure 0xdc8780
0:00:00.004799514  2471 0xdaa320 TRACE   GST_PERFORMANCE gststructure.c:512:gst_structure_copy: doing copy 0xdb0b40 -> 0xdc8780
0:00:00.004806490  2471 0xdaa320 DEBUG   GST_ELEMENT_PADS gstelement.c:312:gst_element_base_class_init: type GstClockSync : factory 0xdc8350
0:00:00.004824662  2471 0xdaa320 TRACE   GST_CAPS gstcaps.c:263:gst_caps_new_empty: created caps 0xdc89c0
0:00:00.004831156  2471 0xdaa320 TRACE   GST_CAPS gstcaps.c:440:gst_static_caps_get: created 0x7febeb431508 from string ANY
0:00:00.004837184  2471 0xdaa320 TRACE   GST_REFCOUNTING gstminiobject.c:479:gst_mini_object_ref: 0xdc89c0 ref 1->2
0:00:00.004846442  2471 0xdaa320 TRACE   GST_REFCOUNTING gstobject.c:208:gst_object_init: 0xdc8bd0 new
0:00:00.004858764  2471 0xdaa320 TRACE   GST_REFCOUNTING gstminiobject.c:479:gst_mini_object_ref: 0xdc89c0 ref 2->3
0:00:00.004869055  2471 0xdaa320 TRACE   GST_REFCOUNTING gstminiobject.c:661:gst_mini_object_unref: 0xdc89c0 unref 3->2
0:00:00.004877450  2471 0xdaa320 TRACE   GST_REFCOUNTING gstobject.c:294:gst_object_ref_sink: 0xdc8bd0 ref_sink 1->2
0:00:00.004884349  2471 0xdaa320 TRACE   GST_CAPS gstcaps.c:263:gst_caps_new_empty: created caps 0xdc8240
0:00:00.004890718  2471 0xdaa320 TRACE   GST_CAPS gstcaps.c:440:gst_static_caps_get: created 0x7febeb431548 from string ANY
0:00:00.004896748  2471 0xdaa320 TRACE   GST_REFCOUNTING gstminiobject.c:479:gst_mini_object_ref: 0xdc8240 ref 1->2
0:00:00.004906046  2471 0xdaa320 TRACE   GST_REFCOUNTING gstobject.c:208:gst_object_init: 0xdc8ce0 new
0:00:00.004914372  2471 0xdaa320 TRACE   GST_REFCOUNTING gstminiobject.c:479:gst_mini_object_ref: 0xdc8240 ref 2->3
0:00:00.004926584  2471 0xdaa320 TRACE   GST_REFCOUNTING gstminiobject.c:661:gst_mini_object_unref: 0xdc8240 unref 3->2
0:00:00.004935270  2471 0xdaa320 TRACE   GST_REFCOUNTING gstobject.c:294:gst_object_ref_sink: 0xdc8ce0 ref_sink 1->2
0:00:00.004943777  2471 0xdaa320 TRACE   structure gststructure.c:292:gst_structure_new_id_empty_with_size: created structure 0xdc8d80
0:00:00.004954638  2471 0xdaa320 TRACE   GST_PERFORMANCE gststructure.c:512:gst_structure_copy: doing copy 0xdc8780 -> 0xdc8d80
0:00:00.004964561  2471 0xdaa320 DEBUG   GST_REGISTRY gstregistry.c:590:gst_registry_add_feature: adding feature 0xdc8350 (clocksync)
0:00:00.004970605  2471 0xdaa320 DEBUG   GST_REFCOUNTING gstobject.c:709:gst_object_set_parent: set parent (ref and sink)
0:00:00.004977691  2471 0xdaa320 TRACE   GST_REFCOUNTING gstobject.c:294:gst_object_ref_sink: 0xdc8350 ref_sink 1->2
0:00:00.004992605  2471 0xdaa320 LOG   GST_REGISTRY gstregistry.c:608:gst_registry_add_feature: emitting feature-added for clocksync
0:00:00.005007991  2471 0xdaa320 TRACE   GST_REFCOUNTING gstobject.c:208:gst_object_init: 0xdc9250 new
0:00:00.005018724  2471 0xdaa320 LOG   GST_ELEMENT_FACTORY gstelementfactory.c:238:gst_element_register: Created new elementfactory for type GstConcat
0:00:00.005026627  2471 0xdaa320 TRACE   structure gststructure.c:292:gst_structure_new_id_empty_with_size: created structure 0xdc9630
0:00:00.005032730  2471 0xdaa320 TRACE   GST_PERFORMANCE gststructure.c:512:gst_structure_copy: doing copy 0xdb0b40 -> 0xdc9630
0:00:00.005039443  2471 0xdaa320 DEBUG   GST_ELEMENT_PADS gstelement.c:312:gst_element_base_class_init: type GstConcat : factory 0xdc9250
0:00:00.005054379  2471 0xdaa320 TRACE   GST_CAPS gstcaps.c:263:gst_caps_new_empty: created caps 0xdc9760
0:00:00.005063783  2471 0xdaa320 TRACE   GST_CAPS gstcaps.c:440:gst_static_caps_get: created 0x7febeb431588 from string ANY
0:00:00.005071450  2471 0xdaa320 TRACE   GST_REFCOUNTING gstminiobject.c:479:gst_mini_object_ref: 0xdc9760 ref 1->2
0:00:00.005081213  2471 0xdaa320 TRACE   GST_REFCOUNTING gstobject.c:208:gst_object_init: 0xdc98b0 new
0:00:00.005090392  2471 0xdaa320 TRACE   GST_REFCOUNTING gstminiobject.c:479:gst_mini_object_ref: 0xdc9760 ref 2->3
0:00:00.005099013  2471 0xdaa320 TRACE   GST_REFCOUNTING gstminiobject.c:661:gst_mini_object_unref: 0xdc9760 unref 3->2
0:00:00.005106096  2471 0xdaa320 TRACE   GST_REFCOUNTING gstobject.c:294:gst_object_ref_sink: 0xdc98b0 ref_sink 1->2
0:00:00.005112645  2471 0xdaa320 TRACE   GST_CAPS gstcaps.c:263:gst_caps_new_empty: created caps 0xdc9860
0:00:00.005118641  2471 0xdaa320 TRACE   GST_CAPS gstcaps.c:440:gst_static_caps_get: created 0x7febeb4315c8 from string ANY
0:00:00.005128009  2471 0xdaa320 TRACE   GST_REFCOUNTING gstminiobject.c:479:gst_mini_object_ref: 0xdc9860 ref 1->2
0:00:00.005139014  2471 0xdaa320 TRACE   GST_REFCOUNTING gstobject.c:208:gst_object_init: 0xdc9950 new
0:00:00.005148521  2471 0xdaa320 TRACE   GST_REFCOUNTING gstminiobject.c:479:gst_mini_object_ref: 0xdc9860 ref 2->3
0:00:00.005156850  2471 0xdaa320 TRACE   GST_REFCOUNTING gstminiobject.c:661:gst_mini_object_unref: 0xdc9860 unref 3->2
0:00:00.005163830  2471 0xdaa320 TRACE   GST_REFCOUNTING gstobject.c:294:gst_object_ref_sink: 0xdc9950 ref_sink 1->2
0:00:00.005172947  2471 0xdaa320 TRACE   structure gststructure.c:292:gst_structure_new_id_empty_with_size: created structure 0xdc9a90
0:00:00.005180029  2471 0xdaa320 TRACE   GST_PERFORMANCE gststructure.c:512:gst_structure_copy: doing copy 0xdc9630 -> 0xdc9a90
0:00:00.005189595  2471 0xdaa320 DEBUG   GST_REGISTRY gstregistry.c:590:gst_registry_add_feature: adding feature 0xdc9250 (concat)
0:00:00.005203366  2471 0xdaa320 DEBUG   GST_REFCOUNTING gstobject.c:709:gst_object_set_parent: set parent (ref and sink)
0:00:00.005282983  2471 0xdaa320 TRACE   GST_REFCOUNTING gstobject.c:294:gst_object_ref_sink: 0xdc9250 ref_sink 1->2
0:00:00.005295330  2471 0xdaa320 LOG   GST_REGISTRY gstregistry.c:608:gst_registry_add_feature: emitting feature-added for concat
0:00:00.005321947  2471 0xdaa320 TRACE   GST_REFCOUNTING gstobject.c:208:gst_object_init: 0xdca050 new
0:00:00.005335669  2471 0xdaa320 LOG   GST_ELEMENT_FACTORY gstelementfactory.c:238:gst_element_register: Created new elementfactory for type GstDataURISrc
0:00:00.005344154  2471 0xdaa320 TRACE   structure gststructure.c:292:gst_structure_new_id_empty_with_size: created structure 0xdca5f0
0:00:00.005350303  2471 0xdaa320 TRACE   GST_PERFORMANCE gststructure.c:512:gst_structure_copy: doing copy 0xdb0b40 -> 0xdca5f0
0:00:00.005357042  2471 0xdaa320 DEBUG   GST_ELEMENT_PADS gstelement.c:312:gst_element_base_class_init: type GstBaseSrc : factory (nil)
0:00:00.005393770  2471 0xdaa320 TRACE   structure gststructure.c:292:gst_structure_new_id_empty_with_size: created structure 0xdc3290
0:00:00.005403277  2471 0xdaa320 TRACE   GST_PERFORMANCE gststructure.c:512:gst_structure_copy: doing copy 0xdca5f0 -> 0xdc3290
0:00:00.005411489  2471 0xdaa320 DEBUG   GST_ELEMENT_PADS gstelement.c:312:gst_element_base_class_init: type GstDataURISrc : factory 0xdca050
0:00:00.005422716  2471 0xdaa320 TRACE   GST_CAPS gstcaps.c:263:gst_caps_new_empty: created caps 0xdcb480
0:00:00.005429594  2471 0xdaa320 TRACE   GST_CAPS gstcaps.c:440:gst_static_caps_get: created 0x7febeb431610 from string ANY
0:00:00.005436161  2471 0xdaa320 TRACE   GST_REFCOUNTING gstminiobject.c:479:gst_mini_object_ref: 0xdcb480 ref 1->2
0:00:00.005445663  2471 0xdaa320 TRACE   GST_REFCOUNTING gstobject.c:208:gst_object_init: 0xdcb4d0 new
0:00:00.005454925  2471 0xdaa320 TRACE   GST_REFCOUNTING gstminiobject.c:479:gst_mini_object_ref: 0xdcb480 ref 2->3
0:00:00.005463974  2471 0xdaa320 TRACE   GST_REFCOUNTING gstminiobject.c:661:gst_mini_object_unref: 0xdcb480 unref 3->2
0:00:00.005474829  2471 0xdaa320 TRACE   GST_REFCOUNTING gstobject.c:294:gst_object_ref_sink: 0xdcb4d0 ref_sink 1->2
0:00:00.005492069  2471 0xdaa320 TRACE   structure gststructure.c:292:gst_structure_new_id_empty_with_size: created structure 0xdcb680
0:00:00.005499593  2471 0xdaa320 TRACE   GST_PERFORMANCE gststructure.c:512:gst_structure_copy: doing copy 0xdc3290 -> 0xdcb680
0:00:00.005512250  2471 0xdaa320 DEBUG   GST_REGISTRY gstregistry.c:590:gst_registry_add_feature: adding feature 0xdca050 (dataurisrc)
0:00:00.005518640  2471 0xdaa320 DEBUG   GST_REFCOUNTING gstobject.c:709:gst_object_set_parent: set parent (ref and sink)
0:00:00.005525736  2471 0xdaa320 TRACE   GST_REFCOUNTING gstobject.c:294:gst_object_ref_sink: 0xdca050 ref_sink 1->2
0:00:00.005538029  2471 0xdaa320 LOG   GST_REGISTRY gstregistry.c:608:gst_registry_add_feature: emitting feature-added for dataurisrc
0:00:00.005553494  2471 0xdaa320 TRACE   GST_REFCOUNTING gstobject.c:208:gst_object_init: 0xdcbb00 new
0:00:00.005566695  2471 0xdaa320 LOG   GST_ELEMENT_FACTORY gstelementfactory.c:238:gst_element_register: Created new elementfactory for type GstDownloadBuffer
0:00:00.005578615  2471 0xdaa320 TRACE   structure gststructure.c:292:gst_structure_new_id_empty_with_size: created structure 0xdcc030
0:00:00.005585001  2471 0xdaa320 TRACE   GST_PERFORMANCE gststructure.c:512:gst_structure_copy: doing copy 0xdb0b40 -> 0xdcc030
0:00:00.005591861  2471 0xdaa320 DEBUG   GST_ELEMENT_PADS gstelement.c:312:gst_element_base_class_init: type GstDownloadBuffer : factory 0xdcbb00
0:00:00.005614528  2471 0xdaa320 TRACE   GST_CAPS gstcaps.c:263:gst_caps_new_empty: created caps 0xdcbdf0
0:00:00.005620954  2471 0xdaa320 TRACE   GST_CAPS gstcaps.c:440:gst_static_caps_get: created 0x7febeb431660 from string ANY
0:00:00.005630349  2471 0xdaa320 TRACE   GST_REFCOUNTING gstminiobject.c:479:gst_mini_object_ref: 0xdcbdf0 ref 1->2
0:00:00.005641494  2471 0xdaa320 TRACE   GST_REFCOUNTING gstobject.c:208:gst_object_init: 0xdcbc70 new
0:00:00.005650674  2471 0xdaa320 TRACE   GST_REFCOUNTING gstminiobject.c:479:gst_mini_object_ref: 0xdcbdf0 ref 2->3
0:00:00.005659464  2471 0xdaa320 TRACE   GST_REFCOUNTING gstminiobject.c:661:gst_mini_object_unref: 0xdcbdf0 unref 3->2
0:00:00.005666730  2471 0xdaa320 TRACE   GST_REFCOUNTING gstobject.c:294:gst_object_ref_sink: 0xdcbc70 ref_sink 1->2
0:00:00.005673431  2471 0xdaa320 TRACE   GST_CAPS gstcaps.c:263:gst_caps_new_empty: created caps 0xdcc590
0:00:00.005679729  2471 0xdaa320 TRACE   GST_CAPS gstcaps.c:440:gst_static_caps_get: created 0x7febeb4316a0 from string ANY
0:00:00.005685909  2471 0xdaa320 TRACE   GST_REFCOUNTING gstminiobject.c:479:gst_mini_object_ref: 0xdcc590 ref 1->2
0:00:00.005698263  2471 0xdaa320 TRACE   GST_REFCOUNTING gstobject.c:208:gst_object_init: 0xdcc4c0 new
0:00:00.005708161  2471 0xdaa320 TRACE   GST_REFCOUNTING gstminiobject.c:479:gst_mini_object_ref: 0xdcc590 ref 2->3
0:00:00.005717171  2471 0xdaa320 TRACE   GST_REFCOUNTING gstminiobject.c:661:gst_mini_object_unref: 0xdcc590 unref 3->2
0:00:00.005724843  2471 0xdaa320 TRACE   GST_REFCOUNTING gstobject.c:294:gst_object_ref_sink: 0xdcc4c0 ref_sink 1->2
0:00:00.005735295  2471 0xdaa320 TRACE   structure gststructure.c:292:gst_structure_new_id_empty_with_size: created structure 0xdcc750
0:00:00.005742577  2471 0xdaa320 TRACE   GST_PERFORMANCE gststructure.c:512:gst_structure_copy: doing copy 0xdcc030 -> 0xdcc750
0:00:00.005752201  2471 0xdaa320 DEBUG   GST_REGISTRY gstregistry.c:590:gst_registry_add_feature: adding feature 0xdcbb00 (downloadbuffer)
0:00:00.005763699  2471 0xdaa320 DEBUG   GST_REFCOUNTING gstobject.c:709:gst_object_set_parent: set parent (ref and sink)
0:00:00.005774172  2471 0xdaa320 TRACE   GST_REFCOUNTING gstobject.c:294:gst_object_ref_sink: 0xdcbb00 ref_sink 1->2
0:00:00.005782471  2471 0xdaa320 LOG   GST_REGISTRY gstregistry.c:608:gst_registry_add_feature: emitting feature-added for downloadbuffer
0:00:00.005796792  2471 0xdaa320 TRACE   GST_REFCOUNTING gstobject.c:208:gst_object_init: 0xdccb40 new
0:00:00.005807348  2471 0xdaa320 LOG   GST_ELEMENT_FACTORY gstelementfactory.c:238:gst_element_register: Created new elementfactory for type GstFakeSrc
0:00:00.005818310  2471 0xdaa320 TRACE   structure gststructure.c:292:gst_structure_new_id_empty_with_size: created structure 0xdcd1e0
0:00:00.005824269  2471 0xdaa320 TRACE   GST_PERFORMANCE gststructure.c:512:gst_structure_copy: doing copy 0xdca5f0 -> 0xdcd1e0
0:00:00.005834029  2471 0xdaa320 DEBUG   GST_ELEMENT_PADS gstelement.c:312:gst_element_base_class_init: type GstFakeSrc : factory 0xdccb40
0:00:00.005897740  2471 0xdaa320 TRACE   GST_CAPS gstcaps.c:263:gst_caps_new_empty: created caps 0xdcdf50
0:00:00.005905309  2471 0xdaa320 TRACE   GST_CAPS gstcaps.c:440:gst_static_caps_get: created 0x7febeb431720 from string ANY
0:00:00.005911531  2471 0xdaa320 TRACE   GST_REFCOUNTING gstminiobject.c:479:gst_mini_object_ref: 0xdcdf50 ref 1->2
0:00:00.005920689  2471 0xdaa320 TRACE   GST_REFCOUNTING gstobject.c:208:gst_object_init: 0xdce0d0 new
0:00:00.005929891  2471 0xdaa320 TRACE   GST_REFCOUNTING gstminiobject.c:479:gst_mini_object_ref: 0xdcdf50 ref 2->3
0:00:00.005938489  2471 0xdaa320 TRACE   GST_REFCOUNTING gstminiobject.c:661:gst_mini_object_unref: 0xdcdf50 unref 3->2
0:00:00.005948682  2471 0xdaa320 TRACE   GST_REFCOUNTING gstobject.c:294:gst_object_ref_sink: 0xdce0d0 ref_sink 1->2
0:00:00.005960729  2471 0xdaa320 TRACE   structure gststructure.c:292:gst_structure_new_id_empty_with_size: created structure 0xdce330
0:00:00.005968147  2471 0xdaa320 TRACE   GST_PERFORMANCE gststructure.c:512:gst_structure_copy: doing copy 0xdcd1e0 -> 0xdce330
0:00:00.005977655  2471 0xdaa320 DEBUG   GST_REGISTRY gstregistry.c:590:gst_registry_add_feature: adding feature 0xdccb40 (fakesrc)
0:00:00.005983807  2471 0xdaa320 DEBUG   GST_REFCOUNTING gstobject.c:709:gst_object_set_parent: set parent (ref and sink)
0:00:00.005990938  2471 0xdaa320 TRACE   GST_REFCOUNTING gstobject.c:294:gst_object_ref_sink: 0xdccb40 ref_sink 1->2
0:00:00.005997553  2471 0xdaa320 LOG   GST_REGISTRY gstregistry.c:608:gst_registry_add_feature: emitting feature-added for fakesrc
0:00:00.006020680  2471 0xdaa320 TRACE   GST_REFCOUNTING gstobject.c:208:gst_object_init: 0xdce690 new
0:00:00.006032993  2471 0xdaa320 LOG   GST_ELEMENT_FACTORY gstelementfactory.c:238:gst_element_register: Created new elementfactory for type GstFakeSink
0:00:00.006046063  2471 0xdaa320 TRACE   structure gststructure.c:292:gst_structure_new_id_empty_with_size: created structure 0xdced20
0:00:00.006052587  2471 0xdaa320 TRACE   GST_PERFORMANCE gststructure.c:512:gst_structure_copy: doing copy 0xdb0b40 -> 0xdced20
0:00:00.006062726  2471 0xdaa320 DEBUG   GST_ELEMENT_PADS gstelement.c:312:gst_element_base_class_init: type GstBaseSink : factory (nil)
0:00:00.006110420  2471 0xdaa320 TRACE   structure gststructure.c:292:gst_structure_new_id_empty_with_size: created structure 0xdcf9d0
0:00:00.006117690  2471 0xdaa320 TRACE   GST_PERFORMANCE gststructure.c:512:gst_structure_copy: doing copy 0xdced20 -> 0xdcf9d0
0:00:00.006124769  2471 0xdaa320 DEBUG   GST_ELEMENT_PADS gstelement.c:312:gst_element_base_class_init: type GstFakeSink : factory 0xdce690
0:00:00.006165266  2471 0xdaa320 TRACE   GST_CAPS gstcaps.c:263:gst_caps_new_empty: created caps 0xdd02a0
0:00:00.006172173  2471 0xdaa320 TRACE   GST_CAPS gstcaps.c:440:gst_static_caps_get: created 0x7febeb4316e0 from string ANY
0:00:00.006178307  2471 0xdaa320 TRACE   GST_REFCOUNTING gstminiobject.c:479:gst_mini_object_ref: 0xdd02a0 ref 1->2
0:00:00.006187562  2471 0xdaa320 TRACE   GST_REFCOUNTING gstobject.c:208:gst_object_init: 0xdd0590 new
0:00:00.006199288  2471 0xdaa320 TRACE   GST_REFCOUNTING gstminiobject.c:479:gst_mini_object_ref: 0xdd02a0 ref 2->3
0:00:00.006209311  2471 0xdaa320 TRACE   GST_REFCOUNTING gstminiobject.c:661:gst_mini_object_unref: 0xdd02a0 unref 3->2
0:00:00.006234389  2471 0xdaa320 TRACE   GST_REFCOUNTING gstobject.c:294:gst_object_ref_sink: 0xdd0590 ref_sink 1->2
0:00:00.006250721  2471 0xdaa320 TRACE   structure gststructure.c:292:gst_structure_new_id_empty_with_size: created structure 0xdd0720
0:00:00.006268124  2471 0xdaa320 TRACE   GST_PERFORMANCE gststructure.c:512:gst_structure_copy: doing copy 0xdcf9d0 -> 0xdd0720
0:00:00.006285863  2471 0xdaa320 DEBUG   GST_REGISTRY gstregistry.c:590:gst_registry_add_feature: adding feature 0xdce690 (fakesink)
0:00:00.006295475  2471 0xdaa320 DEBUG   GST_REFCOUNTING gstobject.c:709:gst_object_set_parent: set parent (ref and sink)
0:00:00.006304164  2471 0xdaa320 TRACE   GST_REFCOUNTING gstobject.c:294:gst_object_ref_sink: 0xdce690 ref_sink 1->2
0:00:00.006312407  2471 0xdaa320 LOG   GST_REGISTRY gstregistry.c:608:gst_registry_add_feature: emitting feature-added for fakesink
0:00:00.006344706  2471 0xdaa320 TRACE   GST_REFCOUNTING gstobject.c:208:gst_object_init: 0xdd0cc0 new
0:00:00.006361533  2471 0xdaa320 LOG   GST_ELEMENT_FACTORY gstelementfactory.c:238:gst_element_register: Created new elementfactory for type GstFdSrc
0:00:00.006374250  2471 0xdaa320 TRACE   structure gststructure.c:292:gst_structure_new_id_empty_with_size: created structure 0xdd1280
0:00:00.006380222  2471 0xdaa320 TRACE   GST_PERFORMANCE gststructure.c:512:gst_structure_copy: doing copy 0xdca5f0 -> 0xdd1280
0:00:00.006392836  2471 0xdaa320 DEBUG   GST_ELEMENT_PADS gstelement.c:312:gst_element_base_class_init: type GstPushSrc : factory (nil)
0:00:00.006400919  2471 0xdaa320 TRACE   structure gststructure.c:292:gst_structure_new_id_empty_with_size: created structure 0xdd1720
0:00:00.006406576  2471 0xdaa320 TRACE   GST_PERFORMANCE gststructure.c:512:gst_structure_copy: doing copy 0xdd1280 -> 0xdd1720
0:00:00.006412704  2471 0xdaa320 DEBUG   GST_ELEMENT_PADS gstelement.c:312:gst_element_base_class_init: type GstFdSrc : factory 0xdd0cc0
0:00:00.006430430  2471 0xdaa320 TRACE   GST_CAPS gstcaps.c:263:gst_caps_new_empty: created caps 0xdd0e50
0:00:00.006438155  2471 0xdaa320 TRACE   GST_CAPS gstcaps.c:440:gst_static_caps_get: created 0x7febeb4317b0 from string ANY
0:00:00.006444741  2471 0xdaa320 TRACE   GST_REFCOUNTING gstminiobject.c:479:gst_mini_object_ref: 0xdd0e50 ref 1->2
0:00:00.006454349  2471 0xdaa320 TRACE   GST_REFCOUNTING gstobject.c:208:gst_object_init: 0xdd1a40 new
0:00:00.006463757  2471 0xdaa320 TRACE   GST_REFCOUNTING gstminiobject.c:479:gst_mini_object_ref: 0xdd0e50 ref 2->3
0:00:00.006472272  2471 0xdaa320 TRACE   GST_REFCOUNTING gstminiobject.c:661:gst_mini_object_unref: 0xdd0e50 unref 3->2
0:00:00.006479347  2471 0xdaa320 TRACE   GST_REFCOUNTING gstobject.c:294:gst_object_ref_sink: 0xdd1a40 ref_sink 1->2
0:00:00.006507779  2471 0xdaa320 TRACE   structure gststructure.c:292:gst_structure_new_id_empty_with_size: created structure 0xdcaa30
0:00:00.006517681  2471 0xdaa320 TRACE   GST_PERFORMANCE gststructure.c:512:gst_structure_copy: doing copy 0xdd1720 -> 0xdcaa30
0:00:00.006534833  2471 0xdaa320 DEBUG   GST_REGISTRY gstregistry.c:590:gst_registry_add_feature: adding feature 0xdd0cc0 (fdsrc)
0:00:00.006541289  2471 0xdaa320 DEBUG   GST_REFCOUNTING gstobject.c:709:gst_object_set_parent: set parent (ref and sink)
0:00:00.006548412  2471 0xdaa320 TRACE   GST_REFCOUNTING gstobject.c:294:gst_object_ref_sink: 0xdd0cc0 ref_sink 1->2
0:00:00.006555073  2471 0xdaa320 LOG   GST_REGISTRY gstregistry.c:608:gst_registry_add_feature: emitting feature-added for fdsrc
0:00:00.006571284  2471 0xdaa320 TRACE   GST_REFCOUNTING gstobject.c:208:gst_object_init: 0xdcae10 new
0:00:00.006584279  2471 0xdaa320 LOG   GST_ELEMENT_FACTORY gstelementfactory.c:238:gst_element_register: Created new elementfactory for type GstFdSink
0:00:00.006596039  2471 0xdaa320 TRACE   structure gststructure.c:292:gst_structure_new_id_empty_with_size: created structure 0xdcb1a0
0:00:00.006602172  2471 0xdaa320 TRACE   GST_PERFORMANCE gststructure.c:512:gst_structure_copy: doing copy 0xdced20 -> 0xdcb1a0
0:00:00.006608810  2471 0xdaa320 DEBUG   GST_ELEMENT_PADS gstelement.c:312:gst_element_base_class_init: type GstFdSink : factory 0xdcae10
0:00:00.006617749  2471 0xdaa320 TRACE   GST_CAPS gstcaps.c:263:gst_caps_new_empty: created caps 0xdcb150
0:00:00.006629617  2471 0xdaa320 TRACE   GST_CAPS gstcaps.c:440:gst_static_caps_get: created 0x7febeb431760 from string ANY
0:00:00.006638382  2471 0xdaa320 TRACE   GST_REFCOUNTING gstminiobject.c:479:gst_mini_object_ref: 0xdcb150 ref 1->2
0:00:00.006648917  2471 0xdaa320 TRACE   GST_REFCOUNTING gstobject.c:208:gst_object_init: 0xdd3230 new
0:00:00.006657944  2471 0xdaa320 TRACE   GST_REFCOUNTING gstminiobject.c:479:gst_mini_object_ref: 0xdcb150 ref 2->3
0:00:00.006666637  2471 0xdaa320 TRACE   GST_REFCOUNTING gstminiobject.c:661:gst_mini_object_unref: 0xdcb150 unref 3->2
0:00:00.006678518  2471 0xdaa320 TRACE   GST_REFCOUNTING gstobject.c:294:gst_object_ref_sink: 0xdd3230 ref_sink 1->2
0:00:00.006693651  2471 0xdaa320 TRACE   structure gststructure.c:292:gst_structure_new_id_empty_with_size: created structure 0xdd3350
0:00:00.006700564  2471 0xdaa320 TRACE   GST_PERFORMANCE gststructure.c:512:gst_structure_copy: doing copy 0xdcb1a0 -> 0xdd3350
0:00:00.006713469  2471 0xdaa320 DEBUG   GST_REGISTRY gstregistry.c:590:gst_registry_add_feature: adding feature 0xdcae10 (fdsink)
0:00:00.006722709  2471 0xdaa320 DEBUG   GST_REFCOUNTING gstobject.c:709:gst_object_set_parent: set parent (ref and sink)
0:00:00.006729664  2471 0xdaa320 TRACE   GST_REFCOUNTING gstobject.c:294:gst_object_ref_sink: 0xdcae10 ref_sink 1->2
0:00:00.006736217  2471 0xdaa320 LOG   GST_REGISTRY gstregistry.c:608:gst_registry_add_feature: emitting feature-added for fdsink
0:00:00.006750520  2471 0xdaa320 TRACE   GST_REFCOUNTING gstobject.c:208:gst_object_init: 0xdd38c0 new
0:00:00.006760417  2471 0xdaa320 LOG   GST_ELEMENT_FACTORY gstelementfactory.c:238:gst_element_register: Created new elementfactory for type GstFileSrc
0:00:00.006771864  2471 0xdaa320 TRACE   structure gststructure.c:292:gst_structure_new_id_empty_with_size: created structure 0xdd3e80
0:00:00.006780170  2471 0xdaa320 TRACE   GST_PERFORMANCE gststructure.c:512:gst_structure_copy: doing copy 0xdca5f0 -> 0xdd3e80
0:00:00.006787162  2471 0xdaa320 DEBUG   GST_ELEMENT_PADS gstelement.c:312:gst_element_base_class_init: type GstFileSrc : factory 0xdd38c0
0:00:00.006799292  2471 0xdaa320 TRACE   GST_CAPS gstcaps.c:263:gst_caps_new_empty: created caps 0xdc81d0
0:00:00.006805278  2471 0xdaa320 TRACE   GST_CAPS gstcaps.c:440:gst_static_caps_get: created 0x7febeb431800 from string ANY
0:00:00.006811073  2471 0xdaa320 TRACE   GST_REFCOUNTING gstminiobject.c:479:gst_mini_object_ref: 0xdc81d0 ref 1->2
0:00:00.006819772  2471 0xdaa320 TRACE   GST_REFCOUNTING gstobject.c:208:gst_object_init: 0xdd40f0 new
0:00:00.006828051  2471 0xdaa320 TRACE   GST_REFCOUNTING gstminiobject.c:479:gst_mini_object_ref: 0xdc81d0 ref 2->3
0:00:00.006840198  2471 0xdaa320 TRACE   GST_REFCOUNTING gstminiobject.c:661:gst_mini_object_unref: 0xdc81d0 unref 3->2
0:00:00.006856219  2471 0xdaa320 TRACE   GST_REFCOUNTING gstobject.c:294:gst_object_ref_sink: 0xdd40f0 ref_sink 1->2
