0:00:00.013435924  2471 0xdaa320 LOG   GST_POLL gstpoll.c:994:gst_poll_fd_ctl_write: 0xdb2a00: pfd->events now 60 (POLLOUT:4)
0:00:00.013441639  2471 0xdaa320 DEBUG   GST_POLL gstpoll.c:980:gst_poll_fd_ctl_write: 0xdb2a00: fd (fd:0, idx:1), active : 1
0:00:00.013446846  2471 0xdaa320 LOG   GST_POLL gstpoll.c:994:gst_poll_fd_ctl_write: 0xdb2a00: pfd->events now 60 (POLLOUT:4)
0:00:00.013455612  2471 0xdaa320 DEBUG   GST_POLL gstpoll.c:980:gst_poll_fd_ctl_write: 0xdb2a00: fd (fd:0, idx:1), active : 1
0:00:00.013462194  2471 0xdaa320 LOG   GST_POLL gstpoll.c:994:gst_poll_fd_ctl_write: 0xdb2a00: pfd->events now 60 (POLLOUT:4)
0:00:00.013468352  2471 0xdaa320 DEBUG   GST_POLL gstpoll.c:980:gst_poll_fd_ctl_write: 0xdb2a00: fd (fd:0, idx:1), active : 1
0:00:00.013474017  2471 0xdaa320 LOG   GST_POLL gstpoll.c:994:gst_poll_fd_ctl_write: 0xdb2a00: pfd->events now 60 (POLLOUT:4)
0:00:00.013485784  2471 0xdaa320 DEBUG   GST_POLL gstpoll.c:980:gst_poll_fd_ctl_write: 0xdb2a00: fd (fd:0, idx:1), active : 1
0:00:00.013491380  2471 0xdaa320 LOG   GST_POLL gstpoll.c:994:gst_poll_fd_ctl_write: 0xdb2a00: pfd->events now 60 (POLLOUT:4)
0:00:00.013497198  2471 0xdaa320 DEBUG   GST_POLL gstpoll.c:980:gst_poll_fd_ctl_write: 0xdb2a00: fd (fd:0, idx:1), active : 1
0:00:00.013502590  2471 0xdaa320 LOG   GST_POLL gstpoll.c:994:gst_poll_fd_ctl_write: 0xdb2a00: pfd->events now 60 (POLLOUT:4)
0:00:00.013511391  2471 0xdaa320 DEBUG   GST_POLL gstpoll.c:980:gst_poll_fd_ctl_write: 0xdb2a00: fd (fd:0, idx:1), active : 1
0:00:00.013517893  2471 0xdaa320 LOG   GST_POLL gstpoll.c:994:gst_poll_fd_ctl_write: 0xdb2a00: pfd->events now 60 (POLLOUT:4)
0:00:00.013524086  2471 0xdaa320 DEBUG   GST_POLL gstpoll.c:980:gst_poll_fd_ctl_write: 0xdb2a00: fd (fd:0, idx:1), active : 1
0:00:00.013529605  2471 0xdaa320 LOG   GST_POLL gstpoll.c:994:gst_poll_fd_ctl_write: 0xdb2a00: pfd->events now 60 (POLLOUT:4)
0:00:00.013535354  2471 0xdaa320 DEBUG   GST_POLL gstpoll.c:980:gst_poll_fd_ctl_write: 0xdb2a00: fd (fd:0, idx:1), active : 1
0:00:00.013540700  2471 0xdaa320 LOG   GST_POLL gstpoll.c:994:gst_poll_fd_ctl_write: 0xdb2a00: pfd->events now 60 (POLLOUT:4)
0:00:00.013546537  2471 0xdaa320 DEBUG   GST_POLL gstpoll.c:980:gst_poll_fd_ctl_write: 0xdb2a00: fd (fd:0, idx:1), active : 1
0:00:00.013552022  2471 0xdaa320 LOG   GST_POLL gstpoll.c:994:gst_poll_fd_ctl_write: 0xdb2a00: pfd->events now 60 (POLLOUT:4)
0:00:00.013560855  2471 0xdaa320 DEBUG   GST_POLL gstpoll.c:980:gst_poll_fd_ctl_write: 0xdb2a00: fd (fd:0, idx:1), active : 1
0:00:00.013567431  2471 0xdaa320 LOG   GST_POLL gstpoll.c:994:gst_poll_fd_ctl_write: 0xdb2a00: pfd->events now 60 (POLLOUT:4)
0:00:00.013573671  2471 0xdaa320 DEBUG   GST_POLL gstpoll.c:980:gst_poll_fd_ctl_write: 0xdb2a00: fd (fd:0, idx:1), active : 1
0:00:00.013579256  2471 0xdaa320 LOG   GST_POLL gstpoll.c:994:gst_poll_fd_ctl_write: 0xdb2a00: pfd->events now 60 (POLLOUT:4)
0:00:00.013585380  2471 0xdaa320 DEBUG   GST_POLL gstpoll.c:980:gst_poll_fd_ctl_write: 0xdb2a00: fd (fd:0, idx:1), active : 1
0:00:00.013590775  2471 0xdaa320 LOG   GST_POLL gstpoll.c:994:gst_poll_fd_ctl_write: 0xdb2a00: pfd->events now 60 (POLLOUT:4)
0:00:00.013596642  2471 0xdaa320 DEBUG   GST_POLL gstpoll.c:980:gst_poll_fd_ctl_write: 0xdb2a00: fd (fd:0, idx:1), active : 1
0:00:00.013602253  2471 0xdaa320 LOG   GST_POLL gstpoll.c:994:gst_poll_fd_ctl_write: 0xdb2a00: pfd->events now 60 (POLLOUT:4)
0:00:00.013611217  2471 0xdaa320 DEBUG   GST_POLL gstpoll.c:980:gst_poll_fd_ctl_write: 0xdb2a00: fd (fd:0, idx:1), active : 1
0:00:00.013617721  2471 0xdaa320 LOG   GST_POLL gstpoll.c:994:gst_poll_fd_ctl_write: 0xdb2a00: pfd->events now 60 (POLLOUT:4)
0:00:00.013623813  2471 0xdaa320 DEBUG   GST_POLL gstpoll.c:980:gst_poll_fd_ctl_write: 0xdb2a00: fd (fd:0, idx:1), active : 1
0:00:00.013633735  2471 0xdaa320 LOG   GST_POLL gstpoll.c:994:gst_poll_fd_ctl_write: 0xdb2a00: pfd->events now 60 (POLLOUT:4)
0:00:00.013639438  2471 0xdaa320 DEBUG   GST_POLL gstpoll.c:980:gst_poll_fd_ctl_write: 0xdb2a00: fd (fd:0, idx:1), active : 1
0:00:00.013644845  2471 0xdaa320 LOG   GST_POLL gstpoll.c:994:gst_poll_fd_ctl_write: 0xdb2a00: pfd->events now 60 (POLLOUT:4)
0:00:00.013650549  2471 0xdaa320 DEBUG   GST_POLL gstpoll.c:980:gst_poll_fd_ctl_write: 0xdb2a00: fd (fd:0, idx:1), active : 1
0:00:00.013655894  2471 0xdaa320 LOG   GST_POLL gstpoll.c:994:gst_poll_fd_ctl_write: 0xdb2a00: pfd->events now 60 (POLLOUT:4)
0:00:00.013664638  2471 0xdaa320 DEBUG   GST_POLL gstpoll.c:980:gst_poll_fd_ctl_write: 0xdb2a00: fd (fd:0, idx:1), active : 1
0:00:00.013671082  2471 0xdaa320 LOG   GST_POLL gstpoll.c:994:gst_poll_fd_ctl_write: 0xdb2a00: pfd->events now 60 (POLLOUT:4)
0:00:00.013681966  2471 0xdaa320 TRACE   GST_REFCOUNTING gstobject.c:265:gst_object_unref: 0xdc6210 unref 2->1
0:00:00.013689851  2471 0xdaa320 DEBUG   GST_POLL gstpoll.c:1241:gst_poll_fd_has_error: 0xdb2a00: fd (fd:0, idx:1) 0
0:00:00.013695761  2471 0xdaa320 DEBUG   GST_POLL gstpoll.c:1335:gst_poll_fd_can_write: 0xdb2a00: fd (fd:0, idx:1) 1
0:00:00.013701395  2471 0xdaa320 LOG   GST_PLUGIN_LOADING gstpluginloader.c:689:write_one: Writing packet of size 488 bytes to fd 0
0:00:00.013720706  2471 0xdaa320 DEBUG   GST_POLL gstpoll.c:1414:gst_poll_wait: 0xdb2a00: timeout :0:00:01.000000000
0:00:00.013734595  2471 0xdaa320 LOG   GST_PLUGIN_LOADING gstpluginloader.c:1027:exchange_packets: Poll res = 2. 6872 bytes pending for write
0:00:00.013742402  2471 0xdaa320 DEBUG   GST_POLL gstpoll.c:1241:gst_poll_fd_has_error: 0xdb2a00: fd (fd:5, idx:2) 0
0:00:00.013748514  2471 0xdaa320 DEBUG   GST_POLL gstpoll.c:1266:gst_poll_fd_can_read_unlocked: 0xdb2a00: fd (fd:5, idx:2) 1
0:00:00.013759110  2471 0xdaa320 DEBUG   GST_PLUGIN_LOADING gstpluginloader.c:721:do_plugin_load: Plugin scanner loading file /home/conan/w/prod/BuildSingleReference/.conan/data/gstreamer/1.19.1/_/_/package/87c267dd1134a9a07d23e41650d01aade79b0036/lib/gstreamer-1.0/libgstcoretracers.so. tag 2
0:00:00.018669770  2470 0xbf5370 LOG   GST_PLUGIN_LOADING gstpluginloader.c:1027:exchange_packets: Poll res = 1. 0 bytes pending for write
0:00:00.013767526  2471 0xdaa320 TRACE   GST_REFCOUNTING gstobject.c:238:gst_object_ref: 0xdc3f50 ref 1->2
0:00:00.018695078  2470 0xbf5370 DEBUG   GST_POLL gstpoll.c:1241:gst_poll_fd_has_error: 0xc0ed40: fd (fd:8, idx:2) 0
0:00:00.013784831  2471 0xdaa320 TRACE   GST_REFCOUNTING gstobject.c:238:gst_object_ref: 0xdc4f10 ref 1->2
0:00:00.018703888  2470 0xbf5370 DEBUG   GST_POLL gstpoll.c:1266:gst_poll_fd_can_read_unlocked: 0xc0ed40: fd (fd:8, idx:2) 1
0:00:00.013793420  2471 0xdaa320 TRACE   GST_REFCOUNTING gstobject.c:238:gst_object_ref: 0xdc4c10 ref 1->2
0:00:00.013800837  2471 0xdaa320 TRACE   GST_REFCOUNTING gstobject.c:238:gst_object_ref: 0xdc48f0 ref 1->2
0:00:00.018718940  2470 0xbf5370 DEBUG   GST_PLUGIN_LOADING gstpluginloader.c:849:handle_rx_packet: Received plugin details from child w/ tag 0. 476 bytes info
0:00:00.013812058  2471 0xdaa320 TRACE   GST_REFCOUNTING gstobject.c:238:gst_object_ref: 0xdc4660 ref 1->2
0:00:00.018728695  2470 0xbf5370 LOG   GST_REGISTRY gstregistrychunks.c:837:_priv_gst_registry_chunks_load_plugin: Reading/casting for GstRegistryChunkPluginElement at address 0xc0f3c0
0:00:00.013819055  2471 0xdaa320 TRACE   GST_REFCOUNTING gstobject.c:238:gst_object_ref: 0xdc4300 ref 1->2
0:00:00.013829847  2471 0xdaa320 TRACE   GST_REFCOUNTING gstobject.c:265:gst_object_unref: 0xdc4300 unref 2->1
0:00:00.013836261  2471 0xdaa320 TRACE   GST_REFCOUNTING gstobject.c:265:gst_object_unref: 0xdc4660 unref 2->1
0:00:00.018750078  2470 0xbf5370 TRACE   GST_REFCOUNTING gstobject.c:208:gst_object_init: 0xc0eda0 new
0:00:00.013842511  2471 0xdaa320 TRACE   GST_REFCOUNTING gstobject.c:265:gst_object_unref: 0xdc48f0 unref 2->1
0:00:00.013852176  2471 0xdaa320 TRACE   GST_REFCOUNTING gstobject.c:265:gst_object_unref: 0xdc4c10 unref 2->1
0:00:00.013859574  2471 0xdaa320 TRACE   GST_REFCOUNTING gstobject.c:265:gst_object_unref: 0xdc4f10 unref 2->1
0:00:00.013867686  2471 0xdaa320 DEBUG   GST_REGISTRY gstregistrychunks.c:498:_priv_gst_registry_chunks_save_plugin: Found 5 features in plugin 0xdc3f50 (coretracers)
0:00:00.013874120  2471 0xdaa320 DEBUG   GST_POLL gstpoll.c:980:gst_poll_fd_ctl_write: 0xdb2a00: fd (fd:0, idx:1), active : 1
0:00:00.013879756  2471 0xdaa320 LOG   GST_POLL gstpoll.c:994:gst_poll_fd_ctl_write: 0xdb2a00: pfd->events now 60 (POLLOUT:4)
0:00:00.018792864  2470 0xbf5370 LOG   GST_REGISTRY gstregistrychunks.c:858:_priv_gst_registry_chunks_load_plugin: read strings for name='coretracers'
0:00:00.013885700  2471 0xdaa320 DEBUG   GST_POLL gstpoll.c:980:gst_poll_fd_ctl_write: 0xdb2a00: fd (fd:0, idx:1), active : 1
0:00:00.018802784  2470 0xbf5370 LOG   GST_REGISTRY gstregistrychunks.c:859:_priv_gst_registry_chunks_load_plugin: desc.description='GStreamer core tracers'
0:00:00.013892118  2471 0xdaa320 LOG   GST_POLL gstpoll.c:994:gst_poll_fd_ctl_write: 0xdb2a00: pfd->events now 60 (POLLOUT:4)
0:00:00.018810038  2470 0xbf5370 LOG   GST_REGISTRY gstregistrychunks.c:860:_priv_gst_registry_chunks_load_plugin: filename='/home/conan/w/prod/BuildSingleReference/.conan/data/gstreamer/1.19.1/_/_/package/87c267dd1134a9a07d23e41650d01aade79b0036/lib/gstreamer-1.0/libgstcoretracers.so'
0:00:00.013898775  2471 0xdaa320 DEBUG   GST_POLL gstpoll.c:980:gst_poll_fd_ctl_write: 0xdb2a00: fd (fd:0, idx:1), active : 1
0:00:00.018818837  2470 0xbf5370 LOG   GST_REGISTRY gstregistrychunks.c:861:_priv_gst_registry_chunks_load_plugin: desc.version='1.19.1'
0:00:00.013908375  2471 0xdaa320 LOG   GST_POLL gstpoll.c:994:gst_poll_fd_ctl_write: 0xdb2a00: pfd->events now 60 (POLLOUT:4)
0:00:00.018826004  2470 0xbf5370 LOG   GST_REGISTRY gstregistrychunks.c:862:_priv_gst_registry_chunks_load_plugin: desc.license='LGPL'
0:00:00.013922140  2471 0xdaa320 DEBUG   GST_POLL gstpoll.c:980:gst_poll_fd_ctl_write: 0xdb2a00: fd (fd:0, idx:1), active : 1
0:00:00.018836944  2470 0xbf5370 LOG   GST_REGISTRY gstregistrychunks.c:863:_priv_gst_registry_chunks_load_plugin: desc.source='gstreamer'
0:00:00.013928933  2471 0xdaa320 LOG   GST_POLL gstpoll.c:994:gst_poll_fd_ctl_write: 0xdb2a00: pfd->events now 60 (POLLOUT:4)
0:00:00.018844229  2470 0xbf5370 LOG   GST_REGISTRY gstregistrychunks.c:864:_priv_gst_registry_chunks_load_plugin: desc.package='GStreamer source release'
0:00:00.013935666  2471 0xdaa320 DEBUG   GST_POLL gstpoll.c:980:gst_poll_fd_ctl_write: 0xdb2a00: fd (fd:0, idx:1), active : 1
0:00:00.018851212  2470 0xbf5370 LOG   GST_REGISTRY gstregistrychunks.c:865:_priv_gst_registry_chunks_load_plugin: desc.origin='Unknown package origin'
0:00:00.013941879  2471 0xdaa320 LOG   GST_POLL gstpoll.c:994:gst_poll_fd_ctl_write: 0xdb2a00: pfd->events now 60 (POLLOUT:4)
0:00:00.018857220  2470 0xbf5370 LOG   GST_REGISTRY gstregistrychunks.c:866:_priv_gst_registry_chunks_load_plugin: desc.datetime=2021-06-01
0:00:00.013948562  2471 0xdaa320 DEBUG   GST_POLL gstpoll.c:980:gst_poll_fd_ctl_write: 0xdb2a00: fd (fd:0, idx:1), active : 1
0:00:00.013954614  2471 0xdaa320 LOG   GST_POLL gstpoll.c:994:gst_poll_fd_ctl_write: 0xdb2a00: pfd->events now 60 (POLLOUT:4)
0:00:00.018868528  2470 0xbf5370 DEBUG   GST_REGISTRY gstregistry.c:474:gst_registry_add_plugin: adding plugin 0xc0eda0 for filename "/home/conan/w/prod/BuildSingleReference/.conan/data/gstreamer/1.19.1/_/_/package/87c267dd1134a9a07d23e41650d01aade79b0036/lib/gstreamer-1.0/libgstcoretracers.so"
0:00:00.013960668  2471 0xdaa320 DEBUG   GST_POLL gstpoll.c:980:gst_poll_fd_ctl_write: 0xdb2a00: fd (fd:0, idx:1), active : 1
0:00:00.018881606  2470 0xbf5370 TRACE   GST_REFCOUNTING gstobject.c:294:gst_object_ref_sink: 0xc0eda0 ref_sink 1->2
0:00:00.013969211  2471 0xdaa320 LOG   GST_POLL gstpoll.c:994:gst_poll_fd_ctl_write: 0xdb2a00: pfd->events now 60 (POLLOUT:4)
0:00:00.018892012  2470 0xbf5370 LOG   GST_REGISTRY gstregistry.c:487:gst_registry_add_plugin: emitting plugin-added for filename "/home/conan/w/prod/BuildSingleReference/.conan/data/gstreamer/1.19.1/_/_/package/87c267dd1134a9a07d23e41650d01aade79b0036/lib/gstreamer-1.0/libgstcoretracers.so"
0:00:00.013979144  2471 0xdaa320 DEBUG   GST_POLL gstpoll.c:980:gst_poll_fd_ctl_write: 0xdb2a00: fd (fd:0, idx:1), active : 1
0:00:00.018900030  2470 0xbf5370 DEBUG   GST_REGISTRY gstregistrychunks.c:887:_priv_gst_registry_chunks_load_plugin: Added plugin 'coretracers' plugin with 5 features from binary registry
0:00:00.013987246  2471 0xdaa320 LOG   GST_POLL gstpoll.c:994:gst_poll_fd_ctl_write: 0xdb2a00: pfd->events now 60 (POLLOUT:4)
0:00:00.018907646  2470 0xbf5370 DEBUG   GST_REGISTRY gstregistrychunks.c:583:gst_registry_chunks_load_feature: Plugin 'coretracers' feature 'leaks' typename : 'GstTracerFactory'
0:00:00.013995258  2471 0xdaa320 DEBUG   GST_POLL gstpoll.c:980:gst_poll_fd_ctl_write: 0xdb2a00: fd (fd:0, idx:1), active : 1
0:00:00.014011691  2471 0xdaa320 LOG   GST_POLL gstpoll.c:994:gst_poll_fd_ctl_write: 0xdb2a00: pfd->events now 60 (POLLOUT:4)
0:00:00.014017668  2471 0xdaa320 DEBUG   GST_POLL gstpoll.c:980:gst_poll_fd_ctl_write: 0xdb2a00: fd (fd:0, idx:1), active : 1
0:00:00.014023106  2471 0xdaa320 LOG   GST_POLL gstpoll.c:994:gst_poll_fd_ctl_write: 0xdb2a00: pfd->events now 60 (POLLOUT:4)
0:00:00.018932451  2470 0xbf5370 TRACE   GST_REFCOUNTING gstobject.c:208:gst_object_init: 0xc0fc30 new
0:00:00.014029023  2471 0xdaa320 DEBUG   GST_POLL gstpoll.c:980:gst_poll_fd_ctl_write: 0xdb2a00: fd (fd:0, idx:1), active : 1
0:00:00.014037450  2471 0xdaa320 LOG   GST_POLL gstpoll.c:994:gst_poll_fd_ctl_write: 0xdb2a00: pfd->events now 60 (POLLOUT:4)
0:00:00.018951403  2470 0xbf5370 DEBUG   GST_REGISTRY gstregistrychunks.c:718:gst_registry_chunks_load_feature: Reading/casting for GstRegistryChunkPluginFeature at address 0xc0f508
0:00:00.014044458  2471 0xdaa320 DEBUG   GST_POLL gstpoll.c:980:gst_poll_fd_ctl_write: 0xdb2a00: fd (fd:0, idx:1), active : 1
0:00:00.018962997  2470 0xbf5370 DEBUG   GST_REGISTRY gstregistry.c:590:gst_registry_add_feature: adding feature 0xc0fc30 (leaks)
0:00:00.014050854  2471 0xdaa320 LOG   GST_POLL gstpoll.c:994:gst_poll_fd_ctl_write: 0xdb2a00: pfd->events now 60 (POLLOUT:4)
0:00:00.018970479  2470 0xbf5370 DEBUG   GST_REFCOUNTING gstobject.c:709:gst_object_set_parent: set parent (ref and sink)
0:00:00.014058621  2471 0xdaa320 DEBUG   GST_POLL gstpoll.c:980:gst_poll_fd_ctl_write: 0xdb2a00: fd (fd:0, idx:1), active : 1
0:00:00.018978752  2470 0xbf5370 TRACE   GST_REFCOUNTING gstobject.c:294:gst_object_ref_sink: 0xc0fc30 ref_sink 1->2
0:00:00.014065878  2471 0xdaa320 LOG   GST_POLL gstpoll.c:994:gst_poll_fd_ctl_write: 0xdb2a00: pfd->events now 60 (POLLOUT:4)
0:00:00.018986260  2470 0xbf5370 LOG   GST_REGISTRY gstregistry.c:608:gst_registry_add_feature: emitting feature-added for leaks
0:00:00.014074084  2471 0xdaa320 DEBUG   GST_POLL gstpoll.c:980:gst_poll_fd_ctl_write: 0xdb2a00: fd (fd:0, idx:1), active : 1
0:00:00.018993728  2470 0xbf5370 DEBUG   GST_REGISTRY gstregistrychunks.c:741:gst_registry_chunks_load_feature: Added feature leaks, plugin 0xc0eda0 coretracers
0:00:00.014080947  2471 0xdaa320 LOG   GST_POLL gstpoll.c:994:gst_poll_fd_ctl_write: 0xdb2a00: pfd->events now 60 (POLLOUT:4)
0:00:00.019000757  2470 0xbf5370 DEBUG   GST_REGISTRY gstregistrychunks.c:583:gst_registry_chunks_load_feature: Plugin 'coretracers' feature 'stats' typename : 'GstTracerFactory'
0:00:00.014088690  2471 0xdaa320 DEBUG   GST_POLL gstpoll.c:980:gst_poll_fd_ctl_write: 0xdb2a00: fd (fd:0, idx:1), active : 1
0:00:00.019009618  2470 0xbf5370 TRACE   GST_REFCOUNTING gstobject.c:208:gst_object_init: 0xc0fe30 new
0:00:00.014097738  2471 0xdaa320 LOG   GST_POLL gstpoll.c:994:gst_poll_fd_ctl_write: 0xdb2a00: pfd->events now 60 (POLLOUT:4)
0:00:00.019021017  2470 0xbf5370 DEBUG   GST_REGISTRY gstregistrychunks.c:718:gst_registry_chunks_load_feature: Reading/casting for GstRegistryChunkPluginFeature at address 0xc0f528
0:00:00.014111354  2471 0xdaa320 LOG   GST_PLUGIN_LOADING gstpluginloader.c:645:put_chunk: Expanding tx buf from 7717 to 10158 for chunk of size 17
0:00:00.019030624  2470 0xbf5370 DEBUG   GST_REGISTRY gstregistry.c:590:gst_registry_add_feature: adding feature 0xc0fe30 (stats)
0:00:00.014121922  2471 0xdaa320 DEBUG   GST_POLL gstpoll.c:980:gst_poll_fd_ctl_write: 0xdb2a00: fd (fd:0, idx:1), active : 1
0:00:00.019037511  2470 0xbf5370 DEBUG   GST_REFCOUNTING gstobject.c:709:gst_object_set_parent: set parent (ref and sink)
0:00:00.014128204  2471 0xdaa320 LOG   GST_POLL gstpoll.c:994:gst_poll_fd_ctl_write: 0xdb2a00: pfd->events now 60 (POLLOUT:4)
0:00:00.019045144  2470 0xbf5370 TRACE   GST_REFCOUNTING gstobject.c:294:gst_object_ref_sink: 0xc0fe30 ref_sink 1->2
0:00:00.014134847  2471 0xdaa320 DEBUG   GST_POLL gstpoll.c:980:gst_poll_fd_ctl_write: 0xdb2a00: fd (fd:0, idx:1), active : 1
0:00:00.019052285  2470 0xbf5370 LOG   GST_REGISTRY gstregistry.c:608:gst_registry_add_feature: emitting feature-added for stats
0:00:00.014140878  2471 0xdaa320 LOG   GST_POLL gstpoll.c:994:gst_poll_fd_ctl_write: 0xdb2a00: pfd->events now 60 (POLLOUT:4)
0:00:00.019058972  2470 0xbf5370 DEBUG   GST_REGISTRY gstregistrychunks.c:741:gst_registry_chunks_load_feature: Added feature stats, plugin 0xc0eda0 coretracers
0:00:00.014147483  2471 0xdaa320 DEBUG   GST_POLL gstpoll.c:980:gst_poll_fd_ctl_write: 0xdb2a00: fd (fd:0, idx:1), active : 1
0:00:00.019065519  2470 0xbf5370 DEBUG   GST_REGISTRY gstregistrychunks.c:583:gst_registry_chunks_load_feature: Plugin 'coretracers' feature 'rusage' typename : 'GstTracerFactory'
0:00:00.014156074  2471 0xdaa320 LOG   GST_POLL gstpoll.c:994:gst_poll_fd_ctl_write: 0xdb2a00: pfd->events now 60 (POLLOUT:4)
0:00:00.019073636  2470 0xbf5370 TRACE   GST_REFCOUNTING gstobject.c:208:gst_object_init: 0xc0ff80 new
0:00:00.014163682  2471 0xdaa320 DEBUG   GST_POLL gstpoll.c:980:gst_poll_fd_ctl_write: 0xdb2a00: fd (fd:0, idx:1), active : 1
0:00:00.014170157  2471 0xdaa320 LOG   GST_POLL gstpoll.c:994:gst_poll_fd_ctl_write: 0xdb2a00: pfd->events now 60 (POLLOUT:4)
0:00:00.019084764  2470 0xbf5370 DEBUG   GST_REGISTRY gstregistrychunks.c:718:gst_registry_chunks_load_feature: Reading/casting for GstRegistryChunkPluginFeature at address 0xc0f548
0:00:00.014176234  2471 0xdaa320 DEBUG   GST_POLL gstpoll.c:980:gst_poll_fd_ctl_write: 0xdb2a00: fd (fd:0, idx:1), active : 1
0:00:00.019094127  2470 0xbf5370 DEBUG   GST_REGISTRY gstregistry.c:590:gst_registry_add_feature: adding feature 0xc0ff80 (rusage)
0:00:00.014182494  2471 0xdaa320 LOG   GST_POLL gstpoll.c:994:gst_poll_fd_ctl_write: 0xdb2a00: pfd->events now 60 (POLLOUT:4)
0:00:00.019100845  2470 0xbf5370 DEBUG   GST_REFCOUNTING gstobject.c:709:gst_object_set_parent: set parent (ref and sink)
0:00:00.014189079  2471 0xdaa320 DEBUG   GST_POLL gstpoll.c:980:gst_poll_fd_ctl_write: 0xdb2a00: fd (fd:0, idx:1), active : 1
0:00:00.019113657  2470 0xbf5370 TRACE   GST_REFCOUNTING gstobject.c:294:gst_object_ref_sink: 0xc0ff80 ref_sink 1->2
0:00:00.014201276  2471 0xdaa320 LOG   GST_POLL gstpoll.c:994:gst_poll_fd_ctl_write: 0xdb2a00: pfd->events now 60 (POLLOUT:4)
0:00:00.019120879  2470 0xbf5370 LOG   GST_REGISTRY gstregistry.c:608:gst_registry_add_feature: emitting feature-added for rusage
0:00:00.014209207  2471 0xdaa320 DEBUG   GST_POLL gstpoll.c:980:gst_poll_fd_ctl_write: 0xdb2a00: fd (fd:0, idx:1), active : 1
0:00:00.014228550  2471 0xdaa320 LOG   GST_POLL gstpoll.c:994:gst_poll_fd_ctl_write: 0xdb2a00: pfd->events now 60 (POLLOUT:4)
0:00:00.014236938  2471 0xdaa320 DEBUG   GST_POLL gstpoll.c:980:gst_poll_fd_ctl_write: 0xdb2a00: fd (fd:0, idx:1), active : 1
0:00:00.014242735  2471 0xdaa320 LOG   GST_POLL gstpoll.c:994:gst_poll_fd_ctl_write: 0xdb2a00: pfd->events now 60 (POLLOUT:4)
0:00:00.019127739  2470 0xbf5370 DEBUG   GST_REGISTRY gstregistrychunks.c:741:gst_registry_chunks_load_feature: Added feature rusage, plugin 0xc0eda0 coretracers
0:00:00.014248768  2471 0xdaa320 DEBUG   GST_POLL gstpoll.c:980:gst_poll_fd_ctl_write: 0xdb2a00: fd (fd:0, idx:1), active : 1
0:00:00.014255038  2471 0xdaa320 LOG   GST_POLL gstpoll.c:994:gst_poll_fd_ctl_write: 0xdb2a00: pfd->events now 60 (POLLOUT:4)
0:00:00.019169288  2470 0xbf5370 DEBUG   GST_REGISTRY gstregistrychunks.c:583:gst_registry_chunks_load_feature: Plugin 'coretracers' feature 'log' typename : 'GstTracerFactory'
0:00:00.014265360  2471 0xdaa320 DEBUG   GST_POLL gstpoll.c:980:gst_poll_fd_ctl_write: 0xdb2a00: fd (fd:0, idx:1), active : 1
0:00:00.014274120  2471 0xdaa320 LOG   GST_POLL gstpoll.c:994:gst_poll_fd_ctl_write: 0xdb2a00: pfd->events now 60 (POLLOUT:4)
0:00:00.019186227  2470 0xbf5370 TRACE   GST_REFCOUNTING gstobject.c:208:gst_object_init: 0xc100d0 new
0:00:00.014281317  2471 0xdaa320 DEBUG   GST_POLL gstpoll.c:980:gst_poll_fd_ctl_write: 0xdb2a00: fd (fd:0, idx:1), active : 1
0:00:00.019199487  2470 0xbf5370 DEBUG   GST_REGISTRY gstregistrychunks.c:718:gst_registry_chunks_load_feature: Reading/casting for GstRegistryChunkPluginFeature at address 0xc0f568
0:00:00.014287814  2471 0xdaa320 LOG   GST_POLL gstpoll.c:994:gst_poll_fd_ctl_write: 0xdb2a00: pfd->events now 60 (POLLOUT:4)
0:00:00.019208028  2470 0xbf5370 DEBUG   GST_REGISTRY gstregistry.c:590:gst_registry_add_feature: adding feature 0xc100d0 (log)
0:00:00.014295145  2471 0xdaa320 DEBUG   GST_POLL gstpoll.c:980:gst_poll_fd_ctl_write: 0xdb2a00: fd (fd:0, idx:1), active : 1
0:00:00.019214652  2470 0xbf5370 DEBUG   GST_REFCOUNTING gstobject.c:709:gst_object_set_parent: set parent (ref and sink)
0:00:00.014302920  2471 0xdaa320 LOG   GST_POLL gstpoll.c:994:gst_poll_fd_ctl_write: 0xdb2a00: pfd->events now 60 (POLLOUT:4)
0:00:00.019222352  2470 0xbf5370 TRACE   GST_REFCOUNTING gstobject.c:294:gst_object_ref_sink: 0xc100d0 ref_sink 1->2
0:00:00.014316458  2471 0xdaa320 TRACE   GST_REFCOUNTING gstobject.c:265:gst_object_unref: 0xdc3f50 unref 2->1
0:00:00.019231245  2470 0xbf5370 LOG   GST_REGISTRY gstregistry.c:608:gst_registry_add_feature: emitting feature-added for log
0:00:00.014324437  2471 0xdaa320 DEBUG   GST_POLL gstpoll.c:1241:gst_poll_fd_has_error: 0xdb2a00: fd (fd:0, idx:1) 0
0:00:00.019242227  2470 0xbf5370 DEBUG   GST_REGISTRY gstregistrychunks.c:741:gst_registry_chunks_load_feature: Added feature log, plugin 0xc0eda0 coretracers
0:00:00.014331053  2471 0xdaa320 DEBUG   GST_POLL gstpoll.c:1335:gst_poll_fd_can_write: 0xdb2a00: fd (fd:0, idx:1) 1
0:00:00.019250290  2470 0xbf5370 DEBUG   GST_REGISTRY gstregistrychunks.c:583:gst_registry_chunks_load_feature: Plugin 'coretracers' feature 'latency' typename : 'GstTracerFactory'
0:00:00.014339845  2471 0xdaa320 LOG   GST_PLUGIN_LOADING gstpluginloader.c:689:write_one: Writing packet of size 6872 bytes to fd 0
0:00:00.019259561  2470 0xbf5370 TRACE   GST_REFCOUNTING gstobject.c:208:gst_object_init: 0xc102d0 new
0:00:00.014352972  2471 0xdaa320 DEBUG   GST_POLL gstpoll.c:1414:gst_poll_wait: 0xdb2a00: timeout :0:00:01.000000000
0:00:00.019268554  2470 0xbf5370 DEBUG   GST_REGISTRY gstregistrychunks.c:718:gst_registry_chunks_load_feature: Reading/casting for GstRegistryChunkPluginFeature at address 0xc0f590
0:00:00.014362182  2471 0xdaa320 LOG   GST_PLUGIN_LOADING gstpluginloader.c:1027:exchange_packets: Poll res = 2. 488 bytes pending for write
0:00:00.019282864  2470 0xbf5370 DEBUG   GST_REGISTRY gstregistry.c:590:gst_registry_add_feature: adding feature 0xc102d0 (latency)
0:00:00.014370007  2471 0xdaa320 DEBUG   GST_POLL gstpoll.c:1241:gst_poll_fd_has_error: 0xdb2a00: fd (fd:5, idx:2) 0
0:00:00.019289449  2470 0xbf5370 DEBUG   GST_REFCOUNTING gstobject.c:709:gst_object_set_parent: set parent (ref and sink)
0:00:00.014377821  2471 0xdaa320 DEBUG   GST_POLL gstpoll.c:1266:gst_poll_fd_can_read_unlocked: 0xdb2a00: fd (fd:5, idx:2) 1
0:00:00.019297210  2470 0xbf5370 TRACE   GST_REFCOUNTING gstobject.c:294:gst_object_ref_sink: 0xc102d0 ref_sink 1->2
0:00:00.014389615  2471 0xdaa320 DEBUG   GST_PLUGIN_LOADING gstpluginloader.c:721:do_plugin_load: Plugin scanner loading file /home/conan/w/prod/BuildSingleReference/.conan/data/gstreamer/1.19.1/_/_/package/87c267dd1134a9a07d23e41650d01aade79b0036/lib/gstreamer-1.0/libgstcoreelements.so. tag 3
0:00:00.019306985  2470 0xbf5370 LOG   GST_REGISTRY gstregistry.c:608:gst_registry_add_feature: emitting feature-added for latency
0:00:00.014399796  2471 0xdaa320 TRACE   GST_REFCOUNTING gstobject.c:238:gst_object_ref: 0xdc6210 ref 1->2
0:00:00.019315147  2470 0xbf5370 DEBUG   GST_REGISTRY gstregistrychunks.c:741:gst_registry_chunks_load_feature: Added feature latency, plugin 0xc0eda0 coretracers
0:00:00.014407941  2471 0xdaa320 TRACE   GST_REFCOUNTING gstobject.c:238:gst_object_ref: 0xde1720 ref 1->2
0:00:00.019324057  2470 0xbf5370 LOG   GST_PLUGIN_LOADING gstpluginloader.c:888:handle_rx_packet: marking plugin 0xc0eda0 as registered as /home/conan/w/prod/BuildSingleReference/.conan/data/gstreamer/1.19.1/_/_/package/87c267dd1134a9a07d23e41650d01aade79b0036/lib/gstreamer-1.0/libgstcoretracers.so
0:00:00.014420246  2471 0xdaa320 TRACE   GST_REFCOUNTING gstobject.c:238:gst_object_ref: 0xde07c0 ref 1->2
0:00:00.019340956  2470 0xbf5370 DEBUG   GST_POLL gstpoll.c:1414:gst_poll_wait: 0xc0ed40: timeout :0:00:01.000000000
0:00:00.014427428  2471 0xdaa320 TRACE   GST_REFCOUNTING gstobject.c:238:gst_object_ref: 0xddf0c0 ref 1->2
0:00:00.014436469  2471 0xdaa320 TRACE   GST_REFCOUNTING gstobject.c:238:gst_object_ref: 0xdde270 ref 1->2
0:00:00.019352543  2470 0xbf5370 LOG   GST_PLUGIN_LOADING gstpluginloader.c:1027:exchange_packets: Poll res = 1. 0 bytes pending for write
0:00:00.014442789  2471 0xdaa320 TRACE   GST_REFCOUNTING gstobject.c:238:gst_object_ref: 0xddd0a0 ref 1->2
0:00:00.019360361  2470 0xbf5370 DEBUG   GST_POLL gstpoll.c:1241:gst_poll_fd_has_error: 0xc0ed40: fd (fd:8, idx:2) 0
0:00:00.014452496  2471 0xdaa320 TRACE   GST_REFCOUNTING gstobject.c:238:gst_object_ref: 0xddbfa0 ref 1->2
0:00:00.019367443  2470 0xbf5370 DEBUG   GST_POLL gstpoll.c:1266:gst_poll_fd_can_read_unlocked: 0xc0ed40: fd (fd:8, idx:2) 1
0:00:00.014460588  2471 0xdaa320 TRACE   GST_REFCOUNTING gstobject.c:238:gst_object_ref: 0xdda5f0 ref 1->2
0:00:00.014467763  2471 0xdaa320 TRACE   GST_REFCOUNTING gstobject.c:238:gst_object_ref: 0xdd8b70 ref 1->2
0:00:00.019385540  2470 0xbf5370 LOG   GST_PLUGIN_LOADING gstpluginloader.c:985:read_one: Expanding rx buf from 512 to 7384
0:00:00.014474413  2471 0xdaa320 TRACE   GST_REFCOUNTING gstobject.c:238:gst_object_ref: 0xdd7a60 ref 1->2
0:00:00.014482261  2471 0xdaa320 TRACE   GST_REFCOUNTING gstobject.c:238:gst_object_ref: 0xdd6840 ref 1->2
0:00:00.014488352  2471 0xdaa320 TRACE   GST_REFCOUNTING gstobject.c:238:gst_object_ref: 0xdd51a0 ref 1->2
0:00:00.014494463  2471 0xdaa320 TRACE   GST_REFCOUNTING gstobject.c:238:gst_object_ref: 0xdd44f0 ref 1->2
0:00:00.019410894  2470 0xbf5370 DEBUG   GST_PLUGIN_LOADING gstpluginloader.c:849:handle_rx_packet: Received plugin details from child w/ tag 1. 6860 bytes info
0:00:00.014500586  2471 0xdaa320 TRACE   GST_REFCOUNTING gstobject.c:238:gst_object_ref: 0xdd38c0 ref 1->2
0:00:00.019420308  2470 0xbf5370 LOG   GST_REGISTRY gstregistrychunks.c:837:_priv_gst_registry_chunks_load_plugin: Reading/casting for GstRegistryChunkPluginElement at address 0xc10c10
0:00:00.014510191  2471 0xdaa320 TRACE   GST_REFCOUNTING gstobject.c:238:gst_object_ref: 0xdcae10 ref 1->2
0:00:00.019429784  2470 0xbf5370 TRACE   GST_REFCOUNTING gstobject.c:208:gst_object_init: 0xc0f3c0 new
0:00:00.014518110  2471 0xdaa320 TRACE   GST_REFCOUNTING gstobject.c:238:gst_object_ref: 0xdd0cc0 ref 1->2
0:00:00.014531290  2471 0xdaa320 TRACE   GST_REFCOUNTING gstobject.c:238:gst_object_ref: 0xdce690 ref 1->2
0:00:00.019450980  2470 0xbf5370 LOG   GST_REGISTRY gstregistrychunks.c:858:_priv_gst_registry_chunks_load_plugin: read strings for name='coreelements'
0:00:00.014537662  2471 0xdaa320 TRACE   GST_REFCOUNTING gstobject.c:238:gst_object_ref: 0xdccb40 ref 1->2
0:00:00.019457899  2470 0xbf5370 LOG   GST_REGISTRY gstregistrychunks.c:859:_priv_gst_registry_chunks_load_plugin: desc.description='GStreamer core elements'
0:00:00.014546664  2471 0xdaa320 TRACE   GST_REFCOUNTING gstobject.c:238:gst_object_ref: 0xdcbb00 ref 1->2
0:00:00.019464642  2470 0xbf5370 LOG   GST_REGISTRY gstregistrychunks.c:860:_priv_gst_registry_chunks_load_plugin: filename='/home/conan/w/prod/BuildSingleReference/.conan/data/gstreamer/1.19.1/_/_/package/87c267dd1134a9a07d23e41650d01aade79b0036/lib/gstreamer-1.0/libgstcoreelements.so'
0:00:00.014553878  2471 0xdaa320 TRACE   GST_REFCOUNTING gstobject.c:238:gst_object_ref: 0xdca050 ref 1->2
0:00:00.019470979  2470 0xbf5370 LOG   GST_REGISTRY gstregistrychunks.c:861:_priv_gst_registry_chunks_load_plugin: desc.version='1.19.1'
0:00:00.014560955  2471 0xdaa320 TRACE   GST_REFCOUNTING gstobject.c:238:gst_object_ref: 0xdc9250 ref 1->2
0:00:00.019476798  2470 0xbf5370 LOG   GST_REGISTRY gstregistrychunks.c:862:_priv_gst_registry_chunks_load_plugin: desc.license='LGPL'
0:00:00.014567874  2471 0xdaa320 TRACE   GST_REFCOUNTING gstobject.c:238:gst_object_ref: 0xdc8350 ref 1->2
0:00:00.019484651  2470 0xbf5370 LOG   GST_REGISTRY gstregistrychunks.c:863:_priv_gst_registry_chunks_load_plugin: desc.source='gstreamer'
0:00:00.019491883  2470 0xbf5370 LOG   GST_REGISTRY gstregistrychunks.c:864:_priv_gst_registry_chunks_load_plugin: desc.package='GStreamer source release'
0:00:00.014577481  2471 0xdaa320 TRACE   GST_REFCOUNTING gstobject.c:238:gst_object_ref: 0xdc6660 ref 1->2
0:00:00.019497806  2470 0xbf5370 LOG   GST_REGISTRY gstregistrychunks.c:865:_priv_gst_registry_chunks_load_plugin: desc.origin='Unknown package origin'
0:00:00.014587878  2471 0xdaa320 DEBUG   GST_REGISTRY gstregistrychunks.c:265:gst_registry_chunks_save_feature: saved 0 interfaces 0 pad templates
0:00:00.019504021  2470 0xbf5370 LOG   GST_REGISTRY gstregistrychunks.c:866:_priv_gst_registry_chunks_load_plugin: desc.datetime=2021-06-01
0:00:00.019513169  2470 0xbf5370 DEBUG   GST_REGISTRY gstregistry.c:474:gst_registry_add_plugin: adding plugin 0xc0f3c0 for filename "/home/conan/w/prod/BuildSingleReference/.conan/data/gstreamer/1.19.1/_/_/package/87c267dd1134a9a07d23e41650d01aade79b0036/lib/gstreamer-1.0/libgstcoreelements.so"
0:00:00.014600594  2471 0xdaa320 DEBUG   GST_REGISTRY gstregistrychunks.c:265:gst_registry_chunks_save_feature: saved 0 interfaces 0 pad templates
0:00:00.019520664  2470 0xbf5370 TRACE   GST_REFCOUNTING gstobject.c:294:gst_object_ref_sink: 0xc0f3c0 ref_sink 1->2
0:00:00.014611630  2471 0xdaa320 DEBUG   GST_REGISTRY gstregistrychunks.c:265:gst_registry_chunks_save_feature: saved 0 interfaces 0 pad templates
0:00:00.019533777  2470 0xbf5370 LOG   GST_REGISTRY gstregistry.c:487:gst_registry_add_plugin: emitting plugin-added for filename "/home/conan/w/prod/BuildSingleReference/.conan/data/gstreamer/1.19.1/_/_/package/87c267dd1134a9a07d23e41650d01aade79b0036/lib/gstreamer-1.0/libgstcoreelements.so"
0:00:00.014625071  2471 0xdaa320 DEBUG   GST_REGISTRY gstregistrychunks.c:265:gst_registry_chunks_save_feature: saved 1 interfaces 0 pad templates
0:00:00.019541400  2470 0xbf5370 DEBUG   GST_REGISTRY gstregistrychunks.c:887:_priv_gst_registry_chunks_load_plugin: Added plugin 'coreelements' plugin with 22 features from binary registry
0:00:00.014631825  2471 0xdaa320 DEBUG   GST_REGISTRY gstregistrychunks.c:284:gst_registry_chunks_save_feature: Saved 1 UriTypes
0:00:00.019550988  2470 0xbf5370 DEBUG   GST_REGISTRY gstregistrychunks.c:583:gst_registry_chunks_load_feature: Plugin 'coreelements' feature 'streamiddemux' typename : 'GstElementFactory'
0:00:00.014642940  2471 0xdaa320 DEBUG   GST_REGISTRY gstregistrychunks.c:265:gst_registry_chunks_save_feature: saved 0 interfaces 0 pad templates
0:00:00.019563323  2470 0xbf5370 TRACE   GST_REFCOUNTING gstobject.c:208:gst_object_init: 0xc0f730 new
0:00:00.014653129  2471 0xdaa320 DEBUG   GST_REGISTRY gstregistrychunks.c:265:gst_registry_chunks_save_feature: saved 0 interfaces 0 pad templates
0:00:00.019573320  2470 0xbf5370 LOG   GST_REGISTRY gstregistrychunks.c:610:gst_registry_chunks_load_feature: Reading/casting for GstRegistryChunkElementFactory at address 0xc10d68
0:00:00.014667159  2471 0xdaa320 DEBUG   GST_REGISTRY gstregistrychunks.c:265:gst_registry_chunks_save_feature: saved 0 interfaces 0 pad templates
0:00:00.019581827  2470 0xbf5370 TRACE   structure gststructure.c:292:gst_structure_new_id_empty_with_size: created structure 0xc10550
0:00:00.019590991  2470 0xbf5370 DEBUG   structure gststructure.c:2258:gst_structure_parse_field: trying field name 'long-name'
0:00:00.014679324  2471 0xdaa320 DEBUG   GST_REGISTRY gstregistrychunks.c:265:gst_registry_chunks_save_feature: saved 1 interfaces 0 pad templates
0:00:00.014685948  2471 0xdaa320 DEBUG   GST_REGISTRY gstregistrychunks.c:284:gst_registry_chunks_save_feature: Saved 1 UriTypes
0:00:00.019604502  2470 0xbf5370 DEBUG   default gstvalue.c:2776:_priv_gst_value_parse_value: trying type name 'string'
0:00:00.014695566  2471 0xdaa320 DEBUG   GST_REGISTRY gstregistrychunks.c:265:gst_registry_chunks_save_feature: saved 1 interfaces 0 pad templates
0:00:00.014702000  2471 0xdaa320 DEBUG   GST_REGISTRY gstregistrychunks.c:284:gst_registry_chunks_save_feature: Saved 1 UriTypes
0:00:00.019617984  2470 0xbf5370 DEBUG   structure gststructure.c:2258:gst_structure_parse_field: trying field name 'klass'
0:00:00.019624661  2470 0xbf5370 DEBUG   default gstvalue.c:2776:_priv_gst_value_parse_value: trying type name 'string'
0:00:00.014711270  2471 0xdaa320 DEBUG   GST_REGISTRY gstregistrychunks.c:265:gst_registry_chunks_save_feature: saved 1 interfaces 0 pad templates
0:00:00.014723432  2471 0xdaa320 DEBUG   GST_REGISTRY gstregistrychunks.c:284:gst_registry_chunks_save_feature: Saved 1 UriTypes
0:00:00.019637057  2470 0xbf5370 DEBUG   structure gststructure.c:2258:gst_structure_parse_field: trying field name 'description'
0:00:00.019644799  2470 0xbf5370 DEBUG   default gstvalue.c:2776:_priv_gst_value_parse_value: trying type name 'string'
0:00:00.014732436  2471 0xdaa320 DEBUG   GST_REGISTRY gstregistrychunks.c:265:gst_registry_chunks_save_feature: saved 0 interfaces 0 pad templates
0:00:00.019652087  2470 0xbf5370 DEBUG   structure gststructure.c:2258:gst_structure_parse_field: trying field name 'author'
0:00:00.019658027  2470 0xbf5370 DEBUG   default gstvalue.c:2776:_priv_gst_value_parse_value: trying type name 'string'
0:00:00.014746126  2471 0xdaa320 DEBUG   GST_REGISTRY gstregistrychunks.c:265:gst_registry_chunks_save_feature: saved 0 interfaces 0 pad templates
0:00:00.019664775  2470 0xbf5370 DEBUG   GST_REGISTRY gstregistrychunks.c:626:gst_registry_chunks_load_feature: Element factory : npadtemplates=2
0:00:00.014756857  2471 0xdaa320 DEBUG   GST_REGISTRY gstregistrychunks.c:265:gst_registry_chunks_save_feature: saved 0 interfaces 0 pad templates
0:00:00.019673144  2470 0xbf5370 DEBUG   GST_REGISTRY gstregistrychunks.c:526:gst_registry_chunks_load_pad_template: Reading/casting for GstRegistryChunkPadTemplate at address 0xc10e40
0:00:00.019681602  2470 0xbf5370 DEBUG   GST_REGISTRY gstregistrychunks.c:539:gst_registry_chunks_load_pad_template: Added pad_template src_%u
0:00:00.014768675  2471 0xdaa320 DEBUG   GST_REGISTRY gstregistrychunks.c:265:gst_registry_chunks_save_feature: saved 0 interfaces 0 pad templates
0:00:00.019687356  2470 0xbf5370 DEBUG   GST_REGISTRY gstregistrychunks.c:526:gst_registry_chunks_load_pad_template: Reading/casting for GstRegistryChunkPadTemplate at address 0xc10e58
0:00:00.014779392  2471 0xdaa320 DEBUG   GST_REGISTRY gstregistrychunks.c:265:gst_registry_chunks_save_feature: saved 0 interfaces 0 pad templates
0:00:00.019694055  2470 0xbf5370 DEBUG   GST_REGISTRY gstregistrychunks.c:539:gst_registry_chunks_load_pad_template: Added pad_template sink
0:00:00.014789172  2471 0xdaa320 DEBUG   GST_REGISTRY gstregistrychunks.c:265:gst_registry_chunks_save_feature: saved 0 interfaces 0 pad templates
0:00:00.019703899  2470 0xbf5370 DEBUG   GST_REGISTRY gstregistry.c:590:gst_registry_add_feature: adding feature 0xc0f730 (streamiddemux)
0:00:00.014799606  2471 0xdaa320 DEBUG   GST_REGISTRY gstregistrychunks.c:265:gst_registry_chunks_save_feature: saved 1 interfaces 0 pad templates
0:00:00.019712926  2470 0xbf5370 DEBUG   GST_REFCOUNTING gstobject.c:709:gst_object_set_parent: set parent (ref and sink)
0:00:00.014806209  2471 0xdaa320 DEBUG   GST_REGISTRY gstregistrychunks.c:284:gst_registry_chunks_save_feature: Saved 1 UriTypes
0:00:00.019723047  2470 0xbf5370 TRACE   GST_REFCOUNTING gstobject.c:294:gst_object_ref_sink: 0xc0f730 ref_sink 1->2
0:00:00.019733797  2470 0xbf5370 LOG   GST_REGISTRY gstregistry.c:608:gst_registry_add_feature: emitting feature-added for streamiddemux
0:00:00.014821486  2471 0xdaa320 DEBUG   GST_REGISTRY gstregistrychunks.c:265:gst_registry_chunks_save_feature: saved 0 interfaces 0 pad templates
0:00:00.019743313  2470 0xbf5370 DEBUG   GST_REGISTRY gstregistrychunks.c:741:gst_registry_chunks_load_feature: Added feature streamiddemux, plugin 0xc0f3c0 coreelements
0:00:00.019751320  2470 0xbf5370 DEBUG   GST_REGISTRY gstregistrychunks.c:583:gst_registry_chunks_load_feature: Plugin 'coreelements' feature 'valve' typename : 'GstElementFactory'
0:00:00.014837366  2471 0xdaa320 DEBUG   GST_REGISTRY gstregistrychunks.c:265:gst_registry_chunks_save_feature: saved 0 interfaces 0 pad templates
0:00:00.019759953  2470 0xbf5370 TRACE   GST_REFCOUNTING gstobject.c:208:gst_object_init: 0xc10990 new
0:00:00.014851253  2471 0xdaa320 DEBUG   GST_REGISTRY gstregistrychunks.c:265:gst_registry_chunks_save_feature: saved 0 interfaces 0 pad templates
0:00:00.019768965  2470 0xbf5370 LOG   GST_REGISTRY gstregistrychunks.c:610:gst_registry_chunks_load_feature: Reading/casting for GstRegistryChunkElementFactory at address 0xc10e88
0:00:00.019776474  2470 0xbf5370 TRACE   structure gststructure.c:292:gst_structure_new_id_empty_with_size: created structure 0xc129c0
0:00:00.014863119  2471 0xdaa320 DEBUG   GST_REGISTRY gstregistrychunks.c:265:gst_registry_chunks_save_feature: saved 0 interfaces 0 pad templates
0:00:00.019782154  2470 0xbf5370 DEBUG   structure gststructure.c:2258:gst_structure_parse_field: trying field name 'long-name'
0:00:00.019788023  2470 0xbf5370 DEBUG   default gstvalue.c:2776:_priv_gst_value_parse_value: trying type name 'string'
0:00:00.014876506  2471 0xdaa320 DEBUG   GST_REGISTRY gstregistrychunks.c:265:gst_registry_chunks_save_feature: saved 0 interfaces 0 pad templates
0:00:00.019794837  2470 0xbf5370 DEBUG   structure gststructure.c:2258:gst_structure_parse_field: trying field name 'klass'
0:00:00.014888329  2471 0xdaa320 TRACE   GST_REFCOUNTING gstobject.c:265:gst_object_unref: 0xdc6660 unref 2->1
0:00:00.019802867  2470 0xbf5370 DEBUG   default gstvalue.c:2776:_priv_gst_value_parse_value: trying type name 'string'
0:00:00.014896699  2471 0xdaa320 TRACE   GST_REFCOUNTING gstobject.c:265:gst_object_unref: 0xdc8350 unref 2->1
0:00:00.019812853  2470 0xbf5370 DEBUG   structure gststructure.c:2258:gst_structure_parse_field: trying field name 'description'
0:00:00.014904329  2471 0xdaa320 TRACE   GST_REFCOUNTING gstobject.c:265:gst_object_unref: 0xdc9250 unref 2->1
0:00:00.019819334  2470 0xbf5370 DEBUG   default gstvalue.c:2776:_priv_gst_value_parse_value: trying type name 'string'
0:00:00.014911737  2471 0xdaa320 TRACE   GST_REFCOUNTING gstobject.c:265:gst_object_unref: 0xdca050 unref 2->1
0:00:00.019828656  2470 0xbf5370 DEBUG   structure gststructure.c:2258:gst_structure_parse_field: trying field name 'author'
0:00:00.019839039  2470 0xbf5370 DEBUG   default gstvalue.c:2776:_priv_gst_value_parse_value: trying type name 'string'
0:00:00.014926098  2471 0xdaa320 TRACE   GST_REFCOUNTING gstobject.c:265:gst_object_unref: 0xdcbb00 unref 2->1
0:00:00.019846022  2470 0xbf5370 DEBUG   GST_REGISTRY gstregistrychunks.c:626:gst_registry_chunks_load_feature: Element factory : npadtemplates=2
0:00:00.014934382  2471 0xdaa320 TRACE   GST_REFCOUNTING gstobject.c:265:gst_object_unref: 0xdccb40 unref 2->1
0:00:00.019852007  2470 0xbf5370 DEBUG   GST_REGISTRY gstregistrychunks.c:526:gst_registry_chunks_load_pad_template: Reading/casting for GstRegistryChunkPadTemplate at address 0xc10f78
0:00:00.014941790  2471 0xdaa320 TRACE   GST_REFCOUNTING gstobject.c:265:gst_object_unref: 0xdce690 unref 2->1
0:00:00.019858710  2470 0xbf5370 DEBUG   GST_REGISTRY gstregistrychunks.c:539:gst_registry_chunks_load_pad_template: Added pad_template sink
0:00:00.014949181  2471 0xdaa320 TRACE   GST_REFCOUNTING gstobject.c:265:gst_object_unref: 0xdd0cc0 unref 2->1
0:00:00.019866887  2470 0xbf5370 DEBUG   GST_REGISTRY gstregistrychunks.c:526:gst_registry_chunks_load_pad_template: Reading/casting for GstRegistryChunkPadTemplate at address 0xc10f90
0:00:00.014956265  2471 0xdaa320 TRACE   GST_REFCOUNTING gstobject.c:265:gst_object_unref: 0xdcae10 unref 2->1
0:00:00.019875624  2470 0xbf5370 DEBUG   GST_REGISTRY gstregistrychunks.c:539:gst_registry_chunks_load_pad_template: Added pad_template src
0:00:00.014963362  2471 0xdaa320 TRACE   GST_REFCOUNTING gstobject.c:265:gst_object_unref: 0xdd38c0 unref 2->1
0:00:00.014971043  2471 0xdaa320 TRACE   GST_REFCOUNTING gstobject.c:265:gst_object_unref: 0xdd44f0 unref 2->1
0:00:00.019885204  2470 0xbf5370 DEBUG   GST_REGISTRY gstregistry.c:590:gst_registry_add_feature: adding feature 0xc10990 (valve)
0:00:00.014977669  2471 0xdaa320 TRACE   GST_REFCOUNTING gstobject.c:265:gst_object_unref: 0xdd51a0 unref 2->1
0:00:00.019893432  2470 0xbf5370 DEBUG   GST_REFCOUNTING gstobject.c:709:gst_object_set_parent: set parent (ref and sink)
0:00:00.019901797  2470 0xbf5370 TRACE   GST_REFCOUNTING gstobject.c:294:gst_object_ref_sink: 0xc10990 ref_sink 1->2
0:00:00.014987613  2471 0xdaa320 TRACE   GST_REFCOUNTING gstobject.c:265:gst_object_unref: 0xdd6840 unref 2->1
0:00:00.019908513  2470 0xbf5370 LOG   GST_REGISTRY gstregistry.c:608:gst_registry_add_feature: emitting feature-added for valve
0:00:00.014997419  2471 0xdaa320 TRACE   GST_REFCOUNTING gstobject.c:265:gst_object_unref: 0xdd7a60 unref 2->1
0:00:00.019915562  2470 0xbf5370 DEBUG   GST_REGISTRY gstregistrychunks.c:741:gst_registry_chunks_load_feature: Added feature valve, plugin 0xc0f3c0 coreelements
0:00:00.015004833  2471 0xdaa320 TRACE   GST_REFCOUNTING gstobject.c:265:gst_object_unref: 0xdd8b70 unref 2->1
0:00:00.019927556  2470 0xbf5370 DEBUG   GST_REGISTRY gstregistrychunks.c:583:gst_registry_chunks_load_feature: Plugin 'coreelements' feature 'multiqueue' typename : 'GstElementFactory'
0:00:00.015015773  2471 0xdaa320 TRACE   GST_REFCOUNTING gstobject.c:265:gst_object_unref: 0xdda5f0 unref 2->1
0:00:00.015023670  2471 0xdaa320 TRACE   GST_REFCOUNTING gstobject.c:265:gst_object_unref: 0xddbfa0 unref 2->1
0:00:00.019938921  2470 0xbf5370 TRACE   GST_REFCOUNTING gstobject.c:208:gst_object_init: 0xc10a80 new
0:00:00.015030130  2471 0xdaa320 TRACE   GST_REFCOUNTING gstobject.c:265:gst_object_unref: 0xddd0a0 unref 2->1
0:00:00.019948776  2470 0xbf5370 LOG   GST_REGISTRY gstregistrychunks.c:610:gst_registry_chunks_load_feature: Reading/casting for GstRegistryChunkElementFactory at address 0xc10fc0
0:00:00.015036914  2471 0xdaa320 TRACE   GST_REFCOUNTING gstobject.c:265:gst_object_unref: 0xdde270 unref 2->1
0:00:00.019956444  2470 0xbf5370 TRACE   structure gststructure.c:292:gst_structure_new_id_empty_with_size: created structure 0xc12bf0
0:00:00.015044414  2471 0xdaa320 TRACE   GST_REFCOUNTING gstobject.c:265:gst_object_unref: 0xddf0c0 unref 2->1
0:00:00.019962937  2470 0xbf5370 DEBUG   structure gststructure.c:2258:gst_structure_parse_field: trying field name 'long-name'
0:00:00.019969044  2470 0xbf5370 DEBUG   default gstvalue.c:2776:_priv_gst_value_parse_value: trying type name 'string'
0:00:00.015054558  2471 0xdaa320 TRACE   GST_REFCOUNTING gstobject.c:265:gst_object_unref: 0xde07c0 unref 2->1
0:00:00.019975612  2470 0xbf5370 DEBUG   structure gststructure.c:2258:gst_structure_parse_field: trying field name 'klass'
0:00:00.015064167  2471 0xdaa320 TRACE   GST_REFCOUNTING gstobject.c:265:gst_object_unref: 0xde1720 unref 2->1
0:00:00.019981448  2470 0xbf5370 DEBUG   default gstvalue.c:2776:_priv_gst_value_parse_value: trying type name 'string'
0:00:00.015073454  2471 0xdaa320 DEBUG   GST_REGISTRY gstregistrychunks.c:498:_priv_gst_registry_chunks_save_plugin: Found 22 features in plugin 0xdc6210 (coreelements)
0:00:00.019988942  2470 0xbf5370 DEBUG   structure gststructure.c:2258:gst_structure_parse_field: trying field name 'description'
0:00:00.015081058  2471 0xdaa320 DEBUG   GST_POLL gstpoll.c:980:gst_poll_fd_ctl_write: 0xdb2a00: fd (fd:0, idx:1), active : 1
0:00:00.019998120  2470 0xbf5370 DEBUG   default gstvalue.c:2776:_priv_gst_value_parse_value: trying type name 'string'
0:00:00.015087890  2471 0xdaa320 LOG   GST_POLL gstpoll.c:994:gst_poll_fd_ctl_write: 0xdb2a00: pfd->events now 60 (POLLOUT:4)
0:00:00.020007199  2470 0xbf5370 DEBUG   structure gststructure.c:2258:gst_structure_parse_field: trying field name 'author'
0:00:00.015094605  2471 0xdaa320 DEBUG   GST_POLL gstpoll.c:980:gst_poll_fd_ctl_write: 0xdb2a00: fd (fd:0, idx:1), active : 1
0:00:00.020013530  2470 0xbf5370 DEBUG   default gstvalue.c:2776:_priv_gst_value_parse_value: trying type name 'string'
0:00:00.015106907  2471 0xdaa320 LOG   GST_POLL gstpoll.c:994:gst_poll_fd_ctl_write: 0xdb2a00: pfd->events now 60 (POLLOUT:4)
0:00:00.020024330  2470 0xbf5370 DEBUG   GST_REGISTRY gstregistrychunks.c:626:gst_registry_chunks_load_feature: Element factory : npadtemplates=2
0:00:00.015113796  2471 0xdaa320 DEBUG   GST_POLL gstpoll.c:980:gst_poll_fd_ctl_write: 0xdb2a00: fd (fd:0, idx:1), active : 1
0:00:00.020030632  2470 0xbf5370 DEBUG   GST_REGISTRY gstregistrychunks.c:526:gst_registry_chunks_load_pad_template: Reading/casting for GstRegistryChunkPadTemplate at address 0xc11080
0:00:00.020036916  2470 0xbf5370 DEBUG   GST_REGISTRY gstregistrychunks.c:539:gst_registry_chunks_load_pad_template: Added pad_template src_%u
0:00:00.015122625  2471 0xdaa320 LOG   GST_POLL gstpoll.c:994:gst_poll_fd_ctl_write: 0xdb2a00: pfd->events now 60 (POLLOUT:4)
0:00:00.020042267  2470 0xbf5370 DEBUG   GST_REGISTRY gstregistrychunks.c:526:gst_registry_chunks_load_pad_template: Reading/casting for GstRegistryChunkPadTemplate at address 0xc11098
0:00:00.015131890  2471 0xdaa320 DEBUG   GST_POLL gstpoll.c:980:gst_poll_fd_ctl_write: 0xdb2a00: fd (fd:0, idx:1), active : 1
0:00:00.020048649  2470 0xbf5370 DEBUG   GST_REGISTRY gstregistrychunks.c:539:gst_registry_chunks_load_pad_template: Added pad_template sink_%u
0:00:00.015138500  2471 0xdaa320 LOG   GST_POLL gstpoll.c:994:gst_poll_fd_ctl_write: 0xdb2a00: pfd->events now 60 (POLLOUT:4)
0:00:00.015145134  2471 0xdaa320 DEBUG   GST_POLL gstpoll.c:980:gst_poll_fd_ctl_write: 0xdb2a00: fd (fd:0, idx:1), active : 1
0:00:00.020059942  2470 0xbf5370 DEBUG   GST_REGISTRY gstregistry.c:590:gst_registry_add_feature: adding feature 0xc10a80 (multiqueue)
0:00:00.015150832  2471 0xdaa320 LOG   GST_POLL gstpoll.c:994:gst_poll_fd_ctl_write: 0xdb2a00: pfd->events now 60 (POLLOUT:4)
0:00:00.020067852  2470 0xbf5370 DEBUG   GST_REFCOUNTING gstobject.c:709:gst_object_set_parent: set parent (ref and sink)
0:00:00.015157321  2471 0xdaa320 DEBUG   GST_POLL gstpoll.c:980:gst_poll_fd_ctl_write: 0xdb2a00: fd (fd:0, idx:1), active : 1
0:00:00.020076448  2470 0xbf5370 TRACE   GST_REFCOUNTING gstobject.c:294:gst_object_ref_sink: 0xc10a80 ref_sink 1->2
0:00:00.015163879  2471 0xdaa320 LOG   GST_POLL gstpoll.c:994:gst_poll_fd_ctl_write: 0xdb2a00: pfd->events now 60 (POLLOUT:4)
0:00:00.020083855  2470 0xbf5370 LOG   GST_REGISTRY gstregistry.c:608:gst_registry_add_feature: emitting feature-added for multiqueue
0:00:00.015171959  2471 0xdaa320 DEBUG   GST_POLL gstpoll.c:980:gst_poll_fd_ctl_write: 0xdb2a00: fd (fd:0, idx:1), active : 1
0:00:00.020091314  2470 0xbf5370 DEBUG   GST_REGISTRY gstregistrychunks.c:741:gst_registry_chunks_load_feature: Added feature multiqueue, plugin 0xc0f3c0 coreelements
0:00:00.015181025  2471 0xdaa320 LOG   GST_POLL gstpoll.c:994:gst_poll_fd_ctl_write: 0xdb2a00: pfd->events now 60 (POLLOUT:4)
0:00:00.020098631  2470 0xbf5370 DEBUG   GST_REGISTRY gstregistrychunks.c:583:gst_registry_chunks_load_feature: Plugin 'coreelements' feature 'typefind' typename : 'GstElementFactory'
0:00:00.015192886  2471 0xdaa320 DEBUG   GST_POLL gstpoll.c:980:gst_poll_fd_ctl_write: 0xdb2a00: fd (fd:0, idx:1), active : 1
0:00:00.020110784  2470 0xbf5370 TRACE   GST_REFCOUNTING gstobject.c:208:gst_object_init: 0xc12d20 new
0:00:00.015199547  2471 0xdaa320 LOG   GST_POLL gstpoll.c:994:gst_poll_fd_ctl_write: 0xdb2a00: pfd->events now 60 (POLLOUT:4)
0:00:00.020119715  2470 0xbf5370 LOG   GST_REGISTRY gstregistrychunks.c:610:gst_registry_chunks_load_feature: Reading/casting for GstRegistryChunkElementFactory at address 0xc110c8
0:00:00.015206470  2471 0xdaa320 DEBUG   GST_POLL gstpoll.c:980:gst_poll_fd_ctl_write: 0xdb2a00: fd (fd:0, idx:1), active : 1
0:00:00.015225150  2471 0xdaa320 LOG   GST_POLL gstpoll.c:994:gst_poll_fd_ctl_write: 0xdb2a00: pfd->events now 60 (POLLOUT:4)
0:00:00.015232344  2471 0xdaa320 DEBUG   GST_POLL gstpoll.c:980:gst_poll_fd_ctl_write: 0xdb2a00: fd (fd:0, idx:1), active : 1
0:00:00.015241038  2471 0xdaa320 LOG   GST_POLL gstpoll.c:994:gst_poll_fd_ctl_write: 0xdb2a00: pfd->events now 60 (POLLOUT:4)
0:00:00.015248037  2471 0xdaa320 DEBUG   GST_POLL gstpoll.c:980:gst_poll_fd_ctl_write: 0xdb2a00: fd (fd:0, idx:1), active : 1
0:00:00.015253975  2471 0xdaa320 LOG   GST_POLL gstpoll.c:994:gst_poll_fd_ctl_write: 0xdb2a00: pfd->events now 60 (POLLOUT:4)
0:00:00.020143303  2470 0xbf5370 TRACE   structure gststructure.c:292:gst_structure_new_id_empty_with_size: created structure 0xc12f70
0:00:00.020177270  2470 0xbf5370 DEBUG   structure gststructure.c:2258:gst_structure_parse_field: trying field name 'long-name'
0:00:00.015265589  2471 0xdaa320 DEBUG   GST_POLL gstpoll.c:980:gst_poll_fd_ctl_write: 0xdb2a00: fd (fd:0, idx:1), active : 1
0:00:00.020183083  2470 0xbf5370 DEBUG   default gstvalue.c:2776:_priv_gst_value_parse_value: trying type name 'string'
