0:00:00.015271894  2471 0xdaa320 LOG   GST_POLL gstpoll.c:994:gst_poll_fd_ctl_write: 0xdb2a00: pfd->events now 60 (POLLOUT:4)
0:00:00.020190738  2470 0xbf5370 DEBUG   structure gststructure.c:2258:gst_structure_parse_field: trying field name 'klass'
0:00:00.015278330  2471 0xdaa320 DEBUG   GST_POLL gstpoll.c:980:gst_poll_fd_ctl_write: 0xdb2a00: fd (fd:0, idx:1), active : 1
0:00:00.020196770  2470 0xbf5370 DEBUG   default gstvalue.c:2776:_priv_gst_value_parse_value: trying type name 'string'
0:00:00.015285248  2471 0xdaa320 LOG   GST_POLL gstpoll.c:994:gst_poll_fd_ctl_write: 0xdb2a00: pfd->events now 60 (POLLOUT:4)
0:00:00.020206076  2470 0xbf5370 DEBUG   structure gststructure.c:2258:gst_structure_parse_field: trying field name 'description'
0:00:00.015294926  2471 0xdaa320 DEBUG   GST_POLL gstpoll.c:980:gst_poll_fd_ctl_write: 0xdb2a00: fd (fd:0, idx:1), active : 1
0:00:00.020212905  2470 0xbf5370 DEBUG   default gstvalue.c:2776:_priv_gst_value_parse_value: trying type name 'string'
0:00:00.015302098  2471 0xdaa320 LOG   GST_POLL gstpoll.c:994:gst_poll_fd_ctl_write: 0xdb2a00: pfd->events now 60 (POLLOUT:4)
0:00:00.020229068  2470 0xbf5370 DEBUG   structure gststructure.c:2258:gst_structure_parse_field: trying field name 'author'
0:00:00.015316640  2471 0xdaa320 DEBUG   GST_POLL gstpoll.c:980:gst_poll_fd_ctl_write: 0xdb2a00: fd (fd:0, idx:1), active : 1
0:00:00.020235162  2470 0xbf5370 DEBUG   default gstvalue.c:2776:_priv_gst_value_parse_value: trying type name 'string'
0:00:00.015323930  2471 0xdaa320 LOG   GST_POLL gstpoll.c:994:gst_poll_fd_ctl_write: 0xdb2a00: pfd->events now 60 (POLLOUT:4)
0:00:00.020242904  2470 0xbf5370 DEBUG   GST_REGISTRY gstregistrychunks.c:626:gst_registry_chunks_load_feature: Element factory : npadtemplates=2
0:00:00.015330408  2471 0xdaa320 DEBUG   GST_POLL gstpoll.c:980:gst_poll_fd_ctl_write: 0xdb2a00: fd (fd:0, idx:1), active : 1
0:00:00.020248883  2470 0xbf5370 DEBUG   GST_REGISTRY gstregistrychunks.c:526:gst_registry_chunks_load_pad_template: Reading/casting for GstRegistryChunkPadTemplate at address 0xc111a0
0:00:00.015337377  2471 0xdaa320 LOG   GST_POLL gstpoll.c:994:gst_poll_fd_ctl_write: 0xdb2a00: pfd->events now 60 (POLLOUT:4)
0:00:00.020255214  2470 0xbf5370 DEBUG   GST_REGISTRY gstregistrychunks.c:539:gst_registry_chunks_load_pad_template: Added pad_template sink
0:00:00.015344627  2471 0xdaa320 DEBUG   GST_POLL gstpoll.c:980:gst_poll_fd_ctl_write: 0xdb2a00: fd (fd:0, idx:1), active : 1
0:00:00.020261160  2470 0xbf5370 DEBUG   GST_REGISTRY gstregistrychunks.c:526:gst_registry_chunks_load_pad_template: Reading/casting for GstRegistryChunkPadTemplate at address 0xc111b8
0:00:00.015350981  2471 0xdaa320 LOG   GST_POLL gstpoll.c:994:gst_poll_fd_ctl_write: 0xdb2a00: pfd->events now 60 (POLLOUT:4)
0:00:00.020269581  2470 0xbf5370 DEBUG   GST_REGISTRY gstregistrychunks.c:539:gst_registry_chunks_load_pad_template: Added pad_template src
0:00:00.015360238  2471 0xdaa320 DEBUG   GST_POLL gstpoll.c:980:gst_poll_fd_ctl_write: 0xdb2a00: fd (fd:0, idx:1), active : 1
0:00:00.020280112  2470 0xbf5370 DEBUG   GST_REGISTRY gstregistry.c:590:gst_registry_add_feature: adding feature 0xc12d20 (typefind)
0:00:00.015367588  2471 0xdaa320 LOG   GST_POLL gstpoll.c:994:gst_poll_fd_ctl_write: 0xdb2a00: pfd->events now 60 (POLLOUT:4)
0:00:00.020286986  2470 0xbf5370 DEBUG   GST_REFCOUNTING gstobject.c:709:gst_object_set_parent: set parent (ref and sink)
0:00:00.015375401  2471 0xdaa320 DEBUG   GST_POLL gstpoll.c:980:gst_poll_fd_ctl_write: 0xdb2a00: fd (fd:0, idx:1), active : 1
0:00:00.020295324  2470 0xbf5370 TRACE   GST_REFCOUNTING gstobject.c:294:gst_object_ref_sink: 0xc12d20 ref_sink 1->2
0:00:00.015382435  2471 0xdaa320 LOG   GST_POLL gstpoll.c:994:gst_poll_fd_ctl_write: 0xdb2a00: pfd->events now 60 (POLLOUT:4)
0:00:00.020302536  2470 0xbf5370 LOG   GST_REGISTRY gstregistry.c:608:gst_registry_add_feature: emitting feature-added for typefind
0:00:00.015390660  2471 0xdaa320 DEBUG   GST_POLL gstpoll.c:980:gst_poll_fd_ctl_write: 0xdb2a00: fd (fd:0, idx:1), active : 1
0:00:00.020314305  2470 0xbf5370 DEBUG   GST_REGISTRY gstregistrychunks.c:741:gst_registry_chunks_load_feature: Added feature typefind, plugin 0xc0f3c0 coreelements
0:00:00.015401878  2471 0xdaa320 LOG   GST_POLL gstpoll.c:994:gst_poll_fd_ctl_write: 0xdb2a00: pfd->events now 60 (POLLOUT:4)
0:00:00.020321599  2470 0xbf5370 DEBUG   GST_REGISTRY gstregistrychunks.c:583:gst_registry_chunks_load_feature: Plugin 'coreelements' feature 'tee' typename : 'GstElementFactory'
0:00:00.015409369  2471 0xdaa320 DEBUG   GST_POLL gstpoll.c:980:gst_poll_fd_ctl_write: 0xdb2a00: fd (fd:0, idx:1), active : 1
0:00:00.015415994  2471 0xdaa320 LOG   GST_POLL gstpoll.c:994:gst_poll_fd_ctl_write: 0xdb2a00: pfd->events now 60 (POLLOUT:4)
0:00:00.020330864  2470 0xbf5370 TRACE   GST_REFCOUNTING gstobject.c:208:gst_object_init: 0xc130f0 new
0:00:00.015424943  2471 0xdaa320 DEBUG   GST_POLL gstpoll.c:980:gst_poll_fd_ctl_write: 0xdb2a00: fd (fd:0, idx:1), active : 1
0:00:00.020343218  2470 0xbf5370 LOG   GST_REGISTRY gstregistrychunks.c:610:gst_registry_chunks_load_feature: Reading/casting for GstRegistryChunkElementFactory at address 0xc111e0
0:00:00.015432202  2471 0xdaa320 LOG   GST_POLL gstpoll.c:994:gst_poll_fd_ctl_write: 0xdb2a00: pfd->events now 60 (POLLOUT:4)
0:00:00.020351321  2470 0xbf5370 TRACE   structure gststructure.c:292:gst_structure_new_id_empty_with_size: created structure 0xc13350
0:00:00.015439195  2471 0xdaa320 DEBUG   GST_POLL gstpoll.c:980:gst_poll_fd_ctl_write: 0xdb2a00: fd (fd:0, idx:1), active : 1
0:00:00.020357880  2470 0xbf5370 DEBUG   structure gststructure.c:2258:gst_structure_parse_field: trying field name 'long-name'
0:00:00.015446454  2471 0xdaa320 LOG   GST_POLL gstpoll.c:994:gst_poll_fd_ctl_write: 0xdb2a00: pfd->events now 60 (POLLOUT:4)
0:00:00.020363823  2470 0xbf5370 DEBUG   default gstvalue.c:2776:_priv_gst_value_parse_value: trying type name 'string'
0:00:00.015452896  2471 0xdaa320 DEBUG   GST_POLL gstpoll.c:980:gst_poll_fd_ctl_write: 0xdb2a00: fd (fd:0, idx:1), active : 1
0:00:00.020371168  2470 0xbf5370 DEBUG   structure gststructure.c:2258:gst_structure_parse_field: trying field name 'klass'
0:00:00.015459113  2471 0xdaa320 LOG   GST_POLL gstpoll.c:994:gst_poll_fd_ctl_write: 0xdb2a00: pfd->events now 60 (POLLOUT:4)
0:00:00.020376833  2470 0xbf5370 DEBUG   default gstvalue.c:2776:_priv_gst_value_parse_value: trying type name 'string'
0:00:00.015465966  2471 0xdaa320 DEBUG   GST_POLL gstpoll.c:980:gst_poll_fd_ctl_write: 0xdb2a00: fd (fd:0, idx:1), active : 1
0:00:00.020383416  2470 0xbf5370 DEBUG   structure gststructure.c:2258:gst_structure_parse_field: trying field name 'description'
0:00:00.015472184  2471 0xdaa320 LOG   GST_POLL gstpoll.c:994:gst_poll_fd_ctl_write: 0xdb2a00: pfd->events now 60 (POLLOUT:4)
0:00:00.020389036  2470 0xbf5370 DEBUG   default gstvalue.c:2776:_priv_gst_value_parse_value: trying type name 'string'
0:00:00.015481506  2471 0xdaa320 DEBUG   GST_POLL gstpoll.c:980:gst_poll_fd_ctl_write: 0xdb2a00: fd (fd:0, idx:1), active : 1
0:00:00.015489906  2471 0xdaa320 LOG   GST_POLL gstpoll.c:994:gst_poll_fd_ctl_write: 0xdb2a00: pfd->events now 60 (POLLOUT:4)
0:00:00.020403386  2470 0xbf5370 DEBUG   structure gststructure.c:2258:gst_structure_parse_field: trying field name 'author'
0:00:00.015496581  2471 0xdaa320 DEBUG   GST_POLL gstpoll.c:980:gst_poll_fd_ctl_write: 0xdb2a00: fd (fd:0, idx:1), active : 1
0:00:00.020411415  2470 0xbf5370 DEBUG   default gstvalue.c:2776:_priv_gst_value_parse_value: trying type name 'string'
0:00:00.015503307  2471 0xdaa320 LOG   GST_POLL gstpoll.c:994:gst_poll_fd_ctl_write: 0xdb2a00: pfd->events now 60 (POLLOUT:4)
0:00:00.020420955  2470 0xbf5370 DEBUG   GST_REGISTRY gstregistrychunks.c:626:gst_registry_chunks_load_feature: Element factory : npadtemplates=2
0:00:00.015509948  2471 0xdaa320 DEBUG   GST_POLL gstpoll.c:980:gst_poll_fd_ctl_write: 0xdb2a00: fd (fd:0, idx:1), active : 1
0:00:00.020427141  2470 0xbf5370 DEBUG   GST_REGISTRY gstregistrychunks.c:526:gst_registry_chunks_load_pad_template: Reading/casting for GstRegistryChunkPadTemplate at address 0xc112d0
0:00:00.015516276  2471 0xdaa320 LOG   GST_POLL gstpoll.c:994:gst_poll_fd_ctl_write: 0xdb2a00: pfd->events now 60 (POLLOUT:4)
0:00:00.020433532  2470 0xbf5370 DEBUG   GST_REGISTRY gstregistrychunks.c:539:gst_registry_chunks_load_pad_template: Added pad_template src_%u
0:00:00.015522734  2471 0xdaa320 DEBUG   GST_POLL gstpoll.c:980:gst_poll_fd_ctl_write: 0xdb2a00: fd (fd:0, idx:1), active : 1
0:00:00.020439383  2470 0xbf5370 DEBUG   GST_REGISTRY gstregistrychunks.c:526:gst_registry_chunks_load_pad_template: Reading/casting for GstRegistryChunkPadTemplate at address 0xc112e8
0:00:00.015528981  2471 0xdaa320 LOG   GST_POLL gstpoll.c:994:gst_poll_fd_ctl_write: 0xdb2a00: pfd->events now 60 (POLLOUT:4)
0:00:00.020445441  2470 0xbf5370 DEBUG   GST_REGISTRY gstregistrychunks.c:539:gst_registry_chunks_load_pad_template: Added pad_template sink
0:00:00.015538188  2471 0xdaa320 DEBUG   GST_POLL gstpoll.c:980:gst_poll_fd_ctl_write: 0xdb2a00: fd (fd:0, idx:1), active : 1
0:00:00.020454376  2470 0xbf5370 DEBUG   GST_REGISTRY gstregistry.c:590:gst_registry_add_feature: adding feature 0xc130f0 (tee)
0:00:00.015545539  2471 0xdaa320 LOG   GST_POLL gstpoll.c:994:gst_poll_fd_ctl_write: 0xdb2a00: pfd->events now 60 (POLLOUT:4)
0:00:00.020463587  2470 0xbf5370 DEBUG   GST_REFCOUNTING gstobject.c:709:gst_object_set_parent: set parent (ref and sink)
0:00:00.015552452  2471 0xdaa320 DEBUG   GST_POLL gstpoll.c:980:gst_poll_fd_ctl_write: 0xdb2a00: fd (fd:0, idx:1), active : 1
0:00:00.015559999  2471 0xdaa320 LOG   GST_POLL gstpoll.c:994:gst_poll_fd_ctl_write: 0xdb2a00: pfd->events now 60 (POLLOUT:4)
0:00:00.020473307  2470 0xbf5370 TRACE   GST_REFCOUNTING gstobject.c:294:gst_object_ref_sink: 0xc130f0 ref_sink 1->2
0:00:00.015566422  2471 0xdaa320 DEBUG   GST_POLL gstpoll.c:980:gst_poll_fd_ctl_write: 0xdb2a00: fd (fd:0, idx:1), active : 1
0:00:00.020486732  2470 0xbf5370 LOG   GST_REGISTRY gstregistry.c:608:gst_registry_add_feature: emitting feature-added for tee
0:00:00.015573927  2471 0xdaa320 LOG   GST_POLL gstpoll.c:994:gst_poll_fd_ctl_write: 0xdb2a00: pfd->events now 60 (POLLOUT:4)
0:00:00.020498368  2470 0xbf5370 DEBUG   GST_REGISTRY gstregistrychunks.c:741:gst_registry_chunks_load_feature: Added feature tee, plugin 0xc0f3c0 coreelements
0:00:00.015585886  2471 0xdaa320 DEBUG   GST_POLL gstpoll.c:980:gst_poll_fd_ctl_write: 0xdb2a00: fd (fd:0, idx:1), active : 1
0:00:00.020506212  2470 0xbf5370 DEBUG   GST_REGISTRY gstregistrychunks.c:583:gst_registry_chunks_load_feature: Plugin 'coreelements' feature 'filesink' typename : 'GstElementFactory'
0:00:00.015593278  2471 0xdaa320 LOG   GST_POLL gstpoll.c:994:gst_poll_fd_ctl_write: 0xdb2a00: pfd->events now 60 (POLLOUT:4)
0:00:00.020515533  2470 0xbf5370 TRACE   GST_REFCOUNTING gstobject.c:208:gst_object_init: 0xc13550 new
0:00:00.015603676  2471 0xdaa320 DEBUG   GST_POLL gstpoll.c:980:gst_poll_fd_ctl_write: 0xdb2a00: fd (fd:0, idx:1), active : 1
0:00:00.020524375  2470 0xbf5370 LOG   GST_REGISTRY gstregistrychunks.c:610:gst_registry_chunks_load_feature: Reading/casting for GstRegistryChunkElementFactory at address 0xc11318
0:00:00.015611018  2471 0xdaa320 LOG   GST_POLL gstpoll.c:994:gst_poll_fd_ctl_write: 0xdb2a00: pfd->events now 60 (POLLOUT:4)
0:00:00.020531712  2470 0xbf5370 TRACE   structure gststructure.c:292:gst_structure_new_id_empty_with_size: created structure 0xc13710
0:00:00.015619985  2471 0xdaa320 DEBUG   GST_POLL gstpoll.c:980:gst_poll_fd_ctl_write: 0xdb2a00: fd (fd:0, idx:1), active : 1
0:00:00.015627474  2471 0xdaa320 LOG   GST_POLL gstpoll.c:994:gst_poll_fd_ctl_write: 0xdb2a00: pfd->events now 60 (POLLOUT:4)
0:00:00.020540642  2470 0xbf5370 DEBUG   structure gststructure.c:2258:gst_structure_parse_field: trying field name 'long-name'
0:00:00.015633463  2471 0xdaa320 DEBUG   GST_POLL gstpoll.c:980:gst_poll_fd_ctl_write: 0xdb2a00: fd (fd:0, idx:1), active : 1
0:00:00.020548954  2470 0xbf5370 DEBUG   default gstvalue.c:2776:_priv_gst_value_parse_value: trying type name 'string'
0:00:00.015639662  2471 0xdaa320 LOG   GST_POLL gstpoll.c:994:gst_poll_fd_ctl_write: 0xdb2a00: pfd->events now 60 (POLLOUT:4)
0:00:00.020562608  2470 0xbf5370 DEBUG   structure gststructure.c:2258:gst_structure_parse_field: trying field name 'klass'
0:00:00.015650399  2471 0xdaa320 DEBUG   GST_POLL gstpoll.c:980:gst_poll_fd_ctl_write: 0xdb2a00: fd (fd:0, idx:1), active : 1
0:00:00.015657644  2471 0xdaa320 LOG   GST_POLL gstpoll.c:994:gst_poll_fd_ctl_write: 0xdb2a00: pfd->events now 60 (POLLOUT:4)
0:00:00.020569017  2470 0xbf5370 DEBUG   default gstvalue.c:2776:_priv_gst_value_parse_value: trying type name 'string'
0:00:00.020581199  2470 0xbf5370 DEBUG   structure gststructure.c:2258:gst_structure_parse_field: trying field name 'description'
0:00:00.015666965  2471 0xdaa320 DEBUG   GST_POLL gstpoll.c:980:gst_poll_fd_ctl_write: 0xdb2a00: fd (fd:0, idx:1), active : 1
0:00:00.020590892  2470 0xbf5370 DEBUG   default gstvalue.c:2776:_priv_gst_value_parse_value: trying type name 'string'
0:00:00.015680124  2471 0xdaa320 LOG   GST_POLL gstpoll.c:994:gst_poll_fd_ctl_write: 0xdb2a00: pfd->events now 60 (POLLOUT:4)
0:00:00.015687070  2471 0xdaa320 DEBUG   GST_POLL gstpoll.c:980:gst_poll_fd_ctl_write: 0xdb2a00: fd (fd:0, idx:1), active : 1
0:00:00.020600917  2470 0xbf5370 DEBUG   structure gststructure.c:2258:gst_structure_parse_field: trying field name 'author'
0:00:00.015692681  2471 0xdaa320 LOG   GST_POLL gstpoll.c:994:gst_poll_fd_ctl_write: 0xdb2a00: pfd->events now 60 (POLLOUT:4)
0:00:00.020608510  2470 0xbf5370 DEBUG   default gstvalue.c:2776:_priv_gst_value_parse_value: trying type name 'string'
0:00:00.015699378  2471 0xdaa320 DEBUG   GST_POLL gstpoll.c:980:gst_poll_fd_ctl_write: 0xdb2a00: fd (fd:0, idx:1), active : 1
0:00:00.020616827  2470 0xbf5370 DEBUG   GST_REGISTRY gstregistrychunks.c:626:gst_registry_chunks_load_feature: Element factory : npadtemplates=1
0:00:00.015705492  2471 0xdaa320 LOG   GST_POLL gstpoll.c:994:gst_poll_fd_ctl_write: 0xdb2a00: pfd->events now 60 (POLLOUT:4)
0:00:00.020622796  2470 0xbf5370 DEBUG   GST_REGISTRY gstregistrychunks.c:526:gst_registry_chunks_load_pad_template: Reading/casting for GstRegistryChunkPadTemplate at address 0xc113f8
0:00:00.015712317  2471 0xdaa320 DEBUG   GST_POLL gstpoll.c:980:gst_poll_fd_ctl_write: 0xdb2a00: fd (fd:0, idx:1), active : 1
0:00:00.020629155  2470 0xbf5370 DEBUG   GST_REGISTRY gstregistrychunks.c:539:gst_registry_chunks_load_pad_template: Added pad_template sink
0:00:00.015718501  2471 0xdaa320 LOG   GST_POLL gstpoll.c:994:gst_poll_fd_ctl_write: 0xdb2a00: pfd->events now 60 (POLLOUT:4)
0:00:00.020635948  2470 0xbf5370 DEBUG   GST_REGISTRY gstregistrychunks.c:639:gst_registry_chunks_load_feature: Reading 1 UriTypes at address 0xc11409
0:00:00.015727609  2471 0xdaa320 DEBUG   GST_POLL gstpoll.c:980:gst_poll_fd_ctl_write: 0xdb2a00: fd (fd:0, idx:1), active : 1
0:00:00.020643125  2470 0xbf5370 DEBUG   GST_REGISTRY gstregistrychunks.c:654:gst_registry_chunks_load_feature: Reading 1 Interfaces at address 0xc11419
0:00:00.015734783  2471 0xdaa320 LOG   GST_POLL gstpoll.c:994:gst_poll_fd_ctl_write: 0xdb2a00: pfd->events now 60 (POLLOUT:4)
0:00:00.020653212  2470 0xbf5370 DEBUG   GST_REGISTRY gstregistry.c:590:gst_registry_add_feature: adding feature 0xc13550 (filesink)
0:00:00.015741677  2471 0xdaa320 DEBUG   GST_POLL gstpoll.c:980:gst_poll_fd_ctl_write: 0xdb2a00: fd (fd:0, idx:1), active : 1
0:00:00.015748660  2471 0xdaa320 LOG   GST_POLL gstpoll.c:994:gst_poll_fd_ctl_write: 0xdb2a00: pfd->events now 60 (POLLOUT:4)
0:00:00.020661927  2470 0xbf5370 DEBUG   GST_REFCOUNTING gstobject.c:709:gst_object_set_parent: set parent (ref and sink)
0:00:00.015754534  2471 0xdaa320 DEBUG   GST_POLL gstpoll.c:980:gst_poll_fd_ctl_write: 0xdb2a00: fd (fd:0, idx:1), active : 1
0:00:00.015762781  2471 0xdaa320 LOG   GST_POLL gstpoll.c:994:gst_poll_fd_ctl_write: 0xdb2a00: pfd->events now 60 (POLLOUT:4)
0:00:00.020676610  2470 0xbf5370 TRACE   GST_REFCOUNTING gstobject.c:294:gst_object_ref_sink: 0xc13550 ref_sink 1->2
0:00:00.015768857  2471 0xdaa320 DEBUG   GST_POLL gstpoll.c:980:gst_poll_fd_ctl_write: 0xdb2a00: fd (fd:0, idx:1), active : 1
0:00:00.020684921  2470 0xbf5370 LOG   GST_REGISTRY gstregistry.c:608:gst_registry_add_feature: emitting feature-added for filesink
0:00:00.015774953  2471 0xdaa320 LOG   GST_POLL gstpoll.c:994:gst_poll_fd_ctl_write: 0xdb2a00: pfd->events now 60 (POLLOUT:4)
0:00:00.020692031  2470 0xbf5370 DEBUG   GST_REGISTRY gstregistrychunks.c:741:gst_registry_chunks_load_feature: Added feature filesink, plugin 0xc0f3c0 coreelements
0:00:00.015784038  2471 0xdaa320 DEBUG   GST_POLL gstpoll.c:980:gst_poll_fd_ctl_write: 0xdb2a00: fd (fd:0, idx:1), active : 1
0:00:00.020698975  2470 0xbf5370 DEBUG   GST_REGISTRY gstregistrychunks.c:583:gst_registry_chunks_load_feature: Plugin 'coreelements' feature 'queue2' typename : 'GstElementFactory'
0:00:00.015791152  2471 0xdaa320 LOG   GST_POLL gstpoll.c:994:gst_poll_fd_ctl_write: 0xdb2a00: pfd->events now 60 (POLLOUT:4)
0:00:00.020709682  2470 0xbf5370 TRACE   GST_REFCOUNTING gstobject.c:208:gst_object_init: 0xc13840 new
0:00:00.015798269  2471 0xdaa320 DEBUG   GST_POLL gstpoll.c:980:gst_poll_fd_ctl_write: 0xdb2a00: fd (fd:0, idx:1), active : 1
0:00:00.015805041  2471 0xdaa320 LOG   GST_POLL gstpoll.c:994:gst_poll_fd_ctl_write: 0xdb2a00: pfd->events now 60 (POLLOUT:4)
0:00:00.020718803  2470 0xbf5370 LOG   GST_REGISTRY gstregistrychunks.c:610:gst_registry_chunks_load_feature: Reading/casting for GstRegistryChunkElementFactory at address 0xc11440
0:00:00.015811220  2471 0xdaa320 DEBUG   GST_POLL gstpoll.c:980:gst_poll_fd_ctl_write: 0xdb2a00: fd (fd:0, idx:1), active : 1
0:00:00.020727083  2470 0xbf5370 TRACE   structure gststructure.c:292:gst_structure_new_id_empty_with_size: created structure 0xc13c00
0:00:00.015817184  2471 0xdaa320 LOG   GST_POLL gstpoll.c:994:gst_poll_fd_ctl_write: 0xdb2a00: pfd->events now 60 (POLLOUT:4)
0:00:00.020735532  2470 0xbf5370 DEBUG   structure gststructure.c:2258:gst_structure_parse_field: trying field name 'long-name'
0:00:00.015823698  2471 0xdaa320 DEBUG   GST_POLL gstpoll.c:980:gst_poll_fd_ctl_write: 0xdb2a00: fd (fd:0, idx:1), active : 1
0:00:00.020742607  2470 0xbf5370 DEBUG   default gstvalue.c:2776:_priv_gst_value_parse_value: trying type name 'string'
0:00:00.015830695  2471 0xdaa320 LOG   GST_POLL gstpoll.c:994:gst_poll_fd_ctl_write: 0xdb2a00: pfd->events now 60 (POLLOUT:4)
0:00:00.020750140  2470 0xbf5370 DEBUG   structure gststructure.c:2258:gst_structure_parse_field: trying field name 'klass'
0:00:00.015840274  2471 0xdaa320 DEBUG   GST_POLL gstpoll.c:980:gst_poll_fd_ctl_write: 0xdb2a00: fd (fd:0, idx:1), active : 1
0:00:00.020755889  2470 0xbf5370 DEBUG   default gstvalue.c:2776:_priv_gst_value_parse_value: trying type name 'string'
0:00:00.015851871  2471 0xdaa320 LOG   GST_POLL gstpoll.c:994:gst_poll_fd_ctl_write: 0xdb2a00: pfd->events now 60 (POLLOUT:4)
0:00:00.020768144  2470 0xbf5370 DEBUG   structure gststructure.c:2258:gst_structure_parse_field: trying field name 'description'
0:00:00.015858958  2471 0xdaa320 DEBUG   GST_POLL gstpoll.c:980:gst_poll_fd_ctl_write: 0xdb2a00: fd (fd:0, idx:1), active : 1
0:00:00.020773872  2470 0xbf5370 DEBUG   default gstvalue.c:2776:_priv_gst_value_parse_value: trying type name 'string'
0:00:00.015865429  2471 0xdaa320 LOG   GST_POLL gstpoll.c:994:gst_poll_fd_ctl_write: 0xdb2a00: pfd->events now 60 (POLLOUT:4)
0:00:00.020781784  2470 0xbf5370 DEBUG   structure gststructure.c:2258:gst_structure_parse_field: trying field name 'author'
0:00:00.015871998  2471 0xdaa320 DEBUG   GST_POLL gstpoll.c:980:gst_poll_fd_ctl_write: 0xdb2a00: fd (fd:0, idx:1), active : 1
0:00:00.020787470  2470 0xbf5370 DEBUG   default gstvalue.c:2776:_priv_gst_value_parse_value: trying type name 'string'
0:00:00.015878277  2471 0xdaa320 LOG   GST_POLL gstpoll.c:994:gst_poll_fd_ctl_write: 0xdb2a00: pfd->events now 60 (POLLOUT:4)
0:00:00.015884870  2471 0xdaa320 DEBUG   GST_POLL gstpoll.c:980:gst_poll_fd_ctl_write: 0xdb2a00: fd (fd:0, idx:1), active : 1
0:00:00.020798580  2470 0xbf5370 DEBUG   GST_REGISTRY gstregistrychunks.c:626:gst_registry_chunks_load_feature: Element factory : npadtemplates=2
0:00:00.015890444  2471 0xdaa320 LOG   GST_POLL gstpoll.c:994:gst_poll_fd_ctl_write: 0xdb2a00: pfd->events now 60 (POLLOUT:4)
0:00:00.020806310  2470 0xbf5370 DEBUG   GST_REGISTRY gstregistrychunks.c:526:gst_registry_chunks_load_pad_template: Reading/casting for GstRegistryChunkPadTemplate at address 0xc11530
0:00:00.020813487  2470 0xbf5370 DEBUG   GST_REGISTRY gstregistrychunks.c:539:gst_registry_chunks_load_pad_template: Added pad_template sink
0:00:00.015899595  2471 0xdaa320 DEBUG   GST_POLL gstpoll.c:980:gst_poll_fd_ctl_write: 0xdb2a00: fd (fd:0, idx:1), active : 1
0:00:00.020819187  2470 0xbf5370 DEBUG   GST_REGISTRY gstregistrychunks.c:526:gst_registry_chunks_load_pad_template: Reading/casting for GstRegistryChunkPadTemplate at address 0xc11548
0:00:00.015908302  2471 0xdaa320 LOG   GST_POLL gstpoll.c:994:gst_poll_fd_ctl_write: 0xdb2a00: pfd->events now 60 (POLLOUT:4)
0:00:00.020825330  2470 0xbf5370 DEBUG   GST_REGISTRY gstregistrychunks.c:539:gst_registry_chunks_load_pad_template: Added pad_template src
0:00:00.015915261  2471 0xdaa320 DEBUG   GST_POLL gstpoll.c:980:gst_poll_fd_ctl_write: 0xdb2a00: fd (fd:0, idx:1), active : 1
0:00:00.020834320  2470 0xbf5370 DEBUG   GST_REGISTRY gstregistry.c:590:gst_registry_add_feature: adding feature 0xc13840 (queue2)
0:00:00.015921619  2471 0xdaa320 LOG   GST_POLL gstpoll.c:994:gst_poll_fd_ctl_write: 0xdb2a00: pfd->events now 60 (POLLOUT:4)
0:00:00.020840994  2470 0xbf5370 DEBUG   GST_REFCOUNTING gstobject.c:709:gst_object_set_parent: set parent (ref and sink)
0:00:00.015933914  2471 0xdaa320 DEBUG   GST_POLL gstpoll.c:980:gst_poll_fd_ctl_write: 0xdb2a00: fd (fd:0, idx:1), active : 1
0:00:00.020850155  2470 0xbf5370 TRACE   GST_REFCOUNTING gstobject.c:294:gst_object_ref_sink: 0xc13840 ref_sink 1->2
0:00:00.015940216  2471 0xdaa320 LOG   GST_POLL gstpoll.c:994:gst_poll_fd_ctl_write: 0xdb2a00: pfd->events now 60 (POLLOUT:4)
0:00:00.015946958  2471 0xdaa320 DEBUG   GST_POLL gstpoll.c:980:gst_poll_fd_ctl_write: 0xdb2a00: fd (fd:0, idx:1), active : 1
0:00:00.020859843  2470 0xbf5370 LOG   GST_REGISTRY gstregistry.c:608:gst_registry_add_feature: emitting feature-added for queue2
0:00:00.015952599  2471 0xdaa320 LOG   GST_POLL gstpoll.c:994:gst_poll_fd_ctl_write: 0xdb2a00: pfd->events now 60 (POLLOUT:4)
0:00:00.020869806  2470 0xbf5370 DEBUG   GST_REGISTRY gstregistrychunks.c:741:gst_registry_chunks_load_feature: Added feature queue2, plugin 0xc0f3c0 coreelements
0:00:00.015961830  2471 0xdaa320 DEBUG   GST_POLL gstpoll.c:980:gst_poll_fd_ctl_write: 0xdb2a00: fd (fd:0, idx:1), active : 1
0:00:00.020877212  2470 0xbf5370 DEBUG   GST_REGISTRY gstregistrychunks.c:583:gst_registry_chunks_load_feature: Plugin 'coreelements' feature 'queue' typename : 'GstElementFactory'
0:00:00.015969192  2471 0xdaa320 LOG   GST_POLL gstpoll.c:994:gst_poll_fd_ctl_write: 0xdb2a00: pfd->events now 60 (POLLOUT:4)
0:00:00.020887393  2470 0xbf5370 TRACE   GST_REFCOUNTING gstobject.c:208:gst_object_init: 0xc13d80 new
0:00:00.015975927  2471 0xdaa320 DEBUG   GST_POLL gstpoll.c:980:gst_poll_fd_ctl_write: 0xdb2a00: fd (fd:0, idx:1), active : 1
0:00:00.015982581  2471 0xdaa320 LOG   GST_POLL gstpoll.c:994:gst_poll_fd_ctl_write: 0xdb2a00: pfd->events now 60 (POLLOUT:4)
0:00:00.020896244  2470 0xbf5370 LOG   GST_REGISTRY gstregistrychunks.c:610:gst_registry_chunks_load_feature: Reading/casting for GstRegistryChunkElementFactory at address 0xc11570
0:00:00.015988593  2471 0xdaa320 DEBUG   GST_POLL gstpoll.c:980:gst_poll_fd_ctl_write: 0xdb2a00: fd (fd:0, idx:1), active : 1
0:00:00.015994917  2471 0xdaa320 LOG   GST_POLL gstpoll.c:994:gst_poll_fd_ctl_write: 0xdb2a00: pfd->events now 60 (POLLOUT:4)
0:00:00.020908463  2470 0xbf5370 TRACE   structure gststructure.c:292:gst_structure_new_id_empty_with_size: created structure 0xc13f20
0:00:00.016000940  2471 0xdaa320 DEBUG   GST_POLL gstpoll.c:980:gst_poll_fd_ctl_write: 0xdb2a00: fd (fd:0, idx:1), active : 1
0:00:00.020916700  2470 0xbf5370 DEBUG   structure gststructure.c:2258:gst_structure_parse_field: trying field name 'long-name'
0:00:00.016007068  2471 0xdaa320 LOG   GST_POLL gstpoll.c:994:gst_poll_fd_ctl_write: 0xdb2a00: pfd->events now 60 (POLLOUT:4)
0:00:00.020924943  2470 0xbf5370 DEBUG   default gstvalue.c:2776:_priv_gst_value_parse_value: trying type name 'string'
0:00:00.016016111  2471 0xdaa320 DEBUG   GST_POLL gstpoll.c:980:gst_poll_fd_ctl_write: 0xdb2a00: fd (fd:0, idx:1), active : 1
0:00:00.020938228  2470 0xbf5370 DEBUG   structure gststructure.c:2258:gst_structure_parse_field: trying field name 'klass'
0:00:00.016025783  2471 0xdaa320 LOG   GST_POLL gstpoll.c:994:gst_poll_fd_ctl_write: 0xdb2a00: pfd->events now 60 (POLLOUT:4)
0:00:00.020944606  2470 0xbf5370 DEBUG   default gstvalue.c:2776:_priv_gst_value_parse_value: trying type name 'string'
0:00:00.016033691  2471 0xdaa320 DEBUG   GST_POLL gstpoll.c:980:gst_poll_fd_ctl_write: 0xdb2a00: fd (fd:0, idx:1), active : 1
0:00:00.020951549  2470 0xbf5370 DEBUG   structure gststructure.c:2258:gst_structure_parse_field: trying field name 'description'
0:00:00.016040099  2471 0xdaa320 LOG   GST_POLL gstpoll.c:994:gst_poll_fd_ctl_write: 0xdb2a00: pfd->events now 60 (POLLOUT:4)
0:00:00.020957292  2470 0xbf5370 DEBUG   default gstvalue.c:2776:_priv_gst_value_parse_value: trying type name 'string'
0:00:00.016046813  2471 0xdaa320 DEBUG   GST_POLL gstpoll.c:980:gst_poll_fd_ctl_write: 0xdb2a00: fd (fd:0, idx:1), active : 1
0:00:00.020964604  2470 0xbf5370 DEBUG   structure gststructure.c:2258:gst_structure_parse_field: trying field name 'author'
0:00:00.016052964  2471 0xdaa320 LOG   GST_POLL gstpoll.c:994:gst_poll_fd_ctl_write: 0xdb2a00: pfd->events now 60 (POLLOUT:4)
0:00:00.020970390  2470 0xbf5370 DEBUG   default gstvalue.c:2776:_priv_gst_value_parse_value: trying type name 'string'
0:00:00.016059729  2471 0xdaa320 DEBUG   GST_POLL gstpoll.c:980:gst_poll_fd_ctl_write: 0xdb2a00: fd (fd:0, idx:1), active : 1
0:00:00.020977816  2470 0xbf5370 DEBUG   GST_REGISTRY gstregistrychunks.c:626:gst_registry_chunks_load_feature: Element factory : npadtemplates=2
0:00:00.016066005  2471 0xdaa320 LOG   GST_POLL gstpoll.c:994:gst_poll_fd_ctl_write: 0xdb2a00: pfd->events now 60 (POLLOUT:4)
0:00:00.020986205  2470 0xbf5370 DEBUG   GST_REGISTRY gstregistrychunks.c:526:gst_registry_chunks_load_pad_template: Reading/casting for GstRegistryChunkPadTemplate at address 0xc11628
0:00:00.016076345  2471 0xdaa320 DEBUG   GST_POLL gstpoll.c:980:gst_poll_fd_ctl_write: 0xdb2a00: fd (fd:0, idx:1), active : 1
0:00:00.020993581  2470 0xbf5370 DEBUG   GST_REGISTRY gstregistrychunks.c:539:gst_registry_chunks_load_pad_template: Added pad_template sink
0:00:00.016083705  2471 0xdaa320 LOG   GST_POLL gstpoll.c:994:gst_poll_fd_ctl_write: 0xdb2a00: pfd->events now 60 (POLLOUT:4)
0:00:00.020999828  2470 0xbf5370 DEBUG   GST_REGISTRY gstregistrychunks.c:526:gst_registry_chunks_load_pad_template: Reading/casting for GstRegistryChunkPadTemplate at address 0xc11640
0:00:00.016090857  2471 0xdaa320 DEBUG   GST_POLL gstpoll.c:980:gst_poll_fd_ctl_write: 0xdb2a00: fd (fd:0, idx:1), active : 1
0:00:00.021006236  2470 0xbf5370 DEBUG   GST_REGISTRY gstregistrychunks.c:539:gst_registry_chunks_load_pad_template: Added pad_template src
0:00:00.016097544  2471 0xdaa320 LOG   GST_POLL gstpoll.c:994:gst_poll_fd_ctl_write: 0xdb2a00: pfd->events now 60 (POLLOUT:4)
0:00:00.021015828  2470 0xbf5370 DEBUG   GST_REGISTRY gstregistry.c:590:gst_registry_add_feature: adding feature 0xc13d80 (queue)
0:00:00.016108954  2471 0xdaa320 DEBUG   GST_POLL gstpoll.c:980:gst_poll_fd_ctl_write: 0xdb2a00: fd (fd:0, idx:1), active : 1
0:00:00.021024773  2470 0xbf5370 DEBUG   GST_REFCOUNTING gstobject.c:709:gst_object_set_parent: set parent (ref and sink)
0:00:00.016115491  2471 0xdaa320 LOG   GST_POLL gstpoll.c:994:gst_poll_fd_ctl_write: 0xdb2a00: pfd->events now 60 (POLLOUT:4)
0:00:00.021032957  2470 0xbf5370 TRACE   GST_REFCOUNTING gstobject.c:294:gst_object_ref_sink: 0xc13d80 ref_sink 1->2
0:00:00.016122219  2471 0xdaa320 DEBUG   GST_POLL gstpoll.c:980:gst_poll_fd_ctl_write: 0xdb2a00: fd (fd:0, idx:1), active : 1
0:00:00.021040571  2470 0xbf5370 LOG   GST_REGISTRY gstregistry.c:608:gst_registry_add_feature: emitting feature-added for queue
0:00:00.016128534  2471 0xdaa320 LOG   GST_POLL gstpoll.c:994:gst_poll_fd_ctl_write: 0xdb2a00: pfd->events now 60 (POLLOUT:4)
0:00:00.021050183  2470 0xbf5370 DEBUG   GST_REGISTRY gstregistrychunks.c:741:gst_registry_chunks_load_feature: Added feature queue, plugin 0xc0f3c0 coreelements
0:00:00.016138996  2471 0xdaa320 DEBUG   GST_POLL gstpoll.c:980:gst_poll_fd_ctl_write: 0xdb2a00: fd (fd:0, idx:1), active : 1
0:00:00.021058516  2470 0xbf5370 DEBUG   GST_REGISTRY gstregistrychunks.c:583:gst_registry_chunks_load_feature: Plugin 'coreelements' feature 'output-selector' typename : 'GstElementFactory'
0:00:00.016146224  2471 0xdaa320 LOG   GST_POLL gstpoll.c:994:gst_poll_fd_ctl_write: 0xdb2a00: pfd->events now 60 (POLLOUT:4)
0:00:00.016154233  2471 0xdaa320 DEBUG   GST_POLL gstpoll.c:980:gst_poll_fd_ctl_write: 0xdb2a00: fd (fd:0, idx:1), active : 1
0:00:00.021068034  2470 0xbf5370 TRACE   GST_REFCOUNTING gstobject.c:208:gst_object_init: 0xc14050 new
0:00:00.016159918  2471 0xdaa320 LOG   GST_POLL gstpoll.c:994:gst_poll_fd_ctl_write: 0xdb2a00: pfd->events now 60 (POLLOUT:4)
0:00:00.021077881  2470 0xbf5370 LOG   GST_REGISTRY gstregistrychunks.c:610:gst_registry_chunks_load_feature: Reading/casting for GstRegistryChunkElementFactory at address 0xc11678
0:00:00.016166494  2471 0xdaa320 DEBUG   GST_POLL gstpoll.c:980:gst_poll_fd_ctl_write: 0xdb2a00: fd (fd:0, idx:1), active : 1
0:00:00.021084889  2470 0xbf5370 TRACE   structure gststructure.c:292:gst_structure_new_id_empty_with_size: created structure 0xc14350
0:00:00.016172737  2471 0xdaa320 LOG   GST_POLL gstpoll.c:994:gst_poll_fd_ctl_write: 0xdb2a00: pfd->events now 60 (POLLOUT:4)
0:00:00.021091227  2470 0xbf5370 DEBUG   structure gststructure.c:2258:gst_structure_parse_field: trying field name 'long-name'
0:00:00.016180077  2471 0xdaa320 DEBUG   GST_POLL gstpoll.c:980:gst_poll_fd_ctl_write: 0xdb2a00: fd (fd:0, idx:1), active : 1
0:00:00.021097240  2470 0xbf5370 DEBUG   default gstvalue.c:2776:_priv_gst_value_parse_value: trying type name 'string'
0:00:00.016186338  2471 0xdaa320 LOG   GST_POLL gstpoll.c:994:gst_poll_fd_ctl_write: 0xdb2a00: pfd->events now 60 (POLLOUT:4)
0:00:00.021109281  2470 0xbf5370 DEBUG   structure gststructure.c:2258:gst_structure_parse_field: trying field name 'klass'
0:00:00.016199349  2471 0xdaa320 DEBUG   GST_POLL gstpoll.c:980:gst_poll_fd_ctl_write: 0xdb2a00: fd (fd:0, idx:1), active : 1
0:00:00.021117513  2470 0xbf5370 DEBUG   default gstvalue.c:2776:_priv_gst_value_parse_value: trying type name 'string'
0:00:00.016206616  2471 0xdaa320 LOG   GST_POLL gstpoll.c:994:gst_poll_fd_ctl_write: 0xdb2a00: pfd->events now 60 (POLLOUT:4)
0:00:00.021126137  2470 0xbf5370 DEBUG   structure gststructure.c:2258:gst_structure_parse_field: trying field name 'description'
0:00:00.016213945  2471 0xdaa320 DEBUG   GST_POLL gstpoll.c:980:gst_poll_fd_ctl_write: 0xdb2a00: fd (fd:0, idx:1), active : 1
0:00:00.021141794  2470 0xbf5370 DEBUG   default gstvalue.c:2776:_priv_gst_value_parse_value: trying type name 'string'
0:00:00.016231230  2471 0xdaa320 LOG   GST_POLL gstpoll.c:994:gst_poll_fd_ctl_write: 0xdb2a00: pfd->events now 60 (POLLOUT:4)
0:00:00.021155169  2470 0xbf5370 DEBUG   structure gststructure.c:2258:gst_structure_parse_field: trying field name 'author'
0:00:00.016242852  2471 0xdaa320 LOG   GST_PLUGIN_LOADING gstpluginloader.c:645:put_chunk: Expanding tx buf from 10158 to 13209 for chunk of size 209
0:00:00.021161208  2470 0xbf5370 DEBUG   default gstvalue.c:2776:_priv_gst_value_parse_value: trying type name 'string'
0:00:00.021168639  2470 0xbf5370 DEBUG   GST_REGISTRY gstregistrychunks.c:626:gst_registry_chunks_load_feature: Element factory : npadtemplates=2
0:00:00.021174031  2470 0xbf5370 DEBUG   GST_REGISTRY gstregistrychunks.c:526:gst_registry_chunks_load_pad_template: Reading/casting for GstRegistryChunkPadTemplate at address 0xc11750
0:00:00.016267529  2471 0xdaa320 DEBUG   GST_POLL gstpoll.c:980:gst_poll_fd_ctl_write: 0xdb2a00: fd (fd:0, idx:1), active : 1
0:00:00.021182219  2470 0xbf5370 DEBUG   GST_REGISTRY gstregistrychunks.c:539:gst_registry_chunks_load_pad_template: Added pad_template src_%u
0:00:00.016275765  2471 0xdaa320 LOG   GST_POLL gstpoll.c:994:gst_poll_fd_ctl_write: 0xdb2a00: pfd->events now 60 (POLLOUT:4)
0:00:00.021191105  2470 0xbf5370 DEBUG   GST_REGISTRY gstregistrychunks.c:526:gst_registry_chunks_load_pad_template: Reading/casting for GstRegistryChunkPadTemplate at address 0xc11768
0:00:00.016283212  2471 0xdaa320 DEBUG   GST_POLL gstpoll.c:980:gst_poll_fd_ctl_write: 0xdb2a00: fd (fd:0, idx:1), active : 1
0:00:00.021198247  2470 0xbf5370 DEBUG   GST_REGISTRY gstregistrychunks.c:539:gst_registry_chunks_load_pad_template: Added pad_template sink
0:00:00.016289683  2471 0xdaa320 LOG   GST_POLL gstpoll.c:994:gst_poll_fd_ctl_write: 0xdb2a00: pfd->events now 60 (POLLOUT:4)
0:00:00.021207967  2470 0xbf5370 DEBUG   GST_REGISTRY gstregistry.c:590:gst_registry_add_feature: adding feature 0xc14050 (output-selector)
0:00:00.016296314  2471 0xdaa320 DEBUG   GST_POLL gstpoll.c:980:gst_poll_fd_ctl_write: 0xdb2a00: fd (fd:0, idx:1), active : 1
0:00:00.021217009  2470 0xbf5370 DEBUG   GST_REFCOUNTING gstobject.c:709:gst_object_set_parent: set parent (ref and sink)
0:00:00.016311777  2471 0xdaa320 LOG   GST_POLL gstpoll.c:994:gst_poll_fd_ctl_write: 0xdb2a00: pfd->events now 60 (POLLOUT:4)
0:00:00.021227836  2470 0xbf5370 TRACE   GST_REFCOUNTING gstobject.c:294:gst_object_ref_sink: 0xc14050 ref_sink 1->2
0:00:00.016319416  2471 0xdaa320 DEBUG   GST_POLL gstpoll.c:980:gst_poll_fd_ctl_write: 0xdb2a00: fd (fd:0, idx:1), active : 1
0:00:00.021235586  2470 0xbf5370 LOG   GST_REGISTRY gstregistry.c:608:gst_registry_add_feature: emitting feature-added for output-selector
0:00:00.016325683  2471 0xdaa320 LOG   GST_POLL gstpoll.c:994:gst_poll_fd_ctl_write: 0xdb2a00: pfd->events now 60 (POLLOUT:4)
0:00:00.021243307  2470 0xbf5370 DEBUG   GST_REGISTRY gstregistrychunks.c:741:gst_registry_chunks_load_feature: Added feature output-selector, plugin 0xc0f3c0 coreelements
0:00:00.016332206  2471 0xdaa320 DEBUG   GST_POLL gstpoll.c:980:gst_poll_fd_ctl_write: 0xdb2a00: fd (fd:0, idx:1), active : 1
0:00:00.016338893  2471 0xdaa320 LOG   GST_POLL gstpoll.c:994:gst_poll_fd_ctl_write: 0xdb2a00: pfd->events now 60 (POLLOUT:4)
0:00:00.021252705  2470 0xbf5370 DEBUG   GST_REGISTRY gstregistrychunks.c:583:gst_registry_chunks_load_feature: Plugin 'coreelements' feature 'input-selector' typename : 'GstElementFactory'
0:00:00.016345041  2471 0xdaa320 DEBUG   GST_POLL gstpoll.c:980:gst_poll_fd_ctl_write: 0xdb2a00: fd (fd:0, idx:1), active : 1
0:00:00.021263870  2470 0xbf5370 TRACE   GST_REFCOUNTING gstobject.c:208:gst_object_init: 0xc145f0 new
0:00:00.016351287  2471 0xdaa320 LOG   GST_POLL gstpoll.c:994:gst_poll_fd_ctl_write: 0xdb2a00: pfd->events now 60 (POLLOUT:4)
0:00:00.021273220  2470 0xbf5370 LOG   GST_REGISTRY gstregistrychunks.c:610:gst_registry_chunks_load_feature: Reading/casting for GstRegistryChunkElementFactory at address 0xc117a0
0:00:00.016359800  2471 0xdaa320 DEBUG   GST_POLL gstpoll.c:980:gst_poll_fd_ctl_write: 0xdb2a00: fd (fd:0, idx:1), active : 1
0:00:00.021280481  2470 0xbf5370 TRACE   structure gststructure.c:292:gst_structure_new_id_empty_with_size: created structure 0xc14960
0:00:00.016370457  2471 0xdaa320 LOG   GST_POLL gstpoll.c:994:gst_poll_fd_ctl_write: 0xdb2a00: pfd->events now 60 (POLLOUT:4)
0:00:00.021286567  2470 0xbf5370 DEBUG   structure gststructure.c:2258:gst_structure_parse_field: trying field name 'long-name'
0:00:00.016378207  2471 0xdaa320 DEBUG   GST_POLL gstpoll.c:980:gst_poll_fd_ctl_write: 0xdb2a00: fd (fd:0, idx:1), active : 1
0:00:00.021292875  2470 0xbf5370 DEBUG   default gstvalue.c:2776:_priv_gst_value_parse_value: trying type name 'string'
0:00:00.016384882  2471 0xdaa320 LOG   GST_POLL gstpoll.c:994:gst_poll_fd_ctl_write: 0xdb2a00: pfd->events now 60 (POLLOUT:4)
0:00:00.021301486  2470 0xbf5370 DEBUG   structure gststructure.c:2258:gst_structure_parse_field: trying field name 'klass'
0:00:00.016391633  2471 0xdaa320 DEBUG   GST_POLL gstpoll.c:980:gst_poll_fd_ctl_write: 0xdb2a00: fd (fd:0, idx:1), active : 1
0:00:00.021311980  2470 0xbf5370 DEBUG   default gstvalue.c:2776:_priv_gst_value_parse_value: trying type name 'string'
0:00:00.016400833  2471 0xdaa320 LOG   GST_POLL gstpoll.c:994:gst_poll_fd_ctl_write: 0xdb2a00: pfd->events now 60 (POLLOUT:4)
0:00:00.016408117  2471 0xdaa320 DEBUG   GST_POLL gstpoll.c:980:gst_poll_fd_ctl_write: 0xdb2a00: fd (fd:0, idx:1), active : 1
0:00:00.021321499  2470 0xbf5370 DEBUG   structure gststructure.c:2258:gst_structure_parse_field: trying field name 'description'
0:00:00.016413723  2471 0xdaa320 LOG   GST_POLL gstpoll.c:994:gst_poll_fd_ctl_write: 0xdb2a00: pfd->events now 60 (POLLOUT:4)
0:00:00.021329680  2470 0xbf5370 DEBUG   default gstvalue.c:2776:_priv_gst_value_parse_value: trying type name 'string'
0:00:00.016420354  2471 0xdaa320 DEBUG   GST_POLL gstpoll.c:980:gst_poll_fd_ctl_write: 0xdb2a00: fd (fd:0, idx:1), active : 1
0:00:00.021337117  2470 0xbf5370 DEBUG   structure gststructure.c:2258:gst_structure_parse_field: trying field name 'author'
0:00:00.021342861  2470 0xbf5370 DEBUG   default gstvalue.c:2776:_priv_gst_value_parse_value: trying type name 'string'
0:00:00.016429005  2471 0xdaa320 LOG   GST_POLL gstpoll.c:994:gst_poll_fd_ctl_write: 0xdb2a00: pfd->events now 60 (POLLOUT:4)
0:00:00.021351494  2470 0xbf5370 DEBUG   GST_REGISTRY gstregistrychunks.c:626:gst_registry_chunks_load_feature: Element factory : npadtemplates=2
0:00:00.016437763  2471 0xdaa320 DEBUG   GST_POLL gstpoll.c:980:gst_poll_fd_ctl_write: 0xdb2a00: fd (fd:0, idx:1), active : 1
0:00:00.021357471  2470 0xbf5370 DEBUG   GST_REGISTRY gstregistrychunks.c:526:gst_registry_chunks_load_pad_template: Reading/casting for GstRegistryChunkPadTemplate at address 0xc118d0
0:00:00.016446284  2471 0xdaa320 LOG   GST_POLL gstpoll.c:994:gst_poll_fd_ctl_write: 0xdb2a00: pfd->events now 60 (POLLOUT:4)
0:00:00.021363686  2470 0xbf5370 DEBUG   GST_REGISTRY gstregistrychunks.c:539:gst_registry_chunks_load_pad_template: Added pad_template src
0:00:00.016453198  2471 0xdaa320 DEBUG   GST_POLL gstpoll.c:980:gst_poll_fd_ctl_write: 0xdb2a00: fd (fd:0, idx:1), active : 1
0:00:00.021369766  2470 0xbf5370 DEBUG   GST_REGISTRY gstregistrychunks.c:526:gst_registry_chunks_load_pad_template: Reading/casting for GstRegistryChunkPadTemplate at address 0xc118e0
0:00:00.016459653  2471 0xdaa320 LOG   GST_POLL gstpoll.c:994:gst_poll_fd_ctl_write: 0xdb2a00: pfd->events now 60 (POLLOUT:4)
0:00:00.021378213  2470 0xbf5370 DEBUG   GST_REGISTRY gstregistrychunks.c:539:gst_registry_chunks_load_pad_template: Added pad_template sink_%u
0:00:00.016466211  2471 0xdaa320 DEBUG   GST_POLL gstpoll.c:980:gst_poll_fd_ctl_write: 0xdb2a00: fd (fd:0, idx:1), active : 1
0:00:00.016473678  2471 0xdaa320 LOG   GST_POLL gstpoll.c:994:gst_poll_fd_ctl_write: 0xdb2a00: pfd->events now 60 (POLLOUT:4)
0:00:00.021388124  2470 0xbf5370 DEBUG   GST_REGISTRY gstregistry.c:590:gst_registry_add_feature: adding feature 0xc145f0 (input-selector)
0:00:00.016484396  2471 0xdaa320 DEBUG   GST_POLL gstpoll.c:980:gst_poll_fd_ctl_write: 0xdb2a00: fd (fd:0, idx:1), active : 1
0:00:00.021400112  2470 0xbf5370 DEBUG   GST_REFCOUNTING gstobject.c:709:gst_object_set_parent: set parent (ref and sink)
0:00:00.016493264  2471 0xdaa320 LOG   GST_POLL gstpoll.c:994:gst_poll_fd_ctl_write: 0xdb2a00: pfd->events now 60 (POLLOUT:4)
0:00:00.021408520  2470 0xbf5370 TRACE   GST_REFCOUNTING gstobject.c:294:gst_object_ref_sink: 0xc145f0 ref_sink 1->2
0:00:00.016500955  2471 0xdaa320 DEBUG   GST_POLL gstpoll.c:980:gst_poll_fd_ctl_write: 0xdb2a00: fd (fd:0, idx:1), active : 1
0:00:00.021416511  2470 0xbf5370 LOG   GST_REGISTRY gstregistry.c:608:gst_registry_add_feature: emitting feature-added for input-selector
0:00:00.016507473  2471 0xdaa320 LOG   GST_POLL gstpoll.c:994:gst_poll_fd_ctl_write: 0xdb2a00: pfd->events now 60 (POLLOUT:4)
0:00:00.021424278  2470 0xbf5370 DEBUG   GST_REGISTRY gstregistrychunks.c:741:gst_registry_chunks_load_feature: Added feature input-selector, plugin 0xc0f3c0 coreelements
0:00:00.016514272  2471 0xdaa320 DEBUG   GST_POLL gstpoll.c:980:gst_poll_fd_ctl_write: 0xdb2a00: fd (fd:0, idx:1), active : 1
0:00:00.021431580  2470 0xbf5370 DEBUG   GST_REGISTRY gstregistrychunks.c:583:gst_registry_chunks_load_feature: Plugin 'coreelements' feature 'identity' typename : 'GstElementFactory'
0:00:00.016520384  2471 0xdaa320 LOG   GST_POLL gstpoll.c:994:gst_poll_fd_ctl_write: 0xdb2a00: pfd->events now 60 (POLLOUT:4)
0:00:00.016526941  2471 0xdaa320 DEBUG   GST_POLL gstpoll.c:980:gst_poll_fd_ctl_write: 0xdb2a00: fd (fd:0, idx:1), active : 1
0:00:00.021440180  2470 0xbf5370 TRACE   GST_REFCOUNTING gstobject.c:208:gst_object_init: 0xc14be0 new
0:00:00.016532461  2471 0xdaa320 LOG   GST_POLL gstpoll.c:994:gst_poll_fd_ctl_write: 0xdb2a00: pfd->events now 60 (POLLOUT:4)
0:00:00.016538888  2471 0xdaa320 DEBUG   GST_POLL gstpoll.c:980:gst_poll_fd_ctl_write: 0xdb2a00: fd (fd:0, idx:1), active : 1
0:00:00.021452000  2470 0xbf5370 LOG   GST_REGISTRY gstregistrychunks.c:610:gst_registry_chunks_load_feature: Reading/casting for GstRegistryChunkElementFactory at address 0xc11910
0:00:00.016547215  2471 0xdaa320 LOG   GST_POLL gstpoll.c:994:gst_poll_fd_ctl_write: 0xdb2a00: pfd->events now 60 (POLLOUT:4)
0:00:00.021462608  2470 0xbf5370 TRACE   structure gststructure.c:292:gst_structure_new_id_empty_with_size: created structure 0xc14cd0
0:00:00.016555013  2471 0xdaa320 DEBUG   GST_POLL gstpoll.c:980:gst_poll_fd_ctl_write: 0xdb2a00: fd (fd:0, idx:1), active : 1
0:00:00.021470029  2470 0xbf5370 DEBUG   structure gststructure.c:2258:gst_structure_parse_field: trying field name 'long-name'
0:00:00.016561376  2471 0xdaa320 LOG   GST_POLL gstpoll.c:994:gst_poll_fd_ctl_write: 0xdb2a00: pfd->events now 60 (POLLOUT:4)
0:00:00.021476730  2470 0xbf5370 DEBUG   default gstvalue.c:2776:_priv_gst_value_parse_value: trying type name 'string'
0:00:00.016572633  2471 0xdaa320 DEBUG   GST_POLL gstpoll.c:980:gst_poll_fd_ctl_write: 0xdb2a00: fd (fd:0, idx:1), active : 1
0:00:00.021488817  2470 0xbf5370 DEBUG   structure gststructure.c:2258:gst_structure_parse_field: trying field name 'klass'
0:00:00.016578994  2471 0xdaa320 LOG   GST_POLL gstpoll.c:994:gst_poll_fd_ctl_write: 0xdb2a00: pfd->events now 60 (POLLOUT:4)
0:00:00.021494420  2470 0xbf5370 DEBUG   default gstvalue.c:2776:_priv_gst_value_parse_value: trying type name 'string'
0:00:00.016585608  2471 0xdaa320 DEBUG   GST_POLL gstpoll.c:980:gst_poll_fd_ctl_write: 0xdb2a00: fd (fd:0, idx:1), active : 1
0:00:00.021500900  2470 0xbf5370 DEBUG   structure gststructure.c:2258:gst_structure_parse_field: trying field name 'description'
0:00:00.016591819  2471 0xdaa320 LOG   GST_POLL gstpoll.c:994:gst_poll_fd_ctl_write: 0xdb2a00: pfd->events now 60 (POLLOUT:4)
0:00:00.021506976  2470 0xbf5370 DEBUG   default gstvalue.c:2776:_priv_gst_value_parse_value: trying type name 'string'
0:00:00.016598468  2471 0xdaa320 DEBUG   GST_POLL gstpoll.c:980:gst_poll_fd_ctl_write: 0xdb2a00: fd (fd:0, idx:1), active : 1
0:00:00.021516987  2470 0xbf5370 DEBUG   structure gststructure.c:2258:gst_structure_parse_field: trying field name 'author'
0:00:00.016607104  2471 0xdaa320 LOG   GST_POLL gstpoll.c:994:gst_poll_fd_ctl_write: 0xdb2a00: pfd->events now 60 (POLLOUT:4)
0:00:00.021524074  2470 0xbf5370 DEBUG   default gstvalue.c:2776:_priv_gst_value_parse_value: trying type name 'string'
0:00:00.016614605  2471 0xdaa320 DEBUG   GST_POLL gstpoll.c:980:gst_poll_fd_ctl_write: 0xdb2a00: fd (fd:0, idx:1), active : 1
0:00:00.021531739  2470 0xbf5370 DEBUG   GST_REGISTRY gstregistrychunks.c:626:gst_registry_chunks_load_feature: Element factory : npadtemplates=2
0:00:00.016621032  2471 0xdaa320 LOG   GST_POLL gstpoll.c:994:gst_poll_fd_ctl_write: 0xdb2a00: pfd->events now 60 (POLLOUT:4)
0:00:00.021537741  2470 0xbf5370 DEBUG   GST_REGISTRY gstregistrychunks.c:526:gst_registry_chunks_load_pad_template: Reading/casting for GstRegistryChunkPadTemplate at address 0xc119e0
0:00:00.016627780  2471 0xdaa320 DEBUG   GST_POLL gstpoll.c:980:gst_poll_fd_ctl_write: 0xdb2a00: fd (fd:0, idx:1), active : 1
0:00:00.021543894  2470 0xbf5370 DEBUG   GST_REGISTRY gstregistrychunks.c:539:gst_registry_chunks_load_pad_template: Added pad_template sink
0:00:00.016634036  2471 0xdaa320 LOG   GST_POLL gstpoll.c:994:gst_poll_fd_ctl_write: 0xdb2a00: pfd->events now 60 (POLLOUT:4)
0:00:00.021549874  2470 0xbf5370 DEBUG   GST_REGISTRY gstregistrychunks.c:526:gst_registry_chunks_load_pad_template: Reading/casting for GstRegistryChunkPadTemplate at address 0xc119f8
0:00:00.016640669  2471 0xdaa320 DEBUG   GST_POLL gstpoll.c:980:gst_poll_fd_ctl_write: 0xdb2a00: fd (fd:0, idx:1), active : 1
0:00:00.021555921  2470 0xbf5370 DEBUG   GST_REGISTRY gstregistrychunks.c:539:gst_registry_chunks_load_pad_template: Added pad_template src
0:00:00.016647023  2471 0xdaa320 LOG   GST_POLL gstpoll.c:994:gst_poll_fd_ctl_write: 0xdb2a00: pfd->events now 60 (POLLOUT:4)
0:00:00.016656430  2471 0xdaa320 DEBUG   GST_POLL gstpoll.c:980:gst_poll_fd_ctl_write: 0xdb2a00: fd (fd:0, idx:1), active : 1
0:00:00.021574607  2470 0xbf5370 DEBUG   GST_REGISTRY gstregistry.c:590:gst_registry_add_feature: adding feature 0xc14be0 (identity)
0:00:00.016664836  2471 0xdaa320 LOG   GST_POLL gstpoll.c:994:gst_poll_fd_ctl_write: 0xdb2a00: pfd->events now 60 (POLLOUT:4)
0:00:00.021583147  2470 0xbf5370 DEBUG   GST_REFCOUNTING gstobject.c:709:gst_object_set_parent: set parent (ref and sink)
0:00:00.016676952  2471 0xdaa320 DEBUG   GST_POLL gstpoll.c:980:gst_poll_fd_ctl_write: 0xdb2a00: fd (fd:0, idx:1), active : 1
0:00:00.016683430  2471 0xdaa320 LOG   GST_POLL gstpoll.c:994:gst_poll_fd_ctl_write: 0xdb2a00: pfd->events now 60 (POLLOUT:4)
0:00:00.021596645  2470 0xbf5370 TRACE   GST_REFCOUNTING gstobject.c:294:gst_object_ref_sink: 0xc14be0 ref_sink 1->2
0:00:00.016689687  2471 0xdaa320 DEBUG   GST_POLL gstpoll.c:980:gst_poll_fd_ctl_write: 0xdb2a00: fd (fd:0, idx:1), active : 1
0:00:00.021605803  2470 0xbf5370 LOG   GST_REGISTRY gstregistry.c:608:gst_registry_add_feature: emitting feature-added for identity
0:00:00.016695745  2471 0xdaa320 LOG   GST_POLL gstpoll.c:994:gst_poll_fd_ctl_write: 0xdb2a00: pfd->events now 60 (POLLOUT:4)
0:00:00.021613175  2470 0xbf5370 DEBUG   GST_REGISTRY gstregistrychunks.c:741:gst_registry_chunks_load_feature: Added feature identity, plugin 0xc0f3c0 coreelements
0:00:00.016702344  2471 0xdaa320 DEBUG   GST_POLL gstpoll.c:980:gst_poll_fd_ctl_write: 0xdb2a00: fd (fd:0, idx:1), active : 1
0:00:00.021620494  2470 0xbf5370 DEBUG   GST_REGISTRY gstregistrychunks.c:583:gst_registry_chunks_load_feature: Plugin 'coreelements' feature 'funnel' typename : 'GstElementFactory'
0:00:00.016708270  2471 0xdaa320 LOG   GST_POLL gstpoll.c:994:gst_poll_fd_ctl_write: 0xdb2a00: pfd->events now 60 (POLLOUT:4)
0:00:00.021629291  2470 0xbf5370 TRACE   GST_REFCOUNTING gstobject.c:208:gst_object_init: 0xc14f50 new
0:00:00.016717973  2471 0xdaa320 DEBUG   GST_POLL gstpoll.c:980:gst_poll_fd_ctl_write: 0xdb2a00: fd (fd:0, idx:1), active : 1
0:00:00.016725845  2471 0xdaa320 LOG   GST_POLL gstpoll.c:994:gst_poll_fd_ctl_write: 0xdb2a00: pfd->events now 60 (POLLOUT:4)
0:00:00.021640368  2470 0xbf5370 LOG   GST_REGISTRY gstregistrychunks.c:610:gst_registry_chunks_load_feature: Reading/casting for GstRegistryChunkElementFactory at address 0xc11a28
0:00:00.016732163  2471 0xdaa320 DEBUG   GST_POLL gstpoll.c:980:gst_poll_fd_ctl_write: 0xdb2a00: fd (fd:0, idx:1), active : 1
0:00:00.021648473  2470 0xbf5370 TRACE   structure gststructure.c:292:gst_structure_new_id_empty_with_size: created structure 0xc15110
0:00:00.016738489  2471 0xdaa320 LOG   GST_POLL gstpoll.c:994:gst_poll_fd_ctl_write: 0xdb2a00: pfd->events now 60 (POLLOUT:4)
0:00:00.021655041  2470 0xbf5370 DEBUG   structure gststructure.c:2258:gst_structure_parse_field: trying field name 'long-name'
0:00:00.016749750  2471 0xdaa320 DEBUG   GST_POLL gstpoll.c:980:gst_poll_fd_ctl_write: 0xdb2a00: fd (fd:0, idx:1), active : 1
0:00:00.021664943  2470 0xbf5370 DEBUG   default gstvalue.c:2776:_priv_gst_value_parse_value: trying type name 'string'
0:00:00.016756205  2471 0xdaa320 LOG   GST_POLL gstpoll.c:994:gst_poll_fd_ctl_write: 0xdb2a00: pfd->events now 60 (POLLOUT:4)
0:00:00.021673280  2470 0xbf5370 DEBUG   structure gststructure.c:2258:gst_structure_parse_field: trying field name 'klass'
0:00:00.016762649  2471 0xdaa320 DEBUG   GST_POLL gstpoll.c:980:gst_poll_fd_ctl_write: 0xdb2a00: fd (fd:0, idx:1), active : 1
0:00:00.021679142  2470 0xbf5370 DEBUG   default gstvalue.c:2776:_priv_gst_value_parse_value: trying type name 'string'
0:00:00.016769035  2471 0xdaa320 LOG   GST_POLL gstpoll.c:994:gst_poll_fd_ctl_write: 0xdb2a00: pfd->events now 60 (POLLOUT:4)
0:00:00.021685962  2470 0xbf5370 DEBUG   structure gststructure.c:2258:gst_structure_parse_field: trying field name 'description'
0:00:00.021692203  2470 0xbf5370 DEBUG   default gstvalue.c:2776:_priv_gst_value_parse_value: trying type name 'string'
0:00:00.016778154  2471 0xdaa320 DEBUG   GST_POLL gstpoll.c:980:gst_poll_fd_ctl_write: 0xdb2a00: fd (fd:0, idx:1), active : 1
0:00:00.016787711  2471 0xdaa320 LOG   GST_POLL gstpoll.c:994:gst_poll_fd_ctl_write: 0xdb2a00: pfd->events now 60 (POLLOUT:4)
