0:00:00.021701590  2470 0xbf5370 DEBUG   structure gststructure.c:2258:gst_structure_parse_field: trying field name 'author'
0:00:00.016794057  2471 0xdaa320 DEBUG   GST_POLL gstpoll.c:980:gst_poll_fd_ctl_write: 0xdb2a00: fd (fd:0, idx:1), active : 1
0:00:00.021709420  2470 0xbf5370 DEBUG   default gstvalue.c:2776:_priv_gst_value_parse_value: trying type name 'string'
0:00:00.016800465  2471 0xdaa320 LOG   GST_POLL gstpoll.c:994:gst_poll_fd_ctl_write: 0xdb2a00: pfd->events now 60 (POLLOUT:4)
0:00:00.021717883  2470 0xbf5370 DEBUG   GST_REGISTRY gstregistrychunks.c:626:gst_registry_chunks_load_feature: Element factory : npadtemplates=2
0:00:00.016807133  2471 0xdaa320 DEBUG   GST_POLL gstpoll.c:980:gst_poll_fd_ctl_write: 0xdb2a00: fd (fd:0, idx:1), active : 1
0:00:00.021723844  2470 0xbf5370 DEBUG   GST_REGISTRY gstregistrychunks.c:526:gst_registry_chunks_load_pad_template: Reading/casting for GstRegistryChunkPadTemplate at address 0xc11b00
0:00:00.016813377  2471 0xdaa320 LOG   GST_POLL gstpoll.c:994:gst_poll_fd_ctl_write: 0xdb2a00: pfd->events now 60 (POLLOUT:4)
0:00:00.021730209  2470 0xbf5370 DEBUG   GST_REGISTRY gstregistrychunks.c:539:gst_registry_chunks_load_pad_template: Added pad_template src
0:00:00.016820026  2471 0xdaa320 DEBUG   GST_POLL gstpoll.c:980:gst_poll_fd_ctl_write: 0xdb2a00: fd (fd:0, idx:1), active : 1
0:00:00.021736349  2470 0xbf5370 DEBUG   GST_REGISTRY gstregistrychunks.c:526:gst_registry_chunks_load_pad_template: Reading/casting for GstRegistryChunkPadTemplate at address 0xc11b10
0:00:00.016826277  2471 0xdaa320 LOG   GST_POLL gstpoll.c:994:gst_poll_fd_ctl_write: 0xdb2a00: pfd->events now 60 (POLLOUT:4)
0:00:00.021747813  2470 0xbf5370 DEBUG   GST_REGISTRY gstregistrychunks.c:539:gst_registry_chunks_load_pad_template: Added pad_template sink_%u
0:00:00.016838842  2471 0xdaa320 DEBUG   GST_POLL gstpoll.c:980:gst_poll_fd_ctl_write: 0xdb2a00: fd (fd:0, idx:1), active : 1
0:00:00.021756783  2470 0xbf5370 DEBUG   GST_REGISTRY gstregistry.c:590:gst_registry_add_feature: adding feature 0xc14f50 (funnel)
0:00:00.016845953  2471 0xdaa320 LOG   GST_POLL gstpoll.c:994:gst_poll_fd_ctl_write: 0xdb2a00: pfd->events now 60 (POLLOUT:4)
0:00:00.021765272  2470 0xbf5370 DEBUG   GST_REFCOUNTING gstobject.c:709:gst_object_set_parent: set parent (ref and sink)
0:00:00.016853074  2471 0xdaa320 DEBUG   GST_POLL gstpoll.c:980:gst_poll_fd_ctl_write: 0xdb2a00: fd (fd:0, idx:1), active : 1
0:00:00.016861666  2471 0xdaa320 LOG   GST_POLL gstpoll.c:994:gst_poll_fd_ctl_write: 0xdb2a00: pfd->events now 60 (POLLOUT:4)
0:00:00.021775069  2470 0xbf5370 TRACE   GST_REFCOUNTING gstobject.c:294:gst_object_ref_sink: 0xc14f50 ref_sink 1->2
0:00:00.016867765  2471 0xdaa320 DEBUG   GST_POLL gstpoll.c:980:gst_poll_fd_ctl_write: 0xdb2a00: fd (fd:0, idx:1), active : 1
0:00:00.021783762  2470 0xbf5370 LOG   GST_REGISTRY gstregistry.c:608:gst_registry_add_feature: emitting feature-added for funnel
0:00:00.016874063  2471 0xdaa320 LOG   GST_POLL gstpoll.c:994:gst_poll_fd_ctl_write: 0xdb2a00: pfd->events now 60 (POLLOUT:4)
0:00:00.021791031  2470 0xbf5370 DEBUG   GST_REGISTRY gstregistrychunks.c:741:gst_registry_chunks_load_feature: Added feature funnel, plugin 0xc0f3c0 coreelements
0:00:00.016880695  2471 0xdaa320 DEBUG   GST_POLL gstpoll.c:980:gst_poll_fd_ctl_write: 0xdb2a00: fd (fd:0, idx:1), active : 1
0:00:00.021798182  2470 0xbf5370 DEBUG   GST_REGISTRY gstregistrychunks.c:583:gst_registry_chunks_load_feature: Plugin 'coreelements' feature 'filesrc' typename : 'GstElementFactory'
0:00:00.016886869  2471 0xdaa320 LOG   GST_POLL gstpoll.c:994:gst_poll_fd_ctl_write: 0xdb2a00: pfd->events now 60 (POLLOUT:4)
0:00:00.021806604  2470 0xbf5370 TRACE   GST_REFCOUNTING gstobject.c:208:gst_object_init: 0xc14e50 new
0:00:00.016896040  2471 0xdaa320 DEBUG   GST_POLL gstpoll.c:980:gst_poll_fd_ctl_write: 0xdb2a00: fd (fd:0, idx:1), active : 1
0:00:00.021815283  2470 0xbf5370 LOG   GST_REGISTRY gstregistrychunks.c:610:gst_registry_chunks_load_feature: Reading/casting for GstRegistryChunkElementFactory at address 0xc11b40
0:00:00.016903147  2471 0xdaa320 LOG   GST_POLL gstpoll.c:994:gst_poll_fd_ctl_write: 0xdb2a00: pfd->events now 60 (POLLOUT:4)
0:00:00.021822375  2470 0xbf5370 TRACE   structure gststructure.c:292:gst_structure_new_id_empty_with_size: created structure 0xc15480
0:00:00.016910825  2471 0xdaa320 DEBUG   GST_POLL gstpoll.c:980:gst_poll_fd_ctl_write: 0xdb2a00: fd (fd:0, idx:1), active : 1
0:00:00.021830755  2470 0xbf5370 DEBUG   structure gststructure.c:2258:gst_structure_parse_field: trying field name 'long-name'
0:00:00.016923162  2471 0xdaa320 LOG   GST_POLL gstpoll.c:994:gst_poll_fd_ctl_write: 0xdb2a00: pfd->events now 60 (POLLOUT:4)
0:00:00.021839266  2470 0xbf5370 DEBUG   default gstvalue.c:2776:_priv_gst_value_parse_value: trying type name 'string'
0:00:00.016929838  2471 0xdaa320 DEBUG   GST_POLL gstpoll.c:980:gst_poll_fd_ctl_write: 0xdb2a00: fd (fd:0, idx:1), active : 1
0:00:00.021846990  2470 0xbf5370 DEBUG   structure gststructure.c:2258:gst_structure_parse_field: trying field name 'klass'
0:00:00.016936192  2471 0xdaa320 LOG   GST_POLL gstpoll.c:994:gst_poll_fd_ctl_write: 0xdb2a00: pfd->events now 60 (POLLOUT:4)
0:00:00.021852951  2470 0xbf5370 DEBUG   default gstvalue.c:2776:_priv_gst_value_parse_value: trying type name 'string'
0:00:00.016942993  2471 0xdaa320 DEBUG   GST_POLL gstpoll.c:980:gst_poll_fd_ctl_write: 0xdb2a00: fd (fd:0, idx:1), active : 1
0:00:00.021860551  2470 0xbf5370 DEBUG   structure gststructure.c:2258:gst_structure_parse_field: trying field name 'description'
0:00:00.016949125  2471 0xdaa320 LOG   GST_POLL gstpoll.c:994:gst_poll_fd_ctl_write: 0xdb2a00: pfd->events now 60 (POLLOUT:4)
0:00:00.021866687  2470 0xbf5370 DEBUG   default gstvalue.c:2776:_priv_gst_value_parse_value: trying type name 'string'
0:00:00.016958319  2471 0xdaa320 DEBUG   GST_POLL gstpoll.c:980:gst_poll_fd_ctl_write: 0xdb2a00: fd (fd:0, idx:1), active : 1
0:00:00.021874198  2470 0xbf5370 DEBUG   structure gststructure.c:2258:gst_structure_parse_field: trying field name 'author'
0:00:00.016965406  2471 0xdaa320 LOG   GST_POLL gstpoll.c:994:gst_poll_fd_ctl_write: 0xdb2a00: pfd->events now 60 (POLLOUT:4)
0:00:00.021880792  2470 0xbf5370 DEBUG   default gstvalue.c:2776:_priv_gst_value_parse_value: trying type name 'string'
0:00:00.016972556  2471 0xdaa320 DEBUG   GST_POLL gstpoll.c:980:gst_poll_fd_ctl_write: 0xdb2a00: fd (fd:0, idx:1), active : 1
0:00:00.021891706  2470 0xbf5370 DEBUG   GST_REGISTRY gstregistrychunks.c:626:gst_registry_chunks_load_feature: Element factory : npadtemplates=1
0:00:00.016979117  2471 0xdaa320 LOG   GST_POLL gstpoll.c:994:gst_poll_fd_ctl_write: 0xdb2a00: pfd->events now 60 (POLLOUT:4)
0:00:00.021900771  2470 0xbf5370 DEBUG   GST_REGISTRY gstregistrychunks.c:526:gst_registry_chunks_load_pad_template: Reading/casting for GstRegistryChunkPadTemplate at address 0xc11c20
0:00:00.016988620  2471 0xdaa320 DEBUG   GST_POLL gstpoll.c:980:gst_poll_fd_ctl_write: 0xdb2a00: fd (fd:0, idx:1), active : 1
0:00:00.021908440  2470 0xbf5370 DEBUG   GST_REGISTRY gstregistrychunks.c:539:gst_registry_chunks_load_pad_template: Added pad_template src
0:00:00.016996573  2471 0xdaa320 LOG   GST_POLL gstpoll.c:994:gst_poll_fd_ctl_write: 0xdb2a00: pfd->events now 60 (POLLOUT:4)
0:00:00.021915716  2470 0xbf5370 DEBUG   GST_REGISTRY gstregistrychunks.c:639:gst_registry_chunks_load_feature: Reading 1 UriTypes at address 0xc11c30
0:00:00.017003934  2471 0xdaa320 DEBUG   GST_POLL gstpoll.c:980:gst_poll_fd_ctl_write: 0xdb2a00: fd (fd:0, idx:1), active : 1
0:00:00.021928687  2470 0xbf5370 DEBUG   GST_REGISTRY gstregistrychunks.c:654:gst_registry_chunks_load_feature: Reading 1 Interfaces at address 0xc11c39
0:00:00.017016080  2471 0xdaa320 LOG   GST_POLL gstpoll.c:994:gst_poll_fd_ctl_write: 0xdb2a00: pfd->events now 60 (POLLOUT:4)
0:00:00.021938441  2470 0xbf5370 DEBUG   GST_REGISTRY gstregistry.c:590:gst_registry_add_feature: adding feature 0xc14e50 (filesrc)
0:00:00.017026407  2471 0xdaa320 DEBUG   GST_POLL gstpoll.c:980:gst_poll_fd_ctl_write: 0xdb2a00: fd (fd:0, idx:1), active : 1
0:00:00.021945060  2470 0xbf5370 DEBUG   GST_REFCOUNTING gstobject.c:709:gst_object_set_parent: set parent (ref and sink)
0:00:00.017033384  2471 0xdaa320 LOG   GST_POLL gstpoll.c:994:gst_poll_fd_ctl_write: 0xdb2a00: pfd->events now 60 (POLLOUT:4)
0:00:00.021953206  2470 0xbf5370 TRACE   GST_REFCOUNTING gstobject.c:294:gst_object_ref_sink: 0xc14e50 ref_sink 1->2
0:00:00.017041096  2471 0xdaa320 DEBUG   GST_POLL gstpoll.c:980:gst_poll_fd_ctl_write: 0xdb2a00: fd (fd:0, idx:1), active : 1
0:00:00.017049400  2471 0xdaa320 LOG   GST_POLL gstpoll.c:994:gst_poll_fd_ctl_write: 0xdb2a00: pfd->events now 60 (POLLOUT:4)
0:00:00.021963250  2470 0xbf5370 LOG   GST_REGISTRY gstregistry.c:608:gst_registry_add_feature: emitting feature-added for filesrc
0:00:00.017055683  2471 0xdaa320 DEBUG   GST_POLL gstpoll.c:980:gst_poll_fd_ctl_write: 0xdb2a00: fd (fd:0, idx:1), active : 1
0:00:00.021972523  2470 0xbf5370 DEBUG   GST_REGISTRY gstregistrychunks.c:741:gst_registry_chunks_load_feature: Added feature filesrc, plugin 0xc0f3c0 coreelements
0:00:00.017061874  2471 0xdaa320 LOG   GST_POLL gstpoll.c:994:gst_poll_fd_ctl_write: 0xdb2a00: pfd->events now 60 (POLLOUT:4)
0:00:00.021980249  2470 0xbf5370 DEBUG   GST_REGISTRY gstregistrychunks.c:583:gst_registry_chunks_load_feature: Plugin 'coreelements' feature 'fdsink' typename : 'GstElementFactory'
0:00:00.017068516  2471 0xdaa320 DEBUG   GST_POLL gstpoll.c:980:gst_poll_fd_ctl_write: 0xdb2a00: fd (fd:0, idx:1), active : 1
0:00:00.017075031  2471 0xdaa320 LOG   GST_POLL gstpoll.c:994:gst_poll_fd_ctl_write: 0xdb2a00: pfd->events now 60 (POLLOUT:4)
0:00:00.021989716  2470 0xbf5370 TRACE   GST_REFCOUNTING gstobject.c:208:gst_object_init: 0xc155b0 new
0:00:00.017083870  2471 0xdaa320 DEBUG   GST_POLL gstpoll.c:980:gst_poll_fd_ctl_write: 0xdb2a00: fd (fd:0, idx:1), active : 1
0:00:00.021999911  2470 0xbf5370 LOG   GST_REGISTRY gstregistrychunks.c:610:gst_registry_chunks_load_feature: Reading/casting for GstRegistryChunkElementFactory at address 0xc11c60
0:00:00.017091082  2471 0xdaa320 LOG   GST_POLL gstpoll.c:994:gst_poll_fd_ctl_write: 0xdb2a00: pfd->events now 60 (POLLOUT:4)
0:00:00.022007595  2470 0xbf5370 TRACE   structure gststructure.c:292:gst_structure_new_id_empty_with_size: created structure 0xc15770
0:00:00.017098026  2471 0xdaa320 DEBUG   GST_POLL gstpoll.c:980:gst_poll_fd_ctl_write: 0xdb2a00: fd (fd:0, idx:1), active : 1
0:00:00.022019065  2470 0xbf5370 DEBUG   structure gststructure.c:2258:gst_structure_parse_field: trying field name 'long-name'
0:00:00.017107203  2471 0xdaa320 LOG   GST_POLL gstpoll.c:994:gst_poll_fd_ctl_write: 0xdb2a00: pfd->events now 60 (POLLOUT:4)
0:00:00.022025407  2470 0xbf5370 DEBUG   default gstvalue.c:2776:_priv_gst_value_parse_value: trying type name 'string'
0:00:00.017114334  2471 0xdaa320 DEBUG   GST_POLL gstpoll.c:980:gst_poll_fd_ctl_write: 0xdb2a00: fd (fd:0, idx:1), active : 1
0:00:00.017121149  2471 0xdaa320 LOG   GST_POLL gstpoll.c:994:gst_poll_fd_ctl_write: 0xdb2a00: pfd->events now 60 (POLLOUT:4)
0:00:00.022035396  2470 0xbf5370 DEBUG   structure gststructure.c:2258:gst_structure_parse_field: trying field name 'klass'
0:00:00.017126934  2471 0xdaa320 DEBUG   GST_POLL gstpoll.c:980:gst_poll_fd_ctl_write: 0xdb2a00: fd (fd:0, idx:1), active : 1
0:00:00.022042863  2470 0xbf5370 DEBUG   default gstvalue.c:2776:_priv_gst_value_parse_value: trying type name 'string'
0:00:00.017133140  2471 0xdaa320 LOG   GST_POLL gstpoll.c:994:gst_poll_fd_ctl_write: 0xdb2a00: pfd->events now 60 (POLLOUT:4)
0:00:00.022050434  2470 0xbf5370 DEBUG   structure gststructure.c:2258:gst_structure_parse_field: trying field name 'description'
0:00:00.017142228  2471 0xdaa320 DEBUG   GST_POLL gstpoll.c:980:gst_poll_fd_ctl_write: 0xdb2a00: fd (fd:0, idx:1), active : 1
0:00:00.022056582  2470 0xbf5370 DEBUG   default gstvalue.c:2776:_priv_gst_value_parse_value: trying type name 'string'
0:00:00.017149561  2471 0xdaa320 LOG   GST_POLL gstpoll.c:994:gst_poll_fd_ctl_write: 0xdb2a00: pfd->events now 60 (POLLOUT:4)
0:00:00.022066223  2470 0xbf5370 DEBUG   structure gststructure.c:2258:gst_structure_parse_field: trying field name 'author'
0:00:00.017156719  2471 0xdaa320 DEBUG   GST_POLL gstpoll.c:980:gst_poll_fd_ctl_write: 0xdb2a00: fd (fd:0, idx:1), active : 1
0:00:00.022072038  2470 0xbf5370 DEBUG   default gstvalue.c:2776:_priv_gst_value_parse_value: trying type name 'string'
0:00:00.017163397  2471 0xdaa320 LOG   GST_POLL gstpoll.c:994:gst_poll_fd_ctl_write: 0xdb2a00: pfd->events now 60 (POLLOUT:4)
0:00:00.022080213  2470 0xbf5370 DEBUG   GST_REGISTRY gstregistrychunks.c:626:gst_registry_chunks_load_feature: Element factory : npadtemplates=1
0:00:00.017170163  2471 0xdaa320 DEBUG   GST_POLL gstpoll.c:980:gst_poll_fd_ctl_write: 0xdb2a00: fd (fd:0, idx:1), active : 1
0:00:00.022086310  2470 0xbf5370 DEBUG   GST_REGISTRY gstregistrychunks.c:526:gst_registry_chunks_load_pad_template: Reading/casting for GstRegistryChunkPadTemplate at address 0xc11d40
0:00:00.017176328  2471 0xdaa320 LOG   GST_POLL gstpoll.c:994:gst_poll_fd_ctl_write: 0xdb2a00: pfd->events now 60 (POLLOUT:4)
0:00:00.022094871  2470 0xbf5370 DEBUG   GST_REGISTRY gstregistrychunks.c:539:gst_registry_chunks_load_pad_template: Added pad_template sink
0:00:00.017182890  2471 0xdaa320 DEBUG   GST_POLL gstpoll.c:980:gst_poll_fd_ctl_write: 0xdb2a00: fd (fd:0, idx:1), active : 1
0:00:00.022109319  2470 0xbf5370 DEBUG   GST_REGISTRY gstregistrychunks.c:639:gst_registry_chunks_load_feature: Reading 1 UriTypes at address 0xc11d51
0:00:00.017196845  2471 0xdaa320 LOG   GST_POLL gstpoll.c:994:gst_poll_fd_ctl_write: 0xdb2a00: pfd->events now 60 (POLLOUT:4)
0:00:00.022116819  2470 0xbf5370 DEBUG   GST_REGISTRY gstregistrychunks.c:654:gst_registry_chunks_load_feature: Reading 1 Interfaces at address 0xc11d5f
0:00:00.017207183  2471 0xdaa320 DEBUG   GST_POLL gstpoll.c:980:gst_poll_fd_ctl_write: 0xdb2a00: fd (fd:0, idx:1), active : 1
0:00:00.022126060  2470 0xbf5370 DEBUG   GST_REGISTRY gstregistry.c:590:gst_registry_add_feature: adding feature 0xc155b0 (fdsink)
0:00:00.017214223  2471 0xdaa320 LOG   GST_POLL gstpoll.c:994:gst_poll_fd_ctl_write: 0xdb2a00: pfd->events now 60 (POLLOUT:4)
0:00:00.017231339  2471 0xdaa320 DEBUG   GST_POLL gstpoll.c:980:gst_poll_fd_ctl_write: 0xdb2a00: fd (fd:0, idx:1), active : 1
0:00:00.022142311  2470 0xbf5370 DEBUG   GST_REFCOUNTING gstobject.c:709:gst_object_set_parent: set parent (ref and sink)
0:00:00.017237248  2471 0xdaa320 LOG   GST_POLL gstpoll.c:994:gst_poll_fd_ctl_write: 0xdb2a00: pfd->events now 60 (POLLOUT:4)
0:00:00.022157413  2470 0xbf5370 TRACE   GST_REFCOUNTING gstobject.c:294:gst_object_ref_sink: 0xc155b0 ref_sink 1->2
0:00:00.017244388  2471 0xdaa320 DEBUG   GST_POLL gstpoll.c:980:gst_poll_fd_ctl_write: 0xdb2a00: fd (fd:0, idx:1), active : 1
0:00:00.022165113  2470 0xbf5370 LOG   GST_REGISTRY gstregistry.c:608:gst_registry_add_feature: emitting feature-added for fdsink
0:00:00.017252557  2471 0xdaa320 LOG   GST_POLL gstpoll.c:994:gst_poll_fd_ctl_write: 0xdb2a00: pfd->events now 60 (POLLOUT:4)
0:00:00.022174939  2470 0xbf5370 DEBUG   GST_REGISTRY gstregistrychunks.c:741:gst_registry_chunks_load_feature: Added feature fdsink, plugin 0xc0f3c0 coreelements
0:00:00.017267960  2471 0xdaa320 DEBUG   GST_POLL gstpoll.c:980:gst_poll_fd_ctl_write: 0xdb2a00: fd (fd:0, idx:1), active : 1
0:00:00.022183435  2470 0xbf5370 DEBUG   GST_REGISTRY gstregistrychunks.c:583:gst_registry_chunks_load_feature: Plugin 'coreelements' feature 'fdsrc' typename : 'GstElementFactory'
0:00:00.017275161  2471 0xdaa320 LOG   GST_POLL gstpoll.c:994:gst_poll_fd_ctl_write: 0xdb2a00: pfd->events now 60 (POLLOUT:4)
0:00:00.022194383  2470 0xbf5370 TRACE   GST_REFCOUNTING gstobject.c:208:gst_object_init: 0xc158a0 new
0:00:00.017282036  2471 0xdaa320 DEBUG   GST_POLL gstpoll.c:980:gst_poll_fd_ctl_write: 0xdb2a00: fd (fd:0, idx:1), active : 1
0:00:00.017290110  2471 0xdaa320 LOG   GST_POLL gstpoll.c:994:gst_poll_fd_ctl_write: 0xdb2a00: pfd->events now 60 (POLLOUT:4)
0:00:00.022203785  2470 0xbf5370 LOG   GST_REGISTRY gstregistrychunks.c:610:gst_registry_chunks_load_feature: Reading/casting for GstRegistryChunkElementFactory at address 0xc11d88
0:00:00.017296013  2471 0xdaa320 DEBUG   GST_POLL gstpoll.c:980:gst_poll_fd_ctl_write: 0xdb2a00: fd (fd:0, idx:1), active : 1
0:00:00.022216746  2470 0xbf5370 TRACE   structure gststructure.c:292:gst_structure_new_id_empty_with_size: created structure 0xc15af0
0:00:00.017304540  2471 0xdaa320 LOG   GST_POLL gstpoll.c:994:gst_poll_fd_ctl_write: 0xdb2a00: pfd->events now 60 (POLLOUT:4)
0:00:00.022223613  2470 0xbf5370 DEBUG   structure gststructure.c:2258:gst_structure_parse_field: trying field name 'long-name'
0:00:00.017312181  2471 0xdaa320 DEBUG   GST_POLL gstpoll.c:980:gst_poll_fd_ctl_write: 0xdb2a00: fd (fd:0, idx:1), active : 1
0:00:00.022229676  2470 0xbf5370 DEBUG   default gstvalue.c:2776:_priv_gst_value_parse_value: trying type name 'string'
0:00:00.017318385  2471 0xdaa320 LOG   GST_POLL gstpoll.c:994:gst_poll_fd_ctl_write: 0xdb2a00: pfd->events now 60 (POLLOUT:4)
0:00:00.022236864  2470 0xbf5370 DEBUG   structure gststructure.c:2258:gst_structure_parse_field: trying field name 'klass'
0:00:00.017327592  2471 0xdaa320 DEBUG   GST_POLL gstpoll.c:980:gst_poll_fd_ctl_write: 0xdb2a00: fd (fd:0, idx:1), active : 1
0:00:00.022245157  2470 0xbf5370 DEBUG   default gstvalue.c:2776:_priv_gst_value_parse_value: trying type name 'string'
0:00:00.017334880  2471 0xdaa320 LOG   GST_POLL gstpoll.c:994:gst_poll_fd_ctl_write: 0xdb2a00: pfd->events now 60 (POLLOUT:4)
0:00:00.022253831  2470 0xbf5370 DEBUG   structure gststructure.c:2258:gst_structure_parse_field: trying field name 'description'
0:00:00.017342033  2471 0xdaa320 DEBUG   GST_POLL gstpoll.c:980:gst_poll_fd_ctl_write: 0xdb2a00: fd (fd:0, idx:1), active : 1
0:00:00.022260258  2470 0xbf5370 DEBUG   default gstvalue.c:2776:_priv_gst_value_parse_value: trying type name 'string'
0:00:00.017348859  2471 0xdaa320 LOG   GST_POLL gstpoll.c:994:gst_poll_fd_ctl_write: 0xdb2a00: pfd->events now 60 (POLLOUT:4)
0:00:00.022268038  2470 0xbf5370 DEBUG   structure gststructure.c:2258:gst_structure_parse_field: trying field name 'author'
0:00:00.017355493  2471 0xdaa320 DEBUG   GST_POLL gstpoll.c:980:gst_poll_fd_ctl_write: 0xdb2a00: fd (fd:0, idx:1), active : 1
0:00:00.022273998  2470 0xbf5370 DEBUG   default gstvalue.c:2776:_priv_gst_value_parse_value: trying type name 'string'
0:00:00.017362785  2471 0xdaa320 LOG   GST_POLL gstpoll.c:994:gst_poll_fd_ctl_write: 0xdb2a00: pfd->events now 60 (POLLOUT:4)
0:00:00.022281559  2470 0xbf5370 DEBUG   GST_REGISTRY gstregistrychunks.c:626:gst_registry_chunks_load_feature: Element factory : npadtemplates=1
0:00:00.017369593  2471 0xdaa320 DEBUG   GST_POLL gstpoll.c:980:gst_poll_fd_ctl_write: 0xdb2a00: fd (fd:0, idx:1), active : 1
0:00:00.022287924  2470 0xbf5370 DEBUG   GST_REGISTRY gstregistrychunks.c:526:gst_registry_chunks_load_pad_template: Reading/casting for GstRegistryChunkPadTemplate at address 0xc11e68
0:00:00.017376324  2471 0xdaa320 LOG   GST_POLL gstpoll.c:994:gst_poll_fd_ctl_write: 0xdb2a00: pfd->events now 60 (POLLOUT:4)
0:00:00.022294336  2470 0xbf5370 DEBUG   GST_REGISTRY gstregistrychunks.c:539:gst_registry_chunks_load_pad_template: Added pad_template src
0:00:00.017390285  2471 0xdaa320 DEBUG   GST_POLL gstpoll.c:980:gst_poll_fd_ctl_write: 0xdb2a00: fd (fd:0, idx:1), active : 1
0:00:00.022306825  2470 0xbf5370 DEBUG   GST_REGISTRY gstregistrychunks.c:639:gst_registry_chunks_load_feature: Reading 1 UriTypes at address 0xc11e78
0:00:00.017397545  2471 0xdaa320 LOG   GST_POLL gstpoll.c:994:gst_poll_fd_ctl_write: 0xdb2a00: pfd->events now 60 (POLLOUT:4)
0:00:00.022315079  2470 0xbf5370 DEBUG   GST_REGISTRY gstregistrychunks.c:654:gst_registry_chunks_load_feature: Reading 1 Interfaces at address 0xc11e7f
0:00:00.017404479  2471 0xdaa320 DEBUG   GST_POLL gstpoll.c:980:gst_poll_fd_ctl_write: 0xdb2a00: fd (fd:0, idx:1), active : 1
0:00:00.017410693  2471 0xdaa320 LOG   GST_POLL gstpoll.c:994:gst_poll_fd_ctl_write: 0xdb2a00: pfd->events now 60 (POLLOUT:4)
0:00:00.022324519  2470 0xbf5370 DEBUG   GST_REGISTRY gstregistry.c:590:gst_registry_add_feature: adding feature 0xc158a0 (fdsrc)
0:00:00.017416617  2471 0xdaa320 DEBUG   GST_POLL gstpoll.c:980:gst_poll_fd_ctl_write: 0xdb2a00: fd (fd:0, idx:1), active : 1
0:00:00.022332351  2470 0xbf5370 DEBUG   GST_REFCOUNTING gstobject.c:709:gst_object_set_parent: set parent (ref and sink)
0:00:00.017422865  2471 0xdaa320 LOG   GST_POLL gstpoll.c:994:gst_poll_fd_ctl_write: 0xdb2a00: pfd->events now 60 (POLLOUT:4)
0:00:00.022340472  2470 0xbf5370 TRACE   GST_REFCOUNTING gstobject.c:294:gst_object_ref_sink: 0xc158a0 ref_sink 1->2
0:00:00.017429422  2471 0xdaa320 DEBUG   GST_POLL gstpoll.c:980:gst_poll_fd_ctl_write: 0xdb2a00: fd (fd:0, idx:1), active : 1
0:00:00.022347795  2470 0xbf5370 LOG   GST_REGISTRY gstregistry.c:608:gst_registry_add_feature: emitting feature-added for fdsrc
0:00:00.017435494  2471 0xdaa320 LOG   GST_POLL gstpoll.c:994:gst_poll_fd_ctl_write: 0xdb2a00: pfd->events now 60 (POLLOUT:4)
0:00:00.022355307  2470 0xbf5370 DEBUG   GST_REGISTRY gstregistrychunks.c:741:gst_registry_chunks_load_feature: Added feature fdsrc, plugin 0xc0f3c0 coreelements
0:00:00.017445706  2471 0xdaa320 DEBUG   GST_POLL gstpoll.c:980:gst_poll_fd_ctl_write: 0xdb2a00: fd (fd:0, idx:1), active : 1
0:00:00.022362732  2470 0xbf5370 DEBUG   GST_REGISTRY gstregistrychunks.c:583:gst_registry_chunks_load_feature: Plugin 'coreelements' feature 'fakesink' typename : 'GstElementFactory'
0:00:00.017452760  2471 0xdaa320 LOG   GST_POLL gstpoll.c:994:gst_poll_fd_ctl_write: 0xdb2a00: pfd->events now 60 (POLLOUT:4)
0:00:00.017459709  2471 0xdaa320 DEBUG   GST_POLL gstpoll.c:980:gst_poll_fd_ctl_write: 0xdb2a00: fd (fd:0, idx:1), active : 1
0:00:00.022374528  2470 0xbf5370 TRACE   GST_REFCOUNTING gstobject.c:208:gst_object_init: 0xc15d20 new
0:00:00.017465268  2471 0xdaa320 LOG   GST_POLL gstpoll.c:994:gst_poll_fd_ctl_write: 0xdb2a00: pfd->events now 60 (POLLOUT:4)
0:00:00.022384718  2470 0xbf5370 LOG   GST_REGISTRY gstregistrychunks.c:610:gst_registry_chunks_load_feature: Reading/casting for GstRegistryChunkElementFactory at address 0xc11ea8
0:00:00.017472049  2471 0xdaa320 DEBUG   GST_POLL gstpoll.c:980:gst_poll_fd_ctl_write: 0xdb2a00: fd (fd:0, idx:1), active : 1
0:00:00.017484529  2471 0xdaa320 LOG   GST_POLL gstpoll.c:994:gst_poll_fd_ctl_write: 0xdb2a00: pfd->events now 60 (POLLOUT:4)
0:00:00.022400143  2470 0xbf5370 TRACE   structure gststructure.c:292:gst_structure_new_id_empty_with_size: created structure 0xc15f30
0:00:00.017490352  2471 0xdaa320 DEBUG   GST_POLL gstpoll.c:980:gst_poll_fd_ctl_write: 0xdb2a00: fd (fd:0, idx:1), active : 1
0:00:00.022406676  2470 0xbf5370 DEBUG   structure gststructure.c:2258:gst_structure_parse_field: trying field name 'long-name'
0:00:00.017496339  2471 0xdaa320 LOG   GST_POLL gstpoll.c:994:gst_poll_fd_ctl_write: 0xdb2a00: pfd->events now 60 (POLLOUT:4)
0:00:00.022412625  2470 0xbf5370 DEBUG   default gstvalue.c:2776:_priv_gst_value_parse_value: trying type name 'string'
0:00:00.017505660  2471 0xdaa320 DEBUG   GST_POLL gstpoll.c:980:gst_poll_fd_ctl_write: 0xdb2a00: fd (fd:0, idx:1), active : 1
0:00:00.022420426  2470 0xbf5370 DEBUG   structure gststructure.c:2258:gst_structure_parse_field: trying field name 'klass'
0:00:00.017512708  2471 0xdaa320 LOG   GST_POLL gstpoll.c:994:gst_poll_fd_ctl_write: 0xdb2a00: pfd->events now 60 (POLLOUT:4)
0:00:00.022427855  2470 0xbf5370 DEBUG   default gstvalue.c:2776:_priv_gst_value_parse_value: trying type name 'string'
0:00:00.017519696  2471 0xdaa320 DEBUG   GST_POLL gstpoll.c:980:gst_poll_fd_ctl_write: 0xdb2a00: fd (fd:0, idx:1), active : 1
0:00:00.022437765  2470 0xbf5370 DEBUG   structure gststructure.c:2258:gst_structure_parse_field: trying field name 'description'
0:00:00.017526045  2471 0xdaa320 LOG   GST_POLL gstpoll.c:994:gst_poll_fd_ctl_write: 0xdb2a00: pfd->events now 60 (POLLOUT:4)
0:00:00.022445083  2470 0xbf5370 DEBUG   default gstvalue.c:2776:_priv_gst_value_parse_value: trying type name 'string'
0:00:00.017533795  2471 0xdaa320 DEBUG   GST_POLL gstpoll.c:980:gst_poll_fd_ctl_write: 0xdb2a00: fd (fd:0, idx:1), active : 1
0:00:00.022452839  2470 0xbf5370 DEBUG   structure gststructure.c:2258:gst_structure_parse_field: trying field name 'author'
0:00:00.017540002  2471 0xdaa320 LOG   GST_POLL gstpoll.c:994:gst_poll_fd_ctl_write: 0xdb2a00: pfd->events now 60 (POLLOUT:4)
0:00:00.022458804  2470 0xbf5370 DEBUG   default gstvalue.c:2776:_priv_gst_value_parse_value: trying type name 'string'
0:00:00.017548058  2471 0xdaa320 DEBUG   GST_POLL gstpoll.c:980:gst_poll_fd_ctl_write: 0xdb2a00: fd (fd:0, idx:1), active : 1
0:00:00.017554149  2471 0xdaa320 LOG   GST_POLL gstpoll.c:994:gst_poll_fd_ctl_write: 0xdb2a00: pfd->events now 60 (POLLOUT:4)
0:00:00.022468313  2470 0xbf5370 DEBUG   GST_REGISTRY gstregistrychunks.c:626:gst_registry_chunks_load_feature: Element factory : npadtemplates=1
0:00:00.022476658  2470 0xbf5370 DEBUG   GST_REGISTRY gstregistrychunks.c:526:gst_registry_chunks_load_pad_template: Reading/casting for GstRegistryChunkPadTemplate at address 0xc11fd0
0:00:00.017563082  2471 0xdaa320 DEBUG   GST_POLL gstpoll.c:980:gst_poll_fd_ctl_write: 0xdb2a00: fd (fd:0, idx:1), active : 1
0:00:00.022486759  2470 0xbf5370 DEBUG   GST_REGISTRY gstregistrychunks.c:539:gst_registry_chunks_load_pad_template: Added pad_template sink
0:00:00.017575386  2471 0xdaa320 LOG   GST_POLL gstpoll.c:994:gst_poll_fd_ctl_write: 0xdb2a00: pfd->events now 60 (POLLOUT:4)
0:00:00.017582332  2471 0xdaa320 DEBUG   GST_POLL gstpoll.c:980:gst_poll_fd_ctl_write: 0xdb2a00: fd (fd:0, idx:1), active : 1
0:00:00.022495839  2470 0xbf5370 DEBUG   GST_REGISTRY gstregistry.c:590:gst_registry_add_feature: adding feature 0xc15d20 (fakesink)
0:00:00.017588145  2471 0xdaa320 LOG   GST_POLL gstpoll.c:994:gst_poll_fd_ctl_write: 0xdb2a00: pfd->events now 60 (POLLOUT:4)
0:00:00.022506225  2470 0xbf5370 DEBUG   GST_REFCOUNTING gstobject.c:709:gst_object_set_parent: set parent (ref and sink)
0:00:00.017594817  2471 0xdaa320 DEBUG   GST_POLL gstpoll.c:980:gst_poll_fd_ctl_write: 0xdb2a00: fd (fd:0, idx:1), active : 1
0:00:00.017602767  2471 0xdaa320 LOG   GST_POLL gstpoll.c:994:gst_poll_fd_ctl_write: 0xdb2a00: pfd->events now 60 (POLLOUT:4)
0:00:00.022515835  2470 0xbf5370 TRACE   GST_REFCOUNTING gstobject.c:294:gst_object_ref_sink: 0xc15d20 ref_sink 1->2
0:00:00.017608950  2471 0xdaa320 DEBUG   GST_POLL gstpoll.c:980:gst_poll_fd_ctl_write: 0xdb2a00: fd (fd:0, idx:1), active : 1
0:00:00.022524922  2470 0xbf5370 LOG   GST_REGISTRY gstregistry.c:608:gst_registry_add_feature: emitting feature-added for fakesink
0:00:00.017615293  2471 0xdaa320 LOG   GST_POLL gstpoll.c:994:gst_poll_fd_ctl_write: 0xdb2a00: pfd->events now 60 (POLLOUT:4)
0:00:00.022532708  2470 0xbf5370 DEBUG   GST_REGISTRY gstregistrychunks.c:741:gst_registry_chunks_load_feature: Added feature fakesink, plugin 0xc0f3c0 coreelements
0:00:00.017624293  2471 0xdaa320 DEBUG   GST_POLL gstpoll.c:980:gst_poll_fd_ctl_write: 0xdb2a00: fd (fd:0, idx:1), active : 1
0:00:00.022540111  2470 0xbf5370 DEBUG   GST_REGISTRY gstregistrychunks.c:583:gst_registry_chunks_load_feature: Plugin 'coreelements' feature 'fakesrc' typename : 'GstElementFactory'
0:00:00.017631286  2471 0xdaa320 LOG   GST_POLL gstpoll.c:994:gst_poll_fd_ctl_write: 0xdb2a00: pfd->events now 60 (POLLOUT:4)
0:00:00.022549623  2470 0xbf5370 TRACE   GST_REFCOUNTING gstobject.c:208:gst_object_init: 0xc15240 new
0:00:00.017638188  2471 0xdaa320 DEBUG   GST_POLL gstpoll.c:980:gst_poll_fd_ctl_write: 0xdb2a00: fd (fd:0, idx:1), active : 1
0:00:00.022558348  2470 0xbf5370 LOG   GST_REGISTRY gstregistrychunks.c:610:gst_registry_chunks_load_feature: Reading/casting for GstRegistryChunkElementFactory at address 0xc12000
0:00:00.017644976  2471 0xdaa320 LOG   GST_POLL gstpoll.c:994:gst_poll_fd_ctl_write: 0xdb2a00: pfd->events now 60 (POLLOUT:4)
0:00:00.022565509  2470 0xbf5370 TRACE   structure gststructure.c:292:gst_structure_new_id_empty_with_size: created structure 0xc163a0
0:00:00.017658756  2471 0xdaa320 DEBUG   GST_POLL gstpoll.c:980:gst_poll_fd_ctl_write: 0xdb2a00: fd (fd:0, idx:1), active : 1
0:00:00.022576285  2470 0xbf5370 DEBUG   structure gststructure.c:2258:gst_structure_parse_field: trying field name 'long-name'
0:00:00.017665021  2471 0xdaa320 LOG   GST_POLL gstpoll.c:994:gst_poll_fd_ctl_write: 0xdb2a00: pfd->events now 60 (POLLOUT:4)
0:00:00.022583470  2470 0xbf5370 DEBUG   default gstvalue.c:2776:_priv_gst_value_parse_value: trying type name 'string'
0:00:00.017672244  2471 0xdaa320 DEBUG   GST_POLL gstpoll.c:980:gst_poll_fd_ctl_write: 0xdb2a00: fd (fd:0, idx:1), active : 1
0:00:00.022590945  2470 0xbf5370 DEBUG   structure gststructure.c:2258:gst_structure_parse_field: trying field name 'klass'
0:00:00.017678319  2471 0xdaa320 LOG   GST_POLL gstpoll.c:994:gst_poll_fd_ctl_write: 0xdb2a00: pfd->events now 60 (POLLOUT:4)
0:00:00.022596986  2470 0xbf5370 DEBUG   default gstvalue.c:2776:_priv_gst_value_parse_value: trying type name 'string'
0:00:00.017688402  2471 0xdaa320 DEBUG   GST_POLL gstpoll.c:980:gst_poll_fd_ctl_write: 0xdb2a00: fd (fd:0, idx:1), active : 1
0:00:00.022603784  2470 0xbf5370 DEBUG   structure gststructure.c:2258:gst_structure_parse_field: trying field name 'description'
0:00:00.017695539  2471 0xdaa320 LOG   GST_POLL gstpoll.c:994:gst_poll_fd_ctl_write: 0xdb2a00: pfd->events now 60 (POLLOUT:4)
0:00:00.022610777  2470 0xbf5370 DEBUG   default gstvalue.c:2776:_priv_gst_value_parse_value: trying type name 'string'
0:00:00.017702533  2471 0xdaa320 DEBUG   GST_POLL gstpoll.c:980:gst_poll_fd_ctl_write: 0xdb2a00: fd (fd:0, idx:1), active : 1
0:00:00.022618683  2470 0xbf5370 DEBUG   structure gststructure.c:2258:gst_structure_parse_field: trying field name 'author'
0:00:00.017708789  2471 0xdaa320 LOG   GST_POLL gstpoll.c:994:gst_poll_fd_ctl_write: 0xdb2a00: pfd->events now 60 (POLLOUT:4)
0:00:00.022624424  2470 0xbf5370 DEBUG   default gstvalue.c:2776:_priv_gst_value_parse_value: trying type name 'string'
0:00:00.017715462  2471 0xdaa320 DEBUG   GST_POLL gstpoll.c:980:gst_poll_fd_ctl_write: 0xdb2a00: fd (fd:0, idx:1), active : 1
0:00:00.017721645  2471 0xdaa320 LOG   GST_POLL gstpoll.c:994:gst_poll_fd_ctl_write: 0xdb2a00: pfd->events now 60 (POLLOUT:4)
0:00:00.022634960  2470 0xbf5370 DEBUG   GST_REGISTRY gstregistrychunks.c:626:gst_registry_chunks_load_feature: Element factory : npadtemplates=1
0:00:00.017727557  2471 0xdaa320 DEBUG   GST_POLL gstpoll.c:980:gst_poll_fd_ctl_write: 0xdb2a00: fd (fd:0, idx:1), active : 1
0:00:00.022643197  2470 0xbf5370 DEBUG   GST_REGISTRY gstregistrychunks.c:526:gst_registry_chunks_load_pad_template: Reading/casting for GstRegistryChunkPadTemplate at address 0xc12100
0:00:00.017733723  2471 0xdaa320 LOG   GST_POLL gstpoll.c:994:gst_poll_fd_ctl_write: 0xdb2a00: pfd->events now 60 (POLLOUT:4)
0:00:00.022650131  2470 0xbf5370 DEBUG   GST_REGISTRY gstregistrychunks.c:539:gst_registry_chunks_load_pad_template: Added pad_template src
0:00:00.017747337  2471 0xdaa320 LOG   GST_PLUGIN_LOADING gstpluginloader.c:645:put_chunk: Expanding tx buf from 13209 to 17023 for chunk of size 229
0:00:00.022665216  2470 0xbf5370 DEBUG   GST_REGISTRY gstregistry.c:590:gst_registry_add_feature: adding feature 0xc15240 (fakesrc)
0:00:00.017758489  2471 0xdaa320 DEBUG   GST_POLL gstpoll.c:980:gst_poll_fd_ctl_write: 0xdb2a00: fd (fd:0, idx:1), active : 1
0:00:00.022672115  2470 0xbf5370 DEBUG   GST_REFCOUNTING gstobject.c:709:gst_object_set_parent: set parent (ref and sink)
0:00:00.017765268  2471 0xdaa320 LOG   GST_POLL gstpoll.c:994:gst_poll_fd_ctl_write: 0xdb2a00: pfd->events now 60 (POLLOUT:4)
0:00:00.022681976  2470 0xbf5370 TRACE   GST_REFCOUNTING gstobject.c:294:gst_object_ref_sink: 0xc15240 ref_sink 1->2
0:00:00.017772093  2471 0xdaa320 DEBUG   GST_POLL gstpoll.c:980:gst_poll_fd_ctl_write: 0xdb2a00: fd (fd:0, idx:1), active : 1
0:00:00.022689589  2470 0xbf5370 LOG   GST_REGISTRY gstregistry.c:608:gst_registry_add_feature: emitting feature-added for fakesrc
0:00:00.017778242  2471 0xdaa320 LOG   GST_POLL gstpoll.c:994:gst_poll_fd_ctl_write: 0xdb2a00: pfd->events now 60 (POLLOUT:4)
0:00:00.022697274  2470 0xbf5370 DEBUG   GST_REGISTRY gstregistrychunks.c:741:gst_registry_chunks_load_feature: Added feature fakesrc, plugin 0xc0f3c0 coreelements
0:00:00.017784996  2471 0xdaa320 DEBUG   GST_POLL gstpoll.c:980:gst_poll_fd_ctl_write: 0xdb2a00: fd (fd:0, idx:1), active : 1
0:00:00.017792975  2471 0xdaa320 LOG   GST_POLL gstpoll.c:994:gst_poll_fd_ctl_write: 0xdb2a00: pfd->events now 60 (POLLOUT:4)
0:00:00.022706914  2470 0xbf5370 DEBUG   GST_REGISTRY gstregistrychunks.c:583:gst_registry_chunks_load_feature: Plugin 'coreelements' feature 'downloadbuffer' typename : 'GstElementFactory'
0:00:00.017801989  2471 0xdaa320 DEBUG   GST_POLL gstpoll.c:980:gst_poll_fd_ctl_write: 0xdb2a00: fd (fd:0, idx:1), active : 1
0:00:00.022718817  2470 0xbf5370 TRACE   GST_REFCOUNTING gstobject.c:208:gst_object_init: 0xc16520 new
0:00:00.017808984  2471 0xdaa320 LOG   GST_POLL gstpoll.c:994:gst_poll_fd_ctl_write: 0xdb2a00: pfd->events now 60 (POLLOUT:4)
0:00:00.022727879  2470 0xbf5370 LOG   GST_REGISTRY gstregistrychunks.c:610:gst_registry_chunks_load_feature: Reading/casting for GstRegistryChunkElementFactory at address 0xc12138
0:00:00.017815822  2471 0xdaa320 DEBUG   GST_POLL gstpoll.c:980:gst_poll_fd_ctl_write: 0xdb2a00: fd (fd:0, idx:1), active : 1
0:00:00.022734908  2470 0xbf5370 TRACE   structure gststructure.c:292:gst_structure_new_id_empty_with_size: created structure 0xc16810
0:00:00.017822668  2471 0xdaa320 LOG   GST_POLL gstpoll.c:994:gst_poll_fd_ctl_write: 0xdb2a00: pfd->events now 60 (POLLOUT:4)
0:00:00.022741099  2470 0xbf5370 DEBUG   structure gststructure.c:2258:gst_structure_parse_field: trying field name 'long-name'
0:00:00.017829677  2471 0xdaa320 DEBUG   GST_POLL gstpoll.c:980:gst_poll_fd_ctl_write: 0xdb2a00: fd (fd:0, idx:1), active : 1
0:00:00.022751285  2470 0xbf5370 DEBUG   default gstvalue.c:2776:_priv_gst_value_parse_value: trying type name 'string'
0:00:00.017839957  2471 0xdaa320 LOG   GST_POLL gstpoll.c:994:gst_poll_fd_ctl_write: 0xdb2a00: pfd->events now 60 (POLLOUT:4)
0:00:00.022758499  2470 0xbf5370 DEBUG   structure gststructure.c:2258:gst_structure_parse_field: trying field name 'klass'
0:00:00.017846542  2471 0xdaa320 DEBUG   GST_POLL gstpoll.c:980:gst_poll_fd_ctl_write: 0xdb2a00: fd (fd:0, idx:1), active : 1
0:00:00.022764333  2470 0xbf5370 DEBUG   default gstvalue.c:2776:_priv_gst_value_parse_value: trying type name 'string'
0:00:00.017852884  2471 0xdaa320 LOG   GST_POLL gstpoll.c:994:gst_poll_fd_ctl_write: 0xdb2a00: pfd->events now 60 (POLLOUT:4)
0:00:00.022773572  2470 0xbf5370 DEBUG   structure gststructure.c:2258:gst_structure_parse_field: trying field name 'description'
0:00:00.017863000  2471 0xdaa320 DEBUG   GST_POLL gstpoll.c:980:gst_poll_fd_ctl_write: 0xdb2a00: fd (fd:0, idx:1), active : 1
0:00:00.022780570  2470 0xbf5370 DEBUG   default gstvalue.c:2776:_priv_gst_value_parse_value: trying type name 'string'
0:00:00.017871139  2471 0xdaa320 LOG   GST_POLL gstpoll.c:994:gst_poll_fd_ctl_write: 0xdb2a00: pfd->events now 60 (POLLOUT:4)
0:00:00.022787894  2470 0xbf5370 DEBUG   structure gststructure.c:2258:gst_structure_parse_field: trying field name 'author'
0:00:00.017877993  2471 0xdaa320 DEBUG   GST_POLL gstpoll.c:980:gst_poll_fd_ctl_write: 0xdb2a00: fd (fd:0, idx:1), active : 1
0:00:00.022793672  2470 0xbf5370 DEBUG   default gstvalue.c:2776:_priv_gst_value_parse_value: trying type name 'string'
0:00:00.017884259  2471 0xdaa320 LOG   GST_POLL gstpoll.c:994:gst_poll_fd_ctl_write: 0xdb2a00: pfd->events now 60 (POLLOUT:4)
0:00:00.022801096  2470 0xbf5370 DEBUG   GST_REGISTRY gstregistrychunks.c:626:gst_registry_chunks_load_feature: Element factory : npadtemplates=2
0:00:00.017890897  2471 0xdaa320 DEBUG   GST_POLL gstpoll.c:980:gst_poll_fd_ctl_write: 0xdb2a00: fd (fd:0, idx:1), active : 1
0:00:00.022806965  2470 0xbf5370 DEBUG   GST_REGISTRY gstregistrychunks.c:526:gst_registry_chunks_load_pad_template: Reading/casting for GstRegistryChunkPadTemplate at address 0xc12200
0:00:00.017897134  2471 0xdaa320 LOG   GST_POLL gstpoll.c:994:gst_poll_fd_ctl_write: 0xdb2a00: pfd->events now 60 (POLLOUT:4)
0:00:00.022813112  2470 0xbf5370 DEBUG   GST_REGISTRY gstregistrychunks.c:539:gst_registry_chunks_load_pad_template: Added pad_template sink
0:00:00.017903669  2471 0xdaa320 DEBUG   GST_POLL gstpoll.c:980:gst_poll_fd_ctl_write: 0xdb2a00: fd (fd:0, idx:1), active : 1
0:00:00.022818971  2470 0xbf5370 DEBUG   GST_REGISTRY gstregistrychunks.c:526:gst_registry_chunks_load_pad_template: Reading/casting for GstRegistryChunkPadTemplate at address 0xc12218
0:00:00.017909893  2471 0xdaa320 LOG   GST_POLL gstpoll.c:994:gst_poll_fd_ctl_write: 0xdb2a00: pfd->events now 60 (POLLOUT:4)
0:00:00.022827316  2470 0xbf5370 DEBUG   GST_REGISTRY gstregistrychunks.c:539:gst_registry_chunks_load_pad_template: Added pad_template src
0:00:00.017923657  2471 0xdaa320 DEBUG   GST_POLL gstpoll.c:980:gst_poll_fd_ctl_write: 0xdb2a00: fd (fd:0, idx:1), active : 1
0:00:00.022840767  2470 0xbf5370 DEBUG   GST_REGISTRY gstregistry.c:590:gst_registry_add_feature: adding feature 0xc16520 (downloadbuffer)
0:00:00.017930689  2471 0xdaa320 LOG   GST_POLL gstpoll.c:994:gst_poll_fd_ctl_write: 0xdb2a00: pfd->events now 60 (POLLOUT:4)
0:00:00.022847699  2470 0xbf5370 DEBUG   GST_REFCOUNTING gstobject.c:709:gst_object_set_parent: set parent (ref and sink)
0:00:00.017937904  2471 0xdaa320 DEBUG   GST_POLL gstpoll.c:980:gst_poll_fd_ctl_write: 0xdb2a00: fd (fd:0, idx:1), active : 1
0:00:00.022855753  2470 0xbf5370 TRACE   GST_REFCOUNTING gstobject.c:294:gst_object_ref_sink: 0xc16520 ref_sink 1->2
0:00:00.017944269  2471 0xdaa320 LOG   GST_POLL gstpoll.c:994:gst_poll_fd_ctl_write: 0xdb2a00: pfd->events now 60 (POLLOUT:4)
0:00:00.022863222  2470 0xbf5370 LOG   GST_REGISTRY gstregistry.c:608:gst_registry_add_feature: emitting feature-added for downloadbuffer
0:00:00.017951530  2471 0xdaa320 DEBUG   GST_POLL gstpoll.c:980:gst_poll_fd_ctl_write: 0xdb2a00: fd (fd:0, idx:1), active : 1
0:00:00.022870474  2470 0xbf5370 DEBUG   GST_REGISTRY gstregistrychunks.c:741:gst_registry_chunks_load_feature: Added feature downloadbuffer, plugin 0xc0f3c0 coreelements
0:00:00.017958049  2471 0xdaa320 LOG   GST_POLL gstpoll.c:994:gst_poll_fd_ctl_write: 0xdb2a00: pfd->events now 60 (POLLOUT:4)
0:00:00.022877803  2470 0xbf5370 DEBUG   GST_REGISTRY gstregistrychunks.c:583:gst_registry_chunks_load_feature: Plugin 'coreelements' feature 'dataurisrc' typename : 'GstElementFactory'
0:00:00.017965614  2471 0xdaa320 DEBUG   GST_POLL gstpoll.c:980:gst_poll_fd_ctl_write: 0xdb2a00: fd (fd:0, idx:1), active : 1
0:00:00.017972392  2471 0xdaa320 LOG   GST_POLL gstpoll.c:994:gst_poll_fd_ctl_write: 0xdb2a00: pfd->events now 60 (POLLOUT:4)
0:00:00.022886817  2470 0xbf5370 TRACE   GST_REFCOUNTING gstobject.c:208:gst_object_init: 0xc16240 new
0:00:00.017981503  2471 0xdaa320 DEBUG   GST_POLL gstpoll.c:980:gst_poll_fd_ctl_write: 0xdb2a00: fd (fd:0, idx:1), active : 1
0:00:00.022899430  2470 0xbf5370 LOG   GST_REGISTRY gstregistrychunks.c:610:gst_registry_chunks_load_feature: Reading/casting for GstRegistryChunkElementFactory at address 0xc12248
0:00:00.017988775  2471 0xdaa320 LOG   GST_POLL gstpoll.c:994:gst_poll_fd_ctl_write: 0xdb2a00: pfd->events now 60 (POLLOUT:4)
0:00:00.022907866  2470 0xbf5370 TRACE   structure gststructure.c:292:gst_structure_new_id_empty_with_size: created structure 0xc16c90
0:00:00.017995855  2471 0xdaa320 DEBUG   GST_POLL gstpoll.c:980:gst_poll_fd_ctl_write: 0xdb2a00: fd (fd:0, idx:1), active : 1
0:00:00.022914543  2470 0xbf5370 DEBUG   structure gststructure.c:2258:gst_structure_parse_field: trying field name 'long-name'
0:00:00.018003065  2471 0xdaa320 LOG   GST_POLL gstpoll.c:994:gst_poll_fd_ctl_write: 0xdb2a00: pfd->events now 60 (POLLOUT:4)
0:00:00.022926324  2470 0xbf5370 DEBUG   default gstvalue.c:2776:_priv_gst_value_parse_value: trying type name 'string'
0:00:00.018015364  2471 0xdaa320 DEBUG   GST_POLL gstpoll.c:980:gst_poll_fd_ctl_write: 0xdb2a00: fd (fd:0, idx:1), active : 1
0:00:00.022934118  2470 0xbf5370 DEBUG   structure gststructure.c:2258:gst_structure_parse_field: trying field name 'klass'
0:00:00.018021457  2471 0xdaa320 LOG   GST_POLL gstpoll.c:994:gst_poll_fd_ctl_write: 0xdb2a00: pfd->events now 60 (POLLOUT:4)
0:00:00.022940020  2470 0xbf5370 DEBUG   default gstvalue.c:2776:_priv_gst_value_parse_value: trying type name 'string'
0:00:00.018028904  2471 0xdaa320 DEBUG   GST_POLL gstpoll.c:980:gst_poll_fd_ctl_write: 0xdb2a00: fd (fd:0, idx:1), active : 1
0:00:00.022946588  2470 0xbf5370 DEBUG   structure gststructure.c:2258:gst_structure_parse_field: trying field name 'description'
0:00:00.018035248  2471 0xdaa320 LOG   GST_POLL gstpoll.c:994:gst_poll_fd_ctl_write: 0xdb2a00: pfd->events now 60 (POLLOUT:4)
0:00:00.022952299  2470 0xbf5370 DEBUG   default gstvalue.c:2776:_priv_gst_value_parse_value: trying type name 'string'
0:00:00.018044523  2471 0xdaa320 DEBUG   GST_POLL gstpoll.c:980:gst_poll_fd_ctl_write: 0xdb2a00: fd (fd:0, idx:1), active : 1
0:00:00.022961969  2470 0xbf5370 DEBUG   structure gststructure.c:2258:gst_structure_parse_field: trying field name 'author'
0:00:00.018051780  2471 0xdaa320 LOG   GST_POLL gstpoll.c:994:gst_poll_fd_ctl_write: 0xdb2a00: pfd->events now 60 (POLLOUT:4)
0:00:00.022968848  2470 0xbf5370 DEBUG   default gstvalue.c:2776:_priv_gst_value_parse_value: trying type name 'string'
0:00:00.018058635  2471 0xdaa320 DEBUG   GST_POLL gstpoll.c:980:gst_poll_fd_ctl_write: 0xdb2a00: fd (fd:0, idx:1), active : 1
0:00:00.022978026  2470 0xbf5370 DEBUG   GST_REGISTRY gstregistrychunks.c:626:gst_registry_chunks_load_feature: Element factory : npadtemplates=1
0:00:00.018064660  2471 0xdaa320 LOG   GST_POLL gstpoll.c:994:gst_poll_fd_ctl_write: 0xdb2a00: pfd->events now 60 (POLLOUT:4)
0:00:00.022984083  2470 0xbf5370 DEBUG   GST_REGISTRY gstregistrychunks.c:526:gst_registry_chunks_load_pad_template: Reading/casting for GstRegistryChunkPadTemplate at address 0xc12360
0:00:00.018072864  2471 0xdaa320 DEBUG   GST_POLL gstpoll.c:980:gst_poll_fd_ctl_write: 0xdb2a00: fd (fd:0, idx:1), active : 1
0:00:00.022990295  2470 0xbf5370 DEBUG   GST_REGISTRY gstregistrychunks.c:539:gst_registry_chunks_load_pad_template: Added pad_template src
0:00:00.018078986  2471 0xdaa320 LOG   GST_POLL gstpoll.c:994:gst_poll_fd_ctl_write: 0xdb2a00: pfd->events now 60 (POLLOUT:4)
0:00:00.022997107  2470 0xbf5370 DEBUG   GST_REGISTRY gstregistrychunks.c:639:gst_registry_chunks_load_feature: Reading 1 UriTypes at address 0xc12370
0:00:00.018085349  2471 0xdaa320 DEBUG   GST_POLL gstpoll.c:980:gst_poll_fd_ctl_write: 0xdb2a00: fd (fd:0, idx:1), active : 1
0:00:00.023004529  2470 0xbf5370 DEBUG   GST_REGISTRY gstregistrychunks.c:654:gst_registry_chunks_load_feature: Reading 1 Interfaces at address 0xc12379
0:00:00.018096907  2471 0xdaa320 LOG   GST_POLL gstpoll.c:994:gst_poll_fd_ctl_write: 0xdb2a00: pfd->events now 60 (POLLOUT:4)
0:00:00.023015461  2470 0xbf5370 DEBUG   GST_REGISTRY gstregistry.c:590:gst_registry_add_feature: adding feature 0xc16240 (dataurisrc)
0:00:00.018106320  2471 0xdaa320 DEBUG   GST_POLL gstpoll.c:980:gst_poll_fd_ctl_write: 0xdb2a00: fd (fd:0, idx:1), active : 1
0:00:00.023024103  2470 0xbf5370 DEBUG   GST_REFCOUNTING gstobject.c:709:gst_object_set_parent: set parent (ref and sink)
0:00:00.018113296  2471 0xdaa320 LOG   GST_POLL gstpoll.c:994:gst_poll_fd_ctl_write: 0xdb2a00: pfd->events now 60 (POLLOUT:4)
0:00:00.023033516  2470 0xbf5370 TRACE   GST_REFCOUNTING gstobject.c:294:gst_object_ref_sink: 0xc16240 ref_sink 1->2
0:00:00.018120629  2471 0xdaa320 DEBUG   GST_POLL gstpoll.c:980:gst_poll_fd_ctl_write: 0xdb2a00: fd (fd:0, idx:1), active : 1
0:00:00.023041069  2470 0xbf5370 LOG   GST_REGISTRY gstregistry.c:608:gst_registry_add_feature: emitting feature-added for dataurisrc
0:00:00.018128618  2471 0xdaa320 LOG   GST_POLL gstpoll.c:994:gst_poll_fd_ctl_write: 0xdb2a00: pfd->events now 60 (POLLOUT:4)
0:00:00.023048709  2470 0xbf5370 DEBUG   GST_REGISTRY gstregistrychunks.c:741:gst_registry_chunks_load_feature: Added feature dataurisrc, plugin 0xc0f3c0 coreelements
0:00:00.018135905  2471 0xdaa320 DEBUG   GST_POLL gstpoll.c:980:gst_poll_fd_ctl_write: 0xdb2a00: fd (fd:0, idx:1), active : 1
0:00:00.023056054  2470 0xbf5370 DEBUG   GST_REGISTRY gstregistrychunks.c:583:gst_registry_chunks_load_feature: Plugin 'coreelements' feature 'concat' typename : 'GstElementFactory'
0:00:00.018143462  2471 0xdaa320 LOG   GST_POLL gstpoll.c:994:gst_poll_fd_ctl_write: 0xdb2a00: pfd->events now 60 (POLLOUT:4)
0:00:00.018150833  2471 0xdaa320 DEBUG   GST_POLL gstpoll.c:980:gst_poll_fd_ctl_write: 0xdb2a00: fd (fd:0, idx:1), active : 1
0:00:00.023065129  2470 0xbf5370 TRACE   GST_REFCOUNTING gstobject.c:208:gst_object_init: 0xc16e40 new
0:00:00.018156229  2471 0xdaa320 LOG   GST_POLL gstpoll.c:994:gst_poll_fd_ctl_write: 0xdb2a00: pfd->events now 60 (POLLOUT:4)
0:00:00.023073629  2470 0xbf5370 LOG   GST_REGISTRY gstregistrychunks.c:610:gst_registry_chunks_load_feature: Reading/casting for GstRegistryChunkElementFactory at address 0xc123a0
0:00:00.018165525  2471 0xdaa320 DEBUG   GST_POLL gstpoll.c:980:gst_poll_fd_ctl_write: 0xdb2a00: fd (fd:0, idx:1), active : 1
0:00:00.018172466  2471 0xdaa320 LOG   GST_POLL gstpoll.c:994:gst_poll_fd_ctl_write: 0xdb2a00: pfd->events now 60 (POLLOUT:4)
0:00:00.023085486  2470 0xbf5370 TRACE   structure gststructure.c:292:gst_structure_new_id_empty_with_size: created structure 0xc16f30
0:00:00.018178820  2471 0xdaa320 DEBUG   GST_POLL gstpoll.c:980:gst_poll_fd_ctl_write: 0xdb2a00: fd (fd:0, idx:1), active : 1
0:00:00.023095615  2470 0xbf5370 DEBUG   structure gststructure.c:2258:gst_structure_parse_field: trying field name 'long-name'
0:00:00.018189417  2471 0xdaa320 LOG   GST_POLL gstpoll.c:994:gst_poll_fd_ctl_write: 0xdb2a00: pfd->events now 60 (POLLOUT:4)
0:00:00.023105395  2470 0xbf5370 DEBUG   default gstvalue.c:2776:_priv_gst_value_parse_value: trying type name 'string'
0:00:00.018196113  2471 0xdaa320 DEBUG   GST_POLL gstpoll.c:980:gst_poll_fd_ctl_write: 0xdb2a00: fd (fd:0, idx:1), active : 1
0:00:00.023112790  2470 0xbf5370 DEBUG   structure gststructure.c:2258:gst_structure_parse_field: trying field name 'klass'
0:00:00.018202185  2471 0xdaa320 LOG   GST_POLL gstpoll.c:994:gst_poll_fd_ctl_write: 0xdb2a00: pfd->events now 60 (POLLOUT:4)
0:00:00.023118750  2470 0xbf5370 DEBUG   default gstvalue.c:2776:_priv_gst_value_parse_value: trying type name 'string'
0:00:00.018208626  2471 0xdaa320 DEBUG   GST_POLL gstpoll.c:980:gst_poll_fd_ctl_write: 0xdb2a00: fd (fd:0, idx:1), active : 1
0:00:00.023125619  2470 0xbf5370 DEBUG   structure gststructure.c:2258:gst_structure_parse_field: trying field name 'description'
0:00:00.018214703  2471 0xdaa320 LOG   GST_POLL gstpoll.c:994:gst_poll_fd_ctl_write: 0xdb2a00: pfd->events now 60 (POLLOUT:4)
0:00:00.018237607  2471 0xdaa320 DEBUG   GST_POLL gstpoll.c:980:gst_poll_fd_ctl_write: 0xdb2a00: fd (fd:0, idx:1), active : 1
0:00:00.023153434  2470 0xbf5370 DEBUG   default gstvalue.c:2776:_priv_gst_value_parse_value: trying type name 'string'
0:00:00.018244160  2471 0xdaa320 LOG   GST_POLL gstpoll.c:994:gst_poll_fd_ctl_write: 0xdb2a00: pfd->events now 60 (POLLOUT:4)
0:00:00.018252548  2471 0xdaa320 DEBUG   GST_POLL gstpoll.c:980:gst_poll_fd_ctl_write: 0xdb2a00: fd (fd:0, idx:1), active : 1
0:00:00.023167361  2470 0xbf5370 DEBUG   structure gststructure.c:2258:gst_structure_parse_field: trying field name 'author'
0:00:00.018258226  2471 0xdaa320 LOG   GST_POLL gstpoll.c:994:gst_poll_fd_ctl_write: 0xdb2a00: pfd->events now 60 (POLLOUT:4)
0:00:00.023176901  2470 0xbf5370 DEBUG   default gstvalue.c:2776:_priv_gst_value_parse_value: trying type name 'string'
0:00:00.018268977  2471 0xdaa320 DEBUG   GST_POLL gstpoll.c:980:gst_poll_fd_ctl_write: 0xdb2a00: fd (fd:0, idx:1), active : 1
0:00:00.023187926  2470 0xbf5370 DEBUG   GST_REGISTRY gstregistrychunks.c:626:gst_registry_chunks_load_feature: Element factory : npadtemplates=2
0:00:00.018277527  2471 0xdaa320 LOG   GST_POLL gstpoll.c:994:gst_poll_fd_ctl_write: 0xdb2a00: pfd->events now 60 (POLLOUT:4)
0:00:00.023194230  2470 0xbf5370 DEBUG   GST_REGISTRY gstregistrychunks.c:526:gst_registry_chunks_load_pad_template: Reading/casting for GstRegistryChunkPadTemplate at address 0xc12478
0:00:00.018285149  2471 0xdaa320 DEBUG   GST_POLL gstpoll.c:980:gst_poll_fd_ctl_write: 0xdb2a00: fd (fd:0, idx:1), active : 1
0:00:00.023200740  2470 0xbf5370 DEBUG   GST_REGISTRY gstregistrychunks.c:539:gst_registry_chunks_load_pad_template: Added pad_template src
0:00:00.018291617  2471 0xdaa320 LOG   GST_POLL gstpoll.c:994:gst_poll_fd_ctl_write: 0xdb2a00: pfd->events now 60 (POLLOUT:4)
0:00:00.023213152  2470 0xbf5370 DEBUG   GST_REGISTRY gstregistrychunks.c:526:gst_registry_chunks_load_pad_template: Reading/casting for GstRegistryChunkPadTemplate at address 0xc12488
0:00:00.018302335  2471 0xdaa320 DEBUG   GST_POLL gstpoll.c:980:gst_poll_fd_ctl_write: 0xdb2a00: fd (fd:0, idx:1), active : 1
0:00:00.023219788  2470 0xbf5370 DEBUG   GST_REGISTRY gstregistrychunks.c:539:gst_registry_chunks_load_pad_template: Added pad_template sink_%u
0:00:00.018308607  2471 0xdaa320 LOG   GST_POLL gstpoll.c:994:gst_poll_fd_ctl_write: 0xdb2a00: pfd->events now 60 (POLLOUT:4)
0:00:00.018315746  2471 0xdaa320 DEBUG   GST_POLL gstpoll.c:980:gst_poll_fd_ctl_write: 0xdb2a00: fd (fd:0, idx:1), active : 1
0:00:00.023231635  2470 0xbf5370 DEBUG   GST_REGISTRY gstregistry.c:590:gst_registry_add_feature: adding feature 0xc16e40 (concat)
0:00:00.018321180  2471 0xdaa320 LOG   GST_POLL gstpoll.c:994:gst_poll_fd_ctl_write: 0xdb2a00: pfd->events now 60 (POLLOUT:4)
