0:00:00.012389992  2476 0x1d41320 TRACE   GST_REFCOUNTING gstobject.c:265:gst_object_unref: 0x1d70040 unref 2->1
0:00:00.016527364  2475 0x1c65370 DEBUG   structure gststructure.c:2258:gst_structure_parse_field: trying field name 'long-name'
0:00:00.012402927  2476 0x1d41320 TRACE   GST_REFCOUNTING gstobject.c:265:gst_object_unref: 0x1d71ac0 unref 2->1
0:00:00.016533402  2475 0x1c65370 DEBUG   default gstvalue.c:2776:_priv_gst_value_parse_value: trying type name 'string'
0:00:00.012409681  2476 0x1d41320 TRACE   GST_REFCOUNTING gstobject.c:265:gst_object_unref: 0x1d73470 unref 2->1
0:00:00.016539613  2475 0x1c65370 DEBUG   structure gststructure.c:2258:gst_structure_parse_field: trying field name 'klass'
0:00:00.012416167  2476 0x1d41320 TRACE   GST_REFCOUNTING gstobject.c:265:gst_object_unref: 0x1d74570 unref 2->1
0:00:00.012425492  2476 0x1d41320 TRACE   GST_REFCOUNTING gstobject.c:265:gst_object_unref: 0x1d75780 unref 2->1
0:00:00.016555529  2475 0x1c65370 DEBUG   default gstvalue.c:2776:_priv_gst_value_parse_value: trying type name 'string'
0:00:00.016563351  2475 0x1c65370 DEBUG   structure gststructure.c:2258:gst_structure_parse_field: trying field name 'description'
0:00:00.016582613  2475 0x1c65370 DEBUG   default gstvalue.c:2776:_priv_gst_value_parse_value: trying type name 'string'
0:00:00.016588261  2475 0x1c65370 DEBUG   structure gststructure.c:2258:gst_structure_parse_field: trying field name 'author'
0:00:00.012461573  2476 0x1d41320 TRACE   GST_REFCOUNTING gstobject.c:265:gst_object_unref: 0x1d76550 unref 2->1
0:00:00.016593148  2475 0x1c65370 DEBUG   default gstvalue.c:2776:_priv_gst_value_parse_value: trying type name 'string'
0:00:00.016602336  2475 0x1c65370 DEBUG   GST_REGISTRY gstregistrychunks.c:627:gst_registry_chunks_load_feature: Element factory : npadtemplates=2
0:00:00.012474397  2476 0x1d41320 TRACE   GST_REFCOUNTING gstobject.c:265:gst_object_unref: 0x1d77d00 unref 2->1
0:00:00.016607493  2475 0x1c65370 DEBUG   GST_REGISTRY gstregistrychunks.c:527:gst_registry_chunks_load_pad_template: Reading/casting for GstRegistryChunkPadTemplate at address 0x1c810a0
0:00:00.012483623  2476 0x1d41320 TRACE   GST_REFCOUNTING gstobject.c:265:gst_object_unref: 0x1d78bf0 unref 2->1
0:00:00.016613211  2475 0x1c65370 DEBUG   GST_REGISTRY gstregistrychunks.c:540:gst_registry_chunks_load_pad_template: Added pad_template src_%u
0:00:00.016618507  2475 0x1c65370 DEBUG   GST_REGISTRY gstregistrychunks.c:527:gst_registry_chunks_load_pad_template: Reading/casting for GstRegistryChunkPadTemplate at address 0x1c810b8
0:00:00.012491842  2476 0x1d41320 DEBUG   GST_REGISTRY gstregistrychunks.c:499:_priv_gst_registry_chunks_save_plugin: Found 22 features in plugin 0x1d5d7c0 (coreelements)
0:00:00.016623785  2475 0x1c65370 DEBUG   GST_REGISTRY gstregistrychunks.c:540:gst_registry_chunks_load_pad_template: Added pad_template sink_%u
0:00:00.012503466  2476 0x1d41320 DEBUG   GST_POLL gstpoll.c:980:gst_poll_fd_ctl_write: 0x1d499c0: fd (fd:0, idx:1), active : 1
0:00:00.016630975  2475 0x1c65370 DEBUG   GST_REGISTRY gstregistry.c:590:gst_registry_add_feature: adding feature 0x1c82b60 (multiqueue)
0:00:00.012514960  2476 0x1d41320 LOG   GST_POLL gstpoll.c:994:gst_poll_fd_ctl_write: 0x1d499c0: pfd->events now 60 (POLLOUT:4)
0:00:00.016643831  2475 0x1c65370 DEBUG   GST_REFCOUNTING gstobject.c:709:gst_object_set_parent: set parent (ref and sink)
0:00:00.012521241  2476 0x1d41320 DEBUG   GST_POLL gstpoll.c:980:gst_poll_fd_ctl_write: 0x1d499c0: fd (fd:0, idx:1), active : 1
0:00:00.016651013  2475 0x1c65370 TRACE   GST_REFCOUNTING gstobject.c:294:gst_object_ref_sink: 0x1c82b60 ref_sink 1->2
0:00:00.012527232  2476 0x1d41320 LOG   GST_POLL gstpoll.c:994:gst_poll_fd_ctl_write: 0x1d499c0: pfd->events now 60 (POLLOUT:4)
0:00:00.016657457  2475 0x1c65370 LOG   GST_REGISTRY gstregistry.c:608:gst_registry_add_feature: emitting feature-added for multiqueue
0:00:00.012533463  2476 0x1d41320 DEBUG   GST_POLL gstpoll.c:980:gst_poll_fd_ctl_write: 0x1d499c0: fd (fd:0, idx:1), active : 1
0:00:00.016664243  2475 0x1c65370 DEBUG   GST_REGISTRY gstregistrychunks.c:742:gst_registry_chunks_load_feature: Added feature multiqueue, plugin 0x1c80a20 coreelements
0:00:00.012539307  2476 0x1d41320 LOG   GST_POLL gstpoll.c:994:gst_poll_fd_ctl_write: 0x1d499c0: pfd->events now 60 (POLLOUT:4)
0:00:00.016670830  2475 0x1c65370 DEBUG   GST_REGISTRY gstregistrychunks.c:584:gst_registry_chunks_load_feature: Plugin 'coreelements' feature 'typefind' typename : 'GstElementFactory'
0:00:00.012549961  2476 0x1d41320 DEBUG   GST_POLL gstpoll.c:980:gst_poll_fd_ctl_write: 0x1d499c0: fd (fd:0, idx:1), active : 1
0:00:00.016679559  2475 0x1c65370 TRACE   GST_REFCOUNTING gstobject.c:208:gst_object_init: 0x1c82d80 new
0:00:00.012555862  2476 0x1d41320 LOG   GST_POLL gstpoll.c:994:gst_poll_fd_ctl_write: 0x1d499c0: pfd->events now 60 (POLLOUT:4)
0:00:00.016686511  2475 0x1c65370 LOG   GST_REGISTRY gstregistrychunks.c:611:gst_registry_chunks_load_feature: Reading/casting for GstRegistryChunkElementFactory at address 0x1c810e8
0:00:00.012561989  2476 0x1d41320 DEBUG   GST_POLL gstpoll.c:980:gst_poll_fd_ctl_write: 0x1d499c0: fd (fd:0, idx:1), active : 1
0:00:00.012567777  2476 0x1d41320 LOG   GST_POLL gstpoll.c:994:gst_poll_fd_ctl_write: 0x1d499c0: pfd->events now 60 (POLLOUT:4)
0:00:00.016698048  2475 0x1c65370 TRACE   structure gststructure.c:292:gst_structure_new_id_empty_with_size: created structure 0x1c82f40
0:00:00.012573370  2476 0x1d41320 DEBUG   GST_POLL gstpoll.c:980:gst_poll_fd_ctl_write: 0x1d499c0: fd (fd:0, idx:1), active : 1
0:00:00.016703766  2475 0x1c65370 DEBUG   structure gststructure.c:2258:gst_structure_parse_field: trying field name 'long-name'
0:00:00.012579144  2476 0x1d41320 LOG   GST_POLL gstpoll.c:994:gst_poll_fd_ctl_write: 0x1d499c0: pfd->events now 60 (POLLOUT:4)
0:00:00.016709415  2475 0x1c65370 DEBUG   default gstvalue.c:2776:_priv_gst_value_parse_value: trying type name 'string'
0:00:00.012585082  2476 0x1d41320 DEBUG   GST_POLL gstpoll.c:980:gst_poll_fd_ctl_write: 0x1d499c0: fd (fd:0, idx:1), active : 1
0:00:00.016719177  2475 0x1c65370 DEBUG   structure gststructure.c:2258:gst_structure_parse_field: trying field name 'klass'
0:00:00.012594427  2476 0x1d41320 LOG   GST_POLL gstpoll.c:994:gst_poll_fd_ctl_write: 0x1d499c0: pfd->events now 60 (POLLOUT:4)
0:00:00.016724680  2475 0x1c65370 DEBUG   default gstvalue.c:2776:_priv_gst_value_parse_value: trying type name 'string'
0:00:00.012600374  2476 0x1d41320 DEBUG   GST_POLL gstpoll.c:980:gst_poll_fd_ctl_write: 0x1d499c0: fd (fd:0, idx:1), active : 1
0:00:00.016730369  2475 0x1c65370 DEBUG   structure gststructure.c:2258:gst_structure_parse_field: trying field name 'description'
0:00:00.012606173  2476 0x1d41320 LOG   GST_POLL gstpoll.c:994:gst_poll_fd_ctl_write: 0x1d499c0: pfd->events now 60 (POLLOUT:4)
0:00:00.016735775  2475 0x1c65370 DEBUG   default gstvalue.c:2776:_priv_gst_value_parse_value: trying type name 'string'
0:00:00.012612087  2476 0x1d41320 DEBUG   GST_POLL gstpoll.c:980:gst_poll_fd_ctl_write: 0x1d499c0: fd (fd:0, idx:1), active : 1
0:00:00.016742086  2475 0x1c65370 DEBUG   structure gststructure.c:2258:gst_structure_parse_field: trying field name 'author'
0:00:00.012617761  2476 0x1d41320 LOG   GST_POLL gstpoll.c:994:gst_poll_fd_ctl_write: 0x1d499c0: pfd->events now 60 (POLLOUT:4)
0:00:00.016747663  2475 0x1c65370 DEBUG   default gstvalue.c:2776:_priv_gst_value_parse_value: trying type name 'string'
0:00:00.012623702  2476 0x1d41320 DEBUG   GST_POLL gstpoll.c:980:gst_poll_fd_ctl_write: 0x1d499c0: fd (fd:0, idx:1), active : 1
0:00:00.016754096  2475 0x1c65370 DEBUG   GST_REGISTRY gstregistrychunks.c:627:gst_registry_chunks_load_feature: Element factory : npadtemplates=2
0:00:00.012629489  2476 0x1d41320 LOG   GST_POLL gstpoll.c:994:gst_poll_fd_ctl_write: 0x1d499c0: pfd->events now 60 (POLLOUT:4)
0:00:00.016759695  2475 0x1c65370 DEBUG   GST_REGISTRY gstregistrychunks.c:527:gst_registry_chunks_load_pad_template: Reading/casting for GstRegistryChunkPadTemplate at address 0x1c811c0
0:00:00.012635426  2476 0x1d41320 DEBUG   GST_POLL gstpoll.c:980:gst_poll_fd_ctl_write: 0x1d499c0: fd (fd:0, idx:1), active : 1
0:00:00.016765721  2475 0x1c65370 DEBUG   GST_REGISTRY gstregistrychunks.c:540:gst_registry_chunks_load_pad_template: Added pad_template sink
0:00:00.012641145  2476 0x1d41320 LOG   GST_POLL gstpoll.c:994:gst_poll_fd_ctl_write: 0x1d499c0: pfd->events now 60 (POLLOUT:4)
0:00:00.016771192  2475 0x1c65370 DEBUG   GST_REGISTRY gstregistrychunks.c:527:gst_registry_chunks_load_pad_template: Reading/casting for GstRegistryChunkPadTemplate at address 0x1c811d8
0:00:00.012647091  2476 0x1d41320 DEBUG   GST_POLL gstpoll.c:980:gst_poll_fd_ctl_write: 0x1d499c0: fd (fd:0, idx:1), active : 1
0:00:00.016776800  2475 0x1c65370 DEBUG   GST_REGISTRY gstregistrychunks.c:540:gst_registry_chunks_load_pad_template: Added pad_template src
0:00:00.012652969  2476 0x1d41320 LOG   GST_POLL gstpoll.c:994:gst_poll_fd_ctl_write: 0x1d499c0: pfd->events now 60 (POLLOUT:4)
0:00:00.016783849  2475 0x1c65370 DEBUG   GST_REGISTRY gstregistry.c:590:gst_registry_add_feature: adding feature 0x1c82d80 (typefind)
0:00:00.012664681  2476 0x1d41320 DEBUG   GST_POLL gstpoll.c:980:gst_poll_fd_ctl_write: 0x1d499c0: fd (fd:0, idx:1), active : 1
0:00:00.016793364  2475 0x1c65370 DEBUG   GST_REFCOUNTING gstobject.c:709:gst_object_set_parent: set parent (ref and sink)
0:00:00.012670634  2476 0x1d41320 LOG   GST_POLL gstpoll.c:994:gst_poll_fd_ctl_write: 0x1d499c0: pfd->events now 60 (POLLOUT:4)
0:00:00.016800820  2475 0x1c65370 TRACE   GST_REFCOUNTING gstobject.c:294:gst_object_ref_sink: 0x1c82d80 ref_sink 1->2
0:00:00.012676686  2476 0x1d41320 DEBUG   GST_POLL gstpoll.c:980:gst_poll_fd_ctl_write: 0x1d499c0: fd (fd:0, idx:1), active : 1
0:00:00.016807861  2475 0x1c65370 LOG   GST_REGISTRY gstregistry.c:608:gst_registry_add_feature: emitting feature-added for typefind
0:00:00.012682609  2476 0x1d41320 LOG   GST_POLL gstpoll.c:994:gst_poll_fd_ctl_write: 0x1d499c0: pfd->events now 60 (POLLOUT:4)
0:00:00.016814661  2475 0x1c65370 DEBUG   GST_REGISTRY gstregistrychunks.c:742:gst_registry_chunks_load_feature: Added feature typefind, plugin 0x1c80a20 coreelements
0:00:00.012689398  2476 0x1d41320 DEBUG   GST_POLL gstpoll.c:980:gst_poll_fd_ctl_write: 0x1d499c0: fd (fd:0, idx:1), active : 1
0:00:00.016821707  2475 0x1c65370 DEBUG   GST_REGISTRY gstregistrychunks.c:584:gst_registry_chunks_load_feature: Plugin 'coreelements' feature 'tee' typename : 'GstElementFactory'
0:00:00.012696190  2476 0x1d41320 LOG   GST_POLL gstpoll.c:994:gst_poll_fd_ctl_write: 0x1d499c0: pfd->events now 60 (POLLOUT:4)
0:00:00.016828975  2475 0x1c65370 TRACE   GST_REFCOUNTING gstobject.c:208:gst_object_init: 0x1c830c0 new
0:00:00.012703332  2476 0x1d41320 DEBUG   GST_POLL gstpoll.c:980:gst_poll_fd_ctl_write: 0x1d499c0: fd (fd:0, idx:1), active : 1
0:00:00.016835927  2475 0x1c65370 LOG   GST_REGISTRY gstregistrychunks.c:611:gst_registry_chunks_load_feature: Reading/casting for GstRegistryChunkElementFactory at address 0x1c81200
0:00:00.012710463  2476 0x1d41320 LOG   GST_POLL gstpoll.c:994:gst_poll_fd_ctl_write: 0x1d499c0: pfd->events now 60 (POLLOUT:4)
0:00:00.016842185  2475 0x1c65370 TRACE   structure gststructure.c:292:gst_structure_new_id_empty_with_size: created structure 0x1c833d0
0:00:00.012717544  2476 0x1d41320 DEBUG   GST_POLL gstpoll.c:980:gst_poll_fd_ctl_write: 0x1d499c0: fd (fd:0, idx:1), active : 1
0:00:00.016847704  2475 0x1c65370 DEBUG   structure gststructure.c:2258:gst_structure_parse_field: trying field name 'long-name'
0:00:00.012723415  2476 0x1d41320 LOG   GST_POLL gstpoll.c:994:gst_poll_fd_ctl_write: 0x1d499c0: pfd->events now 60 (POLLOUT:4)
0:00:00.016853292  2475 0x1c65370 DEBUG   default gstvalue.c:2776:_priv_gst_value_parse_value: trying type name 'string'
0:00:00.012729487  2476 0x1d41320 DEBUG   GST_POLL gstpoll.c:980:gst_poll_fd_ctl_write: 0x1d499c0: fd (fd:0, idx:1), active : 1
0:00:00.016859410  2475 0x1c65370 DEBUG   structure gststructure.c:2258:gst_structure_parse_field: trying field name 'klass'
0:00:00.012739217  2476 0x1d41320 LOG   GST_POLL gstpoll.c:994:gst_poll_fd_ctl_write: 0x1d499c0: pfd->events now 60 (POLLOUT:4)
0:00:00.016867900  2475 0x1c65370 DEBUG   default gstvalue.c:2776:_priv_gst_value_parse_value: trying type name 'string'
0:00:00.012745407  2476 0x1d41320 DEBUG   GST_POLL gstpoll.c:980:gst_poll_fd_ctl_write: 0x1d499c0: fd (fd:0, idx:1), active : 1
0:00:00.016874285  2475 0x1c65370 DEBUG   structure gststructure.c:2258:gst_structure_parse_field: trying field name 'description'
0:00:00.012751304  2476 0x1d41320 LOG   GST_POLL gstpoll.c:994:gst_poll_fd_ctl_write: 0x1d499c0: pfd->events now 60 (POLLOUT:4)
0:00:00.016879946  2475 0x1c65370 DEBUG   default gstvalue.c:2776:_priv_gst_value_parse_value: trying type name 'string'
0:00:00.012757490  2476 0x1d41320 DEBUG   GST_POLL gstpoll.c:980:gst_poll_fd_ctl_write: 0x1d499c0: fd (fd:0, idx:1), active : 1
0:00:00.016886360  2475 0x1c65370 DEBUG   structure gststructure.c:2258:gst_structure_parse_field: trying field name 'author'
0:00:00.012763219  2476 0x1d41320 LOG   GST_POLL gstpoll.c:994:gst_poll_fd_ctl_write: 0x1d499c0: pfd->events now 60 (POLLOUT:4)
0:00:00.016891827  2475 0x1c65370 DEBUG   default gstvalue.c:2776:_priv_gst_value_parse_value: trying type name 'string'
0:00:00.012769363  2476 0x1d41320 DEBUG   GST_POLL gstpoll.c:980:gst_poll_fd_ctl_write: 0x1d499c0: fd (fd:0, idx:1), active : 1
0:00:00.016898981  2475 0x1c65370 DEBUG   GST_REGISTRY gstregistrychunks.c:627:gst_registry_chunks_load_feature: Element factory : npadtemplates=2
0:00:00.012775090  2476 0x1d41320 LOG   GST_POLL gstpoll.c:994:gst_poll_fd_ctl_write: 0x1d499c0: pfd->events now 60 (POLLOUT:4)
0:00:00.016904610  2475 0x1c65370 DEBUG   GST_REGISTRY gstregistrychunks.c:527:gst_registry_chunks_load_pad_template: Reading/casting for GstRegistryChunkPadTemplate at address 0x1c812f0
0:00:00.012781052  2476 0x1d41320 DEBUG   GST_POLL gstpoll.c:980:gst_poll_fd_ctl_write: 0x1d499c0: fd (fd:0, idx:1), active : 1
0:00:00.016910362  2475 0x1c65370 DEBUG   GST_REGISTRY gstregistrychunks.c:540:gst_registry_chunks_load_pad_template: Added pad_template src_%u
0:00:00.012786803  2476 0x1d41320 LOG   GST_POLL gstpoll.c:994:gst_poll_fd_ctl_write: 0x1d499c0: pfd->events now 60 (POLLOUT:4)
0:00:00.016915777  2475 0x1c65370 DEBUG   GST_REGISTRY gstregistrychunks.c:527:gst_registry_chunks_load_pad_template: Reading/casting for GstRegistryChunkPadTemplate at address 0x1c81308
0:00:00.012792740  2476 0x1d41320 DEBUG   GST_POLL gstpoll.c:980:gst_poll_fd_ctl_write: 0x1d499c0: fd (fd:0, idx:1), active : 1
0:00:00.016921389  2475 0x1c65370 DEBUG   GST_REGISTRY gstregistrychunks.c:540:gst_registry_chunks_load_pad_template: Added pad_template sink
0:00:00.012798486  2476 0x1d41320 LOG   GST_POLL gstpoll.c:994:gst_poll_fd_ctl_write: 0x1d499c0: pfd->events now 60 (POLLOUT:4)
0:00:00.016928595  2475 0x1c65370 DEBUG   GST_REGISTRY gstregistry.c:590:gst_registry_add_feature: adding feature 0x1c830c0 (tee)
0:00:00.012808187  2476 0x1d41320 DEBUG   GST_POLL gstpoll.c:980:gst_poll_fd_ctl_write: 0x1d499c0: fd (fd:0, idx:1), active : 1
0:00:00.016937073  2475 0x1c65370 DEBUG   GST_REFCOUNTING gstobject.c:709:gst_object_set_parent: set parent (ref and sink)
0:00:00.012814096  2476 0x1d41320 LOG   GST_POLL gstpoll.c:994:gst_poll_fd_ctl_write: 0x1d499c0: pfd->events now 60 (POLLOUT:4)
0:00:00.016943909  2475 0x1c65370 TRACE   GST_REFCOUNTING gstobject.c:294:gst_object_ref_sink: 0x1c830c0 ref_sink 1->2
0:00:00.012820107  2476 0x1d41320 DEBUG   GST_POLL gstpoll.c:980:gst_poll_fd_ctl_write: 0x1d499c0: fd (fd:0, idx:1), active : 1
0:00:00.016950610  2475 0x1c65370 LOG   GST_REGISTRY gstregistry.c:608:gst_registry_add_feature: emitting feature-added for tee
0:00:00.012825901  2476 0x1d41320 LOG   GST_POLL gstpoll.c:994:gst_poll_fd_ctl_write: 0x1d499c0: pfd->events now 60 (POLLOUT:4)
0:00:00.016957210  2475 0x1c65370 DEBUG   GST_REGISTRY gstregistrychunks.c:742:gst_registry_chunks_load_feature: Added feature tee, plugin 0x1c80a20 coreelements
0:00:00.012831976  2476 0x1d41320 DEBUG   GST_POLL gstpoll.c:980:gst_poll_fd_ctl_write: 0x1d499c0: fd (fd:0, idx:1), active : 1
0:00:00.016963641  2475 0x1c65370 DEBUG   GST_REGISTRY gstregistrychunks.c:584:gst_registry_chunks_load_feature: Plugin 'coreelements' feature 'filesink' typename : 'GstElementFactory'
0:00:00.012838374  2476 0x1d41320 LOG   GST_POLL gstpoll.c:994:gst_poll_fd_ctl_write: 0x1d499c0: pfd->events now 60 (POLLOUT:4)
0:00:00.016970495  2475 0x1c65370 TRACE   GST_REFCOUNTING gstobject.c:208:gst_object_init: 0x1c835d0 new
0:00:00.012845294  2476 0x1d41320 DEBUG   GST_POLL gstpoll.c:980:gst_poll_fd_ctl_write: 0x1d499c0: fd (fd:0, idx:1), active : 1
0:00:00.016977387  2475 0x1c65370 LOG   GST_REGISTRY gstregistrychunks.c:611:gst_registry_chunks_load_feature: Reading/casting for GstRegistryChunkElementFactory at address 0x1c81338
0:00:00.012852024  2476 0x1d41320 LOG   GST_POLL gstpoll.c:994:gst_poll_fd_ctl_write: 0x1d499c0: pfd->events now 60 (POLLOUT:4)
0:00:00.016983895  2475 0x1c65370 TRACE   structure gststructure.c:292:gst_structure_new_id_empty_with_size: created structure 0x1c83790
0:00:00.012859131  2476 0x1d41320 DEBUG   GST_POLL gstpoll.c:980:gst_poll_fd_ctl_write: 0x1d499c0: fd (fd:0, idx:1), active : 1
0:00:00.016989604  2475 0x1c65370 DEBUG   structure gststructure.c:2258:gst_structure_parse_field: trying field name 'long-name'
0:00:00.012864996  2476 0x1d41320 LOG   GST_POLL gstpoll.c:994:gst_poll_fd_ctl_write: 0x1d499c0: pfd->events now 60 (POLLOUT:4)
0:00:00.016995277  2475 0x1c65370 DEBUG   default gstvalue.c:2776:_priv_gst_value_parse_value: trying type name 'string'
0:00:00.012870934  2476 0x1d41320 DEBUG   GST_POLL gstpoll.c:980:gst_poll_fd_ctl_write: 0x1d499c0: fd (fd:0, idx:1), active : 1
0:00:00.017001433  2475 0x1c65370 DEBUG   structure gststructure.c:2258:gst_structure_parse_field: trying field name 'klass'
0:00:00.012876867  2476 0x1d41320 LOG   GST_POLL gstpoll.c:994:gst_poll_fd_ctl_write: 0x1d499c0: pfd->events now 60 (POLLOUT:4)
0:00:00.017010671  2475 0x1c65370 DEBUG   default gstvalue.c:2776:_priv_gst_value_parse_value: trying type name 'string'
0:00:00.012886432  2476 0x1d41320 DEBUG   GST_POLL gstpoll.c:980:gst_poll_fd_ctl_write: 0x1d499c0: fd (fd:0, idx:1), active : 1
0:00:00.017016659  2475 0x1c65370 DEBUG   structure gststructure.c:2258:gst_structure_parse_field: trying field name 'description'
0:00:00.012892367  2476 0x1d41320 LOG   GST_POLL gstpoll.c:994:gst_poll_fd_ctl_write: 0x1d499c0: pfd->events now 60 (POLLOUT:4)
0:00:00.017022004  2475 0x1c65370 DEBUG   default gstvalue.c:2776:_priv_gst_value_parse_value: trying type name 'string'
0:00:00.012898589  2476 0x1d41320 DEBUG   GST_POLL gstpoll.c:980:gst_poll_fd_ctl_write: 0x1d499c0: fd (fd:0, idx:1), active : 1
0:00:00.017027905  2475 0x1c65370 DEBUG   structure gststructure.c:2258:gst_structure_parse_field: trying field name 'author'
0:00:00.012904414  2476 0x1d41320 LOG   GST_POLL gstpoll.c:994:gst_poll_fd_ctl_write: 0x1d499c0: pfd->events now 60 (POLLOUT:4)
0:00:00.017033240  2475 0x1c65370 DEBUG   default gstvalue.c:2776:_priv_gst_value_parse_value: trying type name 'string'
0:00:00.012910475  2476 0x1d41320 DEBUG   GST_POLL gstpoll.c:980:gst_poll_fd_ctl_write: 0x1d499c0: fd (fd:0, idx:1), active : 1
0:00:00.017039802  2475 0x1c65370 DEBUG   GST_REGISTRY gstregistrychunks.c:627:gst_registry_chunks_load_feature: Element factory : npadtemplates=1
0:00:00.012916241  2476 0x1d41320 LOG   GST_POLL gstpoll.c:994:gst_poll_fd_ctl_write: 0x1d499c0: pfd->events now 60 (POLLOUT:4)
0:00:00.017045336  2475 0x1c65370 DEBUG   GST_REGISTRY gstregistrychunks.c:527:gst_registry_chunks_load_pad_template: Reading/casting for GstRegistryChunkPadTemplate at address 0x1c81418
0:00:00.012922192  2476 0x1d41320 DEBUG   GST_POLL gstpoll.c:980:gst_poll_fd_ctl_write: 0x1d499c0: fd (fd:0, idx:1), active : 1
0:00:00.017051076  2475 0x1c65370 DEBUG   GST_REGISTRY gstregistrychunks.c:540:gst_registry_chunks_load_pad_template: Added pad_template sink
0:00:00.012928037  2476 0x1d41320 LOG   GST_POLL gstpoll.c:994:gst_poll_fd_ctl_write: 0x1d499c0: pfd->events now 60 (POLLOUT:4)
0:00:00.017057658  2475 0x1c65370 DEBUG   GST_REGISTRY gstregistrychunks.c:640:gst_registry_chunks_load_feature: Reading 1 UriTypes at address 0x1c81429
0:00:00.012933948  2476 0x1d41320 DEBUG   GST_POLL gstpoll.c:980:gst_poll_fd_ctl_write: 0x1d499c0: fd (fd:0, idx:1), active : 1
0:00:00.017065262  2475 0x1c65370 DEBUG   GST_REGISTRY gstregistrychunks.c:655:gst_registry_chunks_load_feature: Reading 1 Interfaces at address 0x1c81439
0:00:00.012939920  2476 0x1d41320 LOG   GST_POLL gstpoll.c:994:gst_poll_fd_ctl_write: 0x1d499c0: pfd->events now 60 (POLLOUT:4)
0:00:00.017072610  2475 0x1c65370 DEBUG   GST_REGISTRY gstregistry.c:590:gst_registry_add_feature: adding feature 0x1c835d0 (filesink)
0:00:00.012946600  2476 0x1d41320 DEBUG   GST_POLL gstpoll.c:980:gst_poll_fd_ctl_write: 0x1d499c0: fd (fd:0, idx:1), active : 1
0:00:00.017082007  2475 0x1c65370 DEBUG   GST_REFCOUNTING gstobject.c:709:gst_object_set_parent: set parent (ref and sink)
0:00:00.012957469  2476 0x1d41320 LOG   GST_POLL gstpoll.c:994:gst_poll_fd_ctl_write: 0x1d499c0: pfd->events now 60 (POLLOUT:4)
0:00:00.017089127  2475 0x1c65370 TRACE   GST_REFCOUNTING gstobject.c:294:gst_object_ref_sink: 0x1c835d0 ref_sink 1->2
0:00:00.012964009  2476 0x1d41320 DEBUG   GST_POLL gstpoll.c:980:gst_poll_fd_ctl_write: 0x1d499c0: fd (fd:0, idx:1), active : 1
0:00:00.012970819  2476 0x1d41320 LOG   GST_POLL gstpoll.c:994:gst_poll_fd_ctl_write: 0x1d499c0: pfd->events now 60 (POLLOUT:4)
0:00:00.017095691  2475 0x1c65370 LOG   GST_REGISTRY gstregistry.c:608:gst_registry_add_feature: emitting feature-added for filesink
0:00:00.012976707  2476 0x1d41320 DEBUG   GST_POLL gstpoll.c:980:gst_poll_fd_ctl_write: 0x1d499c0: fd (fd:0, idx:1), active : 1
0:00:00.017107556  2475 0x1c65370 DEBUG   GST_REGISTRY gstregistrychunks.c:742:gst_registry_chunks_load_feature: Added feature filesink, plugin 0x1c80a20 coreelements
0:00:00.012982660  2476 0x1d41320 LOG   GST_POLL gstpoll.c:994:gst_poll_fd_ctl_write: 0x1d499c0: pfd->events now 60 (POLLOUT:4)
0:00:00.017114465  2475 0x1c65370 DEBUG   GST_REGISTRY gstregistrychunks.c:584:gst_registry_chunks_load_feature: Plugin 'coreelements' feature 'queue2' typename : 'GstElementFactory'
0:00:00.012989396  2476 0x1d41320 DEBUG   GST_POLL gstpoll.c:980:gst_poll_fd_ctl_write: 0x1d499c0: fd (fd:0, idx:1), active : 1
0:00:00.017121813  2475 0x1c65370 TRACE   GST_REFCOUNTING gstobject.c:208:gst_object_init: 0x1c838c0 new
0:00:00.012995688  2476 0x1d41320 LOG   GST_POLL gstpoll.c:994:gst_poll_fd_ctl_write: 0x1d499c0: pfd->events now 60 (POLLOUT:4)
0:00:00.017128901  2475 0x1c65370 LOG   GST_REGISTRY gstregistrychunks.c:611:gst_registry_chunks_load_feature: Reading/casting for GstRegistryChunkElementFactory at address 0x1c81460
0:00:00.013003992  2476 0x1d41320 DEBUG   GST_POLL gstpoll.c:980:gst_poll_fd_ctl_write: 0x1d499c0: fd (fd:0, idx:1), active : 1
0:00:00.017135160  2475 0x1c65370 TRACE   structure gststructure.c:292:gst_structure_new_id_empty_with_size: created structure 0x1c83b20
0:00:00.013009895  2476 0x1d41320 LOG   GST_POLL gstpoll.c:994:gst_poll_fd_ctl_write: 0x1d499c0: pfd->events now 60 (POLLOUT:4)
0:00:00.017140985  2475 0x1c65370 DEBUG   structure gststructure.c:2258:gst_structure_parse_field: trying field name 'long-name'
0:00:00.013016692  2476 0x1d41320 DEBUG   GST_POLL gstpoll.c:980:gst_poll_fd_ctl_write: 0x1d499c0: fd (fd:0, idx:1), active : 1
0:00:00.017146535  2475 0x1c65370 DEBUG   default gstvalue.c:2776:_priv_gst_value_parse_value: trying type name 'string'
0:00:00.013022406  2476 0x1d41320 LOG   GST_POLL gstpoll.c:994:gst_poll_fd_ctl_write: 0x1d499c0: pfd->events now 60 (POLLOUT:4)
0:00:00.017152467  2475 0x1c65370 DEBUG   structure gststructure.c:2258:gst_structure_parse_field: trying field name 'klass'
0:00:00.013032369  2476 0x1d41320 DEBUG   GST_POLL gstpoll.c:980:gst_poll_fd_ctl_write: 0x1d499c0: fd (fd:0, idx:1), active : 1
0:00:00.017161095  2475 0x1c65370 DEBUG   default gstvalue.c:2776:_priv_gst_value_parse_value: trying type name 'string'
0:00:00.013038451  2476 0x1d41320 LOG   GST_POLL gstpoll.c:994:gst_poll_fd_ctl_write: 0x1d499c0: pfd->events now 60 (POLLOUT:4)
0:00:00.017167995  2475 0x1c65370 DEBUG   structure gststructure.c:2258:gst_structure_parse_field: trying field name 'description'
0:00:00.013044442  2476 0x1d41320 DEBUG   GST_POLL gstpoll.c:980:gst_poll_fd_ctl_write: 0x1d499c0: fd (fd:0, idx:1), active : 1
0:00:00.017173592  2475 0x1c65370 DEBUG   default gstvalue.c:2776:_priv_gst_value_parse_value: trying type name 'string'
0:00:00.013050430  2476 0x1d41320 LOG   GST_POLL gstpoll.c:994:gst_poll_fd_ctl_write: 0x1d499c0: pfd->events now 60 (POLLOUT:4)
0:00:00.017180461  2475 0x1c65370 DEBUG   structure gststructure.c:2258:gst_structure_parse_field: trying field name 'author'
0:00:00.013056348  2476 0x1d41320 DEBUG   GST_POLL gstpoll.c:980:gst_poll_fd_ctl_write: 0x1d499c0: fd (fd:0, idx:1), active : 1
0:00:00.017186237  2475 0x1c65370 DEBUG   default gstvalue.c:2776:_priv_gst_value_parse_value: trying type name 'string'
0:00:00.013062157  2476 0x1d41320 LOG   GST_POLL gstpoll.c:994:gst_poll_fd_ctl_write: 0x1d499c0: pfd->events now 60 (POLLOUT:4)
0:00:00.017193057  2475 0x1c65370 DEBUG   GST_REGISTRY gstregistrychunks.c:627:gst_registry_chunks_load_feature: Element factory : npadtemplates=2
0:00:00.013068103  2476 0x1d41320 DEBUG   GST_POLL gstpoll.c:980:gst_poll_fd_ctl_write: 0x1d499c0: fd (fd:0, idx:1), active : 1
0:00:00.017198870  2475 0x1c65370 DEBUG   GST_REGISTRY gstregistrychunks.c:527:gst_registry_chunks_load_pad_template: Reading/casting for GstRegistryChunkPadTemplate at address 0x1c81550
0:00:00.013074162  2476 0x1d41320 LOG   GST_POLL gstpoll.c:994:gst_poll_fd_ctl_write: 0x1d499c0: pfd->events now 60 (POLLOUT:4)
0:00:00.017204789  2475 0x1c65370 DEBUG   GST_REGISTRY gstregistrychunks.c:540:gst_registry_chunks_load_pad_template: Added pad_template sink
0:00:00.013080271  2476 0x1d41320 DEBUG   GST_POLL gstpoll.c:980:gst_poll_fd_ctl_write: 0x1d499c0: fd (fd:0, idx:1), active : 1
0:00:00.017210309  2475 0x1c65370 DEBUG   GST_REGISTRY gstregistrychunks.c:527:gst_registry_chunks_load_pad_template: Reading/casting for GstRegistryChunkPadTemplate at address 0x1c81568
0:00:00.013086018  2476 0x1d41320 LOG   GST_POLL gstpoll.c:994:gst_poll_fd_ctl_write: 0x1d499c0: pfd->events now 60 (POLLOUT:4)
0:00:00.017215883  2475 0x1c65370 DEBUG   GST_REGISTRY gstregistrychunks.c:540:gst_registry_chunks_load_pad_template: Added pad_template src
0:00:00.013091979  2476 0x1d41320 DEBUG   GST_POLL gstpoll.c:980:gst_poll_fd_ctl_write: 0x1d499c0: fd (fd:0, idx:1), active : 1
0:00:00.017222772  2475 0x1c65370 DEBUG   GST_REGISTRY gstregistry.c:590:gst_registry_add_feature: adding feature 0x1c838c0 (queue2)
0:00:00.013098027  2476 0x1d41320 LOG   GST_POLL gstpoll.c:994:gst_poll_fd_ctl_write: 0x1d499c0: pfd->events now 60 (POLLOUT:4)
0:00:00.017233061  2475 0x1c65370 DEBUG   GST_REFCOUNTING gstobject.c:709:gst_object_set_parent: set parent (ref and sink)
0:00:00.013108780  2476 0x1d41320 DEBUG   GST_POLL gstpoll.c:980:gst_poll_fd_ctl_write: 0x1d499c0: fd (fd:0, idx:1), active : 1
0:00:00.017240618  2475 0x1c65370 TRACE   GST_REFCOUNTING gstobject.c:294:gst_object_ref_sink: 0x1c838c0 ref_sink 1->2
0:00:00.013114905  2476 0x1d41320 LOG   GST_POLL gstpoll.c:994:gst_poll_fd_ctl_write: 0x1d499c0: pfd->events now 60 (POLLOUT:4)
0:00:00.017247365  2475 0x1c65370 LOG   GST_REGISTRY gstregistry.c:608:gst_registry_add_feature: emitting feature-added for queue2
0:00:00.013122560  2476 0x1d41320 DEBUG   GST_POLL gstpoll.c:980:gst_poll_fd_ctl_write: 0x1d499c0: fd (fd:0, idx:1), active : 1
0:00:00.017253962  2475 0x1c65370 DEBUG   GST_REGISTRY gstregistrychunks.c:742:gst_registry_chunks_load_feature: Added feature queue2, plugin 0x1c80a20 coreelements
0:00:00.013128470  2476 0x1d41320 LOG   GST_POLL gstpoll.c:994:gst_poll_fd_ctl_write: 0x1d499c0: pfd->events now 60 (POLLOUT:4)
0:00:00.017260751  2475 0x1c65370 DEBUG   GST_REGISTRY gstregistrychunks.c:584:gst_registry_chunks_load_feature: Plugin 'coreelements' feature 'queue' typename : 'GstElementFactory'
0:00:00.013135388  2476 0x1d41320 DEBUG   GST_POLL gstpoll.c:980:gst_poll_fd_ctl_write: 0x1d499c0: fd (fd:0, idx:1), active : 1
0:00:00.017267910  2475 0x1c65370 TRACE   GST_REFCOUNTING gstobject.c:208:gst_object_init: 0x1c83ca0 new
0:00:00.013142053  2476 0x1d41320 LOG   GST_POLL gstpoll.c:994:gst_poll_fd_ctl_write: 0x1d499c0: pfd->events now 60 (POLLOUT:4)
0:00:00.017274971  2475 0x1c65370 LOG   GST_REGISTRY gstregistrychunks.c:611:gst_registry_chunks_load_feature: Reading/casting for GstRegistryChunkElementFactory at address 0x1c81590
0:00:00.013149772  2476 0x1d41320 DEBUG   GST_POLL gstpoll.c:980:gst_poll_fd_ctl_write: 0x1d499c0: fd (fd:0, idx:1), active : 1
0:00:00.013156224  2476 0x1d41320 LOG   GST_POLL gstpoll.c:994:gst_poll_fd_ctl_write: 0x1d499c0: pfd->events now 60 (POLLOUT:4)
0:00:00.017284110  2475 0x1c65370 TRACE   structure gststructure.c:292:gst_structure_new_id_empty_with_size: created structure 0x1c83ed0
0:00:00.013162073  2476 0x1d41320 DEBUG   GST_POLL gstpoll.c:980:gst_poll_fd_ctl_write: 0x1d499c0: fd (fd:0, idx:1), active : 1
0:00:00.017290862  2475 0x1c65370 DEBUG   structure gststructure.c:2258:gst_structure_parse_field: trying field name 'long-name'
0:00:00.013167682  2476 0x1d41320 LOG   GST_POLL gstpoll.c:994:gst_poll_fd_ctl_write: 0x1d499c0: pfd->events now 60 (POLLOUT:4)
0:00:00.017296731  2475 0x1c65370 DEBUG   default gstvalue.c:2776:_priv_gst_value_parse_value: trying type name 'string'
0:00:00.013173838  2476 0x1d41320 DEBUG   GST_POLL gstpoll.c:980:gst_poll_fd_ctl_write: 0x1d499c0: fd (fd:0, idx:1), active : 1
0:00:00.017302959  2475 0x1c65370 DEBUG   structure gststructure.c:2258:gst_structure_parse_field: trying field name 'klass'
0:00:00.013183698  2476 0x1d41320 LOG   GST_POLL gstpoll.c:994:gst_poll_fd_ctl_write: 0x1d499c0: pfd->events now 60 (POLLOUT:4)
0:00:00.017312679  2475 0x1c65370 DEBUG   default gstvalue.c:2776:_priv_gst_value_parse_value: trying type name 'string'
0:00:00.013189949  2476 0x1d41320 DEBUG   GST_POLL gstpoll.c:980:gst_poll_fd_ctl_write: 0x1d499c0: fd (fd:0, idx:1), active : 1
0:00:00.017318977  2475 0x1c65370 DEBUG   structure gststructure.c:2258:gst_structure_parse_field: trying field name 'description'
0:00:00.013195764  2476 0x1d41320 LOG   GST_POLL gstpoll.c:994:gst_poll_fd_ctl_write: 0x1d499c0: pfd->events now 60 (POLLOUT:4)
0:00:00.017324898  2475 0x1c65370 DEBUG   default gstvalue.c:2776:_priv_gst_value_parse_value: trying type name 'string'
0:00:00.013201814  2476 0x1d41320 DEBUG   GST_POLL gstpoll.c:980:gst_poll_fd_ctl_write: 0x1d499c0: fd (fd:0, idx:1), active : 1
0:00:00.017331146  2475 0x1c65370 DEBUG   structure gststructure.c:2258:gst_structure_parse_field: trying field name 'author'
0:00:00.013207604  2476 0x1d41320 LOG   GST_POLL gstpoll.c:994:gst_poll_fd_ctl_write: 0x1d499c0: pfd->events now 60 (POLLOUT:4)
0:00:00.017336869  2475 0x1c65370 DEBUG   default gstvalue.c:2776:_priv_gst_value_parse_value: trying type name 'string'
0:00:00.013213616  2476 0x1d41320 DEBUG   GST_POLL gstpoll.c:980:gst_poll_fd_ctl_write: 0x1d499c0: fd (fd:0, idx:1), active : 1
0:00:00.017343103  2475 0x1c65370 DEBUG   GST_REGISTRY gstregistrychunks.c:627:gst_registry_chunks_load_feature: Element factory : npadtemplates=2
0:00:00.013219219  2476 0x1d41320 LOG   GST_POLL gstpoll.c:994:gst_poll_fd_ctl_write: 0x1d499c0: pfd->events now 60 (POLLOUT:4)
0:00:00.017348720  2475 0x1c65370 DEBUG   GST_REGISTRY gstregistrychunks.c:527:gst_registry_chunks_load_pad_template: Reading/casting for GstRegistryChunkPadTemplate at address 0x1c81648
0:00:00.013225373  2476 0x1d41320 DEBUG   GST_POLL gstpoll.c:980:gst_poll_fd_ctl_write: 0x1d499c0: fd (fd:0, idx:1), active : 1
0:00:00.017354565  2475 0x1c65370 DEBUG   GST_REGISTRY gstregistrychunks.c:540:gst_registry_chunks_load_pad_template: Added pad_template sink
0:00:00.013231148  2476 0x1d41320 LOG   GST_POLL gstpoll.c:994:gst_poll_fd_ctl_write: 0x1d499c0: pfd->events now 60 (POLLOUT:4)
0:00:00.017360298  2475 0x1c65370 DEBUG   GST_REGISTRY gstregistrychunks.c:527:gst_registry_chunks_load_pad_template: Reading/casting for GstRegistryChunkPadTemplate at address 0x1c81660
0:00:00.013237442  2476 0x1d41320 DEBUG   GST_POLL gstpoll.c:980:gst_poll_fd_ctl_write: 0x1d499c0: fd (fd:0, idx:1), active : 1
0:00:00.017366018  2475 0x1c65370 DEBUG   GST_REGISTRY gstregistrychunks.c:540:gst_registry_chunks_load_pad_template: Added pad_template src
0:00:00.013243056  2476 0x1d41320 LOG   GST_POLL gstpoll.c:994:gst_poll_fd_ctl_write: 0x1d499c0: pfd->events now 60 (POLLOUT:4)
0:00:00.017373381  2475 0x1c65370 DEBUG   GST_REGISTRY gstregistry.c:590:gst_registry_add_feature: adding feature 0x1c83ca0 (queue)
0:00:00.013249130  2476 0x1d41320 DEBUG   GST_POLL gstpoll.c:980:gst_poll_fd_ctl_write: 0x1d499c0: fd (fd:0, idx:1), active : 1
0:00:00.017384698  2475 0x1c65370 DEBUG   GST_REFCOUNTING gstobject.c:709:gst_object_set_parent: set parent (ref and sink)
0:00:00.013258833  2476 0x1d41320 LOG   GST_POLL gstpoll.c:994:gst_poll_fd_ctl_write: 0x1d499c0: pfd->events now 60 (POLLOUT:4)
0:00:00.017392083  2475 0x1c65370 TRACE   GST_REFCOUNTING gstobject.c:294:gst_object_ref_sink: 0x1c83ca0 ref_sink 1->2
0:00:00.013266718  2476 0x1d41320 DEBUG   GST_POLL gstpoll.c:980:gst_poll_fd_ctl_write: 0x1d499c0: fd (fd:0, idx:1), active : 1
0:00:00.017398817  2475 0x1c65370 LOG   GST_REGISTRY gstregistry.c:608:gst_registry_add_feature: emitting feature-added for queue
0:00:00.013273507  2476 0x1d41320 LOG   GST_POLL gstpoll.c:994:gst_poll_fd_ctl_write: 0x1d499c0: pfd->events now 60 (POLLOUT:4)
0:00:00.017405303  2475 0x1c65370 DEBUG   GST_REGISTRY gstregistrychunks.c:742:gst_registry_chunks_load_feature: Added feature queue, plugin 0x1c80a20 coreelements
0:00:00.013280227  2476 0x1d41320 DEBUG   GST_POLL gstpoll.c:980:gst_poll_fd_ctl_write: 0x1d499c0: fd (fd:0, idx:1), active : 1
0:00:00.017411943  2475 0x1c65370 DEBUG   GST_REGISTRY gstregistrychunks.c:584:gst_registry_chunks_load_feature: Plugin 'coreelements' feature 'output-selector' typename : 'GstElementFactory'
0:00:00.013286541  2476 0x1d41320 LOG   GST_POLL gstpoll.c:994:gst_poll_fd_ctl_write: 0x1d499c0: pfd->events now 60 (POLLOUT:4)
0:00:00.017418911  2475 0x1c65370 TRACE   GST_REFCOUNTING gstobject.c:208:gst_object_init: 0x1c84200 new
0:00:00.013293660  2476 0x1d41320 DEBUG   GST_POLL gstpoll.c:980:gst_poll_fd_ctl_write: 0x1d499c0: fd (fd:0, idx:1), active : 1
0:00:00.017425809  2475 0x1c65370 LOG   GST_REGISTRY gstregistrychunks.c:611:gst_registry_chunks_load_feature: Reading/casting for GstRegistryChunkElementFactory at address 0x1c81698
0:00:00.013300365  2476 0x1d41320 LOG   GST_POLL gstpoll.c:994:gst_poll_fd_ctl_write: 0x1d499c0: pfd->events now 60 (POLLOUT:4)
0:00:00.017431965  2475 0x1c65370 TRACE   structure gststructure.c:292:gst_structure_new_id_empty_with_size: created structure 0x1c84500
0:00:00.013307520  2476 0x1d41320 DEBUG   GST_POLL gstpoll.c:980:gst_poll_fd_ctl_write: 0x1d499c0: fd (fd:0, idx:1), active : 1
0:00:00.017437805  2475 0x1c65370 DEBUG   structure gststructure.c:2258:gst_structure_parse_field: trying field name 'long-name'
0:00:00.013313334  2476 0x1d41320 LOG   GST_POLL gstpoll.c:994:gst_poll_fd_ctl_write: 0x1d499c0: pfd->events now 60 (POLLOUT:4)
0:00:00.017443296  2475 0x1c65370 DEBUG   default gstvalue.c:2776:_priv_gst_value_parse_value: trying type name 'string'
0:00:00.013319375  2476 0x1d41320 DEBUG   GST_POLL gstpoll.c:980:gst_poll_fd_ctl_write: 0x1d499c0: fd (fd:0, idx:1), active : 1
0:00:00.017449296  2475 0x1c65370 DEBUG   structure gststructure.c:2258:gst_structure_parse_field: trying field name 'klass'
0:00:00.013325112  2476 0x1d41320 LOG   GST_POLL gstpoll.c:994:gst_poll_fd_ctl_write: 0x1d499c0: pfd->events now 60 (POLLOUT:4)
0:00:00.017458526  2475 0x1c65370 DEBUG   default gstvalue.c:2776:_priv_gst_value_parse_value: trying type name 'string'
0:00:00.013334468  2476 0x1d41320 DEBUG   GST_POLL gstpoll.c:980:gst_poll_fd_ctl_write: 0x1d499c0: fd (fd:0, idx:1), active : 1
0:00:00.017464494  2475 0x1c65370 DEBUG   structure gststructure.c:2258:gst_structure_parse_field: trying field name 'description'
0:00:00.013340209  2476 0x1d41320 LOG   GST_POLL gstpoll.c:994:gst_poll_fd_ctl_write: 0x1d499c0: pfd->events now 60 (POLLOUT:4)
0:00:00.017469964  2475 0x1c65370 DEBUG   default gstvalue.c:2776:_priv_gst_value_parse_value: trying type name 'string'
0:00:00.013346242  2476 0x1d41320 DEBUG   GST_POLL gstpoll.c:980:gst_poll_fd_ctl_write: 0x1d499c0: fd (fd:0, idx:1), active : 1
0:00:00.017476037  2475 0x1c65370 DEBUG   structure gststructure.c:2258:gst_structure_parse_field: trying field name 'author'
0:00:00.013351807  2476 0x1d41320 LOG   GST_POLL gstpoll.c:994:gst_poll_fd_ctl_write: 0x1d499c0: pfd->events now 60 (POLLOUT:4)
0:00:00.017481431  2475 0x1c65370 DEBUG   default gstvalue.c:2776:_priv_gst_value_parse_value: trying type name 'string'
0:00:00.013357891  2476 0x1d41320 DEBUG   GST_POLL gstpoll.c:980:gst_poll_fd_ctl_write: 0x1d499c0: fd (fd:0, idx:1), active : 1
0:00:00.017487581  2475 0x1c65370 DEBUG   GST_REGISTRY gstregistrychunks.c:627:gst_registry_chunks_load_feature: Element factory : npadtemplates=2
0:00:00.013363610  2476 0x1d41320 LOG   GST_POLL gstpoll.c:994:gst_poll_fd_ctl_write: 0x1d499c0: pfd->events now 60 (POLLOUT:4)
0:00:00.017493097  2475 0x1c65370 DEBUG   GST_REGISTRY gstregistrychunks.c:527:gst_registry_chunks_load_pad_template: Reading/casting for GstRegistryChunkPadTemplate at address 0x1c81770
0:00:00.013369741  2476 0x1d41320 DEBUG   GST_POLL gstpoll.c:980:gst_poll_fd_ctl_write: 0x1d499c0: fd (fd:0, idx:1), active : 1
0:00:00.017498913  2475 0x1c65370 DEBUG   GST_REGISTRY gstregistrychunks.c:540:gst_registry_chunks_load_pad_template: Added pad_template src_%u
0:00:00.013375530  2476 0x1d41320 LOG   GST_POLL gstpoll.c:994:gst_poll_fd_ctl_write: 0x1d499c0: pfd->events now 60 (POLLOUT:4)
0:00:00.017504161  2475 0x1c65370 DEBUG   GST_REGISTRY gstregistrychunks.c:527:gst_registry_chunks_load_pad_template: Reading/casting for GstRegistryChunkPadTemplate at address 0x1c81788
0:00:00.013381621  2476 0x1d41320 DEBUG   GST_POLL gstpoll.c:980:gst_poll_fd_ctl_write: 0x1d499c0: fd (fd:0, idx:1), active : 1
0:00:00.017510134  2475 0x1c65370 DEBUG   GST_REGISTRY gstregistrychunks.c:540:gst_registry_chunks_load_pad_template: Added pad_template sink
0:00:00.013387468  2476 0x1d41320 LOG   GST_POLL gstpoll.c:994:gst_poll_fd_ctl_write: 0x1d499c0: pfd->events now 60 (POLLOUT:4)
0:00:00.017517708  2475 0x1c65370 DEBUG   GST_REGISTRY gstregistry.c:590:gst_registry_add_feature: adding feature 0x1c84200 (output-selector)
0:00:00.013393453  2476 0x1d41320 DEBUG   GST_POLL gstpoll.c:980:gst_poll_fd_ctl_write: 0x1d499c0: fd (fd:0, idx:1), active : 1
0:00:00.017528136  2475 0x1c65370 DEBUG   GST_REFCOUNTING gstobject.c:709:gst_object_set_parent: set parent (ref and sink)
0:00:00.013403489  2476 0x1d41320 LOG   GST_POLL gstpoll.c:994:gst_poll_fd_ctl_write: 0x1d499c0: pfd->events now 60 (POLLOUT:4)
0:00:00.017535869  2475 0x1c65370 TRACE   GST_REFCOUNTING gstobject.c:294:gst_object_ref_sink: 0x1c84200 ref_sink 1->2
0:00:00.013410408  2476 0x1d41320 DEBUG   GST_POLL gstpoll.c:980:gst_poll_fd_ctl_write: 0x1d499c0: fd (fd:0, idx:1), active : 1
0:00:00.017542722  2475 0x1c65370 LOG   GST_REGISTRY gstregistry.c:608:gst_registry_add_feature: emitting feature-added for output-selector
0:00:00.013431582  2476 0x1d41320 LOG   GST_POLL gstpoll.c:994:gst_poll_fd_ctl_write: 0x1d499c0: pfd->events now 60 (POLLOUT:4)
0:00:00.017567364  2475 0x1c65370 DEBUG   GST_REGISTRY gstregistrychunks.c:742:gst_registry_chunks_load_feature: Added feature output-selector, plugin 0x1c80a20 coreelements
0:00:00.017574033  2475 0x1c65370 DEBUG   GST_REGISTRY gstregistrychunks.c:584:gst_registry_chunks_load_feature: Plugin 'coreelements' feature 'input-selector' typename : 'GstElementFactory'
0:00:00.013446795  2476 0x1d41320 DEBUG   GST_POLL gstpoll.c:980:gst_poll_fd_ctl_write: 0x1d499c0: fd (fd:0, idx:1), active : 1
0:00:00.017580745  2475 0x1c65370 TRACE   GST_REFCOUNTING gstobject.c:208:gst_object_init: 0x1c846d0 new
0:00:00.013457253  2476 0x1d41320 LOG   GST_POLL gstpoll.c:994:gst_poll_fd_ctl_write: 0x1d499c0: pfd->events now 60 (POLLOUT:4)
0:00:00.017588003  2475 0x1c65370 LOG   GST_REGISTRY gstregistrychunks.c:611:gst_registry_chunks_load_feature: Reading/casting for GstRegistryChunkElementFactory at address 0x1c817c0
0:00:00.013464200  2476 0x1d41320 DEBUG   GST_POLL gstpoll.c:980:gst_poll_fd_ctl_write: 0x1d499c0: fd (fd:0, idx:1), active : 1
0:00:00.017594401  2475 0x1c65370 TRACE   structure gststructure.c:292:gst_structure_new_id_empty_with_size: created structure 0x1c848e0
0:00:00.013469950  2476 0x1d41320 LOG   GST_POLL gstpoll.c:994:gst_poll_fd_ctl_write: 0x1d499c0: pfd->events now 60 (POLLOUT:4)
0:00:00.017600176  2475 0x1c65370 DEBUG   structure gststructure.c:2258:gst_structure_parse_field: trying field name 'long-name'
0:00:00.013476069  2476 0x1d41320 DEBUG   GST_POLL gstpoll.c:980:gst_poll_fd_ctl_write: 0x1d499c0: fd (fd:0, idx:1), active : 1
0:00:00.017605891  2475 0x1c65370 DEBUG   default gstvalue.c:2776:_priv_gst_value_parse_value: trying type name 'string'
0:00:00.013481786  2476 0x1d41320 LOG   GST_POLL gstpoll.c:994:gst_poll_fd_ctl_write: 0x1d499c0: pfd->events now 60 (POLLOUT:4)
0:00:00.017612218  2475 0x1c65370 DEBUG   structure gststructure.c:2258:gst_structure_parse_field: trying field name 'klass'
0:00:00.013487889  2476 0x1d41320 DEBUG   GST_POLL gstpoll.c:980:gst_poll_fd_ctl_write: 0x1d499c0: fd (fd:0, idx:1), active : 1
0:00:00.017617643  2475 0x1c65370 DEBUG   default gstvalue.c:2776:_priv_gst_value_parse_value: trying type name 'string'
0:00:00.013501702  2476 0x1d41320 LOG   GST_POLL gstpoll.c:994:gst_poll_fd_ctl_write: 0x1d499c0: pfd->events now 60 (POLLOUT:4)
0:00:00.017631197  2475 0x1c65370 DEBUG   structure gststructure.c:2258:gst_structure_parse_field: trying field name 'description'
0:00:00.013507787  2476 0x1d41320 DEBUG   GST_POLL gstpoll.c:980:gst_poll_fd_ctl_write: 0x1d499c0: fd (fd:0, idx:1), active : 1
0:00:00.017636696  2475 0x1c65370 DEBUG   default gstvalue.c:2776:_priv_gst_value_parse_value: trying type name 'string'
0:00:00.013513716  2476 0x1d41320 LOG   GST_POLL gstpoll.c:994:gst_poll_fd_ctl_write: 0x1d499c0: pfd->events now 60 (POLLOUT:4)
0:00:00.017643086  2475 0x1c65370 DEBUG   structure gststructure.c:2258:gst_structure_parse_field: trying field name 'author'
0:00:00.013520098  2476 0x1d41320 LOG   GST_PLUGIN_LOADING gstpluginloader.c:645:put_chunk: Expanding tx buf from 10158 to 13209 for chunk of size 209
0:00:00.017648553  2475 0x1c65370 DEBUG   default gstvalue.c:2776:_priv_gst_value_parse_value: trying type name 'string'
0:00:00.013526880  2476 0x1d41320 DEBUG   GST_POLL gstpoll.c:980:gst_poll_fd_ctl_write: 0x1d499c0: fd (fd:0, idx:1), active : 1
0:00:00.017657072  2475 0x1c65370 DEBUG   GST_REGISTRY gstregistrychunks.c:627:gst_registry_chunks_load_feature: Element factory : npadtemplates=2
0:00:00.013532585  2476 0x1d41320 LOG   GST_POLL gstpoll.c:994:gst_poll_fd_ctl_write: 0x1d499c0: pfd->events now 60 (POLLOUT:4)
0:00:00.017662638  2475 0x1c65370 DEBUG   GST_REGISTRY gstregistrychunks.c:527:gst_registry_chunks_load_pad_template: Reading/casting for GstRegistryChunkPadTemplate at address 0x1c818f0
0:00:00.013538618  2476 0x1d41320 DEBUG   GST_POLL gstpoll.c:980:gst_poll_fd_ctl_write: 0x1d499c0: fd (fd:0, idx:1), active : 1
0:00:00.017668366  2475 0x1c65370 DEBUG   GST_REGISTRY gstregistrychunks.c:540:gst_registry_chunks_load_pad_template: Added pad_template src
0:00:00.013548694  2476 0x1d41320 LOG   GST_POLL gstpoll.c:994:gst_poll_fd_ctl_write: 0x1d499c0: pfd->events now 60 (POLLOUT:4)
0:00:00.017677699  2475 0x1c65370 DEBUG   GST_REGISTRY gstregistrychunks.c:527:gst_registry_chunks_load_pad_template: Reading/casting for GstRegistryChunkPadTemplate at address 0x1c81900
0:00:00.013554897  2476 0x1d41320 DEBUG   GST_POLL gstpoll.c:980:gst_poll_fd_ctl_write: 0x1d499c0: fd (fd:0, idx:1), active : 1
0:00:00.017683503  2475 0x1c65370 DEBUG   GST_REGISTRY gstregistrychunks.c:540:gst_registry_chunks_load_pad_template: Added pad_template sink_%u
0:00:00.013560735  2476 0x1d41320 LOG   GST_POLL gstpoll.c:994:gst_poll_fd_ctl_write: 0x1d499c0: pfd->events now 60 (POLLOUT:4)
0:00:00.017691098  2475 0x1c65370 DEBUG   GST_REGISTRY gstregistry.c:590:gst_registry_add_feature: adding feature 0x1c846d0 (input-selector)
0:00:00.013566701  2476 0x1d41320 DEBUG   GST_POLL gstpoll.c:980:gst_poll_fd_ctl_write: 0x1d499c0: fd (fd:0, idx:1), active : 1
0:00:00.017696990  2475 0x1c65370 DEBUG   GST_REFCOUNTING gstobject.c:709:gst_object_set_parent: set parent (ref and sink)
0:00:00.013576473  2476 0x1d41320 LOG   GST_POLL gstpoll.c:994:gst_poll_fd_ctl_write: 0x1d499c0: pfd->events now 60 (POLLOUT:4)
0:00:00.017706445  2475 0x1c65370 TRACE   GST_REFCOUNTING gstobject.c:294:gst_object_ref_sink: 0x1c846d0 ref_sink 1->2
0:00:00.013582648  2476 0x1d41320 DEBUG   GST_POLL gstpoll.c:980:gst_poll_fd_ctl_write: 0x1d499c0: fd (fd:0, idx:1), active : 1
0:00:00.017713423  2475 0x1c65370 LOG   GST_REGISTRY gstregistry.c:608:gst_registry_add_feature: emitting feature-added for input-selector
0:00:00.013588650  2476 0x1d41320 LOG   GST_POLL gstpoll.c:994:gst_poll_fd_ctl_write: 0x1d499c0: pfd->events now 60 (POLLOUT:4)
0:00:00.017720557  2475 0x1c65370 DEBUG   GST_REGISTRY gstregistrychunks.c:742:gst_registry_chunks_load_feature: Added feature input-selector, plugin 0x1c80a20 coreelements
0:00:00.013595515  2476 0x1d41320 DEBUG   GST_POLL gstpoll.c:980:gst_poll_fd_ctl_write: 0x1d499c0: fd (fd:0, idx:1), active : 1
0:00:00.017727462  2475 0x1c65370 DEBUG   GST_REGISTRY gstregistrychunks.c:584:gst_registry_chunks_load_feature: Plugin 'coreelements' feature 'identity' typename : 'GstElementFactory'
0:00:00.013601830  2476 0x1d41320 LOG   GST_POLL gstpoll.c:994:gst_poll_fd_ctl_write: 0x1d499c0: pfd->events now 60 (POLLOUT:4)
0:00:00.017734096  2475 0x1c65370 TRACE   GST_REFCOUNTING gstobject.c:208:gst_object_init: 0x1c84ad0 new
0:00:00.013609122  2476 0x1d41320 DEBUG   GST_POLL gstpoll.c:980:gst_poll_fd_ctl_write: 0x1d499c0: fd (fd:0, idx:1), active : 1
0:00:00.017741111  2475 0x1c65370 LOG   GST_REGISTRY gstregistrychunks.c:611:gst_registry_chunks_load_feature: Reading/casting for GstRegistryChunkElementFactory at address 0x1c81930
0:00:00.013615520  2476 0x1d41320 LOG   GST_POLL gstpoll.c:994:gst_poll_fd_ctl_write: 0x1d499c0: pfd->events now 60 (POLLOUT:4)
0:00:00.017747465  2475 0x1c65370 TRACE   structure gststructure.c:292:gst_structure_new_id_empty_with_size: created structure 0x1c84c80
0:00:00.013622625  2476 0x1d41320 DEBUG   GST_POLL gstpoll.c:980:gst_poll_fd_ctl_write: 0x1d499c0: fd (fd:0, idx:1), active : 1
0:00:00.017753076  2475 0x1c65370 DEBUG   structure gststructure.c:2258:gst_structure_parse_field: trying field name 'long-name'
0:00:00.013628347  2476 0x1d41320 LOG   GST_POLL gstpoll.c:994:gst_poll_fd_ctl_write: 0x1d499c0: pfd->events now 60 (POLLOUT:4)
0:00:00.017758742  2475 0x1c65370 DEBUG   default gstvalue.c:2776:_priv_gst_value_parse_value: trying type name 'string'
0:00:00.013634322  2476 0x1d41320 DEBUG   GST_POLL gstpoll.c:980:gst_poll_fd_ctl_write: 0x1d499c0: fd (fd:0, idx:1), active : 1
0:00:00.017764685  2475 0x1c65370 DEBUG   structure gststructure.c:2258:gst_structure_parse_field: trying field name 'klass'
0:00:00.013639970  2476 0x1d41320 LOG   GST_POLL gstpoll.c:994:gst_poll_fd_ctl_write: 0x1d499c0: pfd->events now 60 (POLLOUT:4)
0:00:00.017770229  2475 0x1c65370 DEBUG   default gstvalue.c:2776:_priv_gst_value_parse_value: trying type name 'string'
0:00:00.013645922  2476 0x1d41320 DEBUG   GST_POLL gstpoll.c:980:gst_poll_fd_ctl_write: 0x1d499c0: fd (fd:0, idx:1), active : 1
0:00:00.017780336  2475 0x1c65370 DEBUG   structure gststructure.c:2258:gst_structure_parse_field: trying field name 'description'
0:00:00.013655382  2476 0x1d41320 LOG   GST_POLL gstpoll.c:994:gst_poll_fd_ctl_write: 0x1d499c0: pfd->events now 60 (POLLOUT:4)
0:00:00.017785903  2475 0x1c65370 DEBUG   default gstvalue.c:2776:_priv_gst_value_parse_value: trying type name 'string'
0:00:00.013661798  2476 0x1d41320 DEBUG   GST_POLL gstpoll.c:980:gst_poll_fd_ctl_write: 0x1d499c0: fd (fd:0, idx:1), active : 1
0:00:00.017792011  2475 0x1c65370 DEBUG   structure gststructure.c:2258:gst_structure_parse_field: trying field name 'author'
0:00:00.013667476  2476 0x1d41320 LOG   GST_POLL gstpoll.c:994:gst_poll_fd_ctl_write: 0x1d499c0: pfd->events now 60 (POLLOUT:4)
0:00:00.017797302  2475 0x1c65370 DEBUG   default gstvalue.c:2776:_priv_gst_value_parse_value: trying type name 'string'
0:00:00.013673489  2476 0x1d41320 DEBUG   GST_POLL gstpoll.c:980:gst_poll_fd_ctl_write: 0x1d499c0: fd (fd:0, idx:1), active : 1
0:00:00.017803622  2475 0x1c65370 DEBUG   GST_REGISTRY gstregistrychunks.c:627:gst_registry_chunks_load_feature: Element factory : npadtemplates=2
0:00:00.013679185  2476 0x1d41320 LOG   GST_POLL gstpoll.c:994:gst_poll_fd_ctl_write: 0x1d499c0: pfd->events now 60 (POLLOUT:4)
0:00:00.017809289  2475 0x1c65370 DEBUG   GST_REGISTRY gstregistrychunks.c:527:gst_registry_chunks_load_pad_template: Reading/casting for GstRegistryChunkPadTemplate at address 0x1c81a00
0:00:00.013685241  2476 0x1d41320 DEBUG   GST_POLL gstpoll.c:980:gst_poll_fd_ctl_write: 0x1d499c0: fd (fd:0, idx:1), active : 1
0:00:00.017815002  2475 0x1c65370 DEBUG   GST_REGISTRY gstregistrychunks.c:540:gst_registry_chunks_load_pad_template: Added pad_template sink
0:00:00.013690898  2476 0x1d41320 LOG   GST_POLL gstpoll.c:994:gst_poll_fd_ctl_write: 0x1d499c0: pfd->events now 60 (POLLOUT:4)
