0:00:00.017820258  2475 0x1c65370 DEBUG   GST_REGISTRY gstregistrychunks.c:527:gst_registry_chunks_load_pad_template: Reading/casting for GstRegistryChunkPadTemplate at address 0x1c81a18
0:00:00.013696857  2476 0x1d41320 DEBUG   GST_POLL gstpoll.c:980:gst_poll_fd_ctl_write: 0x1d499c0: fd (fd:0, idx:1), active : 1
0:00:00.017825878  2475 0x1c65370 DEBUG   GST_REGISTRY gstregistrychunks.c:540:gst_registry_chunks_load_pad_template: Added pad_template src
0:00:00.013702578  2476 0x1d41320 LOG   GST_POLL gstpoll.c:994:gst_poll_fd_ctl_write: 0x1d499c0: pfd->events now 60 (POLLOUT:4)
0:00:00.013708559  2476 0x1d41320 DEBUG   GST_POLL gstpoll.c:980:gst_poll_fd_ctl_write: 0x1d499c0: fd (fd:0, idx:1), active : 1
0:00:00.017835742  2475 0x1c65370 DEBUG   GST_REGISTRY gstregistry.c:590:gst_registry_add_feature: adding feature 0x1c84ad0 (identity)
0:00:00.013716609  2476 0x1d41320 LOG   GST_POLL gstpoll.c:994:gst_poll_fd_ctl_write: 0x1d499c0: pfd->events now 60 (POLLOUT:4)
0:00:00.017845783  2475 0x1c65370 DEBUG   GST_REFCOUNTING gstobject.c:709:gst_object_set_parent: set parent (ref and sink)
0:00:00.013726499  2476 0x1d41320 DEBUG   GST_POLL gstpoll.c:980:gst_poll_fd_ctl_write: 0x1d499c0: fd (fd:0, idx:1), active : 1
0:00:00.017856343  2475 0x1c65370 TRACE   GST_REFCOUNTING gstobject.c:294:gst_object_ref_sink: 0x1c84ad0 ref_sink 1->2
0:00:00.013732215  2476 0x1d41320 LOG   GST_POLL gstpoll.c:994:gst_poll_fd_ctl_write: 0x1d499c0: pfd->events now 60 (POLLOUT:4)
0:00:00.017862968  2475 0x1c65370 LOG   GST_REGISTRY gstregistry.c:608:gst_registry_add_feature: emitting feature-added for identity
0:00:00.013738311  2476 0x1d41320 DEBUG   GST_POLL gstpoll.c:980:gst_poll_fd_ctl_write: 0x1d499c0: fd (fd:0, idx:1), active : 1
0:00:00.017869628  2475 0x1c65370 DEBUG   GST_REGISTRY gstregistrychunks.c:742:gst_registry_chunks_load_feature: Added feature identity, plugin 0x1c80a20 coreelements
0:00:00.013744415  2476 0x1d41320 LOG   GST_POLL gstpoll.c:994:gst_poll_fd_ctl_write: 0x1d499c0: pfd->events now 60 (POLLOUT:4)
0:00:00.017876426  2475 0x1c65370 DEBUG   GST_REGISTRY gstregistrychunks.c:584:gst_registry_chunks_load_feature: Plugin 'coreelements' feature 'funnel' typename : 'GstElementFactory'
0:00:00.013751550  2476 0x1d41320 DEBUG   GST_POLL gstpoll.c:980:gst_poll_fd_ctl_write: 0x1d499c0: fd (fd:0, idx:1), active : 1
0:00:00.017883342  2475 0x1c65370 TRACE   GST_REFCOUNTING gstobject.c:208:gst_object_init: 0x1c84f00 new
0:00:00.013757744  2476 0x1d41320 LOG   GST_POLL gstpoll.c:994:gst_poll_fd_ctl_write: 0x1d499c0: pfd->events now 60 (POLLOUT:4)
0:00:00.017890434  2475 0x1c65370 LOG   GST_REGISTRY gstregistrychunks.c:611:gst_registry_chunks_load_feature: Reading/casting for GstRegistryChunkElementFactory at address 0x1c81a48
0:00:00.013765153  2476 0x1d41320 DEBUG   GST_POLL gstpoll.c:980:gst_poll_fd_ctl_write: 0x1d499c0: fd (fd:0, idx:1), active : 1
0:00:00.017896849  2475 0x1c65370 TRACE   structure gststructure.c:292:gst_structure_new_id_empty_with_size: created structure 0x1c850c0
0:00:00.013771854  2476 0x1d41320 LOG   GST_POLL gstpoll.c:994:gst_poll_fd_ctl_write: 0x1d499c0: pfd->events now 60 (POLLOUT:4)
0:00:00.017902583  2475 0x1c65370 DEBUG   structure gststructure.c:2258:gst_structure_parse_field: trying field name 'long-name'
0:00:00.013778162  2476 0x1d41320 DEBUG   GST_POLL gstpoll.c:980:gst_poll_fd_ctl_write: 0x1d499c0: fd (fd:0, idx:1), active : 1
0:00:00.017908040  2475 0x1c65370 DEBUG   default gstvalue.c:2776:_priv_gst_value_parse_value: trying type name 'string'
0:00:00.013783823  2476 0x1d41320 LOG   GST_POLL gstpoll.c:994:gst_poll_fd_ctl_write: 0x1d499c0: pfd->events now 60 (POLLOUT:4)
0:00:00.017913821  2475 0x1c65370 DEBUG   structure gststructure.c:2258:gst_structure_parse_field: trying field name 'klass'
0:00:00.013789920  2476 0x1d41320 DEBUG   GST_POLL gstpoll.c:980:gst_poll_fd_ctl_write: 0x1d499c0: fd (fd:0, idx:1), active : 1
0:00:00.017919311  2475 0x1c65370 DEBUG   default gstvalue.c:2776:_priv_gst_value_parse_value: trying type name 'string'
0:00:00.013799778  2476 0x1d41320 LOG   GST_POLL gstpoll.c:994:gst_poll_fd_ctl_write: 0x1d499c0: pfd->events now 60 (POLLOUT:4)
0:00:00.017929026  2475 0x1c65370 DEBUG   structure gststructure.c:2258:gst_structure_parse_field: trying field name 'description'
0:00:00.013805986  2476 0x1d41320 DEBUG   GST_POLL gstpoll.c:980:gst_poll_fd_ctl_write: 0x1d499c0: fd (fd:0, idx:1), active : 1
0:00:00.017934455  2475 0x1c65370 DEBUG   default gstvalue.c:2776:_priv_gst_value_parse_value: trying type name 'string'
0:00:00.013811892  2476 0x1d41320 LOG   GST_POLL gstpoll.c:994:gst_poll_fd_ctl_write: 0x1d499c0: pfd->events now 60 (POLLOUT:4)
0:00:00.017941144  2475 0x1c65370 DEBUG   structure gststructure.c:2258:gst_structure_parse_field: trying field name 'author'
0:00:00.013817900  2476 0x1d41320 DEBUG   GST_POLL gstpoll.c:980:gst_poll_fd_ctl_write: 0x1d499c0: fd (fd:0, idx:1), active : 1
0:00:00.017964235  2475 0x1c65370 DEBUG   default gstvalue.c:2776:_priv_gst_value_parse_value: trying type name 'string'
0:00:00.013842154  2476 0x1d41320 LOG   GST_POLL gstpoll.c:994:gst_poll_fd_ctl_write: 0x1d499c0: pfd->events now 60 (POLLOUT:4)
0:00:00.017972069  2475 0x1c65370 DEBUG   GST_REGISTRY gstregistrychunks.c:627:gst_registry_chunks_load_feature: Element factory : npadtemplates=2
0:00:00.013848453  2476 0x1d41320 DEBUG   GST_POLL gstpoll.c:980:gst_poll_fd_ctl_write: 0x1d499c0: fd (fd:0, idx:1), active : 1
0:00:00.017977766  2475 0x1c65370 DEBUG   GST_REGISTRY gstregistrychunks.c:527:gst_registry_chunks_load_pad_template: Reading/casting for GstRegistryChunkPadTemplate at address 0x1c81b20
0:00:00.013854321  2476 0x1d41320 LOG   GST_POLL gstpoll.c:994:gst_poll_fd_ctl_write: 0x1d499c0: pfd->events now 60 (POLLOUT:4)
0:00:00.017983638  2475 0x1c65370 DEBUG   GST_REGISTRY gstregistrychunks.c:540:gst_registry_chunks_load_pad_template: Added pad_template src
0:00:00.013860486  2476 0x1d41320 DEBUG   GST_POLL gstpoll.c:980:gst_poll_fd_ctl_write: 0x1d499c0: fd (fd:0, idx:1), active : 1
0:00:00.017989186  2475 0x1c65370 DEBUG   GST_REGISTRY gstregistrychunks.c:527:gst_registry_chunks_load_pad_template: Reading/casting for GstRegistryChunkPadTemplate at address 0x1c81b30
0:00:00.013866466  2476 0x1d41320 LOG   GST_POLL gstpoll.c:994:gst_poll_fd_ctl_write: 0x1d499c0: pfd->events now 60 (POLLOUT:4)
0:00:00.017995451  2475 0x1c65370 DEBUG   GST_REGISTRY gstregistrychunks.c:540:gst_registry_chunks_load_pad_template: Added pad_template sink_%u
0:00:00.013872760  2476 0x1d41320 DEBUG   GST_POLL gstpoll.c:980:gst_poll_fd_ctl_write: 0x1d499c0: fd (fd:0, idx:1), active : 1
0:00:00.018002528  2475 0x1c65370 DEBUG   GST_REGISTRY gstregistry.c:590:gst_registry_add_feature: adding feature 0x1c84f00 (funnel)
0:00:00.013878718  2476 0x1d41320 LOG   GST_POLL gstpoll.c:994:gst_poll_fd_ctl_write: 0x1d499c0: pfd->events now 60 (POLLOUT:4)
0:00:00.018008529  2475 0x1c65370 DEBUG   GST_REFCOUNTING gstobject.c:709:gst_object_set_parent: set parent (ref and sink)
0:00:00.013884981  2476 0x1d41320 DEBUG   GST_POLL gstpoll.c:980:gst_poll_fd_ctl_write: 0x1d499c0: fd (fd:0, idx:1), active : 1
0:00:00.018020163  2475 0x1c65370 TRACE   GST_REFCOUNTING gstobject.c:294:gst_object_ref_sink: 0x1c84f00 ref_sink 1->2
0:00:00.013894869  2476 0x1d41320 LOG   GST_POLL gstpoll.c:994:gst_poll_fd_ctl_write: 0x1d499c0: pfd->events now 60 (POLLOUT:4)
0:00:00.018027156  2475 0x1c65370 LOG   GST_REGISTRY gstregistry.c:608:gst_registry_add_feature: emitting feature-added for funnel
0:00:00.013902324  2476 0x1d41320 DEBUG   GST_POLL gstpoll.c:980:gst_poll_fd_ctl_write: 0x1d499c0: fd (fd:0, idx:1), active : 1
0:00:00.018034269  2475 0x1c65370 DEBUG   GST_REGISTRY gstregistrychunks.c:742:gst_registry_chunks_load_feature: Added feature funnel, plugin 0x1c80a20 coreelements
0:00:00.013908767  2476 0x1d41320 LOG   GST_POLL gstpoll.c:994:gst_poll_fd_ctl_write: 0x1d499c0: pfd->events now 60 (POLLOUT:4)
0:00:00.018041232  2475 0x1c65370 DEBUG   GST_REGISTRY gstregistrychunks.c:584:gst_registry_chunks_load_feature: Plugin 'coreelements' feature 'filesrc' typename : 'GstElementFactory'
0:00:00.013916227  2476 0x1d41320 DEBUG   GST_POLL gstpoll.c:980:gst_poll_fd_ctl_write: 0x1d499c0: fd (fd:0, idx:1), active : 1
0:00:00.018048154  2475 0x1c65370 TRACE   GST_REFCOUNTING gstobject.c:208:gst_object_init: 0x1c84e00 new
0:00:00.013922731  2476 0x1d41320 LOG   GST_POLL gstpoll.c:994:gst_poll_fd_ctl_write: 0x1d499c0: pfd->events now 60 (POLLOUT:4)
0:00:00.018055248  2475 0x1c65370 LOG   GST_REGISTRY gstregistrychunks.c:611:gst_registry_chunks_load_feature: Reading/casting for GstRegistryChunkElementFactory at address 0x1c81b60
0:00:00.013930189  2476 0x1d41320 DEBUG   GST_POLL gstpoll.c:980:gst_poll_fd_ctl_write: 0x1d499c0: fd (fd:0, idx:1), active : 1
0:00:00.018061628  2475 0x1c65370 TRACE   structure gststructure.c:292:gst_structure_new_id_empty_with_size: created structure 0x1c85530
0:00:00.013936864  2476 0x1d41320 LOG   GST_POLL gstpoll.c:994:gst_poll_fd_ctl_write: 0x1d499c0: pfd->events now 60 (POLLOUT:4)
0:00:00.018067332  2475 0x1c65370 DEBUG   structure gststructure.c:2258:gst_structure_parse_field: trying field name 'long-name'
0:00:00.013943227  2476 0x1d41320 DEBUG   GST_POLL gstpoll.c:980:gst_poll_fd_ctl_write: 0x1d499c0: fd (fd:0, idx:1), active : 1
0:00:00.018073189  2475 0x1c65370 DEBUG   default gstvalue.c:2776:_priv_gst_value_parse_value: trying type name 'string'
0:00:00.013949313  2476 0x1d41320 LOG   GST_POLL gstpoll.c:994:gst_poll_fd_ctl_write: 0x1d499c0: pfd->events now 60 (POLLOUT:4)
0:00:00.018079393  2475 0x1c65370 DEBUG   structure gststructure.c:2258:gst_structure_parse_field: trying field name 'klass'
0:00:00.013955617  2476 0x1d41320 DEBUG   GST_POLL gstpoll.c:980:gst_poll_fd_ctl_write: 0x1d499c0: fd (fd:0, idx:1), active : 1
0:00:00.018084964  2475 0x1c65370 DEBUG   default gstvalue.c:2776:_priv_gst_value_parse_value: trying type name 'string'
0:00:00.013961551  2476 0x1d41320 LOG   GST_POLL gstpoll.c:994:gst_poll_fd_ctl_write: 0x1d499c0: pfd->events now 60 (POLLOUT:4)
0:00:00.013970767  2476 0x1d41320 DEBUG   GST_POLL gstpoll.c:980:gst_poll_fd_ctl_write: 0x1d499c0: fd (fd:0, idx:1), active : 1
0:00:00.018095576  2475 0x1c65370 DEBUG   structure gststructure.c:2258:gst_structure_parse_field: trying field name 'description'
0:00:00.013976225  2476 0x1d41320 LOG   GST_POLL gstpoll.c:994:gst_poll_fd_ctl_write: 0x1d499c0: pfd->events now 60 (POLLOUT:4)
0:00:00.018105736  2475 0x1c65370 DEBUG   default gstvalue.c:2776:_priv_gst_value_parse_value: trying type name 'string'
0:00:00.013982366  2476 0x1d41320 DEBUG   GST_POLL gstpoll.c:980:gst_poll_fd_ctl_write: 0x1d499c0: fd (fd:0, idx:1), active : 1
0:00:00.018112941  2475 0x1c65370 DEBUG   structure gststructure.c:2258:gst_structure_parse_field: trying field name 'author'
0:00:00.013988273  2476 0x1d41320 LOG   GST_POLL gstpoll.c:994:gst_poll_fd_ctl_write: 0x1d499c0: pfd->events now 60 (POLLOUT:4)
0:00:00.018118658  2475 0x1c65370 DEBUG   default gstvalue.c:2776:_priv_gst_value_parse_value: trying type name 'string'
0:00:00.013994434  2476 0x1d41320 DEBUG   GST_POLL gstpoll.c:980:gst_poll_fd_ctl_write: 0x1d499c0: fd (fd:0, idx:1), active : 1
0:00:00.018125350  2475 0x1c65370 DEBUG   GST_REGISTRY gstregistrychunks.c:627:gst_registry_chunks_load_feature: Element factory : npadtemplates=1
0:00:00.014000482  2476 0x1d41320 LOG   GST_POLL gstpoll.c:994:gst_poll_fd_ctl_write: 0x1d499c0: pfd->events now 60 (POLLOUT:4)
0:00:00.018131497  2475 0x1c65370 DEBUG   GST_REGISTRY gstregistrychunks.c:527:gst_registry_chunks_load_pad_template: Reading/casting for GstRegistryChunkPadTemplate at address 0x1c81c40
0:00:00.014007590  2476 0x1d41320 DEBUG   GST_POLL gstpoll.c:980:gst_poll_fd_ctl_write: 0x1d499c0: fd (fd:0, idx:1), active : 1
0:00:00.018137410  2475 0x1c65370 DEBUG   GST_REGISTRY gstregistrychunks.c:540:gst_registry_chunks_load_pad_template: Added pad_template src
0:00:00.014013460  2476 0x1d41320 LOG   GST_POLL gstpoll.c:994:gst_poll_fd_ctl_write: 0x1d499c0: pfd->events now 60 (POLLOUT:4)
0:00:00.018143787  2475 0x1c65370 DEBUG   GST_REGISTRY gstregistrychunks.c:640:gst_registry_chunks_load_feature: Reading 1 UriTypes at address 0x1c81c50
0:00:00.014019665  2476 0x1d41320 DEBUG   GST_POLL gstpoll.c:980:gst_poll_fd_ctl_write: 0x1d499c0: fd (fd:0, idx:1), active : 1
0:00:00.018150550  2475 0x1c65370 DEBUG   GST_REGISTRY gstregistrychunks.c:655:gst_registry_chunks_load_feature: Reading 1 Interfaces at address 0x1c81c59
0:00:00.014025469  2476 0x1d41320 LOG   GST_POLL gstpoll.c:994:gst_poll_fd_ctl_write: 0x1d499c0: pfd->events now 60 (POLLOUT:4)
0:00:00.018158305  2475 0x1c65370 DEBUG   GST_REGISTRY gstregistry.c:590:gst_registry_add_feature: adding feature 0x1c84e00 (filesrc)
0:00:00.014032462  2476 0x1d41320 DEBUG   GST_POLL gstpoll.c:980:gst_poll_fd_ctl_write: 0x1d499c0: fd (fd:0, idx:1), active : 1
0:00:00.018164472  2475 0x1c65370 DEBUG   GST_REFCOUNTING gstobject.c:709:gst_object_set_parent: set parent (ref and sink)
0:00:00.014049930  2476 0x1d41320 LOG   GST_POLL gstpoll.c:994:gst_poll_fd_ctl_write: 0x1d499c0: pfd->events now 60 (POLLOUT:4)
0:00:00.018179895  2475 0x1c65370 TRACE   GST_REFCOUNTING gstobject.c:294:gst_object_ref_sink: 0x1c84e00 ref_sink 1->2
0:00:00.014056659  2476 0x1d41320 DEBUG   GST_POLL gstpoll.c:980:gst_poll_fd_ctl_write: 0x1d499c0: fd (fd:0, idx:1), active : 1
0:00:00.018186904  2475 0x1c65370 LOG   GST_REGISTRY gstregistry.c:608:gst_registry_add_feature: emitting feature-added for filesrc
0:00:00.014062582  2476 0x1d41320 LOG   GST_POLL gstpoll.c:994:gst_poll_fd_ctl_write: 0x1d499c0: pfd->events now 60 (POLLOUT:4)
0:00:00.018193679  2475 0x1c65370 DEBUG   GST_REGISTRY gstregistrychunks.c:742:gst_registry_chunks_load_feature: Added feature filesrc, plugin 0x1c80a20 coreelements
0:00:00.014068768  2476 0x1d41320 DEBUG   GST_POLL gstpoll.c:980:gst_poll_fd_ctl_write: 0x1d499c0: fd (fd:0, idx:1), active : 1
0:00:00.018200654  2475 0x1c65370 DEBUG   GST_REGISTRY gstregistrychunks.c:584:gst_registry_chunks_load_feature: Plugin 'coreelements' feature 'fdsink' typename : 'GstElementFactory'
0:00:00.014075067  2476 0x1d41320 LOG   GST_POLL gstpoll.c:994:gst_poll_fd_ctl_write: 0x1d499c0: pfd->events now 60 (POLLOUT:4)
0:00:00.018208045  2475 0x1c65370 TRACE   GST_REFCOUNTING gstobject.c:208:gst_object_init: 0x1c856b0 new
0:00:00.014082284  2476 0x1d41320 DEBUG   GST_POLL gstpoll.c:980:gst_poll_fd_ctl_write: 0x1d499c0: fd (fd:0, idx:1), active : 1
0:00:00.018215663  2475 0x1c65370 LOG   GST_REGISTRY gstregistrychunks.c:611:gst_registry_chunks_load_feature: Reading/casting for GstRegistryChunkElementFactory at address 0x1c81c80
0:00:00.014090013  2476 0x1d41320 LOG   GST_POLL gstpoll.c:994:gst_poll_fd_ctl_write: 0x1d499c0: pfd->events now 60 (POLLOUT:4)
0:00:00.018222355  2475 0x1c65370 TRACE   structure gststructure.c:292:gst_structure_new_id_empty_with_size: created structure 0x1c85870
0:00:00.014097555  2476 0x1d41320 DEBUG   GST_POLL gstpoll.c:980:gst_poll_fd_ctl_write: 0x1d499c0: fd (fd:0, idx:1), active : 1
0:00:00.018228538  2475 0x1c65370 DEBUG   structure gststructure.c:2258:gst_structure_parse_field: trying field name 'long-name'
0:00:00.014103859  2476 0x1d41320 LOG   GST_POLL gstpoll.c:994:gst_poll_fd_ctl_write: 0x1d499c0: pfd->events now 60 (POLLOUT:4)
0:00:00.018234507  2475 0x1c65370 DEBUG   default gstvalue.c:2776:_priv_gst_value_parse_value: trying type name 'string'
0:00:00.014110187  2476 0x1d41320 DEBUG   GST_POLL gstpoll.c:980:gst_poll_fd_ctl_write: 0x1d499c0: fd (fd:0, idx:1), active : 1
0:00:00.018240761  2475 0x1c65370 DEBUG   structure gststructure.c:2258:gst_structure_parse_field: trying field name 'klass'
0:00:00.014116100  2476 0x1d41320 LOG   GST_POLL gstpoll.c:994:gst_poll_fd_ctl_write: 0x1d499c0: pfd->events now 60 (POLLOUT:4)
0:00:00.018246498  2475 0x1c65370 DEBUG   default gstvalue.c:2776:_priv_gst_value_parse_value: trying type name 'string'
0:00:00.014122245  2476 0x1d41320 DEBUG   GST_POLL gstpoll.c:980:gst_poll_fd_ctl_write: 0x1d499c0: fd (fd:0, idx:1), active : 1
0:00:00.018256857  2475 0x1c65370 DEBUG   structure gststructure.c:2258:gst_structure_parse_field: trying field name 'description'
0:00:00.014131876  2476 0x1d41320 LOG   GST_POLL gstpoll.c:994:gst_poll_fd_ctl_write: 0x1d499c0: pfd->events now 60 (POLLOUT:4)
0:00:00.018262760  2475 0x1c65370 DEBUG   default gstvalue.c:2776:_priv_gst_value_parse_value: trying type name 'string'
0:00:00.014138484  2476 0x1d41320 DEBUG   GST_POLL gstpoll.c:980:gst_poll_fd_ctl_write: 0x1d499c0: fd (fd:0, idx:1), active : 1
0:00:00.018269182  2475 0x1c65370 DEBUG   structure gststructure.c:2258:gst_structure_parse_field: trying field name 'author'
0:00:00.014144269  2476 0x1d41320 LOG   GST_POLL gstpoll.c:994:gst_poll_fd_ctl_write: 0x1d499c0: pfd->events now 60 (POLLOUT:4)
0:00:00.018277412  2475 0x1c65370 DEBUG   default gstvalue.c:2776:_priv_gst_value_parse_value: trying type name 'string'
0:00:00.014152570  2476 0x1d41320 DEBUG   GST_POLL gstpoll.c:980:gst_poll_fd_ctl_write: 0x1d499c0: fd (fd:0, idx:1), active : 1
0:00:00.018284841  2475 0x1c65370 DEBUG   GST_REGISTRY gstregistrychunks.c:627:gst_registry_chunks_load_feature: Element factory : npadtemplates=1
0:00:00.014159432  2476 0x1d41320 LOG   GST_POLL gstpoll.c:994:gst_poll_fd_ctl_write: 0x1d499c0: pfd->events now 60 (POLLOUT:4)
0:00:00.018290838  2475 0x1c65370 DEBUG   GST_REGISTRY gstregistrychunks.c:527:gst_registry_chunks_load_pad_template: Reading/casting for GstRegistryChunkPadTemplate at address 0x1c81d60
0:00:00.014166635  2476 0x1d41320 DEBUG   GST_POLL gstpoll.c:980:gst_poll_fd_ctl_write: 0x1d499c0: fd (fd:0, idx:1), active : 1
0:00:00.018296955  2475 0x1c65370 DEBUG   GST_REGISTRY gstregistrychunks.c:540:gst_registry_chunks_load_pad_template: Added pad_template sink
0:00:00.014172461  2476 0x1d41320 LOG   GST_POLL gstpoll.c:994:gst_poll_fd_ctl_write: 0x1d499c0: pfd->events now 60 (POLLOUT:4)
0:00:00.018303164  2475 0x1c65370 DEBUG   GST_REGISTRY gstregistrychunks.c:640:gst_registry_chunks_load_feature: Reading 1 UriTypes at address 0x1c81d71
0:00:00.014178587  2476 0x1d41320 DEBUG   GST_POLL gstpoll.c:980:gst_poll_fd_ctl_write: 0x1d499c0: fd (fd:0, idx:1), active : 1
0:00:00.018309688  2475 0x1c65370 DEBUG   GST_REGISTRY gstregistrychunks.c:655:gst_registry_chunks_load_feature: Reading 1 Interfaces at address 0x1c81d7f
0:00:00.014184426  2476 0x1d41320 LOG   GST_POLL gstpoll.c:994:gst_poll_fd_ctl_write: 0x1d499c0: pfd->events now 60 (POLLOUT:4)
0:00:00.018317091  2475 0x1c65370 DEBUG   GST_REGISTRY gstregistry.c:590:gst_registry_add_feature: adding feature 0x1c856b0 (fdsink)
0:00:00.014191314  2476 0x1d41320 DEBUG   GST_POLL gstpoll.c:980:gst_poll_fd_ctl_write: 0x1d499c0: fd (fd:0, idx:1), active : 1
0:00:00.018324663  2475 0x1c65370 DEBUG   GST_REFCOUNTING gstobject.c:709:gst_object_set_parent: set parent (ref and sink)
0:00:00.014199241  2476 0x1d41320 LOG   GST_POLL gstpoll.c:994:gst_poll_fd_ctl_write: 0x1d499c0: pfd->events now 60 (POLLOUT:4)
0:00:00.018336833  2475 0x1c65370 TRACE   GST_REFCOUNTING gstobject.c:294:gst_object_ref_sink: 0x1c856b0 ref_sink 1->2
0:00:00.014211565  2476 0x1d41320 DEBUG   GST_POLL gstpoll.c:980:gst_poll_fd_ctl_write: 0x1d499c0: fd (fd:0, idx:1), active : 1
0:00:00.018344124  2475 0x1c65370 LOG   GST_REGISTRY gstregistry.c:608:gst_registry_add_feature: emitting feature-added for fdsink
0:00:00.014218867  2476 0x1d41320 LOG   GST_POLL gstpoll.c:994:gst_poll_fd_ctl_write: 0x1d499c0: pfd->events now 60 (POLLOUT:4)
0:00:00.018351051  2475 0x1c65370 DEBUG   GST_REGISTRY gstregistrychunks.c:742:gst_registry_chunks_load_feature: Added feature fdsink, plugin 0x1c80a20 coreelements
0:00:00.014226270  2476 0x1d41320 DEBUG   GST_POLL gstpoll.c:980:gst_poll_fd_ctl_write: 0x1d499c0: fd (fd:0, idx:1), active : 1
0:00:00.018358112  2475 0x1c65370 DEBUG   GST_REGISTRY gstregistrychunks.c:584:gst_registry_chunks_load_feature: Plugin 'coreelements' feature 'fdsrc' typename : 'GstElementFactory'
0:00:00.014232860  2476 0x1d41320 LOG   GST_POLL gstpoll.c:994:gst_poll_fd_ctl_write: 0x1d499c0: pfd->events now 60 (POLLOUT:4)
0:00:00.018366120  2475 0x1c65370 TRACE   GST_REFCOUNTING gstobject.c:208:gst_object_init: 0x1c852f0 new
0:00:00.014240275  2476 0x1d41320 DEBUG   GST_POLL gstpoll.c:980:gst_poll_fd_ctl_write: 0x1d499c0: fd (fd:0, idx:1), active : 1
0:00:00.018373587  2475 0x1c65370 LOG   GST_REGISTRY gstregistrychunks.c:611:gst_registry_chunks_load_feature: Reading/casting for GstRegistryChunkElementFactory at address 0x1c81da8
0:00:00.014248015  2476 0x1d41320 LOG   GST_POLL gstpoll.c:994:gst_poll_fd_ctl_write: 0x1d499c0: pfd->events now 60 (POLLOUT:4)
0:00:00.018379946  2475 0x1c65370 TRACE   structure gststructure.c:292:gst_structure_new_id_empty_with_size: created structure 0x1c85d00
0:00:00.014255464  2476 0x1d41320 DEBUG   GST_POLL gstpoll.c:980:gst_poll_fd_ctl_write: 0x1d499c0: fd (fd:0, idx:1), active : 1
0:00:00.018385655  2475 0x1c65370 DEBUG   structure gststructure.c:2258:gst_structure_parse_field: trying field name 'long-name'
0:00:00.014261450  2476 0x1d41320 LOG   GST_POLL gstpoll.c:994:gst_poll_fd_ctl_write: 0x1d499c0: pfd->events now 60 (POLLOUT:4)
0:00:00.018391294  2475 0x1c65370 DEBUG   default gstvalue.c:2776:_priv_gst_value_parse_value: trying type name 'string'
0:00:00.014267697  2476 0x1d41320 DEBUG   GST_POLL gstpoll.c:980:gst_poll_fd_ctl_write: 0x1d499c0: fd (fd:0, idx:1), active : 1
0:00:00.018397389  2475 0x1c65370 DEBUG   structure gststructure.c:2258:gst_structure_parse_field: trying field name 'klass'
0:00:00.014273734  2476 0x1d41320 LOG   GST_POLL gstpoll.c:994:gst_poll_fd_ctl_write: 0x1d499c0: pfd->events now 60 (POLLOUT:4)
0:00:00.018403044  2475 0x1c65370 DEBUG   default gstvalue.c:2776:_priv_gst_value_parse_value: trying type name 'string'
0:00:00.014280175  2476 0x1d41320 DEBUG   GST_POLL gstpoll.c:980:gst_poll_fd_ctl_write: 0x1d499c0: fd (fd:0, idx:1), active : 1
0:00:00.018409162  2475 0x1c65370 DEBUG   structure gststructure.c:2258:gst_structure_parse_field: trying field name 'description'
0:00:00.014290672  2476 0x1d41320 LOG   GST_POLL gstpoll.c:994:gst_poll_fd_ctl_write: 0x1d499c0: pfd->events now 60 (POLLOUT:4)
0:00:00.018419525  2475 0x1c65370 DEBUG   default gstvalue.c:2776:_priv_gst_value_parse_value: trying type name 'string'
0:00:00.014297136  2476 0x1d41320 DEBUG   GST_POLL gstpoll.c:980:gst_poll_fd_ctl_write: 0x1d499c0: fd (fd:0, idx:1), active : 1
0:00:00.018426158  2475 0x1c65370 DEBUG   structure gststructure.c:2258:gst_structure_parse_field: trying field name 'author'
0:00:00.014303101  2476 0x1d41320 LOG   GST_POLL gstpoll.c:994:gst_poll_fd_ctl_write: 0x1d499c0: pfd->events now 60 (POLLOUT:4)
0:00:00.018431826  2475 0x1c65370 DEBUG   default gstvalue.c:2776:_priv_gst_value_parse_value: trying type name 'string'
0:00:00.014309287  2476 0x1d41320 DEBUG   GST_POLL gstpoll.c:980:gst_poll_fd_ctl_write: 0x1d499c0: fd (fd:0, idx:1), active : 1
0:00:00.018438492  2475 0x1c65370 DEBUG   GST_REGISTRY gstregistrychunks.c:627:gst_registry_chunks_load_feature: Element factory : npadtemplates=1
0:00:00.014315170  2476 0x1d41320 LOG   GST_POLL gstpoll.c:994:gst_poll_fd_ctl_write: 0x1d499c0: pfd->events now 60 (POLLOUT:4)
0:00:00.018444209  2475 0x1c65370 DEBUG   GST_REGISTRY gstregistrychunks.c:527:gst_registry_chunks_load_pad_template: Reading/casting for GstRegistryChunkPadTemplate at address 0x1c81e88
0:00:00.014321367  2476 0x1d41320 DEBUG   GST_POLL gstpoll.c:980:gst_poll_fd_ctl_write: 0x1d499c0: fd (fd:0, idx:1), active : 1
0:00:00.018450127  2475 0x1c65370 DEBUG   GST_REGISTRY gstregistrychunks.c:540:gst_registry_chunks_load_pad_template: Added pad_template src
0:00:00.014327442  2476 0x1d41320 LOG   GST_POLL gstpoll.c:994:gst_poll_fd_ctl_write: 0x1d499c0: pfd->events now 60 (POLLOUT:4)
0:00:00.018456763  2475 0x1c65370 DEBUG   GST_REGISTRY gstregistrychunks.c:640:gst_registry_chunks_load_feature: Reading 1 UriTypes at address 0x1c81e98
0:00:00.014333706  2476 0x1d41320 DEBUG   GST_POLL gstpoll.c:980:gst_poll_fd_ctl_write: 0x1d499c0: fd (fd:0, idx:1), active : 1
0:00:00.018463434  2475 0x1c65370 DEBUG   GST_REGISTRY gstregistrychunks.c:655:gst_registry_chunks_load_feature: Reading 1 Interfaces at address 0x1c81e9f
0:00:00.014339570  2476 0x1d41320 LOG   GST_POLL gstpoll.c:994:gst_poll_fd_ctl_write: 0x1d499c0: pfd->events now 60 (POLLOUT:4)
0:00:00.018470729  2475 0x1c65370 DEBUG   GST_REGISTRY gstregistry.c:590:gst_registry_add_feature: adding feature 0x1c852f0 (fdsrc)
0:00:00.014345868  2476 0x1d41320 DEBUG   GST_POLL gstpoll.c:980:gst_poll_fd_ctl_write: 0x1d499c0: fd (fd:0, idx:1), active : 1
0:00:00.018477102  2475 0x1c65370 DEBUG   GST_REFCOUNTING gstobject.c:709:gst_object_set_parent: set parent (ref and sink)
0:00:00.014352288  2476 0x1d41320 LOG   GST_POLL gstpoll.c:994:gst_poll_fd_ctl_write: 0x1d499c0: pfd->events now 60 (POLLOUT:4)
0:00:00.018484447  2475 0x1c65370 TRACE   GST_REFCOUNTING gstobject.c:294:gst_object_ref_sink: 0x1c852f0 ref_sink 1->2
0:00:00.014363055  2476 0x1d41320 DEBUG   GST_POLL gstpoll.c:980:gst_poll_fd_ctl_write: 0x1d499c0: fd (fd:0, idx:1), active : 1
0:00:00.018492465  2475 0x1c65370 LOG   GST_REGISTRY gstregistry.c:608:gst_registry_add_feature: emitting feature-added for fdsrc
0:00:00.014369069  2476 0x1d41320 LOG   GST_POLL gstpoll.c:994:gst_poll_fd_ctl_write: 0x1d499c0: pfd->events now 60 (POLLOUT:4)
0:00:00.018499261  2475 0x1c65370 DEBUG   GST_REGISTRY gstregistrychunks.c:742:gst_registry_chunks_load_feature: Added feature fdsrc, plugin 0x1c80a20 coreelements
0:00:00.014375263  2476 0x1d41320 DEBUG   GST_POLL gstpoll.c:980:gst_poll_fd_ctl_write: 0x1d499c0: fd (fd:0, idx:1), active : 1
0:00:00.018506241  2475 0x1c65370 DEBUG   GST_REGISTRY gstregistrychunks.c:584:gst_registry_chunks_load_feature: Plugin 'coreelements' feature 'fakesink' typename : 'GstElementFactory'
0:00:00.014381080  2476 0x1d41320 LOG   GST_POLL gstpoll.c:994:gst_poll_fd_ctl_write: 0x1d499c0: pfd->events now 60 (POLLOUT:4)
0:00:00.014388032  2476 0x1d41320 DEBUG   GST_POLL gstpoll.c:980:gst_poll_fd_ctl_write: 0x1d499c0: fd (fd:0, idx:1), active : 1
0:00:00.018519384  2475 0x1c65370 TRACE   GST_REFCOUNTING gstobject.c:208:gst_object_init: 0x1c85e30 new
0:00:00.014393471  2476 0x1d41320 LOG   GST_POLL gstpoll.c:994:gst_poll_fd_ctl_write: 0x1d499c0: pfd->events now 60 (POLLOUT:4)
0:00:00.018526944  2475 0x1c65370 LOG   GST_REGISTRY gstregistrychunks.c:611:gst_registry_chunks_load_feature: Reading/casting for GstRegistryChunkElementFactory at address 0x1c81ec8
0:00:00.014401638  2476 0x1d41320 DEBUG   GST_POLL gstpoll.c:980:gst_poll_fd_ctl_write: 0x1d499c0: fd (fd:0, idx:1), active : 1
0:00:00.018533488  2475 0x1c65370 TRACE   structure gststructure.c:292:gst_structure_new_id_empty_with_size: created structure 0x1c86110
0:00:00.014408429  2476 0x1d41320 LOG   GST_POLL gstpoll.c:994:gst_poll_fd_ctl_write: 0x1d499c0: pfd->events now 60 (POLLOUT:4)
0:00:00.018539482  2475 0x1c65370 DEBUG   structure gststructure.c:2258:gst_structure_parse_field: trying field name 'long-name'
0:00:00.014415054  2476 0x1d41320 DEBUG   GST_POLL gstpoll.c:980:gst_poll_fd_ctl_write: 0x1d499c0: fd (fd:0, idx:1), active : 1
0:00:00.018554893  2475 0x1c65370 DEBUG   default gstvalue.c:2776:_priv_gst_value_parse_value: trying type name 'string'
0:00:00.014429965  2476 0x1d41320 LOG   GST_POLL gstpoll.c:994:gst_poll_fd_ctl_write: 0x1d499c0: pfd->events now 60 (POLLOUT:4)
0:00:00.018561462  2475 0x1c65370 DEBUG   structure gststructure.c:2258:gst_structure_parse_field: trying field name 'klass'
0:00:00.014446438  2476 0x1d41320 DEBUG   GST_POLL gstpoll.c:980:gst_poll_fd_ctl_write: 0x1d499c0: fd (fd:0, idx:1), active : 1
0:00:00.018575875  2475 0x1c65370 DEBUG   default gstvalue.c:2776:_priv_gst_value_parse_value: trying type name 'string'
0:00:00.014452493  2476 0x1d41320 LOG   GST_POLL gstpoll.c:994:gst_poll_fd_ctl_write: 0x1d499c0: pfd->events now 60 (POLLOUT:4)
0:00:00.018586008  2475 0x1c65370 DEBUG   structure gststructure.c:2258:gst_structure_parse_field: trying field name 'description'
0:00:00.014461555  2476 0x1d41320 DEBUG   GST_POLL gstpoll.c:980:gst_poll_fd_ctl_write: 0x1d499c0: fd (fd:0, idx:1), active : 1
0:00:00.018591838  2475 0x1c65370 DEBUG   default gstvalue.c:2776:_priv_gst_value_parse_value: trying type name 'string'
0:00:00.014467509  2476 0x1d41320 LOG   GST_POLL gstpoll.c:994:gst_poll_fd_ctl_write: 0x1d499c0: pfd->events now 60 (POLLOUT:4)
0:00:00.018597896  2475 0x1c65370 DEBUG   structure gststructure.c:2258:gst_structure_parse_field: trying field name 'author'
0:00:00.014473815  2476 0x1d41320 DEBUG   GST_POLL gstpoll.c:980:gst_poll_fd_ctl_write: 0x1d499c0: fd (fd:0, idx:1), active : 1
0:00:00.018603433  2475 0x1c65370 DEBUG   default gstvalue.c:2776:_priv_gst_value_parse_value: trying type name 'string'
0:00:00.014479743  2476 0x1d41320 LOG   GST_POLL gstpoll.c:994:gst_poll_fd_ctl_write: 0x1d499c0: pfd->events now 60 (POLLOUT:4)
0:00:00.018610998  2475 0x1c65370 DEBUG   GST_REGISTRY gstregistrychunks.c:627:gst_registry_chunks_load_feature: Element factory : npadtemplates=1
0:00:00.014485893  2476 0x1d41320 DEBUG   GST_POLL gstpoll.c:980:gst_poll_fd_ctl_write: 0x1d499c0: fd (fd:0, idx:1), active : 1
0:00:00.018616775  2475 0x1c65370 DEBUG   GST_REGISTRY gstregistrychunks.c:527:gst_registry_chunks_load_pad_template: Reading/casting for GstRegistryChunkPadTemplate at address 0x1c81ff0
0:00:00.014492199  2476 0x1d41320 LOG   GST_POLL gstpoll.c:994:gst_poll_fd_ctl_write: 0x1d499c0: pfd->events now 60 (POLLOUT:4)
0:00:00.018622784  2475 0x1c65370 DEBUG   GST_REGISTRY gstregistrychunks.c:540:gst_registry_chunks_load_pad_template: Added pad_template sink
0:00:00.014498370  2476 0x1d41320 DEBUG   GST_POLL gstpoll.c:980:gst_poll_fd_ctl_write: 0x1d499c0: fd (fd:0, idx:1), active : 1
0:00:00.018630095  2475 0x1c65370 DEBUG   GST_REGISTRY gstregistry.c:590:gst_registry_add_feature: adding feature 0x1c85e30 (fakesink)
0:00:00.014504196  2476 0x1d41320 LOG   GST_POLL gstpoll.c:994:gst_poll_fd_ctl_write: 0x1d499c0: pfd->events now 60 (POLLOUT:4)
0:00:00.018636133  2475 0x1c65370 DEBUG   GST_REFCOUNTING gstobject.c:709:gst_object_set_parent: set parent (ref and sink)
0:00:00.014511828  2476 0x1d41320 DEBUG   GST_POLL gstpoll.c:980:gst_poll_fd_ctl_write: 0x1d499c0: fd (fd:0, idx:1), active : 1
0:00:00.018643548  2475 0x1c65370 TRACE   GST_REFCOUNTING gstobject.c:294:gst_object_ref_sink: 0x1c85e30 ref_sink 1->2
0:00:00.014518118  2476 0x1d41320 LOG   GST_POLL gstpoll.c:994:gst_poll_fd_ctl_write: 0x1d499c0: pfd->events now 60 (POLLOUT:4)
0:00:00.018650462  2475 0x1c65370 LOG   GST_REGISTRY gstregistry.c:608:gst_registry_add_feature: emitting feature-added for fakesink
0:00:00.014525781  2476 0x1d41320 DEBUG   GST_POLL gstpoll.c:980:gst_poll_fd_ctl_write: 0x1d499c0: fd (fd:0, idx:1), active : 1
0:00:00.018657201  2475 0x1c65370 DEBUG   GST_REGISTRY gstregistrychunks.c:742:gst_registry_chunks_load_feature: Added feature fakesink, plugin 0x1c80a20 coreelements
0:00:00.014536135  2476 0x1d41320 LOG   GST_POLL gstpoll.c:994:gst_poll_fd_ctl_write: 0x1d499c0: pfd->events now 60 (POLLOUT:4)
0:00:00.018665973  2475 0x1c65370 DEBUG   GST_REGISTRY gstregistrychunks.c:584:gst_registry_chunks_load_feature: Plugin 'coreelements' feature 'fakesrc' typename : 'GstElementFactory'
0:00:00.014546152  2476 0x1d41320 DEBUG   GST_POLL gstpoll.c:980:gst_poll_fd_ctl_write: 0x1d499c0: fd (fd:0, idx:1), active : 1
0:00:00.018673129  2475 0x1c65370 TRACE   GST_REFCOUNTING gstobject.c:208:gst_object_init: 0x1c862e0 new
0:00:00.014552386  2476 0x1d41320 LOG   GST_POLL gstpoll.c:994:gst_poll_fd_ctl_write: 0x1d499c0: pfd->events now 60 (POLLOUT:4)
0:00:00.018682154  2475 0x1c65370 LOG   GST_REGISTRY gstregistrychunks.c:611:gst_registry_chunks_load_feature: Reading/casting for GstRegistryChunkElementFactory at address 0x1c82020
0:00:00.014558667  2476 0x1d41320 DEBUG   GST_POLL gstpoll.c:980:gst_poll_fd_ctl_write: 0x1d499c0: fd (fd:0, idx:1), active : 1
0:00:00.018688361  2475 0x1c65370 TRACE   structure gststructure.c:292:gst_structure_new_id_empty_with_size: created structure 0x1c86550
0:00:00.014564527  2476 0x1d41320 LOG   GST_POLL gstpoll.c:994:gst_poll_fd_ctl_write: 0x1d499c0: pfd->events now 60 (POLLOUT:4)
0:00:00.018694055  2475 0x1c65370 DEBUG   structure gststructure.c:2258:gst_structure_parse_field: trying field name 'long-name'
0:00:00.014570885  2476 0x1d41320 DEBUG   GST_POLL gstpoll.c:980:gst_poll_fd_ctl_write: 0x1d499c0: fd (fd:0, idx:1), active : 1
0:00:00.018699620  2475 0x1c65370 DEBUG   default gstvalue.c:2776:_priv_gst_value_parse_value: trying type name 'string'
0:00:00.014576582  2476 0x1d41320 LOG   GST_POLL gstpoll.c:994:gst_poll_fd_ctl_write: 0x1d499c0: pfd->events now 60 (POLLOUT:4)
0:00:00.018705811  2475 0x1c65370 DEBUG   structure gststructure.c:2258:gst_structure_parse_field: trying field name 'klass'
0:00:00.014582793  2476 0x1d41320 DEBUG   GST_POLL gstpoll.c:980:gst_poll_fd_ctl_write: 0x1d499c0: fd (fd:0, idx:1), active : 1
0:00:00.018711290  2475 0x1c65370 DEBUG   default gstvalue.c:2776:_priv_gst_value_parse_value: trying type name 'string'
0:00:00.014588611  2476 0x1d41320 LOG   GST_POLL gstpoll.c:994:gst_poll_fd_ctl_write: 0x1d499c0: pfd->events now 60 (POLLOUT:4)
0:00:00.018717865  2475 0x1c65370 DEBUG   structure gststructure.c:2258:gst_structure_parse_field: trying field name 'description'
0:00:00.014594858  2476 0x1d41320 DEBUG   GST_POLL gstpoll.c:980:gst_poll_fd_ctl_write: 0x1d499c0: fd (fd:0, idx:1), active : 1
0:00:00.018723415  2475 0x1c65370 DEBUG   default gstvalue.c:2776:_priv_gst_value_parse_value: trying type name 'string'
0:00:00.014600683  2476 0x1d41320 LOG   GST_POLL gstpoll.c:994:gst_poll_fd_ctl_write: 0x1d499c0: pfd->events now 60 (POLLOUT:4)
0:00:00.018730233  2475 0x1c65370 DEBUG   structure gststructure.c:2258:gst_structure_parse_field: trying field name 'author'
0:00:00.014611358  2476 0x1d41320 DEBUG   GST_POLL gstpoll.c:980:gst_poll_fd_ctl_write: 0x1d499c0: fd (fd:0, idx:1), active : 1
0:00:00.018739623  2475 0x1c65370 DEBUG   default gstvalue.c:2776:_priv_gst_value_parse_value: trying type name 'string'
0:00:00.014617439  2476 0x1d41320 LOG   GST_POLL gstpoll.c:994:gst_poll_fd_ctl_write: 0x1d499c0: pfd->events now 60 (POLLOUT:4)
0:00:00.018747371  2475 0x1c65370 DEBUG   GST_REGISTRY gstregistrychunks.c:627:gst_registry_chunks_load_feature: Element factory : npadtemplates=1
0:00:00.014623671  2476 0x1d41320 DEBUG   GST_POLL gstpoll.c:980:gst_poll_fd_ctl_write: 0x1d499c0: fd (fd:0, idx:1), active : 1
0:00:00.018753300  2475 0x1c65370 DEBUG   GST_REGISTRY gstregistrychunks.c:527:gst_registry_chunks_load_pad_template: Reading/casting for GstRegistryChunkPadTemplate at address 0x1c82120
0:00:00.014629809  2476 0x1d41320 LOG   GST_POLL gstpoll.c:994:gst_poll_fd_ctl_write: 0x1d499c0: pfd->events now 60 (POLLOUT:4)
0:00:00.018759347  2475 0x1c65370 DEBUG   GST_REGISTRY gstregistrychunks.c:540:gst_registry_chunks_load_pad_template: Added pad_template src
0:00:00.014636033  2476 0x1d41320 DEBUG   GST_POLL gstpoll.c:980:gst_poll_fd_ctl_write: 0x1d499c0: fd (fd:0, idx:1), active : 1
0:00:00.018766844  2475 0x1c65370 DEBUG   GST_REGISTRY gstregistry.c:590:gst_registry_add_feature: adding feature 0x1c862e0 (fakesrc)
0:00:00.014642084  2476 0x1d41320 LOG   GST_POLL gstpoll.c:994:gst_poll_fd_ctl_write: 0x1d499c0: pfd->events now 60 (POLLOUT:4)
0:00:00.018772859  2475 0x1c65370 DEBUG   GST_REFCOUNTING gstobject.c:709:gst_object_set_parent: set parent (ref and sink)
0:00:00.014648602  2476 0x1d41320 DEBUG   GST_POLL gstpoll.c:980:gst_poll_fd_ctl_write: 0x1d499c0: fd (fd:0, idx:1), active : 1
0:00:00.018780457  2475 0x1c65370 TRACE   GST_REFCOUNTING gstobject.c:294:gst_object_ref_sink: 0x1c862e0 ref_sink 1->2
0:00:00.014654962  2476 0x1d41320 LOG   GST_POLL gstpoll.c:994:gst_poll_fd_ctl_write: 0x1d499c0: pfd->events now 60 (POLLOUT:4)
0:00:00.018787330  2475 0x1c65370 LOG   GST_REGISTRY gstregistry.c:608:gst_registry_add_feature: emitting feature-added for fakesrc
0:00:00.014662466  2476 0x1d41320 DEBUG   GST_POLL gstpoll.c:980:gst_poll_fd_ctl_write: 0x1d499c0: fd (fd:0, idx:1), active : 1
0:00:00.018794096  2475 0x1c65370 DEBUG   GST_REGISTRY gstregistrychunks.c:742:gst_registry_chunks_load_feature: Added feature fakesrc, plugin 0x1c80a20 coreelements
0:00:00.014668721  2476 0x1d41320 LOG   GST_POLL gstpoll.c:994:gst_poll_fd_ctl_write: 0x1d499c0: pfd->events now 60 (POLLOUT:4)
0:00:00.018801096  2475 0x1c65370 DEBUG   GST_REGISTRY gstregistrychunks.c:584:gst_registry_chunks_load_feature: Plugin 'coreelements' feature 'downloadbuffer' typename : 'GstElementFactory'
0:00:00.014675716  2476 0x1d41320 DEBUG   GST_POLL gstpoll.c:980:gst_poll_fd_ctl_write: 0x1d499c0: fd (fd:0, idx:1), active : 1
0:00:00.018808017  2475 0x1c65370 TRACE   GST_REFCOUNTING gstobject.c:208:gst_object_init: 0x1c86830 new
0:00:00.014682634  2476 0x1d41320 LOG   GST_POLL gstpoll.c:994:gst_poll_fd_ctl_write: 0x1d499c0: pfd->events now 60 (POLLOUT:4)
0:00:00.018819588  2475 0x1c65370 LOG   GST_REGISTRY gstregistrychunks.c:611:gst_registry_chunks_load_feature: Reading/casting for GstRegistryChunkElementFactory at address 0x1c82158
0:00:00.014694443  2476 0x1d41320 DEBUG   GST_POLL gstpoll.c:980:gst_poll_fd_ctl_write: 0x1d499c0: fd (fd:0, idx:1), active : 1
0:00:00.018826501  2475 0x1c65370 TRACE   structure gststructure.c:292:gst_structure_new_id_empty_with_size: created structure 0x1c86920
0:00:00.014701136  2476 0x1d41320 LOG   GST_POLL gstpoll.c:994:gst_poll_fd_ctl_write: 0x1d499c0: pfd->events now 60 (POLLOUT:4)
0:00:00.018832590  2475 0x1c65370 DEBUG   structure gststructure.c:2258:gst_structure_parse_field: trying field name 'long-name'
0:00:00.014708218  2476 0x1d41320 DEBUG   GST_POLL gstpoll.c:980:gst_poll_fd_ctl_write: 0x1d499c0: fd (fd:0, idx:1), active : 1
0:00:00.018838337  2475 0x1c65370 DEBUG   default gstvalue.c:2776:_priv_gst_value_parse_value: trying type name 'string'
0:00:00.014714093  2476 0x1d41320 LOG   GST_POLL gstpoll.c:994:gst_poll_fd_ctl_write: 0x1d499c0: pfd->events now 60 (POLLOUT:4)
0:00:00.018844447  2475 0x1c65370 DEBUG   structure gststructure.c:2258:gst_structure_parse_field: trying field name 'klass'
0:00:00.014720202  2476 0x1d41320 DEBUG   GST_POLL gstpoll.c:980:gst_poll_fd_ctl_write: 0x1d499c0: fd (fd:0, idx:1), active : 1
0:00:00.018850006  2475 0x1c65370 DEBUG   default gstvalue.c:2776:_priv_gst_value_parse_value: trying type name 'string'
0:00:00.014726197  2476 0x1d41320 LOG   GST_POLL gstpoll.c:994:gst_poll_fd_ctl_write: 0x1d499c0: pfd->events now 60 (POLLOUT:4)
0:00:00.018856135  2475 0x1c65370 DEBUG   structure gststructure.c:2258:gst_structure_parse_field: trying field name 'description'
0:00:00.014732281  2476 0x1d41320 DEBUG   GST_POLL gstpoll.c:980:gst_poll_fd_ctl_write: 0x1d499c0: fd (fd:0, idx:1), active : 1
0:00:00.018861707  2475 0x1c65370 DEBUG   default gstvalue.c:2776:_priv_gst_value_parse_value: trying type name 'string'
0:00:00.014738235  2476 0x1d41320 LOG   GST_POLL gstpoll.c:994:gst_poll_fd_ctl_write: 0x1d499c0: pfd->events now 60 (POLLOUT:4)
0:00:00.018867793  2475 0x1c65370 DEBUG   structure gststructure.c:2258:gst_structure_parse_field: trying field name 'author'
0:00:00.014744323  2476 0x1d41320 DEBUG   GST_POLL gstpoll.c:980:gst_poll_fd_ctl_write: 0x1d499c0: fd (fd:0, idx:1), active : 1
0:00:00.018873321  2475 0x1c65370 DEBUG   default gstvalue.c:2776:_priv_gst_value_parse_value: trying type name 'string'
0:00:00.014750239  2476 0x1d41320 LOG   GST_POLL gstpoll.c:994:gst_poll_fd_ctl_write: 0x1d499c0: pfd->events now 60 (POLLOUT:4)
0:00:00.018879801  2475 0x1c65370 DEBUG   GST_REGISTRY gstregistrychunks.c:627:gst_registry_chunks_load_feature: Element factory : npadtemplates=2
0:00:00.014756187  2476 0x1d41320 DEBUG   GST_POLL gstpoll.c:980:gst_poll_fd_ctl_write: 0x1d499c0: fd (fd:0, idx:1), active : 1
0:00:00.018889402  2475 0x1c65370 DEBUG   GST_REGISTRY gstregistrychunks.c:527:gst_registry_chunks_load_pad_template: Reading/casting for GstRegistryChunkPadTemplate at address 0x1c82220
0:00:00.014764868  2476 0x1d41320 LOG   GST_POLL gstpoll.c:994:gst_poll_fd_ctl_write: 0x1d499c0: pfd->events now 60 (POLLOUT:4)
0:00:00.018895311  2475 0x1c65370 DEBUG   GST_REGISTRY gstregistrychunks.c:540:gst_registry_chunks_load_pad_template: Added pad_template sink
0:00:00.014770863  2476 0x1d41320 DEBUG   GST_POLL gstpoll.c:980:gst_poll_fd_ctl_write: 0x1d499c0: fd (fd:0, idx:1), active : 1
0:00:00.018900926  2475 0x1c65370 DEBUG   GST_REGISTRY gstregistrychunks.c:527:gst_registry_chunks_load_pad_template: Reading/casting for GstRegistryChunkPadTemplate at address 0x1c82238
0:00:00.014776704  2476 0x1d41320 LOG   GST_POLL gstpoll.c:994:gst_poll_fd_ctl_write: 0x1d499c0: pfd->events now 60 (POLLOUT:4)
0:00:00.018906739  2475 0x1c65370 DEBUG   GST_REGISTRY gstregistrychunks.c:540:gst_registry_chunks_load_pad_template: Added pad_template src
0:00:00.014782683  2476 0x1d41320 DEBUG   GST_POLL gstpoll.c:980:gst_poll_fd_ctl_write: 0x1d499c0: fd (fd:0, idx:1), active : 1
0:00:00.018913980  2475 0x1c65370 DEBUG   GST_REGISTRY gstregistry.c:590:gst_registry_add_feature: adding feature 0x1c86830 (downloadbuffer)
0:00:00.014788665  2476 0x1d41320 LOG   GST_POLL gstpoll.c:994:gst_poll_fd_ctl_write: 0x1d499c0: pfd->events now 60 (POLLOUT:4)
0:00:00.018920145  2475 0x1c65370 DEBUG   GST_REFCOUNTING gstobject.c:709:gst_object_set_parent: set parent (ref and sink)
0:00:00.014795687  2476 0x1d41320 DEBUG   GST_POLL gstpoll.c:980:gst_poll_fd_ctl_write: 0x1d499c0: fd (fd:0, idx:1), active : 1
0:00:00.018927468  2475 0x1c65370 TRACE   GST_REFCOUNTING gstobject.c:294:gst_object_ref_sink: 0x1c86830 ref_sink 1->2
0:00:00.014801948  2476 0x1d41320 LOG   GST_POLL gstpoll.c:994:gst_poll_fd_ctl_write: 0x1d499c0: pfd->events now 60 (POLLOUT:4)
0:00:00.018934096  2475 0x1c65370 LOG   GST_REGISTRY gstregistry.c:608:gst_registry_add_feature: emitting feature-added for downloadbuffer
0:00:00.014809317  2476 0x1d41320 DEBUG   GST_POLL gstpoll.c:980:gst_poll_fd_ctl_write: 0x1d499c0: fd (fd:0, idx:1), active : 1
0:00:00.018940970  2475 0x1c65370 DEBUG   GST_REGISTRY gstregistrychunks.c:742:gst_registry_chunks_load_feature: Added feature downloadbuffer, plugin 0x1c80a20 coreelements
0:00:00.014815413  2476 0x1d41320 LOG   GST_POLL gstpoll.c:994:gst_poll_fd_ctl_write: 0x1d499c0: pfd->events now 60 (POLLOUT:4)
0:00:00.018947913  2475 0x1c65370 DEBUG   GST_REGISTRY gstregistrychunks.c:584:gst_registry_chunks_load_feature: Plugin 'coreelements' feature 'dataurisrc' typename : 'GstElementFactory'
0:00:00.014822447  2476 0x1d41320 DEBUG   GST_POLL gstpoll.c:980:gst_poll_fd_ctl_write: 0x1d499c0: fd (fd:0, idx:1), active : 1
0:00:00.018955165  2475 0x1c65370 TRACE   GST_REFCOUNTING gstobject.c:208:gst_object_init: 0x1c866d0 new
0:00:00.014829357  2476 0x1d41320 LOG   GST_POLL gstpoll.c:994:gst_poll_fd_ctl_write: 0x1d499c0: pfd->events now 60 (POLLOUT:4)
0:00:00.018966049  2475 0x1c65370 LOG   GST_REGISTRY gstregistrychunks.c:611:gst_registry_chunks_load_feature: Reading/casting for GstRegistryChunkElementFactory at address 0x1c82268
0:00:00.014840605  2476 0x1d41320 DEBUG   GST_POLL gstpoll.c:980:gst_poll_fd_ctl_write: 0x1d499c0: fd (fd:0, idx:1), active : 1
0:00:00.018972766  2475 0x1c65370 TRACE   structure gststructure.c:292:gst_structure_new_id_empty_with_size: created structure 0x1c86ca0
0:00:00.014847702  2476 0x1d41320 LOG   GST_POLL gstpoll.c:994:gst_poll_fd_ctl_write: 0x1d499c0: pfd->events now 60 (POLLOUT:4)
0:00:00.018978844  2475 0x1c65370 DEBUG   structure gststructure.c:2258:gst_structure_parse_field: trying field name 'long-name'
0:00:00.014854259  2476 0x1d41320 DEBUG   GST_POLL gstpoll.c:980:gst_poll_fd_ctl_write: 0x1d499c0: fd (fd:0, idx:1), active : 1
0:00:00.018984776  2475 0x1c65370 DEBUG   default gstvalue.c:2776:_priv_gst_value_parse_value: trying type name 'string'
0:00:00.014860287  2476 0x1d41320 LOG   GST_POLL gstpoll.c:994:gst_poll_fd_ctl_write: 0x1d499c0: pfd->events now 60 (POLLOUT:4)
0:00:00.018991204  2475 0x1c65370 DEBUG   structure gststructure.c:2258:gst_structure_parse_field: trying field name 'klass'
0:00:00.014866370  2476 0x1d41320 DEBUG   GST_POLL gstpoll.c:980:gst_poll_fd_ctl_write: 0x1d499c0: fd (fd:0, idx:1), active : 1
0:00:00.018997030  2475 0x1c65370 DEBUG   default gstvalue.c:2776:_priv_gst_value_parse_value: trying type name 'string'
0:00:00.014872374  2476 0x1d41320 LOG   GST_POLL gstpoll.c:994:gst_poll_fd_ctl_write: 0x1d499c0: pfd->events now 60 (POLLOUT:4)
0:00:00.019003082  2475 0x1c65370 DEBUG   structure gststructure.c:2258:gst_structure_parse_field: trying field name 'description'
0:00:00.014878527  2476 0x1d41320 LOG   GST_PLUGIN_LOADING gstpluginloader.c:645:put_chunk: Expanding tx buf from 13209 to 17023 for chunk of size 229
0:00:00.019008687  2475 0x1c65370 DEBUG   default gstvalue.c:2776:_priv_gst_value_parse_value: trying type name 'string'
0:00:00.019014847  2475 0x1c65370 DEBUG   structure gststructure.c:2258:gst_structure_parse_field: trying field name 'author'
0:00:00.014888907  2476 0x1d41320 DEBUG   GST_POLL gstpoll.c:980:gst_poll_fd_ctl_write: 0x1d499c0: fd (fd:0, idx:1), active : 1
0:00:00.019020116  2475 0x1c65370 DEBUG   default gstvalue.c:2776:_priv_gst_value_parse_value: trying type name 'string'
0:00:00.014895939  2476 0x1d41320 LOG   GST_POLL gstpoll.c:994:gst_poll_fd_ctl_write: 0x1d499c0: pfd->events now 60 (POLLOUT:4)
0:00:00.019027445  2475 0x1c65370 DEBUG   GST_REGISTRY gstregistrychunks.c:627:gst_registry_chunks_load_feature: Element factory : npadtemplates=1
0:00:00.014902060  2476 0x1d41320 DEBUG   GST_POLL gstpoll.c:980:gst_poll_fd_ctl_write: 0x1d499c0: fd (fd:0, idx:1), active : 1
0:00:00.019033161  2475 0x1c65370 DEBUG   GST_REGISTRY gstregistrychunks.c:527:gst_registry_chunks_load_pad_template: Reading/casting for GstRegistryChunkPadTemplate at address 0x1c82380
0:00:00.014908772  2476 0x1d41320 LOG   GST_POLL gstpoll.c:994:gst_poll_fd_ctl_write: 0x1d499c0: pfd->events now 60 (POLLOUT:4)
0:00:00.019043333  2475 0x1c65370 DEBUG   GST_REGISTRY gstregistrychunks.c:540:gst_registry_chunks_load_pad_template: Added pad_template src
0:00:00.014918907  2476 0x1d41320 DEBUG   GST_POLL gstpoll.c:980:gst_poll_fd_ctl_write: 0x1d499c0: fd (fd:0, idx:1), active : 1
0:00:00.019049713  2475 0x1c65370 DEBUG   GST_REGISTRY gstregistrychunks.c:640:gst_registry_chunks_load_feature: Reading 1 UriTypes at address 0x1c82390
0:00:00.014924787  2476 0x1d41320 LOG   GST_POLL gstpoll.c:994:gst_poll_fd_ctl_write: 0x1d499c0: pfd->events now 60 (POLLOUT:4)
0:00:00.019056305  2475 0x1c65370 DEBUG   GST_REGISTRY gstregistrychunks.c:655:gst_registry_chunks_load_feature: Reading 1 Interfaces at address 0x1c82399
0:00:00.014931329  2476 0x1d41320 DEBUG   GST_POLL gstpoll.c:980:gst_poll_fd_ctl_write: 0x1d499c0: fd (fd:0, idx:1), active : 1
0:00:00.019063802  2475 0x1c65370 DEBUG   GST_REGISTRY gstregistry.c:590:gst_registry_add_feature: adding feature 0x1c866d0 (dataurisrc)
0:00:00.014937687  2476 0x1d41320 LOG   GST_POLL gstpoll.c:994:gst_poll_fd_ctl_write: 0x1d499c0: pfd->events now 60 (POLLOUT:4)
0:00:00.019069777  2475 0x1c65370 DEBUG   GST_REFCOUNTING gstobject.c:709:gst_object_set_parent: set parent (ref and sink)
0:00:00.014945368  2476 0x1d41320 DEBUG   GST_POLL gstpoll.c:980:gst_poll_fd_ctl_write: 0x1d499c0: fd (fd:0, idx:1), active : 1
0:00:00.019077249  2475 0x1c65370 TRACE   GST_REFCOUNTING gstobject.c:294:gst_object_ref_sink: 0x1c866d0 ref_sink 1->2
0:00:00.014951679  2476 0x1d41320 LOG   GST_POLL gstpoll.c:994:gst_poll_fd_ctl_write: 0x1d499c0: pfd->events now 60 (POLLOUT:4)
0:00:00.019084182  2475 0x1c65370 LOG   GST_REGISTRY gstregistry.c:608:gst_registry_add_feature: emitting feature-added for dataurisrc
0:00:00.014959200  2476 0x1d41320 DEBUG   GST_POLL gstpoll.c:980:gst_poll_fd_ctl_write: 0x1d499c0: fd (fd:0, idx:1), active : 1
0:00:00.019090889  2475 0x1c65370 DEBUG   GST_REGISTRY gstregistrychunks.c:742:gst_registry_chunks_load_feature: Added feature dataurisrc, plugin 0x1c80a20 coreelements
0:00:00.014965604  2476 0x1d41320 LOG   GST_POLL gstpoll.c:994:gst_poll_fd_ctl_write: 0x1d499c0: pfd->events now 60 (POLLOUT:4)
0:00:00.014972616  2476 0x1d41320 DEBUG   GST_POLL gstpoll.c:980:gst_poll_fd_ctl_write: 0x1d499c0: fd (fd:0, idx:1), active : 1
0:00:00.019101919  2475 0x1c65370 DEBUG   GST_REGISTRY gstregistrychunks.c:584:gst_registry_chunks_load_feature: Plugin 'coreelements' feature 'concat' typename : 'GstElementFactory'
0:00:00.014978276  2476 0x1d41320 LOG   GST_POLL gstpoll.c:994:gst_poll_fd_ctl_write: 0x1d499c0: pfd->events now 60 (POLLOUT:4)
0:00:00.019109224  2475 0x1c65370 TRACE   GST_REFCOUNTING gstobject.c:208:gst_object_init: 0x1c86e50 new
0:00:00.014984426  2476 0x1d41320 DEBUG   GST_POLL gstpoll.c:980:gst_poll_fd_ctl_write: 0x1d499c0: fd (fd:0, idx:1), active : 1
0:00:00.019119895  2475 0x1c65370 LOG   GST_REGISTRY gstregistrychunks.c:611:gst_registry_chunks_load_feature: Reading/casting for GstRegistryChunkElementFactory at address 0x1c823c0
0:00:00.014995692  2476 0x1d41320 LOG   GST_POLL gstpoll.c:994:gst_poll_fd_ctl_write: 0x1d499c0: pfd->events now 60 (POLLOUT:4)
0:00:00.019126577  2475 0x1c65370 TRACE   structure gststructure.c:292:gst_structure_new_id_empty_with_size: created structure 0x1c87010
0:00:00.015001934  2476 0x1d41320 DEBUG   GST_POLL gstpoll.c:980:gst_poll_fd_ctl_write: 0x1d499c0: fd (fd:0, idx:1), active : 1
0:00:00.019132406  2475 0x1c65370 DEBUG   structure gststructure.c:2258:gst_structure_parse_field: trying field name 'long-name'
0:00:00.015007888  2476 0x1d41320 LOG   GST_POLL gstpoll.c:994:gst_poll_fd_ctl_write: 0x1d499c0: pfd->events now 60 (POLLOUT:4)
0:00:00.019137989  2475 0x1c65370 DEBUG   default gstvalue.c:2776:_priv_gst_value_parse_value: trying type name 'string'
0:00:00.015013832  2476 0x1d41320 DEBUG   GST_POLL gstpoll.c:980:gst_poll_fd_ctl_write: 0x1d499c0: fd (fd:0, idx:1), active : 1
