0:00:00.010785064  2476 0x1d41320 DEBUG   GST_POLL gstpoll.c:980:gst_poll_fd_ctl_write: 0x1d499c0: fd (fd:0, idx:1), active : 1
0:00:00.010790215  2476 0x1d41320 LOG   GST_POLL gstpoll.c:994:gst_poll_fd_ctl_write: 0x1d499c0: pfd->events now 60 (POLLOUT:4)
0:00:00.010795620  2476 0x1d41320 DEBUG   GST_POLL gstpoll.c:980:gst_poll_fd_ctl_write: 0x1d499c0: fd (fd:0, idx:1), active : 1
0:00:00.010800797  2476 0x1d41320 LOG   GST_POLL gstpoll.c:994:gst_poll_fd_ctl_write: 0x1d499c0: pfd->events now 60 (POLLOUT:4)
0:00:00.010806095  2476 0x1d41320 DEBUG   GST_POLL gstpoll.c:980:gst_poll_fd_ctl_write: 0x1d499c0: fd (fd:0, idx:1), active : 1
0:00:00.010811251  2476 0x1d41320 LOG   GST_POLL gstpoll.c:994:gst_poll_fd_ctl_write: 0x1d499c0: pfd->events now 60 (POLLOUT:4)
0:00:00.010816624  2476 0x1d41320 DEBUG   GST_POLL gstpoll.c:980:gst_poll_fd_ctl_write: 0x1d499c0: fd (fd:0, idx:1), active : 1
0:00:00.010821901  2476 0x1d41320 LOG   GST_POLL gstpoll.c:994:gst_poll_fd_ctl_write: 0x1d499c0: pfd->events now 60 (POLLOUT:4)
0:00:00.010827226  2476 0x1d41320 DEBUG   GST_POLL gstpoll.c:980:gst_poll_fd_ctl_write: 0x1d499c0: fd (fd:0, idx:1), active : 1
0:00:00.010832396  2476 0x1d41320 LOG   GST_POLL gstpoll.c:994:gst_poll_fd_ctl_write: 0x1d499c0: pfd->events now 60 (POLLOUT:4)
0:00:00.010837725  2476 0x1d41320 DEBUG   GST_POLL gstpoll.c:980:gst_poll_fd_ctl_write: 0x1d499c0: fd (fd:0, idx:1), active : 1
0:00:00.010842889  2476 0x1d41320 LOG   GST_POLL gstpoll.c:994:gst_poll_fd_ctl_write: 0x1d499c0: pfd->events now 60 (POLLOUT:4)
0:00:00.010848243  2476 0x1d41320 DEBUG   GST_POLL gstpoll.c:980:gst_poll_fd_ctl_write: 0x1d499c0: fd (fd:0, idx:1), active : 1
0:00:00.010853459  2476 0x1d41320 LOG   GST_POLL gstpoll.c:994:gst_poll_fd_ctl_write: 0x1d499c0: pfd->events now 60 (POLLOUT:4)
0:00:00.010858816  2476 0x1d41320 DEBUG   GST_POLL gstpoll.c:980:gst_poll_fd_ctl_write: 0x1d499c0: fd (fd:0, idx:1), active : 1
0:00:00.010864221  2476 0x1d41320 LOG   GST_POLL gstpoll.c:994:gst_poll_fd_ctl_write: 0x1d499c0: pfd->events now 60 (POLLOUT:4)
0:00:00.010869619  2476 0x1d41320 DEBUG   GST_POLL gstpoll.c:980:gst_poll_fd_ctl_write: 0x1d499c0: fd (fd:0, idx:1), active : 1
0:00:00.010874851  2476 0x1d41320 LOG   GST_POLL gstpoll.c:994:gst_poll_fd_ctl_write: 0x1d499c0: pfd->events now 60 (POLLOUT:4)
0:00:00.010880308  2476 0x1d41320 DEBUG   GST_POLL gstpoll.c:980:gst_poll_fd_ctl_write: 0x1d499c0: fd (fd:0, idx:1), active : 1
0:00:00.010890946  2476 0x1d41320 LOG   GST_POLL gstpoll.c:994:gst_poll_fd_ctl_write: 0x1d499c0: pfd->events now 60 (POLLOUT:4)
0:00:00.010896546  2476 0x1d41320 DEBUG   GST_POLL gstpoll.c:980:gst_poll_fd_ctl_write: 0x1d499c0: fd (fd:0, idx:1), active : 1
0:00:00.010901684  2476 0x1d41320 LOG   GST_POLL gstpoll.c:994:gst_poll_fd_ctl_write: 0x1d499c0: pfd->events now 60 (POLLOUT:4)
0:00:00.010907101  2476 0x1d41320 DEBUG   GST_POLL gstpoll.c:980:gst_poll_fd_ctl_write: 0x1d499c0: fd (fd:0, idx:1), active : 1
0:00:00.010912270  2476 0x1d41320 LOG   GST_POLL gstpoll.c:994:gst_poll_fd_ctl_write: 0x1d499c0: pfd->events now 60 (POLLOUT:4)
0:00:00.010917641  2476 0x1d41320 DEBUG   GST_POLL gstpoll.c:980:gst_poll_fd_ctl_write: 0x1d499c0: fd (fd:0, idx:1), active : 1
0:00:00.010922777  2476 0x1d41320 LOG   GST_POLL gstpoll.c:994:gst_poll_fd_ctl_write: 0x1d499c0: pfd->events now 60 (POLLOUT:4)
0:00:00.010928134  2476 0x1d41320 DEBUG   GST_POLL gstpoll.c:980:gst_poll_fd_ctl_write: 0x1d499c0: fd (fd:0, idx:1), active : 1
0:00:00.010933264  2476 0x1d41320 LOG   GST_POLL gstpoll.c:994:gst_poll_fd_ctl_write: 0x1d499c0: pfd->events now 60 (POLLOUT:4)
0:00:00.010938691  2476 0x1d41320 DEBUG   GST_POLL gstpoll.c:980:gst_poll_fd_ctl_write: 0x1d499c0: fd (fd:0, idx:1), active : 1
0:00:00.010943884  2476 0x1d41320 LOG   GST_POLL gstpoll.c:994:gst_poll_fd_ctl_write: 0x1d499c0: pfd->events now 60 (POLLOUT:4)
0:00:00.010949206  2476 0x1d41320 DEBUG   GST_POLL gstpoll.c:980:gst_poll_fd_ctl_write: 0x1d499c0: fd (fd:0, idx:1), active : 1
0:00:00.010954404  2476 0x1d41320 LOG   GST_POLL gstpoll.c:994:gst_poll_fd_ctl_write: 0x1d499c0: pfd->events now 60 (POLLOUT:4)
0:00:00.010959769  2476 0x1d41320 DEBUG   GST_POLL gstpoll.c:980:gst_poll_fd_ctl_write: 0x1d499c0: fd (fd:0, idx:1), active : 1
0:00:00.010965070  2476 0x1d41320 LOG   GST_POLL gstpoll.c:994:gst_poll_fd_ctl_write: 0x1d499c0: pfd->events now 60 (POLLOUT:4)
0:00:00.010970461  2476 0x1d41320 DEBUG   GST_POLL gstpoll.c:980:gst_poll_fd_ctl_write: 0x1d499c0: fd (fd:0, idx:1), active : 1
0:00:00.010975614  2476 0x1d41320 LOG   GST_POLL gstpoll.c:994:gst_poll_fd_ctl_write: 0x1d499c0: pfd->events now 60 (POLLOUT:4)
0:00:00.010980959  2476 0x1d41320 DEBUG   GST_POLL gstpoll.c:980:gst_poll_fd_ctl_write: 0x1d499c0: fd (fd:0, idx:1), active : 1
0:00:00.010986099  2476 0x1d41320 LOG   GST_POLL gstpoll.c:994:gst_poll_fd_ctl_write: 0x1d499c0: pfd->events now 60 (POLLOUT:4)
0:00:00.010991539  2476 0x1d41320 DEBUG   GST_POLL gstpoll.c:980:gst_poll_fd_ctl_write: 0x1d499c0: fd (fd:0, idx:1), active : 1
0:00:00.010996731  2476 0x1d41320 LOG   GST_POLL gstpoll.c:994:gst_poll_fd_ctl_write: 0x1d499c0: pfd->events now 60 (POLLOUT:4)
0:00:00.011002129  2476 0x1d41320 DEBUG   GST_POLL gstpoll.c:980:gst_poll_fd_ctl_write: 0x1d499c0: fd (fd:0, idx:1), active : 1
0:00:00.011007320  2476 0x1d41320 LOG   GST_POLL gstpoll.c:994:gst_poll_fd_ctl_write: 0x1d499c0: pfd->events now 60 (POLLOUT:4)
0:00:00.011016881  2476 0x1d41320 DEBUG   GST_POLL gstpoll.c:980:gst_poll_fd_ctl_write: 0x1d499c0: fd (fd:0, idx:1), active : 1
0:00:00.011022219  2476 0x1d41320 LOG   GST_POLL gstpoll.c:994:gst_poll_fd_ctl_write: 0x1d499c0: pfd->events now 60 (POLLOUT:4)
0:00:00.011027571  2476 0x1d41320 DEBUG   GST_POLL gstpoll.c:980:gst_poll_fd_ctl_write: 0x1d499c0: fd (fd:0, idx:1), active : 1
0:00:00.011032751  2476 0x1d41320 LOG   GST_POLL gstpoll.c:994:gst_poll_fd_ctl_write: 0x1d499c0: pfd->events now 60 (POLLOUT:4)
0:00:00.011038314  2476 0x1d41320 DEBUG   GST_POLL gstpoll.c:980:gst_poll_fd_ctl_write: 0x1d499c0: fd (fd:0, idx:1), active : 1
0:00:00.011043462  2476 0x1d41320 LOG   GST_POLL gstpoll.c:994:gst_poll_fd_ctl_write: 0x1d499c0: pfd->events now 60 (POLLOUT:4)
0:00:00.011048839  2476 0x1d41320 DEBUG   GST_POLL gstpoll.c:980:gst_poll_fd_ctl_write: 0x1d499c0: fd (fd:0, idx:1), active : 1
0:00:00.011053991  2476 0x1d41320 LOG   GST_POLL gstpoll.c:994:gst_poll_fd_ctl_write: 0x1d499c0: pfd->events now 60 (POLLOUT:4)
0:00:00.011059385  2476 0x1d41320 DEBUG   GST_POLL gstpoll.c:980:gst_poll_fd_ctl_write: 0x1d499c0: fd (fd:0, idx:1), active : 1
0:00:00.011064550  2476 0x1d41320 LOG   GST_POLL gstpoll.c:994:gst_poll_fd_ctl_write: 0x1d499c0: pfd->events now 60 (POLLOUT:4)
0:00:00.011069897  2476 0x1d41320 DEBUG   GST_POLL gstpoll.c:980:gst_poll_fd_ctl_write: 0x1d499c0: fd (fd:0, idx:1), active : 1
0:00:00.011075056  2476 0x1d41320 LOG   GST_POLL gstpoll.c:994:gst_poll_fd_ctl_write: 0x1d499c0: pfd->events now 60 (POLLOUT:4)
0:00:00.011080421  2476 0x1d41320 DEBUG   GST_POLL gstpoll.c:980:gst_poll_fd_ctl_write: 0x1d499c0: fd (fd:0, idx:1), active : 1
0:00:00.011085569  2476 0x1d41320 LOG   GST_POLL gstpoll.c:994:gst_poll_fd_ctl_write: 0x1d499c0: pfd->events now 60 (POLLOUT:4)
0:00:00.011090963  2476 0x1d41320 DEBUG   GST_POLL gstpoll.c:980:gst_poll_fd_ctl_write: 0x1d499c0: fd (fd:0, idx:1), active : 1
0:00:00.011096115  2476 0x1d41320 LOG   GST_POLL gstpoll.c:994:gst_poll_fd_ctl_write: 0x1d499c0: pfd->events now 60 (POLLOUT:4)
0:00:00.011101522  2476 0x1d41320 DEBUG   GST_POLL gstpoll.c:980:gst_poll_fd_ctl_write: 0x1d499c0: fd (fd:0, idx:1), active : 1
0:00:00.011115259  2476 0x1d41320 LOG   GST_POLL gstpoll.c:994:gst_poll_fd_ctl_write: 0x1d499c0: pfd->events now 60 (POLLOUT:4)
0:00:00.011120792  2476 0x1d41320 DEBUG   GST_POLL gstpoll.c:980:gst_poll_fd_ctl_write: 0x1d499c0: fd (fd:0, idx:1), active : 1
0:00:00.011126052  2476 0x1d41320 LOG   GST_POLL gstpoll.c:994:gst_poll_fd_ctl_write: 0x1d499c0: pfd->events now 60 (POLLOUT:4)
0:00:00.011131636  2476 0x1d41320 DEBUG   GST_POLL gstpoll.c:980:gst_poll_fd_ctl_write: 0x1d499c0: fd (fd:0, idx:1), active : 1
0:00:00.011136947  2476 0x1d41320 LOG   GST_POLL gstpoll.c:994:gst_poll_fd_ctl_write: 0x1d499c0: pfd->events now 60 (POLLOUT:4)
0:00:00.011142444  2476 0x1d41320 DEBUG   GST_POLL gstpoll.c:980:gst_poll_fd_ctl_write: 0x1d499c0: fd (fd:0, idx:1), active : 1
0:00:00.011153471  2476 0x1d41320 LOG   GST_POLL gstpoll.c:994:gst_poll_fd_ctl_write: 0x1d499c0: pfd->events now 60 (POLLOUT:4)
0:00:00.011159226  2476 0x1d41320 DEBUG   GST_POLL gstpoll.c:980:gst_poll_fd_ctl_write: 0x1d499c0: fd (fd:0, idx:1), active : 1
0:00:00.011164406  2476 0x1d41320 LOG   GST_POLL gstpoll.c:994:gst_poll_fd_ctl_write: 0x1d499c0: pfd->events now 60 (POLLOUT:4)
0:00:00.011169775  2476 0x1d41320 DEBUG   GST_POLL gstpoll.c:980:gst_poll_fd_ctl_write: 0x1d499c0: fd (fd:0, idx:1), active : 1
0:00:00.011174926  2476 0x1d41320 LOG   GST_POLL gstpoll.c:994:gst_poll_fd_ctl_write: 0x1d499c0: pfd->events now 60 (POLLOUT:4)
0:00:00.011180269  2476 0x1d41320 DEBUG   GST_POLL gstpoll.c:980:gst_poll_fd_ctl_write: 0x1d499c0: fd (fd:0, idx:1), active : 1
0:00:00.011185450  2476 0x1d41320 LOG   GST_POLL gstpoll.c:994:gst_poll_fd_ctl_write: 0x1d499c0: pfd->events now 60 (POLLOUT:4)
0:00:00.011194660  2476 0x1d41320 TRACE   GST_REFCOUNTING gstobject.c:265:gst_object_unref: 0x1d5d7c0 unref 2->1
0:00:00.011201231  2476 0x1d41320 DEBUG   GST_POLL gstpoll.c:1241:gst_poll_fd_has_error: 0x1d499c0: fd (fd:0, idx:1) 0
0:00:00.011206825  2476 0x1d41320 DEBUG   GST_POLL gstpoll.c:1335:gst_poll_fd_can_write: 0x1d499c0: fd (fd:0, idx:1) 1
0:00:00.011212285  2476 0x1d41320 LOG   GST_PLUGIN_LOADING gstpluginloader.c:689:write_one: Writing packet of size 528 bytes to fd 0
0:00:00.011230704  2476 0x1d41320 DEBUG   GST_POLL gstpoll.c:1414:gst_poll_wait: 0x1d499c0: timeout :0:00:01.000000000
0:00:00.011240981  2476 0x1d41320 LOG   GST_PLUGIN_LOADING gstpluginloader.c:1027:exchange_packets: Poll res = 2. 6872 bytes pending for write
0:00:00.011247119  2476 0x1d41320 DEBUG   GST_POLL gstpoll.c:1241:gst_poll_fd_has_error: 0x1d499c0: fd (fd:5, idx:2) 0
0:00:00.011252519  2476 0x1d41320 DEBUG   GST_POLL gstpoll.c:1266:gst_poll_fd_can_read_unlocked: 0x1d499c0: fd (fd:5, idx:2) 1
0:00:00.015375820  2475 0x1c65370 LOG   GST_PLUGIN_LOADING gstpluginloader.c:1027:exchange_packets: Poll res = 1. 0 bytes pending for write
0:00:00.011262080  2476 0x1d41320 DEBUG   GST_PLUGIN_LOADING gstpluginloader.c:721:do_plugin_load: Plugin scanner loading file /home/conan/w/prod/BuildSingleReference/.conan/data/gstreamer/1.19.2/_/_/package/1f5f5d419fdfb792f06015b5de5ddcf61311d6c8/lib/gstreamer-1.0/libgstcoretracers.so. tag 2
0:00:00.015393179  2475 0x1c65370 DEBUG   GST_POLL gstpoll.c:1241:gst_poll_fd_has_error: 0x1c7ed60: fd (fd:8, idx:2) 0
0:00:00.011270165  2476 0x1d41320 TRACE   GST_REFCOUNTING gstobject.c:238:gst_object_ref: 0x1d5ae90 ref 1->2
0:00:00.015399827  2475 0x1c65370 DEBUG   GST_POLL gstpoll.c:1266:gst_poll_fd_can_read_unlocked: 0x1c7ed60: fd (fd:8, idx:2) 1
0:00:00.011277812  2476 0x1d41320 TRACE   GST_REFCOUNTING gstobject.c:238:gst_object_ref: 0x1d5c110 ref 1->2
0:00:00.015408282  2475 0x1c65370 LOG   GST_PLUGIN_LOADING gstpluginloader.c:985:read_one: Expanding rx buf from 512 to 1040
0:00:00.011284528  2476 0x1d41320 TRACE   GST_REFCOUNTING gstobject.c:238:gst_object_ref: 0x1d5be70 ref 1->2
0:00:00.015418926  2475 0x1c65370 DEBUG   GST_PLUGIN_LOADING gstpluginloader.c:849:handle_rx_packet: Received plugin details from child w/ tag 0. 516 bytes info
0:00:00.011295088  2476 0x1d41320 TRACE   GST_REFCOUNTING gstobject.c:238:gst_object_ref: 0x1d5bc20 ref 1->2
0:00:00.015425832  2475 0x1c65370 LOG   GST_REGISTRY gstregistrychunks.c:838:_priv_gst_registry_chunks_load_plugin: Reading/casting for GstRegistryChunkPluginElement at address 0x1c7fb80
0:00:00.011301455  2476 0x1d41320 TRACE   GST_REFCOUNTING gstobject.c:238:gst_object_ref: 0x1d5b950 ref 1->2
0:00:00.011307725  2476 0x1d41320 TRACE   GST_REFCOUNTING gstobject.c:238:gst_object_ref: 0x1d5b740 ref 1->2
0:00:00.011313489  2476 0x1d41320 TRACE   GST_REFCOUNTING gstobject.c:238:gst_object_ref: 0x1d5b250 ref 1->2
0:00:00.015441552  2475 0x1c65370 TRACE   GST_REFCOUNTING gstobject.c:208:gst_object_init: 0x1c7edc0 new
0:00:00.011321128  2476 0x1d41320 TRACE   GST_REFCOUNTING gstobject.c:265:gst_object_unref: 0x1d5b250 unref 2->1
0:00:00.011327352  2476 0x1d41320 TRACE   GST_REFCOUNTING gstobject.c:265:gst_object_unref: 0x1d5b740 unref 2->1
0:00:00.011333102  2476 0x1d41320 TRACE   GST_REFCOUNTING gstobject.c:265:gst_object_unref: 0x1d5b950 unref 2->1
0:00:00.011338862  2476 0x1d41320 TRACE   GST_REFCOUNTING gstobject.c:265:gst_object_unref: 0x1d5bc20 unref 2->1
0:00:00.011344581  2476 0x1d41320 TRACE   GST_REFCOUNTING gstobject.c:265:gst_object_unref: 0x1d5be70 unref 2->1
0:00:00.015474960  2475 0x1c65370 LOG   GST_REGISTRY gstregistrychunks.c:859:_priv_gst_registry_chunks_load_plugin: read strings for name='coretracers'
0:00:00.011350286  2476 0x1d41320 TRACE   GST_REFCOUNTING gstobject.c:265:gst_object_unref: 0x1d5c110 unref 2->1
0:00:00.015481212  2475 0x1c65370 LOG   GST_REGISTRY gstregistrychunks.c:860:_priv_gst_registry_chunks_load_plugin: desc.description='GStreamer core tracers'
0:00:00.011357915  2476 0x1d41320 DEBUG   GST_REGISTRY gstregistrychunks.c:499:_priv_gst_registry_chunks_save_plugin: Found 6 features in plugin 0x1d5ae90 (coretracers)
0:00:00.015487599  2475 0x1c65370 LOG   GST_REGISTRY gstregistrychunks.c:861:_priv_gst_registry_chunks_load_plugin: filename='/home/conan/w/prod/BuildSingleReference/.conan/data/gstreamer/1.19.2/_/_/package/1f5f5d419fdfb792f06015b5de5ddcf61311d6c8/lib/gstreamer-1.0/libgstcoretracers.so'
0:00:00.011364225  2476 0x1d41320 DEBUG   GST_POLL gstpoll.c:980:gst_poll_fd_ctl_write: 0x1d499c0: fd (fd:0, idx:1), active : 1
0:00:00.015493713  2475 0x1c65370 LOG   GST_REGISTRY gstregistrychunks.c:862:_priv_gst_registry_chunks_load_plugin: desc.version='1.19.2'
0:00:00.011370127  2476 0x1d41320 LOG   GST_POLL gstpoll.c:994:gst_poll_fd_ctl_write: 0x1d499c0: pfd->events now 60 (POLLOUT:4)
0:00:00.015499275  2475 0x1c65370 LOG   GST_REGISTRY gstregistrychunks.c:863:_priv_gst_registry_chunks_load_plugin: desc.license='LGPL'
0:00:00.011376105  2476 0x1d41320 DEBUG   GST_POLL gstpoll.c:980:gst_poll_fd_ctl_write: 0x1d499c0: fd (fd:0, idx:1), active : 1
0:00:00.015504875  2475 0x1c65370 LOG   GST_REGISTRY gstregistrychunks.c:864:_priv_gst_registry_chunks_load_plugin: desc.source='gstreamer'
0:00:00.011386015  2476 0x1d41320 LOG   GST_POLL gstpoll.c:994:gst_poll_fd_ctl_write: 0x1d499c0: pfd->events now 60 (POLLOUT:4)
0:00:00.015514850  2475 0x1c65370 LOG   GST_REGISTRY gstregistrychunks.c:865:_priv_gst_registry_chunks_load_plugin: desc.package='GStreamer source release'
0:00:00.011392134  2476 0x1d41320 DEBUG   GST_POLL gstpoll.c:980:gst_poll_fd_ctl_write: 0x1d499c0: fd (fd:0, idx:1), active : 1
0:00:00.015520985  2475 0x1c65370 LOG   GST_REGISTRY gstregistrychunks.c:866:_priv_gst_registry_chunks_load_plugin: desc.origin='Unknown package origin'
0:00:00.011397885  2476 0x1d41320 LOG   GST_POLL gstpoll.c:994:gst_poll_fd_ctl_write: 0x1d499c0: pfd->events now 60 (POLLOUT:4)
0:00:00.015526666  2475 0x1c65370 LOG   GST_REGISTRY gstregistrychunks.c:867:_priv_gst_registry_chunks_load_plugin: desc.datetime=2021-09-23
0:00:00.011403777  2476 0x1d41320 DEBUG   GST_POLL gstpoll.c:980:gst_poll_fd_ctl_write: 0x1d499c0: fd (fd:0, idx:1), active : 1
0:00:00.011409440  2476 0x1d41320 LOG   GST_POLL gstpoll.c:994:gst_poll_fd_ctl_write: 0x1d499c0: pfd->events now 60 (POLLOUT:4)
0:00:00.015535963  2475 0x1c65370 DEBUG   GST_REGISTRY gstregistry.c:474:gst_registry_add_plugin: adding plugin 0x1c7edc0 for filename "/home/conan/w/prod/BuildSingleReference/.conan/data/gstreamer/1.19.2/_/_/package/1f5f5d419fdfb792f06015b5de5ddcf61311d6c8/lib/gstreamer-1.0/libgstcoretracers.so"
0:00:00.011414835  2476 0x1d41320 DEBUG   GST_POLL gstpoll.c:980:gst_poll_fd_ctl_write: 0x1d499c0: fd (fd:0, idx:1), active : 1
0:00:00.015557161  2475 0x1c65370 TRACE   GST_REFCOUNTING gstobject.c:294:gst_object_ref_sink: 0x1c7edc0 ref_sink 1->2
0:00:00.011435187  2476 0x1d41320 LOG   GST_POLL gstpoll.c:994:gst_poll_fd_ctl_write: 0x1d499c0: pfd->events now 60 (POLLOUT:4)
0:00:00.015564967  2475 0x1c65370 LOG   GST_REGISTRY gstregistry.c:487:gst_registry_add_plugin: emitting plugin-added for filename "/home/conan/w/prod/BuildSingleReference/.conan/data/gstreamer/1.19.2/_/_/package/1f5f5d419fdfb792f06015b5de5ddcf61311d6c8/lib/gstreamer-1.0/libgstcoretracers.so"
0:00:00.015573099  2475 0x1c65370 DEBUG   GST_REGISTRY gstregistrychunks.c:888:_priv_gst_registry_chunks_load_plugin: Added plugin 'coretracers' plugin with 6 features from binary registry
0:00:00.011445885  2476 0x1d41320 DEBUG   GST_POLL gstpoll.c:980:gst_poll_fd_ctl_write: 0x1d499c0: fd (fd:0, idx:1), active : 1
0:00:00.015579415  2475 0x1c65370 DEBUG   GST_REGISTRY gstregistrychunks.c:584:gst_registry_chunks_load_feature: Plugin 'coretracers' feature 'factories' typename : 'GstTracerFactory'
0:00:00.011456374  2476 0x1d41320 LOG   GST_POLL gstpoll.c:994:gst_poll_fd_ctl_write: 0x1d499c0: pfd->events now 60 (POLLOUT:4)
0:00:00.011463674  2476 0x1d41320 DEBUG   GST_POLL gstpoll.c:980:gst_poll_fd_ctl_write: 0x1d499c0: fd (fd:0, idx:1), active : 1
0:00:00.015592195  2475 0x1c65370 TRACE   GST_REFCOUNTING gstobject.c:208:gst_object_init: 0x1c7f400 new
0:00:00.011468894  2476 0x1d41320 LOG   GST_POLL gstpoll.c:994:gst_poll_fd_ctl_write: 0x1d499c0: pfd->events now 60 (POLLOUT:4)
0:00:00.011482116  2476 0x1d41320 DEBUG   GST_POLL gstpoll.c:980:gst_poll_fd_ctl_write: 0x1d499c0: fd (fd:0, idx:1), active : 1
0:00:00.015608921  2475 0x1c65370 DEBUG   GST_REGISTRY gstregistrychunks.c:719:gst_registry_chunks_load_feature: Reading/casting for GstRegistryChunkPluginFeature at address 0x1c7fcd0
0:00:00.011487347  2476 0x1d41320 LOG   GST_POLL gstpoll.c:994:gst_poll_fd_ctl_write: 0x1d499c0: pfd->events now 60 (POLLOUT:4)
0:00:00.015620029  2475 0x1c65370 DEBUG   GST_REGISTRY gstregistry.c:590:gst_registry_add_feature: adding feature 0x1c7f400 (factories)
0:00:00.011493332  2476 0x1d41320 DEBUG   GST_POLL gstpoll.c:980:gst_poll_fd_ctl_write: 0x1d499c0: fd (fd:0, idx:1), active : 1
0:00:00.015626280  2475 0x1c65370 DEBUG   GST_REFCOUNTING gstobject.c:709:gst_object_set_parent: set parent (ref and sink)
0:00:00.011501305  2476 0x1d41320 LOG   GST_POLL gstpoll.c:994:gst_poll_fd_ctl_write: 0x1d499c0: pfd->events now 60 (POLLOUT:4)
0:00:00.015633101  2475 0x1c65370 TRACE   GST_REFCOUNTING gstobject.c:294:gst_object_ref_sink: 0x1c7f400 ref_sink 1->2
0:00:00.011507919  2476 0x1d41320 DEBUG   GST_POLL gstpoll.c:980:gst_poll_fd_ctl_write: 0x1d499c0: fd (fd:0, idx:1), active : 1
0:00:00.015639460  2475 0x1c65370 LOG   GST_REGISTRY gstregistry.c:608:gst_registry_add_feature: emitting feature-added for factories
0:00:00.011514365  2476 0x1d41320 LOG   GST_POLL gstpoll.c:994:gst_poll_fd_ctl_write: 0x1d499c0: pfd->events now 60 (POLLOUT:4)
0:00:00.015645975  2475 0x1c65370 DEBUG   GST_REGISTRY gstregistrychunks.c:742:gst_registry_chunks_load_feature: Added feature factories, plugin 0x1c7edc0 coretracers
0:00:00.011520705  2476 0x1d41320 LOG   GST_PLUGIN_LOADING gstpluginloader.c:645:put_chunk: Expanding tx buf from 7717 to 10158 for chunk of size 11
0:00:00.015652630  2475 0x1c65370 DEBUG   GST_REGISTRY gstregistrychunks.c:584:gst_registry_chunks_load_feature: Plugin 'coretracers' feature 'leaks' typename : 'GstTracerFactory'
0:00:00.011527278  2476 0x1d41320 DEBUG   GST_POLL gstpoll.c:980:gst_poll_fd_ctl_write: 0x1d499c0: fd (fd:0, idx:1), active : 1
0:00:00.015659583  2475 0x1c65370 TRACE   GST_REFCOUNTING gstobject.c:208:gst_object_init: 0x1c800d0 new
0:00:00.011533835  2476 0x1d41320 LOG   GST_POLL gstpoll.c:994:gst_poll_fd_ctl_write: 0x1d499c0: pfd->events now 60 (POLLOUT:4)
0:00:00.015666486  2475 0x1c65370 DEBUG   GST_REGISTRY gstregistrychunks.c:719:gst_registry_chunks_load_feature: Reading/casting for GstRegistryChunkPluginFeature at address 0x1c7fcf0
0:00:00.015673478  2475 0x1c65370 DEBUG   GST_REGISTRY gstregistry.c:590:gst_registry_add_feature: adding feature 0x1c800d0 (leaks)
0:00:00.011541236  2476 0x1d41320 DEBUG   GST_POLL gstpoll.c:980:gst_poll_fd_ctl_write: 0x1d499c0: fd (fd:0, idx:1), active : 1
0:00:00.015678625  2475 0x1c65370 DEBUG   GST_REFCOUNTING gstobject.c:709:gst_object_set_parent: set parent (ref and sink)
0:00:00.011558598  2476 0x1d41320 LOG   GST_POLL gstpoll.c:994:gst_poll_fd_ctl_write: 0x1d499c0: pfd->events now 60 (POLLOUT:4)
0:00:00.015687894  2475 0x1c65370 TRACE   GST_REFCOUNTING gstobject.c:294:gst_object_ref_sink: 0x1c800d0 ref_sink 1->2
0:00:00.011564718  2476 0x1d41320 DEBUG   GST_POLL gstpoll.c:980:gst_poll_fd_ctl_write: 0x1d499c0: fd (fd:0, idx:1), active : 1
0:00:00.015694059  2475 0x1c65370 LOG   GST_REGISTRY gstregistry.c:608:gst_registry_add_feature: emitting feature-added for leaks
0:00:00.011570450  2476 0x1d41320 LOG   GST_POLL gstpoll.c:994:gst_poll_fd_ctl_write: 0x1d499c0: pfd->events now 60 (POLLOUT:4)
0:00:00.015700273  2475 0x1c65370 DEBUG   GST_REGISTRY gstregistrychunks.c:742:gst_registry_chunks_load_feature: Added feature leaks, plugin 0x1c7edc0 coretracers
0:00:00.011576327  2476 0x1d41320 DEBUG   GST_POLL gstpoll.c:980:gst_poll_fd_ctl_write: 0x1d499c0: fd (fd:0, idx:1), active : 1
0:00:00.015706541  2475 0x1c65370 DEBUG   GST_REGISTRY gstregistrychunks.c:584:gst_registry_chunks_load_feature: Plugin 'coretracers' feature 'stats' typename : 'GstTracerFactory'
0:00:00.011582022  2476 0x1d41320 LOG   GST_POLL gstpoll.c:994:gst_poll_fd_ctl_write: 0x1d499c0: pfd->events now 60 (POLLOUT:4)
0:00:00.015712910  2475 0x1c65370 TRACE   GST_REFCOUNTING gstobject.c:208:gst_object_init: 0x1c802d0 new
0:00:00.011587928  2476 0x1d41320 DEBUG   GST_POLL gstpoll.c:980:gst_poll_fd_ctl_write: 0x1d499c0: fd (fd:0, idx:1), active : 1
0:00:00.015719466  2475 0x1c65370 DEBUG   GST_REGISTRY gstregistrychunks.c:719:gst_registry_chunks_load_feature: Reading/casting for GstRegistryChunkPluginFeature at address 0x1c7fd10
0:00:00.011594158  2476 0x1d41320 LOG   GST_POLL gstpoll.c:994:gst_poll_fd_ctl_write: 0x1d499c0: pfd->events now 60 (POLLOUT:4)
0:00:00.015726016  2475 0x1c65370 DEBUG   GST_REGISTRY gstregistry.c:590:gst_registry_add_feature: adding feature 0x1c802d0 (stats)
0:00:00.011600828  2476 0x1d41320 DEBUG   GST_POLL gstpoll.c:980:gst_poll_fd_ctl_write: 0x1d499c0: fd (fd:0, idx:1), active : 1
0:00:00.015731589  2475 0x1c65370 DEBUG   GST_REFCOUNTING gstobject.c:709:gst_object_set_parent: set parent (ref and sink)
0:00:00.011606922  2476 0x1d41320 LOG   GST_POLL gstpoll.c:994:gst_poll_fd_ctl_write: 0x1d499c0: pfd->events now 60 (POLLOUT:4)
0:00:00.015738095  2475 0x1c65370 TRACE   GST_REFCOUNTING gstobject.c:294:gst_object_ref_sink: 0x1c802d0 ref_sink 1->2
0:00:00.011613062  2476 0x1d41320 DEBUG   GST_POLL gstpoll.c:980:gst_poll_fd_ctl_write: 0x1d499c0: fd (fd:0, idx:1), active : 1
0:00:00.015744160  2475 0x1c65370 LOG   GST_REGISTRY gstregistry.c:608:gst_registry_add_feature: emitting feature-added for stats
0:00:00.011619360  2476 0x1d41320 LOG   GST_POLL gstpoll.c:994:gst_poll_fd_ctl_write: 0x1d499c0: pfd->events now 60 (POLLOUT:4)
0:00:00.015750271  2475 0x1c65370 DEBUG   GST_REGISTRY gstregistrychunks.c:742:gst_registry_chunks_load_feature: Added feature stats, plugin 0x1c7edc0 coretracers
0:00:00.011625539  2476 0x1d41320 DEBUG   GST_POLL gstpoll.c:980:gst_poll_fd_ctl_write: 0x1d499c0: fd (fd:0, idx:1), active : 1
0:00:00.015760711  2475 0x1c65370 DEBUG   GST_REGISTRY gstregistrychunks.c:584:gst_registry_chunks_load_feature: Plugin 'coretracers' feature 'rusage' typename : 'GstTracerFactory'
0:00:00.011635542  2476 0x1d41320 LOG   GST_POLL gstpoll.c:994:gst_poll_fd_ctl_write: 0x1d499c0: pfd->events now 60 (POLLOUT:4)
0:00:00.015767236  2475 0x1c65370 TRACE   GST_REFCOUNTING gstobject.c:208:gst_object_init: 0x1c804d0 new
0:00:00.011642286  2476 0x1d41320 DEBUG   GST_POLL gstpoll.c:980:gst_poll_fd_ctl_write: 0x1d499c0: fd (fd:0, idx:1), active : 1
0:00:00.015773764  2475 0x1c65370 DEBUG   GST_REGISTRY gstregistrychunks.c:719:gst_registry_chunks_load_feature: Reading/casting for GstRegistryChunkPluginFeature at address 0x1c7fd30
0:00:00.011648559  2476 0x1d41320 LOG   GST_POLL gstpoll.c:994:gst_poll_fd_ctl_write: 0x1d499c0: pfd->events now 60 (POLLOUT:4)
0:00:00.015780469  2475 0x1c65370 DEBUG   GST_REGISTRY gstregistry.c:590:gst_registry_add_feature: adding feature 0x1c804d0 (rusage)
0:00:00.011655137  2476 0x1d41320 DEBUG   GST_POLL gstpoll.c:980:gst_poll_fd_ctl_write: 0x1d499c0: fd (fd:0, idx:1), active : 1
0:00:00.015786163  2475 0x1c65370 DEBUG   GST_REFCOUNTING gstobject.c:709:gst_object_set_parent: set parent (ref and sink)
0:00:00.011661485  2476 0x1d41320 LOG   GST_POLL gstpoll.c:994:gst_poll_fd_ctl_write: 0x1d499c0: pfd->events now 60 (POLLOUT:4)
0:00:00.015792706  2475 0x1c65370 TRACE   GST_REFCOUNTING gstobject.c:294:gst_object_ref_sink: 0x1c804d0 ref_sink 1->2
0:00:00.011667762  2476 0x1d41320 DEBUG   GST_POLL gstpoll.c:980:gst_poll_fd_ctl_write: 0x1d499c0: fd (fd:0, idx:1), active : 1
0:00:00.015799044  2475 0x1c65370 LOG   GST_REGISTRY gstregistry.c:608:gst_registry_add_feature: emitting feature-added for rusage
0:00:00.011674180  2476 0x1d41320 LOG   GST_POLL gstpoll.c:994:gst_poll_fd_ctl_write: 0x1d499c0: pfd->events now 60 (POLLOUT:4)
0:00:00.015805331  2475 0x1c65370 DEBUG   GST_REGISTRY gstregistrychunks.c:742:gst_registry_chunks_load_feature: Added feature rusage, plugin 0x1c7edc0 coretracers
0:00:00.011680362  2476 0x1d41320 DEBUG   GST_POLL gstpoll.c:980:gst_poll_fd_ctl_write: 0x1d499c0: fd (fd:0, idx:1), active : 1
0:00:00.015811586  2475 0x1c65370 DEBUG   GST_REGISTRY gstregistrychunks.c:584:gst_registry_chunks_load_feature: Plugin 'coretracers' feature 'log' typename : 'GstTracerFactory'
0:00:00.011686218  2476 0x1d41320 LOG   GST_POLL gstpoll.c:994:gst_poll_fd_ctl_write: 0x1d499c0: pfd->events now 60 (POLLOUT:4)
0:00:00.015818064  2475 0x1c65370 TRACE   GST_REFCOUNTING gstobject.c:208:gst_object_init: 0x1c806d0 new
0:00:00.011693041  2476 0x1d41320 DEBUG   GST_POLL gstpoll.c:980:gst_poll_fd_ctl_write: 0x1d499c0: fd (fd:0, idx:1), active : 1
0:00:00.015824641  2475 0x1c65370 DEBUG   GST_REGISTRY gstregistrychunks.c:719:gst_registry_chunks_load_feature: Reading/casting for GstRegistryChunkPluginFeature at address 0x1c7fd50
0:00:00.011699381  2476 0x1d41320 LOG   GST_POLL gstpoll.c:994:gst_poll_fd_ctl_write: 0x1d499c0: pfd->events now 60 (POLLOUT:4)
0:00:00.015834842  2475 0x1c65370 DEBUG   GST_REGISTRY gstregistry.c:590:gst_registry_add_feature: adding feature 0x1c806d0 (log)
0:00:00.011709467  2476 0x1d41320 DEBUG   GST_POLL gstpoll.c:980:gst_poll_fd_ctl_write: 0x1d499c0: fd (fd:0, idx:1), active : 1
0:00:00.015840670  2475 0x1c65370 DEBUG   GST_REFCOUNTING gstobject.c:709:gst_object_set_parent: set parent (ref and sink)
0:00:00.011716070  2476 0x1d41320 LOG   GST_POLL gstpoll.c:994:gst_poll_fd_ctl_write: 0x1d499c0: pfd->events now 60 (POLLOUT:4)
0:00:00.015847275  2475 0x1c65370 TRACE   GST_REFCOUNTING gstobject.c:294:gst_object_ref_sink: 0x1c806d0 ref_sink 1->2
0:00:00.011722356  2476 0x1d41320 DEBUG   GST_POLL gstpoll.c:980:gst_poll_fd_ctl_write: 0x1d499c0: fd (fd:0, idx:1), active : 1
0:00:00.015853472  2475 0x1c65370 LOG   GST_REGISTRY gstregistry.c:608:gst_registry_add_feature: emitting feature-added for log
0:00:00.011728582  2476 0x1d41320 LOG   GST_POLL gstpoll.c:994:gst_poll_fd_ctl_write: 0x1d499c0: pfd->events now 60 (POLLOUT:4)
0:00:00.015859708  2475 0x1c65370 DEBUG   GST_REGISTRY gstregistrychunks.c:742:gst_registry_chunks_load_feature: Added feature log, plugin 0x1c7edc0 coretracers
0:00:00.011734652  2476 0x1d41320 DEBUG   GST_POLL gstpoll.c:980:gst_poll_fd_ctl_write: 0x1d499c0: fd (fd:0, idx:1), active : 1
0:00:00.015865930  2475 0x1c65370 DEBUG   GST_REGISTRY gstregistrychunks.c:584:gst_registry_chunks_load_feature: Plugin 'coretracers' feature 'latency' typename : 'GstTracerFactory'
0:00:00.011740690  2476 0x1d41320 LOG   GST_POLL gstpoll.c:994:gst_poll_fd_ctl_write: 0x1d499c0: pfd->events now 60 (POLLOUT:4)
0:00:00.015872424  2475 0x1c65370 TRACE   GST_REFCOUNTING gstobject.c:208:gst_object_init: 0x1c808d0 new
0:00:00.011747182  2476 0x1d41320 DEBUG   GST_POLL gstpoll.c:980:gst_poll_fd_ctl_write: 0x1d499c0: fd (fd:0, idx:1), active : 1
0:00:00.015879181  2475 0x1c65370 DEBUG   GST_REGISTRY gstregistrychunks.c:719:gst_registry_chunks_load_feature: Reading/casting for GstRegistryChunkPluginFeature at address 0x1c7fd78
0:00:00.011753745  2476 0x1d41320 LOG   GST_POLL gstpoll.c:994:gst_poll_fd_ctl_write: 0x1d499c0: pfd->events now 60 (POLLOUT:4)
0:00:00.015887401  2475 0x1c65370 DEBUG   GST_REGISTRY gstregistry.c:590:gst_registry_add_feature: adding feature 0x1c808d0 (latency)
0:00:00.011760592  2476 0x1d41320 DEBUG   GST_POLL gstpoll.c:980:gst_poll_fd_ctl_write: 0x1d499c0: fd (fd:0, idx:1), active : 1
0:00:00.015894378  2475 0x1c65370 DEBUG   GST_REFCOUNTING gstobject.c:709:gst_object_set_parent: set parent (ref and sink)
0:00:00.011768566  2476 0x1d41320 LOG   GST_POLL gstpoll.c:994:gst_poll_fd_ctl_write: 0x1d499c0: pfd->events now 60 (POLLOUT:4)
0:00:00.015901511  2475 0x1c65370 TRACE   GST_REFCOUNTING gstobject.c:294:gst_object_ref_sink: 0x1c808d0 ref_sink 1->2
0:00:00.011779967  2476 0x1d41320 DEBUG   GST_POLL gstpoll.c:980:gst_poll_fd_ctl_write: 0x1d499c0: fd (fd:0, idx:1), active : 1
0:00:00.015909031  2475 0x1c65370 LOG   GST_REGISTRY gstregistry.c:608:gst_registry_add_feature: emitting feature-added for latency
0:00:00.011785915  2476 0x1d41320 LOG   GST_POLL gstpoll.c:994:gst_poll_fd_ctl_write: 0x1d499c0: pfd->events now 60 (POLLOUT:4)
0:00:00.015915422  2475 0x1c65370 DEBUG   GST_REGISTRY gstregistrychunks.c:742:gst_registry_chunks_load_feature: Added feature latency, plugin 0x1c7edc0 coretracers
0:00:00.011791949  2476 0x1d41320 DEBUG   GST_POLL gstpoll.c:980:gst_poll_fd_ctl_write: 0x1d499c0: fd (fd:0, idx:1), active : 1
0:00:00.015923305  2475 0x1c65370 LOG   GST_PLUGIN_LOADING gstpluginloader.c:888:handle_rx_packet: marking plugin 0x1c7edc0 as registered as /home/conan/w/prod/BuildSingleReference/.conan/data/gstreamer/1.19.2/_/_/package/1f5f5d419fdfb792f06015b5de5ddcf61311d6c8/lib/gstreamer-1.0/libgstcoretracers.so
0:00:00.011797626  2476 0x1d41320 LOG   GST_POLL gstpoll.c:994:gst_poll_fd_ctl_write: 0x1d499c0: pfd->events now 60 (POLLOUT:4)
0:00:00.011806068  2476 0x1d41320 TRACE   GST_REFCOUNTING gstobject.c:265:gst_object_unref: 0x1d5ae90 unref 2->1
0:00:00.015934495  2475 0x1c65370 DEBUG   GST_POLL gstpoll.c:1414:gst_poll_wait: 0x1c7ed60: timeout :0:00:01.000000000
0:00:00.011812182  2476 0x1d41320 DEBUG   GST_POLL gstpoll.c:1241:gst_poll_fd_has_error: 0x1d499c0: fd (fd:0, idx:1) 0
0:00:00.011818103  2476 0x1d41320 DEBUG   GST_POLL gstpoll.c:1335:gst_poll_fd_can_write: 0x1d499c0: fd (fd:0, idx:1) 1
0:00:00.011823281  2476 0x1d41320 LOG   GST_PLUGIN_LOADING gstpluginloader.c:689:write_one: Writing packet of size 6872 bytes to fd 0
0:00:00.011838907  2476 0x1d41320 DEBUG   GST_POLL gstpoll.c:1414:gst_poll_wait: 0x1d499c0: timeout :0:00:01.000000000
0:00:00.011865700  2476 0x1d41320 LOG   GST_PLUGIN_LOADING gstpluginloader.c:1027:exchange_packets: Poll res = 2. 528 bytes pending for write
0:00:00.011871810  2476 0x1d41320 DEBUG   GST_POLL gstpoll.c:1241:gst_poll_fd_has_error: 0x1d499c0: fd (fd:5, idx:2) 0
0:00:00.015999312  2475 0x1c65370 LOG   GST_PLUGIN_LOADING gstpluginloader.c:1027:exchange_packets: Poll res = 1. 0 bytes pending for write
0:00:00.011877393  2476 0x1d41320 DEBUG   GST_POLL gstpoll.c:1266:gst_poll_fd_can_read_unlocked: 0x1d499c0: fd (fd:5, idx:2) 1
0:00:00.016008106  2475 0x1c65370 DEBUG   GST_POLL gstpoll.c:1241:gst_poll_fd_has_error: 0x1c7ed60: fd (fd:8, idx:2) 0
0:00:00.011886766  2476 0x1d41320 DEBUG   GST_PLUGIN_LOADING gstpluginloader.c:721:do_plugin_load: Plugin scanner loading file /home/conan/w/prod/BuildSingleReference/.conan/data/gstreamer/1.19.2/_/_/package/1f5f5d419fdfb792f06015b5de5ddcf61311d6c8/lib/gstreamer-1.0/libgstcoreelements.so. tag 3
0:00:00.016014748  2475 0x1c65370 DEBUG   GST_POLL gstpoll.c:1266:gst_poll_fd_can_read_unlocked: 0x1c7ed60: fd (fd:8, idx:2) 1
0:00:00.011894299  2476 0x1d41320 TRACE   GST_REFCOUNTING gstobject.c:238:gst_object_ref: 0x1d5d7c0 ref 1->2
0:00:00.016024594  2475 0x1c65370 LOG   GST_PLUGIN_LOADING gstpluginloader.c:985:read_one: Expanding rx buf from 1040 to 7384
0:00:00.011905665  2476 0x1d41320 TRACE   GST_REFCOUNTING gstobject.c:238:gst_object_ref: 0x1d78bf0 ref 1->2
0:00:00.011912681  2476 0x1d41320 TRACE   GST_REFCOUNTING gstobject.c:238:gst_object_ref: 0x1d77d00 ref 1->2
0:00:00.011918943  2476 0x1d41320 TRACE   GST_REFCOUNTING gstobject.c:238:gst_object_ref: 0x1d76550 ref 1->2
0:00:00.016045998  2475 0x1c65370 DEBUG   GST_PLUGIN_LOADING gstpluginloader.c:849:handle_rx_packet: Received plugin details from child w/ tag 1. 6860 bytes info
0:00:00.011925043  2476 0x1d41320 TRACE   GST_REFCOUNTING gstobject.c:238:gst_object_ref: 0x1d75780 ref 1->2
0:00:00.016054068  2475 0x1c65370 LOG   GST_REGISTRY gstregistrychunks.c:838:_priv_gst_registry_chunks_load_plugin: Reading/casting for GstRegistryChunkPluginElement at address 0x1c80c30
0:00:00.011931546  2476 0x1d41320 TRACE   GST_REFCOUNTING gstobject.c:238:gst_object_ref: 0x1d74570 ref 1->2
0:00:00.016061759  2475 0x1c65370 TRACE   GST_REFCOUNTING gstobject.c:208:gst_object_init: 0x1c80a20 new
0:00:00.011937949  2476 0x1d41320 TRACE   GST_REFCOUNTING gstobject.c:238:gst_object_ref: 0x1d73470 ref 1->2
0:00:00.011944186  2476 0x1d41320 TRACE   GST_REFCOUNTING gstobject.c:238:gst_object_ref: 0x1d71ac0 ref 1->2
0:00:00.016073498  2475 0x1c65370 LOG   GST_REGISTRY gstregistrychunks.c:859:_priv_gst_registry_chunks_load_plugin: read strings for name='coreelements'
0:00:00.011950106  2476 0x1d41320 TRACE   GST_REFCOUNTING gstobject.c:238:gst_object_ref: 0x1d70040 ref 1->2
0:00:00.016079587  2475 0x1c65370 LOG   GST_REGISTRY gstregistrychunks.c:860:_priv_gst_registry_chunks_load_plugin: desc.description='GStreamer core elements'
0:00:00.011956515  2476 0x1d41320 TRACE   GST_REFCOUNTING gstobject.c:238:gst_object_ref: 0x1d6ef30 ref 1->2
0:00:00.016086280  2475 0x1c65370 LOG   GST_REGISTRY gstregistrychunks.c:861:_priv_gst_registry_chunks_load_plugin: filename='/home/conan/w/prod/BuildSingleReference/.conan/data/gstreamer/1.19.2/_/_/package/1f5f5d419fdfb792f06015b5de5ddcf61311d6c8/lib/gstreamer-1.0/libgstcoreelements.so'
0:00:00.011962926  2476 0x1d41320 TRACE   GST_REFCOUNTING gstobject.c:238:gst_object_ref: 0x1d6dcc0 ref 1->2
0:00:00.016092428  2475 0x1c65370 LOG   GST_REGISTRY gstregistrychunks.c:862:_priv_gst_registry_chunks_load_plugin: desc.version='1.19.2'
0:00:00.011969303  2476 0x1d41320 TRACE   GST_REFCOUNTING gstobject.c:238:gst_object_ref: 0x1d6c690 ref 1->2
0:00:00.011975598  2476 0x1d41320 TRACE   GST_REFCOUNTING gstobject.c:238:gst_object_ref: 0x1d6b9c0 ref 1->2
0:00:00.016106773  2475 0x1c65370 LOG   GST_REGISTRY gstregistrychunks.c:863:_priv_gst_registry_chunks_load_plugin: desc.license='LGPL'
0:00:00.011981477  2476 0x1d41320 TRACE   GST_REFCOUNTING gstobject.c:238:gst_object_ref: 0x1d6ac70 ref 1->2
0:00:00.016112547  2475 0x1c65370 LOG   GST_REGISTRY gstregistrychunks.c:864:_priv_gst_registry_chunks_load_plugin: desc.source='gstreamer'
0:00:00.011992419  2476 0x1d41320 TRACE   GST_REFCOUNTING gstobject.c:238:gst_object_ref: 0x1d62420 ref 1->2
0:00:00.016121112  2475 0x1c65370 LOG   GST_REGISTRY gstregistrychunks.c:865:_priv_gst_registry_chunks_load_plugin: desc.package='GStreamer source release'
0:00:00.011999325  2476 0x1d41320 TRACE   GST_REFCOUNTING gstobject.c:238:gst_object_ref: 0x1d681b0 ref 1->2
0:00:00.016127982  2475 0x1c65370 LOG   GST_REGISTRY gstregistrychunks.c:866:_priv_gst_registry_chunks_load_plugin: desc.origin='Unknown package origin'
0:00:00.012005780  2476 0x1d41320 TRACE   GST_REFCOUNTING gstobject.c:238:gst_object_ref: 0x1d65b60 ref 1->2
0:00:00.016134456  2475 0x1c65370 LOG   GST_REGISTRY gstregistrychunks.c:867:_priv_gst_registry_chunks_load_plugin: desc.datetime=2021-09-23
0:00:00.012012218  2476 0x1d41320 TRACE   GST_REFCOUNTING gstobject.c:238:gst_object_ref: 0x1d64010 ref 1->2
0:00:00.016142823  2475 0x1c65370 DEBUG   GST_REGISTRY gstregistry.c:474:gst_registry_add_plugin: adding plugin 0x1c80a20 for filename "/home/conan/w/prod/BuildSingleReference/.conan/data/gstreamer/1.19.2/_/_/package/1f5f5d419fdfb792f06015b5de5ddcf61311d6c8/lib/gstreamer-1.0/libgstcoreelements.so"
0:00:00.012018610  2476 0x1d41320 TRACE   GST_REFCOUNTING gstobject.c:238:gst_object_ref: 0x1d62fd0 ref 1->2
0:00:00.016150257  2475 0x1c65370 TRACE   GST_REFCOUNTING gstobject.c:294:gst_object_ref_sink: 0x1c80a20 ref_sink 1->2
0:00:00.012025021  2476 0x1d41320 TRACE   GST_REFCOUNTING gstobject.c:238:gst_object_ref: 0x1d61520 ref 1->2
0:00:00.016157625  2475 0x1c65370 LOG   GST_REGISTRY gstregistry.c:487:gst_registry_add_plugin: emitting plugin-added for filename "/home/conan/w/prod/BuildSingleReference/.conan/data/gstreamer/1.19.2/_/_/package/1f5f5d419fdfb792f06015b5de5ddcf61311d6c8/lib/gstreamer-1.0/libgstcoreelements.so"
0:00:00.012032226  2476 0x1d41320 TRACE   GST_REFCOUNTING gstobject.c:238:gst_object_ref: 0x1d60620 ref 1->2
0:00:00.016165034  2475 0x1c65370 DEBUG   GST_REGISTRY gstregistrychunks.c:888:_priv_gst_registry_chunks_load_plugin: Added plugin 'coreelements' plugin with 22 features from binary registry
0:00:00.012039735  2476 0x1d41320 TRACE   GST_REFCOUNTING gstobject.c:238:gst_object_ref: 0x1d5f830 ref 1->2
0:00:00.016172012  2475 0x1c65370 DEBUG   GST_REGISTRY gstregistrychunks.c:584:gst_registry_chunks_load_feature: Plugin 'coreelements' feature 'streamiddemux' typename : 'GstElementFactory'
0:00:00.012046675  2476 0x1d41320 TRACE   GST_REFCOUNTING gstobject.c:238:gst_object_ref: 0x1d5dba0 ref 1->2
0:00:00.012054311  2476 0x1d41320 DEBUG   GST_REGISTRY gstregistrychunks.c:266:gst_registry_chunks_save_feature: saved 0 interfaces 0 pad templates
0:00:00.016181112  2475 0x1c65370 TRACE   GST_REFCOUNTING gstobject.c:208:gst_object_init: 0x1c7f4c0 new
0:00:00.012063861  2476 0x1d41320 DEBUG   GST_REGISTRY gstregistrychunks.c:266:gst_registry_chunks_save_feature: saved 0 interfaces 0 pad templates
0:00:00.016195166  2475 0x1c65370 LOG   GST_REGISTRY gstregistrychunks.c:611:gst_registry_chunks_load_feature: Reading/casting for GstRegistryChunkElementFactory at address 0x1c80d88
0:00:00.012072429  2476 0x1d41320 DEBUG   GST_REGISTRY gstregistrychunks.c:266:gst_registry_chunks_save_feature: saved 0 interfaces 0 pad templates
0:00:00.016202756  2475 0x1c65370 TRACE   structure gststructure.c:292:gst_structure_new_id_empty_with_size: created structure 0x1c7fcf0
0:00:00.012080843  2476 0x1d41320 DEBUG   GST_REGISTRY gstregistrychunks.c:266:gst_registry_chunks_save_feature: saved 1 interfaces 0 pad templates
0:00:00.016209231  2475 0x1c65370 DEBUG   structure gststructure.c:2258:gst_structure_parse_field: trying field name 'long-name'
0:00:00.012087029  2476 0x1d41320 DEBUG   GST_REGISTRY gstregistrychunks.c:285:gst_registry_chunks_save_feature: Saved 1 UriTypes
0:00:00.016221553  2475 0x1c65370 DEBUG   default gstvalue.c:2776:_priv_gst_value_parse_value: trying type name 'string'
0:00:00.012096558  2476 0x1d41320 DEBUG   GST_REGISTRY gstregistrychunks.c:266:gst_registry_chunks_save_feature: saved 0 interfaces 0 pad templates
0:00:00.016232033  2475 0x1c65370 DEBUG   structure gststructure.c:2258:gst_structure_parse_field: trying field name 'klass'
0:00:00.012105327  2476 0x1d41320 DEBUG   GST_REGISTRY gstregistrychunks.c:266:gst_registry_chunks_save_feature: saved 0 interfaces 0 pad templates
0:00:00.016237956  2475 0x1c65370 DEBUG   default gstvalue.c:2776:_priv_gst_value_parse_value: trying type name 'string'
0:00:00.012116010  2476 0x1d41320 DEBUG   GST_REGISTRY gstregistrychunks.c:266:gst_registry_chunks_save_feature: saved 0 interfaces 0 pad templates
0:00:00.016246022  2475 0x1c65370 DEBUG   structure gststructure.c:2258:gst_structure_parse_field: trying field name 'description'
0:00:00.016251692  2475 0x1c65370 DEBUG   default gstvalue.c:2776:_priv_gst_value_parse_value: trying type name 'string'
0:00:00.012125122  2476 0x1d41320 DEBUG   GST_REGISTRY gstregistrychunks.c:266:gst_registry_chunks_save_feature: saved 1 interfaces 0 pad templates
0:00:00.016257653  2475 0x1c65370 DEBUG   structure gststructure.c:2258:gst_structure_parse_field: trying field name 'author'
0:00:00.012132461  2476 0x1d41320 DEBUG   GST_REGISTRY gstregistrychunks.c:285:gst_registry_chunks_save_feature: Saved 1 UriTypes
0:00:00.016263312  2475 0x1c65370 DEBUG   default gstvalue.c:2776:_priv_gst_value_parse_value: trying type name 'string'
0:00:00.012141034  2476 0x1d41320 DEBUG   GST_REGISTRY gstregistrychunks.c:266:gst_registry_chunks_save_feature: saved 1 interfaces 0 pad templates
0:00:00.016269998  2475 0x1c65370 DEBUG   GST_REGISTRY gstregistrychunks.c:627:gst_registry_chunks_load_feature: Element factory : npadtemplates=2
0:00:00.012147035  2476 0x1d41320 DEBUG   GST_REGISTRY gstregistrychunks.c:285:gst_registry_chunks_save_feature: Saved 1 UriTypes
0:00:00.016276216  2475 0x1c65370 DEBUG   GST_REGISTRY gstregistrychunks.c:527:gst_registry_chunks_load_pad_template: Reading/casting for GstRegistryChunkPadTemplate at address 0x1c80e60
0:00:00.012159686  2476 0x1d41320 DEBUG   GST_REGISTRY gstregistrychunks.c:266:gst_registry_chunks_save_feature: saved 1 interfaces 0 pad templates
0:00:00.016287381  2475 0x1c65370 DEBUG   GST_REGISTRY gstregistrychunks.c:540:gst_registry_chunks_load_pad_template: Added pad_template src_%u
0:00:00.012165858  2476 0x1d41320 DEBUG   GST_REGISTRY gstregistrychunks.c:285:gst_registry_chunks_save_feature: Saved 1 UriTypes
0:00:00.016294997  2475 0x1c65370 DEBUG   GST_REGISTRY gstregistrychunks.c:527:gst_registry_chunks_load_pad_template: Reading/casting for GstRegistryChunkPadTemplate at address 0x1c80e78
0:00:00.012173533  2476 0x1d41320 DEBUG   GST_REGISTRY gstregistrychunks.c:266:gst_registry_chunks_save_feature: saved 0 interfaces 0 pad templates
0:00:00.016301129  2475 0x1c65370 DEBUG   GST_REGISTRY gstregistrychunks.c:540:gst_registry_chunks_load_pad_template: Added pad_template sink
0:00:00.012182038  2476 0x1d41320 DEBUG   GST_REGISTRY gstregistrychunks.c:266:gst_registry_chunks_save_feature: saved 0 interfaces 0 pad templates
0:00:00.016309807  2475 0x1c65370 DEBUG   GST_REGISTRY gstregistry.c:590:gst_registry_add_feature: adding feature 0x1c7f4c0 (streamiddemux)
0:00:00.012190159  2476 0x1d41320 DEBUG   GST_REGISTRY gstregistrychunks.c:266:gst_registry_chunks_save_feature: saved 0 interfaces 0 pad templates
0:00:00.016317262  2475 0x1c65370 DEBUG   GST_REFCOUNTING gstobject.c:709:gst_object_set_parent: set parent (ref and sink)
0:00:00.016326004  2475 0x1c65370 TRACE   GST_REFCOUNTING gstobject.c:294:gst_object_ref_sink: 0x1c7f4c0 ref_sink 1->2
0:00:00.012199806  2476 0x1d41320 DEBUG   GST_REGISTRY gstregistrychunks.c:266:gst_registry_chunks_save_feature: saved 0 interfaces 0 pad templates
0:00:00.016332224  2475 0x1c65370 LOG   GST_REGISTRY gstregistry.c:608:gst_registry_add_feature: emitting feature-added for streamiddemux
0:00:00.012209308  2476 0x1d41320 DEBUG   GST_REGISTRY gstregistrychunks.c:266:gst_registry_chunks_save_feature: saved 0 interfaces 0 pad templates
0:00:00.016339000  2475 0x1c65370 DEBUG   GST_REGISTRY gstregistrychunks.c:742:gst_registry_chunks_load_feature: Added feature streamiddemux, plugin 0x1c80a20 coreelements
0:00:00.012217046  2476 0x1d41320 DEBUG   GST_REGISTRY gstregistrychunks.c:266:gst_registry_chunks_save_feature: saved 0 interfaces 0 pad templates
0:00:00.016345767  2475 0x1c65370 DEBUG   GST_REGISTRY gstregistrychunks.c:584:gst_registry_chunks_load_feature: Plugin 'coreelements' feature 'valve' typename : 'GstElementFactory'
0:00:00.012225286  2476 0x1d41320 DEBUG   GST_REGISTRY gstregistrychunks.c:266:gst_registry_chunks_save_feature: saved 1 interfaces 0 pad templates
0:00:00.016353103  2475 0x1c65370 TRACE   GST_REFCOUNTING gstobject.c:208:gst_object_init: 0x1c7fb70 new
0:00:00.012231243  2476 0x1d41320 DEBUG   GST_REGISTRY gstregistrychunks.c:285:gst_registry_chunks_save_feature: Saved 1 UriTypes
0:00:00.016365334  2475 0x1c65370 LOG   GST_REGISTRY gstregistrychunks.c:611:gst_registry_chunks_load_feature: Reading/casting for GstRegistryChunkElementFactory at address 0x1c80ea8
0:00:00.012241861  2476 0x1d41320 DEBUG   GST_REGISTRY gstregistrychunks.c:266:gst_registry_chunks_save_feature: saved 0 interfaces 0 pad templates
0:00:00.016372075  2475 0x1c65370 TRACE   structure gststructure.c:292:gst_structure_new_id_empty_with_size: created structure 0x1c829e0
0:00:00.012250127  2476 0x1d41320 DEBUG   GST_REGISTRY gstregistrychunks.c:266:gst_registry_chunks_save_feature: saved 0 interfaces 0 pad templates
0:00:00.016377870  2475 0x1c65370 DEBUG   structure gststructure.c:2258:gst_structure_parse_field: trying field name 'long-name'
0:00:00.016385063  2475 0x1c65370 DEBUG   default gstvalue.c:2776:_priv_gst_value_parse_value: trying type name 'string'
0:00:00.012258742  2476 0x1d41320 DEBUG   GST_REGISTRY gstregistrychunks.c:266:gst_registry_chunks_save_feature: saved 0 interfaces 0 pad templates
0:00:00.016390769  2475 0x1c65370 DEBUG   structure gststructure.c:2258:gst_structure_parse_field: trying field name 'klass'
0:00:00.016396203  2475 0x1c65370 DEBUG   default gstvalue.c:2776:_priv_gst_value_parse_value: trying type name 'string'
0:00:00.012269355  2476 0x1d41320 DEBUG   GST_REGISTRY gstregistrychunks.c:266:gst_registry_chunks_save_feature: saved 0 interfaces 0 pad templates
0:00:00.016401739  2475 0x1c65370 DEBUG   structure gststructure.c:2258:gst_structure_parse_field: trying field name 'description'
0:00:00.016407305  2475 0x1c65370 DEBUG   default gstvalue.c:2776:_priv_gst_value_parse_value: trying type name 'string'
0:00:00.012281392  2476 0x1d41320 DEBUG   GST_REGISTRY gstregistrychunks.c:266:gst_registry_chunks_save_feature: saved 0 interfaces 0 pad templates
0:00:00.016413138  2475 0x1c65370 DEBUG   structure gststructure.c:2258:gst_structure_parse_field: trying field name 'author'
0:00:00.016418581  2475 0x1c65370 DEBUG   default gstvalue.c:2776:_priv_gst_value_parse_value: trying type name 'string'
0:00:00.012291512  2476 0x1d41320 TRACE   GST_REFCOUNTING gstobject.c:265:gst_object_unref: 0x1d5dba0 unref 2->1
0:00:00.016424629  2475 0x1c65370 DEBUG   GST_REGISTRY gstregistrychunks.c:627:gst_registry_chunks_load_feature: Element factory : npadtemplates=2
0:00:00.012300329  2476 0x1d41320 TRACE   GST_REFCOUNTING gstobject.c:265:gst_object_unref: 0x1d5f830 unref 2->1
0:00:00.016430316  2475 0x1c65370 DEBUG   GST_REGISTRY gstregistrychunks.c:527:gst_registry_chunks_load_pad_template: Reading/casting for GstRegistryChunkPadTemplate at address 0x1c80f98
0:00:00.012307365  2476 0x1d41320 TRACE   GST_REFCOUNTING gstobject.c:265:gst_object_unref: 0x1d60620 unref 2->1
0:00:00.016436138  2475 0x1c65370 DEBUG   GST_REGISTRY gstregistrychunks.c:540:gst_registry_chunks_load_pad_template: Added pad_template sink
0:00:00.012314021  2476 0x1d41320 TRACE   GST_REFCOUNTING gstobject.c:265:gst_object_unref: 0x1d61520 unref 2->1
0:00:00.016446346  2475 0x1c65370 DEBUG   GST_REGISTRY gstregistrychunks.c:527:gst_registry_chunks_load_pad_template: Reading/casting for GstRegistryChunkPadTemplate at address 0x1c80fb0
0:00:00.012322325  2476 0x1d41320 TRACE   GST_REFCOUNTING gstobject.c:265:gst_object_unref: 0x1d62fd0 unref 2->1
0:00:00.016452589  2475 0x1c65370 DEBUG   GST_REGISTRY gstregistrychunks.c:540:gst_registry_chunks_load_pad_template: Added pad_template src
0:00:00.012329192  2476 0x1d41320 TRACE   GST_REFCOUNTING gstobject.c:265:gst_object_unref: 0x1d64010 unref 2->1
0:00:00.016459701  2475 0x1c65370 DEBUG   GST_REGISTRY gstregistry.c:590:gst_registry_add_feature: adding feature 0x1c7fb70 (valve)
0:00:00.012335775  2476 0x1d41320 TRACE   GST_REFCOUNTING gstobject.c:265:gst_object_unref: 0x1d65b60 unref 2->1
0:00:00.016465852  2475 0x1c65370 DEBUG   GST_REFCOUNTING gstobject.c:709:gst_object_set_parent: set parent (ref and sink)
0:00:00.012342433  2476 0x1d41320 TRACE   GST_REFCOUNTING gstobject.c:265:gst_object_unref: 0x1d681b0 unref 2->1
0:00:00.016473438  2475 0x1c65370 TRACE   GST_REFCOUNTING gstobject.c:294:gst_object_ref_sink: 0x1c7fb70 ref_sink 1->2
0:00:00.012349017  2476 0x1d41320 TRACE   GST_REFCOUNTING gstobject.c:265:gst_object_unref: 0x1d62420 unref 2->1
0:00:00.016480099  2475 0x1c65370 LOG   GST_REGISTRY gstregistry.c:608:gst_registry_add_feature: emitting feature-added for valve
0:00:00.012355575  2476 0x1d41320 TRACE   GST_REFCOUNTING gstobject.c:265:gst_object_unref: 0x1d6ac70 unref 2->1
0:00:00.016486865  2475 0x1c65370 DEBUG   GST_REGISTRY gstregistrychunks.c:742:gst_registry_chunks_load_feature: Added feature valve, plugin 0x1c80a20 coreelements
0:00:00.012362002  2476 0x1d41320 TRACE   GST_REFCOUNTING gstobject.c:265:gst_object_unref: 0x1d6b9c0 unref 2->1
0:00:00.016493773  2475 0x1c65370 DEBUG   GST_REGISTRY gstregistrychunks.c:584:gst_registry_chunks_load_feature: Plugin 'coreelements' feature 'multiqueue' typename : 'GstElementFactory'
0:00:00.012368557  2476 0x1d41320 TRACE   GST_REFCOUNTING gstobject.c:265:gst_object_unref: 0x1d6c690 unref 2->1
0:00:00.016500830  2475 0x1c65370 TRACE   GST_REFCOUNTING gstobject.c:208:gst_object_init: 0x1c82b60 new
0:00:00.012375459  2476 0x1d41320 TRACE   GST_REFCOUNTING gstobject.c:265:gst_object_unref: 0x1d6dcc0 unref 2->1
0:00:00.016508135  2475 0x1c65370 LOG   GST_REGISTRY gstregistrychunks.c:611:gst_registry_chunks_load_feature: Reading/casting for GstRegistryChunkElementFactory at address 0x1c80fe0
0:00:00.012383306  2476 0x1d41320 TRACE   GST_REFCOUNTING gstobject.c:265:gst_object_unref: 0x1d6ef30 unref 2->1
0:00:00.016514892  2475 0x1c65370 TRACE   structure gststructure.c:292:gst_structure_new_id_empty_with_size: created structure 0x1c82c50
