0:00:00.019144008  2475 0x1c65370 DEBUG   structure gststructure.c:2258:gst_structure_parse_field: trying field name 'klass'
0:00:00.015019685  2476 0x1d41320 LOG   GST_POLL gstpoll.c:994:gst_poll_fd_ctl_write: 0x1d499c0: pfd->events now 60 (POLLOUT:4)
0:00:00.019149648  2475 0x1c65370 DEBUG   default gstvalue.c:2776:_priv_gst_value_parse_value: trying type name 'string'
0:00:00.015025642  2476 0x1d41320 DEBUG   GST_POLL gstpoll.c:980:gst_poll_fd_ctl_write: 0x1d499c0: fd (fd:0, idx:1), active : 1
0:00:00.019155649  2475 0x1c65370 DEBUG   structure gststructure.c:2258:gst_structure_parse_field: trying field name 'description'
0:00:00.015031530  2476 0x1d41320 LOG   GST_POLL gstpoll.c:994:gst_poll_fd_ctl_write: 0x1d499c0: pfd->events now 60 (POLLOUT:4)
0:00:00.019161334  2475 0x1c65370 DEBUG   default gstvalue.c:2776:_priv_gst_value_parse_value: trying type name 'string'
0:00:00.015037637  2476 0x1d41320 DEBUG   GST_POLL gstpoll.c:980:gst_poll_fd_ctl_write: 0x1d499c0: fd (fd:0, idx:1), active : 1
0:00:00.019167363  2475 0x1c65370 DEBUG   structure gststructure.c:2258:gst_structure_parse_field: trying field name 'author'
0:00:00.015043555  2476 0x1d41320 LOG   GST_POLL gstpoll.c:994:gst_poll_fd_ctl_write: 0x1d499c0: pfd->events now 60 (POLLOUT:4)
0:00:00.019172969  2475 0x1c65370 DEBUG   default gstvalue.c:2776:_priv_gst_value_parse_value: trying type name 'string'
0:00:00.015049636  2476 0x1d41320 DEBUG   GST_POLL gstpoll.c:980:gst_poll_fd_ctl_write: 0x1d499c0: fd (fd:0, idx:1), active : 1
0:00:00.019179659  2475 0x1c65370 DEBUG   GST_REGISTRY gstregistrychunks.c:627:gst_registry_chunks_load_feature: Element factory : npadtemplates=2
0:00:00.015055557  2476 0x1d41320 LOG   GST_POLL gstpoll.c:994:gst_poll_fd_ctl_write: 0x1d499c0: pfd->events now 60 (POLLOUT:4)
0:00:00.019185499  2475 0x1c65370 DEBUG   GST_REGISTRY gstregistrychunks.c:527:gst_registry_chunks_load_pad_template: Reading/casting for GstRegistryChunkPadTemplate at address 0x1c82498
0:00:00.015061552  2476 0x1d41320 DEBUG   GST_POLL gstpoll.c:980:gst_poll_fd_ctl_write: 0x1d499c0: fd (fd:0, idx:1), active : 1
0:00:00.019195847  2475 0x1c65370 DEBUG   GST_REGISTRY gstregistrychunks.c:540:gst_registry_chunks_load_pad_template: Added pad_template src
0:00:00.015071338  2476 0x1d41320 LOG   GST_POLL gstpoll.c:994:gst_poll_fd_ctl_write: 0x1d499c0: pfd->events now 60 (POLLOUT:4)
0:00:00.019201736  2475 0x1c65370 DEBUG   GST_REGISTRY gstregistrychunks.c:527:gst_registry_chunks_load_pad_template: Reading/casting for GstRegistryChunkPadTemplate at address 0x1c824a8
0:00:00.015077505  2476 0x1d41320 DEBUG   GST_POLL gstpoll.c:980:gst_poll_fd_ctl_write: 0x1d499c0: fd (fd:0, idx:1), active : 1
0:00:00.019207653  2475 0x1c65370 DEBUG   GST_REGISTRY gstregistrychunks.c:540:gst_registry_chunks_load_pad_template: Added pad_template sink_%u
0:00:00.015083538  2476 0x1d41320 LOG   GST_POLL gstpoll.c:994:gst_poll_fd_ctl_write: 0x1d499c0: pfd->events now 60 (POLLOUT:4)
0:00:00.019215105  2475 0x1c65370 DEBUG   GST_REGISTRY gstregistry.c:590:gst_registry_add_feature: adding feature 0x1c86e50 (concat)
0:00:00.015089694  2476 0x1d41320 DEBUG   GST_POLL gstpoll.c:980:gst_poll_fd_ctl_write: 0x1d499c0: fd (fd:0, idx:1), active : 1
0:00:00.019221200  2475 0x1c65370 DEBUG   GST_REFCOUNTING gstobject.c:709:gst_object_set_parent: set parent (ref and sink)
0:00:00.015096597  2476 0x1d41320 LOG   GST_POLL gstpoll.c:994:gst_poll_fd_ctl_write: 0x1d499c0: pfd->events now 60 (POLLOUT:4)
0:00:00.019228761  2475 0x1c65370 TRACE   GST_REFCOUNTING gstobject.c:294:gst_object_ref_sink: 0x1c86e50 ref_sink 1->2
0:00:00.015103584  2476 0x1d41320 DEBUG   GST_POLL gstpoll.c:980:gst_poll_fd_ctl_write: 0x1d499c0: fd (fd:0, idx:1), active : 1
0:00:00.019235730  2475 0x1c65370 LOG   GST_REGISTRY gstregistry.c:608:gst_registry_add_feature: emitting feature-added for concat
0:00:00.015110767  2476 0x1d41320 LOG   GST_POLL gstpoll.c:994:gst_poll_fd_ctl_write: 0x1d499c0: pfd->events now 60 (POLLOUT:4)
0:00:00.019242455  2475 0x1c65370 DEBUG   GST_REGISTRY gstregistrychunks.c:742:gst_registry_chunks_load_feature: Added feature concat, plugin 0x1c80a20 coreelements
0:00:00.015117454  2476 0x1d41320 DEBUG   GST_POLL gstpoll.c:980:gst_poll_fd_ctl_write: 0x1d499c0: fd (fd:0, idx:1), active : 1
0:00:00.019249317  2475 0x1c65370 DEBUG   GST_REGISTRY gstregistrychunks.c:584:gst_registry_chunks_load_feature: Plugin 'coreelements' feature 'clocksync' typename : 'GstElementFactory'
0:00:00.015123998  2476 0x1d41320 LOG   GST_POLL gstpoll.c:994:gst_poll_fd_ctl_write: 0x1d499c0: pfd->events now 60 (POLLOUT:4)
0:00:00.019256459  2475 0x1c65370 TRACE   GST_REFCOUNTING gstobject.c:208:gst_object_init: 0x1c873a0 new
0:00:00.015131265  2476 0x1d41320 DEBUG   GST_POLL gstpoll.c:980:gst_poll_fd_ctl_write: 0x1d499c0: fd (fd:0, idx:1), active : 1
0:00:00.019263536  2475 0x1c65370 LOG   GST_REGISTRY gstregistrychunks.c:611:gst_registry_chunks_load_feature: Reading/casting for GstRegistryChunkElementFactory at address 0x1c824d8
0:00:00.015142817  2476 0x1d41320 LOG   GST_POLL gstpoll.c:994:gst_poll_fd_ctl_write: 0x1d499c0: pfd->events now 60 (POLLOUT:4)
0:00:00.019272299  2475 0x1c65370 TRACE   structure gststructure.c:292:gst_structure_new_id_empty_with_size: created structure 0x1c875e0
0:00:00.015149064  2476 0x1d41320 DEBUG   GST_POLL gstpoll.c:980:gst_poll_fd_ctl_write: 0x1d499c0: fd (fd:0, idx:1), active : 1
0:00:00.019279653  2475 0x1c65370 DEBUG   structure gststructure.c:2258:gst_structure_parse_field: trying field name 'long-name'
0:00:00.015154934  2476 0x1d41320 LOG   GST_POLL gstpoll.c:994:gst_poll_fd_ctl_write: 0x1d499c0: pfd->events now 60 (POLLOUT:4)
0:00:00.019286184  2475 0x1c65370 DEBUG   default gstvalue.c:2776:_priv_gst_value_parse_value: trying type name 'string'
0:00:00.015161936  2476 0x1d41320 DEBUG   GST_POLL gstpoll.c:980:gst_poll_fd_ctl_write: 0x1d499c0: fd (fd:0, idx:1), active : 1
0:00:00.019292366  2475 0x1c65370 DEBUG   structure gststructure.c:2258:gst_structure_parse_field: trying field name 'klass'
0:00:00.015167820  2476 0x1d41320 LOG   GST_POLL gstpoll.c:994:gst_poll_fd_ctl_write: 0x1d499c0: pfd->events now 60 (POLLOUT:4)
0:00:00.019297859  2475 0x1c65370 DEBUG   default gstvalue.c:2776:_priv_gst_value_parse_value: trying type name 'string'
0:00:00.015173781  2476 0x1d41320 DEBUG   GST_POLL gstpoll.c:980:gst_poll_fd_ctl_write: 0x1d499c0: fd (fd:0, idx:1), active : 1
0:00:00.019304483  2475 0x1c65370 DEBUG   structure gststructure.c:2258:gst_structure_parse_field: trying field name 'description'
0:00:00.015179997  2476 0x1d41320 LOG   GST_POLL gstpoll.c:994:gst_poll_fd_ctl_write: 0x1d499c0: pfd->events now 60 (POLLOUT:4)
0:00:00.019310379  2475 0x1c65370 DEBUG   default gstvalue.c:2776:_priv_gst_value_parse_value: trying type name 'string'
0:00:00.015186027  2476 0x1d41320 DEBUG   GST_POLL gstpoll.c:980:gst_poll_fd_ctl_write: 0x1d499c0: fd (fd:0, idx:1), active : 1
0:00:00.019316581  2475 0x1c65370 DEBUG   structure gststructure.c:2258:gst_structure_parse_field: trying field name 'author'
0:00:00.015191865  2476 0x1d41320 LOG   GST_POLL gstpoll.c:994:gst_poll_fd_ctl_write: 0x1d499c0: pfd->events now 60 (POLLOUT:4)
0:00:00.019323703  2475 0x1c65370 DEBUG   default gstvalue.c:2776:_priv_gst_value_parse_value: trying type name 'string'
0:00:00.015198928  2476 0x1d41320 DEBUG   GST_POLL gstpoll.c:980:gst_poll_fd_ctl_write: 0x1d499c0: fd (fd:0, idx:1), active : 1
0:00:00.019330761  2475 0x1c65370 DEBUG   GST_REGISTRY gstregistrychunks.c:627:gst_registry_chunks_load_feature: Element factory : npadtemplates=2
0:00:00.015205317  2476 0x1d41320 LOG   GST_POLL gstpoll.c:994:gst_poll_fd_ctl_write: 0x1d499c0: pfd->events now 60 (POLLOUT:4)
0:00:00.019336983  2475 0x1c65370 DEBUG   GST_REGISTRY gstregistrychunks.c:527:gst_registry_chunks_load_pad_template: Reading/casting for GstRegistryChunkPadTemplate at address 0x1c825a8
0:00:00.015212517  2476 0x1d41320 DEBUG   GST_POLL gstpoll.c:980:gst_poll_fd_ctl_write: 0x1d499c0: fd (fd:0, idx:1), active : 1
0:00:00.019349444  2475 0x1c65370 DEBUG   GST_REGISTRY gstregistrychunks.c:540:gst_registry_chunks_load_pad_template: Added pad_template sink
0:00:00.015224896  2476 0x1d41320 LOG   GST_POLL gstpoll.c:994:gst_poll_fd_ctl_write: 0x1d499c0: pfd->events now 60 (POLLOUT:4)
0:00:00.019355589  2475 0x1c65370 DEBUG   GST_REGISTRY gstregistrychunks.c:527:gst_registry_chunks_load_pad_template: Reading/casting for GstRegistryChunkPadTemplate at address 0x1c825c0
0:00:00.015231211  2476 0x1d41320 DEBUG   GST_POLL gstpoll.c:980:gst_poll_fd_ctl_write: 0x1d499c0: fd (fd:0, idx:1), active : 1
0:00:00.019361442  2475 0x1c65370 DEBUG   GST_REGISTRY gstregistrychunks.c:540:gst_registry_chunks_load_pad_template: Added pad_template src
0:00:00.015237108  2476 0x1d41320 LOG   GST_POLL gstpoll.c:994:gst_poll_fd_ctl_write: 0x1d499c0: pfd->events now 60 (POLLOUT:4)
0:00:00.019368794  2475 0x1c65370 DEBUG   GST_REGISTRY gstregistry.c:590:gst_registry_add_feature: adding feature 0x1c873a0 (clocksync)
0:00:00.015243275  2476 0x1d41320 DEBUG   GST_POLL gstpoll.c:980:gst_poll_fd_ctl_write: 0x1d499c0: fd (fd:0, idx:1), active : 1
0:00:00.019374769  2475 0x1c65370 DEBUG   GST_REFCOUNTING gstobject.c:709:gst_object_set_parent: set parent (ref and sink)
0:00:00.015250136  2476 0x1d41320 LOG   GST_POLL gstpoll.c:994:gst_poll_fd_ctl_write: 0x1d499c0: pfd->events now 60 (POLLOUT:4)
0:00:00.015257008  2476 0x1d41320 DEBUG   GST_POLL gstpoll.c:980:gst_poll_fd_ctl_write: 0x1d499c0: fd (fd:0, idx:1), active : 1
0:00:00.019383231  2475 0x1c65370 TRACE   GST_REFCOUNTING gstobject.c:294:gst_object_ref_sink: 0x1c873a0 ref_sink 1->2
0:00:00.015262422  2476 0x1d41320 LOG   GST_POLL gstpoll.c:994:gst_poll_fd_ctl_write: 0x1d499c0: pfd->events now 60 (POLLOUT:4)
0:00:00.019392233  2475 0x1c65370 LOG   GST_REGISTRY gstregistry.c:608:gst_registry_add_feature: emitting feature-added for clocksync
0:00:00.015268536  2476 0x1d41320 DEBUG   GST_POLL gstpoll.c:980:gst_poll_fd_ctl_write: 0x1d499c0: fd (fd:0, idx:1), active : 1
0:00:00.019398931  2475 0x1c65370 DEBUG   GST_REGISTRY gstregistrychunks.c:742:gst_registry_chunks_load_feature: Added feature clocksync, plugin 0x1c80a20 coreelements
0:00:00.015274340  2476 0x1d41320 LOG   GST_POLL gstpoll.c:994:gst_poll_fd_ctl_write: 0x1d499c0: pfd->events now 60 (POLLOUT:4)
0:00:00.019405695  2475 0x1c65370 DEBUG   GST_REGISTRY gstregistrychunks.c:584:gst_registry_chunks_load_feature: Plugin 'coreelements' feature 'capsfilter' typename : 'GstElementFactory'
0:00:00.015280371  2476 0x1d41320 DEBUG   GST_POLL gstpoll.c:980:gst_poll_fd_ctl_write: 0x1d499c0: fd (fd:0, idx:1), active : 1
0:00:00.019413188  2475 0x1c65370 TRACE   GST_REFCOUNTING gstobject.c:208:gst_object_init: 0x1c86a50 new
0:00:00.015287226  2476 0x1d41320 LOG   GST_POLL gstpoll.c:994:gst_poll_fd_ctl_write: 0x1d499c0: pfd->events now 60 (POLLOUT:4)
0:00:00.019420405  2475 0x1c65370 LOG   GST_REGISTRY gstregistrychunks.c:611:gst_registry_chunks_load_feature: Reading/casting for GstRegistryChunkElementFactory at address 0x1c825f0
0:00:00.015299380  2476 0x1d41320 DEBUG   GST_POLL gstpoll.c:980:gst_poll_fd_ctl_write: 0x1d499c0: fd (fd:0, idx:1), active : 1
0:00:00.019429125  2475 0x1c65370 TRACE   structure gststructure.c:292:gst_structure_new_id_empty_with_size: created structure 0x1c87910
0:00:00.015305215  2476 0x1d41320 LOG   GST_POLL gstpoll.c:994:gst_poll_fd_ctl_write: 0x1d499c0: pfd->events now 60 (POLLOUT:4)
0:00:00.019434973  2475 0x1c65370 DEBUG   structure gststructure.c:2258:gst_structure_parse_field: trying field name 'long-name'
0:00:00.015311128  2476 0x1d41320 DEBUG   GST_POLL gstpoll.c:980:gst_poll_fd_ctl_write: 0x1d499c0: fd (fd:0, idx:1), active : 1
0:00:00.019440730  2475 0x1c65370 DEBUG   default gstvalue.c:2776:_priv_gst_value_parse_value: trying type name 'string'
0:00:00.015317008  2476 0x1d41320 LOG   GST_POLL gstpoll.c:994:gst_poll_fd_ctl_write: 0x1d499c0: pfd->events now 60 (POLLOUT:4)
0:00:00.019446840  2475 0x1c65370 DEBUG   structure gststructure.c:2258:gst_structure_parse_field: trying field name 'klass'
0:00:00.015322934  2476 0x1d41320 DEBUG   GST_POLL gstpoll.c:980:gst_poll_fd_ctl_write: 0x1d499c0: fd (fd:0, idx:1), active : 1
0:00:00.019452391  2475 0x1c65370 DEBUG   default gstvalue.c:2776:_priv_gst_value_parse_value: trying type name 'string'
0:00:00.015328793  2476 0x1d41320 LOG   GST_POLL gstpoll.c:994:gst_poll_fd_ctl_write: 0x1d499c0: pfd->events now 60 (POLLOUT:4)
0:00:00.019458334  2475 0x1c65370 DEBUG   structure gststructure.c:2258:gst_structure_parse_field: trying field name 'description'
0:00:00.015334838  2476 0x1d41320 DEBUG   GST_POLL gstpoll.c:980:gst_poll_fd_ctl_write: 0x1d499c0: fd (fd:0, idx:1), active : 1
0:00:00.019463953  2475 0x1c65370 DEBUG   default gstvalue.c:2776:_priv_gst_value_parse_value: trying type name 'string'
0:00:00.015340789  2476 0x1d41320 LOG   GST_POLL gstpoll.c:994:gst_poll_fd_ctl_write: 0x1d499c0: pfd->events now 60 (POLLOUT:4)
0:00:00.019470757  2475 0x1c65370 DEBUG   structure gststructure.c:2258:gst_structure_parse_field: trying field name 'author'
0:00:00.015346730  2476 0x1d41320 DEBUG   GST_POLL gstpoll.c:980:gst_poll_fd_ctl_write: 0x1d499c0: fd (fd:0, idx:1), active : 1
0:00:00.019476778  2475 0x1c65370 DEBUG   default gstvalue.c:2776:_priv_gst_value_parse_value: trying type name 'string'
0:00:00.015352633  2476 0x1d41320 LOG   GST_POLL gstpoll.c:994:gst_poll_fd_ctl_write: 0x1d499c0: pfd->events now 60 (POLLOUT:4)
0:00:00.019483180  2475 0x1c65370 DEBUG   GST_REGISTRY gstregistrychunks.c:627:gst_registry_chunks_load_feature: Element factory : npadtemplates=2
0:00:00.015358580  2476 0x1d41320 DEBUG   GST_POLL gstpoll.c:980:gst_poll_fd_ctl_write: 0x1d499c0: fd (fd:0, idx:1), active : 1
0:00:00.019489025  2475 0x1c65370 DEBUG   GST_REGISTRY gstregistrychunks.c:527:gst_registry_chunks_load_pad_template: Reading/casting for GstRegistryChunkPadTemplate at address 0x1c826d0
0:00:00.015364425  2476 0x1d41320 LOG   GST_POLL gstpoll.c:994:gst_poll_fd_ctl_write: 0x1d499c0: pfd->events now 60 (POLLOUT:4)
0:00:00.019499143  2475 0x1c65370 DEBUG   GST_REGISTRY gstregistrychunks.c:540:gst_registry_chunks_load_pad_template: Added pad_template sink
0:00:00.015374974  2476 0x1d41320 DEBUG   GST_POLL gstpoll.c:980:gst_poll_fd_ctl_write: 0x1d499c0: fd (fd:0, idx:1), active : 1
0:00:00.019505003  2475 0x1c65370 DEBUG   GST_REGISTRY gstregistrychunks.c:527:gst_registry_chunks_load_pad_template: Reading/casting for GstRegistryChunkPadTemplate at address 0x1c826e8
0:00:00.015380940  2476 0x1d41320 LOG   GST_POLL gstpoll.c:994:gst_poll_fd_ctl_write: 0x1d499c0: pfd->events now 60 (POLLOUT:4)
0:00:00.019510965  2475 0x1c65370 DEBUG   GST_REGISTRY gstregistrychunks.c:540:gst_registry_chunks_load_pad_template: Added pad_template src
0:00:00.015387181  2476 0x1d41320 DEBUG   GST_POLL gstpoll.c:980:gst_poll_fd_ctl_write: 0x1d499c0: fd (fd:0, idx:1), active : 1
0:00:00.019518192  2475 0x1c65370 DEBUG   GST_REGISTRY gstregistry.c:590:gst_registry_add_feature: adding feature 0x1c86a50 (capsfilter)
0:00:00.015393104  2476 0x1d41320 LOG   GST_POLL gstpoll.c:994:gst_poll_fd_ctl_write: 0x1d499c0: pfd->events now 60 (POLLOUT:4)
0:00:00.019524211  2475 0x1c65370 DEBUG   GST_REFCOUNTING gstobject.c:709:gst_object_set_parent: set parent (ref and sink)
0:00:00.015399955  2476 0x1d41320 DEBUG   GST_POLL gstpoll.c:980:gst_poll_fd_ctl_write: 0x1d499c0: fd (fd:0, idx:1), active : 1
0:00:00.019531763  2475 0x1c65370 TRACE   GST_REFCOUNTING gstobject.c:294:gst_object_ref_sink: 0x1c86a50 ref_sink 1->2
0:00:00.015406342  2476 0x1d41320 LOG   GST_POLL gstpoll.c:994:gst_poll_fd_ctl_write: 0x1d499c0: pfd->events now 60 (POLLOUT:4)
0:00:00.019539000  2475 0x1c65370 LOG   GST_REGISTRY gstregistry.c:608:gst_registry_add_feature: emitting feature-added for capsfilter
0:00:00.015413935  2476 0x1d41320 DEBUG   GST_POLL gstpoll.c:980:gst_poll_fd_ctl_write: 0x1d499c0: fd (fd:0, idx:1), active : 1
0:00:00.019555511  2475 0x1c65370 DEBUG   GST_REGISTRY gstregistrychunks.c:742:gst_registry_chunks_load_feature: Added feature capsfilter, plugin 0x1c80a20 coreelements
0:00:00.015435637  2476 0x1d41320 LOG   GST_POLL gstpoll.c:994:gst_poll_fd_ctl_write: 0x1d499c0: pfd->events now 60 (POLLOUT:4)
0:00:00.019565520  2475 0x1c65370 LOG   GST_PLUGIN_LOADING gstpluginloader.c:888:handle_rx_packet: marking plugin 0x1c80a20 as registered as /home/conan/w/prod/BuildSingleReference/.conan/data/gstreamer/1.19.2/_/_/package/1f5f5d419fdfb792f06015b5de5ddcf61311d6c8/lib/gstreamer-1.0/libgstcoreelements.so
0:00:00.015447622  2476 0x1d41320 DEBUG   GST_POLL gstpoll.c:980:gst_poll_fd_ctl_write: 0x1d499c0: fd (fd:0, idx:1), active : 1
0:00:00.019576490  2475 0x1c65370 DEBUG   GST_POLL gstpoll.c:1414:gst_poll_wait: 0x1c7ed60: timeout :0:00:01.000000000
0:00:00.015456627  2476 0x1d41320 LOG   GST_POLL gstpoll.c:994:gst_poll_fd_ctl_write: 0x1d499c0: pfd->events now 60 (POLLOUT:4)
0:00:00.015467921  2476 0x1d41320 DEBUG   GST_POLL gstpoll.c:980:gst_poll_fd_ctl_write: 0x1d499c0: fd (fd:0, idx:1), active : 1
0:00:00.015473784  2476 0x1d41320 LOG   GST_POLL gstpoll.c:994:gst_poll_fd_ctl_write: 0x1d499c0: pfd->events now 60 (POLLOUT:4)
0:00:00.015479460  2476 0x1d41320 DEBUG   GST_POLL gstpoll.c:980:gst_poll_fd_ctl_write: 0x1d499c0: fd (fd:0, idx:1), active : 1
0:00:00.015484903  2476 0x1d41320 LOG   GST_POLL gstpoll.c:994:gst_poll_fd_ctl_write: 0x1d499c0: pfd->events now 60 (POLLOUT:4)
0:00:00.015490786  2476 0x1d41320 DEBUG   GST_POLL gstpoll.c:980:gst_poll_fd_ctl_write: 0x1d499c0: fd (fd:0, idx:1), active : 1
0:00:00.015496127  2476 0x1d41320 LOG   GST_POLL gstpoll.c:994:gst_poll_fd_ctl_write: 0x1d499c0: pfd->events now 60 (POLLOUT:4)
0:00:00.015501675  2476 0x1d41320 DEBUG   GST_POLL gstpoll.c:980:gst_poll_fd_ctl_write: 0x1d499c0: fd (fd:0, idx:1), active : 1
0:00:00.015507071  2476 0x1d41320 LOG   GST_POLL gstpoll.c:994:gst_poll_fd_ctl_write: 0x1d499c0: pfd->events now 60 (POLLOUT:4)
0:00:00.015512644  2476 0x1d41320 DEBUG   GST_POLL gstpoll.c:980:gst_poll_fd_ctl_write: 0x1d499c0: fd (fd:0, idx:1), active : 1
0:00:00.015518022  2476 0x1d41320 LOG   GST_POLL gstpoll.c:994:gst_poll_fd_ctl_write: 0x1d499c0: pfd->events now 60 (POLLOUT:4)
0:00:00.015523673  2476 0x1d41320 DEBUG   GST_POLL gstpoll.c:980:gst_poll_fd_ctl_write: 0x1d499c0: fd (fd:0, idx:1), active : 1
0:00:00.015529073  2476 0x1d41320 LOG   GST_POLL gstpoll.c:994:gst_poll_fd_ctl_write: 0x1d499c0: pfd->events now 60 (POLLOUT:4)
0:00:00.015534757  2476 0x1d41320 DEBUG   GST_POLL gstpoll.c:980:gst_poll_fd_ctl_write: 0x1d499c0: fd (fd:0, idx:1), active : 1
0:00:00.015540147  2476 0x1d41320 LOG   GST_POLL gstpoll.c:994:gst_poll_fd_ctl_write: 0x1d499c0: pfd->events now 60 (POLLOUT:4)
0:00:00.015551246  2476 0x1d41320 DEBUG   GST_POLL gstpoll.c:980:gst_poll_fd_ctl_write: 0x1d499c0: fd (fd:0, idx:1), active : 1
0:00:00.015556694  2476 0x1d41320 LOG   GST_POLL gstpoll.c:994:gst_poll_fd_ctl_write: 0x1d499c0: pfd->events now 60 (POLLOUT:4)
0:00:00.015562360  2476 0x1d41320 DEBUG   GST_POLL gstpoll.c:980:gst_poll_fd_ctl_write: 0x1d499c0: fd (fd:0, idx:1), active : 1
0:00:00.015567743  2476 0x1d41320 LOG   GST_POLL gstpoll.c:994:gst_poll_fd_ctl_write: 0x1d499c0: pfd->events now 60 (POLLOUT:4)
0:00:00.015573303  2476 0x1d41320 DEBUG   GST_POLL gstpoll.c:980:gst_poll_fd_ctl_write: 0x1d499c0: fd (fd:0, idx:1), active : 1
0:00:00.015578780  2476 0x1d41320 LOG   GST_POLL gstpoll.c:994:gst_poll_fd_ctl_write: 0x1d499c0: pfd->events now 60 (POLLOUT:4)
0:00:00.015584351  2476 0x1d41320 DEBUG   GST_POLL gstpoll.c:980:gst_poll_fd_ctl_write: 0x1d499c0: fd (fd:0, idx:1), active : 1
0:00:00.015589700  2476 0x1d41320 LOG   GST_POLL gstpoll.c:994:gst_poll_fd_ctl_write: 0x1d499c0: pfd->events now 60 (POLLOUT:4)
0:00:00.015595286  2476 0x1d41320 DEBUG   GST_POLL gstpoll.c:980:gst_poll_fd_ctl_write: 0x1d499c0: fd (fd:0, idx:1), active : 1
0:00:00.015604760  2476 0x1d41320 LOG   GST_POLL gstpoll.c:994:gst_poll_fd_ctl_write: 0x1d499c0: pfd->events now 60 (POLLOUT:4)
0:00:00.015610808  2476 0x1d41320 DEBUG   GST_POLL gstpoll.c:980:gst_poll_fd_ctl_write: 0x1d499c0: fd (fd:0, idx:1), active : 1
0:00:00.015616254  2476 0x1d41320 LOG   GST_POLL gstpoll.c:994:gst_poll_fd_ctl_write: 0x1d499c0: pfd->events now 60 (POLLOUT:4)
0:00:00.015626291  2476 0x1d41320 TRACE   GST_REFCOUNTING gstobject.c:265:gst_object_unref: 0x1d5d7c0 unref 2->1
0:00:00.015633143  2476 0x1d41320 DEBUG   GST_POLL gstpoll.c:1241:gst_poll_fd_has_error: 0x1d499c0: fd (fd:0, idx:1) 0
0:00:00.015638924  2476 0x1d41320 DEBUG   GST_POLL gstpoll.c:1335:gst_poll_fd_can_write: 0x1d499c0: fd (fd:0, idx:1) 1
0:00:00.015644469  2476 0x1d41320 LOG   GST_PLUGIN_LOADING gstpluginloader.c:689:write_one: Writing packet of size 528 bytes to fd 0
0:00:00.015660589  2476 0x1d41320 DEBUG   GST_POLL gstpoll.c:1414:gst_poll_wait: 0x1d499c0: timeout :0:00:01.000000000
0:00:00.015669654  2476 0x1d41320 LOG   GST_PLUGIN_LOADING gstpluginloader.c:1027:exchange_packets: Poll res = 2. 6872 bytes pending for write
0:00:00.015676030  2476 0x1d41320 DEBUG   GST_POLL gstpoll.c:1241:gst_poll_fd_has_error: 0x1d499c0: fd (fd:5, idx:2) 0
0:00:00.015681631  2476 0x1d41320 DEBUG   GST_POLL gstpoll.c:1266:gst_poll_fd_can_read_unlocked: 0x1d499c0: fd (fd:5, idx:2) 1
0:00:00.019807794  2475 0x1c65370 LOG   GST_PLUGIN_LOADING gstpluginloader.c:1027:exchange_packets: Poll res = 1. 0 bytes pending for write
0:00:00.015689369  2476 0x1d41320 LOG   GST_PLUGIN_LOADING gstpluginloader.c:1005:read_one: No payload to read for 0 length packet type 1 tag 0
0:00:00.019818614  2475 0x1c65370 DEBUG   GST_POLL gstpoll.c:1241:gst_poll_fd_has_error: 0x1c7ed60: fd (fd:8, idx:2) 0
0:00:00.015696037  2476 0x1d41320 DEBUG   GST_POLL gstpoll.c:1015:gst_poll_fd_ctl_read_unlocked: 0x1d499c0: fd (fd:5, idx:2), active : 0
0:00:00.019825663  2475 0x1c65370 DEBUG   GST_POLL gstpoll.c:1266:gst_poll_fd_can_read_unlocked: 0x1c7ed60: fd (fd:8, idx:2) 1
0:00:00.015702522  2476 0x1d41320 DEBUG   GST_POLL gstpoll.c:980:gst_poll_fd_ctl_write: 0x1d499c0: fd (fd:0, idx:1), active : 1
0:00:00.015708550  2476 0x1d41320 LOG   GST_POLL gstpoll.c:994:gst_poll_fd_ctl_write: 0x1d499c0: pfd->events now 60 (POLLOUT:4)
0:00:00.019835924  2475 0x1c65370 DEBUG   GST_PLUGIN_LOADING gstpluginloader.c:849:handle_rx_packet: Received plugin details from child w/ tag 2. 516 bytes info
0:00:00.015714304  2476 0x1d41320 DEBUG   GST_POLL gstpoll.c:1241:gst_poll_fd_has_error: 0x1d499c0: fd (fd:0, idx:1) 0
0:00:00.019843466  2475 0x1c65370 LOG   GST_REGISTRY gstregistrychunks.c:838:_priv_gst_registry_chunks_load_plugin: Reading/casting for GstRegistryChunkPluginElement at address 0x1c80c30
0:00:00.015720298  2476 0x1d41320 DEBUG   GST_POLL gstpoll.c:1335:gst_poll_fd_can_write: 0x1d499c0: fd (fd:0, idx:1) 1
0:00:00.019850691  2475 0x1c65370 TRACE   GST_REFCOUNTING gstobject.c:208:gst_object_init: 0x1c87cd0 new
0:00:00.015726058  2476 0x1d41320 LOG   GST_PLUGIN_LOADING gstpluginloader.c:689:write_one: Writing packet of size 6872 bytes to fd 0
0:00:00.019865755  2475 0x1c65370 LOG   GST_REGISTRY gstregistrychunks.c:859:_priv_gst_registry_chunks_load_plugin: read strings for name='coretracers'
0:00:00.015741133  2476 0x1d41320 DEBUG   GST_POLL gstpoll.c:1414:gst_poll_wait: 0x1d499c0: timeout :0:00:01.000000000
0:00:00.019872445  2475 0x1c65370 LOG   GST_REGISTRY gstregistrychunks.c:860:_priv_gst_registry_chunks_load_plugin: desc.description='GStreamer core tracers'
0:00:00.015749240  2476 0x1d41320 LOG   GST_PLUGIN_LOADING gstpluginloader.c:1027:exchange_packets: Poll res = 1. 12 bytes pending for write
0:00:00.019879081  2475 0x1c65370 LOG   GST_REGISTRY gstregistrychunks.c:861:_priv_gst_registry_chunks_load_plugin: filename='/home/conan/w/prod/BuildSingleReference/.conan/data/gstreamer/1.19.2/_/_/package/1f5f5d419fdfb792f06015b5de5ddcf61311d6c8/lib/gstreamer-1.0/libgstcoretracers.so'
0:00:00.015755624  2476 0x1d41320 DEBUG   GST_POLL gstpoll.c:1241:gst_poll_fd_has_error: 0x1d499c0: fd (fd:0, idx:1) 0
0:00:00.019885519  2475 0x1c65370 LOG   GST_REGISTRY gstregistrychunks.c:862:_priv_gst_registry_chunks_load_plugin: desc.version='1.19.2'
0:00:00.015761627  2476 0x1d41320 DEBUG   GST_POLL gstpoll.c:1335:gst_poll_fd_can_write: 0x1d499c0: fd (fd:0, idx:1) 1
0:00:00.019891091  2475 0x1c65370 LOG   GST_REGISTRY gstregistrychunks.c:863:_priv_gst_registry_chunks_load_plugin: desc.license='LGPL'
0:00:00.015767310  2476 0x1d41320 LOG   GST_PLUGIN_LOADING gstpluginloader.c:689:write_one: Writing packet of size 12 bytes to fd 0
0:00:00.019896689  2475 0x1c65370 LOG   GST_REGISTRY gstregistrychunks.c:864:_priv_gst_registry_chunks_load_plugin: desc.source='gstreamer'
0:00:00.015774994  2476 0x1d41320 DEBUG   GST_POLL gstpoll.c:980:gst_poll_fd_ctl_write: 0x1d499c0: fd (fd:0, idx:1), active : 0
0:00:00.019902426  2475 0x1c65370 LOG   GST_REGISTRY gstregistrychunks.c:865:_priv_gst_registry_chunks_load_plugin: desc.package='GStreamer source release'
0:00:00.015781047  2476 0x1d41320 LOG   GST_POLL gstpoll.c:994:gst_poll_fd_ctl_write: 0x1d499c0: pfd->events now 56 (POLLOUT:4)
0:00:00.019909928  2475 0x1c65370 LOG   GST_REGISTRY gstregistrychunks.c:866:_priv_gst_registry_chunks_load_plugin: desc.origin='Unknown package origin'
0:00:00.019915912  2475 0x1c65370 LOG   GST_REGISTRY gstregistrychunks.c:867:_priv_gst_registry_chunks_load_plugin: desc.datetime=2021-09-23
0:00:00.015796703  2476 0x1d41320 DEBUG   GST_POLL gstpoll.c:772:gst_poll_free: 0x1d499c0: freeing
0:00:00.019924912  2475 0x1c65370 DEBUG   GST_REGISTRY gstregistry.c:449:gst_registry_add_plugin: Replacing existing plugin "/home/conan/w/prod/BuildSingleReference/.conan/data/gstreamer/1.19.2/_/_/package/1f5f5d419fdfb792f06015b5de5ddcf61311d6c8/lib/gstreamer-1.0/libgstcoretracers.so" 0x1c7edc0 with new plugin 0x1c87cd0 for filename "/home/conan/w/prod/BuildSingleReference/.conan/data/gstreamer/1.19.2/_/_/package/1f5f5d419fdfb792f06015b5de5ddcf61311d6c8/lib/gstreamer-1.0/libgstcoretracers.so"
0:00:00.019942297  2475 0x1c65370 TRACE   GST_REFCOUNTING gstobject.c:265:gst_object_unref: 0x1c7edc0 unref 1->0
0:00:00.019949776  2475 0x1c65370 TRACE   GST_REFCOUNTING gstobject.c:381:gst_object_dispose: 0x1c7edc0 dispose
0:00:00.019958396  2475 0x1c65370 DEBUG   GST_PLUGIN_LOADING gstplugin.c:132:gst_plugin_finalize: finalizing plugin
0:00:00.019967057  2475 0x1c65370 TRACE   GST_REFCOUNTING gstobject.c:423:gst_object_finalize: 0x1c7edc0 finalize
0:00:00.019979045  2475 0x1c65370 DEBUG   GST_REGISTRY gstregistry.c:474:gst_registry_add_plugin: adding plugin 0x1c87cd0 for filename "/home/conan/w/prod/BuildSingleReference/.conan/data/gstreamer/1.19.2/_/_/package/1f5f5d419fdfb792f06015b5de5ddcf61311d6c8/lib/gstreamer-1.0/libgstcoretracers.so"
0:00:00.019986484  2475 0x1c65370 TRACE   GST_REFCOUNTING gstobject.c:294:gst_object_ref_sink: 0x1c87cd0 ref_sink 1->2
0:00:00.019993649  2475 0x1c65370 LOG   GST_REGISTRY gstregistry.c:487:gst_registry_add_plugin: emitting plugin-added for filename "/home/conan/w/prod/BuildSingleReference/.conan/data/gstreamer/1.19.2/_/_/package/1f5f5d419fdfb792f06015b5de5ddcf61311d6c8/lib/gstreamer-1.0/libgstcoretracers.so"
0:00:00.020000521  2475 0x1c65370 DEBUG   GST_REGISTRY gstregistrychunks.c:888:_priv_gst_registry_chunks_load_plugin: Added plugin 'coretracers' plugin with 6 features from binary registry
0:00:00.020007411  2475 0x1c65370 DEBUG   GST_REGISTRY gstregistrychunks.c:584:gst_registry_chunks_load_feature: Plugin 'coretracers' feature 'factories' typename : 'GstTracerFactory'
0:00:00.020014651  2475 0x1c65370 TRACE   GST_REFCOUNTING gstobject.c:208:gst_object_init: 0x1c872b0 new
0:00:00.020022065  2475 0x1c65370 DEBUG   GST_REGISTRY gstregistrychunks.c:719:gst_registry_chunks_load_feature: Reading/casting for GstRegistryChunkPluginFeature at address 0x1c80d80
0:00:00.020029117  2475 0x1c65370 DEBUG   GST_REGISTRY gstregistry.c:581:gst_registry_add_feature: replacing existing feature 0x1c7f400 (factories)
0:00:00.020035850  2475 0x1c65370 DEBUG   GST_REGISTRY gstregistry.c:590:gst_registry_add_feature: adding feature 0x1c872b0 (factories)
0:00:00.020041385  2475 0x1c65370 TRACE   GST_REFCOUNTING gstobject.c:788:gst_object_unparent: unparent
0:00:00.020048197  2475 0x1c65370 TRACE   GST_REFCOUNTING gstobject.c:265:gst_object_unref: 0x1c7f400 unref 1->0
0:00:00.020054301  2475 0x1c65370 TRACE   GST_REFCOUNTING gstobject.c:381:gst_object_dispose: 0x1c7f400 dispose
0:00:00.020061265  2475 0x1c65370 DEBUG   GST_PLUGIN_LOADING gstpluginfeature.c:67:gst_plugin_feature_finalize: finalizing feature 0x1c7f400: 'factories'
0:00:00.020067670  2475 0x1c65370 TRACE   GST_REFCOUNTING gstobject.c:423:gst_object_finalize: 0x1c7f400 finalize
0:00:00.020073634  2475 0x1c65370 DEBUG   GST_REFCOUNTING gstobject.c:709:gst_object_set_parent: set parent (ref and sink)
0:00:00.020080445  2475 0x1c65370 TRACE   GST_REFCOUNTING gstobject.c:294:gst_object_ref_sink: 0x1c872b0 ref_sink 1->2
0:00:00.020090929  2475 0x1c65370 LOG   GST_REGISTRY gstregistry.c:608:gst_registry_add_feature: emitting feature-added for factories
0:00:00.020104464  2475 0x1c65370 DEBUG   GST_REGISTRY gstregistrychunks.c:742:gst_registry_chunks_load_feature: Added feature factories, plugin 0x1c87cd0 coretracers
0:00:00.020111426  2475 0x1c65370 DEBUG   GST_REGISTRY gstregistrychunks.c:584:gst_registry_chunks_load_feature: Plugin 'coretracers' feature 'leaks' typename : 'GstTracerFactory'
0:00:00.020117993  2475 0x1c65370 TRACE   GST_REFCOUNTING gstobject.c:208:gst_object_init: 0x1c7f400 new
0:00:00.020124735  2475 0x1c65370 DEBUG   GST_REGISTRY gstregistrychunks.c:719:gst_registry_chunks_load_feature: Reading/casting for GstRegistryChunkPluginFeature at address 0x1c80da0
0:00:00.020131657  2475 0x1c65370 DEBUG   GST_REGISTRY gstregistry.c:581:gst_registry_add_feature: replacing existing feature 0x1c800d0 (leaks)
0:00:00.020137947  2475 0x1c65370 DEBUG   GST_REGISTRY gstregistry.c:590:gst_registry_add_feature: adding feature 0x1c7f400 (leaks)
0:00:00.020143352  2475 0x1c65370 TRACE   GST_REFCOUNTING gstobject.c:788:gst_object_unparent: unparent
0:00:00.020149838  2475 0x1c65370 TRACE   GST_REFCOUNTING gstobject.c:265:gst_object_unref: 0x1c800d0 unref 1->0
0:00:00.020155864  2475 0x1c65370 TRACE   GST_REFCOUNTING gstobject.c:381:gst_object_dispose: 0x1c800d0 dispose
0:00:00.020162141  2475 0x1c65370 DEBUG   GST_PLUGIN_LOADING gstpluginfeature.c:67:gst_plugin_feature_finalize: finalizing feature 0x1c800d0: 'leaks'
0:00:00.020168029  2475 0x1c65370 TRACE   GST_REFCOUNTING gstobject.c:423:gst_object_finalize: 0x1c800d0 finalize
0:00:00.020173872  2475 0x1c65370 DEBUG   GST_REFCOUNTING gstobject.c:709:gst_object_set_parent: set parent (ref and sink)
0:00:00.020180448  2475 0x1c65370 TRACE   GST_REFCOUNTING gstobject.c:294:gst_object_ref_sink: 0x1c7f400 ref_sink 1->2
0:00:00.020186495  2475 0x1c65370 LOG   GST_REGISTRY gstregistry.c:608:gst_registry_add_feature: emitting feature-added for leaks
0:00:00.020192492  2475 0x1c65370 DEBUG   GST_REGISTRY gstregistrychunks.c:742:gst_registry_chunks_load_feature: Added feature leaks, plugin 0x1c87cd0 coretracers
0:00:00.020198665  2475 0x1c65370 DEBUG   GST_REGISTRY gstregistrychunks.c:584:gst_registry_chunks_load_feature: Plugin 'coretracers' feature 'stats' typename : 'GstTracerFactory'
0:00:00.020205052  2475 0x1c65370 TRACE   GST_REFCOUNTING gstobject.c:208:gst_object_init: 0x1c800d0 new
0:00:00.020211386  2475 0x1c65370 DEBUG   GST_REGISTRY gstregistrychunks.c:719:gst_registry_chunks_load_feature: Reading/casting for GstRegistryChunkPluginFeature at address 0x1c80dc0
0:00:00.020218053  2475 0x1c65370 DEBUG   GST_REGISTRY gstregistry.c:581:gst_registry_add_feature: replacing existing feature 0x1c802d0 (stats)
0:00:00.020224481  2475 0x1c65370 DEBUG   GST_REGISTRY gstregistry.c:590:gst_registry_add_feature: adding feature 0x1c800d0 (stats)
0:00:00.020229655  2475 0x1c65370 TRACE   GST_REFCOUNTING gstobject.c:788:gst_object_unparent: unparent
0:00:00.020240155  2475 0x1c65370 TRACE   GST_REFCOUNTING gstobject.c:265:gst_object_unref: 0x1c802d0 unref 1->0
0:00:00.020246150  2475 0x1c65370 TRACE   GST_REFCOUNTING gstobject.c:381:gst_object_dispose: 0x1c802d0 dispose
0:00:00.020252542  2475 0x1c65370 DEBUG   GST_PLUGIN_LOADING gstpluginfeature.c:67:gst_plugin_feature_finalize: finalizing feature 0x1c802d0: 'stats'
0:00:00.020258386  2475 0x1c65370 TRACE   GST_REFCOUNTING gstobject.c:423:gst_object_finalize: 0x1c802d0 finalize
0:00:00.020263902  2475 0x1c65370 DEBUG   GST_REFCOUNTING gstobject.c:709:gst_object_set_parent: set parent (ref and sink)
0:00:00.020270412  2475 0x1c65370 TRACE   GST_REFCOUNTING gstobject.c:294:gst_object_ref_sink: 0x1c800d0 ref_sink 1->2
0:00:00.020276507  2475 0x1c65370 LOG   GST_REGISTRY gstregistry.c:608:gst_registry_add_feature: emitting feature-added for stats
0:00:00.020282367  2475 0x1c65370 DEBUG   GST_REGISTRY gstregistrychunks.c:742:gst_registry_chunks_load_feature: Added feature stats, plugin 0x1c87cd0 coretracers
0:00:00.020288471  2475 0x1c65370 DEBUG   GST_REGISTRY gstregistrychunks.c:584:gst_registry_chunks_load_feature: Plugin 'coretracers' feature 'rusage' typename : 'GstTracerFactory'
0:00:00.020294510  2475 0x1c65370 TRACE   GST_REFCOUNTING gstobject.c:208:gst_object_init: 0x1c802d0 new
0:00:00.020300995  2475 0x1c65370 DEBUG   GST_REGISTRY gstregistrychunks.c:719:gst_registry_chunks_load_feature: Reading/casting for GstRegistryChunkPluginFeature at address 0x1c80de0
0:00:00.020307651  2475 0x1c65370 DEBUG   GST_REGISTRY gstregistry.c:581:gst_registry_add_feature: replacing existing feature 0x1c804d0 (rusage)
0:00:00.020314190  2475 0x1c65370 DEBUG   GST_REGISTRY gstregistry.c:590:gst_registry_add_feature: adding feature 0x1c802d0 (rusage)
0:00:00.020319319  2475 0x1c65370 TRACE   GST_REFCOUNTING gstobject.c:788:gst_object_unparent: unparent
0:00:00.020325594  2475 0x1c65370 TRACE   GST_REFCOUNTING gstobject.c:265:gst_object_unref: 0x1c804d0 unref 1->0
0:00:00.020331531  2475 0x1c65370 TRACE   GST_REFCOUNTING gstobject.c:381:gst_object_dispose: 0x1c804d0 dispose
0:00:00.020337889  2475 0x1c65370 DEBUG   GST_PLUGIN_LOADING gstpluginfeature.c:67:gst_plugin_feature_finalize: finalizing feature 0x1c804d0: 'rusage'
0:00:00.020343694  2475 0x1c65370 TRACE   GST_REFCOUNTING gstobject.c:423:gst_object_finalize: 0x1c804d0 finalize
0:00:00.020349244  2475 0x1c65370 DEBUG   GST_REFCOUNTING gstobject.c:709:gst_object_set_parent: set parent (ref and sink)
0:00:00.020355690  2475 0x1c65370 TRACE   GST_REFCOUNTING gstobject.c:294:gst_object_ref_sink: 0x1c802d0 ref_sink 1->2
0:00:00.020361716  2475 0x1c65370 LOG   GST_REGISTRY gstregistry.c:608:gst_registry_add_feature: emitting feature-added for rusage
0:00:00.020367646  2475 0x1c65370 DEBUG   GST_REGISTRY gstregistrychunks.c:742:gst_registry_chunks_load_feature: Added feature rusage, plugin 0x1c87cd0 coretracers
0:00:00.020377572  2475 0x1c65370 DEBUG   GST_REGISTRY gstregistrychunks.c:584:gst_registry_chunks_load_feature: Plugin 'coretracers' feature 'log' typename : 'GstTracerFactory'
0:00:00.020383752  2475 0x1c65370 TRACE   GST_REFCOUNTING gstobject.c:208:gst_object_init: 0x1c804d0 new
0:00:00.020390131  2475 0x1c65370 DEBUG   GST_REGISTRY gstregistrychunks.c:719:gst_registry_chunks_load_feature: Reading/casting for GstRegistryChunkPluginFeature at address 0x1c80e00
0:00:00.020396805  2475 0x1c65370 DEBUG   GST_REGISTRY gstregistry.c:581:gst_registry_add_feature: replacing existing feature 0x1c806d0 (log)
0:00:00.020403310  2475 0x1c65370 DEBUG   GST_REGISTRY gstregistry.c:590:gst_registry_add_feature: adding feature 0x1c804d0 (log)
0:00:00.020408613  2475 0x1c65370 TRACE   GST_REFCOUNTING gstobject.c:788:gst_object_unparent: unparent
0:00:00.020415032  2475 0x1c65370 TRACE   GST_REFCOUNTING gstobject.c:265:gst_object_unref: 0x1c806d0 unref 1->0
0:00:00.020421248  2475 0x1c65370 TRACE   GST_REFCOUNTING gstobject.c:381:gst_object_dispose: 0x1c806d0 dispose
0:00:00.020427881  2475 0x1c65370 DEBUG   GST_PLUGIN_LOADING gstpluginfeature.c:67:gst_plugin_feature_finalize: finalizing feature 0x1c806d0: 'log'
0:00:00.020433678  2475 0x1c65370 TRACE   GST_REFCOUNTING gstobject.c:423:gst_object_finalize: 0x1c806d0 finalize
0:00:00.020439393  2475 0x1c65370 DEBUG   GST_REFCOUNTING gstobject.c:709:gst_object_set_parent: set parent (ref and sink)
0:00:00.020445943  2475 0x1c65370 TRACE   GST_REFCOUNTING gstobject.c:294:gst_object_ref_sink: 0x1c804d0 ref_sink 1->2
0:00:00.020451969  2475 0x1c65370 LOG   GST_REGISTRY gstregistry.c:608:gst_registry_add_feature: emitting feature-added for log
0:00:00.020458050  2475 0x1c65370 DEBUG   GST_REGISTRY gstregistrychunks.c:742:gst_registry_chunks_load_feature: Added feature log, plugin 0x1c87cd0 coretracers
0:00:00.020464295  2475 0x1c65370 DEBUG   GST_REGISTRY gstregistrychunks.c:584:gst_registry_chunks_load_feature: Plugin 'coretracers' feature 'latency' typename : 'GstTracerFactory'
0:00:00.020470429  2475 0x1c65370 TRACE   GST_REFCOUNTING gstobject.c:208:gst_object_init: 0x1c806d0 new
0:00:00.020476960  2475 0x1c65370 DEBUG   GST_REGISTRY gstregistrychunks.c:719:gst_registry_chunks_load_feature: Reading/casting for GstRegistryChunkPluginFeature at address 0x1c80e28
0:00:00.020483805  2475 0x1c65370 DEBUG   GST_REGISTRY gstregistry.c:581:gst_registry_add_feature: replacing existing feature 0x1c808d0 (latency)
0:00:00.020490275  2475 0x1c65370 DEBUG   GST_REGISTRY gstregistry.c:590:gst_registry_add_feature: adding feature 0x1c806d0 (latency)
0:00:00.020495401  2475 0x1c65370 TRACE   GST_REFCOUNTING gstobject.c:788:gst_object_unparent: unparent
0:00:00.020501812  2475 0x1c65370 TRACE   GST_REFCOUNTING gstobject.c:265:gst_object_unref: 0x1c808d0 unref 1->0
0:00:00.020507693  2475 0x1c65370 TRACE   GST_REFCOUNTING gstobject.c:381:gst_object_dispose: 0x1c808d0 dispose
0:00:00.020519932  2475 0x1c65370 DEBUG   GST_PLUGIN_LOADING gstpluginfeature.c:67:gst_plugin_feature_finalize: finalizing feature 0x1c808d0: 'latency'
0:00:00.020525914  2475 0x1c65370 TRACE   GST_REFCOUNTING gstobject.c:423:gst_object_finalize: 0x1c808d0 finalize
0:00:00.020531786  2475 0x1c65370 DEBUG   GST_REFCOUNTING gstobject.c:709:gst_object_set_parent: set parent (ref and sink)
0:00:00.020538458  2475 0x1c65370 TRACE   GST_REFCOUNTING gstobject.c:294:gst_object_ref_sink: 0x1c806d0 ref_sink 1->2
0:00:00.020556976  2475 0x1c65370 LOG   GST_REGISTRY gstregistry.c:608:gst_registry_add_feature: emitting feature-added for latency
0:00:00.020563344  2475 0x1c65370 DEBUG   GST_REGISTRY gstregistrychunks.c:742:gst_registry_chunks_load_feature: Added feature latency, plugin 0x1c87cd0 coretracers
0:00:00.020571943  2475 0x1c65370 LOG   GST_PLUGIN_LOADING gstpluginloader.c:888:handle_rx_packet: marking plugin 0x1c87cd0 as registered as /home/conan/w/prod/BuildSingleReference/.conan/data/gstreamer/1.19.2/_/_/package/1f5f5d419fdfb792f06015b5de5ddcf61311d6c8/lib/gstreamer-1.0/libgstcoretracers.so
0:00:00.020580421  2475 0x1c65370 DEBUG   GST_POLL gstpoll.c:1414:gst_poll_wait: 0x1c7ed60: timeout :0:00:01.000000000
0:00:00.020589045  2475 0x1c65370 LOG   GST_PLUGIN_LOADING gstpluginloader.c:1027:exchange_packets: Poll res = 2. 0 bytes pending for write
0:00:00.020595508  2475 0x1c65370 DEBUG   GST_POLL gstpoll.c:1241:gst_poll_fd_has_error: 0x1c7ed60: fd (fd:8, idx:2) 0
0:00:00.020601328  2475 0x1c65370 DEBUG   GST_POLL gstpoll.c:1266:gst_poll_fd_can_read_unlocked: 0x1c7ed60: fd (fd:8, idx:2) 1
0:00:00.020610908  2475 0x1c65370 DEBUG   GST_PLUGIN_LOADING gstpluginloader.c:849:handle_rx_packet: Received plugin details from child w/ tag 3. 6860 bytes info
0:00:00.020616723  2475 0x1c65370 LOG   GST_REGISTRY gstregistrychunks.c:838:_priv_gst_registry_chunks_load_plugin: Reading/casting for GstRegistryChunkPluginElement at address 0x1c80c30
0:00:00.020622977  2475 0x1c65370 TRACE   GST_REFCOUNTING gstobject.c:208:gst_object_init: 0x1c7edc0 new
0:00:00.020631499  2475 0x1c65370 LOG   GST_REGISTRY gstregistrychunks.c:859:_priv_gst_registry_chunks_load_plugin: read strings for name='coreelements'
0:00:00.020637136  2475 0x1c65370 LOG   GST_REGISTRY gstregistrychunks.c:860:_priv_gst_registry_chunks_load_plugin: desc.description='GStreamer core elements'
0:00:00.020643355  2475 0x1c65370 LOG   GST_REGISTRY gstregistrychunks.c:861:_priv_gst_registry_chunks_load_plugin: filename='/home/conan/w/prod/BuildSingleReference/.conan/data/gstreamer/1.19.2/_/_/package/1f5f5d419fdfb792f06015b5de5ddcf61311d6c8/lib/gstreamer-1.0/libgstcoreelements.so'
0:00:00.020649095  2475 0x1c65370 LOG   GST_REGISTRY gstregistrychunks.c:862:_priv_gst_registry_chunks_load_plugin: desc.version='1.19.2'
0:00:00.020654119  2475 0x1c65370 LOG   GST_REGISTRY gstregistrychunks.c:863:_priv_gst_registry_chunks_load_plugin: desc.license='LGPL'
0:00:00.020659028  2475 0x1c65370 LOG   GST_REGISTRY gstregistrychunks.c:864:_priv_gst_registry_chunks_load_plugin: desc.source='gstreamer'
0:00:00.020668141  2475 0x1c65370 LOG   GST_REGISTRY gstregistrychunks.c:865:_priv_gst_registry_chunks_load_plugin: desc.package='GStreamer source release'
0:00:00.020673705  2475 0x1c65370 LOG   GST_REGISTRY gstregistrychunks.c:866:_priv_gst_registry_chunks_load_plugin: desc.origin='Unknown package origin'
0:00:00.020678859  2475 0x1c65370 LOG   GST_REGISTRY gstregistrychunks.c:867:_priv_gst_registry_chunks_load_plugin: desc.datetime=2021-09-23
0:00:00.020686961  2475 0x1c65370 DEBUG   GST_REGISTRY gstregistry.c:449:gst_registry_add_plugin: Replacing existing plugin "/home/conan/w/prod/BuildSingleReference/.conan/data/gstreamer/1.19.2/_/_/package/1f5f5d419fdfb792f06015b5de5ddcf61311d6c8/lib/gstreamer-1.0/libgstcoreelements.so" 0x1c80a20 with new plugin 0x1c7edc0 for filename "/home/conan/w/prod/BuildSingleReference/.conan/data/gstreamer/1.19.2/_/_/package/1f5f5d419fdfb792f06015b5de5ddcf61311d6c8/lib/gstreamer-1.0/libgstcoreelements.so"
0:00:00.020694925  2475 0x1c65370 TRACE   GST_REFCOUNTING gstobject.c:265:gst_object_unref: 0x1c80a20 unref 1->0
0:00:00.020701241  2475 0x1c65370 TRACE   GST_REFCOUNTING gstobject.c:381:gst_object_dispose: 0x1c80a20 dispose
0:00:00.020708035  2475 0x1c65370 DEBUG   GST_PLUGIN_LOADING gstplugin.c:132:gst_plugin_finalize: finalizing plugin
0:00:00.020713826  2475 0x1c65370 TRACE   GST_REFCOUNTING gstobject.c:423:gst_object_finalize: 0x1c80a20 finalize
0:00:00.020721804  2475 0x1c65370 DEBUG   GST_REGISTRY gstregistry.c:474:gst_registry_add_plugin: adding plugin 0x1c7edc0 for filename "/home/conan/w/prod/BuildSingleReference/.conan/data/gstreamer/1.19.2/_/_/package/1f5f5d419fdfb792f06015b5de5ddcf61311d6c8/lib/gstreamer-1.0/libgstcoreelements.so"
0:00:00.020728965  2475 0x1c65370 TRACE   GST_REFCOUNTING gstobject.c:294:gst_object_ref_sink: 0x1c7edc0 ref_sink 1->2
0:00:00.020735654  2475 0x1c65370 LOG   GST_REGISTRY gstregistry.c:487:gst_registry_add_plugin: emitting plugin-added for filename "/home/conan/w/prod/BuildSingleReference/.conan/data/gstreamer/1.19.2/_/_/package/1f5f5d419fdfb792f06015b5de5ddcf61311d6c8/lib/gstreamer-1.0/libgstcoreelements.so"
0:00:00.020742276  2475 0x1c65370 DEBUG   GST_REGISTRY gstregistrychunks.c:888:_priv_gst_registry_chunks_load_plugin: Added plugin 'coreelements' plugin with 22 features from binary registry
0:00:00.020748756  2475 0x1c65370 DEBUG   GST_REGISTRY gstregistrychunks.c:584:gst_registry_chunks_load_feature: Plugin 'coreelements' feature 'streamiddemux' typename : 'GstElementFactory'
0:00:00.020755127  2475 0x1c65370 TRACE   GST_REFCOUNTING gstobject.c:208:gst_object_init: 0x1c877c0 new
0:00:00.020762099  2475 0x1c65370 LOG   GST_REGISTRY gstregistrychunks.c:611:gst_registry_chunks_load_feature: Reading/casting for GstRegistryChunkElementFactory at address 0x1c80d88
0:00:00.020768586  2475 0x1c65370 TRACE   structure gststructure.c:292:gst_structure_new_id_empty_with_size: created structure 0x1c87e00
0:00:00.020774278  2475 0x1c65370 DEBUG   structure gststructure.c:2258:gst_structure_parse_field: trying field name 'long-name'
0:00:00.020779942  2475 0x1c65370 DEBUG   default gstvalue.c:2776:_priv_gst_value_parse_value: trying type name 'string'
0:00:00.020791212  2475 0x1c65370 DEBUG   structure gststructure.c:2258:gst_structure_parse_field: trying field name 'klass'
0:00:00.020796621  2475 0x1c65370 DEBUG   default gstvalue.c:2776:_priv_gst_value_parse_value: trying type name 'string'
0:00:00.020802418  2475 0x1c65370 DEBUG   structure gststructure.c:2258:gst_structure_parse_field: trying field name 'description'
0:00:00.020807488  2475 0x1c65370 DEBUG   default gstvalue.c:2776:_priv_gst_value_parse_value: trying type name 'string'
0:00:00.020813322  2475 0x1c65370 DEBUG   structure gststructure.c:2258:gst_structure_parse_field: trying field name 'author'
0:00:00.020818398  2475 0x1c65370 DEBUG   default gstvalue.c:2776:_priv_gst_value_parse_value: trying type name 'string'
0:00:00.020824336  2475 0x1c65370 DEBUG   GST_REGISTRY gstregistrychunks.c:627:gst_registry_chunks_load_feature: Element factory : npadtemplates=2
0:00:00.020829605  2475 0x1c65370 DEBUG   GST_REGISTRY gstregistrychunks.c:527:gst_registry_chunks_load_pad_template: Reading/casting for GstRegistryChunkPadTemplate at address 0x1c80e60
0:00:00.020835085  2475 0x1c65370 DEBUG   GST_REGISTRY gstregistrychunks.c:540:gst_registry_chunks_load_pad_template: Added pad_template src_%u
0:00:00.020840051  2475 0x1c65370 DEBUG   GST_REGISTRY gstregistrychunks.c:527:gst_registry_chunks_load_pad_template: Reading/casting for GstRegistryChunkPadTemplate at address 0x1c80e78
0:00:00.020845273  2475 0x1c65370 DEBUG   GST_REGISTRY gstregistrychunks.c:540:gst_registry_chunks_load_pad_template: Added pad_template sink
0:00:00.020851962  2475 0x1c65370 DEBUG   GST_REGISTRY gstregistry.c:581:gst_registry_add_feature: replacing existing feature 0x1c7f4c0 (streamiddemux)
0:00:00.020858479  2475 0x1c65370 DEBUG   GST_REGISTRY gstregistry.c:590:gst_registry_add_feature: adding feature 0x1c877c0 (streamiddemux)
0:00:00.020863916  2475 0x1c65370 TRACE   GST_REFCOUNTING gstobject.c:788:gst_object_unparent: unparent
0:00:00.020870616  2475 0x1c65370 TRACE   GST_REFCOUNTING gstobject.c:265:gst_object_unref: 0x1c7f4c0 unref 1->0
0:00:00.020876732  2475 0x1c65370 TRACE   GST_REFCOUNTING gstobject.c:381:gst_object_dispose: 0x1c7f4c0 dispose
0:00:00.020883181  2475 0x1c65370 TRACE   structure gststructure.c:547:gst_structure_free: free structure 0x1c7fcf0
0:00:00.020890478  2475 0x1c65370 TRACE   GST_REFCOUNTING gstminiobject.c:736:gst_mini_object_replace: replace (nil) (0) with (nil) (0)
0:00:00.020897142  2475 0x1c65370 TRACE   GST_REFCOUNTING gstminiobject.c:736:gst_mini_object_replace: replace (nil) (0) with (nil) (0)
0:00:00.020903541  2475 0x1c65370 DEBUG   GST_PLUGIN_LOADING gstpluginfeature.c:67:gst_plugin_feature_finalize: finalizing feature 0x1c7f4c0: 'streamiddemux'
0:00:00.020909540  2475 0x1c65370 TRACE   GST_REFCOUNTING gstobject.c:423:gst_object_finalize: 0x1c7f4c0 finalize
0:00:00.020915344  2475 0x1c65370 DEBUG   GST_REFCOUNTING gstobject.c:709:gst_object_set_parent: set parent (ref and sink)
0:00:00.020925848  2475 0x1c65370 TRACE   GST_REFCOUNTING gstobject.c:294:gst_object_ref_sink: 0x1c877c0 ref_sink 1->2
0:00:00.020932085  2475 0x1c65370 LOG   GST_REGISTRY gstregistry.c:608:gst_registry_add_feature: emitting feature-added for streamiddemux
0:00:00.020938467  2475 0x1c65370 DEBUG   GST_REGISTRY gstregistrychunks.c:742:gst_registry_chunks_load_feature: Added feature streamiddemux, plugin 0x1c7edc0 coreelements
0:00:00.020944971  2475 0x1c65370 DEBUG   GST_REGISTRY gstregistrychunks.c:584:gst_registry_chunks_load_feature: Plugin 'coreelements' feature 'valve' typename : 'GstElementFactory'
0:00:00.020951335  2475 0x1c65370 TRACE   GST_REFCOUNTING gstobject.c:208:gst_object_init: 0x1c7f4c0 new
0:00:00.020957965  2475 0x1c65370 LOG   GST_REGISTRY gstregistrychunks.c:611:gst_registry_chunks_load_feature: Reading/casting for GstRegistryChunkElementFactory at address 0x1c80ea8
0:00:00.020963862  2475 0x1c65370 TRACE   structure gststructure.c:292:gst_structure_new_id_empty_with_size: created structure 0x1c7fcf0
0:00:00.020969273  2475 0x1c65370 DEBUG   structure gststructure.c:2258:gst_structure_parse_field: trying field name 'long-name'
0:00:00.020974359  2475 0x1c65370 DEBUG   default gstvalue.c:2776:_priv_gst_value_parse_value: trying type name 'string'
0:00:00.020979973  2475 0x1c65370 DEBUG   structure gststructure.c:2258:gst_structure_parse_field: trying field name 'klass'
0:00:00.020985072  2475 0x1c65370 DEBUG   default gstvalue.c:2776:_priv_gst_value_parse_value: trying type name 'string'
0:00:00.020990647  2475 0x1c65370 DEBUG   structure gststructure.c:2258:gst_structure_parse_field: trying field name 'description'
0:00:00.020995739  2475 0x1c65370 DEBUG   default gstvalue.c:2776:_priv_gst_value_parse_value: trying type name 'string'
0:00:00.021001552  2475 0x1c65370 DEBUG   structure gststructure.c:2258:gst_structure_parse_field: trying field name 'author'
0:00:00.021007003  2475 0x1c65370 DEBUG   default gstvalue.c:2776:_priv_gst_value_parse_value: trying type name 'string'
0:00:00.021012973  2475 0x1c65370 DEBUG   GST_REGISTRY gstregistrychunks.c:627:gst_registry_chunks_load_feature: Element factory : npadtemplates=2
0:00:00.021018076  2475 0x1c65370 DEBUG   GST_REGISTRY gstregistrychunks.c:527:gst_registry_chunks_load_pad_template: Reading/casting for GstRegistryChunkPadTemplate at address 0x1c80f98
0:00:00.021023392  2475 0x1c65370 DEBUG   GST_REGISTRY gstregistrychunks.c:540:gst_registry_chunks_load_pad_template: Added pad_template sink
0:00:00.021028425  2475 0x1c65370 DEBUG   GST_REGISTRY gstregistrychunks.c:527:gst_registry_chunks_load_pad_template: Reading/casting for GstRegistryChunkPadTemplate at address 0x1c80fb0
0:00:00.021033815  2475 0x1c65370 DEBUG   GST_REGISTRY gstregistrychunks.c:540:gst_registry_chunks_load_pad_template: Added pad_template src
0:00:00.021040480  2475 0x1c65370 DEBUG   GST_REGISTRY gstregistry.c:581:gst_registry_add_feature: replacing existing feature 0x1c7fb70 (valve)
