0:00:00.006158044  2475 0x1c65370 DEBUG   GST_REGISTRY gstregistry.c:1172:gst_registry_scan_plugin_file: Using scan-helper to load plugin /home/conan/w/prod/BuildSingleReference/.conan/data/gstreamer/1.19.2/_/_/package/1f5f5d419fdfb792f06015b5de5ddcf61311d6c8/lib/gstreamer-1.0/libgstcoretracers.so
0:00:00.002030989  2476 0x1d41320 TRACE   GST_REFCOUNTING gstobject.c:208:gst_object_init: 0x1d5ae90 new
0:00:00.006165551  2475 0x1c65370 LOG   GST_PLUGIN_LOADING gstpluginloader.c:236:plugin_loader_load: Sending file /home/conan/w/prod/BuildSingleReference/.conan/data/gstreamer/1.19.2/_/_/package/1f5f5d419fdfb792f06015b5de5ddcf61311d6c8/lib/gstreamer-1.0/libgstcoretracers.so to child. tag 2
0:00:00.006173441  2475 0x1c65370 DEBUG   GST_POLL gstpoll.c:980:gst_poll_fd_ctl_write: 0x1c7ed60: fd (fd:7, idx:1), active : 1
0:00:00.006179617  2475 0x1c65370 LOG   GST_POLL gstpoll.c:994:gst_poll_fd_ctl_write: 0x1c7ed60: pfd->events now 60 (POLLOUT:4)
0:00:00.002052533  2476 0x1d41320 LOG   GST_PLUGIN_LOADING gstplugin.c:887:_priv_gst_plugin_load_file_for_registry: Plugin 0x1d5ae90 for file "/home/conan/w/prod/BuildSingleReference/.conan/data/gstreamer/1.19.2/_/_/package/1f5f5d419fdfb792f06015b5de5ddcf61311d6c8/lib/gstreamer-1.0/libgstcoretracers.so" prepared, calling entry function...
0:00:00.006190874  2475 0x1c65370 DEBUG   GST_POLL gstpoll.c:1414:gst_poll_wait: 0x1c7ed60: timeout :0:00:01.000000000
0:00:00.002068902  2476 0x1d41320 LOG   GST_PLUGIN_LOADING gstplugin.c:894:_priv_gst_plugin_load_file_for_registry: Plugin 0x1d5ae90 for file "/home/conan/w/prod/BuildSingleReference/.conan/data/gstreamer/1.19.2/_/_/package/1f5f5d419fdfb792f06015b5de5ddcf61311d6c8/lib/gstreamer-1.0/libgstcoretracers.so" prepared, registering...
0:00:00.006199286  2475 0x1c65370 LOG   GST_PLUGIN_LOADING gstpluginloader.c:1027:exchange_packets: Poll res = 1. 173 bytes pending for write
0:00:00.002076864  2476 0x1d41320 LOG   GST_PLUGIN_LOADING gstplugin.c:511:gst_plugin_register_func: plugin "/home/conan/w/prod/BuildSingleReference/.conan/data/gstreamer/1.19.2/_/_/package/1f5f5d419fdfb792f06015b5de5ddcf61311d6c8/lib/gstreamer-1.0/libgstcoretracers.so" looks good
0:00:00.006205963  2475 0x1c65370 DEBUG   GST_POLL gstpoll.c:1241:gst_poll_fd_has_error: 0x1c7ed60: fd (fd:8, idx:2) 0
0:00:00.006213399  2475 0x1c65370 DEBUG   GST_POLL gstpoll.c:1266:gst_poll_fd_can_read_unlocked: 0x1c7ed60: fd (fd:8, idx:2) 0
0:00:00.006219026  2475 0x1c65370 DEBUG   GST_POLL gstpoll.c:1195:gst_poll_fd_has_closed: 0x1c7ed60: fd (fd:8, idx:2) 0
0:00:00.002095772  2476 0x1d41320 TRACE   GST_REFCOUNTING gstobject.c:208:gst_object_init: 0x1d5b250 new
0:00:00.006224659  2475 0x1c65370 DEBUG   GST_POLL gstpoll.c:1241:gst_poll_fd_has_error: 0x1c7ed60: fd (fd:7, idx:1) 0
0:00:00.006232151  2475 0x1c65370 DEBUG   GST_POLL gstpoll.c:1335:gst_poll_fd_can_write: 0x1c7ed60: fd (fd:7, idx:1) 1
0:00:00.002105623  2476 0x1d41320 DEBUG   GST_TRACER gsttracer.c:169:gst_tracer_register: new tracer factory for latency
0:00:00.006237583  2475 0x1c65370 LOG   GST_PLUGIN_LOADING gstpluginloader.c:689:write_one: Writing packet of size 173 bytes to fd 7
0:00:00.002115160  2476 0x1d41320 DEBUG   GST_TRACER gsttracer.c:177:gst_tracer_register: tracer factory for 30771072:GstLatencyTracer
0:00:00.006245592  2475 0x1c65370 DEBUG   GST_POLL gstpoll.c:980:gst_poll_fd_ctl_write: 0x1c7ed60: fd (fd:7, idx:1), active : 0
0:00:00.002123303  2476 0x1d41320 DEBUG   GST_REGISTRY gstregistry.c:590:gst_registry_add_feature: adding feature 0x1d5b250 (latency)
0:00:00.006251837  2475 0x1c65370 LOG   GST_POLL gstpoll.c:994:gst_poll_fd_ctl_write: 0x1c7ed60: pfd->events now 56 (POLLOUT:4)
0:00:00.002129957  2476 0x1d41320 DEBUG   GST_REFCOUNTING gstobject.c:709:gst_object_set_parent: set parent (ref and sink)
0:00:00.002137078  2476 0x1d41320 TRACE   GST_REFCOUNTING gstobject.c:294:gst_object_ref_sink: 0x1d5b250 ref_sink 1->2
0:00:00.006266183  2475 0x1c65370 LOG   GST_REGISTRY gstregistry.c:1300:gst_registry_scan_path_level: file /home/conan/w/prod/BuildSingleReference/.conan/data/gstreamer/1.19.2/_/_/package/1f5f5d419fdfb792f06015b5de5ddcf61311d6c8/lib/gstreamer-1.0/libgstcoreelements.so looks like a possible module
0:00:00.002148659  2476 0x1d41320 LOG   GST_REGISTRY gstregistry.c:608:gst_registry_add_feature: emitting feature-added for latency
0:00:00.006278486  2475 0x1c65370 DEBUG   GST_REGISTRY gstregistry.c:1361:gst_registry_scan_path_level: file /home/conan/w/prod/BuildSingleReference/.conan/data/gstreamer/1.19.2/_/_/package/1f5f5d419fdfb792f06015b5de5ddcf61311d6c8/lib/gstreamer-1.0/libgstcoreelements.so not yet in registry
0:00:00.006285322  2475 0x1c65370 DEBUG   GST_REGISTRY gstregistry.c:1172:gst_registry_scan_plugin_file: Using scan-helper to load plugin /home/conan/w/prod/BuildSingleReference/.conan/data/gstreamer/1.19.2/_/_/package/1f5f5d419fdfb792f06015b5de5ddcf61311d6c8/lib/gstreamer-1.0/libgstcoreelements.so
0:00:00.002163307  2476 0x1d41320 TRACE   GST_REFCOUNTING gstobject.c:208:gst_object_init: 0x1d5b740 new
0:00:00.006291915  2475 0x1c65370 LOG   GST_PLUGIN_LOADING gstpluginloader.c:236:plugin_loader_load: Sending file /home/conan/w/prod/BuildSingleReference/.conan/data/gstreamer/1.19.2/_/_/package/1f5f5d419fdfb792f06015b5de5ddcf61311d6c8/lib/gstreamer-1.0/libgstcoreelements.so to child. tag 3
0:00:00.002172388  2476 0x1d41320 DEBUG   GST_TRACER gsttracer.c:169:gst_tracer_register: new tracer factory for log
0:00:00.006300066  2475 0x1c65370 DEBUG   GST_POLL gstpoll.c:980:gst_poll_fd_ctl_write: 0x1c7ed60: fd (fd:7, idx:1), active : 1
0:00:00.002180788  2476 0x1d41320 DEBUG   GST_TRACER gsttracer.c:177:gst_tracer_register: tracer factory for 30782880:GstLogTracer
0:00:00.006308553  2475 0x1c65370 LOG   GST_POLL gstpoll.c:994:gst_poll_fd_ctl_write: 0x1c7ed60: pfd->events now 60 (POLLOUT:4)
0:00:00.002188726  2476 0x1d41320 DEBUG   GST_REGISTRY gstregistry.c:590:gst_registry_add_feature: adding feature 0x1d5b740 (log)
0:00:00.006317329  2475 0x1c65370 DEBUG   GST_POLL gstpoll.c:1414:gst_poll_wait: 0x1c7ed60: timeout :0:00:01.000000000
0:00:00.002195107  2476 0x1d41320 DEBUG   GST_REFCOUNTING gstobject.c:709:gst_object_set_parent: set parent (ref and sink)
0:00:00.006326062  2475 0x1c65370 LOG   GST_PLUGIN_LOADING gstpluginloader.c:1027:exchange_packets: Poll res = 1. 174 bytes pending for write
0:00:00.002202498  2476 0x1d41320 TRACE   GST_REFCOUNTING gstobject.c:294:gst_object_ref_sink: 0x1d5b740 ref_sink 1->2
0:00:00.006332869  2475 0x1c65370 DEBUG   GST_POLL gstpoll.c:1241:gst_poll_fd_has_error: 0x1c7ed60: fd (fd:8, idx:2) 0
0:00:00.002209443  2476 0x1d41320 LOG   GST_REGISTRY gstregistry.c:608:gst_registry_add_feature: emitting feature-added for log
0:00:00.006338903  2475 0x1c65370 DEBUG   GST_POLL gstpoll.c:1266:gst_poll_fd_can_read_unlocked: 0x1c7ed60: fd (fd:8, idx:2) 0
0:00:00.006344941  2475 0x1c65370 DEBUG   GST_POLL gstpoll.c:1195:gst_poll_fd_has_closed: 0x1c7ed60: fd (fd:8, idx:2) 0
0:00:00.002219692  2476 0x1d41320 TRACE   GST_REFCOUNTING gstobject.c:208:gst_object_init: 0x1d5b950 new
0:00:00.006350429  2475 0x1c65370 DEBUG   GST_POLL gstpoll.c:1241:gst_poll_fd_has_error: 0x1c7ed60: fd (fd:7, idx:1) 0
0:00:00.002232586  2476 0x1d41320 DEBUG   GST_TRACER gsttracer.c:169:gst_tracer_register: new tracer factory for rusage
0:00:00.006360298  2475 0x1c65370 DEBUG   GST_POLL gstpoll.c:1335:gst_poll_fd_can_write: 0x1c7ed60: fd (fd:7, idx:1) 1
0:00:00.002240348  2476 0x1d41320 DEBUG   GST_TRACER gsttracer.c:177:gst_tracer_register: tracer factory for 30783488:GstRUsageTracer
0:00:00.006368358  2475 0x1c65370 LOG   GST_PLUGIN_LOADING gstpluginloader.c:689:write_one: Writing packet of size 174 bytes to fd 7
0:00:00.002247768  2476 0x1d41320 DEBUG   GST_REGISTRY gstregistry.c:590:gst_registry_add_feature: adding feature 0x1d5b950 (rusage)
0:00:00.006377626  2475 0x1c65370 DEBUG   GST_POLL gstpoll.c:980:gst_poll_fd_ctl_write: 0x1c7ed60: fd (fd:7, idx:1), active : 0
0:00:00.002253831  2476 0x1d41320 DEBUG   GST_REFCOUNTING gstobject.c:709:gst_object_set_parent: set parent (ref and sink)
0:00:00.006383754  2475 0x1c65370 LOG   GST_POLL gstpoll.c:994:gst_poll_fd_ctl_write: 0x1c7ed60: pfd->events now 56 (POLLOUT:4)
0:00:00.002261136  2476 0x1d41320 TRACE   GST_REFCOUNTING gstobject.c:294:gst_object_ref_sink: 0x1d5b950 ref_sink 1->2
0:00:00.002267484  2476 0x1d41320 LOG   GST_REGISTRY gstregistry.c:608:gst_registry_add_feature: emitting feature-added for rusage
0:00:00.006395123  2475 0x1c65370 DEBUG   GST_REGISTRY gstregistry.c:1384:gst_registry_scan_path_internal: registry changed in path /home/conan/w/prod/BuildSingleReference/.conan/data/gstreamer/1.19.2/_/_/package/1f5f5d419fdfb792f06015b5de5ddcf61311d6c8/lib/gstreamer-1.0: 0
0:00:00.002278008  2476 0x1d41320 TRACE   GST_REFCOUNTING gstobject.c:208:gst_object_init: 0x1d5bc20 new
0:00:00.006406533  2475 0x1c65370 DEBUG   GST_POLL gstpoll.c:980:gst_poll_fd_ctl_write: 0x1c7ed60: fd (fd:7, idx:1), active : 1
0:00:00.002286822  2476 0x1d41320 DEBUG   GST_TRACER gsttracer.c:169:gst_tracer_register: new tracer factory for stats
0:00:00.006414314  2475 0x1c65370 LOG   GST_POLL gstpoll.c:994:gst_poll_fd_ctl_write: 0x1c7ed60: pfd->events now 60 (POLLOUT:4)
0:00:00.002294592  2476 0x1d41320 DEBUG   GST_TRACER gsttracer.c:177:gst_tracer_register: tracer factory for 30784096:GstStatsTracer
0:00:00.006423665  2475 0x1c65370 DEBUG   GST_POLL gstpoll.c:1414:gst_poll_wait: 0x1c7ed60: timeout :0:00:01.000000000
0:00:00.002302320  2476 0x1d41320 DEBUG   GST_REGISTRY gstregistry.c:590:gst_registry_add_feature: adding feature 0x1d5bc20 (stats)
0:00:00.006432122  2475 0x1c65370 LOG   GST_PLUGIN_LOADING gstpluginloader.c:1027:exchange_packets: Poll res = 1. 12 bytes pending for write
0:00:00.002308530  2476 0x1d41320 DEBUG   GST_REFCOUNTING gstobject.c:709:gst_object_set_parent: set parent (ref and sink)
0:00:00.006438932  2475 0x1c65370 DEBUG   GST_POLL gstpoll.c:1241:gst_poll_fd_has_error: 0x1c7ed60: fd (fd:8, idx:2) 0
0:00:00.002315942  2476 0x1d41320 TRACE   GST_REFCOUNTING gstobject.c:294:gst_object_ref_sink: 0x1d5bc20 ref_sink 1->2
0:00:00.006449808  2475 0x1c65370 DEBUG   GST_POLL gstpoll.c:1266:gst_poll_fd_can_read_unlocked: 0x1c7ed60: fd (fd:8, idx:2) 0
0:00:00.002325428  2476 0x1d41320 LOG   GST_REGISTRY gstregistry.c:608:gst_registry_add_feature: emitting feature-added for stats
0:00:00.006456344  2475 0x1c65370 DEBUG   GST_POLL gstpoll.c:1195:gst_poll_fd_has_closed: 0x1c7ed60: fd (fd:8, idx:2) 0
0:00:00.006462456  2475 0x1c65370 DEBUG   GST_POLL gstpoll.c:1241:gst_poll_fd_has_error: 0x1c7ed60: fd (fd:7, idx:1) 0
0:00:00.002339281  2476 0x1d41320 TRACE   GST_REFCOUNTING gstobject.c:208:gst_object_init: 0x1d5be70 new
0:00:00.006467866  2475 0x1c65370 DEBUG   GST_POLL gstpoll.c:1335:gst_poll_fd_can_write: 0x1c7ed60: fd (fd:7, idx:1) 1
0:00:00.006475084  2475 0x1c65370 LOG   GST_PLUGIN_LOADING gstpluginloader.c:689:write_one: Writing packet of size 12 bytes to fd 7
0:00:00.002347947  2476 0x1d41320 DEBUG   GST_TRACER gsttracer.c:169:gst_tracer_register: new tracer factory for leaks
0:00:00.006482326  2475 0x1c65370 DEBUG   GST_POLL gstpoll.c:980:gst_poll_fd_ctl_write: 0x1c7ed60: fd (fd:7, idx:1), active : 0
0:00:00.002357518  2476 0x1d41320 DEBUG   GST_TRACER gsttracer.c:177:gst_tracer_register: tracer factory for 30784768:GstLeaksTracer
0:00:00.006488311  2475 0x1c65370 LOG   GST_POLL gstpoll.c:994:gst_poll_fd_ctl_write: 0x1c7ed60: pfd->events now 56 (POLLOUT:4)
0:00:00.002364709  2476 0x1d41320 DEBUG   GST_REGISTRY gstregistry.c:590:gst_registry_add_feature: adding feature 0x1d5be70 (leaks)
0:00:00.006495117  2475 0x1c65370 DEBUG   GST_POLL gstpoll.c:1414:gst_poll_wait: 0x1c7ed60: timeout :0:00:01.000000000
0:00:00.002370766  2476 0x1d41320 DEBUG   GST_REFCOUNTING gstobject.c:709:gst_object_set_parent: set parent (ref and sink)
0:00:00.002377815  2476 0x1d41320 TRACE   GST_REFCOUNTING gstobject.c:294:gst_object_ref_sink: 0x1d5be70 ref_sink 1->2
0:00:00.002384232  2476 0x1d41320 LOG   GST_REGISTRY gstregistry.c:608:gst_registry_add_feature: emitting feature-added for leaks
0:00:00.002393546  2476 0x1d41320 TRACE   GST_REFCOUNTING gstobject.c:208:gst_object_init: 0x1d5c110 new
0:00:00.002401211  2476 0x1d41320 DEBUG   GST_TRACER gsttracer.c:169:gst_tracer_register: new tracer factory for factories
0:00:00.002408331  2476 0x1d41320 DEBUG   GST_TRACER gsttracer.c:177:gst_tracer_register: tracer factory for 30785440:GstFactoriesTracer
0:00:00.002415289  2476 0x1d41320 DEBUG   GST_REGISTRY gstregistry.c:590:gst_registry_add_feature: adding feature 0x1d5c110 (factories)
0:00:00.002444322  2476 0x1d41320 DEBUG   GST_REFCOUNTING gstobject.c:709:gst_object_set_parent: set parent (ref and sink)
0:00:00.002460231  2476 0x1d41320 TRACE   GST_REFCOUNTING gstobject.c:294:gst_object_ref_sink: 0x1d5c110 ref_sink 1->2
0:00:00.002478079  2476 0x1d41320 LOG   GST_REGISTRY gstregistry.c:608:gst_registry_add_feature: emitting feature-added for factories
0:00:00.002485380  2476 0x1d41320 LOG   GST_PLUGIN_LOADING gstplugin.c:538:gst_plugin_register_func: plugin "/home/conan/w/prod/BuildSingleReference/.conan/data/gstreamer/1.19.2/_/_/package/1f5f5d419fdfb792f06015b5de5ddcf61311d6c8/lib/gstreamer-1.0/libgstcoretracers.so" initialised
0:00:00.002493699  2476 0x1d41320 INFO   GST_PLUGIN_LOADING gstplugin.c:912:_priv_gst_plugin_load_file_for_registry: plugin "/home/conan/w/prod/BuildSingleReference/.conan/data/gstreamer/1.19.2/_/_/package/1f5f5d419fdfb792f06015b5de5ddcf61311d6c8/lib/gstreamer-1.0/libgstcoretracers.so" loaded
0:00:00.002501272  2476 0x1d41320 TRACE   GST_REFCOUNTING gstobject.c:238:gst_object_ref: 0x1d5ae90 ref 1->2
0:00:00.002509268  2476 0x1d41320 DEBUG   GST_REGISTRY gstregistry.c:474:gst_registry_add_plugin: adding plugin 0x1d5ae90 for filename "/home/conan/w/prod/BuildSingleReference/.conan/data/gstreamer/1.19.2/_/_/package/1f5f5d419fdfb792f06015b5de5ddcf61311d6c8/lib/gstreamer-1.0/libgstcoretracers.so"
0:00:00.002516760  2476 0x1d41320 TRACE   GST_REFCOUNTING gstobject.c:294:gst_object_ref_sink: 0x1d5ae90 ref_sink 2->3
0:00:00.002523742  2476 0x1d41320 LOG   GST_REGISTRY gstregistry.c:487:gst_registry_add_plugin: emitting plugin-added for filename "/home/conan/w/prod/BuildSingleReference/.conan/data/gstreamer/1.19.2/_/_/package/1f5f5d419fdfb792f06015b5de5ddcf61311d6c8/lib/gstreamer-1.0/libgstcoretracers.so"
0:00:00.002531479  2476 0x1d41320 TRACE   GST_REFCOUNTING gstobject.c:238:gst_object_ref: 0x1d5c110 ref 1->2
0:00:00.002538126  2476 0x1d41320 TRACE   GST_REFCOUNTING gstobject.c:238:gst_object_ref: 0x1d5be70 ref 1->2
0:00:00.002550998  2476 0x1d41320 TRACE   GST_REFCOUNTING gstobject.c:238:gst_object_ref: 0x1d5bc20 ref 1->2
0:00:00.002557694  2476 0x1d41320 TRACE   GST_REFCOUNTING gstobject.c:238:gst_object_ref: 0x1d5b950 ref 1->2
0:00:00.002564015  2476 0x1d41320 TRACE   GST_REFCOUNTING gstobject.c:238:gst_object_ref: 0x1d5b740 ref 1->2
0:00:00.002570312  2476 0x1d41320 TRACE   GST_REFCOUNTING gstobject.c:238:gst_object_ref: 0x1d5b250 ref 1->2
0:00:00.002584202  2476 0x1d41320 TRACE   GST_REFCOUNTING gstobject.c:265:gst_object_unref: 0x1d5b250 unref 2->1
0:00:00.002592065  2476 0x1d41320 TRACE   GST_REFCOUNTING gstobject.c:265:gst_object_unref: 0x1d5b740 unref 2->1
0:00:00.002598631  2476 0x1d41320 TRACE   GST_REFCOUNTING gstobject.c:265:gst_object_unref: 0x1d5b950 unref 2->1
0:00:00.002605017  2476 0x1d41320 TRACE   GST_REFCOUNTING gstobject.c:265:gst_object_unref: 0x1d5bc20 unref 2->1
0:00:00.002611392  2476 0x1d41320 TRACE   GST_REFCOUNTING gstobject.c:265:gst_object_unref: 0x1d5be70 unref 2->1
0:00:00.002617633  2476 0x1d41320 TRACE   GST_REFCOUNTING gstobject.c:265:gst_object_unref: 0x1d5c110 unref 2->1
0:00:00.002626294  2476 0x1d41320 DEBUG   GST_REGISTRY gstregistrychunks.c:499:_priv_gst_registry_chunks_save_plugin: Found 6 features in plugin 0x1d5ae90 (coretracers)
0:00:00.002640155  2476 0x1d41320 DEBUG   GST_POLL gstpoll.c:980:gst_poll_fd_ctl_write: 0x1d499c0: fd (fd:0, idx:1), active : 1
0:00:00.002647309  2476 0x1d41320 LOG   GST_POLL gstpoll.c:994:gst_poll_fd_ctl_write: 0x1d499c0: pfd->events now 60 (POLLOUT:4)
0:00:00.002654352  2476 0x1d41320 DEBUG   GST_POLL gstpoll.c:980:gst_poll_fd_ctl_write: 0x1d499c0: fd (fd:0, idx:1), active : 1
0:00:00.002660237  2476 0x1d41320 LOG   GST_POLL gstpoll.c:994:gst_poll_fd_ctl_write: 0x1d499c0: pfd->events now 60 (POLLOUT:4)
0:00:00.002666974  2476 0x1d41320 DEBUG   GST_POLL gstpoll.c:980:gst_poll_fd_ctl_write: 0x1d499c0: fd (fd:0, idx:1), active : 1
0:00:00.002673001  2476 0x1d41320 LOG   GST_POLL gstpoll.c:994:gst_poll_fd_ctl_write: 0x1d499c0: pfd->events now 60 (POLLOUT:4)
0:00:00.002678981  2476 0x1d41320 DEBUG   GST_POLL gstpoll.c:980:gst_poll_fd_ctl_write: 0x1d499c0: fd (fd:0, idx:1), active : 1
0:00:00.002684713  2476 0x1d41320 LOG   GST_POLL gstpoll.c:994:gst_poll_fd_ctl_write: 0x1d499c0: pfd->events now 60 (POLLOUT:4)
0:00:00.002690574  2476 0x1d41320 DEBUG   GST_POLL gstpoll.c:980:gst_poll_fd_ctl_write: 0x1d499c0: fd (fd:0, idx:1), active : 1
0:00:00.002696135  2476 0x1d41320 LOG   GST_POLL gstpoll.c:994:gst_poll_fd_ctl_write: 0x1d499c0: pfd->events now 60 (POLLOUT:4)
0:00:00.002701789  2476 0x1d41320 DEBUG   GST_POLL gstpoll.c:980:gst_poll_fd_ctl_write: 0x1d499c0: fd (fd:0, idx:1), active : 1
0:00:00.002707299  2476 0x1d41320 LOG   GST_POLL gstpoll.c:994:gst_poll_fd_ctl_write: 0x1d499c0: pfd->events now 60 (POLLOUT:4)
0:00:00.002712944  2476 0x1d41320 DEBUG   GST_POLL gstpoll.c:980:gst_poll_fd_ctl_write: 0x1d499c0: fd (fd:0, idx:1), active : 1
0:00:00.002718486  2476 0x1d41320 LOG   GST_POLL gstpoll.c:994:gst_poll_fd_ctl_write: 0x1d499c0: pfd->events now 60 (POLLOUT:4)
0:00:00.002724232  2476 0x1d41320 DEBUG   GST_POLL gstpoll.c:980:gst_poll_fd_ctl_write: 0x1d499c0: fd (fd:0, idx:1), active : 1
0:00:00.002729765  2476 0x1d41320 LOG   GST_POLL gstpoll.c:994:gst_poll_fd_ctl_write: 0x1d499c0: pfd->events now 60 (POLLOUT:4)
0:00:00.002735415  2476 0x1d41320 DEBUG   GST_POLL gstpoll.c:980:gst_poll_fd_ctl_write: 0x1d499c0: fd (fd:0, idx:1), active : 1
0:00:00.002740958  2476 0x1d41320 LOG   GST_POLL gstpoll.c:994:gst_poll_fd_ctl_write: 0x1d499c0: pfd->events now 60 (POLLOUT:4)
0:00:00.002746784  2476 0x1d41320 DEBUG   GST_POLL gstpoll.c:980:gst_poll_fd_ctl_write: 0x1d499c0: fd (fd:0, idx:1), active : 1
0:00:00.002752605  2476 0x1d41320 LOG   GST_POLL gstpoll.c:994:gst_poll_fd_ctl_write: 0x1d499c0: pfd->events now 60 (POLLOUT:4)
0:00:00.002758689  2476 0x1d41320 DEBUG   GST_POLL gstpoll.c:980:gst_poll_fd_ctl_write: 0x1d499c0: fd (fd:0, idx:1), active : 1
0:00:00.002764442  2476 0x1d41320 LOG   GST_POLL gstpoll.c:994:gst_poll_fd_ctl_write: 0x1d499c0: pfd->events now 60 (POLLOUT:4)
0:00:00.002774624  2476 0x1d41320 DEBUG   GST_POLL gstpoll.c:980:gst_poll_fd_ctl_write: 0x1d499c0: fd (fd:0, idx:1), active : 1
0:00:00.002780280  2476 0x1d41320 LOG   GST_POLL gstpoll.c:994:gst_poll_fd_ctl_write: 0x1d499c0: pfd->events now 60 (POLLOUT:4)
0:00:00.002786160  2476 0x1d41320 DEBUG   GST_POLL gstpoll.c:980:gst_poll_fd_ctl_write: 0x1d499c0: fd (fd:0, idx:1), active : 1
0:00:00.002791784  2476 0x1d41320 LOG   GST_POLL gstpoll.c:994:gst_poll_fd_ctl_write: 0x1d499c0: pfd->events now 60 (POLLOUT:4)
0:00:00.002797493  2476 0x1d41320 DEBUG   GST_POLL gstpoll.c:980:gst_poll_fd_ctl_write: 0x1d499c0: fd (fd:0, idx:1), active : 1
0:00:00.002802964  2476 0x1d41320 LOG   GST_POLL gstpoll.c:994:gst_poll_fd_ctl_write: 0x1d499c0: pfd->events now 60 (POLLOUT:4)
0:00:00.002808736  2476 0x1d41320 DEBUG   GST_POLL gstpoll.c:980:gst_poll_fd_ctl_write: 0x1d499c0: fd (fd:0, idx:1), active : 1
0:00:00.002814140  2476 0x1d41320 LOG   GST_POLL gstpoll.c:994:gst_poll_fd_ctl_write: 0x1d499c0: pfd->events now 60 (POLLOUT:4)
0:00:00.002819928  2476 0x1d41320 DEBUG   GST_POLL gstpoll.c:980:gst_poll_fd_ctl_write: 0x1d499c0: fd (fd:0, idx:1), active : 1
0:00:00.002825324  2476 0x1d41320 LOG   GST_POLL gstpoll.c:994:gst_poll_fd_ctl_write: 0x1d499c0: pfd->events now 60 (POLLOUT:4)
0:00:00.002831027  2476 0x1d41320 DEBUG   GST_POLL gstpoll.c:980:gst_poll_fd_ctl_write: 0x1d499c0: fd (fd:0, idx:1), active : 1
0:00:00.002836376  2476 0x1d41320 LOG   GST_POLL gstpoll.c:994:gst_poll_fd_ctl_write: 0x1d499c0: pfd->events now 60 (POLLOUT:4)
0:00:00.002842058  2476 0x1d41320 DEBUG   GST_POLL gstpoll.c:980:gst_poll_fd_ctl_write: 0x1d499c0: fd (fd:0, idx:1), active : 1
0:00:00.002847470  2476 0x1d41320 LOG   GST_POLL gstpoll.c:994:gst_poll_fd_ctl_write: 0x1d499c0: pfd->events now 60 (POLLOUT:4)
0:00:00.002853344  2476 0x1d41320 DEBUG   GST_POLL gstpoll.c:980:gst_poll_fd_ctl_write: 0x1d499c0: fd (fd:0, idx:1), active : 1
0:00:00.002858837  2476 0x1d41320 LOG   GST_POLL gstpoll.c:994:gst_poll_fd_ctl_write: 0x1d499c0: pfd->events now 60 (POLLOUT:4)
0:00:00.002864500  2476 0x1d41320 DEBUG   GST_POLL gstpoll.c:980:gst_poll_fd_ctl_write: 0x1d499c0: fd (fd:0, idx:1), active : 1
0:00:00.002869879  2476 0x1d41320 LOG   GST_POLL gstpoll.c:994:gst_poll_fd_ctl_write: 0x1d499c0: pfd->events now 60 (POLLOUT:4)
0:00:00.002875675  2476 0x1d41320 DEBUG   GST_POLL gstpoll.c:980:gst_poll_fd_ctl_write: 0x1d499c0: fd (fd:0, idx:1), active : 1
0:00:00.002881238  2476 0x1d41320 LOG   GST_POLL gstpoll.c:994:gst_poll_fd_ctl_write: 0x1d499c0: pfd->events now 60 (POLLOUT:4)
0:00:00.002887038  2476 0x1d41320 DEBUG   GST_POLL gstpoll.c:980:gst_poll_fd_ctl_write: 0x1d499c0: fd (fd:0, idx:1), active : 1
0:00:00.002892409  2476 0x1d41320 LOG   GST_POLL gstpoll.c:994:gst_poll_fd_ctl_write: 0x1d499c0: pfd->events now 60 (POLLOUT:4)
0:00:00.002898146  2476 0x1d41320 DEBUG   GST_POLL gstpoll.c:980:gst_poll_fd_ctl_write: 0x1d499c0: fd (fd:0, idx:1), active : 1
0:00:00.002908201  2476 0x1d41320 LOG   GST_POLL gstpoll.c:994:gst_poll_fd_ctl_write: 0x1d499c0: pfd->events now 60 (POLLOUT:4)
0:00:00.002913917  2476 0x1d41320 DEBUG   GST_POLL gstpoll.c:980:gst_poll_fd_ctl_write: 0x1d499c0: fd (fd:0, idx:1), active : 1
0:00:00.002919347  2476 0x1d41320 LOG   GST_POLL gstpoll.c:994:gst_poll_fd_ctl_write: 0x1d499c0: pfd->events now 60 (POLLOUT:4)
0:00:00.002925055  2476 0x1d41320 DEBUG   GST_POLL gstpoll.c:980:gst_poll_fd_ctl_write: 0x1d499c0: fd (fd:0, idx:1), active : 1
0:00:00.002930475  2476 0x1d41320 LOG   GST_POLL gstpoll.c:994:gst_poll_fd_ctl_write: 0x1d499c0: pfd->events now 60 (POLLOUT:4)
0:00:00.002936124  2476 0x1d41320 DEBUG   GST_POLL gstpoll.c:980:gst_poll_fd_ctl_write: 0x1d499c0: fd (fd:0, idx:1), active : 1
0:00:00.002941601  2476 0x1d41320 LOG   GST_POLL gstpoll.c:994:gst_poll_fd_ctl_write: 0x1d499c0: pfd->events now 60 (POLLOUT:4)
0:00:00.002947489  2476 0x1d41320 DEBUG   GST_POLL gstpoll.c:980:gst_poll_fd_ctl_write: 0x1d499c0: fd (fd:0, idx:1), active : 1
0:00:00.002952875  2476 0x1d41320 LOG   GST_POLL gstpoll.c:994:gst_poll_fd_ctl_write: 0x1d499c0: pfd->events now 60 (POLLOUT:4)
0:00:00.002958602  2476 0x1d41320 DEBUG   GST_POLL gstpoll.c:980:gst_poll_fd_ctl_write: 0x1d499c0: fd (fd:0, idx:1), active : 1
0:00:00.002964042  2476 0x1d41320 LOG   GST_POLL gstpoll.c:994:gst_poll_fd_ctl_write: 0x1d499c0: pfd->events now 60 (POLLOUT:4)
0:00:00.002970186  2476 0x1d41320 LOG   GST_PLUGIN_LOADING gstpluginloader.c:645:put_chunk: Expanding tx buf from 512 to 1152 for chunk of size 8
0:00:00.002977309  2476 0x1d41320 DEBUG   GST_POLL gstpoll.c:980:gst_poll_fd_ctl_write: 0x1d499c0: fd (fd:0, idx:1), active : 1
0:00:00.002982716  2476 0x1d41320 LOG   GST_POLL gstpoll.c:994:gst_poll_fd_ctl_write: 0x1d499c0: pfd->events now 60 (POLLOUT:4)
0:00:00.002988364  2476 0x1d41320 DEBUG   GST_POLL gstpoll.c:980:gst_poll_fd_ctl_write: 0x1d499c0: fd (fd:0, idx:1), active : 1
0:00:00.002993736  2476 0x1d41320 LOG   GST_POLL gstpoll.c:994:gst_poll_fd_ctl_write: 0x1d499c0: pfd->events now 60 (POLLOUT:4)
0:00:00.003000179  2476 0x1d41320 TRACE   GST_REFCOUNTING gstobject.c:265:gst_object_unref: 0x1d5ae90 unref 2->1
0:00:00.003007399  2476 0x1d41320 DEBUG   GST_POLL gstpoll.c:1241:gst_poll_fd_has_error: 0x1d499c0: fd (fd:0, idx:1) 0
0:00:00.003013893  2476 0x1d41320 DEBUG   GST_POLL gstpoll.c:1335:gst_poll_fd_can_write: 0x1d499c0: fd (fd:0, idx:1) 0
0:00:00.003019969  2476 0x1d41320 DEBUG   GST_POLL gstpoll.c:1195:gst_poll_fd_has_closed: 0x1d499c0: fd (fd:0, idx:1) 0
0:00:00.003027056  2476 0x1d41320 DEBUG   GST_POLL gstpoll.c:1414:gst_poll_wait: 0x1d499c0: timeout :0:00:01.000000000
0:00:00.003036687  2476 0x1d41320 LOG   GST_PLUGIN_LOADING gstpluginloader.c:1027:exchange_packets: Poll res = 2. 528 bytes pending for write
0:00:00.003043120  2476 0x1d41320 DEBUG   GST_POLL gstpoll.c:1241:gst_poll_fd_has_error: 0x1d499c0: fd (fd:5, idx:2) 0
0:00:00.003048981  2476 0x1d41320 DEBUG   GST_POLL gstpoll.c:1266:gst_poll_fd_can_read_unlocked: 0x1d499c0: fd (fd:5, idx:2) 1
0:00:00.003063672  2476 0x1d41320 DEBUG   GST_PLUGIN_LOADING gstpluginloader.c:721:do_plugin_load: Plugin scanner loading file /home/conan/w/prod/BuildSingleReference/.conan/data/gstreamer/1.19.2/_/_/package/1f5f5d419fdfb792f06015b5de5ddcf61311d6c8/lib/gstreamer-1.0/libgstcoreelements.so. tag 1
0:00:00.003071272  2476 0x1d41320 DEBUG   GST_PLUGIN_LOADING gstplugin.c:765:_priv_gst_plugin_load_file_for_registry: attempt to load plugin "/home/conan/w/prod/BuildSingleReference/.conan/data/gstreamer/1.19.2/_/_/package/1f5f5d419fdfb792f06015b5de5ddcf61311d6c8/lib/gstreamer-1.0/libgstcoreelements.so"
0:00:00.003524752  2476 0x1d41320 TRACE   GST_REFCOUNTING gstobject.c:208:gst_object_init: 0x1d5d7c0 new
0:00:00.003554566  2476 0x1d41320 LOG   GST_PLUGIN_LOADING gstplugin.c:887:_priv_gst_plugin_load_file_for_registry: Plugin 0x1d5d7c0 for file "/home/conan/w/prod/BuildSingleReference/.conan/data/gstreamer/1.19.2/_/_/package/1f5f5d419fdfb792f06015b5de5ddcf61311d6c8/lib/gstreamer-1.0/libgstcoreelements.so" prepared, calling entry function...
0:00:00.003565883  2476 0x1d41320 LOG   GST_PLUGIN_LOADING gstplugin.c:894:_priv_gst_plugin_load_file_for_registry: Plugin 0x1d5d7c0 for file "/home/conan/w/prod/BuildSingleReference/.conan/data/gstreamer/1.19.2/_/_/package/1f5f5d419fdfb792f06015b5de5ddcf61311d6c8/lib/gstreamer-1.0/libgstcoreelements.so" prepared, registering...
0:00:00.003573276  2476 0x1d41320 LOG   GST_PLUGIN_LOADING gstplugin.c:511:gst_plugin_register_func: plugin "/home/conan/w/prod/BuildSingleReference/.conan/data/gstreamer/1.19.2/_/_/package/1f5f5d419fdfb792f06015b5de5ddcf61311d6c8/lib/gstreamer-1.0/libgstcoreelements.so" looks good
0:00:00.003598703  2476 0x1d41320 TRACE   GST_REFCOUNTING gstobject.c:208:gst_object_init: 0x1d5dba0 new
0:00:00.003608390  2476 0x1d41320 LOG   GST_ELEMENT_FACTORY gstelementfactory.c:240:gst_element_register: Created new elementfactory for type GstCapsFilter
0:00:00.003620656  2476 0x1d41320 TRACE   structure gststructure.c:292:gst_structure_new_id_empty_with_size: created structure 0x1d5e250
0:00:00.003627085  2476 0x1d41320 TRACE   GST_PERFORMANCE gststructure.c:512:gst_structure_copy: doing copy 0x1d47b40 -> 0x1d5e250
0:00:00.003635126  2476 0x1d41320 DEBUG   GST_ELEMENT_PADS gstelement.c:312:gst_element_base_class_init: type GstBaseTransform : factory (nil)
0:00:00.003642686  2476 0x1d41320 DEBUG   basetransform gstbasetransform.c:333:gst_base_transform_class_init: gst_base_transform_class_init
0:00:00.003653701  2476 0x1d41320 TRACE   structure gststructure.c:292:gst_structure_new_id_empty_with_size: created structure 0x1d5e6c0
0:00:00.003660002  2476 0x1d41320 TRACE   GST_PERFORMANCE gststructure.c:512:gst_structure_copy: doing copy 0x1d5e250 -> 0x1d5e6c0
0:00:00.003666448  2476 0x1d41320 DEBUG   GST_ELEMENT_PADS gstelement.c:312:gst_element_base_class_init: type GstCapsFilter : factory 0x1d5dba0
0:00:00.003682004  2476 0x1d41320 TRACE   GST_CAPS gstcaps.c:263:gst_caps_new_empty: created caps 0x1d50aa0
0:00:00.003688673  2476 0x1d41320 TRACE   GST_CAPS gstcaps.c:440:gst_static_caps_get: created 0x7f9043719518 from string ANY
0:00:00.003701999  2476 0x1d41320 TRACE   GST_REFCOUNTING gstminiobject.c:479:gst_mini_object_ref: 0x1d50aa0 ref 1->2
0:00:00.003733209  2476 0x1d41320 TRACE   GST_REFCOUNTING gstobject.c:208:gst_object_init: 0x1d5f050 new
0:00:00.003747143  2476 0x1d41320 TRACE   GST_REFCOUNTING gstminiobject.c:479:gst_mini_object_ref: 0x1d50aa0 ref 2->3
0:00:00.003758180  2476 0x1d41320 TRACE   GST_REFCOUNTING gstminiobject.c:661:gst_mini_object_unref: 0x1d50aa0 unref 3->2
0:00:00.003765705  2476 0x1d41320 TRACE   GST_REFCOUNTING gstobject.c:294:gst_object_ref_sink: 0x1d5f050 ref_sink 1->2
0:00:00.003772430  2476 0x1d41320 TRACE   GST_CAPS gstcaps.c:263:gst_caps_new_empty: created caps 0x1d5ea90
0:00:00.003778591  2476 0x1d41320 TRACE   GST_CAPS gstcaps.c:440:gst_static_caps_get: created 0x7f9043719558 from string ANY
0:00:00.003785162  2476 0x1d41320 TRACE   GST_REFCOUNTING gstminiobject.c:479:gst_mini_object_ref: 0x1d5ea90 ref 1->2
0:00:00.003792736  2476 0x1d41320 TRACE   GST_REFCOUNTING gstobject.c:208:gst_object_init: 0x1d5f290 new
0:00:00.003805593  2476 0x1d41320 TRACE   GST_REFCOUNTING gstminiobject.c:479:gst_mini_object_ref: 0x1d5ea90 ref 2->3
0:00:00.003813214  2476 0x1d41320 TRACE   GST_REFCOUNTING gstminiobject.c:661:gst_mini_object_unref: 0x1d5ea90 unref 3->2
0:00:00.003820199  2476 0x1d41320 TRACE   GST_REFCOUNTING gstobject.c:294:gst_object_ref_sink: 0x1d5f290 ref_sink 1->2
0:00:00.003828810  2476 0x1d41320 TRACE   structure gststructure.c:292:gst_structure_new_id_empty_with_size: created structure 0x1d5f4f0
0:00:00.003835740  2476 0x1d41320 TRACE   GST_PERFORMANCE gststructure.c:512:gst_structure_copy: doing copy 0x1d5e6c0 -> 0x1d5f4f0
0:00:00.003844803  2476 0x1d41320 DEBUG   GST_REGISTRY gstregistry.c:590:gst_registry_add_feature: adding feature 0x1d5dba0 (capsfilter)
0:00:00.003851106  2476 0x1d41320 DEBUG   GST_REFCOUNTING gstobject.c:709:gst_object_set_parent: set parent (ref and sink)
0:00:00.003857942  2476 0x1d41320 TRACE   GST_REFCOUNTING gstobject.c:294:gst_object_ref_sink: 0x1d5dba0 ref_sink 1->2
0:00:00.003864256  2476 0x1d41320 LOG   GST_REGISTRY gstregistry.c:608:gst_registry_add_feature: emitting feature-added for capsfilter
0:00:00.003874847  2476 0x1d41320 TRACE   GST_REFCOUNTING gstobject.c:208:gst_object_init: 0x1d5f830 new
0:00:00.003883540  2476 0x1d41320 LOG   GST_ELEMENT_FACTORY gstelementfactory.c:240:gst_element_register: Created new elementfactory for type GstClockSync
0:00:00.003890849  2476 0x1d41320 TRACE   structure gststructure.c:292:gst_structure_new_id_empty_with_size: created structure 0x1d5fc60
0:00:00.003896911  2476 0x1d41320 TRACE   GST_PERFORMANCE gststructure.c:512:gst_structure_copy: doing copy 0x1d47b40 -> 0x1d5fc60
0:00:00.003903564  2476 0x1d41320 DEBUG   GST_ELEMENT_PADS gstelement.c:312:gst_element_base_class_init: type GstClockSync : factory 0x1d5f830
0:00:00.003924397  2476 0x1d41320 TRACE   GST_CAPS gstcaps.c:263:gst_caps_new_empty: created caps 0x1d5ff10
0:00:00.003931060  2476 0x1d41320 TRACE   GST_CAPS gstcaps.c:440:gst_static_caps_get: created 0x7f9043719598 from string ANY
0:00:00.003937175  2476 0x1d41320 TRACE   GST_REFCOUNTING gstminiobject.c:479:gst_mini_object_ref: 0x1d5ff10 ref 1->2
0:00:00.003945407  2476 0x1d41320 TRACE   GST_REFCOUNTING gstobject.c:208:gst_object_init: 0x1d5ff60 new
0:00:00.003953323  2476 0x1d41320 TRACE   GST_REFCOUNTING gstminiobject.c:479:gst_mini_object_ref: 0x1d5ff10 ref 2->3
0:00:00.003960803  2476 0x1d41320 TRACE   GST_REFCOUNTING gstminiobject.c:661:gst_mini_object_unref: 0x1d5ff10 unref 3->2
0:00:00.003967354  2476 0x1d41320 TRACE   GST_REFCOUNTING gstobject.c:294:gst_object_ref_sink: 0x1d5ff60 ref_sink 1->2
0:00:00.003973448  2476 0x1d41320 TRACE   GST_CAPS gstcaps.c:263:gst_caps_new_empty: created caps 0x1d60080
0:00:00.003979440  2476 0x1d41320 TRACE   GST_CAPS gstcaps.c:440:gst_static_caps_get: created 0x7f90437195d8 from string ANY
0:00:00.003985643  2476 0x1d41320 TRACE   GST_REFCOUNTING gstminiobject.c:479:gst_mini_object_ref: 0x1d60080 ref 1->2
0:00:00.003992989  2476 0x1d41320 TRACE   GST_REFCOUNTING gstobject.c:208:gst_object_init: 0x1d601d0 new
0:00:00.004000529  2476 0x1d41320 TRACE   GST_REFCOUNTING gstminiobject.c:479:gst_mini_object_ref: 0x1d60080 ref 2->3
0:00:00.004008086  2476 0x1d41320 TRACE   GST_REFCOUNTING gstminiobject.c:661:gst_mini_object_unref: 0x1d60080 unref 3->2
0:00:00.004015125  2476 0x1d41320 TRACE   GST_REFCOUNTING gstobject.c:294:gst_object_ref_sink: 0x1d601d0 ref_sink 1->2
0:00:00.004022162  2476 0x1d41320 TRACE   structure gststructure.c:292:gst_structure_new_id_empty_with_size: created structure 0x1d60270
0:00:00.004028627  2476 0x1d41320 TRACE   GST_PERFORMANCE gststructure.c:512:gst_structure_copy: doing copy 0x1d5fc60 -> 0x1d60270
0:00:00.004036813  2476 0x1d41320 DEBUG   GST_REGISTRY gstregistry.c:590:gst_registry_add_feature: adding feature 0x1d5f830 (clocksync)
0:00:00.004042539  2476 0x1d41320 DEBUG   GST_REFCOUNTING gstobject.c:709:gst_object_set_parent: set parent (ref and sink)
0:00:00.004049251  2476 0x1d41320 TRACE   GST_REFCOUNTING gstobject.c:294:gst_object_ref_sink: 0x1d5f830 ref_sink 1->2
0:00:00.004055441  2476 0x1d41320 LOG   GST_REGISTRY gstregistry.c:608:gst_registry_add_feature: emitting feature-added for clocksync
0:00:00.004065457  2476 0x1d41320 TRACE   GST_REFCOUNTING gstobject.c:208:gst_object_init: 0x1d60620 new
0:00:00.004073977  2476 0x1d41320 LOG   GST_ELEMENT_FACTORY gstelementfactory.c:240:gst_element_register: Created new elementfactory for type GstConcat
0:00:00.004081116  2476 0x1d41320 TRACE   structure gststructure.c:292:gst_structure_new_id_empty_with_size: created structure 0x1d60a80
0:00:00.004087179  2476 0x1d41320 TRACE   GST_PERFORMANCE gststructure.c:512:gst_structure_copy: doing copy 0x1d47b40 -> 0x1d60a80
0:00:00.004098605  2476 0x1d41320 DEBUG   GST_ELEMENT_PADS gstelement.c:312:gst_element_base_class_init: type GstConcat : factory 0x1d60620
0:00:00.004109395  2476 0x1d41320 TRACE   GST_CAPS gstcaps.c:263:gst_caps_new_empty: created caps 0x1d60be0
0:00:00.004115541  2476 0x1d41320 TRACE   GST_CAPS gstcaps.c:440:gst_static_caps_get: created 0x7f9043719618 from string ANY
0:00:00.004121720  2476 0x1d41320 TRACE   GST_REFCOUNTING gstminiobject.c:479:gst_mini_object_ref: 0x1d60be0 ref 1->2
0:00:00.004129140  2476 0x1d41320 TRACE   GST_REFCOUNTING gstobject.c:208:gst_object_init: 0x1d60d60 new
0:00:00.004136497  2476 0x1d41320 TRACE   GST_REFCOUNTING gstminiobject.c:479:gst_mini_object_ref: 0x1d60be0 ref 2->3
0:00:00.004147001  2476 0x1d41320 TRACE   GST_REFCOUNTING gstminiobject.c:661:gst_mini_object_unref: 0x1d60be0 unref 3->2
0:00:00.004153980  2476 0x1d41320 TRACE   GST_REFCOUNTING gstobject.c:294:gst_object_ref_sink: 0x1d60d60 ref_sink 1->2
0:00:00.004160103  2476 0x1d41320 TRACE   GST_CAPS gstcaps.c:263:gst_caps_new_empty: created caps 0x1d60cd0
0:00:00.004165989  2476 0x1d41320 TRACE   GST_CAPS gstcaps.c:440:gst_static_caps_get: created 0x7f9043719658 from string ANY
0:00:00.004171952  2476 0x1d41320 TRACE   GST_REFCOUNTING gstminiobject.c:479:gst_mini_object_ref: 0x1d60cd0 ref 1->2
0:00:00.004179168  2476 0x1d41320 TRACE   GST_REFCOUNTING gstobject.c:208:gst_object_init: 0x1d60e00 new
0:00:00.004186117  2476 0x1d41320 TRACE   GST_REFCOUNTING gstminiobject.c:479:gst_mini_object_ref: 0x1d60cd0 ref 2->3
0:00:00.004193235  2476 0x1d41320 TRACE   GST_REFCOUNTING gstminiobject.c:661:gst_mini_object_unref: 0x1d60cd0 unref 3->2
0:00:00.004199794  2476 0x1d41320 TRACE   GST_REFCOUNTING gstobject.c:294:gst_object_ref_sink: 0x1d60e00 ref_sink 1->2
0:00:00.004207041  2476 0x1d41320 TRACE   structure gststructure.c:292:gst_structure_new_id_empty_with_size: created structure 0x1d60f90
0:00:00.004213595  2476 0x1d41320 TRACE   GST_PERFORMANCE gststructure.c:512:gst_structure_copy: doing copy 0x1d60a80 -> 0x1d60f90
0:00:00.004221654  2476 0x1d41320 DEBUG   GST_REGISTRY gstregistry.c:590:gst_registry_add_feature: adding feature 0x1d60620 (concat)
0:00:00.004227368  2476 0x1d41320 DEBUG   GST_REFCOUNTING gstobject.c:709:gst_object_set_parent: set parent (ref and sink)
0:00:00.004234223  2476 0x1d41320 TRACE   GST_REFCOUNTING gstobject.c:294:gst_object_ref_sink: 0x1d60620 ref_sink 1->2
0:00:00.004240646  2476 0x1d41320 LOG   GST_REGISTRY gstregistry.c:608:gst_registry_add_feature: emitting feature-added for concat
0:00:00.004258198  2476 0x1d41320 TRACE   GST_REFCOUNTING gstobject.c:208:gst_object_init: 0x1d61520 new
0:00:00.004266721  2476 0x1d41320 LOG   GST_ELEMENT_FACTORY gstelementfactory.c:240:gst_element_register: Created new elementfactory for type GstDataURISrc
0:00:00.004280900  2476 0x1d41320 TRACE   structure gststructure.c:292:gst_structure_new_id_empty_with_size: created structure 0x1d61ac0
0:00:00.004286945  2476 0x1d41320 TRACE   GST_PERFORMANCE gststructure.c:512:gst_structure_copy: doing copy 0x1d47b40 -> 0x1d61ac0
0:00:00.004293441  2476 0x1d41320 DEBUG   GST_ELEMENT_PADS gstelement.c:312:gst_element_base_class_init: type GstBaseSrc : factory (nil)
0:00:00.004315638  2476 0x1d41320 TRACE   structure gststructure.c:292:gst_structure_new_id_empty_with_size: created structure 0x1d5a2a0
0:00:00.004321967  2476 0x1d41320 TRACE   GST_PERFORMANCE gststructure.c:512:gst_structure_copy: doing copy 0x1d61ac0 -> 0x1d5a2a0
0:00:00.004328723  2476 0x1d41320 DEBUG   GST_ELEMENT_PADS gstelement.c:312:gst_element_base_class_init: type GstDataURISrc : factory 0x1d61520
0:00:00.004336569  2476 0x1d41320 TRACE   GST_CAPS gstcaps.c:263:gst_caps_new_empty: created caps 0x1d62950
0:00:00.004342900  2476 0x1d41320 TRACE   GST_CAPS gstcaps.c:440:gst_static_caps_get: created 0x7f90437196a0 from string ANY
0:00:00.004348966  2476 0x1d41320 TRACE   GST_REFCOUNTING gstminiobject.c:479:gst_mini_object_ref: 0x1d62950 ref 1->2
0:00:00.004356469  2476 0x1d41320 TRACE   GST_REFCOUNTING gstobject.c:208:gst_object_init: 0x1d629a0 new
0:00:00.004363655  2476 0x1d41320 TRACE   GST_REFCOUNTING gstminiobject.c:479:gst_mini_object_ref: 0x1d62950 ref 2->3
0:00:00.004371151  2476 0x1d41320 TRACE   GST_REFCOUNTING gstminiobject.c:661:gst_mini_object_unref: 0x1d62950 unref 3->2
0:00:00.004378138  2476 0x1d41320 TRACE   GST_REFCOUNTING gstobject.c:294:gst_object_ref_sink: 0x1d629a0 ref_sink 1->2
0:00:00.004388901  2476 0x1d41320 TRACE   structure gststructure.c:292:gst_structure_new_id_empty_with_size: created structure 0x1d62b50
0:00:00.004395094  2476 0x1d41320 TRACE   GST_PERFORMANCE gststructure.c:512:gst_structure_copy: doing copy 0x1d5a2a0 -> 0x1d62b50
0:00:00.004408104  2476 0x1d41320 DEBUG   GST_REGISTRY gstregistry.c:590:gst_registry_add_feature: adding feature 0x1d61520 (dataurisrc)
0:00:00.004414450  2476 0x1d41320 DEBUG   GST_REFCOUNTING gstobject.c:709:gst_object_set_parent: set parent (ref and sink)
0:00:00.004435103  2476 0x1d41320 TRACE   GST_REFCOUNTING gstobject.c:294:gst_object_ref_sink: 0x1d61520 ref_sink 1->2
0:00:00.004441765  2476 0x1d41320 LOG   GST_REGISTRY gstregistry.c:608:gst_registry_add_feature: emitting feature-added for dataurisrc
0:00:00.004453006  2476 0x1d41320 TRACE   GST_REFCOUNTING gstobject.c:208:gst_object_init: 0x1d62fd0 new
0:00:00.004461862  2476 0x1d41320 LOG   GST_ELEMENT_FACTORY gstelementfactory.c:240:gst_element_register: Created new elementfactory for type GstDownloadBuffer
0:00:00.004468892  2476 0x1d41320 TRACE   structure gststructure.c:292:gst_structure_new_id_empty_with_size: created structure 0x1d63500
0:00:00.004479548  2476 0x1d41320 TRACE   GST_PERFORMANCE gststructure.c:512:gst_structure_copy: doing copy 0x1d47b40 -> 0x1d63500
0:00:00.004486267  2476 0x1d41320 DEBUG   GST_ELEMENT_PADS gstelement.c:312:gst_element_base_class_init: type GstDownloadBuffer : factory 0x1d62fd0
0:00:00.004500692  2476 0x1d41320 TRACE   GST_CAPS gstcaps.c:263:gst_caps_new_empty: created caps 0x1d632c0
0:00:00.004506752  2476 0x1d41320 TRACE   GST_CAPS gstcaps.c:440:gst_static_caps_get: created 0x7f90437196f0 from string ANY
0:00:00.004512987  2476 0x1d41320 TRACE   GST_REFCOUNTING gstminiobject.c:479:gst_mini_object_ref: 0x1d632c0 ref 1->2
0:00:00.004520487  2476 0x1d41320 TRACE   GST_REFCOUNTING gstobject.c:208:gst_object_init: 0x1d63140 new
0:00:00.004527614  2476 0x1d41320 TRACE   GST_REFCOUNTING gstminiobject.c:479:gst_mini_object_ref: 0x1d632c0 ref 2->3
0:00:00.004534891  2476 0x1d41320 TRACE   GST_REFCOUNTING gstminiobject.c:661:gst_mini_object_unref: 0x1d632c0 unref 3->2
0:00:00.004547699  2476 0x1d41320 TRACE   GST_REFCOUNTING gstobject.c:294:gst_object_ref_sink: 0x1d63140 ref_sink 1->2
0:00:00.004554521  2476 0x1d41320 TRACE   GST_CAPS gstcaps.c:263:gst_caps_new_empty: created caps 0x1d63a60
0:00:00.004560790  2476 0x1d41320 TRACE   GST_CAPS gstcaps.c:440:gst_static_caps_get: created 0x7f9043719730 from string ANY
0:00:00.004566727  2476 0x1d41320 TRACE   GST_REFCOUNTING gstminiobject.c:479:gst_mini_object_ref: 0x1d63a60 ref 1->2
0:00:00.004573777  2476 0x1d41320 TRACE   GST_REFCOUNTING gstobject.c:208:gst_object_init: 0x1d63990 new
0:00:00.004580598  2476 0x1d41320 TRACE   GST_REFCOUNTING gstminiobject.c:479:gst_mini_object_ref: 0x1d63a60 ref 2->3
0:00:00.004587720  2476 0x1d41320 TRACE   GST_REFCOUNTING gstminiobject.c:661:gst_mini_object_unref: 0x1d63a60 unref 3->2
0:00:00.004594504  2476 0x1d41320 TRACE   GST_REFCOUNTING gstobject.c:294:gst_object_ref_sink: 0x1d63990 ref_sink 1->2
0:00:00.004602570  2476 0x1d41320 TRACE   structure gststructure.c:292:gst_structure_new_id_empty_with_size: created structure 0x1d63c20
0:00:00.004612224  2476 0x1d41320 TRACE   GST_PERFORMANCE gststructure.c:512:gst_structure_copy: doing copy 0x1d63500 -> 0x1d63c20
0:00:00.004620721  2476 0x1d41320 DEBUG   GST_REGISTRY gstregistry.c:590:gst_registry_add_feature: adding feature 0x1d62fd0 (downloadbuffer)
0:00:00.004627109  2476 0x1d41320 DEBUG   GST_REFCOUNTING gstobject.c:709:gst_object_set_parent: set parent (ref and sink)
0:00:00.004633864  2476 0x1d41320 TRACE   GST_REFCOUNTING gstobject.c:294:gst_object_ref_sink: 0x1d62fd0 ref_sink 1->2
0:00:00.004640338  2476 0x1d41320 LOG   GST_REGISTRY gstregistry.c:608:gst_registry_add_feature: emitting feature-added for downloadbuffer
0:00:00.004650950  2476 0x1d41320 TRACE   GST_REFCOUNTING gstobject.c:208:gst_object_init: 0x1d64010 new
0:00:00.004663858  2476 0x1d41320 LOG   GST_ELEMENT_FACTORY gstelementfactory.c:240:gst_element_register: Created new elementfactory for type GstFakeSrc
0:00:00.004671041  2476 0x1d41320 TRACE   structure gststructure.c:292:gst_structure_new_id_empty_with_size: created structure 0x1d646b0
0:00:00.004677029  2476 0x1d41320 TRACE   GST_PERFORMANCE gststructure.c:512:gst_structure_copy: doing copy 0x1d61ac0 -> 0x1d646b0
0:00:00.004683587  2476 0x1d41320 DEBUG   GST_ELEMENT_PADS gstelement.c:312:gst_element_base_class_init: type GstFakeSrc : factory 0x1d64010
0:00:00.004719541  2476 0x1d41320 TRACE   GST_CAPS gstcaps.c:263:gst_caps_new_empty: created caps 0x1d65420
0:00:00.004726062  2476 0x1d41320 TRACE   GST_CAPS gstcaps.c:440:gst_static_caps_get: created 0x7f90437197b0 from string ANY
0:00:00.004732019  2476 0x1d41320 TRACE   GST_REFCOUNTING gstminiobject.c:479:gst_mini_object_ref: 0x1d65420 ref 1->2
0:00:00.004739410  2476 0x1d41320 TRACE   GST_REFCOUNTING gstobject.c:208:gst_object_init: 0x1d655a0 new
0:00:00.004747365  2476 0x1d41320 TRACE   GST_REFCOUNTING gstminiobject.c:479:gst_mini_object_ref: 0x1d65420 ref 2->3
0:00:00.004754688  2476 0x1d41320 TRACE   GST_REFCOUNTING gstminiobject.c:661:gst_mini_object_unref: 0x1d65420 unref 3->2
0:00:00.004761125  2476 0x1d41320 TRACE   GST_REFCOUNTING gstobject.c:294:gst_object_ref_sink: 0x1d655a0 ref_sink 1->2
0:00:00.004769417  2476 0x1d41320 TRACE   structure gststructure.c:292:gst_structure_new_id_empty_with_size: created structure 0x1d65800
0:00:00.004775658  2476 0x1d41320 TRACE   GST_PERFORMANCE gststructure.c:512:gst_structure_copy: doing copy 0x1d646b0 -> 0x1d65800
0:00:00.004783836  2476 0x1d41320 DEBUG   GST_REGISTRY gstregistry.c:590:gst_registry_add_feature: adding feature 0x1d64010 (fakesrc)
0:00:00.004789892  2476 0x1d41320 DEBUG   GST_REFCOUNTING gstobject.c:709:gst_object_set_parent: set parent (ref and sink)
0:00:00.004796637  2476 0x1d41320 TRACE   GST_REFCOUNTING gstobject.c:294:gst_object_ref_sink: 0x1d64010 ref_sink 1->2
0:00:00.004802992  2476 0x1d41320 LOG   GST_REGISTRY gstregistry.c:608:gst_registry_add_feature: emitting feature-added for fakesrc
0:00:00.004819876  2476 0x1d41320 TRACE   GST_REFCOUNTING gstobject.c:208:gst_object_init: 0x1d65b60 new
0:00:00.004828370  2476 0x1d41320 LOG   GST_ELEMENT_FACTORY gstelementfactory.c:240:gst_element_register: Created new elementfactory for type GstFakeSink
0:00:00.004838090  2476 0x1d41320 TRACE   structure gststructure.c:292:gst_structure_new_id_empty_with_size: created structure 0x1d661f0
0:00:00.004844048  2476 0x1d41320 TRACE   GST_PERFORMANCE gststructure.c:512:gst_structure_copy: doing copy 0x1d47b40 -> 0x1d661f0
0:00:00.004850572  2476 0x1d41320 DEBUG   GST_ELEMENT_PADS gstelement.c:312:gst_element_base_class_init: type GstBaseSink : factory (nil)
0:00:00.004879127  2476 0x1d41320 TRACE   structure gststructure.c:292:gst_structure_new_id_empty_with_size: created structure 0x1d66ea0
0:00:00.004889562  2476 0x1d41320 TRACE   GST_PERFORMANCE gststructure.c:512:gst_structure_copy: doing copy 0x1d661f0 -> 0x1d66ea0
0:00:00.004895879  2476 0x1d41320 DEBUG   GST_ELEMENT_PADS gstelement.c:312:gst_element_base_class_init: type GstFakeSink : factory 0x1d65b60
0:00:00.004917212  2476 0x1d41320 TRACE   GST_CAPS gstcaps.c:263:gst_caps_new_empty: created caps 0x1d653c0
0:00:00.004923498  2476 0x1d41320 TRACE   GST_CAPS gstcaps.c:440:gst_static_caps_get: created 0x7f9043719770 from string ANY
0:00:00.004929251  2476 0x1d41320 TRACE   GST_REFCOUNTING gstminiobject.c:479:gst_mini_object_ref: 0x1d653c0 ref 1->2
0:00:00.004936461  2476 0x1d41320 TRACE   GST_REFCOUNTING gstobject.c:208:gst_object_init: 0x1d67ac0 new
0:00:00.004943867  2476 0x1d41320 TRACE   GST_REFCOUNTING gstminiobject.c:479:gst_mini_object_ref: 0x1d653c0 ref 2->3
0:00:00.004950804  2476 0x1d41320 TRACE   GST_REFCOUNTING gstminiobject.c:661:gst_mini_object_unref: 0x1d653c0 unref 3->2
0:00:00.004957141  2476 0x1d41320 TRACE   GST_REFCOUNTING gstobject.c:294:gst_object_ref_sink: 0x1d67ac0 ref_sink 1->2
0:00:00.004964321  2476 0x1d41320 TRACE   structure gststructure.c:292:gst_structure_new_id_empty_with_size: created structure 0x1d67c50
0:00:00.004970339  2476 0x1d41320 TRACE   GST_PERFORMANCE gststructure.c:512:gst_structure_copy: doing copy 0x1d66ea0 -> 0x1d67c50
0:00:00.004978045  2476 0x1d41320 DEBUG   GST_REGISTRY gstregistry.c:590:gst_registry_add_feature: adding feature 0x1d65b60 (fakesink)
0:00:00.004983775  2476 0x1d41320 DEBUG   GST_REFCOUNTING gstobject.c:709:gst_object_set_parent: set parent (ref and sink)
0:00:00.004990015  2476 0x1d41320 TRACE   GST_REFCOUNTING gstobject.c:294:gst_object_ref_sink: 0x1d65b60 ref_sink 1->2
0:00:00.004998845  2476 0x1d41320 LOG   GST_REGISTRY gstregistry.c:608:gst_registry_add_feature: emitting feature-added for fakesink
0:00:00.005016628  2476 0x1d41320 TRACE   GST_REFCOUNTING gstobject.c:208:gst_object_init: 0x1d681b0 new
0:00:00.005024825  2476 0x1d41320 LOG   GST_ELEMENT_FACTORY gstelementfactory.c:240:gst_element_register: Created new elementfactory for type GstFdSrc
0:00:00.005031540  2476 0x1d41320 TRACE   structure gststructure.c:292:gst_structure_new_id_empty_with_size: created structure 0x1d68770
0:00:00.005037033  2476 0x1d41320 TRACE   GST_PERFORMANCE gststructure.c:512:gst_structure_copy: doing copy 0x1d61ac0 -> 0x1d68770
0:00:00.005043017  2476 0x1d41320 DEBUG   GST_ELEMENT_PADS gstelement.c:312:gst_element_base_class_init: type GstPushSrc : factory (nil)
0:00:00.005049801  2476 0x1d41320 TRACE   structure gststructure.c:292:gst_structure_new_id_empty_with_size: created structure 0x1d68c10
0:00:00.005055258  2476 0x1d41320 TRACE   GST_PERFORMANCE gststructure.c:512:gst_structure_copy: doing copy 0x1d68770 -> 0x1d68c10
0:00:00.005061092  2476 0x1d41320 DEBUG   GST_ELEMENT_PADS gstelement.c:312:gst_element_base_class_init: type GstFdSrc : factory 0x1d681b0
0:00:00.005075132  2476 0x1d41320 TRACE   GST_CAPS gstcaps.c:263:gst_caps_new_empty: created caps 0x1d68340
0:00:00.005084298  2476 0x1d41320 TRACE   GST_CAPS gstcaps.c:440:gst_static_caps_get: created 0x7f9043719840 from string ANY
0:00:00.005090229  2476 0x1d41320 TRACE   GST_REFCOUNTING gstminiobject.c:479:gst_mini_object_ref: 0x1d68340 ref 1->2
0:00:00.005097393  2476 0x1d41320 TRACE   GST_REFCOUNTING gstobject.c:208:gst_object_init: 0x1d68f30 new
0:00:00.005104653  2476 0x1d41320 TRACE   GST_REFCOUNTING gstminiobject.c:479:gst_mini_object_ref: 0x1d68340 ref 2->3
0:00:00.005111523  2476 0x1d41320 TRACE   GST_REFCOUNTING gstminiobject.c:661:gst_mini_object_unref: 0x1d68340 unref 3->2
0:00:00.005117724  2476 0x1d41320 TRACE   GST_REFCOUNTING gstobject.c:294:gst_object_ref_sink: 0x1d68f30 ref_sink 1->2
0:00:00.005135617  2476 0x1d41320 TRACE   structure gststructure.c:292:gst_structure_new_id_empty_with_size: created structure 0x1d61f00
0:00:00.005142460  2476 0x1d41320 TRACE   GST_PERFORMANCE gststructure.c:512:gst_structure_copy: doing copy 0x1d68c10 -> 0x1d61f00
0:00:00.005151463  2476 0x1d41320 DEBUG   GST_REGISTRY gstregistry.c:590:gst_registry_add_feature: adding feature 0x1d681b0 (fdsrc)
0:00:00.005158442  2476 0x1d41320 DEBUG   GST_REFCOUNTING gstobject.c:709:gst_object_set_parent: set parent (ref and sink)
0:00:00.005164807  2476 0x1d41320 TRACE   GST_REFCOUNTING gstobject.c:294:gst_object_ref_sink: 0x1d681b0 ref_sink 1->2
0:00:00.005170876  2476 0x1d41320 LOG   GST_REGISTRY gstregistry.c:608:gst_registry_add_feature: emitting feature-added for fdsrc
0:00:00.005181698  2476 0x1d41320 TRACE   GST_REFCOUNTING gstobject.c:208:gst_object_init: 0x1d62420 new
0:00:00.005190039  2476 0x1d41320 LOG   GST_ELEMENT_FACTORY gstelementfactory.c:240:gst_element_register: Created new elementfactory for type GstFdSink
0:00:00.005196895  2476 0x1d41320 TRACE   structure gststructure.c:292:gst_structure_new_id_empty_with_size: created structure 0x1d626b0
0:00:00.005202636  2476 0x1d41320 TRACE   GST_PERFORMANCE gststructure.c:512:gst_structure_copy: doing copy 0x1d661f0 -> 0x1d626b0
