0:00:00.020084034  2466 0x1d4c320 DEBUG   GST_POLL gstpoll.c:980:gst_poll_fd_ctl_write: 0x1d549c0: fd (fd:0, idx:1), active : 1
0:00:00.025754280  2465 0x385370 LOG   GST_REGISTRY gstregistry.c:608:gst_registry_add_feature: emitting feature-added for identity
0:00:00.020095087  2466 0x1d4c320 LOG   GST_POLL gstpoll.c:994:gst_poll_fd_ctl_write: 0x1d549c0: pfd->events now 60 (POLLOUT:4)
0:00:00.025766961  2465 0x385370 DEBUG   GST_REGISTRY gstregistrychunks.c:742:gst_registry_chunks_load_feature: Added feature identity, plugin 0x3a0580 coreelements
0:00:00.020124852  2466 0x1d4c320 DEBUG   GST_POLL gstpoll.c:980:gst_poll_fd_ctl_write: 0x1d549c0: fd (fd:0, idx:1), active : 1
0:00:00.025791378  2465 0x385370 DEBUG   GST_REGISTRY gstregistrychunks.c:584:gst_registry_chunks_load_feature: Plugin 'coreelements' feature 'funnel' typename : 'GstElementFactory'
0:00:00.020136427  2466 0x1d4c320 LOG   GST_POLL gstpoll.c:994:gst_poll_fd_ctl_write: 0x1d549c0: pfd->events now 60 (POLLOUT:4)
0:00:00.025806253  2465 0x385370 TRACE   GST_REFCOUNTING gstobject.c:208:gst_object_init: 0x3a4ed0 new
0:00:00.020147100  2466 0x1d4c320 DEBUG   GST_POLL gstpoll.c:980:gst_poll_fd_ctl_write: 0x1d549c0: fd (fd:0, idx:1), active : 1
0:00:00.025821437  2465 0x385370 LOG   GST_REGISTRY gstregistrychunks.c:611:gst_registry_chunks_load_feature: Reading/casting for GstRegistryChunkElementFactory at address 0x3a1a28
0:00:00.020158685  2466 0x1d4c320 LOG   GST_POLL gstpoll.c:994:gst_poll_fd_ctl_write: 0x1d549c0: pfd->events now 60 (POLLOUT:4)
0:00:00.025832874  2465 0x385370 TRACE   structure gststructure.c:292:gst_structure_new_id_empty_with_size: created structure 0x3a5090
0:00:00.020171801  2466 0x1d4c320 DEBUG   GST_POLL gstpoll.c:980:gst_poll_fd_ctl_write: 0x1d549c0: fd (fd:0, idx:1), active : 1
0:00:00.025843247  2465 0x385370 DEBUG   structure gststructure.c:2258:gst_structure_parse_field: trying field name 'long-name'
0:00:00.020183212  2466 0x1d4c320 LOG   GST_POLL gstpoll.c:994:gst_poll_fd_ctl_write: 0x1d549c0: pfd->events now 60 (POLLOUT:4)
0:00:00.025853635  2465 0x385370 DEBUG   default gstvalue.c:2776:_priv_gst_value_parse_value: trying type name 'string'
0:00:00.020195730  2466 0x1d4c320 DEBUG   GST_POLL gstpoll.c:980:gst_poll_fd_ctl_write: 0x1d549c0: fd (fd:0, idx:1), active : 1
0:00:00.025866006  2465 0x385370 DEBUG   structure gststructure.c:2258:gst_structure_parse_field: trying field name 'klass'
0:00:00.020206438  2466 0x1d4c320 LOG   GST_POLL gstpoll.c:994:gst_poll_fd_ctl_write: 0x1d549c0: pfd->events now 60 (POLLOUT:4)
0:00:00.025876193  2465 0x385370 DEBUG   default gstvalue.c:2776:_priv_gst_value_parse_value: trying type name 'string'
0:00:00.020219341  2466 0x1d4c320 DEBUG   GST_POLL gstpoll.c:980:gst_poll_fd_ctl_write: 0x1d549c0: fd (fd:0, idx:1), active : 1
0:00:00.025901563  2465 0x385370 DEBUG   structure gststructure.c:2258:gst_structure_parse_field: trying field name 'description'
0:00:00.025913277  2465 0x385370 DEBUG   default gstvalue.c:2776:_priv_gst_value_parse_value: trying type name 'string'
0:00:00.020251538  2466 0x1d4c320 LOG   GST_POLL gstpoll.c:994:gst_poll_fd_ctl_write: 0x1d549c0: pfd->events now 60 (POLLOUT:4)
0:00:00.025924734  2465 0x385370 DEBUG   structure gststructure.c:2258:gst_structure_parse_field: trying field name 'author'
0:00:00.020264732  2466 0x1d4c320 DEBUG   GST_POLL gstpoll.c:980:gst_poll_fd_ctl_write: 0x1d549c0: fd (fd:0, idx:1), active : 1
0:00:00.025934116  2465 0x385370 DEBUG   default gstvalue.c:2776:_priv_gst_value_parse_value: trying type name 'string'
0:00:00.020283636  2466 0x1d4c320 LOG   GST_POLL gstpoll.c:994:gst_poll_fd_ctl_write: 0x1d549c0: pfd->events now 60 (POLLOUT:4)
0:00:00.025951792  2465 0x385370 DEBUG   GST_REGISTRY gstregistrychunks.c:627:gst_registry_chunks_load_feature: Element factory : npadtemplates=2
0:00:00.020295394  2466 0x1d4c320 DEBUG   GST_POLL gstpoll.c:980:gst_poll_fd_ctl_write: 0x1d549c0: fd (fd:0, idx:1), active : 1
0:00:00.025962370  2465 0x385370 DEBUG   GST_REGISTRY gstregistrychunks.c:527:gst_registry_chunks_load_pad_template: Reading/casting for GstRegistryChunkPadTemplate at address 0x3a1b00
0:00:00.020306957  2466 0x1d4c320 LOG   GST_POLL gstpoll.c:994:gst_poll_fd_ctl_write: 0x1d549c0: pfd->events now 60 (POLLOUT:4)
0:00:00.025973360  2465 0x385370 DEBUG   GST_REGISTRY gstregistrychunks.c:540:gst_registry_chunks_load_pad_template: Added pad_template src
0:00:00.020318838  2466 0x1d4c320 DEBUG   GST_POLL gstpoll.c:980:gst_poll_fd_ctl_write: 0x1d549c0: fd (fd:0, idx:1), active : 1
0:00:00.025983180  2465 0x385370 DEBUG   GST_REGISTRY gstregistrychunks.c:527:gst_registry_chunks_load_pad_template: Reading/casting for GstRegistryChunkPadTemplate at address 0x3a1b10
0:00:00.020329753  2466 0x1d4c320 LOG   GST_POLL gstpoll.c:994:gst_poll_fd_ctl_write: 0x1d549c0: pfd->events now 60 (POLLOUT:4)
0:00:00.025995601  2465 0x385370 DEBUG   GST_REGISTRY gstregistrychunks.c:540:gst_registry_chunks_load_pad_template: Added pad_template sink_%u
0:00:00.020341417  2466 0x1d4c320 DEBUG   GST_POLL gstpoll.c:980:gst_poll_fd_ctl_write: 0x1d549c0: fd (fd:0, idx:1), active : 1
0:00:00.026010681  2465 0x385370 DEBUG   GST_REGISTRY gstregistry.c:590:gst_registry_add_feature: adding feature 0x3a4ed0 (funnel)
0:00:00.020351501  2466 0x1d4c320 LOG   GST_POLL gstpoll.c:994:gst_poll_fd_ctl_write: 0x1d549c0: pfd->events now 60 (POLLOUT:4)
0:00:00.026022649  2465 0x385370 DEBUG   GST_REFCOUNTING gstobject.c:709:gst_object_set_parent: set parent (ref and sink)
0:00:00.020363426  2466 0x1d4c320 DEBUG   GST_POLL gstpoll.c:980:gst_poll_fd_ctl_write: 0x1d549c0: fd (fd:0, idx:1), active : 1
0:00:00.026036909  2465 0x385370 TRACE   GST_REFCOUNTING gstobject.c:294:gst_object_ref_sink: 0x3a4ed0 ref_sink 1->2
0:00:00.020374631  2466 0x1d4c320 LOG   GST_POLL gstpoll.c:994:gst_poll_fd_ctl_write: 0x1d549c0: pfd->events now 60 (POLLOUT:4)
0:00:00.026049312  2465 0x385370 LOG   GST_REGISTRY gstregistry.c:608:gst_registry_add_feature: emitting feature-added for funnel
0:00:00.020387786  2466 0x1d4c320 DEBUG   GST_POLL gstpoll.c:980:gst_poll_fd_ctl_write: 0x1d549c0: fd (fd:0, idx:1), active : 1
0:00:00.026061846  2465 0x385370 DEBUG   GST_REGISTRY gstregistrychunks.c:742:gst_registry_chunks_load_feature: Added feature funnel, plugin 0x3a0580 coreelements
0:00:00.020398782  2466 0x1d4c320 LOG   GST_POLL gstpoll.c:994:gst_poll_fd_ctl_write: 0x1d549c0: pfd->events now 60 (POLLOUT:4)
0:00:00.026074132  2465 0x385370 DEBUG   GST_REGISTRY gstregistrychunks.c:584:gst_registry_chunks_load_feature: Plugin 'coreelements' feature 'filesrc' typename : 'GstElementFactory'
0:00:00.020419278  2466 0x1d4c320 DEBUG   GST_POLL gstpoll.c:980:gst_poll_fd_ctl_write: 0x1d549c0: fd (fd:0, idx:1), active : 1
0:00:00.026089940  2465 0x385370 TRACE   GST_REFCOUNTING gstobject.c:208:gst_object_init: 0x3a4dd0 new
0:00:00.020429476  2466 0x1d4c320 LOG   GST_POLL gstpoll.c:994:gst_poll_fd_ctl_write: 0x1d549c0: pfd->events now 60 (POLLOUT:4)
0:00:00.026104755  2465 0x385370 LOG   GST_REGISTRY gstregistrychunks.c:611:gst_registry_chunks_load_feature: Reading/casting for GstRegistryChunkElementFactory at address 0x3a1b40
0:00:00.020441414  2466 0x1d4c320 DEBUG   GST_POLL gstpoll.c:980:gst_poll_fd_ctl_write: 0x1d549c0: fd (fd:0, idx:1), active : 1
0:00:00.026116047  2465 0x385370 TRACE   structure gststructure.c:292:gst_structure_new_id_empty_with_size: created structure 0x3a5500
0:00:00.020454365  2466 0x1d4c320 LOG   GST_POLL gstpoll.c:994:gst_poll_fd_ctl_write: 0x1d549c0: pfd->events now 60 (POLLOUT:4)
0:00:00.026126663  2465 0x385370 DEBUG   structure gststructure.c:2258:gst_structure_parse_field: trying field name 'long-name'
0:00:00.020465884  2466 0x1d4c320 DEBUG   GST_POLL gstpoll.c:980:gst_poll_fd_ctl_write: 0x1d549c0: fd (fd:0, idx:1), active : 1
0:00:00.026136416  2465 0x385370 DEBUG   default gstvalue.c:2776:_priv_gst_value_parse_value: trying type name 'string'
0:00:00.020477337  2466 0x1d4c320 LOG   GST_POLL gstpoll.c:994:gst_poll_fd_ctl_write: 0x1d549c0: pfd->events now 60 (POLLOUT:4)
0:00:00.026148699  2465 0x385370 DEBUG   structure gststructure.c:2258:gst_structure_parse_field: trying field name 'klass'
0:00:00.020489471  2466 0x1d4c320 DEBUG   GST_POLL gstpoll.c:980:gst_poll_fd_ctl_write: 0x1d549c0: fd (fd:0, idx:1), active : 1
0:00:00.026158496  2465 0x385370 DEBUG   default gstvalue.c:2776:_priv_gst_value_parse_value: trying type name 'string'
0:00:00.020501224  2466 0x1d4c320 LOG   GST_POLL gstpoll.c:994:gst_poll_fd_ctl_write: 0x1d549c0: pfd->events now 60 (POLLOUT:4)
0:00:00.026171338  2465 0x385370 DEBUG   structure gststructure.c:2258:gst_structure_parse_field: trying field name 'description'
0:00:00.020513173  2466 0x1d4c320 DEBUG   GST_POLL gstpoll.c:980:gst_poll_fd_ctl_write: 0x1d549c0: fd (fd:0, idx:1), active : 1
0:00:00.026181687  2465 0x385370 DEBUG   default gstvalue.c:2776:_priv_gst_value_parse_value: trying type name 'string'
0:00:00.020524712  2466 0x1d4c320 LOG   GST_POLL gstpoll.c:994:gst_poll_fd_ctl_write: 0x1d549c0: pfd->events now 60 (POLLOUT:4)
0:00:00.026195262  2465 0x385370 DEBUG   structure gststructure.c:2258:gst_structure_parse_field: trying field name 'author'
0:00:00.020536417  2466 0x1d4c320 DEBUG   GST_POLL gstpoll.c:980:gst_poll_fd_ctl_write: 0x1d549c0: fd (fd:0, idx:1), active : 1
0:00:00.026205616  2465 0x385370 DEBUG   default gstvalue.c:2776:_priv_gst_value_parse_value: trying type name 'string'
0:00:00.020548332  2466 0x1d4c320 LOG   GST_POLL gstpoll.c:994:gst_poll_fd_ctl_write: 0x1d549c0: pfd->events now 60 (POLLOUT:4)
0:00:00.026226532  2465 0x385370 DEBUG   GST_REGISTRY gstregistrychunks.c:627:gst_registry_chunks_load_feature: Element factory : npadtemplates=1
0:00:00.020563874  2466 0x1d4c320 DEBUG   GST_POLL gstpoll.c:980:gst_poll_fd_ctl_write: 0x1d549c0: fd (fd:0, idx:1), active : 1
0:00:00.026237081  2465 0x385370 DEBUG   GST_REGISTRY gstregistrychunks.c:527:gst_registry_chunks_load_pad_template: Reading/casting for GstRegistryChunkPadTemplate at address 0x3a1c20
0:00:00.020575897  2466 0x1d4c320 LOG   GST_POLL gstpoll.c:994:gst_poll_fd_ctl_write: 0x1d549c0: pfd->events now 60 (POLLOUT:4)
0:00:00.026247982  2465 0x385370 DEBUG   GST_REGISTRY gstregistrychunks.c:540:gst_registry_chunks_load_pad_template: Added pad_template src
0:00:00.020587901  2466 0x1d4c320 DEBUG   GST_POLL gstpoll.c:980:gst_poll_fd_ctl_write: 0x1d549c0: fd (fd:0, idx:1), active : 1
0:00:00.026259106  2465 0x385370 DEBUG   GST_REGISTRY gstregistrychunks.c:640:gst_registry_chunks_load_feature: Reading 1 UriTypes at address 0x3a1c30
0:00:00.020599141  2466 0x1d4c320 LOG   GST_POLL gstpoll.c:994:gst_poll_fd_ctl_write: 0x1d549c0: pfd->events now 60 (POLLOUT:4)
0:00:00.026271475  2465 0x385370 DEBUG   GST_REGISTRY gstregistrychunks.c:655:gst_registry_chunks_load_feature: Reading 1 Interfaces at address 0x3a1c39
0:00:00.020611091  2466 0x1d4c320 DEBUG   GST_POLL gstpoll.c:980:gst_poll_fd_ctl_write: 0x1d549c0: fd (fd:0, idx:1), active : 1
0:00:00.020627202  2466 0x1d4c320 LOG   GST_POLL gstpoll.c:994:gst_poll_fd_ctl_write: 0x1d549c0: pfd->events now 60 (POLLOUT:4)
0:00:00.026292168  2465 0x385370 DEBUG   GST_REGISTRY gstregistry.c:590:gst_registry_add_feature: adding feature 0x3a4dd0 (filesrc)
0:00:00.020638798  2466 0x1d4c320 DEBUG   GST_POLL gstpoll.c:980:gst_poll_fd_ctl_write: 0x1d549c0: fd (fd:0, idx:1), active : 1
0:00:00.026304310  2465 0x385370 DEBUG   GST_REFCOUNTING gstobject.c:709:gst_object_set_parent: set parent (ref and sink)
0:00:00.020650049  2466 0x1d4c320 LOG   GST_POLL gstpoll.c:994:gst_poll_fd_ctl_write: 0x1d549c0: pfd->events now 60 (POLLOUT:4)
0:00:00.026318539  2465 0x385370 TRACE   GST_REFCOUNTING gstobject.c:294:gst_object_ref_sink: 0x3a4dd0 ref_sink 1->2
0:00:00.020661504  2466 0x1d4c320 DEBUG   GST_POLL gstpoll.c:980:gst_poll_fd_ctl_write: 0x1d549c0: fd (fd:0, idx:1), active : 1
0:00:00.026331967  2465 0x385370 LOG   GST_REGISTRY gstregistry.c:608:gst_registry_add_feature: emitting feature-added for filesrc
0:00:00.020672530  2466 0x1d4c320 LOG   GST_POLL gstpoll.c:994:gst_poll_fd_ctl_write: 0x1d549c0: pfd->events now 60 (POLLOUT:4)
0:00:00.026345129  2465 0x385370 DEBUG   GST_REGISTRY gstregistrychunks.c:742:gst_registry_chunks_load_feature: Added feature filesrc, plugin 0x3a0580 coreelements
0:00:00.020684495  2466 0x1d4c320 DEBUG   GST_POLL gstpoll.c:980:gst_poll_fd_ctl_write: 0x1d549c0: fd (fd:0, idx:1), active : 1
0:00:00.026357879  2465 0x385370 DEBUG   GST_REGISTRY gstregistrychunks.c:584:gst_registry_chunks_load_feature: Plugin 'coreelements' feature 'fdsink' typename : 'GstElementFactory'
0:00:00.020703557  2466 0x1d4c320 LOG   GST_POLL gstpoll.c:994:gst_poll_fd_ctl_write: 0x1d549c0: pfd->events now 60 (POLLOUT:4)
0:00:00.026374493  2465 0x385370 TRACE   GST_REFCOUNTING gstobject.c:208:gst_object_init: 0x3a5680 new
0:00:00.020714233  2466 0x1d4c320 DEBUG   GST_POLL gstpoll.c:980:gst_poll_fd_ctl_write: 0x1d549c0: fd (fd:0, idx:1), active : 1
0:00:00.020725136  2466 0x1d4c320 LOG   GST_POLL gstpoll.c:994:gst_poll_fd_ctl_write: 0x1d549c0: pfd->events now 60 (POLLOUT:4)
0:00:00.026389386  2465 0x385370 LOG   GST_REGISTRY gstregistrychunks.c:611:gst_registry_chunks_load_feature: Reading/casting for GstRegistryChunkElementFactory at address 0x3a1c60
0:00:00.020736596  2466 0x1d4c320 DEBUG   GST_POLL gstpoll.c:980:gst_poll_fd_ctl_write: 0x1d549c0: fd (fd:0, idx:1), active : 1
0:00:00.026402549  2465 0x385370 TRACE   structure gststructure.c:292:gst_structure_new_id_empty_with_size: created structure 0x3a5840
0:00:00.020747746  2466 0x1d4c320 LOG   GST_POLL gstpoll.c:994:gst_poll_fd_ctl_write: 0x1d549c0: pfd->events now 60 (POLLOUT:4)
0:00:00.026413663  2465 0x385370 DEBUG   structure gststructure.c:2258:gst_structure_parse_field: trying field name 'long-name'
0:00:00.020759397  2466 0x1d4c320 DEBUG   GST_POLL gstpoll.c:980:gst_poll_fd_ctl_write: 0x1d549c0: fd (fd:0, idx:1), active : 1
0:00:00.026424143  2465 0x385370 DEBUG   default gstvalue.c:2776:_priv_gst_value_parse_value: trying type name 'string'
0:00:00.020770350  2466 0x1d4c320 LOG   GST_POLL gstpoll.c:994:gst_poll_fd_ctl_write: 0x1d549c0: pfd->events now 60 (POLLOUT:4)
0:00:00.026437511  2465 0x385370 DEBUG   structure gststructure.c:2258:gst_structure_parse_field: trying field name 'klass'
0:00:00.020782475  2466 0x1d4c320 DEBUG   GST_POLL gstpoll.c:980:gst_poll_fd_ctl_write: 0x1d549c0: fd (fd:0, idx:1), active : 1
0:00:00.026448309  2465 0x385370 DEBUG   default gstvalue.c:2776:_priv_gst_value_parse_value: trying type name 'string'
0:00:00.020793384  2466 0x1d4c320 LOG   GST_POLL gstpoll.c:994:gst_poll_fd_ctl_write: 0x1d549c0: pfd->events now 60 (POLLOUT:4)
0:00:00.026460095  2465 0x385370 DEBUG   structure gststructure.c:2258:gst_structure_parse_field: trying field name 'description'
0:00:00.020805335  2466 0x1d4c320 DEBUG   GST_POLL gstpoll.c:980:gst_poll_fd_ctl_write: 0x1d549c0: fd (fd:0, idx:1), active : 1
0:00:00.026470684  2465 0x385370 DEBUG   default gstvalue.c:2776:_priv_gst_value_parse_value: trying type name 'string'
0:00:00.020816220  2466 0x1d4c320 LOG   GST_POLL gstpoll.c:994:gst_poll_fd_ctl_write: 0x1d549c0: pfd->events now 60 (POLLOUT:4)
0:00:00.026483315  2465 0x385370 DEBUG   structure gststructure.c:2258:gst_structure_parse_field: trying field name 'author'
0:00:00.020827990  2466 0x1d4c320 DEBUG   GST_POLL gstpoll.c:980:gst_poll_fd_ctl_write: 0x1d549c0: fd (fd:0, idx:1), active : 1
0:00:00.026501843  2465 0x385370 DEBUG   default gstvalue.c:2776:_priv_gst_value_parse_value: trying type name 'string'
0:00:00.020840464  2466 0x1d4c320 LOG   GST_POLL gstpoll.c:994:gst_poll_fd_ctl_write: 0x1d549c0: pfd->events now 60 (POLLOUT:4)
0:00:00.026514388  2465 0x385370 DEBUG   GST_REGISTRY gstregistrychunks.c:627:gst_registry_chunks_load_feature: Element factory : npadtemplates=1
0:00:00.020851649  2466 0x1d4c320 DEBUG   GST_POLL gstpoll.c:980:gst_poll_fd_ctl_write: 0x1d549c0: fd (fd:0, idx:1), active : 1
0:00:00.026524759  2465 0x385370 DEBUG   GST_REGISTRY gstregistrychunks.c:527:gst_registry_chunks_load_pad_template: Reading/casting for GstRegistryChunkPadTemplate at address 0x3a1d40
0:00:00.020863698  2466 0x1d4c320 LOG   GST_POLL gstpoll.c:994:gst_poll_fd_ctl_write: 0x1d549c0: pfd->events now 60 (POLLOUT:4)
0:00:00.026535349  2465 0x385370 DEBUG   GST_REGISTRY gstregistrychunks.c:540:gst_registry_chunks_load_pad_template: Added pad_template sink
0:00:00.020875824  2466 0x1d4c320 DEBUG   GST_POLL gstpoll.c:980:gst_poll_fd_ctl_write: 0x1d549c0: fd (fd:0, idx:1), active : 1
0:00:00.026546377  2465 0x385370 DEBUG   GST_REGISTRY gstregistrychunks.c:640:gst_registry_chunks_load_feature: Reading 1 UriTypes at address 0x3a1d51
0:00:00.020887035  2466 0x1d4c320 LOG   GST_POLL gstpoll.c:994:gst_poll_fd_ctl_write: 0x1d549c0: pfd->events now 60 (POLLOUT:4)
0:00:00.026558126  2465 0x385370 DEBUG   GST_REGISTRY gstregistrychunks.c:655:gst_registry_chunks_load_feature: Reading 1 Interfaces at address 0x3a1d5f
0:00:00.020899159  2466 0x1d4c320 DEBUG   GST_POLL gstpoll.c:980:gst_poll_fd_ctl_write: 0x1d549c0: fd (fd:0, idx:1), active : 1
0:00:00.026573138  2465 0x385370 DEBUG   GST_REGISTRY gstregistry.c:590:gst_registry_add_feature: adding feature 0x3a5680 (fdsink)
0:00:00.020910289  2466 0x1d4c320 LOG   GST_POLL gstpoll.c:994:gst_poll_fd_ctl_write: 0x1d549c0: pfd->events now 60 (POLLOUT:4)
0:00:00.026584102  2465 0x385370 DEBUG   GST_REFCOUNTING gstobject.c:709:gst_object_set_parent: set parent (ref and sink)
0:00:00.020923258  2466 0x1d4c320 DEBUG   GST_POLL gstpoll.c:980:gst_poll_fd_ctl_write: 0x1d549c0: fd (fd:0, idx:1), active : 1
0:00:00.020934596  2466 0x1d4c320 LOG   GST_POLL gstpoll.c:994:gst_poll_fd_ctl_write: 0x1d549c0: pfd->events now 60 (POLLOUT:4)
0:00:00.026597872  2465 0x385370 TRACE   GST_REFCOUNTING gstobject.c:294:gst_object_ref_sink: 0x3a5680 ref_sink 1->2
0:00:00.020945747  2466 0x1d4c320 DEBUG   GST_POLL gstpoll.c:980:gst_poll_fd_ctl_write: 0x1d549c0: fd (fd:0, idx:1), active : 1
0:00:00.026612235  2465 0x385370 LOG   GST_REGISTRY gstregistry.c:608:gst_registry_add_feature: emitting feature-added for fdsink
0:00:00.020957007  2466 0x1d4c320 LOG   GST_POLL gstpoll.c:994:gst_poll_fd_ctl_write: 0x1d549c0: pfd->events now 60 (POLLOUT:4)
0:00:00.026624897  2465 0x385370 DEBUG   GST_REGISTRY gstregistrychunks.c:742:gst_registry_chunks_load_feature: Added feature fdsink, plugin 0x3a0580 coreelements
0:00:00.020968310  2466 0x1d4c320 DEBUG   GST_POLL gstpoll.c:980:gst_poll_fd_ctl_write: 0x1d549c0: fd (fd:0, idx:1), active : 1
0:00:00.026645210  2465 0x385370 DEBUG   GST_REGISTRY gstregistrychunks.c:584:gst_registry_chunks_load_feature: Plugin 'coreelements' feature 'fdsrc' typename : 'GstElementFactory'
0:00:00.020982255  2466 0x1d4c320 LOG   GST_POLL gstpoll.c:994:gst_poll_fd_ctl_write: 0x1d549c0: pfd->events now 60 (POLLOUT:4)
0:00:00.020995380  2466 0x1d4c320 DEBUG   GST_POLL gstpoll.c:980:gst_poll_fd_ctl_write: 0x1d549c0: fd (fd:0, idx:1), active : 1
0:00:00.026659566  2465 0x385370 TRACE   GST_REFCOUNTING gstobject.c:208:gst_object_init: 0x3a52c0 new
0:00:00.021006114  2466 0x1d4c320 LOG   GST_POLL gstpoll.c:994:gst_poll_fd_ctl_write: 0x1d549c0: pfd->events now 60 (POLLOUT:4)
0:00:00.026674813  2465 0x385370 LOG   GST_REGISTRY gstregistrychunks.c:611:gst_registry_chunks_load_feature: Reading/casting for GstRegistryChunkElementFactory at address 0x3a1d88
0:00:00.021017294  2466 0x1d4c320 DEBUG   GST_POLL gstpoll.c:980:gst_poll_fd_ctl_write: 0x1d549c0: fd (fd:0, idx:1), active : 1
0:00:00.026686858  2465 0x385370 TRACE   structure gststructure.c:292:gst_structure_new_id_empty_with_size: created structure 0x3a5cd0
0:00:00.021028412  2466 0x1d4c320 LOG   GST_POLL gstpoll.c:994:gst_poll_fd_ctl_write: 0x1d549c0: pfd->events now 60 (POLLOUT:4)
0:00:00.026697742  2465 0x385370 DEBUG   structure gststructure.c:2258:gst_structure_parse_field: trying field name 'long-name'
0:00:00.021041234  2466 0x1d4c320 DEBUG   GST_POLL gstpoll.c:980:gst_poll_fd_ctl_write: 0x1d549c0: fd (fd:0, idx:1), active : 1
0:00:00.026708099  2465 0x385370 DEBUG   default gstvalue.c:2776:_priv_gst_value_parse_value: trying type name 'string'
0:00:00.021052752  2466 0x1d4c320 LOG   GST_POLL gstpoll.c:994:gst_poll_fd_ctl_write: 0x1d549c0: pfd->events now 60 (POLLOUT:4)
0:00:00.026719907  2465 0x385370 DEBUG   structure gststructure.c:2258:gst_structure_parse_field: trying field name 'klass'
0:00:00.021064837  2466 0x1d4c320 DEBUG   GST_POLL gstpoll.c:980:gst_poll_fd_ctl_write: 0x1d549c0: fd (fd:0, idx:1), active : 1
0:00:00.026730427  2465 0x385370 DEBUG   default gstvalue.c:2776:_priv_gst_value_parse_value: trying type name 'string'
0:00:00.021076115  2466 0x1d4c320 LOG   GST_POLL gstpoll.c:994:gst_poll_fd_ctl_write: 0x1d549c0: pfd->events now 60 (POLLOUT:4)
0:00:00.026742395  2465 0x385370 DEBUG   structure gststructure.c:2258:gst_structure_parse_field: trying field name 'description'
0:00:00.021088039  2466 0x1d4c320 DEBUG   GST_POLL gstpoll.c:980:gst_poll_fd_ctl_write: 0x1d549c0: fd (fd:0, idx:1), active : 1
0:00:00.026752495  2465 0x385370 DEBUG   default gstvalue.c:2776:_priv_gst_value_parse_value: trying type name 'string'
0:00:00.021098910  2466 0x1d4c320 LOG   GST_POLL gstpoll.c:994:gst_poll_fd_ctl_write: 0x1d549c0: pfd->events now 60 (POLLOUT:4)
0:00:00.026765977  2465 0x385370 DEBUG   structure gststructure.c:2258:gst_structure_parse_field: trying field name 'author'
0:00:00.021123813  2466 0x1d4c320 DEBUG   GST_POLL gstpoll.c:980:gst_poll_fd_ctl_write: 0x1d549c0: fd (fd:0, idx:1), active : 1
0:00:00.026788509  2465 0x385370 DEBUG   default gstvalue.c:2776:_priv_gst_value_parse_value: trying type name 'string'
0:00:00.021134841  2466 0x1d4c320 LOG   GST_POLL gstpoll.c:994:gst_poll_fd_ctl_write: 0x1d549c0: pfd->events now 60 (POLLOUT:4)
0:00:00.026801836  2465 0x385370 DEBUG   GST_REGISTRY gstregistrychunks.c:627:gst_registry_chunks_load_feature: Element factory : npadtemplates=1
0:00:00.021146902  2466 0x1d4c320 DEBUG   GST_POLL gstpoll.c:980:gst_poll_fd_ctl_write: 0x1d549c0: fd (fd:0, idx:1), active : 1
0:00:00.026812797  2465 0x385370 DEBUG   GST_REGISTRY gstregistrychunks.c:527:gst_registry_chunks_load_pad_template: Reading/casting for GstRegistryChunkPadTemplate at address 0x3a1e68
0:00:00.021157897  2466 0x1d4c320 LOG   GST_POLL gstpoll.c:994:gst_poll_fd_ctl_write: 0x1d549c0: pfd->events now 60 (POLLOUT:4)
0:00:00.026823464  2465 0x385370 DEBUG   GST_REGISTRY gstregistrychunks.c:540:gst_registry_chunks_load_pad_template: Added pad_template src
0:00:00.021169635  2466 0x1d4c320 DEBUG   GST_POLL gstpoll.c:980:gst_poll_fd_ctl_write: 0x1d549c0: fd (fd:0, idx:1), active : 1
0:00:00.026835594  2465 0x385370 DEBUG   GST_REGISTRY gstregistrychunks.c:640:gst_registry_chunks_load_feature: Reading 1 UriTypes at address 0x3a1e78
0:00:00.021180737  2466 0x1d4c320 LOG   GST_POLL gstpoll.c:994:gst_poll_fd_ctl_write: 0x1d549c0: pfd->events now 60 (POLLOUT:4)
0:00:00.026847677  2465 0x385370 DEBUG   GST_REGISTRY gstregistrychunks.c:655:gst_registry_chunks_load_feature: Reading 1 Interfaces at address 0x3a1e7f
0:00:00.021192803  2466 0x1d4c320 DEBUG   GST_POLL gstpoll.c:980:gst_poll_fd_ctl_write: 0x1d549c0: fd (fd:0, idx:1), active : 1
0:00:00.026863030  2465 0x385370 DEBUG   GST_REGISTRY gstregistry.c:590:gst_registry_add_feature: adding feature 0x3a52c0 (fdsrc)
0:00:00.021202807  2466 0x1d4c320 LOG   GST_POLL gstpoll.c:994:gst_poll_fd_ctl_write: 0x1d549c0: pfd->events now 60 (POLLOUT:4)
0:00:00.026875250  2465 0x385370 DEBUG   GST_REFCOUNTING gstobject.c:709:gst_object_set_parent: set parent (ref and sink)
0:00:00.021214935  2466 0x1d4c320 DEBUG   GST_POLL gstpoll.c:980:gst_poll_fd_ctl_write: 0x1d549c0: fd (fd:0, idx:1), active : 1
0:00:00.021241609  2466 0x1d4c320 LOG   GST_POLL gstpoll.c:994:gst_poll_fd_ctl_write: 0x1d549c0: pfd->events now 60 (POLLOUT:4)
0:00:00.026909111  2465 0x385370 TRACE   GST_REFCOUNTING gstobject.c:294:gst_object_ref_sink: 0x3a52c0 ref_sink 1->2
0:00:00.021253168  2466 0x1d4c320 DEBUG   GST_POLL gstpoll.c:980:gst_poll_fd_ctl_write: 0x1d549c0: fd (fd:0, idx:1), active : 1
0:00:00.026924538  2465 0x385370 LOG   GST_REGISTRY gstregistry.c:608:gst_registry_add_feature: emitting feature-added for fdsrc
0:00:00.021265636  2466 0x1d4c320 LOG   GST_POLL gstpoll.c:994:gst_poll_fd_ctl_write: 0x1d549c0: pfd->events now 60 (POLLOUT:4)
0:00:00.026937574  2465 0x385370 DEBUG   GST_REGISTRY gstregistrychunks.c:742:gst_registry_chunks_load_feature: Added feature fdsrc, plugin 0x3a0580 coreelements
0:00:00.021285652  2466 0x1d4c320 DEBUG   GST_POLL gstpoll.c:980:gst_poll_fd_ctl_write: 0x1d549c0: fd (fd:0, idx:1), active : 1
0:00:00.026952300  2465 0x385370 DEBUG   GST_REGISTRY gstregistrychunks.c:584:gst_registry_chunks_load_feature: Plugin 'coreelements' feature 'fakesink' typename : 'GstElementFactory'
0:00:00.021297127  2466 0x1d4c320 LOG   GST_POLL gstpoll.c:994:gst_poll_fd_ctl_write: 0x1d549c0: pfd->events now 60 (POLLOUT:4)
0:00:00.021309157  2466 0x1d4c320 DEBUG   GST_POLL gstpoll.c:980:gst_poll_fd_ctl_write: 0x1d549c0: fd (fd:0, idx:1), active : 1
0:00:00.026974245  2465 0x385370 TRACE   GST_REFCOUNTING gstobject.c:208:gst_object_init: 0x3a5e00 new
0:00:00.021319942  2466 0x1d4c320 LOG   GST_POLL gstpoll.c:994:gst_poll_fd_ctl_write: 0x1d549c0: pfd->events now 60 (POLLOUT:4)
0:00:00.026989280  2465 0x385370 LOG   GST_REGISTRY gstregistrychunks.c:611:gst_registry_chunks_load_feature: Reading/casting for GstRegistryChunkElementFactory at address 0x3a1ea8
0:00:00.021330798  2466 0x1d4c320 DEBUG   GST_POLL gstpoll.c:980:gst_poll_fd_ctl_write: 0x1d549c0: fd (fd:0, idx:1), active : 1
0:00:00.027001511  2465 0x385370 TRACE   structure gststructure.c:292:gst_structure_new_id_empty_with_size: created structure 0x3a60e0
0:00:00.021342014  2466 0x1d4c320 LOG   GST_POLL gstpoll.c:994:gst_poll_fd_ctl_write: 0x1d549c0: pfd->events now 60 (POLLOUT:4)
0:00:00.027012605  2465 0x385370 DEBUG   structure gststructure.c:2258:gst_structure_parse_field: trying field name 'long-name'
0:00:00.021354242  2466 0x1d4c320 DEBUG   GST_POLL gstpoll.c:980:gst_poll_fd_ctl_write: 0x1d549c0: fd (fd:0, idx:1), active : 1
0:00:00.027022867  2465 0x385370 DEBUG   default gstvalue.c:2776:_priv_gst_value_parse_value: trying type name 'string'
0:00:00.021365711  2466 0x1d4c320 LOG   GST_POLL gstpoll.c:994:gst_poll_fd_ctl_write: 0x1d549c0: pfd->events now 60 (POLLOUT:4)
0:00:00.027035975  2465 0x385370 DEBUG   structure gststructure.c:2258:gst_structure_parse_field: trying field name 'klass'
0:00:00.021376908  2466 0x1d4c320 DEBUG   GST_POLL gstpoll.c:980:gst_poll_fd_ctl_write: 0x1d549c0: fd (fd:0, idx:1), active : 1
0:00:00.027046025  2465 0x385370 DEBUG   default gstvalue.c:2776:_priv_gst_value_parse_value: trying type name 'string'
0:00:00.021388521  2466 0x1d4c320 LOG   GST_POLL gstpoll.c:994:gst_poll_fd_ctl_write: 0x1d549c0: pfd->events now 60 (POLLOUT:4)
0:00:00.027058158  2465 0x385370 DEBUG   structure gststructure.c:2258:gst_structure_parse_field: trying field name 'description'
0:00:00.021400524  2466 0x1d4c320 DEBUG   GST_POLL gstpoll.c:980:gst_poll_fd_ctl_write: 0x1d549c0: fd (fd:0, idx:1), active : 1
0:00:00.027068306  2465 0x385370 DEBUG   default gstvalue.c:2776:_priv_gst_value_parse_value: trying type name 'string'
0:00:00.021412086  2466 0x1d4c320 LOG   GST_POLL gstpoll.c:994:gst_poll_fd_ctl_write: 0x1d549c0: pfd->events now 60 (POLLOUT:4)
0:00:00.027087948  2465 0x385370 DEBUG   structure gststructure.c:2258:gst_structure_parse_field: trying field name 'author'
0:00:00.021425974  2466 0x1d4c320 DEBUG   GST_POLL gstpoll.c:980:gst_poll_fd_ctl_write: 0x1d549c0: fd (fd:0, idx:1), active : 1
0:00:00.027098519  2465 0x385370 DEBUG   default gstvalue.c:2776:_priv_gst_value_parse_value: trying type name 'string'
0:00:00.021437387  2466 0x1d4c320 LOG   GST_POLL gstpoll.c:994:gst_poll_fd_ctl_write: 0x1d549c0: pfd->events now 60 (POLLOUT:4)
0:00:00.021449522  2466 0x1d4c320 DEBUG   GST_POLL gstpoll.c:980:gst_poll_fd_ctl_write: 0x1d549c0: fd (fd:0, idx:1), active : 1
0:00:00.021459748  2466 0x1d4c320 LOG   GST_POLL gstpoll.c:994:gst_poll_fd_ctl_write: 0x1d549c0: pfd->events now 60 (POLLOUT:4)
0:00:00.021467610  2466 0x1d4c320 DEBUG   GST_POLL gstpoll.c:980:gst_poll_fd_ctl_write: 0x1d549c0: fd (fd:0, idx:1), active : 1
0:00:00.021475006  2466 0x1d4c320 LOG   GST_POLL gstpoll.c:994:gst_poll_fd_ctl_write: 0x1d549c0: pfd->events now 60 (POLLOUT:4)
0:00:00.021482917  2466 0x1d4c320 DEBUG   GST_POLL gstpoll.c:980:gst_poll_fd_ctl_write: 0x1d549c0: fd (fd:0, idx:1), active : 1
0:00:00.021492391  2466 0x1d4c320 LOG   GST_POLL gstpoll.c:994:gst_poll_fd_ctl_write: 0x1d549c0: pfd->events now 60 (POLLOUT:4)
0:00:00.027161150  2465 0x385370 DEBUG   GST_REGISTRY gstregistrychunks.c:627:gst_registry_chunks_load_feature: Element factory : npadtemplates=1
0:00:00.021502687  2466 0x1d4c320 DEBUG   GST_POLL gstpoll.c:980:gst_poll_fd_ctl_write: 0x1d549c0: fd (fd:0, idx:1), active : 1
0:00:00.027172260  2465 0x385370 DEBUG   GST_REGISTRY gstregistrychunks.c:527:gst_registry_chunks_load_pad_template: Reading/casting for GstRegistryChunkPadTemplate at address 0x3a1fd0
0:00:00.021514230  2466 0x1d4c320 LOG   GST_POLL gstpoll.c:994:gst_poll_fd_ctl_write: 0x1d549c0: pfd->events now 60 (POLLOUT:4)
0:00:00.027183650  2465 0x385370 DEBUG   GST_REGISTRY gstregistrychunks.c:540:gst_registry_chunks_load_pad_template: Added pad_template sink
0:00:00.021526831  2466 0x1d4c320 DEBUG   GST_POLL gstpoll.c:980:gst_poll_fd_ctl_write: 0x1d549c0: fd (fd:0, idx:1), active : 1
0:00:00.027199295  2465 0x385370 DEBUG   GST_REGISTRY gstregistry.c:590:gst_registry_add_feature: adding feature 0x3a5e00 (fakesink)
0:00:00.021537257  2466 0x1d4c320 LOG   GST_POLL gstpoll.c:994:gst_poll_fd_ctl_write: 0x1d549c0: pfd->events now 60 (POLLOUT:4)
0:00:00.027210582  2465 0x385370 DEBUG   GST_REFCOUNTING gstobject.c:709:gst_object_set_parent: set parent (ref and sink)
0:00:00.021549772  2466 0x1d4c320 DEBUG   GST_POLL gstpoll.c:980:gst_poll_fd_ctl_write: 0x1d549c0: fd (fd:0, idx:1), active : 1
0:00:00.021561408  2466 0x1d4c320 LOG   GST_POLL gstpoll.c:994:gst_poll_fd_ctl_write: 0x1d549c0: pfd->events now 60 (POLLOUT:4)
0:00:00.027224637  2465 0x385370 TRACE   GST_REFCOUNTING gstobject.c:294:gst_object_ref_sink: 0x3a5e00 ref_sink 1->2
0:00:00.021572931  2466 0x1d4c320 DEBUG   GST_POLL gstpoll.c:980:gst_poll_fd_ctl_write: 0x1d549c0: fd (fd:0, idx:1), active : 1
0:00:00.027250033  2465 0x385370 LOG   GST_REGISTRY gstregistry.c:608:gst_registry_add_feature: emitting feature-added for fakesink
0:00:00.021587159  2466 0x1d4c320 LOG   GST_POLL gstpoll.c:994:gst_poll_fd_ctl_write: 0x1d549c0: pfd->events now 60 (POLLOUT:4)
0:00:00.027262620  2465 0x385370 DEBUG   GST_REGISTRY gstregistrychunks.c:742:gst_registry_chunks_load_feature: Added feature fakesink, plugin 0x3a0580 coreelements
0:00:00.021600697  2466 0x1d4c320 DEBUG   GST_POLL gstpoll.c:980:gst_poll_fd_ctl_write: 0x1d549c0: fd (fd:0, idx:1), active : 1
0:00:00.021612273  2466 0x1d4c320 LOG   GST_POLL gstpoll.c:994:gst_poll_fd_ctl_write: 0x1d549c0: pfd->events now 60 (POLLOUT:4)
0:00:00.027275187  2465 0x385370 DEBUG   GST_REGISTRY gstregistrychunks.c:584:gst_registry_chunks_load_feature: Plugin 'coreelements' feature 'fakesrc' typename : 'GstElementFactory'
0:00:00.021622563  2466 0x1d4c320 DEBUG   GST_POLL gstpoll.c:980:gst_poll_fd_ctl_write: 0x1d549c0: fd (fd:0, idx:1), active : 1
0:00:00.021633440  2466 0x1d4c320 LOG   GST_POLL gstpoll.c:994:gst_poll_fd_ctl_write: 0x1d549c0: pfd->events now 60 (POLLOUT:4)
0:00:00.027296385  2465 0x385370 TRACE   GST_REFCOUNTING gstobject.c:208:gst_object_init: 0x3a62b0 new
0:00:00.021644586  2466 0x1d4c320 DEBUG   GST_POLL gstpoll.c:980:gst_poll_fd_ctl_write: 0x1d549c0: fd (fd:0, idx:1), active : 1
0:00:00.027312575  2465 0x385370 LOG   GST_REGISTRY gstregistrychunks.c:611:gst_registry_chunks_load_feature: Reading/casting for GstRegistryChunkElementFactory at address 0x3a2000
0:00:00.021655354  2466 0x1d4c320 LOG   GST_POLL gstpoll.c:994:gst_poll_fd_ctl_write: 0x1d549c0: pfd->events now 60 (POLLOUT:4)
0:00:00.027325166  2465 0x385370 TRACE   structure gststructure.c:292:gst_structure_new_id_empty_with_size: created structure 0x3a6520
0:00:00.021667347  2466 0x1d4c320 DEBUG   GST_POLL gstpoll.c:980:gst_poll_fd_ctl_write: 0x1d549c0: fd (fd:0, idx:1), active : 1
0:00:00.027335678  2465 0x385370 DEBUG   structure gststructure.c:2258:gst_structure_parse_field: trying field name 'long-name'
0:00:00.021678863  2466 0x1d4c320 LOG   GST_POLL gstpoll.c:994:gst_poll_fd_ctl_write: 0x1d549c0: pfd->events now 60 (POLLOUT:4)
0:00:00.027346218  2465 0x385370 DEBUG   default gstvalue.c:2776:_priv_gst_value_parse_value: trying type name 'string'
0:00:00.021691050  2466 0x1d4c320 DEBUG   GST_POLL gstpoll.c:980:gst_poll_fd_ctl_write: 0x1d549c0: fd (fd:0, idx:1), active : 1
0:00:00.027358190  2465 0x385370 DEBUG   structure gststructure.c:2258:gst_structure_parse_field: trying field name 'klass'
0:00:00.021702222  2466 0x1d4c320 LOG   GST_POLL gstpoll.c:994:gst_poll_fd_ctl_write: 0x1d549c0: pfd->events now 60 (POLLOUT:4)
0:00:00.027368715  2465 0x385370 DEBUG   default gstvalue.c:2776:_priv_gst_value_parse_value: trying type name 'string'
0:00:00.021714734  2466 0x1d4c320 DEBUG   GST_POLL gstpoll.c:980:gst_poll_fd_ctl_write: 0x1d549c0: fd (fd:0, idx:1), active : 1
0:00:00.027387892  2465 0x385370 DEBUG   structure gststructure.c:2258:gst_structure_parse_field: trying field name 'description'
0:00:00.021726486  2466 0x1d4c320 LOG   GST_POLL gstpoll.c:994:gst_poll_fd_ctl_write: 0x1d549c0: pfd->events now 60 (POLLOUT:4)
0:00:00.027398623  2465 0x385370 DEBUG   default gstvalue.c:2776:_priv_gst_value_parse_value: trying type name 'string'
0:00:00.021737965  2466 0x1d4c320 DEBUG   GST_POLL gstpoll.c:980:gst_poll_fd_ctl_write: 0x1d549c0: fd (fd:0, idx:1), active : 1
0:00:00.027410555  2465 0x385370 DEBUG   structure gststructure.c:2258:gst_structure_parse_field: trying field name 'author'
0:00:00.021749253  2466 0x1d4c320 LOG   GST_POLL gstpoll.c:994:gst_poll_fd_ctl_write: 0x1d549c0: pfd->events now 60 (POLLOUT:4)
0:00:00.027420773  2465 0x385370 DEBUG   default gstvalue.c:2776:_priv_gst_value_parse_value: trying type name 'string'
0:00:00.021768071  2466 0x1d4c320 DEBUG   GST_POLL gstpoll.c:980:gst_poll_fd_ctl_write: 0x1d549c0: fd (fd:0, idx:1), active : 1
0:00:00.027432984  2465 0x385370 DEBUG   GST_REGISTRY gstregistrychunks.c:627:gst_registry_chunks_load_feature: Element factory : npadtemplates=1
0:00:00.021779447  2466 0x1d4c320 LOG   GST_POLL gstpoll.c:994:gst_poll_fd_ctl_write: 0x1d549c0: pfd->events now 60 (POLLOUT:4)
0:00:00.027444735  2465 0x385370 DEBUG   GST_REGISTRY gstregistrychunks.c:527:gst_registry_chunks_load_pad_template: Reading/casting for GstRegistryChunkPadTemplate at address 0x3a2100
0:00:00.021790931  2466 0x1d4c320 DEBUG   GST_POLL gstpoll.c:980:gst_poll_fd_ctl_write: 0x1d549c0: fd (fd:0, idx:1), active : 1
0:00:00.027456115  2465 0x385370 DEBUG   GST_REGISTRY gstregistrychunks.c:540:gst_registry_chunks_load_pad_template: Added pad_template src
0:00:00.021801853  2466 0x1d4c320 LOG   GST_POLL gstpoll.c:994:gst_poll_fd_ctl_write: 0x1d549c0: pfd->events now 60 (POLLOUT:4)
0:00:00.027471358  2465 0x385370 DEBUG   GST_REGISTRY gstregistry.c:590:gst_registry_add_feature: adding feature 0x3a62b0 (fakesrc)
0:00:00.021812650  2466 0x1d4c320 DEBUG   GST_POLL gstpoll.c:980:gst_poll_fd_ctl_write: 0x1d549c0: fd (fd:0, idx:1), active : 1
0:00:00.027482610  2465 0x385370 DEBUG   GST_REFCOUNTING gstobject.c:709:gst_object_set_parent: set parent (ref and sink)
0:00:00.021823765  2466 0x1d4c320 LOG   GST_POLL gstpoll.c:994:gst_poll_fd_ctl_write: 0x1d549c0: pfd->events now 60 (POLLOUT:4)
0:00:00.027497024  2465 0x385370 TRACE   GST_REFCOUNTING gstobject.c:294:gst_object_ref_sink: 0x3a62b0 ref_sink 1->2
0:00:00.021835678  2466 0x1d4c320 DEBUG   GST_POLL gstpoll.c:980:gst_poll_fd_ctl_write: 0x1d549c0: fd (fd:0, idx:1), active : 1
0:00:00.027509817  2465 0x385370 LOG   GST_REGISTRY gstregistry.c:608:gst_registry_add_feature: emitting feature-added for fakesrc
0:00:00.021847612  2466 0x1d4c320 LOG   GST_POLL gstpoll.c:994:gst_poll_fd_ctl_write: 0x1d549c0: pfd->events now 60 (POLLOUT:4)
0:00:00.027522241  2465 0x385370 DEBUG   GST_REGISTRY gstregistrychunks.c:742:gst_registry_chunks_load_feature: Added feature fakesrc, plugin 0x3a0580 coreelements
0:00:00.021867491  2466 0x1d4c320 DEBUG   GST_POLL gstpoll.c:980:gst_poll_fd_ctl_write: 0x1d549c0: fd (fd:0, idx:1), active : 1
0:00:00.027535498  2465 0x385370 DEBUG   GST_REGISTRY gstregistrychunks.c:584:gst_registry_chunks_load_feature: Plugin 'coreelements' feature 'downloadbuffer' typename : 'GstElementFactory'
0:00:00.021878091  2466 0x1d4c320 LOG   GST_POLL gstpoll.c:994:gst_poll_fd_ctl_write: 0x1d549c0: pfd->events now 60 (POLLOUT:4)
0:00:00.027551157  2465 0x385370 TRACE   GST_REFCOUNTING gstobject.c:208:gst_object_init: 0x3a6800 new
0:00:00.021889405  2466 0x1d4c320 DEBUG   GST_POLL gstpoll.c:980:gst_poll_fd_ctl_write: 0x1d549c0: fd (fd:0, idx:1), active : 1
0:00:00.021901614  2466 0x1d4c320 LOG   GST_POLL gstpoll.c:994:gst_poll_fd_ctl_write: 0x1d549c0: pfd->events now 60 (POLLOUT:4)
0:00:00.027565351  2465 0x385370 LOG   GST_REGISTRY gstregistrychunks.c:611:gst_registry_chunks_load_feature: Reading/casting for GstRegistryChunkElementFactory at address 0x3a2138
0:00:00.021912490  2466 0x1d4c320 DEBUG   GST_POLL gstpoll.c:980:gst_poll_fd_ctl_write: 0x1d549c0: fd (fd:0, idx:1), active : 1
0:00:00.027578929  2465 0x385370 TRACE   structure gststructure.c:292:gst_structure_new_id_empty_with_size: created structure 0x3a68f0
0:00:00.021923807  2466 0x1d4c320 LOG   GST_POLL gstpoll.c:994:gst_poll_fd_ctl_write: 0x1d549c0: pfd->events now 60 (POLLOUT:4)
0:00:00.027590177  2465 0x385370 DEBUG   structure gststructure.c:2258:gst_structure_parse_field: trying field name 'long-name'
0:00:00.021935584  2466 0x1d4c320 DEBUG   GST_POLL gstpoll.c:980:gst_poll_fd_ctl_write: 0x1d549c0: fd (fd:0, idx:1), active : 1
0:00:00.027600935  2465 0x385370 DEBUG   default gstvalue.c:2776:_priv_gst_value_parse_value: trying type name 'string'
0:00:00.021946531  2466 0x1d4c320 LOG   GST_POLL gstpoll.c:994:gst_poll_fd_ctl_write: 0x1d549c0: pfd->events now 60 (POLLOUT:4)
0:00:00.027613278  2465 0x385370 DEBUG   structure gststructure.c:2258:gst_structure_parse_field: trying field name 'klass'
0:00:00.021958194  2466 0x1d4c320 DEBUG   GST_POLL gstpoll.c:980:gst_poll_fd_ctl_write: 0x1d549c0: fd (fd:0, idx:1), active : 1
0:00:00.027623872  2465 0x385370 DEBUG   default gstvalue.c:2776:_priv_gst_value_parse_value: trying type name 'string'
0:00:00.021969064  2466 0x1d4c320 LOG   GST_POLL gstpoll.c:994:gst_poll_fd_ctl_write: 0x1d549c0: pfd->events now 60 (POLLOUT:4)
0:00:00.027635381  2465 0x385370 DEBUG   structure gststructure.c:2258:gst_structure_parse_field: trying field name 'description'
0:00:00.021980815  2466 0x1d4c320 DEBUG   GST_POLL gstpoll.c:980:gst_poll_fd_ctl_write: 0x1d549c0: fd (fd:0, idx:1), active : 1
0:00:00.027645672  2465 0x385370 DEBUG   default gstvalue.c:2776:_priv_gst_value_parse_value: trying type name 'string'
0:00:00.021991762  2466 0x1d4c320 LOG   GST_POLL gstpoll.c:994:gst_poll_fd_ctl_write: 0x1d549c0: pfd->events now 60 (POLLOUT:4)
0:00:00.027665941  2465 0x385370 DEBUG   structure gststructure.c:2258:gst_structure_parse_field: trying field name 'author'
0:00:00.022003800  2466 0x1d4c320 DEBUG   GST_POLL gstpoll.c:980:gst_poll_fd_ctl_write: 0x1d549c0: fd (fd:0, idx:1), active : 1
0:00:00.027676754  2465 0x385370 DEBUG   default gstvalue.c:2776:_priv_gst_value_parse_value: trying type name 'string'
0:00:00.022015614  2466 0x1d4c320 LOG   GST_POLL gstpoll.c:994:gst_poll_fd_ctl_write: 0x1d549c0: pfd->events now 60 (POLLOUT:4)
0:00:00.027687911  2465 0x385370 DEBUG   GST_REGISTRY gstregistrychunks.c:627:gst_registry_chunks_load_feature: Element factory : npadtemplates=2
0:00:00.022033686  2466 0x1d4c320 DEBUG   GST_POLL gstpoll.c:980:gst_poll_fd_ctl_write: 0x1d549c0: fd (fd:0, idx:1), active : 1
0:00:00.027698382  2465 0x385370 DEBUG   GST_REGISTRY gstregistrychunks.c:527:gst_registry_chunks_load_pad_template: Reading/casting for GstRegistryChunkPadTemplate at address 0x3a2200
0:00:00.022044651  2466 0x1d4c320 LOG   GST_POLL gstpoll.c:994:gst_poll_fd_ctl_write: 0x1d549c0: pfd->events now 60 (POLLOUT:4)
0:00:00.027710447  2465 0x385370 DEBUG   GST_REGISTRY gstregistrychunks.c:540:gst_registry_chunks_load_pad_template: Added pad_template sink
0:00:00.022056134  2466 0x1d4c320 DEBUG   GST_POLL gstpoll.c:980:gst_poll_fd_ctl_write: 0x1d549c0: fd (fd:0, idx:1), active : 1
0:00:00.027721043  2465 0x385370 DEBUG   GST_REGISTRY gstregistrychunks.c:527:gst_registry_chunks_load_pad_template: Reading/casting for GstRegistryChunkPadTemplate at address 0x3a2218
0:00:00.022067045  2466 0x1d4c320 LOG   GST_POLL gstpoll.c:994:gst_poll_fd_ctl_write: 0x1d549c0: pfd->events now 60 (POLLOUT:4)
0:00:00.027732675  2465 0x385370 DEBUG   GST_REGISTRY gstregistrychunks.c:540:gst_registry_chunks_load_pad_template: Added pad_template src
0:00:00.022078679  2466 0x1d4c320 DEBUG   GST_POLL gstpoll.c:980:gst_poll_fd_ctl_write: 0x1d549c0: fd (fd:0, idx:1), active : 1
0:00:00.027747633  2465 0x385370 DEBUG   GST_REGISTRY gstregistry.c:590:gst_registry_add_feature: adding feature 0x3a6800 (downloadbuffer)
0:00:00.022089012  2466 0x1d4c320 LOG   GST_POLL gstpoll.c:994:gst_poll_fd_ctl_write: 0x1d549c0: pfd->events now 60 (POLLOUT:4)
0:00:00.027759195  2465 0x385370 DEBUG   GST_REFCOUNTING gstobject.c:709:gst_object_set_parent: set parent (ref and sink)
0:00:00.022100826  2466 0x1d4c320 DEBUG   GST_POLL gstpoll.c:980:gst_poll_fd_ctl_write: 0x1d549c0: fd (fd:0, idx:1), active : 1
0:00:00.027773615  2465 0x385370 TRACE   GST_REFCOUNTING gstobject.c:294:gst_object_ref_sink: 0x3a6800 ref_sink 1->2
0:00:00.022117957  2466 0x1d4c320 LOG   GST_POLL gstpoll.c:994:gst_poll_fd_ctl_write: 0x1d549c0: pfd->events now 60 (POLLOUT:4)
0:00:00.027785013  2465 0x385370 LOG   GST_REGISTRY gstregistry.c:608:gst_registry_add_feature: emitting feature-added for downloadbuffer
0:00:00.022130223  2466 0x1d4c320 DEBUG   GST_POLL gstpoll.c:980:gst_poll_fd_ctl_write: 0x1d549c0: fd (fd:0, idx:1), active : 1
0:00:00.027805373  2465 0x385370 DEBUG   GST_REGISTRY gstregistrychunks.c:742:gst_registry_chunks_load_feature: Added feature downloadbuffer, plugin 0x3a0580 coreelements
0:00:00.022142156  2466 0x1d4c320 LOG   GST_POLL gstpoll.c:994:gst_poll_fd_ctl_write: 0x1d549c0: pfd->events now 60 (POLLOUT:4)
0:00:00.027817951  2465 0x385370 DEBUG   GST_REGISTRY gstregistrychunks.c:584:gst_registry_chunks_load_feature: Plugin 'coreelements' feature 'dataurisrc' typename : 'GstElementFactory'
0:00:00.022156171  2466 0x1d4c320 LOG   GST_PLUGIN_LOADING gstpluginloader.c:645:put_chunk: Expanding tx buf from 13209 to 17023 for chunk of size 229
0:00:00.027832609  2465 0x385370 TRACE   GST_REFCOUNTING gstobject.c:208:gst_object_init: 0x3a66a0 new
0:00:00.022174412  2466 0x1d4c320 DEBUG   GST_POLL gstpoll.c:980:gst_poll_fd_ctl_write: 0x1d549c0: fd (fd:0, idx:1), active : 1
0:00:00.027848203  2465 0x385370 LOG   GST_REGISTRY gstregistrychunks.c:611:gst_registry_chunks_load_feature: Reading/casting for GstRegistryChunkElementFactory at address 0x3a2248
0:00:00.022185807  2466 0x1d4c320 LOG   GST_POLL gstpoll.c:994:gst_poll_fd_ctl_write: 0x1d549c0: pfd->events now 60 (POLLOUT:4)
0:00:00.027860278  2465 0x385370 TRACE   structure gststructure.c:292:gst_structure_new_id_empty_with_size: created structure 0x3a6c70
0:00:00.022198722  2466 0x1d4c320 DEBUG   GST_POLL gstpoll.c:980:gst_poll_fd_ctl_write: 0x1d549c0: fd (fd:0, idx:1), active : 1
0:00:00.027871481  2465 0x385370 DEBUG   structure gststructure.c:2258:gst_structure_parse_field: trying field name 'long-name'
0:00:00.022209912  2466 0x1d4c320 LOG   GST_POLL gstpoll.c:994:gst_poll_fd_ctl_write: 0x1d549c0: pfd->events now 60 (POLLOUT:4)
0:00:00.027882179  2465 0x385370 DEBUG   default gstvalue.c:2776:_priv_gst_value_parse_value: trying type name 'string'
0:00:00.022221273  2466 0x1d4c320 DEBUG   GST_POLL gstpoll.c:980:gst_poll_fd_ctl_write: 0x1d549c0: fd (fd:0, idx:1), active : 1
0:00:00.027907932  2465 0x385370 DEBUG   structure gststructure.c:2258:gst_structure_parse_field: trying field name 'klass'
0:00:00.022254553  2466 0x1d4c320 LOG   GST_POLL gstpoll.c:994:gst_poll_fd_ctl_write: 0x1d549c0: pfd->events now 60 (POLLOUT:4)
0:00:00.027919341  2465 0x385370 DEBUG   default gstvalue.c:2776:_priv_gst_value_parse_value: trying type name 'string'
0:00:00.022266962  2466 0x1d4c320 DEBUG   GST_POLL gstpoll.c:980:gst_poll_fd_ctl_write: 0x1d549c0: fd (fd:0, idx:1), active : 1
0:00:00.027933520  2465 0x385370 DEBUG   structure gststructure.c:2258:gst_structure_parse_field: trying field name 'description'
0:00:00.022278199  2466 0x1d4c320 LOG   GST_POLL gstpoll.c:994:gst_poll_fd_ctl_write: 0x1d549c0: pfd->events now 60 (POLLOUT:4)
0:00:00.027943977  2465 0x385370 DEBUG   default gstvalue.c:2776:_priv_gst_value_parse_value: trying type name 'string'
0:00:00.022289622  2466 0x1d4c320 DEBUG   GST_POLL gstpoll.c:980:gst_poll_fd_ctl_write: 0x1d549c0: fd (fd:0, idx:1), active : 1
0:00:00.027956042  2465 0x385370 DEBUG   structure gststructure.c:2258:gst_structure_parse_field: trying field name 'author'
0:00:00.022306530  2466 0x1d4c320 LOG   GST_POLL gstpoll.c:994:gst_poll_fd_ctl_write: 0x1d549c0: pfd->events now 60 (POLLOUT:4)
0:00:00.027972183  2465 0x385370 DEBUG   default gstvalue.c:2776:_priv_gst_value_parse_value: trying type name 'string'
0:00:00.022318025  2466 0x1d4c320 DEBUG   GST_POLL gstpoll.c:980:gst_poll_fd_ctl_write: 0x1d549c0: fd (fd:0, idx:1), active : 1
0:00:00.027987280  2465 0x385370 DEBUG   GST_REGISTRY gstregistrychunks.c:627:gst_registry_chunks_load_feature: Element factory : npadtemplates=1
0:00:00.022328227  2466 0x1d4c320 LOG   GST_POLL gstpoll.c:994:gst_poll_fd_ctl_write: 0x1d549c0: pfd->events now 60 (POLLOUT:4)
0:00:00.027998001  2465 0x385370 DEBUG   GST_REGISTRY gstregistrychunks.c:527:gst_registry_chunks_load_pad_template: Reading/casting for GstRegistryChunkPadTemplate at address 0x3a2360
0:00:00.022340742  2466 0x1d4c320 DEBUG   GST_POLL gstpoll.c:980:gst_poll_fd_ctl_write: 0x1d549c0: fd (fd:0, idx:1), active : 1
0:00:00.028009053  2465 0x385370 DEBUG   GST_REGISTRY gstregistrychunks.c:540:gst_registry_chunks_load_pad_template: Added pad_template src
0:00:00.022351912  2466 0x1d4c320 LOG   GST_POLL gstpoll.c:994:gst_poll_fd_ctl_write: 0x1d549c0: pfd->events now 60 (POLLOUT:4)
0:00:00.028020628  2465 0x385370 DEBUG   GST_REGISTRY gstregistrychunks.c:640:gst_registry_chunks_load_feature: Reading 1 UriTypes at address 0x3a2370
0:00:00.022363863  2466 0x1d4c320 DEBUG   GST_POLL gstpoll.c:980:gst_poll_fd_ctl_write: 0x1d549c0: fd (fd:0, idx:1), active : 1
0:00:00.028033158  2465 0x385370 DEBUG   GST_REGISTRY gstregistrychunks.c:655:gst_registry_chunks_load_feature: Reading 1 Interfaces at address 0x3a2379
0:00:00.022374412  2466 0x1d4c320 LOG   GST_POLL gstpoll.c:994:gst_poll_fd_ctl_write: 0x1d549c0: pfd->events now 60 (POLLOUT:4)
0:00:00.028048820  2465 0x385370 DEBUG   GST_REGISTRY gstregistry.c:590:gst_registry_add_feature: adding feature 0x3a66a0 (dataurisrc)
0:00:00.022386202  2466 0x1d4c320 DEBUG   GST_POLL gstpoll.c:980:gst_poll_fd_ctl_write: 0x1d549c0: fd (fd:0, idx:1), active : 1
0:00:00.028060024  2465 0x385370 DEBUG   GST_REFCOUNTING gstobject.c:709:gst_object_set_parent: set parent (ref and sink)
0:00:00.022398260  2466 0x1d4c320 LOG   GST_POLL gstpoll.c:994:gst_poll_fd_ctl_write: 0x1d549c0: pfd->events now 60 (POLLOUT:4)
0:00:00.028073681  2465 0x385370 TRACE   GST_REFCOUNTING gstobject.c:294:gst_object_ref_sink: 0x3a66a0 ref_sink 1->2
0:00:00.022411176  2466 0x1d4c320 DEBUG   GST_POLL gstpoll.c:980:gst_poll_fd_ctl_write: 0x1d549c0: fd (fd:0, idx:1), active : 1
0:00:00.028086235  2465 0x385370 LOG   GST_REGISTRY gstregistry.c:608:gst_registry_add_feature: emitting feature-added for dataurisrc
0:00:00.022423856  2466 0x1d4c320 LOG   GST_POLL gstpoll.c:994:gst_poll_fd_ctl_write: 0x1d549c0: pfd->events now 60 (POLLOUT:4)
0:00:00.028098544  2465 0x385370 DEBUG   GST_REGISTRY gstregistrychunks.c:742:gst_registry_chunks_load_feature: Added feature dataurisrc, plugin 0x3a0580 coreelements
0:00:00.022443682  2466 0x1d4c320 DEBUG   GST_POLL gstpoll.c:980:gst_poll_fd_ctl_write: 0x1d549c0: fd (fd:0, idx:1), active : 1
0:00:00.028111693  2465 0x385370 DEBUG   GST_REGISTRY gstregistrychunks.c:584:gst_registry_chunks_load_feature: Plugin 'coreelements' feature 'concat' typename : 'GstElementFactory'
0:00:00.022454359  2466 0x1d4c320 LOG   GST_POLL gstpoll.c:994:gst_poll_fd_ctl_write: 0x1d549c0: pfd->events now 60 (POLLOUT:4)
0:00:00.028127848  2465 0x385370 TRACE   GST_REFCOUNTING gstobject.c:208:gst_object_init: 0x3a6e20 new
0:00:00.022465790  2466 0x1d4c320 DEBUG   GST_POLL gstpoll.c:980:gst_poll_fd_ctl_write: 0x1d549c0: fd (fd:0, idx:1), active : 1
0:00:00.022478650  2466 0x1d4c320 LOG   GST_POLL gstpoll.c:994:gst_poll_fd_ctl_write: 0x1d549c0: pfd->events now 60 (POLLOUT:4)
0:00:00.028142534  2465 0x385370 LOG   GST_REGISTRY gstregistrychunks.c:611:gst_registry_chunks_load_feature: Reading/casting for GstRegistryChunkElementFactory at address 0x3a23a0
0:00:00.022490218  2466 0x1d4c320 DEBUG   GST_POLL gstpoll.c:980:gst_poll_fd_ctl_write: 0x1d549c0: fd (fd:0, idx:1), active : 1
0:00:00.028161164  2465 0x385370 TRACE   structure gststructure.c:292:gst_structure_new_id_empty_with_size: created structure 0x3a6fe0
0:00:00.022500638  2466 0x1d4c320 LOG   GST_POLL gstpoll.c:994:gst_poll_fd_ctl_write: 0x1d549c0: pfd->events now 60 (POLLOUT:4)
0:00:00.028172363  2465 0x385370 DEBUG   structure gststructure.c:2258:gst_structure_parse_field: trying field name 'long-name'
0:00:00.022512693  2466 0x1d4c320 DEBUG   GST_POLL gstpoll.c:980:gst_poll_fd_ctl_write: 0x1d549c0: fd (fd:0, idx:1), active : 1
0:00:00.028182612  2465 0x385370 DEBUG   default gstvalue.c:2776:_priv_gst_value_parse_value: trying type name 'string'
