0:00:00.008977812  2465 0x385370 LOG   GST_REGISTRY gstregistry.c:1300:gst_registry_scan_path_level: file /home/conan/w/prod/BuildSingleReference/.conan/data/gstreamer/1.19.2/_/_/package/467fc03b0f24213bb9b1cf088fa7fb20ffd79c35/lib/gstreamer-1.0/libgstcoretracers.so looks like a possible module
0:00:00.003323499  2466 0x1d4c320 LOG   GST_PLUGIN_LOADING gstplugin.c:511:gst_plugin_register_func: plugin "/home/conan/w/prod/BuildSingleReference/.conan/data/gstreamer/1.19.2/_/_/package/467fc03b0f24213bb9b1cf088fa7fb20ffd79c35/lib/gstreamer-1.0/libgstcoretracers.so" looks good
0:00:00.008993969  2465 0x385370 DEBUG   GST_REGISTRY gstregistry.c:1361:gst_registry_scan_path_level: file /home/conan/w/prod/BuildSingleReference/.conan/data/gstreamer/1.19.2/_/_/package/467fc03b0f24213bb9b1cf088fa7fb20ffd79c35/lib/gstreamer-1.0/libgstcoretracers.so not yet in registry
0:00:00.009015289  2465 0x385370 DEBUG   GST_REGISTRY gstregistry.c:1172:gst_registry_scan_plugin_file: Using scan-helper to load plugin /home/conan/w/prod/BuildSingleReference/.conan/data/gstreamer/1.19.2/_/_/package/467fc03b0f24213bb9b1cf088fa7fb20ffd79c35/lib/gstreamer-1.0/libgstcoretracers.so
0:00:00.003361227  2466 0x1d4c320 TRACE   GST_REFCOUNTING gstobject.c:208:gst_object_init: 0x1d66260 new
0:00:00.009028810  2465 0x385370 LOG   GST_PLUGIN_LOADING gstpluginloader.c:236:plugin_loader_load: Sending file /home/conan/w/prod/BuildSingleReference/.conan/data/gstreamer/1.19.2/_/_/package/467fc03b0f24213bb9b1cf088fa7fb20ffd79c35/lib/gstreamer-1.0/libgstcoretracers.so to child. tag 2
0:00:00.009043952  2465 0x385370 DEBUG   GST_POLL gstpoll.c:980:gst_poll_fd_ctl_write: 0x39ed40: fd (fd:7, idx:1), active : 1
0:00:00.003379999  2466 0x1d4c320 DEBUG   GST_TRACER gsttracer.c:169:gst_tracer_register: new tracer factory for latency
0:00:00.009055667  2465 0x385370 LOG   GST_POLL gstpoll.c:994:gst_poll_fd_ctl_write: 0x39ed40: pfd->events now 60 (POLLOUT:4)
0:00:00.003398253  2466 0x1d4c320 DEBUG   GST_TRACER gsttracer.c:177:gst_tracer_register: tracer factory for 30816128:GstLatencyTracer
0:00:00.009068807  2465 0x385370 DEBUG   GST_POLL gstpoll.c:1414:gst_poll_wait: 0x39ed40: timeout :0:00:01.000000000
0:00:00.003413703  2466 0x1d4c320 DEBUG   GST_REGISTRY gstregistry.c:590:gst_registry_add_feature: adding feature 0x1d66260 (latency)
0:00:00.009084704  2465 0x385370 LOG   GST_PLUGIN_LOADING gstpluginloader.c:1027:exchange_packets: Poll res = 1. 173 bytes pending for write
0:00:00.003425764  2466 0x1d4c320 DEBUG   GST_REFCOUNTING gstobject.c:709:gst_object_set_parent: set parent (ref and sink)
0:00:00.009098214  2465 0x385370 DEBUG   GST_POLL gstpoll.c:1241:gst_poll_fd_has_error: 0x39ed40: fd (fd:8, idx:2) 0
0:00:00.003440268  2466 0x1d4c320 TRACE   GST_REFCOUNTING gstobject.c:294:gst_object_ref_sink: 0x1d66260 ref_sink 1->2
0:00:00.009109274  2465 0x385370 DEBUG   GST_POLL gstpoll.c:1266:gst_poll_fd_can_read_unlocked: 0x39ed40: fd (fd:8, idx:2) 0
0:00:00.003453340  2466 0x1d4c320 LOG   GST_REGISTRY gstregistry.c:608:gst_registry_add_feature: emitting feature-added for latency
0:00:00.009121136  2465 0x385370 DEBUG   GST_POLL gstpoll.c:1195:gst_poll_fd_has_closed: 0x39ed40: fd (fd:8, idx:2) 0
0:00:00.009132667  2465 0x385370 DEBUG   GST_POLL gstpoll.c:1241:gst_poll_fd_has_error: 0x39ed40: fd (fd:7, idx:1) 0
0:00:00.009142633  2465 0x385370 DEBUG   GST_POLL gstpoll.c:1335:gst_poll_fd_can_write: 0x39ed40: fd (fd:7, idx:1) 1
0:00:00.003480608  2466 0x1d4c320 TRACE   GST_REFCOUNTING gstobject.c:208:gst_object_init: 0x1d66750 new
0:00:00.009152616  2465 0x385370 LOG   GST_PLUGIN_LOADING gstpluginloader.c:689:write_one: Writing packet of size 173 bytes to fd 7
0:00:00.003499251  2466 0x1d4c320 DEBUG   GST_TRACER gsttracer.c:169:gst_tracer_register: new tracer factory for log
0:00:00.009167292  2465 0x385370 DEBUG   GST_POLL gstpoll.c:980:gst_poll_fd_ctl_write: 0x39ed40: fd (fd:7, idx:1), active : 0
0:00:00.009185801  2465 0x385370 LOG   GST_POLL gstpoll.c:994:gst_poll_fd_ctl_write: 0x39ed40: pfd->events now 56 (POLLOUT:4)
0:00:00.003522920  2466 0x1d4c320 DEBUG   GST_TRACER gsttracer.c:177:gst_tracer_register: tracer factory for 30827952:GstLogTracer
0:00:00.003539707  2466 0x1d4c320 DEBUG   GST_REGISTRY gstregistry.c:590:gst_registry_add_feature: adding feature 0x1d66750 (log)
0:00:00.009209810  2465 0x385370 LOG   GST_REGISTRY gstregistry.c:1300:gst_registry_scan_path_level: file /home/conan/w/prod/BuildSingleReference/.conan/data/gstreamer/1.19.2/_/_/package/467fc03b0f24213bb9b1cf088fa7fb20ffd79c35/lib/gstreamer-1.0/libgstcoreelements.so looks like a possible module
0:00:00.003550503  2466 0x1d4c320 DEBUG   GST_REFCOUNTING gstobject.c:709:gst_object_set_parent: set parent (ref and sink)
0:00:00.009224813  2465 0x385370 DEBUG   GST_REGISTRY gstregistry.c:1361:gst_registry_scan_path_level: file /home/conan/w/prod/BuildSingleReference/.conan/data/gstreamer/1.19.2/_/_/package/467fc03b0f24213bb9b1cf088fa7fb20ffd79c35/lib/gstreamer-1.0/libgstcoreelements.so not yet in registry
0:00:00.003564748  2466 0x1d4c320 TRACE   GST_REFCOUNTING gstobject.c:294:gst_object_ref_sink: 0x1d66750 ref_sink 1->2
0:00:00.009236177  2465 0x385370 DEBUG   GST_REGISTRY gstregistry.c:1172:gst_registry_scan_plugin_file: Using scan-helper to load plugin /home/conan/w/prod/BuildSingleReference/.conan/data/gstreamer/1.19.2/_/_/package/467fc03b0f24213bb9b1cf088fa7fb20ffd79c35/lib/gstreamer-1.0/libgstcoreelements.so
0:00:00.003578915  2466 0x1d4c320 LOG   GST_REGISTRY gstregistry.c:608:gst_registry_add_feature: emitting feature-added for log
0:00:00.009249952  2465 0x385370 LOG   GST_PLUGIN_LOADING gstpluginloader.c:236:plugin_loader_load: Sending file /home/conan/w/prod/BuildSingleReference/.conan/data/gstreamer/1.19.2/_/_/package/467fc03b0f24213bb9b1cf088fa7fb20ffd79c35/lib/gstreamer-1.0/libgstcoreelements.so to child. tag 3
0:00:00.009263817  2465 0x385370 DEBUG   GST_POLL gstpoll.c:980:gst_poll_fd_ctl_write: 0x39ed40: fd (fd:7, idx:1), active : 1
0:00:00.003600631  2466 0x1d4c320 TRACE   GST_REFCOUNTING gstobject.c:208:gst_object_init: 0x1d66960 new
0:00:00.003617239  2466 0x1d4c320 DEBUG   GST_TRACER gsttracer.c:169:gst_tracer_register: new tracer factory for rusage
0:00:00.003629481  2466 0x1d4c320 DEBUG   GST_TRACER gsttracer.c:177:gst_tracer_register: tracer factory for 30828560:GstRUsageTracer
0:00:00.009275659  2465 0x385370 LOG   GST_POLL gstpoll.c:994:gst_poll_fd_ctl_write: 0x39ed40: pfd->events now 60 (POLLOUT:4)
0:00:00.003642896  2466 0x1d4c320 DEBUG   GST_REGISTRY gstregistry.c:590:gst_registry_add_feature: adding feature 0x1d66960 (rusage)
0:00:00.009310356  2465 0x385370 DEBUG   GST_POLL gstpoll.c:1414:gst_poll_wait: 0x39ed40: timeout :0:00:01.000000000
0:00:00.003653763  2466 0x1d4c320 DEBUG   GST_REFCOUNTING gstobject.c:709:gst_object_set_parent: set parent (ref and sink)
0:00:00.009326339  2465 0x385370 LOG   GST_PLUGIN_LOADING gstpluginloader.c:1027:exchange_packets: Poll res = 1. 174 bytes pending for write
0:00:00.009340799  2465 0x385370 DEBUG   GST_POLL gstpoll.c:1241:gst_poll_fd_has_error: 0x39ed40: fd (fd:8, idx:2) 0
0:00:00.003675674  2466 0x1d4c320 TRACE   GST_REFCOUNTING gstobject.c:294:gst_object_ref_sink: 0x1d66960 ref_sink 1->2
0:00:00.009351874  2465 0x385370 DEBUG   GST_POLL gstpoll.c:1266:gst_poll_fd_can_read_unlocked: 0x39ed40: fd (fd:8, idx:2) 0
0:00:00.003690151  2466 0x1d4c320 LOG   GST_REGISTRY gstregistry.c:608:gst_registry_add_feature: emitting feature-added for rusage
0:00:00.009363539  2465 0x385370 DEBUG   GST_POLL gstpoll.c:1195:gst_poll_fd_has_closed: 0x39ed40: fd (fd:8, idx:2) 0
0:00:00.009372889  2465 0x385370 DEBUG   GST_POLL gstpoll.c:1241:gst_poll_fd_has_error: 0x39ed40: fd (fd:7, idx:1) 0
0:00:00.009383143  2465 0x385370 DEBUG   GST_POLL gstpoll.c:1335:gst_poll_fd_can_write: 0x39ed40: fd (fd:7, idx:1) 1
0:00:00.003719730  2466 0x1d4c320 TRACE   GST_REFCOUNTING gstobject.c:208:gst_object_init: 0x1d66c30 new
0:00:00.009393764  2465 0x385370 LOG   GST_PLUGIN_LOADING gstpluginloader.c:689:write_one: Writing packet of size 174 bytes to fd 7
0:00:00.003737910  2466 0x1d4c320 DEBUG   GST_TRACER gsttracer.c:169:gst_tracer_register: new tracer factory for stats
0:00:00.009407097  2465 0x385370 DEBUG   GST_POLL gstpoll.c:980:gst_poll_fd_ctl_write: 0x39ed40: fd (fd:7, idx:1), active : 0
0:00:00.003753492  2466 0x1d4c320 DEBUG   GST_TRACER gsttracer.c:177:gst_tracer_register: tracer factory for 30829168:GstStatsTracer
0:00:00.009419407  2465 0x385370 LOG   GST_POLL gstpoll.c:994:gst_poll_fd_ctl_write: 0x39ed40: pfd->events now 56 (POLLOUT:4)
0:00:00.003768411  2466 0x1d4c320 DEBUG   GST_REGISTRY gstregistry.c:590:gst_registry_add_feature: adding feature 0x1d66c30 (stats)
0:00:00.009443419  2465 0x385370 DEBUG   GST_REGISTRY gstregistry.c:1384:gst_registry_scan_path_internal: registry changed in path /home/conan/w/prod/BuildSingleReference/.conan/data/gstreamer/1.19.2/_/_/package/467fc03b0f24213bb9b1cf088fa7fb20ffd79c35/lib/gstreamer-1.0: 0
0:00:00.003780346  2466 0x1d4c320 DEBUG   GST_REFCOUNTING gstobject.c:709:gst_object_set_parent: set parent (ref and sink)
0:00:00.003796021  2466 0x1d4c320 TRACE   GST_REFCOUNTING gstobject.c:294:gst_object_ref_sink: 0x1d66c30 ref_sink 1->2
0:00:00.009463264  2465 0x385370 DEBUG   GST_POLL gstpoll.c:980:gst_poll_fd_ctl_write: 0x39ed40: fd (fd:7, idx:1), active : 1
0:00:00.003808547  2466 0x1d4c320 LOG   GST_REGISTRY gstregistry.c:608:gst_registry_add_feature: emitting feature-added for stats
0:00:00.009474415  2465 0x385370 LOG   GST_POLL gstpoll.c:994:gst_poll_fd_ctl_write: 0x39ed40: pfd->events now 60 (POLLOUT:4)
0:00:00.009488859  2465 0x385370 DEBUG   GST_POLL gstpoll.c:1414:gst_poll_wait: 0x39ed40: timeout :0:00:01.000000000
0:00:00.003836890  2466 0x1d4c320 TRACE   GST_REFCOUNTING gstobject.c:208:gst_object_init: 0x1d66e80 new
0:00:00.009510406  2465 0x385370 LOG   GST_PLUGIN_LOADING gstpluginloader.c:1027:exchange_packets: Poll res = 1. 12 bytes pending for write
0:00:00.003855589  2466 0x1d4c320 DEBUG   GST_TRACER gsttracer.c:169:gst_tracer_register: new tracer factory for leaks
0:00:00.009522797  2465 0x385370 DEBUG   GST_POLL gstpoll.c:1241:gst_poll_fd_has_error: 0x39ed40: fd (fd:8, idx:2) 0
0:00:00.009534355  2465 0x385370 DEBUG   GST_POLL gstpoll.c:1266:gst_poll_fd_can_read_unlocked: 0x39ed40: fd (fd:8, idx:2) 0
0:00:00.003870910  2466 0x1d4c320 DEBUG   GST_TRACER gsttracer.c:177:gst_tracer_register: tracer factory for 30829840:GstLeaksTracer
0:00:00.009545742  2465 0x385370 DEBUG   GST_POLL gstpoll.c:1195:gst_poll_fd_has_closed: 0x39ed40: fd (fd:8, idx:2) 0
0:00:00.003885917  2466 0x1d4c320 DEBUG   GST_REGISTRY gstregistry.c:590:gst_registry_add_feature: adding feature 0x1d66e80 (leaks)
0:00:00.009556816  2465 0x385370 DEBUG   GST_POLL gstpoll.c:1241:gst_poll_fd_has_error: 0x39ed40: fd (fd:7, idx:1) 0
0:00:00.003897237  2466 0x1d4c320 DEBUG   GST_REFCOUNTING gstobject.c:709:gst_object_set_parent: set parent (ref and sink)
0:00:00.009567980  2465 0x385370 DEBUG   GST_POLL gstpoll.c:1335:gst_poll_fd_can_write: 0x39ed40: fd (fd:7, idx:1) 1
0:00:00.003911160  2466 0x1d4c320 TRACE   GST_REFCOUNTING gstobject.c:294:gst_object_ref_sink: 0x1d66e80 ref_sink 1->2
0:00:00.009578670  2465 0x385370 LOG   GST_PLUGIN_LOADING gstpluginloader.c:689:write_one: Writing packet of size 12 bytes to fd 7
0:00:00.003924208  2466 0x1d4c320 LOG   GST_REGISTRY gstregistry.c:608:gst_registry_add_feature: emitting feature-added for leaks
0:00:00.009593024  2465 0x385370 DEBUG   GST_POLL gstpoll.c:980:gst_poll_fd_ctl_write: 0x39ed40: fd (fd:7, idx:1), active : 0
0:00:00.009605182  2465 0x385370 LOG   GST_POLL gstpoll.c:994:gst_poll_fd_ctl_write: 0x39ed40: pfd->events now 56 (POLLOUT:4)
0:00:00.003944077  2466 0x1d4c320 TRACE   GST_REFCOUNTING gstobject.c:208:gst_object_init: 0x1d67120 new
0:00:00.009618562  2465 0x385370 DEBUG   GST_POLL gstpoll.c:1414:gst_poll_wait: 0x39ed40: timeout :0:00:01.000000000
0:00:00.003961997  2466 0x1d4c320 DEBUG   GST_TRACER gsttracer.c:169:gst_tracer_register: new tracer factory for factories
0:00:00.003977757  2466 0x1d4c320 DEBUG   GST_TRACER gsttracer.c:177:gst_tracer_register: tracer factory for 30830512:GstFactoriesTracer
0:00:00.003989567  2466 0x1d4c320 DEBUG   GST_REGISTRY gstregistry.c:590:gst_registry_add_feature: adding feature 0x1d67120 (factories)
0:00:00.004001024  2466 0x1d4c320 DEBUG   GST_REFCOUNTING gstobject.c:709:gst_object_set_parent: set parent (ref and sink)
0:00:00.004012193  2466 0x1d4c320 TRACE   GST_REFCOUNTING gstobject.c:294:gst_object_ref_sink: 0x1d67120 ref_sink 1->2
0:00:00.004025620  2466 0x1d4c320 LOG   GST_REGISTRY gstregistry.c:608:gst_registry_add_feature: emitting feature-added for factories
0:00:00.004033555  2466 0x1d4c320 LOG   GST_PLUGIN_LOADING gstplugin.c:538:gst_plugin_register_func: plugin "/home/conan/w/prod/BuildSingleReference/.conan/data/gstreamer/1.19.2/_/_/package/467fc03b0f24213bb9b1cf088fa7fb20ffd79c35/lib/gstreamer-1.0/libgstcoretracers.so" initialised
0:00:00.004043175  2466 0x1d4c320 INFO   GST_PLUGIN_LOADING gstplugin.c:912:_priv_gst_plugin_load_file_for_registry: plugin "/home/conan/w/prod/BuildSingleReference/.conan/data/gstreamer/1.19.2/_/_/package/467fc03b0f24213bb9b1cf088fa7fb20ffd79c35/lib/gstreamer-1.0/libgstcoretracers.so" loaded
0:00:00.004051917  2466 0x1d4c320 TRACE   GST_REFCOUNTING gstobject.c:238:gst_object_ref: 0x1d65ea0 ref 1->2
0:00:00.004061125  2466 0x1d4c320 DEBUG   GST_REGISTRY gstregistry.c:474:gst_registry_add_plugin: adding plugin 0x1d65ea0 for filename "/home/conan/w/prod/BuildSingleReference/.conan/data/gstreamer/1.19.2/_/_/package/467fc03b0f24213bb9b1cf088fa7fb20ffd79c35/lib/gstreamer-1.0/libgstcoretracers.so"
0:00:00.004069543  2466 0x1d4c320 TRACE   GST_REFCOUNTING gstobject.c:294:gst_object_ref_sink: 0x1d65ea0 ref_sink 2->3
0:00:00.004077198  2466 0x1d4c320 LOG   GST_REGISTRY gstregistry.c:487:gst_registry_add_plugin: emitting plugin-added for filename "/home/conan/w/prod/BuildSingleReference/.conan/data/gstreamer/1.19.2/_/_/package/467fc03b0f24213bb9b1cf088fa7fb20ffd79c35/lib/gstreamer-1.0/libgstcoretracers.so"
0:00:00.004086674  2466 0x1d4c320 TRACE   GST_REFCOUNTING gstobject.c:238:gst_object_ref: 0x1d67120 ref 1->2
0:00:00.004094554  2466 0x1d4c320 TRACE   GST_REFCOUNTING gstobject.c:238:gst_object_ref: 0x1d66e80 ref 1->2
0:00:00.004102123  2466 0x1d4c320 TRACE   GST_REFCOUNTING gstobject.c:238:gst_object_ref: 0x1d66c30 ref 1->2
0:00:00.004109728  2466 0x1d4c320 TRACE   GST_REFCOUNTING gstobject.c:238:gst_object_ref: 0x1d66960 ref 1->2
0:00:00.004135593  2466 0x1d4c320 TRACE   GST_REFCOUNTING gstobject.c:238:gst_object_ref: 0x1d66750 ref 1->2
0:00:00.004147411  2466 0x1d4c320 TRACE   GST_REFCOUNTING gstobject.c:238:gst_object_ref: 0x1d66260 ref 1->2
0:00:00.004177343  2466 0x1d4c320 TRACE   GST_REFCOUNTING gstobject.c:265:gst_object_unref: 0x1d66260 unref 2->1
0:00:00.004190651  2466 0x1d4c320 TRACE   GST_REFCOUNTING gstobject.c:265:gst_object_unref: 0x1d66750 unref 2->1
0:00:00.004201457  2466 0x1d4c320 TRACE   GST_REFCOUNTING gstobject.c:265:gst_object_unref: 0x1d66960 unref 2->1
0:00:00.004212289  2466 0x1d4c320 TRACE   GST_REFCOUNTING gstobject.c:265:gst_object_unref: 0x1d66c30 unref 2->1
0:00:00.004220180  2466 0x1d4c320 TRACE   GST_REFCOUNTING gstobject.c:265:gst_object_unref: 0x1d66e80 unref 2->1
0:00:00.004293634  2466 0x1d4c320 TRACE   GST_REFCOUNTING gstobject.c:265:gst_object_unref: 0x1d67120 unref 2->1
0:00:00.004308734  2466 0x1d4c320 DEBUG   GST_REGISTRY gstregistrychunks.c:499:_priv_gst_registry_chunks_save_plugin: Found 6 features in plugin 0x1d65ea0 (coretracers)
0:00:00.004332685  2466 0x1d4c320 DEBUG   GST_POLL gstpoll.c:980:gst_poll_fd_ctl_write: 0x1d549c0: fd (fd:0, idx:1), active : 1
0:00:00.004340642  2466 0x1d4c320 LOG   GST_POLL gstpoll.c:994:gst_poll_fd_ctl_write: 0x1d549c0: pfd->events now 60 (POLLOUT:4)
0:00:00.004347906  2466 0x1d4c320 DEBUG   GST_POLL gstpoll.c:980:gst_poll_fd_ctl_write: 0x1d549c0: fd (fd:0, idx:1), active : 1
0:00:00.004354310  2466 0x1d4c320 LOG   GST_POLL gstpoll.c:994:gst_poll_fd_ctl_write: 0x1d549c0: pfd->events now 60 (POLLOUT:4)
0:00:00.004362034  2466 0x1d4c320 DEBUG   GST_POLL gstpoll.c:980:gst_poll_fd_ctl_write: 0x1d549c0: fd (fd:0, idx:1), active : 1
0:00:00.004368498  2466 0x1d4c320 LOG   GST_POLL gstpoll.c:994:gst_poll_fd_ctl_write: 0x1d549c0: pfd->events now 60 (POLLOUT:4)
0:00:00.004375034  2466 0x1d4c320 DEBUG   GST_POLL gstpoll.c:980:gst_poll_fd_ctl_write: 0x1d549c0: fd (fd:0, idx:1), active : 1
0:00:00.004381157  2466 0x1d4c320 LOG   GST_POLL gstpoll.c:994:gst_poll_fd_ctl_write: 0x1d549c0: pfd->events now 60 (POLLOUT:4)
0:00:00.004387632  2466 0x1d4c320 DEBUG   GST_POLL gstpoll.c:980:gst_poll_fd_ctl_write: 0x1d549c0: fd (fd:0, idx:1), active : 1
0:00:00.004393697  2466 0x1d4c320 LOG   GST_POLL gstpoll.c:994:gst_poll_fd_ctl_write: 0x1d549c0: pfd->events now 60 (POLLOUT:4)
0:00:00.004399926  2466 0x1d4c320 DEBUG   GST_POLL gstpoll.c:980:gst_poll_fd_ctl_write: 0x1d549c0: fd (fd:0, idx:1), active : 1
0:00:00.004405833  2466 0x1d4c320 LOG   GST_POLL gstpoll.c:994:gst_poll_fd_ctl_write: 0x1d549c0: pfd->events now 60 (POLLOUT:4)
0:00:00.004411963  2466 0x1d4c320 DEBUG   GST_POLL gstpoll.c:980:gst_poll_fd_ctl_write: 0x1d549c0: fd (fd:0, idx:1), active : 1
0:00:00.004418024  2466 0x1d4c320 LOG   GST_POLL gstpoll.c:994:gst_poll_fd_ctl_write: 0x1d549c0: pfd->events now 60 (POLLOUT:4)
0:00:00.004424257  2466 0x1d4c320 DEBUG   GST_POLL gstpoll.c:980:gst_poll_fd_ctl_write: 0x1d549c0: fd (fd:0, idx:1), active : 1
0:00:00.004430288  2466 0x1d4c320 LOG   GST_POLL gstpoll.c:994:gst_poll_fd_ctl_write: 0x1d549c0: pfd->events now 60 (POLLOUT:4)
0:00:00.004436492  2466 0x1d4c320 DEBUG   GST_POLL gstpoll.c:980:gst_poll_fd_ctl_write: 0x1d549c0: fd (fd:0, idx:1), active : 1
0:00:00.004442396  2466 0x1d4c320 LOG   GST_POLL gstpoll.c:994:gst_poll_fd_ctl_write: 0x1d549c0: pfd->events now 60 (POLLOUT:4)
0:00:00.004448777  2466 0x1d4c320 DEBUG   GST_POLL gstpoll.c:980:gst_poll_fd_ctl_write: 0x1d549c0: fd (fd:0, idx:1), active : 1
0:00:00.004455138  2466 0x1d4c320 LOG   GST_POLL gstpoll.c:994:gst_poll_fd_ctl_write: 0x1d549c0: pfd->events now 60 (POLLOUT:4)
0:00:00.004461847  2466 0x1d4c320 DEBUG   GST_POLL gstpoll.c:980:gst_poll_fd_ctl_write: 0x1d549c0: fd (fd:0, idx:1), active : 1
0:00:00.004468080  2466 0x1d4c320 LOG   GST_POLL gstpoll.c:994:gst_poll_fd_ctl_write: 0x1d549c0: pfd->events now 60 (POLLOUT:4)
0:00:00.004474394  2466 0x1d4c320 DEBUG   GST_POLL gstpoll.c:980:gst_poll_fd_ctl_write: 0x1d549c0: fd (fd:0, idx:1), active : 1
0:00:00.004485172  2466 0x1d4c320 LOG   GST_POLL gstpoll.c:994:gst_poll_fd_ctl_write: 0x1d549c0: pfd->events now 60 (POLLOUT:4)
0:00:00.004492193  2466 0x1d4c320 DEBUG   GST_POLL gstpoll.c:980:gst_poll_fd_ctl_write: 0x1d549c0: fd (fd:0, idx:1), active : 1
0:00:00.004501474  2466 0x1d4c320 LOG   GST_POLL gstpoll.c:994:gst_poll_fd_ctl_write: 0x1d549c0: pfd->events now 60 (POLLOUT:4)
0:00:00.004512521  2466 0x1d4c320 DEBUG   GST_POLL gstpoll.c:980:gst_poll_fd_ctl_write: 0x1d549c0: fd (fd:0, idx:1), active : 1
0:00:00.004523729  2466 0x1d4c320 LOG   GST_POLL gstpoll.c:994:gst_poll_fd_ctl_write: 0x1d549c0: pfd->events now 60 (POLLOUT:4)
0:00:00.004531420  2466 0x1d4c320 DEBUG   GST_POLL gstpoll.c:980:gst_poll_fd_ctl_write: 0x1d549c0: fd (fd:0, idx:1), active : 1
0:00:00.004537346  2466 0x1d4c320 LOG   GST_POLL gstpoll.c:994:gst_poll_fd_ctl_write: 0x1d549c0: pfd->events now 60 (POLLOUT:4)
0:00:00.004543641  2466 0x1d4c320 DEBUG   GST_POLL gstpoll.c:980:gst_poll_fd_ctl_write: 0x1d549c0: fd (fd:0, idx:1), active : 1
0:00:00.004549518  2466 0x1d4c320 LOG   GST_POLL gstpoll.c:994:gst_poll_fd_ctl_write: 0x1d549c0: pfd->events now 60 (POLLOUT:4)
0:00:00.004555769  2466 0x1d4c320 DEBUG   GST_POLL gstpoll.c:980:gst_poll_fd_ctl_write: 0x1d549c0: fd (fd:0, idx:1), active : 1
0:00:00.004561576  2466 0x1d4c320 LOG   GST_POLL gstpoll.c:994:gst_poll_fd_ctl_write: 0x1d549c0: pfd->events now 60 (POLLOUT:4)
0:00:00.004567842  2466 0x1d4c320 DEBUG   GST_POLL gstpoll.c:980:gst_poll_fd_ctl_write: 0x1d549c0: fd (fd:0, idx:1), active : 1
0:00:00.004573651  2466 0x1d4c320 LOG   GST_POLL gstpoll.c:994:gst_poll_fd_ctl_write: 0x1d549c0: pfd->events now 60 (POLLOUT:4)
0:00:00.004580102  2466 0x1d4c320 DEBUG   GST_POLL gstpoll.c:980:gst_poll_fd_ctl_write: 0x1d549c0: fd (fd:0, idx:1), active : 1
0:00:00.004589280  2466 0x1d4c320 LOG   GST_POLL gstpoll.c:994:gst_poll_fd_ctl_write: 0x1d549c0: pfd->events now 60 (POLLOUT:4)
0:00:00.004598398  2466 0x1d4c320 DEBUG   GST_POLL gstpoll.c:980:gst_poll_fd_ctl_write: 0x1d549c0: fd (fd:0, idx:1), active : 1
0:00:00.004608248  2466 0x1d4c320 LOG   GST_POLL gstpoll.c:994:gst_poll_fd_ctl_write: 0x1d549c0: pfd->events now 60 (POLLOUT:4)
0:00:00.004620863  2466 0x1d4c320 DEBUG   GST_POLL gstpoll.c:980:gst_poll_fd_ctl_write: 0x1d549c0: fd (fd:0, idx:1), active : 1
0:00:00.004632015  2466 0x1d4c320 LOG   GST_POLL gstpoll.c:994:gst_poll_fd_ctl_write: 0x1d549c0: pfd->events now 60 (POLLOUT:4)
0:00:00.004641637  2466 0x1d4c320 DEBUG   GST_POLL gstpoll.c:980:gst_poll_fd_ctl_write: 0x1d549c0: fd (fd:0, idx:1), active : 1
0:00:00.004649283  2466 0x1d4c320 LOG   GST_POLL gstpoll.c:994:gst_poll_fd_ctl_write: 0x1d549c0: pfd->events now 60 (POLLOUT:4)
0:00:00.004655639  2466 0x1d4c320 DEBUG   GST_POLL gstpoll.c:980:gst_poll_fd_ctl_write: 0x1d549c0: fd (fd:0, idx:1), active : 1
0:00:00.004661577  2466 0x1d4c320 LOG   GST_POLL gstpoll.c:994:gst_poll_fd_ctl_write: 0x1d549c0: pfd->events now 60 (POLLOUT:4)
0:00:00.004673335  2466 0x1d4c320 DEBUG   GST_POLL gstpoll.c:980:gst_poll_fd_ctl_write: 0x1d549c0: fd (fd:0, idx:1), active : 1
0:00:00.004679412  2466 0x1d4c320 LOG   GST_POLL gstpoll.c:994:gst_poll_fd_ctl_write: 0x1d549c0: pfd->events now 60 (POLLOUT:4)
0:00:00.004685686  2466 0x1d4c320 DEBUG   GST_POLL gstpoll.c:980:gst_poll_fd_ctl_write: 0x1d549c0: fd (fd:0, idx:1), active : 1
0:00:00.004691567  2466 0x1d4c320 LOG   GST_POLL gstpoll.c:994:gst_poll_fd_ctl_write: 0x1d549c0: pfd->events now 60 (POLLOUT:4)
0:00:00.004697949  2466 0x1d4c320 DEBUG   GST_POLL gstpoll.c:980:gst_poll_fd_ctl_write: 0x1d549c0: fd (fd:0, idx:1), active : 1
0:00:00.004703808  2466 0x1d4c320 LOG   GST_POLL gstpoll.c:994:gst_poll_fd_ctl_write: 0x1d549c0: pfd->events now 60 (POLLOUT:4)
0:00:00.004710057  2466 0x1d4c320 DEBUG   GST_POLL gstpoll.c:980:gst_poll_fd_ctl_write: 0x1d549c0: fd (fd:0, idx:1), active : 1
0:00:00.004716003  2466 0x1d4c320 LOG   GST_POLL gstpoll.c:994:gst_poll_fd_ctl_write: 0x1d549c0: pfd->events now 60 (POLLOUT:4)
0:00:00.004722247  2466 0x1d4c320 DEBUG   GST_POLL gstpoll.c:980:gst_poll_fd_ctl_write: 0x1d549c0: fd (fd:0, idx:1), active : 1
0:00:00.004728309  2466 0x1d4c320 LOG   GST_POLL gstpoll.c:994:gst_poll_fd_ctl_write: 0x1d549c0: pfd->events now 60 (POLLOUT:4)
0:00:00.004735089  2466 0x1d4c320 LOG   GST_PLUGIN_LOADING gstpluginloader.c:645:put_chunk: Expanding tx buf from 512 to 1152 for chunk of size 8
0:00:00.004743292  2466 0x1d4c320 DEBUG   GST_POLL gstpoll.c:980:gst_poll_fd_ctl_write: 0x1d549c0: fd (fd:0, idx:1), active : 1
0:00:00.004749606  2466 0x1d4c320 LOG   GST_POLL gstpoll.c:994:gst_poll_fd_ctl_write: 0x1d549c0: pfd->events now 60 (POLLOUT:4)
0:00:00.004755997  2466 0x1d4c320 DEBUG   GST_POLL gstpoll.c:980:gst_poll_fd_ctl_write: 0x1d549c0: fd (fd:0, idx:1), active : 1
0:00:00.004761872  2466 0x1d4c320 LOG   GST_POLL gstpoll.c:994:gst_poll_fd_ctl_write: 0x1d549c0: pfd->events now 60 (POLLOUT:4)
0:00:00.004769667  2466 0x1d4c320 TRACE   GST_REFCOUNTING gstobject.c:265:gst_object_unref: 0x1d65ea0 unref 2->1
0:00:00.004780687  2466 0x1d4c320 DEBUG   GST_POLL gstpoll.c:1241:gst_poll_fd_has_error: 0x1d549c0: fd (fd:0, idx:1) 0
0:00:00.004794220  2466 0x1d4c320 DEBUG   GST_POLL gstpoll.c:1335:gst_poll_fd_can_write: 0x1d549c0: fd (fd:0, idx:1) 0
0:00:00.004805465  2466 0x1d4c320 DEBUG   GST_POLL gstpoll.c:1195:gst_poll_fd_has_closed: 0x1d549c0: fd (fd:0, idx:1) 0
0:00:00.004817552  2466 0x1d4c320 DEBUG   GST_POLL gstpoll.c:1414:gst_poll_wait: 0x1d549c0: timeout :0:00:01.000000000
0:00:00.004831144  2466 0x1d4c320 LOG   GST_PLUGIN_LOADING gstpluginloader.c:1027:exchange_packets: Poll res = 2. 528 bytes pending for write
0:00:00.004845114  2466 0x1d4c320 DEBUG   GST_POLL gstpoll.c:1241:gst_poll_fd_has_error: 0x1d549c0: fd (fd:5, idx:2) 0
0:00:00.004851989  2466 0x1d4c320 DEBUG   GST_POLL gstpoll.c:1266:gst_poll_fd_can_read_unlocked: 0x1d549c0: fd (fd:5, idx:2) 1
0:00:00.004871958  2466 0x1d4c320 DEBUG   GST_PLUGIN_LOADING gstpluginloader.c:721:do_plugin_load: Plugin scanner loading file /home/conan/w/prod/BuildSingleReference/.conan/data/gstreamer/1.19.2/_/_/package/467fc03b0f24213bb9b1cf088fa7fb20ffd79c35/lib/gstreamer-1.0/libgstcoreelements.so. tag 1
0:00:00.004886142  2466 0x1d4c320 DEBUG   GST_PLUGIN_LOADING gstplugin.c:765:_priv_gst_plugin_load_file_for_registry: attempt to load plugin "/home/conan/w/prod/BuildSingleReference/.conan/data/gstreamer/1.19.2/_/_/package/467fc03b0f24213bb9b1cf088fa7fb20ffd79c35/lib/gstreamer-1.0/libgstcoreelements.so"
0:00:00.005473048  2466 0x1d4c320 TRACE   GST_REFCOUNTING gstobject.c:208:gst_object_init: 0x1d687d0 new
0:00:00.005502670  2466 0x1d4c320 LOG   GST_PLUGIN_LOADING gstplugin.c:887:_priv_gst_plugin_load_file_for_registry: Plugin 0x1d687d0 for file "/home/conan/w/prod/BuildSingleReference/.conan/data/gstreamer/1.19.2/_/_/package/467fc03b0f24213bb9b1cf088fa7fb20ffd79c35/lib/gstreamer-1.0/libgstcoreelements.so" prepared, calling entry function...
0:00:00.005518025  2466 0x1d4c320 LOG   GST_PLUGIN_LOADING gstplugin.c:894:_priv_gst_plugin_load_file_for_registry: Plugin 0x1d687d0 for file "/home/conan/w/prod/BuildSingleReference/.conan/data/gstreamer/1.19.2/_/_/package/467fc03b0f24213bb9b1cf088fa7fb20ffd79c35/lib/gstreamer-1.0/libgstcoreelements.so" prepared, registering...
0:00:00.005531550  2466 0x1d4c320 LOG   GST_PLUGIN_LOADING gstplugin.c:511:gst_plugin_register_func: plugin "/home/conan/w/prod/BuildSingleReference/.conan/data/gstreamer/1.19.2/_/_/package/467fc03b0f24213bb9b1cf088fa7fb20ffd79c35/lib/gstreamer-1.0/libgstcoreelements.so" looks good
0:00:00.005579498  2466 0x1d4c320 TRACE   GST_REFCOUNTING gstobject.c:208:gst_object_init: 0x1d68bb0 new
0:00:00.005593428  2466 0x1d4c320 LOG   GST_ELEMENT_FACTORY gstelementfactory.c:240:gst_element_register: Created new elementfactory for type GstCapsFilter
0:00:00.005609824  2466 0x1d4c320 TRACE   structure gststructure.c:292:gst_structure_new_id_empty_with_size: created structure 0x1d69260
0:00:00.005620834  2466 0x1d4c320 TRACE   GST_PERFORMANCE gststructure.c:512:gst_structure_copy: doing copy 0x1d52b40 -> 0x1d69260
0:00:00.005634964  2466 0x1d4c320 DEBUG   GST_ELEMENT_PADS gstelement.c:312:gst_element_base_class_init: type GstBaseTransform : factory (nil)
0:00:00.005647001  2466 0x1d4c320 DEBUG   basetransform gstbasetransform.c:333:gst_base_transform_class_init: gst_base_transform_class_init
0:00:00.005664468  2466 0x1d4c320 TRACE   structure gststructure.c:292:gst_structure_new_id_empty_with_size: created structure 0x1d696d0
0:00:00.005671612  2466 0x1d4c320 TRACE   GST_PERFORMANCE gststructure.c:512:gst_structure_copy: doing copy 0x1d69260 -> 0x1d696d0
0:00:00.005678845  2466 0x1d4c320 DEBUG   GST_ELEMENT_PADS gstelement.c:312:gst_element_base_class_init: type GstCapsFilter : factory 0x1d68bb0
0:00:00.005702424  2466 0x1d4c320 TRACE   GST_CAPS gstcaps.c:263:gst_caps_new_empty: created caps 0x1d5baa0
0:00:00.005710223  2466 0x1d4c320 TRACE   GST_CAPS gstcaps.c:440:gst_static_caps_get: created 0x7f9b8aeae6f8 from string ANY
0:00:00.005718158  2466 0x1d4c320 TRACE   GST_REFCOUNTING gstminiobject.c:479:gst_mini_object_ref: 0x1d5baa0 ref 1->2
0:00:00.005760895  2466 0x1d4c320 TRACE   GST_REFCOUNTING gstobject.c:208:gst_object_init: 0x1d6a060 new
0:00:00.005775199  2466 0x1d4c320 TRACE   GST_REFCOUNTING gstminiobject.c:479:gst_mini_object_ref: 0x1d5baa0 ref 2->3
0:00:00.005788349  2466 0x1d4c320 TRACE   GST_REFCOUNTING gstminiobject.c:661:gst_mini_object_unref: 0x1d5baa0 unref 3->2
0:00:00.005796779  2466 0x1d4c320 TRACE   GST_REFCOUNTING gstobject.c:294:gst_object_ref_sink: 0x1d6a060 ref_sink 1->2
0:00:00.005804387  2466 0x1d4c320 TRACE   GST_CAPS gstcaps.c:263:gst_caps_new_empty: created caps 0x1d69aa0
0:00:00.005811475  2466 0x1d4c320 TRACE   GST_CAPS gstcaps.c:440:gst_static_caps_get: created 0x7f9b8aeae738 from string ANY
0:00:00.005818605  2466 0x1d4c320 TRACE   GST_REFCOUNTING gstminiobject.c:479:gst_mini_object_ref: 0x1d69aa0 ref 1->2
0:00:00.005828215  2466 0x1d4c320 TRACE   GST_REFCOUNTING gstobject.c:208:gst_object_init: 0x1d6a2a0 new
0:00:00.005837864  2466 0x1d4c320 TRACE   GST_REFCOUNTING gstminiobject.c:479:gst_mini_object_ref: 0x1d69aa0 ref 2->3
0:00:00.005846844  2466 0x1d4c320 TRACE   GST_REFCOUNTING gstminiobject.c:661:gst_mini_object_unref: 0x1d69aa0 unref 3->2
0:00:00.005854753  2466 0x1d4c320 TRACE   GST_REFCOUNTING gstobject.c:294:gst_object_ref_sink: 0x1d6a2a0 ref_sink 1->2
0:00:00.005866049  2466 0x1d4c320 TRACE   structure gststructure.c:292:gst_structure_new_id_empty_with_size: created structure 0x1d6a500
0:00:00.005874607  2466 0x1d4c320 TRACE   GST_PERFORMANCE gststructure.c:512:gst_structure_copy: doing copy 0x1d696d0 -> 0x1d6a500
0:00:00.005886478  2466 0x1d4c320 DEBUG   GST_REGISTRY gstregistry.c:590:gst_registry_add_feature: adding feature 0x1d68bb0 (capsfilter)
0:00:00.005893491  2466 0x1d4c320 DEBUG   GST_REFCOUNTING gstobject.c:709:gst_object_set_parent: set parent (ref and sink)
0:00:00.005901384  2466 0x1d4c320 TRACE   GST_REFCOUNTING gstobject.c:294:gst_object_ref_sink: 0x1d68bb0 ref_sink 1->2
0:00:00.005908575  2466 0x1d4c320 LOG   GST_REGISTRY gstregistry.c:608:gst_registry_add_feature: emitting feature-added for capsfilter
0:00:00.005921986  2466 0x1d4c320 TRACE   GST_REFCOUNTING gstobject.c:208:gst_object_init: 0x1d6a840 new
0:00:00.005932916  2466 0x1d4c320 LOG   GST_ELEMENT_FACTORY gstelementfactory.c:240:gst_element_register: Created new elementfactory for type GstClockSync
0:00:00.005941325  2466 0x1d4c320 TRACE   structure gststructure.c:292:gst_structure_new_id_empty_with_size: created structure 0x1d6ac70
0:00:00.005950594  2466 0x1d4c320 TRACE   GST_PERFORMANCE gststructure.c:512:gst_structure_copy: doing copy 0x1d52b40 -> 0x1d6ac70
0:00:00.005985148  2466 0x1d4c320 DEBUG   GST_ELEMENT_PADS gstelement.c:312:gst_element_base_class_init: type GstClockSync : factory 0x1d6a840
0:00:00.006013348  2466 0x1d4c320 TRACE   GST_CAPS gstcaps.c:263:gst_caps_new_empty: created caps 0x1d6af20
0:00:00.006027335  2466 0x1d4c320 TRACE   GST_CAPS gstcaps.c:440:gst_static_caps_get: created 0x7f9b8aeae778 from string ANY
0:00:00.006034557  2466 0x1d4c320 TRACE   GST_REFCOUNTING gstminiobject.c:479:gst_mini_object_ref: 0x1d6af20 ref 1->2
0:00:00.006049545  2466 0x1d4c320 TRACE   GST_REFCOUNTING gstobject.c:208:gst_object_init: 0x1d6af70 new
0:00:00.006067878  2466 0x1d4c320 TRACE   GST_REFCOUNTING gstminiobject.c:479:gst_mini_object_ref: 0x1d6af20 ref 2->3
0:00:00.006082217  2466 0x1d4c320 TRACE   GST_REFCOUNTING gstminiobject.c:661:gst_mini_object_unref: 0x1d6af20 unref 3->2
0:00:00.006092285  2466 0x1d4c320 TRACE   GST_REFCOUNTING gstobject.c:294:gst_object_ref_sink: 0x1d6af70 ref_sink 1->2
0:00:00.006099892  2466 0x1d4c320 TRACE   GST_CAPS gstcaps.c:263:gst_caps_new_empty: created caps 0x1d6b090
0:00:00.006106714  2466 0x1d4c320 TRACE   GST_CAPS gstcaps.c:440:gst_static_caps_get: created 0x7f9b8aeae7b8 from string ANY
0:00:00.006120026  2466 0x1d4c320 TRACE   GST_REFCOUNTING gstminiobject.c:479:gst_mini_object_ref: 0x1d6b090 ref 1->2
0:00:00.006130209  2466 0x1d4c320 TRACE   GST_REFCOUNTING gstobject.c:208:gst_object_init: 0x1d6b1e0 new
0:00:00.006139427  2466 0x1d4c320 TRACE   GST_REFCOUNTING gstminiobject.c:479:gst_mini_object_ref: 0x1d6b090 ref 2->3
0:00:00.006148536  2466 0x1d4c320 TRACE   GST_REFCOUNTING gstminiobject.c:661:gst_mini_object_unref: 0x1d6b090 unref 3->2
0:00:00.006156587  2466 0x1d4c320 TRACE   GST_REFCOUNTING gstobject.c:294:gst_object_ref_sink: 0x1d6b1e0 ref_sink 1->2
0:00:00.006165773  2466 0x1d4c320 TRACE   structure gststructure.c:292:gst_structure_new_id_empty_with_size: created structure 0x1d6b280
0:00:00.006173612  2466 0x1d4c320 TRACE   GST_PERFORMANCE gststructure.c:512:gst_structure_copy: doing copy 0x1d6ac70 -> 0x1d6b280
0:00:00.006184179  2466 0x1d4c320 DEBUG   GST_REGISTRY gstregistry.c:590:gst_registry_add_feature: adding feature 0x1d6a840 (clocksync)
0:00:00.006191027  2466 0x1d4c320 DEBUG   GST_REFCOUNTING gstobject.c:709:gst_object_set_parent: set parent (ref and sink)
0:00:00.006198555  2466 0x1d4c320 TRACE   GST_REFCOUNTING gstobject.c:294:gst_object_ref_sink: 0x1d6a840 ref_sink 1->2
0:00:00.006205800  2466 0x1d4c320 LOG   GST_REGISTRY gstregistry.c:608:gst_registry_add_feature: emitting feature-added for clocksync
0:00:00.006220832  2466 0x1d4c320 TRACE   GST_REFCOUNTING gstobject.c:208:gst_object_init: 0x1d6b630 new
0:00:00.006257455  2466 0x1d4c320 LOG   GST_ELEMENT_FACTORY gstelementfactory.c:240:gst_element_register: Created new elementfactory for type GstConcat
0:00:00.006269693  2466 0x1d4c320 TRACE   structure gststructure.c:292:gst_structure_new_id_empty_with_size: created structure 0x1d6ba90
0:00:00.006279310  2466 0x1d4c320 TRACE   GST_PERFORMANCE gststructure.c:512:gst_structure_copy: doing copy 0x1d52b40 -> 0x1d6ba90
0:00:00.006293956  2466 0x1d4c320 DEBUG   GST_ELEMENT_PADS gstelement.c:312:gst_element_base_class_init: type GstConcat : factory 0x1d6b630
0:00:00.006310270  2466 0x1d4c320 TRACE   GST_CAPS gstcaps.c:263:gst_caps_new_empty: created caps 0x1d6bbf0
0:00:00.006317542  2466 0x1d4c320 TRACE   GST_CAPS gstcaps.c:440:gst_static_caps_get: created 0x7f9b8aeae7f8 from string ANY
0:00:00.006324428  2466 0x1d4c320 TRACE   GST_REFCOUNTING gstminiobject.c:479:gst_mini_object_ref: 0x1d6bbf0 ref 1->2
0:00:00.006334491  2466 0x1d4c320 TRACE   GST_REFCOUNTING gstobject.c:208:gst_object_init: 0x1d6bd70 new
0:00:00.006343597  2466 0x1d4c320 TRACE   GST_REFCOUNTING gstminiobject.c:479:gst_mini_object_ref: 0x1d6bbf0 ref 2->3
0:00:00.006356699  2466 0x1d4c320 TRACE   GST_REFCOUNTING gstminiobject.c:661:gst_mini_object_unref: 0x1d6bbf0 unref 3->2
0:00:00.006364674  2466 0x1d4c320 TRACE   GST_REFCOUNTING gstobject.c:294:gst_object_ref_sink: 0x1d6bd70 ref_sink 1->2
0:00:00.006371719  2466 0x1d4c320 TRACE   GST_CAPS gstcaps.c:263:gst_caps_new_empty: created caps 0x1d6bce0
0:00:00.006378393  2466 0x1d4c320 TRACE   GST_CAPS gstcaps.c:440:gst_static_caps_get: created 0x7f9b8aeae838 from string ANY
0:00:00.006384935  2466 0x1d4c320 TRACE   GST_REFCOUNTING gstminiobject.c:479:gst_mini_object_ref: 0x1d6bce0 ref 1->2
0:00:00.006394030  2466 0x1d4c320 TRACE   GST_REFCOUNTING gstobject.c:208:gst_object_init: 0x1d6be10 new
0:00:00.006402396  2466 0x1d4c320 TRACE   GST_REFCOUNTING gstminiobject.c:479:gst_mini_object_ref: 0x1d6bce0 ref 2->3
0:00:00.006411109  2466 0x1d4c320 TRACE   GST_REFCOUNTING gstminiobject.c:661:gst_mini_object_unref: 0x1d6bce0 unref 3->2
0:00:00.006419180  2466 0x1d4c320 TRACE   GST_REFCOUNTING gstobject.c:294:gst_object_ref_sink: 0x1d6be10 ref_sink 1->2
0:00:00.006428506  2466 0x1d4c320 TRACE   structure gststructure.c:292:gst_structure_new_id_empty_with_size: created structure 0x1d6bfa0
0:00:00.006436208  2466 0x1d4c320 TRACE   GST_PERFORMANCE gststructure.c:512:gst_structure_copy: doing copy 0x1d6ba90 -> 0x1d6bfa0
0:00:00.006447473  2466 0x1d4c320 DEBUG   GST_REGISTRY gstregistry.c:590:gst_registry_add_feature: adding feature 0x1d6b630 (concat)
0:00:00.006456822  2466 0x1d4c320 DEBUG   GST_REFCOUNTING gstobject.c:709:gst_object_set_parent: set parent (ref and sink)
0:00:00.006472045  2466 0x1d4c320 TRACE   GST_REFCOUNTING gstobject.c:294:gst_object_ref_sink: 0x1d6b630 ref_sink 1->2
0:00:00.006483258  2466 0x1d4c320 LOG   GST_REGISTRY gstregistry.c:608:gst_registry_add_feature: emitting feature-added for concat
0:00:00.006514886  2466 0x1d4c320 TRACE   GST_REFCOUNTING gstobject.c:208:gst_object_init: 0x1d6c530 new
0:00:00.006526636  2466 0x1d4c320 LOG   GST_ELEMENT_FACTORY gstelementfactory.c:240:gst_element_register: Created new elementfactory for type GstDataURISrc
0:00:00.006542364  2466 0x1d4c320 TRACE   structure gststructure.c:292:gst_structure_new_id_empty_with_size: created structure 0x1d6cad0
0:00:00.006552464  2466 0x1d4c320 TRACE   GST_PERFORMANCE gststructure.c:512:gst_structure_copy: doing copy 0x1d52b40 -> 0x1d6cad0
0:00:00.006566006  2466 0x1d4c320 DEBUG   GST_ELEMENT_PADS gstelement.c:312:gst_element_base_class_init: type GstBaseSrc : factory (nil)
0:00:00.006610186  2466 0x1d4c320 TRACE   structure gststructure.c:292:gst_structure_new_id_empty_with_size: created structure 0x1d652a0
0:00:00.006619479  2466 0x1d4c320 TRACE   GST_PERFORMANCE gststructure.c:512:gst_structure_copy: doing copy 0x1d6cad0 -> 0x1d652a0
0:00:00.006627281  2466 0x1d4c320 DEBUG   GST_ELEMENT_PADS gstelement.c:312:gst_element_base_class_init: type GstDataURISrc : factory 0x1d6c530
0:00:00.006638182  2466 0x1d4c320 TRACE   GST_CAPS gstcaps.c:263:gst_caps_new_empty: created caps 0x1d6d960
0:00:00.006645577  2466 0x1d4c320 TRACE   GST_CAPS gstcaps.c:440:gst_static_caps_get: created 0x7f9b8aeae880 from string ANY
0:00:00.006652537  2466 0x1d4c320 TRACE   GST_REFCOUNTING gstminiobject.c:479:gst_mini_object_ref: 0x1d6d960 ref 1->2
0:00:00.006662844  2466 0x1d4c320 TRACE   GST_REFCOUNTING gstobject.c:208:gst_object_init: 0x1d6d9b0 new
0:00:00.006672308  2466 0x1d4c320 TRACE   GST_REFCOUNTING gstminiobject.c:479:gst_mini_object_ref: 0x1d6d960 ref 2->3
0:00:00.006682058  2466 0x1d4c320 TRACE   GST_REFCOUNTING gstminiobject.c:661:gst_mini_object_unref: 0x1d6d960 unref 3->2
0:00:00.006690116  2466 0x1d4c320 TRACE   GST_REFCOUNTING gstobject.c:294:gst_object_ref_sink: 0x1d6d9b0 ref_sink 1->2
0:00:00.006706725  2466 0x1d4c320 TRACE   structure gststructure.c:292:gst_structure_new_id_empty_with_size: created structure 0x1d6db60
0:00:00.006714277  2466 0x1d4c320 TRACE   GST_PERFORMANCE gststructure.c:512:gst_structure_copy: doing copy 0x1d652a0 -> 0x1d6db60
0:00:00.006731075  2466 0x1d4c320 DEBUG   GST_REGISTRY gstregistry.c:590:gst_registry_add_feature: adding feature 0x1d6c530 (dataurisrc)
0:00:00.006738216  2466 0x1d4c320 DEBUG   GST_REFCOUNTING gstobject.c:709:gst_object_set_parent: set parent (ref and sink)
0:00:00.006746073  2466 0x1d4c320 TRACE   GST_REFCOUNTING gstobject.c:294:gst_object_ref_sink: 0x1d6c530 ref_sink 1->2
0:00:00.006753428  2466 0x1d4c320 LOG   GST_REGISTRY gstregistry.c:608:gst_registry_add_feature: emitting feature-added for dataurisrc
0:00:00.006766902  2466 0x1d4c320 TRACE   GST_REFCOUNTING gstobject.c:208:gst_object_init: 0x1d6dfe0 new
0:00:00.006777585  2466 0x1d4c320 LOG   GST_ELEMENT_FACTORY gstelementfactory.c:240:gst_element_register: Created new elementfactory for type GstDownloadBuffer
0:00:00.006785838  2466 0x1d4c320 TRACE   structure gststructure.c:292:gst_structure_new_id_empty_with_size: created structure 0x1d6e510
0:00:00.006792315  2466 0x1d4c320 TRACE   GST_PERFORMANCE gststructure.c:512:gst_structure_copy: doing copy 0x1d52b40 -> 0x1d6e510
0:00:00.006805258  2466 0x1d4c320 DEBUG   GST_ELEMENT_PADS gstelement.c:312:gst_element_base_class_init: type GstDownloadBuffer : factory 0x1d6dfe0
0:00:00.006830669  2466 0x1d4c320 TRACE   GST_CAPS gstcaps.c:263:gst_caps_new_empty: created caps 0x1d6e2d0
0:00:00.006842032  2466 0x1d4c320 TRACE   GST_CAPS gstcaps.c:440:gst_static_caps_get: created 0x7f9b8aeae8d0 from string ANY
0:00:00.006853601  2466 0x1d4c320 TRACE   GST_REFCOUNTING gstminiobject.c:479:gst_mini_object_ref: 0x1d6e2d0 ref 1->2
0:00:00.006865719  2466 0x1d4c320 TRACE   GST_REFCOUNTING gstobject.c:208:gst_object_init: 0x1d6e150 new
0:00:00.006874784  2466 0x1d4c320 TRACE   GST_REFCOUNTING gstminiobject.c:479:gst_mini_object_ref: 0x1d6e2d0 ref 2->3
0:00:00.006884221  2466 0x1d4c320 TRACE   GST_REFCOUNTING gstminiobject.c:661:gst_mini_object_unref: 0x1d6e2d0 unref 3->2
0:00:00.006892075  2466 0x1d4c320 TRACE   GST_REFCOUNTING gstobject.c:294:gst_object_ref_sink: 0x1d6e150 ref_sink 1->2
0:00:00.006899522  2466 0x1d4c320 TRACE   GST_CAPS gstcaps.c:263:gst_caps_new_empty: created caps 0x1d6ea70
0:00:00.006906525  2466 0x1d4c320 TRACE   GST_CAPS gstcaps.c:440:gst_static_caps_get: created 0x7f9b8aeae910 from string ANY
0:00:00.006913738  2466 0x1d4c320 TRACE   GST_REFCOUNTING gstminiobject.c:479:gst_mini_object_ref: 0x1d6ea70 ref 1->2
0:00:00.006927365  2466 0x1d4c320 TRACE   GST_REFCOUNTING gstobject.c:208:gst_object_init: 0x1d6e9a0 new
0:00:00.006943984  2466 0x1d4c320 TRACE   GST_REFCOUNTING gstminiobject.c:479:gst_mini_object_ref: 0x1d6ea70 ref 2->3
0:00:00.006957215  2466 0x1d4c320 TRACE   GST_REFCOUNTING gstminiobject.c:661:gst_mini_object_unref: 0x1d6ea70 unref 3->2
0:00:00.006966430  2466 0x1d4c320 TRACE   GST_REFCOUNTING gstobject.c:294:gst_object_ref_sink: 0x1d6e9a0 ref_sink 1->2
0:00:00.006977576  2466 0x1d4c320 TRACE   structure gststructure.c:292:gst_structure_new_id_empty_with_size: created structure 0x1d6ec30
0:00:00.006995843  2466 0x1d4c320 TRACE   GST_PERFORMANCE gststructure.c:512:gst_structure_copy: doing copy 0x1d6e510 -> 0x1d6ec30
0:00:00.007006768  2466 0x1d4c320 DEBUG   GST_REGISTRY gstregistry.c:590:gst_registry_add_feature: adding feature 0x1d6dfe0 (downloadbuffer)
0:00:00.007013909  2466 0x1d4c320 DEBUG   GST_REFCOUNTING gstobject.c:709:gst_object_set_parent: set parent (ref and sink)
0:00:00.007026621  2466 0x1d4c320 TRACE   GST_REFCOUNTING gstobject.c:294:gst_object_ref_sink: 0x1d6dfe0 ref_sink 1->2
0:00:00.007034017  2466 0x1d4c320 LOG   GST_REGISTRY gstregistry.c:608:gst_registry_add_feature: emitting feature-added for downloadbuffer
0:00:00.007101546  2466 0x1d4c320 TRACE   GST_REFCOUNTING gstobject.c:208:gst_object_init: 0x1d6f020 new
0:00:00.007118288  2466 0x1d4c320 LOG   GST_ELEMENT_FACTORY gstelementfactory.c:240:gst_element_register: Created new elementfactory for type GstFakeSrc
0:00:00.007133328  2466 0x1d4c320 TRACE   structure gststructure.c:292:gst_structure_new_id_empty_with_size: created structure 0x1d6f6c0
0:00:00.007139993  2466 0x1d4c320 TRACE   GST_PERFORMANCE gststructure.c:512:gst_structure_copy: doing copy 0x1d6cad0 -> 0x1d6f6c0
0:00:00.007147275  2466 0x1d4c320 DEBUG   GST_ELEMENT_PADS gstelement.c:312:gst_element_base_class_init: type GstFakeSrc : factory 0x1d6f020
0:00:00.007217018  2466 0x1d4c320 TRACE   GST_CAPS gstcaps.c:263:gst_caps_new_empty: created caps 0x1d70430
0:00:00.007246522  2466 0x1d4c320 TRACE   GST_CAPS gstcaps.c:440:gst_static_caps_get: created 0x7f9b8aeae990 from string ANY
0:00:00.007256808  2466 0x1d4c320 TRACE   GST_REFCOUNTING gstminiobject.c:479:gst_mini_object_ref: 0x1d70430 ref 1->2
0:00:00.007268261  2466 0x1d4c320 TRACE   GST_REFCOUNTING gstobject.c:208:gst_object_init: 0x1d705b0 new
0:00:00.007278428  2466 0x1d4c320 TRACE   GST_REFCOUNTING gstminiobject.c:479:gst_mini_object_ref: 0x1d70430 ref 2->3
0:00:00.007288119  2466 0x1d4c320 TRACE   GST_REFCOUNTING gstminiobject.c:661:gst_mini_object_unref: 0x1d70430 unref 3->2
0:00:00.007297459  2466 0x1d4c320 TRACE   GST_REFCOUNTING gstobject.c:294:gst_object_ref_sink: 0x1d705b0 ref_sink 1->2
0:00:00.007315845  2466 0x1d4c320 TRACE   structure gststructure.c:292:gst_structure_new_id_empty_with_size: created structure 0x1d70810
0:00:00.007328675  2466 0x1d4c320 TRACE   GST_PERFORMANCE gststructure.c:512:gst_structure_copy: doing copy 0x1d6f6c0 -> 0x1d70810
0:00:00.007342721  2466 0x1d4c320 DEBUG   GST_REGISTRY gstregistry.c:590:gst_registry_add_feature: adding feature 0x1d6f020 (fakesrc)
0:00:00.007350168  2466 0x1d4c320 DEBUG   GST_REFCOUNTING gstobject.c:709:gst_object_set_parent: set parent (ref and sink)
0:00:00.007358031  2466 0x1d4c320 TRACE   GST_REFCOUNTING gstobject.c:294:gst_object_ref_sink: 0x1d6f020 ref_sink 1->2
0:00:00.007365360  2466 0x1d4c320 LOG   GST_REGISTRY gstregistry.c:608:gst_registry_add_feature: emitting feature-added for fakesrc
0:00:00.007396649  2466 0x1d4c320 TRACE   GST_REFCOUNTING gstobject.c:208:gst_object_init: 0x1d70b70 new
0:00:00.007408613  2466 0x1d4c320 LOG   GST_ELEMENT_FACTORY gstelementfactory.c:240:gst_element_register: Created new elementfactory for type GstFakeSink
0:00:00.007420422  2466 0x1d4c320 TRACE   structure gststructure.c:292:gst_structure_new_id_empty_with_size: created structure 0x1d71200
0:00:00.007427067  2466 0x1d4c320 TRACE   GST_PERFORMANCE gststructure.c:512:gst_structure_copy: doing copy 0x1d52b40 -> 0x1d71200
0:00:00.007434417  2466 0x1d4c320 DEBUG   GST_ELEMENT_PADS gstelement.c:312:gst_element_base_class_init: type GstBaseSink : factory (nil)
0:00:00.007483191  2466 0x1d4c320 TRACE   structure gststructure.c:292:gst_structure_new_id_empty_with_size: created structure 0x1d71eb0
0:00:00.007489911  2466 0x1d4c320 TRACE   GST_PERFORMANCE gststructure.c:512:gst_structure_copy: doing copy 0x1d71200 -> 0x1d71eb0
0:00:00.007502490  2466 0x1d4c320 DEBUG   GST_ELEMENT_PADS gstelement.c:312:gst_element_base_class_init: type GstFakeSink : factory 0x1d70b70
0:00:00.007541108  2466 0x1d4c320 TRACE   GST_CAPS gstcaps.c:263:gst_caps_new_empty: created caps 0x1d703d0
0:00:00.007548513  2466 0x1d4c320 TRACE   GST_CAPS gstcaps.c:440:gst_static_caps_get: created 0x7f9b8aeae950 from string ANY
0:00:00.007555190  2466 0x1d4c320 TRACE   GST_REFCOUNTING gstminiobject.c:479:gst_mini_object_ref: 0x1d703d0 ref 1->2
0:00:00.007565065  2466 0x1d4c320 TRACE   GST_REFCOUNTING gstobject.c:208:gst_object_init: 0x1d72ad0 new
0:00:00.007574526  2466 0x1d4c320 TRACE   GST_REFCOUNTING gstminiobject.c:479:gst_mini_object_ref: 0x1d703d0 ref 2->3
0:00:00.007583409  2466 0x1d4c320 TRACE   GST_REFCOUNTING gstminiobject.c:661:gst_mini_object_unref: 0x1d703d0 unref 3->2
0:00:00.007590856  2466 0x1d4c320 TRACE   GST_REFCOUNTING gstobject.c:294:gst_object_ref_sink: 0x1d72ad0 ref_sink 1->2
0:00:00.007600735  2466 0x1d4c320 TRACE   structure gststructure.c:292:gst_structure_new_id_empty_with_size: created structure 0x1d72c60
0:00:00.007607866  2466 0x1d4c320 TRACE   GST_PERFORMANCE gststructure.c:512:gst_structure_copy: doing copy 0x1d71eb0 -> 0x1d72c60
0:00:00.007622157  2466 0x1d4c320 DEBUG   GST_REGISTRY gstregistry.c:590:gst_registry_add_feature: adding feature 0x1d70b70 (fakesink)
0:00:00.007629254  2466 0x1d4c320 DEBUG   GST_REFCOUNTING gstobject.c:709:gst_object_set_parent: set parent (ref and sink)
0:00:00.007639862  2466 0x1d4c320 TRACE   GST_REFCOUNTING gstobject.c:294:gst_object_ref_sink: 0x1d70b70 ref_sink 1->2
0:00:00.007651641  2466 0x1d4c320 LOG   GST_REGISTRY gstregistry.c:608:gst_registry_add_feature: emitting feature-added for fakesink
0:00:00.007677056  2466 0x1d4c320 TRACE   GST_REFCOUNTING gstobject.c:208:gst_object_init: 0x1d731c0 new
0:00:00.007688329  2466 0x1d4c320 LOG   GST_ELEMENT_FACTORY gstelementfactory.c:240:gst_element_register: Created new elementfactory for type GstFdSrc
0:00:00.007696256  2466 0x1d4c320 TRACE   structure gststructure.c:292:gst_structure_new_id_empty_with_size: created structure 0x1d73780
0:00:00.007702399  2466 0x1d4c320 TRACE   GST_PERFORMANCE gststructure.c:512:gst_structure_copy: doing copy 0x1d6cad0 -> 0x1d73780
0:00:00.007709339  2466 0x1d4c320 DEBUG   GST_ELEMENT_PADS gstelement.c:312:gst_element_base_class_init: type GstPushSrc : factory (nil)
0:00:00.007717451  2466 0x1d4c320 TRACE   structure gststructure.c:292:gst_structure_new_id_empty_with_size: created structure 0x1d73c20
0:00:00.007724298  2466 0x1d4c320 TRACE   GST_PERFORMANCE gststructure.c:512:gst_structure_copy: doing copy 0x1d73780 -> 0x1d73c20
0:00:00.007734273  2466 0x1d4c320 DEBUG   GST_ELEMENT_PADS gstelement.c:312:gst_element_base_class_init: type GstFdSrc : factory 0x1d731c0
0:00:00.007763764  2466 0x1d4c320 TRACE   GST_CAPS gstcaps.c:263:gst_caps_new_empty: created caps 0x1d73350
0:00:00.007777699  2466 0x1d4c320 TRACE   GST_CAPS gstcaps.c:440:gst_static_caps_get: created 0x7f9b8aeaea20 from string ANY
0:00:00.007784575  2466 0x1d4c320 TRACE   GST_REFCOUNTING gstminiobject.c:479:gst_mini_object_ref: 0x1d73350 ref 1->2
0:00:00.007795559  2466 0x1d4c320 TRACE   GST_REFCOUNTING gstobject.c:208:gst_object_init: 0x1d73f40 new
0:00:00.007810409  2466 0x1d4c320 TRACE   GST_REFCOUNTING gstminiobject.c:479:gst_mini_object_ref: 0x1d73350 ref 2->3
0:00:00.007825826  2466 0x1d4c320 TRACE   GST_REFCOUNTING gstminiobject.c:661:gst_mini_object_unref: 0x1d73350 unref 3->2
0:00:00.007838733  2466 0x1d4c320 TRACE   GST_REFCOUNTING gstobject.c:294:gst_object_ref_sink: 0x1d73f40 ref_sink 1->2
0:00:00.007873007  2466 0x1d4c320 TRACE   structure gststructure.c:292:gst_structure_new_id_empty_with_size: created structure 0x1d6cf10
0:00:00.007881615  2466 0x1d4c320 TRACE   GST_PERFORMANCE gststructure.c:512:gst_structure_copy: doing copy 0x1d73c20 -> 0x1d6cf10
0:00:00.007893137  2466 0x1d4c320 DEBUG   GST_REGISTRY gstregistry.c:590:gst_registry_add_feature: adding feature 0x1d731c0 (fdsrc)
0:00:00.007904008  2466 0x1d4c320 DEBUG   GST_REFCOUNTING gstobject.c:709:gst_object_set_parent: set parent (ref and sink)
0:00:00.007916479  2466 0x1d4c320 TRACE   GST_REFCOUNTING gstobject.c:294:gst_object_ref_sink: 0x1d731c0 ref_sink 1->2
0:00:00.007929992  2466 0x1d4c320 LOG   GST_REGISTRY gstregistry.c:608:gst_registry_add_feature: emitting feature-added for fdsrc
0:00:00.007950739  2466 0x1d4c320 TRACE   GST_REFCOUNTING gstobject.c:208:gst_object_init: 0x1d6d430 new
0:00:00.007965523  2466 0x1d4c320 LOG   GST_ELEMENT_FACTORY gstelementfactory.c:240:gst_element_register: Created new elementfactory for type GstFdSink
0:00:00.007976556  2466 0x1d4c320 TRACE   structure gststructure.c:292:gst_structure_new_id_empty_with_size: created structure 0x1d6d6c0
0:00:00.007983762  2466 0x1d4c320 TRACE   GST_PERFORMANCE gststructure.c:512:gst_structure_copy: doing copy 0x1d71200 -> 0x1d6d6c0
0:00:00.007990529  2466 0x1d4c320 DEBUG   GST_ELEMENT_PADS gstelement.c:312:gst_element_base_class_init: type GstFdSink : factory 0x1d6d430
0:00:00.008000299  2466 0x1d4c320 TRACE   GST_CAPS gstcaps.c:263:gst_caps_new_empty: created caps 0x1d67410
