0:00:00.022524323  2466 0x1d4c320 LOG   GST_POLL gstpoll.c:994:gst_poll_fd_ctl_write: 0x1d549c0: pfd->events now 60 (POLLOUT:4)
0:00:00.028194651  2465 0x385370 DEBUG   structure gststructure.c:2258:gst_structure_parse_field: trying field name 'klass'
0:00:00.022536067  2466 0x1d4c320 DEBUG   GST_POLL gstpoll.c:980:gst_poll_fd_ctl_write: 0x1d549c0: fd (fd:0, idx:1), active : 1
0:00:00.028204353  2465 0x385370 DEBUG   default gstvalue.c:2776:_priv_gst_value_parse_value: trying type name 'string'
0:00:00.022547832  2466 0x1d4c320 LOG   GST_POLL gstpoll.c:994:gst_poll_fd_ctl_write: 0x1d549c0: pfd->events now 60 (POLLOUT:4)
0:00:00.028216311  2465 0x385370 DEBUG   structure gststructure.c:2258:gst_structure_parse_field: trying field name 'description'
0:00:00.022559910  2466 0x1d4c320 DEBUG   GST_POLL gstpoll.c:980:gst_poll_fd_ctl_write: 0x1d549c0: fd (fd:0, idx:1), active : 1
0:00:00.028226738  2465 0x385370 DEBUG   default gstvalue.c:2776:_priv_gst_value_parse_value: trying type name 'string'
0:00:00.022571326  2466 0x1d4c320 LOG   GST_POLL gstpoll.c:994:gst_poll_fd_ctl_write: 0x1d549c0: pfd->events now 60 (POLLOUT:4)
0:00:00.028238586  2465 0x385370 DEBUG   structure gststructure.c:2258:gst_structure_parse_field: trying field name 'author'
0:00:00.022588666  2466 0x1d4c320 DEBUG   GST_POLL gstpoll.c:980:gst_poll_fd_ctl_write: 0x1d549c0: fd (fd:0, idx:1), active : 1
0:00:00.028253493  2465 0x385370 DEBUG   default gstvalue.c:2776:_priv_gst_value_parse_value: trying type name 'string'
0:00:00.022599734  2466 0x1d4c320 LOG   GST_POLL gstpoll.c:994:gst_poll_fd_ctl_write: 0x1d549c0: pfd->events now 60 (POLLOUT:4)
0:00:00.028267859  2465 0x385370 DEBUG   GST_REGISTRY gstregistrychunks.c:627:gst_registry_chunks_load_feature: Element factory : npadtemplates=2
0:00:00.022611171  2466 0x1d4c320 DEBUG   GST_POLL gstpoll.c:980:gst_poll_fd_ctl_write: 0x1d549c0: fd (fd:0, idx:1), active : 1
0:00:00.028285271  2465 0x385370 DEBUG   GST_REGISTRY gstregistrychunks.c:527:gst_registry_chunks_load_pad_template: Reading/casting for GstRegistryChunkPadTemplate at address 0x3a2478
0:00:00.022624228  2466 0x1d4c320 LOG   GST_POLL gstpoll.c:994:gst_poll_fd_ctl_write: 0x1d549c0: pfd->events now 60 (POLLOUT:4)
0:00:00.028296692  2465 0x385370 DEBUG   GST_REGISTRY gstregistrychunks.c:540:gst_registry_chunks_load_pad_template: Added pad_template src
0:00:00.022635875  2466 0x1d4c320 DEBUG   GST_POLL gstpoll.c:980:gst_poll_fd_ctl_write: 0x1d549c0: fd (fd:0, idx:1), active : 1
0:00:00.028306245  2465 0x385370 DEBUG   GST_REGISTRY gstregistrychunks.c:527:gst_registry_chunks_load_pad_template: Reading/casting for GstRegistryChunkPadTemplate at address 0x3a2488
0:00:00.022647763  2466 0x1d4c320 LOG   GST_POLL gstpoll.c:994:gst_poll_fd_ctl_write: 0x1d549c0: pfd->events now 60 (POLLOUT:4)
0:00:00.028317447  2465 0x385370 DEBUG   GST_REGISTRY gstregistrychunks.c:540:gst_registry_chunks_load_pad_template: Added pad_template sink_%u
0:00:00.022660388  2466 0x1d4c320 DEBUG   GST_POLL gstpoll.c:980:gst_poll_fd_ctl_write: 0x1d549c0: fd (fd:0, idx:1), active : 1
0:00:00.028333367  2465 0x385370 DEBUG   GST_REGISTRY gstregistry.c:590:gst_registry_add_feature: adding feature 0x3a6e20 (concat)
0:00:00.022671111  2466 0x1d4c320 LOG   GST_POLL gstpoll.c:994:gst_poll_fd_ctl_write: 0x1d549c0: pfd->events now 60 (POLLOUT:4)
0:00:00.028344544  2465 0x385370 DEBUG   GST_REFCOUNTING gstobject.c:709:gst_object_set_parent: set parent (ref and sink)
0:00:00.022683424  2466 0x1d4c320 DEBUG   GST_POLL gstpoll.c:980:gst_poll_fd_ctl_write: 0x1d549c0: fd (fd:0, idx:1), active : 1
0:00:00.022695009  2466 0x1d4c320 LOG   GST_POLL gstpoll.c:994:gst_poll_fd_ctl_write: 0x1d549c0: pfd->events now 60 (POLLOUT:4)
0:00:00.028358336  2465 0x385370 TRACE   GST_REFCOUNTING gstobject.c:294:gst_object_ref_sink: 0x3a6e20 ref_sink 1->2
0:00:00.022705842  2466 0x1d4c320 DEBUG   GST_POLL gstpoll.c:980:gst_poll_fd_ctl_write: 0x1d549c0: fd (fd:0, idx:1), active : 1
0:00:00.028372439  2465 0x385370 LOG   GST_REGISTRY gstregistry.c:608:gst_registry_add_feature: emitting feature-added for concat
0:00:00.022717434  2466 0x1d4c320 LOG   GST_POLL gstpoll.c:994:gst_poll_fd_ctl_write: 0x1d549c0: pfd->events now 60 (POLLOUT:4)
0:00:00.028393364  2465 0x385370 DEBUG   GST_REGISTRY gstregistrychunks.c:742:gst_registry_chunks_load_feature: Added feature concat, plugin 0x3a0580 coreelements
0:00:00.022730722  2466 0x1d4c320 DEBUG   GST_POLL gstpoll.c:980:gst_poll_fd_ctl_write: 0x1d549c0: fd (fd:0, idx:1), active : 1
0:00:00.028405902  2465 0x385370 DEBUG   GST_REGISTRY gstregistrychunks.c:584:gst_registry_chunks_load_feature: Plugin 'coreelements' feature 'clocksync' typename : 'GstElementFactory'
0:00:00.022743405  2466 0x1d4c320 LOG   GST_POLL gstpoll.c:994:gst_poll_fd_ctl_write: 0x1d549c0: pfd->events now 60 (POLLOUT:4)
0:00:00.022755692  2466 0x1d4c320 DEBUG   GST_POLL gstpoll.c:980:gst_poll_fd_ctl_write: 0x1d549c0: fd (fd:0, idx:1), active : 1
0:00:00.028420245  2465 0x385370 TRACE   GST_REFCOUNTING gstobject.c:208:gst_object_init: 0x3a7370 new
0:00:00.022766510  2466 0x1d4c320 LOG   GST_POLL gstpoll.c:994:gst_poll_fd_ctl_write: 0x1d549c0: pfd->events now 60 (POLLOUT:4)
0:00:00.028435315  2465 0x385370 LOG   GST_REGISTRY gstregistrychunks.c:611:gst_registry_chunks_load_feature: Reading/casting for GstRegistryChunkElementFactory at address 0x3a24b8
0:00:00.022777077  2466 0x1d4c320 DEBUG   GST_POLL gstpoll.c:980:gst_poll_fd_ctl_write: 0x1d549c0: fd (fd:0, idx:1), active : 1
0:00:00.028447514  2465 0x385370 TRACE   structure gststructure.c:292:gst_structure_new_id_empty_with_size: created structure 0x3a75b0
0:00:00.022788358  2466 0x1d4c320 LOG   GST_POLL gstpoll.c:994:gst_poll_fd_ctl_write: 0x1d549c0: pfd->events now 60 (POLLOUT:4)
0:00:00.028458754  2465 0x385370 DEBUG   structure gststructure.c:2258:gst_structure_parse_field: trying field name 'long-name'
0:00:00.022801403  2466 0x1d4c320 DEBUG   GST_POLL gstpoll.c:980:gst_poll_fd_ctl_write: 0x1d549c0: fd (fd:0, idx:1), active : 1
0:00:00.028468847  2465 0x385370 DEBUG   default gstvalue.c:2776:_priv_gst_value_parse_value: trying type name 'string'
0:00:00.022813138  2466 0x1d4c320 LOG   GST_POLL gstpoll.c:994:gst_poll_fd_ctl_write: 0x1d549c0: pfd->events now 60 (POLLOUT:4)
0:00:00.028480366  2465 0x385370 DEBUG   structure gststructure.c:2258:gst_structure_parse_field: trying field name 'klass'
0:00:00.022825073  2466 0x1d4c320 DEBUG   GST_POLL gstpoll.c:980:gst_poll_fd_ctl_write: 0x1d549c0: fd (fd:0, idx:1), active : 1
0:00:00.028491077  2465 0x385370 DEBUG   default gstvalue.c:2776:_priv_gst_value_parse_value: trying type name 'string'
0:00:00.022836103  2466 0x1d4c320 LOG   GST_POLL gstpoll.c:994:gst_poll_fd_ctl_write: 0x1d549c0: pfd->events now 60 (POLLOUT:4)
0:00:00.028502991  2465 0x385370 DEBUG   structure gststructure.c:2258:gst_structure_parse_field: trying field name 'description'
0:00:00.022847865  2466 0x1d4c320 DEBUG   GST_POLL gstpoll.c:980:gst_poll_fd_ctl_write: 0x1d549c0: fd (fd:0, idx:1), active : 1
0:00:00.028513709  2465 0x385370 DEBUG   default gstvalue.c:2776:_priv_gst_value_parse_value: trying type name 'string'
0:00:00.022864869  2466 0x1d4c320 LOG   GST_POLL gstpoll.c:994:gst_poll_fd_ctl_write: 0x1d549c0: pfd->events now 60 (POLLOUT:4)
0:00:00.028532360  2465 0x385370 DEBUG   structure gststructure.c:2258:gst_structure_parse_field: trying field name 'author'
0:00:00.022877406  2466 0x1d4c320 DEBUG   GST_POLL gstpoll.c:980:gst_poll_fd_ctl_write: 0x1d549c0: fd (fd:0, idx:1), active : 1
0:00:00.028543145  2465 0x385370 DEBUG   default gstvalue.c:2776:_priv_gst_value_parse_value: trying type name 'string'
0:00:00.022888348  2466 0x1d4c320 LOG   GST_POLL gstpoll.c:994:gst_poll_fd_ctl_write: 0x1d549c0: pfd->events now 60 (POLLOUT:4)
0:00:00.028555606  2465 0x385370 DEBUG   GST_REGISTRY gstregistrychunks.c:627:gst_registry_chunks_load_feature: Element factory : npadtemplates=2
0:00:00.028566397  2465 0x385370 DEBUG   GST_REGISTRY gstregistrychunks.c:527:gst_registry_chunks_load_pad_template: Reading/casting for GstRegistryChunkPadTemplate at address 0x3a2588
0:00:00.022900186  2466 0x1d4c320 DEBUG   GST_POLL gstpoll.c:980:gst_poll_fd_ctl_write: 0x1d549c0: fd (fd:0, idx:1), active : 1
0:00:00.028575484  2465 0x385370 DEBUG   GST_REGISTRY gstregistrychunks.c:540:gst_registry_chunks_load_pad_template: Added pad_template sink
0:00:00.022919556  2466 0x1d4c320 LOG   GST_POLL gstpoll.c:994:gst_poll_fd_ctl_write: 0x1d549c0: pfd->events now 60 (POLLOUT:4)
0:00:00.028586122  2465 0x385370 DEBUG   GST_REGISTRY gstregistrychunks.c:527:gst_registry_chunks_load_pad_template: Reading/casting for GstRegistryChunkPadTemplate at address 0x3a25a0
0:00:00.022931371  2466 0x1d4c320 DEBUG   GST_POLL gstpoll.c:980:gst_poll_fd_ctl_write: 0x1d549c0: fd (fd:0, idx:1), active : 1
0:00:00.028596681  2465 0x385370 DEBUG   GST_REGISTRY gstregistrychunks.c:540:gst_registry_chunks_load_pad_template: Added pad_template src
0:00:00.022942265  2466 0x1d4c320 LOG   GST_POLL gstpoll.c:994:gst_poll_fd_ctl_write: 0x1d549c0: pfd->events now 60 (POLLOUT:4)
0:00:00.028612108  2465 0x385370 DEBUG   GST_REGISTRY gstregistry.c:590:gst_registry_add_feature: adding feature 0x3a7370 (clocksync)
0:00:00.022952826  2466 0x1d4c320 DEBUG   GST_POLL gstpoll.c:980:gst_poll_fd_ctl_write: 0x1d549c0: fd (fd:0, idx:1), active : 1
0:00:00.028623555  2465 0x385370 DEBUG   GST_REFCOUNTING gstobject.c:709:gst_object_set_parent: set parent (ref and sink)
0:00:00.022964278  2466 0x1d4c320 LOG   GST_POLL gstpoll.c:994:gst_poll_fd_ctl_write: 0x1d549c0: pfd->events now 60 (POLLOUT:4)
0:00:00.028638062  2465 0x385370 TRACE   GST_REFCOUNTING gstobject.c:294:gst_object_ref_sink: 0x3a7370 ref_sink 1->2
0:00:00.022976480  2466 0x1d4c320 DEBUG   GST_POLL gstpoll.c:980:gst_poll_fd_ctl_write: 0x1d549c0: fd (fd:0, idx:1), active : 1
0:00:00.028650576  2465 0x385370 LOG   GST_REGISTRY gstregistry.c:608:gst_registry_add_feature: emitting feature-added for clocksync
0:00:00.022988515  2466 0x1d4c320 LOG   GST_POLL gstpoll.c:994:gst_poll_fd_ctl_write: 0x1d549c0: pfd->events now 60 (POLLOUT:4)
0:00:00.028662859  2465 0x385370 DEBUG   GST_REGISTRY gstregistrychunks.c:742:gst_registry_chunks_load_feature: Added feature clocksync, plugin 0x3a0580 coreelements
0:00:00.023008258  2466 0x1d4c320 DEBUG   GST_POLL gstpoll.c:980:gst_poll_fd_ctl_write: 0x1d549c0: fd (fd:0, idx:1), active : 1
0:00:00.028675864  2465 0x385370 DEBUG   GST_REGISTRY gstregistrychunks.c:584:gst_registry_chunks_load_feature: Plugin 'coreelements' feature 'capsfilter' typename : 'GstElementFactory'
0:00:00.023018758  2466 0x1d4c320 LOG   GST_POLL gstpoll.c:994:gst_poll_fd_ctl_write: 0x1d549c0: pfd->events now 60 (POLLOUT:4)
0:00:00.028691715  2465 0x385370 TRACE   GST_REFCOUNTING gstobject.c:208:gst_object_init: 0x3a6a20 new
0:00:00.023030060  2466 0x1d4c320 DEBUG   GST_POLL gstpoll.c:980:gst_poll_fd_ctl_write: 0x1d549c0: fd (fd:0, idx:1), active : 1
0:00:00.023042102  2466 0x1d4c320 LOG   GST_POLL gstpoll.c:994:gst_poll_fd_ctl_write: 0x1d549c0: pfd->events now 60 (POLLOUT:4)
0:00:00.028705977  2465 0x385370 LOG   GST_REGISTRY gstregistrychunks.c:611:gst_registry_chunks_load_feature: Reading/casting for GstRegistryChunkElementFactory at address 0x3a25d0
0:00:00.023053156  2466 0x1d4c320 DEBUG   GST_POLL gstpoll.c:980:gst_poll_fd_ctl_write: 0x1d549c0: fd (fd:0, idx:1), active : 1
0:00:00.028719518  2465 0x385370 TRACE   structure gststructure.c:292:gst_structure_new_id_empty_with_size: created structure 0x3a78e0
0:00:00.023064280  2466 0x1d4c320 LOG   GST_POLL gstpoll.c:994:gst_poll_fd_ctl_write: 0x1d549c0: pfd->events now 60 (POLLOUT:4)
0:00:00.028730318  2465 0x385370 DEBUG   structure gststructure.c:2258:gst_structure_parse_field: trying field name 'long-name'
0:00:00.023075815  2466 0x1d4c320 DEBUG   GST_POLL gstpoll.c:980:gst_poll_fd_ctl_write: 0x1d549c0: fd (fd:0, idx:1), active : 1
0:00:00.028740536  2465 0x385370 DEBUG   default gstvalue.c:2776:_priv_gst_value_parse_value: trying type name 'string'
0:00:00.023086643  2466 0x1d4c320 LOG   GST_POLL gstpoll.c:994:gst_poll_fd_ctl_write: 0x1d549c0: pfd->events now 60 (POLLOUT:4)
0:00:00.028753251  2465 0x385370 DEBUG   structure gststructure.c:2258:gst_structure_parse_field: trying field name 'klass'
0:00:00.023098731  2466 0x1d4c320 DEBUG   GST_POLL gstpoll.c:980:gst_poll_fd_ctl_write: 0x1d549c0: fd (fd:0, idx:1), active : 1
0:00:00.028763429  2465 0x385370 DEBUG   default gstvalue.c:2776:_priv_gst_value_parse_value: trying type name 'string'
0:00:00.028776062  2465 0x385370 DEBUG   structure gststructure.c:2258:gst_structure_parse_field: trying field name 'description'
0:00:00.023109472  2466 0x1d4c320 LOG   GST_POLL gstpoll.c:994:gst_poll_fd_ctl_write: 0x1d549c0: pfd->events now 60 (POLLOUT:4)
0:00:00.028785376  2465 0x385370 DEBUG   default gstvalue.c:2776:_priv_gst_value_parse_value: trying type name 'string'
0:00:00.023127549  2466 0x1d4c320 DEBUG   GST_POLL gstpoll.c:980:gst_poll_fd_ctl_write: 0x1d549c0: fd (fd:0, idx:1), active : 1
0:00:00.028798896  2465 0x385370 DEBUG   structure gststructure.c:2258:gst_structure_parse_field: trying field name 'author'
0:00:00.023145403  2466 0x1d4c320 LOG   GST_POLL gstpoll.c:994:gst_poll_fd_ctl_write: 0x1d549c0: pfd->events now 60 (POLLOUT:4)
0:00:00.028810964  2465 0x385370 DEBUG   default gstvalue.c:2776:_priv_gst_value_parse_value: trying type name 'string'
0:00:00.023157446  2466 0x1d4c320 DEBUG   GST_POLL gstpoll.c:980:gst_poll_fd_ctl_write: 0x1d549c0: fd (fd:0, idx:1), active : 1
0:00:00.028824036  2465 0x385370 DEBUG   GST_REGISTRY gstregistrychunks.c:627:gst_registry_chunks_load_feature: Element factory : npadtemplates=2
0:00:00.023168778  2466 0x1d4c320 LOG   GST_POLL gstpoll.c:994:gst_poll_fd_ctl_write: 0x1d549c0: pfd->events now 60 (POLLOUT:4)
0:00:00.028834684  2465 0x385370 DEBUG   GST_REGISTRY gstregistrychunks.c:527:gst_registry_chunks_load_pad_template: Reading/casting for GstRegistryChunkPadTemplate at address 0x3a26b0
0:00:00.023180418  2466 0x1d4c320 DEBUG   GST_POLL gstpoll.c:980:gst_poll_fd_ctl_write: 0x1d549c0: fd (fd:0, idx:1), active : 1
0:00:00.028845566  2465 0x385370 DEBUG   GST_REGISTRY gstregistrychunks.c:540:gst_registry_chunks_load_pad_template: Added pad_template sink
0:00:00.023191295  2466 0x1d4c320 LOG   GST_POLL gstpoll.c:994:gst_poll_fd_ctl_write: 0x1d549c0: pfd->events now 60 (POLLOUT:4)
0:00:00.028856614  2465 0x385370 DEBUG   GST_REGISTRY gstregistrychunks.c:527:gst_registry_chunks_load_pad_template: Reading/casting for GstRegistryChunkPadTemplate at address 0x3a26c8
0:00:00.023202944  2466 0x1d4c320 DEBUG   GST_POLL gstpoll.c:980:gst_poll_fd_ctl_write: 0x1d549c0: fd (fd:0, idx:1), active : 1
0:00:00.028867911  2465 0x385370 DEBUG   GST_REGISTRY gstregistrychunks.c:540:gst_registry_chunks_load_pad_template: Added pad_template src
0:00:00.023213907  2466 0x1d4c320 LOG   GST_POLL gstpoll.c:994:gst_poll_fd_ctl_write: 0x1d549c0: pfd->events now 60 (POLLOUT:4)
0:00:00.028882759  2465 0x385370 DEBUG   GST_REGISTRY gstregistry.c:590:gst_registry_add_feature: adding feature 0x3a6a20 (capsfilter)
0:00:00.023238239  2466 0x1d4c320 DEBUG   GST_POLL gstpoll.c:980:gst_poll_fd_ctl_write: 0x1d549c0: fd (fd:0, idx:1), active : 1
0:00:00.028914959  2465 0x385370 DEBUG   GST_REFCOUNTING gstobject.c:709:gst_object_set_parent: set parent (ref and sink)
0:00:00.023253138  2466 0x1d4c320 LOG   GST_POLL gstpoll.c:994:gst_poll_fd_ctl_write: 0x1d549c0: pfd->events now 60 (POLLOUT:4)
0:00:00.028929605  2465 0x385370 TRACE   GST_REFCOUNTING gstobject.c:294:gst_object_ref_sink: 0x3a6a20 ref_sink 1->2
0:00:00.023268060  2466 0x1d4c320 DEBUG   GST_POLL gstpoll.c:980:gst_poll_fd_ctl_write: 0x1d549c0: fd (fd:0, idx:1), active : 1
0:00:00.028942625  2465 0x385370 LOG   GST_REGISTRY gstregistry.c:608:gst_registry_add_feature: emitting feature-added for capsfilter
0:00:00.023280086  2466 0x1d4c320 LOG   GST_POLL gstpoll.c:994:gst_poll_fd_ctl_write: 0x1d549c0: pfd->events now 60 (POLLOUT:4)
0:00:00.028954934  2465 0x385370 DEBUG   GST_REGISTRY gstregistrychunks.c:742:gst_registry_chunks_load_feature: Added feature capsfilter, plugin 0x3a0580 coreelements
0:00:00.023300391  2466 0x1d4c320 DEBUG   GST_POLL gstpoll.c:980:gst_poll_fd_ctl_write: 0x1d549c0: fd (fd:0, idx:1), active : 1
0:00:00.028970141  2465 0x385370 LOG   GST_PLUGIN_LOADING gstpluginloader.c:888:handle_rx_packet: marking plugin 0x3a0580 as registered as /home/conan/w/prod/BuildSingleReference/.conan/data/gstreamer/1.19.2/_/_/package/467fc03b0f24213bb9b1cf088fa7fb20ffd79c35/lib/gstreamer-1.0/libgstcoreelements.so
0:00:00.023310260  2466 0x1d4c320 LOG   GST_POLL gstpoll.c:994:gst_poll_fd_ctl_write: 0x1d549c0: pfd->events now 60 (POLLOUT:4)
0:00:00.023322712  2466 0x1d4c320 DEBUG   GST_POLL gstpoll.c:980:gst_poll_fd_ctl_write: 0x1d549c0: fd (fd:0, idx:1), active : 1
0:00:00.028988810  2465 0x385370 DEBUG   GST_POLL gstpoll.c:1414:gst_poll_wait: 0x39ed40: timeout :0:00:01.000000000
0:00:00.023333555  2466 0x1d4c320 LOG   GST_POLL gstpoll.c:994:gst_poll_fd_ctl_write: 0x1d549c0: pfd->events now 60 (POLLOUT:4)
0:00:00.023346178  2466 0x1d4c320 DEBUG   GST_POLL gstpoll.c:980:gst_poll_fd_ctl_write: 0x1d549c0: fd (fd:0, idx:1), active : 1
0:00:00.023355753  2466 0x1d4c320 LOG   GST_POLL gstpoll.c:994:gst_poll_fd_ctl_write: 0x1d549c0: pfd->events now 60 (POLLOUT:4)
0:00:00.023364734  2466 0x1d4c320 DEBUG   GST_POLL gstpoll.c:980:gst_poll_fd_ctl_write: 0x1d549c0: fd (fd:0, idx:1), active : 1
0:00:00.023371085  2466 0x1d4c320 LOG   GST_POLL gstpoll.c:994:gst_poll_fd_ctl_write: 0x1d549c0: pfd->events now 60 (POLLOUT:4)
0:00:00.023377434  2466 0x1d4c320 DEBUG   GST_POLL gstpoll.c:980:gst_poll_fd_ctl_write: 0x1d549c0: fd (fd:0, idx:1), active : 1
0:00:00.023383339  2466 0x1d4c320 LOG   GST_POLL gstpoll.c:994:gst_poll_fd_ctl_write: 0x1d549c0: pfd->events now 60 (POLLOUT:4)
0:00:00.023389525  2466 0x1d4c320 DEBUG   GST_POLL gstpoll.c:980:gst_poll_fd_ctl_write: 0x1d549c0: fd (fd:0, idx:1), active : 1
0:00:00.023395449  2466 0x1d4c320 LOG   GST_POLL gstpoll.c:994:gst_poll_fd_ctl_write: 0x1d549c0: pfd->events now 60 (POLLOUT:4)
0:00:00.023401743  2466 0x1d4c320 DEBUG   GST_POLL gstpoll.c:980:gst_poll_fd_ctl_write: 0x1d549c0: fd (fd:0, idx:1), active : 1
0:00:00.023407617  2466 0x1d4c320 LOG   GST_POLL gstpoll.c:994:gst_poll_fd_ctl_write: 0x1d549c0: pfd->events now 60 (POLLOUT:4)
0:00:00.023413770  2466 0x1d4c320 DEBUG   GST_POLL gstpoll.c:980:gst_poll_fd_ctl_write: 0x1d549c0: fd (fd:0, idx:1), active : 1
0:00:00.023419695  2466 0x1d4c320 LOG   GST_POLL gstpoll.c:994:gst_poll_fd_ctl_write: 0x1d549c0: pfd->events now 60 (POLLOUT:4)
0:00:00.023425978  2466 0x1d4c320 DEBUG   GST_POLL gstpoll.c:980:gst_poll_fd_ctl_write: 0x1d549c0: fd (fd:0, idx:1), active : 1
0:00:00.023431929  2466 0x1d4c320 LOG   GST_POLL gstpoll.c:994:gst_poll_fd_ctl_write: 0x1d549c0: pfd->events now 60 (POLLOUT:4)
0:00:00.023438171  2466 0x1d4c320 DEBUG   GST_POLL gstpoll.c:980:gst_poll_fd_ctl_write: 0x1d549c0: fd (fd:0, idx:1), active : 1
0:00:00.023450994  2466 0x1d4c320 LOG   GST_POLL gstpoll.c:994:gst_poll_fd_ctl_write: 0x1d549c0: pfd->events now 60 (POLLOUT:4)
0:00:00.023463601  2466 0x1d4c320 TRACE   GST_REFCOUNTING gstobject.c:265:gst_object_unref: 0x1d687d0 unref 2->1
0:00:00.023472190  2466 0x1d4c320 DEBUG   GST_POLL gstpoll.c:1241:gst_poll_fd_has_error: 0x1d549c0: fd (fd:0, idx:1) 0
0:00:00.023478758  2466 0x1d4c320 DEBUG   GST_POLL gstpoll.c:1335:gst_poll_fd_can_write: 0x1d549c0: fd (fd:0, idx:1) 1
0:00:00.023485377  2466 0x1d4c320 LOG   GST_PLUGIN_LOADING gstpluginloader.c:689:write_one: Writing packet of size 528 bytes to fd 0
0:00:00.023506254  2466 0x1d4c320 DEBUG   GST_POLL gstpoll.c:1414:gst_poll_wait: 0x1d549c0: timeout :0:00:01.000000000
0:00:00.023520947  2466 0x1d4c320 LOG   GST_PLUGIN_LOADING gstpluginloader.c:1027:exchange_packets: Poll res = 2. 6872 bytes pending for write
0:00:00.023533592  2466 0x1d4c320 DEBUG   GST_POLL gstpoll.c:1241:gst_poll_fd_has_error: 0x1d549c0: fd (fd:5, idx:2) 0
0:00:00.029196635  2465 0x385370 LOG   GST_PLUGIN_LOADING gstpluginloader.c:1027:exchange_packets: Poll res = 1. 0 bytes pending for write
0:00:00.023544827  2466 0x1d4c320 DEBUG   GST_POLL gstpoll.c:1266:gst_poll_fd_can_read_unlocked: 0x1d549c0: fd (fd:5, idx:2) 1
0:00:00.029213622  2465 0x385370 DEBUG   GST_POLL gstpoll.c:1241:gst_poll_fd_has_error: 0x39ed40: fd (fd:8, idx:2) 0
0:00:00.023559036  2466 0x1d4c320 LOG   GST_PLUGIN_LOADING gstpluginloader.c:1005:read_one: No payload to read for 0 length packet type 1 tag 0
0:00:00.029226531  2465 0x385370 DEBUG   GST_POLL gstpoll.c:1266:gst_poll_fd_can_read_unlocked: 0x39ed40: fd (fd:8, idx:2) 1
0:00:00.023571780  2466 0x1d4c320 DEBUG   GST_POLL gstpoll.c:1015:gst_poll_fd_ctl_read_unlocked: 0x1d549c0: fd (fd:5, idx:2), active : 0
0:00:00.029245242  2465 0x385370 DEBUG   GST_PLUGIN_LOADING gstpluginloader.c:849:handle_rx_packet: Received plugin details from child w/ tag 2. 516 bytes info
0:00:00.023584014  2466 0x1d4c320 DEBUG   GST_POLL gstpoll.c:980:gst_poll_fd_ctl_write: 0x1d549c0: fd (fd:0, idx:1), active : 1
0:00:00.029257148  2465 0x385370 LOG   GST_REGISTRY gstregistrychunks.c:838:_priv_gst_registry_chunks_load_plugin: Reading/casting for GstRegistryChunkPluginElement at address 0x3a0c10
0:00:00.023595846  2466 0x1d4c320 LOG   GST_POLL gstpoll.c:994:gst_poll_fd_ctl_write: 0x1d549c0: pfd->events now 60 (POLLOUT:4)
0:00:00.023607439  2466 0x1d4c320 DEBUG   GST_POLL gstpoll.c:1241:gst_poll_fd_has_error: 0x1d549c0: fd (fd:0, idx:1) 0
0:00:00.029271929  2465 0x385370 TRACE   GST_REFCOUNTING gstobject.c:208:gst_object_init: 0x3a7ca0 new
0:00:00.023617859  2466 0x1d4c320 DEBUG   GST_POLL gstpoll.c:1335:gst_poll_fd_can_write: 0x1d549c0: fd (fd:0, idx:1) 1
0:00:00.023628502  2466 0x1d4c320 LOG   GST_PLUGIN_LOADING gstpluginloader.c:689:write_one: Writing packet of size 6872 bytes to fd 0
0:00:00.029302557  2465 0x385370 LOG   GST_REGISTRY gstregistrychunks.c:859:_priv_gst_registry_chunks_load_plugin: read strings for name='coretracers'
0:00:00.023646235  2466 0x1d4c320 DEBUG   GST_POLL gstpoll.c:1414:gst_poll_wait: 0x1d549c0: timeout :0:00:01.000000000
0:00:00.029324550  2465 0x385370 LOG   GST_REGISTRY gstregistrychunks.c:860:_priv_gst_registry_chunks_load_plugin: desc.description='GStreamer core tracers'
0:00:00.023666199  2466 0x1d4c320 LOG   GST_PLUGIN_LOADING gstpluginloader.c:1027:exchange_packets: Poll res = 1. 12 bytes pending for write
0:00:00.029336630  2465 0x385370 LOG   GST_REGISTRY gstregistrychunks.c:861:_priv_gst_registry_chunks_load_plugin: filename='/home/conan/w/prod/BuildSingleReference/.conan/data/gstreamer/1.19.2/_/_/package/467fc03b0f24213bb9b1cf088fa7fb20ffd79c35/lib/gstreamer-1.0/libgstcoretracers.so'
0:00:00.023679913  2466 0x1d4c320 DEBUG   GST_POLL gstpoll.c:1241:gst_poll_fd_has_error: 0x1d549c0: fd (fd:0, idx:1) 0
0:00:00.029347896  2465 0x385370 LOG   GST_REGISTRY gstregistrychunks.c:862:_priv_gst_registry_chunks_load_plugin: desc.version='1.19.2'
0:00:00.023691952  2466 0x1d4c320 DEBUG   GST_POLL gstpoll.c:1335:gst_poll_fd_can_write: 0x1d549c0: fd (fd:0, idx:1) 1
0:00:00.029358431  2465 0x385370 LOG   GST_REGISTRY gstregistrychunks.c:863:_priv_gst_registry_chunks_load_plugin: desc.license='LGPL'
0:00:00.023703015  2466 0x1d4c320 LOG   GST_PLUGIN_LOADING gstpluginloader.c:689:write_one: Writing packet of size 12 bytes to fd 0
0:00:00.029368373  2465 0x385370 LOG   GST_REGISTRY gstregistrychunks.c:864:_priv_gst_registry_chunks_load_plugin: desc.source='gstreamer'
0:00:00.029380374  2465 0x385370 LOG   GST_REGISTRY gstregistrychunks.c:865:_priv_gst_registry_chunks_load_plugin: desc.package='GStreamer source release'
0:00:00.023716496  2466 0x1d4c320 DEBUG   GST_POLL gstpoll.c:980:gst_poll_fd_ctl_write: 0x1d549c0: fd (fd:0, idx:1), active : 0
0:00:00.029390216  2465 0x385370 LOG   GST_REGISTRY gstregistrychunks.c:866:_priv_gst_registry_chunks_load_plugin: desc.origin='Unknown package origin'
0:00:00.023729253  2466 0x1d4c320 LOG   GST_POLL gstpoll.c:994:gst_poll_fd_ctl_write: 0x1d549c0: pfd->events now 56 (POLLOUT:4)
0:00:00.029400136  2465 0x385370 LOG   GST_REGISTRY gstregistrychunks.c:867:_priv_gst_registry_chunks_load_plugin: desc.datetime=2021-09-23
0:00:00.023757062  2466 0x1d4c320 DEBUG   GST_POLL gstpoll.c:772:gst_poll_free: 0x1d549c0: freeing
0:00:00.029419925  2465 0x385370 DEBUG   GST_REGISTRY gstregistry.c:449:gst_registry_add_plugin: Replacing existing plugin "/home/conan/w/prod/BuildSingleReference/.conan/data/gstreamer/1.19.2/_/_/package/467fc03b0f24213bb9b1cf088fa7fb20ffd79c35/lib/gstreamer-1.0/libgstcoretracers.so" 0x39eda0 with new plugin 0x3a7ca0 for filename "/home/conan/w/prod/BuildSingleReference/.conan/data/gstreamer/1.19.2/_/_/package/467fc03b0f24213bb9b1cf088fa7fb20ffd79c35/lib/gstreamer-1.0/libgstcoretracers.so"
0:00:00.029447351  2465 0x385370 TRACE   GST_REFCOUNTING gstobject.c:265:gst_object_unref: 0x39eda0 unref 1->0
0:00:00.029461554  2465 0x385370 TRACE   GST_REFCOUNTING gstobject.c:381:gst_object_dispose: 0x39eda0 dispose
0:00:00.029474708  2465 0x385370 DEBUG   GST_PLUGIN_LOADING gstplugin.c:132:gst_plugin_finalize: finalizing plugin
0:00:00.029494180  2465 0x385370 TRACE   GST_REFCOUNTING gstobject.c:423:gst_object_finalize: 0x39eda0 finalize
0:00:00.029518886  2465 0x385370 DEBUG   GST_REGISTRY gstregistry.c:474:gst_registry_add_plugin: adding plugin 0x3a7ca0 for filename "/home/conan/w/prod/BuildSingleReference/.conan/data/gstreamer/1.19.2/_/_/package/467fc03b0f24213bb9b1cf088fa7fb20ffd79c35/lib/gstreamer-1.0/libgstcoretracers.so"
0:00:00.029533987  2465 0x385370 TRACE   GST_REFCOUNTING gstobject.c:294:gst_object_ref_sink: 0x3a7ca0 ref_sink 1->2
0:00:00.029549164  2465 0x385370 LOG   GST_REGISTRY gstregistry.c:487:gst_registry_add_plugin: emitting plugin-added for filename "/home/conan/w/prod/BuildSingleReference/.conan/data/gstreamer/1.19.2/_/_/package/467fc03b0f24213bb9b1cf088fa7fb20ffd79c35/lib/gstreamer-1.0/libgstcoretracers.so"
0:00:00.029563567  2465 0x385370 DEBUG   GST_REGISTRY gstregistrychunks.c:888:_priv_gst_registry_chunks_load_plugin: Added plugin 'coretracers' plugin with 6 features from binary registry
0:00:00.029577026  2465 0x385370 DEBUG   GST_REGISTRY gstregistrychunks.c:584:gst_registry_chunks_load_feature: Plugin 'coretracers' feature 'factories' typename : 'GstTracerFactory'
0:00:00.029595246  2465 0x385370 TRACE   GST_REFCOUNTING gstobject.c:208:gst_object_init: 0x3a7280 new
0:00:00.029613842  2465 0x385370 DEBUG   GST_REGISTRY gstregistrychunks.c:719:gst_registry_chunks_load_feature: Reading/casting for GstRegistryChunkPluginFeature at address 0x3a0d60
0:00:00.029629683  2465 0x385370 DEBUG   GST_REGISTRY gstregistry.c:581:gst_registry_add_feature: replacing existing feature 0x39f3e0 (factories)
0:00:00.029645377  2465 0x385370 DEBUG   GST_REGISTRY gstregistry.c:590:gst_registry_add_feature: adding feature 0x3a7280 (factories)
0:00:00.029657394  2465 0x385370 TRACE   GST_REFCOUNTING gstobject.c:788:gst_object_unparent: unparent
0:00:00.029672514  2465 0x385370 TRACE   GST_REFCOUNTING gstobject.c:265:gst_object_unref: 0x39f3e0 unref 1->0
0:00:00.029686875  2465 0x385370 TRACE   GST_REFCOUNTING gstobject.c:381:gst_object_dispose: 0x39f3e0 dispose
0:00:00.029701525  2465 0x385370 DEBUG   GST_PLUGIN_LOADING gstpluginfeature.c:67:gst_plugin_feature_finalize: finalizing feature 0x39f3e0: 'factories'
0:00:00.029714576  2465 0x385370 TRACE   GST_REFCOUNTING gstobject.c:423:gst_object_finalize: 0x39f3e0 finalize
0:00:00.029728139  2465 0x385370 DEBUG   GST_REFCOUNTING gstobject.c:709:gst_object_set_parent: set parent (ref and sink)
0:00:00.029742459  2465 0x385370 TRACE   GST_REFCOUNTING gstobject.c:294:gst_object_ref_sink: 0x3a7280 ref_sink 1->2
0:00:00.029756881  2465 0x385370 LOG   GST_REGISTRY gstregistry.c:608:gst_registry_add_feature: emitting feature-added for factories
0:00:00.029770009  2465 0x385370 DEBUG   GST_REGISTRY gstregistrychunks.c:742:gst_registry_chunks_load_feature: Added feature factories, plugin 0x3a7ca0 coretracers
0:00:00.029791834  2465 0x385370 DEBUG   GST_REGISTRY gstregistrychunks.c:584:gst_registry_chunks_load_feature: Plugin 'coretracers' feature 'leaks' typename : 'GstTracerFactory'
0:00:00.029807369  2465 0x385370 TRACE   GST_REFCOUNTING gstobject.c:208:gst_object_init: 0x39f3e0 new
0:00:00.029823340  2465 0x385370 DEBUG   GST_REGISTRY gstregistrychunks.c:719:gst_registry_chunks_load_feature: Reading/casting for GstRegistryChunkPluginFeature at address 0x3a0d80
0:00:00.029838837  2465 0x385370 DEBUG   GST_REGISTRY gstregistry.c:581:gst_registry_add_feature: replacing existing feature 0x3a00b0 (leaks)
0:00:00.029852757  2465 0x385370 DEBUG   GST_REGISTRY gstregistry.c:590:gst_registry_add_feature: adding feature 0x39f3e0 (leaks)
0:00:00.029864231  2465 0x385370 TRACE   GST_REFCOUNTING gstobject.c:788:gst_object_unparent: unparent
0:00:00.029879017  2465 0x385370 TRACE   GST_REFCOUNTING gstobject.c:265:gst_object_unref: 0x3a00b0 unref 1->0
0:00:00.029917890  2465 0x385370 TRACE   GST_REFCOUNTING gstobject.c:381:gst_object_dispose: 0x3a00b0 dispose
0:00:00.029932343  2465 0x385370 DEBUG   GST_PLUGIN_LOADING gstpluginfeature.c:67:gst_plugin_feature_finalize: finalizing feature 0x3a00b0: 'leaks'
0:00:00.029946132  2465 0x385370 TRACE   GST_REFCOUNTING gstobject.c:423:gst_object_finalize: 0x3a00b0 finalize
0:00:00.029957103  2465 0x385370 DEBUG   GST_REFCOUNTING gstobject.c:709:gst_object_set_parent: set parent (ref and sink)
0:00:00.029968098  2465 0x385370 TRACE   GST_REFCOUNTING gstobject.c:294:gst_object_ref_sink: 0x39f3e0 ref_sink 1->2
0:00:00.029978374  2465 0x385370 LOG   GST_REGISTRY gstregistry.c:608:gst_registry_add_feature: emitting feature-added for leaks
0:00:00.029988861  2465 0x385370 DEBUG   GST_REGISTRY gstregistrychunks.c:742:gst_registry_chunks_load_feature: Added feature leaks, plugin 0x3a7ca0 coretracers
0:00:00.029998955  2465 0x385370 DEBUG   GST_REGISTRY gstregistrychunks.c:584:gst_registry_chunks_load_feature: Plugin 'coretracers' feature 'stats' typename : 'GstTracerFactory'
0:00:00.030010816  2465 0x385370 TRACE   GST_REFCOUNTING gstobject.c:208:gst_object_init: 0x3a00b0 new
0:00:00.030020692  2465 0x385370 DEBUG   GST_REGISTRY gstregistrychunks.c:719:gst_registry_chunks_load_feature: Reading/casting for GstRegistryChunkPluginFeature at address 0x3a0da0
0:00:00.030029065  2465 0x385370 DEBUG   GST_REGISTRY gstregistry.c:581:gst_registry_add_feature: replacing existing feature 0x3a02b0 (stats)
0:00:00.030036528  2465 0x385370 DEBUG   GST_REGISTRY gstregistry.c:590:gst_registry_add_feature: adding feature 0x3a00b0 (stats)
0:00:00.030042608  2465 0x385370 TRACE   GST_REFCOUNTING gstobject.c:788:gst_object_unparent: unparent
0:00:00.030050186  2465 0x385370 TRACE   GST_REFCOUNTING gstobject.c:265:gst_object_unref: 0x3a02b0 unref 1->0
0:00:00.030057198  2465 0x385370 TRACE   GST_REFCOUNTING gstobject.c:381:gst_object_dispose: 0x3a02b0 dispose
0:00:00.030070957  2465 0x385370 DEBUG   GST_PLUGIN_LOADING gstpluginfeature.c:67:gst_plugin_feature_finalize: finalizing feature 0x3a02b0: 'stats'
0:00:00.030077691  2465 0x385370 TRACE   GST_REFCOUNTING gstobject.c:423:gst_object_finalize: 0x3a02b0 finalize
0:00:00.030084246  2465 0x385370 DEBUG   GST_REFCOUNTING gstobject.c:709:gst_object_set_parent: set parent (ref and sink)
0:00:00.030091463  2465 0x385370 TRACE   GST_REFCOUNTING gstobject.c:294:gst_object_ref_sink: 0x3a00b0 ref_sink 1->2
0:00:00.030098259  2465 0x385370 LOG   GST_REGISTRY gstregistry.c:608:gst_registry_add_feature: emitting feature-added for stats
0:00:00.030105192  2465 0x385370 DEBUG   GST_REGISTRY gstregistrychunks.c:742:gst_registry_chunks_load_feature: Added feature stats, plugin 0x3a7ca0 coretracers
0:00:00.030112105  2465 0x385370 DEBUG   GST_REGISTRY gstregistrychunks.c:584:gst_registry_chunks_load_feature: Plugin 'coretracers' feature 'rusage' typename : 'GstTracerFactory'
0:00:00.030120092  2465 0x385370 TRACE   GST_REFCOUNTING gstobject.c:208:gst_object_init: 0x3a02b0 new
0:00:00.030128102  2465 0x385370 DEBUG   GST_REGISTRY gstregistrychunks.c:719:gst_registry_chunks_load_feature: Reading/casting for GstRegistryChunkPluginFeature at address 0x3a0dc0
0:00:00.030136037  2465 0x385370 DEBUG   GST_REGISTRY gstregistry.c:581:gst_registry_add_feature: replacing existing feature 0x3a04b0 (rusage)
0:00:00.030144326  2465 0x385370 DEBUG   GST_REGISTRY gstregistry.c:590:gst_registry_add_feature: adding feature 0x3a02b0 (rusage)
0:00:00.030152685  2465 0x385370 TRACE   GST_REFCOUNTING gstobject.c:788:gst_object_unparent: unparent
0:00:00.030160173  2465 0x385370 TRACE   GST_REFCOUNTING gstobject.c:265:gst_object_unref: 0x3a04b0 unref 1->0
0:00:00.030166968  2465 0x385370 TRACE   GST_REFCOUNTING gstobject.c:381:gst_object_dispose: 0x3a04b0 dispose
0:00:00.030174107  2465 0x385370 DEBUG   GST_PLUGIN_LOADING gstpluginfeature.c:67:gst_plugin_feature_finalize: finalizing feature 0x3a04b0: 'rusage'
0:00:00.030180508  2465 0x385370 TRACE   GST_REFCOUNTING gstobject.c:423:gst_object_finalize: 0x3a04b0 finalize
0:00:00.030187089  2465 0x385370 DEBUG   GST_REFCOUNTING gstobject.c:709:gst_object_set_parent: set parent (ref and sink)
0:00:00.030194223  2465 0x385370 TRACE   GST_REFCOUNTING gstobject.c:294:gst_object_ref_sink: 0x3a02b0 ref_sink 1->2
0:00:00.030201151  2465 0x385370 LOG   GST_REGISTRY gstregistry.c:608:gst_registry_add_feature: emitting feature-added for rusage
0:00:00.030207812  2465 0x385370 DEBUG   GST_REGISTRY gstregistrychunks.c:742:gst_registry_chunks_load_feature: Added feature rusage, plugin 0x3a7ca0 coretracers
0:00:00.030214781  2465 0x385370 DEBUG   GST_REGISTRY gstregistrychunks.c:584:gst_registry_chunks_load_feature: Plugin 'coretracers' feature 'log' typename : 'GstTracerFactory'
0:00:00.030222662  2465 0x385370 TRACE   GST_REFCOUNTING gstobject.c:208:gst_object_init: 0x3a04b0 new
0:00:00.030235288  2465 0x385370 DEBUG   GST_REGISTRY gstregistrychunks.c:719:gst_registry_chunks_load_feature: Reading/casting for GstRegistryChunkPluginFeature at address 0x3a0de0
0:00:00.030243377  2465 0x385370 DEBUG   GST_REGISTRY gstregistry.c:581:gst_registry_add_feature: replacing existing feature 0x3a06b0 (log)
0:00:00.030250540  2465 0x385370 DEBUG   GST_REGISTRY gstregistry.c:590:gst_registry_add_feature: adding feature 0x3a04b0 (log)
0:00:00.030256429  2465 0x385370 TRACE   GST_REFCOUNTING gstobject.c:788:gst_object_unparent: unparent
0:00:00.030263699  2465 0x385370 TRACE   GST_REFCOUNTING gstobject.c:265:gst_object_unref: 0x3a06b0 unref 1->0
0:00:00.030270783  2465 0x385370 TRACE   GST_REFCOUNTING gstobject.c:381:gst_object_dispose: 0x3a06b0 dispose
0:00:00.030285004  2465 0x385370 DEBUG   GST_PLUGIN_LOADING gstpluginfeature.c:67:gst_plugin_feature_finalize: finalizing feature 0x3a06b0: 'log'
0:00:00.030291904  2465 0x385370 TRACE   GST_REFCOUNTING gstobject.c:423:gst_object_finalize: 0x3a06b0 finalize
0:00:00.030298641  2465 0x385370 DEBUG   GST_REFCOUNTING gstobject.c:709:gst_object_set_parent: set parent (ref and sink)
0:00:00.030305849  2465 0x385370 TRACE   GST_REFCOUNTING gstobject.c:294:gst_object_ref_sink: 0x3a04b0 ref_sink 1->2
0:00:00.030312807  2465 0x385370 LOG   GST_REGISTRY gstregistry.c:608:gst_registry_add_feature: emitting feature-added for log
0:00:00.030319608  2465 0x385370 DEBUG   GST_REGISTRY gstregistrychunks.c:742:gst_registry_chunks_load_feature: Added feature log, plugin 0x3a7ca0 coretracers
0:00:00.030326429  2465 0x385370 DEBUG   GST_REGISTRY gstregistrychunks.c:584:gst_registry_chunks_load_feature: Plugin 'coretracers' feature 'latency' typename : 'GstTracerFactory'
0:00:00.030334195  2465 0x385370 TRACE   GST_REFCOUNTING gstobject.c:208:gst_object_init: 0x3a06b0 new
0:00:00.030342260  2465 0x385370 DEBUG   GST_REGISTRY gstregistrychunks.c:719:gst_registry_chunks_load_feature: Reading/casting for GstRegistryChunkPluginFeature at address 0x3a0e08
0:00:00.030350240  2465 0x385370 DEBUG   GST_REGISTRY gstregistry.c:581:gst_registry_add_feature: replacing existing feature 0x3a08b0 (latency)
0:00:00.030357542  2465 0x385370 DEBUG   GST_REGISTRY gstregistry.c:590:gst_registry_add_feature: adding feature 0x3a06b0 (latency)
0:00:00.030363526  2465 0x385370 TRACE   GST_REFCOUNTING gstobject.c:788:gst_object_unparent: unparent
0:00:00.030370944  2465 0x385370 TRACE   GST_REFCOUNTING gstobject.c:265:gst_object_unref: 0x3a08b0 unref 1->0
0:00:00.030378201  2465 0x385370 TRACE   GST_REFCOUNTING gstobject.c:381:gst_object_dispose: 0x3a08b0 dispose
0:00:00.030385532  2465 0x385370 DEBUG   GST_PLUGIN_LOADING gstpluginfeature.c:67:gst_plugin_feature_finalize: finalizing feature 0x3a08b0: 'latency'
0:00:00.030392092  2465 0x385370 TRACE   GST_REFCOUNTING gstobject.c:423:gst_object_finalize: 0x3a08b0 finalize
0:00:00.030403297  2465 0x385370 DEBUG   GST_REFCOUNTING gstobject.c:709:gst_object_set_parent: set parent (ref and sink)
0:00:00.030410795  2465 0x385370 TRACE   GST_REFCOUNTING gstobject.c:294:gst_object_ref_sink: 0x3a06b0 ref_sink 1->2
0:00:00.030417552  2465 0x385370 LOG   GST_REGISTRY gstregistry.c:608:gst_registry_add_feature: emitting feature-added for latency
0:00:00.030424397  2465 0x385370 DEBUG   GST_REGISTRY gstregistrychunks.c:742:gst_registry_chunks_load_feature: Added feature latency, plugin 0x3a7ca0 coretracers
0:00:00.030432929  2465 0x385370 LOG   GST_PLUGIN_LOADING gstpluginloader.c:888:handle_rx_packet: marking plugin 0x3a7ca0 as registered as /home/conan/w/prod/BuildSingleReference/.conan/data/gstreamer/1.19.2/_/_/package/467fc03b0f24213bb9b1cf088fa7fb20ffd79c35/lib/gstreamer-1.0/libgstcoretracers.so
0:00:00.030443429  2465 0x385370 DEBUG   GST_POLL gstpoll.c:1414:gst_poll_wait: 0x39ed40: timeout :0:00:01.000000000
0:00:00.030454149  2465 0x385370 LOG   GST_PLUGIN_LOADING gstpluginloader.c:1027:exchange_packets: Poll res = 2. 0 bytes pending for write
0:00:00.030461819  2465 0x385370 DEBUG   GST_POLL gstpoll.c:1241:gst_poll_fd_has_error: 0x39ed40: fd (fd:8, idx:2) 0
0:00:00.030468595  2465 0x385370 DEBUG   GST_POLL gstpoll.c:1266:gst_poll_fd_can_read_unlocked: 0x39ed40: fd (fd:8, idx:2) 1
0:00:00.030482002  2465 0x385370 DEBUG   GST_PLUGIN_LOADING gstpluginloader.c:849:handle_rx_packet: Received plugin details from child w/ tag 3. 6860 bytes info
0:00:00.030488873  2465 0x385370 LOG   GST_REGISTRY gstregistrychunks.c:838:_priv_gst_registry_chunks_load_plugin: Reading/casting for GstRegistryChunkPluginElement at address 0x3a0c10
0:00:00.030496526  2465 0x385370 TRACE   GST_REFCOUNTING gstobject.c:208:gst_object_init: 0x39eda0 new
0:00:00.030509584  2465 0x385370 LOG   GST_REGISTRY gstregistrychunks.c:859:_priv_gst_registry_chunks_load_plugin: read strings for name='coreelements'
0:00:00.030515932  2465 0x385370 LOG   GST_REGISTRY gstregistrychunks.c:860:_priv_gst_registry_chunks_load_plugin: desc.description='GStreamer core elements'
0:00:00.030522666  2465 0x385370 LOG   GST_REGISTRY gstregistrychunks.c:861:_priv_gst_registry_chunks_load_plugin: filename='/home/conan/w/prod/BuildSingleReference/.conan/data/gstreamer/1.19.2/_/_/package/467fc03b0f24213bb9b1cf088fa7fb20ffd79c35/lib/gstreamer-1.0/libgstcoreelements.so'
0:00:00.030529273  2465 0x385370 LOG   GST_REGISTRY gstregistrychunks.c:862:_priv_gst_registry_chunks_load_plugin: desc.version='1.19.2'
0:00:00.030534807  2465 0x385370 LOG   GST_REGISTRY gstregistrychunks.c:863:_priv_gst_registry_chunks_load_plugin: desc.license='LGPL'
0:00:00.030540195  2465 0x385370 LOG   GST_REGISTRY gstregistrychunks.c:864:_priv_gst_registry_chunks_load_plugin: desc.source='gstreamer'
0:00:00.030545813  2465 0x385370 LOG   GST_REGISTRY gstregistrychunks.c:865:_priv_gst_registry_chunks_load_plugin: desc.package='GStreamer source release'
0:00:00.030551642  2465 0x385370 LOG   GST_REGISTRY gstregistrychunks.c:866:_priv_gst_registry_chunks_load_plugin: desc.origin='Unknown package origin'
0:00:00.030561819  2465 0x385370 LOG   GST_REGISTRY gstregistrychunks.c:867:_priv_gst_registry_chunks_load_plugin: desc.datetime=2021-09-23
0:00:00.030571797  2465 0x385370 DEBUG   GST_REGISTRY gstregistry.c:449:gst_registry_add_plugin: Replacing existing plugin "/home/conan/w/prod/BuildSingleReference/.conan/data/gstreamer/1.19.2/_/_/package/467fc03b0f24213bb9b1cf088fa7fb20ffd79c35/lib/gstreamer-1.0/libgstcoreelements.so" 0x3a0580 with new plugin 0x39eda0 for filename "/home/conan/w/prod/BuildSingleReference/.conan/data/gstreamer/1.19.2/_/_/package/467fc03b0f24213bb9b1cf088fa7fb20ffd79c35/lib/gstreamer-1.0/libgstcoreelements.so"
0:00:00.030580943  2465 0x385370 TRACE   GST_REFCOUNTING gstobject.c:265:gst_object_unref: 0x3a0580 unref 1->0
0:00:00.030588180  2465 0x385370 TRACE   GST_REFCOUNTING gstobject.c:381:gst_object_dispose: 0x3a0580 dispose
0:00:00.030597015  2465 0x385370 DEBUG   GST_PLUGIN_LOADING gstplugin.c:132:gst_plugin_finalize: finalizing plugin
0:00:00.030603681  2465 0x385370 TRACE   GST_REFCOUNTING gstobject.c:423:gst_object_finalize: 0x3a0580 finalize
0:00:00.030612941  2465 0x385370 DEBUG   GST_REGISTRY gstregistry.c:474:gst_registry_add_plugin: adding plugin 0x39eda0 for filename "/home/conan/w/prod/BuildSingleReference/.conan/data/gstreamer/1.19.2/_/_/package/467fc03b0f24213bb9b1cf088fa7fb20ffd79c35/lib/gstreamer-1.0/libgstcoreelements.so"
0:00:00.030621069  2465 0x385370 TRACE   GST_REFCOUNTING gstobject.c:294:gst_object_ref_sink: 0x39eda0 ref_sink 1->2
0:00:00.030628580  2465 0x385370 LOG   GST_REGISTRY gstregistry.c:487:gst_registry_add_plugin: emitting plugin-added for filename "/home/conan/w/prod/BuildSingleReference/.conan/data/gstreamer/1.19.2/_/_/package/467fc03b0f24213bb9b1cf088fa7fb20ffd79c35/lib/gstreamer-1.0/libgstcoreelements.so"
0:00:00.030638454  2465 0x385370 DEBUG   GST_REGISTRY gstregistrychunks.c:888:_priv_gst_registry_chunks_load_plugin: Added plugin 'coreelements' plugin with 22 features from binary registry
0:00:00.030648334  2465 0x385370 DEBUG   GST_REGISTRY gstregistrychunks.c:584:gst_registry_chunks_load_feature: Plugin 'coreelements' feature 'streamiddemux' typename : 'GstElementFactory'
0:00:00.030661109  2465 0x385370 TRACE   GST_REFCOUNTING gstobject.c:208:gst_object_init: 0x3a7790 new
0:00:00.030674706  2465 0x385370 LOG   GST_REGISTRY gstregistrychunks.c:611:gst_registry_chunks_load_feature: Reading/casting for GstRegistryChunkElementFactory at address 0x3a0d68
0:00:00.030687330  2465 0x385370 TRACE   structure gststructure.c:292:gst_structure_new_id_empty_with_size: created structure 0x3a7dd0
0:00:00.030696500  2465 0x385370 DEBUG   structure gststructure.c:2258:gst_structure_parse_field: trying field name 'long-name'
0:00:00.030703728  2465 0x385370 DEBUG   default gstvalue.c:2776:_priv_gst_value_parse_value: trying type name 'string'
0:00:00.030712931  2465 0x385370 DEBUG   structure gststructure.c:2258:gst_structure_parse_field: trying field name 'klass'
0:00:00.030718491  2465 0x385370 DEBUG   default gstvalue.c:2776:_priv_gst_value_parse_value: trying type name 'string'
0:00:00.030732068  2465 0x385370 DEBUG   structure gststructure.c:2258:gst_structure_parse_field: trying field name 'description'
0:00:00.030737809  2465 0x385370 DEBUG   default gstvalue.c:2776:_priv_gst_value_parse_value: trying type name 'string'
0:00:00.030767553  2465 0x385370 DEBUG   structure gststructure.c:2258:gst_structure_parse_field: trying field name 'author'
0:00:00.030773582  2465 0x385370 DEBUG   default gstvalue.c:2776:_priv_gst_value_parse_value: trying type name 'string'
0:00:00.030782677  2465 0x385370 DEBUG   GST_REGISTRY gstregistrychunks.c:627:gst_registry_chunks_load_feature: Element factory : npadtemplates=2
0:00:00.030789137  2465 0x385370 DEBUG   GST_REGISTRY gstregistrychunks.c:527:gst_registry_chunks_load_pad_template: Reading/casting for GstRegistryChunkPadTemplate at address 0x3a0e40
0:00:00.030795850  2465 0x385370 DEBUG   GST_REGISTRY gstregistrychunks.c:540:gst_registry_chunks_load_pad_template: Added pad_template src_%u
0:00:00.030801452  2465 0x385370 DEBUG   GST_REGISTRY gstregistrychunks.c:527:gst_registry_chunks_load_pad_template: Reading/casting for GstRegistryChunkPadTemplate at address 0x3a0e58
0:00:00.030807651  2465 0x385370 DEBUG   GST_REGISTRY gstregistrychunks.c:540:gst_registry_chunks_load_pad_template: Added pad_template sink
0:00:00.030816351  2465 0x385370 DEBUG   GST_REGISTRY gstregistry.c:581:gst_registry_add_feature: replacing existing feature 0x3a09f0 (streamiddemux)
0:00:00.030824135  2465 0x385370 DEBUG   GST_REGISTRY gstregistry.c:590:gst_registry_add_feature: adding feature 0x3a7790 (streamiddemux)
0:00:00.030830309  2465 0x385370 TRACE   GST_REFCOUNTING gstobject.c:788:gst_object_unparent: unparent
0:00:00.030838280  2465 0x385370 TRACE   GST_REFCOUNTING gstobject.c:265:gst_object_unref: 0x3a09f0 unref 1->0
0:00:00.030845512  2465 0x385370 TRACE   GST_REFCOUNTING gstobject.c:381:gst_object_dispose: 0x3a09f0 dispose
0:00:00.030853203  2465 0x385370 TRACE   structure gststructure.c:547:gst_structure_free: free structure 0x39fcd0
0:00:00.030861824  2465 0x385370 TRACE   GST_REFCOUNTING gstminiobject.c:736:gst_mini_object_replace: replace (nil) (0) with (nil) (0)
0:00:00.030869651  2465 0x385370 TRACE   GST_REFCOUNTING gstminiobject.c:736:gst_mini_object_replace: replace (nil) (0) with (nil) (0)
0:00:00.030877069  2465 0x385370 DEBUG   GST_PLUGIN_LOADING gstpluginfeature.c:67:gst_plugin_feature_finalize: finalizing feature 0x3a09f0: 'streamiddemux'
0:00:00.030883775  2465 0x385370 TRACE   GST_REFCOUNTING gstobject.c:423:gst_object_finalize: 0x3a09f0 finalize
0:00:00.030907942  2465 0x385370 DEBUG   GST_REFCOUNTING gstobject.c:709:gst_object_set_parent: set parent (ref and sink)
0:00:00.030923869  2465 0x385370 TRACE   GST_REFCOUNTING gstobject.c:294:gst_object_ref_sink: 0x3a7790 ref_sink 1->2
0:00:00.030934192  2465 0x385370 LOG   GST_REGISTRY gstregistry.c:608:gst_registry_add_feature: emitting feature-added for streamiddemux
0:00:00.030947209  2465 0x385370 DEBUG   GST_REGISTRY gstregistrychunks.c:742:gst_registry_chunks_load_feature: Added feature streamiddemux, plugin 0x39eda0 coreelements
0:00:00.030954656  2465 0x385370 DEBUG   GST_REGISTRY gstregistrychunks.c:584:gst_registry_chunks_load_feature: Plugin 'coreelements' feature 'valve' typename : 'GstElementFactory'
0:00:00.030963817  2465 0x385370 TRACE   GST_REFCOUNTING gstobject.c:208:gst_object_init: 0x3a09f0 new
0:00:00.030972616  2465 0x385370 LOG   GST_REGISTRY gstregistrychunks.c:611:gst_registry_chunks_load_feature: Reading/casting for GstRegistryChunkElementFactory at address 0x3a0e88
0:00:00.030980414  2465 0x385370 TRACE   structure gststructure.c:292:gst_structure_new_id_empty_with_size: created structure 0x39fcd0
0:00:00.030986900  2465 0x385370 DEBUG   structure gststructure.c:2258:gst_structure_parse_field: trying field name 'long-name'
0:00:00.030992870  2465 0x385370 DEBUG   default gstvalue.c:2776:_priv_gst_value_parse_value: trying type name 'string'
0:00:00.031000000  2465 0x385370 DEBUG   structure gststructure.c:2258:gst_structure_parse_field: trying field name 'klass'
0:00:00.031005630  2465 0x385370 DEBUG   default gstvalue.c:2776:_priv_gst_value_parse_value: trying type name 'string'
0:00:00.031012091  2465 0x385370 DEBUG   structure gststructure.c:2258:gst_structure_parse_field: trying field name 'description'
0:00:00.031017602  2465 0x385370 DEBUG   default gstvalue.c:2776:_priv_gst_value_parse_value: trying type name 'string'
0:00:00.031024548  2465 0x385370 DEBUG   structure gststructure.c:2258:gst_structure_parse_field: trying field name 'author'
0:00:00.031030095  2465 0x385370 DEBUG   default gstvalue.c:2776:_priv_gst_value_parse_value: trying type name 'string'
0:00:00.031037572  2465 0x385370 DEBUG   GST_REGISTRY gstregistrychunks.c:627:gst_registry_chunks_load_feature: Element factory : npadtemplates=2
0:00:00.031043400  2465 0x385370 DEBUG   GST_REGISTRY gstregistrychunks.c:527:gst_registry_chunks_load_pad_template: Reading/casting for GstRegistryChunkPadTemplate at address 0x3a0f78
0:00:00.031049411  2465 0x385370 DEBUG   GST_REGISTRY gstregistrychunks.c:540:gst_registry_chunks_load_pad_template: Added pad_template sink
0:00:00.031054990  2465 0x385370 DEBUG   GST_REGISTRY gstregistrychunks.c:527:gst_registry_chunks_load_pad_template: Reading/casting for GstRegistryChunkPadTemplate at address 0x3a0f90
0:00:00.031060968  2465 0x385370 DEBUG   GST_REGISTRY gstregistrychunks.c:540:gst_registry_chunks_load_pad_template: Added pad_template src
0:00:00.031069874  2465 0x385370 DEBUG   GST_REGISTRY gstregistry.c:581:gst_registry_add_feature: replacing existing feature 0x39f7f0 (valve)
0:00:00.031077324  2465 0x385370 DEBUG   GST_REGISTRY gstregistry.c:590:gst_registry_add_feature: adding feature 0x3a09f0 (valve)
0:00:00.031083349  2465 0x385370 TRACE   GST_REFCOUNTING gstobject.c:788:gst_object_unparent: unparent
0:00:00.031091101  2465 0x385370 TRACE   GST_REFCOUNTING gstobject.c:265:gst_object_unref: 0x39f7f0 unref 1->0
0:00:00.031105748  2465 0x385370 TRACE   GST_REFCOUNTING gstobject.c:381:gst_object_dispose: 0x39f7f0 dispose
0:00:00.031113047  2465 0x385370 TRACE   structure gststructure.c:547:gst_structure_free: free structure 0x3a29c0
0:00:00.031120342  2465 0x385370 TRACE   GST_REFCOUNTING gstminiobject.c:736:gst_mini_object_replace: replace (nil) (0) with (nil) (0)
0:00:00.031127709  2465 0x385370 TRACE   GST_REFCOUNTING gstminiobject.c:736:gst_mini_object_replace: replace (nil) (0) with (nil) (0)
0:00:00.031134970  2465 0x385370 DEBUG   GST_PLUGIN_LOADING gstpluginfeature.c:67:gst_plugin_feature_finalize: finalizing feature 0x39f7f0: 'valve'
0:00:00.031141665  2465 0x385370 TRACE   GST_REFCOUNTING gstobject.c:423:gst_object_finalize: 0x39f7f0 finalize
0:00:00.031148526  2465 0x385370 DEBUG   GST_REFCOUNTING gstobject.c:709:gst_object_set_parent: set parent (ref and sink)
0:00:00.031155755  2465 0x385370 TRACE   GST_REFCOUNTING gstobject.c:294:gst_object_ref_sink: 0x3a09f0 ref_sink 1->2
0:00:00.031162615  2465 0x385370 LOG   GST_REGISTRY gstregistry.c:608:gst_registry_add_feature: emitting feature-added for valve
