0:00:00.017652375  2466 0x1d4c320 TRACE   GST_REFCOUNTING gstobject.c:265:gst_object_unref: 0x1d70b70 unref 2->1
0:00:00.023317542  2465 0x385370 DEBUG   GST_REGISTRY gstregistrychunks.c:540:gst_registry_chunks_load_pad_template: Added pad_template src_%u
0:00:00.023329577  2465 0x385370 DEBUG   GST_REGISTRY gstregistrychunks.c:527:gst_registry_chunks_load_pad_template: Reading/casting for GstRegistryChunkPadTemplate at address 0x3a1098
0:00:00.017665448  2466 0x1d4c320 TRACE   GST_REFCOUNTING gstobject.c:265:gst_object_unref: 0x1d731c0 unref 2->1
0:00:00.023340230  2465 0x385370 DEBUG   GST_REGISTRY gstregistrychunks.c:540:gst_registry_chunks_load_pad_template: Added pad_template sink_%u
0:00:00.017679523  2466 0x1d4c320 TRACE   GST_REFCOUNTING gstobject.c:265:gst_object_unref: 0x1d6d430 unref 2->1
0:00:00.023354807  2465 0x385370 DEBUG   GST_REGISTRY gstregistry.c:590:gst_registry_add_feature: adding feature 0x3a2b40 (multiqueue)
0:00:00.017693003  2466 0x1d4c320 TRACE   GST_REFCOUNTING gstobject.c:265:gst_object_unref: 0x1d75c80 unref 2->1
0:00:00.023366592  2465 0x385370 DEBUG   GST_REFCOUNTING gstobject.c:709:gst_object_set_parent: set parent (ref and sink)
0:00:00.017706108  2466 0x1d4c320 TRACE   GST_REFCOUNTING gstobject.c:265:gst_object_unref: 0x1d769d0 unref 2->1
0:00:00.023380392  2465 0x385370 TRACE   GST_REFCOUNTING gstobject.c:294:gst_object_ref_sink: 0x3a2b40 ref_sink 1->2
0:00:00.017719431  2466 0x1d4c320 TRACE   GST_REFCOUNTING gstobject.c:265:gst_object_unref: 0x1d776a0 unref 2->1
0:00:00.023394015  2465 0x385370 LOG   GST_REGISTRY gstregistry.c:608:gst_registry_add_feature: emitting feature-added for multiqueue
0:00:00.017732596  2466 0x1d4c320 TRACE   GST_REFCOUNTING gstobject.c:265:gst_object_unref: 0x1d78cd0 unref 2->1
0:00:00.023406752  2465 0x385370 DEBUG   GST_REGISTRY gstregistrychunks.c:742:gst_registry_chunks_load_feature: Added feature multiqueue, plugin 0x3a0580 coreelements
0:00:00.017746123  2466 0x1d4c320 TRACE   GST_REFCOUNTING gstobject.c:265:gst_object_unref: 0x1d79f40 unref 2->1
0:00:00.023418801  2465 0x385370 DEBUG   GST_REGISTRY gstregistrychunks.c:584:gst_registry_chunks_load_feature: Plugin 'coreelements' feature 'typefind' typename : 'GstElementFactory'
0:00:00.017759608  2466 0x1d4c320 TRACE   GST_REFCOUNTING gstobject.c:265:gst_object_unref: 0x1d7b050 unref 2->1
0:00:00.023434144  2465 0x385370 TRACE   GST_REFCOUNTING gstobject.c:208:gst_object_init: 0x3a2d60 new
0:00:00.017772566  2466 0x1d4c320 TRACE   GST_REFCOUNTING gstobject.c:265:gst_object_unref: 0x1d7cad0 unref 2->1
0:00:00.023449251  2465 0x385370 LOG   GST_REGISTRY gstregistrychunks.c:611:gst_registry_chunks_load_feature: Reading/casting for GstRegistryChunkElementFactory at address 0x3a10c8
0:00:00.017786030  2466 0x1d4c320 TRACE   GST_REFCOUNTING gstobject.c:265:gst_object_unref: 0x1d7e480 unref 2->1
0:00:00.017810588  2466 0x1d4c320 TRACE   GST_REFCOUNTING gstobject.c:265:gst_object_unref: 0x1d7f580 unref 2->1
0:00:00.023478381  2465 0x385370 TRACE   structure gststructure.c:292:gst_structure_new_id_empty_with_size: created structure 0x3a2f20
0:00:00.017824124  2466 0x1d4c320 TRACE   GST_REFCOUNTING gstobject.c:265:gst_object_unref: 0x1d80790 unref 2->1
0:00:00.023489631  2465 0x385370 DEBUG   structure gststructure.c:2258:gst_structure_parse_field: trying field name 'long-name'
0:00:00.023501914  2465 0x385370 DEBUG   default gstvalue.c:2776:_priv_gst_value_parse_value: trying type name 'string'
0:00:00.017837256  2466 0x1d4c320 TRACE   GST_REFCOUNTING gstobject.c:265:gst_object_unref: 0x1d81560 unref 2->1
0:00:00.023513404  2465 0x385370 DEBUG   structure gststructure.c:2258:gst_structure_parse_field: trying field name 'klass'
0:00:00.017852174  2466 0x1d4c320 TRACE   GST_REFCOUNTING gstobject.c:265:gst_object_unref: 0x1d82d10 unref 2->1
0:00:00.023523094  2465 0x385370 DEBUG   default gstvalue.c:2776:_priv_gst_value_parse_value: trying type name 'string'
0:00:00.017865875  2466 0x1d4c320 TRACE   GST_REFCOUNTING gstobject.c:265:gst_object_unref: 0x1d83c00 unref 2->1
0:00:00.023534405  2465 0x385370 DEBUG   structure gststructure.c:2258:gst_structure_parse_field: trying field name 'description'
0:00:00.023545165  2465 0x385370 DEBUG   default gstvalue.c:2776:_priv_gst_value_parse_value: trying type name 'string'
0:00:00.017882104  2466 0x1d4c320 DEBUG   GST_REGISTRY gstregistrychunks.c:499:_priv_gst_registry_chunks_save_plugin: Found 22 features in plugin 0x1d687d0 (coreelements)
0:00:00.023556997  2465 0x385370 DEBUG   structure gststructure.c:2258:gst_structure_parse_field: trying field name 'author'
0:00:00.017901633  2466 0x1d4c320 DEBUG   GST_POLL gstpoll.c:980:gst_poll_fd_ctl_write: 0x1d549c0: fd (fd:0, idx:1), active : 1
0:00:00.023567296  2465 0x385370 DEBUG   default gstvalue.c:2776:_priv_gst_value_parse_value: trying type name 'string'
0:00:00.017913671  2466 0x1d4c320 LOG   GST_POLL gstpoll.c:994:gst_poll_fd_ctl_write: 0x1d549c0: pfd->events now 60 (POLLOUT:4)
0:00:00.023580528  2465 0x385370 DEBUG   GST_REGISTRY gstregistrychunks.c:627:gst_registry_chunks_load_feature: Element factory : npadtemplates=2
0:00:00.017926073  2466 0x1d4c320 DEBUG   GST_POLL gstpoll.c:980:gst_poll_fd_ctl_write: 0x1d549c0: fd (fd:0, idx:1), active : 1
0:00:00.023590845  2465 0x385370 DEBUG   GST_REGISTRY gstregistrychunks.c:527:gst_registry_chunks_load_pad_template: Reading/casting for GstRegistryChunkPadTemplate at address 0x3a11a0
0:00:00.017937300  2466 0x1d4c320 LOG   GST_POLL gstpoll.c:994:gst_poll_fd_ctl_write: 0x1d549c0: pfd->events now 60 (POLLOUT:4)
0:00:00.023603035  2465 0x385370 DEBUG   GST_REGISTRY gstregistrychunks.c:540:gst_registry_chunks_load_pad_template: Added pad_template sink
0:00:00.017949899  2466 0x1d4c320 DEBUG   GST_POLL gstpoll.c:980:gst_poll_fd_ctl_write: 0x1d549c0: fd (fd:0, idx:1), active : 1
0:00:00.023621094  2465 0x385370 DEBUG   GST_REGISTRY gstregistrychunks.c:527:gst_registry_chunks_load_pad_template: Reading/casting for GstRegistryChunkPadTemplate at address 0x3a11b8
0:00:00.017962410  2466 0x1d4c320 LOG   GST_POLL gstpoll.c:994:gst_poll_fd_ctl_write: 0x1d549c0: pfd->events now 60 (POLLOUT:4)
0:00:00.023631844  2465 0x385370 DEBUG   GST_REGISTRY gstregistrychunks.c:540:gst_registry_chunks_load_pad_template: Added pad_template src
0:00:00.017975100  2466 0x1d4c320 DEBUG   GST_POLL gstpoll.c:980:gst_poll_fd_ctl_write: 0x1d549c0: fd (fd:0, idx:1), active : 1
0:00:00.023647091  2465 0x385370 DEBUG   GST_REGISTRY gstregistry.c:590:gst_registry_add_feature: adding feature 0x3a2d60 (typefind)
0:00:00.017985759  2466 0x1d4c320 LOG   GST_POLL gstpoll.c:994:gst_poll_fd_ctl_write: 0x1d549c0: pfd->events now 60 (POLLOUT:4)
0:00:00.023659026  2465 0x385370 DEBUG   GST_REFCOUNTING gstobject.c:709:gst_object_set_parent: set parent (ref and sink)
0:00:00.017997238  2466 0x1d4c320 DEBUG   GST_POLL gstpoll.c:980:gst_poll_fd_ctl_write: 0x1d549c0: fd (fd:0, idx:1), active : 1
0:00:00.018009512  2466 0x1d4c320 LOG   GST_POLL gstpoll.c:994:gst_poll_fd_ctl_write: 0x1d549c0: pfd->events now 60 (POLLOUT:4)
0:00:00.023673062  2465 0x385370 TRACE   GST_REFCOUNTING gstobject.c:294:gst_object_ref_sink: 0x3a2d60 ref_sink 1->2
0:00:00.018020597  2466 0x1d4c320 DEBUG   GST_POLL gstpoll.c:980:gst_poll_fd_ctl_write: 0x1d549c0: fd (fd:0, idx:1), active : 1
0:00:00.023687333  2465 0x385370 LOG   GST_REGISTRY gstregistry.c:608:gst_registry_add_feature: emitting feature-added for typefind
0:00:00.018032301  2466 0x1d4c320 LOG   GST_POLL gstpoll.c:994:gst_poll_fd_ctl_write: 0x1d549c0: pfd->events now 60 (POLLOUT:4)
0:00:00.023699986  2465 0x385370 DEBUG   GST_REGISTRY gstregistrychunks.c:742:gst_registry_chunks_load_feature: Added feature typefind, plugin 0x3a0580 coreelements
0:00:00.018043889  2466 0x1d4c320 DEBUG   GST_POLL gstpoll.c:980:gst_poll_fd_ctl_write: 0x1d549c0: fd (fd:0, idx:1), active : 1
0:00:00.023713194  2465 0x385370 DEBUG   GST_REGISTRY gstregistrychunks.c:584:gst_registry_chunks_load_feature: Plugin 'coreelements' feature 'tee' typename : 'GstElementFactory'
0:00:00.018054652  2466 0x1d4c320 LOG   GST_POLL gstpoll.c:994:gst_poll_fd_ctl_write: 0x1d549c0: pfd->events now 60 (POLLOUT:4)
0:00:00.018066337  2466 0x1d4c320 DEBUG   GST_POLL gstpoll.c:980:gst_poll_fd_ctl_write: 0x1d549c0: fd (fd:0, idx:1), active : 1
0:00:00.023729286  2465 0x385370 TRACE   GST_REFCOUNTING gstobject.c:208:gst_object_init: 0x3a30a0 new
0:00:00.018076960  2466 0x1d4c320 LOG   GST_POLL gstpoll.c:994:gst_poll_fd_ctl_write: 0x1d549c0: pfd->events now 60 (POLLOUT:4)
0:00:00.023746266  2465 0x385370 LOG   GST_REGISTRY gstregistrychunks.c:611:gst_registry_chunks_load_feature: Reading/casting for GstRegistryChunkElementFactory at address 0x3a11e0
0:00:00.018088099  2466 0x1d4c320 DEBUG   GST_POLL gstpoll.c:980:gst_poll_fd_ctl_write: 0x1d549c0: fd (fd:0, idx:1), active : 1
0:00:00.023765700  2465 0x385370 TRACE   structure gststructure.c:292:gst_structure_new_id_empty_with_size: created structure 0x3a33b0
0:00:00.018103715  2466 0x1d4c320 LOG   GST_POLL gstpoll.c:994:gst_poll_fd_ctl_write: 0x1d549c0: pfd->events now 60 (POLLOUT:4)
0:00:00.023776408  2465 0x385370 DEBUG   structure gststructure.c:2258:gst_structure_parse_field: trying field name 'long-name'
0:00:00.018125014  2466 0x1d4c320 DEBUG   GST_POLL gstpoll.c:980:gst_poll_fd_ctl_write: 0x1d549c0: fd (fd:0, idx:1), active : 1
0:00:00.023789767  2465 0x385370 DEBUG   default gstvalue.c:2776:_priv_gst_value_parse_value: trying type name 'string'
0:00:00.018136511  2466 0x1d4c320 LOG   GST_POLL gstpoll.c:994:gst_poll_fd_ctl_write: 0x1d549c0: pfd->events now 60 (POLLOUT:4)
0:00:00.023803813  2465 0x385370 DEBUG   structure gststructure.c:2258:gst_structure_parse_field: trying field name 'klass'
0:00:00.018148583  2466 0x1d4c320 DEBUG   GST_POLL gstpoll.c:980:gst_poll_fd_ctl_write: 0x1d549c0: fd (fd:0, idx:1), active : 1
0:00:00.023814802  2465 0x385370 DEBUG   default gstvalue.c:2776:_priv_gst_value_parse_value: trying type name 'string'
0:00:00.018160017  2466 0x1d4c320 LOG   GST_POLL gstpoll.c:994:gst_poll_fd_ctl_write: 0x1d549c0: pfd->events now 60 (POLLOUT:4)
0:00:00.023826395  2465 0x385370 DEBUG   structure gststructure.c:2258:gst_structure_parse_field: trying field name 'description'
0:00:00.018171736  2466 0x1d4c320 DEBUG   GST_POLL gstpoll.c:980:gst_poll_fd_ctl_write: 0x1d549c0: fd (fd:0, idx:1), active : 1
0:00:00.023836335  2465 0x385370 DEBUG   default gstvalue.c:2776:_priv_gst_value_parse_value: trying type name 'string'
0:00:00.018182752  2466 0x1d4c320 LOG   GST_POLL gstpoll.c:994:gst_poll_fd_ctl_write: 0x1d549c0: pfd->events now 60 (POLLOUT:4)
0:00:00.023849640  2465 0x385370 DEBUG   structure gststructure.c:2258:gst_structure_parse_field: trying field name 'author'
0:00:00.018194834  2466 0x1d4c320 DEBUG   GST_POLL gstpoll.c:980:gst_poll_fd_ctl_write: 0x1d549c0: fd (fd:0, idx:1), active : 1
0:00:00.023859631  2465 0x385370 DEBUG   default gstvalue.c:2776:_priv_gst_value_parse_value: trying type name 'string'
0:00:00.018205737  2466 0x1d4c320 LOG   GST_POLL gstpoll.c:994:gst_poll_fd_ctl_write: 0x1d549c0: pfd->events now 60 (POLLOUT:4)
0:00:00.023874342  2465 0x385370 DEBUG   GST_REGISTRY gstregistrychunks.c:627:gst_registry_chunks_load_feature: Element factory : npadtemplates=2
0:00:00.018216739  2466 0x1d4c320 DEBUG   GST_POLL gstpoll.c:980:gst_poll_fd_ctl_write: 0x1d549c0: fd (fd:0, idx:1), active : 1
0:00:00.023884689  2465 0x385370 DEBUG   GST_REGISTRY gstregistrychunks.c:527:gst_registry_chunks_load_pad_template: Reading/casting for GstRegistryChunkPadTemplate at address 0x3a12d0
0:00:00.018246910  2466 0x1d4c320 LOG   GST_POLL gstpoll.c:994:gst_poll_fd_ctl_write: 0x1d549c0: pfd->events now 60 (POLLOUT:4)
0:00:00.023913743  2465 0x385370 DEBUG   GST_REGISTRY gstregistrychunks.c:540:gst_registry_chunks_load_pad_template: Added pad_template src_%u
0:00:00.018266221  2466 0x1d4c320 DEBUG   GST_POLL gstpoll.c:980:gst_poll_fd_ctl_write: 0x1d549c0: fd (fd:0, idx:1), active : 1
0:00:00.023931047  2465 0x385370 DEBUG   GST_REGISTRY gstregistrychunks.c:527:gst_registry_chunks_load_pad_template: Reading/casting for GstRegistryChunkPadTemplate at address 0x3a12e8
0:00:00.018277447  2466 0x1d4c320 LOG   GST_POLL gstpoll.c:994:gst_poll_fd_ctl_write: 0x1d549c0: pfd->events now 60 (POLLOUT:4)
0:00:00.023943013  2465 0x385370 DEBUG   GST_REGISTRY gstregistrychunks.c:540:gst_registry_chunks_load_pad_template: Added pad_template sink
0:00:00.018289380  2466 0x1d4c320 DEBUG   GST_POLL gstpoll.c:980:gst_poll_fd_ctl_write: 0x1d549c0: fd (fd:0, idx:1), active : 1
0:00:00.023958752  2465 0x385370 DEBUG   GST_REGISTRY gstregistry.c:590:gst_registry_add_feature: adding feature 0x3a30a0 (tee)
0:00:00.018299551  2466 0x1d4c320 LOG   GST_POLL gstpoll.c:994:gst_poll_fd_ctl_write: 0x1d549c0: pfd->events now 60 (POLLOUT:4)
0:00:00.023970379  2465 0x385370 DEBUG   GST_REFCOUNTING gstobject.c:709:gst_object_set_parent: set parent (ref and sink)
0:00:00.018312123  2466 0x1d4c320 DEBUG   GST_POLL gstpoll.c:980:gst_poll_fd_ctl_write: 0x1d549c0: fd (fd:0, idx:1), active : 1
0:00:00.023985079  2465 0x385370 TRACE   GST_REFCOUNTING gstobject.c:294:gst_object_ref_sink: 0x3a30a0 ref_sink 1->2
0:00:00.018323599  2466 0x1d4c320 LOG   GST_POLL gstpoll.c:994:gst_poll_fd_ctl_write: 0x1d549c0: pfd->events now 60 (POLLOUT:4)
0:00:00.023997935  2465 0x385370 LOG   GST_REGISTRY gstregistry.c:608:gst_registry_add_feature: emitting feature-added for tee
0:00:00.018336040  2466 0x1d4c320 DEBUG   GST_POLL gstpoll.c:980:gst_poll_fd_ctl_write: 0x1d549c0: fd (fd:0, idx:1), active : 1
0:00:00.024010285  2465 0x385370 DEBUG   GST_REGISTRY gstregistrychunks.c:742:gst_registry_chunks_load_feature: Added feature tee, plugin 0x3a0580 coreelements
0:00:00.018347652  2466 0x1d4c320 LOG   GST_POLL gstpoll.c:994:gst_poll_fd_ctl_write: 0x1d549c0: pfd->events now 60 (POLLOUT:4)
0:00:00.024022653  2465 0x385370 DEBUG   GST_REGISTRY gstregistrychunks.c:584:gst_registry_chunks_load_feature: Plugin 'coreelements' feature 'filesink' typename : 'GstElementFactory'
0:00:00.018360586  2466 0x1d4c320 DEBUG   GST_POLL gstpoll.c:980:gst_poll_fd_ctl_write: 0x1d549c0: fd (fd:0, idx:1), active : 1
0:00:00.018372279  2466 0x1d4c320 LOG   GST_POLL gstpoll.c:994:gst_poll_fd_ctl_write: 0x1d549c0: pfd->events now 60 (POLLOUT:4)
0:00:00.024037487  2465 0x385370 TRACE   GST_REFCOUNTING gstobject.c:208:gst_object_init: 0x3a35b0 new
0:00:00.018383813  2466 0x1d4c320 DEBUG   GST_POLL gstpoll.c:980:gst_poll_fd_ctl_write: 0x1d549c0: fd (fd:0, idx:1), active : 1
0:00:00.024052351  2465 0x385370 LOG   GST_REGISTRY gstregistrychunks.c:611:gst_registry_chunks_load_feature: Reading/casting for GstRegistryChunkElementFactory at address 0x3a1318
0:00:00.018394577  2466 0x1d4c320 LOG   GST_POLL gstpoll.c:994:gst_poll_fd_ctl_write: 0x1d549c0: pfd->events now 60 (POLLOUT:4)
0:00:00.024072762  2465 0x385370 TRACE   structure gststructure.c:292:gst_structure_new_id_empty_with_size: created structure 0x3a3770
0:00:00.018410888  2466 0x1d4c320 DEBUG   GST_POLL gstpoll.c:980:gst_poll_fd_ctl_write: 0x1d549c0: fd (fd:0, idx:1), active : 1
0:00:00.024084111  2465 0x385370 DEBUG   structure gststructure.c:2258:gst_structure_parse_field: trying field name 'long-name'
0:00:00.018422727  2466 0x1d4c320 LOG   GST_POLL gstpoll.c:994:gst_poll_fd_ctl_write: 0x1d549c0: pfd->events now 60 (POLLOUT:4)
0:00:00.024094995  2465 0x385370 DEBUG   default gstvalue.c:2776:_priv_gst_value_parse_value: trying type name 'string'
0:00:00.018434270  2466 0x1d4c320 DEBUG   GST_POLL gstpoll.c:980:gst_poll_fd_ctl_write: 0x1d549c0: fd (fd:0, idx:1), active : 1
0:00:00.024107032  2465 0x385370 DEBUG   structure gststructure.c:2258:gst_structure_parse_field: trying field name 'klass'
0:00:00.018445941  2466 0x1d4c320 LOG   GST_POLL gstpoll.c:994:gst_poll_fd_ctl_write: 0x1d549c0: pfd->events now 60 (POLLOUT:4)
0:00:00.024117471  2465 0x385370 DEBUG   default gstvalue.c:2776:_priv_gst_value_parse_value: trying type name 'string'
0:00:00.018458172  2466 0x1d4c320 DEBUG   GST_POLL gstpoll.c:980:gst_poll_fd_ctl_write: 0x1d549c0: fd (fd:0, idx:1), active : 1
0:00:00.024129156  2465 0x385370 DEBUG   structure gststructure.c:2258:gst_structure_parse_field: trying field name 'description'
0:00:00.018469628  2466 0x1d4c320 LOG   GST_POLL gstpoll.c:994:gst_poll_fd_ctl_write: 0x1d549c0: pfd->events now 60 (POLLOUT:4)
0:00:00.024139556  2465 0x385370 DEBUG   default gstvalue.c:2776:_priv_gst_value_parse_value: trying type name 'string'
0:00:00.018482676  2466 0x1d4c320 DEBUG   GST_POLL gstpoll.c:980:gst_poll_fd_ctl_write: 0x1d549c0: fd (fd:0, idx:1), active : 1
0:00:00.024151871  2465 0x385370 DEBUG   structure gststructure.c:2258:gst_structure_parse_field: trying field name 'author'
0:00:00.018493677  2466 0x1d4c320 LOG   GST_POLL gstpoll.c:994:gst_poll_fd_ctl_write: 0x1d549c0: pfd->events now 60 (POLLOUT:4)
0:00:00.024162290  2465 0x385370 DEBUG   default gstvalue.c:2776:_priv_gst_value_parse_value: trying type name 'string'
0:00:00.018506901  2466 0x1d4c320 DEBUG   GST_POLL gstpoll.c:980:gst_poll_fd_ctl_write: 0x1d549c0: fd (fd:0, idx:1), active : 1
0:00:00.024175400  2465 0x385370 DEBUG   GST_REGISTRY gstregistrychunks.c:627:gst_registry_chunks_load_feature: Element factory : npadtemplates=1
0:00:00.018517483  2466 0x1d4c320 LOG   GST_POLL gstpoll.c:994:gst_poll_fd_ctl_write: 0x1d549c0: pfd->events now 60 (POLLOUT:4)
0:00:00.024186017  2465 0x385370 DEBUG   GST_REGISTRY gstregistrychunks.c:527:gst_registry_chunks_load_pad_template: Reading/casting for GstRegistryChunkPadTemplate at address 0x3a13f8
0:00:00.018529936  2466 0x1d4c320 DEBUG   GST_POLL gstpoll.c:980:gst_poll_fd_ctl_write: 0x1d549c0: fd (fd:0, idx:1), active : 1
0:00:00.024197240  2465 0x385370 DEBUG   GST_REGISTRY gstregistrychunks.c:540:gst_registry_chunks_load_pad_template: Added pad_template sink
0:00:00.018547597  2466 0x1d4c320 LOG   GST_POLL gstpoll.c:994:gst_poll_fd_ctl_write: 0x1d549c0: pfd->events now 60 (POLLOUT:4)
0:00:00.024214085  2465 0x385370 DEBUG   GST_REGISTRY gstregistrychunks.c:640:gst_registry_chunks_load_feature: Reading 1 UriTypes at address 0x3a1409
0:00:00.018559729  2466 0x1d4c320 DEBUG   GST_POLL gstpoll.c:980:gst_poll_fd_ctl_write: 0x1d549c0: fd (fd:0, idx:1), active : 1
0:00:00.024225960  2465 0x385370 DEBUG   GST_REGISTRY gstregistrychunks.c:655:gst_registry_chunks_load_feature: Reading 1 Interfaces at address 0x3a1419
0:00:00.018571203  2466 0x1d4c320 LOG   GST_POLL gstpoll.c:994:gst_poll_fd_ctl_write: 0x1d549c0: pfd->events now 60 (POLLOUT:4)
0:00:00.024241292  2465 0x385370 DEBUG   GST_REGISTRY gstregistry.c:590:gst_registry_add_feature: adding feature 0x3a35b0 (filesink)
0:00:00.018582052  2466 0x1d4c320 DEBUG   GST_POLL gstpoll.c:980:gst_poll_fd_ctl_write: 0x1d549c0: fd (fd:0, idx:1), active : 1
0:00:00.024252529  2465 0x385370 DEBUG   GST_REFCOUNTING gstobject.c:709:gst_object_set_parent: set parent (ref and sink)
0:00:00.018593535  2466 0x1d4c320 LOG   GST_POLL gstpoll.c:994:gst_poll_fd_ctl_write: 0x1d549c0: pfd->events now 60 (POLLOUT:4)
0:00:00.024267299  2465 0x385370 TRACE   GST_REFCOUNTING gstobject.c:294:gst_object_ref_sink: 0x3a35b0 ref_sink 1->2
0:00:00.018605780  2466 0x1d4c320 DEBUG   GST_POLL gstpoll.c:980:gst_poll_fd_ctl_write: 0x1d549c0: fd (fd:0, idx:1), active : 1
0:00:00.018618310  2466 0x1d4c320 LOG   GST_POLL gstpoll.c:994:gst_poll_fd_ctl_write: 0x1d549c0: pfd->events now 60 (POLLOUT:4)
0:00:00.024286788  2465 0x385370 LOG   GST_REGISTRY gstregistry.c:608:gst_registry_add_feature: emitting feature-added for filesink
0:00:00.018629031  2466 0x1d4c320 DEBUG   GST_POLL gstpoll.c:980:gst_poll_fd_ctl_write: 0x1d549c0: fd (fd:0, idx:1), active : 1
0:00:00.024299868  2465 0x385370 DEBUG   GST_REGISTRY gstregistrychunks.c:742:gst_registry_chunks_load_feature: Added feature filesink, plugin 0x3a0580 coreelements
0:00:00.018640214  2466 0x1d4c320 LOG   GST_POLL gstpoll.c:994:gst_poll_fd_ctl_write: 0x1d549c0: pfd->events now 60 (POLLOUT:4)
0:00:00.024313352  2465 0x385370 DEBUG   GST_REGISTRY gstregistrychunks.c:584:gst_registry_chunks_load_feature: Plugin 'coreelements' feature 'queue2' typename : 'GstElementFactory'
0:00:00.018652499  2466 0x1d4c320 DEBUG   GST_POLL gstpoll.c:980:gst_poll_fd_ctl_write: 0x1d549c0: fd (fd:0, idx:1), active : 1
0:00:00.018663803  2466 0x1d4c320 LOG   GST_POLL gstpoll.c:994:gst_poll_fd_ctl_write: 0x1d549c0: pfd->events now 60 (POLLOUT:4)
0:00:00.024327944  2465 0x385370 TRACE   GST_REFCOUNTING gstobject.c:208:gst_object_init: 0x3a38a0 new
0:00:00.018675420  2466 0x1d4c320 DEBUG   GST_POLL gstpoll.c:980:gst_poll_fd_ctl_write: 0x1d549c0: fd (fd:0, idx:1), active : 1
0:00:00.024343716  2465 0x385370 LOG   GST_REGISTRY gstregistrychunks.c:611:gst_registry_chunks_load_feature: Reading/casting for GstRegistryChunkElementFactory at address 0x3a1440
0:00:00.018692715  2466 0x1d4c320 LOG   GST_POLL gstpoll.c:994:gst_poll_fd_ctl_write: 0x1d549c0: pfd->events now 60 (POLLOUT:4)
0:00:00.024359175  2465 0x385370 TRACE   structure gststructure.c:292:gst_structure_new_id_empty_with_size: created structure 0x3a3b00
0:00:00.018704526  2466 0x1d4c320 DEBUG   GST_POLL gstpoll.c:980:gst_poll_fd_ctl_write: 0x1d549c0: fd (fd:0, idx:1), active : 1
0:00:00.024369490  2465 0x385370 DEBUG   structure gststructure.c:2258:gst_structure_parse_field: trying field name 'long-name'
0:00:00.018715457  2466 0x1d4c320 LOG   GST_POLL gstpoll.c:994:gst_poll_fd_ctl_write: 0x1d549c0: pfd->events now 60 (POLLOUT:4)
0:00:00.024380817  2465 0x385370 DEBUG   default gstvalue.c:2776:_priv_gst_value_parse_value: trying type name 'string'
0:00:00.018726988  2466 0x1d4c320 DEBUG   GST_POLL gstpoll.c:980:gst_poll_fd_ctl_write: 0x1d549c0: fd (fd:0, idx:1), active : 1
0:00:00.024393339  2465 0x385370 DEBUG   structure gststructure.c:2258:gst_structure_parse_field: trying field name 'klass'
0:00:00.018738195  2466 0x1d4c320 LOG   GST_POLL gstpoll.c:994:gst_poll_fd_ctl_write: 0x1d549c0: pfd->events now 60 (POLLOUT:4)
0:00:00.024403343  2465 0x385370 DEBUG   default gstvalue.c:2776:_priv_gst_value_parse_value: trying type name 'string'
0:00:00.018749625  2466 0x1d4c320 DEBUG   GST_POLL gstpoll.c:980:gst_poll_fd_ctl_write: 0x1d549c0: fd (fd:0, idx:1), active : 1
0:00:00.024415593  2465 0x385370 DEBUG   structure gststructure.c:2258:gst_structure_parse_field: trying field name 'description'
0:00:00.018760852  2466 0x1d4c320 LOG   GST_POLL gstpoll.c:994:gst_poll_fd_ctl_write: 0x1d549c0: pfd->events now 60 (POLLOUT:4)
0:00:00.024426285  2465 0x385370 DEBUG   default gstvalue.c:2776:_priv_gst_value_parse_value: trying type name 'string'
0:00:00.018772675  2466 0x1d4c320 DEBUG   GST_POLL gstpoll.c:980:gst_poll_fd_ctl_write: 0x1d549c0: fd (fd:0, idx:1), active : 1
0:00:00.024439414  2465 0x385370 DEBUG   structure gststructure.c:2258:gst_structure_parse_field: trying field name 'author'
0:00:00.018784275  2466 0x1d4c320 LOG   GST_POLL gstpoll.c:994:gst_poll_fd_ctl_write: 0x1d549c0: pfd->events now 60 (POLLOUT:4)
0:00:00.024450473  2465 0x385370 DEBUG   default gstvalue.c:2776:_priv_gst_value_parse_value: trying type name 'string'
0:00:00.018796391  2466 0x1d4c320 DEBUG   GST_POLL gstpoll.c:980:gst_poll_fd_ctl_write: 0x1d549c0: fd (fd:0, idx:1), active : 1
0:00:00.024463815  2465 0x385370 DEBUG   GST_REGISTRY gstregistrychunks.c:627:gst_registry_chunks_load_feature: Element factory : npadtemplates=2
0:00:00.018807475  2466 0x1d4c320 LOG   GST_POLL gstpoll.c:994:gst_poll_fd_ctl_write: 0x1d549c0: pfd->events now 60 (POLLOUT:4)
0:00:00.024474788  2465 0x385370 DEBUG   GST_REGISTRY gstregistrychunks.c:527:gst_registry_chunks_load_pad_template: Reading/casting for GstRegistryChunkPadTemplate at address 0x3a1530
0:00:00.018819955  2466 0x1d4c320 DEBUG   GST_POLL gstpoll.c:980:gst_poll_fd_ctl_write: 0x1d549c0: fd (fd:0, idx:1), active : 1
0:00:00.024495393  2465 0x385370 DEBUG   GST_REGISTRY gstregistrychunks.c:540:gst_registry_chunks_load_pad_template: Added pad_template sink
0:00:00.018833997  2466 0x1d4c320 LOG   GST_POLL gstpoll.c:994:gst_poll_fd_ctl_write: 0x1d549c0: pfd->events now 60 (POLLOUT:4)
0:00:00.024505999  2465 0x385370 DEBUG   GST_REGISTRY gstregistrychunks.c:527:gst_registry_chunks_load_pad_template: Reading/casting for GstRegistryChunkPadTemplate at address 0x3a1548
0:00:00.018845574  2466 0x1d4c320 DEBUG   GST_POLL gstpoll.c:980:gst_poll_fd_ctl_write: 0x1d549c0: fd (fd:0, idx:1), active : 1
0:00:00.024516087  2465 0x385370 DEBUG   GST_REGISTRY gstregistrychunks.c:540:gst_registry_chunks_load_pad_template: Added pad_template src
0:00:00.018857776  2466 0x1d4c320 LOG   GST_POLL gstpoll.c:994:gst_poll_fd_ctl_write: 0x1d549c0: pfd->events now 60 (POLLOUT:4)
0:00:00.024530656  2465 0x385370 DEBUG   GST_REGISTRY gstregistry.c:590:gst_registry_add_feature: adding feature 0x3a38a0 (queue2)
0:00:00.018869635  2466 0x1d4c320 DEBUG   GST_POLL gstpoll.c:980:gst_poll_fd_ctl_write: 0x1d549c0: fd (fd:0, idx:1), active : 1
0:00:00.024542179  2465 0x385370 DEBUG   GST_REFCOUNTING gstobject.c:709:gst_object_set_parent: set parent (ref and sink)
0:00:00.018881105  2466 0x1d4c320 LOG   GST_POLL gstpoll.c:994:gst_poll_fd_ctl_write: 0x1d549c0: pfd->events now 60 (POLLOUT:4)
0:00:00.024555929  2465 0x385370 TRACE   GST_REFCOUNTING gstobject.c:294:gst_object_ref_sink: 0x3a38a0 ref_sink 1->2
0:00:00.018893497  2466 0x1d4c320 DEBUG   GST_POLL gstpoll.c:980:gst_poll_fd_ctl_write: 0x1d549c0: fd (fd:0, idx:1), active : 1
0:00:00.024569017  2465 0x385370 LOG   GST_REGISTRY gstregistry.c:608:gst_registry_add_feature: emitting feature-added for queue2
0:00:00.018906083  2466 0x1d4c320 LOG   GST_POLL gstpoll.c:994:gst_poll_fd_ctl_write: 0x1d549c0: pfd->events now 60 (POLLOUT:4)
0:00:00.024581346  2465 0x385370 DEBUG   GST_REGISTRY gstregistrychunks.c:742:gst_registry_chunks_load_feature: Added feature queue2, plugin 0x3a0580 coreelements
0:00:00.018919529  2466 0x1d4c320 DEBUG   GST_POLL gstpoll.c:980:gst_poll_fd_ctl_write: 0x1d549c0: fd (fd:0, idx:1), active : 1
0:00:00.024593601  2465 0x385370 DEBUG   GST_REGISTRY gstregistrychunks.c:584:gst_registry_chunks_load_feature: Plugin 'coreelements' feature 'queue' typename : 'GstElementFactory'
0:00:00.018930853  2466 0x1d4c320 LOG   GST_POLL gstpoll.c:994:gst_poll_fd_ctl_write: 0x1d549c0: pfd->events now 60 (POLLOUT:4)
0:00:00.018943712  2466 0x1d4c320 DEBUG   GST_POLL gstpoll.c:980:gst_poll_fd_ctl_write: 0x1d549c0: fd (fd:0, idx:1), active : 1
0:00:00.024607750  2465 0x385370 TRACE   GST_REFCOUNTING gstobject.c:208:gst_object_init: 0x3a3290 new
0:00:00.018954510  2466 0x1d4c320 LOG   GST_POLL gstpoll.c:994:gst_poll_fd_ctl_write: 0x1d549c0: pfd->events now 60 (POLLOUT:4)
0:00:00.024623802  2465 0x385370 LOG   GST_REGISTRY gstregistrychunks.c:611:gst_registry_chunks_load_feature: Reading/casting for GstRegistryChunkElementFactory at address 0x3a1570
0:00:00.018973326  2466 0x1d4c320 DEBUG   GST_POLL gstpoll.c:980:gst_poll_fd_ctl_write: 0x1d549c0: fd (fd:0, idx:1), active : 1
0:00:00.024639399  2465 0x385370 TRACE   structure gststructure.c:292:gst_structure_new_id_empty_with_size: created structure 0x3a3dc0
0:00:00.018984684  2466 0x1d4c320 LOG   GST_POLL gstpoll.c:994:gst_poll_fd_ctl_write: 0x1d549c0: pfd->events now 60 (POLLOUT:4)
0:00:00.024650744  2465 0x385370 DEBUG   structure gststructure.c:2258:gst_structure_parse_field: trying field name 'long-name'
0:00:00.018996446  2466 0x1d4c320 DEBUG   GST_POLL gstpoll.c:980:gst_poll_fd_ctl_write: 0x1d549c0: fd (fd:0, idx:1), active : 1
0:00:00.024661257  2465 0x385370 DEBUG   default gstvalue.c:2776:_priv_gst_value_parse_value: trying type name 'string'
0:00:00.019007345  2466 0x1d4c320 LOG   GST_POLL gstpoll.c:994:gst_poll_fd_ctl_write: 0x1d549c0: pfd->events now 60 (POLLOUT:4)
0:00:00.024674111  2465 0x385370 DEBUG   structure gststructure.c:2258:gst_structure_parse_field: trying field name 'klass'
0:00:00.019019291  2466 0x1d4c320 DEBUG   GST_POLL gstpoll.c:980:gst_poll_fd_ctl_write: 0x1d549c0: fd (fd:0, idx:1), active : 1
0:00:00.024684589  2465 0x385370 DEBUG   default gstvalue.c:2776:_priv_gst_value_parse_value: trying type name 'string'
0:00:00.019030492  2466 0x1d4c320 LOG   GST_POLL gstpoll.c:994:gst_poll_fd_ctl_write: 0x1d549c0: pfd->events now 60 (POLLOUT:4)
0:00:00.024697011  2465 0x385370 DEBUG   structure gststructure.c:2258:gst_structure_parse_field: trying field name 'description'
0:00:00.019042595  2466 0x1d4c320 DEBUG   GST_POLL gstpoll.c:980:gst_poll_fd_ctl_write: 0x1d549c0: fd (fd:0, idx:1), active : 1
0:00:00.024707091  2465 0x385370 DEBUG   default gstvalue.c:2776:_priv_gst_value_parse_value: trying type name 'string'
0:00:00.019053485  2466 0x1d4c320 LOG   GST_POLL gstpoll.c:994:gst_poll_fd_ctl_write: 0x1d549c0: pfd->events now 60 (POLLOUT:4)
0:00:00.024720607  2465 0x385370 DEBUG   structure gststructure.c:2258:gst_structure_parse_field: trying field name 'author'
0:00:00.019065748  2466 0x1d4c320 DEBUG   GST_POLL gstpoll.c:980:gst_poll_fd_ctl_write: 0x1d549c0: fd (fd:0, idx:1), active : 1
0:00:00.024731453  2465 0x385370 DEBUG   default gstvalue.c:2776:_priv_gst_value_parse_value: trying type name 'string'
0:00:00.019076968  2466 0x1d4c320 LOG   GST_POLL gstpoll.c:994:gst_poll_fd_ctl_write: 0x1d549c0: pfd->events now 60 (POLLOUT:4)
0:00:00.024744288  2465 0x385370 DEBUG   GST_REGISTRY gstregistrychunks.c:627:gst_registry_chunks_load_feature: Element factory : npadtemplates=2
0:00:00.019089088  2466 0x1d4c320 DEBUG   GST_POLL gstpoll.c:980:gst_poll_fd_ctl_write: 0x1d549c0: fd (fd:0, idx:1), active : 1
0:00:00.024755234  2465 0x385370 DEBUG   GST_REGISTRY gstregistrychunks.c:527:gst_registry_chunks_load_pad_template: Reading/casting for GstRegistryChunkPadTemplate at address 0x3a1628
0:00:00.019105760  2466 0x1d4c320 LOG   GST_POLL gstpoll.c:994:gst_poll_fd_ctl_write: 0x1d549c0: pfd->events now 60 (POLLOUT:4)
0:00:00.024771644  2465 0x385370 DEBUG   GST_REGISTRY gstregistrychunks.c:540:gst_registry_chunks_load_pad_template: Added pad_template sink
0:00:00.019125051  2466 0x1d4c320 DEBUG   GST_POLL gstpoll.c:980:gst_poll_fd_ctl_write: 0x1d549c0: fd (fd:0, idx:1), active : 1
0:00:00.024789631  2465 0x385370 DEBUG   GST_REGISTRY gstregistrychunks.c:527:gst_registry_chunks_load_pad_template: Reading/casting for GstRegistryChunkPadTemplate at address 0x3a1640
0:00:00.019136314  2466 0x1d4c320 LOG   GST_POLL gstpoll.c:994:gst_poll_fd_ctl_write: 0x1d549c0: pfd->events now 60 (POLLOUT:4)
0:00:00.024801853  2465 0x385370 DEBUG   GST_REGISTRY gstregistrychunks.c:540:gst_registry_chunks_load_pad_template: Added pad_template src
0:00:00.019147855  2466 0x1d4c320 DEBUG   GST_POLL gstpoll.c:980:gst_poll_fd_ctl_write: 0x1d549c0: fd (fd:0, idx:1), active : 1
0:00:00.019158293  2466 0x1d4c320 LOG   GST_POLL gstpoll.c:994:gst_poll_fd_ctl_write: 0x1d549c0: pfd->events now 60 (POLLOUT:4)
0:00:00.024822312  2465 0x385370 DEBUG   GST_REGISTRY gstregistry.c:590:gst_registry_add_feature: adding feature 0x3a3290 (queue)
0:00:00.019169702  2466 0x1d4c320 DEBUG   GST_POLL gstpoll.c:980:gst_poll_fd_ctl_write: 0x1d549c0: fd (fd:0, idx:1), active : 1
0:00:00.024838466  2465 0x385370 DEBUG   GST_REFCOUNTING gstobject.c:709:gst_object_set_parent: set parent (ref and sink)
0:00:00.019179584  2466 0x1d4c320 LOG   GST_POLL gstpoll.c:994:gst_poll_fd_ctl_write: 0x1d549c0: pfd->events now 60 (POLLOUT:4)
0:00:00.024853320  2465 0x385370 TRACE   GST_REFCOUNTING gstobject.c:294:gst_object_ref_sink: 0x3a3290 ref_sink 1->2
0:00:00.019191682  2466 0x1d4c320 DEBUG   GST_POLL gstpoll.c:980:gst_poll_fd_ctl_write: 0x1d549c0: fd (fd:0, idx:1), active : 1
0:00:00.024866208  2465 0x385370 LOG   GST_REGISTRY gstregistry.c:608:gst_registry_add_feature: emitting feature-added for queue
0:00:00.019203645  2466 0x1d4c320 LOG   GST_POLL gstpoll.c:994:gst_poll_fd_ctl_write: 0x1d549c0: pfd->events now 60 (POLLOUT:4)
0:00:00.024878317  2465 0x385370 DEBUG   GST_REGISTRY gstregistrychunks.c:742:gst_registry_chunks_load_feature: Added feature queue, plugin 0x3a0580 coreelements
0:00:00.019216317  2466 0x1d4c320 DEBUG   GST_POLL gstpoll.c:980:gst_poll_fd_ctl_write: 0x1d549c0: fd (fd:0, idx:1), active : 1
0:00:00.024903317  2465 0x385370 DEBUG   GST_REGISTRY gstregistrychunks.c:584:gst_registry_chunks_load_feature: Plugin 'coreelements' feature 'output-selector' typename : 'GstElementFactory'
0:00:00.019242893  2466 0x1d4c320 LOG   GST_POLL gstpoll.c:994:gst_poll_fd_ctl_write: 0x1d549c0: pfd->events now 60 (POLLOUT:4)
0:00:00.019255843  2466 0x1d4c320 DEBUG   GST_POLL gstpoll.c:980:gst_poll_fd_ctl_write: 0x1d549c0: fd (fd:0, idx:1), active : 1
0:00:00.024920448  2465 0x385370 TRACE   GST_REFCOUNTING gstobject.c:208:gst_object_init: 0x3a41d0 new
0:00:00.019273207  2466 0x1d4c320 LOG   GST_POLL gstpoll.c:994:gst_poll_fd_ctl_write: 0x1d549c0: pfd->events now 60 (POLLOUT:4)
0:00:00.024943185  2465 0x385370 LOG   GST_REGISTRY gstregistrychunks.c:611:gst_registry_chunks_load_feature: Reading/casting for GstRegistryChunkElementFactory at address 0x3a1678
0:00:00.019284087  2466 0x1d4c320 DEBUG   GST_POLL gstpoll.c:980:gst_poll_fd_ctl_write: 0x1d549c0: fd (fd:0, idx:1), active : 1
0:00:00.019295360  2466 0x1d4c320 LOG   GST_POLL gstpoll.c:994:gst_poll_fd_ctl_write: 0x1d549c0: pfd->events now 60 (POLLOUT:4)
0:00:00.019304569  2466 0x1d4c320 DEBUG   GST_POLL gstpoll.c:980:gst_poll_fd_ctl_write: 0x1d549c0: fd (fd:0, idx:1), active : 1
0:00:00.024972048  2465 0x385370 TRACE   structure gststructure.c:292:gst_structure_new_id_empty_with_size: created structure 0x3a44d0
0:00:00.019314224  2466 0x1d4c320 LOG   GST_POLL gstpoll.c:994:gst_poll_fd_ctl_write: 0x1d549c0: pfd->events now 60 (POLLOUT:4)
0:00:00.024984738  2465 0x385370 DEBUG   structure gststructure.c:2258:gst_structure_parse_field: trying field name 'long-name'
0:00:00.019326102  2466 0x1d4c320 DEBUG   GST_POLL gstpoll.c:980:gst_poll_fd_ctl_write: 0x1d549c0: fd (fd:0, idx:1), active : 1
0:00:00.024995332  2465 0x385370 DEBUG   default gstvalue.c:2776:_priv_gst_value_parse_value: trying type name 'string'
0:00:00.019337804  2466 0x1d4c320 LOG   GST_POLL gstpoll.c:994:gst_poll_fd_ctl_write: 0x1d549c0: pfd->events now 60 (POLLOUT:4)
0:00:00.025008911  2465 0x385370 DEBUG   structure gststructure.c:2258:gst_structure_parse_field: trying field name 'klass'
0:00:00.019349178  2466 0x1d4c320 DEBUG   GST_POLL gstpoll.c:980:gst_poll_fd_ctl_write: 0x1d549c0: fd (fd:0, idx:1), active : 1
0:00:00.025019118  2465 0x385370 DEBUG   default gstvalue.c:2776:_priv_gst_value_parse_value: trying type name 'string'
0:00:00.019360903  2466 0x1d4c320 LOG   GST_POLL gstpoll.c:994:gst_poll_fd_ctl_write: 0x1d549c0: pfd->events now 60 (POLLOUT:4)
0:00:00.025031054  2465 0x385370 DEBUG   structure gststructure.c:2258:gst_structure_parse_field: trying field name 'description'
0:00:00.019373101  2466 0x1d4c320 DEBUG   GST_POLL gstpoll.c:980:gst_poll_fd_ctl_write: 0x1d549c0: fd (fd:0, idx:1), active : 1
0:00:00.025040986  2465 0x385370 DEBUG   default gstvalue.c:2776:_priv_gst_value_parse_value: trying type name 'string'
0:00:00.019384880  2466 0x1d4c320 LOG   GST_POLL gstpoll.c:994:gst_poll_fd_ctl_write: 0x1d549c0: pfd->events now 60 (POLLOUT:4)
0:00:00.025053505  2465 0x385370 DEBUG   structure gststructure.c:2258:gst_structure_parse_field: trying field name 'author'
0:00:00.019397040  2466 0x1d4c320 DEBUG   GST_POLL gstpoll.c:980:gst_poll_fd_ctl_write: 0x1d549c0: fd (fd:0, idx:1), active : 1
0:00:00.025063702  2465 0x385370 DEBUG   default gstvalue.c:2776:_priv_gst_value_parse_value: trying type name 'string'
0:00:00.019408626  2466 0x1d4c320 LOG   GST_POLL gstpoll.c:994:gst_poll_fd_ctl_write: 0x1d549c0: pfd->events now 60 (POLLOUT:4)
0:00:00.025084249  2465 0x385370 DEBUG   GST_REGISTRY gstregistrychunks.c:627:gst_registry_chunks_load_feature: Element factory : npadtemplates=2
0:00:00.019421764  2466 0x1d4c320 DEBUG   GST_POLL gstpoll.c:980:gst_poll_fd_ctl_write: 0x1d549c0: fd (fd:0, idx:1), active : 1
0:00:00.025094755  2465 0x385370 DEBUG   GST_REGISTRY gstregistrychunks.c:527:gst_registry_chunks_load_pad_template: Reading/casting for GstRegistryChunkPadTemplate at address 0x3a1750
0:00:00.019433849  2466 0x1d4c320 LOG   GST_POLL gstpoll.c:994:gst_poll_fd_ctl_write: 0x1d549c0: pfd->events now 60 (POLLOUT:4)
0:00:00.025105439  2465 0x385370 DEBUG   GST_REGISTRY gstregistrychunks.c:540:gst_registry_chunks_load_pad_template: Added pad_template src_%u
0:00:00.019446136  2466 0x1d4c320 DEBUG   GST_POLL gstpoll.c:980:gst_poll_fd_ctl_write: 0x1d549c0: fd (fd:0, idx:1), active : 1
0:00:00.025115240  2465 0x385370 DEBUG   GST_REGISTRY gstregistrychunks.c:527:gst_registry_chunks_load_pad_template: Reading/casting for GstRegistryChunkPadTemplate at address 0x3a1768
0:00:00.019458206  2466 0x1d4c320 LOG   GST_POLL gstpoll.c:994:gst_poll_fd_ctl_write: 0x1d549c0: pfd->events now 60 (POLLOUT:4)
0:00:00.025125994  2465 0x385370 DEBUG   GST_REGISTRY gstregistrychunks.c:540:gst_registry_chunks_load_pad_template: Added pad_template sink
0:00:00.019470821  2466 0x1d4c320 DEBUG   GST_POLL gstpoll.c:980:gst_poll_fd_ctl_write: 0x1d549c0: fd (fd:0, idx:1), active : 1
0:00:00.025141053  2465 0x385370 DEBUG   GST_REGISTRY gstregistry.c:590:gst_registry_add_feature: adding feature 0x3a41d0 (output-selector)
0:00:00.019480774  2466 0x1d4c320 LOG   GST_POLL gstpoll.c:994:gst_poll_fd_ctl_write: 0x1d549c0: pfd->events now 60 (POLLOUT:4)
0:00:00.019492664  2466 0x1d4c320 DEBUG   GST_POLL gstpoll.c:980:gst_poll_fd_ctl_write: 0x1d549c0: fd (fd:0, idx:1), active : 1
0:00:00.025153204  2465 0x385370 DEBUG   GST_REFCOUNTING gstobject.c:709:gst_object_set_parent: set parent (ref and sink)
0:00:00.019502201  2466 0x1d4c320 LOG   GST_POLL gstpoll.c:994:gst_poll_fd_ctl_write: 0x1d549c0: pfd->events now 60 (POLLOUT:4)
0:00:00.025175584  2465 0x385370 TRACE   GST_REFCOUNTING gstobject.c:294:gst_object_ref_sink: 0x3a41d0 ref_sink 1->2
0:00:00.019514006  2466 0x1d4c320 DEBUG   GST_POLL gstpoll.c:980:gst_poll_fd_ctl_write: 0x1d549c0: fd (fd:0, idx:1), active : 1
0:00:00.025188792  2465 0x385370 LOG   GST_REGISTRY gstregistry.c:608:gst_registry_add_feature: emitting feature-added for output-selector
0:00:00.019526137  2466 0x1d4c320 LOG   GST_POLL gstpoll.c:994:gst_poll_fd_ctl_write: 0x1d549c0: pfd->events now 60 (POLLOUT:4)
0:00:00.025201343  2465 0x385370 DEBUG   GST_REGISTRY gstregistrychunks.c:742:gst_registry_chunks_load_feature: Added feature output-selector, plugin 0x3a0580 coreelements
0:00:00.019539155  2466 0x1d4c320 DEBUG   GST_POLL gstpoll.c:980:gst_poll_fd_ctl_write: 0x1d549c0: fd (fd:0, idx:1), active : 1
0:00:00.025213575  2465 0x385370 DEBUG   GST_REGISTRY gstregistrychunks.c:584:gst_registry_chunks_load_feature: Plugin 'coreelements' feature 'input-selector' typename : 'GstElementFactory'
0:00:00.019560246  2466 0x1d4c320 LOG   GST_POLL gstpoll.c:994:gst_poll_fd_ctl_write: 0x1d549c0: pfd->events now 60 (POLLOUT:4)
0:00:00.025230357  2465 0x385370 TRACE   GST_REFCOUNTING gstobject.c:208:gst_object_init: 0x3a46a0 new
0:00:00.019571115  2466 0x1d4c320 DEBUG   GST_POLL gstpoll.c:980:gst_poll_fd_ctl_write: 0x1d549c0: fd (fd:0, idx:1), active : 1
0:00:00.019582476  2466 0x1d4c320 LOG   GST_POLL gstpoll.c:994:gst_poll_fd_ctl_write: 0x1d549c0: pfd->events now 60 (POLLOUT:4)
0:00:00.025246141  2465 0x385370 LOG   GST_REGISTRY gstregistrychunks.c:611:gst_registry_chunks_load_feature: Reading/casting for GstRegistryChunkElementFactory at address 0x3a17a0
0:00:00.019593512  2466 0x1d4c320 DEBUG   GST_POLL gstpoll.c:980:gst_poll_fd_ctl_write: 0x1d549c0: fd (fd:0, idx:1), active : 1
0:00:00.025260261  2465 0x385370 TRACE   structure gststructure.c:292:gst_structure_new_id_empty_with_size: created structure 0x3a48b0
0:00:00.019604667  2466 0x1d4c320 LOG   GST_POLL gstpoll.c:994:gst_poll_fd_ctl_write: 0x1d549c0: pfd->events now 60 (POLLOUT:4)
0:00:00.025271474  2465 0x385370 DEBUG   structure gststructure.c:2258:gst_structure_parse_field: trying field name 'long-name'
0:00:00.019614856  2466 0x1d4c320 DEBUG   GST_POLL gstpoll.c:980:gst_poll_fd_ctl_write: 0x1d549c0: fd (fd:0, idx:1), active : 1
0:00:00.025289343  2465 0x385370 DEBUG   default gstvalue.c:2776:_priv_gst_value_parse_value: trying type name 'string'
0:00:00.019627733  2466 0x1d4c320 LOG   GST_POLL gstpoll.c:994:gst_poll_fd_ctl_write: 0x1d549c0: pfd->events now 60 (POLLOUT:4)
0:00:00.025301481  2465 0x385370 DEBUG   structure gststructure.c:2258:gst_structure_parse_field: trying field name 'klass'
0:00:00.019638983  2466 0x1d4c320 DEBUG   GST_POLL gstpoll.c:980:gst_poll_fd_ctl_write: 0x1d549c0: fd (fd:0, idx:1), active : 1
0:00:00.025311982  2465 0x385370 DEBUG   default gstvalue.c:2776:_priv_gst_value_parse_value: trying type name 'string'
0:00:00.019650618  2466 0x1d4c320 LOG   GST_POLL gstpoll.c:994:gst_poll_fd_ctl_write: 0x1d549c0: pfd->events now 60 (POLLOUT:4)
0:00:00.025323520  2465 0x385370 DEBUG   structure gststructure.c:2258:gst_structure_parse_field: trying field name 'description'
0:00:00.019662458  2466 0x1d4c320 DEBUG   GST_POLL gstpoll.c:980:gst_poll_fd_ctl_write: 0x1d549c0: fd (fd:0, idx:1), active : 1
0:00:00.025333717  2465 0x385370 DEBUG   default gstvalue.c:2776:_priv_gst_value_parse_value: trying type name 'string'
0:00:00.019673912  2466 0x1d4c320 LOG   GST_POLL gstpoll.c:994:gst_poll_fd_ctl_write: 0x1d549c0: pfd->events now 60 (POLLOUT:4)
0:00:00.025346422  2465 0x385370 DEBUG   structure gststructure.c:2258:gst_structure_parse_field: trying field name 'author'
0:00:00.019685734  2466 0x1d4c320 DEBUG   GST_POLL gstpoll.c:980:gst_poll_fd_ctl_write: 0x1d549c0: fd (fd:0, idx:1), active : 1
0:00:00.025356204  2465 0x385370 DEBUG   default gstvalue.c:2776:_priv_gst_value_parse_value: trying type name 'string'
0:00:00.019705185  2466 0x1d4c320 LOG   GST_POLL gstpoll.c:994:gst_poll_fd_ctl_write: 0x1d549c0: pfd->events now 60 (POLLOUT:4)
0:00:00.025375452  2465 0x385370 DEBUG   GST_REGISTRY gstregistrychunks.c:627:gst_registry_chunks_load_feature: Element factory : npadtemplates=2
0:00:00.019716087  2466 0x1d4c320 DEBUG   GST_POLL gstpoll.c:980:gst_poll_fd_ctl_write: 0x1d549c0: fd (fd:0, idx:1), active : 1
0:00:00.025385791  2465 0x385370 DEBUG   GST_REGISTRY gstregistrychunks.c:527:gst_registry_chunks_load_pad_template: Reading/casting for GstRegistryChunkPadTemplate at address 0x3a18d0
0:00:00.019727793  2466 0x1d4c320 LOG   GST_POLL gstpoll.c:994:gst_poll_fd_ctl_write: 0x1d549c0: pfd->events now 60 (POLLOUT:4)
0:00:00.025396585  2465 0x385370 DEBUG   GST_REGISTRY gstregistrychunks.c:540:gst_registry_chunks_load_pad_template: Added pad_template src
0:00:00.019740672  2466 0x1d4c320 DEBUG   GST_POLL gstpoll.c:980:gst_poll_fd_ctl_write: 0x1d549c0: fd (fd:0, idx:1), active : 1
0:00:00.025406916  2465 0x385370 DEBUG   GST_REGISTRY gstregistrychunks.c:527:gst_registry_chunks_load_pad_template: Reading/casting for GstRegistryChunkPadTemplate at address 0x3a18e0
0:00:00.019751601  2466 0x1d4c320 LOG   GST_POLL gstpoll.c:994:gst_poll_fd_ctl_write: 0x1d549c0: pfd->events now 60 (POLLOUT:4)
0:00:00.025417414  2465 0x385370 DEBUG   GST_REGISTRY gstregistrychunks.c:540:gst_registry_chunks_load_pad_template: Added pad_template sink_%u
0:00:00.019763400  2466 0x1d4c320 LOG   GST_PLUGIN_LOADING gstpluginloader.c:645:put_chunk: Expanding tx buf from 10158 to 13209 for chunk of size 209
0:00:00.025431294  2465 0x385370 DEBUG   GST_REGISTRY gstregistry.c:590:gst_registry_add_feature: adding feature 0x3a46a0 (input-selector)
0:00:00.019776807  2466 0x1d4c320 DEBUG   GST_POLL gstpoll.c:980:gst_poll_fd_ctl_write: 0x1d549c0: fd (fd:0, idx:1), active : 1
0:00:00.025443089  2465 0x385370 DEBUG   GST_REFCOUNTING gstobject.c:709:gst_object_set_parent: set parent (ref and sink)
0:00:00.019787987  2466 0x1d4c320 LOG   GST_POLL gstpoll.c:994:gst_poll_fd_ctl_write: 0x1d549c0: pfd->events now 60 (POLLOUT:4)
0:00:00.025457612  2465 0x385370 TRACE   GST_REFCOUNTING gstobject.c:294:gst_object_ref_sink: 0x3a46a0 ref_sink 1->2
0:00:00.019799181  2466 0x1d4c320 DEBUG   GST_POLL gstpoll.c:980:gst_poll_fd_ctl_write: 0x1d549c0: fd (fd:0, idx:1), active : 1
0:00:00.025470799  2465 0x385370 LOG   GST_REGISTRY gstregistry.c:608:gst_registry_add_feature: emitting feature-added for input-selector
0:00:00.019810404  2466 0x1d4c320 LOG   GST_POLL gstpoll.c:994:gst_poll_fd_ctl_write: 0x1d549c0: pfd->events now 60 (POLLOUT:4)
0:00:00.025483694  2465 0x385370 DEBUG   GST_REGISTRY gstregistrychunks.c:742:gst_registry_chunks_load_feature: Added feature input-selector, plugin 0x3a0580 coreelements
0:00:00.019822332  2466 0x1d4c320 DEBUG   GST_POLL gstpoll.c:980:gst_poll_fd_ctl_write: 0x1d549c0: fd (fd:0, idx:1), active : 1
0:00:00.025503170  2465 0x385370 DEBUG   GST_REGISTRY gstregistrychunks.c:584:gst_registry_chunks_load_feature: Plugin 'coreelements' feature 'identity' typename : 'GstElementFactory'
0:00:00.019840104  2466 0x1d4c320 LOG   GST_POLL gstpoll.c:994:gst_poll_fd_ctl_write: 0x1d549c0: pfd->events now 60 (POLLOUT:4)
0:00:00.019853150  2466 0x1d4c320 DEBUG   GST_POLL gstpoll.c:980:gst_poll_fd_ctl_write: 0x1d549c0: fd (fd:0, idx:1), active : 1
0:00:00.025517279  2465 0x385370 TRACE   GST_REFCOUNTING gstobject.c:208:gst_object_init: 0x3a4aa0 new
0:00:00.019863890  2466 0x1d4c320 LOG   GST_POLL gstpoll.c:994:gst_poll_fd_ctl_write: 0x1d549c0: pfd->events now 60 (POLLOUT:4)
0:00:00.025532966  2465 0x385370 LOG   GST_REGISTRY gstregistrychunks.c:611:gst_registry_chunks_load_feature: Reading/casting for GstRegistryChunkElementFactory at address 0x3a1910
0:00:00.019874833  2466 0x1d4c320 DEBUG   GST_POLL gstpoll.c:980:gst_poll_fd_ctl_write: 0x1d549c0: fd (fd:0, idx:1), active : 1
0:00:00.025545303  2465 0x385370 TRACE   structure gststructure.c:292:gst_structure_new_id_empty_with_size: created structure 0x3a4c50
0:00:00.019885849  2466 0x1d4c320 LOG   GST_POLL gstpoll.c:994:gst_poll_fd_ctl_write: 0x1d549c0: pfd->events now 60 (POLLOUT:4)
0:00:00.025556214  2465 0x385370 DEBUG   structure gststructure.c:2258:gst_structure_parse_field: trying field name 'long-name'
0:00:00.019898390  2466 0x1d4c320 DEBUG   GST_POLL gstpoll.c:980:gst_poll_fd_ctl_write: 0x1d549c0: fd (fd:0, idx:1), active : 1
0:00:00.025566259  2465 0x385370 DEBUG   default gstvalue.c:2776:_priv_gst_value_parse_value: trying type name 'string'
0:00:00.019909803  2466 0x1d4c320 LOG   GST_POLL gstpoll.c:994:gst_poll_fd_ctl_write: 0x1d549c0: pfd->events now 60 (POLLOUT:4)
0:00:00.025578397  2465 0x385370 DEBUG   structure gststructure.c:2258:gst_structure_parse_field: trying field name 'klass'
0:00:00.019921572  2466 0x1d4c320 DEBUG   GST_POLL gstpoll.c:980:gst_poll_fd_ctl_write: 0x1d549c0: fd (fd:0, idx:1), active : 1
0:00:00.025588732  2465 0x385370 DEBUG   default gstvalue.c:2776:_priv_gst_value_parse_value: trying type name 'string'
0:00:00.019933227  2466 0x1d4c320 LOG   GST_POLL gstpoll.c:994:gst_poll_fd_ctl_write: 0x1d549c0: pfd->events now 60 (POLLOUT:4)
0:00:00.025600082  2465 0x385370 DEBUG   structure gststructure.c:2258:gst_structure_parse_field: trying field name 'description'
0:00:00.019945102  2466 0x1d4c320 DEBUG   GST_POLL gstpoll.c:980:gst_poll_fd_ctl_write: 0x1d549c0: fd (fd:0, idx:1), active : 1
0:00:00.025610572  2465 0x385370 DEBUG   default gstvalue.c:2776:_priv_gst_value_parse_value: trying type name 'string'
0:00:00.019955938  2466 0x1d4c320 LOG   GST_POLL gstpoll.c:994:gst_poll_fd_ctl_write: 0x1d549c0: pfd->events now 60 (POLLOUT:4)
0:00:00.025623100  2465 0x385370 DEBUG   structure gststructure.c:2258:gst_structure_parse_field: trying field name 'author'
0:00:00.019967835  2466 0x1d4c320 DEBUG   GST_POLL gstpoll.c:980:gst_poll_fd_ctl_write: 0x1d549c0: fd (fd:0, idx:1), active : 1
0:00:00.025641357  2465 0x385370 DEBUG   default gstvalue.c:2776:_priv_gst_value_parse_value: trying type name 'string'
0:00:00.019980179  2466 0x1d4c320 LOG   GST_POLL gstpoll.c:994:gst_poll_fd_ctl_write: 0x1d549c0: pfd->events now 60 (POLLOUT:4)
0:00:00.025654051  2465 0x385370 DEBUG   GST_REGISTRY gstregistrychunks.c:627:gst_registry_chunks_load_feature: Element factory : npadtemplates=2
0:00:00.019991985  2466 0x1d4c320 DEBUG   GST_POLL gstpoll.c:980:gst_poll_fd_ctl_write: 0x1d549c0: fd (fd:0, idx:1), active : 1
0:00:00.025664628  2465 0x385370 DEBUG   GST_REGISTRY gstregistrychunks.c:527:gst_registry_chunks_load_pad_template: Reading/casting for GstRegistryChunkPadTemplate at address 0x3a19e0
0:00:00.020003413  2466 0x1d4c320 LOG   GST_POLL gstpoll.c:994:gst_poll_fd_ctl_write: 0x1d549c0: pfd->events now 60 (POLLOUT:4)
0:00:00.025675760  2465 0x385370 DEBUG   GST_REGISTRY gstregistrychunks.c:540:gst_registry_chunks_load_pad_template: Added pad_template sink
0:00:00.020015050  2466 0x1d4c320 DEBUG   GST_POLL gstpoll.c:980:gst_poll_fd_ctl_write: 0x1d549c0: fd (fd:0, idx:1), active : 1
0:00:00.025685332  2465 0x385370 DEBUG   GST_REGISTRY gstregistrychunks.c:527:gst_registry_chunks_load_pad_template: Reading/casting for GstRegistryChunkPadTemplate at address 0x3a19f8
0:00:00.020026513  2466 0x1d4c320 LOG   GST_POLL gstpoll.c:994:gst_poll_fd_ctl_write: 0x1d549c0: pfd->events now 60 (POLLOUT:4)
0:00:00.025696196  2465 0x385370 DEBUG   GST_REGISTRY gstregistrychunks.c:540:gst_registry_chunks_load_pad_template: Added pad_template src
0:00:00.020039123  2466 0x1d4c320 DEBUG   GST_POLL gstpoll.c:980:gst_poll_fd_ctl_write: 0x1d549c0: fd (fd:0, idx:1), active : 1
0:00:00.020050313  2466 0x1d4c320 LOG   GST_POLL gstpoll.c:994:gst_poll_fd_ctl_write: 0x1d549c0: pfd->events now 60 (POLLOUT:4)
0:00:00.025714524  2465 0x385370 DEBUG   GST_REGISTRY gstregistry.c:590:gst_registry_add_feature: adding feature 0x3a4aa0 (identity)
0:00:00.020061641  2466 0x1d4c320 DEBUG   GST_POLL gstpoll.c:980:gst_poll_fd_ctl_write: 0x1d549c0: fd (fd:0, idx:1), active : 1
0:00:00.025727053  2465 0x385370 DEBUG   GST_REFCOUNTING gstobject.c:709:gst_object_set_parent: set parent (ref and sink)
0:00:00.020072882  2466 0x1d4c320 LOG   GST_POLL gstpoll.c:994:gst_poll_fd_ctl_write: 0x1d549c0: pfd->events now 60 (POLLOUT:4)
0:00:00.025741011  2465 0x385370 TRACE   GST_REFCOUNTING gstobject.c:294:gst_object_ref_sink: 0x3a4aa0 ref_sink 1->2
