0:00:00.014916384  2466 0x1d4c320 DEBUG   GST_POLL gstpoll.c:980:gst_poll_fd_ctl_write: 0x1d549c0: fd (fd:0, idx:1), active : 1
0:00:00.014922430  2466 0x1d4c320 LOG   GST_POLL gstpoll.c:994:gst_poll_fd_ctl_write: 0x1d549c0: pfd->events now 60 (POLLOUT:4)
0:00:00.014928907  2466 0x1d4c320 DEBUG   GST_POLL gstpoll.c:980:gst_poll_fd_ctl_write: 0x1d549c0: fd (fd:0, idx:1), active : 1
0:00:00.014934949  2466 0x1d4c320 LOG   GST_POLL gstpoll.c:994:gst_poll_fd_ctl_write: 0x1d549c0: pfd->events now 60 (POLLOUT:4)
0:00:00.014941399  2466 0x1d4c320 DEBUG   GST_POLL gstpoll.c:980:gst_poll_fd_ctl_write: 0x1d549c0: fd (fd:0, idx:1), active : 1
0:00:00.014947377  2466 0x1d4c320 LOG   GST_POLL gstpoll.c:994:gst_poll_fd_ctl_write: 0x1d549c0: pfd->events now 60 (POLLOUT:4)
0:00:00.014953730  2466 0x1d4c320 DEBUG   GST_POLL gstpoll.c:980:gst_poll_fd_ctl_write: 0x1d549c0: fd (fd:0, idx:1), active : 1
0:00:00.014959918  2466 0x1d4c320 LOG   GST_POLL gstpoll.c:994:gst_poll_fd_ctl_write: 0x1d549c0: pfd->events now 60 (POLLOUT:4)
0:00:00.014966303  2466 0x1d4c320 DEBUG   GST_POLL gstpoll.c:980:gst_poll_fd_ctl_write: 0x1d549c0: fd (fd:0, idx:1), active : 1
0:00:00.014972215  2466 0x1d4c320 LOG   GST_POLL gstpoll.c:994:gst_poll_fd_ctl_write: 0x1d549c0: pfd->events now 60 (POLLOUT:4)
0:00:00.014978543  2466 0x1d4c320 DEBUG   GST_POLL gstpoll.c:980:gst_poll_fd_ctl_write: 0x1d549c0: fd (fd:0, idx:1), active : 1
0:00:00.014984572  2466 0x1d4c320 LOG   GST_POLL gstpoll.c:994:gst_poll_fd_ctl_write: 0x1d549c0: pfd->events now 60 (POLLOUT:4)
0:00:00.014991093  2466 0x1d4c320 DEBUG   GST_POLL gstpoll.c:980:gst_poll_fd_ctl_write: 0x1d549c0: fd (fd:0, idx:1), active : 1
0:00:00.014997203  2466 0x1d4c320 LOG   GST_POLL gstpoll.c:994:gst_poll_fd_ctl_write: 0x1d549c0: pfd->events now 60 (POLLOUT:4)
0:00:00.015003603  2466 0x1d4c320 DEBUG   GST_POLL gstpoll.c:980:gst_poll_fd_ctl_write: 0x1d549c0: fd (fd:0, idx:1), active : 1
0:00:00.015009895  2466 0x1d4c320 LOG   GST_POLL gstpoll.c:994:gst_poll_fd_ctl_write: 0x1d549c0: pfd->events now 60 (POLLOUT:4)
0:00:00.015016475  2466 0x1d4c320 DEBUG   GST_POLL gstpoll.c:980:gst_poll_fd_ctl_write: 0x1d549c0: fd (fd:0, idx:1), active : 1
0:00:00.015022915  2466 0x1d4c320 LOG   GST_POLL gstpoll.c:994:gst_poll_fd_ctl_write: 0x1d549c0: pfd->events now 60 (POLLOUT:4)
0:00:00.015035071  2466 0x1d4c320 DEBUG   GST_POLL gstpoll.c:980:gst_poll_fd_ctl_write: 0x1d549c0: fd (fd:0, idx:1), active : 1
0:00:00.015041144  2466 0x1d4c320 LOG   GST_POLL gstpoll.c:994:gst_poll_fd_ctl_write: 0x1d549c0: pfd->events now 60 (POLLOUT:4)
0:00:00.015047601  2466 0x1d4c320 DEBUG   GST_POLL gstpoll.c:980:gst_poll_fd_ctl_write: 0x1d549c0: fd (fd:0, idx:1), active : 1
0:00:00.015053577  2466 0x1d4c320 LOG   GST_POLL gstpoll.c:994:gst_poll_fd_ctl_write: 0x1d549c0: pfd->events now 60 (POLLOUT:4)
0:00:00.015059797  2466 0x1d4c320 DEBUG   GST_POLL gstpoll.c:980:gst_poll_fd_ctl_write: 0x1d549c0: fd (fd:0, idx:1), active : 1
0:00:00.015065710  2466 0x1d4c320 LOG   GST_POLL gstpoll.c:994:gst_poll_fd_ctl_write: 0x1d549c0: pfd->events now 60 (POLLOUT:4)
0:00:00.015072181  2466 0x1d4c320 DEBUG   GST_POLL gstpoll.c:980:gst_poll_fd_ctl_write: 0x1d549c0: fd (fd:0, idx:1), active : 1
0:00:00.015078315  2466 0x1d4c320 LOG   GST_POLL gstpoll.c:994:gst_poll_fd_ctl_write: 0x1d549c0: pfd->events now 60 (POLLOUT:4)
0:00:00.015084861  2466 0x1d4c320 DEBUG   GST_POLL gstpoll.c:980:gst_poll_fd_ctl_write: 0x1d549c0: fd (fd:0, idx:1), active : 1
0:00:00.015090919  2466 0x1d4c320 LOG   GST_POLL gstpoll.c:994:gst_poll_fd_ctl_write: 0x1d549c0: pfd->events now 60 (POLLOUT:4)
0:00:00.015097374  2466 0x1d4c320 DEBUG   GST_POLL gstpoll.c:980:gst_poll_fd_ctl_write: 0x1d549c0: fd (fd:0, idx:1), active : 1
0:00:00.015103324  2466 0x1d4c320 LOG   GST_POLL gstpoll.c:994:gst_poll_fd_ctl_write: 0x1d549c0: pfd->events now 60 (POLLOUT:4)
0:00:00.015109687  2466 0x1d4c320 DEBUG   GST_POLL gstpoll.c:980:gst_poll_fd_ctl_write: 0x1d549c0: fd (fd:0, idx:1), active : 1
0:00:00.015122081  2466 0x1d4c320 LOG   GST_POLL gstpoll.c:994:gst_poll_fd_ctl_write: 0x1d549c0: pfd->events now 60 (POLLOUT:4)
0:00:00.015128645  2466 0x1d4c320 DEBUG   GST_POLL gstpoll.c:980:gst_poll_fd_ctl_write: 0x1d549c0: fd (fd:0, idx:1), active : 1
0:00:00.015134621  2466 0x1d4c320 LOG   GST_POLL gstpoll.c:994:gst_poll_fd_ctl_write: 0x1d549c0: pfd->events now 60 (POLLOUT:4)
0:00:00.015140955  2466 0x1d4c320 DEBUG   GST_POLL gstpoll.c:980:gst_poll_fd_ctl_write: 0x1d549c0: fd (fd:0, idx:1), active : 1
0:00:00.015147058  2466 0x1d4c320 LOG   GST_POLL gstpoll.c:994:gst_poll_fd_ctl_write: 0x1d549c0: pfd->events now 60 (POLLOUT:4)
0:00:00.015153235  2466 0x1d4c320 DEBUG   GST_POLL gstpoll.c:980:gst_poll_fd_ctl_write: 0x1d549c0: fd (fd:0, idx:1), active : 1
0:00:00.015159293  2466 0x1d4c320 LOG   GST_POLL gstpoll.c:994:gst_poll_fd_ctl_write: 0x1d549c0: pfd->events now 60 (POLLOUT:4)
0:00:00.015166058  2466 0x1d4c320 DEBUG   GST_POLL gstpoll.c:980:gst_poll_fd_ctl_write: 0x1d549c0: fd (fd:0, idx:1), active : 1
0:00:00.015171980  2466 0x1d4c320 LOG   GST_POLL gstpoll.c:994:gst_poll_fd_ctl_write: 0x1d549c0: pfd->events now 60 (POLLOUT:4)
0:00:00.015178354  2466 0x1d4c320 DEBUG   GST_POLL gstpoll.c:980:gst_poll_fd_ctl_write: 0x1d549c0: fd (fd:0, idx:1), active : 1
0:00:00.015189395  2466 0x1d4c320 LOG   GST_POLL gstpoll.c:994:gst_poll_fd_ctl_write: 0x1d549c0: pfd->events now 60 (POLLOUT:4)
0:00:00.015195874  2466 0x1d4c320 DEBUG   GST_POLL gstpoll.c:980:gst_poll_fd_ctl_write: 0x1d549c0: fd (fd:0, idx:1), active : 1
0:00:00.015201779  2466 0x1d4c320 LOG   GST_POLL gstpoll.c:994:gst_poll_fd_ctl_write: 0x1d549c0: pfd->events now 60 (POLLOUT:4)
0:00:00.015208096  2466 0x1d4c320 DEBUG   GST_POLL gstpoll.c:980:gst_poll_fd_ctl_write: 0x1d549c0: fd (fd:0, idx:1), active : 1
0:00:00.015213947  2466 0x1d4c320 LOG   GST_POLL gstpoll.c:994:gst_poll_fd_ctl_write: 0x1d549c0: pfd->events now 60 (POLLOUT:4)
0:00:00.015220336  2466 0x1d4c320 DEBUG   GST_POLL gstpoll.c:980:gst_poll_fd_ctl_write: 0x1d549c0: fd (fd:0, idx:1), active : 1
0:00:00.015250644  2466 0x1d4c320 LOG   GST_POLL gstpoll.c:994:gst_poll_fd_ctl_write: 0x1d549c0: pfd->events now 60 (POLLOUT:4)
0:00:00.015262391  2466 0x1d4c320 DEBUG   GST_POLL gstpoll.c:980:gst_poll_fd_ctl_write: 0x1d549c0: fd (fd:0, idx:1), active : 1
0:00:00.015268792  2466 0x1d4c320 LOG   GST_POLL gstpoll.c:994:gst_poll_fd_ctl_write: 0x1d549c0: pfd->events now 60 (POLLOUT:4)
0:00:00.015275161  2466 0x1d4c320 DEBUG   GST_POLL gstpoll.c:980:gst_poll_fd_ctl_write: 0x1d549c0: fd (fd:0, idx:1), active : 1
0:00:00.015281169  2466 0x1d4c320 LOG   GST_POLL gstpoll.c:994:gst_poll_fd_ctl_write: 0x1d549c0: pfd->events now 60 (POLLOUT:4)
0:00:00.015287452  2466 0x1d4c320 DEBUG   GST_POLL gstpoll.c:980:gst_poll_fd_ctl_write: 0x1d549c0: fd (fd:0, idx:1), active : 1
0:00:00.015293380  2466 0x1d4c320 LOG   GST_POLL gstpoll.c:994:gst_poll_fd_ctl_write: 0x1d549c0: pfd->events now 60 (POLLOUT:4)
0:00:00.015299699  2466 0x1d4c320 DEBUG   GST_POLL gstpoll.c:980:gst_poll_fd_ctl_write: 0x1d549c0: fd (fd:0, idx:1), active : 1
0:00:00.015305712  2466 0x1d4c320 LOG   GST_POLL gstpoll.c:994:gst_poll_fd_ctl_write: 0x1d549c0: pfd->events now 60 (POLLOUT:4)
0:00:00.015311988  2466 0x1d4c320 DEBUG   GST_POLL gstpoll.c:980:gst_poll_fd_ctl_write: 0x1d549c0: fd (fd:0, idx:1), active : 1
0:00:00.015317983  2466 0x1d4c320 LOG   GST_POLL gstpoll.c:994:gst_poll_fd_ctl_write: 0x1d549c0: pfd->events now 60 (POLLOUT:4)
0:00:00.015324236  2466 0x1d4c320 DEBUG   GST_POLL gstpoll.c:980:gst_poll_fd_ctl_write: 0x1d549c0: fd (fd:0, idx:1), active : 1
0:00:00.015330429  2466 0x1d4c320 LOG   GST_POLL gstpoll.c:994:gst_poll_fd_ctl_write: 0x1d549c0: pfd->events now 60 (POLLOUT:4)
0:00:00.015337001  2466 0x1d4c320 DEBUG   GST_POLL gstpoll.c:980:gst_poll_fd_ctl_write: 0x1d549c0: fd (fd:0, idx:1), active : 1
0:00:00.015342924  2466 0x1d4c320 LOG   GST_POLL gstpoll.c:994:gst_poll_fd_ctl_write: 0x1d549c0: pfd->events now 60 (POLLOUT:4)
0:00:00.015349091  2466 0x1d4c320 DEBUG   GST_POLL gstpoll.c:980:gst_poll_fd_ctl_write: 0x1d549c0: fd (fd:0, idx:1), active : 1
0:00:00.015355076  2466 0x1d4c320 LOG   GST_POLL gstpoll.c:994:gst_poll_fd_ctl_write: 0x1d549c0: pfd->events now 60 (POLLOUT:4)
0:00:00.015366393  2466 0x1d4c320 DEBUG   GST_POLL gstpoll.c:980:gst_poll_fd_ctl_write: 0x1d549c0: fd (fd:0, idx:1), active : 1
0:00:00.015372915  2466 0x1d4c320 LOG   GST_POLL gstpoll.c:994:gst_poll_fd_ctl_write: 0x1d549c0: pfd->events now 60 (POLLOUT:4)
0:00:00.015379241  2466 0x1d4c320 DEBUG   GST_POLL gstpoll.c:980:gst_poll_fd_ctl_write: 0x1d549c0: fd (fd:0, idx:1), active : 1
0:00:00.015385181  2466 0x1d4c320 LOG   GST_POLL gstpoll.c:994:gst_poll_fd_ctl_write: 0x1d549c0: pfd->events now 60 (POLLOUT:4)
0:00:00.015391885  2466 0x1d4c320 DEBUG   GST_POLL gstpoll.c:980:gst_poll_fd_ctl_write: 0x1d549c0: fd (fd:0, idx:1), active : 1
0:00:00.015397836  2466 0x1d4c320 LOG   GST_POLL gstpoll.c:994:gst_poll_fd_ctl_write: 0x1d549c0: pfd->events now 60 (POLLOUT:4)
0:00:00.015411197  2466 0x1d4c320 TRACE   GST_REFCOUNTING gstobject.c:265:gst_object_unref: 0x1d687d0 unref 2->1
0:00:00.015420310  2466 0x1d4c320 DEBUG   GST_POLL gstpoll.c:1241:gst_poll_fd_has_error: 0x1d549c0: fd (fd:0, idx:1) 0
0:00:00.015426896  2466 0x1d4c320 DEBUG   GST_POLL gstpoll.c:1335:gst_poll_fd_can_write: 0x1d549c0: fd (fd:0, idx:1) 1
0:00:00.015433453  2466 0x1d4c320 LOG   GST_PLUGIN_LOADING gstpluginloader.c:689:write_one: Writing packet of size 528 bytes to fd 0
0:00:00.015457750  2466 0x1d4c320 DEBUG   GST_POLL gstpoll.c:1414:gst_poll_wait: 0x1d549c0: timeout :0:00:01.000000000
0:00:00.015474515  2466 0x1d4c320 LOG   GST_PLUGIN_LOADING gstpluginloader.c:1027:exchange_packets: Poll res = 2. 6872 bytes pending for write
0:00:00.015484107  2466 0x1d4c320 DEBUG   GST_POLL gstpoll.c:1241:gst_poll_fd_has_error: 0x1d549c0: fd (fd:5, idx:2) 0
0:00:00.021147598  2465 0x385370 LOG   GST_PLUGIN_LOADING gstpluginloader.c:1027:exchange_packets: Poll res = 1. 0 bytes pending for write
0:00:00.015493951  2466 0x1d4c320 DEBUG   GST_POLL gstpoll.c:1266:gst_poll_fd_can_read_unlocked: 0x1d549c0: fd (fd:5, idx:2) 1
0:00:00.021174400  2465 0x385370 DEBUG   GST_POLL gstpoll.c:1241:gst_poll_fd_has_error: 0x39ed40: fd (fd:8, idx:2) 0
0:00:00.015516070  2466 0x1d4c320 DEBUG   GST_PLUGIN_LOADING gstpluginloader.c:721:do_plugin_load: Plugin scanner loading file /home/conan/w/prod/BuildSingleReference/.conan/data/gstreamer/1.19.2/_/_/package/467fc03b0f24213bb9b1cf088fa7fb20ffd79c35/lib/gstreamer-1.0/libgstcoretracers.so. tag 2
0:00:00.021187830  2465 0x385370 DEBUG   GST_POLL gstpoll.c:1266:gst_poll_fd_can_read_unlocked: 0x39ed40: fd (fd:8, idx:2) 1
0:00:00.015534449  2466 0x1d4c320 TRACE   GST_REFCOUNTING gstobject.c:238:gst_object_ref: 0x1d65ea0 ref 1->2
0:00:00.021201802  2465 0x385370 LOG   GST_PLUGIN_LOADING gstpluginloader.c:985:read_one: Expanding rx buf from 512 to 1040
0:00:00.015550969  2466 0x1d4c320 TRACE   GST_REFCOUNTING gstobject.c:238:gst_object_ref: 0x1d67120 ref 1->2
0:00:00.021222134  2465 0x385370 DEBUG   GST_PLUGIN_LOADING gstpluginloader.c:849:handle_rx_packet: Received plugin details from child w/ tag 0. 516 bytes info
0:00:00.015562675  2466 0x1d4c320 TRACE   GST_REFCOUNTING gstobject.c:238:gst_object_ref: 0x1d66e80 ref 1->2
0:00:00.021245893  2465 0x385370 LOG   GST_REGISTRY gstregistrychunks.c:838:_priv_gst_registry_chunks_load_plugin: Reading/casting for GstRegistryChunkPluginElement at address 0x39fb60
0:00:00.015584845  2466 0x1d4c320 TRACE   GST_REFCOUNTING gstobject.c:238:gst_object_ref: 0x1d66c30 ref 1->2
0:00:00.015598535  2466 0x1d4c320 TRACE   GST_REFCOUNTING gstobject.c:238:gst_object_ref: 0x1d66960 ref 1->2
0:00:00.015610566  2466 0x1d4c320 TRACE   GST_REFCOUNTING gstobject.c:238:gst_object_ref: 0x1d66750 ref 1->2
0:00:00.021275331  2465 0x385370 TRACE   GST_REFCOUNTING gstobject.c:208:gst_object_init: 0x39eda0 new
0:00:00.015621404  2466 0x1d4c320 TRACE   GST_REFCOUNTING gstobject.c:238:gst_object_ref: 0x1d66260 ref 1->2
0:00:00.015640479  2466 0x1d4c320 TRACE   GST_REFCOUNTING gstobject.c:265:gst_object_unref: 0x1d66260 unref 2->1
0:00:00.015650663  2466 0x1d4c320 TRACE   GST_REFCOUNTING gstobject.c:265:gst_object_unref: 0x1d66750 unref 2->1
0:00:00.015664215  2466 0x1d4c320 TRACE   GST_REFCOUNTING gstobject.c:265:gst_object_unref: 0x1d66960 unref 2->1
0:00:00.015675460  2466 0x1d4c320 TRACE   GST_REFCOUNTING gstobject.c:265:gst_object_unref: 0x1d66c30 unref 2->1
0:00:00.021341074  2465 0x385370 LOG   GST_REGISTRY gstregistrychunks.c:859:_priv_gst_registry_chunks_load_plugin: read strings for name='coretracers'
0:00:00.015687340  2466 0x1d4c320 TRACE   GST_REFCOUNTING gstobject.c:265:gst_object_unref: 0x1d66e80 unref 2->1
0:00:00.021352936  2465 0x385370 LOG   GST_REGISTRY gstregistrychunks.c:860:_priv_gst_registry_chunks_load_plugin: desc.description='GStreamer core tracers'
0:00:00.015699735  2466 0x1d4c320 TRACE   GST_REFCOUNTING gstobject.c:265:gst_object_unref: 0x1d67120 unref 2->1
0:00:00.021365553  2465 0x385370 LOG   GST_REGISTRY gstregistrychunks.c:861:_priv_gst_registry_chunks_load_plugin: filename='/home/conan/w/prod/BuildSingleReference/.conan/data/gstreamer/1.19.2/_/_/package/467fc03b0f24213bb9b1cf088fa7fb20ffd79c35/lib/gstreamer-1.0/libgstcoretracers.so'
0:00:00.021377133  2465 0x385370 LOG   GST_REGISTRY gstregistrychunks.c:862:_priv_gst_registry_chunks_load_plugin: desc.version='1.19.2'
0:00:00.015714850  2466 0x1d4c320 DEBUG   GST_REGISTRY gstregistrychunks.c:499:_priv_gst_registry_chunks_save_plugin: Found 6 features in plugin 0x1d65ea0 (coretracers)
0:00:00.021386894  2465 0x385370 LOG   GST_REGISTRY gstregistrychunks.c:863:_priv_gst_registry_chunks_load_plugin: desc.license='LGPL'
0:00:00.015727266  2466 0x1d4c320 DEBUG   GST_POLL gstpoll.c:980:gst_poll_fd_ctl_write: 0x1d549c0: fd (fd:0, idx:1), active : 1
0:00:00.021396579  2465 0x385370 LOG   GST_REGISTRY gstregistrychunks.c:864:_priv_gst_registry_chunks_load_plugin: desc.source='gstreamer'
0:00:00.015739661  2466 0x1d4c320 LOG   GST_POLL gstpoll.c:994:gst_poll_fd_ctl_write: 0x1d549c0: pfd->events now 60 (POLLOUT:4)
0:00:00.021406854  2465 0x385370 LOG   GST_REGISTRY gstregistrychunks.c:865:_priv_gst_registry_chunks_load_plugin: desc.package='GStreamer source release'
0:00:00.015758900  2466 0x1d4c320 DEBUG   GST_POLL gstpoll.c:980:gst_poll_fd_ctl_write: 0x1d549c0: fd (fd:0, idx:1), active : 1
0:00:00.021423769  2465 0x385370 LOG   GST_REGISTRY gstregistrychunks.c:866:_priv_gst_registry_chunks_load_plugin: desc.origin='Unknown package origin'
0:00:00.015770149  2466 0x1d4c320 LOG   GST_POLL gstpoll.c:994:gst_poll_fd_ctl_write: 0x1d549c0: pfd->events now 60 (POLLOUT:4)
0:00:00.021435100  2465 0x385370 LOG   GST_REGISTRY gstregistrychunks.c:867:_priv_gst_registry_chunks_load_plugin: desc.datetime=2021-09-23
0:00:00.015781751  2466 0x1d4c320 DEBUG   GST_POLL gstpoll.c:980:gst_poll_fd_ctl_write: 0x1d549c0: fd (fd:0, idx:1), active : 1
0:00:00.021454289  2465 0x385370 DEBUG   GST_REGISTRY gstregistry.c:474:gst_registry_add_plugin: adding plugin 0x39eda0 for filename "/home/conan/w/prod/BuildSingleReference/.conan/data/gstreamer/1.19.2/_/_/package/467fc03b0f24213bb9b1cf088fa7fb20ffd79c35/lib/gstreamer-1.0/libgstcoretracers.so"
0:00:00.015799247  2466 0x1d4c320 LOG   GST_POLL gstpoll.c:994:gst_poll_fd_ctl_write: 0x1d549c0: pfd->events now 60 (POLLOUT:4)
0:00:00.021471057  2465 0x385370 TRACE   GST_REFCOUNTING gstobject.c:294:gst_object_ref_sink: 0x39eda0 ref_sink 1->2
0:00:00.015812146  2466 0x1d4c320 DEBUG   GST_POLL gstpoll.c:980:gst_poll_fd_ctl_write: 0x1d549c0: fd (fd:0, idx:1), active : 1
0:00:00.021485366  2465 0x385370 LOG   GST_REGISTRY gstregistry.c:487:gst_registry_add_plugin: emitting plugin-added for filename "/home/conan/w/prod/BuildSingleReference/.conan/data/gstreamer/1.19.2/_/_/package/467fc03b0f24213bb9b1cf088fa7fb20ffd79c35/lib/gstreamer-1.0/libgstcoretracers.so"
0:00:00.015823613  2466 0x1d4c320 LOG   GST_POLL gstpoll.c:994:gst_poll_fd_ctl_write: 0x1d549c0: pfd->events now 60 (POLLOUT:4)
0:00:00.021498290  2465 0x385370 DEBUG   GST_REGISTRY gstregistrychunks.c:888:_priv_gst_registry_chunks_load_plugin: Added plugin 'coretracers' plugin with 6 features from binary registry
0:00:00.015835785  2466 0x1d4c320 DEBUG   GST_POLL gstpoll.c:980:gst_poll_fd_ctl_write: 0x1d549c0: fd (fd:0, idx:1), active : 1
0:00:00.021510535  2465 0x385370 DEBUG   GST_REGISTRY gstregistrychunks.c:584:gst_registry_chunks_load_feature: Plugin 'coretracers' feature 'factories' typename : 'GstTracerFactory'
0:00:00.015847847  2466 0x1d4c320 LOG   GST_POLL gstpoll.c:994:gst_poll_fd_ctl_write: 0x1d549c0: pfd->events now 60 (POLLOUT:4)
0:00:00.015860970  2466 0x1d4c320 DEBUG   GST_POLL gstpoll.c:980:gst_poll_fd_ctl_write: 0x1d549c0: fd (fd:0, idx:1), active : 1
0:00:00.015870156  2466 0x1d4c320 LOG   GST_POLL gstpoll.c:994:gst_poll_fd_ctl_write: 0x1d549c0: pfd->events now 60 (POLLOUT:4)
0:00:00.021534803  2465 0x385370 TRACE   GST_REFCOUNTING gstobject.c:208:gst_object_init: 0x39f3e0 new
0:00:00.015881337  2466 0x1d4c320 DEBUG   GST_POLL gstpoll.c:980:gst_poll_fd_ctl_write: 0x1d549c0: fd (fd:0, idx:1), active : 1
0:00:00.021552689  2465 0x385370 DEBUG   GST_REGISTRY gstregistrychunks.c:719:gst_registry_chunks_load_feature: Reading/casting for GstRegistryChunkPluginFeature at address 0x39fcb0
0:00:00.015901790  2466 0x1d4c320 LOG   GST_POLL gstpoll.c:994:gst_poll_fd_ctl_write: 0x1d549c0: pfd->events now 60 (POLLOUT:4)
0:00:00.021571486  2465 0x385370 DEBUG   GST_REGISTRY gstregistry.c:590:gst_registry_add_feature: adding feature 0x39f3e0 (factories)
0:00:00.015912639  2466 0x1d4c320 DEBUG   GST_POLL gstpoll.c:980:gst_poll_fd_ctl_write: 0x1d549c0: fd (fd:0, idx:1), active : 1
0:00:00.021583211  2465 0x385370 DEBUG   GST_REFCOUNTING gstobject.c:709:gst_object_set_parent: set parent (ref and sink)
0:00:00.015923931  2466 0x1d4c320 LOG   GST_POLL gstpoll.c:994:gst_poll_fd_ctl_write: 0x1d549c0: pfd->events now 60 (POLLOUT:4)
0:00:00.021597260  2465 0x385370 TRACE   GST_REFCOUNTING gstobject.c:294:gst_object_ref_sink: 0x39f3e0 ref_sink 1->2
0:00:00.015935812  2466 0x1d4c320 DEBUG   GST_POLL gstpoll.c:980:gst_poll_fd_ctl_write: 0x1d549c0: fd (fd:0, idx:1), active : 1
0:00:00.021609589  2465 0x385370 LOG   GST_REGISTRY gstregistry.c:608:gst_registry_add_feature: emitting feature-added for factories
0:00:00.015947447  2466 0x1d4c320 LOG   GST_POLL gstpoll.c:994:gst_poll_fd_ctl_write: 0x1d549c0: pfd->events now 60 (POLLOUT:4)
0:00:00.021621798  2465 0x385370 DEBUG   GST_REGISTRY gstregistrychunks.c:742:gst_registry_chunks_load_feature: Added feature factories, plugin 0x39eda0 coretracers
0:00:00.015959712  2466 0x1d4c320 DEBUG   GST_POLL gstpoll.c:980:gst_poll_fd_ctl_write: 0x1d549c0: fd (fd:0, idx:1), active : 1
0:00:00.021634114  2465 0x385370 DEBUG   GST_REGISTRY gstregistrychunks.c:584:gst_registry_chunks_load_feature: Plugin 'coretracers' feature 'leaks' typename : 'GstTracerFactory'
0:00:00.015971190  2466 0x1d4c320 LOG   GST_POLL gstpoll.c:994:gst_poll_fd_ctl_write: 0x1d549c0: pfd->events now 60 (POLLOUT:4)
0:00:00.015984005  2466 0x1d4c320 LOG   GST_PLUGIN_LOADING gstpluginloader.c:645:put_chunk: Expanding tx buf from 7717 to 10158 for chunk of size 11
0:00:00.021648158  2465 0x385370 TRACE   GST_REFCOUNTING gstobject.c:208:gst_object_init: 0x3a00b0 new
0:00:00.015996215  2466 0x1d4c320 DEBUG   GST_POLL gstpoll.c:980:gst_poll_fd_ctl_write: 0x1d549c0: fd (fd:0, idx:1), active : 1
0:00:00.021664442  2465 0x385370 DEBUG   GST_REGISTRY gstregistrychunks.c:719:gst_registry_chunks_load_feature: Reading/casting for GstRegistryChunkPluginFeature at address 0x39fcd0
0:00:00.016006898  2466 0x1d4c320 LOG   GST_POLL gstpoll.c:994:gst_poll_fd_ctl_write: 0x1d549c0: pfd->events now 60 (POLLOUT:4)
0:00:00.021679342  2465 0x385370 DEBUG   GST_REGISTRY gstregistry.c:590:gst_registry_add_feature: adding feature 0x3a00b0 (leaks)
0:00:00.016018555  2466 0x1d4c320 DEBUG   GST_POLL gstpoll.c:980:gst_poll_fd_ctl_write: 0x1d549c0: fd (fd:0, idx:1), active : 1
0:00:00.021690129  2465 0x385370 DEBUG   GST_REFCOUNTING gstobject.c:709:gst_object_set_parent: set parent (ref and sink)
0:00:00.016029946  2466 0x1d4c320 LOG   GST_POLL gstpoll.c:994:gst_poll_fd_ctl_write: 0x1d549c0: pfd->events now 60 (POLLOUT:4)
0:00:00.021710390  2465 0x385370 TRACE   GST_REFCOUNTING gstobject.c:294:gst_object_ref_sink: 0x3a00b0 ref_sink 1->2
0:00:00.016048272  2466 0x1d4c320 DEBUG   GST_POLL gstpoll.c:980:gst_poll_fd_ctl_write: 0x1d549c0: fd (fd:0, idx:1), active : 1
0:00:00.021722903  2465 0x385370 LOG   GST_REGISTRY gstregistry.c:608:gst_registry_add_feature: emitting feature-added for leaks
0:00:00.016060920  2466 0x1d4c320 LOG   GST_POLL gstpoll.c:994:gst_poll_fd_ctl_write: 0x1d549c0: pfd->events now 60 (POLLOUT:4)
0:00:00.021734662  2465 0x385370 DEBUG   GST_REGISTRY gstregistrychunks.c:742:gst_registry_chunks_load_feature: Added feature leaks, plugin 0x39eda0 coretracers
0:00:00.016072905  2466 0x1d4c320 DEBUG   GST_POLL gstpoll.c:980:gst_poll_fd_ctl_write: 0x1d549c0: fd (fd:0, idx:1), active : 1
0:00:00.021746837  2465 0x385370 DEBUG   GST_REGISTRY gstregistrychunks.c:584:gst_registry_chunks_load_feature: Plugin 'coretracers' feature 'stats' typename : 'GstTracerFactory'
0:00:00.016084157  2466 0x1d4c320 LOG   GST_POLL gstpoll.c:994:gst_poll_fd_ctl_write: 0x1d549c0: pfd->events now 60 (POLLOUT:4)
0:00:00.016096687  2466 0x1d4c320 DEBUG   GST_POLL gstpoll.c:980:gst_poll_fd_ctl_write: 0x1d549c0: fd (fd:0, idx:1), active : 1
0:00:00.021760414  2465 0x385370 TRACE   GST_REFCOUNTING gstobject.c:208:gst_object_init: 0x3a02b0 new
0:00:00.016107311  2466 0x1d4c320 LOG   GST_POLL gstpoll.c:994:gst_poll_fd_ctl_write: 0x1d549c0: pfd->events now 60 (POLLOUT:4)
0:00:00.021775967  2465 0x385370 DEBUG   GST_REGISTRY gstregistrychunks.c:719:gst_registry_chunks_load_feature: Reading/casting for GstRegistryChunkPluginFeature at address 0x39fcf0
0:00:00.016128015  2466 0x1d4c320 DEBUG   GST_POLL gstpoll.c:980:gst_poll_fd_ctl_write: 0x1d549c0: fd (fd:0, idx:1), active : 1
0:00:00.021795251  2465 0x385370 DEBUG   GST_REGISTRY gstregistry.c:590:gst_registry_add_feature: adding feature 0x3a02b0 (stats)
0:00:00.016139419  2466 0x1d4c320 LOG   GST_POLL gstpoll.c:994:gst_poll_fd_ctl_write: 0x1d549c0: pfd->events now 60 (POLLOUT:4)
0:00:00.021806752  2465 0x385370 DEBUG   GST_REFCOUNTING gstobject.c:709:gst_object_set_parent: set parent (ref and sink)
0:00:00.016151211  2466 0x1d4c320 DEBUG   GST_POLL gstpoll.c:980:gst_poll_fd_ctl_write: 0x1d549c0: fd (fd:0, idx:1), active : 1
0:00:00.021820574  2465 0x385370 TRACE   GST_REFCOUNTING gstobject.c:294:gst_object_ref_sink: 0x3a02b0 ref_sink 1->2
0:00:00.016161731  2466 0x1d4c320 LOG   GST_POLL gstpoll.c:994:gst_poll_fd_ctl_write: 0x1d549c0: pfd->events now 60 (POLLOUT:4)
0:00:00.021833566  2465 0x385370 LOG   GST_REGISTRY gstregistry.c:608:gst_registry_add_feature: emitting feature-added for stats
0:00:00.016173990  2466 0x1d4c320 DEBUG   GST_POLL gstpoll.c:980:gst_poll_fd_ctl_write: 0x1d549c0: fd (fd:0, idx:1), active : 1
0:00:00.021845451  2465 0x385370 DEBUG   GST_REGISTRY gstregistrychunks.c:742:gst_registry_chunks_load_feature: Added feature stats, plugin 0x39eda0 coretracers
0:00:00.016194016  2466 0x1d4c320 LOG   GST_POLL gstpoll.c:994:gst_poll_fd_ctl_write: 0x1d549c0: pfd->events now 60 (POLLOUT:4)
0:00:00.021860737  2465 0x385370 DEBUG   GST_REGISTRY gstregistrychunks.c:584:gst_registry_chunks_load_feature: Plugin 'coretracers' feature 'rusage' typename : 'GstTracerFactory'
0:00:00.016206111  2466 0x1d4c320 DEBUG   GST_POLL gstpoll.c:980:gst_poll_fd_ctl_write: 0x1d549c0: fd (fd:0, idx:1), active : 1
0:00:00.021875514  2465 0x385370 TRACE   GST_REFCOUNTING gstobject.c:208:gst_object_init: 0x3a04b0 new
0:00:00.016215992  2466 0x1d4c320 LOG   GST_POLL gstpoll.c:994:gst_poll_fd_ctl_write: 0x1d549c0: pfd->events now 60 (POLLOUT:4)
0:00:00.016244515  2466 0x1d4c320 DEBUG   GST_POLL gstpoll.c:980:gst_poll_fd_ctl_write: 0x1d549c0: fd (fd:0, idx:1), active : 1
0:00:00.021911118  2465 0x385370 DEBUG   GST_REGISTRY gstregistrychunks.c:719:gst_registry_chunks_load_feature: Reading/casting for GstRegistryChunkPluginFeature at address 0x39fd10
0:00:00.016257889  2466 0x1d4c320 LOG   GST_POLL gstpoll.c:994:gst_poll_fd_ctl_write: 0x1d549c0: pfd->events now 60 (POLLOUT:4)
0:00:00.021927185  2465 0x385370 DEBUG   GST_REGISTRY gstregistry.c:590:gst_registry_add_feature: adding feature 0x3a04b0 (rusage)
0:00:00.016268743  2466 0x1d4c320 DEBUG   GST_POLL gstpoll.c:980:gst_poll_fd_ctl_write: 0x1d549c0: fd (fd:0, idx:1), active : 1
0:00:00.021938510  2465 0x385370 DEBUG   GST_REFCOUNTING gstobject.c:709:gst_object_set_parent: set parent (ref and sink)
0:00:00.016279680  2466 0x1d4c320 LOG   GST_POLL gstpoll.c:994:gst_poll_fd_ctl_write: 0x1d549c0: pfd->events now 60 (POLLOUT:4)
0:00:00.021952619  2465 0x385370 TRACE   GST_REFCOUNTING gstobject.c:294:gst_object_ref_sink: 0x3a04b0 ref_sink 1->2
0:00:00.016291712  2466 0x1d4c320 DEBUG   GST_POLL gstpoll.c:980:gst_poll_fd_ctl_write: 0x1d549c0: fd (fd:0, idx:1), active : 1
0:00:00.021965147  2465 0x385370 LOG   GST_REGISTRY gstregistry.c:608:gst_registry_add_feature: emitting feature-added for rusage
0:00:00.016303081  2466 0x1d4c320 LOG   GST_POLL gstpoll.c:994:gst_poll_fd_ctl_write: 0x1d549c0: pfd->events now 60 (POLLOUT:4)
0:00:00.021977143  2465 0x385370 DEBUG   GST_REGISTRY gstregistrychunks.c:742:gst_registry_chunks_load_feature: Added feature rusage, plugin 0x39eda0 coretracers
0:00:00.016315115  2466 0x1d4c320 DEBUG   GST_POLL gstpoll.c:980:gst_poll_fd_ctl_write: 0x1d549c0: fd (fd:0, idx:1), active : 1
0:00:00.021989231  2465 0x385370 DEBUG   GST_REGISTRY gstregistrychunks.c:584:gst_registry_chunks_load_feature: Plugin 'coretracers' feature 'log' typename : 'GstTracerFactory'
0:00:00.016326679  2466 0x1d4c320 LOG   GST_POLL gstpoll.c:994:gst_poll_fd_ctl_write: 0x1d549c0: pfd->events now 60 (POLLOUT:4)
0:00:00.016338885  2466 0x1d4c320 DEBUG   GST_POLL gstpoll.c:980:gst_poll_fd_ctl_write: 0x1d549c0: fd (fd:0, idx:1), active : 1
0:00:00.022002791  2465 0x385370 TRACE   GST_REFCOUNTING gstobject.c:208:gst_object_init: 0x3a06b0 new
0:00:00.016356563  2466 0x1d4c320 LOG   GST_POLL gstpoll.c:994:gst_poll_fd_ctl_write: 0x1d549c0: pfd->events now 60 (POLLOUT:4)
0:00:00.022025592  2465 0x385370 DEBUG   GST_REGISTRY gstregistrychunks.c:719:gst_registry_chunks_load_feature: Reading/casting for GstRegistryChunkPluginFeature at address 0x39fd30
0:00:00.016368417  2466 0x1d4c320 DEBUG   GST_POLL gstpoll.c:980:gst_poll_fd_ctl_write: 0x1d549c0: fd (fd:0, idx:1), active : 1
0:00:00.022040009  2465 0x385370 DEBUG   GST_REGISTRY gstregistry.c:590:gst_registry_add_feature: adding feature 0x3a06b0 (log)
0:00:00.016379795  2466 0x1d4c320 LOG   GST_POLL gstpoll.c:994:gst_poll_fd_ctl_write: 0x1d549c0: pfd->events now 60 (POLLOUT:4)
0:00:00.022051379  2465 0x385370 DEBUG   GST_REFCOUNTING gstobject.c:709:gst_object_set_parent: set parent (ref and sink)
0:00:00.016391673  2466 0x1d4c320 DEBUG   GST_POLL gstpoll.c:980:gst_poll_fd_ctl_write: 0x1d549c0: fd (fd:0, idx:1), active : 1
0:00:00.022064785  2465 0x385370 TRACE   GST_REFCOUNTING gstobject.c:294:gst_object_ref_sink: 0x3a06b0 ref_sink 1->2
0:00:00.016403180  2466 0x1d4c320 LOG   GST_POLL gstpoll.c:994:gst_poll_fd_ctl_write: 0x1d549c0: pfd->events now 60 (POLLOUT:4)
0:00:00.022077230  2465 0x385370 LOG   GST_REGISTRY gstregistry.c:608:gst_registry_add_feature: emitting feature-added for log
0:00:00.016416036  2466 0x1d4c320 DEBUG   GST_POLL gstpoll.c:980:gst_poll_fd_ctl_write: 0x1d549c0: fd (fd:0, idx:1), active : 1
0:00:00.022089461  2465 0x385370 DEBUG   GST_REGISTRY gstregistrychunks.c:742:gst_registry_chunks_load_feature: Added feature log, plugin 0x39eda0 coretracers
0:00:00.016427129  2466 0x1d4c320 LOG   GST_POLL gstpoll.c:994:gst_poll_fd_ctl_write: 0x1d549c0: pfd->events now 60 (POLLOUT:4)
0:00:00.022101804  2465 0x385370 DEBUG   GST_REGISTRY gstregistrychunks.c:584:gst_registry_chunks_load_feature: Plugin 'coretracers' feature 'latency' typename : 'GstTracerFactory'
0:00:00.016440079  2466 0x1d4c320 DEBUG   GST_POLL gstpoll.c:980:gst_poll_fd_ctl_write: 0x1d549c0: fd (fd:0, idx:1), active : 1
0:00:00.016451816  2466 0x1d4c320 LOG   GST_POLL gstpoll.c:994:gst_poll_fd_ctl_write: 0x1d549c0: pfd->events now 60 (POLLOUT:4)
0:00:00.022115838  2465 0x385370 TRACE   GST_REFCOUNTING gstobject.c:208:gst_object_init: 0x3a08b0 new
0:00:00.016463017  2466 0x1d4c320 DEBUG   GST_POLL gstpoll.c:980:gst_poll_fd_ctl_write: 0x1d549c0: fd (fd:0, idx:1), active : 1
0:00:00.022131017  2465 0x385370 DEBUG   GST_REGISTRY gstregistrychunks.c:719:gst_registry_chunks_load_feature: Reading/casting for GstRegistryChunkPluginFeature at address 0x39fd58
0:00:00.016473800  2466 0x1d4c320 LOG   GST_POLL gstpoll.c:994:gst_poll_fd_ctl_write: 0x1d549c0: pfd->events now 60 (POLLOUT:4)
0:00:00.022147249  2465 0x385370 DEBUG   GST_REGISTRY gstregistry.c:590:gst_registry_add_feature: adding feature 0x3a08b0 (latency)
0:00:00.016485203  2466 0x1d4c320 DEBUG   GST_POLL gstpoll.c:980:gst_poll_fd_ctl_write: 0x1d549c0: fd (fd:0, idx:1), active : 1
0:00:00.016503676  2466 0x1d4c320 LOG   GST_POLL gstpoll.c:994:gst_poll_fd_ctl_write: 0x1d549c0: pfd->events now 60 (POLLOUT:4)
0:00:00.022167458  2465 0x385370 DEBUG   GST_REFCOUNTING gstobject.c:709:gst_object_set_parent: set parent (ref and sink)
0:00:00.022181738  2465 0x385370 TRACE   GST_REFCOUNTING gstobject.c:294:gst_object_ref_sink: 0x3a08b0 ref_sink 1->2
0:00:00.016517498  2466 0x1d4c320 TRACE   GST_REFCOUNTING gstobject.c:265:gst_object_unref: 0x1d65ea0 unref 2->1
0:00:00.022193667  2465 0x385370 LOG   GST_REGISTRY gstregistry.c:608:gst_registry_add_feature: emitting feature-added for latency
0:00:00.016533097  2466 0x1d4c320 DEBUG   GST_POLL gstpoll.c:1241:gst_poll_fd_has_error: 0x1d549c0: fd (fd:0, idx:1) 0
0:00:00.022205830  2465 0x385370 DEBUG   GST_REGISTRY gstregistrychunks.c:742:gst_registry_chunks_load_feature: Added feature latency, plugin 0x39eda0 coretracers
0:00:00.016545159  2466 0x1d4c320 DEBUG   GST_POLL gstpoll.c:1335:gst_poll_fd_can_write: 0x1d549c0: fd (fd:0, idx:1) 1
0:00:00.016556249  2466 0x1d4c320 LOG   GST_PLUGIN_LOADING gstpluginloader.c:689:write_one: Writing packet of size 6872 bytes to fd 0
0:00:00.022220649  2465 0x385370 LOG   GST_PLUGIN_LOADING gstpluginloader.c:888:handle_rx_packet: marking plugin 0x39eda0 as registered as /home/conan/w/prod/BuildSingleReference/.conan/data/gstreamer/1.19.2/_/_/package/467fc03b0f24213bb9b1cf088fa7fb20ffd79c35/lib/gstreamer-1.0/libgstcoretracers.so
0:00:00.016574325  2466 0x1d4c320 DEBUG   GST_POLL gstpoll.c:1414:gst_poll_wait: 0x1d549c0: timeout :0:00:01.000000000
0:00:00.022243150  2465 0x385370 DEBUG   GST_POLL gstpoll.c:1414:gst_poll_wait: 0x39ed40: timeout :0:00:01.000000000
0:00:00.016590282  2466 0x1d4c320 LOG   GST_PLUGIN_LOADING gstpluginloader.c:1027:exchange_packets: Poll res = 2. 528 bytes pending for write
0:00:00.022258654  2465 0x385370 LOG   GST_PLUGIN_LOADING gstpluginloader.c:1027:exchange_packets: Poll res = 1. 0 bytes pending for write
0:00:00.016603336  2466 0x1d4c320 DEBUG   GST_POLL gstpoll.c:1241:gst_poll_fd_has_error: 0x1d549c0: fd (fd:5, idx:2) 0
0:00:00.016614144  2466 0x1d4c320 DEBUG   GST_POLL gstpoll.c:1266:gst_poll_fd_can_read_unlocked: 0x1d549c0: fd (fd:5, idx:2) 1
0:00:00.022273464  2465 0x385370 DEBUG   GST_POLL gstpoll.c:1241:gst_poll_fd_has_error: 0x39ed40: fd (fd:8, idx:2) 0
0:00:00.022295061  2465 0x385370 DEBUG   GST_POLL gstpoll.c:1266:gst_poll_fd_can_read_unlocked: 0x39ed40: fd (fd:8, idx:2) 1
0:00:00.016630271  2466 0x1d4c320 DEBUG   GST_PLUGIN_LOADING gstpluginloader.c:721:do_plugin_load: Plugin scanner loading file /home/conan/w/prod/BuildSingleReference/.conan/data/gstreamer/1.19.2/_/_/package/467fc03b0f24213bb9b1cf088fa7fb20ffd79c35/lib/gstreamer-1.0/libgstcoreelements.so. tag 3
0:00:00.022307145  2465 0x385370 LOG   GST_PLUGIN_LOADING gstpluginloader.c:985:read_one: Expanding rx buf from 1040 to 7384
0:00:00.016646812  2466 0x1d4c320 TRACE   GST_REFCOUNTING gstobject.c:238:gst_object_ref: 0x1d687d0 ref 1->2
0:00:00.022334592  2465 0x385370 DEBUG   GST_PLUGIN_LOADING gstpluginloader.c:849:handle_rx_packet: Received plugin details from child w/ tag 1. 6860 bytes info
0:00:00.016670628  2466 0x1d4c320 TRACE   GST_REFCOUNTING gstobject.c:238:gst_object_ref: 0x1d83c00 ref 1->2
0:00:00.022346072  2465 0x385370 LOG   GST_REGISTRY gstregistrychunks.c:838:_priv_gst_registry_chunks_load_plugin: Reading/casting for GstRegistryChunkPluginElement at address 0x3a0c10
0:00:00.016686189  2466 0x1d4c320 TRACE   GST_REFCOUNTING gstobject.c:238:gst_object_ref: 0x1d82d10 ref 1->2
0:00:00.022359776  2465 0x385370 TRACE   GST_REFCOUNTING gstobject.c:208:gst_object_init: 0x3a0580 new
0:00:00.016699363  2466 0x1d4c320 TRACE   GST_REFCOUNTING gstobject.c:238:gst_object_ref: 0x1d81560 ref 1->2
0:00:00.016712820  2466 0x1d4c320 TRACE   GST_REFCOUNTING gstobject.c:238:gst_object_ref: 0x1d80790 ref 1->2
0:00:00.022382324  2465 0x385370 LOG   GST_REGISTRY gstregistrychunks.c:859:_priv_gst_registry_chunks_load_plugin: read strings for name='coreelements'
0:00:00.016724514  2466 0x1d4c320 TRACE   GST_REFCOUNTING gstobject.c:238:gst_object_ref: 0x1d7f580 ref 1->2
0:00:00.022393229  2465 0x385370 LOG   GST_REGISTRY gstregistrychunks.c:860:_priv_gst_registry_chunks_load_plugin: desc.description='GStreamer core elements'
0:00:00.016738472  2466 0x1d4c320 TRACE   GST_REFCOUNTING gstobject.c:238:gst_object_ref: 0x1d7e480 ref 1->2
0:00:00.022404792  2465 0x385370 LOG   GST_REGISTRY gstregistrychunks.c:861:_priv_gst_registry_chunks_load_plugin: filename='/home/conan/w/prod/BuildSingleReference/.conan/data/gstreamer/1.19.2/_/_/package/467fc03b0f24213bb9b1cf088fa7fb20ffd79c35/lib/gstreamer-1.0/libgstcoreelements.so'
0:00:00.016751184  2466 0x1d4c320 TRACE   GST_REFCOUNTING gstobject.c:238:gst_object_ref: 0x1d7cad0 ref 1->2
0:00:00.022415928  2465 0x385370 LOG   GST_REGISTRY gstregistrychunks.c:862:_priv_gst_registry_chunks_load_plugin: desc.version='1.19.2'
0:00:00.022428101  2465 0x385370 LOG   GST_REGISTRY gstregistrychunks.c:863:_priv_gst_registry_chunks_load_plugin: desc.license='LGPL'
0:00:00.016763601  2466 0x1d4c320 TRACE   GST_REFCOUNTING gstobject.c:238:gst_object_ref: 0x1d7b050 ref 1->2
0:00:00.022437338  2465 0x385370 LOG   GST_REGISTRY gstregistrychunks.c:864:_priv_gst_registry_chunks_load_plugin: desc.source='gstreamer'
0:00:00.016777999  2466 0x1d4c320 TRACE   GST_REFCOUNTING gstobject.c:238:gst_object_ref: 0x1d79f40 ref 1->2
0:00:00.022446645  2465 0x385370 LOG   GST_REGISTRY gstregistrychunks.c:865:_priv_gst_registry_chunks_load_plugin: desc.package='GStreamer source release'
0:00:00.016791660  2466 0x1d4c320 TRACE   GST_REFCOUNTING gstobject.c:238:gst_object_ref: 0x1d78cd0 ref 1->2
0:00:00.022456980  2465 0x385370 LOG   GST_REGISTRY gstregistrychunks.c:866:_priv_gst_registry_chunks_load_plugin: desc.origin='Unknown package origin'
0:00:00.016811519  2466 0x1d4c320 TRACE   GST_REFCOUNTING gstobject.c:238:gst_object_ref: 0x1d776a0 ref 1->2
0:00:00.022476809  2465 0x385370 LOG   GST_REGISTRY gstregistrychunks.c:867:_priv_gst_registry_chunks_load_plugin: desc.datetime=2021-09-23
0:00:00.016824461  2466 0x1d4c320 TRACE   GST_REFCOUNTING gstobject.c:238:gst_object_ref: 0x1d769d0 ref 1->2
0:00:00.022493722  2465 0x385370 DEBUG   GST_REGISTRY gstregistry.c:474:gst_registry_add_plugin: adding plugin 0x3a0580 for filename "/home/conan/w/prod/BuildSingleReference/.conan/data/gstreamer/1.19.2/_/_/package/467fc03b0f24213bb9b1cf088fa7fb20ffd79c35/lib/gstreamer-1.0/libgstcoreelements.so"
0:00:00.016836243  2466 0x1d4c320 TRACE   GST_REFCOUNTING gstobject.c:238:gst_object_ref: 0x1d75c80 ref 1->2
0:00:00.022508434  2465 0x385370 TRACE   GST_REFCOUNTING gstobject.c:294:gst_object_ref_sink: 0x3a0580 ref_sink 1->2
0:00:00.016848655  2466 0x1d4c320 TRACE   GST_REFCOUNTING gstobject.c:238:gst_object_ref: 0x1d6d430 ref 1->2
0:00:00.022522244  2465 0x385370 LOG   GST_REGISTRY gstregistry.c:487:gst_registry_add_plugin: emitting plugin-added for filename "/home/conan/w/prod/BuildSingleReference/.conan/data/gstreamer/1.19.2/_/_/package/467fc03b0f24213bb9b1cf088fa7fb20ffd79c35/lib/gstreamer-1.0/libgstcoreelements.so"
0:00:00.016861680  2466 0x1d4c320 TRACE   GST_REFCOUNTING gstobject.c:238:gst_object_ref: 0x1d731c0 ref 1->2
0:00:00.022535090  2465 0x385370 DEBUG   GST_REGISTRY gstregistrychunks.c:888:_priv_gst_registry_chunks_load_plugin: Added plugin 'coreelements' plugin with 22 features from binary registry
0:00:00.016874329  2466 0x1d4c320 TRACE   GST_REFCOUNTING gstobject.c:238:gst_object_ref: 0x1d70b70 ref 1->2
0:00:00.022547355  2465 0x385370 DEBUG   GST_REGISTRY gstregistrychunks.c:584:gst_registry_chunks_load_feature: Plugin 'coreelements' feature 'streamiddemux' typename : 'GstElementFactory'
0:00:00.016887065  2466 0x1d4c320 TRACE   GST_REFCOUNTING gstobject.c:238:gst_object_ref: 0x1d6f020 ref 1->2
0:00:00.016899948  2466 0x1d4c320 TRACE   GST_REFCOUNTING gstobject.c:238:gst_object_ref: 0x1d6dfe0 ref 1->2
0:00:00.022563993  2465 0x385370 TRACE   GST_REFCOUNTING gstobject.c:208:gst_object_init: 0x3a09f0 new
0:00:00.016912238  2466 0x1d4c320 TRACE   GST_REFCOUNTING gstobject.c:238:gst_object_ref: 0x1d6c530 ref 1->2
0:00:00.022580807  2465 0x385370 LOG   GST_REGISTRY gstregistrychunks.c:611:gst_registry_chunks_load_feature: Reading/casting for GstRegistryChunkElementFactory at address 0x3a0d68
0:00:00.016925093  2466 0x1d4c320 TRACE   GST_REFCOUNTING gstobject.c:238:gst_object_ref: 0x1d6b630 ref 1->2
0:00:00.022596071  2465 0x385370 TRACE   structure gststructure.c:292:gst_structure_new_id_empty_with_size: created structure 0x39fcd0
0:00:00.016936602  2466 0x1d4c320 TRACE   GST_REFCOUNTING gstobject.c:238:gst_object_ref: 0x1d6a840 ref 1->2
0:00:00.022608095  2465 0x385370 DEBUG   structure gststructure.c:2258:gst_structure_parse_field: trying field name 'long-name'
0:00:00.016949790  2466 0x1d4c320 TRACE   GST_REFCOUNTING gstobject.c:238:gst_object_ref: 0x1d68bb0 ref 1->2
0:00:00.016968048  2466 0x1d4c320 DEBUG   GST_REGISTRY gstregistrychunks.c:266:gst_registry_chunks_save_feature: saved 0 interfaces 0 pad templates
0:00:00.022636085  2465 0x385370 DEBUG   default gstvalue.c:2776:_priv_gst_value_parse_value: trying type name 'string'
0:00:00.016989348  2466 0x1d4c320 DEBUG   GST_REGISTRY gstregistrychunks.c:266:gst_registry_chunks_save_feature: saved 0 interfaces 0 pad templates
0:00:00.022656135  2465 0x385370 DEBUG   structure gststructure.c:2258:gst_structure_parse_field: trying field name 'klass'
0:00:00.022667601  2465 0x385370 DEBUG   default gstvalue.c:2776:_priv_gst_value_parse_value: trying type name 'string'
0:00:00.017008165  2466 0x1d4c320 DEBUG   GST_REGISTRY gstregistrychunks.c:266:gst_registry_chunks_save_feature: saved 0 interfaces 0 pad templates
0:00:00.022681205  2465 0x385370 DEBUG   structure gststructure.c:2258:gst_structure_parse_field: trying field name 'description'
0:00:00.022690838  2465 0x385370 DEBUG   default gstvalue.c:2776:_priv_gst_value_parse_value: trying type name 'string'
0:00:00.017033420  2466 0x1d4c320 DEBUG   GST_REGISTRY gstregistrychunks.c:266:gst_registry_chunks_save_feature: saved 1 interfaces 0 pad templates
0:00:00.022702359  2465 0x385370 DEBUG   structure gststructure.c:2258:gst_structure_parse_field: trying field name 'author'
0:00:00.017044541  2466 0x1d4c320 DEBUG   GST_REGISTRY gstregistrychunks.c:285:gst_registry_chunks_save_feature: Saved 1 UriTypes
0:00:00.022712798  2465 0x385370 DEBUG   default gstvalue.c:2776:_priv_gst_value_parse_value: trying type name 'string'
0:00:00.022725728  2465 0x385370 DEBUG   GST_REGISTRY gstregistrychunks.c:627:gst_registry_chunks_load_feature: Element factory : npadtemplates=2
0:00:00.017064585  2466 0x1d4c320 DEBUG   GST_REGISTRY gstregistrychunks.c:266:gst_registry_chunks_save_feature: saved 0 interfaces 0 pad templates
0:00:00.022735748  2465 0x385370 DEBUG   GST_REGISTRY gstregistrychunks.c:527:gst_registry_chunks_load_pad_template: Reading/casting for GstRegistryChunkPadTemplate at address 0x3a0e40
0:00:00.022747304  2465 0x385370 DEBUG   GST_REGISTRY gstregistrychunks.c:540:gst_registry_chunks_load_pad_template: Added pad_template src_%u
0:00:00.017083554  2466 0x1d4c320 DEBUG   GST_REGISTRY gstregistrychunks.c:266:gst_registry_chunks_save_feature: saved 0 interfaces 0 pad templates
0:00:00.022756773  2465 0x385370 DEBUG   GST_REGISTRY gstregistrychunks.c:527:gst_registry_chunks_load_pad_template: Reading/casting for GstRegistryChunkPadTemplate at address 0x3a0e58
0:00:00.022767268  2465 0x385370 DEBUG   GST_REGISTRY gstregistrychunks.c:540:gst_registry_chunks_load_pad_template: Added pad_template sink
0:00:00.017103981  2466 0x1d4c320 DEBUG   GST_REGISTRY gstregistrychunks.c:266:gst_registry_chunks_save_feature: saved 0 interfaces 0 pad templates
0:00:00.022780990  2465 0x385370 DEBUG   GST_REGISTRY gstregistry.c:590:gst_registry_add_feature: adding feature 0x3a09f0 (streamiddemux)
0:00:00.022798009  2465 0x385370 DEBUG   GST_REFCOUNTING gstobject.c:709:gst_object_set_parent: set parent (ref and sink)
0:00:00.017141006  2466 0x1d4c320 DEBUG   GST_REGISTRY gstregistrychunks.c:266:gst_registry_chunks_save_feature: saved 1 interfaces 0 pad templates
0:00:00.022810987  2465 0x385370 TRACE   GST_REFCOUNTING gstobject.c:294:gst_object_ref_sink: 0x3a09f0 ref_sink 1->2
0:00:00.017152862  2466 0x1d4c320 DEBUG   GST_REGISTRY gstregistrychunks.c:285:gst_registry_chunks_save_feature: Saved 1 UriTypes
0:00:00.022824784  2465 0x385370 LOG   GST_REGISTRY gstregistry.c:608:gst_registry_add_feature: emitting feature-added for streamiddemux
0:00:00.017172181  2466 0x1d4c320 DEBUG   GST_REGISTRY gstregistrychunks.c:266:gst_registry_chunks_save_feature: saved 1 interfaces 0 pad templates
0:00:00.022836582  2465 0x385370 DEBUG   GST_REGISTRY gstregistrychunks.c:742:gst_registry_chunks_load_feature: Added feature streamiddemux, plugin 0x3a0580 coreelements
0:00:00.017183785  2466 0x1d4c320 DEBUG   GST_REGISTRY gstregistrychunks.c:285:gst_registry_chunks_save_feature: Saved 1 UriTypes
0:00:00.022850759  2465 0x385370 DEBUG   GST_REGISTRY gstregistrychunks.c:584:gst_registry_chunks_load_feature: Plugin 'coreelements' feature 'valve' typename : 'GstElementFactory'
0:00:00.017200832  2466 0x1d4c320 DEBUG   GST_REGISTRY gstregistrychunks.c:266:gst_registry_chunks_save_feature: saved 1 interfaces 0 pad templates
0:00:00.022865317  2465 0x385370 TRACE   GST_REFCOUNTING gstobject.c:208:gst_object_init: 0x39f7f0 new
0:00:00.017212716  2466 0x1d4c320 DEBUG   GST_REGISTRY gstregistrychunks.c:285:gst_registry_chunks_save_feature: Saved 1 UriTypes
0:00:00.022881800  2465 0x385370 LOG   GST_REGISTRY gstregistrychunks.c:611:gst_registry_chunks_load_feature: Reading/casting for GstRegistryChunkElementFactory at address 0x3a0e88
0:00:00.022909584  2465 0x385370 TRACE   structure gststructure.c:292:gst_structure_new_id_empty_with_size: created structure 0x3a29c0
0:00:00.017245545  2466 0x1d4c320 DEBUG   GST_REGISTRY gstregistrychunks.c:266:gst_registry_chunks_save_feature: saved 0 interfaces 0 pad templates
0:00:00.022920054  2465 0x385370 DEBUG   structure gststructure.c:2258:gst_structure_parse_field: trying field name 'long-name'
0:00:00.022929567  2465 0x385370 DEBUG   default gstvalue.c:2776:_priv_gst_value_parse_value: trying type name 'string'
0:00:00.017267381  2466 0x1d4c320 DEBUG   GST_REGISTRY gstregistrychunks.c:266:gst_registry_chunks_save_feature: saved 0 interfaces 0 pad templates
0:00:00.022941672  2465 0x385370 DEBUG   structure gststructure.c:2258:gst_structure_parse_field: trying field name 'klass'
0:00:00.017285960  2466 0x1d4c320 DEBUG   GST_REGISTRY gstregistrychunks.c:266:gst_registry_chunks_save_feature: saved 0 interfaces 0 pad templates
0:00:00.022951136  2465 0x385370 DEBUG   default gstvalue.c:2776:_priv_gst_value_parse_value: trying type name 'string'
0:00:00.017307308  2466 0x1d4c320 DEBUG   GST_REGISTRY gstregistrychunks.c:266:gst_registry_chunks_save_feature: saved 0 interfaces 0 pad templates
0:00:00.022971926  2465 0x385370 DEBUG   structure gststructure.c:2258:gst_structure_parse_field: trying field name 'description'
0:00:00.022984347  2465 0x385370 DEBUG   default gstvalue.c:2776:_priv_gst_value_parse_value: trying type name 'string'
0:00:00.017326051  2466 0x1d4c320 DEBUG   GST_REGISTRY gstregistrychunks.c:266:gst_registry_chunks_save_feature: saved 0 interfaces 0 pad templates
0:00:00.022996168  2465 0x385370 DEBUG   structure gststructure.c:2258:gst_structure_parse_field: trying field name 'author'
0:00:00.023006614  2465 0x385370 DEBUG   default gstvalue.c:2776:_priv_gst_value_parse_value: trying type name 'string'
0:00:00.017344091  2466 0x1d4c320 DEBUG   GST_REGISTRY gstregistrychunks.c:266:gst_registry_chunks_save_feature: saved 0 interfaces 0 pad templates
0:00:00.023018687  2465 0x385370 DEBUG   GST_REGISTRY gstregistrychunks.c:627:gst_registry_chunks_load_feature: Element factory : npadtemplates=2
0:00:00.017363662  2466 0x1d4c320 DEBUG   GST_REGISTRY gstregistrychunks.c:266:gst_registry_chunks_save_feature: saved 1 interfaces 0 pad templates
0:00:00.023028010  2465 0x385370 DEBUG   GST_REGISTRY gstregistrychunks.c:527:gst_registry_chunks_load_pad_template: Reading/casting for GstRegistryChunkPadTemplate at address 0x3a0f78
0:00:00.017374926  2466 0x1d4c320 DEBUG   GST_REGISTRY gstregistrychunks.c:285:gst_registry_chunks_save_feature: Saved 1 UriTypes
0:00:00.023040849  2465 0x385370 DEBUG   GST_REGISTRY gstregistrychunks.c:540:gst_registry_chunks_load_pad_template: Added pad_template sink
0:00:00.023051545  2465 0x385370 DEBUG   GST_REGISTRY gstregistrychunks.c:527:gst_registry_chunks_load_pad_template: Reading/casting for GstRegistryChunkPadTemplate at address 0x3a0f90
0:00:00.017392360  2466 0x1d4c320 DEBUG   GST_REGISTRY gstregistrychunks.c:266:gst_registry_chunks_save_feature: saved 0 interfaces 0 pad templates
0:00:00.023062120  2465 0x385370 DEBUG   GST_REGISTRY gstregistrychunks.c:540:gst_registry_chunks_load_pad_template: Added pad_template src
0:00:00.017411230  2466 0x1d4c320 DEBUG   GST_REGISTRY gstregistrychunks.c:266:gst_registry_chunks_save_feature: saved 0 interfaces 0 pad templates
0:00:00.023076801  2465 0x385370 DEBUG   GST_REGISTRY gstregistry.c:590:gst_registry_add_feature: adding feature 0x39f7f0 (valve)
0:00:00.023089097  2465 0x385370 DEBUG   GST_REFCOUNTING gstobject.c:709:gst_object_set_parent: set parent (ref and sink)
0:00:00.017429714  2466 0x1d4c320 DEBUG   GST_REGISTRY gstregistrychunks.c:266:gst_registry_chunks_save_feature: saved 0 interfaces 0 pad templates
0:00:00.023103106  2465 0x385370 TRACE   GST_REFCOUNTING gstobject.c:294:gst_object_ref_sink: 0x39f7f0 ref_sink 1->2
0:00:00.023114812  2465 0x385370 LOG   GST_REGISTRY gstregistry.c:608:gst_registry_add_feature: emitting feature-added for valve
0:00:00.017450869  2466 0x1d4c320 DEBUG   GST_REGISTRY gstregistrychunks.c:266:gst_registry_chunks_save_feature: saved 0 interfaces 0 pad templates
0:00:00.023135073  2465 0x385370 DEBUG   GST_REGISTRY gstregistrychunks.c:742:gst_registry_chunks_load_feature: Added feature valve, plugin 0x3a0580 coreelements
0:00:00.023146303  2465 0x385370 DEBUG   GST_REGISTRY gstregistrychunks.c:584:gst_registry_chunks_load_feature: Plugin 'coreelements' feature 'multiqueue' typename : 'GstElementFactory'
0:00:00.017483324  2466 0x1d4c320 DEBUG   GST_REGISTRY gstregistrychunks.c:266:gst_registry_chunks_save_feature: saved 0 interfaces 0 pad templates
0:00:00.023160512  2465 0x385370 TRACE   GST_REFCOUNTING gstobject.c:208:gst_object_init: 0x3a2b40 new
0:00:00.017505453  2466 0x1d4c320 TRACE   GST_REFCOUNTING gstobject.c:265:gst_object_unref: 0x1d68bb0 unref 2->1
0:00:00.023174371  2465 0x385370 LOG   GST_REGISTRY gstregistrychunks.c:611:gst_registry_chunks_load_feature: Reading/casting for GstRegistryChunkElementFactory at address 0x3a0fc0
0:00:00.023187075  2465 0x385370 TRACE   structure gststructure.c:292:gst_structure_new_id_empty_with_size: created structure 0x3a2c30
0:00:00.023198138  2465 0x385370 DEBUG   structure gststructure.c:2258:gst_structure_parse_field: trying field name 'long-name'
0:00:00.023210057  2465 0x385370 DEBUG   default gstvalue.c:2776:_priv_gst_value_parse_value: trying type name 'string'
0:00:00.023219139  2465 0x385370 DEBUG   structure gststructure.c:2258:gst_structure_parse_field: trying field name 'klass'
0:00:00.023228198  2465 0x385370 DEBUG   default gstvalue.c:2776:_priv_gst_value_parse_value: trying type name 'string'
0:00:00.017520367  2466 0x1d4c320 TRACE   GST_REFCOUNTING gstobject.c:265:gst_object_unref: 0x1d6a840 unref 2->1
0:00:00.023237942  2465 0x385370 DEBUG   structure gststructure.c:2258:gst_structure_parse_field: trying field name 'description'
0:00:00.023249741  2465 0x385370 DEBUG   default gstvalue.c:2776:_priv_gst_value_parse_value: trying type name 'string'
0:00:00.017587776  2466 0x1d4c320 TRACE   GST_REFCOUNTING gstobject.c:265:gst_object_unref: 0x1d6b630 unref 2->1
0:00:00.023261138  2465 0x385370 DEBUG   structure gststructure.c:2258:gst_structure_parse_field: trying field name 'author'
0:00:00.017601796  2466 0x1d4c320 TRACE   GST_REFCOUNTING gstobject.c:265:gst_object_unref: 0x1d6c530 unref 2->1
0:00:00.023270385  2465 0x385370 DEBUG   default gstvalue.c:2776:_priv_gst_value_parse_value: trying type name 'string'
0:00:00.017615525  2466 0x1d4c320 TRACE   GST_REFCOUNTING gstobject.c:265:gst_object_unref: 0x1d6dfe0 unref 2->1
0:00:00.023292807  2465 0x385370 DEBUG   GST_REGISTRY gstregistrychunks.c:627:gst_registry_chunks_load_feature: Element factory : npadtemplates=2
0:00:00.017630205  2466 0x1d4c320 TRACE   GST_REFCOUNTING gstobject.c:265:gst_object_unref: 0x1d6f020 unref 2->1
0:00:00.023303322  2465 0x385370 DEBUG   GST_REGISTRY gstregistrychunks.c:527:gst_registry_chunks_load_pad_template: Reading/casting for GstRegistryChunkPadTemplate at address 0x3a1080
