0:00:00.002190775  2473 0x755320 LOG   GST_PLUGIN_LOADING gstplugin.c:887:_priv_gst_plugin_load_file_for_registry: Plugin 0x76ef40 for file "/home/conan/w/prod/BuildSingleReference/.conan/data/gstreamer/1.19.2/_/_/package/7935acf34602213af1e3939e2637ba8a4da1774a/lib/gstreamer-1.0/libgstcoretracers.so" prepared, calling entry function...
0:00:00.006306093  2472 0x1992370 DEBUG   GST_REGISTRY gstregistry.c:1172:gst_registry_scan_plugin_file: Using scan-helper to load plugin /home/conan/w/prod/BuildSingleReference/.conan/data/gstreamer/1.19.2/_/_/package/7935acf34602213af1e3939e2637ba8a4da1774a/lib/gstreamer-1.0/libgstcoretracers.so
0:00:00.002201128  2473 0x755320 LOG   GST_PLUGIN_LOADING gstplugin.c:894:_priv_gst_plugin_load_file_for_registry: Plugin 0x76ef40 for file "/home/conan/w/prod/BuildSingleReference/.conan/data/gstreamer/1.19.2/_/_/package/7935acf34602213af1e3939e2637ba8a4da1774a/lib/gstreamer-1.0/libgstcoretracers.so" prepared, registering...
0:00:00.006315843  2472 0x1992370 LOG   GST_PLUGIN_LOADING gstpluginloader.c:236:plugin_loader_load: Sending file /home/conan/w/prod/BuildSingleReference/.conan/data/gstreamer/1.19.2/_/_/package/7935acf34602213af1e3939e2637ba8a4da1774a/lib/gstreamer-1.0/libgstcoretracers.so to child. tag 2
0:00:00.002213960  2473 0x755320 LOG   GST_PLUGIN_LOADING gstplugin.c:511:gst_plugin_register_func: plugin "/home/conan/w/prod/BuildSingleReference/.conan/data/gstreamer/1.19.2/_/_/package/7935acf34602213af1e3939e2637ba8a4da1774a/lib/gstreamer-1.0/libgstcoretracers.so" looks good
0:00:00.006332951  2472 0x1992370 DEBUG   GST_POLL gstpoll.c:980:gst_poll_fd_ctl_write: 0x19abd60: fd (fd:7, idx:1), active : 1
0:00:00.006340511  2472 0x1992370 LOG   GST_POLL gstpoll.c:994:gst_poll_fd_ctl_write: 0x19abd60: pfd->events now 60 (POLLOUT:4)
0:00:00.006347058  2472 0x1992370 DEBUG   GST_POLL gstpoll.c:1414:gst_poll_wait: 0x19abd60: timeout :0:00:01.000000000
0:00:00.002235635  2473 0x755320 TRACE   GST_REFCOUNTING gstobject.c:208:gst_object_init: 0x76f2f0 new
0:00:00.006354672  2472 0x1992370 LOG   GST_PLUGIN_LOADING gstpluginloader.c:1027:exchange_packets: Poll res = 1. 173 bytes pending for write
0:00:00.006361425  2472 0x1992370 DEBUG   GST_POLL gstpoll.c:1241:gst_poll_fd_has_error: 0x19abd60: fd (fd:8, idx:2) 0
0:00:00.002246758  2473 0x755320 DEBUG   GST_TRACER gsttracer.c:169:gst_tracer_register: new tracer factory for latency
0:00:00.006367027  2472 0x1992370 DEBUG   GST_POLL gstpoll.c:1266:gst_poll_fd_can_read_unlocked: 0x19abd60: fd (fd:8, idx:2) 0
0:00:00.002257146  2473 0x755320 DEBUG   GST_TRACER gsttracer.c:177:gst_tracer_register: tracer factory for 7784320:GstLatencyTracer
0:00:00.006373049  2472 0x1992370 DEBUG   GST_POLL gstpoll.c:1195:gst_poll_fd_has_closed: 0x19abd60: fd (fd:8, idx:2) 0
0:00:00.002265802  2473 0x755320 DEBUG   GST_REGISTRY gstregistry.c:590:gst_registry_add_feature: adding feature 0x76f2f0 (latency)
0:00:00.006382202  2472 0x1992370 DEBUG   GST_POLL gstpoll.c:1241:gst_poll_fd_has_error: 0x19abd60: fd (fd:7, idx:1) 0
0:00:00.002272173  2473 0x755320 DEBUG   GST_REFCOUNTING gstobject.c:709:gst_object_set_parent: set parent (ref and sink)
0:00:00.006389115  2472 0x1992370 DEBUG   GST_POLL gstpoll.c:1335:gst_poll_fd_can_write: 0x19abd60: fd (fd:7, idx:1) 1
0:00:00.002279667  2473 0x755320 TRACE   GST_REFCOUNTING gstobject.c:294:gst_object_ref_sink: 0x76f2f0 ref_sink 1->2
0:00:00.006395157  2472 0x1992370 LOG   GST_PLUGIN_LOADING gstpluginloader.c:689:write_one: Writing packet of size 173 bytes to fd 7
0:00:00.002289398  2473 0x755320 LOG   GST_REGISTRY gstregistry.c:608:gst_registry_add_feature: emitting feature-added for latency
0:00:00.006405458  2472 0x1992370 DEBUG   GST_POLL gstpoll.c:980:gst_poll_fd_ctl_write: 0x19abd60: fd (fd:7, idx:1), active : 0
0:00:00.006412784  2472 0x1992370 LOG   GST_POLL gstpoll.c:994:gst_poll_fd_ctl_write: 0x19abd60: pfd->events now 56 (POLLOUT:4)
0:00:00.002306025  2473 0x755320 TRACE   GST_REFCOUNTING gstobject.c:208:gst_object_init: 0x76f650 new
0:00:00.002315143  2473 0x755320 DEBUG   GST_TRACER gsttracer.c:169:gst_tracer_register: new tracer factory for log
0:00:00.006431081  2472 0x1992370 LOG   GST_REGISTRY gstregistry.c:1300:gst_registry_scan_path_level: file /home/conan/w/prod/BuildSingleReference/.conan/data/gstreamer/1.19.2/_/_/package/7935acf34602213af1e3939e2637ba8a4da1774a/lib/gstreamer-1.0/libgstcoreelements.so looks like a possible module
0:00:00.002322591  2473 0x755320 DEBUG   GST_TRACER gsttracer.c:177:gst_tracer_register: tracer factory for 7795744:GstLogTracer
0:00:00.006440568  2472 0x1992370 DEBUG   GST_REGISTRY gstregistry.c:1361:gst_registry_scan_path_level: file /home/conan/w/prod/BuildSingleReference/.conan/data/gstreamer/1.19.2/_/_/package/7935acf34602213af1e3939e2637ba8a4da1774a/lib/gstreamer-1.0/libgstcoreelements.so not yet in registry
0:00:00.002330470  2473 0x755320 DEBUG   GST_REGISTRY gstregistry.c:590:gst_registry_add_feature: adding feature 0x76f650 (log)
0:00:00.006447537  2472 0x1992370 DEBUG   GST_REGISTRY gstregistry.c:1172:gst_registry_scan_plugin_file: Using scan-helper to load plugin /home/conan/w/prod/BuildSingleReference/.conan/data/gstreamer/1.19.2/_/_/package/7935acf34602213af1e3939e2637ba8a4da1774a/lib/gstreamer-1.0/libgstcoreelements.so
0:00:00.002336296  2473 0x755320 DEBUG   GST_REFCOUNTING gstobject.c:709:gst_object_set_parent: set parent (ref and sink)
0:00:00.006454721  2472 0x1992370 LOG   GST_PLUGIN_LOADING gstpluginloader.c:236:plugin_loader_load: Sending file /home/conan/w/prod/BuildSingleReference/.conan/data/gstreamer/1.19.2/_/_/package/7935acf34602213af1e3939e2637ba8a4da1774a/lib/gstreamer-1.0/libgstcoreelements.so to child. tag 3
0:00:00.002343682  2473 0x755320 TRACE   GST_REFCOUNTING gstobject.c:294:gst_object_ref_sink: 0x76f650 ref_sink 1->2
0:00:00.006461896  2472 0x1992370 DEBUG   GST_POLL gstpoll.c:980:gst_poll_fd_ctl_write: 0x19abd60: fd (fd:7, idx:1), active : 1
0:00:00.002352587  2473 0x755320 LOG   GST_REGISTRY gstregistry.c:608:gst_registry_add_feature: emitting feature-added for log
0:00:00.006468189  2472 0x1992370 LOG   GST_POLL gstpoll.c:994:gst_poll_fd_ctl_write: 0x19abd60: pfd->events now 60 (POLLOUT:4)
0:00:00.006476806  2472 0x1992370 DEBUG   GST_POLL gstpoll.c:1414:gst_poll_wait: 0x19abd60: timeout :0:00:01.000000000
0:00:00.002364982  2473 0x755320 TRACE   GST_REFCOUNTING gstobject.c:208:gst_object_init: 0x76fa10 new
0:00:00.006483892  2472 0x1992370 LOG   GST_PLUGIN_LOADING gstpluginloader.c:1027:exchange_packets: Poll res = 1. 174 bytes pending for write
0:00:00.002373639  2473 0x755320 DEBUG   GST_TRACER gsttracer.c:169:gst_tracer_register: new tracer factory for rusage
0:00:00.006492670  2472 0x1992370 DEBUG   GST_POLL gstpoll.c:1241:gst_poll_fd_has_error: 0x19abd60: fd (fd:8, idx:2) 0
0:00:00.002381438  2473 0x755320 DEBUG   GST_TRACER gsttracer.c:177:gst_tracer_register: tracer factory for 7796864:GstRUsageTracer
0:00:00.006499515  2472 0x1992370 DEBUG   GST_POLL gstpoll.c:1266:gst_poll_fd_can_read_unlocked: 0x19abd60: fd (fd:8, idx:2) 0
0:00:00.002394001  2473 0x755320 DEBUG   GST_REGISTRY gstregistry.c:590:gst_registry_add_feature: adding feature 0x76fa10 (rusage)
0:00:00.006509271  2472 0x1992370 DEBUG   GST_POLL gstpoll.c:1195:gst_poll_fd_has_closed: 0x19abd60: fd (fd:8, idx:2) 0
0:00:00.002399992  2473 0x755320 DEBUG   GST_REFCOUNTING gstobject.c:709:gst_object_set_parent: set parent (ref and sink)
0:00:00.006516439  2472 0x1992370 DEBUG   GST_POLL gstpoll.c:1241:gst_poll_fd_has_error: 0x19abd60: fd (fd:7, idx:1) 0
0:00:00.002407047  2473 0x755320 TRACE   GST_REFCOUNTING gstobject.c:294:gst_object_ref_sink: 0x76fa10 ref_sink 1->2
0:00:00.006522874  2472 0x1992370 DEBUG   GST_POLL gstpoll.c:1335:gst_poll_fd_can_write: 0x19abd60: fd (fd:7, idx:1) 1
0:00:00.006530587  2472 0x1992370 LOG   GST_PLUGIN_LOADING gstpluginloader.c:689:write_one: Writing packet of size 174 bytes to fd 7
0:00:00.002415901  2473 0x755320 LOG   GST_REGISTRY gstregistry.c:608:gst_registry_add_feature: emitting feature-added for rusage
0:00:00.006537895  2472 0x1992370 DEBUG   GST_POLL gstpoll.c:980:gst_poll_fd_ctl_write: 0x19abd60: fd (fd:7, idx:1), active : 0
0:00:00.002430047  2473 0x755320 TRACE   GST_REFCOUNTING gstobject.c:208:gst_object_init: 0x76fc20 new
0:00:00.006545882  2472 0x1992370 LOG   GST_POLL gstpoll.c:994:gst_poll_fd_ctl_write: 0x19abd60: pfd->events now 56 (POLLOUT:4)
0:00:00.002438655  2473 0x755320 DEBUG   GST_TRACER gsttracer.c:169:gst_tracer_register: new tracer factory for stats
0:00:00.006559422  2472 0x1992370 DEBUG   GST_REGISTRY gstregistry.c:1384:gst_registry_scan_path_internal: registry changed in path /home/conan/w/prod/BuildSingleReference/.conan/data/gstreamer/1.19.2/_/_/package/7935acf34602213af1e3939e2637ba8a4da1774a/lib/gstreamer-1.0: 0
0:00:00.002453599  2473 0x755320 DEBUG   GST_TRACER gsttracer.c:177:gst_tracer_register: tracer factory for 7797456:GstStatsTracer
0:00:00.006572638  2472 0x1992370 DEBUG   GST_POLL gstpoll.c:980:gst_poll_fd_ctl_write: 0x19abd60: fd (fd:7, idx:1), active : 1
0:00:00.002461279  2473 0x755320 DEBUG   GST_REGISTRY gstregistry.c:590:gst_registry_add_feature: adding feature 0x76fc20 (stats)
0:00:00.006578856  2472 0x1992370 LOG   GST_POLL gstpoll.c:994:gst_poll_fd_ctl_write: 0x19abd60: pfd->events now 60 (POLLOUT:4)
0:00:00.002467368  2473 0x755320 DEBUG   GST_REFCOUNTING gstobject.c:709:gst_object_set_parent: set parent (ref and sink)
0:00:00.006585822  2472 0x1992370 DEBUG   GST_POLL gstpoll.c:1414:gst_poll_wait: 0x19abd60: timeout :0:00:01.000000000
0:00:00.002474319  2473 0x755320 TRACE   GST_REFCOUNTING gstobject.c:294:gst_object_ref_sink: 0x76fc20 ref_sink 1->2
0:00:00.006595745  2472 0x1992370 LOG   GST_PLUGIN_LOADING gstpluginloader.c:1027:exchange_packets: Poll res = 1. 12 bytes pending for write
0:00:00.002483135  2473 0x755320 LOG   GST_REGISTRY gstregistry.c:608:gst_registry_add_feature: emitting feature-added for stats
0:00:00.006607995  2472 0x1992370 DEBUG   GST_POLL gstpoll.c:1241:gst_poll_fd_has_error: 0x19abd60: fd (fd:8, idx:2) 0
0:00:00.006614220  2472 0x1992370 DEBUG   GST_POLL gstpoll.c:1266:gst_poll_fd_can_read_unlocked: 0x19abd60: fd (fd:8, idx:2) 0
0:00:00.002504219  2473 0x755320 TRACE   GST_REFCOUNTING gstobject.c:208:gst_object_init: 0x76fe60 new
0:00:00.006619330  2472 0x1992370 DEBUG   GST_POLL gstpoll.c:1195:gst_poll_fd_has_closed: 0x19abd60: fd (fd:8, idx:2) 0
0:00:00.006627404  2472 0x1992370 DEBUG   GST_POLL gstpoll.c:1241:gst_poll_fd_has_error: 0x19abd60: fd (fd:7, idx:1) 0
0:00:00.002513436  2473 0x755320 DEBUG   GST_TRACER gsttracer.c:169:gst_tracer_register: new tracer factory for leaks
0:00:00.006632662  2472 0x1992370 DEBUG   GST_POLL gstpoll.c:1335:gst_poll_fd_can_write: 0x19abd60: fd (fd:7, idx:1) 1
0:00:00.002521731  2473 0x755320 DEBUG   GST_TRACER gsttracer.c:177:gst_tracer_register: tracer factory for 7798240:GstLeaksTracer
0:00:00.006638235  2472 0x1992370 LOG   GST_PLUGIN_LOADING gstpluginloader.c:689:write_one: Writing packet of size 12 bytes to fd 7
0:00:00.002529206  2473 0x755320 DEBUG   GST_REGISTRY gstregistry.c:590:gst_registry_add_feature: adding feature 0x76fe60 (leaks)
0:00:00.006647942  2472 0x1992370 DEBUG   GST_POLL gstpoll.c:980:gst_poll_fd_ctl_write: 0x19abd60: fd (fd:7, idx:1), active : 0
0:00:00.002535129  2473 0x755320 DEBUG   GST_REFCOUNTING gstobject.c:709:gst_object_set_parent: set parent (ref and sink)
0:00:00.006654704  2472 0x1992370 LOG   GST_POLL gstpoll.c:994:gst_poll_fd_ctl_write: 0x19abd60: pfd->events now 56 (POLLOUT:4)
0:00:00.002545238  2473 0x755320 TRACE   GST_REFCOUNTING gstobject.c:294:gst_object_ref_sink: 0x76fe60 ref_sink 1->2
0:00:00.006661575  2472 0x1992370 DEBUG   GST_POLL gstpoll.c:1414:gst_poll_wait: 0x19abd60: timeout :0:00:01.000000000
0:00:00.002552802  2473 0x755320 LOG   GST_REGISTRY gstregistry.c:608:gst_registry_add_feature: emitting feature-added for leaks
0:00:00.002584743  2473 0x755320 TRACE   GST_REFCOUNTING gstobject.c:208:gst_object_init: 0x7700e0 new
0:00:00.002598956  2473 0x755320 DEBUG   GST_TRACER gsttracer.c:169:gst_tracer_register: new tracer factory for factories
0:00:00.002608689  2473 0x755320 DEBUG   GST_TRACER gsttracer.c:177:gst_tracer_register: tracer factory for 7798560:GstFactoriesTracer
0:00:00.002618308  2473 0x755320 DEBUG   GST_REGISTRY gstregistry.c:590:gst_registry_add_feature: adding feature 0x7700e0 (factories)
0:00:00.002625834  2473 0x755320 DEBUG   GST_REFCOUNTING gstobject.c:709:gst_object_set_parent: set parent (ref and sink)
0:00:00.002632760  2473 0x755320 TRACE   GST_REFCOUNTING gstobject.c:294:gst_object_ref_sink: 0x7700e0 ref_sink 1->2
0:00:00.002643227  2473 0x755320 LOG   GST_REGISTRY gstregistry.c:608:gst_registry_add_feature: emitting feature-added for factories
0:00:00.002649680  2473 0x755320 LOG   GST_PLUGIN_LOADING gstplugin.c:538:gst_plugin_register_func: plugin "/home/conan/w/prod/BuildSingleReference/.conan/data/gstreamer/1.19.2/_/_/package/7935acf34602213af1e3939e2637ba8a4da1774a/lib/gstreamer-1.0/libgstcoretracers.so" initialised
0:00:00.002657365  2473 0x755320 INFO   GST_PLUGIN_LOADING gstplugin.c:912:_priv_gst_plugin_load_file_for_registry: plugin "/home/conan/w/prod/BuildSingleReference/.conan/data/gstreamer/1.19.2/_/_/package/7935acf34602213af1e3939e2637ba8a4da1774a/lib/gstreamer-1.0/libgstcoretracers.so" loaded
0:00:00.002664017  2473 0x755320 TRACE   GST_REFCOUNTING gstobject.c:238:gst_object_ref: 0x76ef40 ref 1->2
0:00:00.002674283  2473 0x755320 DEBUG   GST_REGISTRY gstregistry.c:474:gst_registry_add_plugin: adding plugin 0x76ef40 for filename "/home/conan/w/prod/BuildSingleReference/.conan/data/gstreamer/1.19.2/_/_/package/7935acf34602213af1e3939e2637ba8a4da1774a/lib/gstreamer-1.0/libgstcoretracers.so"
0:00:00.002682478  2473 0x755320 TRACE   GST_REFCOUNTING gstobject.c:294:gst_object_ref_sink: 0x76ef40 ref_sink 2->3
0:00:00.002689293  2473 0x755320 LOG   GST_REGISTRY gstregistry.c:487:gst_registry_add_plugin: emitting plugin-added for filename "/home/conan/w/prod/BuildSingleReference/.conan/data/gstreamer/1.19.2/_/_/package/7935acf34602213af1e3939e2637ba8a4da1774a/lib/gstreamer-1.0/libgstcoretracers.so"
0:00:00.002696360  2473 0x755320 TRACE   GST_REFCOUNTING gstobject.c:238:gst_object_ref: 0x7700e0 ref 1->2
0:00:00.002702698  2473 0x755320 TRACE   GST_REFCOUNTING gstobject.c:238:gst_object_ref: 0x76fe60 ref 1->2
0:00:00.002708943  2473 0x755320 TRACE   GST_REFCOUNTING gstobject.c:238:gst_object_ref: 0x76fc20 ref 1->2
0:00:00.002715269  2473 0x755320 TRACE   GST_REFCOUNTING gstobject.c:238:gst_object_ref: 0x76fa10 ref 1->2
0:00:00.002721507  2473 0x755320 TRACE   GST_REFCOUNTING gstobject.c:238:gst_object_ref: 0x76f650 ref 1->2
0:00:00.002730590  2473 0x755320 TRACE   GST_REFCOUNTING gstobject.c:238:gst_object_ref: 0x76f2f0 ref 1->2
0:00:00.002745636  2473 0x755320 TRACE   GST_REFCOUNTING gstobject.c:265:gst_object_unref: 0x76f2f0 unref 2->1
0:00:00.002753304  2473 0x755320 TRACE   GST_REFCOUNTING gstobject.c:265:gst_object_unref: 0x76f650 unref 2->1
0:00:00.002759431  2473 0x755320 TRACE   GST_REFCOUNTING gstobject.c:265:gst_object_unref: 0x76fa10 unref 2->1
0:00:00.002765320  2473 0x755320 TRACE   GST_REFCOUNTING gstobject.c:265:gst_object_unref: 0x76fc20 unref 2->1
0:00:00.002771001  2473 0x755320 TRACE   GST_REFCOUNTING gstobject.c:265:gst_object_unref: 0x76fe60 unref 2->1
0:00:00.002776653  2473 0x755320 TRACE   GST_REFCOUNTING gstobject.c:265:gst_object_unref: 0x7700e0 unref 2->1
0:00:00.002788318  2473 0x755320 DEBUG   GST_REGISTRY gstregistrychunks.c:499:_priv_gst_registry_chunks_save_plugin: Found 6 features in plugin 0x76ef40 (coretracers)
0:00:00.002803951  2473 0x755320 DEBUG   GST_POLL gstpoll.c:980:gst_poll_fd_ctl_write: 0x75da00: fd (fd:0, idx:1), active : 1
0:00:00.002810265  2473 0x755320 LOG   GST_POLL gstpoll.c:994:gst_poll_fd_ctl_write: 0x75da00: pfd->events now 60 (POLLOUT:4)
0:00:00.002817084  2473 0x755320 DEBUG   GST_POLL gstpoll.c:980:gst_poll_fd_ctl_write: 0x75da00: fd (fd:0, idx:1), active : 1
0:00:00.002822538  2473 0x755320 LOG   GST_POLL gstpoll.c:994:gst_poll_fd_ctl_write: 0x75da00: pfd->events now 60 (POLLOUT:4)
0:00:00.002828697  2473 0x755320 DEBUG   GST_POLL gstpoll.c:980:gst_poll_fd_ctl_write: 0x75da00: fd (fd:0, idx:1), active : 1
0:00:00.002834155  2473 0x755320 LOG   GST_POLL gstpoll.c:994:gst_poll_fd_ctl_write: 0x75da00: pfd->events now 60 (POLLOUT:4)
0:00:00.002842537  2473 0x755320 DEBUG   GST_POLL gstpoll.c:980:gst_poll_fd_ctl_write: 0x75da00: fd (fd:0, idx:1), active : 1
0:00:00.002849110  2473 0x755320 LOG   GST_POLL gstpoll.c:994:gst_poll_fd_ctl_write: 0x75da00: pfd->events now 60 (POLLOUT:4)
0:00:00.002855068  2473 0x755320 DEBUG   GST_POLL gstpoll.c:980:gst_poll_fd_ctl_write: 0x75da00: fd (fd:0, idx:1), active : 1
0:00:00.002861709  2473 0x755320 LOG   GST_POLL gstpoll.c:994:gst_poll_fd_ctl_write: 0x75da00: pfd->events now 60 (POLLOUT:4)
0:00:00.002867750  2473 0x755320 DEBUG   GST_POLL gstpoll.c:980:gst_poll_fd_ctl_write: 0x75da00: fd (fd:0, idx:1), active : 1
0:00:00.002872778  2473 0x755320 LOG   GST_POLL gstpoll.c:994:gst_poll_fd_ctl_write: 0x75da00: pfd->events now 60 (POLLOUT:4)
0:00:00.002878039  2473 0x755320 DEBUG   GST_POLL gstpoll.c:980:gst_poll_fd_ctl_write: 0x75da00: fd (fd:0, idx:1), active : 1
0:00:00.002882862  2473 0x755320 LOG   GST_POLL gstpoll.c:994:gst_poll_fd_ctl_write: 0x75da00: pfd->events now 60 (POLLOUT:4)
0:00:00.002890738  2473 0x755320 DEBUG   GST_POLL gstpoll.c:980:gst_poll_fd_ctl_write: 0x75da00: fd (fd:0, idx:1), active : 1
0:00:00.002896696  2473 0x755320 LOG   GST_POLL gstpoll.c:994:gst_poll_fd_ctl_write: 0x75da00: pfd->events now 60 (POLLOUT:4)
0:00:00.002902613  2473 0x755320 DEBUG   GST_POLL gstpoll.c:980:gst_poll_fd_ctl_write: 0x75da00: fd (fd:0, idx:1), active : 1
0:00:00.002907486  2473 0x755320 LOG   GST_POLL gstpoll.c:994:gst_poll_fd_ctl_write: 0x75da00: pfd->events now 60 (POLLOUT:4)
0:00:00.002912640  2473 0x755320 DEBUG   GST_POLL gstpoll.c:980:gst_poll_fd_ctl_write: 0x75da00: fd (fd:0, idx:1), active : 1
0:00:00.002917484  2473 0x755320 LOG   GST_POLL gstpoll.c:994:gst_poll_fd_ctl_write: 0x75da00: pfd->events now 60 (POLLOUT:4)
0:00:00.002922594  2473 0x755320 DEBUG   GST_POLL gstpoll.c:980:gst_poll_fd_ctl_write: 0x75da00: fd (fd:0, idx:1), active : 1
0:00:00.002927438  2473 0x755320 LOG   GST_POLL gstpoll.c:994:gst_poll_fd_ctl_write: 0x75da00: pfd->events now 60 (POLLOUT:4)
0:00:00.002935379  2473 0x755320 DEBUG   GST_POLL gstpoll.c:980:gst_poll_fd_ctl_write: 0x75da00: fd (fd:0, idx:1), active : 1
0:00:00.002945636  2473 0x755320 LOG   GST_POLL gstpoll.c:994:gst_poll_fd_ctl_write: 0x75da00: pfd->events now 60 (POLLOUT:4)
0:00:00.002951306  2473 0x755320 DEBUG   GST_POLL gstpoll.c:980:gst_poll_fd_ctl_write: 0x75da00: fd (fd:0, idx:1), active : 1
0:00:00.002958781  2473 0x755320 LOG   GST_POLL gstpoll.c:994:gst_poll_fd_ctl_write: 0x75da00: pfd->events now 60 (POLLOUT:4)
0:00:00.002967109  2473 0x755320 DEBUG   GST_POLL gstpoll.c:980:gst_poll_fd_ctl_write: 0x75da00: fd (fd:0, idx:1), active : 1
0:00:00.002974662  2473 0x755320 LOG   GST_POLL gstpoll.c:994:gst_poll_fd_ctl_write: 0x75da00: pfd->events now 60 (POLLOUT:4)
0:00:00.002982698  2473 0x755320 DEBUG   GST_POLL gstpoll.c:980:gst_poll_fd_ctl_write: 0x75da00: fd (fd:0, idx:1), active : 1
0:00:00.002990140  2473 0x755320 LOG   GST_POLL gstpoll.c:994:gst_poll_fd_ctl_write: 0x75da00: pfd->events now 60 (POLLOUT:4)
0:00:00.002998537  2473 0x755320 DEBUG   GST_POLL gstpoll.c:980:gst_poll_fd_ctl_write: 0x75da00: fd (fd:0, idx:1), active : 1
0:00:00.003004339  2473 0x755320 LOG   GST_POLL gstpoll.c:994:gst_poll_fd_ctl_write: 0x75da00: pfd->events now 60 (POLLOUT:4)
0:00:00.003009728  2473 0x755320 DEBUG   GST_POLL gstpoll.c:980:gst_poll_fd_ctl_write: 0x75da00: fd (fd:0, idx:1), active : 1
0:00:00.003014709  2473 0x755320 LOG   GST_POLL gstpoll.c:994:gst_poll_fd_ctl_write: 0x75da00: pfd->events now 60 (POLLOUT:4)
0:00:00.003019932  2473 0x755320 DEBUG   GST_POLL gstpoll.c:980:gst_poll_fd_ctl_write: 0x75da00: fd (fd:0, idx:1), active : 1
0:00:00.003024768  2473 0x755320 LOG   GST_POLL gstpoll.c:994:gst_poll_fd_ctl_write: 0x75da00: pfd->events now 60 (POLLOUT:4)
0:00:00.003029943  2473 0x755320 DEBUG   GST_POLL gstpoll.c:980:gst_poll_fd_ctl_write: 0x75da00: fd (fd:0, idx:1), active : 1
0:00:00.003034810  2473 0x755320 LOG   GST_POLL gstpoll.c:994:gst_poll_fd_ctl_write: 0x75da00: pfd->events now 60 (POLLOUT:4)
0:00:00.003042598  2473 0x755320 DEBUG   GST_POLL gstpoll.c:980:gst_poll_fd_ctl_write: 0x75da00: fd (fd:0, idx:1), active : 1
0:00:00.003048430  2473 0x755320 LOG   GST_POLL gstpoll.c:994:gst_poll_fd_ctl_write: 0x75da00: pfd->events now 60 (POLLOUT:4)
0:00:00.003053966  2473 0x755320 DEBUG   GST_POLL gstpoll.c:980:gst_poll_fd_ctl_write: 0x75da00: fd (fd:0, idx:1), active : 1
0:00:00.003059035  2473 0x755320 LOG   GST_POLL gstpoll.c:994:gst_poll_fd_ctl_write: 0x75da00: pfd->events now 60 (POLLOUT:4)
0:00:00.003064247  2473 0x755320 DEBUG   GST_POLL gstpoll.c:980:gst_poll_fd_ctl_write: 0x75da00: fd (fd:0, idx:1), active : 1
0:00:00.003069162  2473 0x755320 LOG   GST_POLL gstpoll.c:994:gst_poll_fd_ctl_write: 0x75da00: pfd->events now 60 (POLLOUT:4)
0:00:00.003074319  2473 0x755320 DEBUG   GST_POLL gstpoll.c:980:gst_poll_fd_ctl_write: 0x75da00: fd (fd:0, idx:1), active : 1
0:00:00.003079170  2473 0x755320 LOG   GST_POLL gstpoll.c:994:gst_poll_fd_ctl_write: 0x75da00: pfd->events now 60 (POLLOUT:4)
0:00:00.003091515  2473 0x755320 DEBUG   GST_POLL gstpoll.c:980:gst_poll_fd_ctl_write: 0x75da00: fd (fd:0, idx:1), active : 1
0:00:00.003097318  2473 0x755320 LOG   GST_POLL gstpoll.c:994:gst_poll_fd_ctl_write: 0x75da00: pfd->events now 60 (POLLOUT:4)
0:00:00.003102877  2473 0x755320 DEBUG   GST_POLL gstpoll.c:980:gst_poll_fd_ctl_write: 0x75da00: fd (fd:0, idx:1), active : 1
0:00:00.003107888  2473 0x755320 LOG   GST_POLL gstpoll.c:994:gst_poll_fd_ctl_write: 0x75da00: pfd->events now 60 (POLLOUT:4)
0:00:00.003112989  2473 0x755320 DEBUG   GST_POLL gstpoll.c:980:gst_poll_fd_ctl_write: 0x75da00: fd (fd:0, idx:1), active : 1
0:00:00.003117817  2473 0x755320 LOG   GST_POLL gstpoll.c:994:gst_poll_fd_ctl_write: 0x75da00: pfd->events now 60 (POLLOUT:4)
0:00:00.003123035  2473 0x755320 DEBUG   GST_POLL gstpoll.c:980:gst_poll_fd_ctl_write: 0x75da00: fd (fd:0, idx:1), active : 1
0:00:00.003127897  2473 0x755320 LOG   GST_POLL gstpoll.c:994:gst_poll_fd_ctl_write: 0x75da00: pfd->events now 60 (POLLOUT:4)
0:00:00.003135811  2473 0x755320 DEBUG   GST_POLL gstpoll.c:980:gst_poll_fd_ctl_write: 0x75da00: fd (fd:0, idx:1), active : 1
0:00:00.003141715  2473 0x755320 LOG   GST_POLL gstpoll.c:994:gst_poll_fd_ctl_write: 0x75da00: pfd->events now 60 (POLLOUT:4)
0:00:00.003147391  2473 0x755320 LOG   GST_PLUGIN_LOADING gstpluginloader.c:645:put_chunk: Expanding tx buf from 512 to 1152 for chunk of size 8
0:00:00.003154036  2473 0x755320 DEBUG   GST_POLL gstpoll.c:980:gst_poll_fd_ctl_write: 0x75da00: fd (fd:0, idx:1), active : 1
0:00:00.003159057  2473 0x755320 LOG   GST_POLL gstpoll.c:994:gst_poll_fd_ctl_write: 0x75da00: pfd->events now 60 (POLLOUT:4)
0:00:00.003164327  2473 0x755320 DEBUG   GST_POLL gstpoll.c:980:gst_poll_fd_ctl_write: 0x75da00: fd (fd:0, idx:1), active : 1
0:00:00.003169273  2473 0x755320 LOG   GST_POLL gstpoll.c:994:gst_poll_fd_ctl_write: 0x75da00: pfd->events now 60 (POLLOUT:4)
0:00:00.003175248  2473 0x755320 TRACE   GST_REFCOUNTING gstobject.c:265:gst_object_unref: 0x76ef40 unref 2->1
0:00:00.003184559  2473 0x755320 DEBUG   GST_POLL gstpoll.c:1241:gst_poll_fd_has_error: 0x75da00: fd (fd:0, idx:1) 0
0:00:00.003191342  2473 0x755320 DEBUG   GST_POLL gstpoll.c:1335:gst_poll_fd_can_write: 0x75da00: fd (fd:0, idx:1) 0
0:00:00.003197190  2473 0x755320 DEBUG   GST_POLL gstpoll.c:1195:gst_poll_fd_has_closed: 0x75da00: fd (fd:0, idx:1) 0
0:00:00.003204016  2473 0x755320 DEBUG   GST_POLL gstpoll.c:1414:gst_poll_wait: 0x75da00: timeout :0:00:01.000000000
0:00:00.003212975  2473 0x755320 LOG   GST_PLUGIN_LOADING gstpluginloader.c:1027:exchange_packets: Poll res = 2. 528 bytes pending for write
0:00:00.003218804  2473 0x755320 DEBUG   GST_POLL gstpoll.c:1241:gst_poll_fd_has_error: 0x75da00: fd (fd:5, idx:2) 0
0:00:00.003223901  2473 0x755320 DEBUG   GST_POLL gstpoll.c:1266:gst_poll_fd_can_read_unlocked: 0x75da00: fd (fd:5, idx:2) 1
0:00:00.003235915  2473 0x755320 DEBUG   GST_PLUGIN_LOADING gstpluginloader.c:721:do_plugin_load: Plugin scanner loading file /home/conan/w/prod/BuildSingleReference/.conan/data/gstreamer/1.19.2/_/_/package/7935acf34602213af1e3939e2637ba8a4da1774a/lib/gstreamer-1.0/libgstcoreelements.so. tag 1
0:00:00.003248463  2473 0x755320 DEBUG   GST_PLUGIN_LOADING gstplugin.c:765:_priv_gst_plugin_load_file_for_registry: attempt to load plugin "/home/conan/w/prod/BuildSingleReference/.conan/data/gstreamer/1.19.2/_/_/package/7935acf34602213af1e3939e2637ba8a4da1774a/lib/gstreamer-1.0/libgstcoreelements.so"
0:00:00.003680322  2473 0x755320 TRACE   GST_REFCOUNTING gstobject.c:208:gst_object_init: 0x7717b0 new
0:00:00.003703816  2473 0x755320 LOG   GST_PLUGIN_LOADING gstplugin.c:887:_priv_gst_plugin_load_file_for_registry: Plugin 0x7717b0 for file "/home/conan/w/prod/BuildSingleReference/.conan/data/gstreamer/1.19.2/_/_/package/7935acf34602213af1e3939e2637ba8a4da1774a/lib/gstreamer-1.0/libgstcoreelements.so" prepared, calling entry function...
0:00:00.003712975  2473 0x755320 LOG   GST_PLUGIN_LOADING gstplugin.c:894:_priv_gst_plugin_load_file_for_registry: Plugin 0x7717b0 for file "/home/conan/w/prod/BuildSingleReference/.conan/data/gstreamer/1.19.2/_/_/package/7935acf34602213af1e3939e2637ba8a4da1774a/lib/gstreamer-1.0/libgstcoreelements.so" prepared, registering...
0:00:00.003719055  2473 0x755320 LOG   GST_PLUGIN_LOADING gstplugin.c:511:gst_plugin_register_func: plugin "/home/conan/w/prod/BuildSingleReference/.conan/data/gstreamer/1.19.2/_/_/package/7935acf34602213af1e3939e2637ba8a4da1774a/lib/gstreamer-1.0/libgstcoreelements.so" looks good
0:00:00.003746951  2473 0x755320 TRACE   GST_REFCOUNTING gstobject.c:208:gst_object_init: 0x771bb0 new
0:00:00.003757635  2473 0x755320 LOG   GST_ELEMENT_FACTORY gstelementfactory.c:240:gst_element_register: Created new elementfactory for type GstCapsFilter
0:00:00.003769243  2473 0x755320 TRACE   structure gststructure.c:292:gst_structure_new_id_empty_with_size: created structure 0x772260
0:00:00.003777856  2473 0x755320 TRACE   GST_PERFORMANCE gststructure.c:512:gst_structure_copy: doing copy 0x75bb40 -> 0x772260
0:00:00.003786109  2473 0x755320 DEBUG   GST_ELEMENT_PADS gstelement.c:312:gst_element_base_class_init: type GstBaseTransform : factory (nil)
0:00:00.003793505  2473 0x755320 DEBUG   basetransform gstbasetransform.c:333:gst_base_transform_class_init: gst_base_transform_class_init
0:00:00.003804739  2473 0x755320 TRACE   structure gststructure.c:292:gst_structure_new_id_empty_with_size: created structure 0x7726d0
0:00:00.003810582  2473 0x755320 TRACE   GST_PERFORMANCE gststructure.c:512:gst_structure_copy: doing copy 0x772260 -> 0x7726d0
0:00:00.003816613  2473 0x755320 DEBUG   GST_ELEMENT_PADS gstelement.c:312:gst_element_base_class_init: type GstCapsFilter : factory 0x771bb0
0:00:00.003832028  2473 0x755320 TRACE   GST_CAPS gstcaps.c:263:gst_caps_new_empty: created caps 0x764aa0
0:00:00.003838191  2473 0x755320 TRACE   GST_CAPS gstcaps.c:440:gst_static_caps_get: created 0x7f2c5c68fac8 from string ANY
0:00:00.003846899  2473 0x755320 TRACE   GST_REFCOUNTING gstminiobject.c:479:gst_mini_object_ref: 0x764aa0 ref 1->2
0:00:00.003872521  2473 0x755320 TRACE   GST_REFCOUNTING gstobject.c:208:gst_object_init: 0x773060 new
0:00:00.003893785  2473 0x755320 TRACE   GST_REFCOUNTING gstminiobject.c:479:gst_mini_object_ref: 0x764aa0 ref 2->3
0:00:00.003905096  2473 0x755320 TRACE   GST_REFCOUNTING gstminiobject.c:661:gst_mini_object_unref: 0x764aa0 unref 3->2
0:00:00.003912828  2473 0x755320 TRACE   GST_REFCOUNTING gstobject.c:294:gst_object_ref_sink: 0x773060 ref_sink 1->2
0:00:00.003922170  2473 0x755320 TRACE   GST_CAPS gstcaps.c:263:gst_caps_new_empty: created caps 0x772aa0
0:00:00.003929786  2473 0x755320 TRACE   GST_CAPS gstcaps.c:440:gst_static_caps_get: created 0x7f2c5c68fb08 from string ANY
0:00:00.003936547  2473 0x755320 TRACE   GST_REFCOUNTING gstminiobject.c:479:gst_mini_object_ref: 0x772aa0 ref 1->2
0:00:00.003945363  2473 0x755320 TRACE   GST_REFCOUNTING gstobject.c:208:gst_object_init: 0x7732a0 new
0:00:00.003953912  2473 0x755320 TRACE   GST_REFCOUNTING gstminiobject.c:479:gst_mini_object_ref: 0x772aa0 ref 2->3
0:00:00.003962064  2473 0x755320 TRACE   GST_REFCOUNTING gstminiobject.c:661:gst_mini_object_unref: 0x772aa0 unref 3->2
0:00:00.003969159  2473 0x755320 TRACE   GST_REFCOUNTING gstobject.c:294:gst_object_ref_sink: 0x7732a0 ref_sink 1->2
0:00:00.003977875  2473 0x755320 TRACE   structure gststructure.c:292:gst_structure_new_id_empty_with_size: created structure 0x773500
0:00:00.003987767  2473 0x755320 TRACE   GST_PERFORMANCE gststructure.c:512:gst_structure_copy: doing copy 0x7726d0 -> 0x773500
0:00:00.003998470  2473 0x755320 DEBUG   GST_REGISTRY gstregistry.c:590:gst_registry_add_feature: adding feature 0x771bb0 (capsfilter)
0:00:00.004004731  2473 0x755320 DEBUG   GST_REFCOUNTING gstobject.c:709:gst_object_set_parent: set parent (ref and sink)
0:00:00.004011684  2473 0x755320 TRACE   GST_REFCOUNTING gstobject.c:294:gst_object_ref_sink: 0x771bb0 ref_sink 1->2
0:00:00.004018063  2473 0x755320 LOG   GST_REGISTRY gstregistry.c:608:gst_registry_add_feature: emitting feature-added for capsfilter
0:00:00.004029615  2473 0x755320 TRACE   GST_REFCOUNTING gstobject.c:208:gst_object_init: 0x773840 new
0:00:00.004038706  2473 0x755320 LOG   GST_ELEMENT_FACTORY gstelementfactory.c:240:gst_element_register: Created new elementfactory for type GstClockSync
0:00:00.004048690  2473 0x755320 TRACE   structure gststructure.c:292:gst_structure_new_id_empty_with_size: created structure 0x773c70
0:00:00.004055787  2473 0x755320 TRACE   GST_PERFORMANCE gststructure.c:512:gst_structure_copy: doing copy 0x75bb40 -> 0x773c70
0:00:00.004062943  2473 0x755320 DEBUG   GST_ELEMENT_PADS gstelement.c:312:gst_element_base_class_init: type GstClockSync : factory 0x773840
0:00:00.004081639  2473 0x755320 TRACE   GST_CAPS gstcaps.c:263:gst_caps_new_empty: created caps 0x773f20
0:00:00.004090786  2473 0x755320 TRACE   GST_CAPS gstcaps.c:440:gst_static_caps_get: created 0x7f2c5c68fb48 from string ANY
0:00:00.004105601  2473 0x755320 TRACE   GST_REFCOUNTING gstminiobject.c:479:gst_mini_object_ref: 0x773f20 ref 1->2
0:00:00.004116789  2473 0x755320 TRACE   GST_REFCOUNTING gstobject.c:208:gst_object_init: 0x773f70 new
0:00:00.004127904  2473 0x755320 TRACE   GST_REFCOUNTING gstminiobject.c:479:gst_mini_object_ref: 0x773f20 ref 2->3
0:00:00.004136486  2473 0x755320 TRACE   GST_REFCOUNTING gstminiobject.c:661:gst_mini_object_unref: 0x773f20 unref 3->2
0:00:00.004143151  2473 0x755320 TRACE   GST_REFCOUNTING gstobject.c:294:gst_object_ref_sink: 0x773f70 ref_sink 1->2
0:00:00.004149031  2473 0x755320 TRACE   GST_CAPS gstcaps.c:263:gst_caps_new_empty: created caps 0x774090
0:00:00.004154557  2473 0x755320 TRACE   GST_CAPS gstcaps.c:440:gst_static_caps_get: created 0x7f2c5c68fb88 from string ANY
0:00:00.004160329  2473 0x755320 TRACE   GST_REFCOUNTING gstminiobject.c:479:gst_mini_object_ref: 0x774090 ref 1->2
0:00:00.004167864  2473 0x755320 TRACE   GST_REFCOUNTING gstobject.c:208:gst_object_init: 0x7741e0 new
0:00:00.004175041  2473 0x755320 TRACE   GST_REFCOUNTING gstminiobject.c:479:gst_mini_object_ref: 0x774090 ref 2->3
0:00:00.004185435  2473 0x755320 TRACE   GST_REFCOUNTING gstminiobject.c:661:gst_mini_object_unref: 0x774090 unref 3->2
0:00:00.004193435  2473 0x755320 TRACE   GST_REFCOUNTING gstobject.c:294:gst_object_ref_sink: 0x7741e0 ref_sink 1->2
0:00:00.004200682  2473 0x755320 TRACE   structure gststructure.c:292:gst_structure_new_id_empty_with_size: created structure 0x774280
0:00:00.004207090  2473 0x755320 TRACE   GST_PERFORMANCE gststructure.c:512:gst_structure_copy: doing copy 0x773c70 -> 0x774280
0:00:00.004215623  2473 0x755320 DEBUG   GST_REGISTRY gstregistry.c:590:gst_registry_add_feature: adding feature 0x773840 (clocksync)
0:00:00.004220964  2473 0x755320 DEBUG   GST_REFCOUNTING gstobject.c:709:gst_object_set_parent: set parent (ref and sink)
0:00:00.004227268  2473 0x755320 TRACE   GST_REFCOUNTING gstobject.c:294:gst_object_ref_sink: 0x773840 ref_sink 1->2
0:00:00.004233044  2473 0x755320 LOG   GST_REGISTRY gstregistry.c:608:gst_registry_add_feature: emitting feature-added for clocksync
0:00:00.004246791  2473 0x755320 TRACE   GST_REFCOUNTING gstobject.c:208:gst_object_init: 0x774630 new
0:00:00.004256721  2473 0x755320 LOG   GST_ELEMENT_FACTORY gstelementfactory.c:240:gst_element_register: Created new elementfactory for type GstConcat
0:00:00.004263692  2473 0x755320 TRACE   structure gststructure.c:292:gst_structure_new_id_empty_with_size: created structure 0x774a90
0:00:00.004269374  2473 0x755320 TRACE   GST_PERFORMANCE gststructure.c:512:gst_structure_copy: doing copy 0x75bb40 -> 0x774a90
0:00:00.004275415  2473 0x755320 DEBUG   GST_ELEMENT_PADS gstelement.c:312:gst_element_base_class_init: type GstConcat : factory 0x774630
0:00:00.004290404  2473 0x755320 TRACE   GST_CAPS gstcaps.c:263:gst_caps_new_empty: created caps 0x774bf0
0:00:00.004296360  2473 0x755320 TRACE   GST_CAPS gstcaps.c:440:gst_static_caps_get: created 0x7f2c5c68fbc8 from string ANY
0:00:00.004304634  2473 0x755320 TRACE   GST_REFCOUNTING gstminiobject.c:479:gst_mini_object_ref: 0x774bf0 ref 1->2
0:00:00.004313388  2473 0x755320 TRACE   GST_REFCOUNTING gstobject.c:208:gst_object_init: 0x774d70 new
0:00:00.004320805  2473 0x755320 TRACE   GST_REFCOUNTING gstminiobject.c:479:gst_mini_object_ref: 0x774bf0 ref 2->3
0:00:00.004331506  2473 0x755320 TRACE   GST_REFCOUNTING gstminiobject.c:661:gst_mini_object_unref: 0x774bf0 unref 3->2
0:00:00.004337991  2473 0x755320 TRACE   GST_REFCOUNTING gstobject.c:294:gst_object_ref_sink: 0x774d70 ref_sink 1->2
0:00:00.004343695  2473 0x755320 TRACE   GST_CAPS gstcaps.c:263:gst_caps_new_empty: created caps 0x774ce0
0:00:00.004349196  2473 0x755320 TRACE   GST_CAPS gstcaps.c:440:gst_static_caps_get: created 0x7f2c5c68fc08 from string ANY
0:00:00.004357323  2473 0x755320 TRACE   GST_REFCOUNTING gstminiobject.c:479:gst_mini_object_ref: 0x774ce0 ref 1->2
0:00:00.004365813  2473 0x755320 TRACE   GST_REFCOUNTING gstobject.c:208:gst_object_init: 0x774e10 new
0:00:00.004372812  2473 0x755320 TRACE   GST_REFCOUNTING gstminiobject.c:479:gst_mini_object_ref: 0x774ce0 ref 2->3
0:00:00.004379790  2473 0x755320 TRACE   GST_REFCOUNTING gstminiobject.c:661:gst_mini_object_unref: 0x774ce0 unref 3->2
0:00:00.004385988  2473 0x755320 TRACE   GST_REFCOUNTING gstobject.c:294:gst_object_ref_sink: 0x774e10 ref_sink 1->2
0:00:00.004393134  2473 0x755320 TRACE   structure gststructure.c:292:gst_structure_new_id_empty_with_size: created structure 0x774fa0
0:00:00.004399205  2473 0x755320 TRACE   GST_PERFORMANCE gststructure.c:512:gst_structure_copy: doing copy 0x774a90 -> 0x774fa0
0:00:00.004407103  2473 0x755320 DEBUG   GST_REGISTRY gstregistry.c:590:gst_registry_add_feature: adding feature 0x774630 (concat)
0:00:00.004414825  2473 0x755320 DEBUG   GST_REFCOUNTING gstobject.c:709:gst_object_set_parent: set parent (ref and sink)
0:00:00.004422991  2473 0x755320 TRACE   GST_REFCOUNTING gstobject.c:294:gst_object_ref_sink: 0x774630 ref_sink 1->2
0:00:00.004429571  2473 0x755320 LOG   GST_REGISTRY gstregistry.c:608:gst_registry_add_feature: emitting feature-added for concat
0:00:00.004453836  2473 0x755320 TRACE   GST_REFCOUNTING gstobject.c:208:gst_object_init: 0x775530 new
0:00:00.004465603  2473 0x755320 LOG   GST_ELEMENT_FACTORY gstelementfactory.c:240:gst_element_register: Created new elementfactory for type GstDataURISrc
0:00:00.004473402  2473 0x755320 TRACE   structure gststructure.c:292:gst_structure_new_id_empty_with_size: created structure 0x775ad0
0:00:00.004483329  2473 0x755320 TRACE   GST_PERFORMANCE gststructure.c:512:gst_structure_copy: doing copy 0x75bb40 -> 0x775ad0
0:00:00.004489634  2473 0x755320 DEBUG   GST_ELEMENT_PADS gstelement.c:312:gst_element_base_class_init: type GstBaseSrc : factory (nil)
0:00:00.004514507  2473 0x755320 TRACE   structure gststructure.c:292:gst_structure_new_id_empty_with_size: created structure 0x76e290
0:00:00.004520637  2473 0x755320 TRACE   GST_PERFORMANCE gststructure.c:512:gst_structure_copy: doing copy 0x775ad0 -> 0x76e290
0:00:00.004526564  2473 0x755320 DEBUG   GST_ELEMENT_PADS gstelement.c:312:gst_element_base_class_init: type GstDataURISrc : factory 0x775530
0:00:00.004537368  2473 0x755320 TRACE   GST_CAPS gstcaps.c:263:gst_caps_new_empty: created caps 0x776960
0:00:00.004544604  2473 0x755320 TRACE   GST_CAPS gstcaps.c:440:gst_static_caps_get: created 0x7f2c5c68fc50 from string ANY
0:00:00.004550572  2473 0x755320 TRACE   GST_REFCOUNTING gstminiobject.c:479:gst_mini_object_ref: 0x776960 ref 1->2
0:00:00.004558137  2473 0x755320 TRACE   GST_REFCOUNTING gstobject.c:208:gst_object_init: 0x7769b0 new
0:00:00.004586976  2473 0x755320 TRACE   GST_REFCOUNTING gstminiobject.c:479:gst_mini_object_ref: 0x776960 ref 2->3
0:00:00.004599440  2473 0x755320 TRACE   GST_REFCOUNTING gstminiobject.c:661:gst_mini_object_unref: 0x776960 unref 3->2
0:00:00.004606046  2473 0x755320 TRACE   GST_REFCOUNTING gstobject.c:294:gst_object_ref_sink: 0x7769b0 ref_sink 1->2
0:00:00.004619990  2473 0x755320 TRACE   structure gststructure.c:292:gst_structure_new_id_empty_with_size: created structure 0x776b60
0:00:00.004626956  2473 0x755320 TRACE   GST_PERFORMANCE gststructure.c:512:gst_structure_copy: doing copy 0x76e290 -> 0x776b60
0:00:00.004641115  2473 0x755320 DEBUG   GST_REGISTRY gstregistry.c:590:gst_registry_add_feature: adding feature 0x775530 (dataurisrc)
0:00:00.004647482  2473 0x755320 DEBUG   GST_REFCOUNTING gstobject.c:709:gst_object_set_parent: set parent (ref and sink)
0:00:00.004653835  2473 0x755320 TRACE   GST_REFCOUNTING gstobject.c:294:gst_object_ref_sink: 0x775530 ref_sink 1->2
0:00:00.004659752  2473 0x755320 LOG   GST_REGISTRY gstregistry.c:608:gst_registry_add_feature: emitting feature-added for dataurisrc
0:00:00.004672208  2473 0x755320 TRACE   GST_REFCOUNTING gstobject.c:208:gst_object_init: 0x776fe0 new
0:00:00.004683160  2473 0x755320 LOG   GST_ELEMENT_FACTORY gstelementfactory.c:240:gst_element_register: Created new elementfactory for type GstDownloadBuffer
0:00:00.004690506  2473 0x755320 TRACE   structure gststructure.c:292:gst_structure_new_id_empty_with_size: created structure 0x777510
0:00:00.004695890  2473 0x755320 TRACE   GST_PERFORMANCE gststructure.c:512:gst_structure_copy: doing copy 0x75bb40 -> 0x777510
0:00:00.004701963  2473 0x755320 DEBUG   GST_ELEMENT_PADS gstelement.c:312:gst_element_base_class_init: type GstDownloadBuffer : factory 0x776fe0
0:00:00.004721462  2473 0x755320 TRACE   GST_CAPS gstcaps.c:263:gst_caps_new_empty: created caps 0x7772d0
0:00:00.004727183  2473 0x755320 TRACE   GST_CAPS gstcaps.c:440:gst_static_caps_get: created 0x7f2c5c68fca0 from string ANY
0:00:00.004733031  2473 0x755320 TRACE   GST_REFCOUNTING gstminiobject.c:479:gst_mini_object_ref: 0x7772d0 ref 1->2
0:00:00.004743329  2473 0x755320 TRACE   GST_REFCOUNTING gstobject.c:208:gst_object_init: 0x777150 new
0:00:00.004751575  2473 0x755320 TRACE   GST_REFCOUNTING gstminiobject.c:479:gst_mini_object_ref: 0x7772d0 ref 2->3
0:00:00.004759269  2473 0x755320 TRACE   GST_REFCOUNTING gstminiobject.c:661:gst_mini_object_unref: 0x7772d0 unref 3->2
0:00:00.004765609  2473 0x755320 TRACE   GST_REFCOUNTING gstobject.c:294:gst_object_ref_sink: 0x777150 ref_sink 1->2
0:00:00.004771588  2473 0x755320 TRACE   GST_CAPS gstcaps.c:263:gst_caps_new_empty: created caps 0x777a70
0:00:00.004777340  2473 0x755320 TRACE   GST_CAPS gstcaps.c:440:gst_static_caps_get: created 0x7f2c5c68fce0 from string ANY
0:00:00.004782867  2473 0x755320 TRACE   GST_REFCOUNTING gstminiobject.c:479:gst_mini_object_ref: 0x777a70 ref 1->2
0:00:00.004789551  2473 0x755320 TRACE   GST_REFCOUNTING gstobject.c:208:gst_object_init: 0x7779a0 new
0:00:00.004798836  2473 0x755320 TRACE   GST_REFCOUNTING gstminiobject.c:479:gst_mini_object_ref: 0x777a70 ref 2->3
0:00:00.004806990  2473 0x755320 TRACE   GST_REFCOUNTING gstminiobject.c:661:gst_mini_object_unref: 0x777a70 unref 3->2
0:00:00.004813652  2473 0x755320 TRACE   GST_REFCOUNTING gstobject.c:294:gst_object_ref_sink: 0x7779a0 ref_sink 1->2
0:00:00.004821930  2473 0x755320 TRACE   structure gststructure.c:292:gst_structure_new_id_empty_with_size: created structure 0x777c30
0:00:00.004830901  2473 0x755320 TRACE   GST_PERFORMANCE gststructure.c:512:gst_structure_copy: doing copy 0x777510 -> 0x777c30
0:00:00.004838959  2473 0x755320 DEBUG   GST_REGISTRY gstregistry.c:590:gst_registry_add_feature: adding feature 0x776fe0 (downloadbuffer)
0:00:00.004844683  2473 0x755320 DEBUG   GST_REFCOUNTING gstobject.c:709:gst_object_set_parent: set parent (ref and sink)
0:00:00.004853586  2473 0x755320 TRACE   GST_REFCOUNTING gstobject.c:294:gst_object_ref_sink: 0x776fe0 ref_sink 1->2
0:00:00.004860779  2473 0x755320 LOG   GST_REGISTRY gstregistry.c:608:gst_registry_add_feature: emitting feature-added for downloadbuffer
0:00:00.004872473  2473 0x755320 TRACE   GST_REFCOUNTING gstobject.c:208:gst_object_init: 0x778020 new
0:00:00.004881015  2473 0x755320 LOG   GST_ELEMENT_FACTORY gstelementfactory.c:240:gst_element_register: Created new elementfactory for type GstFakeSrc
0:00:00.004887719  2473 0x755320 TRACE   structure gststructure.c:292:gst_structure_new_id_empty_with_size: created structure 0x7786c0
0:00:00.004897376  2473 0x755320 TRACE   GST_PERFORMANCE gststructure.c:512:gst_structure_copy: doing copy 0x775ad0 -> 0x7786c0
0:00:00.004903648  2473 0x755320 DEBUG   GST_ELEMENT_PADS gstelement.c:312:gst_element_base_class_init: type GstFakeSrc : factory 0x778020
0:00:00.004944129  2473 0x755320 TRACE   GST_CAPS gstcaps.c:263:gst_caps_new_empty: created caps 0x779430
0:00:00.004951341  2473 0x755320 TRACE   GST_CAPS gstcaps.c:440:gst_static_caps_get: created 0x7f2c5c68fd60 from string ANY
0:00:00.004957151  2473 0x755320 TRACE   GST_REFCOUNTING gstminiobject.c:479:gst_mini_object_ref: 0x779430 ref 1->2
0:00:00.004964641  2473 0x755320 TRACE   GST_REFCOUNTING gstobject.c:208:gst_object_init: 0x7795b0 new
0:00:00.004972286  2473 0x755320 TRACE   GST_REFCOUNTING gstminiobject.c:479:gst_mini_object_ref: 0x779430 ref 2->3
0:00:00.004979430  2473 0x755320 TRACE   GST_REFCOUNTING gstminiobject.c:661:gst_mini_object_unref: 0x779430 unref 3->2
0:00:00.004985435  2473 0x755320 TRACE   GST_REFCOUNTING gstobject.c:294:gst_object_ref_sink: 0x7795b0 ref_sink 1->2
0:00:00.004996696  2473 0x755320 TRACE   structure gststructure.c:292:gst_structure_new_id_empty_with_size: created structure 0x779810
0:00:00.005003692  2473 0x755320 TRACE   GST_PERFORMANCE gststructure.c:512:gst_structure_copy: doing copy 0x7786c0 -> 0x779810
0:00:00.005012232  2473 0x755320 DEBUG   GST_REGISTRY gstregistry.c:590:gst_registry_add_feature: adding feature 0x778020 (fakesrc)
0:00:00.005017964  2473 0x755320 DEBUG   GST_REFCOUNTING gstobject.c:709:gst_object_set_parent: set parent (ref and sink)
0:00:00.005024151  2473 0x755320 TRACE   GST_REFCOUNTING gstobject.c:294:gst_object_ref_sink: 0x778020 ref_sink 1->2
0:00:00.005029933  2473 0x755320 LOG   GST_REGISTRY gstregistry.c:608:gst_registry_add_feature: emitting feature-added for fakesrc
0:00:00.005049454  2473 0x755320 TRACE   GST_REFCOUNTING gstobject.c:208:gst_object_init: 0x779b70 new
0:00:00.005059892  2473 0x755320 LOG   GST_ELEMENT_FACTORY gstelementfactory.c:240:gst_element_register: Created new elementfactory for type GstFakeSink
0:00:00.005071051  2473 0x755320 TRACE   structure gststructure.c:292:gst_structure_new_id_empty_with_size: created structure 0x77a200
0:00:00.005076799  2473 0x755320 TRACE   GST_PERFORMANCE gststructure.c:512:gst_structure_copy: doing copy 0x75bb40 -> 0x77a200
0:00:00.005083079  2473 0x755320 DEBUG   GST_ELEMENT_PADS gstelement.c:312:gst_element_base_class_init: type GstBaseSink : factory (nil)
0:00:00.005113067  2473 0x755320 TRACE   structure gststructure.c:292:gst_structure_new_id_empty_with_size: created structure 0x77aeb0
0:00:00.005120660  2473 0x755320 TRACE   GST_PERFORMANCE gststructure.c:512:gst_structure_copy: doing copy 0x77a200 -> 0x77aeb0
0:00:00.005127215  2473 0x755320 DEBUG   GST_ELEMENT_PADS gstelement.c:312:gst_element_base_class_init: type GstFakeSink : factory 0x779b70
0:00:00.005157459  2473 0x755320 TRACE   GST_CAPS gstcaps.c:263:gst_caps_new_empty: created caps 0x7793d0
0:00:00.005166579  2473 0x755320 TRACE   GST_CAPS gstcaps.c:440:gst_static_caps_get: created 0x7f2c5c68fd20 from string ANY
0:00:00.005174359  2473 0x755320 TRACE   GST_REFCOUNTING gstminiobject.c:479:gst_mini_object_ref: 0x7793d0 ref 1->2
0:00:00.005185114  2473 0x755320 TRACE   GST_REFCOUNTING gstobject.c:208:gst_object_init: 0x77bad0 new
0:00:00.005195563  2473 0x755320 TRACE   GST_REFCOUNTING gstminiobject.c:479:gst_mini_object_ref: 0x7793d0 ref 2->3
0:00:00.005207565  2473 0x755320 TRACE   GST_REFCOUNTING gstminiobject.c:661:gst_mini_object_unref: 0x7793d0 unref 3->2
0:00:00.005214749  2473 0x755320 TRACE   GST_REFCOUNTING gstobject.c:294:gst_object_ref_sink: 0x77bad0 ref_sink 1->2
0:00:00.005222695  2473 0x755320 TRACE   structure gststructure.c:292:gst_structure_new_id_empty_with_size: created structure 0x77bc60
0:00:00.005228392  2473 0x755320 TRACE   GST_PERFORMANCE gststructure.c:512:gst_structure_copy: doing copy 0x77aeb0 -> 0x77bc60
0:00:00.005238973  2473 0x755320 DEBUG   GST_REGISTRY gstregistry.c:590:gst_registry_add_feature: adding feature 0x779b70 (fakesink)
0:00:00.005244502  2473 0x755320 DEBUG   GST_REFCOUNTING gstobject.c:709:gst_object_set_parent: set parent (ref and sink)
0:00:00.005250310  2473 0x755320 TRACE   GST_REFCOUNTING gstobject.c:294:gst_object_ref_sink: 0x779b70 ref_sink 1->2
0:00:00.005258630  2473 0x755320 LOG   GST_REGISTRY gstregistry.c:608:gst_registry_add_feature: emitting feature-added for fakesink
0:00:00.005283244  2473 0x755320 TRACE   GST_REFCOUNTING gstobject.c:208:gst_object_init: 0x77c1c0 new
0:00:00.005291938  2473 0x755320 LOG   GST_ELEMENT_FACTORY gstelementfactory.c:240:gst_element_register: Created new elementfactory for type GstFdSrc
0:00:00.005298163  2473 0x755320 TRACE   structure gststructure.c:292:gst_structure_new_id_empty_with_size: created structure 0x77c780
0:00:00.005305547  2473 0x755320 TRACE   GST_PERFORMANCE gststructure.c:512:gst_structure_copy: doing copy 0x775ad0 -> 0x77c780
0:00:00.005312247  2473 0x755320 DEBUG   GST_ELEMENT_PADS gstelement.c:312:gst_element_base_class_init: type GstPushSrc : factory (nil)
0:00:00.005319223  2473 0x755320 TRACE   structure gststructure.c:292:gst_structure_new_id_empty_with_size: created structure 0x77cc20
0:00:00.005324129  2473 0x755320 TRACE   GST_PERFORMANCE gststructure.c:512:gst_structure_copy: doing copy 0x77c780 -> 0x77cc20
0:00:00.005329591  2473 0x755320 DEBUG   GST_ELEMENT_PADS gstelement.c:312:gst_element_base_class_init: type GstFdSrc : factory 0x77c1c0
0:00:00.005339462  2473 0x755320 TRACE   GST_CAPS gstcaps.c:263:gst_caps_new_empty: created caps 0x77c350
0:00:00.005347905  2473 0x755320 TRACE   GST_CAPS gstcaps.c:440:gst_static_caps_get: created 0x7f2c5c68fdf0 from string ANY
0:00:00.005360607  2473 0x755320 TRACE   GST_REFCOUNTING gstminiobject.c:479:gst_mini_object_ref: 0x77c350 ref 1->2
0:00:00.005369025  2473 0x755320 TRACE   GST_REFCOUNTING gstobject.c:208:gst_object_init: 0x77cf40 new
0:00:00.005376315  2473 0x755320 TRACE   GST_REFCOUNTING gstminiobject.c:479:gst_mini_object_ref: 0x77c350 ref 2->3
0:00:00.005383159  2473 0x755320 TRACE   GST_REFCOUNTING gstminiobject.c:661:gst_mini_object_unref: 0x77c350 unref 3->2
0:00:00.005389010  2473 0x755320 TRACE   GST_REFCOUNTING gstobject.c:294:gst_object_ref_sink: 0x77cf40 ref_sink 1->2
0:00:00.005407198  2473 0x755320 TRACE   structure gststructure.c:292:gst_structure_new_id_empty_with_size: created structure 0x775f10
0:00:00.005413412  2473 0x755320 TRACE   GST_PERFORMANCE gststructure.c:512:gst_structure_copy: doing copy 0x77cc20 -> 0x775f10
0:00:00.005424923  2473 0x755320 DEBUG   GST_REGISTRY gstregistry.c:590:gst_registry_add_feature: adding feature 0x77c1c0 (fdsrc)
0:00:00.005432450  2473 0x755320 DEBUG   GST_REFCOUNTING gstobject.c:709:gst_object_set_parent: set parent (ref and sink)
0:00:00.005438727  2473 0x755320 TRACE   GST_REFCOUNTING gstobject.c:294:gst_object_ref_sink: 0x77c1c0 ref_sink 1->2
0:00:00.005450428  2473 0x755320 LOG   GST_REGISTRY gstregistry.c:608:gst_registry_add_feature: emitting feature-added for fdsrc
0:00:00.005462351  2473 0x755320 TRACE   GST_REFCOUNTING gstobject.c:208:gst_object_init: 0x776430 new
0:00:00.005470576  2473 0x755320 LOG   GST_ELEMENT_FACTORY gstelementfactory.c:240:gst_element_register: Created new elementfactory for type GstFdSink
0:00:00.005477116  2473 0x755320 TRACE   structure gststructure.c:292:gst_structure_new_id_empty_with_size: created structure 0x7766c0
0:00:00.005484651  2473 0x755320 TRACE   GST_PERFORMANCE gststructure.c:512:gst_structure_copy: doing copy 0x77a200 -> 0x7766c0
0:00:00.005491419  2473 0x755320 DEBUG   GST_ELEMENT_PADS gstelement.c:312:gst_element_base_class_init: type GstFdSink : factory 0x776430
0:00:00.005498916  2473 0x755320 TRACE   GST_CAPS gstcaps.c:263:gst_caps_new_empty: created caps 0x770470
0:00:00.005504372  2473 0x755320 TRACE   GST_CAPS gstcaps.c:440:gst_static_caps_get: created 0x7f2c5c68fda0 from string ANY
0:00:00.005509498  2473 0x755320 TRACE   GST_REFCOUNTING gstminiobject.c:479:gst_mini_object_ref: 0x770470 ref 1->2
0:00:00.005516559  2473 0x755320 TRACE   GST_REFCOUNTING gstobject.c:208:gst_object_init: 0x77e730 new
0:00:00.005523647  2473 0x755320 TRACE   GST_REFCOUNTING gstminiobject.c:479:gst_mini_object_ref: 0x770470 ref 2->3
