0:00:00.014505106  2473 0x755320 DEBUG   GST_POLL gstpoll.c:980:gst_poll_fd_ctl_write: 0x75da00: fd (fd:0, idx:1), active : 1
0:00:00.018623914  2472 0x1992370 TRACE   structure gststructure.c:292:gst_structure_new_id_empty_with_size: created structure 0x19b20c0
0:00:00.014510972  2473 0x755320 LOG   GST_POLL gstpoll.c:994:gst_poll_fd_ctl_write: 0x75da00: pfd->events now 60 (POLLOUT:4)
0:00:00.018630855  2472 0x1992370 DEBUG   structure gststructure.c:2258:gst_structure_parse_field: trying field name 'long-name'
0:00:00.014519134  2473 0x755320 DEBUG   GST_POLL gstpoll.c:980:gst_poll_fd_ctl_write: 0x75da00: fd (fd:0, idx:1), active : 1
0:00:00.018636499  2472 0x1992370 DEBUG   default gstvalue.c:2776:_priv_gst_value_parse_value: trying type name 'string'
0:00:00.014524909  2473 0x755320 LOG   GST_POLL gstpoll.c:994:gst_poll_fd_ctl_write: 0x75da00: pfd->events now 60 (POLLOUT:4)
0:00:00.018642984  2472 0x1992370 DEBUG   structure gststructure.c:2258:gst_structure_parse_field: trying field name 'klass'
0:00:00.014531065  2473 0x755320 DEBUG   GST_POLL gstpoll.c:980:gst_poll_fd_ctl_write: 0x75da00: fd (fd:0, idx:1), active : 1
0:00:00.018648413  2472 0x1992370 DEBUG   default gstvalue.c:2776:_priv_gst_value_parse_value: trying type name 'string'
0:00:00.014536716  2473 0x755320 LOG   GST_POLL gstpoll.c:994:gst_poll_fd_ctl_write: 0x75da00: pfd->events now 60 (POLLOUT:4)
0:00:00.018654191  2472 0x1992370 DEBUG   structure gststructure.c:2258:gst_structure_parse_field: trying field name 'description'
0:00:00.014542792  2473 0x755320 DEBUG   GST_POLL gstpoll.c:980:gst_poll_fd_ctl_write: 0x75da00: fd (fd:0, idx:1), active : 1
0:00:00.018659629  2472 0x1992370 DEBUG   default gstvalue.c:2776:_priv_gst_value_parse_value: trying type name 'string'
0:00:00.014550526  2473 0x755320 LOG   GST_POLL gstpoll.c:994:gst_poll_fd_ctl_write: 0x75da00: pfd->events now 60 (POLLOUT:4)
0:00:00.018665809  2472 0x1992370 DEBUG   structure gststructure.c:2258:gst_structure_parse_field: trying field name 'author'
0:00:00.014557647  2473 0x755320 DEBUG   GST_POLL gstpoll.c:980:gst_poll_fd_ctl_write: 0x75da00: fd (fd:0, idx:1), active : 1
0:00:00.018692634  2472 0x1992370 DEBUG   default gstvalue.c:2776:_priv_gst_value_parse_value: trying type name 'string'
0:00:00.014583239  2473 0x755320 LOG   GST_POLL gstpoll.c:994:gst_poll_fd_ctl_write: 0x75da00: pfd->events now 60 (POLLOUT:4)
0:00:00.018703916  2472 0x1992370 DEBUG   GST_REGISTRY gstregistrychunks.c:627:gst_registry_chunks_load_feature: Element factory : npadtemplates=2
0:00:00.014592450  2473 0x755320 DEBUG   GST_POLL gstpoll.c:980:gst_poll_fd_ctl_write: 0x75da00: fd (fd:0, idx:1), active : 1
0:00:00.018712479  2472 0x1992370 DEBUG   GST_REGISTRY gstregistrychunks.c:527:gst_registry_chunks_load_pad_template: Reading/casting for GstRegistryChunkPadTemplate at address 0x19aeb20
0:00:00.014601651  2473 0x755320 LOG   GST_POLL gstpoll.c:994:gst_poll_fd_ctl_write: 0x75da00: pfd->events now 60 (POLLOUT:4)
0:00:00.018718572  2472 0x1992370 DEBUG   GST_REGISTRY gstregistrychunks.c:540:gst_registry_chunks_load_pad_template: Added pad_template src
0:00:00.014607842  2473 0x755320 DEBUG   GST_POLL gstpoll.c:980:gst_poll_fd_ctl_write: 0x75da00: fd (fd:0, idx:1), active : 1
0:00:00.018724032  2472 0x1992370 DEBUG   GST_REGISTRY gstregistrychunks.c:527:gst_registry_chunks_load_pad_template: Reading/casting for GstRegistryChunkPadTemplate at address 0x19aeb30
0:00:00.014613401  2473 0x755320 LOG   GST_POLL gstpoll.c:994:gst_poll_fd_ctl_write: 0x75da00: pfd->events now 60 (POLLOUT:4)
0:00:00.018729472  2472 0x1992370 DEBUG   GST_REGISTRY gstregistrychunks.c:540:gst_registry_chunks_load_pad_template: Added pad_template sink_%u
0:00:00.014621485  2473 0x755320 DEBUG   GST_POLL gstpoll.c:980:gst_poll_fd_ctl_write: 0x75da00: fd (fd:0, idx:1), active : 1
0:00:00.018738042  2472 0x1992370 DEBUG   GST_REGISTRY gstregistry.c:590:gst_registry_add_feature: adding feature 0x19b1f00 (funnel)
0:00:00.014627794  2473 0x755320 LOG   GST_POLL gstpoll.c:994:gst_poll_fd_ctl_write: 0x75da00: pfd->events now 60 (POLLOUT:4)
0:00:00.018745909  2472 0x1992370 DEBUG   GST_REFCOUNTING gstobject.c:709:gst_object_set_parent: set parent (ref and sink)
0:00:00.014633920  2473 0x755320 DEBUG   GST_POLL gstpoll.c:980:gst_poll_fd_ctl_write: 0x75da00: fd (fd:0, idx:1), active : 1
0:00:00.014640970  2473 0x755320 LOG   GST_POLL gstpoll.c:994:gst_poll_fd_ctl_write: 0x75da00: pfd->events now 60 (POLLOUT:4)
0:00:00.018754695  2472 0x1992370 TRACE   GST_REFCOUNTING gstobject.c:294:gst_object_ref_sink: 0x19b1f00 ref_sink 1->2
0:00:00.014646480  2473 0x755320 DEBUG   GST_POLL gstpoll.c:980:gst_poll_fd_ctl_write: 0x75da00: fd (fd:0, idx:1), active : 1
0:00:00.018763184  2472 0x1992370 LOG   GST_REGISTRY gstregistry.c:608:gst_registry_add_feature: emitting feature-added for funnel
0:00:00.014652056  2473 0x755320 LOG   GST_POLL gstpoll.c:994:gst_poll_fd_ctl_write: 0x75da00: pfd->events now 60 (POLLOUT:4)
0:00:00.018770226  2472 0x1992370 DEBUG   GST_REGISTRY gstregistrychunks.c:742:gst_registry_chunks_load_feature: Added feature funnel, plugin 0x19ada20 coreelements
0:00:00.014663840  2473 0x755320 DEBUG   GST_POLL gstpoll.c:980:gst_poll_fd_ctl_write: 0x75da00: fd (fd:0, idx:1), active : 1
0:00:00.018780675  2472 0x1992370 DEBUG   GST_REGISTRY gstregistrychunks.c:584:gst_registry_chunks_load_feature: Plugin 'coreelements' feature 'filesrc' typename : 'GstElementFactory'
0:00:00.014669744  2473 0x755320 LOG   GST_POLL gstpoll.c:994:gst_poll_fd_ctl_write: 0x75da00: pfd->events now 60 (POLLOUT:4)
0:00:00.018788159  2472 0x1992370 TRACE   GST_REFCOUNTING gstobject.c:208:gst_object_init: 0x19b1e00 new
0:00:00.014678232  2473 0x755320 DEBUG   GST_POLL gstpoll.c:980:gst_poll_fd_ctl_write: 0x75da00: fd (fd:0, idx:1), active : 1
0:00:00.018795987  2472 0x1992370 LOG   GST_REGISTRY gstregistrychunks.c:611:gst_registry_chunks_load_feature: Reading/casting for GstRegistryChunkElementFactory at address 0x19aeb60
0:00:00.014684788  2473 0x755320 LOG   GST_POLL gstpoll.c:994:gst_poll_fd_ctl_write: 0x75da00: pfd->events now 60 (POLLOUT:4)
0:00:00.018801959  2472 0x1992370 TRACE   structure gststructure.c:292:gst_structure_new_id_empty_with_size: created structure 0x19b2530
0:00:00.014691215  2473 0x755320 DEBUG   GST_POLL gstpoll.c:980:gst_poll_fd_ctl_write: 0x75da00: fd (fd:0, idx:1), active : 1
0:00:00.018809598  2472 0x1992370 DEBUG   structure gststructure.c:2258:gst_structure_parse_field: trying field name 'long-name'
0:00:00.014697054  2473 0x755320 LOG   GST_POLL gstpoll.c:994:gst_poll_fd_ctl_write: 0x75da00: pfd->events now 60 (POLLOUT:4)
0:00:00.018816334  2472 0x1992370 DEBUG   default gstvalue.c:2776:_priv_gst_value_parse_value: trying type name 'string'
0:00:00.014704355  2473 0x755320 DEBUG   GST_POLL gstpoll.c:980:gst_poll_fd_ctl_write: 0x75da00: fd (fd:0, idx:1), active : 1
0:00:00.018823074  2472 0x1992370 DEBUG   structure gststructure.c:2258:gst_structure_parse_field: trying field name 'klass'
0:00:00.014710174  2473 0x755320 LOG   GST_POLL gstpoll.c:994:gst_poll_fd_ctl_write: 0x75da00: pfd->events now 60 (POLLOUT:4)
0:00:00.018828702  2472 0x1992370 DEBUG   default gstvalue.c:2776:_priv_gst_value_parse_value: trying type name 'string'
0:00:00.014717045  2473 0x755320 DEBUG   GST_POLL gstpoll.c:980:gst_poll_fd_ctl_write: 0x75da00: fd (fd:0, idx:1), active : 1
0:00:00.018835385  2472 0x1992370 DEBUG   structure gststructure.c:2258:gst_structure_parse_field: trying field name 'description'
0:00:00.014722629  2473 0x755320 LOG   GST_POLL gstpoll.c:994:gst_poll_fd_ctl_write: 0x75da00: pfd->events now 60 (POLLOUT:4)
0:00:00.018841170  2472 0x1992370 DEBUG   default gstvalue.c:2776:_priv_gst_value_parse_value: trying type name 'string'
0:00:00.014731306  2473 0x755320 DEBUG   GST_POLL gstpoll.c:980:gst_poll_fd_ctl_write: 0x75da00: fd (fd:0, idx:1), active : 1
0:00:00.018847743  2472 0x1992370 DEBUG   structure gststructure.c:2258:gst_structure_parse_field: trying field name 'author'
0:00:00.014738016  2473 0x755320 LOG   GST_POLL gstpoll.c:994:gst_poll_fd_ctl_write: 0x75da00: pfd->events now 60 (POLLOUT:4)
0:00:00.018858763  2472 0x1992370 DEBUG   default gstvalue.c:2776:_priv_gst_value_parse_value: trying type name 'string'
0:00:00.014747077  2473 0x755320 DEBUG   GST_POLL gstpoll.c:980:gst_poll_fd_ctl_write: 0x75da00: fd (fd:0, idx:1), active : 1
0:00:00.014753278  2473 0x755320 LOG   GST_POLL gstpoll.c:994:gst_poll_fd_ctl_write: 0x75da00: pfd->events now 60 (POLLOUT:4)
0:00:00.018867725  2472 0x1992370 DEBUG   GST_REGISTRY gstregistrychunks.c:627:gst_registry_chunks_load_feature: Element factory : npadtemplates=1
0:00:00.014758635  2473 0x755320 DEBUG   GST_POLL gstpoll.c:980:gst_poll_fd_ctl_write: 0x75da00: fd (fd:0, idx:1), active : 1
0:00:00.018874940  2472 0x1992370 DEBUG   GST_REGISTRY gstregistrychunks.c:527:gst_registry_chunks_load_pad_template: Reading/casting for GstRegistryChunkPadTemplate at address 0x19aec40
0:00:00.014764466  2473 0x755320 LOG   GST_POLL gstpoll.c:994:gst_poll_fd_ctl_write: 0x75da00: pfd->events now 60 (POLLOUT:4)
0:00:00.018881053  2472 0x1992370 DEBUG   GST_REGISTRY gstregistrychunks.c:540:gst_registry_chunks_load_pad_template: Added pad_template src
0:00:00.014770424  2473 0x755320 DEBUG   GST_POLL gstpoll.c:980:gst_poll_fd_ctl_write: 0x75da00: fd (fd:0, idx:1), active : 1
0:00:00.018887763  2472 0x1992370 DEBUG   GST_REGISTRY gstregistrychunks.c:640:gst_registry_chunks_load_feature: Reading 1 UriTypes at address 0x19aec50
0:00:00.014776015  2473 0x755320 LOG   GST_POLL gstpoll.c:994:gst_poll_fd_ctl_write: 0x75da00: pfd->events now 60 (POLLOUT:4)
0:00:00.018894683  2472 0x1992370 DEBUG   GST_REGISTRY gstregistrychunks.c:655:gst_registry_chunks_load_feature: Reading 1 Interfaces at address 0x19aec59
0:00:00.014784116  2473 0x755320 DEBUG   GST_POLL gstpoll.c:980:gst_poll_fd_ctl_write: 0x75da00: fd (fd:0, idx:1), active : 1
0:00:00.018902662  2472 0x1992370 DEBUG   GST_REGISTRY gstregistry.c:590:gst_registry_add_feature: adding feature 0x19b1e00 (filesrc)
0:00:00.014790668  2473 0x755320 LOG   GST_POLL gstpoll.c:994:gst_poll_fd_ctl_write: 0x75da00: pfd->events now 60 (POLLOUT:4)
0:00:00.018909004  2472 0x1992370 DEBUG   GST_REFCOUNTING gstobject.c:709:gst_object_set_parent: set parent (ref and sink)
0:00:00.014796994  2473 0x755320 DEBUG   GST_POLL gstpoll.c:980:gst_poll_fd_ctl_write: 0x75da00: fd (fd:0, idx:1), active : 1
0:00:00.018916519  2472 0x1992370 TRACE   GST_REFCOUNTING gstobject.c:294:gst_object_ref_sink: 0x19b1e00 ref_sink 1->2
0:00:00.014803216  2473 0x755320 LOG   GST_POLL gstpoll.c:994:gst_poll_fd_ctl_write: 0x75da00: pfd->events now 60 (POLLOUT:4)
0:00:00.014811906  2473 0x755320 DEBUG   GST_POLL gstpoll.c:980:gst_poll_fd_ctl_write: 0x75da00: fd (fd:0, idx:1), active : 1
0:00:00.018925559  2472 0x1992370 LOG   GST_REGISTRY gstregistry.c:608:gst_registry_add_feature: emitting feature-added for filesrc
0:00:00.014816954  2473 0x755320 LOG   GST_POLL gstpoll.c:994:gst_poll_fd_ctl_write: 0x75da00: pfd->events now 60 (POLLOUT:4)
0:00:00.018939145  2472 0x1992370 DEBUG   GST_REGISTRY gstregistrychunks.c:742:gst_registry_chunks_load_feature: Added feature filesrc, plugin 0x19ada20 coreelements
0:00:00.014826319  2473 0x755320 DEBUG   GST_POLL gstpoll.c:980:gst_poll_fd_ctl_write: 0x75da00: fd (fd:0, idx:1), active : 1
0:00:00.018946297  2472 0x1992370 DEBUG   GST_REGISTRY gstregistrychunks.c:584:gst_registry_chunks_load_feature: Plugin 'coreelements' feature 'fdsink' typename : 'GstElementFactory'
0:00:00.014833032  2473 0x755320 LOG   GST_POLL gstpoll.c:994:gst_poll_fd_ctl_write: 0x75da00: pfd->events now 60 (POLLOUT:4)
0:00:00.018954412  2472 0x1992370 TRACE   GST_REFCOUNTING gstobject.c:208:gst_object_init: 0x19b26b0 new
0:00:00.014842435  2473 0x755320 DEBUG   GST_POLL gstpoll.c:980:gst_poll_fd_ctl_write: 0x75da00: fd (fd:0, idx:1), active : 1
0:00:00.018962418  2472 0x1992370 LOG   GST_REGISTRY gstregistrychunks.c:611:gst_registry_chunks_load_feature: Reading/casting for GstRegistryChunkElementFactory at address 0x19aec80
0:00:00.014848878  2473 0x755320 LOG   GST_POLL gstpoll.c:994:gst_poll_fd_ctl_write: 0x75da00: pfd->events now 60 (POLLOUT:4)
0:00:00.018968858  2472 0x1992370 TRACE   structure gststructure.c:292:gst_structure_new_id_empty_with_size: created structure 0x19b2870
0:00:00.014856377  2473 0x755320 DEBUG   GST_POLL gstpoll.c:980:gst_poll_fd_ctl_write: 0x75da00: fd (fd:0, idx:1), active : 1
0:00:00.018975037  2472 0x1992370 DEBUG   structure gststructure.c:2258:gst_structure_parse_field: trying field name 'long-name'
0:00:00.014862670  2473 0x755320 LOG   GST_POLL gstpoll.c:994:gst_poll_fd_ctl_write: 0x75da00: pfd->events now 60 (POLLOUT:4)
0:00:00.018980832  2472 0x1992370 DEBUG   default gstvalue.c:2776:_priv_gst_value_parse_value: trying type name 'string'
0:00:00.014869003  2473 0x755320 DEBUG   GST_POLL gstpoll.c:980:gst_poll_fd_ctl_write: 0x75da00: fd (fd:0, idx:1), active : 1
0:00:00.014875105  2473 0x755320 LOG   GST_POLL gstpoll.c:994:gst_poll_fd_ctl_write: 0x75da00: pfd->events now 60 (POLLOUT:4)
0:00:00.018989336  2472 0x1992370 DEBUG   structure gststructure.c:2258:gst_structure_parse_field: trying field name 'klass'
0:00:00.014880726  2473 0x755320 DEBUG   GST_POLL gstpoll.c:980:gst_poll_fd_ctl_write: 0x75da00: fd (fd:0, idx:1), active : 1
0:00:00.018996895  2472 0x1992370 DEBUG   default gstvalue.c:2776:_priv_gst_value_parse_value: trying type name 'string'
0:00:00.014886489  2473 0x755320 LOG   GST_POLL gstpoll.c:994:gst_poll_fd_ctl_write: 0x75da00: pfd->events now 60 (POLLOUT:4)
0:00:00.019003326  2472 0x1992370 DEBUG   structure gststructure.c:2258:gst_structure_parse_field: trying field name 'description'
0:00:00.019009189  2472 0x1992370 DEBUG   default gstvalue.c:2776:_priv_gst_value_parse_value: trying type name 'string'
0:00:00.014894610  2473 0x755320 DEBUG   GST_POLL gstpoll.c:980:gst_poll_fd_ctl_write: 0x75da00: fd (fd:0, idx:1), active : 1
0:00:00.019014566  2472 0x1992370 DEBUG   structure gststructure.c:2258:gst_structure_parse_field: trying field name 'author'
0:00:00.014906769  2473 0x755320 LOG   GST_POLL gstpoll.c:994:gst_poll_fd_ctl_write: 0x75da00: pfd->events now 60 (POLLOUT:4)
0:00:00.019022631  2472 0x1992370 DEBUG   default gstvalue.c:2776:_priv_gst_value_parse_value: trying type name 'string'
0:00:00.014913388  2473 0x755320 DEBUG   GST_POLL gstpoll.c:980:gst_poll_fd_ctl_write: 0x75da00: fd (fd:0, idx:1), active : 1
0:00:00.019030065  2472 0x1992370 DEBUG   GST_REGISTRY gstregistrychunks.c:627:gst_registry_chunks_load_feature: Element factory : npadtemplates=1
0:00:00.014919237  2473 0x755320 LOG   GST_POLL gstpoll.c:994:gst_poll_fd_ctl_write: 0x75da00: pfd->events now 60 (POLLOUT:4)
0:00:00.019035821  2472 0x1992370 DEBUG   GST_REGISTRY gstregistrychunks.c:527:gst_registry_chunks_load_pad_template: Reading/casting for GstRegistryChunkPadTemplate at address 0x19aed60
0:00:00.014925269  2473 0x755320 DEBUG   GST_POLL gstpoll.c:980:gst_poll_fd_ctl_write: 0x75da00: fd (fd:0, idx:1), active : 1
0:00:00.019049004  2472 0x1992370 DEBUG   GST_REGISTRY gstregistrychunks.c:540:gst_registry_chunks_load_pad_template: Added pad_template sink
0:00:00.014935560  2473 0x755320 LOG   GST_POLL gstpoll.c:994:gst_poll_fd_ctl_write: 0x75da00: pfd->events now 60 (POLLOUT:4)
0:00:00.019056675  2472 0x1992370 DEBUG   GST_REGISTRY gstregistrychunks.c:640:gst_registry_chunks_load_feature: Reading 1 UriTypes at address 0x19aed71
0:00:00.014943942  2473 0x755320 DEBUG   GST_POLL gstpoll.c:980:gst_poll_fd_ctl_write: 0x75da00: fd (fd:0, idx:1), active : 1
0:00:00.019063574  2472 0x1992370 DEBUG   GST_REGISTRY gstregistrychunks.c:655:gst_registry_chunks_load_feature: Reading 1 Interfaces at address 0x19aed7f
0:00:00.014950594  2473 0x755320 LOG   GST_POLL gstpoll.c:994:gst_poll_fd_ctl_write: 0x75da00: pfd->events now 60 (POLLOUT:4)
0:00:00.019071363  2472 0x1992370 DEBUG   GST_REGISTRY gstregistry.c:590:gst_registry_add_feature: adding feature 0x19b26b0 (fdsink)
0:00:00.014959627  2473 0x755320 DEBUG   GST_POLL gstpoll.c:980:gst_poll_fd_ctl_write: 0x75da00: fd (fd:0, idx:1), active : 1
0:00:00.019077355  2472 0x1992370 DEBUG   GST_REFCOUNTING gstobject.c:709:gst_object_set_parent: set parent (ref and sink)
0:00:00.014966138  2473 0x755320 LOG   GST_POLL gstpoll.c:994:gst_poll_fd_ctl_write: 0x75da00: pfd->events now 60 (POLLOUT:4)
0:00:00.019084482  2472 0x1992370 TRACE   GST_REFCOUNTING gstobject.c:294:gst_object_ref_sink: 0x19b26b0 ref_sink 1->2
0:00:00.014972638  2473 0x755320 DEBUG   GST_POLL gstpoll.c:980:gst_poll_fd_ctl_write: 0x75da00: fd (fd:0, idx:1), active : 1
0:00:00.019091154  2472 0x1992370 LOG   GST_REGISTRY gstregistry.c:608:gst_registry_add_feature: emitting feature-added for fdsink
0:00:00.014978584  2473 0x755320 LOG   GST_POLL gstpoll.c:994:gst_poll_fd_ctl_write: 0x75da00: pfd->events now 60 (POLLOUT:4)
0:00:00.019097745  2472 0x1992370 DEBUG   GST_REGISTRY gstregistrychunks.c:742:gst_registry_chunks_load_feature: Added feature fdsink, plugin 0x19ada20 coreelements
0:00:00.014989716  2473 0x755320 DEBUG   GST_POLL gstpoll.c:980:gst_poll_fd_ctl_write: 0x75da00: fd (fd:0, idx:1), active : 1
0:00:00.019108361  2472 0x1992370 DEBUG   GST_REGISTRY gstregistrychunks.c:584:gst_registry_chunks_load_feature: Plugin 'coreelements' feature 'fdsrc' typename : 'GstElementFactory'
0:00:00.014995528  2473 0x755320 LOG   GST_POLL gstpoll.c:994:gst_poll_fd_ctl_write: 0x75da00: pfd->events now 60 (POLLOUT:4)
0:00:00.015003320  2473 0x755320 DEBUG   GST_POLL gstpoll.c:980:gst_poll_fd_ctl_write: 0x75da00: fd (fd:0, idx:1), active : 1
0:00:00.019117391  2472 0x1992370 TRACE   GST_REFCOUNTING gstobject.c:208:gst_object_init: 0x19b22f0 new
0:00:00.015008386  2473 0x755320 LOG   GST_POLL gstpoll.c:994:gst_poll_fd_ctl_write: 0x75da00: pfd->events now 60 (POLLOUT:4)
0:00:00.019126390  2472 0x1992370 LOG   GST_REGISTRY gstregistrychunks.c:611:gst_registry_chunks_load_feature: Reading/casting for GstRegistryChunkElementFactory at address 0x19aeda8
0:00:00.015016628  2473 0x755320 DEBUG   GST_POLL gstpoll.c:980:gst_poll_fd_ctl_write: 0x75da00: fd (fd:0, idx:1), active : 1
0:00:00.019132558  2472 0x1992370 TRACE   structure gststructure.c:292:gst_structure_new_id_empty_with_size: created structure 0x19b2d00
0:00:00.015023203  2473 0x755320 LOG   GST_POLL gstpoll.c:994:gst_poll_fd_ctl_write: 0x75da00: pfd->events now 60 (POLLOUT:4)
0:00:00.019139223  2472 0x1992370 DEBUG   structure gststructure.c:2258:gst_structure_parse_field: trying field name 'long-name'
0:00:00.015029714  2473 0x755320 DEBUG   GST_POLL gstpoll.c:980:gst_poll_fd_ctl_write: 0x75da00: fd (fd:0, idx:1), active : 1
0:00:00.019145370  2472 0x1992370 DEBUG   default gstvalue.c:2776:_priv_gst_value_parse_value: trying type name 'string'
0:00:00.015035779  2473 0x755320 LOG   GST_POLL gstpoll.c:994:gst_poll_fd_ctl_write: 0x75da00: pfd->events now 60 (POLLOUT:4)
0:00:00.019152504  2472 0x1992370 DEBUG   structure gststructure.c:2258:gst_structure_parse_field: trying field name 'klass'
0:00:00.015041829  2473 0x755320 DEBUG   GST_POLL gstpoll.c:980:gst_poll_fd_ctl_write: 0x75da00: fd (fd:0, idx:1), active : 1
0:00:00.019157914  2472 0x1992370 DEBUG   default gstvalue.c:2776:_priv_gst_value_parse_value: trying type name 'string'
0:00:00.015047757  2473 0x755320 LOG   GST_POLL gstpoll.c:994:gst_poll_fd_ctl_write: 0x75da00: pfd->events now 60 (POLLOUT:4)
0:00:00.019166436  2472 0x1992370 DEBUG   structure gststructure.c:2258:gst_structure_parse_field: trying field name 'description'
0:00:00.015053642  2473 0x755320 DEBUG   GST_POLL gstpoll.c:980:gst_poll_fd_ctl_write: 0x75da00: fd (fd:0, idx:1), active : 1
0:00:00.019173313  2472 0x1992370 DEBUG   default gstvalue.c:2776:_priv_gst_value_parse_value: trying type name 'string'
0:00:00.015060938  2473 0x755320 LOG   GST_POLL gstpoll.c:994:gst_poll_fd_ctl_write: 0x75da00: pfd->events now 60 (POLLOUT:4)
0:00:00.019179604  2472 0x1992370 DEBUG   structure gststructure.c:2258:gst_structure_parse_field: trying field name 'author'
0:00:00.019187943  2472 0x1992370 DEBUG   default gstvalue.c:2776:_priv_gst_value_parse_value: trying type name 'string'
0:00:00.015073386  2473 0x755320 DEBUG   GST_POLL gstpoll.c:980:gst_poll_fd_ctl_write: 0x75da00: fd (fd:0, idx:1), active : 1
0:00:00.019193452  2472 0x1992370 DEBUG   GST_REGISTRY gstregistrychunks.c:627:gst_registry_chunks_load_feature: Element factory : npadtemplates=1
0:00:00.015080995  2473 0x755320 LOG   GST_POLL gstpoll.c:994:gst_poll_fd_ctl_write: 0x75da00: pfd->events now 60 (POLLOUT:4)
0:00:00.019199090  2472 0x1992370 DEBUG   GST_REGISTRY gstregistrychunks.c:527:gst_registry_chunks_load_pad_template: Reading/casting for GstRegistryChunkPadTemplate at address 0x19aee88
0:00:00.015087874  2473 0x755320 DEBUG   GST_POLL gstpoll.c:980:gst_poll_fd_ctl_write: 0x75da00: fd (fd:0, idx:1), active : 1
0:00:00.019204821  2472 0x1992370 DEBUG   GST_REGISTRY gstregistrychunks.c:540:gst_registry_chunks_load_pad_template: Added pad_template src
0:00:00.015093624  2473 0x755320 LOG   GST_POLL gstpoll.c:994:gst_poll_fd_ctl_write: 0x75da00: pfd->events now 60 (POLLOUT:4)
0:00:00.019210897  2472 0x1992370 DEBUG   GST_REGISTRY gstregistrychunks.c:640:gst_registry_chunks_load_feature: Reading 1 UriTypes at address 0x19aee98
0:00:00.015099829  2473 0x755320 DEBUG   GST_POLL gstpoll.c:980:gst_poll_fd_ctl_write: 0x75da00: fd (fd:0, idx:1), active : 1
0:00:00.015105504  2473 0x755320 LOG   GST_POLL gstpoll.c:994:gst_poll_fd_ctl_write: 0x75da00: pfd->events now 60 (POLLOUT:4)
0:00:00.019219648  2472 0x1992370 DEBUG   GST_REGISTRY gstregistrychunks.c:655:gst_registry_chunks_load_feature: Reading 1 Interfaces at address 0x19aee9f
0:00:00.015110872  2473 0x755320 DEBUG   GST_POLL gstpoll.c:980:gst_poll_fd_ctl_write: 0x75da00: fd (fd:0, idx:1), active : 1
0:00:00.019228814  2472 0x1992370 DEBUG   GST_REGISTRY gstregistry.c:590:gst_registry_add_feature: adding feature 0x19b22f0 (fdsrc)
0:00:00.015116387  2473 0x755320 LOG   GST_POLL gstpoll.c:994:gst_poll_fd_ctl_write: 0x75da00: pfd->events now 60 (POLLOUT:4)
0:00:00.019235281  2472 0x1992370 DEBUG   GST_REFCOUNTING gstobject.c:709:gst_object_set_parent: set parent (ref and sink)
0:00:00.015125031  2473 0x755320 DEBUG   GST_POLL gstpoll.c:980:gst_poll_fd_ctl_write: 0x75da00: fd (fd:0, idx:1), active : 1
0:00:00.019242538  2472 0x1992370 TRACE   GST_REFCOUNTING gstobject.c:294:gst_object_ref_sink: 0x19b22f0 ref_sink 1->2
0:00:00.015131525  2473 0x755320 LOG   GST_POLL gstpoll.c:994:gst_poll_fd_ctl_write: 0x75da00: pfd->events now 60 (POLLOUT:4)
0:00:00.019249258  2472 0x1992370 LOG   GST_REGISTRY gstregistry.c:608:gst_registry_add_feature: emitting feature-added for fdsrc
0:00:00.015137911  2473 0x755320 DEBUG   GST_POLL gstpoll.c:980:gst_poll_fd_ctl_write: 0x75da00: fd (fd:0, idx:1), active : 1
0:00:00.019255993  2472 0x1992370 DEBUG   GST_REGISTRY gstregistrychunks.c:742:gst_registry_chunks_load_feature: Added feature fdsrc, plugin 0x19ada20 coreelements
0:00:00.015147636  2473 0x755320 LOG   GST_POLL gstpoll.c:994:gst_poll_fd_ctl_write: 0x75da00: pfd->events now 60 (POLLOUT:4)
0:00:00.019264850  2472 0x1992370 DEBUG   GST_REGISTRY gstregistrychunks.c:584:gst_registry_chunks_load_feature: Plugin 'coreelements' feature 'fakesink' typename : 'GstElementFactory'
0:00:00.015153938  2473 0x755320 DEBUG   GST_POLL gstpoll.c:980:gst_poll_fd_ctl_write: 0x75da00: fd (fd:0, idx:1), active : 1
0:00:00.015159442  2473 0x755320 LOG   GST_POLL gstpoll.c:994:gst_poll_fd_ctl_write: 0x75da00: pfd->events now 60 (POLLOUT:4)
0:00:00.019276897  2472 0x1992370 TRACE   GST_REFCOUNTING gstobject.c:208:gst_object_init: 0x19b2e30 new
0:00:00.015164665  2473 0x755320 DEBUG   GST_POLL gstpoll.c:980:gst_poll_fd_ctl_write: 0x75da00: fd (fd:0, idx:1), active : 1
0:00:00.015172590  2473 0x755320 LOG   GST_POLL gstpoll.c:994:gst_poll_fd_ctl_write: 0x75da00: pfd->events now 60 (POLLOUT:4)
0:00:00.019286993  2472 0x1992370 LOG   GST_REGISTRY gstregistrychunks.c:611:gst_registry_chunks_load_feature: Reading/casting for GstRegistryChunkElementFactory at address 0x19aeec8
0:00:00.015180535  2473 0x755320 DEBUG   GST_POLL gstpoll.c:980:gst_poll_fd_ctl_write: 0x75da00: fd (fd:0, idx:1), active : 1
0:00:00.019296342  2472 0x1992370 TRACE   structure gststructure.c:292:gst_structure_new_id_empty_with_size: created structure 0x19b3110
0:00:00.015187034  2473 0x755320 LOG   GST_POLL gstpoll.c:994:gst_poll_fd_ctl_write: 0x75da00: pfd->events now 60 (POLLOUT:4)
0:00:00.019303461  2472 0x1992370 DEBUG   structure gststructure.c:2258:gst_structure_parse_field: trying field name 'long-name'
0:00:00.015193478  2473 0x755320 DEBUG   GST_POLL gstpoll.c:980:gst_poll_fd_ctl_write: 0x75da00: fd (fd:0, idx:1), active : 1
0:00:00.019309248  2472 0x1992370 DEBUG   default gstvalue.c:2776:_priv_gst_value_parse_value: trying type name 'string'
0:00:00.015199490  2473 0x755320 LOG   GST_POLL gstpoll.c:994:gst_poll_fd_ctl_write: 0x75da00: pfd->events now 60 (POLLOUT:4)
0:00:00.019316358  2472 0x1992370 DEBUG   structure gststructure.c:2258:gst_structure_parse_field: trying field name 'klass'
0:00:00.015205664  2473 0x755320 DEBUG   GST_POLL gstpoll.c:980:gst_poll_fd_ctl_write: 0x75da00: fd (fd:0, idx:1), active : 1
0:00:00.019321641  2472 0x1992370 DEBUG   default gstvalue.c:2776:_priv_gst_value_parse_value: trying type name 'string'
0:00:00.015211421  2473 0x755320 LOG   GST_POLL gstpoll.c:994:gst_poll_fd_ctl_write: 0x75da00: pfd->events now 60 (POLLOUT:4)
0:00:00.019327925  2472 0x1992370 DEBUG   structure gststructure.c:2258:gst_structure_parse_field: trying field name 'description'
0:00:00.015217469  2473 0x755320 DEBUG   GST_POLL gstpoll.c:980:gst_poll_fd_ctl_write: 0x75da00: fd (fd:0, idx:1), active : 1
0:00:00.019335439  2472 0x1992370 DEBUG   default gstvalue.c:2776:_priv_gst_value_parse_value: trying type name 'string'
0:00:00.015223314  2473 0x755320 LOG   GST_POLL gstpoll.c:994:gst_poll_fd_ctl_write: 0x75da00: pfd->events now 60 (POLLOUT:4)
0:00:00.019347431  2472 0x1992370 DEBUG   structure gststructure.c:2258:gst_structure_parse_field: trying field name 'author'
0:00:00.015236886  2473 0x755320 DEBUG   GST_POLL gstpoll.c:980:gst_poll_fd_ctl_write: 0x75da00: fd (fd:0, idx:1), active : 1
0:00:00.019353198  2472 0x1992370 DEBUG   default gstvalue.c:2776:_priv_gst_value_parse_value: trying type name 'string'
0:00:00.015243867  2473 0x755320 LOG   GST_POLL gstpoll.c:994:gst_poll_fd_ctl_write: 0x75da00: pfd->events now 60 (POLLOUT:4)
0:00:00.019361669  2472 0x1992370 DEBUG   GST_REGISTRY gstregistrychunks.c:627:gst_registry_chunks_load_feature: Element factory : npadtemplates=1
0:00:00.015250390  2473 0x755320 DEBUG   GST_POLL gstpoll.c:980:gst_poll_fd_ctl_write: 0x75da00: fd (fd:0, idx:1), active : 1
0:00:00.019367286  2472 0x1992370 DEBUG   GST_REGISTRY gstregistrychunks.c:527:gst_registry_chunks_load_pad_template: Reading/casting for GstRegistryChunkPadTemplate at address 0x19aeff0
0:00:00.015256279  2473 0x755320 LOG   GST_POLL gstpoll.c:994:gst_poll_fd_ctl_write: 0x75da00: pfd->events now 60 (POLLOUT:4)
0:00:00.019373235  2472 0x1992370 DEBUG   GST_REGISTRY gstregistrychunks.c:540:gst_registry_chunks_load_pad_template: Added pad_template sink
0:00:00.015262418  2473 0x755320 DEBUG   GST_POLL gstpoll.c:980:gst_poll_fd_ctl_write: 0x75da00: fd (fd:0, idx:1), active : 1
0:00:00.019380866  2472 0x1992370 DEBUG   GST_REGISTRY gstregistry.c:590:gst_registry_add_feature: adding feature 0x19b2e30 (fakesink)
0:00:00.015268079  2473 0x755320 LOG   GST_POLL gstpoll.c:994:gst_poll_fd_ctl_write: 0x75da00: pfd->events now 60 (POLLOUT:4)
0:00:00.019387050  2472 0x1992370 DEBUG   GST_REFCOUNTING gstobject.c:709:gst_object_set_parent: set parent (ref and sink)
0:00:00.015274971  2473 0x755320 DEBUG   GST_POLL gstpoll.c:980:gst_poll_fd_ctl_write: 0x75da00: fd (fd:0, idx:1), active : 1
0:00:00.015281891  2473 0x755320 LOG   GST_POLL gstpoll.c:994:gst_poll_fd_ctl_write: 0x75da00: pfd->events now 60 (POLLOUT:4)
0:00:00.019396509  2472 0x1992370 TRACE   GST_REFCOUNTING gstobject.c:294:gst_object_ref_sink: 0x19b2e30 ref_sink 1->2
0:00:00.015289985  2473 0x755320 DEBUG   GST_POLL gstpoll.c:980:gst_poll_fd_ctl_write: 0x75da00: fd (fd:0, idx:1), active : 1
0:00:00.019405768  2472 0x1992370 LOG   GST_REGISTRY gstregistry.c:608:gst_registry_add_feature: emitting feature-added for fakesink
0:00:00.015296513  2473 0x755320 LOG   GST_POLL gstpoll.c:994:gst_poll_fd_ctl_write: 0x75da00: pfd->events now 60 (POLLOUT:4)
0:00:00.019413634  2472 0x1992370 DEBUG   GST_REGISTRY gstregistrychunks.c:742:gst_registry_chunks_load_feature: Added feature fakesink, plugin 0x19ada20 coreelements
0:00:00.015302785  2473 0x755320 DEBUG   GST_POLL gstpoll.c:980:gst_poll_fd_ctl_write: 0x75da00: fd (fd:0, idx:1), active : 1
0:00:00.019420518  2472 0x1992370 DEBUG   GST_REGISTRY gstregistrychunks.c:584:gst_registry_chunks_load_feature: Plugin 'coreelements' feature 'fakesrc' typename : 'GstElementFactory'
0:00:00.015312681  2473 0x755320 LOG   GST_POLL gstpoll.c:994:gst_poll_fd_ctl_write: 0x75da00: pfd->events now 60 (POLLOUT:4)
0:00:00.019430759  2472 0x1992370 TRACE   GST_REFCOUNTING gstobject.c:208:gst_object_init: 0x19b32e0 new
0:00:00.015318794  2473 0x755320 DEBUG   GST_POLL gstpoll.c:980:gst_poll_fd_ctl_write: 0x75da00: fd (fd:0, idx:1), active : 1
0:00:00.019438225  2472 0x1992370 LOG   GST_REGISTRY gstregistrychunks.c:611:gst_registry_chunks_load_feature: Reading/casting for GstRegistryChunkElementFactory at address 0x19af020
0:00:00.015324788  2473 0x755320 LOG   GST_POLL gstpoll.c:994:gst_poll_fd_ctl_write: 0x75da00: pfd->events now 60 (POLLOUT:4)
0:00:00.019444511  2472 0x1992370 TRACE   structure gststructure.c:292:gst_structure_new_id_empty_with_size: created structure 0x19b3550
0:00:00.015332185  2473 0x755320 DEBUG   GST_POLL gstpoll.c:980:gst_poll_fd_ctl_write: 0x75da00: fd (fd:0, idx:1), active : 1
0:00:00.019450334  2472 0x1992370 DEBUG   structure gststructure.c:2258:gst_structure_parse_field: trying field name 'long-name'
0:00:00.015338072  2473 0x755320 LOG   GST_POLL gstpoll.c:994:gst_poll_fd_ctl_write: 0x75da00: pfd->events now 60 (POLLOUT:4)
0:00:00.019457668  2472 0x1992370 DEBUG   default gstvalue.c:2776:_priv_gst_value_parse_value: trying type name 'string'
0:00:00.015347019  2473 0x755320 DEBUG   GST_POLL gstpoll.c:980:gst_poll_fd_ctl_write: 0x75da00: fd (fd:0, idx:1), active : 1
0:00:00.019464993  2472 0x1992370 DEBUG   structure gststructure.c:2258:gst_structure_parse_field: trying field name 'klass'
0:00:00.015353429  2473 0x755320 LOG   GST_POLL gstpoll.c:994:gst_poll_fd_ctl_write: 0x75da00: pfd->events now 60 (POLLOUT:4)
0:00:00.019470671  2472 0x1992370 DEBUG   default gstvalue.c:2776:_priv_gst_value_parse_value: trying type name 'string'
0:00:00.015359768  2473 0x755320 DEBUG   GST_POLL gstpoll.c:980:gst_poll_fd_ctl_write: 0x75da00: fd (fd:0, idx:1), active : 1
0:00:00.019476834  2472 0x1992370 DEBUG   structure gststructure.c:2258:gst_structure_parse_field: trying field name 'description'
0:00:00.015365508  2473 0x755320 LOG   GST_POLL gstpoll.c:994:gst_poll_fd_ctl_write: 0x75da00: pfd->events now 60 (POLLOUT:4)
0:00:00.019482232  2472 0x1992370 DEBUG   default gstvalue.c:2776:_priv_gst_value_parse_value: trying type name 'string'
0:00:00.015371604  2473 0x755320 DEBUG   GST_POLL gstpoll.c:980:gst_poll_fd_ctl_write: 0x75da00: fd (fd:0, idx:1), active : 1
0:00:00.019488302  2472 0x1992370 DEBUG   structure gststructure.c:2258:gst_structure_parse_field: trying field name 'author'
0:00:00.015377286  2473 0x755320 LOG   GST_POLL gstpoll.c:994:gst_poll_fd_ctl_write: 0x75da00: pfd->events now 60 (POLLOUT:4)
0:00:00.019493722  2472 0x1992370 DEBUG   default gstvalue.c:2776:_priv_gst_value_parse_value: trying type name 'string'
0:00:00.015383535  2473 0x755320 DEBUG   GST_POLL gstpoll.c:980:gst_poll_fd_ctl_write: 0x75da00: fd (fd:0, idx:1), active : 1
0:00:00.019507268  2472 0x1992370 DEBUG   GST_REGISTRY gstregistrychunks.c:627:gst_registry_chunks_load_feature: Element factory : npadtemplates=1
0:00:00.015394087  2473 0x755320 LOG   GST_POLL gstpoll.c:994:gst_poll_fd_ctl_write: 0x75da00: pfd->events now 60 (POLLOUT:4)
0:00:00.019515115  2472 0x1992370 DEBUG   GST_REGISTRY gstregistrychunks.c:527:gst_registry_chunks_load_pad_template: Reading/casting for GstRegistryChunkPadTemplate at address 0x19af120
0:00:00.015404314  2473 0x755320 DEBUG   GST_POLL gstpoll.c:980:gst_poll_fd_ctl_write: 0x75da00: fd (fd:0, idx:1), active : 1
0:00:00.019521955  2472 0x1992370 DEBUG   GST_REGISTRY gstregistrychunks.c:540:gst_registry_chunks_load_pad_template: Added pad_template src
0:00:00.015410734  2473 0x755320 LOG   GST_POLL gstpoll.c:994:gst_poll_fd_ctl_write: 0x75da00: pfd->events now 60 (POLLOUT:4)
0:00:00.019529865  2472 0x1992370 DEBUG   GST_REGISTRY gstregistry.c:590:gst_registry_add_feature: adding feature 0x19b32e0 (fakesrc)
0:00:00.015417047  2473 0x755320 DEBUG   GST_POLL gstpoll.c:980:gst_poll_fd_ctl_write: 0x75da00: fd (fd:0, idx:1), active : 1
0:00:00.019536040  2472 0x1992370 DEBUG   GST_REFCOUNTING gstobject.c:709:gst_object_set_parent: set parent (ref and sink)
0:00:00.015423846  2473 0x755320 LOG   GST_POLL gstpoll.c:994:gst_poll_fd_ctl_write: 0x75da00: pfd->events now 60 (POLLOUT:4)
0:00:00.019543287  2472 0x1992370 TRACE   GST_REFCOUNTING gstobject.c:294:gst_object_ref_sink: 0x19b32e0 ref_sink 1->2
0:00:00.015430649  2473 0x755320 DEBUG   GST_POLL gstpoll.c:980:gst_poll_fd_ctl_write: 0x75da00: fd (fd:0, idx:1), active : 1
0:00:00.019549765  2472 0x1992370 LOG   GST_REGISTRY gstregistry.c:608:gst_registry_add_feature: emitting feature-added for fakesrc
0:00:00.015437163  2473 0x755320 LOG   GST_POLL gstpoll.c:994:gst_poll_fd_ctl_write: 0x75da00: pfd->events now 60 (POLLOUT:4)
0:00:00.019556553  2472 0x1992370 DEBUG   GST_REGISTRY gstregistrychunks.c:742:gst_registry_chunks_load_feature: Added feature fakesrc, plugin 0x19ada20 coreelements
0:00:00.019563021  2472 0x1992370 DEBUG   GST_REGISTRY gstregistrychunks.c:584:gst_registry_chunks_load_feature: Plugin 'coreelements' feature 'downloadbuffer' typename : 'GstElementFactory'
0:00:00.015449108  2473 0x755320 DEBUG   GST_POLL gstpoll.c:980:gst_poll_fd_ctl_write: 0x75da00: fd (fd:0, idx:1), active : 1
0:00:00.019572512  2472 0x1992370 TRACE   GST_REFCOUNTING gstobject.c:208:gst_object_init: 0x19b3830 new
0:00:00.015459467  2473 0x755320 LOG   GST_POLL gstpoll.c:994:gst_poll_fd_ctl_write: 0x75da00: pfd->events now 60 (POLLOUT:4)
0:00:00.019580750  2472 0x1992370 LOG   GST_REGISTRY gstregistrychunks.c:611:gst_registry_chunks_load_feature: Reading/casting for GstRegistryChunkElementFactory at address 0x19af158
0:00:00.015468095  2473 0x755320 DEBUG   GST_POLL gstpoll.c:980:gst_poll_fd_ctl_write: 0x75da00: fd (fd:0, idx:1), active : 1
0:00:00.019587662  2472 0x1992370 TRACE   structure gststructure.c:292:gst_structure_new_id_empty_with_size: created structure 0x19b3920
0:00:00.015478926  2473 0x755320 LOG   GST_POLL gstpoll.c:994:gst_poll_fd_ctl_write: 0x75da00: pfd->events now 60 (POLLOUT:4)
0:00:00.019595271  2472 0x1992370 DEBUG   structure gststructure.c:2258:gst_structure_parse_field: trying field name 'long-name'
0:00:00.015485283  2473 0x755320 DEBUG   GST_POLL gstpoll.c:980:gst_poll_fd_ctl_write: 0x75da00: fd (fd:0, idx:1), active : 1
0:00:00.019600930  2472 0x1992370 DEBUG   default gstvalue.c:2776:_priv_gst_value_parse_value: trying type name 'string'
0:00:00.015491038  2473 0x755320 LOG   GST_POLL gstpoll.c:994:gst_poll_fd_ctl_write: 0x75da00: pfd->events now 60 (POLLOUT:4)
0:00:00.019607833  2472 0x1992370 DEBUG   structure gststructure.c:2258:gst_structure_parse_field: trying field name 'klass'
0:00:00.015496919  2473 0x755320 DEBUG   GST_POLL gstpoll.c:980:gst_poll_fd_ctl_write: 0x75da00: fd (fd:0, idx:1), active : 1
0:00:00.019613152  2472 0x1992370 DEBUG   default gstvalue.c:2776:_priv_gst_value_parse_value: trying type name 'string'
0:00:00.015502601  2473 0x755320 LOG   GST_POLL gstpoll.c:994:gst_poll_fd_ctl_write: 0x75da00: pfd->events now 60 (POLLOUT:4)
0:00:00.019618892  2472 0x1992370 DEBUG   structure gststructure.c:2258:gst_structure_parse_field: trying field name 'description'
0:00:00.015508548  2473 0x755320 DEBUG   GST_POLL gstpoll.c:980:gst_poll_fd_ctl_write: 0x75da00: fd (fd:0, idx:1), active : 1
0:00:00.019626461  2472 0x1992370 DEBUG   default gstvalue.c:2776:_priv_gst_value_parse_value: trying type name 'string'
0:00:00.015516240  2473 0x755320 LOG   GST_POLL gstpoll.c:994:gst_poll_fd_ctl_write: 0x75da00: pfd->events now 60 (POLLOUT:4)
0:00:00.019633877  2472 0x1992370 DEBUG   structure gststructure.c:2258:gst_structure_parse_field: trying field name 'author'
0:00:00.015523346  2473 0x755320 DEBUG   GST_POLL gstpoll.c:980:gst_poll_fd_ctl_write: 0x75da00: fd (fd:0, idx:1), active : 1
0:00:00.019639662  2472 0x1992370 DEBUG   default gstvalue.c:2776:_priv_gst_value_parse_value: trying type name 'string'
0:00:00.015529109  2473 0x755320 LOG   GST_POLL gstpoll.c:994:gst_poll_fd_ctl_write: 0x75da00: pfd->events now 60 (POLLOUT:4)
0:00:00.019645998  2472 0x1992370 DEBUG   GST_REGISTRY gstregistrychunks.c:627:gst_registry_chunks_load_feature: Element factory : npadtemplates=2
0:00:00.015535226  2473 0x755320 DEBUG   GST_POLL gstpoll.c:980:gst_poll_fd_ctl_write: 0x75da00: fd (fd:0, idx:1), active : 1
0:00:00.019651740  2472 0x1992370 DEBUG   GST_REGISTRY gstregistrychunks.c:527:gst_registry_chunks_load_pad_template: Reading/casting for GstRegistryChunkPadTemplate at address 0x19af220
0:00:00.015541029  2473 0x755320 LOG   GST_POLL gstpoll.c:994:gst_poll_fd_ctl_write: 0x75da00: pfd->events now 60 (POLLOUT:4)
0:00:00.019657422  2472 0x1992370 DEBUG   GST_REGISTRY gstregistrychunks.c:540:gst_registry_chunks_load_pad_template: Added pad_template sink
0:00:00.015546991  2473 0x755320 DEBUG   GST_POLL gstpoll.c:980:gst_poll_fd_ctl_write: 0x75da00: fd (fd:0, idx:1), active : 1
0:00:00.019667310  2472 0x1992370 DEBUG   GST_REGISTRY gstregistrychunks.c:527:gst_registry_chunks_load_pad_template: Reading/casting for GstRegistryChunkPadTemplate at address 0x19af238
0:00:00.015555587  2473 0x755320 LOG   GST_POLL gstpoll.c:994:gst_poll_fd_ctl_write: 0x75da00: pfd->events now 60 (POLLOUT:4)
0:00:00.019673078  2472 0x1992370 DEBUG   GST_REGISTRY gstregistrychunks.c:540:gst_registry_chunks_load_pad_template: Added pad_template src
0:00:00.015574405  2473 0x755320 DEBUG   GST_POLL gstpoll.c:980:gst_poll_fd_ctl_write: 0x75da00: fd (fd:0, idx:1), active : 1
0:00:00.019701408  2472 0x1992370 DEBUG   GST_REGISTRY gstregistry.c:590:gst_registry_add_feature: adding feature 0x19b3830 (downloadbuffer)
0:00:00.015589376  2473 0x755320 LOG   GST_POLL gstpoll.c:994:gst_poll_fd_ctl_write: 0x75da00: pfd->events now 60 (POLLOUT:4)
0:00:00.019710580  2472 0x1992370 DEBUG   GST_REFCOUNTING gstobject.c:709:gst_object_set_parent: set parent (ref and sink)
0:00:00.015600411  2473 0x755320 DEBUG   GST_POLL gstpoll.c:980:gst_poll_fd_ctl_write: 0x75da00: fd (fd:0, idx:1), active : 1
0:00:00.019718112  2472 0x1992370 TRACE   GST_REFCOUNTING gstobject.c:294:gst_object_ref_sink: 0x19b3830 ref_sink 1->2
0:00:00.015606282  2473 0x755320 LOG   GST_POLL gstpoll.c:994:gst_poll_fd_ctl_write: 0x75da00: pfd->events now 60 (POLLOUT:4)
0:00:00.019724768  2472 0x1992370 LOG   GST_REGISTRY gstregistry.c:608:gst_registry_add_feature: emitting feature-added for downloadbuffer
0:00:00.015612530  2473 0x755320 DEBUG   GST_POLL gstpoll.c:980:gst_poll_fd_ctl_write: 0x75da00: fd (fd:0, idx:1), active : 1
0:00:00.019731594  2472 0x1992370 DEBUG   GST_REGISTRY gstregistrychunks.c:742:gst_registry_chunks_load_feature: Added feature downloadbuffer, plugin 0x19ada20 coreelements
0:00:00.015618202  2473 0x755320 LOG   GST_POLL gstpoll.c:994:gst_poll_fd_ctl_write: 0x75da00: pfd->events now 60 (POLLOUT:4)
0:00:00.019738050  2472 0x1992370 DEBUG   GST_REGISTRY gstregistrychunks.c:584:gst_registry_chunks_load_feature: Plugin 'coreelements' feature 'dataurisrc' typename : 'GstElementFactory'
0:00:00.015625220  2473 0x755320 DEBUG   GST_POLL gstpoll.c:980:gst_poll_fd_ctl_write: 0x75da00: fd (fd:0, idx:1), active : 1
0:00:00.019745722  2472 0x1992370 TRACE   GST_REFCOUNTING gstobject.c:208:gst_object_init: 0x19b36d0 new
0:00:00.015633546  2473 0x755320 LOG   GST_POLL gstpoll.c:994:gst_poll_fd_ctl_write: 0x75da00: pfd->events now 60 (POLLOUT:4)
0:00:00.015641485  2473 0x755320 LOG   GST_PLUGIN_LOADING gstpluginloader.c:645:put_chunk: Expanding tx buf from 13209 to 17023 for chunk of size 229
0:00:00.019755661  2472 0x1992370 LOG   GST_REGISTRY gstregistrychunks.c:611:gst_registry_chunks_load_feature: Reading/casting for GstRegistryChunkElementFactory at address 0x19af268
0:00:00.015650947  2473 0x755320 DEBUG   GST_POLL gstpoll.c:980:gst_poll_fd_ctl_write: 0x75da00: fd (fd:0, idx:1), active : 1
0:00:00.019769302  2472 0x1992370 TRACE   structure gststructure.c:292:gst_structure_new_id_empty_with_size: created structure 0x19b3ca0
0:00:00.015656936  2473 0x755320 LOG   GST_POLL gstpoll.c:994:gst_poll_fd_ctl_write: 0x75da00: pfd->events now 60 (POLLOUT:4)
0:00:00.019775650  2472 0x1992370 DEBUG   structure gststructure.c:2258:gst_structure_parse_field: trying field name 'long-name'
0:00:00.015663506  2473 0x755320 DEBUG   GST_POLL gstpoll.c:980:gst_poll_fd_ctl_write: 0x75da00: fd (fd:0, idx:1), active : 1
0:00:00.019781313  2472 0x1992370 DEBUG   default gstvalue.c:2776:_priv_gst_value_parse_value: trying type name 'string'
0:00:00.015669151  2473 0x755320 LOG   GST_POLL gstpoll.c:994:gst_poll_fd_ctl_write: 0x75da00: pfd->events now 60 (POLLOUT:4)
0:00:00.019787760  2472 0x1992370 DEBUG   structure gststructure.c:2258:gst_structure_parse_field: trying field name 'klass'
0:00:00.015675071  2473 0x755320 DEBUG   GST_POLL gstpoll.c:980:gst_poll_fd_ctl_write: 0x75da00: fd (fd:0, idx:1), active : 1
0:00:00.019793397  2472 0x1992370 DEBUG   default gstvalue.c:2776:_priv_gst_value_parse_value: trying type name 'string'
0:00:00.015683137  2473 0x755320 LOG   GST_POLL gstpoll.c:994:gst_poll_fd_ctl_write: 0x75da00: pfd->events now 60 (POLLOUT:4)
0:00:00.019799610  2472 0x1992370 DEBUG   structure gststructure.c:2258:gst_structure_parse_field: trying field name 'description'
0:00:00.015690038  2473 0x755320 DEBUG   GST_POLL gstpoll.c:980:gst_poll_fd_ctl_write: 0x75da00: fd (fd:0, idx:1), active : 1
0:00:00.019805602  2472 0x1992370 DEBUG   default gstvalue.c:2776:_priv_gst_value_parse_value: trying type name 'string'
0:00:00.015695886  2473 0x755320 LOG   GST_POLL gstpoll.c:994:gst_poll_fd_ctl_write: 0x75da00: pfd->events now 60 (POLLOUT:4)
0:00:00.019814624  2472 0x1992370 DEBUG   structure gststructure.c:2258:gst_structure_parse_field: trying field name 'author'
0:00:00.015701874  2473 0x755320 DEBUG   GST_POLL gstpoll.c:980:gst_poll_fd_ctl_write: 0x75da00: fd (fd:0, idx:1), active : 1
0:00:00.019821268  2472 0x1992370 DEBUG   default gstvalue.c:2776:_priv_gst_value_parse_value: trying type name 'string'
0:00:00.015708978  2473 0x755320 LOG   GST_POLL gstpoll.c:994:gst_poll_fd_ctl_write: 0x75da00: pfd->events now 60 (POLLOUT:4)
0:00:00.019828834  2472 0x1992370 DEBUG   GST_REGISTRY gstregistrychunks.c:627:gst_registry_chunks_load_feature: Element factory : npadtemplates=1
0:00:00.015715102  2473 0x755320 DEBUG   GST_POLL gstpoll.c:980:gst_poll_fd_ctl_write: 0x75da00: fd (fd:0, idx:1), active : 1
0:00:00.019834578  2472 0x1992370 DEBUG   GST_REGISTRY gstregistrychunks.c:527:gst_registry_chunks_load_pad_template: Reading/casting for GstRegistryChunkPadTemplate at address 0x19af380
0:00:00.015722303  2473 0x755320 LOG   GST_POLL gstpoll.c:994:gst_poll_fd_ctl_write: 0x75da00: pfd->events now 60 (POLLOUT:4)
0:00:00.019840582  2472 0x1992370 DEBUG   GST_REGISTRY gstregistrychunks.c:540:gst_registry_chunks_load_pad_template: Added pad_template src
0:00:00.015732993  2473 0x755320 DEBUG   GST_POLL gstpoll.c:980:gst_poll_fd_ctl_write: 0x75da00: fd (fd:0, idx:1), active : 1
0:00:00.019849487  2472 0x1992370 DEBUG   GST_REGISTRY gstregistrychunks.c:640:gst_registry_chunks_load_feature: Reading 1 UriTypes at address 0x19af390
0:00:00.015740749  2473 0x755320 LOG   GST_POLL gstpoll.c:994:gst_poll_fd_ctl_write: 0x75da00: pfd->events now 60 (POLLOUT:4)
0:00:00.019856700  2472 0x1992370 DEBUG   GST_REGISTRY gstregistrychunks.c:655:gst_registry_chunks_load_feature: Reading 1 Interfaces at address 0x19af399
0:00:00.015747522  2473 0x755320 DEBUG   GST_POLL gstpoll.c:980:gst_poll_fd_ctl_write: 0x75da00: fd (fd:0, idx:1), active : 1
0:00:00.019865146  2472 0x1992370 DEBUG   GST_REGISTRY gstregistry.c:590:gst_registry_add_feature: adding feature 0x19b36d0 (dataurisrc)
0:00:00.015753402  2473 0x755320 LOG   GST_POLL gstpoll.c:994:gst_poll_fd_ctl_write: 0x75da00: pfd->events now 60 (POLLOUT:4)
0:00:00.015760339  2473 0x755320 DEBUG   GST_POLL gstpoll.c:980:gst_poll_fd_ctl_write: 0x75da00: fd (fd:0, idx:1), active : 1
0:00:00.019873258  2472 0x1992370 DEBUG   GST_REFCOUNTING gstobject.c:709:gst_object_set_parent: set parent (ref and sink)
0:00:00.015765464  2473 0x755320 LOG   GST_POLL gstpoll.c:994:gst_poll_fd_ctl_write: 0x75da00: pfd->events now 60 (POLLOUT:4)
0:00:00.019883474  2472 0x1992370 TRACE   GST_REFCOUNTING gstobject.c:294:gst_object_ref_sink: 0x19b36d0 ref_sink 1->2
0:00:00.015771243  2473 0x755320 DEBUG   GST_POLL gstpoll.c:980:gst_poll_fd_ctl_write: 0x75da00: fd (fd:0, idx:1), active : 1
0:00:00.019890598  2472 0x1992370 LOG   GST_REGISTRY gstregistry.c:608:gst_registry_add_feature: emitting feature-added for dataurisrc
0:00:00.015777816  2473 0x755320 LOG   GST_POLL gstpoll.c:994:gst_poll_fd_ctl_write: 0x75da00: pfd->events now 60 (POLLOUT:4)
0:00:00.019897305  2472 0x1992370 DEBUG   GST_REGISTRY gstregistrychunks.c:742:gst_registry_chunks_load_feature: Added feature dataurisrc, plugin 0x19ada20 coreelements
0:00:00.015784388  2473 0x755320 DEBUG   GST_POLL gstpoll.c:980:gst_poll_fd_ctl_write: 0x75da00: fd (fd:0, idx:1), active : 1
0:00:00.019904015  2472 0x1992370 DEBUG   GST_REGISTRY gstregistrychunks.c:584:gst_registry_chunks_load_feature: Plugin 'coreelements' feature 'concat' typename : 'GstElementFactory'
0:00:00.015792736  2473 0x755320 LOG   GST_POLL gstpoll.c:994:gst_poll_fd_ctl_write: 0x75da00: pfd->events now 60 (POLLOUT:4)
0:00:00.019911403  2472 0x1992370 TRACE   GST_REFCOUNTING gstobject.c:208:gst_object_init: 0x19b3e50 new
0:00:00.015799609  2473 0x755320 DEBUG   GST_POLL gstpoll.c:980:gst_poll_fd_ctl_write: 0x75da00: fd (fd:0, idx:1), active : 1
0:00:00.015805780  2473 0x755320 LOG   GST_POLL gstpoll.c:994:gst_poll_fd_ctl_write: 0x75da00: pfd->events now 60 (POLLOUT:4)
0:00:00.019922250  2472 0x1992370 LOG   GST_REGISTRY gstregistrychunks.c:611:gst_registry_chunks_load_feature: Reading/casting for GstRegistryChunkElementFactory at address 0x19af3c0
0:00:00.015815288  2473 0x755320 DEBUG   GST_POLL gstpoll.c:980:gst_poll_fd_ctl_write: 0x75da00: fd (fd:0, idx:1), active : 1
0:00:00.019933986  2472 0x1992370 TRACE   structure gststructure.c:292:gst_structure_new_id_empty_with_size: created structure 0x19b4010
0:00:00.015821068  2473 0x755320 LOG   GST_POLL gstpoll.c:994:gst_poll_fd_ctl_write: 0x75da00: pfd->events now 60 (POLLOUT:4)
0:00:00.019940963  2472 0x1992370 DEBUG   structure gststructure.c:2258:gst_structure_parse_field: trying field name 'long-name'
0:00:00.015828603  2473 0x755320 DEBUG   GST_POLL gstpoll.c:980:gst_poll_fd_ctl_write: 0x75da00: fd (fd:0, idx:1), active : 1
0:00:00.019946879  2472 0x1992370 DEBUG   default gstvalue.c:2776:_priv_gst_value_parse_value: trying type name 'string'
0:00:00.015834552  2473 0x755320 LOG   GST_POLL gstpoll.c:994:gst_poll_fd_ctl_write: 0x75da00: pfd->events now 60 (POLLOUT:4)
0:00:00.019953043  2472 0x1992370 DEBUG   structure gststructure.c:2258:gst_structure_parse_field: trying field name 'klass'
0:00:00.015840524  2473 0x755320 DEBUG   GST_POLL gstpoll.c:980:gst_poll_fd_ctl_write: 0x75da00: fd (fd:0, idx:1), active : 1
0:00:00.019958681  2472 0x1992370 DEBUG   default gstvalue.c:2776:_priv_gst_value_parse_value: trying type name 'string'
0:00:00.015848369  2473 0x755320 LOG   GST_POLL gstpoll.c:994:gst_poll_fd_ctl_write: 0x75da00: pfd->events now 60 (POLLOUT:4)
0:00:00.019964638  2472 0x1992370 DEBUG   structure gststructure.c:2258:gst_structure_parse_field: trying field name 'description'
0:00:00.015855320  2473 0x755320 DEBUG   GST_POLL gstpoll.c:980:gst_poll_fd_ctl_write: 0x75da00: fd (fd:0, idx:1), active : 1
0:00:00.019970999  2472 0x1992370 DEBUG   default gstvalue.c:2776:_priv_gst_value_parse_value: trying type name 'string'
0:00:00.015861651  2473 0x755320 LOG   GST_POLL gstpoll.c:994:gst_poll_fd_ctl_write: 0x75da00: pfd->events now 60 (POLLOUT:4)
0:00:00.019978436  2472 0x1992370 DEBUG   structure gststructure.c:2258:gst_structure_parse_field: trying field name 'author'
0:00:00.015867726  2473 0x755320 DEBUG   GST_POLL gstpoll.c:980:gst_poll_fd_ctl_write: 0x75da00: fd (fd:0, idx:1), active : 1
0:00:00.019985897  2472 0x1992370 DEBUG   default gstvalue.c:2776:_priv_gst_value_parse_value: trying type name 'string'
0:00:00.015873209  2473 0x755320 LOG   GST_POLL gstpoll.c:994:gst_poll_fd_ctl_write: 0x75da00: pfd->events now 60 (POLLOUT:4)
0:00:00.019993894  2472 0x1992370 DEBUG   GST_REGISTRY gstregistrychunks.c:627:gst_registry_chunks_load_feature: Element factory : npadtemplates=2
0:00:00.015880651  2473 0x755320 DEBUG   GST_POLL gstpoll.c:980:gst_poll_fd_ctl_write: 0x75da00: fd (fd:0, idx:1), active : 1
0:00:00.019999909  2472 0x1992370 DEBUG   GST_REGISTRY gstregistrychunks.c:527:gst_registry_chunks_load_pad_template: Reading/casting for GstRegistryChunkPadTemplate at address 0x19af498
0:00:00.015887503  2473 0x755320 LOG   GST_POLL gstpoll.c:994:gst_poll_fd_ctl_write: 0x75da00: pfd->events now 60 (POLLOUT:4)
0:00:00.020010198  2472 0x1992370 DEBUG   GST_REGISTRY gstregistrychunks.c:540:gst_registry_chunks_load_pad_template: Added pad_template src
