0:00:00.013098720  2473 0x755320 TRACE   GST_REFCOUNTING gstobject.c:265:gst_object_unref: 0x78cb30 unref 2->1
0:00:00.017218527  2472 0x1992370 DEBUG   GST_REGISTRY gstregistry.c:590:gst_registry_add_feature: adding feature 0x19afb60 (multiqueue)
0:00:00.013107194  2473 0x755320 DEBUG   GST_REGISTRY gstregistrychunks.c:499:_priv_gst_registry_chunks_save_plugin: Found 22 features in plugin 0x7717b0 (coreelements)
0:00:00.017224581  2472 0x1992370 DEBUG   GST_REFCOUNTING gstobject.c:709:gst_object_set_parent: set parent (ref and sink)
0:00:00.017231986  2472 0x1992370 TRACE   GST_REFCOUNTING gstobject.c:294:gst_object_ref_sink: 0x19afb60 ref_sink 1->2
0:00:00.013120593  2473 0x755320 DEBUG   GST_POLL gstpoll.c:980:gst_poll_fd_ctl_write: 0x75da00: fd (fd:0, idx:1), active : 1
0:00:00.017237822  2472 0x1992370 LOG   GST_REGISTRY gstregistry.c:608:gst_registry_add_feature: emitting feature-added for multiqueue
0:00:00.013128222  2473 0x755320 LOG   GST_POLL gstpoll.c:994:gst_poll_fd_ctl_write: 0x75da00: pfd->events now 60 (POLLOUT:4)
0:00:00.017244698  2472 0x1992370 DEBUG   GST_REGISTRY gstregistrychunks.c:742:gst_registry_chunks_load_feature: Added feature multiqueue, plugin 0x19ada20 coreelements
0:00:00.013135149  2473 0x755320 DEBUG   GST_POLL gstpoll.c:980:gst_poll_fd_ctl_write: 0x75da00: fd (fd:0, idx:1), active : 1
0:00:00.017251487  2472 0x1992370 DEBUG   GST_REGISTRY gstregistrychunks.c:584:gst_registry_chunks_load_feature: Plugin 'coreelements' feature 'typefind' typename : 'GstElementFactory'
0:00:00.013145469  2473 0x755320 LOG   GST_POLL gstpoll.c:994:gst_poll_fd_ctl_write: 0x75da00: pfd->events now 60 (POLLOUT:4)
0:00:00.013151921  2473 0x755320 DEBUG   GST_POLL gstpoll.c:980:gst_poll_fd_ctl_write: 0x75da00: fd (fd:0, idx:1), active : 1
0:00:00.017265463  2472 0x1992370 TRACE   GST_REFCOUNTING gstobject.c:208:gst_object_init: 0x19afd80 new
0:00:00.013157143  2473 0x755320 LOG   GST_POLL gstpoll.c:994:gst_poll_fd_ctl_write: 0x75da00: pfd->events now 60 (POLLOUT:4)
0:00:00.017275295  2472 0x1992370 LOG   GST_REGISTRY gstregistrychunks.c:611:gst_registry_chunks_load_feature: Reading/casting for GstRegistryChunkElementFactory at address 0x19ae0e8
0:00:00.013163340  2473 0x755320 DEBUG   GST_POLL gstpoll.c:980:gst_poll_fd_ctl_write: 0x75da00: fd (fd:0, idx:1), active : 1
0:00:00.013171317  2473 0x755320 LOG   GST_POLL gstpoll.c:994:gst_poll_fd_ctl_write: 0x75da00: pfd->events now 60 (POLLOUT:4)
0:00:00.017288239  2472 0x1992370 TRACE   structure gststructure.c:292:gst_structure_new_id_empty_with_size: created structure 0x19aff40
0:00:00.013177793  2473 0x755320 DEBUG   GST_POLL gstpoll.c:980:gst_poll_fd_ctl_write: 0x75da00: fd (fd:0, idx:1), active : 1
0:00:00.017294658  2472 0x1992370 DEBUG   structure gststructure.c:2258:gst_structure_parse_field: trying field name 'long-name'
0:00:00.013183850  2473 0x755320 LOG   GST_POLL gstpoll.c:994:gst_poll_fd_ctl_write: 0x75da00: pfd->events now 60 (POLLOUT:4)
0:00:00.017300371  2472 0x1992370 DEBUG   default gstvalue.c:2776:_priv_gst_value_parse_value: trying type name 'string'
0:00:00.013189995  2473 0x755320 DEBUG   GST_POLL gstpoll.c:980:gst_poll_fd_ctl_write: 0x75da00: fd (fd:0, idx:1), active : 1
0:00:00.017306510  2472 0x1992370 DEBUG   structure gststructure.c:2258:gst_structure_parse_field: trying field name 'klass'
0:00:00.013195661  2473 0x755320 LOG   GST_POLL gstpoll.c:994:gst_poll_fd_ctl_write: 0x75da00: pfd->events now 60 (POLLOUT:4)
0:00:00.017311987  2472 0x1992370 DEBUG   default gstvalue.c:2776:_priv_gst_value_parse_value: trying type name 'string'
0:00:00.013201574  2473 0x755320 DEBUG   GST_POLL gstpoll.c:980:gst_poll_fd_ctl_write: 0x75da00: fd (fd:0, idx:1), active : 1
0:00:00.017320113  2472 0x1992370 DEBUG   structure gststructure.c:2258:gst_structure_parse_field: trying field name 'description'
0:00:00.013207228  2473 0x755320 LOG   GST_POLL gstpoll.c:994:gst_poll_fd_ctl_write: 0x75da00: pfd->events now 60 (POLLOUT:4)
0:00:00.017326837  2472 0x1992370 DEBUG   default gstvalue.c:2776:_priv_gst_value_parse_value: trying type name 'string'
0:00:00.013214669  2473 0x755320 DEBUG   GST_POLL gstpoll.c:980:gst_poll_fd_ctl_write: 0x75da00: fd (fd:0, idx:1), active : 1
0:00:00.017333318  2472 0x1992370 DEBUG   structure gststructure.c:2258:gst_structure_parse_field: trying field name 'author'
0:00:00.013222565  2473 0x755320 LOG   GST_POLL gstpoll.c:994:gst_poll_fd_ctl_write: 0x75da00: pfd->events now 60 (POLLOUT:4)
0:00:00.017343353  2472 0x1992370 DEBUG   default gstvalue.c:2776:_priv_gst_value_parse_value: trying type name 'string'
0:00:00.013231894  2473 0x755320 DEBUG   GST_POLL gstpoll.c:980:gst_poll_fd_ctl_write: 0x75da00: fd (fd:0, idx:1), active : 1
0:00:00.017350197  2472 0x1992370 DEBUG   GST_REGISTRY gstregistrychunks.c:627:gst_registry_chunks_load_feature: Element factory : npadtemplates=2
0:00:00.013237987  2473 0x755320 LOG   GST_POLL gstpoll.c:994:gst_poll_fd_ctl_write: 0x75da00: pfd->events now 60 (POLLOUT:4)
0:00:00.017355884  2472 0x1992370 DEBUG   GST_REGISTRY gstregistrychunks.c:527:gst_registry_chunks_load_pad_template: Reading/casting for GstRegistryChunkPadTemplate at address 0x19ae1c0
0:00:00.013244059  2473 0x755320 DEBUG   GST_POLL gstpoll.c:980:gst_poll_fd_ctl_write: 0x75da00: fd (fd:0, idx:1), active : 1
0:00:00.017361798  2472 0x1992370 DEBUG   GST_REGISTRY gstregistrychunks.c:540:gst_registry_chunks_load_pad_template: Added pad_template sink
0:00:00.013249820  2473 0x755320 LOG   GST_POLL gstpoll.c:994:gst_poll_fd_ctl_write: 0x75da00: pfd->events now 60 (POLLOUT:4)
0:00:00.017367220  2472 0x1992370 DEBUG   GST_REGISTRY gstregistrychunks.c:527:gst_registry_chunks_load_pad_template: Reading/casting for GstRegistryChunkPadTemplate at address 0x19ae1d8
0:00:00.013255721  2473 0x755320 DEBUG   GST_POLL gstpoll.c:980:gst_poll_fd_ctl_write: 0x75da00: fd (fd:0, idx:1), active : 1
0:00:00.017374794  2472 0x1992370 DEBUG   GST_REGISTRY gstregistrychunks.c:540:gst_registry_chunks_load_pad_template: Added pad_template src
0:00:00.013261594  2473 0x755320 LOG   GST_POLL gstpoll.c:994:gst_poll_fd_ctl_write: 0x75da00: pfd->events now 60 (POLLOUT:4)
0:00:00.017383456  2472 0x1992370 DEBUG   GST_REGISTRY gstregistry.c:590:gst_registry_add_feature: adding feature 0x19afd80 (typefind)
0:00:00.013269520  2473 0x755320 DEBUG   GST_POLL gstpoll.c:980:gst_poll_fd_ctl_write: 0x75da00: fd (fd:0, idx:1), active : 1
0:00:00.017390138  2472 0x1992370 DEBUG   GST_REFCOUNTING gstobject.c:709:gst_object_set_parent: set parent (ref and sink)
0:00:00.013279597  2473 0x755320 LOG   GST_POLL gstpoll.c:994:gst_poll_fd_ctl_write: 0x75da00: pfd->events now 60 (POLLOUT:4)
0:00:00.017397996  2472 0x1992370 TRACE   GST_REFCOUNTING gstobject.c:294:gst_object_ref_sink: 0x19afd80 ref_sink 1->2
0:00:00.013286436  2473 0x755320 DEBUG   GST_POLL gstpoll.c:980:gst_poll_fd_ctl_write: 0x75da00: fd (fd:0, idx:1), active : 1
0:00:00.017404888  2472 0x1992370 LOG   GST_REGISTRY gstregistry.c:608:gst_registry_add_feature: emitting feature-added for typefind
0:00:00.013292422  2473 0x755320 LOG   GST_POLL gstpoll.c:994:gst_poll_fd_ctl_write: 0x75da00: pfd->events now 60 (POLLOUT:4)
0:00:00.017411775  2472 0x1992370 DEBUG   GST_REGISTRY gstregistrychunks.c:742:gst_registry_chunks_load_feature: Added feature typefind, plugin 0x19ada20 coreelements
0:00:00.013298910  2473 0x755320 DEBUG   GST_POLL gstpoll.c:980:gst_poll_fd_ctl_write: 0x75da00: fd (fd:0, idx:1), active : 1
0:00:00.017422861  2472 0x1992370 DEBUG   GST_REGISTRY gstregistrychunks.c:584:gst_registry_chunks_load_feature: Plugin 'coreelements' feature 'tee' typename : 'GstElementFactory'
0:00:00.013309864  2473 0x755320 LOG   GST_POLL gstpoll.c:994:gst_poll_fd_ctl_write: 0x75da00: pfd->events now 60 (POLLOUT:4)
0:00:00.013316990  2473 0x755320 DEBUG   GST_POLL gstpoll.c:980:gst_poll_fd_ctl_write: 0x75da00: fd (fd:0, idx:1), active : 1
0:00:00.017430899  2472 0x1992370 TRACE   GST_REFCOUNTING gstobject.c:208:gst_object_init: 0x19b00c0 new
0:00:00.013322299  2473 0x755320 LOG   GST_POLL gstpoll.c:994:gst_poll_fd_ctl_write: 0x75da00: pfd->events now 60 (POLLOUT:4)
0:00:00.013328300  2473 0x755320 DEBUG   GST_POLL gstpoll.c:980:gst_poll_fd_ctl_write: 0x75da00: fd (fd:0, idx:1), active : 1
0:00:00.017442394  2472 0x1992370 LOG   GST_REGISTRY gstregistrychunks.c:611:gst_registry_chunks_load_feature: Reading/casting for GstRegistryChunkElementFactory at address 0x19ae200
0:00:00.013335942  2473 0x755320 LOG   GST_POLL gstpoll.c:994:gst_poll_fd_ctl_write: 0x75da00: pfd->events now 60 (POLLOUT:4)
0:00:00.017451975  2472 0x1992370 TRACE   structure gststructure.c:292:gst_structure_new_id_empty_with_size: created structure 0x19b03d0
0:00:00.013343716  2473 0x755320 DEBUG   GST_POLL gstpoll.c:980:gst_poll_fd_ctl_write: 0x75da00: fd (fd:0, idx:1), active : 1
0:00:00.017459181  2472 0x1992370 DEBUG   structure gststructure.c:2258:gst_structure_parse_field: trying field name 'long-name'
0:00:00.013349844  2473 0x755320 LOG   GST_POLL gstpoll.c:994:gst_poll_fd_ctl_write: 0x75da00: pfd->events now 60 (POLLOUT:4)
0:00:00.017465773  2472 0x1992370 DEBUG   default gstvalue.c:2776:_priv_gst_value_parse_value: trying type name 'string'
0:00:00.013356262  2473 0x755320 DEBUG   GST_POLL gstpoll.c:980:gst_poll_fd_ctl_write: 0x75da00: fd (fd:0, idx:1), active : 1
0:00:00.017472902  2472 0x1992370 DEBUG   structure gststructure.c:2258:gst_structure_parse_field: trying field name 'klass'
0:00:00.013362093  2473 0x755320 LOG   GST_POLL gstpoll.c:994:gst_poll_fd_ctl_write: 0x75da00: pfd->events now 60 (POLLOUT:4)
0:00:00.017478380  2472 0x1992370 DEBUG   default gstvalue.c:2776:_priv_gst_value_parse_value: trying type name 'string'
0:00:00.013368007  2473 0x755320 DEBUG   GST_POLL gstpoll.c:980:gst_poll_fd_ctl_write: 0x75da00: fd (fd:0, idx:1), active : 1
0:00:00.017484305  2472 0x1992370 DEBUG   structure gststructure.c:2258:gst_structure_parse_field: trying field name 'description'
0:00:00.013373665  2473 0x755320 LOG   GST_POLL gstpoll.c:994:gst_poll_fd_ctl_write: 0x75da00: pfd->events now 60 (POLLOUT:4)
0:00:00.017489696  2472 0x1992370 DEBUG   default gstvalue.c:2776:_priv_gst_value_parse_value: trying type name 'string'
0:00:00.013379841  2473 0x755320 DEBUG   GST_POLL gstpoll.c:980:gst_poll_fd_ctl_write: 0x75da00: fd (fd:0, idx:1), active : 1
0:00:00.017498324  2472 0x1992370 DEBUG   structure gststructure.c:2258:gst_structure_parse_field: trying field name 'author'
0:00:00.013392260  2473 0x755320 LOG   GST_POLL gstpoll.c:994:gst_poll_fd_ctl_write: 0x75da00: pfd->events now 60 (POLLOUT:4)
0:00:00.017507541  2472 0x1992370 DEBUG   default gstvalue.c:2776:_priv_gst_value_parse_value: trying type name 'string'
0:00:00.013399329  2473 0x755320 DEBUG   GST_POLL gstpoll.c:980:gst_poll_fd_ctl_write: 0x75da00: fd (fd:0, idx:1), active : 1
0:00:00.017516738  2472 0x1992370 DEBUG   GST_REGISTRY gstregistrychunks.c:627:gst_registry_chunks_load_feature: Element factory : npadtemplates=2
0:00:00.013405431  2473 0x755320 LOG   GST_POLL gstpoll.c:994:gst_poll_fd_ctl_write: 0x75da00: pfd->events now 60 (POLLOUT:4)
0:00:00.017522572  2472 0x1992370 DEBUG   GST_REGISTRY gstregistrychunks.c:527:gst_registry_chunks_load_pad_template: Reading/casting for GstRegistryChunkPadTemplate at address 0x19ae2f0
0:00:00.013411346  2473 0x755320 DEBUG   GST_POLL gstpoll.c:980:gst_poll_fd_ctl_write: 0x75da00: fd (fd:0, idx:1), active : 1
0:00:00.017528261  2472 0x1992370 DEBUG   GST_REGISTRY gstregistrychunks.c:540:gst_registry_chunks_load_pad_template: Added pad_template src_%u
0:00:00.013417068  2473 0x755320 LOG   GST_POLL gstpoll.c:994:gst_poll_fd_ctl_write: 0x75da00: pfd->events now 60 (POLLOUT:4)
0:00:00.017533719  2472 0x1992370 DEBUG   GST_REGISTRY gstregistrychunks.c:527:gst_registry_chunks_load_pad_template: Reading/casting for GstRegistryChunkPadTemplate at address 0x19ae308
0:00:00.013422937  2473 0x755320 DEBUG   GST_POLL gstpoll.c:980:gst_poll_fd_ctl_write: 0x75da00: fd (fd:0, idx:1), active : 1
0:00:00.017539184  2472 0x1992370 DEBUG   GST_REGISTRY gstregistrychunks.c:540:gst_registry_chunks_load_pad_template: Added pad_template sink
0:00:00.013428744  2473 0x755320 LOG   GST_POLL gstpoll.c:994:gst_poll_fd_ctl_write: 0x75da00: pfd->events now 60 (POLLOUT:4)
0:00:00.017546666  2472 0x1992370 DEBUG   GST_REGISTRY gstregistry.c:590:gst_registry_add_feature: adding feature 0x19b00c0 (tee)
0:00:00.013434522  2473 0x755320 DEBUG   GST_POLL gstpoll.c:980:gst_poll_fd_ctl_write: 0x75da00: fd (fd:0, idx:1), active : 1
0:00:00.017554534  2472 0x1992370 DEBUG   GST_REFCOUNTING gstobject.c:709:gst_object_set_parent: set parent (ref and sink)
0:00:00.013448584  2473 0x755320 LOG   GST_POLL gstpoll.c:994:gst_poll_fd_ctl_write: 0x75da00: pfd->events now 60 (POLLOUT:4)
0:00:00.017562966  2472 0x1992370 TRACE   GST_REFCOUNTING gstobject.c:294:gst_object_ref_sink: 0x19b00c0 ref_sink 1->2
0:00:00.013455994  2473 0x755320 DEBUG   GST_POLL gstpoll.c:980:gst_poll_fd_ctl_write: 0x75da00: fd (fd:0, idx:1), active : 1
0:00:00.017572465  2472 0x1992370 LOG   GST_REGISTRY gstregistry.c:608:gst_registry_add_feature: emitting feature-added for tee
0:00:00.013462061  2473 0x755320 LOG   GST_POLL gstpoll.c:994:gst_poll_fd_ctl_write: 0x75da00: pfd->events now 60 (POLLOUT:4)
0:00:00.017579246  2472 0x1992370 DEBUG   GST_REGISTRY gstregistrychunks.c:742:gst_registry_chunks_load_feature: Added feature tee, plugin 0x19ada20 coreelements
0:00:00.013472689  2473 0x755320 DEBUG   GST_POLL gstpoll.c:980:gst_poll_fd_ctl_write: 0x75da00: fd (fd:0, idx:1), active : 1
0:00:00.017589074  2472 0x1992370 DEBUG   GST_REGISTRY gstregistrychunks.c:584:gst_registry_chunks_load_feature: Plugin 'coreelements' feature 'filesink' typename : 'GstElementFactory'
0:00:00.013478885  2473 0x755320 LOG   GST_POLL gstpoll.c:994:gst_poll_fd_ctl_write: 0x75da00: pfd->events now 60 (POLLOUT:4)
0:00:00.017596606  2472 0x1992370 TRACE   GST_REFCOUNTING gstobject.c:208:gst_object_init: 0x19b05d0 new
0:00:00.013485175  2473 0x755320 DEBUG   GST_POLL gstpoll.c:980:gst_poll_fd_ctl_write: 0x75da00: fd (fd:0, idx:1), active : 1
0:00:00.017604158  2472 0x1992370 LOG   GST_REGISTRY gstregistrychunks.c:611:gst_registry_chunks_load_feature: Reading/casting for GstRegistryChunkElementFactory at address 0x19ae338
0:00:00.013491160  2473 0x755320 LOG   GST_POLL gstpoll.c:994:gst_poll_fd_ctl_write: 0x75da00: pfd->events now 60 (POLLOUT:4)
0:00:00.017610750  2472 0x1992370 TRACE   structure gststructure.c:292:gst_structure_new_id_empty_with_size: created structure 0x19b0790
0:00:00.013500263  2473 0x755320 DEBUG   GST_POLL gstpoll.c:980:gst_poll_fd_ctl_write: 0x75da00: fd (fd:0, idx:1), active : 1
0:00:00.017618674  2472 0x1992370 DEBUG   structure gststructure.c:2258:gst_structure_parse_field: trying field name 'long-name'
0:00:00.013506907  2473 0x755320 LOG   GST_POLL gstpoll.c:994:gst_poll_fd_ctl_write: 0x75da00: pfd->events now 60 (POLLOUT:4)
0:00:00.017625569  2472 0x1992370 DEBUG   default gstvalue.c:2776:_priv_gst_value_parse_value: trying type name 'string'
0:00:00.013513458  2473 0x755320 DEBUG   GST_POLL gstpoll.c:980:gst_poll_fd_ctl_write: 0x75da00: fd (fd:0, idx:1), active : 1
0:00:00.017632115  2472 0x1992370 DEBUG   structure gststructure.c:2258:gst_structure_parse_field: trying field name 'klass'
0:00:00.013519358  2473 0x755320 LOG   GST_POLL gstpoll.c:994:gst_poll_fd_ctl_write: 0x75da00: pfd->events now 60 (POLLOUT:4)
0:00:00.017637725  2472 0x1992370 DEBUG   default gstvalue.c:2776:_priv_gst_value_parse_value: trying type name 'string'
0:00:00.013526030  2473 0x755320 DEBUG   GST_POLL gstpoll.c:980:gst_poll_fd_ctl_write: 0x75da00: fd (fd:0, idx:1), active : 1
0:00:00.017643618  2472 0x1992370 DEBUG   structure gststructure.c:2258:gst_structure_parse_field: trying field name 'description'
0:00:00.013531873  2473 0x755320 LOG   GST_POLL gstpoll.c:994:gst_poll_fd_ctl_write: 0x75da00: pfd->events now 60 (POLLOUT:4)
0:00:00.017649014  2472 0x1992370 DEBUG   default gstvalue.c:2776:_priv_gst_value_parse_value: trying type name 'string'
0:00:00.013538092  2473 0x755320 DEBUG   GST_POLL gstpoll.c:980:gst_poll_fd_ctl_write: 0x75da00: fd (fd:0, idx:1), active : 1
0:00:00.017655230  2472 0x1992370 DEBUG   structure gststructure.c:2258:gst_structure_parse_field: trying field name 'author'
0:00:00.013544022  2473 0x755320 LOG   GST_POLL gstpoll.c:994:gst_poll_fd_ctl_write: 0x75da00: pfd->events now 60 (POLLOUT:4)
0:00:00.017665529  2472 0x1992370 DEBUG   default gstvalue.c:2776:_priv_gst_value_parse_value: trying type name 'string'
0:00:00.013556013  2473 0x755320 DEBUG   GST_POLL gstpoll.c:980:gst_poll_fd_ctl_write: 0x75da00: fd (fd:0, idx:1), active : 1
0:00:00.017674638  2472 0x1992370 DEBUG   GST_REGISTRY gstregistrychunks.c:627:gst_registry_chunks_load_feature: Element factory : npadtemplates=1
0:00:00.013576113  2473 0x755320 LOG   GST_POLL gstpoll.c:994:gst_poll_fd_ctl_write: 0x75da00: pfd->events now 60 (POLLOUT:4)
0:00:00.017701389  2472 0x1992370 DEBUG   GST_REGISTRY gstregistrychunks.c:527:gst_registry_chunks_load_pad_template: Reading/casting for GstRegistryChunkPadTemplate at address 0x19ae418
0:00:00.013590565  2473 0x755320 DEBUG   GST_POLL gstpoll.c:980:gst_poll_fd_ctl_write: 0x75da00: fd (fd:0, idx:1), active : 1
0:00:00.013597334  2473 0x755320 LOG   GST_POLL gstpoll.c:994:gst_poll_fd_ctl_write: 0x75da00: pfd->events now 60 (POLLOUT:4)
0:00:00.017710454  2472 0x1992370 DEBUG   GST_REGISTRY gstregistrychunks.c:540:gst_registry_chunks_load_pad_template: Added pad_template sink
0:00:00.013602734  2473 0x755320 DEBUG   GST_POLL gstpoll.c:980:gst_poll_fd_ctl_write: 0x75da00: fd (fd:0, idx:1), active : 1
0:00:00.017721178  2472 0x1992370 DEBUG   GST_REGISTRY gstregistrychunks.c:640:gst_registry_chunks_load_feature: Reading 1 UriTypes at address 0x19ae429
0:00:00.013608695  2473 0x755320 LOG   GST_POLL gstpoll.c:994:gst_poll_fd_ctl_write: 0x75da00: pfd->events now 60 (POLLOUT:4)
0:00:00.017730123  2472 0x1992370 DEBUG   GST_REGISTRY gstregistrychunks.c:655:gst_registry_chunks_load_feature: Reading 1 Interfaces at address 0x19ae439
0:00:00.013617222  2473 0x755320 DEBUG   GST_POLL gstpoll.c:980:gst_poll_fd_ctl_write: 0x75da00: fd (fd:0, idx:1), active : 1
0:00:00.017738359  2472 0x1992370 DEBUG   GST_REGISTRY gstregistry.c:590:gst_registry_add_feature: adding feature 0x19b05d0 (filesink)
0:00:00.013624411  2473 0x755320 LOG   GST_POLL gstpoll.c:994:gst_poll_fd_ctl_write: 0x75da00: pfd->events now 60 (POLLOUT:4)
0:00:00.017746233  2472 0x1992370 DEBUG   GST_REFCOUNTING gstobject.c:709:gst_object_set_parent: set parent (ref and sink)
0:00:00.013633315  2473 0x755320 DEBUG   GST_POLL gstpoll.c:980:gst_poll_fd_ctl_write: 0x75da00: fd (fd:0, idx:1), active : 1
0:00:00.017755012  2472 0x1992370 TRACE   GST_REFCOUNTING gstobject.c:294:gst_object_ref_sink: 0x19b05d0 ref_sink 1->2
0:00:00.013641514  2473 0x755320 LOG   GST_POLL gstpoll.c:994:gst_poll_fd_ctl_write: 0x75da00: pfd->events now 60 (POLLOUT:4)
0:00:00.017761865  2472 0x1992370 LOG   GST_REGISTRY gstregistry.c:608:gst_registry_add_feature: emitting feature-added for filesink
0:00:00.013649628  2473 0x755320 DEBUG   GST_POLL gstpoll.c:980:gst_poll_fd_ctl_write: 0x75da00: fd (fd:0, idx:1), active : 1
0:00:00.017768609  2472 0x1992370 DEBUG   GST_REGISTRY gstregistrychunks.c:742:gst_registry_chunks_load_feature: Added feature filesink, plugin 0x19ada20 coreelements
0:00:00.013659787  2473 0x755320 LOG   GST_POLL gstpoll.c:994:gst_poll_fd_ctl_write: 0x75da00: pfd->events now 60 (POLLOUT:4)
0:00:00.017776891  2472 0x1992370 DEBUG   GST_REGISTRY gstregistrychunks.c:584:gst_registry_chunks_load_feature: Plugin 'coreelements' feature 'queue2' typename : 'GstElementFactory'
0:00:00.013666075  2473 0x755320 DEBUG   GST_POLL gstpoll.c:980:gst_poll_fd_ctl_write: 0x75da00: fd (fd:0, idx:1), active : 1
0:00:00.017785013  2472 0x1992370 TRACE   GST_REFCOUNTING gstobject.c:208:gst_object_init: 0x19b08c0 new
0:00:00.013671873  2473 0x755320 LOG   GST_POLL gstpoll.c:994:gst_poll_fd_ctl_write: 0x75da00: pfd->events now 60 (POLLOUT:4)
0:00:00.017792707  2472 0x1992370 LOG   GST_REGISTRY gstregistrychunks.c:611:gst_registry_chunks_load_feature: Reading/casting for GstRegistryChunkElementFactory at address 0x19ae460
0:00:00.013681333  2473 0x755320 DEBUG   GST_POLL gstpoll.c:980:gst_poll_fd_ctl_write: 0x75da00: fd (fd:0, idx:1), active : 1
0:00:00.017798911  2472 0x1992370 TRACE   structure gststructure.c:292:gst_structure_new_id_empty_with_size: created structure 0x19b0b20
0:00:00.013687923  2473 0x755320 LOG   GST_POLL gstpoll.c:994:gst_poll_fd_ctl_write: 0x75da00: pfd->events now 60 (POLLOUT:4)
0:00:00.017806789  2472 0x1992370 DEBUG   structure gststructure.c:2258:gst_structure_parse_field: trying field name 'long-name'
0:00:00.013694429  2473 0x755320 DEBUG   GST_POLL gstpoll.c:980:gst_poll_fd_ctl_write: 0x75da00: fd (fd:0, idx:1), active : 1
0:00:00.017813414  2472 0x1992370 DEBUG   default gstvalue.c:2776:_priv_gst_value_parse_value: trying type name 'string'
0:00:00.013701230  2473 0x755320 LOG   GST_POLL gstpoll.c:994:gst_poll_fd_ctl_write: 0x75da00: pfd->events now 60 (POLLOUT:4)
0:00:00.017820187  2472 0x1992370 DEBUG   structure gststructure.c:2258:gst_structure_parse_field: trying field name 'klass'
0:00:00.013707581  2473 0x755320 DEBUG   GST_POLL gstpoll.c:980:gst_poll_fd_ctl_write: 0x75da00: fd (fd:0, idx:1), active : 1
0:00:00.017825999  2472 0x1992370 DEBUG   default gstvalue.c:2776:_priv_gst_value_parse_value: trying type name 'string'
0:00:00.013713871  2473 0x755320 LOG   GST_POLL gstpoll.c:994:gst_poll_fd_ctl_write: 0x75da00: pfd->events now 60 (POLLOUT:4)
0:00:00.017831995  2472 0x1992370 DEBUG   structure gststructure.c:2258:gst_structure_parse_field: trying field name 'description'
0:00:00.013719871  2473 0x755320 DEBUG   GST_POLL gstpoll.c:980:gst_poll_fd_ctl_write: 0x75da00: fd (fd:0, idx:1), active : 1
0:00:00.017837454  2472 0x1992370 DEBUG   default gstvalue.c:2776:_priv_gst_value_parse_value: trying type name 'string'
0:00:00.013725585  2473 0x755320 LOG   GST_POLL gstpoll.c:994:gst_poll_fd_ctl_write: 0x75da00: pfd->events now 60 (POLLOUT:4)
0:00:00.017843818  2472 0x1992370 DEBUG   structure gststructure.c:2258:gst_structure_parse_field: trying field name 'author'
0:00:00.013738002  2473 0x755320 DEBUG   GST_POLL gstpoll.c:980:gst_poll_fd_ctl_write: 0x75da00: fd (fd:0, idx:1), active : 1
0:00:00.017852763  2472 0x1992370 DEBUG   default gstvalue.c:2776:_priv_gst_value_parse_value: trying type name 'string'
0:00:00.013744821  2473 0x755320 LOG   GST_POLL gstpoll.c:994:gst_poll_fd_ctl_write: 0x75da00: pfd->events now 60 (POLLOUT:4)
0:00:00.017864324  2472 0x1992370 DEBUG   GST_REGISTRY gstregistrychunks.c:627:gst_registry_chunks_load_feature: Element factory : npadtemplates=2
0:00:00.013751014  2473 0x755320 DEBUG   GST_POLL gstpoll.c:980:gst_poll_fd_ctl_write: 0x75da00: fd (fd:0, idx:1), active : 1
0:00:00.017871126  2472 0x1992370 DEBUG   GST_REGISTRY gstregistrychunks.c:527:gst_registry_chunks_load_pad_template: Reading/casting for GstRegistryChunkPadTemplate at address 0x19ae550
0:00:00.013758864  2473 0x755320 LOG   GST_POLL gstpoll.c:994:gst_poll_fd_ctl_write: 0x75da00: pfd->events now 60 (POLLOUT:4)
0:00:00.017877089  2472 0x1992370 DEBUG   GST_REGISTRY gstregistrychunks.c:540:gst_registry_chunks_load_pad_template: Added pad_template sink
0:00:00.013765099  2473 0x755320 DEBUG   GST_POLL gstpoll.c:980:gst_poll_fd_ctl_write: 0x75da00: fd (fd:0, idx:1), active : 1
0:00:00.017882601  2472 0x1992370 DEBUG   GST_REGISTRY gstregistrychunks.c:527:gst_registry_chunks_load_pad_template: Reading/casting for GstRegistryChunkPadTemplate at address 0x19ae568
0:00:00.013770923  2473 0x755320 LOG   GST_POLL gstpoll.c:994:gst_poll_fd_ctl_write: 0x75da00: pfd->events now 60 (POLLOUT:4)
0:00:00.017888057  2472 0x1992370 DEBUG   GST_REGISTRY gstregistrychunks.c:540:gst_registry_chunks_load_pad_template: Added pad_template src
0:00:00.013776910  2473 0x755320 DEBUG   GST_POLL gstpoll.c:980:gst_poll_fd_ctl_write: 0x75da00: fd (fd:0, idx:1), active : 1
0:00:00.017895294  2472 0x1992370 DEBUG   GST_REGISTRY gstregistry.c:590:gst_registry_add_feature: adding feature 0x19b08c0 (queue2)
0:00:00.013782726  2473 0x755320 LOG   GST_POLL gstpoll.c:994:gst_poll_fd_ctl_write: 0x75da00: pfd->events now 60 (POLLOUT:4)
0:00:00.017901475  2472 0x1992370 DEBUG   GST_REFCOUNTING gstobject.c:709:gst_object_set_parent: set parent (ref and sink)
0:00:00.013791185  2473 0x755320 DEBUG   GST_POLL gstpoll.c:980:gst_poll_fd_ctl_write: 0x75da00: fd (fd:0, idx:1), active : 1
0:00:00.017908856  2472 0x1992370 TRACE   GST_REFCOUNTING gstobject.c:294:gst_object_ref_sink: 0x19b08c0 ref_sink 1->2
0:00:00.013797974  2473 0x755320 LOG   GST_POLL gstpoll.c:994:gst_poll_fd_ctl_write: 0x75da00: pfd->events now 60 (POLLOUT:4)
0:00:00.017917756  2472 0x1992370 LOG   GST_REGISTRY gstregistry.c:608:gst_registry_add_feature: emitting feature-added for queue2
0:00:00.013804232  2473 0x755320 DEBUG   GST_POLL gstpoll.c:980:gst_poll_fd_ctl_write: 0x75da00: fd (fd:0, idx:1), active : 1
0:00:00.017925705  2472 0x1992370 DEBUG   GST_REGISTRY gstregistrychunks.c:742:gst_registry_chunks_load_feature: Added feature queue2, plugin 0x19ada20 coreelements
0:00:00.013814307  2473 0x755320 LOG   GST_POLL gstpoll.c:994:gst_poll_fd_ctl_write: 0x75da00: pfd->events now 60 (POLLOUT:4)
0:00:00.017937279  2472 0x1992370 DEBUG   GST_REGISTRY gstregistrychunks.c:584:gst_registry_chunks_load_feature: Plugin 'coreelements' feature 'queue' typename : 'GstElementFactory'
0:00:00.013826918  2473 0x755320 DEBUG   GST_POLL gstpoll.c:980:gst_poll_fd_ctl_write: 0x75da00: fd (fd:0, idx:1), active : 1
0:00:00.017945314  2472 0x1992370 TRACE   GST_REFCOUNTING gstobject.c:208:gst_object_init: 0x19b0ca0 new
0:00:00.013836137  2473 0x755320 LOG   GST_POLL gstpoll.c:994:gst_poll_fd_ctl_write: 0x75da00: pfd->events now 60 (POLLOUT:4)
0:00:00.017952918  2472 0x1992370 LOG   GST_REGISTRY gstregistrychunks.c:611:gst_registry_chunks_load_feature: Reading/casting for GstRegistryChunkElementFactory at address 0x19ae590
0:00:00.013845205  2473 0x755320 DEBUG   GST_POLL gstpoll.c:980:gst_poll_fd_ctl_write: 0x75da00: fd (fd:0, idx:1), active : 1
0:00:00.017965330  2472 0x1992370 TRACE   structure gststructure.c:292:gst_structure_new_id_empty_with_size: created structure 0x19b0ed0
0:00:00.013854748  2473 0x755320 LOG   GST_POLL gstpoll.c:994:gst_poll_fd_ctl_write: 0x75da00: pfd->events now 60 (POLLOUT:4)
0:00:00.017974366  2472 0x1992370 DEBUG   structure gststructure.c:2258:gst_structure_parse_field: trying field name 'long-name'
0:00:00.013866637  2473 0x755320 DEBUG   GST_POLL gstpoll.c:980:gst_poll_fd_ctl_write: 0x75da00: fd (fd:0, idx:1), active : 1
0:00:00.017985561  2472 0x1992370 DEBUG   default gstvalue.c:2776:_priv_gst_value_parse_value: trying type name 'string'
0:00:00.013874562  2473 0x755320 LOG   GST_POLL gstpoll.c:994:gst_poll_fd_ctl_write: 0x75da00: pfd->events now 60 (POLLOUT:4)
0:00:00.013882308  2473 0x755320 DEBUG   GST_POLL gstpoll.c:980:gst_poll_fd_ctl_write: 0x75da00: fd (fd:0, idx:1), active : 1
0:00:00.017996427  2472 0x1992370 DEBUG   structure gststructure.c:2258:gst_structure_parse_field: trying field name 'klass'
0:00:00.013887501  2473 0x755320 LOG   GST_POLL gstpoll.c:994:gst_poll_fd_ctl_write: 0x75da00: pfd->events now 60 (POLLOUT:4)
0:00:00.018004012  2472 0x1992370 DEBUG   default gstvalue.c:2776:_priv_gst_value_parse_value: trying type name 'string'
0:00:00.013893380  2473 0x755320 DEBUG   GST_POLL gstpoll.c:980:gst_poll_fd_ctl_write: 0x75da00: fd (fd:0, idx:1), active : 1
0:00:00.018010030  2472 0x1992370 DEBUG   structure gststructure.c:2258:gst_structure_parse_field: trying field name 'description'
0:00:00.013899008  2473 0x755320 LOG   GST_POLL gstpoll.c:994:gst_poll_fd_ctl_write: 0x75da00: pfd->events now 60 (POLLOUT:4)
0:00:00.018015446  2472 0x1992370 DEBUG   default gstvalue.c:2776:_priv_gst_value_parse_value: trying type name 'string'
0:00:00.013904919  2473 0x755320 DEBUG   GST_POLL gstpoll.c:980:gst_poll_fd_ctl_write: 0x75da00: fd (fd:0, idx:1), active : 1
0:00:00.018021450  2472 0x1992370 DEBUG   structure gststructure.c:2258:gst_structure_parse_field: trying field name 'author'
0:00:00.013915001  2473 0x755320 LOG   GST_POLL gstpoll.c:994:gst_poll_fd_ctl_write: 0x75da00: pfd->events now 60 (POLLOUT:4)
0:00:00.018030906  2472 0x1992370 DEBUG   default gstvalue.c:2776:_priv_gst_value_parse_value: trying type name 'string'
0:00:00.013923473  2473 0x755320 DEBUG   GST_POLL gstpoll.c:980:gst_poll_fd_ctl_write: 0x75da00: fd (fd:0, idx:1), active : 1
0:00:00.013930160  2473 0x755320 LOG   GST_POLL gstpoll.c:994:gst_poll_fd_ctl_write: 0x75da00: pfd->events now 60 (POLLOUT:4)
0:00:00.018038817  2472 0x1992370 DEBUG   GST_REGISTRY gstregistrychunks.c:627:gst_registry_chunks_load_feature: Element factory : npadtemplates=2
0:00:00.013935738  2473 0x755320 DEBUG   GST_POLL gstpoll.c:980:gst_poll_fd_ctl_write: 0x75da00: fd (fd:0, idx:1), active : 1
0:00:00.018053954  2472 0x1992370 DEBUG   GST_REGISTRY gstregistrychunks.c:527:gst_registry_chunks_load_pad_template: Reading/casting for GstRegistryChunkPadTemplate at address 0x19ae648
0:00:00.013941626  2473 0x755320 LOG   GST_POLL gstpoll.c:994:gst_poll_fd_ctl_write: 0x75da00: pfd->events now 60 (POLLOUT:4)
0:00:00.018060398  2472 0x1992370 DEBUG   GST_REGISTRY gstregistrychunks.c:540:gst_registry_chunks_load_pad_template: Added pad_template sink
0:00:00.013948676  2473 0x755320 DEBUG   GST_POLL gstpoll.c:980:gst_poll_fd_ctl_write: 0x75da00: fd (fd:0, idx:1), active : 1
0:00:00.018066073  2472 0x1992370 DEBUG   GST_REGISTRY gstregistrychunks.c:527:gst_registry_chunks_load_pad_template: Reading/casting for GstRegistryChunkPadTemplate at address 0x19ae660
0:00:00.013954404  2473 0x755320 LOG   GST_POLL gstpoll.c:994:gst_poll_fd_ctl_write: 0x75da00: pfd->events now 60 (POLLOUT:4)
0:00:00.018071672  2472 0x1992370 DEBUG   GST_REGISTRY gstregistrychunks.c:540:gst_registry_chunks_load_pad_template: Added pad_template src
0:00:00.013960623  2473 0x755320 DEBUG   GST_POLL gstpoll.c:980:gst_poll_fd_ctl_write: 0x75da00: fd (fd:0, idx:1), active : 1
0:00:00.018079151  2472 0x1992370 DEBUG   GST_REGISTRY gstregistry.c:590:gst_registry_add_feature: adding feature 0x19b0ca0 (queue)
0:00:00.013966260  2473 0x755320 LOG   GST_POLL gstpoll.c:994:gst_poll_fd_ctl_write: 0x75da00: pfd->events now 60 (POLLOUT:4)
0:00:00.018086574  2472 0x1992370 DEBUG   GST_REFCOUNTING gstobject.c:709:gst_object_set_parent: set parent (ref and sink)
0:00:00.013975033  2473 0x755320 DEBUG   GST_POLL gstpoll.c:980:gst_poll_fd_ctl_write: 0x75da00: fd (fd:0, idx:1), active : 1
0:00:00.018093951  2472 0x1992370 TRACE   GST_REFCOUNTING gstobject.c:294:gst_object_ref_sink: 0x19b0ca0 ref_sink 1->2
0:00:00.013981674  2473 0x755320 LOG   GST_POLL gstpoll.c:994:gst_poll_fd_ctl_write: 0x75da00: pfd->events now 60 (POLLOUT:4)
0:00:00.018102859  2472 0x1992370 LOG   GST_REGISTRY gstregistry.c:608:gst_registry_add_feature: emitting feature-added for queue
0:00:00.013989541  2473 0x755320 DEBUG   GST_POLL gstpoll.c:980:gst_poll_fd_ctl_write: 0x75da00: fd (fd:0, idx:1), active : 1
0:00:00.018110652  2472 0x1992370 DEBUG   GST_REGISTRY gstregistrychunks.c:742:gst_registry_chunks_load_feature: Added feature queue, plugin 0x19ada20 coreelements
0:00:00.014001569  2473 0x755320 LOG   GST_POLL gstpoll.c:994:gst_poll_fd_ctl_write: 0x75da00: pfd->events now 60 (POLLOUT:4)
0:00:00.018118897  2472 0x1992370 DEBUG   GST_REGISTRY gstregistrychunks.c:584:gst_registry_chunks_load_feature: Plugin 'coreelements' feature 'output-selector' typename : 'GstElementFactory'
0:00:00.014007782  2473 0x755320 DEBUG   GST_POLL gstpoll.c:980:gst_poll_fd_ctl_write: 0x75da00: fd (fd:0, idx:1), active : 1
0:00:00.018126865  2472 0x1992370 TRACE   GST_REFCOUNTING gstobject.c:208:gst_object_init: 0x19b1200 new
0:00:00.014013420  2473 0x755320 LOG   GST_POLL gstpoll.c:994:gst_poll_fd_ctl_write: 0x75da00: pfd->events now 60 (POLLOUT:4)
0:00:00.018134646  2472 0x1992370 LOG   GST_REGISTRY gstregistrychunks.c:611:gst_registry_chunks_load_feature: Reading/casting for GstRegistryChunkElementFactory at address 0x19ae698
0:00:00.014021290  2473 0x755320 DEBUG   GST_POLL gstpoll.c:980:gst_poll_fd_ctl_write: 0x75da00: fd (fd:0, idx:1), active : 1
0:00:00.018140783  2472 0x1992370 TRACE   structure gststructure.c:292:gst_structure_new_id_empty_with_size: created structure 0x19b1500
0:00:00.014028120  2473 0x755320 LOG   GST_POLL gstpoll.c:994:gst_poll_fd_ctl_write: 0x75da00: pfd->events now 60 (POLLOUT:4)
0:00:00.018146937  2472 0x1992370 DEBUG   structure gststructure.c:2258:gst_structure_parse_field: trying field name 'long-name'
0:00:00.014036998  2473 0x755320 DEBUG   GST_POLL gstpoll.c:980:gst_poll_fd_ctl_write: 0x75da00: fd (fd:0, idx:1), active : 1
0:00:00.018152364  2472 0x1992370 DEBUG   default gstvalue.c:2776:_priv_gst_value_parse_value: trying type name 'string'
0:00:00.014043693  2473 0x755320 LOG   GST_POLL gstpoll.c:994:gst_poll_fd_ctl_write: 0x75da00: pfd->events now 60 (POLLOUT:4)
0:00:00.018162522  2472 0x1992370 DEBUG   structure gststructure.c:2258:gst_structure_parse_field: trying field name 'klass'
0:00:00.014050000  2473 0x755320 DEBUG   GST_POLL gstpoll.c:980:gst_poll_fd_ctl_write: 0x75da00: fd (fd:0, idx:1), active : 1
0:00:00.018169191  2472 0x1992370 DEBUG   default gstvalue.c:2776:_priv_gst_value_parse_value: trying type name 'string'
0:00:00.014057084  2473 0x755320 LOG   GST_POLL gstpoll.c:994:gst_poll_fd_ctl_write: 0x75da00: pfd->events now 60 (POLLOUT:4)
0:00:00.018175512  2472 0x1992370 DEBUG   structure gststructure.c:2258:gst_structure_parse_field: trying field name 'description'
0:00:00.014063145  2473 0x755320 DEBUG   GST_POLL gstpoll.c:980:gst_poll_fd_ctl_write: 0x75da00: fd (fd:0, idx:1), active : 1
0:00:00.018181093  2472 0x1992370 DEBUG   default gstvalue.c:2776:_priv_gst_value_parse_value: trying type name 'string'
0:00:00.014068865  2473 0x755320 LOG   GST_POLL gstpoll.c:994:gst_poll_fd_ctl_write: 0x75da00: pfd->events now 60 (POLLOUT:4)
0:00:00.018187170  2472 0x1992370 DEBUG   structure gststructure.c:2258:gst_structure_parse_field: trying field name 'author'
0:00:00.014079385  2473 0x755320 DEBUG   GST_POLL gstpoll.c:980:gst_poll_fd_ctl_write: 0x75da00: fd (fd:0, idx:1), active : 1
0:00:00.018194977  2472 0x1992370 DEBUG   default gstvalue.c:2776:_priv_gst_value_parse_value: trying type name 'string'
0:00:00.014085190  2473 0x755320 LOG   GST_POLL gstpoll.c:994:gst_poll_fd_ctl_write: 0x75da00: pfd->events now 60 (POLLOUT:4)
0:00:00.018201926  2472 0x1992370 DEBUG   GST_REGISTRY gstregistrychunks.c:627:gst_registry_chunks_load_feature: Element factory : npadtemplates=2
0:00:00.018207890  2472 0x1992370 DEBUG   GST_REGISTRY gstregistrychunks.c:527:gst_registry_chunks_load_pad_template: Reading/casting for GstRegistryChunkPadTemplate at address 0x19ae770
0:00:00.014093628  2473 0x755320 DEBUG   GST_POLL gstpoll.c:980:gst_poll_fd_ctl_write: 0x75da00: fd (fd:0, idx:1), active : 1
0:00:00.018215400  2472 0x1992370 DEBUG   GST_REGISTRY gstregistrychunks.c:540:gst_registry_chunks_load_pad_template: Added pad_template src_%u
0:00:00.014102500  2473 0x755320 LOG   GST_POLL gstpoll.c:994:gst_poll_fd_ctl_write: 0x75da00: pfd->events now 60 (POLLOUT:4)
0:00:00.018221978  2472 0x1992370 DEBUG   GST_REGISTRY gstregistrychunks.c:527:gst_registry_chunks_load_pad_template: Reading/casting for GstRegistryChunkPadTemplate at address 0x19ae788
0:00:00.014110421  2473 0x755320 DEBUG   GST_POLL gstpoll.c:980:gst_poll_fd_ctl_write: 0x75da00: fd (fd:0, idx:1), active : 1
0:00:00.018227778  2472 0x1992370 DEBUG   GST_REGISTRY gstregistrychunks.c:540:gst_registry_chunks_load_pad_template: Added pad_template sink
0:00:00.014116139  2473 0x755320 LOG   GST_POLL gstpoll.c:994:gst_poll_fd_ctl_write: 0x75da00: pfd->events now 60 (POLLOUT:4)
0:00:00.018235320  2472 0x1992370 DEBUG   GST_REGISTRY gstregistry.c:590:gst_registry_add_feature: adding feature 0x19b1200 (output-selector)
0:00:00.014122108  2473 0x755320 DEBUG   GST_POLL gstpoll.c:980:gst_poll_fd_ctl_write: 0x75da00: fd (fd:0, idx:1), active : 1
0:00:00.018241671  2472 0x1992370 DEBUG   GST_REFCOUNTING gstobject.c:709:gst_object_set_parent: set parent (ref and sink)
0:00:00.014128975  2473 0x755320 LOG   GST_POLL gstpoll.c:994:gst_poll_fd_ctl_write: 0x75da00: pfd->events now 60 (POLLOUT:4)
0:00:00.018249245  2472 0x1992370 TRACE   GST_REFCOUNTING gstobject.c:294:gst_object_ref_sink: 0x19b1200 ref_sink 1->2
0:00:00.014136171  2473 0x755320 DEBUG   GST_POLL gstpoll.c:980:gst_poll_fd_ctl_write: 0x75da00: fd (fd:0, idx:1), active : 1
0:00:00.018256111  2472 0x1992370 LOG   GST_REGISTRY gstregistry.c:608:gst_registry_add_feature: emitting feature-added for output-selector
0:00:00.014143190  2473 0x755320 LOG   GST_POLL gstpoll.c:994:gst_poll_fd_ctl_write: 0x75da00: pfd->events now 60 (POLLOUT:4)
0:00:00.018262994  2472 0x1992370 DEBUG   GST_REGISTRY gstregistrychunks.c:742:gst_registry_chunks_load_feature: Added feature output-selector, plugin 0x19ada20 coreelements
0:00:00.014152153  2473 0x755320 DEBUG   GST_POLL gstpoll.c:980:gst_poll_fd_ctl_write: 0x75da00: fd (fd:0, idx:1), active : 1
0:00:00.014162418  2473 0x755320 LOG   GST_POLL gstpoll.c:994:gst_poll_fd_ctl_write: 0x75da00: pfd->events now 60 (POLLOUT:4)
0:00:00.018276165  2472 0x1992370 DEBUG   GST_REGISTRY gstregistrychunks.c:584:gst_registry_chunks_load_feature: Plugin 'coreelements' feature 'input-selector' typename : 'GstElementFactory'
0:00:00.014168062  2473 0x755320 DEBUG   GST_POLL gstpoll.c:980:gst_poll_fd_ctl_write: 0x75da00: fd (fd:0, idx:1), active : 1
0:00:00.018286293  2472 0x1992370 TRACE   GST_REFCOUNTING gstobject.c:208:gst_object_init: 0x19b16d0 new
0:00:00.014173840  2473 0x755320 LOG   GST_POLL gstpoll.c:994:gst_poll_fd_ctl_write: 0x75da00: pfd->events now 60 (POLLOUT:4)
0:00:00.018294511  2472 0x1992370 LOG   GST_REGISTRY gstregistrychunks.c:611:gst_registry_chunks_load_feature: Reading/casting for GstRegistryChunkElementFactory at address 0x19ae7c0
0:00:00.014181026  2473 0x755320 DEBUG   GST_POLL gstpoll.c:980:gst_poll_fd_ctl_write: 0x75da00: fd (fd:0, idx:1), active : 1
0:00:00.018301348  2472 0x1992370 TRACE   structure gststructure.c:292:gst_structure_new_id_empty_with_size: created structure 0x19b18e0
0:00:00.014188308  2473 0x755320 LOG   GST_POLL gstpoll.c:994:gst_poll_fd_ctl_write: 0x75da00: pfd->events now 60 (POLLOUT:4)
0:00:00.018307339  2472 0x1992370 DEBUG   structure gststructure.c:2258:gst_structure_parse_field: trying field name 'long-name'
0:00:00.014195136  2473 0x755320 DEBUG   GST_POLL gstpoll.c:980:gst_poll_fd_ctl_write: 0x75da00: fd (fd:0, idx:1), active : 1
0:00:00.018313011  2472 0x1992370 DEBUG   default gstvalue.c:2776:_priv_gst_value_parse_value: trying type name 'string'
0:00:00.014200930  2473 0x755320 LOG   GST_POLL gstpoll.c:994:gst_poll_fd_ctl_write: 0x75da00: pfd->events now 60 (POLLOUT:4)
0:00:00.018319278  2472 0x1992370 DEBUG   structure gststructure.c:2258:gst_structure_parse_field: trying field name 'klass'
0:00:00.014209278  2473 0x755320 DEBUG   GST_POLL gstpoll.c:980:gst_poll_fd_ctl_write: 0x75da00: fd (fd:0, idx:1), active : 1
0:00:00.018324672  2472 0x1992370 DEBUG   default gstvalue.c:2776:_priv_gst_value_parse_value: trying type name 'string'
0:00:00.014216097  2473 0x755320 LOG   GST_POLL gstpoll.c:994:gst_poll_fd_ctl_write: 0x75da00: pfd->events now 60 (POLLOUT:4)
0:00:00.018334531  2472 0x1992370 DEBUG   structure gststructure.c:2258:gst_structure_parse_field: trying field name 'description'
0:00:00.014222786  2473 0x755320 LOG   GST_PLUGIN_LOADING gstpluginloader.c:645:put_chunk: Expanding tx buf from 10158 to 13209 for chunk of size 209
0:00:00.018341146  2472 0x1992370 DEBUG   default gstvalue.c:2776:_priv_gst_value_parse_value: trying type name 'string'
0:00:00.014229814  2473 0x755320 DEBUG   GST_POLL gstpoll.c:980:gst_poll_fd_ctl_write: 0x75da00: fd (fd:0, idx:1), active : 1
0:00:00.018347626  2472 0x1992370 DEBUG   structure gststructure.c:2258:gst_structure_parse_field: trying field name 'author'
0:00:00.014235730  2473 0x755320 LOG   GST_POLL gstpoll.c:994:gst_poll_fd_ctl_write: 0x75da00: pfd->events now 60 (POLLOUT:4)
0:00:00.018357647  2472 0x1992370 DEBUG   default gstvalue.c:2776:_priv_gst_value_parse_value: trying type name 'string'
0:00:00.014245959  2473 0x755320 DEBUG   GST_POLL gstpoll.c:980:gst_poll_fd_ctl_write: 0x75da00: fd (fd:0, idx:1), active : 1
0:00:00.018365068  2472 0x1992370 DEBUG   GST_REGISTRY gstregistrychunks.c:627:gst_registry_chunks_load_feature: Element factory : npadtemplates=2
0:00:00.014251612  2473 0x755320 LOG   GST_POLL gstpoll.c:994:gst_poll_fd_ctl_write: 0x75da00: pfd->events now 60 (POLLOUT:4)
0:00:00.018370834  2472 0x1992370 DEBUG   GST_REGISTRY gstregistrychunks.c:527:gst_registry_chunks_load_pad_template: Reading/casting for GstRegistryChunkPadTemplate at address 0x19ae8f0
0:00:00.014258971  2473 0x755320 DEBUG   GST_POLL gstpoll.c:980:gst_poll_fd_ctl_write: 0x75da00: fd (fd:0, idx:1), active : 1
0:00:00.018376641  2472 0x1992370 DEBUG   GST_REGISTRY gstregistrychunks.c:540:gst_registry_chunks_load_pad_template: Added pad_template src
0:00:00.014266770  2473 0x755320 LOG   GST_POLL gstpoll.c:994:gst_poll_fd_ctl_write: 0x75da00: pfd->events now 60 (POLLOUT:4)
0:00:00.018382040  2472 0x1992370 DEBUG   GST_REGISTRY gstregistrychunks.c:527:gst_registry_chunks_load_pad_template: Reading/casting for GstRegistryChunkPadTemplate at address 0x19ae900
0:00:00.014273853  2473 0x755320 DEBUG   GST_POLL gstpoll.c:980:gst_poll_fd_ctl_write: 0x75da00: fd (fd:0, idx:1), active : 1
0:00:00.018391453  2472 0x1992370 DEBUG   GST_REGISTRY gstregistrychunks.c:540:gst_registry_chunks_load_pad_template: Added pad_template sink_%u
0:00:00.014279732  2473 0x755320 LOG   GST_POLL gstpoll.c:994:gst_poll_fd_ctl_write: 0x75da00: pfd->events now 60 (POLLOUT:4)
0:00:00.018400001  2472 0x1992370 DEBUG   GST_REGISTRY gstregistry.c:590:gst_registry_add_feature: adding feature 0x19b16d0 (input-selector)
0:00:00.014286548  2473 0x755320 DEBUG   GST_POLL gstpoll.c:980:gst_poll_fd_ctl_write: 0x75da00: fd (fd:0, idx:1), active : 1
0:00:00.018406330  2472 0x1992370 DEBUG   GST_REFCOUNTING gstobject.c:709:gst_object_set_parent: set parent (ref and sink)
0:00:00.014293961  2473 0x755320 LOG   GST_POLL gstpoll.c:994:gst_poll_fd_ctl_write: 0x75da00: pfd->events now 60 (POLLOUT:4)
0:00:00.018413506  2472 0x1992370 TRACE   GST_REFCOUNTING gstobject.c:294:gst_object_ref_sink: 0x19b16d0 ref_sink 1->2
0:00:00.014300738  2473 0x755320 DEBUG   GST_POLL gstpoll.c:980:gst_poll_fd_ctl_write: 0x75da00: fd (fd:0, idx:1), active : 1
0:00:00.018420182  2472 0x1992370 LOG   GST_REGISTRY gstregistry.c:608:gst_registry_add_feature: emitting feature-added for input-selector
0:00:00.014307504  2473 0x755320 LOG   GST_POLL gstpoll.c:994:gst_poll_fd_ctl_write: 0x75da00: pfd->events now 60 (POLLOUT:4)
0:00:00.018426769  2472 0x1992370 DEBUG   GST_REGISTRY gstregistrychunks.c:742:gst_registry_chunks_load_feature: Added feature input-selector, plugin 0x19ada20 coreelements
0:00:00.014313876  2473 0x755320 DEBUG   GST_POLL gstpoll.c:980:gst_poll_fd_ctl_write: 0x75da00: fd (fd:0, idx:1), active : 1
0:00:00.018438005  2472 0x1992370 DEBUG   GST_REGISTRY gstregistrychunks.c:584:gst_registry_chunks_load_feature: Plugin 'coreelements' feature 'identity' typename : 'GstElementFactory'
0:00:00.014326890  2473 0x755320 LOG   GST_POLL gstpoll.c:994:gst_poll_fd_ctl_write: 0x75da00: pfd->events now 60 (POLLOUT:4)
0:00:00.018445519  2472 0x1992370 TRACE   GST_REFCOUNTING gstobject.c:208:gst_object_init: 0x19b1ad0 new
0:00:00.014333945  2473 0x755320 DEBUG   GST_POLL gstpoll.c:980:gst_poll_fd_ctl_write: 0x75da00: fd (fd:0, idx:1), active : 1
0:00:00.014340508  2473 0x755320 LOG   GST_POLL gstpoll.c:994:gst_poll_fd_ctl_write: 0x75da00: pfd->events now 60 (POLLOUT:4)
0:00:00.018455220  2472 0x1992370 LOG   GST_REGISTRY gstregistrychunks.c:611:gst_registry_chunks_load_feature: Reading/casting for GstRegistryChunkElementFactory at address 0x19ae930
0:00:00.014345868  2473 0x755320 DEBUG   GST_POLL gstpoll.c:980:gst_poll_fd_ctl_write: 0x75da00: fd (fd:0, idx:1), active : 1
0:00:00.018462921  2472 0x1992370 TRACE   structure gststructure.c:292:gst_structure_new_id_empty_with_size: created structure 0x19b1c80
0:00:00.014351546  2473 0x755320 LOG   GST_POLL gstpoll.c:994:gst_poll_fd_ctl_write: 0x75da00: pfd->events now 60 (POLLOUT:4)
0:00:00.018469058  2472 0x1992370 DEBUG   structure gststructure.c:2258:gst_structure_parse_field: trying field name 'long-name'
0:00:00.014357629  2473 0x755320 DEBUG   GST_POLL gstpoll.c:980:gst_poll_fd_ctl_write: 0x75da00: fd (fd:0, idx:1), active : 1
0:00:00.018474879  2472 0x1992370 DEBUG   default gstvalue.c:2776:_priv_gst_value_parse_value: trying type name 'string'
0:00:00.014363339  2473 0x755320 LOG   GST_POLL gstpoll.c:994:gst_poll_fd_ctl_write: 0x75da00: pfd->events now 60 (POLLOUT:4)
0:00:00.018481034  2472 0x1992370 DEBUG   structure gststructure.c:2258:gst_structure_parse_field: trying field name 'klass'
0:00:00.014369343  2473 0x755320 DEBUG   GST_POLL gstpoll.c:980:gst_poll_fd_ctl_write: 0x75da00: fd (fd:0, idx:1), active : 1
0:00:00.018486329  2472 0x1992370 DEBUG   default gstvalue.c:2776:_priv_gst_value_parse_value: trying type name 'string'
0:00:00.014377129  2473 0x755320 LOG   GST_POLL gstpoll.c:994:gst_poll_fd_ctl_write: 0x75da00: pfd->events now 60 (POLLOUT:4)
0:00:00.018492401  2472 0x1992370 DEBUG   structure gststructure.c:2258:gst_structure_parse_field: trying field name 'description'
0:00:00.014384410  2473 0x755320 DEBUG   GST_POLL gstpoll.c:980:gst_poll_fd_ctl_write: 0x75da00: fd (fd:0, idx:1), active : 1
0:00:00.018499630  2472 0x1992370 DEBUG   default gstvalue.c:2776:_priv_gst_value_parse_value: trying type name 'string'
0:00:00.014390424  2473 0x755320 LOG   GST_POLL gstpoll.c:994:gst_poll_fd_ctl_write: 0x75da00: pfd->events now 60 (POLLOUT:4)
0:00:00.018509321  2472 0x1992370 DEBUG   structure gststructure.c:2258:gst_structure_parse_field: trying field name 'author'
0:00:00.014400804  2473 0x755320 DEBUG   GST_POLL gstpoll.c:980:gst_poll_fd_ctl_write: 0x75da00: fd (fd:0, idx:1), active : 1
0:00:00.018516931  2472 0x1992370 DEBUG   default gstvalue.c:2776:_priv_gst_value_parse_value: trying type name 'string'
0:00:00.014406809  2473 0x755320 LOG   GST_POLL gstpoll.c:994:gst_poll_fd_ctl_write: 0x75da00: pfd->events now 60 (POLLOUT:4)
0:00:00.018524106  2472 0x1992370 DEBUG   GST_REGISTRY gstregistrychunks.c:627:gst_registry_chunks_load_feature: Element factory : npadtemplates=2
0:00:00.014412702  2473 0x755320 DEBUG   GST_POLL gstpoll.c:980:gst_poll_fd_ctl_write: 0x75da00: fd (fd:0, idx:1), active : 1
0:00:00.018529933  2472 0x1992370 DEBUG   GST_REGISTRY gstregistrychunks.c:527:gst_registry_chunks_load_pad_template: Reading/casting for GstRegistryChunkPadTemplate at address 0x19aea00
0:00:00.014418441  2473 0x755320 LOG   GST_POLL gstpoll.c:994:gst_poll_fd_ctl_write: 0x75da00: pfd->events now 60 (POLLOUT:4)
0:00:00.018535641  2472 0x1992370 DEBUG   GST_REGISTRY gstregistrychunks.c:540:gst_registry_chunks_load_pad_template: Added pad_template sink
0:00:00.014424466  2473 0x755320 DEBUG   GST_POLL gstpoll.c:980:gst_poll_fd_ctl_write: 0x75da00: fd (fd:0, idx:1), active : 1
0:00:00.018541138  2472 0x1992370 DEBUG   GST_REGISTRY gstregistrychunks.c:527:gst_registry_chunks_load_pad_template: Reading/casting for GstRegistryChunkPadTemplate at address 0x19aea18
0:00:00.014432350  2473 0x755320 LOG   GST_POLL gstpoll.c:994:gst_poll_fd_ctl_write: 0x75da00: pfd->events now 60 (POLLOUT:4)
0:00:00.018547196  2472 0x1992370 DEBUG   GST_REGISTRY gstregistrychunks.c:540:gst_registry_chunks_load_pad_template: Added pad_template src
0:00:00.014439646  2473 0x755320 DEBUG   GST_POLL gstpoll.c:980:gst_poll_fd_ctl_write: 0x75da00: fd (fd:0, idx:1), active : 1
0:00:00.018561117  2472 0x1992370 DEBUG   GST_REGISTRY gstregistry.c:590:gst_registry_add_feature: adding feature 0x19b1ad0 (identity)
0:00:00.014451618  2473 0x755320 LOG   GST_POLL gstpoll.c:994:gst_poll_fd_ctl_write: 0x75da00: pfd->events now 60 (POLLOUT:4)
0:00:00.018568998  2472 0x1992370 DEBUG   GST_REFCOUNTING gstobject.c:709:gst_object_set_parent: set parent (ref and sink)
0:00:00.014458106  2473 0x755320 DEBUG   GST_POLL gstpoll.c:980:gst_poll_fd_ctl_write: 0x75da00: fd (fd:0, idx:1), active : 1
0:00:00.018577011  2472 0x1992370 TRACE   GST_REFCOUNTING gstobject.c:294:gst_object_ref_sink: 0x19b1ad0 ref_sink 1->2
0:00:00.014463692  2473 0x755320 LOG   GST_POLL gstpoll.c:994:gst_poll_fd_ctl_write: 0x75da00: pfd->events now 60 (POLLOUT:4)
0:00:00.018583932  2472 0x1992370 LOG   GST_REGISTRY gstregistry.c:608:gst_registry_add_feature: emitting feature-added for identity
0:00:00.014471780  2473 0x755320 DEBUG   GST_POLL gstpoll.c:980:gst_poll_fd_ctl_write: 0x75da00: fd (fd:0, idx:1), active : 1
0:00:00.018590721  2472 0x1992370 DEBUG   GST_REGISTRY gstregistrychunks.c:742:gst_registry_chunks_load_feature: Added feature identity, plugin 0x19ada20 coreelements
0:00:00.014483908  2473 0x755320 LOG   GST_POLL gstpoll.c:994:gst_poll_fd_ctl_write: 0x75da00: pfd->events now 60 (POLLOUT:4)
0:00:00.018600974  2472 0x1992370 DEBUG   GST_REGISTRY gstregistrychunks.c:584:gst_registry_chunks_load_feature: Plugin 'coreelements' feature 'funnel' typename : 'GstElementFactory'
0:00:00.014490229  2473 0x755320 DEBUG   GST_POLL gstpoll.c:980:gst_poll_fd_ctl_write: 0x75da00: fd (fd:0, idx:1), active : 1
0:00:00.018608217  2472 0x1992370 TRACE   GST_REFCOUNTING gstobject.c:208:gst_object_init: 0x19b1f00 new
0:00:00.014497931  2473 0x755320 LOG   GST_POLL gstpoll.c:994:gst_poll_fd_ctl_write: 0x75da00: pfd->events now 60 (POLLOUT:4)
0:00:00.018615515  2472 0x1992370 LOG   GST_REGISTRY gstregistrychunks.c:611:gst_registry_chunks_load_feature: Reading/casting for GstRegistryChunkElementFactory at address 0x19aea48
