0:00:00.015898449  2473 0x755320 DEBUG   GST_POLL gstpoll.c:980:gst_poll_fd_ctl_write: 0x75da00: fd (fd:0, idx:1), active : 1
0:00:00.020015754  2472 0x1992370 DEBUG   GST_REGISTRY gstregistrychunks.c:527:gst_registry_chunks_load_pad_template: Reading/casting for GstRegistryChunkPadTemplate at address 0x19af4a8
0:00:00.015906027  2473 0x755320 LOG   GST_POLL gstpoll.c:994:gst_poll_fd_ctl_write: 0x75da00: pfd->events now 60 (POLLOUT:4)
0:00:00.020021446  2472 0x1992370 DEBUG   GST_REGISTRY gstregistrychunks.c:540:gst_registry_chunks_load_pad_template: Added pad_template sink_%u
0:00:00.015912899  2473 0x755320 DEBUG   GST_POLL gstpoll.c:980:gst_poll_fd_ctl_write: 0x75da00: fd (fd:0, idx:1), active : 1
0:00:00.020030752  2472 0x1992370 DEBUG   GST_REGISTRY gstregistry.c:590:gst_registry_add_feature: adding feature 0x19b3e50 (concat)
0:00:00.015918855  2473 0x755320 LOG   GST_POLL gstpoll.c:994:gst_poll_fd_ctl_write: 0x75da00: pfd->events now 60 (POLLOUT:4)
0:00:00.015924834  2473 0x755320 DEBUG   GST_POLL gstpoll.c:980:gst_poll_fd_ctl_write: 0x75da00: fd (fd:0, idx:1), active : 1
0:00:00.020036525  2472 0x1992370 DEBUG   GST_REFCOUNTING gstobject.c:709:gst_object_set_parent: set parent (ref and sink)
0:00:00.015929782  2473 0x755320 LOG   GST_POLL gstpoll.c:994:gst_poll_fd_ctl_write: 0x75da00: pfd->events now 60 (POLLOUT:4)
0:00:00.015936269  2473 0x755320 DEBUG   GST_POLL gstpoll.c:980:gst_poll_fd_ctl_write: 0x75da00: fd (fd:0, idx:1), active : 1
0:00:00.020050710  2472 0x1992370 TRACE   GST_REFCOUNTING gstobject.c:294:gst_object_ref_sink: 0x19b3e50 ref_sink 1->2
0:00:00.015941187  2473 0x755320 LOG   GST_POLL gstpoll.c:994:gst_poll_fd_ctl_write: 0x75da00: pfd->events now 60 (POLLOUT:4)
0:00:00.020058416  2472 0x1992370 LOG   GST_REGISTRY gstregistry.c:608:gst_registry_add_feature: emitting feature-added for concat
0:00:00.015946916  2473 0x755320 DEBUG   GST_POLL gstpoll.c:980:gst_poll_fd_ctl_write: 0x75da00: fd (fd:0, idx:1), active : 1
0:00:00.020065068  2472 0x1992370 DEBUG   GST_REGISTRY gstregistrychunks.c:742:gst_registry_chunks_load_feature: Added feature concat, plugin 0x19ada20 coreelements
0:00:00.015954495  2473 0x755320 LOG   GST_POLL gstpoll.c:994:gst_poll_fd_ctl_write: 0x75da00: pfd->events now 60 (POLLOUT:4)
0:00:00.020071629  2472 0x1992370 DEBUG   GST_REGISTRY gstregistrychunks.c:584:gst_registry_chunks_load_feature: Plugin 'coreelements' feature 'clocksync' typename : 'GstElementFactory'
0:00:00.015961215  2473 0x755320 DEBUG   GST_POLL gstpoll.c:980:gst_poll_fd_ctl_write: 0x75da00: fd (fd:0, idx:1), active : 1
0:00:00.020078968  2472 0x1992370 TRACE   GST_REFCOUNTING gstobject.c:208:gst_object_init: 0x19b43a0 new
0:00:00.015967186  2473 0x755320 LOG   GST_POLL gstpoll.c:994:gst_poll_fd_ctl_write: 0x75da00: pfd->events now 60 (POLLOUT:4)
0:00:00.020090356  2472 0x1992370 LOG   GST_REGISTRY gstregistrychunks.c:611:gst_registry_chunks_load_feature: Reading/casting for GstRegistryChunkElementFactory at address 0x19af4d8
0:00:00.015977266  2473 0x755320 DEBUG   GST_POLL gstpoll.c:980:gst_poll_fd_ctl_write: 0x75da00: fd (fd:0, idx:1), active : 1
0:00:00.020096495  2472 0x1992370 TRACE   structure gststructure.c:292:gst_structure_new_id_empty_with_size: created structure 0x19b45e0
0:00:00.015983834  2473 0x755320 LOG   GST_POLL gstpoll.c:994:gst_poll_fd_ctl_write: 0x75da00: pfd->events now 60 (POLLOUT:4)
0:00:00.020102269  2472 0x1992370 DEBUG   structure gststructure.c:2258:gst_structure_parse_field: trying field name 'long-name'
0:00:00.015990155  2473 0x755320 DEBUG   GST_POLL gstpoll.c:980:gst_poll_fd_ctl_write: 0x75da00: fd (fd:0, idx:1), active : 1
0:00:00.020109547  2472 0x1992370 DEBUG   default gstvalue.c:2776:_priv_gst_value_parse_value: trying type name 'string'
0:00:00.015996710  2473 0x755320 LOG   GST_POLL gstpoll.c:994:gst_poll_fd_ctl_write: 0x75da00: pfd->events now 60 (POLLOUT:4)
0:00:00.020117120  2472 0x1992370 DEBUG   structure gststructure.c:2258:gst_structure_parse_field: trying field name 'klass'
0:00:00.016004141  2473 0x755320 DEBUG   GST_POLL gstpoll.c:980:gst_poll_fd_ctl_write: 0x75da00: fd (fd:0, idx:1), active : 1
0:00:00.020122962  2472 0x1992370 DEBUG   default gstvalue.c:2776:_priv_gst_value_parse_value: trying type name 'string'
0:00:00.016012580  2473 0x755320 LOG   GST_POLL gstpoll.c:994:gst_poll_fd_ctl_write: 0x75da00: pfd->events now 60 (POLLOUT:4)
0:00:00.020129436  2472 0x1992370 DEBUG   structure gststructure.c:2258:gst_structure_parse_field: trying field name 'description'
0:00:00.016019342  2473 0x755320 DEBUG   GST_POLL gstpoll.c:980:gst_poll_fd_ctl_write: 0x75da00: fd (fd:0, idx:1), active : 1
0:00:00.020135255  2472 0x1992370 DEBUG   default gstvalue.c:2776:_priv_gst_value_parse_value: trying type name 'string'
0:00:00.016025302  2473 0x755320 LOG   GST_POLL gstpoll.c:994:gst_poll_fd_ctl_write: 0x75da00: pfd->events now 60 (POLLOUT:4)
0:00:00.020142135  2472 0x1992370 DEBUG   structure gststructure.c:2258:gst_structure_parse_field: trying field name 'author'
0:00:00.016031501  2473 0x755320 DEBUG   GST_POLL gstpoll.c:980:gst_poll_fd_ctl_write: 0x75da00: fd (fd:0, idx:1), active : 1
0:00:00.020147523  2472 0x1992370 DEBUG   default gstvalue.c:2776:_priv_gst_value_parse_value: trying type name 'string'
0:00:00.016037330  2473 0x755320 LOG   GST_POLL gstpoll.c:994:gst_poll_fd_ctl_write: 0x75da00: pfd->events now 60 (POLLOUT:4)
0:00:00.020154155  2472 0x1992370 DEBUG   GST_REGISTRY gstregistrychunks.c:627:gst_registry_chunks_load_feature: Element factory : npadtemplates=2
0:00:00.016043341  2473 0x755320 DEBUG   GST_POLL gstpoll.c:980:gst_poll_fd_ctl_write: 0x75da00: fd (fd:0, idx:1), active : 1
0:00:00.020161816  2472 0x1992370 DEBUG   GST_REGISTRY gstregistrychunks.c:527:gst_registry_chunks_load_pad_template: Reading/casting for GstRegistryChunkPadTemplate at address 0x19af5a8
0:00:00.016053347  2473 0x755320 LOG   GST_POLL gstpoll.c:994:gst_poll_fd_ctl_write: 0x75da00: pfd->events now 60 (POLLOUT:4)
0:00:00.020169979  2472 0x1992370 DEBUG   GST_REGISTRY gstregistrychunks.c:540:gst_registry_chunks_load_pad_template: Added pad_template sink
0:00:00.016059369  2473 0x755320 DEBUG   GST_POLL gstpoll.c:980:gst_poll_fd_ctl_write: 0x75da00: fd (fd:0, idx:1), active : 1
0:00:00.020175720  2472 0x1992370 DEBUG   GST_REGISTRY gstregistrychunks.c:527:gst_registry_chunks_load_pad_template: Reading/casting for GstRegistryChunkPadTemplate at address 0x19af5c0
0:00:00.016066990  2473 0x755320 LOG   GST_POLL gstpoll.c:994:gst_poll_fd_ctl_write: 0x75da00: pfd->events now 60 (POLLOUT:4)
0:00:00.020182034  2472 0x1992370 DEBUG   GST_REGISTRY gstregistrychunks.c:540:gst_registry_chunks_load_pad_template: Added pad_template src
0:00:00.016073899  2473 0x755320 DEBUG   GST_POLL gstpoll.c:980:gst_poll_fd_ctl_write: 0x75da00: fd (fd:0, idx:1), active : 1
0:00:00.020191420  2472 0x1992370 DEBUG   GST_REGISTRY gstregistry.c:590:gst_registry_add_feature: adding feature 0x19b43a0 (clocksync)
0:00:00.016079673  2473 0x755320 LOG   GST_POLL gstpoll.c:994:gst_poll_fd_ctl_write: 0x75da00: pfd->events now 60 (POLLOUT:4)
0:00:00.020197158  2472 0x1992370 DEBUG   GST_REFCOUNTING gstobject.c:709:gst_object_set_parent: set parent (ref and sink)
0:00:00.016085782  2473 0x755320 DEBUG   GST_POLL gstpoll.c:980:gst_poll_fd_ctl_write: 0x75da00: fd (fd:0, idx:1), active : 1
0:00:00.020204378  2472 0x1992370 TRACE   GST_REFCOUNTING gstobject.c:294:gst_object_ref_sink: 0x19b43a0 ref_sink 1->2
0:00:00.016091350  2473 0x755320 LOG   GST_POLL gstpoll.c:994:gst_poll_fd_ctl_write: 0x75da00: pfd->events now 60 (POLLOUT:4)
0:00:00.020210992  2472 0x1992370 LOG   GST_REGISTRY gstregistry.c:608:gst_registry_add_feature: emitting feature-added for clocksync
0:00:00.016098762  2473 0x755320 DEBUG   GST_POLL gstpoll.c:980:gst_poll_fd_ctl_write: 0x75da00: fd (fd:0, idx:1), active : 1
0:00:00.016105310  2473 0x755320 LOG   GST_POLL gstpoll.c:994:gst_poll_fd_ctl_write: 0x75da00: pfd->events now 60 (POLLOUT:4)
0:00:00.020219580  2472 0x1992370 DEBUG   GST_REGISTRY gstregistrychunks.c:742:gst_registry_chunks_load_feature: Added feature clocksync, plugin 0x19ada20 coreelements
0:00:00.016110480  2473 0x755320 DEBUG   GST_POLL gstpoll.c:980:gst_poll_fd_ctl_write: 0x75da00: fd (fd:0, idx:1), active : 1
0:00:00.020227608  2472 0x1992370 DEBUG   GST_REGISTRY gstregistrychunks.c:584:gst_registry_chunks_load_feature: Plugin 'coreelements' feature 'capsfilter' typename : 'GstElementFactory'
0:00:00.016118018  2473 0x755320 LOG   GST_POLL gstpoll.c:994:gst_poll_fd_ctl_write: 0x75da00: pfd->events now 60 (POLLOUT:4)
0:00:00.020235659  2472 0x1992370 TRACE   GST_REFCOUNTING gstobject.c:208:gst_object_init: 0x19b3a50 new
0:00:00.016124742  2473 0x755320 DEBUG   GST_POLL gstpoll.c:980:gst_poll_fd_ctl_write: 0x75da00: fd (fd:0, idx:1), active : 1
0:00:00.020248118  2472 0x1992370 LOG   GST_REGISTRY gstregistrychunks.c:611:gst_registry_chunks_load_feature: Reading/casting for GstRegistryChunkElementFactory at address 0x19af5f0
0:00:00.016134923  2473 0x755320 LOG   GST_POLL gstpoll.c:994:gst_poll_fd_ctl_write: 0x75da00: pfd->events now 60 (POLLOUT:4)
0:00:00.020255118  2472 0x1992370 TRACE   structure gststructure.c:292:gst_structure_new_id_empty_with_size: created structure 0x19b4910
0:00:00.016142428  2473 0x755320 DEBUG   GST_POLL gstpoll.c:980:gst_poll_fd_ctl_write: 0x75da00: fd (fd:0, idx:1), active : 1
0:00:00.020261222  2472 0x1992370 DEBUG   structure gststructure.c:2258:gst_structure_parse_field: trying field name 'long-name'
0:00:00.016148804  2473 0x755320 LOG   GST_POLL gstpoll.c:994:gst_poll_fd_ctl_write: 0x75da00: pfd->events now 60 (POLLOUT:4)
0:00:00.020266908  2472 0x1992370 DEBUG   default gstvalue.c:2776:_priv_gst_value_parse_value: trying type name 'string'
0:00:00.016155129  2473 0x755320 DEBUG   GST_POLL gstpoll.c:980:gst_poll_fd_ctl_write: 0x75da00: fd (fd:0, idx:1), active : 1
0:00:00.020273102  2472 0x1992370 DEBUG   structure gststructure.c:2258:gst_structure_parse_field: trying field name 'klass'
0:00:00.016160711  2473 0x755320 LOG   GST_POLL gstpoll.c:994:gst_poll_fd_ctl_write: 0x75da00: pfd->events now 60 (POLLOUT:4)
0:00:00.020280619  2472 0x1992370 DEBUG   default gstvalue.c:2776:_priv_gst_value_parse_value: trying type name 'string'
0:00:00.016167825  2473 0x755320 DEBUG   GST_POLL gstpoll.c:980:gst_poll_fd_ctl_write: 0x75da00: fd (fd:0, idx:1), active : 1
0:00:00.020288056  2472 0x1992370 DEBUG   structure gststructure.c:2258:gst_structure_parse_field: trying field name 'description'
0:00:00.016176585  2473 0x755320 LOG   GST_POLL gstpoll.c:994:gst_poll_fd_ctl_write: 0x75da00: pfd->events now 60 (POLLOUT:4)
0:00:00.020293753  2472 0x1992370 DEBUG   default gstvalue.c:2776:_priv_gst_value_parse_value: trying type name 'string'
0:00:00.016183339  2473 0x755320 DEBUG   GST_POLL gstpoll.c:980:gst_poll_fd_ctl_write: 0x75da00: fd (fd:0, idx:1), active : 1
0:00:00.020300562  2472 0x1992370 DEBUG   structure gststructure.c:2258:gst_structure_parse_field: trying field name 'author'
0:00:00.016189050  2473 0x755320 LOG   GST_POLL gstpoll.c:994:gst_poll_fd_ctl_write: 0x75da00: pfd->events now 60 (POLLOUT:4)
0:00:00.020306358  2472 0x1992370 DEBUG   default gstvalue.c:2776:_priv_gst_value_parse_value: trying type name 'string'
0:00:00.016195061  2473 0x755320 DEBUG   GST_POLL gstpoll.c:980:gst_poll_fd_ctl_write: 0x75da00: fd (fd:0, idx:1), active : 1
0:00:00.020312511  2472 0x1992370 DEBUG   GST_REGISTRY gstregistrychunks.c:627:gst_registry_chunks_load_feature: Element factory : npadtemplates=2
0:00:00.016200595  2473 0x755320 LOG   GST_POLL gstpoll.c:994:gst_poll_fd_ctl_write: 0x75da00: pfd->events now 60 (POLLOUT:4)
0:00:00.020318165  2472 0x1992370 DEBUG   GST_REGISTRY gstregistrychunks.c:527:gst_registry_chunks_load_pad_template: Reading/casting for GstRegistryChunkPadTemplate at address 0x19af6d0
0:00:00.016211255  2473 0x755320 DEBUG   GST_POLL gstpoll.c:980:gst_poll_fd_ctl_write: 0x75da00: fd (fd:0, idx:1), active : 1
0:00:00.020327390  2472 0x1992370 DEBUG   GST_REGISTRY gstregistrychunks.c:540:gst_registry_chunks_load_pad_template: Added pad_template sink
0:00:00.016217179  2473 0x755320 LOG   GST_POLL gstpoll.c:994:gst_poll_fd_ctl_write: 0x75da00: pfd->events now 60 (POLLOUT:4)
0:00:00.020335194  2472 0x1992370 DEBUG   GST_REGISTRY gstregistrychunks.c:527:gst_registry_chunks_load_pad_template: Reading/casting for GstRegistryChunkPadTemplate at address 0x19af6e8
0:00:00.016223115  2473 0x755320 DEBUG   GST_POLL gstpoll.c:980:gst_poll_fd_ctl_write: 0x75da00: fd (fd:0, idx:1), active : 1
0:00:00.020342231  2472 0x1992370 DEBUG   GST_REGISTRY gstregistrychunks.c:540:gst_registry_chunks_load_pad_template: Added pad_template src
0:00:00.016231618  2473 0x755320 LOG   GST_POLL gstpoll.c:994:gst_poll_fd_ctl_write: 0x75da00: pfd->events now 60 (POLLOUT:4)
0:00:00.020349682  2472 0x1992370 DEBUG   GST_REGISTRY gstregistry.c:590:gst_registry_add_feature: adding feature 0x19b3a50 (capsfilter)
0:00:00.016238440  2473 0x755320 DEBUG   GST_POLL gstpoll.c:980:gst_poll_fd_ctl_write: 0x75da00: fd (fd:0, idx:1), active : 1
0:00:00.020355684  2472 0x1992370 DEBUG   GST_REFCOUNTING gstobject.c:709:gst_object_set_parent: set parent (ref and sink)
0:00:00.016244339  2473 0x755320 LOG   GST_POLL gstpoll.c:994:gst_poll_fd_ctl_write: 0x75da00: pfd->events now 60 (POLLOUT:4)
0:00:00.020362956  2472 0x1992370 TRACE   GST_REFCOUNTING gstobject.c:294:gst_object_ref_sink: 0x19b3a50 ref_sink 1->2
0:00:00.016250384  2473 0x755320 DEBUG   GST_POLL gstpoll.c:980:gst_poll_fd_ctl_write: 0x75da00: fd (fd:0, idx:1), active : 1
0:00:00.020369904  2472 0x1992370 LOG   GST_REGISTRY gstregistry.c:608:gst_registry_add_feature: emitting feature-added for capsfilter
0:00:00.016257106  2473 0x755320 LOG   GST_POLL gstpoll.c:994:gst_poll_fd_ctl_write: 0x75da00: pfd->events now 60 (POLLOUT:4)
0:00:00.020376406  2472 0x1992370 DEBUG   GST_REGISTRY gstregistrychunks.c:742:gst_registry_chunks_load_feature: Added feature capsfilter, plugin 0x19ada20 coreelements
0:00:00.016263687  2473 0x755320 DEBUG   GST_POLL gstpoll.c:980:gst_poll_fd_ctl_write: 0x75da00: fd (fd:0, idx:1), active : 1
0:00:00.016270050  2473 0x755320 LOG   GST_POLL gstpoll.c:994:gst_poll_fd_ctl_write: 0x75da00: pfd->events now 60 (POLLOUT:4)
0:00:00.020384108  2472 0x1992370 LOG   GST_PLUGIN_LOADING gstpluginloader.c:888:handle_rx_packet: marking plugin 0x19ada20 as registered as /home/conan/w/prod/BuildSingleReference/.conan/data/gstreamer/1.19.2/_/_/package/7935acf34602213af1e3939e2637ba8a4da1774a/lib/gstreamer-1.0/libgstcoreelements.so
0:00:00.016275381  2473 0x755320 DEBUG   GST_POLL gstpoll.c:980:gst_poll_fd_ctl_write: 0x75da00: fd (fd:0, idx:1), active : 1
0:00:00.020396652  2472 0x1992370 DEBUG   GST_POLL gstpoll.c:1414:gst_poll_wait: 0x19abd60: timeout :0:00:01.000000000
0:00:00.016287272  2473 0x755320 LOG   GST_POLL gstpoll.c:994:gst_poll_fd_ctl_write: 0x75da00: pfd->events now 60 (POLLOUT:4)
0:00:00.016294063  2473 0x755320 DEBUG   GST_POLL gstpoll.c:980:gst_poll_fd_ctl_write: 0x75da00: fd (fd:0, idx:1), active : 1
0:00:00.016299173  2473 0x755320 LOG   GST_POLL gstpoll.c:994:gst_poll_fd_ctl_write: 0x75da00: pfd->events now 60 (POLLOUT:4)
0:00:00.016304487  2473 0x755320 DEBUG   GST_POLL gstpoll.c:980:gst_poll_fd_ctl_write: 0x75da00: fd (fd:0, idx:1), active : 1
0:00:00.016309298  2473 0x755320 LOG   GST_POLL gstpoll.c:994:gst_poll_fd_ctl_write: 0x75da00: pfd->events now 60 (POLLOUT:4)
0:00:00.016314490  2473 0x755320 DEBUG   GST_POLL gstpoll.c:980:gst_poll_fd_ctl_write: 0x75da00: fd (fd:0, idx:1), active : 1
0:00:00.016319274  2473 0x755320 LOG   GST_POLL gstpoll.c:994:gst_poll_fd_ctl_write: 0x75da00: pfd->events now 60 (POLLOUT:4)
0:00:00.016324448  2473 0x755320 DEBUG   GST_POLL gstpoll.c:980:gst_poll_fd_ctl_write: 0x75da00: fd (fd:0, idx:1), active : 1
0:00:00.016331919  2473 0x755320 LOG   GST_POLL gstpoll.c:994:gst_poll_fd_ctl_write: 0x75da00: pfd->events now 60 (POLLOUT:4)
0:00:00.016338238  2473 0x755320 DEBUG   GST_POLL gstpoll.c:980:gst_poll_fd_ctl_write: 0x75da00: fd (fd:0, idx:1), active : 1
0:00:00.016343485  2473 0x755320 LOG   GST_POLL gstpoll.c:994:gst_poll_fd_ctl_write: 0x75da00: pfd->events now 60 (POLLOUT:4)
0:00:00.016348920  2473 0x755320 DEBUG   GST_POLL gstpoll.c:980:gst_poll_fd_ctl_write: 0x75da00: fd (fd:0, idx:1), active : 1
0:00:00.016353695  2473 0x755320 LOG   GST_POLL gstpoll.c:994:gst_poll_fd_ctl_write: 0x75da00: pfd->events now 60 (POLLOUT:4)
0:00:00.016358874  2473 0x755320 DEBUG   GST_POLL gstpoll.c:980:gst_poll_fd_ctl_write: 0x75da00: fd (fd:0, idx:1), active : 1
0:00:00.016363668  2473 0x755320 LOG   GST_POLL gstpoll.c:994:gst_poll_fd_ctl_write: 0x75da00: pfd->events now 60 (POLLOUT:4)
0:00:00.016372966  2473 0x755320 TRACE   GST_REFCOUNTING gstobject.c:265:gst_object_unref: 0x7717b0 unref 2->1
0:00:00.016381853  2473 0x755320 DEBUG   GST_POLL gstpoll.c:1241:gst_poll_fd_has_error: 0x75da00: fd (fd:0, idx:1) 0
0:00:00.016388130  2473 0x755320 DEBUG   GST_POLL gstpoll.c:1335:gst_poll_fd_can_write: 0x75da00: fd (fd:0, idx:1) 1
0:00:00.016393268  2473 0x755320 LOG   GST_PLUGIN_LOADING gstpluginloader.c:689:write_one: Writing packet of size 528 bytes to fd 0
0:00:00.016409463  2473 0x755320 DEBUG   GST_POLL gstpoll.c:1414:gst_poll_wait: 0x75da00: timeout :0:00:01.000000000
0:00:00.016418322  2473 0x755320 LOG   GST_PLUGIN_LOADING gstpluginloader.c:1027:exchange_packets: Poll res = 2. 6872 bytes pending for write
0:00:00.016424119  2473 0x755320 DEBUG   GST_POLL gstpoll.c:1241:gst_poll_fd_has_error: 0x75da00: fd (fd:5, idx:2) 0
0:00:00.020541045  2472 0x1992370 LOG   GST_PLUGIN_LOADING gstpluginloader.c:1027:exchange_packets: Poll res = 1. 0 bytes pending for write
0:00:00.016436173  2473 0x755320 DEBUG   GST_POLL gstpoll.c:1266:gst_poll_fd_can_read_unlocked: 0x75da00: fd (fd:5, idx:2) 1
0:00:00.020553089  2472 0x1992370 DEBUG   GST_POLL gstpoll.c:1241:gst_poll_fd_has_error: 0x19abd60: fd (fd:8, idx:2) 0
0:00:00.020559667  2472 0x1992370 DEBUG   GST_POLL gstpoll.c:1266:gst_poll_fd_can_read_unlocked: 0x19abd60: fd (fd:8, idx:2) 1
0:00:00.016449755  2473 0x755320 LOG   GST_PLUGIN_LOADING gstpluginloader.c:1005:read_one: No payload to read for 0 length packet type 1 tag 0
0:00:00.016456891  2473 0x755320 DEBUG   GST_POLL gstpoll.c:1015:gst_poll_fd_ctl_read_unlocked: 0x75da00: fd (fd:5, idx:2), active : 0
0:00:00.020570575  2472 0x1992370 DEBUG   GST_PLUGIN_LOADING gstpluginloader.c:849:handle_rx_packet: Received plugin details from child w/ tag 2. 516 bytes info
0:00:00.016462402  2473 0x755320 DEBUG   GST_POLL gstpoll.c:980:gst_poll_fd_ctl_write: 0x75da00: fd (fd:0, idx:1), active : 1
0:00:00.020579566  2472 0x1992370 LOG   GST_REGISTRY gstregistrychunks.c:838:_priv_gst_registry_chunks_load_plugin: Reading/casting for GstRegistryChunkPluginElement at address 0x19adc30
0:00:00.016468132  2473 0x755320 LOG   GST_POLL gstpoll.c:994:gst_poll_fd_ctl_write: 0x75da00: pfd->events now 60 (POLLOUT:4)
0:00:00.020587344  2472 0x1992370 TRACE   GST_REFCOUNTING gstobject.c:208:gst_object_init: 0x19b4cd0 new
0:00:00.016474042  2473 0x755320 DEBUG   GST_POLL gstpoll.c:1241:gst_poll_fd_has_error: 0x75da00: fd (fd:0, idx:1) 0
0:00:00.016481981  2473 0x755320 DEBUG   GST_POLL gstpoll.c:1335:gst_poll_fd_can_write: 0x75da00: fd (fd:0, idx:1) 1
0:00:00.020598222  2472 0x1992370 LOG   GST_REGISTRY gstregistrychunks.c:859:_priv_gst_registry_chunks_load_plugin: read strings for name='coretracers'
0:00:00.016489262  2473 0x755320 LOG   GST_PLUGIN_LOADING gstpluginloader.c:689:write_one: Writing packet of size 6872 bytes to fd 0
0:00:00.020605111  2472 0x1992370 LOG   GST_REGISTRY gstregistrychunks.c:860:_priv_gst_registry_chunks_load_plugin: desc.description='GStreamer core tracers'
0:00:00.020612962  2472 0x1992370 LOG   GST_REGISTRY gstregistrychunks.c:861:_priv_gst_registry_chunks_load_plugin: filename='/home/conan/w/prod/BuildSingleReference/.conan/data/gstreamer/1.19.2/_/_/package/7935acf34602213af1e3939e2637ba8a4da1774a/lib/gstreamer-1.0/libgstcoretracers.so'
0:00:00.016500333  2473 0x755320 DEBUG   GST_POLL gstpoll.c:1414:gst_poll_wait: 0x75da00: timeout :0:00:01.000000000
0:00:00.020618332  2472 0x1992370 LOG   GST_REGISTRY gstregistrychunks.c:862:_priv_gst_registry_chunks_load_plugin: desc.version='1.19.2'
0:00:00.016508466  2473 0x755320 LOG   GST_PLUGIN_LOADING gstpluginloader.c:1027:exchange_packets: Poll res = 1. 12 bytes pending for write
0:00:00.020623751  2472 0x1992370 LOG   GST_REGISTRY gstregistrychunks.c:863:_priv_gst_registry_chunks_load_plugin: desc.license='LGPL'
0:00:00.016515022  2473 0x755320 DEBUG   GST_POLL gstpoll.c:1241:gst_poll_fd_has_error: 0x75da00: fd (fd:0, idx:1) 0
0:00:00.020632574  2472 0x1992370 LOG   GST_REGISTRY gstregistrychunks.c:864:_priv_gst_registry_chunks_load_plugin: desc.source='gstreamer'
0:00:00.016527299  2473 0x755320 DEBUG   GST_POLL gstpoll.c:1335:gst_poll_fd_can_write: 0x75da00: fd (fd:0, idx:1) 1
0:00:00.020643691  2472 0x1992370 LOG   GST_REGISTRY gstregistrychunks.c:865:_priv_gst_registry_chunks_load_plugin: desc.package='GStreamer source release'
0:00:00.016532878  2473 0x755320 LOG   GST_PLUGIN_LOADING gstpluginloader.c:689:write_one: Writing packet of size 12 bytes to fd 0
0:00:00.020649571  2472 0x1992370 LOG   GST_REGISTRY gstregistrychunks.c:866:_priv_gst_registry_chunks_load_plugin: desc.origin='Unknown package origin'
0:00:00.020655822  2472 0x1992370 LOG   GST_REGISTRY gstregistrychunks.c:867:_priv_gst_registry_chunks_load_plugin: desc.datetime=2021-09-23
0:00:00.016542463  2473 0x755320 DEBUG   GST_POLL gstpoll.c:980:gst_poll_fd_ctl_write: 0x75da00: fd (fd:0, idx:1), active : 0
0:00:00.016549016  2473 0x755320 LOG   GST_POLL gstpoll.c:994:gst_poll_fd_ctl_write: 0x75da00: pfd->events now 56 (POLLOUT:4)
0:00:00.020664407  2472 0x1992370 DEBUG   GST_REGISTRY gstregistry.c:449:gst_registry_add_plugin: Replacing existing plugin "/home/conan/w/prod/BuildSingleReference/.conan/data/gstreamer/1.19.2/_/_/package/7935acf34602213af1e3939e2637ba8a4da1774a/lib/gstreamer-1.0/libgstcoretracers.so" 0x19abdc0 with new plugin 0x19b4cd0 for filename "/home/conan/w/prod/BuildSingleReference/.conan/data/gstreamer/1.19.2/_/_/package/7935acf34602213af1e3939e2637ba8a4da1774a/lib/gstreamer-1.0/libgstcoretracers.so"
0:00:00.020690009  2472 0x1992370 TRACE   GST_REFCOUNTING gstobject.c:265:gst_object_unref: 0x19abdc0 unref 1->0
0:00:00.016579657  2473 0x755320 DEBUG   GST_POLL gstpoll.c:772:gst_poll_free: 0x75da00: freeing
0:00:00.020705371  2472 0x1992370 TRACE   GST_REFCOUNTING gstobject.c:381:gst_object_dispose: 0x19abdc0 dispose
0:00:00.020717398  2472 0x1992370 DEBUG   GST_PLUGIN_LOADING gstplugin.c:132:gst_plugin_finalize: finalizing plugin
0:00:00.020727438  2472 0x1992370 TRACE   GST_REFCOUNTING gstobject.c:423:gst_object_finalize: 0x19abdc0 finalize
0:00:00.020746279  2472 0x1992370 DEBUG   GST_REGISTRY gstregistry.c:474:gst_registry_add_plugin: adding plugin 0x19b4cd0 for filename "/home/conan/w/prod/BuildSingleReference/.conan/data/gstreamer/1.19.2/_/_/package/7935acf34602213af1e3939e2637ba8a4da1774a/lib/gstreamer-1.0/libgstcoretracers.so"
0:00:00.020755778  2472 0x1992370 TRACE   GST_REFCOUNTING gstobject.c:294:gst_object_ref_sink: 0x19b4cd0 ref_sink 1->2
0:00:00.020764979  2472 0x1992370 LOG   GST_REGISTRY gstregistry.c:487:gst_registry_add_plugin: emitting plugin-added for filename "/home/conan/w/prod/BuildSingleReference/.conan/data/gstreamer/1.19.2/_/_/package/7935acf34602213af1e3939e2637ba8a4da1774a/lib/gstreamer-1.0/libgstcoretracers.so"
0:00:00.020774535  2472 0x1992370 DEBUG   GST_REGISTRY gstregistrychunks.c:888:_priv_gst_registry_chunks_load_plugin: Added plugin 'coretracers' plugin with 6 features from binary registry
0:00:00.020791947  2472 0x1992370 DEBUG   GST_REGISTRY gstregistrychunks.c:584:gst_registry_chunks_load_feature: Plugin 'coretracers' feature 'factories' typename : 'GstTracerFactory'
0:00:00.020800822  2472 0x1992370 TRACE   GST_REFCOUNTING gstobject.c:208:gst_object_init: 0x19b42b0 new
0:00:00.020808932  2472 0x1992370 DEBUG   GST_REGISTRY gstregistrychunks.c:719:gst_registry_chunks_load_feature: Reading/casting for GstRegistryChunkPluginFeature at address 0x19add80
0:00:00.020818313  2472 0x1992370 DEBUG   GST_REGISTRY gstregistry.c:581:gst_registry_add_feature: replacing existing feature 0x19ac400 (factories)
0:00:00.020827685  2472 0x1992370 DEBUG   GST_REGISTRY gstregistry.c:590:gst_registry_add_feature: adding feature 0x19b42b0 (factories)
0:00:00.020834842  2472 0x1992370 TRACE   GST_REFCOUNTING gstobject.c:788:gst_object_unparent: unparent
0:00:00.020843885  2472 0x1992370 TRACE   GST_REFCOUNTING gstobject.c:265:gst_object_unref: 0x19ac400 unref 1->0
0:00:00.020852922  2472 0x1992370 TRACE   GST_REFCOUNTING gstobject.c:381:gst_object_dispose: 0x19ac400 dispose
0:00:00.020865863  2472 0x1992370 DEBUG   GST_PLUGIN_LOADING gstpluginfeature.c:67:gst_plugin_feature_finalize: finalizing feature 0x19ac400: 'factories'
0:00:00.020873722  2472 0x1992370 TRACE   GST_REFCOUNTING gstobject.c:423:gst_object_finalize: 0x19ac400 finalize
0:00:00.020879825  2472 0x1992370 DEBUG   GST_REFCOUNTING gstobject.c:709:gst_object_set_parent: set parent (ref and sink)
0:00:00.020886346  2472 0x1992370 TRACE   GST_REFCOUNTING gstobject.c:294:gst_object_ref_sink: 0x19b42b0 ref_sink 1->2
0:00:00.020892073  2472 0x1992370 LOG   GST_REGISTRY gstregistry.c:608:gst_registry_add_feature: emitting feature-added for factories
0:00:00.020897943  2472 0x1992370 DEBUG   GST_REGISTRY gstregistrychunks.c:742:gst_registry_chunks_load_feature: Added feature factories, plugin 0x19b4cd0 coretracers
0:00:00.020904004  2472 0x1992370 DEBUG   GST_REGISTRY gstregistrychunks.c:584:gst_registry_chunks_load_feature: Plugin 'coretracers' feature 'leaks' typename : 'GstTracerFactory'
0:00:00.020910844  2472 0x1992370 TRACE   GST_REFCOUNTING gstobject.c:208:gst_object_init: 0x19ac400 new
0:00:00.020920414  2472 0x1992370 DEBUG   GST_REGISTRY gstregistrychunks.c:719:gst_registry_chunks_load_feature: Reading/casting for GstRegistryChunkPluginFeature at address 0x19adda0
0:00:00.020928465  2472 0x1992370 DEBUG   GST_REGISTRY gstregistry.c:581:gst_registry_add_feature: replacing existing feature 0x19ad0d0 (leaks)
0:00:00.020934892  2472 0x1992370 DEBUG   GST_REGISTRY gstregistry.c:590:gst_registry_add_feature: adding feature 0x19ac400 (leaks)
0:00:00.020940158  2472 0x1992370 TRACE   GST_REFCOUNTING gstobject.c:788:gst_object_unparent: unparent
0:00:00.020946426  2472 0x1992370 TRACE   GST_REFCOUNTING gstobject.c:265:gst_object_unref: 0x19ad0d0 unref 1->0
0:00:00.020952172  2472 0x1992370 TRACE   GST_REFCOUNTING gstobject.c:381:gst_object_dispose: 0x19ad0d0 dispose
0:00:00.020963042  2472 0x1992370 DEBUG   GST_PLUGIN_LOADING gstpluginfeature.c:67:gst_plugin_feature_finalize: finalizing feature 0x19ad0d0: 'leaks'
0:00:00.020968672  2472 0x1992370 TRACE   GST_REFCOUNTING gstobject.c:423:gst_object_finalize: 0x19ad0d0 finalize
0:00:00.020976768  2472 0x1992370 DEBUG   GST_REFCOUNTING gstobject.c:709:gst_object_set_parent: set parent (ref and sink)
0:00:00.020984422  2472 0x1992370 TRACE   GST_REFCOUNTING gstobject.c:294:gst_object_ref_sink: 0x19ac400 ref_sink 1->2
0:00:00.020990509  2472 0x1992370 LOG   GST_REGISTRY gstregistry.c:608:gst_registry_add_feature: emitting feature-added for leaks
0:00:00.020996482  2472 0x1992370 DEBUG   GST_REGISTRY gstregistrychunks.c:742:gst_registry_chunks_load_feature: Added feature leaks, plugin 0x19b4cd0 coretracers
0:00:00.021002262  2472 0x1992370 DEBUG   GST_REGISTRY gstregistrychunks.c:584:gst_registry_chunks_load_feature: Plugin 'coretracers' feature 'stats' typename : 'GstTracerFactory'
0:00:00.021008872  2472 0x1992370 TRACE   GST_REFCOUNTING gstobject.c:208:gst_object_init: 0x19ad0d0 new
0:00:00.021015469  2472 0x1992370 DEBUG   GST_REGISTRY gstregistrychunks.c:719:gst_registry_chunks_load_feature: Reading/casting for GstRegistryChunkPluginFeature at address 0x19addc0
0:00:00.021021711  2472 0x1992370 DEBUG   GST_REGISTRY gstregistry.c:581:gst_registry_add_feature: replacing existing feature 0x19ad2d0 (stats)
0:00:00.021030624  2472 0x1992370 DEBUG   GST_REGISTRY gstregistry.c:590:gst_registry_add_feature: adding feature 0x19ad0d0 (stats)
0:00:00.021036601  2472 0x1992370 TRACE   GST_REFCOUNTING gstobject.c:788:gst_object_unparent: unparent
0:00:00.021050545  2472 0x1992370 TRACE   GST_REFCOUNTING gstobject.c:265:gst_object_unref: 0x19ad2d0 unref 1->0
0:00:00.021056346  2472 0x1992370 TRACE   GST_REFCOUNTING gstobject.c:381:gst_object_dispose: 0x19ad2d0 dispose
0:00:00.021062751  2472 0x1992370 DEBUG   GST_PLUGIN_LOADING gstpluginfeature.c:67:gst_plugin_feature_finalize: finalizing feature 0x19ad2d0: 'stats'
0:00:00.021068239  2472 0x1992370 TRACE   GST_REFCOUNTING gstobject.c:423:gst_object_finalize: 0x19ad2d0 finalize
0:00:00.021073538  2472 0x1992370 DEBUG   GST_REFCOUNTING gstobject.c:709:gst_object_set_parent: set parent (ref and sink)
0:00:00.021079474  2472 0x1992370 TRACE   GST_REFCOUNTING gstobject.c:294:gst_object_ref_sink: 0x19ad0d0 ref_sink 1->2
0:00:00.021087629  2472 0x1992370 LOG   GST_REGISTRY gstregistry.c:608:gst_registry_add_feature: emitting feature-added for stats
0:00:00.021094594  2472 0x1992370 DEBUG   GST_REGISTRY gstregistrychunks.c:742:gst_registry_chunks_load_feature: Added feature stats, plugin 0x19b4cd0 coretracers
0:00:00.021100535  2472 0x1992370 DEBUG   GST_REGISTRY gstregistrychunks.c:584:gst_registry_chunks_load_feature: Plugin 'coretracers' feature 'rusage' typename : 'GstTracerFactory'
0:00:00.021107186  2472 0x1992370 TRACE   GST_REFCOUNTING gstobject.c:208:gst_object_init: 0x19ad2d0 new
0:00:00.021118387  2472 0x1992370 DEBUG   GST_REGISTRY gstregistrychunks.c:719:gst_registry_chunks_load_feature: Reading/casting for GstRegistryChunkPluginFeature at address 0x19adde0
0:00:00.021124916  2472 0x1992370 DEBUG   GST_REGISTRY gstregistry.c:581:gst_registry_add_feature: replacing existing feature 0x19ad4d0 (rusage)
0:00:00.021131289  2472 0x1992370 DEBUG   GST_REGISTRY gstregistry.c:590:gst_registry_add_feature: adding feature 0x19ad2d0 (rusage)
0:00:00.021136249  2472 0x1992370 TRACE   GST_REFCOUNTING gstobject.c:788:gst_object_unparent: unparent
0:00:00.021145360  2472 0x1992370 TRACE   GST_REFCOUNTING gstobject.c:265:gst_object_unref: 0x19ad4d0 unref 1->0
0:00:00.021152146  2472 0x1992370 TRACE   GST_REFCOUNTING gstobject.c:381:gst_object_dispose: 0x19ad4d0 dispose
0:00:00.021158504  2472 0x1992370 DEBUG   GST_PLUGIN_LOADING gstpluginfeature.c:67:gst_plugin_feature_finalize: finalizing feature 0x19ad4d0: 'rusage'
0:00:00.021164022  2472 0x1992370 TRACE   GST_REFCOUNTING gstobject.c:423:gst_object_finalize: 0x19ad4d0 finalize
0:00:00.021169371  2472 0x1992370 DEBUG   GST_REFCOUNTING gstobject.c:709:gst_object_set_parent: set parent (ref and sink)
0:00:00.021175190  2472 0x1992370 TRACE   GST_REFCOUNTING gstobject.c:294:gst_object_ref_sink: 0x19ad2d0 ref_sink 1->2
0:00:00.021180759  2472 0x1992370 LOG   GST_REGISTRY gstregistry.c:608:gst_registry_add_feature: emitting feature-added for rusage
0:00:00.021186258  2472 0x1992370 DEBUG   GST_REGISTRY gstregistrychunks.c:742:gst_registry_chunks_load_feature: Added feature rusage, plugin 0x19b4cd0 coretracers
0:00:00.021194696  2472 0x1992370 DEBUG   GST_REGISTRY gstregistrychunks.c:584:gst_registry_chunks_load_feature: Plugin 'coretracers' feature 'log' typename : 'GstTracerFactory'
0:00:00.021202385  2472 0x1992370 TRACE   GST_REFCOUNTING gstobject.c:208:gst_object_init: 0x19ad4d0 new
0:00:00.021209219  2472 0x1992370 DEBUG   GST_REGISTRY gstregistrychunks.c:719:gst_registry_chunks_load_feature: Reading/casting for GstRegistryChunkPluginFeature at address 0x19ade00
0:00:00.021215727  2472 0x1992370 DEBUG   GST_REGISTRY gstregistry.c:581:gst_registry_add_feature: replacing existing feature 0x19ad6d0 (log)
0:00:00.021221856  2472 0x1992370 DEBUG   GST_REGISTRY gstregistry.c:590:gst_registry_add_feature: adding feature 0x19ad4d0 (log)
0:00:00.021226869  2472 0x1992370 TRACE   GST_REFCOUNTING gstobject.c:788:gst_object_unparent: unparent
0:00:00.021232910  2472 0x1992370 TRACE   GST_REFCOUNTING gstobject.c:265:gst_object_unref: 0x19ad6d0 unref 1->0
0:00:00.021238766  2472 0x1992370 TRACE   GST_REFCOUNTING gstobject.c:381:gst_object_dispose: 0x19ad6d0 dispose
0:00:00.021247641  2472 0x1992370 DEBUG   GST_PLUGIN_LOADING gstpluginfeature.c:67:gst_plugin_feature_finalize: finalizing feature 0x19ad6d0: 'log'
0:00:00.021254488  2472 0x1992370 TRACE   GST_REFCOUNTING gstobject.c:423:gst_object_finalize: 0x19ad6d0 finalize
0:00:00.021264513  2472 0x1992370 DEBUG   GST_REFCOUNTING gstobject.c:709:gst_object_set_parent: set parent (ref and sink)
0:00:00.021270738  2472 0x1992370 TRACE   GST_REFCOUNTING gstobject.c:294:gst_object_ref_sink: 0x19ad4d0 ref_sink 1->2
0:00:00.021276438  2472 0x1992370 LOG   GST_REGISTRY gstregistry.c:608:gst_registry_add_feature: emitting feature-added for log
0:00:00.021282592  2472 0x1992370 DEBUG   GST_REGISTRY gstregistrychunks.c:742:gst_registry_chunks_load_feature: Added feature log, plugin 0x19b4cd0 coretracers
0:00:00.021291301  2472 0x1992370 DEBUG   GST_REGISTRY gstregistrychunks.c:584:gst_registry_chunks_load_feature: Plugin 'coretracers' feature 'latency' typename : 'GstTracerFactory'
0:00:00.021301086  2472 0x1992370 TRACE   GST_REFCOUNTING gstobject.c:208:gst_object_init: 0x19ad6d0 new
0:00:00.021313915  2472 0x1992370 DEBUG   GST_REGISTRY gstregistrychunks.c:719:gst_registry_chunks_load_feature: Reading/casting for GstRegistryChunkPluginFeature at address 0x19ade28
0:00:00.021325755  2472 0x1992370 DEBUG   GST_REGISTRY gstregistry.c:581:gst_registry_add_feature: replacing existing feature 0x19ad8d0 (latency)
0:00:00.021332480  2472 0x1992370 DEBUG   GST_REGISTRY gstregistry.c:590:gst_registry_add_feature: adding feature 0x19ad6d0 (latency)
0:00:00.021337420  2472 0x1992370 TRACE   GST_REFCOUNTING gstobject.c:788:gst_object_unparent: unparent
0:00:00.021343551  2472 0x1992370 TRACE   GST_REFCOUNTING gstobject.c:265:gst_object_unref: 0x19ad8d0 unref 1->0
0:00:00.021349222  2472 0x1992370 TRACE   GST_REFCOUNTING gstobject.c:381:gst_object_dispose: 0x19ad8d0 dispose
0:00:00.021355208  2472 0x1992370 DEBUG   GST_PLUGIN_LOADING gstpluginfeature.c:67:gst_plugin_feature_finalize: finalizing feature 0x19ad8d0: 'latency'
0:00:00.021360649  2472 0x1992370 TRACE   GST_REFCOUNTING gstobject.c:423:gst_object_finalize: 0x19ad8d0 finalize
0:00:00.021368606  2472 0x1992370 DEBUG   GST_REFCOUNTING gstobject.c:709:gst_object_set_parent: set parent (ref and sink)
0:00:00.021376263  2472 0x1992370 TRACE   GST_REFCOUNTING gstobject.c:294:gst_object_ref_sink: 0x19ad6d0 ref_sink 1->2
0:00:00.021382166  2472 0x1992370 LOG   GST_REGISTRY gstregistry.c:608:gst_registry_add_feature: emitting feature-added for latency
0:00:00.021387718  2472 0x1992370 DEBUG   GST_REGISTRY gstregistrychunks.c:742:gst_registry_chunks_load_feature: Added feature latency, plugin 0x19b4cd0 coretracers
0:00:00.021394500  2472 0x1992370 LOG   GST_PLUGIN_LOADING gstpluginloader.c:888:handle_rx_packet: marking plugin 0x19b4cd0 as registered as /home/conan/w/prod/BuildSingleReference/.conan/data/gstreamer/1.19.2/_/_/package/7935acf34602213af1e3939e2637ba8a4da1774a/lib/gstreamer-1.0/libgstcoretracers.so
0:00:00.021402638  2472 0x1992370 DEBUG   GST_POLL gstpoll.c:1414:gst_poll_wait: 0x19abd60: timeout :0:00:01.000000000
0:00:00.021411485  2472 0x1992370 LOG   GST_PLUGIN_LOADING gstpluginloader.c:1027:exchange_packets: Poll res = 2. 0 bytes pending for write
0:00:00.021425039  2472 0x1992370 DEBUG   GST_POLL gstpoll.c:1241:gst_poll_fd_has_error: 0x19abd60: fd (fd:8, idx:2) 0
0:00:00.021431461  2472 0x1992370 DEBUG   GST_POLL gstpoll.c:1266:gst_poll_fd_can_read_unlocked: 0x19abd60: fd (fd:8, idx:2) 1
0:00:00.021441933  2472 0x1992370 DEBUG   GST_PLUGIN_LOADING gstpluginloader.c:849:handle_rx_packet: Received plugin details from child w/ tag 3. 6860 bytes info
0:00:00.021447578  2472 0x1992370 LOG   GST_REGISTRY gstregistrychunks.c:838:_priv_gst_registry_chunks_load_plugin: Reading/casting for GstRegistryChunkPluginElement at address 0x19adc30
0:00:00.021453787  2472 0x1992370 TRACE   GST_REFCOUNTING gstobject.c:208:gst_object_init: 0x19abdc0 new
0:00:00.021462702  2472 0x1992370 LOG   GST_REGISTRY gstregistrychunks.c:859:_priv_gst_registry_chunks_load_plugin: read strings for name='coreelements'
0:00:00.021470441  2472 0x1992370 LOG   GST_REGISTRY gstregistrychunks.c:860:_priv_gst_registry_chunks_load_plugin: desc.description='GStreamer core elements'
0:00:00.021477495  2472 0x1992370 LOG   GST_REGISTRY gstregistrychunks.c:861:_priv_gst_registry_chunks_load_plugin: filename='/home/conan/w/prod/BuildSingleReference/.conan/data/gstreamer/1.19.2/_/_/package/7935acf34602213af1e3939e2637ba8a4da1774a/lib/gstreamer-1.0/libgstcoreelements.so'
0:00:00.021483079  2472 0x1992370 LOG   GST_REGISTRY gstregistrychunks.c:862:_priv_gst_registry_chunks_load_plugin: desc.version='1.19.2'
0:00:00.021487710  2472 0x1992370 LOG   GST_REGISTRY gstregistrychunks.c:863:_priv_gst_registry_chunks_load_plugin: desc.license='LGPL'
0:00:00.021492365  2472 0x1992370 LOG   GST_REGISTRY gstregistrychunks.c:864:_priv_gst_registry_chunks_load_plugin: desc.source='gstreamer'
0:00:00.021497059  2472 0x1992370 LOG   GST_REGISTRY gstregistrychunks.c:865:_priv_gst_registry_chunks_load_plugin: desc.package='GStreamer source release'
0:00:00.021501924  2472 0x1992370 LOG   GST_REGISTRY gstregistrychunks.c:866:_priv_gst_registry_chunks_load_plugin: desc.origin='Unknown package origin'
0:00:00.021506642  2472 0x1992370 LOG   GST_REGISTRY gstregistrychunks.c:867:_priv_gst_registry_chunks_load_plugin: desc.datetime=2021-09-23
0:00:00.021517317  2472 0x1992370 DEBUG   GST_REGISTRY gstregistry.c:449:gst_registry_add_plugin: Replacing existing plugin "/home/conan/w/prod/BuildSingleReference/.conan/data/gstreamer/1.19.2/_/_/package/7935acf34602213af1e3939e2637ba8a4da1774a/lib/gstreamer-1.0/libgstcoreelements.so" 0x19ada20 with new plugin 0x19abdc0 for filename "/home/conan/w/prod/BuildSingleReference/.conan/data/gstreamer/1.19.2/_/_/package/7935acf34602213af1e3939e2637ba8a4da1774a/lib/gstreamer-1.0/libgstcoreelements.so"
0:00:00.021525838  2472 0x1992370 TRACE   GST_REFCOUNTING gstobject.c:265:gst_object_unref: 0x19ada20 unref 1->0
0:00:00.021532199  2472 0x1992370 TRACE   GST_REFCOUNTING gstobject.c:381:gst_object_dispose: 0x19ada20 dispose
0:00:00.021539270  2472 0x1992370 DEBUG   GST_PLUGIN_LOADING gstplugin.c:132:gst_plugin_finalize: finalizing plugin
0:00:00.021544847  2472 0x1992370 TRACE   GST_REFCOUNTING gstobject.c:423:gst_object_finalize: 0x19ada20 finalize
0:00:00.021556668  2472 0x1992370 DEBUG   GST_REGISTRY gstregistry.c:474:gst_registry_add_plugin: adding plugin 0x19abdc0 for filename "/home/conan/w/prod/BuildSingleReference/.conan/data/gstreamer/1.19.2/_/_/package/7935acf34602213af1e3939e2637ba8a4da1774a/lib/gstreamer-1.0/libgstcoreelements.so"
0:00:00.021563296  2472 0x1992370 TRACE   GST_REFCOUNTING gstobject.c:294:gst_object_ref_sink: 0x19abdc0 ref_sink 1->2
0:00:00.021569378  2472 0x1992370 LOG   GST_REGISTRY gstregistry.c:487:gst_registry_add_plugin: emitting plugin-added for filename "/home/conan/w/prod/BuildSingleReference/.conan/data/gstreamer/1.19.2/_/_/package/7935acf34602213af1e3939e2637ba8a4da1774a/lib/gstreamer-1.0/libgstcoreelements.so"
0:00:00.021578235  2472 0x1992370 DEBUG   GST_REGISTRY gstregistrychunks.c:888:_priv_gst_registry_chunks_load_plugin: Added plugin 'coreelements' plugin with 22 features from binary registry
0:00:00.021585348  2472 0x1992370 DEBUG   GST_REGISTRY gstregistrychunks.c:584:gst_registry_chunks_load_feature: Plugin 'coreelements' feature 'streamiddemux' typename : 'GstElementFactory'
0:00:00.021592578  2472 0x1992370 TRACE   GST_REFCOUNTING gstobject.c:208:gst_object_init: 0x19b47c0 new
0:00:00.021599622  2472 0x1992370 LOG   GST_REGISTRY gstregistrychunks.c:611:gst_registry_chunks_load_feature: Reading/casting for GstRegistryChunkElementFactory at address 0x19add88
0:00:00.021605854  2472 0x1992370 TRACE   structure gststructure.c:292:gst_structure_new_id_empty_with_size: created structure 0x19b4e00
0:00:00.021611187  2472 0x1992370 DEBUG   structure gststructure.c:2258:gst_structure_parse_field: trying field name 'long-name'
0:00:00.021616436  2472 0x1992370 DEBUG   default gstvalue.c:2776:_priv_gst_value_parse_value: trying type name 'string'
0:00:00.021622588  2472 0x1992370 DEBUG   structure gststructure.c:2258:gst_structure_parse_field: trying field name 'klass'
0:00:00.021629946  2472 0x1992370 DEBUG   default gstvalue.c:2776:_priv_gst_value_parse_value: trying type name 'string'
0:00:00.021636939  2472 0x1992370 DEBUG   structure gststructure.c:2258:gst_structure_parse_field: trying field name 'description'
0:00:00.021641926  2472 0x1992370 DEBUG   default gstvalue.c:2776:_priv_gst_value_parse_value: trying type name 'string'
0:00:00.021647811  2472 0x1992370 DEBUG   structure gststructure.c:2258:gst_structure_parse_field: trying field name 'author'
0:00:00.021652516  2472 0x1992370 DEBUG   default gstvalue.c:2776:_priv_gst_value_parse_value: trying type name 'string'
0:00:00.021658265  2472 0x1992370 DEBUG   GST_REGISTRY gstregistrychunks.c:627:gst_registry_chunks_load_feature: Element factory : npadtemplates=2
0:00:00.021663130  2472 0x1992370 DEBUG   GST_REGISTRY gstregistrychunks.c:527:gst_registry_chunks_load_pad_template: Reading/casting for GstRegistryChunkPadTemplate at address 0x19ade60
0:00:00.021668366  2472 0x1992370 DEBUG   GST_REGISTRY gstregistrychunks.c:540:gst_registry_chunks_load_pad_template: Added pad_template src_%u
0:00:00.021675544  2472 0x1992370 DEBUG   GST_REGISTRY gstregistrychunks.c:527:gst_registry_chunks_load_pad_template: Reading/casting for GstRegistryChunkPadTemplate at address 0x19ade78
0:00:00.021725771  2472 0x1992370 DEBUG   GST_REGISTRY gstregistrychunks.c:540:gst_registry_chunks_load_pad_template: Added pad_template sink
0:00:00.021733419  2472 0x1992370 DEBUG   GST_REGISTRY gstregistry.c:581:gst_registry_add_feature: replacing existing feature 0x19ac4c0 (streamiddemux)
0:00:00.021740085  2472 0x1992370 DEBUG   GST_REGISTRY gstregistry.c:590:gst_registry_add_feature: adding feature 0x19b47c0 (streamiddemux)
0:00:00.021745222  2472 0x1992370 TRACE   GST_REFCOUNTING gstobject.c:788:gst_object_unparent: unparent
0:00:00.021751751  2472 0x1992370 TRACE   GST_REFCOUNTING gstobject.c:265:gst_object_unref: 0x19ac4c0 unref 1->0
0:00:00.021760505  2472 0x1992370 TRACE   GST_REFCOUNTING gstobject.c:381:gst_object_dispose: 0x19ac4c0 dispose
0:00:00.021768139  2472 0x1992370 TRACE   structure gststructure.c:547:gst_structure_free: free structure 0x19accf0
0:00:00.021775201  2472 0x1992370 TRACE   GST_REFCOUNTING gstminiobject.c:736:gst_mini_object_replace: replace (nil) (0) with (nil) (0)
0:00:00.021781675  2472 0x1992370 TRACE   GST_REFCOUNTING gstminiobject.c:736:gst_mini_object_replace: replace (nil) (0) with (nil) (0)
0:00:00.021788105  2472 0x1992370 DEBUG   GST_PLUGIN_LOADING gstpluginfeature.c:67:gst_plugin_feature_finalize: finalizing feature 0x19ac4c0: 'streamiddemux'
0:00:00.021793716  2472 0x1992370 TRACE   GST_REFCOUNTING gstobject.c:423:gst_object_finalize: 0x19ac4c0 finalize
0:00:00.021799339  2472 0x1992370 DEBUG   GST_REFCOUNTING gstobject.c:709:gst_object_set_parent: set parent (ref and sink)
0:00:00.021805390  2472 0x1992370 TRACE   GST_REFCOUNTING gstobject.c:294:gst_object_ref_sink: 0x19b47c0 ref_sink 1->2
0:00:00.021813769  2472 0x1992370 LOG   GST_REGISTRY gstregistry.c:608:gst_registry_add_feature: emitting feature-added for streamiddemux
0:00:00.021821249  2472 0x1992370 DEBUG   GST_REGISTRY gstregistrychunks.c:742:gst_registry_chunks_load_feature: Added feature streamiddemux, plugin 0x19abdc0 coreelements
0:00:00.021827659  2472 0x1992370 DEBUG   GST_REGISTRY gstregistrychunks.c:584:gst_registry_chunks_load_feature: Plugin 'coreelements' feature 'valve' typename : 'GstElementFactory'
0:00:00.021834801  2472 0x1992370 TRACE   GST_REFCOUNTING gstobject.c:208:gst_object_init: 0x19ac4c0 new
0:00:00.021841744  2472 0x1992370 LOG   GST_REGISTRY gstregistrychunks.c:611:gst_registry_chunks_load_feature: Reading/casting for GstRegistryChunkElementFactory at address 0x19adea8
0:00:00.021847535  2472 0x1992370 TRACE   structure gststructure.c:292:gst_structure_new_id_empty_with_size: created structure 0x19accf0
0:00:00.021852683  2472 0x1992370 DEBUG   structure gststructure.c:2258:gst_structure_parse_field: trying field name 'long-name'
0:00:00.021857499  2472 0x1992370 DEBUG   default gstvalue.c:2776:_priv_gst_value_parse_value: trying type name 'string'
0:00:00.021870172  2472 0x1992370 DEBUG   structure gststructure.c:2258:gst_structure_parse_field: trying field name 'klass'
0:00:00.021876263  2472 0x1992370 DEBUG   default gstvalue.c:2776:_priv_gst_value_parse_value: trying type name 'string'
0:00:00.021881789  2472 0x1992370 DEBUG   structure gststructure.c:2258:gst_structure_parse_field: trying field name 'description'
0:00:00.021886557  2472 0x1992370 DEBUG   default gstvalue.c:2776:_priv_gst_value_parse_value: trying type name 'string'
0:00:00.021891908  2472 0x1992370 DEBUG   structure gststructure.c:2258:gst_structure_parse_field: trying field name 'author'
0:00:00.021896549  2472 0x1992370 DEBUG   default gstvalue.c:2776:_priv_gst_value_parse_value: trying type name 'string'
0:00:00.021902186  2472 0x1992370 DEBUG   GST_REGISTRY gstregistrychunks.c:627:gst_registry_chunks_load_feature: Element factory : npadtemplates=2
0:00:00.021906906  2472 0x1992370 DEBUG   GST_REGISTRY gstregistrychunks.c:527:gst_registry_chunks_load_pad_template: Reading/casting for GstRegistryChunkPadTemplate at address 0x19adf98
0:00:00.021914439  2472 0x1992370 DEBUG   GST_REGISTRY gstregistrychunks.c:540:gst_registry_chunks_load_pad_template: Added pad_template sink
0:00:00.021920599  2472 0x1992370 DEBUG   GST_REGISTRY gstregistrychunks.c:527:gst_registry_chunks_load_pad_template: Reading/casting for GstRegistryChunkPadTemplate at address 0x19adfb0
0:00:00.021925924  2472 0x1992370 DEBUG   GST_REGISTRY gstregistrychunks.c:540:gst_registry_chunks_load_pad_template: Added pad_template src
0:00:00.021933058  2472 0x1992370 DEBUG   GST_REGISTRY gstregistry.c:581:gst_registry_add_feature: replacing existing feature 0x19acb70 (valve)
0:00:00.021939182  2472 0x1992370 DEBUG   GST_REGISTRY gstregistry.c:590:gst_registry_add_feature: adding feature 0x19ac4c0 (valve)
0:00:00.021944217  2472 0x1992370 TRACE   GST_REFCOUNTING gstobject.c:788:gst_object_unparent: unparent
0:00:00.021950409  2472 0x1992370 TRACE   GST_REFCOUNTING gstobject.c:265:gst_object_unref: 0x19acb70 unref 1->0
0:00:00.021956004  2472 0x1992370 TRACE   GST_REFCOUNTING gstobject.c:381:gst_object_dispose: 0x19acb70 dispose
0:00:00.021964387  2472 0x1992370 TRACE   structure gststructure.c:547:gst_structure_free: free structure 0x19af9e0
0:00:00.021971747  2472 0x1992370 TRACE   GST_REFCOUNTING gstminiobject.c:736:gst_mini_object_replace: replace (nil) (0) with (nil) (0)
0:00:00.021983215  2472 0x1992370 TRACE   GST_REFCOUNTING gstminiobject.c:736:gst_mini_object_replace: replace (nil) (0) with (nil) (0)
0:00:00.021989499  2472 0x1992370 DEBUG   GST_PLUGIN_LOADING gstpluginfeature.c:67:gst_plugin_feature_finalize: finalizing feature 0x19acb70: 'valve'
0:00:00.021994973  2472 0x1992370 TRACE   GST_REFCOUNTING gstobject.c:423:gst_object_finalize: 0x19acb70 finalize
0:00:00.022000607  2472 0x1992370 DEBUG   GST_REFCOUNTING gstobject.c:709:gst_object_set_parent: set parent (ref and sink)
0:00:00.022006472  2472 0x1992370 TRACE   GST_REFCOUNTING gstobject.c:294:gst_object_ref_sink: 0x19ac4c0 ref_sink 1->2
0:00:00.022021706  2472 0x1992370 LOG   GST_REGISTRY gstregistry.c:608:gst_registry_add_feature: emitting feature-added for valve
0:00:00.022028582  2472 0x1992370 DEBUG   GST_REGISTRY gstregistrychunks.c:742:gst_registry_chunks_load_feature: Added feature valve, plugin 0x19abdc0 coreelements
0:00:00.022034796  2472 0x1992370 DEBUG   GST_REGISTRY gstregistrychunks.c:584:gst_registry_chunks_load_feature: Plugin 'coreelements' feature 'multiqueue' typename : 'GstElementFactory'
0:00:00.022046218  2472 0x1992370 TRACE   GST_REFCOUNTING gstobject.c:208:gst_object_init: 0x19acb70 new
0:00:00.022052999  2472 0x1992370 LOG   GST_REGISTRY gstregistrychunks.c:611:gst_registry_chunks_load_feature: Reading/casting for GstRegistryChunkElementFactory at address 0x19adfe0
0:00:00.022059271  2472 0x1992370 TRACE   structure gststructure.c:292:gst_structure_new_id_empty_with_size: created structure 0x19af9e0
0:00:00.022064712  2472 0x1992370 DEBUG   structure gststructure.c:2258:gst_structure_parse_field: trying field name 'long-name'
0:00:00.022072187  2472 0x1992370 DEBUG   default gstvalue.c:2776:_priv_gst_value_parse_value: trying type name 'string'
0:00:00.022079297  2472 0x1992370 DEBUG   structure gststructure.c:2258:gst_structure_parse_field: trying field name 'klass'
0:00:00.022084247  2472 0x1992370 DEBUG   default gstvalue.c:2776:_priv_gst_value_parse_value: trying type name 'string'
0:00:00.022089426  2472 0x1992370 DEBUG   structure gststructure.c:2258:gst_structure_parse_field: trying field name 'description'
0:00:00.022094085  2472 0x1992370 DEBUG   default gstvalue.c:2776:_priv_gst_value_parse_value: trying type name 'string'
0:00:00.022099374  2472 0x1992370 DEBUG   structure gststructure.c:2258:gst_structure_parse_field: trying field name 'author'
0:00:00.022104050  2472 0x1992370 DEBUG   default gstvalue.c:2776:_priv_gst_value_parse_value: trying type name 'string'
0:00:00.022109551  2472 0x1992370 DEBUG   GST_REGISTRY gstregistrychunks.c:627:gst_registry_chunks_load_feature: Element factory : npadtemplates=2
0:00:00.022116965  2472 0x1992370 DEBUG   GST_REGISTRY gstregistrychunks.c:527:gst_registry_chunks_load_pad_template: Reading/casting for GstRegistryChunkPadTemplate at address 0x19ae0a0
