0:00:00.011342903  2473 0x755320 LOG   GST_POLL gstpoll.c:994:gst_poll_fd_ctl_write: 0x75da00: pfd->events now 60 (POLLOUT:4)
0:00:00.011348019  2473 0x755320 DEBUG   GST_POLL gstpoll.c:980:gst_poll_fd_ctl_write: 0x75da00: fd (fd:0, idx:1), active : 1
0:00:00.011352857  2473 0x755320 LOG   GST_POLL gstpoll.c:994:gst_poll_fd_ctl_write: 0x75da00: pfd->events now 60 (POLLOUT:4)
0:00:00.011358070  2473 0x755320 DEBUG   GST_POLL gstpoll.c:980:gst_poll_fd_ctl_write: 0x75da00: fd (fd:0, idx:1), active : 1
0:00:00.011365429  2473 0x755320 LOG   GST_POLL gstpoll.c:994:gst_poll_fd_ctl_write: 0x75da00: pfd->events now 60 (POLLOUT:4)
0:00:00.011371716  2473 0x755320 DEBUG   GST_POLL gstpoll.c:980:gst_poll_fd_ctl_write: 0x75da00: fd (fd:0, idx:1), active : 1
0:00:00.011376946  2473 0x755320 LOG   GST_POLL gstpoll.c:994:gst_poll_fd_ctl_write: 0x75da00: pfd->events now 60 (POLLOUT:4)
0:00:00.011382097  2473 0x755320 DEBUG   GST_POLL gstpoll.c:980:gst_poll_fd_ctl_write: 0x75da00: fd (fd:0, idx:1), active : 1
0:00:00.011386931  2473 0x755320 LOG   GST_POLL gstpoll.c:994:gst_poll_fd_ctl_write: 0x75da00: pfd->events now 60 (POLLOUT:4)
0:00:00.011397407  2473 0x755320 DEBUG   GST_POLL gstpoll.c:980:gst_poll_fd_ctl_write: 0x75da00: fd (fd:0, idx:1), active : 1
0:00:00.011402377  2473 0x755320 LOG   GST_POLL gstpoll.c:994:gst_poll_fd_ctl_write: 0x75da00: pfd->events now 60 (POLLOUT:4)
0:00:00.011407557  2473 0x755320 DEBUG   GST_POLL gstpoll.c:980:gst_poll_fd_ctl_write: 0x75da00: fd (fd:0, idx:1), active : 1
0:00:00.011414946  2473 0x755320 LOG   GST_POLL gstpoll.c:994:gst_poll_fd_ctl_write: 0x75da00: pfd->events now 60 (POLLOUT:4)
0:00:00.011421158  2473 0x755320 DEBUG   GST_POLL gstpoll.c:980:gst_poll_fd_ctl_write: 0x75da00: fd (fd:0, idx:1), active : 1
0:00:00.011426323  2473 0x755320 LOG   GST_POLL gstpoll.c:994:gst_poll_fd_ctl_write: 0x75da00: pfd->events now 60 (POLLOUT:4)
0:00:00.011431674  2473 0x755320 DEBUG   GST_POLL gstpoll.c:980:gst_poll_fd_ctl_write: 0x75da00: fd (fd:0, idx:1), active : 1
0:00:00.011436491  2473 0x755320 LOG   GST_POLL gstpoll.c:994:gst_poll_fd_ctl_write: 0x75da00: pfd->events now 60 (POLLOUT:4)
0:00:00.011441630  2473 0x755320 DEBUG   GST_POLL gstpoll.c:980:gst_poll_fd_ctl_write: 0x75da00: fd (fd:0, idx:1), active : 1
0:00:00.011451907  2473 0x755320 LOG   GST_POLL gstpoll.c:994:gst_poll_fd_ctl_write: 0x75da00: pfd->events now 60 (POLLOUT:4)
0:00:00.011459663  2473 0x755320 DEBUG   GST_POLL gstpoll.c:980:gst_poll_fd_ctl_write: 0x75da00: fd (fd:0, idx:1), active : 1
0:00:00.011465562  2473 0x755320 LOG   GST_POLL gstpoll.c:994:gst_poll_fd_ctl_write: 0x75da00: pfd->events now 60 (POLLOUT:4)
0:00:00.011471017  2473 0x755320 DEBUG   GST_POLL gstpoll.c:980:gst_poll_fd_ctl_write: 0x75da00: fd (fd:0, idx:1), active : 1
0:00:00.011476182  2473 0x755320 LOG   GST_POLL gstpoll.c:994:gst_poll_fd_ctl_write: 0x75da00: pfd->events now 60 (POLLOUT:4)
0:00:00.011481588  2473 0x755320 DEBUG   GST_POLL gstpoll.c:980:gst_poll_fd_ctl_write: 0x75da00: fd (fd:0, idx:1), active : 1
0:00:00.011486396  2473 0x755320 LOG   GST_POLL gstpoll.c:994:gst_poll_fd_ctl_write: 0x75da00: pfd->events now 60 (POLLOUT:4)
0:00:00.011491484  2473 0x755320 DEBUG   GST_POLL gstpoll.c:980:gst_poll_fd_ctl_write: 0x75da00: fd (fd:0, idx:1), active : 1
0:00:00.011496336  2473 0x755320 LOG   GST_POLL gstpoll.c:994:gst_poll_fd_ctl_write: 0x75da00: pfd->events now 60 (POLLOUT:4)
0:00:00.011504316  2473 0x755320 DEBUG   GST_POLL gstpoll.c:980:gst_poll_fd_ctl_write: 0x75da00: fd (fd:0, idx:1), active : 1
0:00:00.011510182  2473 0x755320 LOG   GST_POLL gstpoll.c:994:gst_poll_fd_ctl_write: 0x75da00: pfd->events now 60 (POLLOUT:4)
0:00:00.011515689  2473 0x755320 DEBUG   GST_POLL gstpoll.c:980:gst_poll_fd_ctl_write: 0x75da00: fd (fd:0, idx:1), active : 1
0:00:00.011520585  2473 0x755320 LOG   GST_POLL gstpoll.c:994:gst_poll_fd_ctl_write: 0x75da00: pfd->events now 60 (POLLOUT:4)
0:00:00.011525712  2473 0x755320 DEBUG   GST_POLL gstpoll.c:980:gst_poll_fd_ctl_write: 0x75da00: fd (fd:0, idx:1), active : 1
0:00:00.011534904  2473 0x755320 LOG   GST_POLL gstpoll.c:994:gst_poll_fd_ctl_write: 0x75da00: pfd->events now 60 (POLLOUT:4)
0:00:00.011540151  2473 0x755320 DEBUG   GST_POLL gstpoll.c:980:gst_poll_fd_ctl_write: 0x75da00: fd (fd:0, idx:1), active : 1
0:00:00.011544978  2473 0x755320 LOG   GST_POLL gstpoll.c:994:gst_poll_fd_ctl_write: 0x75da00: pfd->events now 60 (POLLOUT:4)
0:00:00.011552697  2473 0x755320 DEBUG   GST_POLL gstpoll.c:980:gst_poll_fd_ctl_write: 0x75da00: fd (fd:0, idx:1), active : 1
0:00:00.011558576  2473 0x755320 LOG   GST_POLL gstpoll.c:994:gst_poll_fd_ctl_write: 0x75da00: pfd->events now 60 (POLLOUT:4)
0:00:00.011578064  2473 0x755320 DEBUG   GST_POLL gstpoll.c:980:gst_poll_fd_ctl_write: 0x75da00: fd (fd:0, idx:1), active : 1
0:00:00.011587696  2473 0x755320 LOG   GST_POLL gstpoll.c:994:gst_poll_fd_ctl_write: 0x75da00: pfd->events now 60 (POLLOUT:4)
0:00:00.011595571  2473 0x755320 DEBUG   GST_POLL gstpoll.c:980:gst_poll_fd_ctl_write: 0x75da00: fd (fd:0, idx:1), active : 1
0:00:00.011603663  2473 0x755320 LOG   GST_POLL gstpoll.c:994:gst_poll_fd_ctl_write: 0x75da00: pfd->events now 60 (POLLOUT:4)
0:00:00.011611464  2473 0x755320 DEBUG   GST_POLL gstpoll.c:980:gst_poll_fd_ctl_write: 0x75da00: fd (fd:0, idx:1), active : 1
0:00:00.011620869  2473 0x755320 LOG   GST_POLL gstpoll.c:994:gst_poll_fd_ctl_write: 0x75da00: pfd->events now 60 (POLLOUT:4)
0:00:00.011630669  2473 0x755320 DEBUG   GST_POLL gstpoll.c:980:gst_poll_fd_ctl_write: 0x75da00: fd (fd:0, idx:1), active : 1
0:00:00.011638777  2473 0x755320 LOG   GST_POLL gstpoll.c:994:gst_poll_fd_ctl_write: 0x75da00: pfd->events now 60 (POLLOUT:4)
0:00:00.011647525  2473 0x755320 DEBUG   GST_POLL gstpoll.c:980:gst_poll_fd_ctl_write: 0x75da00: fd (fd:0, idx:1), active : 1
0:00:00.011653478  2473 0x755320 LOG   GST_POLL gstpoll.c:994:gst_poll_fd_ctl_write: 0x75da00: pfd->events now 60 (POLLOUT:4)
0:00:00.011658648  2473 0x755320 DEBUG   GST_POLL gstpoll.c:980:gst_poll_fd_ctl_write: 0x75da00: fd (fd:0, idx:1), active : 1
0:00:00.011663510  2473 0x755320 LOG   GST_POLL gstpoll.c:994:gst_poll_fd_ctl_write: 0x75da00: pfd->events now 60 (POLLOUT:4)
0:00:00.011668578  2473 0x755320 DEBUG   GST_POLL gstpoll.c:980:gst_poll_fd_ctl_write: 0x75da00: fd (fd:0, idx:1), active : 1
0:00:00.011675986  2473 0x755320 LOG   GST_POLL gstpoll.c:994:gst_poll_fd_ctl_write: 0x75da00: pfd->events now 60 (POLLOUT:4)
0:00:00.011682150  2473 0x755320 DEBUG   GST_POLL gstpoll.c:980:gst_poll_fd_ctl_write: 0x75da00: fd (fd:0, idx:1), active : 1
0:00:00.011687400  2473 0x755320 LOG   GST_POLL gstpoll.c:994:gst_poll_fd_ctl_write: 0x75da00: pfd->events now 60 (POLLOUT:4)
0:00:00.011692786  2473 0x755320 DEBUG   GST_POLL gstpoll.c:980:gst_poll_fd_ctl_write: 0x75da00: fd (fd:0, idx:1), active : 1
0:00:00.011697933  2473 0x755320 LOG   GST_POLL gstpoll.c:994:gst_poll_fd_ctl_write: 0x75da00: pfd->events now 60 (POLLOUT:4)
0:00:00.011712610  2473 0x755320 TRACE   GST_REFCOUNTING gstobject.c:265:gst_object_unref: 0x7717b0 unref 2->1
0:00:00.011719649  2473 0x755320 DEBUG   GST_POLL gstpoll.c:1241:gst_poll_fd_has_error: 0x75da00: fd (fd:0, idx:1) 0
0:00:00.011725006  2473 0x755320 DEBUG   GST_POLL gstpoll.c:1335:gst_poll_fd_can_write: 0x75da00: fd (fd:0, idx:1) 1
0:00:00.011732469  2473 0x755320 LOG   GST_PLUGIN_LOADING gstpluginloader.c:689:write_one: Writing packet of size 528 bytes to fd 0
0:00:00.011750885  2473 0x755320 DEBUG   GST_POLL gstpoll.c:1414:gst_poll_wait: 0x75da00: timeout :0:00:01.000000000
0:00:00.011761127  2473 0x755320 LOG   GST_PLUGIN_LOADING gstpluginloader.c:1027:exchange_packets: Poll res = 2. 6872 bytes pending for write
0:00:00.011767109  2473 0x755320 DEBUG   GST_POLL gstpoll.c:1241:gst_poll_fd_has_error: 0x75da00: fd (fd:5, idx:2) 0
0:00:00.011772623  2473 0x755320 DEBUG   GST_POLL gstpoll.c:1266:gst_poll_fd_can_read_unlocked: 0x75da00: fd (fd:5, idx:2) 1
0:00:00.015883516  2472 0x1992370 LOG   GST_PLUGIN_LOADING gstpluginloader.c:1027:exchange_packets: Poll res = 1. 0 bytes pending for write
0:00:00.011782865  2473 0x755320 DEBUG   GST_PLUGIN_LOADING gstpluginloader.c:721:do_plugin_load: Plugin scanner loading file /home/conan/w/prod/BuildSingleReference/.conan/data/gstreamer/1.19.2/_/_/package/7935acf34602213af1e3939e2637ba8a4da1774a/lib/gstreamer-1.0/libgstcoretracers.so. tag 2
0:00:00.015902091  2472 0x1992370 DEBUG   GST_POLL gstpoll.c:1241:gst_poll_fd_has_error: 0x19abd60: fd (fd:8, idx:2) 0
0:00:00.011793145  2473 0x755320 TRACE   GST_REFCOUNTING gstobject.c:238:gst_object_ref: 0x76ef40 ref 1->2
0:00:00.015909053  2472 0x1992370 DEBUG   GST_POLL gstpoll.c:1266:gst_poll_fd_can_read_unlocked: 0x19abd60: fd (fd:8, idx:2) 1
0:00:00.011802395  2473 0x755320 TRACE   GST_REFCOUNTING gstobject.c:238:gst_object_ref: 0x7700e0 ref 1->2
0:00:00.015921156  2472 0x1992370 LOG   GST_PLUGIN_LOADING gstpluginloader.c:985:read_one: Expanding rx buf from 512 to 1040
0:00:00.011809298  2473 0x755320 TRACE   GST_REFCOUNTING gstobject.c:238:gst_object_ref: 0x76fe60 ref 1->2
0:00:00.011816894  2473 0x755320 TRACE   GST_REFCOUNTING gstobject.c:238:gst_object_ref: 0x76fc20 ref 1->2
0:00:00.015933335  2472 0x1992370 DEBUG   GST_PLUGIN_LOADING gstpluginloader.c:849:handle_rx_packet: Received plugin details from child w/ tag 0. 516 bytes info
0:00:00.011822531  2473 0x755320 TRACE   GST_REFCOUNTING gstobject.c:238:gst_object_ref: 0x76fa10 ref 1->2
0:00:00.015940354  2472 0x1992370 LOG   GST_REGISTRY gstregistrychunks.c:838:_priv_gst_registry_chunks_load_plugin: Reading/casting for GstRegistryChunkPluginElement at address 0x19acb80
0:00:00.011828921  2473 0x755320 TRACE   GST_REFCOUNTING gstobject.c:238:gst_object_ref: 0x76f650 ref 1->2
0:00:00.011837608  2473 0x755320 TRACE   GST_REFCOUNTING gstobject.c:238:gst_object_ref: 0x76f2f0 ref 1->2
0:00:00.015955274  2472 0x1992370 TRACE   GST_REFCOUNTING gstobject.c:208:gst_object_init: 0x19abdc0 new
0:00:00.011846485  2473 0x755320 TRACE   GST_REFCOUNTING gstobject.c:265:gst_object_unref: 0x76f2f0 unref 2->1
0:00:00.011859746  2473 0x755320 TRACE   GST_REFCOUNTING gstobject.c:265:gst_object_unref: 0x76f650 unref 2->1
0:00:00.011865501  2473 0x755320 TRACE   GST_REFCOUNTING gstobject.c:265:gst_object_unref: 0x76fa10 unref 2->1
0:00:00.011870933  2473 0x755320 TRACE   GST_REFCOUNTING gstobject.c:265:gst_object_unref: 0x76fc20 unref 2->1
0:00:00.011876445  2473 0x755320 TRACE   GST_REFCOUNTING gstobject.c:265:gst_object_unref: 0x76fe60 unref 2->1
0:00:00.011881890  2473 0x755320 TRACE   GST_REFCOUNTING gstobject.c:265:gst_object_unref: 0x7700e0 unref 2->1
0:00:00.015999340  2472 0x1992370 LOG   GST_REGISTRY gstregistrychunks.c:859:_priv_gst_registry_chunks_load_plugin: read strings for name='coretracers'
0:00:00.011888827  2473 0x755320 DEBUG   GST_REGISTRY gstregistrychunks.c:499:_priv_gst_registry_chunks_save_plugin: Found 6 features in plugin 0x76ef40 (coretracers)
0:00:00.016007611  2472 0x1992370 LOG   GST_REGISTRY gstregistrychunks.c:860:_priv_gst_registry_chunks_load_plugin: desc.description='GStreamer core tracers'
0:00:00.011897452  2473 0x755320 DEBUG   GST_POLL gstpoll.c:980:gst_poll_fd_ctl_write: 0x75da00: fd (fd:0, idx:1), active : 1
0:00:00.016014286  2472 0x1992370 LOG   GST_REGISTRY gstregistrychunks.c:861:_priv_gst_registry_chunks_load_plugin: filename='/home/conan/w/prod/BuildSingleReference/.conan/data/gstreamer/1.19.2/_/_/package/7935acf34602213af1e3939e2637ba8a4da1774a/lib/gstreamer-1.0/libgstcoretracers.so'
0:00:00.011904025  2473 0x755320 LOG   GST_POLL gstpoll.c:994:gst_poll_fd_ctl_write: 0x75da00: pfd->events now 60 (POLLOUT:4)
0:00:00.016020287  2472 0x1992370 LOG   GST_REGISTRY gstregistrychunks.c:862:_priv_gst_registry_chunks_load_plugin: desc.version='1.19.2'
0:00:00.011910337  2473 0x755320 DEBUG   GST_POLL gstpoll.c:980:gst_poll_fd_ctl_write: 0x75da00: fd (fd:0, idx:1), active : 1
0:00:00.016025996  2472 0x1992370 LOG   GST_REGISTRY gstregistrychunks.c:863:_priv_gst_registry_chunks_load_plugin: desc.license='LGPL'
0:00:00.011916261  2473 0x755320 LOG   GST_POLL gstpoll.c:994:gst_poll_fd_ctl_write: 0x75da00: pfd->events now 60 (POLLOUT:4)
0:00:00.016032130  2472 0x1992370 LOG   GST_REGISTRY gstregistrychunks.c:864:_priv_gst_registry_chunks_load_plugin: desc.source='gstreamer'
0:00:00.011922381  2473 0x755320 DEBUG   GST_POLL gstpoll.c:980:gst_poll_fd_ctl_write: 0x75da00: fd (fd:0, idx:1), active : 1
0:00:00.011928028  2473 0x755320 LOG   GST_POLL gstpoll.c:994:gst_poll_fd_ctl_write: 0x75da00: pfd->events now 60 (POLLOUT:4)
0:00:00.016038047  2472 0x1992370 LOG   GST_REGISTRY gstregistrychunks.c:865:_priv_gst_registry_chunks_load_plugin: desc.package='GStreamer source release'
0:00:00.011933274  2473 0x755320 DEBUG   GST_POLL gstpoll.c:980:gst_poll_fd_ctl_write: 0x75da00: fd (fd:0, idx:1), active : 1
0:00:00.016052033  2472 0x1992370 LOG   GST_REGISTRY gstregistrychunks.c:866:_priv_gst_registry_chunks_load_plugin: desc.origin='Unknown package origin'
0:00:00.011943789  2473 0x755320 LOG   GST_POLL gstpoll.c:994:gst_poll_fd_ctl_write: 0x75da00: pfd->events now 60 (POLLOUT:4)
0:00:00.016060137  2472 0x1992370 LOG   GST_REGISTRY gstregistrychunks.c:867:_priv_gst_registry_chunks_load_plugin: desc.datetime=2021-09-23
0:00:00.011952069  2473 0x755320 DEBUG   GST_POLL gstpoll.c:980:gst_poll_fd_ctl_write: 0x75da00: fd (fd:0, idx:1), active : 1
0:00:00.016070821  2472 0x1992370 DEBUG   GST_REGISTRY gstregistry.c:474:gst_registry_add_plugin: adding plugin 0x19abdc0 for filename "/home/conan/w/prod/BuildSingleReference/.conan/data/gstreamer/1.19.2/_/_/package/7935acf34602213af1e3939e2637ba8a4da1774a/lib/gstreamer-1.0/libgstcoretracers.so"
0:00:00.011958428  2473 0x755320 LOG   GST_POLL gstpoll.c:994:gst_poll_fd_ctl_write: 0x75da00: pfd->events now 60 (POLLOUT:4)
0:00:00.011965280  2473 0x755320 DEBUG   GST_POLL gstpoll.c:980:gst_poll_fd_ctl_write: 0x75da00: fd (fd:0, idx:1), active : 1
0:00:00.016080450  2472 0x1992370 TRACE   GST_REFCOUNTING gstobject.c:294:gst_object_ref_sink: 0x19abdc0 ref_sink 1->2
0:00:00.011970361  2473 0x755320 LOG   GST_POLL gstpoll.c:994:gst_poll_fd_ctl_write: 0x75da00: pfd->events now 60 (POLLOUT:4)
0:00:00.016087714  2472 0x1992370 LOG   GST_REGISTRY gstregistry.c:487:gst_registry_add_plugin: emitting plugin-added for filename "/home/conan/w/prod/BuildSingleReference/.conan/data/gstreamer/1.19.2/_/_/package/7935acf34602213af1e3939e2637ba8a4da1774a/lib/gstreamer-1.0/libgstcoretracers.so"
0:00:00.011976261  2473 0x755320 DEBUG   GST_POLL gstpoll.c:980:gst_poll_fd_ctl_write: 0x75da00: fd (fd:0, idx:1), active : 1
0:00:00.016094805  2472 0x1992370 DEBUG   GST_REGISTRY gstregistrychunks.c:888:_priv_gst_registry_chunks_load_plugin: Added plugin 'coretracers' plugin with 6 features from binary registry
0:00:00.011981897  2473 0x755320 LOG   GST_POLL gstpoll.c:994:gst_poll_fd_ctl_write: 0x75da00: pfd->events now 60 (POLLOUT:4)
0:00:00.011989635  2473 0x755320 DEBUG   GST_POLL gstpoll.c:980:gst_poll_fd_ctl_write: 0x75da00: fd (fd:0, idx:1), active : 1
0:00:00.016103914  2472 0x1992370 DEBUG   GST_REGISTRY gstregistrychunks.c:584:gst_registry_chunks_load_feature: Plugin 'coretracers' feature 'factories' typename : 'GstTracerFactory'
0:00:00.011994576  2473 0x755320 LOG   GST_POLL gstpoll.c:994:gst_poll_fd_ctl_write: 0x75da00: pfd->events now 60 (POLLOUT:4)
0:00:00.012002489  2473 0x755320 DEBUG   GST_POLL gstpoll.c:980:gst_poll_fd_ctl_write: 0x75da00: fd (fd:0, idx:1), active : 1
0:00:00.016119273  2472 0x1992370 TRACE   GST_REFCOUNTING gstobject.c:208:gst_object_init: 0x19ac400 new
0:00:00.012008313  2473 0x755320 LOG   GST_POLL gstpoll.c:994:gst_poll_fd_ctl_write: 0x75da00: pfd->events now 60 (POLLOUT:4)
0:00:00.012014269  2473 0x755320 DEBUG   GST_POLL gstpoll.c:980:gst_poll_fd_ctl_write: 0x75da00: fd (fd:0, idx:1), active : 1
0:00:00.016129013  2472 0x1992370 DEBUG   GST_REGISTRY gstregistrychunks.c:719:gst_registry_chunks_load_feature: Reading/casting for GstRegistryChunkPluginFeature at address 0x19accd0
0:00:00.012019256  2473 0x755320 LOG   GST_POLL gstpoll.c:994:gst_poll_fd_ctl_write: 0x75da00: pfd->events now 60 (POLLOUT:4)
0:00:00.016142363  2472 0x1992370 DEBUG   GST_REGISTRY gstregistry.c:590:gst_registry_add_feature: adding feature 0x19ac400 (factories)
0:00:00.012028823  2473 0x755320 LOG   GST_PLUGIN_LOADING gstpluginloader.c:645:put_chunk: Expanding tx buf from 7717 to 10158 for chunk of size 11
0:00:00.016148673  2472 0x1992370 DEBUG   GST_REFCOUNTING gstobject.c:709:gst_object_set_parent: set parent (ref and sink)
0:00:00.012036411  2473 0x755320 DEBUG   GST_POLL gstpoll.c:980:gst_poll_fd_ctl_write: 0x75da00: fd (fd:0, idx:1), active : 1
0:00:00.016155422  2472 0x1992370 TRACE   GST_REFCOUNTING gstobject.c:294:gst_object_ref_sink: 0x19ac400 ref_sink 1->2
0:00:00.012042359  2473 0x755320 LOG   GST_POLL gstpoll.c:994:gst_poll_fd_ctl_write: 0x75da00: pfd->events now 60 (POLLOUT:4)
0:00:00.012050316  2473 0x755320 DEBUG   GST_POLL gstpoll.c:980:gst_poll_fd_ctl_write: 0x75da00: fd (fd:0, idx:1), active : 1
0:00:00.016164182  2472 0x1992370 LOG   GST_REGISTRY gstregistry.c:608:gst_registry_add_feature: emitting feature-added for factories
0:00:00.012057748  2473 0x755320 LOG   GST_POLL gstpoll.c:994:gst_poll_fd_ctl_write: 0x75da00: pfd->events now 60 (POLLOUT:4)
0:00:00.016174524  2472 0x1992370 DEBUG   GST_REGISTRY gstregistrychunks.c:742:gst_registry_chunks_load_feature: Added feature factories, plugin 0x19abdc0 coretracers
0:00:00.012064461  2473 0x755320 DEBUG   GST_POLL gstpoll.c:980:gst_poll_fd_ctl_write: 0x75da00: fd (fd:0, idx:1), active : 1
0:00:00.016181474  2472 0x1992370 DEBUG   GST_REGISTRY gstregistrychunks.c:584:gst_registry_chunks_load_feature: Plugin 'coretracers' feature 'leaks' typename : 'GstTracerFactory'
0:00:00.012070254  2473 0x755320 LOG   GST_POLL gstpoll.c:994:gst_poll_fd_ctl_write: 0x75da00: pfd->events now 60 (POLLOUT:4)
0:00:00.016189331  2472 0x1992370 TRACE   GST_REFCOUNTING gstobject.c:208:gst_object_init: 0x19ad0d0 new
0:00:00.012076328  2473 0x755320 DEBUG   GST_POLL gstpoll.c:980:gst_poll_fd_ctl_write: 0x75da00: fd (fd:0, idx:1), active : 1
0:00:00.016196914  2472 0x1992370 DEBUG   GST_REGISTRY gstregistrychunks.c:719:gst_registry_chunks_load_feature: Reading/casting for GstRegistryChunkPluginFeature at address 0x19accf0
0:00:00.012083058  2473 0x755320 LOG   GST_POLL gstpoll.c:994:gst_poll_fd_ctl_write: 0x75da00: pfd->events now 60 (POLLOUT:4)
0:00:00.016204021  2472 0x1992370 DEBUG   GST_REGISTRY gstregistry.c:590:gst_registry_add_feature: adding feature 0x19ad0d0 (leaks)
0:00:00.012090843  2473 0x755320 DEBUG   GST_POLL gstpoll.c:980:gst_poll_fd_ctl_write: 0x75da00: fd (fd:0, idx:1), active : 1
0:00:00.016209886  2472 0x1992370 DEBUG   GST_REFCOUNTING gstobject.c:709:gst_object_set_parent: set parent (ref and sink)
0:00:00.012097551  2473 0x755320 LOG   GST_POLL gstpoll.c:994:gst_poll_fd_ctl_write: 0x75da00: pfd->events now 60 (POLLOUT:4)
0:00:00.016216529  2472 0x1992370 TRACE   GST_REFCOUNTING gstobject.c:294:gst_object_ref_sink: 0x19ad0d0 ref_sink 1->2
0:00:00.012109891  2473 0x755320 DEBUG   GST_POLL gstpoll.c:980:gst_poll_fd_ctl_write: 0x75da00: fd (fd:0, idx:1), active : 1
0:00:00.016227812  2472 0x1992370 LOG   GST_REGISTRY gstregistry.c:608:gst_registry_add_feature: emitting feature-added for leaks
0:00:00.012117568  2473 0x755320 LOG   GST_POLL gstpoll.c:994:gst_poll_fd_ctl_write: 0x75da00: pfd->events now 60 (POLLOUT:4)
0:00:00.016235105  2472 0x1992370 DEBUG   GST_REGISTRY gstregistrychunks.c:742:gst_registry_chunks_load_feature: Added feature leaks, plugin 0x19abdc0 coretracers
0:00:00.012124273  2473 0x755320 DEBUG   GST_POLL gstpoll.c:980:gst_poll_fd_ctl_write: 0x75da00: fd (fd:0, idx:1), active : 1
0:00:00.016241530  2472 0x1992370 DEBUG   GST_REGISTRY gstregistrychunks.c:584:gst_registry_chunks_load_feature: Plugin 'coretracers' feature 'stats' typename : 'GstTracerFactory'
0:00:00.012130097  2473 0x755320 LOG   GST_POLL gstpoll.c:994:gst_poll_fd_ctl_write: 0x75da00: pfd->events now 60 (POLLOUT:4)
0:00:00.016248862  2472 0x1992370 TRACE   GST_REFCOUNTING gstobject.c:208:gst_object_init: 0x19ad2d0 new
0:00:00.012136124  2473 0x755320 DEBUG   GST_POLL gstpoll.c:980:gst_poll_fd_ctl_write: 0x75da00: fd (fd:0, idx:1), active : 1
0:00:00.016256369  2472 0x1992370 DEBUG   GST_REGISTRY gstregistrychunks.c:719:gst_registry_chunks_load_feature: Reading/casting for GstRegistryChunkPluginFeature at address 0x19acd10
0:00:00.012142736  2473 0x755320 LOG   GST_POLL gstpoll.c:994:gst_poll_fd_ctl_write: 0x75da00: pfd->events now 60 (POLLOUT:4)
0:00:00.016263158  2472 0x1992370 DEBUG   GST_REGISTRY gstregistry.c:590:gst_registry_add_feature: adding feature 0x19ad2d0 (stats)
0:00:00.012150168  2473 0x755320 DEBUG   GST_POLL gstpoll.c:980:gst_poll_fd_ctl_write: 0x75da00: fd (fd:0, idx:1), active : 1
0:00:00.016268959  2472 0x1992370 DEBUG   GST_REFCOUNTING gstobject.c:709:gst_object_set_parent: set parent (ref and sink)
0:00:00.012156635  2473 0x755320 LOG   GST_POLL gstpoll.c:994:gst_poll_fd_ctl_write: 0x75da00: pfd->events now 60 (POLLOUT:4)
0:00:00.016275401  2472 0x1992370 TRACE   GST_REFCOUNTING gstobject.c:294:gst_object_ref_sink: 0x19ad2d0 ref_sink 1->2
0:00:00.012163003  2473 0x755320 DEBUG   GST_POLL gstpoll.c:980:gst_poll_fd_ctl_write: 0x75da00: fd (fd:0, idx:1), active : 1
0:00:00.016283879  2472 0x1992370 LOG   GST_REGISTRY gstregistry.c:608:gst_registry_add_feature: emitting feature-added for stats
0:00:00.012172078  2473 0x755320 LOG   GST_POLL gstpoll.c:994:gst_poll_fd_ctl_write: 0x75da00: pfd->events now 60 (POLLOUT:4)
0:00:00.016291184  2472 0x1992370 DEBUG   GST_REGISTRY gstregistrychunks.c:742:gst_registry_chunks_load_feature: Added feature stats, plugin 0x19abdc0 coretracers
0:00:00.012178785  2473 0x755320 DEBUG   GST_POLL gstpoll.c:980:gst_poll_fd_ctl_write: 0x75da00: fd (fd:0, idx:1), active : 1
0:00:00.016297686  2472 0x1992370 DEBUG   GST_REGISTRY gstregistrychunks.c:584:gst_registry_chunks_load_feature: Plugin 'coretracers' feature 'rusage' typename : 'GstTracerFactory'
0:00:00.012190026  2473 0x755320 LOG   GST_POLL gstpoll.c:994:gst_poll_fd_ctl_write: 0x75da00: pfd->events now 60 (POLLOUT:4)
0:00:00.016307450  2472 0x1992370 TRACE   GST_REFCOUNTING gstobject.c:208:gst_object_init: 0x19ad4d0 new
0:00:00.012196185  2473 0x755320 DEBUG   GST_POLL gstpoll.c:980:gst_poll_fd_ctl_write: 0x75da00: fd (fd:0, idx:1), active : 1
0:00:00.016314701  2472 0x1992370 DEBUG   GST_REGISTRY gstregistrychunks.c:719:gst_registry_chunks_load_feature: Reading/casting for GstRegistryChunkPluginFeature at address 0x19acd30
0:00:00.012201830  2473 0x755320 LOG   GST_POLL gstpoll.c:994:gst_poll_fd_ctl_write: 0x75da00: pfd->events now 60 (POLLOUT:4)
0:00:00.016321641  2472 0x1992370 DEBUG   GST_REGISTRY gstregistry.c:590:gst_registry_add_feature: adding feature 0x19ad4d0 (rusage)
0:00:00.012208534  2473 0x755320 DEBUG   GST_POLL gstpoll.c:980:gst_poll_fd_ctl_write: 0x75da00: fd (fd:0, idx:1), active : 1
0:00:00.016327354  2472 0x1992370 DEBUG   GST_REFCOUNTING gstobject.c:709:gst_object_set_parent: set parent (ref and sink)
0:00:00.012214976  2473 0x755320 LOG   GST_POLL gstpoll.c:994:gst_poll_fd_ctl_write: 0x75da00: pfd->events now 60 (POLLOUT:4)
0:00:00.016333905  2472 0x1992370 TRACE   GST_REFCOUNTING gstobject.c:294:gst_object_ref_sink: 0x19ad4d0 ref_sink 1->2
0:00:00.012221366  2473 0x755320 DEBUG   GST_POLL gstpoll.c:980:gst_poll_fd_ctl_write: 0x75da00: fd (fd:0, idx:1), active : 1
0:00:00.016342353  2472 0x1992370 LOG   GST_REGISTRY gstregistry.c:608:gst_registry_add_feature: emitting feature-added for rusage
0:00:00.012230627  2473 0x755320 LOG   GST_POLL gstpoll.c:994:gst_poll_fd_ctl_write: 0x75da00: pfd->events now 60 (POLLOUT:4)
0:00:00.016349777  2472 0x1992370 DEBUG   GST_REGISTRY gstregistrychunks.c:742:gst_registry_chunks_load_feature: Added feature rusage, plugin 0x19abdc0 coretracers
0:00:00.012237445  2473 0x755320 DEBUG   GST_POLL gstpoll.c:980:gst_poll_fd_ctl_write: 0x75da00: fd (fd:0, idx:1), active : 1
0:00:00.016356637  2472 0x1992370 DEBUG   GST_REGISTRY gstregistrychunks.c:584:gst_registry_chunks_load_feature: Plugin 'coretracers' feature 'log' typename : 'GstTracerFactory'
0:00:00.012243898  2473 0x755320 LOG   GST_POLL gstpoll.c:994:gst_poll_fd_ctl_write: 0x75da00: pfd->events now 60 (POLLOUT:4)
0:00:00.016363690  2472 0x1992370 TRACE   GST_REFCOUNTING gstobject.c:208:gst_object_init: 0x19ad6d0 new
0:00:00.012250315  2473 0x755320 DEBUG   GST_POLL gstpoll.c:980:gst_poll_fd_ctl_write: 0x75da00: fd (fd:0, idx:1), active : 1
0:00:00.016371350  2472 0x1992370 DEBUG   GST_REGISTRY gstregistrychunks.c:719:gst_registry_chunks_load_feature: Reading/casting for GstRegistryChunkPluginFeature at address 0x19acd50
0:00:00.012257681  2473 0x755320 LOG   GST_POLL gstpoll.c:994:gst_poll_fd_ctl_write: 0x75da00: pfd->events now 60 (POLLOUT:4)
0:00:00.016382905  2472 0x1992370 DEBUG   GST_REGISTRY gstregistry.c:590:gst_registry_add_feature: adding feature 0x19ad6d0 (log)
0:00:00.012270000  2473 0x755320 DEBUG   GST_POLL gstpoll.c:980:gst_poll_fd_ctl_write: 0x75da00: fd (fd:0, idx:1), active : 1
0:00:00.016388840  2472 0x1992370 DEBUG   GST_REFCOUNTING gstobject.c:709:gst_object_set_parent: set parent (ref and sink)
0:00:00.012276541  2473 0x755320 LOG   GST_POLL gstpoll.c:994:gst_poll_fd_ctl_write: 0x75da00: pfd->events now 60 (POLLOUT:4)
0:00:00.016395276  2472 0x1992370 TRACE   GST_REFCOUNTING gstobject.c:294:gst_object_ref_sink: 0x19ad6d0 ref_sink 1->2
0:00:00.012283058  2473 0x755320 DEBUG   GST_POLL gstpoll.c:980:gst_poll_fd_ctl_write: 0x75da00: fd (fd:0, idx:1), active : 1
0:00:00.016403716  2472 0x1992370 LOG   GST_REGISTRY gstregistry.c:608:gst_registry_add_feature: emitting feature-added for log
0:00:00.012291994  2473 0x755320 LOG   GST_POLL gstpoll.c:994:gst_poll_fd_ctl_write: 0x75da00: pfd->events now 60 (POLLOUT:4)
0:00:00.016411104  2472 0x1992370 DEBUG   GST_REGISTRY gstregistrychunks.c:742:gst_registry_chunks_load_feature: Added feature log, plugin 0x19abdc0 coretracers
0:00:00.012298855  2473 0x755320 DEBUG   GST_POLL gstpoll.c:980:gst_poll_fd_ctl_write: 0x75da00: fd (fd:0, idx:1), active : 1
0:00:00.016417794  2472 0x1992370 DEBUG   GST_REGISTRY gstregistrychunks.c:584:gst_registry_chunks_load_feature: Plugin 'coretracers' feature 'latency' typename : 'GstTracerFactory'
0:00:00.012305066  2473 0x755320 LOG   GST_POLL gstpoll.c:994:gst_poll_fd_ctl_write: 0x75da00: pfd->events now 60 (POLLOUT:4)
0:00:00.016425101  2472 0x1992370 TRACE   GST_REFCOUNTING gstobject.c:208:gst_object_init: 0x19ad8d0 new
0:00:00.012311875  2473 0x755320 DEBUG   GST_POLL gstpoll.c:980:gst_poll_fd_ctl_write: 0x75da00: fd (fd:0, idx:1), active : 1
0:00:00.016432757  2472 0x1992370 DEBUG   GST_REGISTRY gstregistrychunks.c:719:gst_registry_chunks_load_feature: Reading/casting for GstRegistryChunkPluginFeature at address 0x19acd78
0:00:00.012319171  2473 0x755320 LOG   GST_POLL gstpoll.c:994:gst_poll_fd_ctl_write: 0x75da00: pfd->events now 60 (POLLOUT:4)
0:00:00.016441227  2472 0x1992370 DEBUG   GST_REGISTRY gstregistry.c:590:gst_registry_add_feature: adding feature 0x19ad8d0 (latency)
0:00:00.012327668  2473 0x755320 TRACE   GST_REFCOUNTING gstobject.c:265:gst_object_unref: 0x76ef40 unref 2->1
0:00:00.016448589  2472 0x1992370 DEBUG   GST_REFCOUNTING gstobject.c:709:gst_object_set_parent: set parent (ref and sink)
0:00:00.012335130  2473 0x755320 DEBUG   GST_POLL gstpoll.c:1241:gst_poll_fd_has_error: 0x75da00: fd (fd:0, idx:1) 0
0:00:00.016455729  2472 0x1992370 TRACE   GST_REFCOUNTING gstobject.c:294:gst_object_ref_sink: 0x19ad8d0 ref_sink 1->2
0:00:00.012342853  2473 0x755320 DEBUG   GST_POLL gstpoll.c:1335:gst_poll_fd_can_write: 0x75da00: fd (fd:0, idx:1) 1
0:00:00.016464375  2472 0x1992370 LOG   GST_REGISTRY gstregistry.c:608:gst_registry_add_feature: emitting feature-added for latency
0:00:00.012357060  2473 0x755320 LOG   GST_PLUGIN_LOADING gstpluginloader.c:689:write_one: Writing packet of size 6872 bytes to fd 0
0:00:00.016473689  2472 0x1992370 DEBUG   GST_REGISTRY gstregistrychunks.c:742:gst_registry_chunks_load_feature: Added feature latency, plugin 0x19abdc0 coretracers
0:00:00.012368600  2473 0x755320 DEBUG   GST_POLL gstpoll.c:1414:gst_poll_wait: 0x75da00: timeout :0:00:01.000000000
0:00:00.016482645  2472 0x1992370 LOG   GST_PLUGIN_LOADING gstpluginloader.c:888:handle_rx_packet: marking plugin 0x19abdc0 as registered as /home/conan/w/prod/BuildSingleReference/.conan/data/gstreamer/1.19.2/_/_/package/7935acf34602213af1e3939e2637ba8a4da1774a/lib/gstreamer-1.0/libgstcoretracers.so
0:00:00.012377344  2473 0x755320 LOG   GST_PLUGIN_LOADING gstpluginloader.c:1027:exchange_packets: Poll res = 2. 528 bytes pending for write
0:00:00.016495859  2472 0x1992370 DEBUG   GST_POLL gstpoll.c:1414:gst_poll_wait: 0x19abd60: timeout :0:00:01.000000000
0:00:00.012383876  2473 0x755320 DEBUG   GST_POLL gstpoll.c:1241:gst_poll_fd_has_error: 0x75da00: fd (fd:5, idx:2) 0
0:00:00.012390265  2473 0x755320 DEBUG   GST_POLL gstpoll.c:1266:gst_poll_fd_can_read_unlocked: 0x75da00: fd (fd:5, idx:2) 1
0:00:00.016505617  2472 0x1992370 LOG   GST_PLUGIN_LOADING gstpluginloader.c:1027:exchange_packets: Poll res = 1. 0 bytes pending for write
0:00:00.016512646  2472 0x1992370 DEBUG   GST_POLL gstpoll.c:1241:gst_poll_fd_has_error: 0x19abd60: fd (fd:8, idx:2) 0
0:00:00.012399362  2473 0x755320 DEBUG   GST_PLUGIN_LOADING gstpluginloader.c:721:do_plugin_load: Plugin scanner loading file /home/conan/w/prod/BuildSingleReference/.conan/data/gstreamer/1.19.2/_/_/package/7935acf34602213af1e3939e2637ba8a4da1774a/lib/gstreamer-1.0/libgstcoreelements.so. tag 3
0:00:00.016518537  2472 0x1992370 DEBUG   GST_POLL gstpoll.c:1266:gst_poll_fd_can_read_unlocked: 0x19abd60: fd (fd:8, idx:2) 1
0:00:00.012408260  2473 0x755320 TRACE   GST_REFCOUNTING gstobject.c:238:gst_object_ref: 0x7717b0 ref 1->2
0:00:00.016528352  2472 0x1992370 LOG   GST_PLUGIN_LOADING gstpluginloader.c:985:read_one: Expanding rx buf from 1040 to 7384
0:00:00.012415570  2473 0x755320 TRACE   GST_REFCOUNTING gstobject.c:238:gst_object_ref: 0x78cb30 ref 1->2
0:00:00.012423556  2473 0x755320 TRACE   GST_REFCOUNTING gstobject.c:238:gst_object_ref: 0x78bca0 ref 1->2
0:00:00.012429388  2473 0x755320 TRACE   GST_REFCOUNTING gstobject.c:238:gst_object_ref: 0x78a5a0 ref 1->2
0:00:00.016547566  2472 0x1992370 DEBUG   GST_PLUGIN_LOADING gstpluginloader.c:849:handle_rx_packet: Received plugin details from child w/ tag 1. 6860 bytes info
0:00:00.012435153  2473 0x755320 TRACE   GST_REFCOUNTING gstobject.c:238:gst_object_ref: 0x789750 ref 1->2
0:00:00.016554129  2472 0x1992370 LOG   GST_REGISTRY gstregistrychunks.c:838:_priv_gst_registry_chunks_load_plugin: Reading/casting for GstRegistryChunkPluginElement at address 0x19adc30
0:00:00.012441946  2473 0x755320 TRACE   GST_REFCOUNTING gstobject.c:238:gst_object_ref: 0x788580 ref 1->2
0:00:00.016566135  2472 0x1992370 TRACE   GST_REFCOUNTING gstobject.c:208:gst_object_init: 0x19ada20 new
0:00:00.012456889  2473 0x755320 TRACE   GST_REFCOUNTING gstobject.c:238:gst_object_ref: 0x787480 ref 1->2
0:00:00.012463897  2473 0x755320 TRACE   GST_REFCOUNTING gstobject.c:238:gst_object_ref: 0x785ad0 ref 1->2
0:00:00.016580244  2472 0x1992370 LOG   GST_REGISTRY gstregistrychunks.c:859:_priv_gst_registry_chunks_load_plugin: read strings for name='coreelements'
0:00:00.012469870  2473 0x755320 TRACE   GST_REFCOUNTING gstobject.c:238:gst_object_ref: 0x784050 ref 1->2
0:00:00.016586974  2472 0x1992370 LOG   GST_REGISTRY gstregistrychunks.c:860:_priv_gst_registry_chunks_load_plugin: desc.description='GStreamer core elements'
0:00:00.012476661  2473 0x755320 TRACE   GST_REFCOUNTING gstobject.c:238:gst_object_ref: 0x782f40 ref 1->2
0:00:00.016593457  2472 0x1992370 LOG   GST_REGISTRY gstregistrychunks.c:861:_priv_gst_registry_chunks_load_plugin: filename='/home/conan/w/prod/BuildSingleReference/.conan/data/gstreamer/1.19.2/_/_/package/7935acf34602213af1e3939e2637ba8a4da1774a/lib/gstreamer-1.0/libgstcoreelements.so'
0:00:00.012482944  2473 0x755320 TRACE   GST_REFCOUNTING gstobject.c:238:gst_object_ref: 0x781cd0 ref 1->2
0:00:00.016599277  2472 0x1992370 LOG   GST_REGISTRY gstregistrychunks.c:862:_priv_gst_registry_chunks_load_plugin: desc.version='1.19.2'
0:00:00.012489438  2473 0x755320 TRACE   GST_REFCOUNTING gstobject.c:238:gst_object_ref: 0x7806a0 ref 1->2
0:00:00.016605044  2472 0x1992370 LOG   GST_REGISTRY gstregistrychunks.c:863:_priv_gst_registry_chunks_load_plugin: desc.license='LGPL'
0:00:00.012495945  2473 0x755320 TRACE   GST_REFCOUNTING gstobject.c:238:gst_object_ref: 0x77f9d0 ref 1->2
0:00:00.016611547  2472 0x1992370 LOG   GST_REGISTRY gstregistrychunks.c:864:_priv_gst_registry_chunks_load_plugin: desc.source='gstreamer'
0:00:00.016618881  2472 0x1992370 LOG   GST_REGISTRY gstregistrychunks.c:865:_priv_gst_registry_chunks_load_plugin: desc.package='GStreamer source release'
0:00:00.012504483  2473 0x755320 TRACE   GST_REFCOUNTING gstobject.c:238:gst_object_ref: 0x77ec80 ref 1->2
0:00:00.016626272  2472 0x1992370 LOG   GST_REGISTRY gstregistrychunks.c:866:_priv_gst_registry_chunks_load_plugin: desc.origin='Unknown package origin'
0:00:00.012513627  2473 0x755320 TRACE   GST_REFCOUNTING gstobject.c:238:gst_object_ref: 0x776430 ref 1->2
0:00:00.016632799  2472 0x1992370 LOG   GST_REGISTRY gstregistrychunks.c:867:_priv_gst_registry_chunks_load_plugin: desc.datetime=2021-09-23
0:00:00.012521102  2473 0x755320 TRACE   GST_REFCOUNTING gstobject.c:238:gst_object_ref: 0x77c1c0 ref 1->2
0:00:00.016640734  2472 0x1992370 DEBUG   GST_REGISTRY gstregistry.c:474:gst_registry_add_plugin: adding plugin 0x19ada20 for filename "/home/conan/w/prod/BuildSingleReference/.conan/data/gstreamer/1.19.2/_/_/package/7935acf34602213af1e3939e2637ba8a4da1774a/lib/gstreamer-1.0/libgstcoreelements.so"
0:00:00.012527454  2473 0x755320 TRACE   GST_REFCOUNTING gstobject.c:238:gst_object_ref: 0x779b70 ref 1->2
0:00:00.016653315  2472 0x1992370 TRACE   GST_REFCOUNTING gstobject.c:294:gst_object_ref_sink: 0x19ada20 ref_sink 1->2
0:00:00.012540209  2473 0x755320 TRACE   GST_REFCOUNTING gstobject.c:238:gst_object_ref: 0x778020 ref 1->2
0:00:00.016660709  2472 0x1992370 LOG   GST_REGISTRY gstregistry.c:487:gst_registry_add_plugin: emitting plugin-added for filename "/home/conan/w/prod/BuildSingleReference/.conan/data/gstreamer/1.19.2/_/_/package/7935acf34602213af1e3939e2637ba8a4da1774a/lib/gstreamer-1.0/libgstcoreelements.so"
0:00:00.012547831  2473 0x755320 TRACE   GST_REFCOUNTING gstobject.c:238:gst_object_ref: 0x776fe0 ref 1->2
0:00:00.016667508  2472 0x1992370 DEBUG   GST_REGISTRY gstregistrychunks.c:888:_priv_gst_registry_chunks_load_plugin: Added plugin 'coreelements' plugin with 22 features from binary registry
0:00:00.012554674  2473 0x755320 TRACE   GST_REFCOUNTING gstobject.c:238:gst_object_ref: 0x775530 ref 1->2
0:00:00.012573543  2473 0x755320 TRACE   GST_REFCOUNTING gstobject.c:238:gst_object_ref: 0x774630 ref 1->2
0:00:00.016674289  2472 0x1992370 DEBUG   GST_REGISTRY gstregistrychunks.c:584:gst_registry_chunks_load_feature: Plugin 'coreelements' feature 'streamiddemux' typename : 'GstElementFactory'
0:00:00.012587738  2473 0x755320 TRACE   GST_REFCOUNTING gstobject.c:238:gst_object_ref: 0x773840 ref 1->2
0:00:00.016707858  2472 0x1992370 TRACE   GST_REFCOUNTING gstobject.c:208:gst_object_init: 0x19ac4c0 new
0:00:00.012597127  2473 0x755320 TRACE   GST_REFCOUNTING gstobject.c:238:gst_object_ref: 0x771bb0 ref 1->2
0:00:00.016716806  2472 0x1992370 LOG   GST_REGISTRY gstregistrychunks.c:611:gst_registry_chunks_load_feature: Reading/casting for GstRegistryChunkElementFactory at address 0x19add88
0:00:00.012606891  2473 0x755320 DEBUG   GST_REGISTRY gstregistrychunks.c:266:gst_registry_chunks_save_feature: saved 0 interfaces 0 pad templates
0:00:00.016724385  2472 0x1992370 TRACE   structure gststructure.c:292:gst_structure_new_id_empty_with_size: created structure 0x19accf0
0:00:00.016732819  2472 0x1992370 DEBUG   structure gststructure.c:2258:gst_structure_parse_field: trying field name 'long-name'
0:00:00.012621073  2473 0x755320 DEBUG   GST_REGISTRY gstregistrychunks.c:266:gst_registry_chunks_save_feature: saved 0 interfaces 0 pad templates
0:00:00.012632622  2473 0x755320 DEBUG   GST_REGISTRY gstregistrychunks.c:266:gst_registry_chunks_save_feature: saved 0 interfaces 0 pad templates
0:00:00.016748030  2472 0x1992370 DEBUG   default gstvalue.c:2776:_priv_gst_value_parse_value: trying type name 'string'
0:00:00.012644024  2473 0x755320 DEBUG   GST_REGISTRY gstregistrychunks.c:266:gst_registry_chunks_save_feature: saved 1 interfaces 0 pad templates
0:00:00.016765205  2472 0x1992370 DEBUG   structure gststructure.c:2258:gst_structure_parse_field: trying field name 'klass'
0:00:00.012658549  2473 0x755320 DEBUG   GST_REGISTRY gstregistrychunks.c:285:gst_registry_chunks_save_feature: Saved 1 UriTypes
0:00:00.016775821  2472 0x1992370 DEBUG   default gstvalue.c:2776:_priv_gst_value_parse_value: trying type name 'string'
0:00:00.012668878  2473 0x755320 DEBUG   GST_REGISTRY gstregistrychunks.c:266:gst_registry_chunks_save_feature: saved 0 interfaces 0 pad templates
0:00:00.016786596  2472 0x1992370 DEBUG   structure gststructure.c:2258:gst_structure_parse_field: trying field name 'description'
0:00:00.012677051  2473 0x755320 DEBUG   GST_REGISTRY gstregistrychunks.c:266:gst_registry_chunks_save_feature: saved 0 interfaces 0 pad templates
0:00:00.016792153  2472 0x1992370 DEBUG   default gstvalue.c:2776:_priv_gst_value_parse_value: trying type name 'string'
0:00:00.016800144  2472 0x1992370 DEBUG   structure gststructure.c:2258:gst_structure_parse_field: trying field name 'author'
0:00:00.012685617  2473 0x755320 DEBUG   GST_REGISTRY gstregistrychunks.c:266:gst_registry_chunks_save_feature: saved 0 interfaces 0 pad templates
0:00:00.016805112  2472 0x1992370 DEBUG   default gstvalue.c:2776:_priv_gst_value_parse_value: trying type name 'string'
0:00:00.016811833  2472 0x1992370 DEBUG   GST_REGISTRY gstregistrychunks.c:627:gst_registry_chunks_load_feature: Element factory : npadtemplates=2
0:00:00.012699498  2473 0x755320 DEBUG   GST_REGISTRY gstregistrychunks.c:266:gst_registry_chunks_save_feature: saved 1 interfaces 0 pad templates
0:00:00.016819493  2472 0x1992370 DEBUG   GST_REGISTRY gstregistrychunks.c:527:gst_registry_chunks_load_pad_template: Reading/casting for GstRegistryChunkPadTemplate at address 0x19ade60
0:00:00.012708479  2473 0x755320 DEBUG   GST_REGISTRY gstregistrychunks.c:285:gst_registry_chunks_save_feature: Saved 1 UriTypes
0:00:00.016827245  2472 0x1992370 DEBUG   GST_REGISTRY gstregistrychunks.c:540:gst_registry_chunks_load_pad_template: Added pad_template src_%u
0:00:00.016833179  2472 0x1992370 DEBUG   GST_REGISTRY gstregistrychunks.c:527:gst_registry_chunks_load_pad_template: Reading/casting for GstRegistryChunkPadTemplate at address 0x19ade78
0:00:00.012720024  2473 0x755320 DEBUG   GST_REGISTRY gstregistrychunks.c:266:gst_registry_chunks_save_feature: saved 1 interfaces 0 pad templates
0:00:00.016841067  2472 0x1992370 DEBUG   GST_REGISTRY gstregistrychunks.c:540:gst_registry_chunks_load_pad_template: Added pad_template sink
0:00:00.012730383  2473 0x755320 DEBUG   GST_REGISTRY gstregistrychunks.c:285:gst_registry_chunks_save_feature: Saved 1 UriTypes
0:00:00.016851445  2472 0x1992370 DEBUG   GST_REGISTRY gstregistry.c:590:gst_registry_add_feature: adding feature 0x19ac4c0 (streamiddemux)
0:00:00.016861034  2472 0x1992370 DEBUG   GST_REFCOUNTING gstobject.c:709:gst_object_set_parent: set parent (ref and sink)
0:00:00.012747277  2473 0x755320 DEBUG   GST_REGISTRY gstregistrychunks.c:266:gst_registry_chunks_save_feature: saved 1 interfaces 0 pad templates
0:00:00.012766338  2473 0x755320 DEBUG   GST_REGISTRY gstregistrychunks.c:285:gst_registry_chunks_save_feature: Saved 1 UriTypes
0:00:00.012777101  2473 0x755320 DEBUG   GST_REGISTRY gstregistrychunks.c:266:gst_registry_chunks_save_feature: saved 0 interfaces 0 pad templates
0:00:00.016877843  2472 0x1992370 TRACE   GST_REFCOUNTING gstobject.c:294:gst_object_ref_sink: 0x19ac4c0 ref_sink 1->2
0:00:00.012789340  2473 0x755320 DEBUG   GST_REGISTRY gstregistrychunks.c:266:gst_registry_chunks_save_feature: saved 0 interfaces 0 pad templates
0:00:00.016905793  2472 0x1992370 LOG   GST_REGISTRY gstregistry.c:608:gst_registry_add_feature: emitting feature-added for streamiddemux
0:00:00.012799885  2473 0x755320 DEBUG   GST_REGISTRY gstregistrychunks.c:266:gst_registry_chunks_save_feature: saved 0 interfaces 0 pad templates
0:00:00.016916814  2472 0x1992370 DEBUG   GST_REGISTRY gstregistrychunks.c:742:gst_registry_chunks_load_feature: Added feature streamiddemux, plugin 0x19ada20 coreelements
0:00:00.012809852  2473 0x755320 DEBUG   GST_REGISTRY gstregistrychunks.c:266:gst_registry_chunks_save_feature: saved 0 interfaces 0 pad templates
0:00:00.016925234  2472 0x1992370 DEBUG   GST_REGISTRY gstregistrychunks.c:584:gst_registry_chunks_load_feature: Plugin 'coreelements' feature 'valve' typename : 'GstElementFactory'
0:00:00.012817940  2473 0x755320 DEBUG   GST_REGISTRY gstregistrychunks.c:266:gst_registry_chunks_save_feature: saved 0 interfaces 0 pad templates
0:00:00.016934212  2472 0x1992370 TRACE   GST_REFCOUNTING gstobject.c:208:gst_object_init: 0x19acb70 new
0:00:00.012825307  2473 0x755320 DEBUG   GST_REGISTRY gstregistrychunks.c:266:gst_registry_chunks_save_feature: saved 0 interfaces 0 pad templates
0:00:00.016941920  2472 0x1992370 LOG   GST_REGISTRY gstregistrychunks.c:611:gst_registry_chunks_load_feature: Reading/casting for GstRegistryChunkElementFactory at address 0x19adea8
0:00:00.016949285  2472 0x1992370 TRACE   structure gststructure.c:292:gst_structure_new_id_empty_with_size: created structure 0x19af9e0
0:00:00.012836545  2473 0x755320 DEBUG   GST_REGISTRY gstregistrychunks.c:266:gst_registry_chunks_save_feature: saved 1 interfaces 0 pad templates
0:00:00.016954368  2472 0x1992370 DEBUG   structure gststructure.c:2258:gst_structure_parse_field: trying field name 'long-name'
0:00:00.012843101  2473 0x755320 DEBUG   GST_REGISTRY gstregistrychunks.c:285:gst_registry_chunks_save_feature: Saved 1 UriTypes
0:00:00.016961892  2472 0x1992370 DEBUG   default gstvalue.c:2776:_priv_gst_value_parse_value: trying type name 'string'
0:00:00.012851245  2473 0x755320 DEBUG   GST_REGISTRY gstregistrychunks.c:266:gst_registry_chunks_save_feature: saved 0 interfaces 0 pad templates
0:00:00.016969625  2472 0x1992370 DEBUG   structure gststructure.c:2258:gst_structure_parse_field: trying field name 'klass'
0:00:00.012859537  2473 0x755320 DEBUG   GST_REGISTRY gstregistrychunks.c:266:gst_registry_chunks_save_feature: saved 0 interfaces 0 pad templates
0:00:00.016985101  2472 0x1992370 DEBUG   default gstvalue.c:2776:_priv_gst_value_parse_value: trying type name 'string'
0:00:00.012875917  2473 0x755320 DEBUG   GST_REGISTRY gstregistrychunks.c:266:gst_registry_chunks_save_feature: saved 0 interfaces 0 pad templates
0:00:00.016991430  2472 0x1992370 DEBUG   structure gststructure.c:2258:gst_structure_parse_field: trying field name 'description'
0:00:00.016997950  2472 0x1992370 DEBUG   default gstvalue.c:2776:_priv_gst_value_parse_value: trying type name 'string'
0:00:00.012885060  2473 0x755320 DEBUG   GST_REGISTRY gstregistrychunks.c:266:gst_registry_chunks_save_feature: saved 0 interfaces 0 pad templates
0:00:00.017003257  2472 0x1992370 DEBUG   structure gststructure.c:2258:gst_structure_parse_field: trying field name 'author'
0:00:00.017008537  2472 0x1992370 DEBUG   default gstvalue.c:2776:_priv_gst_value_parse_value: trying type name 'string'
0:00:00.012895385  2473 0x755320 DEBUG   GST_REGISTRY gstregistrychunks.c:266:gst_registry_chunks_save_feature: saved 0 interfaces 0 pad templates
0:00:00.017014175  2472 0x1992370 DEBUG   GST_REGISTRY gstregistrychunks.c:627:gst_registry_chunks_load_feature: Element factory : npadtemplates=2
0:00:00.012905311  2473 0x755320 TRACE   GST_REFCOUNTING gstobject.c:265:gst_object_unref: 0x771bb0 unref 2->1
0:00:00.017021904  2472 0x1992370 DEBUG   GST_REGISTRY gstregistrychunks.c:527:gst_registry_chunks_load_pad_template: Reading/casting for GstRegistryChunkPadTemplate at address 0x19adf98
0:00:00.017029846  2472 0x1992370 DEBUG   GST_REGISTRY gstregistrychunks.c:540:gst_registry_chunks_load_pad_template: Added pad_template sink
0:00:00.012915117  2473 0x755320 TRACE   GST_REFCOUNTING gstobject.c:265:gst_object_unref: 0x773840 unref 2->1
0:00:00.017035132  2472 0x1992370 DEBUG   GST_REGISTRY gstregistrychunks.c:527:gst_registry_chunks_load_pad_template: Reading/casting for GstRegistryChunkPadTemplate at address 0x19adfb0
0:00:00.012924160  2473 0x755320 TRACE   GST_REFCOUNTING gstobject.c:265:gst_object_unref: 0x774630 unref 2->1
0:00:00.017046947  2472 0x1992370 DEBUG   GST_REGISTRY gstregistrychunks.c:540:gst_registry_chunks_load_pad_template: Added pad_template src
0:00:00.012934880  2473 0x755320 TRACE   GST_REFCOUNTING gstobject.c:265:gst_object_unref: 0x775530 unref 2->1
0:00:00.017055101  2472 0x1992370 DEBUG   GST_REGISTRY gstregistry.c:590:gst_registry_add_feature: adding feature 0x19acb70 (valve)
0:00:00.012941563  2473 0x755320 TRACE   GST_REFCOUNTING gstobject.c:265:gst_object_unref: 0x776fe0 unref 2->1
0:00:00.017061523  2472 0x1992370 DEBUG   GST_REFCOUNTING gstobject.c:709:gst_object_set_parent: set parent (ref and sink)
0:00:00.012949425  2473 0x755320 TRACE   GST_REFCOUNTING gstobject.c:265:gst_object_unref: 0x778020 unref 2->1
0:00:00.017068931  2472 0x1992370 TRACE   GST_REFCOUNTING gstobject.c:294:gst_object_ref_sink: 0x19acb70 ref_sink 1->2
0:00:00.012961041  2473 0x755320 TRACE   GST_REFCOUNTING gstobject.c:265:gst_object_unref: 0x779b70 unref 2->1
0:00:00.017077084  2472 0x1992370 LOG   GST_REGISTRY gstregistry.c:608:gst_registry_add_feature: emitting feature-added for valve
0:00:00.017086714  2472 0x1992370 DEBUG   GST_REGISTRY gstregistrychunks.c:742:gst_registry_chunks_load_feature: Added feature valve, plugin 0x19ada20 coreelements
0:00:00.017093928  2472 0x1992370 DEBUG   GST_REGISTRY gstregistrychunks.c:584:gst_registry_chunks_load_feature: Plugin 'coreelements' feature 'multiqueue' typename : 'GstElementFactory'
0:00:00.012967973  2473 0x755320 TRACE   GST_REFCOUNTING gstobject.c:265:gst_object_unref: 0x77c1c0 unref 2->1
0:00:00.017101214  2472 0x1992370 TRACE   GST_REFCOUNTING gstobject.c:208:gst_object_init: 0x19afb60 new
0:00:00.017111251  2472 0x1992370 LOG   GST_REGISTRY gstregistrychunks.c:611:gst_registry_chunks_load_feature: Reading/casting for GstRegistryChunkElementFactory at address 0x19adfe0
0:00:00.012995781  2473 0x755320 TRACE   GST_REFCOUNTING gstobject.c:265:gst_object_unref: 0x776430 unref 2->1
0:00:00.017117535  2472 0x1992370 TRACE   structure gststructure.c:292:gst_structure_new_id_empty_with_size: created structure 0x19afc50
0:00:00.013006828  2473 0x755320 TRACE   GST_REFCOUNTING gstobject.c:265:gst_object_unref: 0x77ec80 unref 2->1
0:00:00.017123916  2472 0x1992370 DEBUG   structure gststructure.c:2258:gst_structure_parse_field: trying field name 'long-name'
0:00:00.017130788  2472 0x1992370 DEBUG   default gstvalue.c:2776:_priv_gst_value_parse_value: trying type name 'string'
0:00:00.013015723  2473 0x755320 TRACE   GST_REFCOUNTING gstobject.c:265:gst_object_unref: 0x77f9d0 unref 2->1
0:00:00.017136385  2472 0x1992370 DEBUG   structure gststructure.c:2258:gst_structure_parse_field: trying field name 'klass'
0:00:00.013026342  2473 0x755320 TRACE   GST_REFCOUNTING gstobject.c:265:gst_object_unref: 0x7806a0 unref 2->1
0:00:00.017143945  2472 0x1992370 DEBUG   default gstvalue.c:2776:_priv_gst_value_parse_value: trying type name 'string'
0:00:00.013035461  2473 0x755320 TRACE   GST_REFCOUNTING gstobject.c:265:gst_object_unref: 0x781cd0 unref 2->1
0:00:00.017152105  2472 0x1992370 DEBUG   structure gststructure.c:2258:gst_structure_parse_field: trying field name 'description'
0:00:00.013041981  2473 0x755320 TRACE   GST_REFCOUNTING gstobject.c:265:gst_object_unref: 0x782f40 unref 2->1
0:00:00.017157736  2472 0x1992370 DEBUG   default gstvalue.c:2776:_priv_gst_value_parse_value: trying type name 'string'
0:00:00.013048720  2473 0x755320 TRACE   GST_REFCOUNTING gstobject.c:265:gst_object_unref: 0x784050 unref 2->1
0:00:00.017165205  2472 0x1992370 DEBUG   structure gststructure.c:2258:gst_structure_parse_field: trying field name 'author'
0:00:00.013057607  2473 0x755320 TRACE   GST_REFCOUNTING gstobject.c:265:gst_object_unref: 0x785ad0 unref 2->1
0:00:00.017176101  2472 0x1992370 DEBUG   default gstvalue.c:2776:_priv_gst_value_parse_value: trying type name 'string'
0:00:00.013065231  2473 0x755320 TRACE   GST_REFCOUNTING gstobject.c:265:gst_object_unref: 0x787480 unref 2->1
0:00:00.017182681  2472 0x1992370 DEBUG   GST_REGISTRY gstregistrychunks.c:627:gst_registry_chunks_load_feature: Element factory : npadtemplates=2
0:00:00.013072119  2473 0x755320 TRACE   GST_REFCOUNTING gstobject.c:265:gst_object_unref: 0x788580 unref 2->1
0:00:00.017188416  2472 0x1992370 DEBUG   GST_REGISTRY gstregistrychunks.c:527:gst_registry_chunks_load_pad_template: Reading/casting for GstRegistryChunkPadTemplate at address 0x19ae0a0
0:00:00.013078925  2473 0x755320 TRACE   GST_REFCOUNTING gstobject.c:265:gst_object_unref: 0x789750 unref 2->1
0:00:00.017195012  2472 0x1992370 DEBUG   GST_REGISTRY gstregistrychunks.c:540:gst_registry_chunks_load_pad_template: Added pad_template src_%u
0:00:00.013085582  2473 0x755320 TRACE   GST_REFCOUNTING gstobject.c:265:gst_object_unref: 0x78a5a0 unref 2->1
0:00:00.017203086  2472 0x1992370 DEBUG   GST_REGISTRY gstregistrychunks.c:527:gst_registry_chunks_load_pad_template: Reading/casting for GstRegistryChunkPadTemplate at address 0x19ae0b8
0:00:00.013092173  2473 0x755320 TRACE   GST_REFCOUNTING gstobject.c:265:gst_object_unref: 0x78bca0 unref 2->1
0:00:00.017210525  2472 0x1992370 DEBUG   GST_REGISTRY gstregistrychunks.c:540:gst_registry_chunks_load_pad_template: Added pad_template sink_%u
