0:00:00.008074051  2476 0x85a370 DEBUG   GST_REGISTRY gstregistry.c:1172:gst_registry_scan_plugin_file: Using scan-helper to load plugin /home/conan/w/prod/BuildSingleReference/.conan/data/gstreamer/1.19.2/_/_/package/87c267dd1134a9a07d23e41650d01aade79b0036/lib/gstreamer-1.0/libgstcoretracers.so
0:00:00.008081676  2476 0x85a370 LOG   GST_PLUGIN_LOADING gstpluginloader.c:236:plugin_loader_load: Sending file /home/conan/w/prod/BuildSingleReference/.conan/data/gstreamer/1.19.2/_/_/package/87c267dd1134a9a07d23e41650d01aade79b0036/lib/gstreamer-1.0/libgstcoretracers.so to child. tag 2
0:00:00.008090016  2476 0x85a370 DEBUG   GST_POLL gstpoll.c:980:gst_poll_fd_ctl_write: 0x873d40: fd (fd:7, idx:1), active : 1
0:00:00.003033725  2477 0x21c3320 TRACE   GST_REFCOUNTING gstobject.c:208:gst_object_init: 0x21dcea0 new
0:00:00.008099741  2476 0x85a370 LOG   GST_POLL gstpoll.c:994:gst_poll_fd_ctl_write: 0x873d40: pfd->events now 60 (POLLOUT:4)
0:00:00.008113669  2476 0x85a370 DEBUG   GST_POLL gstpoll.c:1414:gst_poll_wait: 0x873d40: timeout :0:00:01.000000000
0:00:00.008122603  2476 0x85a370 LOG   GST_PLUGIN_LOADING gstpluginloader.c:1027:exchange_packets: Poll res = 1. 173 bytes pending for write
0:00:00.008129436  2476 0x85a370 DEBUG   GST_POLL gstpoll.c:1241:gst_poll_fd_has_error: 0x873d40: fd (fd:8, idx:2) 0
0:00:00.003076086  2477 0x21c3320 LOG   GST_PLUGIN_LOADING gstplugin.c:887:_priv_gst_plugin_load_file_for_registry: Plugin 0x21dcea0 for file "/home/conan/w/prod/BuildSingleReference/.conan/data/gstreamer/1.19.2/_/_/package/87c267dd1134a9a07d23e41650d01aade79b0036/lib/gstreamer-1.0/libgstcoretracers.so" prepared, calling entry function...
0:00:00.008135527  2476 0x85a370 DEBUG   GST_POLL gstpoll.c:1266:gst_poll_fd_can_read_unlocked: 0x873d40: fd (fd:8, idx:2) 0
0:00:00.008142666  2476 0x85a370 DEBUG   GST_POLL gstpoll.c:1195:gst_poll_fd_has_closed: 0x873d40: fd (fd:8, idx:2) 0
0:00:00.003090359  2477 0x21c3320 LOG   GST_PLUGIN_LOADING gstplugin.c:894:_priv_gst_plugin_load_file_for_registry: Plugin 0x21dcea0 for file "/home/conan/w/prod/BuildSingleReference/.conan/data/gstreamer/1.19.2/_/_/package/87c267dd1134a9a07d23e41650d01aade79b0036/lib/gstreamer-1.0/libgstcoretracers.so" prepared, registering...
0:00:00.008148278  2476 0x85a370 DEBUG   GST_POLL gstpoll.c:1241:gst_poll_fd_has_error: 0x873d40: fd (fd:7, idx:1) 0
0:00:00.003100374  2477 0x21c3320 LOG   GST_PLUGIN_LOADING gstplugin.c:511:gst_plugin_register_func: plugin "/home/conan/w/prod/BuildSingleReference/.conan/data/gstreamer/1.19.2/_/_/package/87c267dd1134a9a07d23e41650d01aade79b0036/lib/gstreamer-1.0/libgstcoretracers.so" looks good
0:00:00.008159622  2476 0x85a370 DEBUG   GST_POLL gstpoll.c:1335:gst_poll_fd_can_write: 0x873d40: fd (fd:7, idx:1) 1
0:00:00.008167013  2476 0x85a370 LOG   GST_PLUGIN_LOADING gstpluginloader.c:689:write_one: Writing packet of size 173 bytes to fd 7
0:00:00.008175378  2476 0x85a370 DEBUG   GST_POLL gstpoll.c:980:gst_poll_fd_ctl_write: 0x873d40: fd (fd:7, idx:1), active : 0
0:00:00.008181438  2476 0x85a370 LOG   GST_POLL gstpoll.c:994:gst_poll_fd_ctl_write: 0x873d40: pfd->events now 56 (POLLOUT:4)
0:00:00.003128172  2477 0x21c3320 TRACE   GST_REFCOUNTING gstobject.c:208:gst_object_init: 0x21dd260 new
0:00:00.003140137  2477 0x21c3320 DEBUG   GST_TRACER gsttracer.c:169:gst_tracer_register: new tracer factory for latency
0:00:00.008196618  2476 0x85a370 LOG   GST_REGISTRY gstregistry.c:1300:gst_registry_scan_path_level: file /home/conan/w/prod/BuildSingleReference/.conan/data/gstreamer/1.19.2/_/_/package/87c267dd1134a9a07d23e41650d01aade79b0036/lib/gstreamer-1.0/libgstcoreelements.so looks like a possible module
0:00:00.008205601  2476 0x85a370 DEBUG   GST_REGISTRY gstregistry.c:1361:gst_registry_scan_path_level: file /home/conan/w/prod/BuildSingleReference/.conan/data/gstreamer/1.19.2/_/_/package/87c267dd1134a9a07d23e41650d01aade79b0036/lib/gstreamer-1.0/libgstcoreelements.so not yet in registry
0:00:00.003150143  2477 0x21c3320 DEBUG   GST_TRACER gsttracer.c:177:gst_tracer_register: tracer factory for 35497856:GstLatencyTracer
0:00:00.008214545  2476 0x85a370 DEBUG   GST_REGISTRY gstregistry.c:1172:gst_registry_scan_plugin_file: Using scan-helper to load plugin /home/conan/w/prod/BuildSingleReference/.conan/data/gstreamer/1.19.2/_/_/package/87c267dd1134a9a07d23e41650d01aade79b0036/lib/gstreamer-1.0/libgstcoreelements.so
0:00:00.003169399  2477 0x21c3320 DEBUG   GST_REGISTRY gstregistry.c:590:gst_registry_add_feature: adding feature 0x21dd260 (latency)
0:00:00.008226616  2476 0x85a370 LOG   GST_PLUGIN_LOADING gstpluginloader.c:236:plugin_loader_load: Sending file /home/conan/w/prod/BuildSingleReference/.conan/data/gstreamer/1.19.2/_/_/package/87c267dd1134a9a07d23e41650d01aade79b0036/lib/gstreamer-1.0/libgstcoreelements.so to child. tag 3
0:00:00.003179312  2477 0x21c3320 DEBUG   GST_REFCOUNTING gstobject.c:709:gst_object_set_parent: set parent (ref and sink)
0:00:00.008236455  2476 0x85a370 DEBUG   GST_POLL gstpoll.c:980:gst_poll_fd_ctl_write: 0x873d40: fd (fd:7, idx:1), active : 1
0:00:00.003189314  2477 0x21c3320 TRACE   GST_REFCOUNTING gstobject.c:294:gst_object_ref_sink: 0x21dd260 ref_sink 1->2
0:00:00.008245416  2476 0x85a370 LOG   GST_POLL gstpoll.c:994:gst_poll_fd_ctl_write: 0x873d40: pfd->events now 60 (POLLOUT:4)
0:00:00.003197449  2477 0x21c3320 LOG   GST_REGISTRY gstregistry.c:608:gst_registry_add_feature: emitting feature-added for latency
0:00:00.008255863  2476 0x85a370 DEBUG   GST_POLL gstpoll.c:1414:gst_poll_wait: 0x873d40: timeout :0:00:01.000000000
0:00:00.008265235  2476 0x85a370 LOG   GST_PLUGIN_LOADING gstpluginloader.c:1027:exchange_packets: Poll res = 1. 174 bytes pending for write
0:00:00.008271672  2476 0x85a370 DEBUG   GST_POLL gstpoll.c:1241:gst_poll_fd_has_error: 0x873d40: fd (fd:8, idx:2) 0
0:00:00.003216341  2477 0x21c3320 TRACE   GST_REFCOUNTING gstobject.c:208:gst_object_init: 0x21dd750 new
0:00:00.008280944  2476 0x85a370 DEBUG   GST_POLL gstpoll.c:1266:gst_poll_fd_can_read_unlocked: 0x873d40: fd (fd:8, idx:2) 0
0:00:00.003229425  2477 0x21c3320 DEBUG   GST_TRACER gsttracer.c:169:gst_tracer_register: new tracer factory for log
0:00:00.008288698  2476 0x85a370 DEBUG   GST_POLL gstpoll.c:1195:gst_poll_fd_has_closed: 0x873d40: fd (fd:8, idx:2) 0
0:00:00.003239034  2477 0x21c3320 DEBUG   GST_TRACER gsttracer.c:177:gst_tracer_register: tracer factory for 35509680:GstLogTracer
0:00:00.008295343  2476 0x85a370 DEBUG   GST_POLL gstpoll.c:1241:gst_poll_fd_has_error: 0x873d40: fd (fd:7, idx:1) 0
0:00:00.008303811  2476 0x85a370 DEBUG   GST_POLL gstpoll.c:1335:gst_poll_fd_can_write: 0x873d40: fd (fd:7, idx:1) 1
0:00:00.003248119  2477 0x21c3320 DEBUG   GST_REGISTRY gstregistry.c:590:gst_registry_add_feature: adding feature 0x21dd750 (log)
0:00:00.008309401  2476 0x85a370 LOG   GST_PLUGIN_LOADING gstpluginloader.c:689:write_one: Writing packet of size 174 bytes to fd 7
0:00:00.003258404  2477 0x21c3320 DEBUG   GST_REFCOUNTING gstobject.c:709:gst_object_set_parent: set parent (ref and sink)
0:00:00.008317995  2476 0x85a370 DEBUG   GST_POLL gstpoll.c:980:gst_poll_fd_ctl_write: 0x873d40: fd (fd:7, idx:1), active : 0
0:00:00.003273225  2477 0x21c3320 TRACE   GST_REFCOUNTING gstobject.c:294:gst_object_ref_sink: 0x21dd750 ref_sink 1->2
0:00:00.008329638  2476 0x85a370 LOG   GST_POLL gstpoll.c:994:gst_poll_fd_ctl_write: 0x873d40: pfd->events now 56 (POLLOUT:4)
0:00:00.003281722  2477 0x21c3320 LOG   GST_REGISTRY gstregistry.c:608:gst_registry_add_feature: emitting feature-added for log
0:00:00.008347275  2476 0x85a370 DEBUG   GST_REGISTRY gstregistry.c:1384:gst_registry_scan_path_internal: registry changed in path /home/conan/w/prod/BuildSingleReference/.conan/data/gstreamer/1.19.2/_/_/package/87c267dd1134a9a07d23e41650d01aade79b0036/lib/gstreamer-1.0: 0
0:00:00.003296211  2477 0x21c3320 TRACE   GST_REFCOUNTING gstobject.c:208:gst_object_init: 0x21dd960 new
0:00:00.003306357  2477 0x21c3320 DEBUG   GST_TRACER gsttracer.c:169:gst_tracer_register: new tracer factory for rusage
0:00:00.008363880  2476 0x85a370 DEBUG   GST_POLL gstpoll.c:980:gst_poll_fd_ctl_write: 0x873d40: fd (fd:7, idx:1), active : 1
0:00:00.003314943  2477 0x21c3320 DEBUG   GST_TRACER gsttracer.c:177:gst_tracer_register: tracer factory for 35510288:GstRUsageTracer
0:00:00.008371357  2476 0x85a370 LOG   GST_POLL gstpoll.c:994:gst_poll_fd_ctl_write: 0x873d40: pfd->events now 60 (POLLOUT:4)
0:00:00.003323472  2477 0x21c3320 DEBUG   GST_REGISTRY gstregistry.c:590:gst_registry_add_feature: adding feature 0x21dd960 (rusage)
0:00:00.008381216  2476 0x85a370 DEBUG   GST_POLL gstpoll.c:1414:gst_poll_wait: 0x873d40: timeout :0:00:01.000000000
0:00:00.003332482  2477 0x21c3320 DEBUG   GST_REFCOUNTING gstobject.c:709:gst_object_set_parent: set parent (ref and sink)
0:00:00.008393865  2476 0x85a370 LOG   GST_PLUGIN_LOADING gstpluginloader.c:1027:exchange_packets: Poll res = 1. 12 bytes pending for write
0:00:00.003342330  2477 0x21c3320 TRACE   GST_REFCOUNTING gstobject.c:294:gst_object_ref_sink: 0x21dd960 ref_sink 1->2
0:00:00.008402315  2476 0x85a370 DEBUG   GST_POLL gstpoll.c:1241:gst_poll_fd_has_error: 0x873d40: fd (fd:8, idx:2) 0
0:00:00.003350090  2477 0x21c3320 LOG   GST_REGISTRY gstregistry.c:608:gst_registry_add_feature: emitting feature-added for rusage
0:00:00.008409518  2476 0x85a370 DEBUG   GST_POLL gstpoll.c:1266:gst_poll_fd_can_read_unlocked: 0x873d40: fd (fd:8, idx:2) 0
0:00:00.008416379  2476 0x85a370 DEBUG   GST_POLL gstpoll.c:1195:gst_poll_fd_has_closed: 0x873d40: fd (fd:8, idx:2) 0
0:00:00.003364269  2477 0x21c3320 TRACE   GST_REFCOUNTING gstobject.c:208:gst_object_init: 0x21ddc30 new
0:00:00.008422111  2476 0x85a370 DEBUG   GST_POLL gstpoll.c:1241:gst_poll_fd_has_error: 0x873d40: fd (fd:7, idx:1) 0
0:00:00.008429339  2476 0x85a370 DEBUG   GST_POLL gstpoll.c:1335:gst_poll_fd_can_write: 0x873d40: fd (fd:7, idx:1) 1
0:00:00.003374666  2477 0x21c3320 DEBUG   GST_TRACER gsttracer.c:169:gst_tracer_register: new tracer factory for stats
0:00:00.008434876  2476 0x85a370 LOG   GST_PLUGIN_LOADING gstpluginloader.c:689:write_one: Writing packet of size 12 bytes to fd 7
0:00:00.003388088  2477 0x21c3320 DEBUG   GST_TRACER gsttracer.c:177:gst_tracer_register: tracer factory for 35510896:GstStatsTracer
0:00:00.008448204  2476 0x85a370 DEBUG   GST_POLL gstpoll.c:980:gst_poll_fd_ctl_write: 0x873d40: fd (fd:7, idx:1), active : 0
0:00:00.003396950  2477 0x21c3320 DEBUG   GST_REGISTRY gstregistry.c:590:gst_registry_add_feature: adding feature 0x21ddc30 (stats)
0:00:00.008455936  2476 0x85a370 LOG   GST_POLL gstpoll.c:994:gst_poll_fd_ctl_write: 0x873d40: pfd->events now 56 (POLLOUT:4)
0:00:00.003406026  2477 0x21c3320 DEBUG   GST_REFCOUNTING gstobject.c:709:gst_object_set_parent: set parent (ref and sink)
0:00:00.008464156  2476 0x85a370 DEBUG   GST_POLL gstpoll.c:1414:gst_poll_wait: 0x873d40: timeout :0:00:01.000000000
0:00:00.003415890  2477 0x21c3320 TRACE   GST_REFCOUNTING gstobject.c:294:gst_object_ref_sink: 0x21ddc30 ref_sink 1->2
0:00:00.003423922  2477 0x21c3320 LOG   GST_REGISTRY gstregistry.c:608:gst_registry_add_feature: emitting feature-added for stats
0:00:00.003475902  2477 0x21c3320 TRACE   GST_REFCOUNTING gstobject.c:208:gst_object_init: 0x21dde80 new
0:00:00.003494328  2477 0x21c3320 DEBUG   GST_TRACER gsttracer.c:169:gst_tracer_register: new tracer factory for leaks
0:00:00.003506087  2477 0x21c3320 DEBUG   GST_TRACER gsttracer.c:177:gst_tracer_register: tracer factory for 35511568:GstLeaksTracer
0:00:00.003516863  2477 0x21c3320 DEBUG   GST_REGISTRY gstregistry.c:590:gst_registry_add_feature: adding feature 0x21dde80 (leaks)
0:00:00.003525812  2477 0x21c3320 DEBUG   GST_REFCOUNTING gstobject.c:709:gst_object_set_parent: set parent (ref and sink)
0:00:00.003535693  2477 0x21c3320 TRACE   GST_REFCOUNTING gstobject.c:294:gst_object_ref_sink: 0x21dde80 ref_sink 1->2
0:00:00.003543187  2477 0x21c3320 LOG   GST_REGISTRY gstregistry.c:608:gst_registry_add_feature: emitting feature-added for leaks
0:00:00.003555653  2477 0x21c3320 TRACE   GST_REFCOUNTING gstobject.c:208:gst_object_init: 0x21de120 new
0:00:00.003568719  2477 0x21c3320 DEBUG   GST_TRACER gsttracer.c:169:gst_tracer_register: new tracer factory for factories
0:00:00.003578363  2477 0x21c3320 DEBUG   GST_TRACER gsttracer.c:177:gst_tracer_register: tracer factory for 35512240:GstFactoriesTracer
0:00:00.003586365  2477 0x21c3320 DEBUG   GST_REGISTRY gstregistry.c:590:gst_registry_add_feature: adding feature 0x21de120 (factories)
0:00:00.003594233  2477 0x21c3320 DEBUG   GST_REFCOUNTING gstobject.c:709:gst_object_set_parent: set parent (ref and sink)
0:00:00.003601676  2477 0x21c3320 TRACE   GST_REFCOUNTING gstobject.c:294:gst_object_ref_sink: 0x21de120 ref_sink 1->2
0:00:00.003614297  2477 0x21c3320 LOG   GST_REGISTRY gstregistry.c:608:gst_registry_add_feature: emitting feature-added for factories
0:00:00.003621306  2477 0x21c3320 LOG   GST_PLUGIN_LOADING gstplugin.c:538:gst_plugin_register_func: plugin "/home/conan/w/prod/BuildSingleReference/.conan/data/gstreamer/1.19.2/_/_/package/87c267dd1134a9a07d23e41650d01aade79b0036/lib/gstreamer-1.0/libgstcoretracers.so" initialised
0:00:00.003631479  2477 0x21c3320 INFO   GST_PLUGIN_LOADING gstplugin.c:912:_priv_gst_plugin_load_file_for_registry: plugin "/home/conan/w/prod/BuildSingleReference/.conan/data/gstreamer/1.19.2/_/_/package/87c267dd1134a9a07d23e41650d01aade79b0036/lib/gstreamer-1.0/libgstcoretracers.so" loaded
0:00:00.003642377  2477 0x21c3320 TRACE   GST_REFCOUNTING gstobject.c:238:gst_object_ref: 0x21dcea0 ref 1->2
0:00:00.003652173  2477 0x21c3320 DEBUG   GST_REGISTRY gstregistry.c:474:gst_registry_add_plugin: adding plugin 0x21dcea0 for filename "/home/conan/w/prod/BuildSingleReference/.conan/data/gstreamer/1.19.2/_/_/package/87c267dd1134a9a07d23e41650d01aade79b0036/lib/gstreamer-1.0/libgstcoretracers.so"
0:00:00.003660474  2477 0x21c3320 TRACE   GST_REFCOUNTING gstobject.c:294:gst_object_ref_sink: 0x21dcea0 ref_sink 2->3
0:00:00.003667833  2477 0x21c3320 LOG   GST_REGISTRY gstregistry.c:487:gst_registry_add_plugin: emitting plugin-added for filename "/home/conan/w/prod/BuildSingleReference/.conan/data/gstreamer/1.19.2/_/_/package/87c267dd1134a9a07d23e41650d01aade79b0036/lib/gstreamer-1.0/libgstcoretracers.so"
0:00:00.003676136  2477 0x21c3320 TRACE   GST_REFCOUNTING gstobject.c:238:gst_object_ref: 0x21de120 ref 1->2
0:00:00.003683209  2477 0x21c3320 TRACE   GST_REFCOUNTING gstobject.c:238:gst_object_ref: 0x21dde80 ref 1->2
0:00:00.003690153  2477 0x21c3320 TRACE   GST_REFCOUNTING gstobject.c:238:gst_object_ref: 0x21ddc30 ref 1->2
0:00:00.003700580  2477 0x21c3320 TRACE   GST_REFCOUNTING gstobject.c:238:gst_object_ref: 0x21dd960 ref 1->2
0:00:00.003709113  2477 0x21c3320 TRACE   GST_REFCOUNTING gstobject.c:238:gst_object_ref: 0x21dd750 ref 1->2
0:00:00.003716308  2477 0x21c3320 TRACE   GST_REFCOUNTING gstobject.c:238:gst_object_ref: 0x21dd260 ref 1->2
0:00:00.003734609  2477 0x21c3320 TRACE   GST_REFCOUNTING gstobject.c:265:gst_object_unref: 0x21dd260 unref 2->1
0:00:00.003744037  2477 0x21c3320 TRACE   GST_REFCOUNTING gstobject.c:265:gst_object_unref: 0x21dd750 unref 2->1
0:00:00.003751007  2477 0x21c3320 TRACE   GST_REFCOUNTING gstobject.c:265:gst_object_unref: 0x21dd960 unref 2->1
0:00:00.003757785  2477 0x21c3320 TRACE   GST_REFCOUNTING gstobject.c:265:gst_object_unref: 0x21ddc30 unref 2->1
0:00:00.003774737  2477 0x21c3320 TRACE   GST_REFCOUNTING gstobject.c:265:gst_object_unref: 0x21dde80 unref 2->1
0:00:00.003782611  2477 0x21c3320 TRACE   GST_REFCOUNTING gstobject.c:265:gst_object_unref: 0x21de120 unref 2->1
0:00:00.003793136  2477 0x21c3320 DEBUG   GST_REGISTRY gstregistrychunks.c:499:_priv_gst_registry_chunks_save_plugin: Found 6 features in plugin 0x21dcea0 (coretracers)
0:00:00.003809893  2477 0x21c3320 DEBUG   GST_POLL gstpoll.c:980:gst_poll_fd_ctl_write: 0x21cb9c0: fd (fd:0, idx:1), active : 1
0:00:00.003816993  2477 0x21c3320 LOG   GST_POLL gstpoll.c:994:gst_poll_fd_ctl_write: 0x21cb9c0: pfd->events now 60 (POLLOUT:4)
0:00:00.003823307  2477 0x21c3320 DEBUG   GST_POLL gstpoll.c:980:gst_poll_fd_ctl_write: 0x21cb9c0: fd (fd:0, idx:1), active : 1
0:00:00.003832277  2477 0x21c3320 LOG   GST_POLL gstpoll.c:994:gst_poll_fd_ctl_write: 0x21cb9c0: pfd->events now 60 (POLLOUT:4)
0:00:00.003841039  2477 0x21c3320 DEBUG   GST_POLL gstpoll.c:980:gst_poll_fd_ctl_write: 0x21cb9c0: fd (fd:0, idx:1), active : 1
0:00:00.003847632  2477 0x21c3320 LOG   GST_POLL gstpoll.c:994:gst_poll_fd_ctl_write: 0x21cb9c0: pfd->events now 60 (POLLOUT:4)
0:00:00.003853879  2477 0x21c3320 DEBUG   GST_POLL gstpoll.c:980:gst_poll_fd_ctl_write: 0x21cb9c0: fd (fd:0, idx:1), active : 1
0:00:00.003859516  2477 0x21c3320 LOG   GST_POLL gstpoll.c:994:gst_poll_fd_ctl_write: 0x21cb9c0: pfd->events now 60 (POLLOUT:4)
0:00:00.003865520  2477 0x21c3320 DEBUG   GST_POLL gstpoll.c:980:gst_poll_fd_ctl_write: 0x21cb9c0: fd (fd:0, idx:1), active : 1
0:00:00.003871073  2477 0x21c3320 LOG   GST_POLL gstpoll.c:994:gst_poll_fd_ctl_write: 0x21cb9c0: pfd->events now 60 (POLLOUT:4)
0:00:00.003876963  2477 0x21c3320 DEBUG   GST_POLL gstpoll.c:980:gst_poll_fd_ctl_write: 0x21cb9c0: fd (fd:0, idx:1), active : 1
0:00:00.003885451  2477 0x21c3320 LOG   GST_POLL gstpoll.c:994:gst_poll_fd_ctl_write: 0x21cb9c0: pfd->events now 60 (POLLOUT:4)
0:00:00.003892671  2477 0x21c3320 DEBUG   GST_POLL gstpoll.c:980:gst_poll_fd_ctl_write: 0x21cb9c0: fd (fd:0, idx:1), active : 1
0:00:00.003898603  2477 0x21c3320 LOG   GST_POLL gstpoll.c:994:gst_poll_fd_ctl_write: 0x21cb9c0: pfd->events now 60 (POLLOUT:4)
0:00:00.003904699  2477 0x21c3320 DEBUG   GST_POLL gstpoll.c:980:gst_poll_fd_ctl_write: 0x21cb9c0: fd (fd:0, idx:1), active : 1
0:00:00.003910378  2477 0x21c3320 LOG   GST_POLL gstpoll.c:994:gst_poll_fd_ctl_write: 0x21cb9c0: pfd->events now 60 (POLLOUT:4)
0:00:00.003916108  2477 0x21c3320 DEBUG   GST_POLL gstpoll.c:980:gst_poll_fd_ctl_write: 0x21cb9c0: fd (fd:0, idx:1), active : 1
0:00:00.003921490  2477 0x21c3320 LOG   GST_POLL gstpoll.c:994:gst_poll_fd_ctl_write: 0x21cb9c0: pfd->events now 60 (POLLOUT:4)
0:00:00.003927460  2477 0x21c3320 DEBUG   GST_POLL gstpoll.c:980:gst_poll_fd_ctl_write: 0x21cb9c0: fd (fd:0, idx:1), active : 1
0:00:00.003938198  2477 0x21c3320 LOG   GST_POLL gstpoll.c:994:gst_poll_fd_ctl_write: 0x21cb9c0: pfd->events now 60 (POLLOUT:4)
0:00:00.003946611  2477 0x21c3320 DEBUG   GST_POLL gstpoll.c:980:gst_poll_fd_ctl_write: 0x21cb9c0: fd (fd:0, idx:1), active : 1
0:00:00.003952683  2477 0x21c3320 LOG   GST_POLL gstpoll.c:994:gst_poll_fd_ctl_write: 0x21cb9c0: pfd->events now 60 (POLLOUT:4)
0:00:00.003958802  2477 0x21c3320 DEBUG   GST_POLL gstpoll.c:980:gst_poll_fd_ctl_write: 0x21cb9c0: fd (fd:0, idx:1), active : 1
0:00:00.003969028  2477 0x21c3320 LOG   GST_POLL gstpoll.c:994:gst_poll_fd_ctl_write: 0x21cb9c0: pfd->events now 60 (POLLOUT:4)
0:00:00.003975004  2477 0x21c3320 DEBUG   GST_POLL gstpoll.c:980:gst_poll_fd_ctl_write: 0x21cb9c0: fd (fd:0, idx:1), active : 1
0:00:00.003980413  2477 0x21c3320 LOG   GST_POLL gstpoll.c:994:gst_poll_fd_ctl_write: 0x21cb9c0: pfd->events now 60 (POLLOUT:4)
0:00:00.003986222  2477 0x21c3320 DEBUG   GST_POLL gstpoll.c:980:gst_poll_fd_ctl_write: 0x21cb9c0: fd (fd:0, idx:1), active : 1
0:00:00.003994808  2477 0x21c3320 LOG   GST_POLL gstpoll.c:994:gst_poll_fd_ctl_write: 0x21cb9c0: pfd->events now 60 (POLLOUT:4)
0:00:00.004002071  2477 0x21c3320 DEBUG   GST_POLL gstpoll.c:980:gst_poll_fd_ctl_write: 0x21cb9c0: fd (fd:0, idx:1), active : 1
0:00:00.004008015  2477 0x21c3320 LOG   GST_POLL gstpoll.c:994:gst_poll_fd_ctl_write: 0x21cb9c0: pfd->events now 60 (POLLOUT:4)
0:00:00.004014436  2477 0x21c3320 DEBUG   GST_POLL gstpoll.c:980:gst_poll_fd_ctl_write: 0x21cb9c0: fd (fd:0, idx:1), active : 1
0:00:00.004020100  2477 0x21c3320 LOG   GST_POLL gstpoll.c:994:gst_poll_fd_ctl_write: 0x21cb9c0: pfd->events now 60 (POLLOUT:4)
0:00:00.004025805  2477 0x21c3320 DEBUG   GST_POLL gstpoll.c:980:gst_poll_fd_ctl_write: 0x21cb9c0: fd (fd:0, idx:1), active : 1
0:00:00.004031224  2477 0x21c3320 LOG   GST_POLL gstpoll.c:994:gst_poll_fd_ctl_write: 0x21cb9c0: pfd->events now 60 (POLLOUT:4)
0:00:00.004037068  2477 0x21c3320 DEBUG   GST_POLL gstpoll.c:980:gst_poll_fd_ctl_write: 0x21cb9c0: fd (fd:0, idx:1), active : 1
0:00:00.004045553  2477 0x21c3320 LOG   GST_POLL gstpoll.c:994:gst_poll_fd_ctl_write: 0x21cb9c0: pfd->events now 60 (POLLOUT:4)
0:00:00.004052797  2477 0x21c3320 DEBUG   GST_POLL gstpoll.c:980:gst_poll_fd_ctl_write: 0x21cb9c0: fd (fd:0, idx:1), active : 1
0:00:00.004058704  2477 0x21c3320 LOG   GST_POLL gstpoll.c:994:gst_poll_fd_ctl_write: 0x21cb9c0: pfd->events now 60 (POLLOUT:4)
0:00:00.004064999  2477 0x21c3320 DEBUG   GST_POLL gstpoll.c:980:gst_poll_fd_ctl_write: 0x21cb9c0: fd (fd:0, idx:1), active : 1
0:00:00.004071134  2477 0x21c3320 LOG   GST_POLL gstpoll.c:994:gst_poll_fd_ctl_write: 0x21cb9c0: pfd->events now 60 (POLLOUT:4)
0:00:00.004077202  2477 0x21c3320 DEBUG   GST_POLL gstpoll.c:980:gst_poll_fd_ctl_write: 0x21cb9c0: fd (fd:0, idx:1), active : 1
0:00:00.004082743  2477 0x21c3320 LOG   GST_POLL gstpoll.c:994:gst_poll_fd_ctl_write: 0x21cb9c0: pfd->events now 60 (POLLOUT:4)
0:00:00.004088606  2477 0x21c3320 DEBUG   GST_POLL gstpoll.c:980:gst_poll_fd_ctl_write: 0x21cb9c0: fd (fd:0, idx:1), active : 1
0:00:00.004097091  2477 0x21c3320 LOG   GST_POLL gstpoll.c:994:gst_poll_fd_ctl_write: 0x21cb9c0: pfd->events now 60 (POLLOUT:4)
0:00:00.004104301  2477 0x21c3320 DEBUG   GST_POLL gstpoll.c:980:gst_poll_fd_ctl_write: 0x21cb9c0: fd (fd:0, idx:1), active : 1
0:00:00.004110042  2477 0x21c3320 LOG   GST_POLL gstpoll.c:994:gst_poll_fd_ctl_write: 0x21cb9c0: pfd->events now 60 (POLLOUT:4)
0:00:00.004121210  2477 0x21c3320 DEBUG   GST_POLL gstpoll.c:980:gst_poll_fd_ctl_write: 0x21cb9c0: fd (fd:0, idx:1), active : 1
0:00:00.004127033  2477 0x21c3320 LOG   GST_POLL gstpoll.c:994:gst_poll_fd_ctl_write: 0x21cb9c0: pfd->events now 60 (POLLOUT:4)
0:00:00.004133025  2477 0x21c3320 DEBUG   GST_POLL gstpoll.c:980:gst_poll_fd_ctl_write: 0x21cb9c0: fd (fd:0, idx:1), active : 1
0:00:00.004138454  2477 0x21c3320 LOG   GST_POLL gstpoll.c:994:gst_poll_fd_ctl_write: 0x21cb9c0: pfd->events now 60 (POLLOUT:4)
0:00:00.004144223  2477 0x21c3320 DEBUG   GST_POLL gstpoll.c:980:gst_poll_fd_ctl_write: 0x21cb9c0: fd (fd:0, idx:1), active : 1
0:00:00.004152827  2477 0x21c3320 LOG   GST_POLL gstpoll.c:994:gst_poll_fd_ctl_write: 0x21cb9c0: pfd->events now 60 (POLLOUT:4)
0:00:00.004160412  2477 0x21c3320 DEBUG   GST_POLL gstpoll.c:980:gst_poll_fd_ctl_write: 0x21cb9c0: fd (fd:0, idx:1), active : 1
0:00:00.004166381  2477 0x21c3320 LOG   GST_POLL gstpoll.c:994:gst_poll_fd_ctl_write: 0x21cb9c0: pfd->events now 60 (POLLOUT:4)
0:00:00.004172605  2477 0x21c3320 DEBUG   GST_POLL gstpoll.c:980:gst_poll_fd_ctl_write: 0x21cb9c0: fd (fd:0, idx:1), active : 1
0:00:00.004178037  2477 0x21c3320 LOG   GST_POLL gstpoll.c:994:gst_poll_fd_ctl_write: 0x21cb9c0: pfd->events now 60 (POLLOUT:4)
0:00:00.004184381  2477 0x21c3320 LOG   GST_PLUGIN_LOADING gstpluginloader.c:645:put_chunk: Expanding tx buf from 512 to 1152 for chunk of size 8
0:00:00.004192122  2477 0x21c3320 DEBUG   GST_POLL gstpoll.c:980:gst_poll_fd_ctl_write: 0x21cb9c0: fd (fd:0, idx:1), active : 1
0:00:00.004197677  2477 0x21c3320 LOG   GST_POLL gstpoll.c:994:gst_poll_fd_ctl_write: 0x21cb9c0: pfd->events now 60 (POLLOUT:4)
0:00:00.004206917  2477 0x21c3320 DEBUG   GST_POLL gstpoll.c:980:gst_poll_fd_ctl_write: 0x21cb9c0: fd (fd:0, idx:1), active : 1
0:00:00.004213666  2477 0x21c3320 LOG   GST_POLL gstpoll.c:994:gst_poll_fd_ctl_write: 0x21cb9c0: pfd->events now 60 (POLLOUT:4)
0:00:00.004221426  2477 0x21c3320 TRACE   GST_REFCOUNTING gstobject.c:265:gst_object_unref: 0x21dcea0 unref 2->1
0:00:00.004230095  2477 0x21c3320 DEBUG   GST_POLL gstpoll.c:1241:gst_poll_fd_has_error: 0x21cb9c0: fd (fd:0, idx:1) 0
0:00:00.004236983  2477 0x21c3320 DEBUG   GST_POLL gstpoll.c:1335:gst_poll_fd_can_write: 0x21cb9c0: fd (fd:0, idx:1) 0
0:00:00.004243253  2477 0x21c3320 DEBUG   GST_POLL gstpoll.c:1195:gst_poll_fd_has_closed: 0x21cb9c0: fd (fd:0, idx:1) 0
0:00:00.004251005  2477 0x21c3320 DEBUG   GST_POLL gstpoll.c:1414:gst_poll_wait: 0x21cb9c0: timeout :0:00:01.000000000
0:00:00.004264536  2477 0x21c3320 LOG   GST_PLUGIN_LOADING gstpluginloader.c:1027:exchange_packets: Poll res = 2. 528 bytes pending for write
0:00:00.004273653  2477 0x21c3320 DEBUG   GST_POLL gstpoll.c:1241:gst_poll_fd_has_error: 0x21cb9c0: fd (fd:5, idx:2) 0
0:00:00.004280508  2477 0x21c3320 DEBUG   GST_POLL gstpoll.c:1266:gst_poll_fd_can_read_unlocked: 0x21cb9c0: fd (fd:5, idx:2) 1
0:00:00.004296356  2477 0x21c3320 DEBUG   GST_PLUGIN_LOADING gstpluginloader.c:721:do_plugin_load: Plugin scanner loading file /home/conan/w/prod/BuildSingleReference/.conan/data/gstreamer/1.19.2/_/_/package/87c267dd1134a9a07d23e41650d01aade79b0036/lib/gstreamer-1.0/libgstcoreelements.so. tag 1
0:00:00.004304565  2477 0x21c3320 DEBUG   GST_PLUGIN_LOADING gstplugin.c:765:_priv_gst_plugin_load_file_for_registry: attempt to load plugin "/home/conan/w/prod/BuildSingleReference/.conan/data/gstreamer/1.19.2/_/_/package/87c267dd1134a9a07d23e41650d01aade79b0036/lib/gstreamer-1.0/libgstcoreelements.so"
0:00:00.004797838  2477 0x21c3320 TRACE   GST_REFCOUNTING gstobject.c:208:gst_object_init: 0x21df7d0 new
0:00:00.004830084  2477 0x21c3320 LOG   GST_PLUGIN_LOADING gstplugin.c:887:_priv_gst_plugin_load_file_for_registry: Plugin 0x21df7d0 for file "/home/conan/w/prod/BuildSingleReference/.conan/data/gstreamer/1.19.2/_/_/package/87c267dd1134a9a07d23e41650d01aade79b0036/lib/gstreamer-1.0/libgstcoreelements.so" prepared, calling entry function...
0:00:00.004843551  2477 0x21c3320 LOG   GST_PLUGIN_LOADING gstplugin.c:894:_priv_gst_plugin_load_file_for_registry: Plugin 0x21df7d0 for file "/home/conan/w/prod/BuildSingleReference/.conan/data/gstreamer/1.19.2/_/_/package/87c267dd1134a9a07d23e41650d01aade79b0036/lib/gstreamer-1.0/libgstcoreelements.so" prepared, registering...
0:00:00.004851461  2477 0x21c3320 LOG   GST_PLUGIN_LOADING gstplugin.c:511:gst_plugin_register_func: plugin "/home/conan/w/prod/BuildSingleReference/.conan/data/gstreamer/1.19.2/_/_/package/87c267dd1134a9a07d23e41650d01aade79b0036/lib/gstreamer-1.0/libgstcoreelements.so" looks good
0:00:00.004884627  2477 0x21c3320 TRACE   GST_REFCOUNTING gstobject.c:208:gst_object_init: 0x21dfbb0 new
0:00:00.004899918  2477 0x21c3320 LOG   GST_ELEMENT_FACTORY gstelementfactory.c:240:gst_element_register: Created new elementfactory for type GstCapsFilter
0:00:00.004913995  2477 0x21c3320 TRACE   structure gststructure.c:292:gst_structure_new_id_empty_with_size: created structure 0x21e0260
0:00:00.004920830  2477 0x21c3320 TRACE   GST_PERFORMANCE gststructure.c:512:gst_structure_copy: doing copy 0x21c9b40 -> 0x21e0260
0:00:00.004929077  2477 0x21c3320 DEBUG   GST_ELEMENT_PADS gstelement.c:312:gst_element_base_class_init: type GstBaseTransform : factory (nil)
0:00:00.004937211  2477 0x21c3320 DEBUG   basetransform gstbasetransform.c:333:gst_base_transform_class_init: gst_base_transform_class_init
0:00:00.004958437  2477 0x21c3320 TRACE   structure gststructure.c:292:gst_structure_new_id_empty_with_size: created structure 0x21e06d0
0:00:00.004967578  2477 0x21c3320 TRACE   GST_PERFORMANCE gststructure.c:512:gst_structure_copy: doing copy 0x21e0260 -> 0x21e06d0
0:00:00.004975294  2477 0x21c3320 DEBUG   GST_ELEMENT_PADS gstelement.c:312:gst_element_base_class_init: type GstCapsFilter : factory 0x21dfbb0
0:00:00.005000022  2477 0x21c3320 TRACE   GST_CAPS gstcaps.c:263:gst_caps_new_empty: created caps 0x21d2aa0
0:00:00.005007600  2477 0x21c3320 TRACE   GST_CAPS gstcaps.c:440:gst_static_caps_get: created 0x7f0d014706f8 from string ANY
0:00:00.005014562  2477 0x21c3320 TRACE   GST_REFCOUNTING gstminiobject.c:479:gst_mini_object_ref: 0x21d2aa0 ref 1->2
0:00:00.005057835  2477 0x21c3320 TRACE   GST_REFCOUNTING gstobject.c:208:gst_object_init: 0x21e1060 new
0:00:00.005078423  2477 0x21c3320 TRACE   GST_REFCOUNTING gstminiobject.c:479:gst_mini_object_ref: 0x21d2aa0 ref 2->3
0:00:00.005092600  2477 0x21c3320 TRACE   GST_REFCOUNTING gstminiobject.c:661:gst_mini_object_unref: 0x21d2aa0 unref 3->2
0:00:00.005101010  2477 0x21c3320 TRACE   GST_REFCOUNTING gstobject.c:294:gst_object_ref_sink: 0x21e1060 ref_sink 1->2
0:00:00.005108332  2477 0x21c3320 TRACE   GST_CAPS gstcaps.c:263:gst_caps_new_empty: created caps 0x21e0aa0
0:00:00.005115040  2477 0x21c3320 TRACE   GST_CAPS gstcaps.c:440:gst_static_caps_get: created 0x7f0d01470738 from string ANY
0:00:00.005121872  2477 0x21c3320 TRACE   GST_REFCOUNTING gstminiobject.c:479:gst_mini_object_ref: 0x21e0aa0 ref 1->2
0:00:00.005135017  2477 0x21c3320 TRACE   GST_REFCOUNTING gstobject.c:208:gst_object_init: 0x21e12a0 new
0:00:00.005146003  2477 0x21c3320 TRACE   GST_REFCOUNTING gstminiobject.c:479:gst_mini_object_ref: 0x21e0aa0 ref 2->3
0:00:00.005155362  2477 0x21c3320 TRACE   GST_REFCOUNTING gstminiobject.c:661:gst_mini_object_unref: 0x21e0aa0 unref 3->2
0:00:00.005163189  2477 0x21c3320 TRACE   GST_REFCOUNTING gstobject.c:294:gst_object_ref_sink: 0x21e12a0 ref_sink 1->2
0:00:00.005175572  2477 0x21c3320 TRACE   structure gststructure.c:292:gst_structure_new_id_empty_with_size: created structure 0x21e1500
0:00:00.005183393  2477 0x21c3320 TRACE   GST_PERFORMANCE gststructure.c:512:gst_structure_copy: doing copy 0x21e06d0 -> 0x21e1500
0:00:00.005194772  2477 0x21c3320 DEBUG   GST_REGISTRY gstregistry.c:590:gst_registry_add_feature: adding feature 0x21dfbb0 (capsfilter)
0:00:00.005202029  2477 0x21c3320 DEBUG   GST_REFCOUNTING gstobject.c:709:gst_object_set_parent: set parent (ref and sink)
0:00:00.005215041  2477 0x21c3320 TRACE   GST_REFCOUNTING gstobject.c:294:gst_object_ref_sink: 0x21dfbb0 ref_sink 1->2
0:00:00.005223329  2477 0x21c3320 LOG   GST_REGISTRY gstregistry.c:608:gst_registry_add_feature: emitting feature-added for capsfilter
0:00:00.005238085  2477 0x21c3320 TRACE   GST_REFCOUNTING gstobject.c:208:gst_object_init: 0x21e1840 new
0:00:00.005254265  2477 0x21c3320 LOG   GST_ELEMENT_FACTORY gstelementfactory.c:240:gst_element_register: Created new elementfactory for type GstClockSync
0:00:00.005262744  2477 0x21c3320 TRACE   structure gststructure.c:292:gst_structure_new_id_empty_with_size: created structure 0x21e1c70
0:00:00.005268978  2477 0x21c3320 TRACE   GST_PERFORMANCE gststructure.c:512:gst_structure_copy: doing copy 0x21c9b40 -> 0x21e1c70
0:00:00.005279246  2477 0x21c3320 DEBUG   GST_ELEMENT_PADS gstelement.c:312:gst_element_base_class_init: type GstClockSync : factory 0x21e1840
0:00:00.005309370  2477 0x21c3320 TRACE   GST_CAPS gstcaps.c:263:gst_caps_new_empty: created caps 0x21e1f20
0:00:00.005321982  2477 0x21c3320 TRACE   GST_CAPS gstcaps.c:440:gst_static_caps_get: created 0x7f0d01470778 from string ANY
0:00:00.005328621  2477 0x21c3320 TRACE   GST_REFCOUNTING gstminiobject.c:479:gst_mini_object_ref: 0x21e1f20 ref 1->2
0:00:00.005338549  2477 0x21c3320 TRACE   GST_REFCOUNTING gstobject.c:208:gst_object_init: 0x21e1f70 new
0:00:00.005347798  2477 0x21c3320 TRACE   GST_REFCOUNTING gstminiobject.c:479:gst_mini_object_ref: 0x21e1f20 ref 2->3
0:00:00.005360122  2477 0x21c3320 TRACE   GST_REFCOUNTING gstminiobject.c:661:gst_mini_object_unref: 0x21e1f20 unref 3->2
0:00:00.005369313  2477 0x21c3320 TRACE   GST_REFCOUNTING gstobject.c:294:gst_object_ref_sink: 0x21e1f70 ref_sink 1->2
0:00:00.005376203  2477 0x21c3320 TRACE   GST_CAPS gstcaps.c:263:gst_caps_new_empty: created caps 0x21e2090
0:00:00.005382769  2477 0x21c3320 TRACE   GST_CAPS gstcaps.c:440:gst_static_caps_get: created 0x7f0d014707b8 from string ANY
0:00:00.005389203  2477 0x21c3320 TRACE   GST_REFCOUNTING gstminiobject.c:479:gst_mini_object_ref: 0x21e2090 ref 1->2
0:00:00.005398664  2477 0x21c3320 TRACE   GST_REFCOUNTING gstobject.c:208:gst_object_init: 0x21e21e0 new
0:00:00.005407476  2477 0x21c3320 TRACE   GST_REFCOUNTING gstminiobject.c:479:gst_mini_object_ref: 0x21e2090 ref 2->3
0:00:00.005416297  2477 0x21c3320 TRACE   GST_REFCOUNTING gstminiobject.c:661:gst_mini_object_unref: 0x21e2090 unref 3->2
0:00:00.005427342  2477 0x21c3320 TRACE   GST_REFCOUNTING gstobject.c:294:gst_object_ref_sink: 0x21e21e0 ref_sink 1->2
0:00:00.005460784  2477 0x21c3320 TRACE   structure gststructure.c:292:gst_structure_new_id_empty_with_size: created structure 0x21e2280
0:00:00.005474966  2477 0x21c3320 TRACE   GST_PERFORMANCE gststructure.c:512:gst_structure_copy: doing copy 0x21e1c70 -> 0x21e2280
0:00:00.005488135  2477 0x21c3320 DEBUG   GST_REGISTRY gstregistry.c:590:gst_registry_add_feature: adding feature 0x21e1840 (clocksync)
0:00:00.005494739  2477 0x21c3320 DEBUG   GST_REFCOUNTING gstobject.c:709:gst_object_set_parent: set parent (ref and sink)
0:00:00.005502090  2477 0x21c3320 TRACE   GST_REFCOUNTING gstobject.c:294:gst_object_ref_sink: 0x21e1840 ref_sink 1->2
0:00:00.005512153  2477 0x21c3320 LOG   GST_REGISTRY gstregistry.c:608:gst_registry_add_feature: emitting feature-added for clocksync
0:00:00.005528558  2477 0x21c3320 TRACE   GST_REFCOUNTING gstobject.c:208:gst_object_init: 0x21e2630 new
0:00:00.005540875  2477 0x21c3320 LOG   GST_ELEMENT_FACTORY gstelementfactory.c:240:gst_element_register: Created new elementfactory for type GstConcat
0:00:00.005549026  2477 0x21c3320 TRACE   structure gststructure.c:292:gst_structure_new_id_empty_with_size: created structure 0x21e2a90
0:00:00.005555233  2477 0x21c3320 TRACE   GST_PERFORMANCE gststructure.c:512:gst_structure_copy: doing copy 0x21c9b40 -> 0x21e2a90
0:00:00.005567493  2477 0x21c3320 DEBUG   GST_ELEMENT_PADS gstelement.c:312:gst_element_base_class_init: type GstConcat : factory 0x21e2630
0:00:00.005583358  2477 0x21c3320 TRACE   GST_CAPS gstcaps.c:263:gst_caps_new_empty: created caps 0x21e2bf0
0:00:00.005592602  2477 0x21c3320 TRACE   GST_CAPS gstcaps.c:440:gst_static_caps_get: created 0x7f0d014707f8 from string ANY
0:00:00.005600572  2477 0x21c3320 TRACE   GST_REFCOUNTING gstminiobject.c:479:gst_mini_object_ref: 0x21e2bf0 ref 1->2
0:00:00.005610638  2477 0x21c3320 TRACE   GST_REFCOUNTING gstobject.c:208:gst_object_init: 0x21e2d70 new
0:00:00.005620117  2477 0x21c3320 TRACE   GST_REFCOUNTING gstminiobject.c:479:gst_mini_object_ref: 0x21e2bf0 ref 2->3
0:00:00.005633192  2477 0x21c3320 TRACE   GST_REFCOUNTING gstminiobject.c:661:gst_mini_object_unref: 0x21e2bf0 unref 3->2
0:00:00.005640646  2477 0x21c3320 TRACE   GST_REFCOUNTING gstobject.c:294:gst_object_ref_sink: 0x21e2d70 ref_sink 1->2
0:00:00.005647517  2477 0x21c3320 TRACE   GST_CAPS gstcaps.c:263:gst_caps_new_empty: created caps 0x21e2ce0
0:00:00.005656771  2477 0x21c3320 TRACE   GST_CAPS gstcaps.c:440:gst_static_caps_get: created 0x7f0d01470838 from string ANY
0:00:00.005664589  2477 0x21c3320 TRACE   GST_REFCOUNTING gstminiobject.c:479:gst_mini_object_ref: 0x21e2ce0 ref 1->2
0:00:00.005674671  2477 0x21c3320 TRACE   GST_REFCOUNTING gstobject.c:208:gst_object_init: 0x21e2e10 new
0:00:00.005683204  2477 0x21c3320 TRACE   GST_REFCOUNTING gstminiobject.c:479:gst_mini_object_ref: 0x21e2ce0 ref 2->3
0:00:00.005691865  2477 0x21c3320 TRACE   GST_REFCOUNTING gstminiobject.c:661:gst_mini_object_unref: 0x21e2ce0 unref 3->2
0:00:00.005699138  2477 0x21c3320 TRACE   GST_REFCOUNTING gstobject.c:294:gst_object_ref_sink: 0x21e2e10 ref_sink 1->2
0:00:00.005708183  2477 0x21c3320 TRACE   structure gststructure.c:292:gst_structure_new_id_empty_with_size: created structure 0x21e2fa0
0:00:00.005715562  2477 0x21c3320 TRACE   GST_PERFORMANCE gststructure.c:512:gst_structure_copy: doing copy 0x21e2a90 -> 0x21e2fa0
0:00:00.005729234  2477 0x21c3320 DEBUG   GST_REGISTRY gstregistry.c:590:gst_registry_add_feature: adding feature 0x21e2630 (concat)
0:00:00.005736878  2477 0x21c3320 DEBUG   GST_REFCOUNTING gstobject.c:709:gst_object_set_parent: set parent (ref and sink)
0:00:00.005744573  2477 0x21c3320 TRACE   GST_REFCOUNTING gstobject.c:294:gst_object_ref_sink: 0x21e2630 ref_sink 1->2
0:00:00.005751762  2477 0x21c3320 LOG   GST_REGISTRY gstregistry.c:608:gst_registry_add_feature: emitting feature-added for concat
0:00:00.005776808  2477 0x21c3320 TRACE   GST_REFCOUNTING gstobject.c:208:gst_object_init: 0x21e3530 new
0:00:00.005791385  2477 0x21c3320 LOG   GST_ELEMENT_FACTORY gstelementfactory.c:240:gst_element_register: Created new elementfactory for type GstDataURISrc
0:00:00.005808206  2477 0x21c3320 TRACE   structure gststructure.c:292:gst_structure_new_id_empty_with_size: created structure 0x21e3ad0
0:00:00.005814634  2477 0x21c3320 TRACE   GST_PERFORMANCE gststructure.c:512:gst_structure_copy: doing copy 0x21c9b40 -> 0x21e3ad0
0:00:00.005821794  2477 0x21c3320 DEBUG   GST_ELEMENT_PADS gstelement.c:312:gst_element_base_class_init: type GstBaseSrc : factory (nil)
0:00:00.005856069  2477 0x21c3320 TRACE   structure gststructure.c:292:gst_structure_new_id_empty_with_size: created structure 0x21dc2a0
0:00:00.005862710  2477 0x21c3320 TRACE   GST_PERFORMANCE gststructure.c:512:gst_structure_copy: doing copy 0x21e3ad0 -> 0x21dc2a0
0:00:00.005869369  2477 0x21c3320 DEBUG   GST_ELEMENT_PADS gstelement.c:312:gst_element_base_class_init: type GstDataURISrc : factory 0x21e3530
0:00:00.005883065  2477 0x21c3320 TRACE   GST_CAPS gstcaps.c:263:gst_caps_new_empty: created caps 0x21e4960
0:00:00.005891085  2477 0x21c3320 TRACE   GST_CAPS gstcaps.c:440:gst_static_caps_get: created 0x7f0d01470880 from string ANY
0:00:00.005897861  2477 0x21c3320 TRACE   GST_REFCOUNTING gstminiobject.c:479:gst_mini_object_ref: 0x21e4960 ref 1->2
0:00:00.005907336  2477 0x21c3320 TRACE   GST_REFCOUNTING gstobject.c:208:gst_object_init: 0x21e49b0 new
0:00:00.005915936  2477 0x21c3320 TRACE   GST_REFCOUNTING gstminiobject.c:479:gst_mini_object_ref: 0x21e4960 ref 2->3
0:00:00.005924924  2477 0x21c3320 TRACE   GST_REFCOUNTING gstminiobject.c:661:gst_mini_object_unref: 0x21e4960 unref 3->2
0:00:00.005932396  2477 0x21c3320 TRACE   GST_REFCOUNTING gstobject.c:294:gst_object_ref_sink: 0x21e49b0 ref_sink 1->2
0:00:00.005948088  2477 0x21c3320 TRACE   structure gststructure.c:292:gst_structure_new_id_empty_with_size: created structure 0x21e4b60
0:00:00.005958428  2477 0x21c3320 TRACE   GST_PERFORMANCE gststructure.c:512:gst_structure_copy: doing copy 0x21dc2a0 -> 0x21e4b60
0:00:00.005976543  2477 0x21c3320 DEBUG   GST_REGISTRY gstregistry.c:590:gst_registry_add_feature: adding feature 0x21e3530 (dataurisrc)
0:00:00.005983632  2477 0x21c3320 DEBUG   GST_REFCOUNTING gstobject.c:709:gst_object_set_parent: set parent (ref and sink)
0:00:00.005991137  2477 0x21c3320 TRACE   GST_REFCOUNTING gstobject.c:294:gst_object_ref_sink: 0x21e3530 ref_sink 1->2
0:00:00.005998121  2477 0x21c3320 LOG   GST_REGISTRY gstregistry.c:608:gst_registry_add_feature: emitting feature-added for dataurisrc
0:00:00.006011797  2477 0x21c3320 TRACE   GST_REFCOUNTING gstobject.c:208:gst_object_init: 0x21e4fe0 new
0:00:00.006026600  2477 0x21c3320 LOG   GST_ELEMENT_FACTORY gstelementfactory.c:240:gst_element_register: Created new elementfactory for type GstDownloadBuffer
0:00:00.006035817  2477 0x21c3320 TRACE   structure gststructure.c:292:gst_structure_new_id_empty_with_size: created structure 0x21e5510
0:00:00.006042232  2477 0x21c3320 TRACE   GST_PERFORMANCE gststructure.c:512:gst_structure_copy: doing copy 0x21c9b40 -> 0x21e5510
0:00:00.006054910  2477 0x21c3320 DEBUG   GST_ELEMENT_PADS gstelement.c:312:gst_element_base_class_init: type GstDownloadBuffer : factory 0x21e4fe0
0:00:00.006078051  2477 0x21c3320 TRACE   GST_CAPS gstcaps.c:263:gst_caps_new_empty: created caps 0x21e52d0
0:00:00.006084428  2477 0x21c3320 TRACE   GST_CAPS gstcaps.c:440:gst_static_caps_get: created 0x7f0d014708d0 from string ANY
0:00:00.006091249  2477 0x21c3320 TRACE   GST_REFCOUNTING gstminiobject.c:479:gst_mini_object_ref: 0x21e52d0 ref 1->2
0:00:00.006100593  2477 0x21c3320 TRACE   GST_REFCOUNTING gstobject.c:208:gst_object_init: 0x21e5150 new
0:00:00.006114497  2477 0x21c3320 TRACE   GST_REFCOUNTING gstminiobject.c:479:gst_mini_object_ref: 0x21e52d0 ref 2->3
0:00:00.006124633  2477 0x21c3320 TRACE   GST_REFCOUNTING gstminiobject.c:661:gst_mini_object_unref: 0x21e52d0 unref 3->2
0:00:00.006132342  2477 0x21c3320 TRACE   GST_REFCOUNTING gstobject.c:294:gst_object_ref_sink: 0x21e5150 ref_sink 1->2
0:00:00.006139482  2477 0x21c3320 TRACE   GST_CAPS gstcaps.c:263:gst_caps_new_empty: created caps 0x21e5a70
0:00:00.006146223  2477 0x21c3320 TRACE   GST_CAPS gstcaps.c:440:gst_static_caps_get: created 0x7f0d01470910 from string ANY
0:00:00.006152336  2477 0x21c3320 TRACE   GST_REFCOUNTING gstminiobject.c:479:gst_mini_object_ref: 0x21e5a70 ref 1->2
0:00:00.006161546  2477 0x21c3320 TRACE   GST_REFCOUNTING gstobject.c:208:gst_object_init: 0x21e59a0 new
0:00:00.006169385  2477 0x21c3320 TRACE   GST_REFCOUNTING gstminiobject.c:479:gst_mini_object_ref: 0x21e5a70 ref 2->3
0:00:00.006181505  2477 0x21c3320 TRACE   GST_REFCOUNTING gstminiobject.c:661:gst_mini_object_unref: 0x21e5a70 unref 3->2
0:00:00.006190530  2477 0x21c3320 TRACE   GST_REFCOUNTING gstobject.c:294:gst_object_ref_sink: 0x21e59a0 ref_sink 1->2
0:00:00.006201889  2477 0x21c3320 TRACE   structure gststructure.c:292:gst_structure_new_id_empty_with_size: created structure 0x21e5c30
0:00:00.006212776  2477 0x21c3320 TRACE   GST_PERFORMANCE gststructure.c:512:gst_structure_copy: doing copy 0x21e5510 -> 0x21e5c30
0:00:00.006223103  2477 0x21c3320 DEBUG   GST_REGISTRY gstregistry.c:590:gst_registry_add_feature: adding feature 0x21e4fe0 (downloadbuffer)
0:00:00.006229688  2477 0x21c3320 DEBUG   GST_REFCOUNTING gstobject.c:709:gst_object_set_parent: set parent (ref and sink)
0:00:00.006242503  2477 0x21c3320 TRACE   GST_REFCOUNTING gstobject.c:294:gst_object_ref_sink: 0x21e4fe0 ref_sink 1->2
0:00:00.006252304  2477 0x21c3320 LOG   GST_REGISTRY gstregistry.c:608:gst_registry_add_feature: emitting feature-added for downloadbuffer
0:00:00.006267185  2477 0x21c3320 TRACE   GST_REFCOUNTING gstobject.c:208:gst_object_init: 0x21e6020 new
0:00:00.006278098  2477 0x21c3320 LOG   GST_ELEMENT_FACTORY gstelementfactory.c:240:gst_element_register: Created new elementfactory for type GstFakeSrc
0:00:00.006291198  2477 0x21c3320 TRACE   structure gststructure.c:292:gst_structure_new_id_empty_with_size: created structure 0x21e66c0
0:00:00.006297372  2477 0x21c3320 TRACE   GST_PERFORMANCE gststructure.c:512:gst_structure_copy: doing copy 0x21e3ad0 -> 0x21e66c0
0:00:00.006304247  2477 0x21c3320 DEBUG   GST_ELEMENT_PADS gstelement.c:312:gst_element_base_class_init: type GstFakeSrc : factory 0x21e6020
0:00:00.006372802  2477 0x21c3320 TRACE   GST_CAPS gstcaps.c:263:gst_caps_new_empty: created caps 0x21e7430
0:00:00.006381765  2477 0x21c3320 TRACE   GST_CAPS gstcaps.c:440:gst_static_caps_get: created 0x7f0d01470990 from string ANY
0:00:00.006388439  2477 0x21c3320 TRACE   GST_REFCOUNTING gstminiobject.c:479:gst_mini_object_ref: 0x21e7430 ref 1->2
0:00:00.006397829  2477 0x21c3320 TRACE   GST_REFCOUNTING gstobject.c:208:gst_object_init: 0x21e75b0 new
0:00:00.006407095  2477 0x21c3320 TRACE   GST_REFCOUNTING gstminiobject.c:479:gst_mini_object_ref: 0x21e7430 ref 2->3
0:00:00.006416234  2477 0x21c3320 TRACE   GST_REFCOUNTING gstminiobject.c:661:gst_mini_object_unref: 0x21e7430 unref 3->2
0:00:00.006423219  2477 0x21c3320 TRACE   GST_REFCOUNTING gstobject.c:294:gst_object_ref_sink: 0x21e75b0 ref_sink 1->2
0:00:00.006455936  2477 0x21c3320 TRACE   structure gststructure.c:292:gst_structure_new_id_empty_with_size: created structure 0x21e7810
0:00:00.006469437  2477 0x21c3320 TRACE   GST_PERFORMANCE gststructure.c:512:gst_structure_copy: doing copy 0x21e66c0 -> 0x21e7810
0:00:00.006484171  2477 0x21c3320 DEBUG   GST_REGISTRY gstregistry.c:590:gst_registry_add_feature: adding feature 0x21e6020 (fakesrc)
0:00:00.006492912  2477 0x21c3320 DEBUG   GST_REFCOUNTING gstobject.c:709:gst_object_set_parent: set parent (ref and sink)
0:00:00.006500623  2477 0x21c3320 TRACE   GST_REFCOUNTING gstobject.c:294:gst_object_ref_sink: 0x21e6020 ref_sink 1->2
0:00:00.006507741  2477 0x21c3320 LOG   GST_REGISTRY gstregistry.c:608:gst_registry_add_feature: emitting feature-added for fakesrc
0:00:00.006534795  2477 0x21c3320 TRACE   GST_REFCOUNTING gstobject.c:208:gst_object_init: 0x21e7b70 new
0:00:00.006547173  2477 0x21c3320 LOG   GST_ELEMENT_FACTORY gstelementfactory.c:240:gst_element_register: Created new elementfactory for type GstFakeSink
0:00:00.006558459  2477 0x21c3320 TRACE   structure gststructure.c:292:gst_structure_new_id_empty_with_size: created structure 0x21e8200
0:00:00.006564501  2477 0x21c3320 TRACE   GST_PERFORMANCE gststructure.c:512:gst_structure_copy: doing copy 0x21c9b40 -> 0x21e8200
0:00:00.006574184  2477 0x21c3320 DEBUG   GST_ELEMENT_PADS gstelement.c:312:gst_element_base_class_init: type GstBaseSink : factory (nil)
0:00:00.006623767  2477 0x21c3320 TRACE   structure gststructure.c:292:gst_structure_new_id_empty_with_size: created structure 0x21e8eb0
0:00:00.006630465  2477 0x21c3320 TRACE   GST_PERFORMANCE gststructure.c:512:gst_structure_copy: doing copy 0x21e8200 -> 0x21e8eb0
0:00:00.006642594  2477 0x21c3320 DEBUG   GST_ELEMENT_PADS gstelement.c:312:gst_element_base_class_init: type GstFakeSink : factory 0x21e7b70
0:00:00.006681550  2477 0x21c3320 TRACE   GST_CAPS gstcaps.c:263:gst_caps_new_empty: created caps 0x21e73d0
0:00:00.006688893  2477 0x21c3320 TRACE   GST_CAPS gstcaps.c:440:gst_static_caps_get: created 0x7f0d01470950 from string ANY
0:00:00.006695097  2477 0x21c3320 TRACE   GST_REFCOUNTING gstminiobject.c:479:gst_mini_object_ref: 0x21e73d0 ref 1->2
0:00:00.006707425  2477 0x21c3320 TRACE   GST_REFCOUNTING gstobject.c:208:gst_object_init: 0x21e9ad0 new
0:00:00.006717853  2477 0x21c3320 TRACE   GST_REFCOUNTING gstminiobject.c:479:gst_mini_object_ref: 0x21e73d0 ref 2->3
0:00:00.006726600  2477 0x21c3320 TRACE   GST_REFCOUNTING gstminiobject.c:661:gst_mini_object_unref: 0x21e73d0 unref 3->2
0:00:00.006733882  2477 0x21c3320 TRACE   GST_REFCOUNTING gstobject.c:294:gst_object_ref_sink: 0x21e9ad0 ref_sink 1->2
0:00:00.006743980  2477 0x21c3320 TRACE   structure gststructure.c:292:gst_structure_new_id_empty_with_size: created structure 0x21e9c60
0:00:00.006750867  2477 0x21c3320 TRACE   GST_PERFORMANCE gststructure.c:512:gst_structure_copy: doing copy 0x21e8eb0 -> 0x21e9c60
0:00:00.006771126  2477 0x21c3320 DEBUG   GST_REGISTRY gstregistry.c:590:gst_registry_add_feature: adding feature 0x21e7b70 (fakesink)
0:00:00.006780134  2477 0x21c3320 DEBUG   GST_REFCOUNTING gstobject.c:709:gst_object_set_parent: set parent (ref and sink)
0:00:00.006788283  2477 0x21c3320 TRACE   GST_REFCOUNTING gstobject.c:294:gst_object_ref_sink: 0x21e7b70 ref_sink 1->2
0:00:00.006797562  2477 0x21c3320 LOG   GST_REGISTRY gstregistry.c:608:gst_registry_add_feature: emitting feature-added for fakesink
0:00:00.006823708  2477 0x21c3320 TRACE   GST_REFCOUNTING gstobject.c:208:gst_object_init: 0x21ea1c0 new
0:00:00.006838160  2477 0x21c3320 LOG   GST_ELEMENT_FACTORY gstelementfactory.c:240:gst_element_register: Created new elementfactory for type GstFdSrc
0:00:00.006846915  2477 0x21c3320 TRACE   structure gststructure.c:292:gst_structure_new_id_empty_with_size: created structure 0x21ea780
0:00:00.006852503  2477 0x21c3320 TRACE   GST_PERFORMANCE gststructure.c:512:gst_structure_copy: doing copy 0x21e3ad0 -> 0x21ea780
0:00:00.006859291  2477 0x21c3320 DEBUG   GST_ELEMENT_PADS gstelement.c:312:gst_element_base_class_init: type GstPushSrc : factory (nil)
0:00:00.006867582  2477 0x21c3320 TRACE   structure gststructure.c:292:gst_structure_new_id_empty_with_size: created structure 0x21eac20
0:00:00.006873105  2477 0x21c3320 TRACE   GST_PERFORMANCE gststructure.c:512:gst_structure_copy: doing copy 0x21ea780 -> 0x21eac20
0:00:00.006879222  2477 0x21c3320 DEBUG   GST_ELEMENT_PADS gstelement.c:312:gst_element_base_class_init: type GstFdSrc : factory 0x21ea1c0
0:00:00.006899397  2477 0x21c3320 TRACE   GST_CAPS gstcaps.c:263:gst_caps_new_empty: created caps 0x21ea350
0:00:00.006911842  2477 0x21c3320 TRACE   GST_CAPS gstcaps.c:440:gst_static_caps_get: created 0x7f0d01470a20 from string ANY
0:00:00.006919465  2477 0x21c3320 TRACE   GST_REFCOUNTING gstminiobject.c:479:gst_mini_object_ref: 0x21ea350 ref 1->2
0:00:00.006929426  2477 0x21c3320 TRACE   GST_REFCOUNTING gstobject.c:208:gst_object_init: 0x21eaf40 new
0:00:00.006938273  2477 0x21c3320 TRACE   GST_REFCOUNTING gstminiobject.c:479:gst_mini_object_ref: 0x21ea350 ref 2->3
0:00:00.006946877  2477 0x21c3320 TRACE   GST_REFCOUNTING gstminiobject.c:661:gst_mini_object_unref: 0x21ea350 unref 3->2
0:00:00.006953634  2477 0x21c3320 TRACE   GST_REFCOUNTING gstobject.c:294:gst_object_ref_sink: 0x21eaf40 ref_sink 1->2
0:00:00.006982132  2477 0x21c3320 TRACE   structure gststructure.c:292:gst_structure_new_id_empty_with_size: created structure 0x21e3f10
0:00:00.006991749  2477 0x21c3320 TRACE   GST_PERFORMANCE gststructure.c:512:gst_structure_copy: doing copy 0x21eac20 -> 0x21e3f10
0:00:00.007008162  2477 0x21c3320 DEBUG   GST_REGISTRY gstregistry.c:590:gst_registry_add_feature: adding feature 0x21ea1c0 (fdsrc)
0:00:00.007016716  2477 0x21c3320 DEBUG   GST_REFCOUNTING gstobject.c:709:gst_object_set_parent: set parent (ref and sink)
0:00:00.007023886  2477 0x21c3320 TRACE   GST_REFCOUNTING gstobject.c:294:gst_object_ref_sink: 0x21ea1c0 ref_sink 1->2
0:00:00.007030661  2477 0x21c3320 LOG   GST_REGISTRY gstregistry.c:608:gst_registry_add_feature: emitting feature-added for fdsrc
0:00:00.007046705  2477 0x21c3320 TRACE   GST_REFCOUNTING gstobject.c:208:gst_object_init: 0x21e4430 new
0:00:00.007060157  2477 0x21c3320 LOG   GST_ELEMENT_FACTORY gstelementfactory.c:240:gst_element_register: Created new elementfactory for type GstFdSink
0:00:00.007068491  2477 0x21c3320 TRACE   structure gststructure.c:292:gst_structure_new_id_empty_with_size: created structure 0x21e46c0
0:00:00.007074345  2477 0x21c3320 TRACE   GST_PERFORMANCE gststructure.c:512:gst_structure_copy: doing copy 0x21e8200 -> 0x21e46c0
