0:00:00.023209497  2476 0x85a370 DEBUG   GST_REGISTRY gstregistrychunks.c:527:gst_registry_chunks_load_pad_template: Reading/casting for GstRegistryChunkPadTemplate at address 0x8768d0
0:00:00.018156107  2477 0x21c3320 DEBUG   GST_POLL gstpoll.c:980:gst_poll_fd_ctl_write: 0x21cb9c0: fd (fd:0, idx:1), active : 1
0:00:00.023216663  2476 0x85a370 DEBUG   GST_REGISTRY gstregistrychunks.c:540:gst_registry_chunks_load_pad_template: Added pad_template src
0:00:00.018163156  2477 0x21c3320 LOG   GST_POLL gstpoll.c:994:gst_poll_fd_ctl_write: 0x21cb9c0: pfd->events now 60 (POLLOUT:4)
0:00:00.023223298  2476 0x85a370 DEBUG   GST_REGISTRY gstregistrychunks.c:527:gst_registry_chunks_load_pad_template: Reading/casting for GstRegistryChunkPadTemplate at address 0x8768e0
0:00:00.023233594  2476 0x85a370 DEBUG   GST_REGISTRY gstregistrychunks.c:540:gst_registry_chunks_load_pad_template: Added pad_template sink_%u
0:00:00.018177470  2477 0x21c3320 DEBUG   GST_POLL gstpoll.c:980:gst_poll_fd_ctl_write: 0x21cb9c0: fd (fd:0, idx:1), active : 1
0:00:00.018186166  2477 0x21c3320 LOG   GST_POLL gstpoll.c:994:gst_poll_fd_ctl_write: 0x21cb9c0: pfd->events now 60 (POLLOUT:4)
0:00:00.023242484  2476 0x85a370 DEBUG   GST_REGISTRY gstregistry.c:590:gst_registry_add_feature: adding feature 0x8796a0 (input-selector)
0:00:00.018192881  2477 0x21c3320 DEBUG   GST_POLL gstpoll.c:980:gst_poll_fd_ctl_write: 0x21cb9c0: fd (fd:0, idx:1), active : 1
0:00:00.023250299  2476 0x85a370 DEBUG   GST_REFCOUNTING gstobject.c:709:gst_object_set_parent: set parent (ref and sink)
0:00:00.018199293  2477 0x21c3320 LOG   GST_POLL gstpoll.c:994:gst_poll_fd_ctl_write: 0x21cb9c0: pfd->events now 60 (POLLOUT:4)
0:00:00.023258718  2476 0x85a370 TRACE   GST_REFCOUNTING gstobject.c:294:gst_object_ref_sink: 0x8796a0 ref_sink 1->2
0:00:00.018205941  2477 0x21c3320 DEBUG   GST_POLL gstpoll.c:980:gst_poll_fd_ctl_write: 0x21cb9c0: fd (fd:0, idx:1), active : 1
0:00:00.018213148  2477 0x21c3320 LOG   GST_POLL gstpoll.c:994:gst_poll_fd_ctl_write: 0x21cb9c0: pfd->events now 60 (POLLOUT:4)
0:00:00.023269038  2476 0x85a370 LOG   GST_REGISTRY gstregistry.c:608:gst_registry_add_feature: emitting feature-added for input-selector
0:00:00.018219070  2477 0x21c3320 DEBUG   GST_POLL gstpoll.c:980:gst_poll_fd_ctl_write: 0x21cb9c0: fd (fd:0, idx:1), active : 1
0:00:00.018225144  2477 0x21c3320 LOG   GST_POLL gstpoll.c:994:gst_poll_fd_ctl_write: 0x21cb9c0: pfd->events now 60 (POLLOUT:4)
0:00:00.018233843  2477 0x21c3320 DEBUG   GST_POLL gstpoll.c:980:gst_poll_fd_ctl_write: 0x21cb9c0: fd (fd:0, idx:1), active : 1
0:00:00.018240276  2477 0x21c3320 LOG   GST_POLL gstpoll.c:994:gst_poll_fd_ctl_write: 0x21cb9c0: pfd->events now 60 (POLLOUT:4)
0:00:00.018246576  2477 0x21c3320 DEBUG   GST_POLL gstpoll.c:980:gst_poll_fd_ctl_write: 0x21cb9c0: fd (fd:0, idx:1), active : 1
0:00:00.018252091  2477 0x21c3320 LOG   GST_POLL gstpoll.c:994:gst_poll_fd_ctl_write: 0x21cb9c0: pfd->events now 60 (POLLOUT:4)
0:00:00.018258363  2477 0x21c3320 DEBUG   GST_POLL gstpoll.c:980:gst_poll_fd_ctl_write: 0x21cb9c0: fd (fd:0, idx:1), active : 1
0:00:00.018263994  2477 0x21c3320 LOG   GST_POLL gstpoll.c:994:gst_poll_fd_ctl_write: 0x21cb9c0: pfd->events now 60 (POLLOUT:4)
0:00:00.018269883  2477 0x21c3320 DEBUG   GST_POLL gstpoll.c:980:gst_poll_fd_ctl_write: 0x21cb9c0: fd (fd:0, idx:1), active : 1
0:00:00.018275441  2477 0x21c3320 LOG   GST_POLL gstpoll.c:994:gst_poll_fd_ctl_write: 0x21cb9c0: pfd->events now 60 (POLLOUT:4)
0:00:00.018284194  2477 0x21c3320 DEBUG   GST_POLL gstpoll.c:980:gst_poll_fd_ctl_write: 0x21cb9c0: fd (fd:0, idx:1), active : 1
0:00:00.018295825  2477 0x21c3320 LOG   GST_POLL gstpoll.c:994:gst_poll_fd_ctl_write: 0x21cb9c0: pfd->events now 60 (POLLOUT:4)
0:00:00.018302511  2477 0x21c3320 DEBUG   GST_POLL gstpoll.c:980:gst_poll_fd_ctl_write: 0x21cb9c0: fd (fd:0, idx:1), active : 1
0:00:00.018308257  2477 0x21c3320 LOG   GST_POLL gstpoll.c:994:gst_poll_fd_ctl_write: 0x21cb9c0: pfd->events now 60 (POLLOUT:4)
0:00:00.018314106  2477 0x21c3320 DEBUG   GST_POLL gstpoll.c:980:gst_poll_fd_ctl_write: 0x21cb9c0: fd (fd:0, idx:1), active : 1
0:00:00.018319516  2477 0x21c3320 LOG   GST_POLL gstpoll.c:994:gst_poll_fd_ctl_write: 0x21cb9c0: pfd->events now 60 (POLLOUT:4)
0:00:00.018325450  2477 0x21c3320 DEBUG   GST_POLL gstpoll.c:980:gst_poll_fd_ctl_write: 0x21cb9c0: fd (fd:0, idx:1), active : 1
0:00:00.023278035  2476 0x85a370 DEBUG   GST_REGISTRY gstregistrychunks.c:742:gst_registry_chunks_load_feature: Added feature input-selector, plugin 0x875580 coreelements
0:00:00.018331117  2477 0x21c3320 LOG   GST_POLL gstpoll.c:994:gst_poll_fd_ctl_write: 0x21cb9c0: pfd->events now 60 (POLLOUT:4)
0:00:00.018348358  2477 0x21c3320 DEBUG   GST_POLL gstpoll.c:980:gst_poll_fd_ctl_write: 0x21cb9c0: fd (fd:0, idx:1), active : 1
0:00:00.018354795  2477 0x21c3320 LOG   GST_POLL gstpoll.c:994:gst_poll_fd_ctl_write: 0x21cb9c0: pfd->events now 60 (POLLOUT:4)
0:00:00.023411218  2476 0x85a370 DEBUG   GST_REGISTRY gstregistrychunks.c:584:gst_registry_chunks_load_feature: Plugin 'coreelements' feature 'identity' typename : 'GstElementFactory'
0:00:00.018361015  2477 0x21c3320 DEBUG   GST_POLL gstpoll.c:980:gst_poll_fd_ctl_write: 0x21cb9c0: fd (fd:0, idx:1), active : 1
0:00:00.018369751  2477 0x21c3320 LOG   GST_POLL gstpoll.c:994:gst_poll_fd_ctl_write: 0x21cb9c0: pfd->events now 60 (POLLOUT:4)
0:00:00.018375529  2477 0x21c3320 DEBUG   GST_POLL gstpoll.c:980:gst_poll_fd_ctl_write: 0x21cb9c0: fd (fd:0, idx:1), active : 1
0:00:00.018380911  2477 0x21c3320 LOG   GST_POLL gstpoll.c:994:gst_poll_fd_ctl_write: 0x21cb9c0: pfd->events now 60 (POLLOUT:4)
0:00:00.023436911  2476 0x85a370 TRACE   GST_REFCOUNTING gstobject.c:208:gst_object_init: 0x879aa0 new
0:00:00.018386755  2477 0x21c3320 DEBUG   GST_POLL gstpoll.c:980:gst_poll_fd_ctl_write: 0x21cb9c0: fd (fd:0, idx:1), active : 1
0:00:00.018392852  2477 0x21c3320 LOG   GST_POLL gstpoll.c:994:gst_poll_fd_ctl_write: 0x21cb9c0: pfd->events now 60 (POLLOUT:4)
0:00:00.023451902  2476 0x85a370 LOG   GST_REGISTRY gstregistrychunks.c:611:gst_registry_chunks_load_feature: Reading/casting for GstRegistryChunkElementFactory at address 0x876910
0:00:00.018401582  2477 0x21c3320 DEBUG   GST_POLL gstpoll.c:980:gst_poll_fd_ctl_write: 0x21cb9c0: fd (fd:0, idx:1), active : 1
0:00:00.023462306  2476 0x85a370 TRACE   structure gststructure.c:292:gst_structure_new_id_empty_with_size: created structure 0x879c50
0:00:00.018408385  2477 0x21c3320 LOG   GST_POLL gstpoll.c:994:gst_poll_fd_ctl_write: 0x21cb9c0: pfd->events now 60 (POLLOUT:4)
0:00:00.023470265  2476 0x85a370 DEBUG   structure gststructure.c:2258:gst_structure_parse_field: trying field name 'long-name'
0:00:00.018421508  2477 0x21c3320 DEBUG   GST_POLL gstpoll.c:980:gst_poll_fd_ctl_write: 0x21cb9c0: fd (fd:0, idx:1), active : 1
0:00:00.023479685  2476 0x85a370 DEBUG   default gstvalue.c:2776:_priv_gst_value_parse_value: trying type name 'string'
0:00:00.018427913  2477 0x21c3320 LOG   GST_POLL gstpoll.c:994:gst_poll_fd_ctl_write: 0x21cb9c0: pfd->events now 60 (POLLOUT:4)
0:00:00.018434506  2477 0x21c3320 DEBUG   GST_POLL gstpoll.c:980:gst_poll_fd_ctl_write: 0x21cb9c0: fd (fd:0, idx:1), active : 1
0:00:00.018451091  2477 0x21c3320 LOG   GST_POLL gstpoll.c:994:gst_poll_fd_ctl_write: 0x21cb9c0: pfd->events now 60 (POLLOUT:4)
0:00:00.023489401  2476 0x85a370 DEBUG   structure gststructure.c:2258:gst_structure_parse_field: trying field name 'klass'
0:00:00.018459810  2477 0x21c3320 DEBUG   GST_POLL gstpoll.c:980:gst_poll_fd_ctl_write: 0x21cb9c0: fd (fd:0, idx:1), active : 1
0:00:00.023518112  2476 0x85a370 DEBUG   default gstvalue.c:2776:_priv_gst_value_parse_value: trying type name 'string'
0:00:00.018466641  2477 0x21c3320 LOG   GST_POLL gstpoll.c:994:gst_poll_fd_ctl_write: 0x21cb9c0: pfd->events now 60 (POLLOUT:4)
0:00:00.023527064  2476 0x85a370 DEBUG   structure gststructure.c:2258:gst_structure_parse_field: trying field name 'description'
0:00:00.018473459  2477 0x21c3320 DEBUG   GST_POLL gstpoll.c:980:gst_poll_fd_ctl_write: 0x21cb9c0: fd (fd:0, idx:1), active : 1
0:00:00.023533448  2476 0x85a370 DEBUG   default gstvalue.c:2776:_priv_gst_value_parse_value: trying type name 'string'
0:00:00.018479982  2477 0x21c3320 LOG   GST_POLL gstpoll.c:994:gst_poll_fd_ctl_write: 0x21cb9c0: pfd->events now 60 (POLLOUT:4)
0:00:00.023541753  2476 0x85a370 DEBUG   structure gststructure.c:2258:gst_structure_parse_field: trying field name 'author'
0:00:00.018486843  2477 0x21c3320 DEBUG   GST_POLL gstpoll.c:980:gst_poll_fd_ctl_write: 0x21cb9c0: fd (fd:0, idx:1), active : 1
0:00:00.023547976  2476 0x85a370 DEBUG   default gstvalue.c:2776:_priv_gst_value_parse_value: trying type name 'string'
0:00:00.018494812  2477 0x21c3320 LOG   GST_POLL gstpoll.c:994:gst_poll_fd_ctl_write: 0x21cb9c0: pfd->events now 60 (POLLOUT:4)
0:00:00.023556160  2476 0x85a370 DEBUG   GST_REGISTRY gstregistrychunks.c:627:gst_registry_chunks_load_feature: Element factory : npadtemplates=2
0:00:00.018501368  2477 0x21c3320 DEBUG   GST_POLL gstpoll.c:980:gst_poll_fd_ctl_write: 0x21cb9c0: fd (fd:0, idx:1), active : 1
0:00:00.018510384  2477 0x21c3320 LOG   GST_POLL gstpoll.c:994:gst_poll_fd_ctl_write: 0x21cb9c0: pfd->events now 60 (POLLOUT:4)
0:00:00.023565095  2476 0x85a370 DEBUG   GST_REGISTRY gstregistrychunks.c:527:gst_registry_chunks_load_pad_template: Reading/casting for GstRegistryChunkPadTemplate at address 0x8769e0
0:00:00.018519172  2477 0x21c3320 DEBUG   GST_POLL gstpoll.c:980:gst_poll_fd_ctl_write: 0x21cb9c0: fd (fd:0, idx:1), active : 1
0:00:00.023576250  2476 0x85a370 DEBUG   GST_REGISTRY gstregistrychunks.c:540:gst_registry_chunks_load_pad_template: Added pad_template sink
0:00:00.018530534  2477 0x21c3320 LOG   GST_POLL gstpoll.c:994:gst_poll_fd_ctl_write: 0x21cb9c0: pfd->events now 60 (POLLOUT:4)
0:00:00.023588434  2476 0x85a370 DEBUG   GST_REGISTRY gstregistrychunks.c:527:gst_registry_chunks_load_pad_template: Reading/casting for GstRegistryChunkPadTemplate at address 0x8769f8
0:00:00.018537524  2477 0x21c3320 DEBUG   GST_POLL gstpoll.c:980:gst_poll_fd_ctl_write: 0x21cb9c0: fd (fd:0, idx:1), active : 1
0:00:00.023594998  2476 0x85a370 DEBUG   GST_REGISTRY gstregistrychunks.c:540:gst_registry_chunks_load_pad_template: Added pad_template src
0:00:00.018543815  2477 0x21c3320 LOG   GST_POLL gstpoll.c:994:gst_poll_fd_ctl_write: 0x21cb9c0: pfd->events now 60 (POLLOUT:4)
0:00:00.018550421  2477 0x21c3320 DEBUG   GST_POLL gstpoll.c:980:gst_poll_fd_ctl_write: 0x21cb9c0: fd (fd:0, idx:1), active : 1
0:00:00.018555810  2477 0x21c3320 LOG   GST_POLL gstpoll.c:994:gst_poll_fd_ctl_write: 0x21cb9c0: pfd->events now 60 (POLLOUT:4)
0:00:00.023612910  2476 0x85a370 DEBUG   GST_REGISTRY gstregistry.c:590:gst_registry_add_feature: adding feature 0x879aa0 (identity)
0:00:00.018561647  2477 0x21c3320 DEBUG   GST_POLL gstpoll.c:980:gst_poll_fd_ctl_write: 0x21cb9c0: fd (fd:0, idx:1), active : 1
0:00:00.023621006  2476 0x85a370 DEBUG   GST_REFCOUNTING gstobject.c:709:gst_object_set_parent: set parent (ref and sink)
0:00:00.018567770  2477 0x21c3320 LOG   GST_POLL gstpoll.c:994:gst_poll_fd_ctl_write: 0x21cb9c0: pfd->events now 60 (POLLOUT:4)
0:00:00.023631050  2476 0x85a370 TRACE   GST_REFCOUNTING gstobject.c:294:gst_object_ref_sink: 0x879aa0 ref_sink 1->2
0:00:00.018578039  2477 0x21c3320 DEBUG   GST_POLL gstpoll.c:980:gst_poll_fd_ctl_write: 0x21cb9c0: fd (fd:0, idx:1), active : 1
0:00:00.018586332  2477 0x21c3320 LOG   GST_POLL gstpoll.c:994:gst_poll_fd_ctl_write: 0x21cb9c0: pfd->events now 60 (POLLOUT:4)
0:00:00.023642048  2476 0x85a370 LOG   GST_REGISTRY gstregistry.c:608:gst_registry_add_feature: emitting feature-added for identity
0:00:00.018592843  2477 0x21c3320 DEBUG   GST_POLL gstpoll.c:980:gst_poll_fd_ctl_write: 0x21cb9c0: fd (fd:0, idx:1), active : 1
0:00:00.023652298  2476 0x85a370 DEBUG   GST_REGISTRY gstregistrychunks.c:742:gst_registry_chunks_load_feature: Added feature identity, plugin 0x875580 coreelements
0:00:00.018599306  2477 0x21c3320 LOG   GST_POLL gstpoll.c:994:gst_poll_fd_ctl_write: 0x21cb9c0: pfd->events now 60 (POLLOUT:4)
0:00:00.023660946  2476 0x85a370 DEBUG   GST_REGISTRY gstregistrychunks.c:584:gst_registry_chunks_load_feature: Plugin 'coreelements' feature 'funnel' typename : 'GstElementFactory'
0:00:00.018606498  2477 0x21c3320 DEBUG   GST_POLL gstpoll.c:980:gst_poll_fd_ctl_write: 0x21cb9c0: fd (fd:0, idx:1), active : 1
0:00:00.018614310  2477 0x21c3320 LOG   GST_POLL gstpoll.c:994:gst_poll_fd_ctl_write: 0x21cb9c0: pfd->events now 60 (POLLOUT:4)
0:00:00.023671278  2476 0x85a370 TRACE   GST_REFCOUNTING gstobject.c:208:gst_object_init: 0x879ed0 new
0:00:00.018624872  2477 0x21c3320 DEBUG   GST_POLL gstpoll.c:980:gst_poll_fd_ctl_write: 0x21cb9c0: fd (fd:0, idx:1), active : 1
0:00:00.023685536  2476 0x85a370 LOG   GST_REGISTRY gstregistrychunks.c:611:gst_registry_chunks_load_feature: Reading/casting for GstRegistryChunkElementFactory at address 0x876a28
0:00:00.018631026  2477 0x21c3320 LOG   GST_POLL gstpoll.c:994:gst_poll_fd_ctl_write: 0x21cb9c0: pfd->events now 60 (POLLOUT:4)
0:00:00.023693702  2476 0x85a370 TRACE   structure gststructure.c:292:gst_structure_new_id_empty_with_size: created structure 0x87a090
0:00:00.018642128  2477 0x21c3320 DEBUG   GST_POLL gstpoll.c:980:gst_poll_fd_ctl_write: 0x21cb9c0: fd (fd:0, idx:1), active : 1
0:00:00.023700462  2476 0x85a370 DEBUG   structure gststructure.c:2258:gst_structure_parse_field: trying field name 'long-name'
0:00:00.018649111  2477 0x21c3320 LOG   GST_POLL gstpoll.c:994:gst_poll_fd_ctl_write: 0x21cb9c0: pfd->events now 60 (POLLOUT:4)
0:00:00.023707434  2476 0x85a370 DEBUG   default gstvalue.c:2776:_priv_gst_value_parse_value: trying type name 'string'
0:00:00.018656212  2477 0x21c3320 DEBUG   GST_POLL gstpoll.c:980:gst_poll_fd_ctl_write: 0x21cb9c0: fd (fd:0, idx:1), active : 1
0:00:00.018662576  2477 0x21c3320 LOG   GST_POLL gstpoll.c:994:gst_poll_fd_ctl_write: 0x21cb9c0: pfd->events now 60 (POLLOUT:4)
0:00:00.023717801  2476 0x85a370 DEBUG   structure gststructure.c:2258:gst_structure_parse_field: trying field name 'klass'
0:00:00.018668546  2477 0x21c3320 DEBUG   GST_POLL gstpoll.c:980:gst_poll_fd_ctl_write: 0x21cb9c0: fd (fd:0, idx:1), active : 1
0:00:00.023726335  2476 0x85a370 DEBUG   default gstvalue.c:2776:_priv_gst_value_parse_value: trying type name 'string'
0:00:00.018674627  2477 0x21c3320 LOG   GST_POLL gstpoll.c:994:gst_poll_fd_ctl_write: 0x21cb9c0: pfd->events now 60 (POLLOUT:4)
0:00:00.023733665  2476 0x85a370 DEBUG   structure gststructure.c:2258:gst_structure_parse_field: trying field name 'description'
0:00:00.018681076  2477 0x21c3320 DEBUG   GST_POLL gstpoll.c:980:gst_poll_fd_ctl_write: 0x21cb9c0: fd (fd:0, idx:1), active : 1
0:00:00.023739914  2476 0x85a370 DEBUG   default gstvalue.c:2776:_priv_gst_value_parse_value: trying type name 'string'
0:00:00.018686980  2477 0x21c3320 LOG   GST_POLL gstpoll.c:994:gst_poll_fd_ctl_write: 0x21cb9c0: pfd->events now 60 (POLLOUT:4)
0:00:00.023747257  2476 0x85a370 DEBUG   structure gststructure.c:2258:gst_structure_parse_field: trying field name 'author'
0:00:00.018696030  2477 0x21c3320 DEBUG   GST_POLL gstpoll.c:980:gst_poll_fd_ctl_write: 0x21cb9c0: fd (fd:0, idx:1), active : 1
0:00:00.023753410  2476 0x85a370 DEBUG   default gstvalue.c:2776:_priv_gst_value_parse_value: trying type name 'string'
0:00:00.018702989  2477 0x21c3320 LOG   GST_POLL gstpoll.c:994:gst_poll_fd_ctl_write: 0x21cb9c0: pfd->events now 60 (POLLOUT:4)
0:00:00.023762141  2476 0x85a370 DEBUG   GST_REGISTRY gstregistrychunks.c:627:gst_registry_chunks_load_feature: Element factory : npadtemplates=2
0:00:00.018714423  2477 0x21c3320 DEBUG   GST_POLL gstpoll.c:980:gst_poll_fd_ctl_write: 0x21cb9c0: fd (fd:0, idx:1), active : 1
0:00:00.023771753  2476 0x85a370 DEBUG   GST_REGISTRY gstregistrychunks.c:527:gst_registry_chunks_load_pad_template: Reading/casting for GstRegistryChunkPadTemplate at address 0x876b00
0:00:00.018720815  2477 0x21c3320 LOG   GST_POLL gstpoll.c:994:gst_poll_fd_ctl_write: 0x21cb9c0: pfd->events now 60 (POLLOUT:4)
0:00:00.023780685  2476 0x85a370 DEBUG   GST_REGISTRY gstregistrychunks.c:540:gst_registry_chunks_load_pad_template: Added pad_template src
0:00:00.018727472  2477 0x21c3320 DEBUG   GST_POLL gstpoll.c:980:gst_poll_fd_ctl_write: 0x21cb9c0: fd (fd:0, idx:1), active : 1
0:00:00.023788162  2476 0x85a370 DEBUG   GST_REGISTRY gstregistrychunks.c:527:gst_registry_chunks_load_pad_template: Reading/casting for GstRegistryChunkPadTemplate at address 0x876b10
0:00:00.018734905  2477 0x21c3320 LOG   GST_POLL gstpoll.c:994:gst_poll_fd_ctl_write: 0x21cb9c0: pfd->events now 60 (POLLOUT:4)
0:00:00.023795098  2476 0x85a370 DEBUG   GST_REGISTRY gstregistrychunks.c:540:gst_registry_chunks_load_pad_template: Added pad_template sink_%u
0:00:00.018741880  2477 0x21c3320 DEBUG   GST_POLL gstpoll.c:980:gst_poll_fd_ctl_write: 0x21cb9c0: fd (fd:0, idx:1), active : 1
0:00:00.018748096  2477 0x21c3320 LOG   GST_POLL gstpoll.c:994:gst_poll_fd_ctl_write: 0x21cb9c0: pfd->events now 60 (POLLOUT:4)
0:00:00.023804395  2476 0x85a370 DEBUG   GST_REGISTRY gstregistry.c:590:gst_registry_add_feature: adding feature 0x879ed0 (funnel)
0:00:00.023813094  2476 0x85a370 DEBUG   GST_REFCOUNTING gstobject.c:709:gst_object_set_parent: set parent (ref and sink)
0:00:00.018756789  2477 0x21c3320 DEBUG   GST_POLL gstpoll.c:980:gst_poll_fd_ctl_write: 0x21cb9c0: fd (fd:0, idx:1), active : 1
0:00:00.023820824  2476 0x85a370 TRACE   GST_REFCOUNTING gstobject.c:294:gst_object_ref_sink: 0x879ed0 ref_sink 1->2
0:00:00.018768682  2477 0x21c3320 LOG   GST_POLL gstpoll.c:994:gst_poll_fd_ctl_write: 0x21cb9c0: pfd->events now 60 (POLLOUT:4)
0:00:00.023834718  2476 0x85a370 LOG   GST_REGISTRY gstregistry.c:608:gst_registry_add_feature: emitting feature-added for funnel
0:00:00.018781079  2477 0x21c3320 DEBUG   GST_POLL gstpoll.c:980:gst_poll_fd_ctl_write: 0x21cb9c0: fd (fd:0, idx:1), active : 1
0:00:00.023842940  2476 0x85a370 DEBUG   GST_REGISTRY gstregistrychunks.c:742:gst_registry_chunks_load_feature: Added feature funnel, plugin 0x875580 coreelements
0:00:00.018788264  2477 0x21c3320 LOG   GST_POLL gstpoll.c:994:gst_poll_fd_ctl_write: 0x21cb9c0: pfd->events now 60 (POLLOUT:4)
0:00:00.018797826  2477 0x21c3320 DEBUG   GST_POLL gstpoll.c:980:gst_poll_fd_ctl_write: 0x21cb9c0: fd (fd:0, idx:1), active : 1
0:00:00.023853155  2476 0x85a370 DEBUG   GST_REGISTRY gstregistrychunks.c:584:gst_registry_chunks_load_feature: Plugin 'coreelements' feature 'filesrc' typename : 'GstElementFactory'
0:00:00.018803496  2477 0x21c3320 LOG   GST_POLL gstpoll.c:994:gst_poll_fd_ctl_write: 0x21cb9c0: pfd->events now 60 (POLLOUT:4)
0:00:00.018817345  2477 0x21c3320 DEBUG   GST_POLL gstpoll.c:980:gst_poll_fd_ctl_write: 0x21cb9c0: fd (fd:0, idx:1), active : 1
0:00:00.023873478  2476 0x85a370 TRACE   GST_REFCOUNTING gstobject.c:208:gst_object_init: 0x879dd0 new
0:00:00.018822736  2477 0x21c3320 LOG   GST_POLL gstpoll.c:994:gst_poll_fd_ctl_write: 0x21cb9c0: pfd->events now 60 (POLLOUT:4)
0:00:00.023883583  2476 0x85a370 LOG   GST_REGISTRY gstregistrychunks.c:611:gst_registry_chunks_load_feature: Reading/casting for GstRegistryChunkElementFactory at address 0x876b40
0:00:00.018831803  2477 0x21c3320 DEBUG   GST_POLL gstpoll.c:980:gst_poll_fd_ctl_write: 0x21cb9c0: fd (fd:0, idx:1), active : 1
0:00:00.023890781  2476 0x85a370 TRACE   structure gststructure.c:292:gst_structure_new_id_empty_with_size: created structure 0x87a500
0:00:00.018838985  2477 0x21c3320 LOG   GST_POLL gstpoll.c:994:gst_poll_fd_ctl_write: 0x21cb9c0: pfd->events now 60 (POLLOUT:4)
0:00:00.023897229  2476 0x85a370 DEBUG   structure gststructure.c:2258:gst_structure_parse_field: trying field name 'long-name'
0:00:00.018846036  2477 0x21c3320 DEBUG   GST_POLL gstpoll.c:980:gst_poll_fd_ctl_write: 0x21cb9c0: fd (fd:0, idx:1), active : 1
0:00:00.023903578  2476 0x85a370 DEBUG   default gstvalue.c:2776:_priv_gst_value_parse_value: trying type name 'string'
0:00:00.018852365  2477 0x21c3320 LOG   GST_POLL gstpoll.c:994:gst_poll_fd_ctl_write: 0x21cb9c0: pfd->events now 60 (POLLOUT:4)
0:00:00.023911157  2476 0x85a370 DEBUG   structure gststructure.c:2258:gst_structure_parse_field: trying field name 'klass'
0:00:00.018859093  2477 0x21c3320 DEBUG   GST_POLL gstpoll.c:980:gst_poll_fd_ctl_write: 0x21cb9c0: fd (fd:0, idx:1), active : 1
0:00:00.023917214  2476 0x85a370 DEBUG   default gstvalue.c:2776:_priv_gst_value_parse_value: trying type name 'string'
0:00:00.018865332  2477 0x21c3320 LOG   GST_POLL gstpoll.c:994:gst_poll_fd_ctl_write: 0x21cb9c0: pfd->events now 60 (POLLOUT:4)
0:00:00.018872087  2477 0x21c3320 DEBUG   GST_POLL gstpoll.c:980:gst_poll_fd_ctl_write: 0x21cb9c0: fd (fd:0, idx:1), active : 1
0:00:00.023927598  2476 0x85a370 DEBUG   structure gststructure.c:2258:gst_structure_parse_field: trying field name 'description'
0:00:00.018877624  2477 0x21c3320 LOG   GST_POLL gstpoll.c:994:gst_poll_fd_ctl_write: 0x21cb9c0: pfd->events now 60 (POLLOUT:4)
0:00:00.023936049  2476 0x85a370 DEBUG   default gstvalue.c:2776:_priv_gst_value_parse_value: trying type name 'string'
0:00:00.018886561  2477 0x21c3320 DEBUG   GST_POLL gstpoll.c:980:gst_poll_fd_ctl_write: 0x21cb9c0: fd (fd:0, idx:1), active : 1
0:00:00.023944699  2476 0x85a370 DEBUG   structure gststructure.c:2258:gst_structure_parse_field: trying field name 'author'
0:00:00.018893699  2477 0x21c3320 LOG   GST_POLL gstpoll.c:994:gst_poll_fd_ctl_write: 0x21cb9c0: pfd->events now 60 (POLLOUT:4)
0:00:00.023950988  2476 0x85a370 DEBUG   default gstvalue.c:2776:_priv_gst_value_parse_value: trying type name 'string'
0:00:00.018905463  2477 0x21c3320 DEBUG   GST_POLL gstpoll.c:980:gst_poll_fd_ctl_write: 0x21cb9c0: fd (fd:0, idx:1), active : 1
0:00:00.023964330  2476 0x85a370 DEBUG   GST_REGISTRY gstregistrychunks.c:627:gst_registry_chunks_load_feature: Element factory : npadtemplates=1
0:00:00.018911908  2477 0x21c3320 LOG   GST_POLL gstpoll.c:994:gst_poll_fd_ctl_write: 0x21cb9c0: pfd->events now 60 (POLLOUT:4)
0:00:00.023970749  2476 0x85a370 DEBUG   GST_REGISTRY gstregistrychunks.c:527:gst_registry_chunks_load_pad_template: Reading/casting for GstRegistryChunkPadTemplate at address 0x876c20
0:00:00.018924980  2477 0x21c3320 DEBUG   GST_POLL gstpoll.c:980:gst_poll_fd_ctl_write: 0x21cb9c0: fd (fd:0, idx:1), active : 1
0:00:00.023982073  2476 0x85a370 DEBUG   GST_REGISTRY gstregistrychunks.c:540:gst_registry_chunks_load_pad_template: Added pad_template src
0:00:00.018931340  2477 0x21c3320 LOG   GST_POLL gstpoll.c:994:gst_poll_fd_ctl_write: 0x21cb9c0: pfd->events now 60 (POLLOUT:4)
0:00:00.023989865  2476 0x85a370 DEBUG   GST_REGISTRY gstregistrychunks.c:640:gst_registry_chunks_load_feature: Reading 1 UriTypes at address 0x876c30
0:00:00.018937854  2477 0x21c3320 DEBUG   GST_POLL gstpoll.c:980:gst_poll_fd_ctl_write: 0x21cb9c0: fd (fd:0, idx:1), active : 1
0:00:00.018944016  2477 0x21c3320 LOG   GST_POLL gstpoll.c:994:gst_poll_fd_ctl_write: 0x21cb9c0: pfd->events now 60 (POLLOUT:4)
0:00:00.024000165  2476 0x85a370 DEBUG   GST_REGISTRY gstregistrychunks.c:655:gst_registry_chunks_load_feature: Reading 1 Interfaces at address 0x876c39
0:00:00.018952612  2477 0x21c3320 DEBUG   GST_POLL gstpoll.c:980:gst_poll_fd_ctl_write: 0x21cb9c0: fd (fd:0, idx:1), active : 1
0:00:00.024012302  2476 0x85a370 DEBUG   GST_REGISTRY gstregistry.c:590:gst_registry_add_feature: adding feature 0x879dd0 (filesrc)
0:00:00.018959637  2477 0x21c3320 LOG   GST_POLL gstpoll.c:994:gst_poll_fd_ctl_write: 0x21cb9c0: pfd->events now 60 (POLLOUT:4)
0:00:00.024019645  2476 0x85a370 DEBUG   GST_REFCOUNTING gstobject.c:709:gst_object_set_parent: set parent (ref and sink)
0:00:00.018966411  2477 0x21c3320 DEBUG   GST_POLL gstpoll.c:980:gst_poll_fd_ctl_write: 0x21cb9c0: fd (fd:0, idx:1), active : 1
0:00:00.024028619  2476 0x85a370 TRACE   GST_REFCOUNTING gstobject.c:294:gst_object_ref_sink: 0x879dd0 ref_sink 1->2
0:00:00.018973813  2477 0x21c3320 LOG   GST_POLL gstpoll.c:994:gst_poll_fd_ctl_write: 0x21cb9c0: pfd->events now 60 (POLLOUT:4)
0:00:00.024036776  2476 0x85a370 LOG   GST_REGISTRY gstregistry.c:608:gst_registry_add_feature: emitting feature-added for filesrc
0:00:00.018982914  2477 0x21c3320 DEBUG   GST_POLL gstpoll.c:980:gst_poll_fd_ctl_write: 0x21cb9c0: fd (fd:0, idx:1), active : 1
0:00:00.024044427  2476 0x85a370 DEBUG   GST_REGISTRY gstregistrychunks.c:742:gst_registry_chunks_load_feature: Added feature filesrc, plugin 0x875580 coreelements
0:00:00.018989853  2477 0x21c3320 LOG   GST_POLL gstpoll.c:994:gst_poll_fd_ctl_write: 0x21cb9c0: pfd->events now 60 (POLLOUT:4)
0:00:00.024057136  2476 0x85a370 DEBUG   GST_REGISTRY gstregistrychunks.c:584:gst_registry_chunks_load_feature: Plugin 'coreelements' feature 'fdsink' typename : 'GstElementFactory'
0:00:00.019002888  2477 0x21c3320 DEBUG   GST_POLL gstpoll.c:980:gst_poll_fd_ctl_write: 0x21cb9c0: fd (fd:0, idx:1), active : 1
0:00:00.019010113  2477 0x21c3320 LOG   GST_POLL gstpoll.c:994:gst_poll_fd_ctl_write: 0x21cb9c0: pfd->events now 60 (POLLOUT:4)
0:00:00.024066684  2476 0x85a370 TRACE   GST_REFCOUNTING gstobject.c:208:gst_object_init: 0x87a680 new
0:00:00.019018669  2477 0x21c3320 DEBUG   GST_POLL gstpoll.c:980:gst_poll_fd_ctl_write: 0x21cb9c0: fd (fd:0, idx:1), active : 1
0:00:00.024079602  2476 0x85a370 LOG   GST_REGISTRY gstregistrychunks.c:611:gst_registry_chunks_load_feature: Reading/casting for GstRegistryChunkElementFactory at address 0x876c60
0:00:00.019025608  2477 0x21c3320 LOG   GST_POLL gstpoll.c:994:gst_poll_fd_ctl_write: 0x21cb9c0: pfd->events now 60 (POLLOUT:4)
0:00:00.024088645  2476 0x85a370 TRACE   structure gststructure.c:292:gst_structure_new_id_empty_with_size: created structure 0x87a840
0:00:00.019034521  2477 0x21c3320 DEBUG   GST_POLL gstpoll.c:980:gst_poll_fd_ctl_write: 0x21cb9c0: fd (fd:0, idx:1), active : 1
0:00:00.024095615  2476 0x85a370 DEBUG   structure gststructure.c:2258:gst_structure_parse_field: trying field name 'long-name'
0:00:00.019041991  2477 0x21c3320 LOG   GST_POLL gstpoll.c:994:gst_poll_fd_ctl_write: 0x21cb9c0: pfd->events now 60 (POLLOUT:4)
0:00:00.024102234  2476 0x85a370 DEBUG   default gstvalue.c:2776:_priv_gst_value_parse_value: trying type name 'string'
0:00:00.019048932  2477 0x21c3320 DEBUG   GST_POLL gstpoll.c:980:gst_poll_fd_ctl_write: 0x21cb9c0: fd (fd:0, idx:1), active : 1
0:00:00.024109738  2476 0x85a370 DEBUG   structure gststructure.c:2258:gst_structure_parse_field: trying field name 'klass'
0:00:00.019054885  2477 0x21c3320 LOG   GST_POLL gstpoll.c:994:gst_poll_fd_ctl_write: 0x21cb9c0: pfd->events now 60 (POLLOUT:4)
0:00:00.024115864  2476 0x85a370 DEBUG   default gstvalue.c:2776:_priv_gst_value_parse_value: trying type name 'string'
0:00:00.019062870  2477 0x21c3320 DEBUG   GST_POLL gstpoll.c:980:gst_poll_fd_ctl_write: 0x21cb9c0: fd (fd:0, idx:1), active : 1
0:00:00.024123022  2476 0x85a370 DEBUG   structure gststructure.c:2258:gst_structure_parse_field: trying field name 'description'
0:00:00.019068928  2477 0x21c3320 LOG   GST_POLL gstpoll.c:994:gst_poll_fd_ctl_write: 0x21cb9c0: pfd->events now 60 (POLLOUT:4)
0:00:00.024129270  2476 0x85a370 DEBUG   default gstvalue.c:2776:_priv_gst_value_parse_value: trying type name 'string'
0:00:00.019078517  2477 0x21c3320 DEBUG   GST_POLL gstpoll.c:980:gst_poll_fd_ctl_write: 0x21cb9c0: fd (fd:0, idx:1), active : 1
0:00:00.024139415  2476 0x85a370 DEBUG   structure gststructure.c:2258:gst_structure_parse_field: trying field name 'author'
0:00:00.019085556  2477 0x21c3320 LOG   GST_POLL gstpoll.c:994:gst_poll_fd_ctl_write: 0x21cb9c0: pfd->events now 60 (POLLOUT:4)
0:00:00.024151316  2476 0x85a370 DEBUG   default gstvalue.c:2776:_priv_gst_value_parse_value: trying type name 'string'
0:00:00.019098428  2477 0x21c3320 DEBUG   GST_POLL gstpoll.c:980:gst_poll_fd_ctl_write: 0x21cb9c0: fd (fd:0, idx:1), active : 1
0:00:00.024159550  2476 0x85a370 DEBUG   GST_REGISTRY gstregistrychunks.c:627:gst_registry_chunks_load_feature: Element factory : npadtemplates=1
0:00:00.019105035  2477 0x21c3320 LOG   GST_POLL gstpoll.c:994:gst_poll_fd_ctl_write: 0x21cb9c0: pfd->events now 60 (POLLOUT:4)
0:00:00.024166306  2476 0x85a370 DEBUG   GST_REGISTRY gstregistrychunks.c:527:gst_registry_chunks_load_pad_template: Reading/casting for GstRegistryChunkPadTemplate at address 0x876d40
0:00:00.019113200  2477 0x21c3320 DEBUG   GST_POLL gstpoll.c:980:gst_poll_fd_ctl_write: 0x21cb9c0: fd (fd:0, idx:1), active : 1
0:00:00.024173117  2476 0x85a370 DEBUG   GST_REGISTRY gstregistrychunks.c:540:gst_registry_chunks_load_pad_template: Added pad_template sink
0:00:00.019119449  2477 0x21c3320 LOG   GST_POLL gstpoll.c:994:gst_poll_fd_ctl_write: 0x21cb9c0: pfd->events now 60 (POLLOUT:4)
0:00:00.024180121  2476 0x85a370 DEBUG   GST_REGISTRY gstregistrychunks.c:640:gst_registry_chunks_load_feature: Reading 1 UriTypes at address 0x876d51
0:00:00.019126502  2477 0x21c3320 DEBUG   GST_POLL gstpoll.c:980:gst_poll_fd_ctl_write: 0x21cb9c0: fd (fd:0, idx:1), active : 1
0:00:00.024187356  2476 0x85a370 DEBUG   GST_REGISTRY gstregistrychunks.c:655:gst_registry_chunks_load_feature: Reading 1 Interfaces at address 0x876d5f
0:00:00.019133013  2477 0x21c3320 LOG   GST_POLL gstpoll.c:994:gst_poll_fd_ctl_write: 0x21cb9c0: pfd->events now 60 (POLLOUT:4)
0:00:00.024196741  2476 0x85a370 DEBUG   GST_REGISTRY gstregistry.c:590:gst_registry_add_feature: adding feature 0x87a680 (fdsink)
0:00:00.019142991  2477 0x21c3320 DEBUG   GST_POLL gstpoll.c:980:gst_poll_fd_ctl_write: 0x21cb9c0: fd (fd:0, idx:1), active : 1
0:00:00.019150971  2477 0x21c3320 LOG   GST_POLL gstpoll.c:994:gst_poll_fd_ctl_write: 0x21cb9c0: pfd->events now 60 (POLLOUT:4)
0:00:00.024205679  2476 0x85a370 DEBUG   GST_REFCOUNTING gstobject.c:709:gst_object_set_parent: set parent (ref and sink)
0:00:00.019157181  2477 0x21c3320 DEBUG   GST_POLL gstpoll.c:980:gst_poll_fd_ctl_write: 0x21cb9c0: fd (fd:0, idx:1), active : 1
0:00:00.024216658  2476 0x85a370 TRACE   GST_REFCOUNTING gstobject.c:294:gst_object_ref_sink: 0x87a680 ref_sink 1->2
0:00:00.019163408  2477 0x21c3320 LOG   GST_POLL gstpoll.c:994:gst_poll_fd_ctl_write: 0x21cb9c0: pfd->events now 60 (POLLOUT:4)
0:00:00.024224594  2476 0x85a370 LOG   GST_REGISTRY gstregistry.c:608:gst_registry_add_feature: emitting feature-added for fdsink
0:00:00.019170644  2477 0x21c3320 DEBUG   GST_POLL gstpoll.c:980:gst_poll_fd_ctl_write: 0x21cb9c0: fd (fd:0, idx:1), active : 1
0:00:00.024232343  2476 0x85a370 DEBUG   GST_REGISTRY gstregistrychunks.c:742:gst_registry_chunks_load_feature: Added feature fdsink, plugin 0x875580 coreelements
0:00:00.019182390  2477 0x21c3320 LOG   GST_POLL gstpoll.c:994:gst_poll_fd_ctl_write: 0x21cb9c0: pfd->events now 60 (POLLOUT:4)
0:00:00.024241545  2476 0x85a370 DEBUG   GST_REGISTRY gstregistrychunks.c:584:gst_registry_chunks_load_feature: Plugin 'coreelements' feature 'fdsrc' typename : 'GstElementFactory'
0:00:00.019188970  2477 0x21c3320 DEBUG   GST_POLL gstpoll.c:980:gst_poll_fd_ctl_write: 0x21cb9c0: fd (fd:0, idx:1), active : 1
0:00:00.019195145  2477 0x21c3320 LOG   GST_POLL gstpoll.c:994:gst_poll_fd_ctl_write: 0x21cb9c0: pfd->events now 60 (POLLOUT:4)
0:00:00.024251399  2476 0x85a370 TRACE   GST_REFCOUNTING gstobject.c:208:gst_object_init: 0x87a2c0 new
0:00:00.019203891  2477 0x21c3320 DEBUG   GST_POLL gstpoll.c:980:gst_poll_fd_ctl_write: 0x21cb9c0: fd (fd:0, idx:1), active : 1
0:00:00.019210761  2477 0x21c3320 LOG   GST_POLL gstpoll.c:994:gst_poll_fd_ctl_write: 0x21cb9c0: pfd->events now 60 (POLLOUT:4)
0:00:00.024266460  2476 0x85a370 LOG   GST_REGISTRY gstregistrychunks.c:611:gst_registry_chunks_load_feature: Reading/casting for GstRegistryChunkElementFactory at address 0x876d88
0:00:00.019217332  2477 0x21c3320 LOG   GST_PLUGIN_LOADING gstpluginloader.c:645:put_chunk: Expanding tx buf from 13209 to 17023 for chunk of size 229
0:00:00.024277113  2476 0x85a370 TRACE   structure gststructure.c:292:gst_structure_new_id_empty_with_size: created structure 0x87acd0
0:00:00.019228316  2477 0x21c3320 DEBUG   GST_POLL gstpoll.c:980:gst_poll_fd_ctl_write: 0x21cb9c0: fd (fd:0, idx:1), active : 1
0:00:00.024283896  2476 0x85a370 DEBUG   structure gststructure.c:2258:gst_structure_parse_field: trying field name 'long-name'
0:00:00.019234808  2477 0x21c3320 LOG   GST_POLL gstpoll.c:994:gst_poll_fd_ctl_write: 0x21cb9c0: pfd->events now 60 (POLLOUT:4)
0:00:00.024292277  2476 0x85a370 DEBUG   default gstvalue.c:2776:_priv_gst_value_parse_value: trying type name 'string'
0:00:00.019241460  2477 0x21c3320 DEBUG   GST_POLL gstpoll.c:980:gst_poll_fd_ctl_write: 0x21cb9c0: fd (fd:0, idx:1), active : 1
0:00:00.019247712  2477 0x21c3320 LOG   GST_POLL gstpoll.c:994:gst_poll_fd_ctl_write: 0x21cb9c0: pfd->events now 60 (POLLOUT:4)
0:00:00.024305957  2476 0x85a370 DEBUG   structure gststructure.c:2258:gst_structure_parse_field: trying field name 'klass'
0:00:00.024312148  2476 0x85a370 DEBUG   default gstvalue.c:2776:_priv_gst_value_parse_value: trying type name 'string'
0:00:00.019256239  2477 0x21c3320 DEBUG   GST_POLL gstpoll.c:980:gst_poll_fd_ctl_write: 0x21cb9c0: fd (fd:0, idx:1), active : 1
0:00:00.024318905  2476 0x85a370 DEBUG   structure gststructure.c:2258:gst_structure_parse_field: trying field name 'description'
0:00:00.019264633  2477 0x21c3320 LOG   GST_POLL gstpoll.c:994:gst_poll_fd_ctl_write: 0x21cb9c0: pfd->events now 60 (POLLOUT:4)
0:00:00.024325183  2476 0x85a370 DEBUG   default gstvalue.c:2776:_priv_gst_value_parse_value: trying type name 'string'
0:00:00.019272611  2477 0x21c3320 DEBUG   GST_POLL gstpoll.c:980:gst_poll_fd_ctl_write: 0x21cb9c0: fd (fd:0, idx:1), active : 1
0:00:00.024337364  2476 0x85a370 DEBUG   structure gststructure.c:2258:gst_structure_parse_field: trying field name 'author'
0:00:00.019283296  2477 0x21c3320 LOG   GST_POLL gstpoll.c:994:gst_poll_fd_ctl_write: 0x21cb9c0: pfd->events now 60 (POLLOUT:4)
0:00:00.024345817  2476 0x85a370 DEBUG   default gstvalue.c:2776:_priv_gst_value_parse_value: trying type name 'string'
0:00:00.019291670  2477 0x21c3320 DEBUG   GST_POLL gstpoll.c:980:gst_poll_fd_ctl_write: 0x21cb9c0: fd (fd:0, idx:1), active : 1
0:00:00.024354677  2476 0x85a370 DEBUG   GST_REGISTRY gstregistrychunks.c:627:gst_registry_chunks_load_feature: Element factory : npadtemplates=1
0:00:00.019299533  2477 0x21c3320 LOG   GST_POLL gstpoll.c:994:gst_poll_fd_ctl_write: 0x21cb9c0: pfd->events now 60 (POLLOUT:4)
0:00:00.024361481  2476 0x85a370 DEBUG   GST_REGISTRY gstregistrychunks.c:527:gst_registry_chunks_load_pad_template: Reading/casting for GstRegistryChunkPadTemplate at address 0x876e68
0:00:00.019308338  2477 0x21c3320 DEBUG   GST_POLL gstpoll.c:980:gst_poll_fd_ctl_write: 0x21cb9c0: fd (fd:0, idx:1), active : 1
0:00:00.024368003  2476 0x85a370 DEBUG   GST_REGISTRY gstregistrychunks.c:540:gst_registry_chunks_load_pad_template: Added pad_template src
0:00:00.019314546  2477 0x21c3320 LOG   GST_POLL gstpoll.c:994:gst_poll_fd_ctl_write: 0x21cb9c0: pfd->events now 60 (POLLOUT:4)
0:00:00.024375052  2476 0x85a370 DEBUG   GST_REGISTRY gstregistrychunks.c:640:gst_registry_chunks_load_feature: Reading 1 UriTypes at address 0x876e78
0:00:00.019323639  2477 0x21c3320 DEBUG   GST_POLL gstpoll.c:980:gst_poll_fd_ctl_write: 0x21cb9c0: fd (fd:0, idx:1), active : 1
0:00:00.024382644  2476 0x85a370 DEBUG   GST_REGISTRY gstregistrychunks.c:655:gst_registry_chunks_load_feature: Reading 1 Interfaces at address 0x876e7f
0:00:00.019330553  2477 0x21c3320 LOG   GST_POLL gstpoll.c:994:gst_poll_fd_ctl_write: 0x21cb9c0: pfd->events now 60 (POLLOUT:4)
0:00:00.024392377  2476 0x85a370 DEBUG   GST_REGISTRY gstregistry.c:590:gst_registry_add_feature: adding feature 0x87a2c0 (fdsrc)
0:00:00.019337457  2477 0x21c3320 DEBUG   GST_POLL gstpoll.c:980:gst_poll_fd_ctl_write: 0x21cb9c0: fd (fd:0, idx:1), active : 1
0:00:00.024399906  2476 0x85a370 DEBUG   GST_REFCOUNTING gstobject.c:709:gst_object_set_parent: set parent (ref and sink)
0:00:00.019345711  2477 0x21c3320 LOG   GST_POLL gstpoll.c:994:gst_poll_fd_ctl_write: 0x21cb9c0: pfd->events now 60 (POLLOUT:4)
0:00:00.019355045  2477 0x21c3320 DEBUG   GST_POLL gstpoll.c:980:gst_poll_fd_ctl_write: 0x21cb9c0: fd (fd:0, idx:1), active : 1
0:00:00.024411191  2476 0x85a370 TRACE   GST_REFCOUNTING gstobject.c:294:gst_object_ref_sink: 0x87a2c0 ref_sink 1->2
0:00:00.019360485  2477 0x21c3320 LOG   GST_POLL gstpoll.c:994:gst_poll_fd_ctl_write: 0x21cb9c0: pfd->events now 60 (POLLOUT:4)
0:00:00.024419815  2476 0x85a370 LOG   GST_REGISTRY gstregistry.c:608:gst_registry_add_feature: emitting feature-added for fdsrc
0:00:00.019371743  2477 0x21c3320 DEBUG   GST_POLL gstpoll.c:980:gst_poll_fd_ctl_write: 0x21cb9c0: fd (fd:0, idx:1), active : 1
0:00:00.024430346  2476 0x85a370 DEBUG   GST_REGISTRY gstregistrychunks.c:742:gst_registry_chunks_load_feature: Added feature fdsrc, plugin 0x875580 coreelements
0:00:00.019377952  2477 0x21c3320 LOG   GST_POLL gstpoll.c:994:gst_poll_fd_ctl_write: 0x21cb9c0: pfd->events now 60 (POLLOUT:4)
0:00:00.019386729  2477 0x21c3320 DEBUG   GST_POLL gstpoll.c:980:gst_poll_fd_ctl_write: 0x21cb9c0: fd (fd:0, idx:1), active : 1
0:00:00.024438174  2476 0x85a370 DEBUG   GST_REGISTRY gstregistrychunks.c:584:gst_registry_chunks_load_feature: Plugin 'coreelements' feature 'fakesink' typename : 'GstElementFactory'
0:00:00.019393152  2477 0x21c3320 LOG   GST_POLL gstpoll.c:994:gst_poll_fd_ctl_write: 0x21cb9c0: pfd->events now 60 (POLLOUT:4)
0:00:00.019399859  2477 0x21c3320 DEBUG   GST_POLL gstpoll.c:980:gst_poll_fd_ctl_write: 0x21cb9c0: fd (fd:0, idx:1), active : 1
0:00:00.024457717  2476 0x85a370 TRACE   GST_REFCOUNTING gstobject.c:208:gst_object_init: 0x87ae00 new
0:00:00.019405478  2477 0x21c3320 LOG   GST_POLL gstpoll.c:994:gst_poll_fd_ctl_write: 0x21cb9c0: pfd->events now 60 (POLLOUT:4)
0:00:00.019411892  2477 0x21c3320 DEBUG   GST_POLL gstpoll.c:980:gst_poll_fd_ctl_write: 0x21cb9c0: fd (fd:0, idx:1), active : 1
0:00:00.024467407  2476 0x85a370 LOG   GST_REGISTRY gstregistrychunks.c:611:gst_registry_chunks_load_feature: Reading/casting for GstRegistryChunkElementFactory at address 0x876ea8
0:00:00.019417519  2477 0x21c3320 LOG   GST_POLL gstpoll.c:994:gst_poll_fd_ctl_write: 0x21cb9c0: pfd->events now 60 (POLLOUT:4)
0:00:00.024478224  2476 0x85a370 TRACE   structure gststructure.c:292:gst_structure_new_id_empty_with_size: created structure 0x87b0e0
0:00:00.019423983  2477 0x21c3320 DEBUG   GST_POLL gstpoll.c:980:gst_poll_fd_ctl_write: 0x21cb9c0: fd (fd:0, idx:1), active : 1
0:00:00.024486318  2476 0x85a370 DEBUG   structure gststructure.c:2258:gst_structure_parse_field: trying field name 'long-name'
0:00:00.019432121  2477 0x21c3320 LOG   GST_POLL gstpoll.c:994:gst_poll_fd_ctl_write: 0x21cb9c0: pfd->events now 60 (POLLOUT:4)
0:00:00.024503109  2476 0x85a370 DEBUG   default gstvalue.c:2776:_priv_gst_value_parse_value: trying type name 'string'
0:00:00.024514625  2476 0x85a370 DEBUG   structure gststructure.c:2258:gst_structure_parse_field: trying field name 'klass'
0:00:00.019458731  2477 0x21c3320 DEBUG   GST_POLL gstpoll.c:980:gst_poll_fd_ctl_write: 0x21cb9c0: fd (fd:0, idx:1), active : 1
0:00:00.024520089  2476 0x85a370 DEBUG   default gstvalue.c:2776:_priv_gst_value_parse_value: trying type name 'string'
0:00:00.019469748  2477 0x21c3320 LOG   GST_POLL gstpoll.c:994:gst_poll_fd_ctl_write: 0x21cb9c0: pfd->events now 60 (POLLOUT:4)
0:00:00.024527513  2476 0x85a370 DEBUG   structure gststructure.c:2258:gst_structure_parse_field: trying field name 'description'
0:00:00.019485753  2477 0x21c3320 DEBUG   GST_POLL gstpoll.c:980:gst_poll_fd_ctl_write: 0x21cb9c0: fd (fd:0, idx:1), active : 1
0:00:00.024541502  2476 0x85a370 DEBUG   default gstvalue.c:2776:_priv_gst_value_parse_value: trying type name 'string'
0:00:00.019492776  2477 0x21c3320 LOG   GST_POLL gstpoll.c:994:gst_poll_fd_ctl_write: 0x21cb9c0: pfd->events now 60 (POLLOUT:4)
0:00:00.024553665  2476 0x85a370 DEBUG   structure gststructure.c:2258:gst_structure_parse_field: trying field name 'author'
0:00:00.019499421  2477 0x21c3320 DEBUG   GST_POLL gstpoll.c:980:gst_poll_fd_ctl_write: 0x21cb9c0: fd (fd:0, idx:1), active : 1
0:00:00.024561205  2476 0x85a370 DEBUG   default gstvalue.c:2776:_priv_gst_value_parse_value: trying type name 'string'
0:00:00.019507844  2477 0x21c3320 LOG   GST_POLL gstpoll.c:994:gst_poll_fd_ctl_write: 0x21cb9c0: pfd->events now 60 (POLLOUT:4)
0:00:00.019514784  2477 0x21c3320 DEBUG   GST_POLL gstpoll.c:980:gst_poll_fd_ctl_write: 0x21cb9c0: fd (fd:0, idx:1), active : 1
0:00:00.024571221  2476 0x85a370 DEBUG   GST_REGISTRY gstregistrychunks.c:627:gst_registry_chunks_load_feature: Element factory : npadtemplates=1
0:00:00.019523525  2477 0x21c3320 LOG   GST_POLL gstpoll.c:994:gst_poll_fd_ctl_write: 0x21cb9c0: pfd->events now 60 (POLLOUT:4)
0:00:00.024579943  2476 0x85a370 DEBUG   GST_REGISTRY gstregistrychunks.c:527:gst_registry_chunks_load_pad_template: Reading/casting for GstRegistryChunkPadTemplate at address 0x876fd0
0:00:00.019531284  2477 0x21c3320 DEBUG   GST_POLL gstpoll.c:980:gst_poll_fd_ctl_write: 0x21cb9c0: fd (fd:0, idx:1), active : 1
0:00:00.024588779  2476 0x85a370 DEBUG   GST_REGISTRY gstregistrychunks.c:540:gst_registry_chunks_load_pad_template: Added pad_template sink
0:00:00.019537948  2477 0x21c3320 LOG   GST_POLL gstpoll.c:994:gst_poll_fd_ctl_write: 0x21cb9c0: pfd->events now 60 (POLLOUT:4)
0:00:00.024598356  2476 0x85a370 DEBUG   GST_REGISTRY gstregistry.c:590:gst_registry_add_feature: adding feature 0x87ae00 (fakesink)
0:00:00.019544522  2477 0x21c3320 DEBUG   GST_POLL gstpoll.c:980:gst_poll_fd_ctl_write: 0x21cb9c0: fd (fd:0, idx:1), active : 1
0:00:00.024605639  2476 0x85a370 DEBUG   GST_REFCOUNTING gstobject.c:709:gst_object_set_parent: set parent (ref and sink)
0:00:00.019551760  2477 0x21c3320 LOG   GST_POLL gstpoll.c:994:gst_poll_fd_ctl_write: 0x21cb9c0: pfd->events now 60 (POLLOUT:4)
0:00:00.024614084  2476 0x85a370 TRACE   GST_REFCOUNTING gstobject.c:294:gst_object_ref_sink: 0x87ae00 ref_sink 1->2
0:00:00.019559701  2477 0x21c3320 DEBUG   GST_POLL gstpoll.c:980:gst_poll_fd_ctl_write: 0x21cb9c0: fd (fd:0, idx:1), active : 1
0:00:00.019568731  2477 0x21c3320 LOG   GST_POLL gstpoll.c:994:gst_poll_fd_ctl_write: 0x21cb9c0: pfd->events now 60 (POLLOUT:4)
0:00:00.024624577  2476 0x85a370 LOG   GST_REGISTRY gstregistry.c:608:gst_registry_add_feature: emitting feature-added for fakesink
0:00:00.019574434  2477 0x21c3320 DEBUG   GST_POLL gstpoll.c:980:gst_poll_fd_ctl_write: 0x21cb9c0: fd (fd:0, idx:1), active : 1
0:00:00.024638252  2476 0x85a370 DEBUG   GST_REGISTRY gstregistrychunks.c:742:gst_registry_chunks_load_feature: Added feature fakesink, plugin 0x875580 coreelements
0:00:00.019586037  2477 0x21c3320 LOG   GST_POLL gstpoll.c:994:gst_poll_fd_ctl_write: 0x21cb9c0: pfd->events now 60 (POLLOUT:4)
0:00:00.024646213  2476 0x85a370 DEBUG   GST_REGISTRY gstregistrychunks.c:584:gst_registry_chunks_load_feature: Plugin 'coreelements' feature 'fakesrc' typename : 'GstElementFactory'
0:00:00.019593574  2477 0x21c3320 DEBUG   GST_POLL gstpoll.c:980:gst_poll_fd_ctl_write: 0x21cb9c0: fd (fd:0, idx:1), active : 1
0:00:00.019600316  2477 0x21c3320 LOG   GST_POLL gstpoll.c:994:gst_poll_fd_ctl_write: 0x21cb9c0: pfd->events now 60 (POLLOUT:4)
0:00:00.024655767  2476 0x85a370 TRACE   GST_REFCOUNTING gstobject.c:208:gst_object_init: 0x87b2b0 new
0:00:00.019606209  2477 0x21c3320 DEBUG   GST_POLL gstpoll.c:980:gst_poll_fd_ctl_write: 0x21cb9c0: fd (fd:0, idx:1), active : 1
0:00:00.024665918  2476 0x85a370 LOG   GST_REGISTRY gstregistrychunks.c:611:gst_registry_chunks_load_feature: Reading/casting for GstRegistryChunkElementFactory at address 0x877000
0:00:00.019612445  2477 0x21c3320 LOG   GST_POLL gstpoll.c:994:gst_poll_fd_ctl_write: 0x21cb9c0: pfd->events now 60 (POLLOUT:4)
0:00:00.024673310  2476 0x85a370 TRACE   structure gststructure.c:292:gst_structure_new_id_empty_with_size: created structure 0x87b520
0:00:00.019619430  2477 0x21c3320 DEBUG   GST_POLL gstpoll.c:980:gst_poll_fd_ctl_write: 0x21cb9c0: fd (fd:0, idx:1), active : 1
0:00:00.024679997  2476 0x85a370 DEBUG   structure gststructure.c:2258:gst_structure_parse_field: trying field name 'long-name'
0:00:00.019626544  2477 0x21c3320 LOG   GST_POLL gstpoll.c:994:gst_poll_fd_ctl_write: 0x21cb9c0: pfd->events now 60 (POLLOUT:4)
0:00:00.024686434  2476 0x85a370 DEBUG   default gstvalue.c:2776:_priv_gst_value_parse_value: trying type name 'string'
0:00:00.019633525  2477 0x21c3320 DEBUG   GST_POLL gstpoll.c:980:gst_poll_fd_ctl_write: 0x21cb9c0: fd (fd:0, idx:1), active : 1
0:00:00.024696215  2476 0x85a370 DEBUG   structure gststructure.c:2258:gst_structure_parse_field: trying field name 'klass'
0:00:00.019642803  2477 0x21c3320 LOG   GST_POLL gstpoll.c:994:gst_poll_fd_ctl_write: 0x21cb9c0: pfd->events now 60 (POLLOUT:4)
0:00:00.024703674  2476 0x85a370 DEBUG   default gstvalue.c:2776:_priv_gst_value_parse_value: trying type name 'string'
0:00:00.019651158  2477 0x21c3320 DEBUG   GST_POLL gstpoll.c:980:gst_poll_fd_ctl_write: 0x21cb9c0: fd (fd:0, idx:1), active : 1
0:00:00.024710930  2476 0x85a370 DEBUG   structure gststructure.c:2258:gst_structure_parse_field: trying field name 'description'
0:00:00.019657710  2477 0x21c3320 LOG   GST_POLL gstpoll.c:994:gst_poll_fd_ctl_write: 0x21cb9c0: pfd->events now 60 (POLLOUT:4)
0:00:00.024717410  2476 0x85a370 DEBUG   default gstvalue.c:2776:_priv_gst_value_parse_value: trying type name 'string'
0:00:00.019669561  2477 0x21c3320 DEBUG   GST_POLL gstpoll.c:980:gst_poll_fd_ctl_write: 0x21cb9c0: fd (fd:0, idx:1), active : 1
0:00:00.024728327  2476 0x85a370 DEBUG   structure gststructure.c:2258:gst_structure_parse_field: trying field name 'author'
0:00:00.019675800  2477 0x21c3320 LOG   GST_POLL gstpoll.c:994:gst_poll_fd_ctl_write: 0x21cb9c0: pfd->events now 60 (POLLOUT:4)
0:00:00.024734411  2476 0x85a370 DEBUG   default gstvalue.c:2776:_priv_gst_value_parse_value: trying type name 'string'
0:00:00.019682421  2477 0x21c3320 DEBUG   GST_POLL gstpoll.c:980:gst_poll_fd_ctl_write: 0x21cb9c0: fd (fd:0, idx:1), active : 1
0:00:00.024742673  2476 0x85a370 DEBUG   GST_REGISTRY gstregistrychunks.c:627:gst_registry_chunks_load_feature: Element factory : npadtemplates=1
0:00:00.019688453  2477 0x21c3320 LOG   GST_POLL gstpoll.c:994:gst_poll_fd_ctl_write: 0x21cb9c0: pfd->events now 60 (POLLOUT:4)
0:00:00.024749269  2476 0x85a370 DEBUG   GST_REGISTRY gstregistrychunks.c:527:gst_registry_chunks_load_pad_template: Reading/casting for GstRegistryChunkPadTemplate at address 0x877100
0:00:00.019696215  2477 0x21c3320 DEBUG   GST_POLL gstpoll.c:980:gst_poll_fd_ctl_write: 0x21cb9c0: fd (fd:0, idx:1), active : 1
0:00:00.024758122  2476 0x85a370 DEBUG   GST_REGISTRY gstregistrychunks.c:540:gst_registry_chunks_load_pad_template: Added pad_template src
0:00:00.019705484  2477 0x21c3320 LOG   GST_POLL gstpoll.c:994:gst_poll_fd_ctl_write: 0x21cb9c0: pfd->events now 60 (POLLOUT:4)
0:00:00.019712864  2477 0x21c3320 DEBUG   GST_POLL gstpoll.c:980:gst_poll_fd_ctl_write: 0x21cb9c0: fd (fd:0, idx:1), active : 1
0:00:00.024768550  2476 0x85a370 DEBUG   GST_REGISTRY gstregistry.c:590:gst_registry_add_feature: adding feature 0x87b2b0 (fakesrc)
0:00:00.019718728  2477 0x21c3320 LOG   GST_POLL gstpoll.c:994:gst_poll_fd_ctl_write: 0x21cb9c0: pfd->events now 60 (POLLOUT:4)
0:00:00.024777409  2476 0x85a370 DEBUG   GST_REFCOUNTING gstobject.c:709:gst_object_set_parent: set parent (ref and sink)
0:00:00.019725408  2477 0x21c3320 DEBUG   GST_POLL gstpoll.c:980:gst_poll_fd_ctl_write: 0x21cb9c0: fd (fd:0, idx:1), active : 1
0:00:00.024786004  2476 0x85a370 TRACE   GST_REFCOUNTING gstobject.c:294:gst_object_ref_sink: 0x87b2b0 ref_sink 1->2
0:00:00.019731580  2477 0x21c3320 LOG   GST_POLL gstpoll.c:994:gst_poll_fd_ctl_write: 0x21cb9c0: pfd->events now 60 (POLLOUT:4)
0:00:00.024793935  2476 0x85a370 LOG   GST_REGISTRY gstregistry.c:608:gst_registry_add_feature: emitting feature-added for fakesrc
0:00:00.019740108  2477 0x21c3320 DEBUG   GST_POLL gstpoll.c:980:gst_poll_fd_ctl_write: 0x21cb9c0: fd (fd:0, idx:1), active : 1
0:00:00.024801589  2476 0x85a370 DEBUG   GST_REGISTRY gstregistrychunks.c:742:gst_registry_chunks_load_feature: Added feature fakesrc, plugin 0x875580 coreelements
0:00:00.019747004  2477 0x21c3320 LOG   GST_POLL gstpoll.c:994:gst_poll_fd_ctl_write: 0x21cb9c0: pfd->events now 60 (POLLOUT:4)
0:00:00.024809352  2476 0x85a370 DEBUG   GST_REGISTRY gstregistrychunks.c:584:gst_registry_chunks_load_feature: Plugin 'coreelements' feature 'downloadbuffer' typename : 'GstElementFactory'
0:00:00.024820175  2476 0x85a370 TRACE   GST_REFCOUNTING gstobject.c:208:gst_object_init: 0x87b800 new
0:00:00.019765604  2477 0x21c3320 DEBUG   GST_POLL gstpoll.c:980:gst_poll_fd_ctl_write: 0x21cb9c0: fd (fd:0, idx:1), active : 1
0:00:00.019776461  2477 0x21c3320 LOG   GST_POLL gstpoll.c:994:gst_poll_fd_ctl_write: 0x21cb9c0: pfd->events now 60 (POLLOUT:4)
0:00:00.024831868  2476 0x85a370 LOG   GST_REGISTRY gstregistrychunks.c:611:gst_registry_chunks_load_feature: Reading/casting for GstRegistryChunkElementFactory at address 0x877138
0:00:00.019782901  2477 0x21c3320 DEBUG   GST_POLL gstpoll.c:980:gst_poll_fd_ctl_write: 0x21cb9c0: fd (fd:0, idx:1), active : 1
0:00:00.024842025  2476 0x85a370 TRACE   structure gststructure.c:292:gst_structure_new_id_empty_with_size: created structure 0x87b8f0
0:00:00.019789348  2477 0x21c3320 LOG   GST_POLL gstpoll.c:994:gst_poll_fd_ctl_write: 0x21cb9c0: pfd->events now 60 (POLLOUT:4)
0:00:00.024849382  2476 0x85a370 DEBUG   structure gststructure.c:2258:gst_structure_parse_field: trying field name 'long-name'
0:00:00.019796124  2477 0x21c3320 DEBUG   GST_POLL gstpoll.c:980:gst_poll_fd_ctl_write: 0x21cb9c0: fd (fd:0, idx:1), active : 1
0:00:00.024855918  2476 0x85a370 DEBUG   default gstvalue.c:2776:_priv_gst_value_parse_value: trying type name 'string'
0:00:00.019802484  2477 0x21c3320 LOG   GST_POLL gstpoll.c:994:gst_poll_fd_ctl_write: 0x21cb9c0: pfd->events now 60 (POLLOUT:4)
0:00:00.024863238  2476 0x85a370 DEBUG   structure gststructure.c:2258:gst_structure_parse_field: trying field name 'klass'
