0:00:00.019809555  2477 0x21c3320 DEBUG   GST_POLL gstpoll.c:980:gst_poll_fd_ctl_write: 0x21cb9c0: fd (fd:0, idx:1), active : 1
0:00:00.024869435  2476 0x85a370 DEBUG   default gstvalue.c:2776:_priv_gst_value_parse_value: trying type name 'string'
0:00:00.019816143  2477 0x21c3320 LOG   GST_POLL gstpoll.c:994:gst_poll_fd_ctl_write: 0x21cb9c0: pfd->events now 60 (POLLOUT:4)
0:00:00.024876584  2476 0x85a370 DEBUG   structure gststructure.c:2258:gst_structure_parse_field: trying field name 'description'
0:00:00.019825184  2477 0x21c3320 DEBUG   GST_POLL gstpoll.c:980:gst_poll_fd_ctl_write: 0x21cb9c0: fd (fd:0, idx:1), active : 1
0:00:00.024882702  2476 0x85a370 DEBUG   default gstvalue.c:2776:_priv_gst_value_parse_value: trying type name 'string'
0:00:00.019832223  2477 0x21c3320 LOG   GST_POLL gstpoll.c:994:gst_poll_fd_ctl_write: 0x21cb9c0: pfd->events now 60 (POLLOUT:4)
0:00:00.024893125  2476 0x85a370 DEBUG   structure gststructure.c:2258:gst_structure_parse_field: trying field name 'author'
0:00:00.019838944  2477 0x21c3320 DEBUG   GST_POLL gstpoll.c:980:gst_poll_fd_ctl_write: 0x21cb9c0: fd (fd:0, idx:1), active : 1
0:00:00.024900522  2476 0x85a370 DEBUG   default gstvalue.c:2776:_priv_gst_value_parse_value: trying type name 'string'
0:00:00.019847193  2477 0x21c3320 LOG   GST_POLL gstpoll.c:994:gst_poll_fd_ctl_write: 0x21cb9c0: pfd->events now 60 (POLLOUT:4)
0:00:00.024914031  2476 0x85a370 DEBUG   GST_REGISTRY gstregistrychunks.c:627:gst_registry_chunks_load_feature: Element factory : npadtemplates=2
0:00:00.019859640  2477 0x21c3320 DEBUG   GST_POLL gstpoll.c:980:gst_poll_fd_ctl_write: 0x21cb9c0: fd (fd:0, idx:1), active : 1
0:00:00.024920861  2476 0x85a370 DEBUG   GST_REGISTRY gstregistrychunks.c:527:gst_registry_chunks_load_pad_template: Reading/casting for GstRegistryChunkPadTemplate at address 0x877200
0:00:00.019867369  2477 0x21c3320 LOG   GST_POLL gstpoll.c:994:gst_poll_fd_ctl_write: 0x21cb9c0: pfd->events now 60 (POLLOUT:4)
0:00:00.024927484  2476 0x85a370 DEBUG   GST_REGISTRY gstregistrychunks.c:540:gst_registry_chunks_load_pad_template: Added pad_template sink
0:00:00.019874315  2477 0x21c3320 DEBUG   GST_POLL gstpoll.c:980:gst_poll_fd_ctl_write: 0x21cb9c0: fd (fd:0, idx:1), active : 1
0:00:00.024933623  2476 0x85a370 DEBUG   GST_REGISTRY gstregistrychunks.c:527:gst_registry_chunks_load_pad_template: Reading/casting for GstRegistryChunkPadTemplate at address 0x877218
0:00:00.019880562  2477 0x21c3320 LOG   GST_POLL gstpoll.c:994:gst_poll_fd_ctl_write: 0x21cb9c0: pfd->events now 60 (POLLOUT:4)
0:00:00.024940073  2476 0x85a370 DEBUG   GST_REGISTRY gstregistrychunks.c:540:gst_registry_chunks_load_pad_template: Added pad_template src
0:00:00.019889673  2477 0x21c3320 DEBUG   GST_POLL gstpoll.c:980:gst_poll_fd_ctl_write: 0x21cb9c0: fd (fd:0, idx:1), active : 1
0:00:00.024949465  2476 0x85a370 DEBUG   GST_REGISTRY gstregistry.c:590:gst_registry_add_feature: adding feature 0x87b800 (downloadbuffer)
0:00:00.019896753  2477 0x21c3320 LOG   GST_POLL gstpoll.c:994:gst_poll_fd_ctl_write: 0x21cb9c0: pfd->events now 60 (POLLOUT:4)
0:00:00.019904256  2477 0x21c3320 DEBUG   GST_POLL gstpoll.c:980:gst_poll_fd_ctl_write: 0x21cb9c0: fd (fd:0, idx:1), active : 1
0:00:00.024958625  2476 0x85a370 DEBUG   GST_REFCOUNTING gstobject.c:709:gst_object_set_parent: set parent (ref and sink)
0:00:00.019910071  2477 0x21c3320 LOG   GST_POLL gstpoll.c:994:gst_poll_fd_ctl_write: 0x21cb9c0: pfd->events now 60 (POLLOUT:4)
0:00:00.024970054  2476 0x85a370 TRACE   GST_REFCOUNTING gstobject.c:294:gst_object_ref_sink: 0x87b800 ref_sink 1->2
0:00:00.019916465  2477 0x21c3320 DEBUG   GST_POLL gstpoll.c:980:gst_poll_fd_ctl_write: 0x21cb9c0: fd (fd:0, idx:1), active : 1
0:00:00.024978087  2476 0x85a370 LOG   GST_REGISTRY gstregistry.c:608:gst_registry_add_feature: emitting feature-added for downloadbuffer
0:00:00.019923940  2477 0x21c3320 LOG   GST_POLL gstpoll.c:994:gst_poll_fd_ctl_write: 0x21cb9c0: pfd->events now 60 (POLLOUT:4)
0:00:00.024985954  2476 0x85a370 DEBUG   GST_REGISTRY gstregistrychunks.c:742:gst_registry_chunks_load_feature: Added feature downloadbuffer, plugin 0x875580 coreelements
0:00:00.019931621  2477 0x21c3320 DEBUG   GST_POLL gstpoll.c:980:gst_poll_fd_ctl_write: 0x21cb9c0: fd (fd:0, idx:1), active : 1
0:00:00.024997747  2476 0x85a370 DEBUG   GST_REGISTRY gstregistrychunks.c:584:gst_registry_chunks_load_feature: Plugin 'coreelements' feature 'dataurisrc' typename : 'GstElementFactory'
0:00:00.019943576  2477 0x21c3320 LOG   GST_POLL gstpoll.c:994:gst_poll_fd_ctl_write: 0x21cb9c0: pfd->events now 60 (POLLOUT:4)
0:00:00.025007649  2476 0x85a370 TRACE   GST_REFCOUNTING gstobject.c:208:gst_object_init: 0x87b6a0 new
0:00:00.019953613  2477 0x21c3320 DEBUG   GST_POLL gstpoll.c:980:gst_poll_fd_ctl_write: 0x21cb9c0: fd (fd:0, idx:1), active : 1
0:00:00.019961710  2477 0x21c3320 LOG   GST_POLL gstpoll.c:994:gst_poll_fd_ctl_write: 0x21cb9c0: pfd->events now 60 (POLLOUT:4)
0:00:00.025017199  2476 0x85a370 LOG   GST_REGISTRY gstregistrychunks.c:611:gst_registry_chunks_load_feature: Reading/casting for GstRegistryChunkElementFactory at address 0x877248
0:00:00.019968122  2477 0x21c3320 DEBUG   GST_POLL gstpoll.c:980:gst_poll_fd_ctl_write: 0x21cb9c0: fd (fd:0, idx:1), active : 1
0:00:00.025026357  2476 0x85a370 TRACE   structure gststructure.c:292:gst_structure_new_id_empty_with_size: created structure 0x87bc70
0:00:00.019974659  2477 0x21c3320 LOG   GST_POLL gstpoll.c:994:gst_poll_fd_ctl_write: 0x21cb9c0: pfd->events now 60 (POLLOUT:4)
0:00:00.025035230  2476 0x85a370 DEBUG   structure gststructure.c:2258:gst_structure_parse_field: trying field name 'long-name'
0:00:00.019981535  2477 0x21c3320 DEBUG   GST_POLL gstpoll.c:980:gst_poll_fd_ctl_write: 0x21cb9c0: fd (fd:0, idx:1), active : 1
0:00:00.025043123  2476 0x85a370 DEBUG   default gstvalue.c:2776:_priv_gst_value_parse_value: trying type name 'string'
0:00:00.019989724  2477 0x21c3320 LOG   GST_POLL gstpoll.c:994:gst_poll_fd_ctl_write: 0x21cb9c0: pfd->events now 60 (POLLOUT:4)
0:00:00.025051165  2476 0x85a370 DEBUG   structure gststructure.c:2258:gst_structure_parse_field: trying field name 'klass'
0:00:00.019996668  2477 0x21c3320 DEBUG   GST_POLL gstpoll.c:980:gst_poll_fd_ctl_write: 0x21cb9c0: fd (fd:0, idx:1), active : 1
0:00:00.020004121  2477 0x21c3320 LOG   GST_POLL gstpoll.c:994:gst_poll_fd_ctl_write: 0x21cb9c0: pfd->events now 60 (POLLOUT:4)
0:00:00.025057319  2476 0x85a370 DEBUG   default gstvalue.c:2776:_priv_gst_value_parse_value: trying type name 'string'
0:00:00.020013023  2477 0x21c3320 DEBUG   GST_POLL gstpoll.c:980:gst_poll_fd_ctl_write: 0x21cb9c0: fd (fd:0, idx:1), active : 1
0:00:00.025070619  2476 0x85a370 DEBUG   structure gststructure.c:2258:gst_structure_parse_field: trying field name 'description'
0:00:00.020020401  2477 0x21c3320 LOG   GST_POLL gstpoll.c:994:gst_poll_fd_ctl_write: 0x21cb9c0: pfd->events now 60 (POLLOUT:4)
0:00:00.025080624  2476 0x85a370 DEBUG   default gstvalue.c:2776:_priv_gst_value_parse_value: trying type name 'string'
0:00:00.020027152  2477 0x21c3320 DEBUG   GST_POLL gstpoll.c:980:gst_poll_fd_ctl_write: 0x21cb9c0: fd (fd:0, idx:1), active : 1
0:00:00.025091294  2476 0x85a370 DEBUG   structure gststructure.c:2258:gst_structure_parse_field: trying field name 'author'
0:00:00.020042391  2477 0x21c3320 LOG   GST_POLL gstpoll.c:994:gst_poll_fd_ctl_write: 0x21cb9c0: pfd->events now 60 (POLLOUT:4)
0:00:00.025100972  2476 0x85a370 DEBUG   default gstvalue.c:2776:_priv_gst_value_parse_value: trying type name 'string'
0:00:00.020049032  2477 0x21c3320 DEBUG   GST_POLL gstpoll.c:980:gst_poll_fd_ctl_write: 0x21cb9c0: fd (fd:0, idx:1), active : 1
0:00:00.025110638  2476 0x85a370 DEBUG   GST_REGISTRY gstregistrychunks.c:627:gst_registry_chunks_load_feature: Element factory : npadtemplates=1
0:00:00.020055399  2477 0x21c3320 LOG   GST_POLL gstpoll.c:994:gst_poll_fd_ctl_write: 0x21cb9c0: pfd->events now 60 (POLLOUT:4)
0:00:00.025117393  2476 0x85a370 DEBUG   GST_REGISTRY gstregistrychunks.c:527:gst_registry_chunks_load_pad_template: Reading/casting for GstRegistryChunkPadTemplate at address 0x877360
0:00:00.020064420  2477 0x21c3320 DEBUG   GST_POLL gstpoll.c:980:gst_poll_fd_ctl_write: 0x21cb9c0: fd (fd:0, idx:1), active : 1
0:00:00.025124080  2476 0x85a370 DEBUG   GST_REGISTRY gstregistrychunks.c:540:gst_registry_chunks_load_pad_template: Added pad_template src
0:00:00.020070774  2477 0x21c3320 LOG   GST_POLL gstpoll.c:994:gst_poll_fd_ctl_write: 0x21cb9c0: pfd->events now 60 (POLLOUT:4)
0:00:00.025131982  2476 0x85a370 DEBUG   GST_REGISTRY gstregistrychunks.c:640:gst_registry_chunks_load_feature: Reading 1 UriTypes at address 0x877370
0:00:00.020079725  2477 0x21c3320 DEBUG   GST_POLL gstpoll.c:980:gst_poll_fd_ctl_write: 0x21cb9c0: fd (fd:0, idx:1), active : 1
0:00:00.025141710  2476 0x85a370 DEBUG   GST_REGISTRY gstregistrychunks.c:655:gst_registry_chunks_load_feature: Reading 1 Interfaces at address 0x877379
0:00:00.020087045  2477 0x21c3320 LOG   GST_POLL gstpoll.c:994:gst_poll_fd_ctl_write: 0x21cb9c0: pfd->events now 60 (POLLOUT:4)
0:00:00.025151271  2476 0x85a370 DEBUG   GST_REGISTRY gstregistry.c:590:gst_registry_add_feature: adding feature 0x87b6a0 (dataurisrc)
0:00:00.020101833  2477 0x21c3320 TRACE   GST_REFCOUNTING gstobject.c:265:gst_object_unref: 0x21df7d0 unref 2->1
0:00:00.025160334  2476 0x85a370 DEBUG   GST_REFCOUNTING gstobject.c:709:gst_object_set_parent: set parent (ref and sink)
0:00:00.020111084  2477 0x21c3320 DEBUG   GST_POLL gstpoll.c:1241:gst_poll_fd_has_error: 0x21cb9c0: fd (fd:0, idx:1) 0
0:00:00.025170291  2476 0x85a370 TRACE   GST_REFCOUNTING gstobject.c:294:gst_object_ref_sink: 0x87b6a0 ref_sink 1->2
0:00:00.020118354  2477 0x21c3320 DEBUG   GST_POLL gstpoll.c:1335:gst_poll_fd_can_write: 0x21cb9c0: fd (fd:0, idx:1) 1
0:00:00.025178142  2476 0x85a370 LOG   GST_REGISTRY gstregistry.c:608:gst_registry_add_feature: emitting feature-added for dataurisrc
0:00:00.020124930  2477 0x21c3320 LOG   GST_PLUGIN_LOADING gstpluginloader.c:689:write_one: Writing packet of size 528 bytes to fd 0
0:00:00.025185795  2476 0x85a370 DEBUG   GST_REGISTRY gstregistrychunks.c:742:gst_registry_chunks_load_feature: Added feature dataurisrc, plugin 0x875580 coreelements
0:00:00.020137536  2477 0x21c3320 DEBUG   GST_POLL gstpoll.c:1414:gst_poll_wait: 0x21cb9c0: timeout :0:00:01.000000000
0:00:00.025199102  2476 0x85a370 DEBUG   GST_REGISTRY gstregistrychunks.c:584:gst_registry_chunks_load_feature: Plugin 'coreelements' feature 'concat' typename : 'GstElementFactory'
0:00:00.025208631  2476 0x85a370 TRACE   GST_REFCOUNTING gstobject.c:208:gst_object_init: 0x87be20 new
0:00:00.020153668  2477 0x21c3320 LOG   GST_PLUGIN_LOADING gstpluginloader.c:1027:exchange_packets: Poll res = 2. 6872 bytes pending for write
0:00:00.025217315  2476 0x85a370 LOG   GST_REGISTRY gstregistrychunks.c:611:gst_registry_chunks_load_feature: Reading/casting for GstRegistryChunkElementFactory at address 0x8773a0
0:00:00.020162724  2477 0x21c3320 DEBUG   GST_POLL gstpoll.c:1241:gst_poll_fd_has_error: 0x21cb9c0: fd (fd:5, idx:2) 0
0:00:00.020171275  2477 0x21c3320 DEBUG   GST_POLL gstpoll.c:1266:gst_poll_fd_can_read_unlocked: 0x21cb9c0: fd (fd:5, idx:2) 1
0:00:00.025229816  2476 0x85a370 TRACE   structure gststructure.c:292:gst_structure_new_id_empty_with_size: created structure 0x87bfe0
0:00:00.020180254  2477 0x21c3320 LOG   GST_PLUGIN_LOADING gstpluginloader.c:1005:read_one: No payload to read for 0 length packet type 1 tag 0
0:00:00.025238723  2476 0x85a370 DEBUG   structure gststructure.c:2258:gst_structure_parse_field: trying field name 'long-name'
0:00:00.020187591  2477 0x21c3320 DEBUG   GST_POLL gstpoll.c:1015:gst_poll_fd_ctl_read_unlocked: 0x21cb9c0: fd (fd:5, idx:2), active : 0
0:00:00.025245855  2476 0x85a370 DEBUG   default gstvalue.c:2776:_priv_gst_value_parse_value: trying type name 'string'
0:00:00.020194328  2477 0x21c3320 DEBUG   GST_POLL gstpoll.c:980:gst_poll_fd_ctl_write: 0x21cb9c0: fd (fd:0, idx:1), active : 1
0:00:00.025253430  2476 0x85a370 DEBUG   structure gststructure.c:2258:gst_structure_parse_field: trying field name 'klass'
0:00:00.020203022  2477 0x21c3320 LOG   GST_POLL gstpoll.c:994:gst_poll_fd_ctl_write: 0x21cb9c0: pfd->events now 60 (POLLOUT:4)
0:00:00.025259534  2476 0x85a370 DEBUG   default gstvalue.c:2776:_priv_gst_value_parse_value: trying type name 'string'
0:00:00.020210481  2477 0x21c3320 DEBUG   GST_POLL gstpoll.c:1241:gst_poll_fd_has_error: 0x21cb9c0: fd (fd:0, idx:1) 0
0:00:00.025268096  2476 0x85a370 DEBUG   structure gststructure.c:2258:gst_structure_parse_field: trying field name 'description'
0:00:00.020217549  2477 0x21c3320 DEBUG   GST_POLL gstpoll.c:1335:gst_poll_fd_can_write: 0x21cb9c0: fd (fd:0, idx:1) 1
0:00:00.025274536  2476 0x85a370 DEBUG   default gstvalue.c:2776:_priv_gst_value_parse_value: trying type name 'string'
0:00:00.020223796  2477 0x21c3320 LOG   GST_PLUGIN_LOADING gstpluginloader.c:689:write_one: Writing packet of size 6872 bytes to fd 0
0:00:00.025282133  2476 0x85a370 DEBUG   structure gststructure.c:2258:gst_structure_parse_field: trying field name 'author'
0:00:00.020235714  2477 0x21c3320 DEBUG   GST_POLL gstpoll.c:1414:gst_poll_wait: 0x21cb9c0: timeout :0:00:01.000000000
0:00:00.020244816  2477 0x21c3320 LOG   GST_PLUGIN_LOADING gstpluginloader.c:1027:exchange_packets: Poll res = 1. 12 bytes pending for write
0:00:00.025295042  2476 0x85a370 DEBUG   default gstvalue.c:2776:_priv_gst_value_parse_value: trying type name 'string'
0:00:00.020259156  2477 0x21c3320 DEBUG   GST_POLL gstpoll.c:1241:gst_poll_fd_has_error: 0x21cb9c0: fd (fd:0, idx:1) 0
0:00:00.025318045  2476 0x85a370 DEBUG   GST_REGISTRY gstregistrychunks.c:627:gst_registry_chunks_load_feature: Element factory : npadtemplates=2
0:00:00.020266651  2477 0x21c3320 DEBUG   GST_POLL gstpoll.c:1335:gst_poll_fd_can_write: 0x21cb9c0: fd (fd:0, idx:1) 1
0:00:00.025324632  2476 0x85a370 DEBUG   GST_REGISTRY gstregistrychunks.c:527:gst_registry_chunks_load_pad_template: Reading/casting for GstRegistryChunkPadTemplate at address 0x877478
0:00:00.020273252  2477 0x21c3320 LOG   GST_PLUGIN_LOADING gstpluginloader.c:689:write_one: Writing packet of size 12 bytes to fd 0
0:00:00.025331238  2476 0x85a370 DEBUG   GST_REGISTRY gstregistrychunks.c:540:gst_registry_chunks_load_pad_template: Added pad_template src
0:00:00.025337443  2476 0x85a370 DEBUG   GST_REGISTRY gstregistrychunks.c:527:gst_registry_chunks_load_pad_template: Reading/casting for GstRegistryChunkPadTemplate at address 0x877488
0:00:00.020283084  2477 0x21c3320 DEBUG   GST_POLL gstpoll.c:980:gst_poll_fd_ctl_write: 0x21cb9c0: fd (fd:0, idx:1), active : 0
0:00:00.025343366  2476 0x85a370 DEBUG   GST_REGISTRY gstregistrychunks.c:540:gst_registry_chunks_load_pad_template: Added pad_template sink_%u
0:00:00.020290031  2477 0x21c3320 LOG   GST_POLL gstpoll.c:994:gst_poll_fd_ctl_write: 0x21cb9c0: pfd->events now 56 (POLLOUT:4)
0:00:00.025355275  2476 0x85a370 DEBUG   GST_REGISTRY gstregistry.c:590:gst_registry_add_feature: adding feature 0x87be20 (concat)
0:00:00.025363219  2476 0x85a370 DEBUG   GST_REFCOUNTING gstobject.c:709:gst_object_set_parent: set parent (ref and sink)
0:00:00.025371458  2476 0x85a370 TRACE   GST_REFCOUNTING gstobject.c:294:gst_object_ref_sink: 0x87be20 ref_sink 1->2
0:00:00.020316134  2477 0x21c3320 DEBUG   GST_POLL gstpoll.c:772:gst_poll_free: 0x21cb9c0: freeing
0:00:00.025378458  2476 0x85a370 LOG   GST_REGISTRY gstregistry.c:608:gst_registry_add_feature: emitting feature-added for concat
0:00:00.025385852  2476 0x85a370 DEBUG   GST_REGISTRY gstregistrychunks.c:742:gst_registry_chunks_load_feature: Added feature concat, plugin 0x875580 coreelements
0:00:00.025392491  2476 0x85a370 DEBUG   GST_REGISTRY gstregistrychunks.c:584:gst_registry_chunks_load_feature: Plugin 'coreelements' feature 'clocksync' typename : 'GstElementFactory'
0:00:00.025401055  2476 0x85a370 TRACE   GST_REFCOUNTING gstobject.c:208:gst_object_init: 0x87c370 new
0:00:00.025409745  2476 0x85a370 LOG   GST_REGISTRY gstregistrychunks.c:611:gst_registry_chunks_load_feature: Reading/casting for GstRegistryChunkElementFactory at address 0x8774b8
0:00:00.025425286  2476 0x85a370 TRACE   structure gststructure.c:292:gst_structure_new_id_empty_with_size: created structure 0x87c5b0
0:00:00.025432090  2476 0x85a370 DEBUG   structure gststructure.c:2258:gst_structure_parse_field: trying field name 'long-name'
0:00:00.025437734  2476 0x85a370 DEBUG   default gstvalue.c:2776:_priv_gst_value_parse_value: trying type name 'string'
0:00:00.025444527  2476 0x85a370 DEBUG   structure gststructure.c:2258:gst_structure_parse_field: trying field name 'klass'
0:00:00.025450003  2476 0x85a370 DEBUG   default gstvalue.c:2776:_priv_gst_value_parse_value: trying type name 'string'
0:00:00.025456917  2476 0x85a370 DEBUG   structure gststructure.c:2258:gst_structure_parse_field: trying field name 'description'
0:00:00.025462314  2476 0x85a370 DEBUG   default gstvalue.c:2776:_priv_gst_value_parse_value: trying type name 'string'
0:00:00.025469154  2476 0x85a370 DEBUG   structure gststructure.c:2258:gst_structure_parse_field: trying field name 'author'
0:00:00.025544635  2476 0x85a370 DEBUG   default gstvalue.c:2776:_priv_gst_value_parse_value: trying type name 'string'
0:00:00.025593165  2476 0x85a370 DEBUG   GST_REGISTRY gstregistrychunks.c:627:gst_registry_chunks_load_feature: Element factory : npadtemplates=2
0:00:00.025605024  2476 0x85a370 DEBUG   GST_REGISTRY gstregistrychunks.c:527:gst_registry_chunks_load_pad_template: Reading/casting for GstRegistryChunkPadTemplate at address 0x877588
0:00:00.025616384  2476 0x85a370 DEBUG   GST_REGISTRY gstregistrychunks.c:540:gst_registry_chunks_load_pad_template: Added pad_template sink
0:00:00.025623558  2476 0x85a370 DEBUG   GST_REGISTRY gstregistrychunks.c:527:gst_registry_chunks_load_pad_template: Reading/casting for GstRegistryChunkPadTemplate at address 0x8775a0
0:00:00.025631750  2476 0x85a370 DEBUG   GST_REGISTRY gstregistrychunks.c:540:gst_registry_chunks_load_pad_template: Added pad_template src
0:00:00.025650626  2476 0x85a370 DEBUG   GST_REGISTRY gstregistry.c:590:gst_registry_add_feature: adding feature 0x87c370 (clocksync)
0:00:00.025662866  2476 0x85a370 DEBUG   GST_REFCOUNTING gstobject.c:709:gst_object_set_parent: set parent (ref and sink)
0:00:00.025674899  2476 0x85a370 TRACE   GST_REFCOUNTING gstobject.c:294:gst_object_ref_sink: 0x87c370 ref_sink 1->2
0:00:00.025682964  2476 0x85a370 LOG   GST_REGISTRY gstregistry.c:608:gst_registry_add_feature: emitting feature-added for clocksync
0:00:00.025691211  2476 0x85a370 DEBUG   GST_REGISTRY gstregistrychunks.c:742:gst_registry_chunks_load_feature: Added feature clocksync, plugin 0x875580 coreelements
0:00:00.025698611  2476 0x85a370 DEBUG   GST_REGISTRY gstregistrychunks.c:584:gst_registry_chunks_load_feature: Plugin 'coreelements' feature 'capsfilter' typename : 'GstElementFactory'
0:00:00.025711702  2476 0x85a370 TRACE   GST_REFCOUNTING gstobject.c:208:gst_object_init: 0x87ba20 new
0:00:00.025722955  2476 0x85a370 LOG   GST_REGISTRY gstregistrychunks.c:611:gst_registry_chunks_load_feature: Reading/casting for GstRegistryChunkElementFactory at address 0x8775d0
0:00:00.025745144  2476 0x85a370 TRACE   structure gststructure.c:292:gst_structure_new_id_empty_with_size: created structure 0x87c8e0
0:00:00.025754715  2476 0x85a370 DEBUG   structure gststructure.c:2258:gst_structure_parse_field: trying field name 'long-name'
0:00:00.025762428  2476 0x85a370 DEBUG   default gstvalue.c:2776:_priv_gst_value_parse_value: trying type name 'string'
0:00:00.025770216  2476 0x85a370 DEBUG   structure gststructure.c:2258:gst_structure_parse_field: trying field name 'klass'
0:00:00.025775584  2476 0x85a370 DEBUG   default gstvalue.c:2776:_priv_gst_value_parse_value: trying type name 'string'
0:00:00.025782125  2476 0x85a370 DEBUG   structure gststructure.c:2258:gst_structure_parse_field: trying field name 'description'
0:00:00.025787491  2476 0x85a370 DEBUG   default gstvalue.c:2776:_priv_gst_value_parse_value: trying type name 'string'
0:00:00.025795027  2476 0x85a370 DEBUG   structure gststructure.c:2258:gst_structure_parse_field: trying field name 'author'
0:00:00.025800743  2476 0x85a370 DEBUG   default gstvalue.c:2776:_priv_gst_value_parse_value: trying type name 'string'
0:00:00.025810968  2476 0x85a370 DEBUG   GST_REGISTRY gstregistrychunks.c:627:gst_registry_chunks_load_feature: Element factory : npadtemplates=2
0:00:00.025817855  2476 0x85a370 DEBUG   GST_REGISTRY gstregistrychunks.c:527:gst_registry_chunks_load_pad_template: Reading/casting for GstRegistryChunkPadTemplate at address 0x8776b0
0:00:00.025823894  2476 0x85a370 DEBUG   GST_REGISTRY gstregistrychunks.c:540:gst_registry_chunks_load_pad_template: Added pad_template sink
0:00:00.025829330  2476 0x85a370 DEBUG   GST_REGISTRY gstregistrychunks.c:527:gst_registry_chunks_load_pad_template: Reading/casting for GstRegistryChunkPadTemplate at address 0x8776c8
0:00:00.025834853  2476 0x85a370 DEBUG   GST_REGISTRY gstregistrychunks.c:540:gst_registry_chunks_load_pad_template: Added pad_template src
0:00:00.025843491  2476 0x85a370 DEBUG   GST_REGISTRY gstregistry.c:590:gst_registry_add_feature: adding feature 0x87ba20 (capsfilter)
0:00:00.025849775  2476 0x85a370 DEBUG   GST_REFCOUNTING gstobject.c:709:gst_object_set_parent: set parent (ref and sink)
0:00:00.025857870  2476 0x85a370 TRACE   GST_REFCOUNTING gstobject.c:294:gst_object_ref_sink: 0x87ba20 ref_sink 1->2
0:00:00.025868154  2476 0x85a370 LOG   GST_REGISTRY gstregistry.c:608:gst_registry_add_feature: emitting feature-added for capsfilter
0:00:00.025876166  2476 0x85a370 DEBUG   GST_REGISTRY gstregistrychunks.c:742:gst_registry_chunks_load_feature: Added feature capsfilter, plugin 0x875580 coreelements
0:00:00.025885064  2476 0x85a370 LOG   GST_PLUGIN_LOADING gstpluginloader.c:888:handle_rx_packet: marking plugin 0x875580 as registered as /home/conan/w/prod/BuildSingleReference/.conan/data/gstreamer/1.19.2/_/_/package/87c267dd1134a9a07d23e41650d01aade79b0036/lib/gstreamer-1.0/libgstcoreelements.so
0:00:00.025896408  2476 0x85a370 DEBUG   GST_POLL gstpoll.c:1414:gst_poll_wait: 0x873d40: timeout :0:00:01.000000000
0:00:00.025914122  2476 0x85a370 LOG   GST_PLUGIN_LOADING gstpluginloader.c:1027:exchange_packets: Poll res = 2. 0 bytes pending for write
0:00:00.025921802  2476 0x85a370 DEBUG   GST_POLL gstpoll.c:1241:gst_poll_fd_has_error: 0x873d40: fd (fd:8, idx:2) 0
0:00:00.025928400  2476 0x85a370 DEBUG   GST_POLL gstpoll.c:1266:gst_poll_fd_can_read_unlocked: 0x873d40: fd (fd:8, idx:2) 1
0:00:00.025943438  2476 0x85a370 DEBUG   GST_PLUGIN_LOADING gstpluginloader.c:849:handle_rx_packet: Received plugin details from child w/ tag 2. 516 bytes info
0:00:00.025950693  2476 0x85a370 LOG   GST_REGISTRY gstregistrychunks.c:838:_priv_gst_registry_chunks_load_plugin: Reading/casting for GstRegistryChunkPluginElement at address 0x875c10
0:00:00.025959436  2476 0x85a370 TRACE   GST_REFCOUNTING gstobject.c:208:gst_object_init: 0x87cca0 new
0:00:00.025991686  2476 0x85a370 LOG   GST_REGISTRY gstregistrychunks.c:859:_priv_gst_registry_chunks_load_plugin: read strings for name='coretracers'
0:00:00.025998361  2476 0x85a370 LOG   GST_REGISTRY gstregistrychunks.c:860:_priv_gst_registry_chunks_load_plugin: desc.description='GStreamer core tracers'
0:00:00.026007091  2476 0x85a370 LOG   GST_REGISTRY gstregistrychunks.c:861:_priv_gst_registry_chunks_load_plugin: filename='/home/conan/w/prod/BuildSingleReference/.conan/data/gstreamer/1.19.2/_/_/package/87c267dd1134a9a07d23e41650d01aade79b0036/lib/gstreamer-1.0/libgstcoretracers.so'
0:00:00.026013947  2476 0x85a370 LOG   GST_REGISTRY gstregistrychunks.c:862:_priv_gst_registry_chunks_load_plugin: desc.version='1.19.2'
0:00:00.026019207  2476 0x85a370 LOG   GST_REGISTRY gstregistrychunks.c:863:_priv_gst_registry_chunks_load_plugin: desc.license='LGPL'
0:00:00.026024271  2476 0x85a370 LOG   GST_REGISTRY gstregistrychunks.c:864:_priv_gst_registry_chunks_load_plugin: desc.source='gstreamer'
0:00:00.026029426  2476 0x85a370 LOG   GST_REGISTRY gstregistrychunks.c:865:_priv_gst_registry_chunks_load_plugin: desc.package='GStreamer source release'
0:00:00.026034774  2476 0x85a370 LOG   GST_REGISTRY gstregistrychunks.c:866:_priv_gst_registry_chunks_load_plugin: desc.origin='Unknown package origin'
0:00:00.026040034  2476 0x85a370 LOG   GST_REGISTRY gstregistrychunks.c:867:_priv_gst_registry_chunks_load_plugin: desc.datetime=2021-09-23
0:00:00.026050508  2476 0x85a370 DEBUG   GST_REGISTRY gstregistry.c:449:gst_registry_add_plugin: Replacing existing plugin "/home/conan/w/prod/BuildSingleReference/.conan/data/gstreamer/1.19.2/_/_/package/87c267dd1134a9a07d23e41650d01aade79b0036/lib/gstreamer-1.0/libgstcoretracers.so" 0x873da0 with new plugin 0x87cca0 for filename "/home/conan/w/prod/BuildSingleReference/.conan/data/gstreamer/1.19.2/_/_/package/87c267dd1134a9a07d23e41650d01aade79b0036/lib/gstreamer-1.0/libgstcoretracers.so"
0:00:00.026069560  2476 0x85a370 TRACE   GST_REFCOUNTING gstobject.c:265:gst_object_unref: 0x873da0 unref 1->0
0:00:00.026079576  2476 0x85a370 TRACE   GST_REFCOUNTING gstobject.c:381:gst_object_dispose: 0x873da0 dispose
0:00:00.026089478  2476 0x85a370 DEBUG   GST_PLUGIN_LOADING gstplugin.c:132:gst_plugin_finalize: finalizing plugin
0:00:00.026102583  2476 0x85a370 TRACE   GST_REFCOUNTING gstobject.c:423:gst_object_finalize: 0x873da0 finalize
0:00:00.026119094  2476 0x85a370 DEBUG   GST_REGISTRY gstregistry.c:474:gst_registry_add_plugin: adding plugin 0x87cca0 for filename "/home/conan/w/prod/BuildSingleReference/.conan/data/gstreamer/1.19.2/_/_/package/87c267dd1134a9a07d23e41650d01aade79b0036/lib/gstreamer-1.0/libgstcoretracers.so"
0:00:00.026127070  2476 0x85a370 TRACE   GST_REFCOUNTING gstobject.c:294:gst_object_ref_sink: 0x87cca0 ref_sink 1->2
0:00:00.026134425  2476 0x85a370 LOG   GST_REGISTRY gstregistry.c:487:gst_registry_add_plugin: emitting plugin-added for filename "/home/conan/w/prod/BuildSingleReference/.conan/data/gstreamer/1.19.2/_/_/package/87c267dd1134a9a07d23e41650d01aade79b0036/lib/gstreamer-1.0/libgstcoretracers.so"
0:00:00.026141600  2476 0x85a370 DEBUG   GST_REGISTRY gstregistrychunks.c:888:_priv_gst_registry_chunks_load_plugin: Added plugin 'coretracers' plugin with 6 features from binary registry
0:00:00.026151658  2476 0x85a370 DEBUG   GST_REGISTRY gstregistrychunks.c:584:gst_registry_chunks_load_feature: Plugin 'coretracers' feature 'factories' typename : 'GstTracerFactory'
0:00:00.026162586  2476 0x85a370 TRACE   GST_REFCOUNTING gstobject.c:208:gst_object_init: 0x87c280 new
0:00:00.026172808  2476 0x85a370 DEBUG   GST_REGISTRY gstregistrychunks.c:719:gst_registry_chunks_load_feature: Reading/casting for GstRegistryChunkPluginFeature at address 0x875d60
0:00:00.026181014  2476 0x85a370 DEBUG   GST_REGISTRY gstregistry.c:581:gst_registry_add_feature: replacing existing feature 0x8743e0 (factories)
0:00:00.026188821  2476 0x85a370 DEBUG   GST_REGISTRY gstregistry.c:590:gst_registry_add_feature: adding feature 0x87c280 (factories)
0:00:00.026194794  2476 0x85a370 TRACE   GST_REFCOUNTING gstobject.c:788:gst_object_unparent: unparent
0:00:00.026202035  2476 0x85a370 TRACE   GST_REFCOUNTING gstobject.c:265:gst_object_unref: 0x8743e0 unref 1->0
0:00:00.026208638  2476 0x85a370 TRACE   GST_REFCOUNTING gstobject.c:381:gst_object_dispose: 0x8743e0 dispose
0:00:00.026218950  2476 0x85a370 DEBUG   GST_PLUGIN_LOADING gstpluginfeature.c:67:gst_plugin_feature_finalize: finalizing feature 0x8743e0: 'factories'
0:00:00.026226997  2476 0x85a370 TRACE   GST_REFCOUNTING gstobject.c:423:gst_object_finalize: 0x8743e0 finalize
0:00:00.026234213  2476 0x85a370 DEBUG   GST_REFCOUNTING gstobject.c:709:gst_object_set_parent: set parent (ref and sink)
0:00:00.026241942  2476 0x85a370 TRACE   GST_REFCOUNTING gstobject.c:294:gst_object_ref_sink: 0x87c280 ref_sink 1->2
0:00:00.026248504  2476 0x85a370 LOG   GST_REGISTRY gstregistry.c:608:gst_registry_add_feature: emitting feature-added for factories
0:00:00.026254941  2476 0x85a370 DEBUG   GST_REGISTRY gstregistrychunks.c:742:gst_registry_chunks_load_feature: Added feature factories, plugin 0x87cca0 coretracers
0:00:00.026266403  2476 0x85a370 DEBUG   GST_REGISTRY gstregistrychunks.c:584:gst_registry_chunks_load_feature: Plugin 'coretracers' feature 'leaks' typename : 'GstTracerFactory'
0:00:00.026274777  2476 0x85a370 TRACE   GST_REFCOUNTING gstobject.c:208:gst_object_init: 0x8743e0 new
0:00:00.026286198  2476 0x85a370 DEBUG   GST_REGISTRY gstregistrychunks.c:719:gst_registry_chunks_load_feature: Reading/casting for GstRegistryChunkPluginFeature at address 0x875d80
0:00:00.026295634  2476 0x85a370 DEBUG   GST_REGISTRY gstregistry.c:581:gst_registry_add_feature: replacing existing feature 0x8750b0 (leaks)
0:00:00.026302560  2476 0x85a370 DEBUG   GST_REGISTRY gstregistry.c:590:gst_registry_add_feature: adding feature 0x8743e0 (leaks)
0:00:00.026308282  2476 0x85a370 TRACE   GST_REFCOUNTING gstobject.c:788:gst_object_unparent: unparent
0:00:00.026315459  2476 0x85a370 TRACE   GST_REFCOUNTING gstobject.c:265:gst_object_unref: 0x8750b0 unref 1->0
0:00:00.026321935  2476 0x85a370 TRACE   GST_REFCOUNTING gstobject.c:381:gst_object_dispose: 0x8750b0 dispose
0:00:00.026328934  2476 0x85a370 DEBUG   GST_PLUGIN_LOADING gstpluginfeature.c:67:gst_plugin_feature_finalize: finalizing feature 0x8750b0: 'leaks'
0:00:00.026335169  2476 0x85a370 TRACE   GST_REFCOUNTING gstobject.c:423:gst_object_finalize: 0x8750b0 finalize
0:00:00.026344525  2476 0x85a370 DEBUG   GST_REFCOUNTING gstobject.c:709:gst_object_set_parent: set parent (ref and sink)
0:00:00.026353379  2476 0x85a370 TRACE   GST_REFCOUNTING gstobject.c:294:gst_object_ref_sink: 0x8743e0 ref_sink 1->2
0:00:00.026360265  2476 0x85a370 LOG   GST_REGISTRY gstregistry.c:608:gst_registry_add_feature: emitting feature-added for leaks
0:00:00.026366858  2476 0x85a370 DEBUG   GST_REGISTRY gstregistrychunks.c:742:gst_registry_chunks_load_feature: Added feature leaks, plugin 0x87cca0 coretracers
0:00:00.026373293  2476 0x85a370 DEBUG   GST_REGISTRY gstregistrychunks.c:584:gst_registry_chunks_load_feature: Plugin 'coretracers' feature 'stats' typename : 'GstTracerFactory'
0:00:00.026381058  2476 0x85a370 TRACE   GST_REFCOUNTING gstobject.c:208:gst_object_init: 0x8750b0 new
0:00:00.026389137  2476 0x85a370 DEBUG   GST_REGISTRY gstregistrychunks.c:719:gst_registry_chunks_load_feature: Reading/casting for GstRegistryChunkPluginFeature at address 0x875da0
0:00:00.026396490  2476 0x85a370 DEBUG   GST_REGISTRY gstregistry.c:581:gst_registry_add_feature: replacing existing feature 0x8752b0 (stats)
0:00:00.026406483  2476 0x85a370 DEBUG   GST_REGISTRY gstregistry.c:590:gst_registry_add_feature: adding feature 0x8750b0 (stats)
0:00:00.026413356  2476 0x85a370 TRACE   GST_REFCOUNTING gstobject.c:788:gst_object_unparent: unparent
0:00:00.026420685  2476 0x85a370 TRACE   GST_REFCOUNTING gstobject.c:265:gst_object_unref: 0x8752b0 unref 1->0
0:00:00.026427397  2476 0x85a370 TRACE   GST_REFCOUNTING gstobject.c:381:gst_object_dispose: 0x8752b0 dispose
0:00:00.026438453  2476 0x85a370 DEBUG   GST_PLUGIN_LOADING gstpluginfeature.c:67:gst_plugin_feature_finalize: finalizing feature 0x8752b0: 'stats'
0:00:00.026444538  2476 0x85a370 TRACE   GST_REFCOUNTING gstobject.c:423:gst_object_finalize: 0x8752b0 finalize
0:00:00.026450775  2476 0x85a370 DEBUG   GST_REFCOUNTING gstobject.c:709:gst_object_set_parent: set parent (ref and sink)
0:00:00.026457532  2476 0x85a370 TRACE   GST_REFCOUNTING gstobject.c:294:gst_object_ref_sink: 0x8750b0 ref_sink 1->2
0:00:00.026466948  2476 0x85a370 LOG   GST_REGISTRY gstregistry.c:608:gst_registry_add_feature: emitting feature-added for stats
0:00:00.026475865  2476 0x85a370 DEBUG   GST_REGISTRY gstregistrychunks.c:742:gst_registry_chunks_load_feature: Added feature stats, plugin 0x87cca0 coretracers
0:00:00.026483809  2476 0x85a370 DEBUG   GST_REGISTRY gstregistrychunks.c:584:gst_registry_chunks_load_feature: Plugin 'coretracers' feature 'rusage' typename : 'GstTracerFactory'
0:00:00.026508484  2476 0x85a370 TRACE   GST_REFCOUNTING gstobject.c:208:gst_object_init: 0x8752b0 new
0:00:00.026517498  2476 0x85a370 DEBUG   GST_REGISTRY gstregistrychunks.c:719:gst_registry_chunks_load_feature: Reading/casting for GstRegistryChunkPluginFeature at address 0x875dc0
0:00:00.026526632  2476 0x85a370 DEBUG   GST_REGISTRY gstregistry.c:581:gst_registry_add_feature: replacing existing feature 0x8754b0 (rusage)
0:00:00.026536678  2476 0x85a370 DEBUG   GST_REGISTRY gstregistry.c:590:gst_registry_add_feature: adding feature 0x8752b0 (rusage)
0:00:00.026543414  2476 0x85a370 TRACE   GST_REFCOUNTING gstobject.c:788:gst_object_unparent: unparent
0:00:00.026550533  2476 0x85a370 TRACE   GST_REFCOUNTING gstobject.c:265:gst_object_unref: 0x8754b0 unref 1->0
0:00:00.026556993  2476 0x85a370 TRACE   GST_REFCOUNTING gstobject.c:381:gst_object_dispose: 0x8754b0 dispose
0:00:00.026563991  2476 0x85a370 DEBUG   GST_PLUGIN_LOADING gstpluginfeature.c:67:gst_plugin_feature_finalize: finalizing feature 0x8754b0: 'rusage'
0:00:00.026569778  2476 0x85a370 TRACE   GST_REFCOUNTING gstobject.c:423:gst_object_finalize: 0x8754b0 finalize
0:00:00.026576294  2476 0x85a370 DEBUG   GST_REFCOUNTING gstobject.c:709:gst_object_set_parent: set parent (ref and sink)
0:00:00.026583060  2476 0x85a370 TRACE   GST_REFCOUNTING gstobject.c:294:gst_object_ref_sink: 0x8752b0 ref_sink 1->2
0:00:00.026592501  2476 0x85a370 LOG   GST_REGISTRY gstregistry.c:608:gst_registry_add_feature: emitting feature-added for rusage
0:00:00.026600202  2476 0x85a370 DEBUG   GST_REGISTRY gstregistrychunks.c:742:gst_registry_chunks_load_feature: Added feature rusage, plugin 0x87cca0 coretracers
0:00:00.026606878  2476 0x85a370 DEBUG   GST_REGISTRY gstregistrychunks.c:584:gst_registry_chunks_load_feature: Plugin 'coretracers' feature 'log' typename : 'GstTracerFactory'
0:00:00.026614781  2476 0x85a370 TRACE   GST_REFCOUNTING gstobject.c:208:gst_object_init: 0x8754b0 new
0:00:00.026626985  2476 0x85a370 DEBUG   GST_REGISTRY gstregistrychunks.c:719:gst_registry_chunks_load_feature: Reading/casting for GstRegistryChunkPluginFeature at address 0x875de0
0:00:00.026634634  2476 0x85a370 DEBUG   GST_REGISTRY gstregistry.c:581:gst_registry_add_feature: replacing existing feature 0x8756b0 (log)
0:00:00.026641306  2476 0x85a370 DEBUG   GST_REGISTRY gstregistry.c:590:gst_registry_add_feature: adding feature 0x8754b0 (log)
0:00:00.026646741  2476 0x85a370 TRACE   GST_REFCOUNTING gstobject.c:788:gst_object_unparent: unparent
0:00:00.026656894  2476 0x85a370 TRACE   GST_REFCOUNTING gstobject.c:265:gst_object_unref: 0x8756b0 unref 1->0
0:00:00.026665042  2476 0x85a370 TRACE   GST_REFCOUNTING gstobject.c:381:gst_object_dispose: 0x8756b0 dispose
0:00:00.026672815  2476 0x85a370 DEBUG   GST_PLUGIN_LOADING gstpluginfeature.c:67:gst_plugin_feature_finalize: finalizing feature 0x8756b0: 'log'
0:00:00.026679033  2476 0x85a370 TRACE   GST_REFCOUNTING gstobject.c:423:gst_object_finalize: 0x8756b0 finalize
0:00:00.026685503  2476 0x85a370 DEBUG   GST_REFCOUNTING gstobject.c:709:gst_object_set_parent: set parent (ref and sink)
0:00:00.026692353  2476 0x85a370 TRACE   GST_REFCOUNTING gstobject.c:294:gst_object_ref_sink: 0x8754b0 ref_sink 1->2
0:00:00.026698653  2476 0x85a370 LOG   GST_REGISTRY gstregistry.c:608:gst_registry_add_feature: emitting feature-added for log
0:00:00.026704907  2476 0x85a370 DEBUG   GST_REGISTRY gstregistrychunks.c:742:gst_registry_chunks_load_feature: Added feature log, plugin 0x87cca0 coretracers
0:00:00.026714227  2476 0x85a370 DEBUG   GST_REGISTRY gstregistrychunks.c:584:gst_registry_chunks_load_feature: Plugin 'coretracers' feature 'latency' typename : 'GstTracerFactory'
0:00:00.026723722  2476 0x85a370 TRACE   GST_REFCOUNTING gstobject.c:208:gst_object_init: 0x8756b0 new
0:00:00.026732627  2476 0x85a370 DEBUG   GST_REGISTRY gstregistrychunks.c:719:gst_registry_chunks_load_feature: Reading/casting for GstRegistryChunkPluginFeature at address 0x875e08
0:00:00.026740319  2476 0x85a370 DEBUG   GST_REGISTRY gstregistry.c:581:gst_registry_add_feature: replacing existing feature 0x8758b0 (latency)
0:00:00.026747185  2476 0x85a370 DEBUG   GST_REGISTRY gstregistry.c:590:gst_registry_add_feature: adding feature 0x8756b0 (latency)
0:00:00.026752623  2476 0x85a370 TRACE   GST_REFCOUNTING gstobject.c:788:gst_object_unparent: unparent
0:00:00.026759350  2476 0x85a370 TRACE   GST_REFCOUNTING gstobject.c:265:gst_object_unref: 0x8758b0 unref 1->0
0:00:00.026765750  2476 0x85a370 TRACE   GST_REFCOUNTING gstobject.c:381:gst_object_dispose: 0x8758b0 dispose
0:00:00.026775810  2476 0x85a370 DEBUG   GST_PLUGIN_LOADING gstpluginfeature.c:67:gst_plugin_feature_finalize: finalizing feature 0x8758b0: 'latency'
0:00:00.026783361  2476 0x85a370 TRACE   GST_REFCOUNTING gstobject.c:423:gst_object_finalize: 0x8758b0 finalize
0:00:00.026794801  2476 0x85a370 DEBUG   GST_REFCOUNTING gstobject.c:709:gst_object_set_parent: set parent (ref and sink)
0:00:00.026802150  2476 0x85a370 TRACE   GST_REFCOUNTING gstobject.c:294:gst_object_ref_sink: 0x8756b0 ref_sink 1->2
0:00:00.026808506  2476 0x85a370 LOG   GST_REGISTRY gstregistry.c:608:gst_registry_add_feature: emitting feature-added for latency
0:00:00.026814778  2476 0x85a370 DEBUG   GST_REGISTRY gstregistrychunks.c:742:gst_registry_chunks_load_feature: Added feature latency, plugin 0x87cca0 coretracers
0:00:00.026822309  2476 0x85a370 LOG   GST_PLUGIN_LOADING gstpluginloader.c:888:handle_rx_packet: marking plugin 0x87cca0 as registered as /home/conan/w/prod/BuildSingleReference/.conan/data/gstreamer/1.19.2/_/_/package/87c267dd1134a9a07d23e41650d01aade79b0036/lib/gstreamer-1.0/libgstcoretracers.so
0:00:00.026831471  2476 0x85a370 DEBUG   GST_POLL gstpoll.c:1414:gst_poll_wait: 0x873d40: timeout :0:00:01.000000000
0:00:00.026843940  2476 0x85a370 LOG   GST_PLUGIN_LOADING gstpluginloader.c:1027:exchange_packets: Poll res = 2. 0 bytes pending for write
0:00:00.026852154  2476 0x85a370 DEBUG   GST_POLL gstpoll.c:1241:gst_poll_fd_has_error: 0x873d40: fd (fd:8, idx:2) 0
0:00:00.026858754  2476 0x85a370 DEBUG   GST_POLL gstpoll.c:1266:gst_poll_fd_can_read_unlocked: 0x873d40: fd (fd:8, idx:2) 1
0:00:00.026872598  2476 0x85a370 DEBUG   GST_PLUGIN_LOADING gstpluginloader.c:849:handle_rx_packet: Received plugin details from child w/ tag 3. 6860 bytes info
0:00:00.026878568  2476 0x85a370 LOG   GST_REGISTRY gstregistrychunks.c:838:_priv_gst_registry_chunks_load_plugin: Reading/casting for GstRegistryChunkPluginElement at address 0x875c10
0:00:00.026888862  2476 0x85a370 TRACE   GST_REFCOUNTING gstobject.c:208:gst_object_init: 0x873da0 new
0:00:00.026902522  2476 0x85a370 LOG   GST_REGISTRY gstregistrychunks.c:859:_priv_gst_registry_chunks_load_plugin: read strings for name='coreelements'
0:00:00.026908533  2476 0x85a370 LOG   GST_REGISTRY gstregistrychunks.c:860:_priv_gst_registry_chunks_load_plugin: desc.description='GStreamer core elements'
0:00:00.026914680  2476 0x85a370 LOG   GST_REGISTRY gstregistrychunks.c:861:_priv_gst_registry_chunks_load_plugin: filename='/home/conan/w/prod/BuildSingleReference/.conan/data/gstreamer/1.19.2/_/_/package/87c267dd1134a9a07d23e41650d01aade79b0036/lib/gstreamer-1.0/libgstcoreelements.so'
0:00:00.026920314  2476 0x85a370 LOG   GST_REGISTRY gstregistrychunks.c:862:_priv_gst_registry_chunks_load_plugin: desc.version='1.19.2'
0:00:00.026925410  2476 0x85a370 LOG   GST_REGISTRY gstregistrychunks.c:863:_priv_gst_registry_chunks_load_plugin: desc.license='LGPL'
0:00:00.026930409  2476 0x85a370 LOG   GST_REGISTRY gstregistrychunks.c:864:_priv_gst_registry_chunks_load_plugin: desc.source='gstreamer'
0:00:00.026935465  2476 0x85a370 LOG   GST_REGISTRY gstregistrychunks.c:865:_priv_gst_registry_chunks_load_plugin: desc.package='GStreamer source release'
0:00:00.026943647  2476 0x85a370 LOG   GST_REGISTRY gstregistrychunks.c:866:_priv_gst_registry_chunks_load_plugin: desc.origin='Unknown package origin'
0:00:00.026954835  2476 0x85a370 LOG   GST_REGISTRY gstregistrychunks.c:867:_priv_gst_registry_chunks_load_plugin: desc.datetime=2021-09-23
0:00:00.026964663  2476 0x85a370 DEBUG   GST_REGISTRY gstregistry.c:449:gst_registry_add_plugin: Replacing existing plugin "/home/conan/w/prod/BuildSingleReference/.conan/data/gstreamer/1.19.2/_/_/package/87c267dd1134a9a07d23e41650d01aade79b0036/lib/gstreamer-1.0/libgstcoreelements.so" 0x875580 with new plugin 0x873da0 for filename "/home/conan/w/prod/BuildSingleReference/.conan/data/gstreamer/1.19.2/_/_/package/87c267dd1134a9a07d23e41650d01aade79b0036/lib/gstreamer-1.0/libgstcoreelements.so"
0:00:00.026979667  2476 0x85a370 TRACE   GST_REFCOUNTING gstobject.c:265:gst_object_unref: 0x875580 unref 1->0
0:00:00.026986897  2476 0x85a370 TRACE   GST_REFCOUNTING gstobject.c:381:gst_object_dispose: 0x875580 dispose
0:00:00.026995151  2476 0x85a370 DEBUG   GST_PLUGIN_LOADING gstplugin.c:132:gst_plugin_finalize: finalizing plugin
0:00:00.027001220  2476 0x85a370 TRACE   GST_REFCOUNTING gstobject.c:423:gst_object_finalize: 0x875580 finalize
0:00:00.027013313  2476 0x85a370 DEBUG   GST_REGISTRY gstregistry.c:474:gst_registry_add_plugin: adding plugin 0x873da0 for filename "/home/conan/w/prod/BuildSingleReference/.conan/data/gstreamer/1.19.2/_/_/package/87c267dd1134a9a07d23e41650d01aade79b0036/lib/gstreamer-1.0/libgstcoreelements.so"
0:00:00.027021978  2476 0x85a370 TRACE   GST_REFCOUNTING gstobject.c:294:gst_object_ref_sink: 0x873da0 ref_sink 1->2
0:00:00.027029241  2476 0x85a370 LOG   GST_REGISTRY gstregistry.c:487:gst_registry_add_plugin: emitting plugin-added for filename "/home/conan/w/prod/BuildSingleReference/.conan/data/gstreamer/1.19.2/_/_/package/87c267dd1134a9a07d23e41650d01aade79b0036/lib/gstreamer-1.0/libgstcoreelements.so"
0:00:00.027035997  2476 0x85a370 DEBUG   GST_REGISTRY gstregistrychunks.c:888:_priv_gst_registry_chunks_load_plugin: Added plugin 'coreelements' plugin with 22 features from binary registry
0:00:00.027042571  2476 0x85a370 DEBUG   GST_REGISTRY gstregistrychunks.c:584:gst_registry_chunks_load_feature: Plugin 'coreelements' feature 'streamiddemux' typename : 'GstElementFactory'
0:00:00.027050721  2476 0x85a370 TRACE   GST_REFCOUNTING gstobject.c:208:gst_object_init: 0x87c790 new
0:00:00.027059038  2476 0x85a370 LOG   GST_REGISTRY gstregistrychunks.c:611:gst_registry_chunks_load_feature: Reading/casting for GstRegistryChunkElementFactory at address 0x875d68
0:00:00.027065892  2476 0x85a370 TRACE   structure gststructure.c:292:gst_structure_new_id_empty_with_size: created structure 0x87cdd0
0:00:00.027074589  2476 0x85a370 DEBUG   structure gststructure.c:2258:gst_structure_parse_field: trying field name 'long-name'
0:00:00.027081893  2476 0x85a370 DEBUG   default gstvalue.c:2776:_priv_gst_value_parse_value: trying type name 'string'
0:00:00.027089639  2476 0x85a370 DEBUG   structure gststructure.c:2258:gst_structure_parse_field: trying field name 'klass'
0:00:00.027094923  2476 0x85a370 DEBUG   default gstvalue.c:2776:_priv_gst_value_parse_value: trying type name 'string'
0:00:00.027107782  2476 0x85a370 DEBUG   structure gststructure.c:2258:gst_structure_parse_field: trying field name 'description'
0:00:00.027112933  2476 0x85a370 DEBUG   default gstvalue.c:2776:_priv_gst_value_parse_value: trying type name 'string'
0:00:00.027119586  2476 0x85a370 DEBUG   structure gststructure.c:2258:gst_structure_parse_field: trying field name 'author'
0:00:00.027124563  2476 0x85a370 DEBUG   default gstvalue.c:2776:_priv_gst_value_parse_value: trying type name 'string'
0:00:00.027134694  2476 0x85a370 DEBUG   GST_REGISTRY gstregistrychunks.c:627:gst_registry_chunks_load_feature: Element factory : npadtemplates=2
0:00:00.027141518  2476 0x85a370 DEBUG   GST_REGISTRY gstregistrychunks.c:527:gst_registry_chunks_load_pad_template: Reading/casting for GstRegistryChunkPadTemplate at address 0x875e40
0:00:00.027147904  2476 0x85a370 DEBUG   GST_REGISTRY gstregistrychunks.c:540:gst_registry_chunks_load_pad_template: Added pad_template src_%u
0:00:00.027153194  2476 0x85a370 DEBUG   GST_REGISTRY gstregistrychunks.c:527:gst_registry_chunks_load_pad_template: Reading/casting for GstRegistryChunkPadTemplate at address 0x875e58
0:00:00.027158630  2476 0x85a370 DEBUG   GST_REGISTRY gstregistrychunks.c:540:gst_registry_chunks_load_pad_template: Added pad_template sink
0:00:00.027166948  2476 0x85a370 DEBUG   GST_REGISTRY gstregistry.c:581:gst_registry_add_feature: replacing existing feature 0x8759f0 (streamiddemux)
0:00:00.027174129  2476 0x85a370 DEBUG   GST_REGISTRY gstregistry.c:590:gst_registry_add_feature: adding feature 0x87c790 (streamiddemux)
0:00:00.027179779  2476 0x85a370 TRACE   GST_REFCOUNTING gstobject.c:788:gst_object_unparent: unparent
0:00:00.027190239  2476 0x85a370 TRACE   GST_REFCOUNTING gstobject.c:265:gst_object_unref: 0x8759f0 unref 1->0
0:00:00.027198068  2476 0x85a370 TRACE   GST_REFCOUNTING gstobject.c:381:gst_object_dispose: 0x8759f0 dispose
0:00:00.027206280  2476 0x85a370 TRACE   structure gststructure.c:547:gst_structure_free: free structure 0x874cd0
0:00:00.027214738  2476 0x85a370 TRACE   GST_REFCOUNTING gstminiobject.c:736:gst_mini_object_replace: replace (nil) (0) with (nil) (0)
0:00:00.027221859  2476 0x85a370 TRACE   GST_REFCOUNTING gstminiobject.c:736:gst_mini_object_replace: replace (nil) (0) with (nil) (0)
0:00:00.027228718  2476 0x85a370 DEBUG   GST_PLUGIN_LOADING gstpluginfeature.c:67:gst_plugin_feature_finalize: finalizing feature 0x8759f0: 'streamiddemux'
0:00:00.027234815  2476 0x85a370 TRACE   GST_REFCOUNTING gstobject.c:423:gst_object_finalize: 0x8759f0 finalize
0:00:00.027241676  2476 0x85a370 DEBUG   GST_REFCOUNTING gstobject.c:709:gst_object_set_parent: set parent (ref and sink)
0:00:00.027252026  2476 0x85a370 TRACE   GST_REFCOUNTING gstobject.c:294:gst_object_ref_sink: 0x87c790 ref_sink 1->2
0:00:00.027259995  2476 0x85a370 LOG   GST_REGISTRY gstregistry.c:608:gst_registry_add_feature: emitting feature-added for streamiddemux
0:00:00.027271376  2476 0x85a370 DEBUG   GST_REGISTRY gstregistrychunks.c:742:gst_registry_chunks_load_feature: Added feature streamiddemux, plugin 0x873da0 coreelements
0:00:00.027278318  2476 0x85a370 DEBUG   GST_REGISTRY gstregistrychunks.c:584:gst_registry_chunks_load_feature: Plugin 'coreelements' feature 'valve' typename : 'GstElementFactory'
0:00:00.027286562  2476 0x85a370 TRACE   GST_REFCOUNTING gstobject.c:208:gst_object_init: 0x8759f0 new
0:00:00.027294633  2476 0x85a370 LOG   GST_REGISTRY gstregistrychunks.c:611:gst_registry_chunks_load_feature: Reading/casting for GstRegistryChunkElementFactory at address 0x875e88
0:00:00.027301615  2476 0x85a370 TRACE   structure gststructure.c:292:gst_structure_new_id_empty_with_size: created structure 0x874cd0
0:00:00.027307466  2476 0x85a370 DEBUG   structure gststructure.c:2258:gst_structure_parse_field: trying field name 'long-name'
0:00:00.027315563  2476 0x85a370 DEBUG   default gstvalue.c:2776:_priv_gst_value_parse_value: trying type name 'string'
0:00:00.027323621  2476 0x85a370 DEBUG   structure gststructure.c:2258:gst_structure_parse_field: trying field name 'klass'
0:00:00.027328973  2476 0x85a370 DEBUG   default gstvalue.c:2776:_priv_gst_value_parse_value: trying type name 'string'
0:00:00.027335220  2476 0x85a370 DEBUG   structure gststructure.c:2258:gst_structure_parse_field: trying field name 'description'
0:00:00.027340162  2476 0x85a370 DEBUG   default gstvalue.c:2776:_priv_gst_value_parse_value: trying type name 'string'
0:00:00.027346796  2476 0x85a370 DEBUG   structure gststructure.c:2258:gst_structure_parse_field: trying field name 'author'
0:00:00.027351623  2476 0x85a370 DEBUG   default gstvalue.c:2776:_priv_gst_value_parse_value: trying type name 'string'
0:00:00.027358440  2476 0x85a370 DEBUG   GST_REGISTRY gstregistrychunks.c:627:gst_registry_chunks_load_feature: Element factory : npadtemplates=2
0:00:00.027366488  2476 0x85a370 DEBUG   GST_REGISTRY gstregistrychunks.c:527:gst_registry_chunks_load_pad_template: Reading/casting for GstRegistryChunkPadTemplate at address 0x875f78
0:00:00.027373486  2476 0x85a370 DEBUG   GST_REGISTRY gstregistrychunks.c:540:gst_registry_chunks_load_pad_template: Added pad_template sink
0:00:00.027379000  2476 0x85a370 DEBUG   GST_REGISTRY gstregistrychunks.c:527:gst_registry_chunks_load_pad_template: Reading/casting for GstRegistryChunkPadTemplate at address 0x875f90
0:00:00.027384910  2476 0x85a370 DEBUG   GST_REGISTRY gstregistrychunks.c:540:gst_registry_chunks_load_pad_template: Added pad_template src
0:00:00.027393071  2476 0x85a370 DEBUG   GST_REGISTRY gstregistry.c:581:gst_registry_add_feature: replacing existing feature 0x8747f0 (valve)
0:00:00.027400133  2476 0x85a370 DEBUG   GST_REGISTRY gstregistry.c:590:gst_registry_add_feature: adding feature 0x8759f0 (valve)
0:00:00.027405862  2476 0x85a370 TRACE   GST_REFCOUNTING gstobject.c:788:gst_object_unparent: unparent
0:00:00.027413150  2476 0x85a370 TRACE   GST_REFCOUNTING gstobject.c:265:gst_object_unref: 0x8747f0 unref 1->0
0:00:00.027427305  2476 0x85a370 TRACE   GST_REFCOUNTING gstobject.c:381:gst_object_dispose: 0x8747f0 dispose
0:00:00.027435630  2476 0x85a370 TRACE   structure gststructure.c:547:gst_structure_free: free structure 0x8779c0
0:00:00.027442888  2476 0x85a370 TRACE   GST_REFCOUNTING gstminiobject.c:736:gst_mini_object_replace: replace (nil) (0) with (nil) (0)
0:00:00.027449993  2476 0x85a370 TRACE   GST_REFCOUNTING gstminiobject.c:736:gst_mini_object_replace: replace (nil) (0) with (nil) (0)
0:00:00.027457001  2476 0x85a370 DEBUG   GST_PLUGIN_LOADING gstpluginfeature.c:67:gst_plugin_feature_finalize: finalizing feature 0x8747f0: 'valve'
0:00:00.027463082  2476 0x85a370 TRACE   GST_REFCOUNTING gstobject.c:423:gst_object_finalize: 0x8747f0 finalize
0:00:00.027469818  2476 0x85a370 DEBUG   GST_REFCOUNTING gstobject.c:709:gst_object_set_parent: set parent (ref and sink)
