0:00:00.016369716  2477 0x21c3320 LOG   GST_POLL gstpoll.c:994:gst_poll_fd_ctl_write: 0x21cb9c0: pfd->events now 60 (POLLOUT:4)
0:00:00.021429139  2476 0x85a370 TRACE   GST_REFCOUNTING gstobject.c:294:gst_object_ref_sink: 0x8747f0 ref_sink 1->2
0:00:00.016377313  2477 0x21c3320 DEBUG   GST_POLL gstpoll.c:980:gst_poll_fd_ctl_write: 0x21cb9c0: fd (fd:0, idx:1), active : 1
0:00:00.016386848  2477 0x21c3320 LOG   GST_POLL gstpoll.c:994:gst_poll_fd_ctl_write: 0x21cb9c0: pfd->events now 60 (POLLOUT:4)
0:00:00.021442235  2476 0x85a370 LOG   GST_REGISTRY gstregistry.c:608:gst_registry_add_feature: emitting feature-added for valve
0:00:00.016393486  2477 0x21c3320 DEBUG   GST_POLL gstpoll.c:980:gst_poll_fd_ctl_write: 0x21cb9c0: fd (fd:0, idx:1), active : 1
0:00:00.021452043  2476 0x85a370 DEBUG   GST_REGISTRY gstregistrychunks.c:742:gst_registry_chunks_load_feature: Added feature valve, plugin 0x875580 coreelements
0:00:00.016402872  2477 0x21c3320 LOG   GST_POLL gstpoll.c:994:gst_poll_fd_ctl_write: 0x21cb9c0: pfd->events now 60 (POLLOUT:4)
0:00:00.021461478  2476 0x85a370 DEBUG   GST_REGISTRY gstregistrychunks.c:584:gst_registry_chunks_load_feature: Plugin 'coreelements' feature 'multiqueue' typename : 'GstElementFactory'
0:00:00.016411117  2477 0x21c3320 DEBUG   GST_POLL gstpoll.c:980:gst_poll_fd_ctl_write: 0x21cb9c0: fd (fd:0, idx:1), active : 1
0:00:00.021471945  2476 0x85a370 TRACE   GST_REFCOUNTING gstobject.c:208:gst_object_init: 0x877b40 new
0:00:00.016418072  2477 0x21c3320 LOG   GST_POLL gstpoll.c:994:gst_poll_fd_ctl_write: 0x21cb9c0: pfd->events now 60 (POLLOUT:4)
0:00:00.021482351  2476 0x85a370 LOG   GST_REGISTRY gstregistrychunks.c:611:gst_registry_chunks_load_feature: Reading/casting for GstRegistryChunkElementFactory at address 0x875fc0
0:00:00.016427386  2477 0x21c3320 DEBUG   GST_POLL gstpoll.c:980:gst_poll_fd_ctl_write: 0x21cb9c0: fd (fd:0, idx:1), active : 1
0:00:00.021504778  2476 0x85a370 TRACE   structure gststructure.c:292:gst_structure_new_id_empty_with_size: created structure 0x877c30
0:00:00.016454206  2477 0x21c3320 LOG   GST_POLL gstpoll.c:994:gst_poll_fd_ctl_write: 0x21cb9c0: pfd->events now 60 (POLLOUT:4)
0:00:00.021517310  2476 0x85a370 DEBUG   structure gststructure.c:2258:gst_structure_parse_field: trying field name 'long-name'
0:00:00.016465464  2477 0x21c3320 DEBUG   GST_POLL gstpoll.c:980:gst_poll_fd_ctl_write: 0x21cb9c0: fd (fd:0, idx:1), active : 1
0:00:00.021527695  2476 0x85a370 DEBUG   default gstvalue.c:2776:_priv_gst_value_parse_value: trying type name 'string'
0:00:00.016478068  2477 0x21c3320 LOG   GST_POLL gstpoll.c:994:gst_poll_fd_ctl_write: 0x21cb9c0: pfd->events now 60 (POLLOUT:4)
0:00:00.021536508  2476 0x85a370 DEBUG   structure gststructure.c:2258:gst_structure_parse_field: trying field name 'klass'
0:00:00.016489415  2477 0x21c3320 DEBUG   GST_POLL gstpoll.c:980:gst_poll_fd_ctl_write: 0x21cb9c0: fd (fd:0, idx:1), active : 1
0:00:00.021546823  2476 0x85a370 DEBUG   default gstvalue.c:2776:_priv_gst_value_parse_value: trying type name 'string'
0:00:00.016503285  2477 0x21c3320 LOG   GST_POLL gstpoll.c:994:gst_poll_fd_ctl_write: 0x21cb9c0: pfd->events now 60 (POLLOUT:4)
0:00:00.021561410  2476 0x85a370 DEBUG   structure gststructure.c:2258:gst_structure_parse_field: trying field name 'description'
0:00:00.016510605  2477 0x21c3320 DEBUG   GST_POLL gstpoll.c:980:gst_poll_fd_ctl_write: 0x21cb9c0: fd (fd:0, idx:1), active : 1
0:00:00.021568307  2476 0x85a370 DEBUG   default gstvalue.c:2776:_priv_gst_value_parse_value: trying type name 'string'
0:00:00.016517300  2477 0x21c3320 LOG   GST_POLL gstpoll.c:994:gst_poll_fd_ctl_write: 0x21cb9c0: pfd->events now 60 (POLLOUT:4)
0:00:00.021576456  2476 0x85a370 DEBUG   structure gststructure.c:2258:gst_structure_parse_field: trying field name 'author'
0:00:00.016524221  2477 0x21c3320 DEBUG   GST_POLL gstpoll.c:980:gst_poll_fd_ctl_write: 0x21cb9c0: fd (fd:0, idx:1), active : 1
0:00:00.021583453  2476 0x85a370 DEBUG   default gstvalue.c:2776:_priv_gst_value_parse_value: trying type name 'string'
0:00:00.016531251  2477 0x21c3320 LOG   GST_POLL gstpoll.c:994:gst_poll_fd_ctl_write: 0x21cb9c0: pfd->events now 60 (POLLOUT:4)
0:00:00.016538782  2477 0x21c3320 DEBUG   GST_POLL gstpoll.c:980:gst_poll_fd_ctl_write: 0x21cb9c0: fd (fd:0, idx:1), active : 1
0:00:00.021595142  2476 0x85a370 DEBUG   GST_REGISTRY gstregistrychunks.c:627:gst_registry_chunks_load_feature: Element factory : npadtemplates=2
0:00:00.016552603  2477 0x21c3320 LOG   GST_POLL gstpoll.c:994:gst_poll_fd_ctl_write: 0x21cb9c0: pfd->events now 60 (POLLOUT:4)
0:00:00.021609582  2476 0x85a370 DEBUG   GST_REGISTRY gstregistrychunks.c:527:gst_registry_chunks_load_pad_template: Reading/casting for GstRegistryChunkPadTemplate at address 0x876080
0:00:00.016560681  2477 0x21c3320 DEBUG   GST_POLL gstpoll.c:980:gst_poll_fd_ctl_write: 0x21cb9c0: fd (fd:0, idx:1), active : 1
0:00:00.021618943  2476 0x85a370 DEBUG   GST_REGISTRY gstregistrychunks.c:540:gst_registry_chunks_load_pad_template: Added pad_template src_%u
0:00:00.016567902  2477 0x21c3320 LOG   GST_POLL gstpoll.c:994:gst_poll_fd_ctl_write: 0x21cb9c0: pfd->events now 60 (POLLOUT:4)
0:00:00.021626126  2476 0x85a370 DEBUG   GST_REGISTRY gstregistrychunks.c:527:gst_registry_chunks_load_pad_template: Reading/casting for GstRegistryChunkPadTemplate at address 0x876098
0:00:00.016575276  2477 0x21c3320 DEBUG   GST_POLL gstpoll.c:980:gst_poll_fd_ctl_write: 0x21cb9c0: fd (fd:0, idx:1), active : 1
0:00:00.021634064  2476 0x85a370 DEBUG   GST_REGISTRY gstregistrychunks.c:540:gst_registry_chunks_load_pad_template: Added pad_template sink_%u
0:00:00.016582564  2477 0x21c3320 LOG   GST_POLL gstpoll.c:994:gst_poll_fd_ctl_write: 0x21cb9c0: pfd->events now 60 (POLLOUT:4)
0:00:00.016590441  2477 0x21c3320 DEBUG   GST_POLL gstpoll.c:980:gst_poll_fd_ctl_write: 0x21cb9c0: fd (fd:0, idx:1), active : 1
0:00:00.021645706  2476 0x85a370 DEBUG   GST_REGISTRY gstregistry.c:590:gst_registry_add_feature: adding feature 0x877b40 (multiqueue)
0:00:00.016603106  2477 0x21c3320 LOG   GST_POLL gstpoll.c:994:gst_poll_fd_ctl_write: 0x21cb9c0: pfd->events now 60 (POLLOUT:4)
0:00:00.021661633  2476 0x85a370 DEBUG   GST_REFCOUNTING gstobject.c:709:gst_object_set_parent: set parent (ref and sink)
0:00:00.016610783  2477 0x21c3320 DEBUG   GST_POLL gstpoll.c:980:gst_poll_fd_ctl_write: 0x21cb9c0: fd (fd:0, idx:1), active : 1
0:00:00.021670646  2476 0x85a370 TRACE   GST_REFCOUNTING gstobject.c:294:gst_object_ref_sink: 0x877b40 ref_sink 1->2
0:00:00.016620518  2477 0x21c3320 LOG   GST_POLL gstpoll.c:994:gst_poll_fd_ctl_write: 0x21cb9c0: pfd->events now 60 (POLLOUT:4)
0:00:00.021681384  2476 0x85a370 LOG   GST_REGISTRY gstregistry.c:608:gst_registry_add_feature: emitting feature-added for multiqueue
0:00:00.016628655  2477 0x21c3320 DEBUG   GST_POLL gstpoll.c:980:gst_poll_fd_ctl_write: 0x21cb9c0: fd (fd:0, idx:1), active : 1
0:00:00.021690674  2476 0x85a370 DEBUG   GST_REGISTRY gstregistrychunks.c:742:gst_registry_chunks_load_feature: Added feature multiqueue, plugin 0x875580 coreelements
0:00:00.016636499  2477 0x21c3320 LOG   GST_POLL gstpoll.c:994:gst_poll_fd_ctl_write: 0x21cb9c0: pfd->events now 60 (POLLOUT:4)
0:00:00.021699667  2476 0x85a370 DEBUG   GST_REGISTRY gstregistrychunks.c:584:gst_registry_chunks_load_feature: Plugin 'coreelements' feature 'typefind' typename : 'GstElementFactory'
0:00:00.016645954  2477 0x21c3320 DEBUG   GST_POLL gstpoll.c:980:gst_poll_fd_ctl_write: 0x21cb9c0: fd (fd:0, idx:1), active : 1
0:00:00.016653737  2477 0x21c3320 LOG   GST_POLL gstpoll.c:994:gst_poll_fd_ctl_write: 0x21cb9c0: pfd->events now 60 (POLLOUT:4)
0:00:00.021710334  2476 0x85a370 TRACE   GST_REFCOUNTING gstobject.c:208:gst_object_init: 0x877d60 new
0:00:00.016660531  2477 0x21c3320 DEBUG   GST_POLL gstpoll.c:980:gst_poll_fd_ctl_write: 0x21cb9c0: fd (fd:0, idx:1), active : 1
0:00:00.021721227  2476 0x85a370 LOG   GST_REGISTRY gstregistrychunks.c:611:gst_registry_chunks_load_feature: Reading/casting for GstRegistryChunkElementFactory at address 0x8760c8
0:00:00.016667640  2477 0x21c3320 LOG   GST_POLL gstpoll.c:994:gst_poll_fd_ctl_write: 0x21cb9c0: pfd->events now 60 (POLLOUT:4)
0:00:00.016675715  2477 0x21c3320 DEBUG   GST_POLL gstpoll.c:980:gst_poll_fd_ctl_write: 0x21cb9c0: fd (fd:0, idx:1), active : 1
0:00:00.021733895  2476 0x85a370 TRACE   structure gststructure.c:292:gst_structure_new_id_empty_with_size: created structure 0x877f20
0:00:00.016684873  2477 0x21c3320 LOG   GST_POLL gstpoll.c:994:gst_poll_fd_ctl_write: 0x21cb9c0: pfd->events now 60 (POLLOUT:4)
0:00:00.021741830  2476 0x85a370 DEBUG   structure gststructure.c:2258:gst_structure_parse_field: trying field name 'long-name'
0:00:00.016693821  2477 0x21c3320 DEBUG   GST_POLL gstpoll.c:980:gst_poll_fd_ctl_write: 0x21cb9c0: fd (fd:0, idx:1), active : 1
0:00:00.021759059  2476 0x85a370 DEBUG   default gstvalue.c:2776:_priv_gst_value_parse_value: trying type name 'string'
0:00:00.016707654  2477 0x21c3320 LOG   GST_POLL gstpoll.c:994:gst_poll_fd_ctl_write: 0x21cb9c0: pfd->events now 60 (POLLOUT:4)
0:00:00.021769291  2476 0x85a370 DEBUG   structure gststructure.c:2258:gst_structure_parse_field: trying field name 'klass'
0:00:00.016715099  2477 0x21c3320 DEBUG   GST_POLL gstpoll.c:980:gst_poll_fd_ctl_write: 0x21cb9c0: fd (fd:0, idx:1), active : 1
0:00:00.021777165  2476 0x85a370 DEBUG   default gstvalue.c:2776:_priv_gst_value_parse_value: trying type name 'string'
0:00:00.016725044  2477 0x21c3320 LOG   GST_POLL gstpoll.c:994:gst_poll_fd_ctl_write: 0x21cb9c0: pfd->events now 60 (POLLOUT:4)
0:00:00.021785039  2476 0x85a370 DEBUG   structure gststructure.c:2258:gst_structure_parse_field: trying field name 'description'
0:00:00.016732441  2477 0x21c3320 DEBUG   GST_POLL gstpoll.c:980:gst_poll_fd_ctl_write: 0x21cb9c0: fd (fd:0, idx:1), active : 1
0:00:00.021791729  2476 0x85a370 DEBUG   default gstvalue.c:2776:_priv_gst_value_parse_value: trying type name 'string'
0:00:00.016738887  2477 0x21c3320 LOG   GST_POLL gstpoll.c:994:gst_poll_fd_ctl_write: 0x21cb9c0: pfd->events now 60 (POLLOUT:4)
0:00:00.021800053  2476 0x85a370 DEBUG   structure gststructure.c:2258:gst_structure_parse_field: trying field name 'author'
0:00:00.016745663  2477 0x21c3320 DEBUG   GST_POLL gstpoll.c:980:gst_poll_fd_ctl_write: 0x21cb9c0: fd (fd:0, idx:1), active : 1
0:00:00.021807085  2476 0x85a370 DEBUG   default gstvalue.c:2776:_priv_gst_value_parse_value: trying type name 'string'
0:00:00.016756577  2477 0x21c3320 LOG   GST_POLL gstpoll.c:994:gst_poll_fd_ctl_write: 0x21cb9c0: pfd->events now 60 (POLLOUT:4)
0:00:00.021818511  2476 0x85a370 DEBUG   GST_REGISTRY gstregistrychunks.c:627:gst_registry_chunks_load_feature: Element factory : npadtemplates=2
0:00:00.016769874  2477 0x21c3320 DEBUG   GST_POLL gstpoll.c:980:gst_poll_fd_ctl_write: 0x21cb9c0: fd (fd:0, idx:1), active : 1
0:00:00.021827635  2476 0x85a370 DEBUG   GST_REGISTRY gstregistrychunks.c:527:gst_registry_chunks_load_pad_template: Reading/casting for GstRegistryChunkPadTemplate at address 0x8761a0
0:00:00.016777020  2477 0x21c3320 LOG   GST_POLL gstpoll.c:994:gst_poll_fd_ctl_write: 0x21cb9c0: pfd->events now 60 (POLLOUT:4)
0:00:00.021835131  2476 0x85a370 DEBUG   GST_REGISTRY gstregistrychunks.c:540:gst_registry_chunks_load_pad_template: Added pad_template sink
0:00:00.016784725  2477 0x21c3320 DEBUG   GST_POLL gstpoll.c:980:gst_poll_fd_ctl_write: 0x21cb9c0: fd (fd:0, idx:1), active : 1
0:00:00.021842013  2476 0x85a370 DEBUG   GST_REGISTRY gstregistrychunks.c:527:gst_registry_chunks_load_pad_template: Reading/casting for GstRegistryChunkPadTemplate at address 0x8761b8
0:00:00.016791309  2477 0x21c3320 LOG   GST_POLL gstpoll.c:994:gst_poll_fd_ctl_write: 0x21cb9c0: pfd->events now 60 (POLLOUT:4)
0:00:00.021849136  2476 0x85a370 DEBUG   GST_REGISTRY gstregistrychunks.c:540:gst_registry_chunks_load_pad_template: Added pad_template src
0:00:00.016798595  2477 0x21c3320 DEBUG   GST_POLL gstpoll.c:980:gst_poll_fd_ctl_write: 0x21cb9c0: fd (fd:0, idx:1), active : 1
0:00:00.016811552  2477 0x21c3320 LOG   GST_POLL gstpoll.c:994:gst_poll_fd_ctl_write: 0x21cb9c0: pfd->events now 60 (POLLOUT:4)
0:00:00.021867938  2476 0x85a370 DEBUG   GST_REGISTRY gstregistry.c:590:gst_registry_add_feature: adding feature 0x877d60 (typefind)
0:00:00.016818392  2477 0x21c3320 DEBUG   GST_POLL gstpoll.c:980:gst_poll_fd_ctl_write: 0x21cb9c0: fd (fd:0, idx:1), active : 1
0:00:00.021876204  2476 0x85a370 DEBUG   GST_REFCOUNTING gstobject.c:709:gst_object_set_parent: set parent (ref and sink)
0:00:00.016827375  2477 0x21c3320 LOG   GST_POLL gstpoll.c:994:gst_poll_fd_ctl_write: 0x21cb9c0: pfd->events now 60 (POLLOUT:4)
0:00:00.021885449  2476 0x85a370 TRACE   GST_REFCOUNTING gstobject.c:294:gst_object_ref_sink: 0x877d60 ref_sink 1->2
0:00:00.016835547  2477 0x21c3320 DEBUG   GST_POLL gstpoll.c:980:gst_poll_fd_ctl_write: 0x21cb9c0: fd (fd:0, idx:1), active : 1
0:00:00.021896458  2476 0x85a370 LOG   GST_REGISTRY gstregistry.c:608:gst_registry_add_feature: emitting feature-added for typefind
0:00:00.016842732  2477 0x21c3320 LOG   GST_POLL gstpoll.c:994:gst_poll_fd_ctl_write: 0x21cb9c0: pfd->events now 60 (POLLOUT:4)
0:00:00.021905810  2476 0x85a370 DEBUG   GST_REGISTRY gstregistrychunks.c:742:gst_registry_chunks_load_feature: Added feature typefind, plugin 0x875580 coreelements
0:00:00.016851514  2477 0x21c3320 DEBUG   GST_POLL gstpoll.c:980:gst_poll_fd_ctl_write: 0x21cb9c0: fd (fd:0, idx:1), active : 1
0:00:00.021913878  2476 0x85a370 DEBUG   GST_REGISTRY gstregistrychunks.c:584:gst_registry_chunks_load_feature: Plugin 'coreelements' feature 'tee' typename : 'GstElementFactory'
0:00:00.016859351  2477 0x21c3320 LOG   GST_POLL gstpoll.c:994:gst_poll_fd_ctl_write: 0x21cb9c0: pfd->events now 60 (POLLOUT:4)
0:00:00.016868134  2477 0x21c3320 DEBUG   GST_POLL gstpoll.c:980:gst_poll_fd_ctl_write: 0x21cb9c0: fd (fd:0, idx:1), active : 1
0:00:00.021924337  2476 0x85a370 TRACE   GST_REFCOUNTING gstobject.c:208:gst_object_init: 0x8780a0 new
0:00:00.016873879  2477 0x21c3320 LOG   GST_POLL gstpoll.c:994:gst_poll_fd_ctl_write: 0x21cb9c0: pfd->events now 60 (POLLOUT:4)
0:00:00.021934804  2476 0x85a370 LOG   GST_REGISTRY gstregistrychunks.c:611:gst_registry_chunks_load_feature: Reading/casting for GstRegistryChunkElementFactory at address 0x8761e0
0:00:00.016880826  2477 0x21c3320 DEBUG   GST_POLL gstpoll.c:980:gst_poll_fd_ctl_write: 0x21cb9c0: fd (fd:0, idx:1), active : 1
0:00:00.021942939  2476 0x85a370 TRACE   structure gststructure.c:292:gst_structure_new_id_empty_with_size: created structure 0x8783b0
0:00:00.016891343  2477 0x21c3320 LOG   GST_POLL gstpoll.c:994:gst_poll_fd_ctl_write: 0x21cb9c0: pfd->events now 60 (POLLOUT:4)
0:00:00.021949929  2476 0x85a370 DEBUG   structure gststructure.c:2258:gst_structure_parse_field: trying field name 'long-name'
0:00:00.016899531  2477 0x21c3320 DEBUG   GST_POLL gstpoll.c:980:gst_poll_fd_ctl_write: 0x21cb9c0: fd (fd:0, idx:1), active : 1
0:00:00.021963439  2476 0x85a370 DEBUG   default gstvalue.c:2776:_priv_gst_value_parse_value: trying type name 'string'
0:00:00.016910789  2477 0x21c3320 LOG   GST_POLL gstpoll.c:994:gst_poll_fd_ctl_write: 0x21cb9c0: pfd->events now 60 (POLLOUT:4)
0:00:00.016918911  2477 0x21c3320 DEBUG   GST_POLL gstpoll.c:980:gst_poll_fd_ctl_write: 0x21cb9c0: fd (fd:0, idx:1), active : 1
0:00:00.021974219  2476 0x85a370 DEBUG   structure gststructure.c:2258:gst_structure_parse_field: trying field name 'klass'
0:00:00.016924867  2477 0x21c3320 LOG   GST_POLL gstpoll.c:994:gst_poll_fd_ctl_write: 0x21cb9c0: pfd->events now 60 (POLLOUT:4)
0:00:00.021982878  2476 0x85a370 DEBUG   default gstvalue.c:2776:_priv_gst_value_parse_value: trying type name 'string'
0:00:00.016931867  2477 0x21c3320 DEBUG   GST_POLL gstpoll.c:980:gst_poll_fd_ctl_write: 0x21cb9c0: fd (fd:0, idx:1), active : 1
0:00:00.021990579  2476 0x85a370 DEBUG   structure gststructure.c:2258:gst_structure_parse_field: trying field name 'description'
0:00:00.016938390  2477 0x21c3320 LOG   GST_POLL gstpoll.c:994:gst_poll_fd_ctl_write: 0x21cb9c0: pfd->events now 60 (POLLOUT:4)
0:00:00.021997042  2476 0x85a370 DEBUG   default gstvalue.c:2776:_priv_gst_value_parse_value: trying type name 'string'
0:00:00.016945712  2477 0x21c3320 DEBUG   GST_POLL gstpoll.c:980:gst_poll_fd_ctl_write: 0x21cb9c0: fd (fd:0, idx:1), active : 1
0:00:00.022005078  2476 0x85a370 DEBUG   structure gststructure.c:2258:gst_structure_parse_field: trying field name 'author'
0:00:00.016955248  2477 0x21c3320 LOG   GST_POLL gstpoll.c:994:gst_poll_fd_ctl_write: 0x21cb9c0: pfd->events now 60 (POLLOUT:4)
0:00:00.022011503  2476 0x85a370 DEBUG   default gstvalue.c:2776:_priv_gst_value_parse_value: trying type name 'string'
0:00:00.016963735  2477 0x21c3320 DEBUG   GST_POLL gstpoll.c:980:gst_poll_fd_ctl_write: 0x21cb9c0: fd (fd:0, idx:1), active : 1
0:00:00.022023095  2476 0x85a370 DEBUG   GST_REGISTRY gstregistrychunks.c:627:gst_registry_chunks_load_feature: Element factory : npadtemplates=2
0:00:00.016971158  2477 0x21c3320 LOG   GST_POLL gstpoll.c:994:gst_poll_fd_ctl_write: 0x21cb9c0: pfd->events now 60 (POLLOUT:4)
0:00:00.022029998  2476 0x85a370 DEBUG   GST_REGISTRY gstregistrychunks.c:527:gst_registry_chunks_load_pad_template: Reading/casting for GstRegistryChunkPadTemplate at address 0x8762d0
0:00:00.016978256  2477 0x21c3320 DEBUG   GST_POLL gstpoll.c:980:gst_poll_fd_ctl_write: 0x21cb9c0: fd (fd:0, idx:1), active : 1
0:00:00.022039202  2476 0x85a370 DEBUG   GST_REGISTRY gstregistrychunks.c:540:gst_registry_chunks_load_pad_template: Added pad_template src_%u
0:00:00.016985131  2477 0x21c3320 LOG   GST_POLL gstpoll.c:994:gst_poll_fd_ctl_write: 0x21cb9c0: pfd->events now 60 (POLLOUT:4)
0:00:00.022047170  2476 0x85a370 DEBUG   GST_REGISTRY gstregistrychunks.c:527:gst_registry_chunks_load_pad_template: Reading/casting for GstRegistryChunkPadTemplate at address 0x8762e8
0:00:00.016994856  2477 0x21c3320 DEBUG   GST_POLL gstpoll.c:980:gst_poll_fd_ctl_write: 0x21cb9c0: fd (fd:0, idx:1), active : 1
0:00:00.022060230  2476 0x85a370 DEBUG   GST_REGISTRY gstregistrychunks.c:540:gst_registry_chunks_load_pad_template: Added pad_template sink
0:00:00.017006944  2477 0x21c3320 LOG   GST_POLL gstpoll.c:994:gst_poll_fd_ctl_write: 0x21cb9c0: pfd->events now 60 (POLLOUT:4)
0:00:00.017014594  2477 0x21c3320 DEBUG   GST_POLL gstpoll.c:980:gst_poll_fd_ctl_write: 0x21cb9c0: fd (fd:0, idx:1), active : 1
0:00:00.022070384  2476 0x85a370 DEBUG   GST_REGISTRY gstregistry.c:590:gst_registry_add_feature: adding feature 0x8780a0 (tee)
0:00:00.017023789  2477 0x21c3320 LOG   GST_POLL gstpoll.c:994:gst_poll_fd_ctl_write: 0x21cb9c0: pfd->events now 60 (POLLOUT:4)
0:00:00.022080722  2476 0x85a370 DEBUG   GST_REFCOUNTING gstobject.c:709:gst_object_set_parent: set parent (ref and sink)
0:00:00.017032361  2477 0x21c3320 DEBUG   GST_POLL gstpoll.c:980:gst_poll_fd_ctl_write: 0x21cb9c0: fd (fd:0, idx:1), active : 1
0:00:00.022090842  2476 0x85a370 TRACE   GST_REFCOUNTING gstobject.c:294:gst_object_ref_sink: 0x8780a0 ref_sink 1->2
0:00:00.017039624  2477 0x21c3320 LOG   GST_POLL gstpoll.c:994:gst_poll_fd_ctl_write: 0x21cb9c0: pfd->events now 60 (POLLOUT:4)
0:00:00.022099102  2476 0x85a370 LOG   GST_REGISTRY gstregistry.c:608:gst_registry_add_feature: emitting feature-added for tee
0:00:00.017047294  2477 0x21c3320 DEBUG   GST_POLL gstpoll.c:980:gst_poll_fd_ctl_write: 0x21cb9c0: fd (fd:0, idx:1), active : 1
0:00:00.022106946  2476 0x85a370 DEBUG   GST_REGISTRY gstregistrychunks.c:742:gst_registry_chunks_load_feature: Added feature tee, plugin 0x875580 coreelements
0:00:00.017054179  2477 0x21c3320 LOG   GST_POLL gstpoll.c:994:gst_poll_fd_ctl_write: 0x21cb9c0: pfd->events now 60 (POLLOUT:4)
0:00:00.017062432  2477 0x21c3320 DEBUG   GST_POLL gstpoll.c:980:gst_poll_fd_ctl_write: 0x21cb9c0: fd (fd:0, idx:1), active : 1
0:00:00.022117150  2476 0x85a370 DEBUG   GST_REGISTRY gstregistrychunks.c:584:gst_registry_chunks_load_feature: Plugin 'coreelements' feature 'filesink' typename : 'GstElementFactory'
0:00:00.017068475  2477 0x21c3320 LOG   GST_POLL gstpoll.c:994:gst_poll_fd_ctl_write: 0x21cb9c0: pfd->events now 60 (POLLOUT:4)
0:00:00.017075098  2477 0x21c3320 DEBUG   GST_POLL gstpoll.c:980:gst_poll_fd_ctl_write: 0x21cb9c0: fd (fd:0, idx:1), active : 1
0:00:00.022130219  2476 0x85a370 TRACE   GST_REFCOUNTING gstobject.c:208:gst_object_init: 0x8785b0 new
0:00:00.017083845  2477 0x21c3320 LOG   GST_POLL gstpoll.c:994:gst_poll_fd_ctl_write: 0x21cb9c0: pfd->events now 60 (POLLOUT:4)
0:00:00.022142879  2476 0x85a370 LOG   GST_REGISTRY gstregistrychunks.c:611:gst_registry_chunks_load_feature: Reading/casting for GstRegistryChunkElementFactory at address 0x876318
0:00:00.017091958  2477 0x21c3320 DEBUG   GST_POLL gstpoll.c:980:gst_poll_fd_ctl_write: 0x21cb9c0: fd (fd:0, idx:1), active : 1
0:00:00.022150826  2476 0x85a370 TRACE   structure gststructure.c:292:gst_structure_new_id_empty_with_size: created structure 0x878770
0:00:00.017106202  2477 0x21c3320 LOG   GST_POLL gstpoll.c:994:gst_poll_fd_ctl_write: 0x21cb9c0: pfd->events now 60 (POLLOUT:4)
0:00:00.022164347  2476 0x85a370 DEBUG   structure gststructure.c:2258:gst_structure_parse_field: trying field name 'long-name'
0:00:00.017114001  2477 0x21c3320 DEBUG   GST_POLL gstpoll.c:980:gst_poll_fd_ctl_write: 0x21cb9c0: fd (fd:0, idx:1), active : 1
0:00:00.022171526  2476 0x85a370 DEBUG   default gstvalue.c:2776:_priv_gst_value_parse_value: trying type name 'string'
0:00:00.017120589  2477 0x21c3320 LOG   GST_POLL gstpoll.c:994:gst_poll_fd_ctl_write: 0x21cb9c0: pfd->events now 60 (POLLOUT:4)
0:00:00.022179327  2476 0x85a370 DEBUG   structure gststructure.c:2258:gst_structure_parse_field: trying field name 'klass'
0:00:00.017127411  2477 0x21c3320 DEBUG   GST_POLL gstpoll.c:980:gst_poll_fd_ctl_write: 0x21cb9c0: fd (fd:0, idx:1), active : 1
0:00:00.022185747  2476 0x85a370 DEBUG   default gstvalue.c:2776:_priv_gst_value_parse_value: trying type name 'string'
0:00:00.017133789  2477 0x21c3320 LOG   GST_POLL gstpoll.c:994:gst_poll_fd_ctl_write: 0x21cb9c0: pfd->events now 60 (POLLOUT:4)
0:00:00.022195901  2476 0x85a370 DEBUG   structure gststructure.c:2258:gst_structure_parse_field: trying field name 'description'
0:00:00.017141236  2477 0x21c3320 DEBUG   GST_POLL gstpoll.c:980:gst_poll_fd_ctl_write: 0x21cb9c0: fd (fd:0, idx:1), active : 1
0:00:00.022204047  2476 0x85a370 DEBUG   default gstvalue.c:2776:_priv_gst_value_parse_value: trying type name 'string'
0:00:00.017153109  2477 0x21c3320 LOG   GST_POLL gstpoll.c:994:gst_poll_fd_ctl_write: 0x21cb9c0: pfd->events now 60 (POLLOUT:4)
0:00:00.022212024  2476 0x85a370 DEBUG   structure gststructure.c:2258:gst_structure_parse_field: trying field name 'author'
0:00:00.017161353  2477 0x21c3320 DEBUG   GST_POLL gstpoll.c:980:gst_poll_fd_ctl_write: 0x21cb9c0: fd (fd:0, idx:1), active : 1
0:00:00.022218736  2476 0x85a370 DEBUG   default gstvalue.c:2776:_priv_gst_value_parse_value: trying type name 'string'
0:00:00.017167946  2477 0x21c3320 LOG   GST_POLL gstpoll.c:994:gst_poll_fd_ctl_write: 0x21cb9c0: pfd->events now 60 (POLLOUT:4)
0:00:00.022227546  2476 0x85a370 DEBUG   GST_REGISTRY gstregistrychunks.c:627:gst_registry_chunks_load_feature: Element factory : npadtemplates=1
0:00:00.017175192  2477 0x21c3320 DEBUG   GST_POLL gstpoll.c:980:gst_poll_fd_ctl_write: 0x21cb9c0: fd (fd:0, idx:1), active : 1
0:00:00.022234326  2476 0x85a370 DEBUG   GST_REGISTRY gstregistrychunks.c:527:gst_registry_chunks_load_pad_template: Reading/casting for GstRegistryChunkPadTemplate at address 0x8763f8
0:00:00.017181726  2477 0x21c3320 LOG   GST_POLL gstpoll.c:994:gst_poll_fd_ctl_write: 0x21cb9c0: pfd->events now 60 (POLLOUT:4)
0:00:00.022241218  2476 0x85a370 DEBUG   GST_REGISTRY gstregistrychunks.c:540:gst_registry_chunks_load_pad_template: Added pad_template sink
0:00:00.017188641  2477 0x21c3320 DEBUG   GST_POLL gstpoll.c:980:gst_poll_fd_ctl_write: 0x21cb9c0: fd (fd:0, idx:1), active : 1
0:00:00.017202004  2477 0x21c3320 LOG   GST_POLL gstpoll.c:994:gst_poll_fd_ctl_write: 0x21cb9c0: pfd->events now 60 (POLLOUT:4)
0:00:00.022257130  2476 0x85a370 DEBUG   GST_REGISTRY gstregistrychunks.c:640:gst_registry_chunks_load_feature: Reading 1 UriTypes at address 0x876409
0:00:00.017208752  2477 0x21c3320 DEBUG   GST_POLL gstpoll.c:980:gst_poll_fd_ctl_write: 0x21cb9c0: fd (fd:0, idx:1), active : 1
0:00:00.017299308  2477 0x21c3320 LOG   GST_POLL gstpoll.c:994:gst_poll_fd_ctl_write: 0x21cb9c0: pfd->events now 60 (POLLOUT:4)
0:00:00.017307724  2477 0x21c3320 DEBUG   GST_POLL gstpoll.c:980:gst_poll_fd_ctl_write: 0x21cb9c0: fd (fd:0, idx:1), active : 1
0:00:00.017313917  2477 0x21c3320 LOG   GST_POLL gstpoll.c:994:gst_poll_fd_ctl_write: 0x21cb9c0: pfd->events now 60 (POLLOUT:4)
0:00:00.017320528  2477 0x21c3320 DEBUG   GST_POLL gstpoll.c:980:gst_poll_fd_ctl_write: 0x21cb9c0: fd (fd:0, idx:1), active : 1
0:00:00.022368654  2476 0x85a370 DEBUG   GST_REGISTRY gstregistrychunks.c:655:gst_registry_chunks_load_feature: Reading 1 Interfaces at address 0x876419
0:00:00.017326133  2477 0x21c3320 LOG   GST_POLL gstpoll.c:994:gst_poll_fd_ctl_write: 0x21cb9c0: pfd->events now 60 (POLLOUT:4)
0:00:00.017338818  2477 0x21c3320 DEBUG   GST_POLL gstpoll.c:980:gst_poll_fd_ctl_write: 0x21cb9c0: fd (fd:0, idx:1), active : 1
0:00:00.017344288  2477 0x21c3320 LOG   GST_POLL gstpoll.c:994:gst_poll_fd_ctl_write: 0x21cb9c0: pfd->events now 60 (POLLOUT:4)
0:00:00.017350054  2477 0x21c3320 DEBUG   GST_POLL gstpoll.c:980:gst_poll_fd_ctl_write: 0x21cb9c0: fd (fd:0, idx:1), active : 1
0:00:00.022406042  2476 0x85a370 DEBUG   GST_REGISTRY gstregistry.c:590:gst_registry_add_feature: adding feature 0x8785b0 (filesink)
0:00:00.017358388  2477 0x21c3320 LOG   GST_POLL gstpoll.c:994:gst_poll_fd_ctl_write: 0x21cb9c0: pfd->events now 60 (POLLOUT:4)
0:00:00.022418228  2476 0x85a370 DEBUG   GST_REFCOUNTING gstobject.c:709:gst_object_set_parent: set parent (ref and sink)
0:00:00.017366126  2477 0x21c3320 DEBUG   GST_POLL gstpoll.c:980:gst_poll_fd_ctl_write: 0x21cb9c0: fd (fd:0, idx:1), active : 1
0:00:00.017373916  2477 0x21c3320 LOG   GST_POLL gstpoll.c:994:gst_poll_fd_ctl_write: 0x21cb9c0: pfd->events now 60 (POLLOUT:4)
0:00:00.022429378  2476 0x85a370 TRACE   GST_REFCOUNTING gstobject.c:294:gst_object_ref_sink: 0x8785b0 ref_sink 1->2
0:00:00.017380211  2477 0x21c3320 DEBUG   GST_POLL gstpoll.c:980:gst_poll_fd_ctl_write: 0x21cb9c0: fd (fd:0, idx:1), active : 1
0:00:00.022439499  2476 0x85a370 LOG   GST_REGISTRY gstregistry.c:608:gst_registry_add_feature: emitting feature-added for filesink
0:00:00.017386546  2477 0x21c3320 LOG   GST_POLL gstpoll.c:994:gst_poll_fd_ctl_write: 0x21cb9c0: pfd->events now 60 (POLLOUT:4)
0:00:00.022449769  2476 0x85a370 DEBUG   GST_REGISTRY gstregistrychunks.c:742:gst_registry_chunks_load_feature: Added feature filesink, plugin 0x875580 coreelements
0:00:00.017401176  2477 0x21c3320 DEBUG   GST_POLL gstpoll.c:980:gst_poll_fd_ctl_write: 0x21cb9c0: fd (fd:0, idx:1), active : 1
0:00:00.022460055  2476 0x85a370 DEBUG   GST_REGISTRY gstregistrychunks.c:584:gst_registry_chunks_load_feature: Plugin 'coreelements' feature 'queue2' typename : 'GstElementFactory'
0:00:00.017407572  2477 0x21c3320 LOG   GST_POLL gstpoll.c:994:gst_poll_fd_ctl_write: 0x21cb9c0: pfd->events now 60 (POLLOUT:4)
0:00:00.017414172  2477 0x21c3320 DEBUG   GST_POLL gstpoll.c:980:gst_poll_fd_ctl_write: 0x21cb9c0: fd (fd:0, idx:1), active : 1
0:00:00.022474744  2476 0x85a370 TRACE   GST_REFCOUNTING gstobject.c:208:gst_object_init: 0x8788a0 new
0:00:00.017422449  2477 0x21c3320 LOG   GST_POLL gstpoll.c:994:gst_poll_fd_ctl_write: 0x21cb9c0: pfd->events now 60 (POLLOUT:4)
0:00:00.017430821  2477 0x21c3320 DEBUG   GST_POLL gstpoll.c:980:gst_poll_fd_ctl_write: 0x21cb9c0: fd (fd:0, idx:1), active : 1
0:00:00.017448100  2477 0x21c3320 LOG   GST_POLL gstpoll.c:994:gst_poll_fd_ctl_write: 0x21cb9c0: pfd->events now 60 (POLLOUT:4)
0:00:00.022490138  2476 0x85a370 LOG   GST_REGISTRY gstregistrychunks.c:611:gst_registry_chunks_load_feature: Reading/casting for GstRegistryChunkElementFactory at address 0x876440
0:00:00.017455706  2477 0x21c3320 DEBUG   GST_POLL gstpoll.c:980:gst_poll_fd_ctl_write: 0x21cb9c0: fd (fd:0, idx:1), active : 1
0:00:00.017462393  2477 0x21c3320 LOG   GST_POLL gstpoll.c:994:gst_poll_fd_ctl_write: 0x21cb9c0: pfd->events now 60 (POLLOUT:4)
0:00:00.022518920  2476 0x85a370 TRACE   structure gststructure.c:292:gst_structure_new_id_empty_with_size: created structure 0x878b00
0:00:00.017468534  2477 0x21c3320 DEBUG   GST_POLL gstpoll.c:980:gst_poll_fd_ctl_write: 0x21cb9c0: fd (fd:0, idx:1), active : 1
0:00:00.022526560  2476 0x85a370 DEBUG   structure gststructure.c:2258:gst_structure_parse_field: trying field name 'long-name'
0:00:00.017475008  2477 0x21c3320 LOG   GST_POLL gstpoll.c:994:gst_poll_fd_ctl_write: 0x21cb9c0: pfd->events now 60 (POLLOUT:4)
0:00:00.022533886  2476 0x85a370 DEBUG   default gstvalue.c:2776:_priv_gst_value_parse_value: trying type name 'string'
0:00:00.017483961  2477 0x21c3320 DEBUG   GST_POLL gstpoll.c:980:gst_poll_fd_ctl_write: 0x21cb9c0: fd (fd:0, idx:1), active : 1
0:00:00.022543986  2476 0x85a370 DEBUG   structure gststructure.c:2258:gst_structure_parse_field: trying field name 'klass'
0:00:00.017490961  2477 0x21c3320 LOG   GST_POLL gstpoll.c:994:gst_poll_fd_ctl_write: 0x21cb9c0: pfd->events now 60 (POLLOUT:4)
0:00:00.022550241  2476 0x85a370 DEBUG   default gstvalue.c:2776:_priv_gst_value_parse_value: trying type name 'string'
0:00:00.017497864  2477 0x21c3320 DEBUG   GST_POLL gstpoll.c:980:gst_poll_fd_ctl_write: 0x21cb9c0: fd (fd:0, idx:1), active : 1
0:00:00.017503944  2477 0x21c3320 LOG   GST_POLL gstpoll.c:994:gst_poll_fd_ctl_write: 0x21cb9c0: pfd->events now 60 (POLLOUT:4)
0:00:00.022560597  2476 0x85a370 DEBUG   structure gststructure.c:2258:gst_structure_parse_field: trying field name 'description'
0:00:00.017515941  2477 0x21c3320 DEBUG   GST_POLL gstpoll.c:980:gst_poll_fd_ctl_write: 0x21cb9c0: fd (fd:0, idx:1), active : 1
0:00:00.022573992  2476 0x85a370 DEBUG   default gstvalue.c:2776:_priv_gst_value_parse_value: trying type name 'string'
0:00:00.017522116  2477 0x21c3320 LOG   GST_POLL gstpoll.c:994:gst_poll_fd_ctl_write: 0x21cb9c0: pfd->events now 60 (POLLOUT:4)
0:00:00.022582668  2476 0x85a370 DEBUG   structure gststructure.c:2258:gst_structure_parse_field: trying field name 'author'
0:00:00.017528771  2477 0x21c3320 DEBUG   GST_POLL gstpoll.c:980:gst_poll_fd_ctl_write: 0x21cb9c0: fd (fd:0, idx:1), active : 1
0:00:00.022589322  2476 0x85a370 DEBUG   default gstvalue.c:2776:_priv_gst_value_parse_value: trying type name 'string'
0:00:00.017535616  2477 0x21c3320 LOG   GST_POLL gstpoll.c:994:gst_poll_fd_ctl_write: 0x21cb9c0: pfd->events now 60 (POLLOUT:4)
0:00:00.022598410  2476 0x85a370 DEBUG   GST_REGISTRY gstregistrychunks.c:627:gst_registry_chunks_load_feature: Element factory : npadtemplates=2
0:00:00.017545023  2477 0x21c3320 DEBUG   GST_POLL gstpoll.c:980:gst_poll_fd_ctl_write: 0x21cb9c0: fd (fd:0, idx:1), active : 1
0:00:00.022604875  2476 0x85a370 DEBUG   GST_REGISTRY gstregistrychunks.c:527:gst_registry_chunks_load_pad_template: Reading/casting for GstRegistryChunkPadTemplate at address 0x876530
0:00:00.017551917  2477 0x21c3320 LOG   GST_POLL gstpoll.c:994:gst_poll_fd_ctl_write: 0x21cb9c0: pfd->events now 60 (POLLOUT:4)
0:00:00.022611969  2476 0x85a370 DEBUG   GST_REGISTRY gstregistrychunks.c:540:gst_registry_chunks_load_pad_template: Added pad_template sink
0:00:00.017558846  2477 0x21c3320 DEBUG   GST_POLL gstpoll.c:980:gst_poll_fd_ctl_write: 0x21cb9c0: fd (fd:0, idx:1), active : 1
0:00:00.022618406  2476 0x85a370 DEBUG   GST_REGISTRY gstregistrychunks.c:527:gst_registry_chunks_load_pad_template: Reading/casting for GstRegistryChunkPadTemplate at address 0x876548
0:00:00.017565199  2477 0x21c3320 LOG   GST_POLL gstpoll.c:994:gst_poll_fd_ctl_write: 0x21cb9c0: pfd->events now 60 (POLLOUT:4)
0:00:00.022627247  2476 0x85a370 DEBUG   GST_REGISTRY gstregistrychunks.c:540:gst_registry_chunks_load_pad_template: Added pad_template src
0:00:00.017572707  2477 0x21c3320 DEBUG   GST_POLL gstpoll.c:980:gst_poll_fd_ctl_write: 0x21cb9c0: fd (fd:0, idx:1), active : 1
0:00:00.017581241  2477 0x21c3320 LOG   GST_POLL gstpoll.c:994:gst_poll_fd_ctl_write: 0x21cb9c0: pfd->events now 60 (POLLOUT:4)
0:00:00.022638522  2476 0x85a370 DEBUG   GST_REGISTRY gstregistry.c:590:gst_registry_add_feature: adding feature 0x8788a0 (queue2)
0:00:00.017587093  2477 0x21c3320 DEBUG   GST_POLL gstpoll.c:980:gst_poll_fd_ctl_write: 0x21cb9c0: fd (fd:0, idx:1), active : 1
0:00:00.022646207  2476 0x85a370 DEBUG   GST_REFCOUNTING gstobject.c:709:gst_object_set_parent: set parent (ref and sink)
0:00:00.017593022  2477 0x21c3320 LOG   GST_POLL gstpoll.c:994:gst_poll_fd_ctl_write: 0x21cb9c0: pfd->events now 60 (POLLOUT:4)
0:00:00.022666190  2476 0x85a370 TRACE   GST_REFCOUNTING gstobject.c:294:gst_object_ref_sink: 0x8788a0 ref_sink 1->2
0:00:00.017613687  2477 0x21c3320 DEBUG   GST_POLL gstpoll.c:980:gst_poll_fd_ctl_write: 0x21cb9c0: fd (fd:0, idx:1), active : 1
0:00:00.022674470  2476 0x85a370 LOG   GST_REGISTRY gstregistry.c:608:gst_registry_add_feature: emitting feature-added for queue2
0:00:00.017620691  2477 0x21c3320 LOG   GST_POLL gstpoll.c:994:gst_poll_fd_ctl_write: 0x21cb9c0: pfd->events now 60 (POLLOUT:4)
0:00:00.022682364  2476 0x85a370 DEBUG   GST_REGISTRY gstregistrychunks.c:742:gst_registry_chunks_load_feature: Added feature queue2, plugin 0x875580 coreelements
0:00:00.017628119  2477 0x21c3320 DEBUG   GST_POLL gstpoll.c:980:gst_poll_fd_ctl_write: 0x21cb9c0: fd (fd:0, idx:1), active : 1
0:00:00.022689987  2476 0x85a370 DEBUG   GST_REGISTRY gstregistrychunks.c:584:gst_registry_chunks_load_feature: Plugin 'coreelements' feature 'queue' typename : 'GstElementFactory'
0:00:00.017635454  2477 0x21c3320 LOG   GST_POLL gstpoll.c:994:gst_poll_fd_ctl_write: 0x21cb9c0: pfd->events now 60 (POLLOUT:4)
0:00:00.017643759  2477 0x21c3320 DEBUG   GST_POLL gstpoll.c:980:gst_poll_fd_ctl_write: 0x21cb9c0: fd (fd:0, idx:1), active : 1
0:00:00.022700155  2476 0x85a370 TRACE   GST_REFCOUNTING gstobject.c:208:gst_object_init: 0x878290 new
0:00:00.017649175  2477 0x21c3320 LOG   GST_POLL gstpoll.c:994:gst_poll_fd_ctl_write: 0x21cb9c0: pfd->events now 60 (POLLOUT:4)
0:00:00.017655639  2477 0x21c3320 DEBUG   GST_POLL gstpoll.c:980:gst_poll_fd_ctl_write: 0x21cb9c0: fd (fd:0, idx:1), active : 1
0:00:00.022712951  2476 0x85a370 LOG   GST_REGISTRY gstregistrychunks.c:611:gst_registry_chunks_load_feature: Reading/casting for GstRegistryChunkElementFactory at address 0x876570
0:00:00.017661103  2477 0x21c3320 LOG   GST_POLL gstpoll.c:994:gst_poll_fd_ctl_write: 0x21cb9c0: pfd->events now 60 (POLLOUT:4)
0:00:00.022722045  2476 0x85a370 TRACE   structure gststructure.c:292:gst_structure_new_id_empty_with_size: created structure 0x878dc0
0:00:00.017670004  2477 0x21c3320 DEBUG   GST_POLL gstpoll.c:980:gst_poll_fd_ctl_write: 0x21cb9c0: fd (fd:0, idx:1), active : 1
0:00:00.022729290  2476 0x85a370 DEBUG   structure gststructure.c:2258:gst_structure_parse_field: trying field name 'long-name'
0:00:00.017676849  2477 0x21c3320 LOG   GST_POLL gstpoll.c:994:gst_poll_fd_ctl_write: 0x21cb9c0: pfd->events now 60 (POLLOUT:4)
0:00:00.022736007  2476 0x85a370 DEBUG   default gstvalue.c:2776:_priv_gst_value_parse_value: trying type name 'string'
0:00:00.017683740  2477 0x21c3320 DEBUG   GST_POLL gstpoll.c:980:gst_poll_fd_ctl_write: 0x21cb9c0: fd (fd:0, idx:1), active : 1
0:00:00.022743561  2476 0x85a370 DEBUG   structure gststructure.c:2258:gst_structure_parse_field: trying field name 'klass'
0:00:00.017690080  2477 0x21c3320 LOG   GST_POLL gstpoll.c:994:gst_poll_fd_ctl_write: 0x21cb9c0: pfd->events now 60 (POLLOUT:4)
0:00:00.022749450  2476 0x85a370 DEBUG   default gstvalue.c:2776:_priv_gst_value_parse_value: trying type name 'string'
0:00:00.017702006  2477 0x21c3320 LOG   GST_PLUGIN_LOADING gstpluginloader.c:645:put_chunk: Expanding tx buf from 10158 to 13209 for chunk of size 209
0:00:00.022759476  2476 0x85a370 DEBUG   structure gststructure.c:2258:gst_structure_parse_field: trying field name 'description'
0:00:00.017710177  2477 0x21c3320 DEBUG   GST_POLL gstpoll.c:980:gst_poll_fd_ctl_write: 0x21cb9c0: fd (fd:0, idx:1), active : 1
0:00:00.022766878  2476 0x85a370 DEBUG   default gstvalue.c:2776:_priv_gst_value_parse_value: trying type name 'string'
0:00:00.017716443  2477 0x21c3320 LOG   GST_POLL gstpoll.c:994:gst_poll_fd_ctl_write: 0x21cb9c0: pfd->events now 60 (POLLOUT:4)
0:00:00.017722914  2477 0x21c3320 DEBUG   GST_POLL gstpoll.c:980:gst_poll_fd_ctl_write: 0x21cb9c0: fd (fd:0, idx:1), active : 1
0:00:00.022777926  2476 0x85a370 DEBUG   structure gststructure.c:2258:gst_structure_parse_field: trying field name 'author'
0:00:00.017731173  2477 0x21c3320 LOG   GST_POLL gstpoll.c:994:gst_poll_fd_ctl_write: 0x21cb9c0: pfd->events now 60 (POLLOUT:4)
0:00:00.022787768  2476 0x85a370 DEBUG   default gstvalue.c:2776:_priv_gst_value_parse_value: trying type name 'string'
0:00:00.017738719  2477 0x21c3320 DEBUG   GST_POLL gstpoll.c:980:gst_poll_fd_ctl_write: 0x21cb9c0: fd (fd:0, idx:1), active : 1
0:00:00.022797461  2476 0x85a370 DEBUG   GST_REGISTRY gstregistrychunks.c:627:gst_registry_chunks_load_feature: Element factory : npadtemplates=2
0:00:00.017744925  2477 0x21c3320 LOG   GST_POLL gstpoll.c:994:gst_poll_fd_ctl_write: 0x21cb9c0: pfd->events now 60 (POLLOUT:4)
0:00:00.022803872  2476 0x85a370 DEBUG   GST_REGISTRY gstregistrychunks.c:527:gst_registry_chunks_load_pad_template: Reading/casting for GstRegistryChunkPadTemplate at address 0x876628
0:00:00.017751352  2477 0x21c3320 DEBUG   GST_POLL gstpoll.c:980:gst_poll_fd_ctl_write: 0x21cb9c0: fd (fd:0, idx:1), active : 1
0:00:00.022810566  2476 0x85a370 DEBUG   GST_REGISTRY gstregistrychunks.c:540:gst_registry_chunks_load_pad_template: Added pad_template sink
0:00:00.022816815  2476 0x85a370 DEBUG   GST_REGISTRY gstregistrychunks.c:527:gst_registry_chunks_load_pad_template: Reading/casting for GstRegistryChunkPadTemplate at address 0x876640
0:00:00.017757460  2477 0x21c3320 LOG   GST_POLL gstpoll.c:994:gst_poll_fd_ctl_write: 0x21cb9c0: pfd->events now 60 (POLLOUT:4)
0:00:00.022822403  2476 0x85a370 DEBUG   GST_REGISTRY gstregistrychunks.c:540:gst_registry_chunks_load_pad_template: Added pad_template src
0:00:00.017769732  2477 0x21c3320 DEBUG   GST_POLL gstpoll.c:980:gst_poll_fd_ctl_write: 0x21cb9c0: fd (fd:0, idx:1), active : 1
0:00:00.017776198  2477 0x21c3320 LOG   GST_POLL gstpoll.c:994:gst_poll_fd_ctl_write: 0x21cb9c0: pfd->events now 60 (POLLOUT:4)
0:00:00.017785024  2477 0x21c3320 DEBUG   GST_POLL gstpoll.c:980:gst_poll_fd_ctl_write: 0x21cb9c0: fd (fd:0, idx:1), active : 1
0:00:00.022842813  2476 0x85a370 DEBUG   GST_REGISTRY gstregistry.c:590:gst_registry_add_feature: adding feature 0x878290 (queue)
0:00:00.017796961  2477 0x21c3320 LOG   GST_POLL gstpoll.c:994:gst_poll_fd_ctl_write: 0x21cb9c0: pfd->events now 60 (POLLOUT:4)
0:00:00.017808856  2477 0x21c3320 DEBUG   GST_POLL gstpoll.c:980:gst_poll_fd_ctl_write: 0x21cb9c0: fd (fd:0, idx:1), active : 1
0:00:00.022865518  2476 0x85a370 DEBUG   GST_REFCOUNTING gstobject.c:709:gst_object_set_parent: set parent (ref and sink)
0:00:00.017814503  2477 0x21c3320 LOG   GST_POLL gstpoll.c:994:gst_poll_fd_ctl_write: 0x21cb9c0: pfd->events now 60 (POLLOUT:4)
0:00:00.022875152  2476 0x85a370 TRACE   GST_REFCOUNTING gstobject.c:294:gst_object_ref_sink: 0x878290 ref_sink 1->2
0:00:00.017821027  2477 0x21c3320 DEBUG   GST_POLL gstpoll.c:980:gst_poll_fd_ctl_write: 0x21cb9c0: fd (fd:0, idx:1), active : 1
0:00:00.022883755  2476 0x85a370 LOG   GST_REGISTRY gstregistry.c:608:gst_registry_add_feature: emitting feature-added for queue
0:00:00.017829034  2477 0x21c3320 LOG   GST_POLL gstpoll.c:994:gst_poll_fd_ctl_write: 0x21cb9c0: pfd->events now 60 (POLLOUT:4)
0:00:00.022891514  2476 0x85a370 DEBUG   GST_REGISTRY gstregistrychunks.c:742:gst_registry_chunks_load_feature: Added feature queue, plugin 0x875580 coreelements
0:00:00.017837238  2477 0x21c3320 DEBUG   GST_POLL gstpoll.c:980:gst_poll_fd_ctl_write: 0x21cb9c0: fd (fd:0, idx:1), active : 1
0:00:00.022898870  2476 0x85a370 DEBUG   GST_REGISTRY gstregistrychunks.c:584:gst_registry_chunks_load_feature: Plugin 'coreelements' feature 'output-selector' typename : 'GstElementFactory'
0:00:00.017844504  2477 0x21c3320 LOG   GST_POLL gstpoll.c:994:gst_poll_fd_ctl_write: 0x21cb9c0: pfd->events now 60 (POLLOUT:4)
0:00:00.022909100  2476 0x85a370 TRACE   GST_REFCOUNTING gstobject.c:208:gst_object_init: 0x8791d0 new
0:00:00.017854760  2477 0x21c3320 DEBUG   GST_POLL gstpoll.c:980:gst_poll_fd_ctl_write: 0x21cb9c0: fd (fd:0, idx:1), active : 1
0:00:00.017863194  2477 0x21c3320 LOG   GST_POLL gstpoll.c:994:gst_poll_fd_ctl_write: 0x21cb9c0: pfd->events now 60 (POLLOUT:4)
0:00:00.022919183  2476 0x85a370 LOG   GST_REGISTRY gstregistrychunks.c:611:gst_registry_chunks_load_feature: Reading/casting for GstRegistryChunkElementFactory at address 0x876678
0:00:00.017869434  2477 0x21c3320 DEBUG   GST_POLL gstpoll.c:980:gst_poll_fd_ctl_write: 0x21cb9c0: fd (fd:0, idx:1), active : 1
0:00:00.022929334  2476 0x85a370 TRACE   structure gststructure.c:292:gst_structure_new_id_empty_with_size: created structure 0x8794d0
0:00:00.017875798  2477 0x21c3320 LOG   GST_POLL gstpoll.c:994:gst_poll_fd_ctl_write: 0x21cb9c0: pfd->events now 60 (POLLOUT:4)
0:00:00.022937341  2476 0x85a370 DEBUG   structure gststructure.c:2258:gst_structure_parse_field: trying field name 'long-name'
0:00:00.017884202  2477 0x21c3320 DEBUG   GST_POLL gstpoll.c:980:gst_poll_fd_ctl_write: 0x21cb9c0: fd (fd:0, idx:1), active : 1
0:00:00.022943740  2476 0x85a370 DEBUG   default gstvalue.c:2776:_priv_gst_value_parse_value: trying type name 'string'
0:00:00.017897081  2477 0x21c3320 LOG   GST_POLL gstpoll.c:994:gst_poll_fd_ctl_write: 0x21cb9c0: pfd->events now 60 (POLLOUT:4)
0:00:00.022956386  2476 0x85a370 DEBUG   structure gststructure.c:2258:gst_structure_parse_field: trying field name 'klass'
0:00:00.017903706  2477 0x21c3320 DEBUG   GST_POLL gstpoll.c:980:gst_poll_fd_ctl_write: 0x21cb9c0: fd (fd:0, idx:1), active : 1
0:00:00.022962434  2476 0x85a370 DEBUG   default gstvalue.c:2776:_priv_gst_value_parse_value: trying type name 'string'
0:00:00.017910124  2477 0x21c3320 LOG   GST_POLL gstpoll.c:994:gst_poll_fd_ctl_write: 0x21cb9c0: pfd->events now 60 (POLLOUT:4)
0:00:00.022969850  2476 0x85a370 DEBUG   structure gststructure.c:2258:gst_structure_parse_field: trying field name 'description'
0:00:00.017919091  2477 0x21c3320 DEBUG   GST_POLL gstpoll.c:980:gst_poll_fd_ctl_write: 0x21cb9c0: fd (fd:0, idx:1), active : 1
0:00:00.022975967  2476 0x85a370 DEBUG   default gstvalue.c:2776:_priv_gst_value_parse_value: trying type name 'string'
0:00:00.017925988  2477 0x21c3320 LOG   GST_POLL gstpoll.c:994:gst_poll_fd_ctl_write: 0x21cb9c0: pfd->events now 60 (POLLOUT:4)
0:00:00.022990910  2476 0x85a370 DEBUG   structure gststructure.c:2258:gst_structure_parse_field: trying field name 'author'
0:00:00.017936906  2477 0x21c3320 DEBUG   GST_POLL gstpoll.c:980:gst_poll_fd_ctl_write: 0x21cb9c0: fd (fd:0, idx:1), active : 1
0:00:00.022999614  2476 0x85a370 DEBUG   default gstvalue.c:2776:_priv_gst_value_parse_value: trying type name 'string'
0:00:00.017945163  2477 0x21c3320 LOG   GST_POLL gstpoll.c:994:gst_poll_fd_ctl_write: 0x21cb9c0: pfd->events now 60 (POLLOUT:4)
0:00:00.017954203  2477 0x21c3320 DEBUG   GST_POLL gstpoll.c:980:gst_poll_fd_ctl_write: 0x21cb9c0: fd (fd:0, idx:1), active : 1
0:00:00.023013274  2476 0x85a370 DEBUG   GST_REGISTRY gstregistrychunks.c:627:gst_registry_chunks_load_feature: Element factory : npadtemplates=2
0:00:00.017959735  2477 0x21c3320 LOG   GST_POLL gstpoll.c:994:gst_poll_fd_ctl_write: 0x21cb9c0: pfd->events now 60 (POLLOUT:4)
0:00:00.023020014  2476 0x85a370 DEBUG   GST_REGISTRY gstregistrychunks.c:527:gst_registry_chunks_load_pad_template: Reading/casting for GstRegistryChunkPadTemplate at address 0x876750
0:00:00.017966931  2477 0x21c3320 DEBUG   GST_POLL gstpoll.c:980:gst_poll_fd_ctl_write: 0x21cb9c0: fd (fd:0, idx:1), active : 1
0:00:00.023026879  2476 0x85a370 DEBUG   GST_REGISTRY gstregistrychunks.c:540:gst_registry_chunks_load_pad_template: Added pad_template src_%u
0:00:00.017972944  2477 0x21c3320 LOG   GST_POLL gstpoll.c:994:gst_poll_fd_ctl_write: 0x21cb9c0: pfd->events now 60 (POLLOUT:4)
0:00:00.023033070  2476 0x85a370 DEBUG   GST_REGISTRY gstregistrychunks.c:527:gst_registry_chunks_load_pad_template: Reading/casting for GstRegistryChunkPadTemplate at address 0x876768
0:00:00.017982424  2477 0x21c3320 DEBUG   GST_POLL gstpoll.c:980:gst_poll_fd_ctl_write: 0x21cb9c0: fd (fd:0, idx:1), active : 1
0:00:00.023039992  2476 0x85a370 DEBUG   GST_REGISTRY gstregistrychunks.c:540:gst_registry_chunks_load_pad_template: Added pad_template sink
0:00:00.017993648  2477 0x21c3320 LOG   GST_POLL gstpoll.c:994:gst_poll_fd_ctl_write: 0x21cb9c0: pfd->events now 60 (POLLOUT:4)
0:00:00.023054830  2476 0x85a370 DEBUG   GST_REGISTRY gstregistry.c:590:gst_registry_add_feature: adding feature 0x8791d0 (output-selector)
0:00:00.018000408  2477 0x21c3320 DEBUG   GST_POLL gstpoll.c:980:gst_poll_fd_ctl_write: 0x21cb9c0: fd (fd:0, idx:1), active : 1
0:00:00.018008765  2477 0x21c3320 LOG   GST_POLL gstpoll.c:994:gst_poll_fd_ctl_write: 0x21cb9c0: pfd->events now 60 (POLLOUT:4)
0:00:00.023064146  2476 0x85a370 DEBUG   GST_REFCOUNTING gstobject.c:709:gst_object_set_parent: set parent (ref and sink)
0:00:00.018014689  2477 0x21c3320 DEBUG   GST_POLL gstpoll.c:980:gst_poll_fd_ctl_write: 0x21cb9c0: fd (fd:0, idx:1), active : 1
0:00:00.023074716  2476 0x85a370 TRACE   GST_REFCOUNTING gstobject.c:294:gst_object_ref_sink: 0x8791d0 ref_sink 1->2
0:00:00.018020595  2477 0x21c3320 LOG   GST_POLL gstpoll.c:994:gst_poll_fd_ctl_write: 0x21cb9c0: pfd->events now 60 (POLLOUT:4)
0:00:00.023083059  2476 0x85a370 LOG   GST_REGISTRY gstregistry.c:608:gst_registry_add_feature: emitting feature-added for output-selector
0:00:00.018028692  2477 0x21c3320 DEBUG   GST_POLL gstpoll.c:980:gst_poll_fd_ctl_write: 0x21cb9c0: fd (fd:0, idx:1), active : 1
0:00:00.023091023  2476 0x85a370 DEBUG   GST_REGISTRY gstregistrychunks.c:742:gst_registry_chunks_load_feature: Added feature output-selector, plugin 0x875580 coreelements
0:00:00.018036204  2477 0x21c3320 LOG   GST_POLL gstpoll.c:994:gst_poll_fd_ctl_write: 0x21cb9c0: pfd->events now 60 (POLLOUT:4)
0:00:00.023098436  2476 0x85a370 DEBUG   GST_REGISTRY gstregistrychunks.c:584:gst_registry_chunks_load_feature: Plugin 'coreelements' feature 'input-selector' typename : 'GstElementFactory'
0:00:00.018046736  2477 0x21c3320 DEBUG   GST_POLL gstpoll.c:980:gst_poll_fd_ctl_write: 0x21cb9c0: fd (fd:0, idx:1), active : 1
0:00:00.023107797  2476 0x85a370 TRACE   GST_REFCOUNTING gstobject.c:208:gst_object_init: 0x8796a0 new
0:00:00.018053808  2477 0x21c3320 LOG   GST_POLL gstpoll.c:994:gst_poll_fd_ctl_write: 0x21cb9c0: pfd->events now 60 (POLLOUT:4)
0:00:00.023117330  2476 0x85a370 LOG   GST_REGISTRY gstregistrychunks.c:611:gst_registry_chunks_load_feature: Reading/casting for GstRegistryChunkElementFactory at address 0x8767a0
0:00:00.018062094  2477 0x21c3320 DEBUG   GST_POLL gstpoll.c:980:gst_poll_fd_ctl_write: 0x21cb9c0: fd (fd:0, idx:1), active : 1
0:00:00.023124932  2476 0x85a370 TRACE   structure gststructure.c:292:gst_structure_new_id_empty_with_size: created structure 0x8798b0
0:00:00.018070281  2477 0x21c3320 LOG   GST_POLL gstpoll.c:994:gst_poll_fd_ctl_write: 0x21cb9c0: pfd->events now 60 (POLLOUT:4)
0:00:00.023134018  2476 0x85a370 DEBUG   structure gststructure.c:2258:gst_structure_parse_field: trying field name 'long-name'
0:00:00.018079328  2477 0x21c3320 DEBUG   GST_POLL gstpoll.c:980:gst_poll_fd_ctl_write: 0x21cb9c0: fd (fd:0, idx:1), active : 1
0:00:00.023147225  2476 0x85a370 DEBUG   default gstvalue.c:2776:_priv_gst_value_parse_value: trying type name 'string'
0:00:00.018093691  2477 0x21c3320 LOG   GST_POLL gstpoll.c:994:gst_poll_fd_ctl_write: 0x21cb9c0: pfd->events now 60 (POLLOUT:4)
0:00:00.023155354  2476 0x85a370 DEBUG   structure gststructure.c:2258:gst_structure_parse_field: trying field name 'klass'
0:00:00.018100948  2477 0x21c3320 DEBUG   GST_POLL gstpoll.c:980:gst_poll_fd_ctl_write: 0x21cb9c0: fd (fd:0, idx:1), active : 1
0:00:00.023161562  2476 0x85a370 DEBUG   default gstvalue.c:2776:_priv_gst_value_parse_value: trying type name 'string'
0:00:00.018108128  2477 0x21c3320 LOG   GST_POLL gstpoll.c:994:gst_poll_fd_ctl_write: 0x21cb9c0: pfd->events now 60 (POLLOUT:4)
0:00:00.023168468  2476 0x85a370 DEBUG   structure gststructure.c:2258:gst_structure_parse_field: trying field name 'description'
0:00:00.018117281  2477 0x21c3320 DEBUG   GST_POLL gstpoll.c:980:gst_poll_fd_ctl_write: 0x21cb9c0: fd (fd:0, idx:1), active : 1
0:00:00.023174486  2476 0x85a370 DEBUG   default gstvalue.c:2776:_priv_gst_value_parse_value: trying type name 'string'
0:00:00.018124234  2477 0x21c3320 LOG   GST_POLL gstpoll.c:994:gst_poll_fd_ctl_write: 0x21cb9c0: pfd->events now 60 (POLLOUT:4)
0:00:00.023182771  2476 0x85a370 DEBUG   structure gststructure.c:2258:gst_structure_parse_field: trying field name 'author'
0:00:00.018130974  2477 0x21c3320 DEBUG   GST_POLL gstpoll.c:980:gst_poll_fd_ctl_write: 0x21cb9c0: fd (fd:0, idx:1), active : 1
0:00:00.023188788  2476 0x85a370 DEBUG   default gstvalue.c:2776:_priv_gst_value_parse_value: trying type name 'string'
0:00:00.018137379  2477 0x21c3320 LOG   GST_POLL gstpoll.c:994:gst_poll_fd_ctl_write: 0x21cb9c0: pfd->events now 60 (POLLOUT:4)
0:00:00.018143834  2477 0x21c3320 DEBUG   GST_POLL gstpoll.c:980:gst_poll_fd_ctl_write: 0x21cb9c0: fd (fd:0, idx:1), active : 1
0:00:00.023201172  2476 0x85a370 DEBUG   GST_REGISTRY gstregistrychunks.c:627:gst_registry_chunks_load_feature: Element factory : npadtemplates=2
0:00:00.018149209  2477 0x21c3320 LOG   GST_POLL gstpoll.c:994:gst_poll_fd_ctl_write: 0x21cb9c0: pfd->events now 60 (POLLOUT:4)
