0:00:00.014274232  2477 0x21c3320 DEBUG   GST_POLL gstpoll.c:980:gst_poll_fd_ctl_write: 0x21cb9c0: fd (fd:0, idx:1), active : 1
0:00:00.014279611  2477 0x21c3320 LOG   GST_POLL gstpoll.c:994:gst_poll_fd_ctl_write: 0x21cb9c0: pfd->events now 60 (POLLOUT:4)
0:00:00.014285418  2477 0x21c3320 DEBUG   GST_POLL gstpoll.c:980:gst_poll_fd_ctl_write: 0x21cb9c0: fd (fd:0, idx:1), active : 1
0:00:00.014290668  2477 0x21c3320 LOG   GST_POLL gstpoll.c:994:gst_poll_fd_ctl_write: 0x21cb9c0: pfd->events now 60 (POLLOUT:4)
0:00:00.014296355  2477 0x21c3320 DEBUG   GST_POLL gstpoll.c:980:gst_poll_fd_ctl_write: 0x21cb9c0: fd (fd:0, idx:1), active : 1
0:00:00.014304627  2477 0x21c3320 LOG   GST_POLL gstpoll.c:994:gst_poll_fd_ctl_write: 0x21cb9c0: pfd->events now 60 (POLLOUT:4)
0:00:00.014311487  2477 0x21c3320 DEBUG   GST_POLL gstpoll.c:980:gst_poll_fd_ctl_write: 0x21cb9c0: fd (fd:0, idx:1), active : 1
0:00:00.014317152  2477 0x21c3320 LOG   GST_POLL gstpoll.c:994:gst_poll_fd_ctl_write: 0x21cb9c0: pfd->events now 60 (POLLOUT:4)
0:00:00.014323294  2477 0x21c3320 DEBUG   GST_POLL gstpoll.c:980:gst_poll_fd_ctl_write: 0x21cb9c0: fd (fd:0, idx:1), active : 1
0:00:00.014328653  2477 0x21c3320 LOG   GST_POLL gstpoll.c:994:gst_poll_fd_ctl_write: 0x21cb9c0: pfd->events now 60 (POLLOUT:4)
0:00:00.014334488  2477 0x21c3320 DEBUG   GST_POLL gstpoll.c:980:gst_poll_fd_ctl_write: 0x21cb9c0: fd (fd:0, idx:1), active : 1
0:00:00.014339842  2477 0x21c3320 LOG   GST_POLL gstpoll.c:994:gst_poll_fd_ctl_write: 0x21cb9c0: pfd->events now 60 (POLLOUT:4)
0:00:00.014345503  2477 0x21c3320 DEBUG   GST_POLL gstpoll.c:980:gst_poll_fd_ctl_write: 0x21cb9c0: fd (fd:0, idx:1), active : 1
0:00:00.014353716  2477 0x21c3320 LOG   GST_POLL gstpoll.c:994:gst_poll_fd_ctl_write: 0x21cb9c0: pfd->events now 60 (POLLOUT:4)
0:00:00.014360641  2477 0x21c3320 DEBUG   GST_POLL gstpoll.c:980:gst_poll_fd_ctl_write: 0x21cb9c0: fd (fd:0, idx:1), active : 1
0:00:00.014366337  2477 0x21c3320 LOG   GST_POLL gstpoll.c:994:gst_poll_fd_ctl_write: 0x21cb9c0: pfd->events now 60 (POLLOUT:4)
0:00:00.014372428  2477 0x21c3320 DEBUG   GST_POLL gstpoll.c:980:gst_poll_fd_ctl_write: 0x21cb9c0: fd (fd:0, idx:1), active : 1
0:00:00.014377746  2477 0x21c3320 LOG   GST_POLL gstpoll.c:994:gst_poll_fd_ctl_write: 0x21cb9c0: pfd->events now 60 (POLLOUT:4)
0:00:00.014383497  2477 0x21c3320 DEBUG   GST_POLL gstpoll.c:980:gst_poll_fd_ctl_write: 0x21cb9c0: fd (fd:0, idx:1), active : 1
0:00:00.014388725  2477 0x21c3320 LOG   GST_POLL gstpoll.c:994:gst_poll_fd_ctl_write: 0x21cb9c0: pfd->events now 60 (POLLOUT:4)
0:00:00.014400933  2477 0x21c3320 DEBUG   GST_POLL gstpoll.c:980:gst_poll_fd_ctl_write: 0x21cb9c0: fd (fd:0, idx:1), active : 1
0:00:00.014409281  2477 0x21c3320 LOG   GST_POLL gstpoll.c:994:gst_poll_fd_ctl_write: 0x21cb9c0: pfd->events now 60 (POLLOUT:4)
0:00:00.014416143  2477 0x21c3320 DEBUG   GST_POLL gstpoll.c:980:gst_poll_fd_ctl_write: 0x21cb9c0: fd (fd:0, idx:1), active : 1
0:00:00.014421828  2477 0x21c3320 LOG   GST_POLL gstpoll.c:994:gst_poll_fd_ctl_write: 0x21cb9c0: pfd->events now 60 (POLLOUT:4)
0:00:00.014427841  2477 0x21c3320 DEBUG   GST_POLL gstpoll.c:980:gst_poll_fd_ctl_write: 0x21cb9c0: fd (fd:0, idx:1), active : 1
0:00:00.014433166  2477 0x21c3320 LOG   GST_POLL gstpoll.c:994:gst_poll_fd_ctl_write: 0x21cb9c0: pfd->events now 60 (POLLOUT:4)
0:00:00.014450880  2477 0x21c3320 DEBUG   GST_POLL gstpoll.c:980:gst_poll_fd_ctl_write: 0x21cb9c0: fd (fd:0, idx:1), active : 1
0:00:00.014459276  2477 0x21c3320 LOG   GST_POLL gstpoll.c:994:gst_poll_fd_ctl_write: 0x21cb9c0: pfd->events now 60 (POLLOUT:4)
0:00:00.014466313  2477 0x21c3320 DEBUG   GST_POLL gstpoll.c:980:gst_poll_fd_ctl_write: 0x21cb9c0: fd (fd:0, idx:1), active : 1
0:00:00.014471958  2477 0x21c3320 LOG   GST_POLL gstpoll.c:994:gst_poll_fd_ctl_write: 0x21cb9c0: pfd->events now 60 (POLLOUT:4)
0:00:00.014477872  2477 0x21c3320 DEBUG   GST_POLL gstpoll.c:980:gst_poll_fd_ctl_write: 0x21cb9c0: fd (fd:0, idx:1), active : 1
0:00:00.014483271  2477 0x21c3320 LOG   GST_POLL gstpoll.c:994:gst_poll_fd_ctl_write: 0x21cb9c0: pfd->events now 60 (POLLOUT:4)
0:00:00.014489091  2477 0x21c3320 DEBUG   GST_POLL gstpoll.c:980:gst_poll_fd_ctl_write: 0x21cb9c0: fd (fd:0, idx:1), active : 1
0:00:00.014494467  2477 0x21c3320 LOG   GST_POLL gstpoll.c:994:gst_poll_fd_ctl_write: 0x21cb9c0: pfd->events now 60 (POLLOUT:4)
0:00:00.014500196  2477 0x21c3320 DEBUG   GST_POLL gstpoll.c:980:gst_poll_fd_ctl_write: 0x21cb9c0: fd (fd:0, idx:1), active : 1
0:00:00.014508476  2477 0x21c3320 LOG   GST_POLL gstpoll.c:994:gst_poll_fd_ctl_write: 0x21cb9c0: pfd->events now 60 (POLLOUT:4)
0:00:00.014515355  2477 0x21c3320 DEBUG   GST_POLL gstpoll.c:980:gst_poll_fd_ctl_write: 0x21cb9c0: fd (fd:0, idx:1), active : 1
0:00:00.014521042  2477 0x21c3320 LOG   GST_POLL gstpoll.c:994:gst_poll_fd_ctl_write: 0x21cb9c0: pfd->events now 60 (POLLOUT:4)
0:00:00.014527136  2477 0x21c3320 DEBUG   GST_POLL gstpoll.c:980:gst_poll_fd_ctl_write: 0x21cb9c0: fd (fd:0, idx:1), active : 1
0:00:00.014532565  2477 0x21c3320 LOG   GST_POLL gstpoll.c:994:gst_poll_fd_ctl_write: 0x21cb9c0: pfd->events now 60 (POLLOUT:4)
0:00:00.014538414  2477 0x21c3320 DEBUG   GST_POLL gstpoll.c:980:gst_poll_fd_ctl_write: 0x21cb9c0: fd (fd:0, idx:1), active : 1
0:00:00.014543807  2477 0x21c3320 LOG   GST_POLL gstpoll.c:994:gst_poll_fd_ctl_write: 0x21cb9c0: pfd->events now 60 (POLLOUT:4)
0:00:00.014549569  2477 0x21c3320 DEBUG   GST_POLL gstpoll.c:980:gst_poll_fd_ctl_write: 0x21cb9c0: fd (fd:0, idx:1), active : 1
0:00:00.014563018  2477 0x21c3320 LOG   GST_POLL gstpoll.c:994:gst_poll_fd_ctl_write: 0x21cb9c0: pfd->events now 60 (POLLOUT:4)
0:00:00.014569812  2477 0x21c3320 DEBUG   GST_POLL gstpoll.c:980:gst_poll_fd_ctl_write: 0x21cb9c0: fd (fd:0, idx:1), active : 1
0:00:00.014575594  2477 0x21c3320 LOG   GST_POLL gstpoll.c:994:gst_poll_fd_ctl_write: 0x21cb9c0: pfd->events now 60 (POLLOUT:4)
0:00:00.014581627  2477 0x21c3320 DEBUG   GST_POLL gstpoll.c:980:gst_poll_fd_ctl_write: 0x21cb9c0: fd (fd:0, idx:1), active : 1
0:00:00.014586999  2477 0x21c3320 LOG   GST_POLL gstpoll.c:994:gst_poll_fd_ctl_write: 0x21cb9c0: pfd->events now 60 (POLLOUT:4)
0:00:00.014592744  2477 0x21c3320 DEBUG   GST_POLL gstpoll.c:980:gst_poll_fd_ctl_write: 0x21cb9c0: fd (fd:0, idx:1), active : 1
0:00:00.014598057  2477 0x21c3320 LOG   GST_POLL gstpoll.c:994:gst_poll_fd_ctl_write: 0x21cb9c0: pfd->events now 60 (POLLOUT:4)
0:00:00.014603774  2477 0x21c3320 DEBUG   GST_POLL gstpoll.c:980:gst_poll_fd_ctl_write: 0x21cb9c0: fd (fd:0, idx:1), active : 1
0:00:00.014612001  2477 0x21c3320 LOG   GST_POLL gstpoll.c:994:gst_poll_fd_ctl_write: 0x21cb9c0: pfd->events now 60 (POLLOUT:4)
0:00:00.014618906  2477 0x21c3320 DEBUG   GST_POLL gstpoll.c:980:gst_poll_fd_ctl_write: 0x21cb9c0: fd (fd:0, idx:1), active : 1
0:00:00.014624495  2477 0x21c3320 LOG   GST_POLL gstpoll.c:994:gst_poll_fd_ctl_write: 0x21cb9c0: pfd->events now 60 (POLLOUT:4)
0:00:00.014630399  2477 0x21c3320 DEBUG   GST_POLL gstpoll.c:980:gst_poll_fd_ctl_write: 0x21cb9c0: fd (fd:0, idx:1), active : 1
0:00:00.014635782  2477 0x21c3320 LOG   GST_POLL gstpoll.c:994:gst_poll_fd_ctl_write: 0x21cb9c0: pfd->events now 60 (POLLOUT:4)
0:00:00.014641560  2477 0x21c3320 DEBUG   GST_POLL gstpoll.c:980:gst_poll_fd_ctl_write: 0x21cb9c0: fd (fd:0, idx:1), active : 1
0:00:00.014646900  2477 0x21c3320 LOG   GST_POLL gstpoll.c:994:gst_poll_fd_ctl_write: 0x21cb9c0: pfd->events now 60 (POLLOUT:4)
0:00:00.014652685  2477 0x21c3320 DEBUG   GST_POLL gstpoll.c:980:gst_poll_fd_ctl_write: 0x21cb9c0: fd (fd:0, idx:1), active : 1
0:00:00.014660971  2477 0x21c3320 LOG   GST_POLL gstpoll.c:994:gst_poll_fd_ctl_write: 0x21cb9c0: pfd->events now 60 (POLLOUT:4)
0:00:00.014667956  2477 0x21c3320 DEBUG   GST_POLL gstpoll.c:980:gst_poll_fd_ctl_write: 0x21cb9c0: fd (fd:0, idx:1), active : 1
0:00:00.014673768  2477 0x21c3320 LOG   GST_POLL gstpoll.c:994:gst_poll_fd_ctl_write: 0x21cb9c0: pfd->events now 60 (POLLOUT:4)
0:00:00.014679759  2477 0x21c3320 DEBUG   GST_POLL gstpoll.c:980:gst_poll_fd_ctl_write: 0x21cb9c0: fd (fd:0, idx:1), active : 1
0:00:00.014685116  2477 0x21c3320 LOG   GST_POLL gstpoll.c:994:gst_poll_fd_ctl_write: 0x21cb9c0: pfd->events now 60 (POLLOUT:4)
0:00:00.014690855  2477 0x21c3320 DEBUG   GST_POLL gstpoll.c:980:gst_poll_fd_ctl_write: 0x21cb9c0: fd (fd:0, idx:1), active : 1
0:00:00.014696207  2477 0x21c3320 LOG   GST_POLL gstpoll.c:994:gst_poll_fd_ctl_write: 0x21cb9c0: pfd->events now 60 (POLLOUT:4)
0:00:00.014706826  2477 0x21c3320 DEBUG   GST_POLL gstpoll.c:980:gst_poll_fd_ctl_write: 0x21cb9c0: fd (fd:0, idx:1), active : 1
0:00:00.014715214  2477 0x21c3320 LOG   GST_POLL gstpoll.c:994:gst_poll_fd_ctl_write: 0x21cb9c0: pfd->events now 60 (POLLOUT:4)
0:00:00.014722065  2477 0x21c3320 DEBUG   GST_POLL gstpoll.c:980:gst_poll_fd_ctl_write: 0x21cb9c0: fd (fd:0, idx:1), active : 1
0:00:00.014727777  2477 0x21c3320 LOG   GST_POLL gstpoll.c:994:gst_poll_fd_ctl_write: 0x21cb9c0: pfd->events now 60 (POLLOUT:4)
0:00:00.014733866  2477 0x21c3320 DEBUG   GST_POLL gstpoll.c:980:gst_poll_fd_ctl_write: 0x21cb9c0: fd (fd:0, idx:1), active : 1
0:00:00.014739225  2477 0x21c3320 LOG   GST_POLL gstpoll.c:994:gst_poll_fd_ctl_write: 0x21cb9c0: pfd->events now 60 (POLLOUT:4)
0:00:00.014751916  2477 0x21c3320 TRACE   GST_REFCOUNTING gstobject.c:265:gst_object_unref: 0x21df7d0 unref 2->1
0:00:00.014765902  2477 0x21c3320 DEBUG   GST_POLL gstpoll.c:1241:gst_poll_fd_has_error: 0x21cb9c0: fd (fd:0, idx:1) 0
0:00:00.014775380  2477 0x21c3320 DEBUG   GST_POLL gstpoll.c:1335:gst_poll_fd_can_write: 0x21cb9c0: fd (fd:0, idx:1) 1
0:00:00.014782385  2477 0x21c3320 LOG   GST_PLUGIN_LOADING gstpluginloader.c:689:write_one: Writing packet of size 528 bytes to fd 0
0:00:00.014806931  2477 0x21c3320 DEBUG   GST_POLL gstpoll.c:1414:gst_poll_wait: 0x21cb9c0: timeout :0:00:01.000000000
0:00:00.014820929  2477 0x21c3320 LOG   GST_PLUGIN_LOADING gstpluginloader.c:1027:exchange_packets: Poll res = 2. 6872 bytes pending for write
0:00:00.014827778  2477 0x21c3320 DEBUG   GST_POLL gstpoll.c:1241:gst_poll_fd_has_error: 0x21cb9c0: fd (fd:5, idx:2) 0
0:00:00.014833605  2477 0x21c3320 DEBUG   GST_POLL gstpoll.c:1266:gst_poll_fd_can_read_unlocked: 0x21cb9c0: fd (fd:5, idx:2) 1
0:00:00.014847656  2477 0x21c3320 DEBUG   GST_PLUGIN_LOADING gstpluginloader.c:721:do_plugin_load: Plugin scanner loading file /home/conan/w/prod/BuildSingleReference/.conan/data/gstreamer/1.19.2/_/_/package/87c267dd1134a9a07d23e41650d01aade79b0036/lib/gstreamer-1.0/libgstcoretracers.so. tag 2
0:00:00.014859864  2477 0x21c3320 TRACE   GST_REFCOUNTING gstobject.c:238:gst_object_ref: 0x21dcea0 ref 1->2
0:00:00.014873815  2477 0x21c3320 TRACE   GST_REFCOUNTING gstobject.c:238:gst_object_ref: 0x21de120 ref 1->2
0:00:00.014881375  2477 0x21c3320 TRACE   GST_REFCOUNTING gstobject.c:238:gst_object_ref: 0x21dde80 ref 1->2
0:00:00.019927360  2476 0x85a370 LOG   GST_PLUGIN_LOADING gstpluginloader.c:1027:exchange_packets: Poll res = 1. 0 bytes pending for write
0:00:00.014888132  2477 0x21c3320 TRACE   GST_REFCOUNTING gstobject.c:238:gst_object_ref: 0x21ddc30 ref 1->2
0:00:00.019972003  2476 0x85a370 DEBUG   GST_POLL gstpoll.c:1241:gst_poll_fd_has_error: 0x873d40: fd (fd:8, idx:2) 0
0:00:00.014918296  2477 0x21c3320 TRACE   GST_REFCOUNTING gstobject.c:238:gst_object_ref: 0x21dd960 ref 1->2
0:00:00.019981703  2476 0x85a370 DEBUG   GST_POLL gstpoll.c:1266:gst_poll_fd_can_read_unlocked: 0x873d40: fd (fd:8, idx:2) 1
0:00:00.014928000  2477 0x21c3320 TRACE   GST_REFCOUNTING gstobject.c:238:gst_object_ref: 0x21dd750 ref 1->2
0:00:00.014953123  2477 0x21c3320 TRACE   GST_REFCOUNTING gstobject.c:238:gst_object_ref: 0x21dd260 ref 1->2
0:00:00.020012363  2476 0x85a370 LOG   GST_PLUGIN_LOADING gstpluginloader.c:985:read_one: Expanding rx buf from 512 to 1040
0:00:00.014965152  2477 0x21c3320 TRACE   GST_REFCOUNTING gstobject.c:265:gst_object_unref: 0x21dd260 unref 2->1
0:00:00.014972516  2477 0x21c3320 TRACE   GST_REFCOUNTING gstobject.c:265:gst_object_unref: 0x21dd750 unref 2->1
0:00:00.014978782  2477 0x21c3320 TRACE   GST_REFCOUNTING gstobject.c:265:gst_object_unref: 0x21dd960 unref 2->1
0:00:00.014985378  2477 0x21c3320 TRACE   GST_REFCOUNTING gstobject.c:265:gst_object_unref: 0x21ddc30 unref 2->1
0:00:00.020038986  2476 0x85a370 DEBUG   GST_PLUGIN_LOADING gstpluginloader.c:849:handle_rx_packet: Received plugin details from child w/ tag 0. 516 bytes info
0:00:00.014991604  2477 0x21c3320 TRACE   GST_REFCOUNTING gstobject.c:265:gst_object_unref: 0x21dde80 unref 2->1
0:00:00.020052362  2476 0x85a370 LOG   GST_REGISTRY gstregistrychunks.c:838:_priv_gst_registry_chunks_load_plugin: Reading/casting for GstRegistryChunkPluginElement at address 0x874b60
0:00:00.015001243  2477 0x21c3320 TRACE   GST_REFCOUNTING gstobject.c:265:gst_object_unref: 0x21de120 unref 2->1
0:00:00.015011345  2477 0x21c3320 DEBUG   GST_REGISTRY gstregistrychunks.c:499:_priv_gst_registry_chunks_save_plugin: Found 6 features in plugin 0x21dcea0 (coretracers)
0:00:00.015018235  2477 0x21c3320 DEBUG   GST_POLL gstpoll.c:980:gst_poll_fd_ctl_write: 0x21cb9c0: fd (fd:0, idx:1), active : 1
0:00:00.015024231  2477 0x21c3320 LOG   GST_POLL gstpoll.c:994:gst_poll_fd_ctl_write: 0x21cb9c0: pfd->events now 60 (POLLOUT:4)
0:00:00.020079102  2476 0x85a370 TRACE   GST_REFCOUNTING gstobject.c:208:gst_object_init: 0x873da0 new
0:00:00.015030340  2477 0x21c3320 DEBUG   GST_POLL gstpoll.c:980:gst_poll_fd_ctl_write: 0x21cb9c0: fd (fd:0, idx:1), active : 1
0:00:00.015036719  2477 0x21c3320 LOG   GST_POLL gstpoll.c:994:gst_poll_fd_ctl_write: 0x21cb9c0: pfd->events now 60 (POLLOUT:4)
0:00:00.015042634  2477 0x21c3320 DEBUG   GST_POLL gstpoll.c:980:gst_poll_fd_ctl_write: 0x21cb9c0: fd (fd:0, idx:1), active : 1
0:00:00.015048361  2477 0x21c3320 LOG   GST_POLL gstpoll.c:994:gst_poll_fd_ctl_write: 0x21cb9c0: pfd->events now 60 (POLLOUT:4)
0:00:00.015057229  2477 0x21c3320 DEBUG   GST_POLL gstpoll.c:980:gst_poll_fd_ctl_write: 0x21cb9c0: fd (fd:0, idx:1), active : 1
0:00:00.015063749  2477 0x21c3320 LOG   GST_POLL gstpoll.c:994:gst_poll_fd_ctl_write: 0x21cb9c0: pfd->events now 60 (POLLOUT:4)
0:00:00.015069876  2477 0x21c3320 DEBUG   GST_POLL gstpoll.c:980:gst_poll_fd_ctl_write: 0x21cb9c0: fd (fd:0, idx:1), active : 1
0:00:00.015075839  2477 0x21c3320 LOG   GST_POLL gstpoll.c:994:gst_poll_fd_ctl_write: 0x21cb9c0: pfd->events now 60 (POLLOUT:4)
0:00:00.020135664  2476 0x85a370 LOG   GST_REGISTRY gstregistrychunks.c:859:_priv_gst_registry_chunks_load_plugin: read strings for name='coretracers'
0:00:00.015089785  2477 0x21c3320 DEBUG   GST_POLL gstpoll.c:980:gst_poll_fd_ctl_write: 0x21cb9c0: fd (fd:0, idx:1), active : 1
0:00:00.020148902  2476 0x85a370 LOG   GST_REGISTRY gstregistrychunks.c:860:_priv_gst_registry_chunks_load_plugin: desc.description='GStreamer core tracers'
0:00:00.015096266  2477 0x21c3320 LOG   GST_POLL gstpoll.c:994:gst_poll_fd_ctl_write: 0x21cb9c0: pfd->events now 60 (POLLOUT:4)
0:00:00.020156426  2476 0x85a370 LOG   GST_REGISTRY gstregistrychunks.c:861:_priv_gst_registry_chunks_load_plugin: filename='/home/conan/w/prod/BuildSingleReference/.conan/data/gstreamer/1.19.2/_/_/package/87c267dd1134a9a07d23e41650d01aade79b0036/lib/gstreamer-1.0/libgstcoretracers.so'
0:00:00.015102776  2477 0x21c3320 DEBUG   GST_POLL gstpoll.c:980:gst_poll_fd_ctl_write: 0x21cb9c0: fd (fd:0, idx:1), active : 1
0:00:00.020163374  2476 0x85a370 LOG   GST_REGISTRY gstregistrychunks.c:862:_priv_gst_registry_chunks_load_plugin: desc.version='1.19.2'
0:00:00.015110031  2477 0x21c3320 LOG   GST_POLL gstpoll.c:994:gst_poll_fd_ctl_write: 0x21cb9c0: pfd->events now 60 (POLLOUT:4)
0:00:00.020169808  2476 0x85a370 LOG   GST_REGISTRY gstregistrychunks.c:863:_priv_gst_registry_chunks_load_plugin: desc.license='LGPL'
0:00:00.015119295  2477 0x21c3320 DEBUG   GST_POLL gstpoll.c:980:gst_poll_fd_ctl_write: 0x21cb9c0: fd (fd:0, idx:1), active : 1
0:00:00.020176001  2476 0x85a370 LOG   GST_REGISTRY gstregistrychunks.c:864:_priv_gst_registry_chunks_load_plugin: desc.source='gstreamer'
0:00:00.015126444  2477 0x21c3320 LOG   GST_POLL gstpoll.c:994:gst_poll_fd_ctl_write: 0x21cb9c0: pfd->events now 60 (POLLOUT:4)
0:00:00.020183994  2476 0x85a370 LOG   GST_REGISTRY gstregistrychunks.c:865:_priv_gst_registry_chunks_load_plugin: desc.package='GStreamer source release'
0:00:00.015133418  2477 0x21c3320 DEBUG   GST_POLL gstpoll.c:980:gst_poll_fd_ctl_write: 0x21cb9c0: fd (fd:0, idx:1), active : 1
0:00:00.020195883  2476 0x85a370 LOG   GST_REGISTRY gstregistrychunks.c:866:_priv_gst_registry_chunks_load_plugin: desc.origin='Unknown package origin'
0:00:00.015143031  2477 0x21c3320 LOG   GST_POLL gstpoll.c:994:gst_poll_fd_ctl_write: 0x21cb9c0: pfd->events now 60 (POLLOUT:4)
0:00:00.020203934  2476 0x85a370 LOG   GST_REGISTRY gstregistrychunks.c:867:_priv_gst_registry_chunks_load_plugin: desc.datetime=2021-09-23
0:00:00.015150876  2477 0x21c3320 DEBUG   GST_POLL gstpoll.c:980:gst_poll_fd_ctl_write: 0x21cb9c0: fd (fd:0, idx:1), active : 1
0:00:00.015157146  2477 0x21c3320 LOG   GST_POLL gstpoll.c:994:gst_poll_fd_ctl_write: 0x21cb9c0: pfd->events now 60 (POLLOUT:4)
0:00:00.020216986  2476 0x85a370 DEBUG   GST_REGISTRY gstregistry.c:474:gst_registry_add_plugin: adding plugin 0x873da0 for filename "/home/conan/w/prod/BuildSingleReference/.conan/data/gstreamer/1.19.2/_/_/package/87c267dd1134a9a07d23e41650d01aade79b0036/lib/gstreamer-1.0/libgstcoretracers.so"
0:00:00.015163154  2477 0x21c3320 LOG   GST_PLUGIN_LOADING gstpluginloader.c:645:put_chunk: Expanding tx buf from 7717 to 10158 for chunk of size 11
0:00:00.020234851  2476 0x85a370 TRACE   GST_REFCOUNTING gstobject.c:294:gst_object_ref_sink: 0x873da0 ref_sink 1->2
0:00:00.015179821  2477 0x21c3320 DEBUG   GST_POLL gstpoll.c:980:gst_poll_fd_ctl_write: 0x21cb9c0: fd (fd:0, idx:1), active : 1
0:00:00.020243690  2476 0x85a370 LOG   GST_REGISTRY gstregistry.c:487:gst_registry_add_plugin: emitting plugin-added for filename "/home/conan/w/prod/BuildSingleReference/.conan/data/gstreamer/1.19.2/_/_/package/87c267dd1134a9a07d23e41650d01aade79b0036/lib/gstreamer-1.0/libgstcoretracers.so"
0:00:00.015189105  2477 0x21c3320 LOG   GST_POLL gstpoll.c:994:gst_poll_fd_ctl_write: 0x21cb9c0: pfd->events now 60 (POLLOUT:4)
0:00:00.020251379  2476 0x85a370 DEBUG   GST_REGISTRY gstregistrychunks.c:888:_priv_gst_registry_chunks_load_plugin: Added plugin 'coretracers' plugin with 6 features from binary registry
0:00:00.015197633  2477 0x21c3320 DEBUG   GST_POLL gstpoll.c:980:gst_poll_fd_ctl_write: 0x21cb9c0: fd (fd:0, idx:1), active : 1
0:00:00.015207177  2477 0x21c3320 LOG   GST_POLL gstpoll.c:994:gst_poll_fd_ctl_write: 0x21cb9c0: pfd->events now 60 (POLLOUT:4)
0:00:00.020263776  2476 0x85a370 DEBUG   GST_REGISTRY gstregistrychunks.c:584:gst_registry_chunks_load_feature: Plugin 'coretracers' feature 'factories' typename : 'GstTracerFactory'
0:00:00.015213218  2477 0x21c3320 DEBUG   GST_POLL gstpoll.c:980:gst_poll_fd_ctl_write: 0x21cb9c0: fd (fd:0, idx:1), active : 1
0:00:00.015219901  2477 0x21c3320 LOG   GST_POLL gstpoll.c:994:gst_poll_fd_ctl_write: 0x21cb9c0: pfd->events now 60 (POLLOUT:4)
0:00:00.015225764  2477 0x21c3320 DEBUG   GST_POLL gstpoll.c:980:gst_poll_fd_ctl_write: 0x21cb9c0: fd (fd:0, idx:1), active : 1
0:00:00.015231221  2477 0x21c3320 LOG   GST_POLL gstpoll.c:994:gst_poll_fd_ctl_write: 0x21cb9c0: pfd->events now 60 (POLLOUT:4)
0:00:00.015239954  2477 0x21c3320 DEBUG   GST_POLL gstpoll.c:980:gst_poll_fd_ctl_write: 0x21cb9c0: fd (fd:0, idx:1), active : 1
0:00:00.020288348  2476 0x85a370 TRACE   GST_REFCOUNTING gstobject.c:208:gst_object_init: 0x8743e0 new
0:00:00.015246575  2477 0x21c3320 LOG   GST_POLL gstpoll.c:994:gst_poll_fd_ctl_write: 0x21cb9c0: pfd->events now 60 (POLLOUT:4)
0:00:00.015257756  2477 0x21c3320 DEBUG   GST_POLL gstpoll.c:980:gst_poll_fd_ctl_write: 0x21cb9c0: fd (fd:0, idx:1), active : 1
0:00:00.020317191  2476 0x85a370 DEBUG   GST_REGISTRY gstregistrychunks.c:719:gst_registry_chunks_load_feature: Reading/casting for GstRegistryChunkPluginFeature at address 0x874cb0
0:00:00.015263560  2477 0x21c3320 LOG   GST_POLL gstpoll.c:994:gst_poll_fd_ctl_write: 0x21cb9c0: pfd->events now 60 (POLLOUT:4)
0:00:00.015272312  2477 0x21c3320 DEBUG   GST_POLL gstpoll.c:980:gst_poll_fd_ctl_write: 0x21cb9c0: fd (fd:0, idx:1), active : 1
0:00:00.020328238  2476 0x85a370 DEBUG   GST_REGISTRY gstregistry.c:590:gst_registry_add_feature: adding feature 0x8743e0 (factories)
0:00:00.015277790  2477 0x21c3320 LOG   GST_POLL gstpoll.c:994:gst_poll_fd_ctl_write: 0x21cb9c0: pfd->events now 60 (POLLOUT:4)
0:00:00.020341309  2476 0x85a370 DEBUG   GST_REFCOUNTING gstobject.c:709:gst_object_set_parent: set parent (ref and sink)
0:00:00.015287943  2477 0x21c3320 DEBUG   GST_POLL gstpoll.c:980:gst_poll_fd_ctl_write: 0x21cb9c0: fd (fd:0, idx:1), active : 1
0:00:00.015296459  2477 0x21c3320 LOG   GST_POLL gstpoll.c:994:gst_poll_fd_ctl_write: 0x21cb9c0: pfd->events now 60 (POLLOUT:4)
0:00:00.020352418  2476 0x85a370 TRACE   GST_REFCOUNTING gstobject.c:294:gst_object_ref_sink: 0x8743e0 ref_sink 1->2
0:00:00.015305530  2477 0x21c3320 DEBUG   GST_POLL gstpoll.c:980:gst_poll_fd_ctl_write: 0x21cb9c0: fd (fd:0, idx:1), active : 1
0:00:00.020362206  2476 0x85a370 LOG   GST_REGISTRY gstregistry.c:608:gst_registry_add_feature: emitting feature-added for factories
0:00:00.015312843  2477 0x21c3320 LOG   GST_POLL gstpoll.c:994:gst_poll_fd_ctl_write: 0x21cb9c0: pfd->events now 60 (POLLOUT:4)
0:00:00.020371858  2476 0x85a370 DEBUG   GST_REGISTRY gstregistrychunks.c:742:gst_registry_chunks_load_feature: Added feature factories, plugin 0x873da0 coretracers
0:00:00.015319990  2477 0x21c3320 DEBUG   GST_POLL gstpoll.c:980:gst_poll_fd_ctl_write: 0x21cb9c0: fd (fd:0, idx:1), active : 1
0:00:00.020379855  2476 0x85a370 DEBUG   GST_REGISTRY gstregistrychunks.c:584:gst_registry_chunks_load_feature: Plugin 'coretracers' feature 'leaks' typename : 'GstTracerFactory'
0:00:00.015326383  2477 0x21c3320 LOG   GST_POLL gstpoll.c:994:gst_poll_fd_ctl_write: 0x21cb9c0: pfd->events now 60 (POLLOUT:4)
0:00:00.015333951  2477 0x21c3320 DEBUG   GST_POLL gstpoll.c:980:gst_poll_fd_ctl_write: 0x21cb9c0: fd (fd:0, idx:1), active : 1
0:00:00.020390081  2476 0x85a370 TRACE   GST_REFCOUNTING gstobject.c:208:gst_object_init: 0x8750b0 new
0:00:00.015339732  2477 0x21c3320 LOG   GST_POLL gstpoll.c:994:gst_poll_fd_ctl_write: 0x21cb9c0: pfd->events now 60 (POLLOUT:4)
0:00:00.020399968  2476 0x85a370 DEBUG   GST_REGISTRY gstregistrychunks.c:719:gst_registry_chunks_load_feature: Reading/casting for GstRegistryChunkPluginFeature at address 0x874cd0
0:00:00.015346245  2477 0x21c3320 DEBUG   GST_POLL gstpoll.c:980:gst_poll_fd_ctl_write: 0x21cb9c0: fd (fd:0, idx:1), active : 1
0:00:00.020408551  2476 0x85a370 DEBUG   GST_REGISTRY gstregistry.c:590:gst_registry_add_feature: adding feature 0x8750b0 (leaks)
0:00:00.015353279  2477 0x21c3320 LOG   GST_POLL gstpoll.c:994:gst_poll_fd_ctl_write: 0x21cb9c0: pfd->events now 60 (POLLOUT:4)
0:00:00.020415842  2476 0x85a370 DEBUG   GST_REFCOUNTING gstobject.c:709:gst_object_set_parent: set parent (ref and sink)
0:00:00.015364944  2477 0x21c3320 DEBUG   GST_POLL gstpoll.c:980:gst_poll_fd_ctl_write: 0x21cb9c0: fd (fd:0, idx:1), active : 1
0:00:00.020426295  2476 0x85a370 TRACE   GST_REFCOUNTING gstobject.c:294:gst_object_ref_sink: 0x8750b0 ref_sink 1->2
0:00:00.015372028  2477 0x21c3320 LOG   GST_POLL gstpoll.c:994:gst_poll_fd_ctl_write: 0x21cb9c0: pfd->events now 60 (POLLOUT:4)
0:00:00.020440396  2476 0x85a370 LOG   GST_REGISTRY gstregistry.c:608:gst_registry_add_feature: emitting feature-added for leaks
0:00:00.015386881  2477 0x21c3320 DEBUG   GST_POLL gstpoll.c:980:gst_poll_fd_ctl_write: 0x21cb9c0: fd (fd:0, idx:1), active : 1
0:00:00.015397056  2477 0x21c3320 LOG   GST_POLL gstpoll.c:994:gst_poll_fd_ctl_write: 0x21cb9c0: pfd->events now 60 (POLLOUT:4)
0:00:00.020448167  2476 0x85a370 DEBUG   GST_REGISTRY gstregistrychunks.c:742:gst_registry_chunks_load_feature: Added feature leaks, plugin 0x873da0 coretracers
0:00:00.015403525  2477 0x21c3320 DEBUG   GST_POLL gstpoll.c:980:gst_poll_fd_ctl_write: 0x21cb9c0: fd (fd:0, idx:1), active : 1
0:00:00.020461759  2476 0x85a370 DEBUG   GST_REGISTRY gstregistrychunks.c:584:gst_registry_chunks_load_feature: Plugin 'coretracers' feature 'stats' typename : 'GstTracerFactory'
0:00:00.015409776  2477 0x21c3320 LOG   GST_POLL gstpoll.c:994:gst_poll_fd_ctl_write: 0x21cb9c0: pfd->events now 60 (POLLOUT:4)
0:00:00.020471037  2476 0x85a370 TRACE   GST_REFCOUNTING gstobject.c:208:gst_object_init: 0x8752b0 new
0:00:00.015416460  2477 0x21c3320 DEBUG   GST_POLL gstpoll.c:980:gst_poll_fd_ctl_write: 0x21cb9c0: fd (fd:0, idx:1), active : 1
0:00:00.020480126  2476 0x85a370 DEBUG   GST_REGISTRY gstregistrychunks.c:719:gst_registry_chunks_load_feature: Reading/casting for GstRegistryChunkPluginFeature at address 0x874cf0
0:00:00.015426976  2477 0x21c3320 LOG   GST_POLL gstpoll.c:994:gst_poll_fd_ctl_write: 0x21cb9c0: pfd->events now 60 (POLLOUT:4)
0:00:00.015445140  2477 0x21c3320 DEBUG   GST_POLL gstpoll.c:980:gst_poll_fd_ctl_write: 0x21cb9c0: fd (fd:0, idx:1), active : 1
0:00:00.015454857  2477 0x21c3320 LOG   GST_POLL gstpoll.c:994:gst_poll_fd_ctl_write: 0x21cb9c0: pfd->events now 60 (POLLOUT:4)
0:00:00.020488727  2476 0x85a370 DEBUG   GST_REGISTRY gstregistry.c:590:gst_registry_add_feature: adding feature 0x8752b0 (stats)
0:00:00.015463620  2477 0x21c3320 DEBUG   GST_POLL gstpoll.c:980:gst_poll_fd_ctl_write: 0x21cb9c0: fd (fd:0, idx:1), active : 1
0:00:00.020525369  2476 0x85a370 DEBUG   GST_REFCOUNTING gstobject.c:709:gst_object_set_parent: set parent (ref and sink)
0:00:00.015472703  2477 0x21c3320 LOG   GST_POLL gstpoll.c:994:gst_poll_fd_ctl_write: 0x21cb9c0: pfd->events now 60 (POLLOUT:4)
0:00:00.020534306  2476 0x85a370 TRACE   GST_REFCOUNTING gstobject.c:294:gst_object_ref_sink: 0x8752b0 ref_sink 1->2
0:00:00.015482481  2477 0x21c3320 DEBUG   GST_POLL gstpoll.c:980:gst_poll_fd_ctl_write: 0x21cb9c0: fd (fd:0, idx:1), active : 1
0:00:00.020542124  2476 0x85a370 LOG   GST_REGISTRY gstregistry.c:608:gst_registry_add_feature: emitting feature-added for stats
0:00:00.020550902  2476 0x85a370 DEBUG   GST_REGISTRY gstregistrychunks.c:742:gst_registry_chunks_load_feature: Added feature stats, plugin 0x873da0 coretracers
0:00:00.015495142  2477 0x21c3320 LOG   GST_POLL gstpoll.c:994:gst_poll_fd_ctl_write: 0x21cb9c0: pfd->events now 60 (POLLOUT:4)
0:00:00.020563205  2476 0x85a370 DEBUG   GST_REGISTRY gstregistrychunks.c:584:gst_registry_chunks_load_feature: Plugin 'coretracers' feature 'rusage' typename : 'GstTracerFactory'
0:00:00.015510411  2477 0x21c3320 DEBUG   GST_POLL gstpoll.c:980:gst_poll_fd_ctl_write: 0x21cb9c0: fd (fd:0, idx:1), active : 1
0:00:00.020571910  2476 0x85a370 TRACE   GST_REFCOUNTING gstobject.c:208:gst_object_init: 0x8754b0 new
0:00:00.015517364  2477 0x21c3320 LOG   GST_POLL gstpoll.c:994:gst_poll_fd_ctl_write: 0x21cb9c0: pfd->events now 60 (POLLOUT:4)
0:00:00.020584101  2476 0x85a370 DEBUG   GST_REGISTRY gstregistrychunks.c:719:gst_registry_chunks_load_feature: Reading/casting for GstRegistryChunkPluginFeature at address 0x874d10
0:00:00.015528884  2477 0x21c3320 TRACE   GST_REFCOUNTING gstobject.c:265:gst_object_unref: 0x21dcea0 unref 2->1
0:00:00.020594210  2476 0x85a370 DEBUG   GST_REGISTRY gstregistry.c:590:gst_registry_add_feature: adding feature 0x8754b0 (rusage)
0:00:00.015539380  2477 0x21c3320 DEBUG   GST_POLL gstpoll.c:1241:gst_poll_fd_has_error: 0x21cb9c0: fd (fd:0, idx:1) 0
0:00:00.020601170  2476 0x85a370 DEBUG   GST_REFCOUNTING gstobject.c:709:gst_object_set_parent: set parent (ref and sink)
0:00:00.015548216  2477 0x21c3320 DEBUG   GST_POLL gstpoll.c:1335:gst_poll_fd_can_write: 0x21cb9c0: fd (fd:0, idx:1) 1
0:00:00.020610135  2476 0x85a370 TRACE   GST_REFCOUNTING gstobject.c:294:gst_object_ref_sink: 0x8754b0 ref_sink 1->2
0:00:00.015555603  2477 0x21c3320 LOG   GST_PLUGIN_LOADING gstpluginloader.c:689:write_one: Writing packet of size 6872 bytes to fd 0
0:00:00.020617200  2476 0x85a370 LOG   GST_REGISTRY gstregistry.c:608:gst_registry_add_feature: emitting feature-added for rusage
0:00:00.020624288  2476 0x85a370 DEBUG   GST_REGISTRY gstregistrychunks.c:742:gst_registry_chunks_load_feature: Added feature rusage, plugin 0x873da0 coretracers
0:00:00.015571255  2477 0x21c3320 DEBUG   GST_POLL gstpoll.c:1414:gst_poll_wait: 0x21cb9c0: timeout :0:00:01.000000000
0:00:00.020630731  2476 0x85a370 DEBUG   GST_REGISTRY gstregistrychunks.c:584:gst_registry_chunks_load_feature: Plugin 'coretracers' feature 'log' typename : 'GstTracerFactory'
0:00:00.015583068  2477 0x21c3320 LOG   GST_PLUGIN_LOADING gstpluginloader.c:1027:exchange_packets: Poll res = 2. 528 bytes pending for write
0:00:00.020639968  2476 0x85a370 TRACE   GST_REFCOUNTING gstobject.c:208:gst_object_init: 0x8756b0 new
0:00:00.015591424  2477 0x21c3320 DEBUG   GST_POLL gstpoll.c:1241:gst_poll_fd_has_error: 0x21cb9c0: fd (fd:5, idx:2) 0
0:00:00.015598298  2477 0x21c3320 DEBUG   GST_POLL gstpoll.c:1266:gst_poll_fd_can_read_unlocked: 0x21cb9c0: fd (fd:5, idx:2) 1
0:00:00.020653122  2476 0x85a370 DEBUG   GST_REGISTRY gstregistrychunks.c:719:gst_registry_chunks_load_feature: Reading/casting for GstRegistryChunkPluginFeature at address 0x874d30
0:00:00.015608245  2477 0x21c3320 DEBUG   GST_PLUGIN_LOADING gstpluginloader.c:721:do_plugin_load: Plugin scanner loading file /home/conan/w/prod/BuildSingleReference/.conan/data/gstreamer/1.19.2/_/_/package/87c267dd1134a9a07d23e41650d01aade79b0036/lib/gstreamer-1.0/libgstcoreelements.so. tag 3
0:00:00.020671419  2476 0x85a370 DEBUG   GST_REGISTRY gstregistry.c:590:gst_registry_add_feature: adding feature 0x8756b0 (log)
0:00:00.015621261  2477 0x21c3320 TRACE   GST_REFCOUNTING gstobject.c:238:gst_object_ref: 0x21df7d0 ref 1->2
0:00:00.020678335  2476 0x85a370 DEBUG   GST_REFCOUNTING gstobject.c:709:gst_object_set_parent: set parent (ref and sink)
0:00:00.015630369  2477 0x21c3320 TRACE   GST_REFCOUNTING gstobject.c:238:gst_object_ref: 0x21fac00 ref 1->2
0:00:00.020687187  2476 0x85a370 TRACE   GST_REFCOUNTING gstobject.c:294:gst_object_ref_sink: 0x8756b0 ref_sink 1->2
0:00:00.015638794  2477 0x21c3320 TRACE   GST_REFCOUNTING gstobject.c:238:gst_object_ref: 0x21f9d10 ref 1->2
0:00:00.020695796  2476 0x85a370 LOG   GST_REGISTRY gstregistry.c:608:gst_registry_add_feature: emitting feature-added for log
0:00:00.015646628  2477 0x21c3320 TRACE   GST_REFCOUNTING gstobject.c:238:gst_object_ref: 0x21f8560 ref 1->2
0:00:00.020704041  2476 0x85a370 DEBUG   GST_REGISTRY gstregistrychunks.c:742:gst_registry_chunks_load_feature: Added feature log, plugin 0x873da0 coretracers
0:00:00.015654055  2477 0x21c3320 TRACE   GST_REFCOUNTING gstobject.c:238:gst_object_ref: 0x21f7790 ref 1->2
0:00:00.020711895  2476 0x85a370 DEBUG   GST_REGISTRY gstregistrychunks.c:584:gst_registry_chunks_load_feature: Plugin 'coretracers' feature 'latency' typename : 'GstTracerFactory'
0:00:00.015661446  2477 0x21c3320 TRACE   GST_REFCOUNTING gstobject.c:238:gst_object_ref: 0x21f6580 ref 1->2
0:00:00.020720942  2476 0x85a370 TRACE   GST_REFCOUNTING gstobject.c:208:gst_object_init: 0x8758b0 new
0:00:00.015668985  2477 0x21c3320 TRACE   GST_REFCOUNTING gstobject.c:238:gst_object_ref: 0x21f5480 ref 1->2
0:00:00.015676712  2477 0x21c3320 TRACE   GST_REFCOUNTING gstobject.c:238:gst_object_ref: 0x21f3ad0 ref 1->2
0:00:00.020733461  2476 0x85a370 DEBUG   GST_REGISTRY gstregistrychunks.c:719:gst_registry_chunks_load_feature: Reading/casting for GstRegistryChunkPluginFeature at address 0x874d58
0:00:00.015687180  2477 0x21c3320 TRACE   GST_REFCOUNTING gstobject.c:238:gst_object_ref: 0x21f2050 ref 1->2
0:00:00.020746574  2476 0x85a370 DEBUG   GST_REGISTRY gstregistry.c:590:gst_registry_add_feature: adding feature 0x8758b0 (latency)
0:00:00.015696214  2477 0x21c3320 TRACE   GST_REFCOUNTING gstobject.c:238:gst_object_ref: 0x21f0f40 ref 1->2
0:00:00.015704442  2477 0x21c3320 TRACE   GST_REFCOUNTING gstobject.c:238:gst_object_ref: 0x21efcd0 ref 1->2
0:00:00.015711452  2477 0x21c3320 TRACE   GST_REFCOUNTING gstobject.c:238:gst_object_ref: 0x21ee6a0 ref 1->2
0:00:00.020769788  2476 0x85a370 DEBUG   GST_REFCOUNTING gstobject.c:709:gst_object_set_parent: set parent (ref and sink)
0:00:00.015725746  2477 0x21c3320 TRACE   GST_REFCOUNTING gstobject.c:238:gst_object_ref: 0x21ed9d0 ref 1->2
0:00:00.020784477  2476 0x85a370 TRACE   GST_REFCOUNTING gstobject.c:294:gst_object_ref_sink: 0x8758b0 ref_sink 1->2
0:00:00.015733052  2477 0x21c3320 TRACE   GST_REFCOUNTING gstobject.c:238:gst_object_ref: 0x21ecc80 ref 1->2
0:00:00.020792152  2476 0x85a370 LOG   GST_REGISTRY gstregistry.c:608:gst_registry_add_feature: emitting feature-added for latency
0:00:00.015740533  2477 0x21c3320 TRACE   GST_REFCOUNTING gstobject.c:238:gst_object_ref: 0x21e4430 ref 1->2
0:00:00.020799711  2476 0x85a370 DEBUG   GST_REGISTRY gstregistrychunks.c:742:gst_registry_chunks_load_feature: Added feature latency, plugin 0x873da0 coretracers
0:00:00.015748273  2477 0x21c3320 TRACE   GST_REFCOUNTING gstobject.c:238:gst_object_ref: 0x21ea1c0 ref 1->2
0:00:00.020809338  2476 0x85a370 LOG   GST_PLUGIN_LOADING gstpluginloader.c:888:handle_rx_packet: marking plugin 0x873da0 as registered as /home/conan/w/prod/BuildSingleReference/.conan/data/gstreamer/1.19.2/_/_/package/87c267dd1134a9a07d23e41650d01aade79b0036/lib/gstreamer-1.0/libgstcoretracers.so
0:00:00.015758706  2477 0x21c3320 TRACE   GST_REFCOUNTING gstobject.c:238:gst_object_ref: 0x21e7b70 ref 1->2
0:00:00.015773673  2477 0x21c3320 TRACE   GST_REFCOUNTING gstobject.c:238:gst_object_ref: 0x21e6020 ref 1->2
0:00:00.020828999  2476 0x85a370 DEBUG   GST_POLL gstpoll.c:1414:gst_poll_wait: 0x873d40: timeout :0:00:01.000000000
0:00:00.015781142  2477 0x21c3320 TRACE   GST_REFCOUNTING gstobject.c:238:gst_object_ref: 0x21e4fe0 ref 1->2
0:00:00.015788759  2477 0x21c3320 TRACE   GST_REFCOUNTING gstobject.c:238:gst_object_ref: 0x21e3530 ref 1->2
0:00:00.020844664  2476 0x85a370 LOG   GST_PLUGIN_LOADING gstpluginloader.c:1027:exchange_packets: Poll res = 1. 0 bytes pending for write
0:00:00.015795645  2477 0x21c3320 TRACE   GST_REFCOUNTING gstobject.c:238:gst_object_ref: 0x21e2630 ref 1->2
0:00:00.020854774  2476 0x85a370 DEBUG   GST_POLL gstpoll.c:1241:gst_poll_fd_has_error: 0x873d40: fd (fd:8, idx:2) 0
0:00:00.015803040  2477 0x21c3320 TRACE   GST_REFCOUNTING gstobject.c:238:gst_object_ref: 0x21e1840 ref 1->2
0:00:00.020862498  2476 0x85a370 DEBUG   GST_POLL gstpoll.c:1266:gst_poll_fd_can_read_unlocked: 0x873d40: fd (fd:8, idx:2) 1
0:00:00.015810649  2477 0x21c3320 TRACE   GST_REFCOUNTING gstobject.c:238:gst_object_ref: 0x21dfbb0 ref 1->2
0:00:00.020872242  2476 0x85a370 LOG   GST_PLUGIN_LOADING gstpluginloader.c:985:read_one: Expanding rx buf from 1040 to 7384
0:00:00.015821732  2477 0x21c3320 DEBUG   GST_REGISTRY gstregistrychunks.c:266:gst_registry_chunks_save_feature: saved 0 interfaces 0 pad templates
0:00:00.015839227  2477 0x21c3320 DEBUG   GST_REGISTRY gstregistrychunks.c:266:gst_registry_chunks_save_feature: saved 0 interfaces 0 pad templates
0:00:00.020896276  2476 0x85a370 DEBUG   GST_PLUGIN_LOADING gstpluginloader.c:849:handle_rx_packet: Received plugin details from child w/ tag 1. 6860 bytes info
0:00:00.020910685  2476 0x85a370 LOG   GST_REGISTRY gstregistrychunks.c:838:_priv_gst_registry_chunks_load_plugin: Reading/casting for GstRegistryChunkPluginElement at address 0x875c10
0:00:00.015855848  2477 0x21c3320 DEBUG   GST_REGISTRY gstregistrychunks.c:266:gst_registry_chunks_save_feature: saved 0 interfaces 0 pad templates
0:00:00.020920340  2476 0x85a370 TRACE   GST_REFCOUNTING gstobject.c:208:gst_object_init: 0x875580 new
0:00:00.015869282  2477 0x21c3320 DEBUG   GST_REGISTRY gstregistrychunks.c:266:gst_registry_chunks_save_feature: saved 1 interfaces 0 pad templates
0:00:00.015876631  2477 0x21c3320 DEBUG   GST_REGISTRY gstregistrychunks.c:285:gst_registry_chunks_save_feature: Saved 1 UriTypes
0:00:00.020937514  2476 0x85a370 LOG   GST_REGISTRY gstregistrychunks.c:859:_priv_gst_registry_chunks_load_plugin: read strings for name='coreelements'
0:00:00.015887876  2477 0x21c3320 DEBUG   GST_REGISTRY gstregistrychunks.c:266:gst_registry_chunks_save_feature: saved 0 interfaces 0 pad templates
0:00:00.020944451  2476 0x85a370 LOG   GST_REGISTRY gstregistrychunks.c:860:_priv_gst_registry_chunks_load_plugin: desc.description='GStreamer core elements'
0:00:00.015898177  2477 0x21c3320 DEBUG   GST_REGISTRY gstregistrychunks.c:266:gst_registry_chunks_save_feature: saved 0 interfaces 0 pad templates
0:00:00.020954270  2476 0x85a370 LOG   GST_REGISTRY gstregistrychunks.c:861:_priv_gst_registry_chunks_load_plugin: filename='/home/conan/w/prod/BuildSingleReference/.conan/data/gstreamer/1.19.2/_/_/package/87c267dd1134a9a07d23e41650d01aade79b0036/lib/gstreamer-1.0/libgstcoreelements.so'
0:00:00.020962455  2476 0x85a370 LOG   GST_REGISTRY gstregistrychunks.c:862:_priv_gst_registry_chunks_load_plugin: desc.version='1.19.2'
0:00:00.015909257  2477 0x21c3320 DEBUG   GST_REGISTRY gstregistrychunks.c:266:gst_registry_chunks_save_feature: saved 0 interfaces 0 pad templates
0:00:00.020967843  2476 0x85a370 LOG   GST_REGISTRY gstregistrychunks.c:863:_priv_gst_registry_chunks_load_plugin: desc.license='LGPL'
0:00:00.020974214  2476 0x85a370 LOG   GST_REGISTRY gstregistrychunks.c:864:_priv_gst_registry_chunks_load_plugin: desc.source='gstreamer'
0:00:00.020979295  2476 0x85a370 LOG   GST_REGISTRY gstregistrychunks.c:865:_priv_gst_registry_chunks_load_plugin: desc.package='GStreamer source release'
0:00:00.015924761  2477 0x21c3320 DEBUG   GST_REGISTRY gstregistrychunks.c:266:gst_registry_chunks_save_feature: saved 1 interfaces 0 pad templates
0:00:00.020984452  2476 0x85a370 LOG   GST_REGISTRY gstregistrychunks.c:866:_priv_gst_registry_chunks_load_plugin: desc.origin='Unknown package origin'
0:00:00.015931997  2477 0x21c3320 DEBUG   GST_REGISTRY gstregistrychunks.c:285:gst_registry_chunks_save_feature: Saved 1 UriTypes
0:00:00.020990646  2476 0x85a370 LOG   GST_REGISTRY gstregistrychunks.c:867:_priv_gst_registry_chunks_load_plugin: desc.datetime=2021-09-23
0:00:00.015942742  2477 0x21c3320 DEBUG   GST_REGISTRY gstregistrychunks.c:266:gst_registry_chunks_save_feature: saved 1 interfaces 0 pad templates
0:00:00.015950778  2477 0x21c3320 DEBUG   GST_REGISTRY gstregistrychunks.c:285:gst_registry_chunks_save_feature: Saved 1 UriTypes
0:00:00.021006975  2476 0x85a370 DEBUG   GST_REGISTRY gstregistry.c:474:gst_registry_add_plugin: adding plugin 0x875580 for filename "/home/conan/w/prod/BuildSingleReference/.conan/data/gstreamer/1.19.2/_/_/package/87c267dd1134a9a07d23e41650d01aade79b0036/lib/gstreamer-1.0/libgstcoreelements.so"
0:00:00.015960484  2477 0x21c3320 DEBUG   GST_REGISTRY gstregistrychunks.c:266:gst_registry_chunks_save_feature: saved 1 interfaces 0 pad templates
0:00:00.021018339  2476 0x85a370 TRACE   GST_REFCOUNTING gstobject.c:294:gst_object_ref_sink: 0x875580 ref_sink 1->2
0:00:00.015967281  2477 0x21c3320 DEBUG   GST_REGISTRY gstregistrychunks.c:285:gst_registry_chunks_save_feature: Saved 1 UriTypes
0:00:00.021028118  2476 0x85a370 LOG   GST_REGISTRY gstregistry.c:487:gst_registry_add_plugin: emitting plugin-added for filename "/home/conan/w/prod/BuildSingleReference/.conan/data/gstreamer/1.19.2/_/_/package/87c267dd1134a9a07d23e41650d01aade79b0036/lib/gstreamer-1.0/libgstcoreelements.so"
0:00:00.015977396  2477 0x21c3320 DEBUG   GST_REGISTRY gstregistrychunks.c:266:gst_registry_chunks_save_feature: saved 0 interfaces 0 pad templates
0:00:00.021037108  2476 0x85a370 DEBUG   GST_REGISTRY gstregistrychunks.c:888:_priv_gst_registry_chunks_load_plugin: Added plugin 'coreelements' plugin with 22 features from binary registry
0:00:00.015988788  2477 0x21c3320 DEBUG   GST_REGISTRY gstregistrychunks.c:266:gst_registry_chunks_save_feature: saved 0 interfaces 0 pad templates
0:00:00.021045186  2476 0x85a370 DEBUG   GST_REGISTRY gstregistrychunks.c:584:gst_registry_chunks_load_feature: Plugin 'coreelements' feature 'streamiddemux' typename : 'GstElementFactory'
0:00:00.016002948  2477 0x21c3320 DEBUG   GST_REGISTRY gstregistrychunks.c:266:gst_registry_chunks_save_feature: saved 0 interfaces 0 pad templates
0:00:00.021059215  2476 0x85a370 TRACE   GST_REFCOUNTING gstobject.c:208:gst_object_init: 0x8759f0 new
0:00:00.021070790  2476 0x85a370 LOG   GST_REGISTRY gstregistrychunks.c:611:gst_registry_chunks_load_feature: Reading/casting for GstRegistryChunkElementFactory at address 0x875d68
0:00:00.016016189  2477 0x21c3320 DEBUG   GST_REGISTRY gstregistrychunks.c:266:gst_registry_chunks_save_feature: saved 0 interfaces 0 pad templates
0:00:00.021079699  2476 0x85a370 TRACE   structure gststructure.c:292:gst_structure_new_id_empty_with_size: created structure 0x874cd0
0:00:00.016027603  2477 0x21c3320 DEBUG   GST_REGISTRY gstregistrychunks.c:266:gst_registry_chunks_save_feature: saved 0 interfaces 0 pad templates
0:00:00.021089549  2476 0x85a370 DEBUG   structure gststructure.c:2258:gst_structure_parse_field: trying field name 'long-name'
0:00:00.016037912  2477 0x21c3320 DEBUG   GST_REGISTRY gstregistrychunks.c:266:gst_registry_chunks_save_feature: saved 0 interfaces 0 pad templates
0:00:00.021105837  2476 0x85a370 DEBUG   default gstvalue.c:2776:_priv_gst_value_parse_value: trying type name 'string'
0:00:00.016053872  2477 0x21c3320 DEBUG   GST_REGISTRY gstregistrychunks.c:266:gst_registry_chunks_save_feature: saved 1 interfaces 0 pad templates
0:00:00.016060816  2477 0x21c3320 DEBUG   GST_REGISTRY gstregistrychunks.c:285:gst_registry_chunks_save_feature: Saved 1 UriTypes
0:00:00.021120554  2476 0x85a370 DEBUG   structure gststructure.c:2258:gst_structure_parse_field: trying field name 'klass'
0:00:00.016070501  2477 0x21c3320 DEBUG   GST_REGISTRY gstregistrychunks.c:266:gst_registry_chunks_save_feature: saved 0 interfaces 0 pad templates
0:00:00.021127224  2476 0x85a370 DEBUG   default gstvalue.c:2776:_priv_gst_value_parse_value: trying type name 'string'
0:00:00.016081119  2477 0x21c3320 DEBUG   GST_REGISTRY gstregistrychunks.c:266:gst_registry_chunks_save_feature: saved 0 interfaces 0 pad templates
0:00:00.021138147  2476 0x85a370 DEBUG   structure gststructure.c:2258:gst_structure_parse_field: trying field name 'description'
0:00:00.021146109  2476 0x85a370 DEBUG   default gstvalue.c:2776:_priv_gst_value_parse_value: trying type name 'string'
0:00:00.016096108  2477 0x21c3320 DEBUG   GST_REGISTRY gstregistrychunks.c:266:gst_registry_chunks_save_feature: saved 0 interfaces 0 pad templates
0:00:00.021156690  2476 0x85a370 DEBUG   structure gststructure.c:2258:gst_structure_parse_field: trying field name 'author'
0:00:00.021164283  2476 0x85a370 DEBUG   default gstvalue.c:2776:_priv_gst_value_parse_value: trying type name 'string'
0:00:00.016108966  2477 0x21c3320 DEBUG   GST_REGISTRY gstregistrychunks.c:266:gst_registry_chunks_save_feature: saved 0 interfaces 0 pad templates
0:00:00.021172330  2476 0x85a370 DEBUG   GST_REGISTRY gstregistrychunks.c:627:gst_registry_chunks_load_feature: Element factory : npadtemplates=2
0:00:00.021179299  2476 0x85a370 DEBUG   GST_REGISTRY gstregistrychunks.c:527:gst_registry_chunks_load_pad_template: Reading/casting for GstRegistryChunkPadTemplate at address 0x875e40
0:00:00.016124137  2477 0x21c3320 DEBUG   GST_REGISTRY gstregistrychunks.c:266:gst_registry_chunks_save_feature: saved 0 interfaces 0 pad templates
0:00:00.021186308  2476 0x85a370 DEBUG   GST_REGISTRY gstregistrychunks.c:540:gst_registry_chunks_load_pad_template: Added pad_template src_%u
0:00:00.021192476  2476 0x85a370 DEBUG   GST_REGISTRY gstregistrychunks.c:527:gst_registry_chunks_load_pad_template: Reading/casting for GstRegistryChunkPadTemplate at address 0x875e58
0:00:00.016137261  2477 0x21c3320 TRACE   GST_REFCOUNTING gstobject.c:265:gst_object_unref: 0x21dfbb0 unref 2->1
0:00:00.021199159  2476 0x85a370 DEBUG   GST_REGISTRY gstregistrychunks.c:540:gst_registry_chunks_load_pad_template: Added pad_template sink
0:00:00.016146481  2477 0x21c3320 TRACE   GST_REFCOUNTING gstobject.c:265:gst_object_unref: 0x21e1840 unref 2->1
0:00:00.021208175  2476 0x85a370 DEBUG   GST_REGISTRY gstregistry.c:590:gst_registry_add_feature: adding feature 0x8759f0 (streamiddemux)
0:00:00.016159960  2477 0x21c3320 TRACE   GST_REFCOUNTING gstobject.c:265:gst_object_unref: 0x21e2630 unref 2->1
0:00:00.021219092  2476 0x85a370 DEBUG   GST_REFCOUNTING gstobject.c:709:gst_object_set_parent: set parent (ref and sink)
0:00:00.016167773  2477 0x21c3320 TRACE   GST_REFCOUNTING gstobject.c:265:gst_object_unref: 0x21e3530 unref 2->1
0:00:00.021229710  2476 0x85a370 TRACE   GST_REFCOUNTING gstobject.c:294:gst_object_ref_sink: 0x8759f0 ref_sink 1->2
0:00:00.016175592  2477 0x21c3320 TRACE   GST_REFCOUNTING gstobject.c:265:gst_object_unref: 0x21e4fe0 unref 2->1
0:00:00.021238023  2476 0x85a370 LOG   GST_REGISTRY gstregistry.c:608:gst_registry_add_feature: emitting feature-added for streamiddemux
0:00:00.016187525  2477 0x21c3320 TRACE   GST_REFCOUNTING gstobject.c:265:gst_object_unref: 0x21e6020 unref 2->1
0:00:00.021245782  2476 0x85a370 DEBUG   GST_REGISTRY gstregistrychunks.c:742:gst_registry_chunks_load_feature: Added feature streamiddemux, plugin 0x875580 coreelements
0:00:00.016195983  2477 0x21c3320 TRACE   GST_REFCOUNTING gstobject.c:265:gst_object_unref: 0x21e7b70 unref 2->1
0:00:00.021254597  2476 0x85a370 DEBUG   GST_REGISTRY gstregistrychunks.c:584:gst_registry_chunks_load_feature: Plugin 'coreelements' feature 'valve' typename : 'GstElementFactory'
0:00:00.016203573  2477 0x21c3320 TRACE   GST_REFCOUNTING gstobject.c:265:gst_object_unref: 0x21ea1c0 unref 2->1
0:00:00.021266282  2476 0x85a370 TRACE   GST_REFCOUNTING gstobject.c:208:gst_object_init: 0x8747f0 new
0:00:00.016211224  2477 0x21c3320 TRACE   GST_REFCOUNTING gstobject.c:265:gst_object_unref: 0x21e4430 unref 2->1
0:00:00.021276426  2476 0x85a370 LOG   GST_REGISTRY gstregistrychunks.c:611:gst_registry_chunks_load_feature: Reading/casting for GstRegistryChunkElementFactory at address 0x875e88
0:00:00.016221736  2477 0x21c3320 TRACE   GST_REFCOUNTING gstobject.c:265:gst_object_unref: 0x21ecc80 unref 2->1
0:00:00.021284966  2476 0x85a370 TRACE   structure gststructure.c:292:gst_structure_new_id_empty_with_size: created structure 0x8779c0
0:00:00.016231370  2477 0x21c3320 TRACE   GST_REFCOUNTING gstobject.c:265:gst_object_unref: 0x21ed9d0 unref 2->1
0:00:00.021294788  2476 0x85a370 DEBUG   structure gststructure.c:2258:gst_structure_parse_field: trying field name 'long-name'
0:00:00.016240919  2477 0x21c3320 TRACE   GST_REFCOUNTING gstobject.c:265:gst_object_unref: 0x21ee6a0 unref 2->1
0:00:00.021302764  2476 0x85a370 DEBUG   default gstvalue.c:2776:_priv_gst_value_parse_value: trying type name 'string'
0:00:00.016250028  2477 0x21c3320 TRACE   GST_REFCOUNTING gstobject.c:265:gst_object_unref: 0x21efcd0 unref 2->1
0:00:00.021311496  2476 0x85a370 DEBUG   structure gststructure.c:2258:gst_structure_parse_field: trying field name 'klass'
0:00:00.016261541  2477 0x21c3320 TRACE   GST_REFCOUNTING gstobject.c:265:gst_object_unref: 0x21f0f40 unref 2->1
0:00:00.021324648  2476 0x85a370 DEBUG   default gstvalue.c:2776:_priv_gst_value_parse_value: trying type name 'string'
0:00:00.016272932  2477 0x21c3320 TRACE   GST_REFCOUNTING gstobject.c:265:gst_object_unref: 0x21f2050 unref 2->1
0:00:00.021331975  2476 0x85a370 DEBUG   structure gststructure.c:2258:gst_structure_parse_field: trying field name 'description'
0:00:00.016280362  2477 0x21c3320 TRACE   GST_REFCOUNTING gstobject.c:265:gst_object_unref: 0x21f3ad0 unref 2->1
0:00:00.021338218  2476 0x85a370 DEBUG   default gstvalue.c:2776:_priv_gst_value_parse_value: trying type name 'string'
0:00:00.016287767  2477 0x21c3320 TRACE   GST_REFCOUNTING gstobject.c:265:gst_object_unref: 0x21f5480 unref 2->1
0:00:00.021346358  2476 0x85a370 DEBUG   structure gststructure.c:2258:gst_structure_parse_field: trying field name 'author'
0:00:00.016295348  2477 0x21c3320 TRACE   GST_REFCOUNTING gstobject.c:265:gst_object_unref: 0x21f6580 unref 2->1
0:00:00.021352507  2476 0x85a370 DEBUG   default gstvalue.c:2776:_priv_gst_value_parse_value: trying type name 'string'
0:00:00.016302990  2477 0x21c3320 TRACE   GST_REFCOUNTING gstobject.c:265:gst_object_unref: 0x21f7790 unref 2->1
0:00:00.021364458  2476 0x85a370 DEBUG   GST_REGISTRY gstregistrychunks.c:627:gst_registry_chunks_load_feature: Element factory : npadtemplates=2
0:00:00.016310434  2477 0x21c3320 TRACE   GST_REFCOUNTING gstobject.c:265:gst_object_unref: 0x21f8560 unref 2->1
0:00:00.021372701  2476 0x85a370 DEBUG   GST_REGISTRY gstregistrychunks.c:527:gst_registry_chunks_load_pad_template: Reading/casting for GstRegistryChunkPadTemplate at address 0x875f78
0:00:00.016319796  2477 0x21c3320 TRACE   GST_REFCOUNTING gstobject.c:265:gst_object_unref: 0x21f9d10 unref 2->1
0:00:00.021380673  2476 0x85a370 DEBUG   GST_REGISTRY gstregistrychunks.c:540:gst_registry_chunks_load_pad_template: Added pad_template sink
0:00:00.016330919  2477 0x21c3320 TRACE   GST_REFCOUNTING gstobject.c:265:gst_object_unref: 0x21fac00 unref 2->1
0:00:00.021387897  2476 0x85a370 DEBUG   GST_REGISTRY gstregistrychunks.c:527:gst_registry_chunks_load_pad_template: Reading/casting for GstRegistryChunkPadTemplate at address 0x875f90
0:00:00.021397665  2476 0x85a370 DEBUG   GST_REGISTRY gstregistrychunks.c:540:gst_registry_chunks_load_pad_template: Added pad_template src
0:00:00.016342496  2477 0x21c3320 DEBUG   GST_REGISTRY gstregistrychunks.c:499:_priv_gst_registry_chunks_save_plugin: Found 22 features in plugin 0x21df7d0 (coreelements)
0:00:00.021406312  2476 0x85a370 DEBUG   GST_REGISTRY gstregistry.c:590:gst_registry_add_feature: adding feature 0x8747f0 (valve)
0:00:00.016356315  2477 0x21c3320 DEBUG   GST_POLL gstpoll.c:980:gst_poll_fd_ctl_write: 0x21cb9c0: fd (fd:0, idx:1), active : 1
0:00:00.021413470  2476 0x85a370 DEBUG   GST_REFCOUNTING gstobject.c:709:gst_object_set_parent: set parent (ref and sink)
