0:00:00.006215003  2466 0xa3e370 LOG   GST_REGISTRY gstregistry.c:1299:gst_registry_scan_path_level: file /home/conan/w/prod/BuildSingleReference/.conan/data/gstreamer/1.18.3/_/_/package/0387548ec0d21c08cb6b492d670dcb344087cb15/lib/gstreamer-1.0/libgstcoretracers.so looks like a possible module
0:00:00.006222387  2466 0xa3e370 DEBUG   GST_REGISTRY gstregistry.c:1360:gst_registry_scan_path_level: file /home/conan/w/prod/BuildSingleReference/.conan/data/gstreamer/1.18.3/_/_/package/0387548ec0d21c08cb6b492d670dcb344087cb15/lib/gstreamer-1.0/libgstcoretracers.so not yet in registry
0:00:00.006228963  2466 0xa3e370 DEBUG   GST_REGISTRY gstregistry.c:1172:gst_registry_scan_plugin_file: Using scan-helper to load plugin /home/conan/w/prod/BuildSingleReference/.conan/data/gstreamer/1.18.3/_/_/package/0387548ec0d21c08cb6b492d670dcb344087cb15/lib/gstreamer-1.0/libgstcoretracers.so
0:00:00.002114020  2467 0x2348320 TRACE   GST_REFCOUNTING gstobject.c:208:gst_object_init: 0x2361e90 new
0:00:00.006235853  2466 0xa3e370 LOG   GST_PLUGIN_LOADING gstpluginloader.c:235:plugin_loader_load: Sending file /home/conan/w/prod/BuildSingleReference/.conan/data/gstreamer/1.18.3/_/_/package/0387548ec0d21c08cb6b492d670dcb344087cb15/lib/gstreamer-1.0/libgstcoretracers.so to child. tag 2
0:00:00.006244576  2466 0xa3e370 DEBUG   GST_POLL gstpoll.c:979:gst_poll_fd_ctl_write: 0xa57b20: fd (fd:7, idx:1), active : 1
0:00:00.006250413  2466 0xa3e370 LOG   GST_POLL gstpoll.c:994:gst_poll_fd_ctl_write: 0xa57b20: pfd->events now 60 (POLLOUT:4)
0:00:00.002136446  2467 0x2348320 LOG   GST_PLUGIN_LOADING gstplugin.c:889:_priv_gst_plugin_load_file_for_registry: Plugin 0x2361e90 for file "/home/conan/w/prod/BuildSingleReference/.conan/data/gstreamer/1.18.3/_/_/package/0387548ec0d21c08cb6b492d670dcb344087cb15/lib/gstreamer-1.0/libgstcoretracers.so" prepared, calling entry function...
0:00:00.006262154  2466 0xa3e370 DEBUG   GST_POLL gstpoll.c:1414:gst_poll_wait: 0xa57b20: timeout :0:00:01.000000000
0:00:00.002150262  2467 0x2348320 LOG   GST_PLUGIN_LOADING gstplugin.c:896:_priv_gst_plugin_load_file_for_registry: Plugin 0x2361e90 for file "/home/conan/w/prod/BuildSingleReference/.conan/data/gstreamer/1.18.3/_/_/package/0387548ec0d21c08cb6b492d670dcb344087cb15/lib/gstreamer-1.0/libgstcoretracers.so" prepared, registering...
0:00:00.006270156  2466 0xa3e370 LOG   GST_PLUGIN_LOADING gstpluginloader.c:1027:exchange_packets: Poll res = 1. 173 bytes pending for write
0:00:00.002158124  2467 0x2348320 LOG   GST_PLUGIN_LOADING gstplugin.c:514:gst_plugin_register_func: plugin "/home/conan/w/prod/BuildSingleReference/.conan/data/gstreamer/1.18.3/_/_/package/0387548ec0d21c08cb6b492d670dcb344087cb15/lib/gstreamer-1.0/libgstcoretracers.so" looks good
0:00:00.006277612  2466 0xa3e370 DEBUG   GST_POLL gstpoll.c:1241:gst_poll_fd_has_error: 0xa57b20: fd (fd:8, idx:2) 0
0:00:00.006285046  2466 0xa3e370 DEBUG   GST_POLL gstpoll.c:1266:gst_poll_fd_can_read_unlocked: 0xa57b20: fd (fd:8, idx:2) 0
0:00:00.006290452  2466 0xa3e370 DEBUG   GST_POLL gstpoll.c:1195:gst_poll_fd_has_closed: 0xa57b20: fd (fd:8, idx:2) 0
0:00:00.002176893  2467 0x2348320 TRACE   GST_REFCOUNTING gstobject.c:208:gst_object_init: 0x2362170 new
0:00:00.006295809  2466 0xa3e370 DEBUG   GST_POLL gstpoll.c:1241:gst_poll_fd_has_error: 0xa57b20: fd (fd:7, idx:1) 0
0:00:00.006303829  2466 0xa3e370 DEBUG   GST_POLL gstpoll.c:1335:gst_poll_fd_can_write: 0xa57b20: fd (fd:7, idx:1) 1
0:00:00.002186210  2467 0x2348320 DEBUG   GST_TRACER gsttracer.c:169:gst_tracer_register: new tracer factory for latency
0:00:00.006309248  2466 0xa3e370 LOG   GST_PLUGIN_LOADING gstpluginloader.c:690:write_one: Writing packet of size 173 bytes to fd 7
0:00:00.002195699  2467 0x2348320 DEBUG   GST_TRACER gsttracer.c:176:gst_tracer_register: tracer factory for 37091056:GstLatencyTracer
0:00:00.006316881  2466 0xa3e370 DEBUG   GST_POLL gstpoll.c:979:gst_poll_fd_ctl_write: 0xa57b20: fd (fd:7, idx:1), active : 0
0:00:00.002203870  2467 0x2348320 DEBUG   GST_REGISTRY gstregistry.c:589:gst_registry_add_feature: adding feature 0x2362170 (latency)
0:00:00.006322798  2466 0xa3e370 LOG   GST_POLL gstpoll.c:994:gst_poll_fd_ctl_write: 0xa57b20: pfd->events now 56 (POLLOUT:4)
0:00:00.002210316  2467 0x2348320 DEBUG   GST_REFCOUNTING gstobject.c:708:gst_object_set_parent: set parent (ref and sink)
0:00:00.002217220  2467 0x2348320 TRACE   GST_REFCOUNTING gstobject.c:292:gst_object_ref_sink: 0x2362170 ref_sink 1->2
0:00:00.006337472  2466 0xa3e370 LOG   GST_REGISTRY gstregistry.c:1299:gst_registry_scan_path_level: file /home/conan/w/prod/BuildSingleReference/.conan/data/gstreamer/1.18.3/_/_/package/0387548ec0d21c08cb6b492d670dcb344087cb15/lib/gstreamer-1.0/libgstcoreelements.so looks like a possible module
0:00:00.002223344  2467 0x2348320 LOG   GST_REGISTRY gstregistry.c:607:gst_registry_add_feature: emitting feature-added for latency
0:00:00.006348699  2466 0xa3e370 DEBUG   GST_REGISTRY gstregistry.c:1360:gst_registry_scan_path_level: file /home/conan/w/prod/BuildSingleReference/.conan/data/gstreamer/1.18.3/_/_/package/0387548ec0d21c08cb6b492d670dcb344087cb15/lib/gstreamer-1.0/libgstcoreelements.so not yet in registry
0:00:00.006355519  2466 0xa3e370 DEBUG   GST_REGISTRY gstregistry.c:1172:gst_registry_scan_plugin_file: Using scan-helper to load plugin /home/conan/w/prod/BuildSingleReference/.conan/data/gstreamer/1.18.3/_/_/package/0387548ec0d21c08cb6b492d670dcb344087cb15/lib/gstreamer-1.0/libgstcoreelements.so
0:00:00.002239861  2467 0x2348320 TRACE   GST_REFCOUNTING gstobject.c:208:gst_object_init: 0x2362660 new
0:00:00.006362341  2466 0xa3e370 LOG   GST_PLUGIN_LOADING gstpluginloader.c:235:plugin_loader_load: Sending file /home/conan/w/prod/BuildSingleReference/.conan/data/gstreamer/1.18.3/_/_/package/0387548ec0d21c08cb6b492d670dcb344087cb15/lib/gstreamer-1.0/libgstcoreelements.so to child. tag 3
0:00:00.002248104  2467 0x2348320 DEBUG   GST_TRACER gsttracer.c:169:gst_tracer_register: new tracer factory for log
0:00:00.006369350  2466 0xa3e370 DEBUG   GST_POLL gstpoll.c:979:gst_poll_fd_ctl_write: 0xa57b20: fd (fd:7, idx:1), active : 1
0:00:00.002255978  2467 0x2348320 DEBUG   GST_TRACER gsttracer.c:176:gst_tracer_register: tracer factory for 37102784:GstLogTracer
0:00:00.006375394  2466 0xa3e370 LOG   GST_POLL gstpoll.c:994:gst_poll_fd_ctl_write: 0xa57b20: pfd->events now 60 (POLLOUT:4)
0:00:00.002263411  2467 0x2348320 DEBUG   GST_REGISTRY gstregistry.c:589:gst_registry_add_feature: adding feature 0x2362660 (log)
0:00:00.006382642  2466 0xa3e370 DEBUG   GST_POLL gstpoll.c:1414:gst_poll_wait: 0xa57b20: timeout :0:00:01.000000000
0:00:00.002269460  2467 0x2348320 DEBUG   GST_REFCOUNTING gstobject.c:708:gst_object_set_parent: set parent (ref and sink)
0:00:00.006391283  2466 0xa3e370 LOG   GST_PLUGIN_LOADING gstpluginloader.c:1027:exchange_packets: Poll res = 1. 174 bytes pending for write
0:00:00.002276775  2467 0x2348320 TRACE   GST_REFCOUNTING gstobject.c:292:gst_object_ref_sink: 0x2362660 ref_sink 1->2
0:00:00.006397644  2466 0xa3e370 DEBUG   GST_POLL gstpoll.c:1241:gst_poll_fd_has_error: 0xa57b20: fd (fd:8, idx:2) 0
0:00:00.002283658  2467 0x2348320 LOG   GST_REGISTRY gstregistry.c:607:gst_registry_add_feature: emitting feature-added for log
0:00:00.006403608  2466 0xa3e370 DEBUG   GST_POLL gstpoll.c:1266:gst_poll_fd_can_read_unlocked: 0xa57b20: fd (fd:8, idx:2) 0
0:00:00.006409962  2466 0xa3e370 DEBUG   GST_POLL gstpoll.c:1195:gst_poll_fd_has_closed: 0xa57b20: fd (fd:8, idx:2) 0
0:00:00.002294225  2467 0x2348320 TRACE   GST_REFCOUNTING gstobject.c:208:gst_object_init: 0x2362870 new
0:00:00.006415514  2466 0xa3e370 DEBUG   GST_POLL gstpoll.c:1241:gst_poll_fd_has_error: 0xa57b20: fd (fd:7, idx:1) 0
0:00:00.002308264  2467 0x2348320 DEBUG   GST_TRACER gsttracer.c:169:gst_tracer_register: new tracer factory for rusage
0:00:00.006426875  2466 0xa3e370 DEBUG   GST_POLL gstpoll.c:1335:gst_poll_fd_can_write: 0xa57b20: fd (fd:7, idx:1) 1
0:00:00.006453850  2466 0xa3e370 LOG   GST_PLUGIN_LOADING gstpluginloader.c:690:write_one: Writing packet of size 174 bytes to fd 7
0:00:00.006461294  2466 0xa3e370 DEBUG   GST_POLL gstpoll.c:979:gst_poll_fd_ctl_write: 0xa57b20: fd (fd:7, idx:1), active : 0
0:00:00.002315949  2467 0x2348320 DEBUG   GST_TRACER gsttracer.c:176:gst_tracer_register: tracer factory for 37103392:GstRUsageTracer
0:00:00.006467103  2466 0xa3e370 LOG   GST_POLL gstpoll.c:994:gst_poll_fd_ctl_write: 0xa57b20: pfd->events now 56 (POLLOUT:4)
0:00:00.002354002  2467 0x2348320 DEBUG   GST_REGISTRY gstregistry.c:589:gst_registry_add_feature: adding feature 0x2362870 (rusage)
0:00:00.002360031  2467 0x2348320 DEBUG   GST_REFCOUNTING gstobject.c:708:gst_object_set_parent: set parent (ref and sink)
0:00:00.006478423  2466 0xa3e370 DEBUG   GST_REGISTRY gstregistry.c:1383:gst_registry_scan_path_internal: registry changed in path /home/conan/w/prod/BuildSingleReference/.conan/data/gstreamer/1.18.3/_/_/package/0387548ec0d21c08cb6b492d670dcb344087cb15/lib/gstreamer-1.0: 0
0:00:00.002367240  2467 0x2348320 TRACE   GST_REFCOUNTING gstobject.c:292:gst_object_ref_sink: 0x2362870 ref_sink 1->2
0:00:00.006491047  2466 0xa3e370 DEBUG   GST_POLL gstpoll.c:979:gst_poll_fd_ctl_write: 0xa57b20: fd (fd:7, idx:1), active : 1
0:00:00.002374141  2467 0x2348320 LOG   GST_REGISTRY gstregistry.c:607:gst_registry_add_feature: emitting feature-added for rusage
0:00:00.006497561  2466 0xa3e370 LOG   GST_POLL gstpoll.c:994:gst_poll_fd_ctl_write: 0xa57b20: pfd->events now 60 (POLLOUT:4)
0:00:00.006504572  2466 0xa3e370 DEBUG   GST_POLL gstpoll.c:1414:gst_poll_wait: 0xa57b20: timeout :0:00:01.000000000
0:00:00.002386883  2467 0x2348320 TRACE   GST_REFCOUNTING gstobject.c:208:gst_object_init: 0x2362b40 new
0:00:00.006512304  2466 0xa3e370 LOG   GST_PLUGIN_LOADING gstpluginloader.c:1027:exchange_packets: Poll res = 1. 12 bytes pending for write
0:00:00.002396930  2467 0x2348320 DEBUG   GST_TRACER gsttracer.c:169:gst_tracer_register: new tracer factory for stats
0:00:00.006519031  2466 0xa3e370 DEBUG   GST_POLL gstpoll.c:1241:gst_poll_fd_has_error: 0xa57b20: fd (fd:8, idx:2) 0
0:00:00.002404566  2467 0x2348320 DEBUG   GST_TRACER gsttracer.c:176:gst_tracer_register: tracer factory for 37104000:GstStatsTracer
0:00:00.006525184  2466 0xa3e370 DEBUG   GST_POLL gstpoll.c:1266:gst_poll_fd_can_read_unlocked: 0xa57b20: fd (fd:8, idx:2) 0
0:00:00.002412262  2467 0x2348320 DEBUG   GST_REGISTRY gstregistry.c:589:gst_registry_add_feature: adding feature 0x2362b40 (stats)
0:00:00.006531220  2466 0xa3e370 DEBUG   GST_POLL gstpoll.c:1195:gst_poll_fd_has_closed: 0xa57b20: fd (fd:8, idx:2) 0
0:00:00.002423312  2467 0x2348320 DEBUG   GST_REFCOUNTING gstobject.c:708:gst_object_set_parent: set parent (ref and sink)
0:00:00.006543312  2466 0xa3e370 DEBUG   GST_POLL gstpoll.c:1241:gst_poll_fd_has_error: 0xa57b20: fd (fd:7, idx:1) 0
0:00:00.002431157  2467 0x2348320 TRACE   GST_REFCOUNTING gstobject.c:292:gst_object_ref_sink: 0x2362b40 ref_sink 1->2
0:00:00.006550307  2466 0xa3e370 DEBUG   GST_POLL gstpoll.c:1335:gst_poll_fd_can_write: 0xa57b20: fd (fd:7, idx:1) 1
0:00:00.002437970  2467 0x2348320 LOG   GST_REGISTRY gstregistry.c:607:gst_registry_add_feature: emitting feature-added for stats
0:00:00.006557584  2466 0xa3e370 LOG   GST_PLUGIN_LOADING gstpluginloader.c:690:write_one: Writing packet of size 12 bytes to fd 7
0:00:00.006565961  2466 0xa3e370 DEBUG   GST_POLL gstpoll.c:979:gst_poll_fd_ctl_write: 0xa57b20: fd (fd:7, idx:1), active : 0
0:00:00.002448748  2467 0x2348320 TRACE   GST_REFCOUNTING gstobject.c:208:gst_object_init: 0x2362d90 new
0:00:00.006571601  2466 0xa3e370 LOG   GST_POLL gstpoll.c:994:gst_poll_fd_ctl_write: 0xa57b20: pfd->events now 56 (POLLOUT:4)
0:00:00.002461305  2467 0x2348320 DEBUG   GST_TRACER gsttracer.c:169:gst_tracer_register: new tracer factory for leaks
0:00:00.006580245  2466 0xa3e370 DEBUG   GST_POLL gstpoll.c:1414:gst_poll_wait: 0xa57b20: timeout :0:00:01.000000000
0:00:00.002468982  2467 0x2348320 DEBUG   GST_TRACER gsttracer.c:176:gst_tracer_register: tracer factory for 37104672:GstLeaksTracer
0:00:00.002476222  2467 0x2348320 DEBUG   GST_REGISTRY gstregistry.c:589:gst_registry_add_feature: adding feature 0x2362d90 (leaks)
0:00:00.002481766  2467 0x2348320 DEBUG   GST_REFCOUNTING gstobject.c:708:gst_object_set_parent: set parent (ref and sink)
0:00:00.002488250  2467 0x2348320 TRACE   GST_REFCOUNTING gstobject.c:292:gst_object_ref_sink: 0x2362d90 ref_sink 1->2
0:00:00.002495171  2467 0x2348320 LOG   GST_REGISTRY gstregistry.c:607:gst_registry_add_feature: emitting feature-added for leaks
0:00:00.002502000  2467 0x2348320 LOG   GST_PLUGIN_LOADING gstplugin.c:541:gst_plugin_register_func: plugin "/home/conan/w/prod/BuildSingleReference/.conan/data/gstreamer/1.18.3/_/_/package/0387548ec0d21c08cb6b492d670dcb344087cb15/lib/gstreamer-1.0/libgstcoretracers.so" initialised
0:00:00.002510605  2467 0x2348320 INFO   GST_PLUGIN_LOADING gstplugin.c:915:_priv_gst_plugin_load_file_for_registry: plugin "/home/conan/w/prod/BuildSingleReference/.conan/data/gstreamer/1.18.3/_/_/package/0387548ec0d21c08cb6b492d670dcb344087cb15/lib/gstreamer-1.0/libgstcoretracers.so" loaded
0:00:00.002517929  2467 0x2348320 TRACE   GST_REFCOUNTING gstobject.c:237:gst_object_ref: 0x2361e90 ref 1->2
0:00:00.002525991  2467 0x2348320 DEBUG   GST_REGISTRY gstregistry.c:473:gst_registry_add_plugin: adding plugin 0x2361e90 for filename "/home/conan/w/prod/BuildSingleReference/.conan/data/gstreamer/1.18.3/_/_/package/0387548ec0d21c08cb6b492d670dcb344087cb15/lib/gstreamer-1.0/libgstcoretracers.so"
0:00:00.002538576  2467 0x2348320 TRACE   GST_REFCOUNTING gstobject.c:292:gst_object_ref_sink: 0x2361e90 ref_sink 2->3
0:00:00.002570559  2467 0x2348320 LOG   GST_REGISTRY gstregistry.c:486:gst_registry_add_plugin: emitting plugin-added for filename "/home/conan/w/prod/BuildSingleReference/.conan/data/gstreamer/1.18.3/_/_/package/0387548ec0d21c08cb6b492d670dcb344087cb15/lib/gstreamer-1.0/libgstcoretracers.so"
0:00:00.002578848  2467 0x2348320 TRACE   GST_REFCOUNTING gstobject.c:237:gst_object_ref: 0x2362d90 ref 1->2
0:00:00.002585881  2467 0x2348320 TRACE   GST_REFCOUNTING gstobject.c:237:gst_object_ref: 0x2362b40 ref 1->2
0:00:00.002592808  2467 0x2348320 TRACE   GST_REFCOUNTING gstobject.c:237:gst_object_ref: 0x2362870 ref 1->2
0:00:00.002599694  2467 0x2348320 TRACE   GST_REFCOUNTING gstobject.c:237:gst_object_ref: 0x2362660 ref 1->2
0:00:00.002606758  2467 0x2348320 TRACE   GST_REFCOUNTING gstobject.c:237:gst_object_ref: 0x2362170 ref 1->2
0:00:00.002620092  2467 0x2348320 TRACE   GST_REFCOUNTING gstobject.c:264:gst_object_unref: 0x2362170 unref 2->1
0:00:00.002628320  2467 0x2348320 TRACE   GST_REFCOUNTING gstobject.c:264:gst_object_unref: 0x2362660 unref 2->1
0:00:00.002634998  2467 0x2348320 TRACE   GST_REFCOUNTING gstobject.c:264:gst_object_unref: 0x2362870 unref 2->1
0:00:00.002641514  2467 0x2348320 TRACE   GST_REFCOUNTING gstobject.c:264:gst_object_unref: 0x2362b40 unref 2->1
0:00:00.002647879  2467 0x2348320 TRACE   GST_REFCOUNTING gstobject.c:264:gst_object_unref: 0x2362d90 unref 2->1
0:00:00.002657025  2467 0x2348320 DEBUG   GST_REGISTRY gstregistrychunks.c:497:_priv_gst_registry_chunks_save_plugin: Found 5 features in plugin 0x2361e90 (coretracers)
0:00:00.002664539  2467 0x2348320 DEBUG   GST_POLL gstpoll.c:979:gst_poll_fd_ctl_write: 0x2350820: fd (fd:0, idx:1), active : 1
0:00:00.002671076  2467 0x2348320 LOG   GST_POLL gstpoll.c:994:gst_poll_fd_ctl_write: 0x2350820: pfd->events now 60 (POLLOUT:4)
0:00:00.002677830  2467 0x2348320 DEBUG   GST_POLL gstpoll.c:979:gst_poll_fd_ctl_write: 0x2350820: fd (fd:0, idx:1), active : 1
0:00:00.002683923  2467 0x2348320 LOG   GST_POLL gstpoll.c:994:gst_poll_fd_ctl_write: 0x2350820: pfd->events now 60 (POLLOUT:4)
0:00:00.002690865  2467 0x2348320 DEBUG   GST_POLL gstpoll.c:979:gst_poll_fd_ctl_write: 0x2350820: fd (fd:0, idx:1), active : 1
0:00:00.002696827  2467 0x2348320 LOG   GST_POLL gstpoll.c:994:gst_poll_fd_ctl_write: 0x2350820: pfd->events now 60 (POLLOUT:4)
0:00:00.002703019  2467 0x2348320 DEBUG   GST_POLL gstpoll.c:979:gst_poll_fd_ctl_write: 0x2350820: fd (fd:0, idx:1), active : 1
0:00:00.002708910  2467 0x2348320 LOG   GST_POLL gstpoll.c:994:gst_poll_fd_ctl_write: 0x2350820: pfd->events now 60 (POLLOUT:4)
0:00:00.002714999  2467 0x2348320 DEBUG   GST_POLL gstpoll.c:979:gst_poll_fd_ctl_write: 0x2350820: fd (fd:0, idx:1), active : 1
0:00:00.002725370  2467 0x2348320 LOG   GST_POLL gstpoll.c:994:gst_poll_fd_ctl_write: 0x2350820: pfd->events now 60 (POLLOUT:4)
0:00:00.002731610  2467 0x2348320 DEBUG   GST_POLL gstpoll.c:979:gst_poll_fd_ctl_write: 0x2350820: fd (fd:0, idx:1), active : 1
0:00:00.002737468  2467 0x2348320 LOG   GST_POLL gstpoll.c:994:gst_poll_fd_ctl_write: 0x2350820: pfd->events now 60 (POLLOUT:4)
0:00:00.002743342  2467 0x2348320 DEBUG   GST_POLL gstpoll.c:979:gst_poll_fd_ctl_write: 0x2350820: fd (fd:0, idx:1), active : 1
0:00:00.002749118  2467 0x2348320 LOG   GST_POLL gstpoll.c:994:gst_poll_fd_ctl_write: 0x2350820: pfd->events now 60 (POLLOUT:4)
0:00:00.002755025  2467 0x2348320 DEBUG   GST_POLL gstpoll.c:979:gst_poll_fd_ctl_write: 0x2350820: fd (fd:0, idx:1), active : 1
0:00:00.002760849  2467 0x2348320 LOG   GST_POLL gstpoll.c:994:gst_poll_fd_ctl_write: 0x2350820: pfd->events now 60 (POLLOUT:4)
0:00:00.002766744  2467 0x2348320 DEBUG   GST_POLL gstpoll.c:979:gst_poll_fd_ctl_write: 0x2350820: fd (fd:0, idx:1), active : 1
0:00:00.002772755  2467 0x2348320 LOG   GST_POLL gstpoll.c:994:gst_poll_fd_ctl_write: 0x2350820: pfd->events now 60 (POLLOUT:4)
0:00:00.002778870  2467 0x2348320 DEBUG   GST_POLL gstpoll.c:979:gst_poll_fd_ctl_write: 0x2350820: fd (fd:0, idx:1), active : 1
0:00:00.002784776  2467 0x2348320 LOG   GST_POLL gstpoll.c:994:gst_poll_fd_ctl_write: 0x2350820: pfd->events now 60 (POLLOUT:4)
0:00:00.002790774  2467 0x2348320 DEBUG   GST_POLL gstpoll.c:979:gst_poll_fd_ctl_write: 0x2350820: fd (fd:0, idx:1), active : 1
0:00:00.002796588  2467 0x2348320 LOG   GST_POLL gstpoll.c:994:gst_poll_fd_ctl_write: 0x2350820: pfd->events now 60 (POLLOUT:4)
0:00:00.002802752  2467 0x2348320 DEBUG   GST_POLL gstpoll.c:979:gst_poll_fd_ctl_write: 0x2350820: fd (fd:0, idx:1), active : 1
0:00:00.002808560  2467 0x2348320 LOG   GST_POLL gstpoll.c:994:gst_poll_fd_ctl_write: 0x2350820: pfd->events now 60 (POLLOUT:4)
0:00:00.002814667  2467 0x2348320 DEBUG   GST_POLL gstpoll.c:979:gst_poll_fd_ctl_write: 0x2350820: fd (fd:0, idx:1), active : 1
0:00:00.002820406  2467 0x2348320 LOG   GST_POLL gstpoll.c:994:gst_poll_fd_ctl_write: 0x2350820: pfd->events now 60 (POLLOUT:4)
0:00:00.002828713  2467 0x2348320 DEBUG   GST_POLL gstpoll.c:979:gst_poll_fd_ctl_write: 0x2350820: fd (fd:0, idx:1), active : 1
0:00:00.002835151  2467 0x2348320 LOG   GST_POLL gstpoll.c:994:gst_poll_fd_ctl_write: 0x2350820: pfd->events now 60 (POLLOUT:4)
0:00:00.002841062  2467 0x2348320 DEBUG   GST_POLL gstpoll.c:979:gst_poll_fd_ctl_write: 0x2350820: fd (fd:0, idx:1), active : 1
0:00:00.002846787  2467 0x2348320 LOG   GST_POLL gstpoll.c:994:gst_poll_fd_ctl_write: 0x2350820: pfd->events now 60 (POLLOUT:4)
0:00:00.002852759  2467 0x2348320 DEBUG   GST_POLL gstpoll.c:979:gst_poll_fd_ctl_write: 0x2350820: fd (fd:0, idx:1), active : 1
0:00:00.002858527  2467 0x2348320 LOG   GST_POLL gstpoll.c:994:gst_poll_fd_ctl_write: 0x2350820: pfd->events now 60 (POLLOUT:4)
0:00:00.002868959  2467 0x2348320 DEBUG   GST_POLL gstpoll.c:979:gst_poll_fd_ctl_write: 0x2350820: fd (fd:0, idx:1), active : 1
0:00:00.002874823  2467 0x2348320 LOG   GST_POLL gstpoll.c:994:gst_poll_fd_ctl_write: 0x2350820: pfd->events now 60 (POLLOUT:4)
0:00:00.002880887  2467 0x2348320 DEBUG   GST_POLL gstpoll.c:979:gst_poll_fd_ctl_write: 0x2350820: fd (fd:0, idx:1), active : 1
0:00:00.002886630  2467 0x2348320 LOG   GST_POLL gstpoll.c:994:gst_poll_fd_ctl_write: 0x2350820: pfd->events now 60 (POLLOUT:4)
0:00:00.002892480  2467 0x2348320 DEBUG   GST_POLL gstpoll.c:979:gst_poll_fd_ctl_write: 0x2350820: fd (fd:0, idx:1), active : 1
0:00:00.002898030  2467 0x2348320 LOG   GST_POLL gstpoll.c:994:gst_poll_fd_ctl_write: 0x2350820: pfd->events now 60 (POLLOUT:4)
0:00:00.002903866  2467 0x2348320 DEBUG   GST_POLL gstpoll.c:979:gst_poll_fd_ctl_write: 0x2350820: fd (fd:0, idx:1), active : 1
0:00:00.002909415  2467 0x2348320 LOG   GST_POLL gstpoll.c:994:gst_poll_fd_ctl_write: 0x2350820: pfd->events now 60 (POLLOUT:4)
0:00:00.002915265  2467 0x2348320 DEBUG   GST_POLL gstpoll.c:979:gst_poll_fd_ctl_write: 0x2350820: fd (fd:0, idx:1), active : 1
0:00:00.002920761  2467 0x2348320 LOG   GST_POLL gstpoll.c:994:gst_poll_fd_ctl_write: 0x2350820: pfd->events now 60 (POLLOUT:4)
0:00:00.002926640  2467 0x2348320 DEBUG   GST_POLL gstpoll.c:979:gst_poll_fd_ctl_write: 0x2350820: fd (fd:0, idx:1), active : 1
0:00:00.002932123  2467 0x2348320 LOG   GST_POLL gstpoll.c:994:gst_poll_fd_ctl_write: 0x2350820: pfd->events now 60 (POLLOUT:4)
0:00:00.002937930  2467 0x2348320 DEBUG   GST_POLL gstpoll.c:979:gst_poll_fd_ctl_write: 0x2350820: fd (fd:0, idx:1), active : 1
0:00:00.002943462  2467 0x2348320 LOG   GST_POLL gstpoll.c:994:gst_poll_fd_ctl_write: 0x2350820: pfd->events now 60 (POLLOUT:4)
0:00:00.002949261  2467 0x2348320 DEBUG   GST_POLL gstpoll.c:979:gst_poll_fd_ctl_write: 0x2350820: fd (fd:0, idx:1), active : 1
0:00:00.002954746  2467 0x2348320 LOG   GST_POLL gstpoll.c:994:gst_poll_fd_ctl_write: 0x2350820: pfd->events now 60 (POLLOUT:4)
0:00:00.002960604  2467 0x2348320 DEBUG   GST_POLL gstpoll.c:979:gst_poll_fd_ctl_write: 0x2350820: fd (fd:0, idx:1), active : 1
0:00:00.002966077  2467 0x2348320 LOG   GST_POLL gstpoll.c:994:gst_poll_fd_ctl_write: 0x2350820: pfd->events now 60 (POLLOUT:4)
0:00:00.002971872  2467 0x2348320 DEBUG   GST_POLL gstpoll.c:979:gst_poll_fd_ctl_write: 0x2350820: fd (fd:0, idx:1), active : 1
0:00:00.002977339  2467 0x2348320 LOG   GST_POLL gstpoll.c:994:gst_poll_fd_ctl_write: 0x2350820: pfd->events now 60 (POLLOUT:4)
0:00:00.002983158  2467 0x2348320 DEBUG   GST_POLL gstpoll.c:979:gst_poll_fd_ctl_write: 0x2350820: fd (fd:0, idx:1), active : 1
0:00:00.002988582  2467 0x2348320 LOG   GST_POLL gstpoll.c:994:gst_poll_fd_ctl_write: 0x2350820: pfd->events now 60 (POLLOUT:4)
0:00:00.002994982  2467 0x2348320 TRACE   GST_REFCOUNTING gstobject.c:264:gst_object_unref: 0x2361e90 unref 2->1
0:00:00.003006368  2467 0x2348320 DEBUG   GST_POLL gstpoll.c:1241:gst_poll_fd_has_error: 0x2350820: fd (fd:0, idx:1) 0
0:00:00.003013559  2467 0x2348320 DEBUG   GST_POLL gstpoll.c:1335:gst_poll_fd_can_write: 0x2350820: fd (fd:0, idx:1) 0
0:00:00.003019825  2467 0x2348320 DEBUG   GST_POLL gstpoll.c:1195:gst_poll_fd_has_closed: 0x2350820: fd (fd:0, idx:1) 0
0:00:00.003026798  2467 0x2348320 DEBUG   GST_POLL gstpoll.c:1414:gst_poll_wait: 0x2350820: timeout :0:00:01.000000000
0:00:00.003036444  2467 0x2348320 LOG   GST_PLUGIN_LOADING gstpluginloader.c:1027:exchange_packets: Poll res = 2. 488 bytes pending for write
0:00:00.003043399  2467 0x2348320 DEBUG   GST_POLL gstpoll.c:1241:gst_poll_fd_has_error: 0x2350820: fd (fd:5, idx:2) 0
0:00:00.003049515  2467 0x2348320 DEBUG   GST_POLL gstpoll.c:1266:gst_poll_fd_can_read_unlocked: 0x2350820: fd (fd:5, idx:2) 1
0:00:00.003059449  2467 0x2348320 DEBUG   GST_PLUGIN_LOADING gstpluginloader.c:722:do_plugin_load: Plugin scanner loading file /home/conan/w/prod/BuildSingleReference/.conan/data/gstreamer/1.18.3/_/_/package/0387548ec0d21c08cb6b492d670dcb344087cb15/lib/gstreamer-1.0/libgstcoreelements.so. tag 1
0:00:00.003067724  2467 0x2348320 DEBUG   GST_PLUGIN_LOADING gstplugin.c:767:_priv_gst_plugin_load_file_for_registry: attempt to load plugin "/home/conan/w/prod/BuildSingleReference/.conan/data/gstreamer/1.18.3/_/_/package/0387548ec0d21c08cb6b492d670dcb344087cb15/lib/gstreamer-1.0/libgstcoreelements.so"
0:00:00.003479269  2467 0x2348320 TRACE   GST_REFCOUNTING gstobject.c:208:gst_object_init: 0x2364140 new
0:00:00.003502049  2467 0x2348320 LOG   GST_PLUGIN_LOADING gstplugin.c:889:_priv_gst_plugin_load_file_for_registry: Plugin 0x2364140 for file "/home/conan/w/prod/BuildSingleReference/.conan/data/gstreamer/1.18.3/_/_/package/0387548ec0d21c08cb6b492d670dcb344087cb15/lib/gstreamer-1.0/libgstcoreelements.so" prepared, calling entry function...
0:00:00.003512743  2467 0x2348320 LOG   GST_PLUGIN_LOADING gstplugin.c:896:_priv_gst_plugin_load_file_for_registry: Plugin 0x2364140 for file "/home/conan/w/prod/BuildSingleReference/.conan/data/gstreamer/1.18.3/_/_/package/0387548ec0d21c08cb6b492d670dcb344087cb15/lib/gstreamer-1.0/libgstcoreelements.so" prepared, registering...
0:00:00.003520523  2467 0x2348320 LOG   GST_PLUGIN_LOADING gstplugin.c:514:gst_plugin_register_func: plugin "/home/conan/w/prod/BuildSingleReference/.conan/data/gstreamer/1.18.3/_/_/package/0387548ec0d21c08cb6b492d670dcb344087cb15/lib/gstreamer-1.0/libgstcoreelements.so" looks good
0:00:00.003561229  2467 0x2348320 TRACE   GST_REFCOUNTING gstobject.c:208:gst_object_init: 0x2364590 new
0:00:00.003572960  2467 0x2348320 LOG   GST_ELEMENT_FACTORY gstelementfactory.c:237:gst_element_register: Created new elementfactory for type GstCapsFilter
0:00:00.003581615  2467 0x2348320 TRACE   structure gststructure.c:287:gst_structure_new_id_empty_with_size: created structure 0x2364c40
0:00:00.003588159  2467 0x2348320 TRACE   GST_PERFORMANCE gststructure.c:508:gst_structure_copy: doing copy 0x234e9d0 -> 0x2364c40
0:00:00.003595715  2467 0x2348320 DEBUG   GST_ELEMENT_PADS gstelement.c:311:gst_element_base_class_init: type GstBaseTransform : factory (nil)
0:00:00.003610210  2467 0x2348320 DEBUG   basetransform gstbasetransform.c:333:gst_base_transform_class_init: gst_base_transform_class_init
0:00:00.003628155  2467 0x2348320 TRACE   structure gststructure.c:287:gst_structure_new_id_empty_with_size: created structure 0x23650b0
0:00:00.003634870  2467 0x2348320 TRACE   GST_PERFORMANCE gststructure.c:508:gst_structure_copy: doing copy 0x2364c40 -> 0x23650b0
0:00:00.003641748  2467 0x2348320 DEBUG   GST_ELEMENT_PADS gstelement.c:311:gst_element_base_class_init: type GstCapsFilter : factory 0x2364590
0:00:00.003657784  2467 0x2348320 TRACE   GST_CAPS gstcaps.c:263:gst_caps_new_empty: created caps 0x2357990
0:00:00.003664906  2467 0x2348320 TRACE   GST_CAPS gstcaps.c:442:gst_static_caps_get: created 0x7fac526b8ef0 from string ANY
0:00:00.003671506  2467 0x2348320 TRACE   GST_REFCOUNTING gstminiobject.c:465:gst_mini_object_ref: 0x2357990 ref 1->2
0:00:00.003691384  2467 0x2348320 TRACE   GST_REFCOUNTING gstobject.c:208:gst_object_init: 0x2365a40 new
0:00:00.003703246  2467 0x2348320 TRACE   GST_REFCOUNTING gstminiobject.c:465:gst_mini_object_ref: 0x2357990 ref 2->3
0:00:00.003713897  2467 0x2348320 TRACE   GST_REFCOUNTING gstminiobject.c:647:gst_mini_object_unref: 0x2357990 unref 3->2
0:00:00.003722075  2467 0x2348320 TRACE   GST_REFCOUNTING gstobject.c:292:gst_object_ref_sink: 0x2365a40 ref_sink 1->2
0:00:00.003728749  2467 0x2348320 TRACE   GST_CAPS gstcaps.c:263:gst_caps_new_empty: created caps 0x2365480
0:00:00.003735092  2467 0x2348320 TRACE   GST_CAPS gstcaps.c:442:gst_static_caps_get: created 0x7fac526b8f30 from string ANY
0:00:00.003741857  2467 0x2348320 TRACE   GST_REFCOUNTING gstminiobject.c:465:gst_mini_object_ref: 0x2365480 ref 1->2
0:00:00.003749711  2467 0x2348320 TRACE   GST_REFCOUNTING gstobject.c:208:gst_object_init: 0x2365c80 new
0:00:00.003757929  2467 0x2348320 TRACE   GST_REFCOUNTING gstminiobject.c:465:gst_mini_object_ref: 0x2365480 ref 2->3
0:00:00.003765627  2467 0x2348320 TRACE   GST_REFCOUNTING gstminiobject.c:647:gst_mini_object_unref: 0x2365480 unref 3->2
0:00:00.003772781  2467 0x2348320 TRACE   GST_REFCOUNTING gstobject.c:292:gst_object_ref_sink: 0x2365c80 ref_sink 1->2
0:00:00.003784408  2467 0x2348320 TRACE   structure gststructure.c:287:gst_structure_new_id_empty_with_size: created structure 0x2365ee0
0:00:00.003791500  2467 0x2348320 TRACE   GST_PERFORMANCE gststructure.c:508:gst_structure_copy: doing copy 0x23650b0 -> 0x2365ee0
0:00:00.003800950  2467 0x2348320 DEBUG   GST_REGISTRY gstregistry.c:589:gst_registry_add_feature: adding feature 0x2364590 (capsfilter)
0:00:00.003808509  2467 0x2348320 DEBUG   GST_REFCOUNTING gstobject.c:708:gst_object_set_parent: set parent (ref and sink)
0:00:00.003815792  2467 0x2348320 TRACE   GST_REFCOUNTING gstobject.c:292:gst_object_ref_sink: 0x2364590 ref_sink 1->2
0:00:00.003823192  2467 0x2348320 LOG   GST_REGISTRY gstregistry.c:607:gst_registry_add_feature: emitting feature-added for capsfilter
0:00:00.003841099  2467 0x2348320 TRACE   GST_REFCOUNTING gstobject.c:208:gst_object_init: 0x2366280 new
0:00:00.003850177  2467 0x2348320 LOG   GST_ELEMENT_FACTORY gstelementfactory.c:237:gst_element_register: Created new elementfactory for type GstClockSync
0:00:00.003857731  2467 0x2348320 TRACE   structure gststructure.c:287:gst_structure_new_id_empty_with_size: created structure 0x23666b0
0:00:00.003863884  2467 0x2348320 TRACE   GST_PERFORMANCE gststructure.c:508:gst_structure_copy: doing copy 0x234e9d0 -> 0x23666b0
0:00:00.003870614  2467 0x2348320 DEBUG   GST_ELEMENT_PADS gstelement.c:311:gst_element_base_class_init: type GstClockSync : factory 0x2366280
0:00:00.003881126  2467 0x2348320 TRACE   GST_CAPS gstcaps.c:263:gst_caps_new_empty: created caps 0x2366870
0:00:00.003887619  2467 0x2348320 TRACE   GST_CAPS gstcaps.c:442:gst_static_caps_get: created 0x7fac526b8f70 from string ANY
0:00:00.003893951  2467 0x2348320 TRACE   GST_REFCOUNTING gstminiobject.c:465:gst_mini_object_ref: 0x2366870 ref 1->2
0:00:00.003901889  2467 0x2348320 TRACE   GST_REFCOUNTING gstobject.c:208:gst_object_init: 0x23668f0 new
0:00:00.003909476  2467 0x2348320 TRACE   GST_REFCOUNTING gstminiobject.c:465:gst_mini_object_ref: 0x2366870 ref 2->3
0:00:00.003917374  2467 0x2348320 TRACE   GST_REFCOUNTING gstminiobject.c:647:gst_mini_object_unref: 0x2366870 unref 3->2
0:00:00.003924309  2467 0x2348320 TRACE   GST_REFCOUNTING gstobject.c:292:gst_object_ref_sink: 0x23668f0 ref_sink 1->2
0:00:00.003930803  2467 0x2348320 TRACE   GST_CAPS gstcaps.c:263:gst_caps_new_empty: created caps 0x2366170
0:00:00.003937069  2467 0x2348320 TRACE   GST_CAPS gstcaps.c:442:gst_static_caps_get: created 0x7fac526b8fb0 from string ANY
0:00:00.003943178  2467 0x2348320 TRACE   GST_REFCOUNTING gstminiobject.c:465:gst_mini_object_ref: 0x2366170 ref 1->2
0:00:00.003950578  2467 0x2348320 TRACE   GST_REFCOUNTING gstobject.c:208:gst_object_init: 0x2366bf0 new
0:00:00.003957975  2467 0x2348320 TRACE   GST_REFCOUNTING gstminiobject.c:465:gst_mini_object_ref: 0x2366170 ref 2->3
0:00:00.003965460  2467 0x2348320 TRACE   GST_REFCOUNTING gstminiobject.c:647:gst_mini_object_unref: 0x2366170 unref 3->2
0:00:00.003972522  2467 0x2348320 TRACE   GST_REFCOUNTING gstobject.c:292:gst_object_ref_sink: 0x2366bf0 ref_sink 1->2
0:00:00.003979623  2467 0x2348320 TRACE   structure gststructure.c:287:gst_structure_new_id_empty_with_size: created structure 0x2366c90
0:00:00.003986371  2467 0x2348320 TRACE   GST_PERFORMANCE gststructure.c:508:gst_structure_copy: doing copy 0x23666b0 -> 0x2366c90
0:00:00.003997595  2467 0x2348320 DEBUG   GST_REGISTRY gstregistry.c:589:gst_registry_add_feature: adding feature 0x2366280 (clocksync)
0:00:00.004003586  2467 0x2348320 DEBUG   GST_REFCOUNTING gstobject.c:708:gst_object_set_parent: set parent (ref and sink)
0:00:00.004014906  2467 0x2348320 TRACE   GST_REFCOUNTING gstobject.c:292:gst_object_ref_sink: 0x2366280 ref_sink 1->2
0:00:00.004021539  2467 0x2348320 LOG   GST_REGISTRY gstregistry.c:607:gst_registry_add_feature: emitting feature-added for clocksync
0:00:00.004032192  2467 0x2348320 TRACE   GST_REFCOUNTING gstobject.c:208:gst_object_init: 0x2367020 new
0:00:00.004040660  2467 0x2348320 LOG   GST_ELEMENT_FACTORY gstelementfactory.c:237:gst_element_register: Created new elementfactory for type GstConcat
0:00:00.004047938  2467 0x2348320 TRACE   structure gststructure.c:287:gst_structure_new_id_empty_with_size: created structure 0x2367450
0:00:00.004053926  2467 0x2348320 TRACE   GST_PERFORMANCE gststructure.c:508:gst_structure_copy: doing copy 0x234e9d0 -> 0x2367450
0:00:00.004060513  2467 0x2348320 DEBUG   GST_ELEMENT_PADS gstelement.c:311:gst_element_base_class_init: type GstConcat : factory 0x2367020
0:00:00.004071242  2467 0x2348320 TRACE   GST_CAPS gstcaps.c:263:gst_caps_new_empty: created caps 0x23675b0
0:00:00.004077675  2467 0x2348320 TRACE   GST_CAPS gstcaps.c:442:gst_static_caps_get: created 0x7fac526b9030 from string ANY
0:00:00.004083826  2467 0x2348320 TRACE   GST_REFCOUNTING gstminiobject.c:465:gst_mini_object_ref: 0x23675b0 ref 1->2
0:00:00.004091237  2467 0x2348320 TRACE   GST_REFCOUNTING gstobject.c:208:gst_object_init: 0x2367730 new
0:00:00.004098643  2467 0x2348320 TRACE   GST_REFCOUNTING gstminiobject.c:465:gst_mini_object_ref: 0x23675b0 ref 2->3
0:00:00.004106367  2467 0x2348320 TRACE   GST_REFCOUNTING gstminiobject.c:647:gst_mini_object_unref: 0x23675b0 unref 3->2
0:00:00.004113445  2467 0x2348320 TRACE   GST_REFCOUNTING gstobject.c:292:gst_object_ref_sink: 0x2367730 ref_sink 1->2
0:00:00.004119653  2467 0x2348320 TRACE   GST_CAPS gstcaps.c:263:gst_caps_new_empty: created caps 0x23676a0
0:00:00.004125793  2467 0x2348320 TRACE   GST_CAPS gstcaps.c:442:gst_static_caps_get: created 0x7fac526b8ff0 from string ANY
0:00:00.004131965  2467 0x2348320 TRACE   GST_REFCOUNTING gstminiobject.c:465:gst_mini_object_ref: 0x23676a0 ref 1->2
0:00:00.004139257  2467 0x2348320 TRACE   GST_REFCOUNTING gstobject.c:208:gst_object_init: 0x23677d0 new
0:00:00.004146227  2467 0x2348320 TRACE   GST_REFCOUNTING gstminiobject.c:465:gst_mini_object_ref: 0x23676a0 ref 2->3
0:00:00.004153552  2467 0x2348320 TRACE   GST_REFCOUNTING gstminiobject.c:647:gst_mini_object_unref: 0x23676a0 unref 3->2
0:00:00.004160297  2467 0x2348320 TRACE   GST_REFCOUNTING gstobject.c:292:gst_object_ref_sink: 0x23677d0 ref_sink 1->2
0:00:00.004167405  2467 0x2348320 TRACE   structure gststructure.c:287:gst_structure_new_id_empty_with_size: created structure 0x2367960
0:00:00.004174083  2467 0x2348320 TRACE   GST_PERFORMANCE gststructure.c:508:gst_structure_copy: doing copy 0x2367450 -> 0x2367960
0:00:00.004186870  2467 0x2348320 DEBUG   GST_REGISTRY gstregistry.c:589:gst_registry_add_feature: adding feature 0x2367020 (concat)
0:00:00.004192728  2467 0x2348320 DEBUG   GST_REFCOUNTING gstobject.c:708:gst_object_set_parent: set parent (ref and sink)
0:00:00.004199876  2467 0x2348320 TRACE   GST_REFCOUNTING gstobject.c:292:gst_object_ref_sink: 0x2367020 ref_sink 1->2
0:00:00.004206421  2467 0x2348320 LOG   GST_REGISTRY gstregistry.c:607:gst_registry_add_feature: emitting feature-added for concat
0:00:00.004226887  2467 0x2348320 TRACE   GST_REFCOUNTING gstobject.c:208:gst_object_init: 0x2367ef0 new
0:00:00.004235783  2467 0x2348320 LOG   GST_ELEMENT_FACTORY gstelementfactory.c:237:gst_element_register: Created new elementfactory for type GstDataURISrc
0:00:00.004242979  2467 0x2348320 TRACE   structure gststructure.c:287:gst_structure_new_id_empty_with_size: created structure 0x2368490
0:00:00.004248993  2467 0x2348320 TRACE   GST_PERFORMANCE gststructure.c:508:gst_structure_copy: doing copy 0x234e9d0 -> 0x2368490
0:00:00.004255622  2467 0x2348320 DEBUG   GST_ELEMENT_PADS gstelement.c:311:gst_element_base_class_init: type GstBaseSrc : factory (nil)
0:00:00.004277432  2467 0x2348320 TRACE   structure gststructure.c:287:gst_structure_new_id_empty_with_size: created structure 0x2361210
0:00:00.004283933  2467 0x2348320 TRACE   GST_PERFORMANCE gststructure.c:508:gst_structure_copy: doing copy 0x2368490 -> 0x2361210
0:00:00.004290642  2467 0x2348320 DEBUG   GST_ELEMENT_PADS gstelement.c:311:gst_element_base_class_init: type GstDataURISrc : factory 0x2367ef0
0:00:00.004298933  2467 0x2348320 TRACE   GST_CAPS gstcaps.c:263:gst_caps_new_empty: created caps 0x2369320
0:00:00.004305476  2467 0x2348320 TRACE   GST_CAPS gstcaps.c:442:gst_static_caps_get: created 0x7fac526b9090 from string ANY
0:00:00.004311799  2467 0x2348320 TRACE   GST_REFCOUNTING gstminiobject.c:465:gst_mini_object_ref: 0x2369320 ref 1->2
0:00:00.004319398  2467 0x2348320 TRACE   GST_REFCOUNTING gstobject.c:208:gst_object_init: 0x2369370 new
0:00:00.004332782  2467 0x2348320 TRACE   GST_REFCOUNTING gstminiobject.c:465:gst_mini_object_ref: 0x2369320 ref 2->3
0:00:00.004340689  2467 0x2348320 TRACE   GST_REFCOUNTING gstminiobject.c:647:gst_mini_object_unref: 0x2369320 unref 3->2
0:00:00.004347709  2467 0x2348320 TRACE   GST_REFCOUNTING gstobject.c:292:gst_object_ref_sink: 0x2369370 ref_sink 1->2
0:00:00.004359074  2467 0x2348320 TRACE   structure gststructure.c:287:gst_structure_new_id_empty_with_size: created structure 0x2369520
0:00:00.004365474  2467 0x2348320 TRACE   GST_PERFORMANCE gststructure.c:508:gst_structure_copy: doing copy 0x2361210 -> 0x2369520
0:00:00.004375368  2467 0x2348320 DEBUG   GST_REGISTRY gstregistry.c:589:gst_registry_add_feature: adding feature 0x2367ef0 (dataurisrc)
0:00:00.004381616  2467 0x2348320 DEBUG   GST_REFCOUNTING gstobject.c:708:gst_object_set_parent: set parent (ref and sink)
0:00:00.004393395  2467 0x2348320 TRACE   GST_REFCOUNTING gstobject.c:292:gst_object_ref_sink: 0x2367ef0 ref_sink 1->2
0:00:00.004400151  2467 0x2348320 LOG   GST_REGISTRY gstregistry.c:607:gst_registry_add_feature: emitting feature-added for dataurisrc
0:00:00.004411261  2467 0x2348320 TRACE   GST_REFCOUNTING gstobject.c:208:gst_object_init: 0x23699a0 new
0:00:00.004419916  2467 0x2348320 LOG   GST_ELEMENT_FACTORY gstelementfactory.c:237:gst_element_register: Created new elementfactory for type GstDownloadBuffer
0:00:00.004431978  2467 0x2348320 TRACE   structure gststructure.c:287:gst_structure_new_id_empty_with_size: created structure 0x2369ed0
0:00:00.004437995  2467 0x2348320 TRACE   GST_PERFORMANCE gststructure.c:508:gst_structure_copy: doing copy 0x234e9d0 -> 0x2369ed0
0:00:00.004444652  2467 0x2348320 DEBUG   GST_ELEMENT_PADS gstelement.c:311:gst_element_base_class_init: type GstDownloadBuffer : factory 0x23699a0
0:00:00.004458633  2467 0x2348320 TRACE   GST_CAPS gstcaps.c:263:gst_caps_new_empty: created caps 0x2369c90
0:00:00.004464877  2467 0x2348320 TRACE   GST_CAPS gstcaps.c:442:gst_static_caps_get: created 0x7fac526b90d0 from string ANY
0:00:00.004471372  2467 0x2348320 TRACE   GST_REFCOUNTING gstminiobject.c:465:gst_mini_object_ref: 0x2369c90 ref 1->2
0:00:00.004479087  2467 0x2348320 TRACE   GST_REFCOUNTING gstobject.c:208:gst_object_init: 0x2369b10 new
0:00:00.004486332  2467 0x2348320 TRACE   GST_REFCOUNTING gstminiobject.c:465:gst_mini_object_ref: 0x2369c90 ref 2->3
0:00:00.004493856  2467 0x2348320 TRACE   GST_REFCOUNTING gstminiobject.c:647:gst_mini_object_unref: 0x2369c90 unref 3->2
0:00:00.004500919  2467 0x2348320 TRACE   GST_REFCOUNTING gstobject.c:292:gst_object_ref_sink: 0x2369b10 ref_sink 1->2
0:00:00.004507359  2467 0x2348320 TRACE   GST_CAPS gstcaps.c:263:gst_caps_new_empty: created caps 0x236a430
0:00:00.004513750  2467 0x2348320 TRACE   GST_CAPS gstcaps.c:442:gst_static_caps_get: created 0x7fac526b9110 from string ANY
0:00:00.004519864  2467 0x2348320 TRACE   GST_REFCOUNTING gstminiobject.c:465:gst_mini_object_ref: 0x236a430 ref 1->2
0:00:00.004527196  2467 0x2348320 TRACE   GST_REFCOUNTING gstobject.c:208:gst_object_init: 0x236a360 new
0:00:00.004534083  2467 0x2348320 TRACE   GST_REFCOUNTING gstminiobject.c:465:gst_mini_object_ref: 0x236a430 ref 2->3
0:00:00.004553394  2467 0x2348320 TRACE   GST_REFCOUNTING gstminiobject.c:647:gst_mini_object_unref: 0x236a430 unref 3->2
0:00:00.004561992  2467 0x2348320 TRACE   GST_REFCOUNTING gstobject.c:292:gst_object_ref_sink: 0x236a360 ref_sink 1->2
0:00:00.004570413  2467 0x2348320 TRACE   structure gststructure.c:287:gst_structure_new_id_empty_with_size: created structure 0x236a5f0
0:00:00.004577081  2467 0x2348320 TRACE   GST_PERFORMANCE gststructure.c:508:gst_structure_copy: doing copy 0x2369ed0 -> 0x236a5f0
0:00:00.004589973  2467 0x2348320 DEBUG   GST_REGISTRY gstregistry.c:589:gst_registry_add_feature: adding feature 0x23699a0 (downloadbuffer)
0:00:00.004596331  2467 0x2348320 DEBUG   GST_REFCOUNTING gstobject.c:708:gst_object_set_parent: set parent (ref and sink)
0:00:00.004603057  2467 0x2348320 TRACE   GST_REFCOUNTING gstobject.c:292:gst_object_ref_sink: 0x23699a0 ref_sink 1->2
0:00:00.004609618  2467 0x2348320 LOG   GST_REGISTRY gstregistry.c:607:gst_registry_add_feature: emitting feature-added for downloadbuffer
0:00:00.004624962  2467 0x2348320 TRACE   GST_REFCOUNTING gstobject.c:208:gst_object_init: 0x236a9e0 new
0:00:00.004633590  2467 0x2348320 LOG   GST_ELEMENT_FACTORY gstelementfactory.c:237:gst_element_register: Created new elementfactory for type GstFakeSrc
0:00:00.004648230  2467 0x2348320 TRACE   structure gststructure.c:287:gst_structure_new_id_empty_with_size: created structure 0x236b080
0:00:00.004654501  2467 0x2348320 TRACE   GST_PERFORMANCE gststructure.c:508:gst_structure_copy: doing copy 0x2368490 -> 0x236b080
0:00:00.004661173  2467 0x2348320 DEBUG   GST_ELEMENT_PADS gstelement.c:311:gst_element_base_class_init: type GstFakeSrc : factory 0x236a9e0
0:00:00.004693461  2467 0x2348320 TRACE   GST_CAPS gstcaps.c:263:gst_caps_new_empty: created caps 0x236bdf0
0:00:00.004703044  2467 0x2348320 TRACE   GST_CAPS gstcaps.c:442:gst_static_caps_get: created 0x7fac526b9190 from string ANY
0:00:00.004709320  2467 0x2348320 TRACE   GST_REFCOUNTING gstminiobject.c:465:gst_mini_object_ref: 0x236bdf0 ref 1->2
0:00:00.004716935  2467 0x2348320 TRACE   GST_REFCOUNTING gstobject.c:208:gst_object_init: 0x236bf70 new
0:00:00.004724729  2467 0x2348320 TRACE   GST_REFCOUNTING gstminiobject.c:465:gst_mini_object_ref: 0x236bdf0 ref 2->3
0:00:00.004732396  2467 0x2348320 TRACE   GST_REFCOUNTING gstminiobject.c:647:gst_mini_object_unref: 0x236bdf0 unref 3->2
0:00:00.004739135  2467 0x2348320 TRACE   GST_REFCOUNTING gstobject.c:292:gst_object_ref_sink: 0x236bf70 ref_sink 1->2
0:00:00.004747437  2467 0x2348320 TRACE   structure gststructure.c:287:gst_structure_new_id_empty_with_size: created structure 0x236c1d0
0:00:00.004753926  2467 0x2348320 TRACE   GST_PERFORMANCE gststructure.c:508:gst_structure_copy: doing copy 0x236b080 -> 0x236c1d0
0:00:00.004762244  2467 0x2348320 DEBUG   GST_REGISTRY gstregistry.c:589:gst_registry_add_feature: adding feature 0x236a9e0 (fakesrc)
0:00:00.004768236  2467 0x2348320 DEBUG   GST_REFCOUNTING gstobject.c:708:gst_object_set_parent: set parent (ref and sink)
0:00:00.004775131  2467 0x2348320 TRACE   GST_REFCOUNTING gstobject.c:292:gst_object_ref_sink: 0x236a9e0 ref_sink 1->2
0:00:00.004781816  2467 0x2348320 LOG   GST_REGISTRY gstregistry.c:607:gst_registry_add_feature: emitting feature-added for fakesrc
0:00:00.004799473  2467 0x2348320 TRACE   GST_REFCOUNTING gstobject.c:208:gst_object_init: 0x236c530 new
0:00:00.004807921  2467 0x2348320 LOG   GST_ELEMENT_FACTORY gstelementfactory.c:237:gst_element_register: Created new elementfactory for type GstFakeSink
0:00:00.004815071  2467 0x2348320 TRACE   structure gststructure.c:287:gst_structure_new_id_empty_with_size: created structure 0x236cbc0
0:00:00.004821368  2467 0x2348320 TRACE   GST_PERFORMANCE gststructure.c:508:gst_structure_copy: doing copy 0x234e9d0 -> 0x236cbc0
0:00:00.004829764  2467 0x2348320 DEBUG   GST_ELEMENT_PADS gstelement.c:311:gst_element_base_class_init: type GstBaseSink : factory (nil)
0:00:00.004861984  2467 0x2348320 TRACE   structure gststructure.c:287:gst_structure_new_id_empty_with_size: created structure 0x236d870
0:00:00.004868184  2467 0x2348320 TRACE   GST_PERFORMANCE gststructure.c:508:gst_structure_copy: doing copy 0x236cbc0 -> 0x236d870
0:00:00.004874837  2467 0x2348320 DEBUG   GST_ELEMENT_PADS gstelement.c:311:gst_element_base_class_init: type GstFakeSink : factory 0x236c530
0:00:00.004898975  2467 0x2348320 TRACE   GST_CAPS gstcaps.c:263:gst_caps_new_empty: created caps 0x236e140
0:00:00.004905488  2467 0x2348320 TRACE   GST_CAPS gstcaps.c:442:gst_static_caps_get: created 0x7fac526b9150 from string ANY
0:00:00.004911550  2467 0x2348320 TRACE   GST_REFCOUNTING gstminiobject.c:465:gst_mini_object_ref: 0x236e140 ref 1->2
0:00:00.004919012  2467 0x2348320 TRACE   GST_REFCOUNTING gstobject.c:208:gst_object_init: 0x236e430 new
0:00:00.004926446  2467 0x2348320 TRACE   GST_REFCOUNTING gstminiobject.c:465:gst_mini_object_ref: 0x236e140 ref 2->3
0:00:00.004933673  2467 0x2348320 TRACE   GST_REFCOUNTING gstminiobject.c:647:gst_mini_object_unref: 0x236e140 unref 3->2
0:00:00.004940168  2467 0x2348320 TRACE   GST_REFCOUNTING gstobject.c:292:gst_object_ref_sink: 0x236e430 ref_sink 1->2
0:00:00.004947643  2467 0x2348320 TRACE   structure gststructure.c:287:gst_structure_new_id_empty_with_size: created structure 0x236e5c0
0:00:00.004953796  2467 0x2348320 TRACE   GST_PERFORMANCE gststructure.c:508:gst_structure_copy: doing copy 0x236d870 -> 0x236e5c0
0:00:00.004961793  2467 0x2348320 DEBUG   GST_REGISTRY gstregistry.c:589:gst_registry_add_feature: adding feature 0x236c530 (fakesink)
0:00:00.004967519  2467 0x2348320 DEBUG   GST_REFCOUNTING gstobject.c:708:gst_object_set_parent: set parent (ref and sink)
0:00:00.004973932  2467 0x2348320 TRACE   GST_REFCOUNTING gstobject.c:292:gst_object_ref_sink: 0x236c530 ref_sink 1->2
0:00:00.004980168  2467 0x2348320 LOG   GST_REGISTRY gstregistry.c:607:gst_registry_add_feature: emitting feature-added for fakesink
0:00:00.004997910  2467 0x2348320 TRACE   GST_REFCOUNTING gstobject.c:208:gst_object_init: 0x236eb60 new
0:00:00.005006217  2467 0x2348320 LOG   GST_ELEMENT_FACTORY gstelementfactory.c:237:gst_element_register: Created new elementfactory for type GstFdSrc
0:00:00.005020571  2467 0x2348320 TRACE   structure gststructure.c:287:gst_structure_new_id_empty_with_size: created structure 0x236f120
0:00:00.005026227  2467 0x2348320 TRACE   GST_PERFORMANCE gststructure.c:508:gst_structure_copy: doing copy 0x2368490 -> 0x236f120
0:00:00.005032413  2467 0x2348320 DEBUG   GST_ELEMENT_PADS gstelement.c:311:gst_element_base_class_init: type GstPushSrc : factory (nil)
0:00:00.005039294  2467 0x2348320 TRACE   structure gststructure.c:287:gst_structure_new_id_empty_with_size: created structure 0x236f5c0
0:00:00.005045061  2467 0x2348320 TRACE   GST_PERFORMANCE gststructure.c:508:gst_structure_copy: doing copy 0x236f120 -> 0x236f5c0
0:00:00.005051501  2467 0x2348320 DEBUG   GST_ELEMENT_PADS gstelement.c:311:gst_element_base_class_init: type GstFdSrc : factory 0x236eb60
0:00:00.005061461  2467 0x2348320 TRACE   GST_CAPS gstcaps.c:263:gst_caps_new_empty: created caps 0x236ecf0
0:00:00.005067718  2467 0x2348320 TRACE   GST_CAPS gstcaps.c:442:gst_static_caps_get: created 0x7fac526b9250 from string ANY
0:00:00.005073760  2467 0x2348320 TRACE   GST_REFCOUNTING gstminiobject.c:465:gst_mini_object_ref: 0x236ecf0 ref 1->2
0:00:00.005081169  2467 0x2348320 TRACE   GST_REFCOUNTING gstobject.c:208:gst_object_init: 0x236f8e0 new
0:00:00.005088357  2467 0x2348320 TRACE   GST_REFCOUNTING gstminiobject.c:465:gst_mini_object_ref: 0x236ecf0 ref 2->3
0:00:00.005095587  2467 0x2348320 TRACE   GST_REFCOUNTING gstminiobject.c:647:gst_mini_object_unref: 0x236ecf0 unref 3->2
0:00:00.005102076  2467 0x2348320 TRACE   GST_REFCOUNTING gstobject.c:292:gst_object_ref_sink: 0x236f8e0 ref_sink 1->2
0:00:00.005141194  2467 0x2348320 TRACE   structure gststructure.c:287:gst_structure_new_id_empty_with_size: created structure 0x23688d0
0:00:00.005148509  2467 0x2348320 TRACE   GST_PERFORMANCE gststructure.c:508:gst_structure_copy: doing copy 0x236f5c0 -> 0x23688d0
0:00:00.005157886  2467 0x2348320 DEBUG   GST_REGISTRY gstregistry.c:589:gst_registry_add_feature: adding feature 0x236eb60 (fdsrc)
0:00:00.005163943  2467 0x2348320 DEBUG   GST_REFCOUNTING gstobject.c:708:gst_object_set_parent: set parent (ref and sink)
0:00:00.005170711  2467 0x2348320 TRACE   GST_REFCOUNTING gstobject.c:292:gst_object_ref_sink: 0x236eb60 ref_sink 1->2
0:00:00.005177036  2467 0x2348320 LOG   GST_REGISTRY gstregistry.c:607:gst_registry_add_feature: emitting feature-added for fdsrc
0:00:00.005188080  2467 0x2348320 TRACE   GST_REFCOUNTING gstobject.c:208:gst_object_init: 0x2368cb0 new
0:00:00.005196708  2467 0x2348320 LOG   GST_ELEMENT_FACTORY gstelementfactory.c:237:gst_element_register: Created new elementfactory for type GstFdSink
0:00:00.005207333  2467 0x2348320 TRACE   structure gststructure.c:287:gst_structure_new_id_empty_with_size: created structure 0x2369040
0:00:00.005213165  2467 0x2348320 TRACE   GST_PERFORMANCE gststructure.c:508:gst_structure_copy: doing copy 0x236cbc0 -> 0x2369040
0:00:00.005224346  2467 0x2348320 DEBUG   GST_ELEMENT_PADS gstelement.c:311:gst_element_base_class_init: type GstFdSink : factory 0x2368cb0
0:00:00.005231915  2467 0x2348320 TRACE   GST_CAPS gstcaps.c:263:gst_caps_new_empty: created caps 0x2368ff0
0:00:00.005238096  2467 0x2348320 TRACE   GST_CAPS gstcaps.c:442:gst_static_caps_get: created 0x7fac526b91f0 from string ANY
0:00:00.005244080  2467 0x2348320 TRACE   GST_REFCOUNTING gstminiobject.c:465:gst_mini_object_ref: 0x2368ff0 ref 1->2
0:00:00.005251267  2467 0x2348320 TRACE   GST_REFCOUNTING gstobject.c:208:gst_object_init: 0x23710d0 new
0:00:00.005258382  2467 0x2348320 TRACE   GST_REFCOUNTING gstminiobject.c:465:gst_mini_object_ref: 0x2368ff0 ref 2->3
0:00:00.005265593  2467 0x2348320 TRACE   GST_REFCOUNTING gstminiobject.c:647:gst_mini_object_unref: 0x2368ff0 unref 3->2
0:00:00.005271939  2467 0x2348320 TRACE   GST_REFCOUNTING gstobject.c:292:gst_object_ref_sink: 0x23710d0 ref_sink 1->2
0:00:00.005281765  2467 0x2348320 TRACE   structure gststructure.c:287:gst_structure_new_id_empty_with_size: created structure 0x23711f0
0:00:00.005288022  2467 0x2348320 TRACE   GST_PERFORMANCE gststructure.c:508:gst_structure_copy: doing copy 0x2369040 -> 0x23711f0
0:00:00.005295957  2467 0x2348320 DEBUG   GST_REGISTRY gstregistry.c:589:gst_registry_add_feature: adding feature 0x2368cb0 (fdsink)
0:00:00.005302841  2467 0x2348320 DEBUG   GST_REFCOUNTING gstobject.c:708:gst_object_set_parent: set parent (ref and sink)
