0:00:00.015429934  2467 0x2348320 DEBUG   GST_POLL gstpoll.c:979:gst_poll_fd_ctl_write: 0x2350820: fd (fd:0, idx:1), active : 1
0:00:00.019552670  2466 0xa3e370 LOG   GST_REGISTRY gstregistry.c:607:gst_registry_add_feature: emitting feature-added for concat
0:00:00.015436892  2467 0x2348320 LOG   GST_POLL gstpoll.c:994:gst_poll_fd_ctl_write: 0x2350820: pfd->events now 60 (POLLOUT:4)
0:00:00.019559781  2466 0xa3e370 DEBUG   GST_REGISTRY gstregistrychunks.c:740:gst_registry_chunks_load_feature: Added feature concat, plugin 0xa58050 coreelements
0:00:00.015443754  2467 0x2348320 DEBUG   GST_POLL gstpoll.c:979:gst_poll_fd_ctl_write: 0x2350820: fd (fd:0, idx:1), active : 1
0:00:00.019566652  2466 0xa3e370 DEBUG   GST_REGISTRY gstregistrychunks.c:582:gst_registry_chunks_load_feature: Plugin 'coreelements' feature 'clocksync' typename : 'GstElementFactory'
0:00:00.015450872  2467 0x2348320 LOG   GST_POLL gstpoll.c:994:gst_poll_fd_ctl_write: 0x2350820: pfd->events now 60 (POLLOUT:4)
0:00:00.019573930  2466 0xa3e370 TRACE   GST_REFCOUNTING gstobject.c:208:gst_object_init: 0xa5fce0 new
0:00:00.015457796  2467 0x2348320 DEBUG   GST_POLL gstpoll.c:979:gst_poll_fd_ctl_write: 0x2350820: fd (fd:0, idx:1), active : 1
0:00:00.019581627  2466 0xa3e370 LOG   GST_REGISTRY gstregistrychunks.c:609:gst_registry_chunks_load_feature: Reading/casting for GstRegistryChunkElementFactory at address 0xa5b218
0:00:00.015464985  2467 0x2348320 LOG   GST_POLL gstpoll.c:994:gst_poll_fd_ctl_write: 0x2350820: pfd->events now 60 (POLLOUT:4)
0:00:00.019588371  2466 0xa3e370 TRACE   structure gststructure.c:287:gst_structure_new_id_empty_with_size: created structure 0xa60330
0:00:00.015472583  2467 0x2348320 DEBUG   GST_POLL gstpoll.c:979:gst_poll_fd_ctl_write: 0x2350820: fd (fd:0, idx:1), active : 1
0:00:00.019594889  2466 0xa3e370 DEBUG   structure gststructure.c:2203:gst_structure_parse_field: trying field name 'long-name'
0:00:00.015479171  2467 0x2348320 LOG   GST_POLL gstpoll.c:994:gst_poll_fd_ctl_write: 0x2350820: pfd->events now 60 (POLLOUT:4)
0:00:00.019601159  2466 0xa3e370 DEBUG   default gstvalue.c:2676:_priv_gst_value_parse_value: trying type name 'string'
0:00:00.015490791  2467 0x2348320 DEBUG   GST_POLL gstpoll.c:979:gst_poll_fd_ctl_write: 0x2350820: fd (fd:0, idx:1), active : 1
0:00:00.019611290  2466 0xa3e370 DEBUG   structure gststructure.c:2203:gst_structure_parse_field: trying field name 'klass'
0:00:00.015496935  2467 0x2348320 LOG   GST_POLL gstpoll.c:994:gst_poll_fd_ctl_write: 0x2350820: pfd->events now 60 (POLLOUT:4)
0:00:00.019617072  2466 0xa3e370 DEBUG   default gstvalue.c:2676:_priv_gst_value_parse_value: trying type name 'string'
0:00:00.015503172  2467 0x2348320 DEBUG   GST_POLL gstpoll.c:979:gst_poll_fd_ctl_write: 0x2350820: fd (fd:0, idx:1), active : 1
0:00:00.019623510  2466 0xa3e370 DEBUG   structure gststructure.c:2203:gst_structure_parse_field: trying field name 'description'
0:00:00.015509260  2467 0x2348320 LOG   GST_POLL gstpoll.c:994:gst_poll_fd_ctl_write: 0x2350820: pfd->events now 60 (POLLOUT:4)
0:00:00.019629408  2466 0xa3e370 DEBUG   default gstvalue.c:2676:_priv_gst_value_parse_value: trying type name 'string'
0:00:00.015515521  2467 0x2348320 DEBUG   GST_POLL gstpoll.c:979:gst_poll_fd_ctl_write: 0x2350820: fd (fd:0, idx:1), active : 1
0:00:00.019635892  2466 0xa3e370 DEBUG   structure gststructure.c:2203:gst_structure_parse_field: trying field name 'author'
0:00:00.015521547  2467 0x2348320 LOG   GST_POLL gstpoll.c:994:gst_poll_fd_ctl_write: 0x2350820: pfd->events now 60 (POLLOUT:4)
0:00:00.019641833  2466 0xa3e370 DEBUG   default gstvalue.c:2676:_priv_gst_value_parse_value: trying type name 'string'
0:00:00.015528280  2467 0x2348320 DEBUG   GST_POLL gstpoll.c:979:gst_poll_fd_ctl_write: 0x2350820: fd (fd:0, idx:1), active : 1
0:00:00.019648580  2466 0xa3e370 DEBUG   GST_REGISTRY gstregistrychunks.c:626:gst_registry_chunks_load_feature: Element factory : npadtemplates=2
0:00:00.015534216  2467 0x2348320 LOG   GST_POLL gstpoll.c:994:gst_poll_fd_ctl_write: 0x2350820: pfd->events now 60 (POLLOUT:4)
0:00:00.019654551  2466 0xa3e370 DEBUG   GST_REGISTRY gstregistrychunks.c:525:gst_registry_chunks_load_pad_template: Reading/casting for GstRegistryChunkPadTemplate at address 0xa5b2e8
0:00:00.015554560  2467 0x2348320 DEBUG   GST_POLL gstpoll.c:979:gst_poll_fd_ctl_write: 0x2350820: fd (fd:0, idx:1), active : 1
0:00:00.019672102  2466 0xa3e370 DEBUG   GST_REGISTRY gstregistrychunks.c:539:gst_registry_chunks_load_pad_template: Added pad_template sink
0:00:00.015562182  2467 0x2348320 LOG   GST_POLL gstpoll.c:994:gst_poll_fd_ctl_write: 0x2350820: pfd->events now 60 (POLLOUT:4)
0:00:00.015568352  2467 0x2348320 DEBUG   GST_POLL gstpoll.c:979:gst_poll_fd_ctl_write: 0x2350820: fd (fd:0, idx:1), active : 1
0:00:00.019684565  2466 0xa3e370 DEBUG   GST_REGISTRY gstregistrychunks.c:525:gst_registry_chunks_load_pad_template: Reading/casting for GstRegistryChunkPadTemplate at address 0xa5b300
0:00:00.015574069  2467 0x2348320 LOG   GST_POLL gstpoll.c:994:gst_poll_fd_ctl_write: 0x2350820: pfd->events now 60 (POLLOUT:4)
0:00:00.019697864  2466 0xa3e370 DEBUG   GST_REGISTRY gstregistrychunks.c:539:gst_registry_chunks_load_pad_template: Added pad_template src
0:00:00.015585071  2467 0x2348320 DEBUG   GST_POLL gstpoll.c:979:gst_poll_fd_ctl_write: 0x2350820: fd (fd:0, idx:1), active : 1
0:00:00.015591235  2467 0x2348320 LOG   GST_POLL gstpoll.c:994:gst_poll_fd_ctl_write: 0x2350820: pfd->events now 60 (POLLOUT:4)
0:00:00.019709655  2466 0xa3e370 DEBUG   GST_REGISTRY gstregistry.c:589:gst_registry_add_feature: adding feature 0xa5fce0 (clocksync)
0:00:00.015597035  2467 0x2348320 DEBUG   GST_POLL gstpoll.c:979:gst_poll_fd_ctl_write: 0x2350820: fd (fd:0, idx:1), active : 1
0:00:00.019717145  2466 0xa3e370 DEBUG   GST_REFCOUNTING gstobject.c:708:gst_object_set_parent: set parent (ref and sink)
0:00:00.015602949  2467 0x2348320 LOG   GST_POLL gstpoll.c:994:gst_poll_fd_ctl_write: 0x2350820: pfd->events now 60 (POLLOUT:4)
0:00:00.019724922  2466 0xa3e370 TRACE   GST_REFCOUNTING gstobject.c:292:gst_object_ref_sink: 0xa5fce0 ref_sink 1->2
0:00:00.015609397  2467 0x2348320 DEBUG   GST_POLL gstpoll.c:979:gst_poll_fd_ctl_write: 0x2350820: fd (fd:0, idx:1), active : 1
0:00:00.019731770  2466 0xa3e370 LOG   GST_REGISTRY gstregistry.c:607:gst_registry_add_feature: emitting feature-added for clocksync
0:00:00.015615875  2467 0x2348320 LOG   GST_POLL gstpoll.c:994:gst_poll_fd_ctl_write: 0x2350820: pfd->events now 60 (POLLOUT:4)
0:00:00.019738637  2466 0xa3e370 DEBUG   GST_REGISTRY gstregistrychunks.c:740:gst_registry_chunks_load_feature: Added feature clocksync, plugin 0xa58050 coreelements
0:00:00.015622476  2467 0x2348320 DEBUG   GST_POLL gstpoll.c:979:gst_poll_fd_ctl_write: 0x2350820: fd (fd:0, idx:1), active : 1
0:00:00.019745934  2466 0xa3e370 DEBUG   GST_REGISTRY gstregistrychunks.c:582:gst_registry_chunks_load_feature: Plugin 'coreelements' feature 'capsfilter' typename : 'GstElementFactory'
0:00:00.015629569  2467 0x2348320 LOG   GST_POLL gstpoll.c:994:gst_poll_fd_ctl_write: 0x2350820: pfd->events now 60 (POLLOUT:4)
0:00:00.015636738  2467 0x2348320 DEBUG   GST_POLL gstpoll.c:979:gst_poll_fd_ctl_write: 0x2350820: fd (fd:0, idx:1), active : 1
0:00:00.019754097  2466 0xa3e370 TRACE   GST_REFCOUNTING gstobject.c:208:gst_object_init: 0xa60110 new
0:00:00.015642399  2467 0x2348320 LOG   GST_POLL gstpoll.c:994:gst_poll_fd_ctl_write: 0x2350820: pfd->events now 60 (POLLOUT:4)
0:00:00.019763800  2466 0xa3e370 LOG   GST_REGISTRY gstregistrychunks.c:609:gst_registry_chunks_load_feature: Reading/casting for GstRegistryChunkElementFactory at address 0xa5b330
0:00:00.015648469  2467 0x2348320 DEBUG   GST_POLL gstpoll.c:979:gst_poll_fd_ctl_write: 0x2350820: fd (fd:0, idx:1), active : 1
0:00:00.019770534  2466 0xa3e370 TRACE   structure gststructure.c:287:gst_structure_new_id_empty_with_size: created structure 0xa607f0
0:00:00.015654340  2467 0x2348320 LOG   GST_POLL gstpoll.c:994:gst_poll_fd_ctl_write: 0x2350820: pfd->events now 60 (POLLOUT:4)
0:00:00.019776531  2466 0xa3e370 DEBUG   structure gststructure.c:2203:gst_structure_parse_field: trying field name 'long-name'
0:00:00.015664932  2467 0x2348320 DEBUG   GST_POLL gstpoll.c:979:gst_poll_fd_ctl_write: 0x2350820: fd (fd:0, idx:1), active : 1
0:00:00.019784804  2466 0xa3e370 DEBUG   default gstvalue.c:2676:_priv_gst_value_parse_value: trying type name 'string'
0:00:00.015671010  2467 0x2348320 LOG   GST_POLL gstpoll.c:994:gst_poll_fd_ctl_write: 0x2350820: pfd->events now 60 (POLLOUT:4)
0:00:00.019791460  2466 0xa3e370 DEBUG   structure gststructure.c:2203:gst_structure_parse_field: trying field name 'klass'
0:00:00.015677237  2467 0x2348320 DEBUG   GST_POLL gstpoll.c:979:gst_poll_fd_ctl_write: 0x2350820: fd (fd:0, idx:1), active : 1
0:00:00.019797282  2466 0xa3e370 DEBUG   default gstvalue.c:2676:_priv_gst_value_parse_value: trying type name 'string'
0:00:00.015683121  2467 0x2348320 LOG   GST_POLL gstpoll.c:994:gst_poll_fd_ctl_write: 0x2350820: pfd->events now 60 (POLLOUT:4)
0:00:00.019803754  2466 0xa3e370 DEBUG   structure gststructure.c:2203:gst_structure_parse_field: trying field name 'description'
0:00:00.015689343  2467 0x2348320 DEBUG   GST_POLL gstpoll.c:979:gst_poll_fd_ctl_write: 0x2350820: fd (fd:0, idx:1), active : 1
0:00:00.019809677  2466 0xa3e370 DEBUG   default gstvalue.c:2676:_priv_gst_value_parse_value: trying type name 'string'
0:00:00.015695358  2467 0x2348320 LOG   GST_POLL gstpoll.c:994:gst_poll_fd_ctl_write: 0x2350820: pfd->events now 60 (POLLOUT:4)
0:00:00.019816180  2466 0xa3e370 DEBUG   structure gststructure.c:2203:gst_structure_parse_field: trying field name 'author'
0:00:00.015701611  2467 0x2348320 DEBUG   GST_POLL gstpoll.c:979:gst_poll_fd_ctl_write: 0x2350820: fd (fd:0, idx:1), active : 1
0:00:00.019821905  2466 0xa3e370 DEBUG   default gstvalue.c:2676:_priv_gst_value_parse_value: trying type name 'string'
0:00:00.015707634  2467 0x2348320 LOG   GST_POLL gstpoll.c:994:gst_poll_fd_ctl_write: 0x2350820: pfd->events now 60 (POLLOUT:4)
0:00:00.019828537  2466 0xa3e370 DEBUG   GST_REGISTRY gstregistrychunks.c:626:gst_registry_chunks_load_feature: Element factory : npadtemplates=2
0:00:00.015713938  2467 0x2348320 DEBUG   GST_POLL gstpoll.c:979:gst_poll_fd_ctl_write: 0x2350820: fd (fd:0, idx:1), active : 1
0:00:00.019834564  2466 0xa3e370 DEBUG   GST_REGISTRY gstregistrychunks.c:525:gst_registry_chunks_load_pad_template: Reading/casting for GstRegistryChunkPadTemplate at address 0xa5b410
0:00:00.015719727  2467 0x2348320 LOG   GST_POLL gstpoll.c:994:gst_poll_fd_ctl_write: 0x2350820: pfd->events now 60 (POLLOUT:4)
0:00:00.019840676  2466 0xa3e370 DEBUG   GST_REGISTRY gstregistrychunks.c:539:gst_registry_chunks_load_pad_template: Added pad_template sink
0:00:00.015726043  2467 0x2348320 DEBUG   GST_POLL gstpoll.c:979:gst_poll_fd_ctl_write: 0x2350820: fd (fd:0, idx:1), active : 1
0:00:00.019846573  2466 0xa3e370 DEBUG   GST_REGISTRY gstregistrychunks.c:525:gst_registry_chunks_load_pad_template: Reading/casting for GstRegistryChunkPadTemplate at address 0xa5b428
0:00:00.015732041  2467 0x2348320 LOG   GST_POLL gstpoll.c:994:gst_poll_fd_ctl_write: 0x2350820: pfd->events now 60 (POLLOUT:4)
0:00:00.019858263  2466 0xa3e370 DEBUG   GST_REGISTRY gstregistrychunks.c:539:gst_registry_chunks_load_pad_template: Added pad_template src
0:00:00.015743337  2467 0x2348320 DEBUG   GST_POLL gstpoll.c:979:gst_poll_fd_ctl_write: 0x2350820: fd (fd:0, idx:1), active : 1
0:00:00.019865664  2466 0xa3e370 DEBUG   GST_REGISTRY gstregistry.c:589:gst_registry_add_feature: adding feature 0xa60110 (capsfilter)
0:00:00.015749264  2467 0x2348320 LOG   GST_POLL gstpoll.c:994:gst_poll_fd_ctl_write: 0x2350820: pfd->events now 60 (POLLOUT:4)
0:00:00.019872018  2466 0xa3e370 DEBUG   GST_REFCOUNTING gstobject.c:708:gst_object_set_parent: set parent (ref and sink)
0:00:00.015756399  2467 0x2348320 DEBUG   GST_POLL gstpoll.c:979:gst_poll_fd_ctl_write: 0x2350820: fd (fd:0, idx:1), active : 1
0:00:00.019879914  2466 0xa3e370 TRACE   GST_REFCOUNTING gstobject.c:292:gst_object_ref_sink: 0xa60110 ref_sink 1->2
0:00:00.015763512  2467 0x2348320 LOG   GST_POLL gstpoll.c:994:gst_poll_fd_ctl_write: 0x2350820: pfd->events now 60 (POLLOUT:4)
0:00:00.019888305  2466 0xa3e370 LOG   GST_REGISTRY gstregistry.c:607:gst_registry_add_feature: emitting feature-added for capsfilter
0:00:00.015772269  2467 0x2348320 DEBUG   GST_POLL gstpoll.c:979:gst_poll_fd_ctl_write: 0x2350820: fd (fd:0, idx:1), active : 1
0:00:00.019895381  2466 0xa3e370 DEBUG   GST_REGISTRY gstregistrychunks.c:740:gst_registry_chunks_load_feature: Added feature capsfilter, plugin 0xa58050 coreelements
0:00:00.015779006  2467 0x2348320 LOG   GST_POLL gstpoll.c:994:gst_poll_fd_ctl_write: 0x2350820: pfd->events now 60 (POLLOUT:4)
0:00:00.015786351  2467 0x2348320 DEBUG   GST_POLL gstpoll.c:979:gst_poll_fd_ctl_write: 0x2350820: fd (fd:0, idx:1), active : 1
0:00:00.019904025  2466 0xa3e370 LOG   GST_PLUGIN_LOADING gstpluginloader.c:887:handle_rx_packet: marking plugin 0xa58050 as registered as /home/conan/w/prod/BuildSingleReference/.conan/data/gstreamer/1.18.3/_/_/package/0387548ec0d21c08cb6b492d670dcb344087cb15/lib/gstreamer-1.0/libgstcoreelements.so
0:00:00.015792022  2467 0x2348320 LOG   GST_POLL gstpoll.c:994:gst_poll_fd_ctl_write: 0x2350820: pfd->events now 60 (POLLOUT:4)
0:00:00.019914951  2466 0xa3e370 DEBUG   GST_POLL gstpoll.c:1414:gst_poll_wait: 0xa57b20: timeout :0:00:01.000000000
0:00:00.015799009  2467 0x2348320 DEBUG   GST_POLL gstpoll.c:979:gst_poll_fd_ctl_write: 0x2350820: fd (fd:0, idx:1), active : 1
0:00:00.015805778  2467 0x2348320 LOG   GST_POLL gstpoll.c:994:gst_poll_fd_ctl_write: 0x2350820: pfd->events now 60 (POLLOUT:4)
0:00:00.015811628  2467 0x2348320 DEBUG   GST_POLL gstpoll.c:979:gst_poll_fd_ctl_write: 0x2350820: fd (fd:0, idx:1), active : 1
0:00:00.015817218  2467 0x2348320 LOG   GST_POLL gstpoll.c:994:gst_poll_fd_ctl_write: 0x2350820: pfd->events now 60 (POLLOUT:4)
0:00:00.015829255  2467 0x2348320 DEBUG   GST_POLL gstpoll.c:979:gst_poll_fd_ctl_write: 0x2350820: fd (fd:0, idx:1), active : 1
0:00:00.015835111  2467 0x2348320 LOG   GST_POLL gstpoll.c:994:gst_poll_fd_ctl_write: 0x2350820: pfd->events now 60 (POLLOUT:4)
0:00:00.015841125  2467 0x2348320 DEBUG   GST_POLL gstpoll.c:979:gst_poll_fd_ctl_write: 0x2350820: fd (fd:0, idx:1), active : 1
0:00:00.015846668  2467 0x2348320 LOG   GST_POLL gstpoll.c:994:gst_poll_fd_ctl_write: 0x2350820: pfd->events now 60 (POLLOUT:4)
0:00:00.015852555  2467 0x2348320 DEBUG   GST_POLL gstpoll.c:979:gst_poll_fd_ctl_write: 0x2350820: fd (fd:0, idx:1), active : 1
0:00:00.015857987  2467 0x2348320 LOG   GST_POLL gstpoll.c:994:gst_poll_fd_ctl_write: 0x2350820: pfd->events now 60 (POLLOUT:4)
0:00:00.015863687  2467 0x2348320 DEBUG   GST_POLL gstpoll.c:979:gst_poll_fd_ctl_write: 0x2350820: fd (fd:0, idx:1), active : 1
0:00:00.015869138  2467 0x2348320 LOG   GST_POLL gstpoll.c:994:gst_poll_fd_ctl_write: 0x2350820: pfd->events now 60 (POLLOUT:4)
0:00:00.015874996  2467 0x2348320 DEBUG   GST_POLL gstpoll.c:979:gst_poll_fd_ctl_write: 0x2350820: fd (fd:0, idx:1), active : 1
0:00:00.015880631  2467 0x2348320 LOG   GST_POLL gstpoll.c:994:gst_poll_fd_ctl_write: 0x2350820: pfd->events now 60 (POLLOUT:4)
0:00:00.015886370  2467 0x2348320 DEBUG   GST_POLL gstpoll.c:979:gst_poll_fd_ctl_write: 0x2350820: fd (fd:0, idx:1), active : 1
0:00:00.015891785  2467 0x2348320 LOG   GST_POLL gstpoll.c:994:gst_poll_fd_ctl_write: 0x2350820: pfd->events now 60 (POLLOUT:4)
0:00:00.015897567  2467 0x2348320 DEBUG   GST_POLL gstpoll.c:979:gst_poll_fd_ctl_write: 0x2350820: fd (fd:0, idx:1), active : 1
0:00:00.015903283  2467 0x2348320 LOG   GST_POLL gstpoll.c:994:gst_poll_fd_ctl_write: 0x2350820: pfd->events now 60 (POLLOUT:4)
0:00:00.015913756  2467 0x2348320 TRACE   GST_REFCOUNTING gstobject.c:264:gst_object_unref: 0x2364140 unref 2->1
0:00:00.015921485  2467 0x2348320 DEBUG   GST_POLL gstpoll.c:1241:gst_poll_fd_has_error: 0x2350820: fd (fd:0, idx:1) 0
0:00:00.015927475  2467 0x2348320 DEBUG   GST_POLL gstpoll.c:1335:gst_poll_fd_can_write: 0x2350820: fd (fd:0, idx:1) 1
0:00:00.015933261  2467 0x2348320 LOG   GST_PLUGIN_LOADING gstpluginloader.c:690:write_one: Writing packet of size 488 bytes to fd 0
0:00:00.015950490  2467 0x2348320 DEBUG   GST_POLL gstpoll.c:1414:gst_poll_wait: 0x2350820: timeout :0:00:01.000000000
0:00:00.015960209  2467 0x2348320 LOG   GST_PLUGIN_LOADING gstpluginloader.c:1027:exchange_packets: Poll res = 2. 6872 bytes pending for write
0:00:00.015966809  2467 0x2348320 DEBUG   GST_POLL gstpoll.c:1241:gst_poll_fd_has_error: 0x2350820: fd (fd:5, idx:2) 0
0:00:00.015972584  2467 0x2348320 DEBUG   GST_POLL gstpoll.c:1266:gst_poll_fd_can_read_unlocked: 0x2350820: fd (fd:5, idx:2) 1
0:00:00.020091942  2466 0xa3e370 LOG   GST_PLUGIN_LOADING gstpluginloader.c:1027:exchange_packets: Poll res = 1. 0 bytes pending for write
0:00:00.015980347  2467 0x2348320 LOG   GST_PLUGIN_LOADING gstpluginloader.c:1005:read_one: No payload to read for 0 length packet type 1 tag 0
0:00:00.020106902  2466 0xa3e370 DEBUG   GST_POLL gstpoll.c:1241:gst_poll_fd_has_error: 0xa57b20: fd (fd:8, idx:2) 0
0:00:00.020113634  2466 0xa3e370 DEBUG   GST_POLL gstpoll.c:1266:gst_poll_fd_can_read_unlocked: 0xa57b20: fd (fd:8, idx:2) 1
0:00:00.016003077  2467 0x2348320 DEBUG   GST_POLL gstpoll.c:1014:gst_poll_fd_ctl_read_unlocked: 0x2350820: fd (fd:5, idx:2), active : 0
0:00:00.016009964  2467 0x2348320 DEBUG   GST_POLL gstpoll.c:979:gst_poll_fd_ctl_write: 0x2350820: fd (fd:0, idx:1), active : 1
0:00:00.020126437  2466 0xa3e370 DEBUG   GST_PLUGIN_LOADING gstpluginloader.c:848:handle_rx_packet: Received plugin details from child w/ tag 2. 476 bytes info
0:00:00.016015625  2467 0x2348320 LOG   GST_POLL gstpoll.c:994:gst_poll_fd_ctl_write: 0x2350820: pfd->events now 60 (POLLOUT:4)
0:00:00.016021964  2467 0x2348320 DEBUG   GST_POLL gstpoll.c:1241:gst_poll_fd_has_error: 0x2350820: fd (fd:0, idx:1) 0
0:00:00.020138591  2466 0xa3e370 LOG   GST_REGISTRY gstregistrychunks.c:836:_priv_gst_registry_chunks_load_plugin: Reading/casting for GstRegistryChunkPluginElement at address 0xa59970
0:00:00.016027627  2467 0x2348320 DEBUG   GST_POLL gstpoll.c:1335:gst_poll_fd_can_write: 0x2350820: fd (fd:0, idx:1) 1
0:00:00.016033921  2467 0x2348320 LOG   GST_PLUGIN_LOADING gstpluginloader.c:690:write_one: Writing packet of size 6872 bytes to fd 0
0:00:00.020153175  2466 0xa3e370 TRACE   GST_REFCOUNTING gstobject.c:208:gst_object_init: 0xa60930 new
0:00:00.016044261  2467 0x2348320 DEBUG   GST_POLL gstpoll.c:1414:gst_poll_wait: 0x2350820: timeout :0:00:01.000000000
0:00:00.020167517  2466 0xa3e370 LOG   GST_REGISTRY gstregistrychunks.c:858:_priv_gst_registry_chunks_load_plugin: read strings for name='coretracers'
0:00:00.016052248  2467 0x2348320 LOG   GST_PLUGIN_LOADING gstpluginloader.c:1027:exchange_packets: Poll res = 1. 12 bytes pending for write
0:00:00.020175903  2466 0xa3e370 LOG   GST_REGISTRY gstregistrychunks.c:859:_priv_gst_registry_chunks_load_plugin: desc.description='GStreamer core tracers'
0:00:00.016059841  2467 0x2348320 DEBUG   GST_POLL gstpoll.c:1241:gst_poll_fd_has_error: 0x2350820: fd (fd:0, idx:1) 0
0:00:00.016067821  2467 0x2348320 DEBUG   GST_POLL gstpoll.c:1335:gst_poll_fd_can_write: 0x2350820: fd (fd:0, idx:1) 1
0:00:00.020185331  2466 0xa3e370 LOG   GST_REGISTRY gstregistrychunks.c:860:_priv_gst_registry_chunks_load_plugin: filename='/home/conan/w/prod/BuildSingleReference/.conan/data/gstreamer/1.18.3/_/_/package/0387548ec0d21c08cb6b492d670dcb344087cb15/lib/gstreamer-1.0/libgstcoretracers.so'
0:00:00.016073159  2467 0x2348320 LOG   GST_PLUGIN_LOADING gstpluginloader.c:690:write_one: Writing packet of size 12 bytes to fd 0
0:00:00.020194844  2466 0xa3e370 LOG   GST_REGISTRY gstregistrychunks.c:861:_priv_gst_registry_chunks_load_plugin: desc.version='1.18.3'
0:00:00.016080981  2467 0x2348320 DEBUG   GST_POLL gstpoll.c:979:gst_poll_fd_ctl_write: 0x2350820: fd (fd:0, idx:1), active : 0
0:00:00.020202382  2466 0xa3e370 LOG   GST_REGISTRY gstregistrychunks.c:862:_priv_gst_registry_chunks_load_plugin: desc.license='LGPL'
0:00:00.016091673  2467 0x2348320 LOG   GST_POLL gstpoll.c:994:gst_poll_fd_ctl_write: 0x2350820: pfd->events now 56 (POLLOUT:4)
0:00:00.020214594  2466 0xa3e370 LOG   GST_REGISTRY gstregistrychunks.c:863:_priv_gst_registry_chunks_load_plugin: desc.source='gstreamer'
0:00:00.020224743  2466 0xa3e370 LOG   GST_REGISTRY gstregistrychunks.c:864:_priv_gst_registry_chunks_load_plugin: desc.package='GStreamer source release'
0:00:00.016111489  2467 0x2348320 DEBUG   GST_POLL gstpoll.c:772:gst_poll_free: 0x2350820: freeing
0:00:00.020231996  2466 0xa3e370 LOG   GST_REGISTRY gstregistrychunks.c:865:_priv_gst_registry_chunks_load_plugin: desc.origin='Unknown package origin'
0:00:00.020241502  2466 0xa3e370 LOG   GST_REGISTRY gstregistrychunks.c:866:_priv_gst_registry_chunks_load_plugin: desc.datetime=2021-01-13
0:00:00.020253988  2466 0xa3e370 DEBUG   GST_REGISTRY gstregistry.c:446:gst_registry_add_plugin: Replacing existing plugin "/home/conan/w/prod/BuildSingleReference/.conan/data/gstreamer/1.18.3/_/_/package/0387548ec0d21c08cb6b492d670dcb344087cb15/lib/gstreamer-1.0/libgstcoretracers.so" 0xa586c0 with new plugin 0xa60930 for filename "/home/conan/w/prod/BuildSingleReference/.conan/data/gstreamer/1.18.3/_/_/package/0387548ec0d21c08cb6b492d670dcb344087cb15/lib/gstreamer-1.0/libgstcoretracers.so"
0:00:00.020270348  2466 0xa3e370 TRACE   GST_REFCOUNTING gstobject.c:264:gst_object_unref: 0xa586c0 unref 1->0
0:00:00.020282382  2466 0xa3e370 TRACE   GST_REFCOUNTING gstobject.c:381:gst_object_dispose: 0xa586c0 dispose
0:00:00.020298600  2466 0xa3e370 DEBUG   GST_PLUGIN_LOADING gstplugin.c:136:gst_plugin_finalize: finalizing plugin
0:00:00.020313117  2466 0xa3e370 TRACE   GST_REFCOUNTING gstobject.c:423:gst_object_finalize: 0xa586c0 finalize
0:00:00.020331250  2466 0xa3e370 DEBUG   GST_REGISTRY gstregistry.c:473:gst_registry_add_plugin: adding plugin 0xa60930 for filename "/home/conan/w/prod/BuildSingleReference/.conan/data/gstreamer/1.18.3/_/_/package/0387548ec0d21c08cb6b492d670dcb344087cb15/lib/gstreamer-1.0/libgstcoretracers.so"
0:00:00.020344068  2466 0xa3e370 TRACE   GST_REFCOUNTING gstobject.c:292:gst_object_ref_sink: 0xa60930 ref_sink 1->2
0:00:00.020352538  2466 0xa3e370 LOG   GST_REGISTRY gstregistry.c:486:gst_registry_add_plugin: emitting plugin-added for filename "/home/conan/w/prod/BuildSingleReference/.conan/data/gstreamer/1.18.3/_/_/package/0387548ec0d21c08cb6b492d670dcb344087cb15/lib/gstreamer-1.0/libgstcoretracers.so"
0:00:00.020359994  2466 0xa3e370 DEBUG   GST_REGISTRY gstregistrychunks.c:886:_priv_gst_registry_chunks_load_plugin: Added plugin 'coretracers' plugin with 5 features from binary registry
0:00:00.020366829  2466 0xa3e370 DEBUG   GST_REGISTRY gstregistrychunks.c:582:gst_registry_chunks_load_feature: Plugin 'coretracers' feature 'leaks' typename : 'GstTracerFactory'
0:00:00.020375310  2466 0xa3e370 TRACE   GST_REFCOUNTING gstobject.c:208:gst_object_init: 0xa60630 new
0:00:00.020391950  2466 0xa3e370 DEBUG   GST_REGISTRY gstregistrychunks.c:716:gst_registry_chunks_load_feature: Reading/casting for GstRegistryChunkPluginFeature at address 0xa59ab8
0:00:00.020399874  2466 0xa3e370 DEBUG   GST_REGISTRY gstregistry.c:580:gst_registry_add_feature: replacing existing feature 0xa589d0 (leaks)
0:00:00.020407081  2466 0xa3e370 DEBUG   GST_REGISTRY gstregistry.c:589:gst_registry_add_feature: adding feature 0xa60630 (leaks)
0:00:00.020412766  2466 0xa3e370 TRACE   GST_REFCOUNTING gstobject.c:788:gst_object_unparent: unparent
0:00:00.020419558  2466 0xa3e370 TRACE   GST_REFCOUNTING gstobject.c:264:gst_object_unref: 0xa589d0 unref 1->0
0:00:00.020425888  2466 0xa3e370 TRACE   GST_REFCOUNTING gstobject.c:381:gst_object_dispose: 0xa589d0 dispose
0:00:00.020432782  2466 0xa3e370 DEBUG   GST_PLUGIN_LOADING gstpluginfeature.c:67:gst_plugin_feature_finalize: finalizing feature 0xa589d0: 'leaks'
0:00:00.020439150  2466 0xa3e370 TRACE   GST_REFCOUNTING gstobject.c:423:gst_object_finalize: 0xa589d0 finalize
0:00:00.020445424  2466 0xa3e370 DEBUG   GST_REFCOUNTING gstobject.c:708:gst_object_set_parent: set parent (ref and sink)
0:00:00.020452228  2466 0xa3e370 TRACE   GST_REFCOUNTING gstobject.c:292:gst_object_ref_sink: 0xa60630 ref_sink 1->2
0:00:00.020458414  2466 0xa3e370 LOG   GST_REGISTRY gstregistry.c:607:gst_registry_add_feature: emitting feature-added for leaks
0:00:00.020465342  2466 0xa3e370 DEBUG   GST_REGISTRY gstregistrychunks.c:740:gst_registry_chunks_load_feature: Added feature leaks, plugin 0xa60930 coretracers
0:00:00.020471677  2466 0xa3e370 DEBUG   GST_REGISTRY gstregistrychunks.c:582:gst_registry_chunks_load_feature: Plugin 'coretracers' feature 'stats' typename : 'GstTracerFactory'
0:00:00.020478077  2466 0xa3e370 TRACE   GST_REFCOUNTING gstobject.c:208:gst_object_init: 0xa589d0 new
0:00:00.020484862  2466 0xa3e370 DEBUG   GST_REGISTRY gstregistrychunks.c:716:gst_registry_chunks_load_feature: Reading/casting for GstRegistryChunkPluginFeature at address 0xa59ad8
0:00:00.020491691  2466 0xa3e370 DEBUG   GST_REGISTRY gstregistry.c:580:gst_registry_add_feature: replacing existing feature 0xa58bd0 (stats)
0:00:00.020498158  2466 0xa3e370 DEBUG   GST_REGISTRY gstregistry.c:589:gst_registry_add_feature: adding feature 0xa589d0 (stats)
0:00:00.020503617  2466 0xa3e370 TRACE   GST_REFCOUNTING gstobject.c:788:gst_object_unparent: unparent
0:00:00.020510465  2466 0xa3e370 TRACE   GST_REFCOUNTING gstobject.c:264:gst_object_unref: 0xa58bd0 unref 1->0
0:00:00.020516777  2466 0xa3e370 TRACE   GST_REFCOUNTING gstobject.c:381:gst_object_dispose: 0xa58bd0 dispose
0:00:00.020523334  2466 0xa3e370 DEBUG   GST_PLUGIN_LOADING gstpluginfeature.c:67:gst_plugin_feature_finalize: finalizing feature 0xa58bd0: 'stats'
0:00:00.020529275  2466 0xa3e370 TRACE   GST_REFCOUNTING gstobject.c:423:gst_object_finalize: 0xa58bd0 finalize
0:00:00.020539401  2466 0xa3e370 DEBUG   GST_REFCOUNTING gstobject.c:708:gst_object_set_parent: set parent (ref and sink)
0:00:00.020546359  2466 0xa3e370 TRACE   GST_REFCOUNTING gstobject.c:292:gst_object_ref_sink: 0xa589d0 ref_sink 1->2
0:00:00.020552625  2466 0xa3e370 LOG   GST_REGISTRY gstregistry.c:607:gst_registry_add_feature: emitting feature-added for stats
0:00:00.020558912  2466 0xa3e370 DEBUG   GST_REGISTRY gstregistrychunks.c:740:gst_registry_chunks_load_feature: Added feature stats, plugin 0xa60930 coretracers
0:00:00.020565289  2466 0xa3e370 DEBUG   GST_REGISTRY gstregistrychunks.c:582:gst_registry_chunks_load_feature: Plugin 'coretracers' feature 'rusage' typename : 'GstTracerFactory'
0:00:00.020571691  2466 0xa3e370 TRACE   GST_REFCOUNTING gstobject.c:208:gst_object_init: 0xa58bd0 new
0:00:00.020578448  2466 0xa3e370 DEBUG   GST_REGISTRY gstregistrychunks.c:716:gst_registry_chunks_load_feature: Reading/casting for GstRegistryChunkPluginFeature at address 0xa59af8
0:00:00.020585333  2466 0xa3e370 DEBUG   GST_REGISTRY gstregistry.c:580:gst_registry_add_feature: replacing existing feature 0xa58dd0 (rusage)
0:00:00.020591913  2466 0xa3e370 DEBUG   GST_REGISTRY gstregistry.c:589:gst_registry_add_feature: adding feature 0xa58bd0 (rusage)
0:00:00.020597360  2466 0xa3e370 TRACE   GST_REFCOUNTING gstobject.c:788:gst_object_unparent: unparent
0:00:00.020604024  2466 0xa3e370 TRACE   GST_REFCOUNTING gstobject.c:264:gst_object_unref: 0xa58dd0 unref 1->0
0:00:00.020610256  2466 0xa3e370 TRACE   GST_REFCOUNTING gstobject.c:381:gst_object_dispose: 0xa58dd0 dispose
0:00:00.020616830  2466 0xa3e370 DEBUG   GST_PLUGIN_LOADING gstpluginfeature.c:67:gst_plugin_feature_finalize: finalizing feature 0xa58dd0: 'rusage'
0:00:00.020622968  2466 0xa3e370 TRACE   GST_REFCOUNTING gstobject.c:423:gst_object_finalize: 0xa58dd0 finalize
0:00:00.020628901  2466 0xa3e370 DEBUG   GST_REFCOUNTING gstobject.c:708:gst_object_set_parent: set parent (ref and sink)
0:00:00.020635783  2466 0xa3e370 TRACE   GST_REFCOUNTING gstobject.c:292:gst_object_ref_sink: 0xa58bd0 ref_sink 1->2
0:00:00.020642040  2466 0xa3e370 LOG   GST_REGISTRY gstregistry.c:607:gst_registry_add_feature: emitting feature-added for rusage
0:00:00.020648254  2466 0xa3e370 DEBUG   GST_REGISTRY gstregistrychunks.c:740:gst_registry_chunks_load_feature: Added feature rusage, plugin 0xa60930 coretracers
0:00:00.020654639  2466 0xa3e370 DEBUG   GST_REGISTRY gstregistrychunks.c:582:gst_registry_chunks_load_feature: Plugin 'coretracers' feature 'log' typename : 'GstTracerFactory'
0:00:00.020676909  2466 0xa3e370 TRACE   GST_REFCOUNTING gstobject.c:208:gst_object_init: 0xa58dd0 new
0:00:00.020684572  2466 0xa3e370 DEBUG   GST_REGISTRY gstregistrychunks.c:716:gst_registry_chunks_load_feature: Reading/casting for GstRegistryChunkPluginFeature at address 0xa59b18
0:00:00.020691704  2466 0xa3e370 DEBUG   GST_REGISTRY gstregistry.c:580:gst_registry_add_feature: replacing existing feature 0xa58fd0 (log)
0:00:00.020704092  2466 0xa3e370 DEBUG   GST_REGISTRY gstregistry.c:589:gst_registry_add_feature: adding feature 0xa58dd0 (log)
0:00:00.020709669  2466 0xa3e370 TRACE   GST_REFCOUNTING gstobject.c:788:gst_object_unparent: unparent
0:00:00.020716197  2466 0xa3e370 TRACE   GST_REFCOUNTING gstobject.c:264:gst_object_unref: 0xa58fd0 unref 1->0
0:00:00.020722326  2466 0xa3e370 TRACE   GST_REFCOUNTING gstobject.c:381:gst_object_dispose: 0xa58fd0 dispose
0:00:00.020728778  2466 0xa3e370 DEBUG   GST_PLUGIN_LOADING gstpluginfeature.c:67:gst_plugin_feature_finalize: finalizing feature 0xa58fd0: 'log'
0:00:00.020734742  2466 0xa3e370 TRACE   GST_REFCOUNTING gstobject.c:423:gst_object_finalize: 0xa58fd0 finalize
0:00:00.020740565  2466 0xa3e370 DEBUG   GST_REFCOUNTING gstobject.c:708:gst_object_set_parent: set parent (ref and sink)
0:00:00.020746989  2466 0xa3e370 TRACE   GST_REFCOUNTING gstobject.c:292:gst_object_ref_sink: 0xa58dd0 ref_sink 1->2
0:00:00.020752977  2466 0xa3e370 LOG   GST_REGISTRY gstregistry.c:607:gst_registry_add_feature: emitting feature-added for log
0:00:00.020759269  2466 0xa3e370 DEBUG   GST_REGISTRY gstregistrychunks.c:740:gst_registry_chunks_load_feature: Added feature log, plugin 0xa60930 coretracers
0:00:00.020765522  2466 0xa3e370 DEBUG   GST_REGISTRY gstregistrychunks.c:582:gst_registry_chunks_load_feature: Plugin 'coretracers' feature 'latency' typename : 'GstTracerFactory'
0:00:00.020771927  2466 0xa3e370 TRACE   GST_REFCOUNTING gstobject.c:208:gst_object_init: 0xa58fd0 new
0:00:00.020778781  2466 0xa3e370 DEBUG   GST_REGISTRY gstregistrychunks.c:716:gst_registry_chunks_load_feature: Reading/casting for GstRegistryChunkPluginFeature at address 0xa59b40
0:00:00.020785483  2466 0xa3e370 DEBUG   GST_REGISTRY gstregistry.c:580:gst_registry_add_feature: replacing existing feature 0xa591d0 (latency)
0:00:00.020791786  2466 0xa3e370 DEBUG   GST_REGISTRY gstregistry.c:589:gst_registry_add_feature: adding feature 0xa58fd0 (latency)
0:00:00.020797146  2466 0xa3e370 TRACE   GST_REFCOUNTING gstobject.c:788:gst_object_unparent: unparent
0:00:00.020803635  2466 0xa3e370 TRACE   GST_REFCOUNTING gstobject.c:264:gst_object_unref: 0xa591d0 unref 1->0
0:00:00.020809811  2466 0xa3e370 TRACE   GST_REFCOUNTING gstobject.c:381:gst_object_dispose: 0xa591d0 dispose
0:00:00.020816363  2466 0xa3e370 DEBUG   GST_PLUGIN_LOADING gstpluginfeature.c:67:gst_plugin_feature_finalize: finalizing feature 0xa591d0: 'latency'
0:00:00.020822239  2466 0xa3e370 TRACE   GST_REFCOUNTING gstobject.c:423:gst_object_finalize: 0xa591d0 finalize
0:00:00.020828076  2466 0xa3e370 DEBUG   GST_REFCOUNTING gstobject.c:708:gst_object_set_parent: set parent (ref and sink)
0:00:00.020834499  2466 0xa3e370 TRACE   GST_REFCOUNTING gstobject.c:292:gst_object_ref_sink: 0xa58fd0 ref_sink 1->2
0:00:00.020844805  2466 0xa3e370 LOG   GST_REGISTRY gstregistry.c:607:gst_registry_add_feature: emitting feature-added for latency
0:00:00.020851145  2466 0xa3e370 DEBUG   GST_REGISTRY gstregistrychunks.c:740:gst_registry_chunks_load_feature: Added feature latency, plugin 0xa60930 coretracers
0:00:00.020858566  2466 0xa3e370 LOG   GST_PLUGIN_LOADING gstpluginloader.c:887:handle_rx_packet: marking plugin 0xa60930 as registered as /home/conan/w/prod/BuildSingleReference/.conan/data/gstreamer/1.18.3/_/_/package/0387548ec0d21c08cb6b492d670dcb344087cb15/lib/gstreamer-1.0/libgstcoretracers.so
0:00:00.020867443  2466 0xa3e370 DEBUG   GST_POLL gstpoll.c:1414:gst_poll_wait: 0xa57b20: timeout :0:00:01.000000000
0:00:00.020876973  2466 0xa3e370 LOG   GST_PLUGIN_LOADING gstpluginloader.c:1027:exchange_packets: Poll res = 2. 0 bytes pending for write
0:00:00.020883697  2466 0xa3e370 DEBUG   GST_POLL gstpoll.c:1241:gst_poll_fd_has_error: 0xa57b20: fd (fd:8, idx:2) 0
0:00:00.020889908  2466 0xa3e370 DEBUG   GST_POLL gstpoll.c:1266:gst_poll_fd_can_read_unlocked: 0xa57b20: fd (fd:8, idx:2) 1
0:00:00.020899906  2466 0xa3e370 DEBUG   GST_PLUGIN_LOADING gstpluginloader.c:848:handle_rx_packet: Received plugin details from child w/ tag 3. 6860 bytes info
0:00:00.020905913  2466 0xa3e370 LOG   GST_REGISTRY gstregistrychunks.c:836:_priv_gst_registry_chunks_load_plugin: Reading/casting for GstRegistryChunkPluginElement at address 0xa59970
0:00:00.020912459  2466 0xa3e370 TRACE   GST_REFCOUNTING gstobject.c:208:gst_object_init: 0xa60b20 new
0:00:00.020922529  2466 0xa3e370 LOG   GST_REGISTRY gstregistrychunks.c:858:_priv_gst_registry_chunks_load_plugin: read strings for name='coreelements'
0:00:00.020928420  2466 0xa3e370 LOG   GST_REGISTRY gstregistrychunks.c:859:_priv_gst_registry_chunks_load_plugin: desc.description='GStreamer core elements'
0:00:00.020934386  2466 0xa3e370 LOG   GST_REGISTRY gstregistrychunks.c:860:_priv_gst_registry_chunks_load_plugin: filename='/home/conan/w/prod/BuildSingleReference/.conan/data/gstreamer/1.18.3/_/_/package/0387548ec0d21c08cb6b492d670dcb344087cb15/lib/gstreamer-1.0/libgstcoreelements.so'
0:00:00.020940318  2466 0xa3e370 LOG   GST_REGISTRY gstregistrychunks.c:861:_priv_gst_registry_chunks_load_plugin: desc.version='1.18.3'
0:00:00.020945446  2466 0xa3e370 LOG   GST_REGISTRY gstregistrychunks.c:862:_priv_gst_registry_chunks_load_plugin: desc.license='LGPL'
0:00:00.020950538  2466 0xa3e370 LOG   GST_REGISTRY gstregistrychunks.c:863:_priv_gst_registry_chunks_load_plugin: desc.source='gstreamer'
0:00:00.020955878  2466 0xa3e370 LOG   GST_REGISTRY gstregistrychunks.c:864:_priv_gst_registry_chunks_load_plugin: desc.package='GStreamer source release'
0:00:00.020961344  2466 0xa3e370 LOG   GST_REGISTRY gstregistrychunks.c:865:_priv_gst_registry_chunks_load_plugin: desc.origin='Unknown package origin'
0:00:00.020966560  2466 0xa3e370 LOG   GST_REGISTRY gstregistrychunks.c:866:_priv_gst_registry_chunks_load_plugin: desc.datetime=2021-01-13
0:00:00.020975129  2466 0xa3e370 DEBUG   GST_REGISTRY gstregistry.c:446:gst_registry_add_plugin: Replacing existing plugin "/home/conan/w/prod/BuildSingleReference/.conan/data/gstreamer/1.18.3/_/_/package/0387548ec0d21c08cb6b492d670dcb344087cb15/lib/gstreamer-1.0/libgstcoreelements.so" 0xa58050 with new plugin 0xa60b20 for filename "/home/conan/w/prod/BuildSingleReference/.conan/data/gstreamer/1.18.3/_/_/package/0387548ec0d21c08cb6b492d670dcb344087cb15/lib/gstreamer-1.0/libgstcoreelements.so"
0:00:00.020987458  2466 0xa3e370 TRACE   GST_REFCOUNTING gstobject.c:264:gst_object_unref: 0xa58050 unref 1->0
0:00:00.020994166  2466 0xa3e370 TRACE   GST_REFCOUNTING gstobject.c:381:gst_object_dispose: 0xa58050 dispose
0:00:00.021001168  2466 0xa3e370 DEBUG   GST_PLUGIN_LOADING gstplugin.c:136:gst_plugin_finalize: finalizing plugin
0:00:00.021007183  2466 0xa3e370 TRACE   GST_REFCOUNTING gstobject.c:423:gst_object_finalize: 0xa58050 finalize
0:00:00.021015487  2466 0xa3e370 DEBUG   GST_REGISTRY gstregistry.c:473:gst_registry_add_plugin: adding plugin 0xa60b20 for filename "/home/conan/w/prod/BuildSingleReference/.conan/data/gstreamer/1.18.3/_/_/package/0387548ec0d21c08cb6b492d670dcb344087cb15/lib/gstreamer-1.0/libgstcoreelements.so"
0:00:00.021022749  2466 0xa3e370 TRACE   GST_REFCOUNTING gstobject.c:292:gst_object_ref_sink: 0xa60b20 ref_sink 1->2
0:00:00.021029861  2466 0xa3e370 LOG   GST_REGISTRY gstregistry.c:486:gst_registry_add_plugin: emitting plugin-added for filename "/home/conan/w/prod/BuildSingleReference/.conan/data/gstreamer/1.18.3/_/_/package/0387548ec0d21c08cb6b492d670dcb344087cb15/lib/gstreamer-1.0/libgstcoreelements.so"
0:00:00.021036780  2466 0xa3e370 DEBUG   GST_REGISTRY gstregistrychunks.c:886:_priv_gst_registry_chunks_load_plugin: Added plugin 'coreelements' plugin with 22 features from binary registry
0:00:00.021043268  2466 0xa3e370 DEBUG   GST_REGISTRY gstregistrychunks.c:582:gst_registry_chunks_load_feature: Plugin 'coreelements' feature 'streamiddemux' typename : 'GstElementFactory'
0:00:00.021049870  2466 0xa3e370 TRACE   GST_REFCOUNTING gstobject.c:208:gst_object_init: 0xa59090 new
0:00:00.021056826  2466 0xa3e370 LOG   GST_REGISTRY gstregistrychunks.c:609:gst_registry_chunks_load_feature: Reading/casting for GstRegistryChunkElementFactory at address 0xa59ac8
0:00:00.021076437  2466 0xa3e370 TRACE   structure gststructure.c:287:gst_structure_new_id_empty_with_size: created structure 0xa604b0
0:00:00.021082562  2466 0xa3e370 DEBUG   structure gststructure.c:2203:gst_structure_parse_field: trying field name 'long-name'
0:00:00.021088158  2466 0xa3e370 DEBUG   default gstvalue.c:2676:_priv_gst_value_parse_value: trying type name 'string'
0:00:00.021095164  2466 0xa3e370 DEBUG   structure gststructure.c:2203:gst_structure_parse_field: trying field name 'klass'
0:00:00.021100544  2466 0xa3e370 DEBUG   default gstvalue.c:2676:_priv_gst_value_parse_value: trying type name 'string'
0:00:00.021106552  2466 0xa3e370 DEBUG   structure gststructure.c:2203:gst_structure_parse_field: trying field name 'description'
0:00:00.021111752  2466 0xa3e370 DEBUG   default gstvalue.c:2676:_priv_gst_value_parse_value: trying type name 'string'
0:00:00.021122235  2466 0xa3e370 DEBUG   structure gststructure.c:2203:gst_structure_parse_field: trying field name 'author'
0:00:00.021127595  2466 0xa3e370 DEBUG   default gstvalue.c:2676:_priv_gst_value_parse_value: trying type name 'string'
0:00:00.021133887  2466 0xa3e370 DEBUG   GST_REGISTRY gstregistrychunks.c:626:gst_registry_chunks_load_feature: Element factory : npadtemplates=2
0:00:00.021139414  2466 0xa3e370 DEBUG   GST_REGISTRY gstregistrychunks.c:525:gst_registry_chunks_load_pad_template: Reading/casting for GstRegistryChunkPadTemplate at address 0xa59ba0
0:00:00.021145021  2466 0xa3e370 DEBUG   GST_REGISTRY gstregistrychunks.c:539:gst_registry_chunks_load_pad_template: Added pad_template src_%u
0:00:00.021150629  2466 0xa3e370 DEBUG   GST_REGISTRY gstregistrychunks.c:525:gst_registry_chunks_load_pad_template: Reading/casting for GstRegistryChunkPadTemplate at address 0xa59bb8
0:00:00.021156084  2466 0xa3e370 DEBUG   GST_REGISTRY gstregistrychunks.c:539:gst_registry_chunks_load_pad_template: Added pad_template sink
0:00:00.021163169  2466 0xa3e370 DEBUG   GST_REGISTRY gstregistry.c:580:gst_registry_add_feature: replacing existing feature 0xa59290 (streamiddemux)
0:00:00.021169972  2466 0xa3e370 DEBUG   GST_REGISTRY gstregistry.c:589:gst_registry_add_feature: adding feature 0xa59090 (streamiddemux)
0:00:00.021175649  2466 0xa3e370 TRACE   GST_REFCOUNTING gstobject.c:788:gst_object_unparent: unparent
0:00:00.021182600  2466 0xa3e370 TRACE   GST_REFCOUNTING gstobject.c:264:gst_object_unref: 0xa59290 unref 1->0
0:00:00.021188968  2466 0xa3e370 TRACE   GST_REFCOUNTING gstobject.c:381:gst_object_dispose: 0xa59290 dispose
0:00:00.021195655  2466 0xa3e370 TRACE   structure gststructure.c:544:gst_structure_free: free structure 0xa59490
0:00:00.021203543  2466 0xa3e370 TRACE   GST_REFCOUNTING gstminiobject.c:721:gst_mini_object_replace: replace (nil) (0) with (nil) (0)
0:00:00.021210863  2466 0xa3e370 TRACE   GST_REFCOUNTING gstminiobject.c:721:gst_mini_object_replace: replace (nil) (0) with (nil) (0)
0:00:00.021217434  2466 0xa3e370 DEBUG   GST_PLUGIN_LOADING gstpluginfeature.c:67:gst_plugin_feature_finalize: finalizing feature 0xa59290: 'streamiddemux'
0:00:00.021223490  2466 0xa3e370 TRACE   GST_REFCOUNTING gstobject.c:423:gst_object_finalize: 0xa59290 finalize
0:00:00.021229482  2466 0xa3e370 DEBUG   GST_REFCOUNTING gstobject.c:708:gst_object_set_parent: set parent (ref and sink)
0:00:00.021236226  2466 0xa3e370 TRACE   GST_REFCOUNTING gstobject.c:292:gst_object_ref_sink: 0xa59090 ref_sink 1->2
0:00:00.021242299  2466 0xa3e370 LOG   GST_REGISTRY gstregistry.c:607:gst_registry_add_feature: emitting feature-added for streamiddemux
0:00:00.021248930  2466 0xa3e370 DEBUG   GST_REGISTRY gstregistrychunks.c:740:gst_registry_chunks_load_feature: Added feature streamiddemux, plugin 0xa60b20 coreelements
0:00:00.021255529  2466 0xa3e370 DEBUG   GST_REGISTRY gstregistrychunks.c:582:gst_registry_chunks_load_feature: Plugin 'coreelements' feature 'valve' typename : 'GstElementFactory'
0:00:00.021266261  2466 0xa3e370 TRACE   GST_REFCOUNTING gstobject.c:208:gst_object_init: 0xa59290 new
0:00:00.021273112  2466 0xa3e370 LOG   GST_REGISTRY gstregistrychunks.c:609:gst_registry_chunks_load_feature: Reading/casting for GstRegistryChunkElementFactory at address 0xa59be8
0:00:00.021279281  2466 0xa3e370 TRACE   structure gststructure.c:287:gst_structure_new_id_empty_with_size: created structure 0xa60c50
0:00:00.021285012  2466 0xa3e370 DEBUG   structure gststructure.c:2203:gst_structure_parse_field: trying field name 'long-name'
0:00:00.021290455  2466 0xa3e370 DEBUG   default gstvalue.c:2676:_priv_gst_value_parse_value: trying type name 'string'
0:00:00.021296269  2466 0xa3e370 DEBUG   structure gststructure.c:2203:gst_structure_parse_field: trying field name 'klass'
0:00:00.021301391  2466 0xa3e370 DEBUG   default gstvalue.c:2676:_priv_gst_value_parse_value: trying type name 'string'
0:00:00.021307011  2466 0xa3e370 DEBUG   structure gststructure.c:2203:gst_structure_parse_field: trying field name 'description'
0:00:00.021312181  2466 0xa3e370 DEBUG   default gstvalue.c:2676:_priv_gst_value_parse_value: trying type name 'string'
0:00:00.021318112  2466 0xa3e370 DEBUG   structure gststructure.c:2203:gst_structure_parse_field: trying field name 'author'
0:00:00.021323231  2466 0xa3e370 DEBUG   default gstvalue.c:2676:_priv_gst_value_parse_value: trying type name 'string'
0:00:00.021329237  2466 0xa3e370 DEBUG   GST_REGISTRY gstregistrychunks.c:626:gst_registry_chunks_load_feature: Element factory : npadtemplates=2
0:00:00.021334757  2466 0xa3e370 DEBUG   GST_REGISTRY gstregistrychunks.c:525:gst_registry_chunks_load_pad_template: Reading/casting for GstRegistryChunkPadTemplate at address 0xa59cd8
0:00:00.021340347  2466 0xa3e370 DEBUG   GST_REGISTRY gstregistrychunks.c:539:gst_registry_chunks_load_pad_template: Added pad_template sink
0:00:00.021345556  2466 0xa3e370 DEBUG   GST_REGISTRY gstregistrychunks.c:525:gst_registry_chunks_load_pad_template: Reading/casting for GstRegistryChunkPadTemplate at address 0xa59cf0
0:00:00.021350912  2466 0xa3e370 DEBUG   GST_REGISTRY gstregistrychunks.c:539:gst_registry_chunks_load_pad_template: Added pad_template src
0:00:00.021357534  2466 0xa3e370 DEBUG   GST_REGISTRY gstregistry.c:580:gst_registry_add_feature: replacing existing feature 0xa597f0 (valve)
0:00:00.021364285  2466 0xa3e370 DEBUG   GST_REGISTRY gstregistry.c:589:gst_registry_add_feature: adding feature 0xa59290 (valve)
0:00:00.021369755  2466 0xa3e370 TRACE   GST_REFCOUNTING gstobject.c:788:gst_object_unparent: unparent
0:00:00.021376676  2466 0xa3e370 TRACE   GST_REFCOUNTING gstobject.c:264:gst_object_unref: 0xa597f0 unref 1->0
0:00:00.021383093  2466 0xa3e370 TRACE   GST_REFCOUNTING gstobject.c:381:gst_object_dispose: 0xa597f0 dispose
0:00:00.021389620  2466 0xa3e370 TRACE   structure gststructure.c:544:gst_structure_free: free structure 0xa5b640
0:00:00.021403558  2466 0xa3e370 TRACE   GST_REFCOUNTING gstminiobject.c:721:gst_mini_object_replace: replace (nil) (0) with (nil) (0)
0:00:00.021410328  2466 0xa3e370 TRACE   GST_REFCOUNTING gstminiobject.c:721:gst_mini_object_replace: replace (nil) (0) with (nil) (0)
0:00:00.021416860  2466 0xa3e370 DEBUG   GST_PLUGIN_LOADING gstpluginfeature.c:67:gst_plugin_feature_finalize: finalizing feature 0xa597f0: 'valve'
0:00:00.021422821  2466 0xa3e370 TRACE   GST_REFCOUNTING gstobject.c:423:gst_object_finalize: 0xa597f0 finalize
0:00:00.021428725  2466 0xa3e370 DEBUG   GST_REFCOUNTING gstobject.c:708:gst_object_set_parent: set parent (ref and sink)
0:00:00.021435232  2466 0xa3e370 TRACE   GST_REFCOUNTING gstobject.c:292:gst_object_ref_sink: 0xa59290 ref_sink 1->2
0:00:00.021441294  2466 0xa3e370 LOG   GST_REGISTRY gstregistry.c:607:gst_registry_add_feature: emitting feature-added for valve
0:00:00.021447728  2466 0xa3e370 DEBUG   GST_REGISTRY gstregistrychunks.c:740:gst_registry_chunks_load_feature: Added feature valve, plugin 0xa60b20 coreelements
0:00:00.021454001  2466 0xa3e370 DEBUG   GST_REGISTRY gstregistrychunks.c:582:gst_registry_chunks_load_feature: Plugin 'coreelements' feature 'multiqueue' typename : 'GstElementFactory'
0:00:00.021460267  2466 0xa3e370 TRACE   GST_REFCOUNTING gstobject.c:208:gst_object_init: 0xa597f0 new
0:00:00.021466959  2466 0xa3e370 LOG   GST_REGISTRY gstregistrychunks.c:609:gst_registry_chunks_load_feature: Reading/casting for GstRegistryChunkElementFactory at address 0xa59d20
0:00:00.021473495  2466 0xa3e370 TRACE   structure gststructure.c:287:gst_structure_new_id_empty_with_size: created structure 0xa5b640
0:00:00.021479243  2466 0xa3e370 DEBUG   structure gststructure.c:2203:gst_structure_parse_field: trying field name 'long-name'
0:00:00.021484560  2466 0xa3e370 DEBUG   default gstvalue.c:2676:_priv_gst_value_parse_value: trying type name 'string'
0:00:00.021490383  2466 0xa3e370 DEBUG   structure gststructure.c:2203:gst_structure_parse_field: trying field name 'klass'
0:00:00.021495763  2466 0xa3e370 DEBUG   default gstvalue.c:2676:_priv_gst_value_parse_value: trying type name 'string'
0:00:00.021501443  2466 0xa3e370 DEBUG   structure gststructure.c:2203:gst_structure_parse_field: trying field name 'description'
0:00:00.021506764  2466 0xa3e370 DEBUG   default gstvalue.c:2676:_priv_gst_value_parse_value: trying type name 'string'
0:00:00.021512469  2466 0xa3e370 DEBUG   structure gststructure.c:2203:gst_structure_parse_field: trying field name 'author'
0:00:00.021517574  2466 0xa3e370 DEBUG   default gstvalue.c:2676:_priv_gst_value_parse_value: trying type name 'string'
0:00:00.021523638  2466 0xa3e370 DEBUG   GST_REGISTRY gstregistrychunks.c:626:gst_registry_chunks_load_feature: Element factory : npadtemplates=2
0:00:00.021528950  2466 0xa3e370 DEBUG   GST_REGISTRY gstregistrychunks.c:525:gst_registry_chunks_load_pad_template: Reading/casting for GstRegistryChunkPadTemplate at address 0xa59de0
0:00:00.021538613  2466 0xa3e370 DEBUG   GST_REGISTRY gstregistrychunks.c:539:gst_registry_chunks_load_pad_template: Added pad_template src_%u
0:00:00.021543938  2466 0xa3e370 DEBUG   GST_REGISTRY gstregistrychunks.c:525:gst_registry_chunks_load_pad_template: Reading/casting for GstRegistryChunkPadTemplate at address 0xa59df8
0:00:00.021549513  2466 0xa3e370 DEBUG   GST_REGISTRY gstregistrychunks.c:539:gst_registry_chunks_load_pad_template: Added pad_template sink_%u
0:00:00.021556412  2466 0xa3e370 DEBUG   GST_REGISTRY gstregistry.c:580:gst_registry_add_feature: replacing existing feature 0xa5b7c0 (multiqueue)
0:00:00.021563478  2466 0xa3e370 DEBUG   GST_REGISTRY gstregistry.c:589:gst_registry_add_feature: adding feature 0xa597f0 (multiqueue)
0:00:00.021568945  2466 0xa3e370 TRACE   GST_REFCOUNTING gstobject.c:788:gst_object_unparent: unparent
0:00:00.021575933  2466 0xa3e370 TRACE   GST_REFCOUNTING gstobject.c:264:gst_object_unref: 0xa5b7c0 unref 1->0
0:00:00.021582191  2466 0xa3e370 TRACE   GST_REFCOUNTING gstobject.c:381:gst_object_dispose: 0xa5b7c0 dispose
0:00:00.021588389  2466 0xa3e370 TRACE   structure gststructure.c:544:gst_structure_free: free structure 0xa5b8b0
0:00:00.021594766  2466 0xa3e370 TRACE   GST_REFCOUNTING gstminiobject.c:721:gst_mini_object_replace: replace (nil) (0) with (nil) (0)
0:00:00.021601564  2466 0xa3e370 TRACE   GST_REFCOUNTING gstminiobject.c:721:gst_mini_object_replace: replace (nil) (0) with (nil) (0)
0:00:00.021608215  2466 0xa3e370 DEBUG   GST_PLUGIN_LOADING gstpluginfeature.c:67:gst_plugin_feature_finalize: finalizing feature 0xa5b7c0: 'multiqueue'
0:00:00.021614327  2466 0xa3e370 TRACE   GST_REFCOUNTING gstobject.c:423:gst_object_finalize: 0xa5b7c0 finalize
0:00:00.021620511  2466 0xa3e370 DEBUG   GST_REFCOUNTING gstobject.c:708:gst_object_set_parent: set parent (ref and sink)
0:00:00.021627085  2466 0xa3e370 TRACE   GST_REFCOUNTING gstobject.c:292:gst_object_ref_sink: 0xa597f0 ref_sink 1->2
0:00:00.021633262  2466 0xa3e370 LOG   GST_REGISTRY gstregistry.c:607:gst_registry_add_feature: emitting feature-added for multiqueue
0:00:00.021639496  2466 0xa3e370 DEBUG   GST_REGISTRY gstregistrychunks.c:740:gst_registry_chunks_load_feature: Added feature multiqueue, plugin 0xa60b20 coreelements
0:00:00.021645931  2466 0xa3e370 DEBUG   GST_REGISTRY gstregistrychunks.c:582:gst_registry_chunks_load_feature: Plugin 'coreelements' feature 'typefind' typename : 'GstElementFactory'
0:00:00.021652458  2466 0xa3e370 TRACE   GST_REFCOUNTING gstobject.c:208:gst_object_init: 0xa5b770 new
0:00:00.021670591  2466 0xa3e370 LOG   GST_REGISTRY gstregistrychunks.c:609:gst_registry_chunks_load_feature: Reading/casting for GstRegistryChunkElementFactory at address 0xa59e28
0:00:00.021678121  2466 0xa3e370 TRACE   structure gststructure.c:287:gst_structure_new_id_empty_with_size: created structure 0xa5b860
0:00:00.021683802  2466 0xa3e370 DEBUG   structure gststructure.c:2203:gst_structure_parse_field: trying field name 'long-name'
0:00:00.021693198  2466 0xa3e370 DEBUG   default gstvalue.c:2676:_priv_gst_value_parse_value: trying type name 'string'
