0:00:00.016779251  2466 0xa3e370 TRACE   GST_REFCOUNTING gstobject.c:292:gst_object_ref_sink: 0xa5b7c0 ref_sink 1->2
0:00:00.012663549  2467 0x2348320 LOG   GST_POLL gstpoll.c:994:gst_poll_fd_ctl_write: 0x2350820: pfd->events now 60 (POLLOUT:4)
0:00:00.016786674  2466 0xa3e370 LOG   GST_REGISTRY gstregistry.c:607:gst_registry_add_feature: emitting feature-added for multiqueue
0:00:00.012670909  2467 0x2348320 DEBUG   GST_POLL gstpoll.c:979:gst_poll_fd_ctl_write: 0x2350820: fd (fd:0, idx:1), active : 1
0:00:00.016793622  2466 0xa3e370 DEBUG   GST_REGISTRY gstregistrychunks.c:740:gst_registry_chunks_load_feature: Added feature multiqueue, plugin 0xa58050 coreelements
0:00:00.012677306  2467 0x2348320 LOG   GST_POLL gstpoll.c:994:gst_poll_fd_ctl_write: 0x2350820: pfd->events now 60 (POLLOUT:4)
0:00:00.016804913  2466 0xa3e370 DEBUG   GST_REGISTRY gstregistrychunks.c:582:gst_registry_chunks_load_feature: Plugin 'coreelements' feature 'typefind' typename : 'GstElementFactory'
0:00:00.012688858  2467 0x2348320 DEBUG   GST_POLL gstpoll.c:979:gst_poll_fd_ctl_write: 0x2350820: fd (fd:0, idx:1), active : 1
0:00:00.016812263  2466 0xa3e370 TRACE   GST_REFCOUNTING gstobject.c:208:gst_object_init: 0xa5b9e0 new
0:00:00.012695874  2467 0x2348320 LOG   GST_POLL gstpoll.c:994:gst_poll_fd_ctl_write: 0x2350820: pfd->events now 60 (POLLOUT:4)
0:00:00.016819842  2466 0xa3e370 LOG   GST_REGISTRY gstregistrychunks.c:609:gst_registry_chunks_load_feature: Reading/casting for GstRegistryChunkElementFactory at address 0xa59e28
0:00:00.012703238  2467 0x2348320 DEBUG   GST_POLL gstpoll.c:979:gst_poll_fd_ctl_write: 0x2350820: fd (fd:0, idx:1), active : 1
0:00:00.016826865  2466 0xa3e370 TRACE   structure gststructure.c:287:gst_structure_new_id_empty_with_size: created structure 0xa5bba0
0:00:00.012710557  2467 0x2348320 LOG   GST_POLL gstpoll.c:994:gst_poll_fd_ctl_write: 0x2350820: pfd->events now 60 (POLLOUT:4)
0:00:00.016832931  2466 0xa3e370 DEBUG   structure gststructure.c:2203:gst_structure_parse_field: trying field name 'long-name'
0:00:00.012717460  2467 0x2348320 DEBUG   GST_POLL gstpoll.c:979:gst_poll_fd_ctl_write: 0x2350820: fd (fd:0, idx:1), active : 1
0:00:00.016838914  2466 0xa3e370 DEBUG   default gstvalue.c:2676:_priv_gst_value_parse_value: trying type name 'string'
0:00:00.012723515  2467 0x2348320 LOG   GST_POLL gstpoll.c:994:gst_poll_fd_ctl_write: 0x2350820: pfd->events now 60 (POLLOUT:4)
0:00:00.016845317  2466 0xa3e370 DEBUG   structure gststructure.c:2203:gst_structure_parse_field: trying field name 'klass'
0:00:00.012729803  2467 0x2348320 DEBUG   GST_POLL gstpoll.c:979:gst_poll_fd_ctl_write: 0x2350820: fd (fd:0, idx:1), active : 1
0:00:00.016851066  2466 0xa3e370 DEBUG   default gstvalue.c:2676:_priv_gst_value_parse_value: trying type name 'string'
0:00:00.012736055  2467 0x2348320 LOG   GST_POLL gstpoll.c:994:gst_poll_fd_ctl_write: 0x2350820: pfd->events now 60 (POLLOUT:4)
0:00:00.016857183  2466 0xa3e370 DEBUG   structure gststructure.c:2203:gst_structure_parse_field: trying field name 'description'
0:00:00.012758921  2467 0x2348320 DEBUG   GST_POLL gstpoll.c:979:gst_poll_fd_ctl_write: 0x2350820: fd (fd:0, idx:1), active : 1
0:00:00.016878322  2466 0xa3e370 DEBUG   default gstvalue.c:2676:_priv_gst_value_parse_value: trying type name 'string'
0:00:00.012765420  2467 0x2348320 LOG   GST_POLL gstpoll.c:994:gst_poll_fd_ctl_write: 0x2350820: pfd->events now 60 (POLLOUT:4)
0:00:00.016886810  2466 0xa3e370 DEBUG   structure gststructure.c:2203:gst_structure_parse_field: trying field name 'author'
0:00:00.012771672  2467 0x2348320 DEBUG   GST_POLL gstpoll.c:979:gst_poll_fd_ctl_write: 0x2350820: fd (fd:0, idx:1), active : 1
0:00:00.016900850  2466 0xa3e370 DEBUG   default gstvalue.c:2676:_priv_gst_value_parse_value: trying type name 'string'
0:00:00.012784743  2467 0x2348320 LOG   GST_POLL gstpoll.c:994:gst_poll_fd_ctl_write: 0x2350820: pfd->events now 60 (POLLOUT:4)
0:00:00.012793926  2467 0x2348320 DEBUG   GST_POLL gstpoll.c:979:gst_poll_fd_ctl_write: 0x2350820: fd (fd:0, idx:1), active : 1
0:00:00.016912353  2466 0xa3e370 DEBUG   GST_REGISTRY gstregistrychunks.c:626:gst_registry_chunks_load_feature: Element factory : npadtemplates=2
0:00:00.012799684  2467 0x2348320 LOG   GST_POLL gstpoll.c:994:gst_poll_fd_ctl_write: 0x2350820: pfd->events now 60 (POLLOUT:4)
0:00:00.016923291  2466 0xa3e370 DEBUG   GST_REGISTRY gstregistrychunks.c:525:gst_registry_chunks_load_pad_template: Reading/casting for GstRegistryChunkPadTemplate at address 0xa59f00
0:00:00.012808659  2467 0x2348320 DEBUG   GST_POLL gstpoll.c:979:gst_poll_fd_ctl_write: 0x2350820: fd (fd:0, idx:1), active : 1
0:00:00.016934963  2466 0xa3e370 DEBUG   GST_REGISTRY gstregistrychunks.c:539:gst_registry_chunks_load_pad_template: Added pad_template sink
0:00:00.012819077  2467 0x2348320 LOG   GST_POLL gstpoll.c:994:gst_poll_fd_ctl_write: 0x2350820: pfd->events now 60 (POLLOUT:4)
0:00:00.016942837  2466 0xa3e370 DEBUG   GST_REGISTRY gstregistrychunks.c:525:gst_registry_chunks_load_pad_template: Reading/casting for GstRegistryChunkPadTemplate at address 0xa59f18
0:00:00.012830646  2467 0x2348320 DEBUG   GST_POLL gstpoll.c:979:gst_poll_fd_ctl_write: 0x2350820: fd (fd:0, idx:1), active : 1
0:00:00.016953288  2466 0xa3e370 DEBUG   GST_REGISTRY gstregistrychunks.c:539:gst_registry_chunks_load_pad_template: Added pad_template src
0:00:00.012842426  2467 0x2348320 LOG   GST_POLL gstpoll.c:994:gst_poll_fd_ctl_write: 0x2350820: pfd->events now 60 (POLLOUT:4)
0:00:00.016972565  2466 0xa3e370 DEBUG   GST_REGISTRY gstregistry.c:589:gst_registry_add_feature: adding feature 0xa5b9e0 (typefind)
0:00:00.012854551  2467 0x2348320 DEBUG   GST_POLL gstpoll.c:979:gst_poll_fd_ctl_write: 0x2350820: fd (fd:0, idx:1), active : 1
0:00:00.016979305  2466 0xa3e370 DEBUG   GST_REFCOUNTING gstobject.c:708:gst_object_set_parent: set parent (ref and sink)
0:00:00.012866434  2467 0x2348320 LOG   GST_POLL gstpoll.c:994:gst_poll_fd_ctl_write: 0x2350820: pfd->events now 60 (POLLOUT:4)
0:00:00.016986935  2466 0xa3e370 TRACE   GST_REFCOUNTING gstobject.c:292:gst_object_ref_sink: 0xa5b9e0 ref_sink 1->2
0:00:00.012878555  2467 0x2348320 DEBUG   GST_POLL gstpoll.c:979:gst_poll_fd_ctl_write: 0x2350820: fd (fd:0, idx:1), active : 1
0:00:00.016999212  2466 0xa3e370 LOG   GST_REGISTRY gstregistry.c:607:gst_registry_add_feature: emitting feature-added for typefind
0:00:00.012889579  2467 0x2348320 LOG   GST_POLL gstpoll.c:994:gst_poll_fd_ctl_write: 0x2350820: pfd->events now 60 (POLLOUT:4)
0:00:00.017010682  2466 0xa3e370 DEBUG   GST_REGISTRY gstregistrychunks.c:740:gst_registry_chunks_load_feature: Added feature typefind, plugin 0xa58050 coreelements
0:00:00.012901154  2467 0x2348320 DEBUG   GST_POLL gstpoll.c:979:gst_poll_fd_ctl_write: 0x2350820: fd (fd:0, idx:1), active : 1
0:00:00.012913053  2467 0x2348320 LOG   GST_POLL gstpoll.c:994:gst_poll_fd_ctl_write: 0x2350820: pfd->events now 60 (POLLOUT:4)
0:00:00.017029532  2466 0xa3e370 DEBUG   GST_REGISTRY gstregistrychunks.c:582:gst_registry_chunks_load_feature: Plugin 'coreelements' feature 'tee' typename : 'GstElementFactory'
0:00:00.012923516  2467 0x2348320 DEBUG   GST_POLL gstpoll.c:979:gst_poll_fd_ctl_write: 0x2350820: fd (fd:0, idx:1), active : 1
0:00:00.017046051  2466 0xa3e370 TRACE   GST_REFCOUNTING gstobject.c:208:gst_object_init: 0xa5bd70 new
0:00:00.012934689  2467 0x2348320 LOG   GST_POLL gstpoll.c:994:gst_poll_fd_ctl_write: 0x2350820: pfd->events now 60 (POLLOUT:4)
0:00:00.017058057  2466 0xa3e370 LOG   GST_REGISTRY gstregistrychunks.c:609:gst_registry_chunks_load_feature: Reading/casting for GstRegistryChunkElementFactory at address 0xa59f40
0:00:00.012946303  2467 0x2348320 DEBUG   GST_POLL gstpoll.c:979:gst_poll_fd_ctl_write: 0x2350820: fd (fd:0, idx:1), active : 1
0:00:00.017071565  2466 0xa3e370 TRACE   structure gststructure.c:287:gst_structure_new_id_empty_with_size: created structure 0xa5c150
0:00:00.012955515  2467 0x2348320 LOG   GST_POLL gstpoll.c:994:gst_poll_fd_ctl_write: 0x2350820: pfd->events now 60 (POLLOUT:4)
0:00:00.017078008  2466 0xa3e370 DEBUG   structure gststructure.c:2203:gst_structure_parse_field: trying field name 'long-name'
0:00:00.012963299  2467 0x2348320 DEBUG   GST_POLL gstpoll.c:979:gst_poll_fd_ctl_write: 0x2350820: fd (fd:0, idx:1), active : 1
0:00:00.017084114  2466 0xa3e370 DEBUG   default gstvalue.c:2676:_priv_gst_value_parse_value: trying type name 'string'
0:00:00.012969312  2467 0x2348320 LOG   GST_POLL gstpoll.c:994:gst_poll_fd_ctl_write: 0x2350820: pfd->events now 60 (POLLOUT:4)
0:00:00.017090979  2466 0xa3e370 DEBUG   structure gststructure.c:2203:gst_structure_parse_field: trying field name 'klass'
0:00:00.012975716  2467 0x2348320 DEBUG   GST_POLL gstpoll.c:979:gst_poll_fd_ctl_write: 0x2350820: fd (fd:0, idx:1), active : 1
0:00:00.017096734  2466 0xa3e370 DEBUG   default gstvalue.c:2676:_priv_gst_value_parse_value: trying type name 'string'
0:00:00.012981613  2467 0x2348320 LOG   GST_POLL gstpoll.c:994:gst_poll_fd_ctl_write: 0x2350820: pfd->events now 60 (POLLOUT:4)
0:00:00.017103058  2466 0xa3e370 DEBUG   structure gststructure.c:2203:gst_structure_parse_field: trying field name 'description'
0:00:00.012988018  2467 0x2348320 DEBUG   GST_POLL gstpoll.c:979:gst_poll_fd_ctl_write: 0x2350820: fd (fd:0, idx:1), active : 1
0:00:00.017108653  2466 0xa3e370 DEBUG   default gstvalue.c:2676:_priv_gst_value_parse_value: trying type name 'string'
0:00:00.012994100  2467 0x2348320 LOG   GST_POLL gstpoll.c:994:gst_poll_fd_ctl_write: 0x2350820: pfd->events now 60 (POLLOUT:4)
0:00:00.017114851  2466 0xa3e370 DEBUG   structure gststructure.c:2203:gst_structure_parse_field: trying field name 'author'
0:00:00.013012875  2467 0x2348320 DEBUG   GST_POLL gstpoll.c:979:gst_poll_fd_ctl_write: 0x2350820: fd (fd:0, idx:1), active : 1
0:00:00.017132378  2466 0xa3e370 DEBUG   default gstvalue.c:2676:_priv_gst_value_parse_value: trying type name 'string'
0:00:00.013019103  2467 0x2348320 LOG   GST_POLL gstpoll.c:994:gst_poll_fd_ctl_write: 0x2350820: pfd->events now 60 (POLLOUT:4)
0:00:00.017140062  2466 0xa3e370 DEBUG   GST_REGISTRY gstregistrychunks.c:626:gst_registry_chunks_load_feature: Element factory : npadtemplates=2
0:00:00.013025358  2467 0x2348320 DEBUG   GST_POLL gstpoll.c:979:gst_poll_fd_ctl_write: 0x2350820: fd (fd:0, idx:1), active : 1
0:00:00.017145818  2466 0xa3e370 DEBUG   GST_REGISTRY gstregistrychunks.c:525:gst_registry_chunks_load_pad_template: Reading/casting for GstRegistryChunkPadTemplate at address 0xa5a030
0:00:00.013031499  2467 0x2348320 LOG   GST_POLL gstpoll.c:994:gst_poll_fd_ctl_write: 0x2350820: pfd->events now 60 (POLLOUT:4)
0:00:00.017151847  2466 0xa3e370 DEBUG   GST_REGISTRY gstregistrychunks.c:539:gst_registry_chunks_load_pad_template: Added pad_template src_%u
0:00:00.013037728  2467 0x2348320 DEBUG   GST_POLL gstpoll.c:979:gst_poll_fd_ctl_write: 0x2350820: fd (fd:0, idx:1), active : 1
0:00:00.017157547  2466 0xa3e370 DEBUG   GST_REGISTRY gstregistrychunks.c:525:gst_registry_chunks_load_pad_template: Reading/casting for GstRegistryChunkPadTemplate at address 0xa5a048
0:00:00.013043872  2467 0x2348320 LOG   GST_POLL gstpoll.c:994:gst_poll_fd_ctl_write: 0x2350820: pfd->events now 60 (POLLOUT:4)
0:00:00.017164228  2466 0xa3e370 DEBUG   GST_REGISTRY gstregistrychunks.c:539:gst_registry_chunks_load_pad_template: Added pad_template sink
0:00:00.013050207  2467 0x2348320 DEBUG   GST_POLL gstpoll.c:979:gst_poll_fd_ctl_write: 0x2350820: fd (fd:0, idx:1), active : 1
0:00:00.017171754  2466 0xa3e370 DEBUG   GST_REGISTRY gstregistry.c:589:gst_registry_add_feature: adding feature 0xa5bd70 (tee)
0:00:00.013056498  2467 0x2348320 LOG   GST_POLL gstpoll.c:994:gst_poll_fd_ctl_write: 0x2350820: pfd->events now 60 (POLLOUT:4)
0:00:00.017178083  2466 0xa3e370 DEBUG   GST_REFCOUNTING gstobject.c:708:gst_object_set_parent: set parent (ref and sink)
0:00:00.013063113  2467 0x2348320 DEBUG   GST_POLL gstpoll.c:979:gst_poll_fd_ctl_write: 0x2350820: fd (fd:0, idx:1), active : 1
0:00:00.017185539  2466 0xa3e370 TRACE   GST_REFCOUNTING gstobject.c:292:gst_object_ref_sink: 0xa5bd70 ref_sink 1->2
0:00:00.013069268  2467 0x2348320 LOG   GST_POLL gstpoll.c:994:gst_poll_fd_ctl_write: 0x2350820: pfd->events now 60 (POLLOUT:4)
0:00:00.017192637  2466 0xa3e370 LOG   GST_REGISTRY gstregistry.c:607:gst_registry_add_feature: emitting feature-added for tee
0:00:00.013076849  2467 0x2348320 DEBUG   GST_POLL gstpoll.c:979:gst_poll_fd_ctl_write: 0x2350820: fd (fd:0, idx:1), active : 1
0:00:00.017199577  2466 0xa3e370 DEBUG   GST_REGISTRY gstregistrychunks.c:740:gst_registry_chunks_load_feature: Added feature tee, plugin 0xa58050 coreelements
0:00:00.013086950  2467 0x2348320 LOG   GST_POLL gstpoll.c:994:gst_poll_fd_ctl_write: 0x2350820: pfd->events now 60 (POLLOUT:4)
0:00:00.017207839  2466 0xa3e370 DEBUG   GST_REGISTRY gstregistrychunks.c:582:gst_registry_chunks_load_feature: Plugin 'coreelements' feature 'filesink' typename : 'GstElementFactory'
0:00:00.013093799  2467 0x2348320 DEBUG   GST_POLL gstpoll.c:979:gst_poll_fd_ctl_write: 0x2350820: fd (fd:0, idx:1), active : 1
0:00:00.017215467  2466 0xa3e370 TRACE   GST_REFCOUNTING gstobject.c:208:gst_object_init: 0xa5c2d0 new
0:00:00.013099897  2467 0x2348320 LOG   GST_POLL gstpoll.c:994:gst_poll_fd_ctl_write: 0x2350820: pfd->events now 60 (POLLOUT:4)
0:00:00.017222941  2466 0xa3e370 LOG   GST_REGISTRY gstregistrychunks.c:609:gst_registry_chunks_load_feature: Reading/casting for GstRegistryChunkElementFactory at address 0xa5a078
0:00:00.013106666  2467 0x2348320 DEBUG   GST_POLL gstpoll.c:979:gst_poll_fd_ctl_write: 0x2350820: fd (fd:0, idx:1), active : 1
0:00:00.017229662  2466 0xa3e370 TRACE   structure gststructure.c:287:gst_structure_new_id_empty_with_size: created structure 0xa5c3c0
0:00:00.013113488  2467 0x2348320 LOG   GST_POLL gstpoll.c:994:gst_poll_fd_ctl_write: 0x2350820: pfd->events now 60 (POLLOUT:4)
0:00:00.017235997  2466 0xa3e370 DEBUG   structure gststructure.c:2203:gst_structure_parse_field: trying field name 'long-name'
0:00:00.013120602  2467 0x2348320 DEBUG   GST_POLL gstpoll.c:979:gst_poll_fd_ctl_write: 0x2350820: fd (fd:0, idx:1), active : 1
0:00:00.017241828  2466 0xa3e370 DEBUG   default gstvalue.c:2676:_priv_gst_value_parse_value: trying type name 'string'
0:00:00.013126721  2467 0x2348320 LOG   GST_POLL gstpoll.c:994:gst_poll_fd_ctl_write: 0x2350820: pfd->events now 60 (POLLOUT:4)
0:00:00.017248385  2466 0xa3e370 DEBUG   structure gststructure.c:2203:gst_structure_parse_field: trying field name 'klass'
0:00:00.013133186  2467 0x2348320 DEBUG   GST_POLL gstpoll.c:979:gst_poll_fd_ctl_write: 0x2350820: fd (fd:0, idx:1), active : 1
0:00:00.017254098  2466 0xa3e370 DEBUG   default gstvalue.c:2676:_priv_gst_value_parse_value: trying type name 'string'
0:00:00.013139366  2467 0x2348320 LOG   GST_POLL gstpoll.c:994:gst_poll_fd_ctl_write: 0x2350820: pfd->events now 60 (POLLOUT:4)
0:00:00.017260442  2466 0xa3e370 DEBUG   structure gststructure.c:2203:gst_structure_parse_field: trying field name 'description'
0:00:00.013145581  2467 0x2348320 DEBUG   GST_POLL gstpoll.c:979:gst_poll_fd_ctl_write: 0x2350820: fd (fd:0, idx:1), active : 1
0:00:00.017266052  2466 0xa3e370 DEBUG   default gstvalue.c:2676:_priv_gst_value_parse_value: trying type name 'string'
0:00:00.013151617  2467 0x2348320 LOG   GST_POLL gstpoll.c:994:gst_poll_fd_ctl_write: 0x2350820: pfd->events now 60 (POLLOUT:4)
0:00:00.017272484  2466 0xa3e370 DEBUG   structure gststructure.c:2203:gst_structure_parse_field: trying field name 'author'
0:00:00.013158086  2467 0x2348320 DEBUG   GST_POLL gstpoll.c:979:gst_poll_fd_ctl_write: 0x2350820: fd (fd:0, idx:1), active : 1
0:00:00.017283034  2466 0xa3e370 DEBUG   default gstvalue.c:2676:_priv_gst_value_parse_value: trying type name 'string'
0:00:00.013167932  2467 0x2348320 LOG   GST_POLL gstpoll.c:994:gst_poll_fd_ctl_write: 0x2350820: pfd->events now 60 (POLLOUT:4)
0:00:00.017290011  2466 0xa3e370 DEBUG   GST_REGISTRY gstregistrychunks.c:626:gst_registry_chunks_load_feature: Element factory : npadtemplates=1
0:00:00.013174182  2467 0x2348320 DEBUG   GST_POLL gstpoll.c:979:gst_poll_fd_ctl_write: 0x2350820: fd (fd:0, idx:1), active : 1
0:00:00.017296023  2466 0xa3e370 DEBUG   GST_REGISTRY gstregistrychunks.c:525:gst_registry_chunks_load_pad_template: Reading/casting for GstRegistryChunkPadTemplate at address 0xa5a158
0:00:00.013180795  2467 0x2348320 LOG   GST_POLL gstpoll.c:994:gst_poll_fd_ctl_write: 0x2350820: pfd->events now 60 (POLLOUT:4)
0:00:00.017302176  2466 0xa3e370 DEBUG   GST_REGISTRY gstregistrychunks.c:539:gst_registry_chunks_load_pad_template: Added pad_template sink
0:00:00.013187164  2467 0x2348320 DEBUG   GST_POLL gstpoll.c:979:gst_poll_fd_ctl_write: 0x2350820: fd (fd:0, idx:1), active : 1
0:00:00.017309026  2466 0xa3e370 DEBUG   GST_REGISTRY gstregistrychunks.c:639:gst_registry_chunks_load_feature: Reading 1 UriTypes at address 0xa5a169
0:00:00.013193174  2467 0x2348320 LOG   GST_POLL gstpoll.c:994:gst_poll_fd_ctl_write: 0x2350820: pfd->events now 60 (POLLOUT:4)
0:00:00.013199955  2467 0x2348320 DEBUG   GST_POLL gstpoll.c:979:gst_poll_fd_ctl_write: 0x2350820: fd (fd:0, idx:1), active : 1
0:00:00.017317777  2466 0xa3e370 DEBUG   GST_REGISTRY gstregistrychunks.c:654:gst_registry_chunks_load_feature: Reading 1 Interfaces at address 0xa5a179
0:00:00.013205549  2467 0x2348320 LOG   GST_POLL gstpoll.c:994:gst_poll_fd_ctl_write: 0x2350820: pfd->events now 60 (POLLOUT:4)
0:00:00.017328183  2466 0xa3e370 DEBUG   GST_REGISTRY gstregistry.c:589:gst_registry_add_feature: adding feature 0xa5c2d0 (filesink)
0:00:00.013212094  2467 0x2348320 DEBUG   GST_POLL gstpoll.c:979:gst_poll_fd_ctl_write: 0x2350820: fd (fd:0, idx:1), active : 1
0:00:00.017334200  2466 0xa3e370 DEBUG   GST_REFCOUNTING gstobject.c:708:gst_object_set_parent: set parent (ref and sink)
0:00:00.013218545  2467 0x2348320 LOG   GST_POLL gstpoll.c:994:gst_poll_fd_ctl_write: 0x2350820: pfd->events now 60 (POLLOUT:4)
0:00:00.017342194  2466 0xa3e370 TRACE   GST_REFCOUNTING gstobject.c:292:gst_object_ref_sink: 0xa5c2d0 ref_sink 1->2
0:00:00.013225749  2467 0x2348320 DEBUG   GST_POLL gstpoll.c:979:gst_poll_fd_ctl_write: 0x2350820: fd (fd:0, idx:1), active : 1
0:00:00.017349306  2466 0xa3e370 LOG   GST_REGISTRY gstregistry.c:607:gst_registry_add_feature: emitting feature-added for filesink
0:00:00.013233181  2467 0x2348320 LOG   GST_POLL gstpoll.c:994:gst_poll_fd_ctl_write: 0x2350820: pfd->events now 60 (POLLOUT:4)
0:00:00.017356481  2466 0xa3e370 DEBUG   GST_REGISTRY gstregistrychunks.c:740:gst_registry_chunks_load_feature: Added feature filesink, plugin 0xa58050 coreelements
0:00:00.013244386  2467 0x2348320 DEBUG   GST_POLL gstpoll.c:979:gst_poll_fd_ctl_write: 0x2350820: fd (fd:0, idx:1), active : 1
0:00:00.017364961  2466 0xa3e370 DEBUG   GST_REGISTRY gstregistrychunks.c:582:gst_registry_chunks_load_feature: Plugin 'coreelements' feature 'queue2' typename : 'GstElementFactory'
0:00:00.013250344  2467 0x2348320 LOG   GST_POLL gstpoll.c:994:gst_poll_fd_ctl_write: 0x2350820: pfd->events now 60 (POLLOUT:4)
0:00:00.017372251  2466 0xa3e370 TRACE   GST_REFCOUNTING gstobject.c:208:gst_object_init: 0xa5c540 new
0:00:00.013256648  2467 0x2348320 DEBUG   GST_POLL gstpoll.c:979:gst_poll_fd_ctl_write: 0x2350820: fd (fd:0, idx:1), active : 1
0:00:00.017379708  2466 0xa3e370 LOG   GST_REGISTRY gstregistrychunks.c:609:gst_registry_chunks_load_feature: Reading/casting for GstRegistryChunkElementFactory at address 0xa5a1a0
0:00:00.013263181  2467 0x2348320 LOG   GST_POLL gstpoll.c:994:gst_poll_fd_ctl_write: 0x2350820: pfd->events now 60 (POLLOUT:4)
0:00:00.017386059  2466 0xa3e370 TRACE   structure gststructure.c:287:gst_structure_new_id_empty_with_size: created structure 0xa5c850
0:00:00.013270464  2467 0x2348320 DEBUG   GST_POLL gstpoll.c:979:gst_poll_fd_ctl_write: 0x2350820: fd (fd:0, idx:1), active : 1
0:00:00.017392092  2466 0xa3e370 DEBUG   structure gststructure.c:2203:gst_structure_parse_field: trying field name 'long-name'
0:00:00.013276864  2467 0x2348320 LOG   GST_POLL gstpoll.c:994:gst_poll_fd_ctl_write: 0x2350820: pfd->events now 60 (POLLOUT:4)
0:00:00.017397859  2466 0xa3e370 DEBUG   default gstvalue.c:2676:_priv_gst_value_parse_value: trying type name 'string'
0:00:00.013283394  2467 0x2348320 DEBUG   GST_POLL gstpoll.c:979:gst_poll_fd_ctl_write: 0x2350820: fd (fd:0, idx:1), active : 1
0:00:00.017404566  2466 0xa3e370 DEBUG   structure gststructure.c:2203:gst_structure_parse_field: trying field name 'klass'
0:00:00.013289662  2467 0x2348320 LOG   GST_POLL gstpoll.c:994:gst_poll_fd_ctl_write: 0x2350820: pfd->events now 60 (POLLOUT:4)
0:00:00.017410417  2466 0xa3e370 DEBUG   default gstvalue.c:2676:_priv_gst_value_parse_value: trying type name 'string'
0:00:00.013296087  2467 0x2348320 DEBUG   GST_POLL gstpoll.c:979:gst_poll_fd_ctl_write: 0x2350820: fd (fd:0, idx:1), active : 1
0:00:00.017416668  2466 0xa3e370 DEBUG   structure gststructure.c:2203:gst_structure_parse_field: trying field name 'description'
0:00:00.013302132  2467 0x2348320 LOG   GST_POLL gstpoll.c:994:gst_poll_fd_ctl_write: 0x2350820: pfd->events now 60 (POLLOUT:4)
0:00:00.017422505  2466 0xa3e370 DEBUG   default gstvalue.c:2676:_priv_gst_value_parse_value: trying type name 'string'
0:00:00.013308552  2467 0x2348320 DEBUG   GST_POLL gstpoll.c:979:gst_poll_fd_ctl_write: 0x2350820: fd (fd:0, idx:1), active : 1
0:00:00.017428824  2466 0xa3e370 DEBUG   structure gststructure.c:2203:gst_structure_parse_field: trying field name 'author'
0:00:00.013314613  2467 0x2348320 LOG   GST_POLL gstpoll.c:994:gst_poll_fd_ctl_write: 0x2350820: pfd->events now 60 (POLLOUT:4)
0:00:00.017439064  2466 0xa3e370 DEBUG   default gstvalue.c:2676:_priv_gst_value_parse_value: trying type name 'string'
0:00:00.013330647  2467 0x2348320 DEBUG   GST_POLL gstpoll.c:979:gst_poll_fd_ctl_write: 0x2350820: fd (fd:0, idx:1), active : 1
0:00:00.017451202  2466 0xa3e370 DEBUG   GST_REGISTRY gstregistrychunks.c:626:gst_registry_chunks_load_feature: Element factory : npadtemplates=2
0:00:00.013336954  2467 0x2348320 LOG   GST_POLL gstpoll.c:994:gst_poll_fd_ctl_write: 0x2350820: pfd->events now 60 (POLLOUT:4)
0:00:00.017456975  2466 0xa3e370 DEBUG   GST_REGISTRY gstregistrychunks.c:525:gst_registry_chunks_load_pad_template: Reading/casting for GstRegistryChunkPadTemplate at address 0xa5a290
0:00:00.013343456  2467 0x2348320 DEBUG   GST_POLL gstpoll.c:979:gst_poll_fd_ctl_write: 0x2350820: fd (fd:0, idx:1), active : 1
0:00:00.017462965  2466 0xa3e370 DEBUG   GST_REGISTRY gstregistrychunks.c:539:gst_registry_chunks_load_pad_template: Added pad_template sink
0:00:00.013349916  2467 0x2348320 LOG   GST_POLL gstpoll.c:994:gst_poll_fd_ctl_write: 0x2350820: pfd->events now 60 (POLLOUT:4)
0:00:00.017469363  2466 0xa3e370 DEBUG   GST_REGISTRY gstregistrychunks.c:525:gst_registry_chunks_load_pad_template: Reading/casting for GstRegistryChunkPadTemplate at address 0xa5a2a8
0:00:00.013356610  2467 0x2348320 DEBUG   GST_POLL gstpoll.c:979:gst_poll_fd_ctl_write: 0x2350820: fd (fd:0, idx:1), active : 1
0:00:00.017475891  2466 0xa3e370 DEBUG   GST_REGISTRY gstregistrychunks.c:539:gst_registry_chunks_load_pad_template: Added pad_template src
0:00:00.013362658  2467 0x2348320 LOG   GST_POLL gstpoll.c:994:gst_poll_fd_ctl_write: 0x2350820: pfd->events now 60 (POLLOUT:4)
0:00:00.017484257  2466 0xa3e370 DEBUG   GST_REGISTRY gstregistry.c:589:gst_registry_add_feature: adding feature 0xa5c540 (queue2)
0:00:00.013369389  2467 0x2348320 DEBUG   GST_POLL gstpoll.c:979:gst_poll_fd_ctl_write: 0x2350820: fd (fd:0, idx:1), active : 1
0:00:00.017490317  2466 0xa3e370 DEBUG   GST_REFCOUNTING gstobject.c:708:gst_object_set_parent: set parent (ref and sink)
0:00:00.013375483  2467 0x2348320 LOG   GST_POLL gstpoll.c:994:gst_poll_fd_ctl_write: 0x2350820: pfd->events now 60 (POLLOUT:4)
0:00:00.017498202  2466 0xa3e370 TRACE   GST_REFCOUNTING gstobject.c:292:gst_object_ref_sink: 0xa5c540 ref_sink 1->2
0:00:00.013382014  2467 0x2348320 DEBUG   GST_POLL gstpoll.c:979:gst_poll_fd_ctl_write: 0x2350820: fd (fd:0, idx:1), active : 1
0:00:00.017505337  2466 0xa3e370 LOG   GST_REGISTRY gstregistry.c:607:gst_registry_add_feature: emitting feature-added for queue2
0:00:00.013389041  2467 0x2348320 LOG   GST_POLL gstpoll.c:994:gst_poll_fd_ctl_write: 0x2350820: pfd->events now 60 (POLLOUT:4)
0:00:00.017512128  2466 0xa3e370 DEBUG   GST_REGISTRY gstregistrychunks.c:740:gst_registry_chunks_load_feature: Added feature queue2, plugin 0xa58050 coreelements
0:00:00.013396163  2467 0x2348320 DEBUG   GST_POLL gstpoll.c:979:gst_poll_fd_ctl_write: 0x2350820: fd (fd:0, idx:1), active : 1
0:00:00.017522880  2466 0xa3e370 DEBUG   GST_REGISTRY gstregistrychunks.c:582:gst_registry_chunks_load_feature: Plugin 'coreelements' feature 'queue' typename : 'GstElementFactory'
0:00:00.013406487  2467 0x2348320 LOG   GST_POLL gstpoll.c:994:gst_poll_fd_ctl_write: 0x2350820: pfd->events now 60 (POLLOUT:4)
0:00:00.017530507  2466 0xa3e370 TRACE   GST_REFCOUNTING gstobject.c:208:gst_object_init: 0xa5c9d0 new
0:00:00.013414208  2467 0x2348320 DEBUG   GST_POLL gstpoll.c:979:gst_poll_fd_ctl_write: 0x2350820: fd (fd:0, idx:1), active : 1
0:00:00.017538166  2466 0xa3e370 LOG   GST_REGISTRY gstregistrychunks.c:609:gst_registry_chunks_load_feature: Reading/casting for GstRegistryChunkElementFactory at address 0xa5a2d0
0:00:00.013421584  2467 0x2348320 LOG   GST_POLL gstpoll.c:994:gst_poll_fd_ctl_write: 0x2350820: pfd->events now 60 (POLLOUT:4)
0:00:00.017544864  2466 0xa3e370 TRACE   structure gststructure.c:287:gst_structure_new_id_empty_with_size: created structure 0xa5cac0
0:00:00.013429175  2467 0x2348320 DEBUG   GST_POLL gstpoll.c:979:gst_poll_fd_ctl_write: 0x2350820: fd (fd:0, idx:1), active : 1
0:00:00.017551250  2466 0xa3e370 DEBUG   structure gststructure.c:2203:gst_structure_parse_field: trying field name 'long-name'
0:00:00.013435382  2467 0x2348320 LOG   GST_POLL gstpoll.c:994:gst_poll_fd_ctl_write: 0x2350820: pfd->events now 60 (POLLOUT:4)
0:00:00.017557305  2466 0xa3e370 DEBUG   default gstvalue.c:2676:_priv_gst_value_parse_value: trying type name 'string'
0:00:00.013441913  2467 0x2348320 DEBUG   GST_POLL gstpoll.c:979:gst_poll_fd_ctl_write: 0x2350820: fd (fd:0, idx:1), active : 1
0:00:00.017563697  2466 0xa3e370 DEBUG   structure gststructure.c:2203:gst_structure_parse_field: trying field name 'klass'
0:00:00.013447885  2467 0x2348320 LOG   GST_POLL gstpoll.c:994:gst_poll_fd_ctl_write: 0x2350820: pfd->events now 60 (POLLOUT:4)
0:00:00.017569527  2466 0xa3e370 DEBUG   default gstvalue.c:2676:_priv_gst_value_parse_value: trying type name 'string'
0:00:00.013454323  2467 0x2348320 DEBUG   GST_POLL gstpoll.c:979:gst_poll_fd_ctl_write: 0x2350820: fd (fd:0, idx:1), active : 1
0:00:00.017575626  2466 0xa3e370 DEBUG   structure gststructure.c:2203:gst_structure_parse_field: trying field name 'description'
0:00:00.013460250  2467 0x2348320 LOG   GST_POLL gstpoll.c:994:gst_poll_fd_ctl_write: 0x2350820: pfd->events now 60 (POLLOUT:4)
0:00:00.017581472  2466 0xa3e370 DEBUG   default gstvalue.c:2676:_priv_gst_value_parse_value: trying type name 'string'
0:00:00.013466621  2467 0x2348320 DEBUG   GST_POLL gstpoll.c:979:gst_poll_fd_ctl_write: 0x2350820: fd (fd:0, idx:1), active : 1
0:00:00.017587776  2466 0xa3e370 DEBUG   structure gststructure.c:2203:gst_structure_parse_field: trying field name 'author'
0:00:00.013472880  2467 0x2348320 LOG   GST_POLL gstpoll.c:994:gst_poll_fd_ctl_write: 0x2350820: pfd->events now 60 (POLLOUT:4)
0:00:00.017593578  2466 0xa3e370 DEBUG   default gstvalue.c:2676:_priv_gst_value_parse_value: trying type name 'string'
0:00:00.013483755  2467 0x2348320 DEBUG   GST_POLL gstpoll.c:979:gst_poll_fd_ctl_write: 0x2350820: fd (fd:0, idx:1), active : 1
0:00:00.017603770  2466 0xa3e370 DEBUG   GST_REGISTRY gstregistrychunks.c:626:gst_registry_chunks_load_feature: Element factory : npadtemplates=2
0:00:00.013490002  2467 0x2348320 LOG   GST_POLL gstpoll.c:994:gst_poll_fd_ctl_write: 0x2350820: pfd->events now 60 (POLLOUT:4)
0:00:00.017609760  2466 0xa3e370 DEBUG   GST_REGISTRY gstregistrychunks.c:525:gst_registry_chunks_load_pad_template: Reading/casting for GstRegistryChunkPadTemplate at address 0xa5a388
0:00:00.013496881  2467 0x2348320 DEBUG   GST_POLL gstpoll.c:979:gst_poll_fd_ctl_write: 0x2350820: fd (fd:0, idx:1), active : 1
0:00:00.017616325  2466 0xa3e370 DEBUG   GST_REGISTRY gstregistrychunks.c:539:gst_registry_chunks_load_pad_template: Added pad_template sink
0:00:00.013503051  2467 0x2348320 LOG   GST_POLL gstpoll.c:994:gst_poll_fd_ctl_write: 0x2350820: pfd->events now 60 (POLLOUT:4)
0:00:00.017622675  2466 0xa3e370 DEBUG   GST_REGISTRY gstregistrychunks.c:525:gst_registry_chunks_load_pad_template: Reading/casting for GstRegistryChunkPadTemplate at address 0xa5a3a0
0:00:00.013509542  2467 0x2348320 DEBUG   GST_POLL gstpoll.c:979:gst_poll_fd_ctl_write: 0x2350820: fd (fd:0, idx:1), active : 1
0:00:00.017628840  2466 0xa3e370 DEBUG   GST_REGISTRY gstregistrychunks.c:539:gst_registry_chunks_load_pad_template: Added pad_template src
0:00:00.013515720  2467 0x2348320 LOG   GST_POLL gstpoll.c:994:gst_poll_fd_ctl_write: 0x2350820: pfd->events now 60 (POLLOUT:4)
0:00:00.017637395  2466 0xa3e370 DEBUG   GST_REGISTRY gstregistry.c:589:gst_registry_add_feature: adding feature 0xa5c9d0 (queue)
0:00:00.013522710  2467 0x2348320 DEBUG   GST_POLL gstpoll.c:979:gst_poll_fd_ctl_write: 0x2350820: fd (fd:0, idx:1), active : 1
0:00:00.017644236  2466 0xa3e370 DEBUG   GST_REFCOUNTING gstobject.c:708:gst_object_set_parent: set parent (ref and sink)
0:00:00.013528748  2467 0x2348320 LOG   GST_POLL gstpoll.c:994:gst_poll_fd_ctl_write: 0x2350820: pfd->events now 60 (POLLOUT:4)
0:00:00.017651725  2466 0xa3e370 TRACE   GST_REFCOUNTING gstobject.c:292:gst_object_ref_sink: 0xa5c9d0 ref_sink 1->2
0:00:00.013535476  2467 0x2348320 DEBUG   GST_POLL gstpoll.c:979:gst_poll_fd_ctl_write: 0x2350820: fd (fd:0, idx:1), active : 1
0:00:00.013553292  2467 0x2348320 LOG   GST_POLL gstpoll.c:994:gst_poll_fd_ctl_write: 0x2350820: pfd->events now 60 (POLLOUT:4)
0:00:00.017675647  2466 0xa3e370 LOG   GST_REGISTRY gstregistry.c:607:gst_registry_add_feature: emitting feature-added for queue
0:00:00.013561089  2467 0x2348320 DEBUG   GST_POLL gstpoll.c:979:gst_poll_fd_ctl_write: 0x2350820: fd (fd:0, idx:1), active : 1
0:00:00.013569199  2467 0x2348320 LOG   GST_POLL gstpoll.c:994:gst_poll_fd_ctl_write: 0x2350820: pfd->events now 60 (POLLOUT:4)
0:00:00.017688086  2466 0xa3e370 DEBUG   GST_REGISTRY gstregistrychunks.c:740:gst_registry_chunks_load_feature: Added feature queue, plugin 0xa58050 coreelements
0:00:00.013581147  2467 0x2348320 DEBUG   GST_POLL gstpoll.c:979:gst_poll_fd_ctl_write: 0x2350820: fd (fd:0, idx:1), active : 1
0:00:00.013587222  2467 0x2348320 LOG   GST_POLL gstpoll.c:994:gst_poll_fd_ctl_write: 0x2350820: pfd->events now 60 (POLLOUT:4)
0:00:00.017704477  2466 0xa3e370 DEBUG   GST_REGISTRY gstregistrychunks.c:582:gst_registry_chunks_load_feature: Plugin 'coreelements' feature 'output-selector' typename : 'GstElementFactory'
0:00:00.013593142  2467 0x2348320 DEBUG   GST_POLL gstpoll.c:979:gst_poll_fd_ctl_write: 0x2350820: fd (fd:0, idx:1), active : 1
0:00:00.017715565  2466 0xa3e370 TRACE   GST_REFCOUNTING gstobject.c:208:gst_object_init: 0xa5cd10 new
0:00:00.013599082  2467 0x2348320 LOG   GST_POLL gstpoll.c:994:gst_poll_fd_ctl_write: 0x2350820: pfd->events now 60 (POLLOUT:4)
0:00:00.017723526  2466 0xa3e370 LOG   GST_REGISTRY gstregistrychunks.c:609:gst_registry_chunks_load_feature: Reading/casting for GstRegistryChunkElementFactory at address 0xa5a3d8
0:00:00.013606950  2467 0x2348320 DEBUG   GST_POLL gstpoll.c:979:gst_poll_fd_ctl_write: 0x2350820: fd (fd:0, idx:1), active : 1
0:00:00.013614440  2467 0x2348320 LOG   GST_POLL gstpoll.c:994:gst_poll_fd_ctl_write: 0x2350820: pfd->events now 60 (POLLOUT:4)
0:00:00.017734021  2466 0xa3e370 TRACE   structure gststructure.c:287:gst_structure_new_id_empty_with_size: created structure 0xa5d030
0:00:00.013620393  2467 0x2348320 DEBUG   GST_POLL gstpoll.c:979:gst_poll_fd_ctl_write: 0x2350820: fd (fd:0, idx:1), active : 1
0:00:00.017740318  2466 0xa3e370 DEBUG   structure gststructure.c:2203:gst_structure_parse_field: trying field name 'long-name'
0:00:00.013626459  2467 0x2348320 LOG   GST_POLL gstpoll.c:994:gst_poll_fd_ctl_write: 0x2350820: pfd->events now 60 (POLLOUT:4)
0:00:00.017746662  2466 0xa3e370 DEBUG   default gstvalue.c:2676:_priv_gst_value_parse_value: trying type name 'string'
0:00:00.013633095  2467 0x2348320 DEBUG   GST_POLL gstpoll.c:979:gst_poll_fd_ctl_write: 0x2350820: fd (fd:0, idx:1), active : 1
0:00:00.017753688  2466 0xa3e370 DEBUG   structure gststructure.c:2203:gst_structure_parse_field: trying field name 'klass'
0:00:00.013639281  2467 0x2348320 LOG   GST_POLL gstpoll.c:994:gst_poll_fd_ctl_write: 0x2350820: pfd->events now 60 (POLLOUT:4)
0:00:00.017759796  2466 0xa3e370 DEBUG   default gstvalue.c:2676:_priv_gst_value_parse_value: trying type name 'string'
0:00:00.013645773  2467 0x2348320 DEBUG   GST_POLL gstpoll.c:979:gst_poll_fd_ctl_write: 0x2350820: fd (fd:0, idx:1), active : 1
0:00:00.017766477  2466 0xa3e370 DEBUG   structure gststructure.c:2203:gst_structure_parse_field: trying field name 'description'
0:00:00.013651732  2467 0x2348320 LOG   GST_POLL gstpoll.c:994:gst_poll_fd_ctl_write: 0x2350820: pfd->events now 60 (POLLOUT:4)
0:00:00.017772066  2466 0xa3e370 DEBUG   default gstvalue.c:2676:_priv_gst_value_parse_value: trying type name 'string'
0:00:00.013662145  2467 0x2348320 DEBUG   GST_POLL gstpoll.c:979:gst_poll_fd_ctl_write: 0x2350820: fd (fd:0, idx:1), active : 1
0:00:00.017782377  2466 0xa3e370 DEBUG   structure gststructure.c:2203:gst_structure_parse_field: trying field name 'author'
0:00:00.013667973  2467 0x2348320 LOG   GST_POLL gstpoll.c:994:gst_poll_fd_ctl_write: 0x2350820: pfd->events now 60 (POLLOUT:4)
0:00:00.017788195  2466 0xa3e370 DEBUG   default gstvalue.c:2676:_priv_gst_value_parse_value: trying type name 'string'
0:00:00.013674355  2467 0x2348320 DEBUG   GST_POLL gstpoll.c:979:gst_poll_fd_ctl_write: 0x2350820: fd (fd:0, idx:1), active : 1
0:00:00.017795114  2466 0xa3e370 DEBUG   GST_REGISTRY gstregistrychunks.c:626:gst_registry_chunks_load_feature: Element factory : npadtemplates=2
0:00:00.013680658  2467 0x2348320 LOG   GST_POLL gstpoll.c:994:gst_poll_fd_ctl_write: 0x2350820: pfd->events now 60 (POLLOUT:4)
0:00:00.017800980  2466 0xa3e370 DEBUG   GST_REGISTRY gstregistrychunks.c:525:gst_registry_chunks_load_pad_template: Reading/casting for GstRegistryChunkPadTemplate at address 0xa5a4b0
0:00:00.013687098  2467 0x2348320 DEBUG   GST_POLL gstpoll.c:979:gst_poll_fd_ctl_write: 0x2350820: fd (fd:0, idx:1), active : 1
0:00:00.017807347  2466 0xa3e370 DEBUG   GST_REGISTRY gstregistrychunks.c:539:gst_registry_chunks_load_pad_template: Added pad_template src_%u
0:00:00.013692922  2467 0x2348320 LOG   GST_POLL gstpoll.c:994:gst_poll_fd_ctl_write: 0x2350820: pfd->events now 60 (POLLOUT:4)
0:00:00.017813092  2466 0xa3e370 DEBUG   GST_REGISTRY gstregistrychunks.c:525:gst_registry_chunks_load_pad_template: Reading/casting for GstRegistryChunkPadTemplate at address 0xa5a4c8
0:00:00.013699382  2467 0x2348320 DEBUG   GST_POLL gstpoll.c:979:gst_poll_fd_ctl_write: 0x2350820: fd (fd:0, idx:1), active : 1
0:00:00.017819395  2466 0xa3e370 DEBUG   GST_REGISTRY gstregistrychunks.c:539:gst_registry_chunks_load_pad_template: Added pad_template sink
0:00:00.013705276  2467 0x2348320 LOG   GST_POLL gstpoll.c:994:gst_poll_fd_ctl_write: 0x2350820: pfd->events now 60 (POLLOUT:4)
0:00:00.017826963  2466 0xa3e370 DEBUG   GST_REGISTRY gstregistry.c:589:gst_registry_add_feature: adding feature 0xa5cd10 (output-selector)
0:00:00.013711532  2467 0x2348320 DEBUG   GST_POLL gstpoll.c:979:gst_poll_fd_ctl_write: 0x2350820: fd (fd:0, idx:1), active : 1
0:00:00.017834623  2466 0xa3e370 DEBUG   GST_REFCOUNTING gstobject.c:708:gst_object_set_parent: set parent (ref and sink)
0:00:00.013717393  2467 0x2348320 LOG   GST_POLL gstpoll.c:994:gst_poll_fd_ctl_write: 0x2350820: pfd->events now 60 (POLLOUT:4)
0:00:00.017842605  2466 0xa3e370 TRACE   GST_REFCOUNTING gstobject.c:292:gst_object_ref_sink: 0xa5cd10 ref_sink 1->2
0:00:00.013726063  2467 0x2348320 DEBUG   GST_POLL gstpoll.c:979:gst_poll_fd_ctl_write: 0x2350820: fd (fd:0, idx:1), active : 1
0:00:00.017849773  2466 0xa3e370 LOG   GST_REGISTRY gstregistry.c:607:gst_registry_add_feature: emitting feature-added for output-selector
0:00:00.013737863  2467 0x2348320 LOG   GST_POLL gstpoll.c:994:gst_poll_fd_ctl_write: 0x2350820: pfd->events now 60 (POLLOUT:4)
0:00:00.017859248  2466 0xa3e370 DEBUG   GST_REGISTRY gstregistrychunks.c:740:gst_registry_chunks_load_feature: Added feature output-selector, plugin 0xa58050 coreelements
0:00:00.013744076  2467 0x2348320 DEBUG   GST_POLL gstpoll.c:979:gst_poll_fd_ctl_write: 0x2350820: fd (fd:0, idx:1), active : 1
0:00:00.017866318  2466 0xa3e370 DEBUG   GST_REGISTRY gstregistrychunks.c:582:gst_registry_chunks_load_feature: Plugin 'coreelements' feature 'input-selector' typename : 'GstElementFactory'
0:00:00.013749979  2467 0x2348320 LOG   GST_POLL gstpoll.c:994:gst_poll_fd_ctl_write: 0x2350820: pfd->events now 60 (POLLOUT:4)
0:00:00.017873730  2466 0xa3e370 TRACE   GST_REFCOUNTING gstobject.c:208:gst_object_init: 0xa5d420 new
0:00:00.013757328  2467 0x2348320 DEBUG   GST_POLL gstpoll.c:979:gst_poll_fd_ctl_write: 0x2350820: fd (fd:0, idx:1), active : 1
0:00:00.017881250  2466 0xa3e370 LOG   GST_REGISTRY gstregistrychunks.c:609:gst_registry_chunks_load_feature: Reading/casting for GstRegistryChunkElementFactory at address 0xa5a500
0:00:00.013764537  2467 0x2348320 LOG   GST_POLL gstpoll.c:994:gst_poll_fd_ctl_write: 0x2350820: pfd->events now 60 (POLLOUT:4)
0:00:00.017887711  2466 0xa3e370 TRACE   structure gststructure.c:287:gst_structure_new_id_empty_with_size: created structure 0xa5d6c0
0:00:00.013772281  2467 0x2348320 LOG   GST_PLUGIN_LOADING gstpluginloader.c:645:put_chunk: Expanding tx buf from 10158 to 13209 for chunk of size 209
0:00:00.017893953  2466 0xa3e370 DEBUG   structure gststructure.c:2203:gst_structure_parse_field: trying field name 'long-name'
0:00:00.017899903  2466 0xa3e370 DEBUG   default gstvalue.c:2676:_priv_gst_value_parse_value: trying type name 'string'
0:00:00.017905935  2466 0xa3e370 DEBUG   structure gststructure.c:2203:gst_structure_parse_field: trying field name 'klass'
0:00:00.013789821  2467 0x2348320 DEBUG   GST_POLL gstpoll.c:979:gst_poll_fd_ctl_write: 0x2350820: fd (fd:0, idx:1), active : 1
0:00:00.017911752  2466 0xa3e370 DEBUG   default gstvalue.c:2676:_priv_gst_value_parse_value: trying type name 'string'
0:00:00.013796670  2467 0x2348320 LOG   GST_POLL gstpoll.c:994:gst_poll_fd_ctl_write: 0x2350820: pfd->events now 60 (POLLOUT:4)
0:00:00.017918154  2466 0xa3e370 DEBUG   structure gststructure.c:2203:gst_structure_parse_field: trying field name 'description'
0:00:00.013803419  2467 0x2348320 DEBUG   GST_POLL gstpoll.c:979:gst_poll_fd_ctl_write: 0x2350820: fd (fd:0, idx:1), active : 1
0:00:00.017923990  2466 0xa3e370 DEBUG   default gstvalue.c:2676:_priv_gst_value_parse_value: trying type name 'string'
0:00:00.013809747  2467 0x2348320 LOG   GST_POLL gstpoll.c:994:gst_poll_fd_ctl_write: 0x2350820: pfd->events now 60 (POLLOUT:4)
0:00:00.017930466  2466 0xa3e370 DEBUG   structure gststructure.c:2203:gst_structure_parse_field: trying field name 'author'
0:00:00.013816518  2467 0x2348320 DEBUG   GST_POLL gstpoll.c:979:gst_poll_fd_ctl_write: 0x2350820: fd (fd:0, idx:1), active : 1
0:00:00.017941147  2466 0xa3e370 DEBUG   default gstvalue.c:2676:_priv_gst_value_parse_value: trying type name 'string'
0:00:00.013827447  2467 0x2348320 LOG   GST_POLL gstpoll.c:994:gst_poll_fd_ctl_write: 0x2350820: pfd->events now 60 (POLLOUT:4)
0:00:00.017949244  2466 0xa3e370 DEBUG   GST_REGISTRY gstregistrychunks.c:626:gst_registry_chunks_load_feature: Element factory : npadtemplates=2
0:00:00.013833854  2467 0x2348320 DEBUG   GST_POLL gstpoll.c:979:gst_poll_fd_ctl_write: 0x2350820: fd (fd:0, idx:1), active : 1
0:00:00.017955046  2466 0xa3e370 DEBUG   GST_REGISTRY gstregistrychunks.c:525:gst_registry_chunks_load_pad_template: Reading/casting for GstRegistryChunkPadTemplate at address 0xa5a630
0:00:00.013839877  2467 0x2348320 LOG   GST_POLL gstpoll.c:994:gst_poll_fd_ctl_write: 0x2350820: pfd->events now 60 (POLLOUT:4)
0:00:00.017961117  2466 0xa3e370 DEBUG   GST_REGISTRY gstregistrychunks.c:539:gst_registry_chunks_load_pad_template: Added pad_template src
0:00:00.013846350  2467 0x2348320 DEBUG   GST_POLL gstpoll.c:979:gst_poll_fd_ctl_write: 0x2350820: fd (fd:0, idx:1), active : 1
0:00:00.017967065  2466 0xa3e370 DEBUG   GST_REGISTRY gstregistrychunks.c:525:gst_registry_chunks_load_pad_template: Reading/casting for GstRegistryChunkPadTemplate at address 0xa5a640
0:00:00.013852662  2467 0x2348320 LOG   GST_POLL gstpoll.c:994:gst_poll_fd_ctl_write: 0x2350820: pfd->events now 60 (POLLOUT:4)
0:00:00.017973264  2466 0xa3e370 DEBUG   GST_REGISTRY gstregistrychunks.c:539:gst_registry_chunks_load_pad_template: Added pad_template sink_%u
0:00:00.013858871  2467 0x2348320 DEBUG   GST_POLL gstpoll.c:979:gst_poll_fd_ctl_write: 0x2350820: fd (fd:0, idx:1), active : 1
0:00:00.017980736  2466 0xa3e370 DEBUG   GST_REGISTRY gstregistry.c:589:gst_registry_add_feature: adding feature 0xa5d420 (input-selector)
0:00:00.013864824  2467 0x2348320 LOG   GST_POLL gstpoll.c:994:gst_poll_fd_ctl_write: 0x2350820: pfd->events now 60 (POLLOUT:4)
0:00:00.017986943  2466 0xa3e370 DEBUG   GST_REFCOUNTING gstobject.c:708:gst_object_set_parent: set parent (ref and sink)
0:00:00.013871449  2467 0x2348320 DEBUG   GST_POLL gstpoll.c:979:gst_poll_fd_ctl_write: 0x2350820: fd (fd:0, idx:1), active : 1
0:00:00.017994512  2466 0xa3e370 TRACE   GST_REFCOUNTING gstobject.c:292:gst_object_ref_sink: 0xa5d420 ref_sink 1->2
0:00:00.013877643  2467 0x2348320 LOG   GST_POLL gstpoll.c:994:gst_poll_fd_ctl_write: 0x2350820: pfd->events now 60 (POLLOUT:4)
0:00:00.018001358  2466 0xa3e370 LOG   GST_REGISTRY gstregistry.c:607:gst_registry_add_feature: emitting feature-added for input-selector
0:00:00.013885610  2467 0x2348320 DEBUG   GST_POLL gstpoll.c:979:gst_poll_fd_ctl_write: 0x2350820: fd (fd:0, idx:1), active : 1
0:00:00.018008795  2466 0xa3e370 DEBUG   GST_REGISTRY gstregistrychunks.c:740:gst_registry_chunks_load_feature: Added feature input-selector, plugin 0xa58050 coreelements
0:00:00.013892154  2467 0x2348320 LOG   GST_POLL gstpoll.c:994:gst_poll_fd_ctl_write: 0x2350820: pfd->events now 60 (POLLOUT:4)
0:00:00.018020414  2466 0xa3e370 DEBUG   GST_REGISTRY gstregistrychunks.c:582:gst_registry_chunks_load_feature: Plugin 'coreelements' feature 'identity' typename : 'GstElementFactory'
0:00:00.013904116  2467 0x2348320 DEBUG   GST_POLL gstpoll.c:979:gst_poll_fd_ctl_write: 0x2350820: fd (fd:0, idx:1), active : 1
0:00:00.018028198  2466 0xa3e370 TRACE   GST_REFCOUNTING gstobject.c:208:gst_object_init: 0xa5d300 new
0:00:00.013911365  2467 0x2348320 LOG   GST_POLL gstpoll.c:994:gst_poll_fd_ctl_write: 0x2350820: pfd->events now 60 (POLLOUT:4)
0:00:00.018036593  2466 0xa3e370 LOG   GST_REGISTRY gstregistrychunks.c:609:gst_registry_chunks_load_feature: Reading/casting for GstRegistryChunkElementFactory at address 0xa5a670
0:00:00.013919361  2467 0x2348320 DEBUG   GST_POLL gstpoll.c:979:gst_poll_fd_ctl_write: 0x2350820: fd (fd:0, idx:1), active : 1
0:00:00.018043354  2466 0xa3e370 TRACE   structure gststructure.c:287:gst_structure_new_id_empty_with_size: created structure 0xa5da00
0:00:00.013927184  2467 0x2348320 LOG   GST_POLL gstpoll.c:994:gst_poll_fd_ctl_write: 0x2350820: pfd->events now 60 (POLLOUT:4)
0:00:00.018049464  2466 0xa3e370 DEBUG   structure gststructure.c:2203:gst_structure_parse_field: trying field name 'long-name'
0:00:00.013934022  2467 0x2348320 DEBUG   GST_POLL gstpoll.c:979:gst_poll_fd_ctl_write: 0x2350820: fd (fd:0, idx:1), active : 1
0:00:00.018055446  2466 0xa3e370 DEBUG   default gstvalue.c:2676:_priv_gst_value_parse_value: trying type name 'string'
0:00:00.013940036  2467 0x2348320 LOG   GST_POLL gstpoll.c:994:gst_poll_fd_ctl_write: 0x2350820: pfd->events now 60 (POLLOUT:4)
0:00:00.013946266  2467 0x2348320 DEBUG   GST_POLL gstpoll.c:979:gst_poll_fd_ctl_write: 0x2350820: fd (fd:0, idx:1), active : 1
0:00:00.018061673  2466 0xa3e370 DEBUG   structure gststructure.c:2203:gst_structure_parse_field: trying field name 'klass'
0:00:00.013951751  2467 0x2348320 LOG   GST_POLL gstpoll.c:994:gst_poll_fd_ctl_write: 0x2350820: pfd->events now 60 (POLLOUT:4)
0:00:00.018072642  2466 0xa3e370 DEBUG   default gstvalue.c:2676:_priv_gst_value_parse_value: trying type name 'string'
0:00:00.013957922  2467 0x2348320 DEBUG   GST_POLL gstpoll.c:979:gst_poll_fd_ctl_write: 0x2350820: fd (fd:0, idx:1), active : 1
0:00:00.018079008  2466 0xa3e370 DEBUG   structure gststructure.c:2203:gst_structure_parse_field: trying field name 'description'
0:00:00.013963933  2467 0x2348320 LOG   GST_POLL gstpoll.c:994:gst_poll_fd_ctl_write: 0x2350820: pfd->events now 60 (POLLOUT:4)
0:00:00.018084738  2466 0xa3e370 DEBUG   default gstvalue.c:2676:_priv_gst_value_parse_value: trying type name 'string'
0:00:00.013970053  2467 0x2348320 DEBUG   GST_POLL gstpoll.c:979:gst_poll_fd_ctl_write: 0x2350820: fd (fd:0, idx:1), active : 1
0:00:00.018091012  2466 0xa3e370 DEBUG   structure gststructure.c:2203:gst_structure_parse_field: trying field name 'author'
0:00:00.013980280  2467 0x2348320 LOG   GST_POLL gstpoll.c:994:gst_poll_fd_ctl_write: 0x2350820: pfd->events now 60 (POLLOUT:4)
0:00:00.018100529  2466 0xa3e370 DEBUG   default gstvalue.c:2676:_priv_gst_value_parse_value: trying type name 'string'
0:00:00.013987066  2467 0x2348320 DEBUG   GST_POLL gstpoll.c:979:gst_poll_fd_ctl_write: 0x2350820: fd (fd:0, idx:1), active : 1
0:00:00.018107435  2466 0xa3e370 DEBUG   GST_REGISTRY gstregistrychunks.c:626:gst_registry_chunks_load_feature: Element factory : npadtemplates=2
0:00:00.013993265  2467 0x2348320 LOG   GST_POLL gstpoll.c:994:gst_poll_fd_ctl_write: 0x2350820: pfd->events now 60 (POLLOUT:4)
0:00:00.018113599  2466 0xa3e370 DEBUG   GST_REGISTRY gstregistrychunks.c:525:gst_registry_chunks_load_pad_template: Reading/casting for GstRegistryChunkPadTemplate at address 0xa5a740
0:00:00.014000125  2467 0x2348320 DEBUG   GST_POLL gstpoll.c:979:gst_poll_fd_ctl_write: 0x2350820: fd (fd:0, idx:1), active : 1
0:00:00.018119995  2466 0xa3e370 DEBUG   GST_REGISTRY gstregistrychunks.c:539:gst_registry_chunks_load_pad_template: Added pad_template sink
0:00:00.014006507  2467 0x2348320 LOG   GST_POLL gstpoll.c:994:gst_poll_fd_ctl_write: 0x2350820: pfd->events now 60 (POLLOUT:4)
0:00:00.018126643  2466 0xa3e370 DEBUG   GST_REGISTRY gstregistrychunks.c:525:gst_registry_chunks_load_pad_template: Reading/casting for GstRegistryChunkPadTemplate at address 0xa5a758
0:00:00.014012660  2467 0x2348320 DEBUG   GST_POLL gstpoll.c:979:gst_poll_fd_ctl_write: 0x2350820: fd (fd:0, idx:1), active : 1
0:00:00.018132998  2466 0xa3e370 DEBUG   GST_REGISTRY gstregistrychunks.c:539:gst_registry_chunks_load_pad_template: Added pad_template src
0:00:00.014018577  2467 0x2348320 LOG   GST_POLL gstpoll.c:994:gst_poll_fd_ctl_write: 0x2350820: pfd->events now 60 (POLLOUT:4)
0:00:00.018140723  2466 0xa3e370 DEBUG   GST_REGISTRY gstregistry.c:589:gst_registry_add_feature: adding feature 0xa5d300 (identity)
0:00:00.014024908  2467 0x2348320 DEBUG   GST_POLL gstpoll.c:979:gst_poll_fd_ctl_write: 0x2350820: fd (fd:0, idx:1), active : 1
0:00:00.018147220  2466 0xa3e370 DEBUG   GST_REFCOUNTING gstobject.c:708:gst_object_set_parent: set parent (ref and sink)
0:00:00.014031536  2467 0x2348320 LOG   GST_POLL gstpoll.c:994:gst_poll_fd_ctl_write: 0x2350820: pfd->events now 60 (POLLOUT:4)
0:00:00.018154911  2466 0xa3e370 TRACE   GST_REFCOUNTING gstobject.c:292:gst_object_ref_sink: 0xa5d300 ref_sink 1->2
0:00:00.014038514  2467 0x2348320 DEBUG   GST_POLL gstpoll.c:979:gst_poll_fd_ctl_write: 0x2350820: fd (fd:0, idx:1), active : 1
0:00:00.018161963  2466 0xa3e370 LOG   GST_REGISTRY gstregistry.c:607:gst_registry_add_feature: emitting feature-added for identity
0:00:00.014046016  2467 0x2348320 LOG   GST_POLL gstpoll.c:994:gst_poll_fd_ctl_write: 0x2350820: pfd->events now 60 (POLLOUT:4)
0:00:00.018169060  2466 0xa3e370 DEBUG   GST_REGISTRY gstregistrychunks.c:740:gst_registry_chunks_load_feature: Added feature identity, plugin 0xa58050 coreelements
0:00:00.014057003  2467 0x2348320 DEBUG   GST_POLL gstpoll.c:979:gst_poll_fd_ctl_write: 0x2350820: fd (fd:0, idx:1), active : 1
0:00:00.018177940  2466 0xa3e370 DEBUG   GST_REGISTRY gstregistrychunks.c:582:gst_registry_chunks_load_feature: Plugin 'coreelements' feature 'funnel' typename : 'GstElementFactory'
0:00:00.014063195  2467 0x2348320 LOG   GST_POLL gstpoll.c:994:gst_poll_fd_ctl_write: 0x2350820: pfd->events now 60 (POLLOUT:4)
0:00:00.018185691  2466 0xa3e370 TRACE   GST_REFCOUNTING gstobject.c:208:gst_object_init: 0xa5dc00 new
0:00:00.014069600  2467 0x2348320 DEBUG   GST_POLL gstpoll.c:979:gst_poll_fd_ctl_write: 0x2350820: fd (fd:0, idx:1), active : 1
0:00:00.018193426  2466 0xa3e370 LOG   GST_REGISTRY gstregistrychunks.c:609:gst_registry_chunks_load_feature: Reading/casting for GstRegistryChunkElementFactory at address 0xa5a788
0:00:00.014076514  2467 0x2348320 LOG   GST_POLL gstpoll.c:994:gst_poll_fd_ctl_write: 0x2350820: pfd->events now 60 (POLLOUT:4)
0:00:00.018200370  2466 0xa3e370 TRACE   structure gststructure.c:287:gst_structure_new_id_empty_with_size: created structure 0xa5ddc0
0:00:00.014084757  2467 0x2348320 DEBUG   GST_POLL gstpoll.c:979:gst_poll_fd_ctl_write: 0x2350820: fd (fd:0, idx:1), active : 1
0:00:00.018206669  2466 0xa3e370 DEBUG   structure gststructure.c:2203:gst_structure_parse_field: trying field name 'long-name'
0:00:00.014090942  2467 0x2348320 LOG   GST_POLL gstpoll.c:994:gst_poll_fd_ctl_write: 0x2350820: pfd->events now 60 (POLLOUT:4)
