0:00:00.011044842  2467 0x2348320 DEBUG   GST_POLL gstpoll.c:979:gst_poll_fd_ctl_write: 0x2350820: fd (fd:0, idx:1), active : 1
0:00:00.011050148  2467 0x2348320 LOG   GST_POLL gstpoll.c:994:gst_poll_fd_ctl_write: 0x2350820: pfd->events now 60 (POLLOUT:4)
0:00:00.011059742  2467 0x2348320 DEBUG   GST_POLL gstpoll.c:979:gst_poll_fd_ctl_write: 0x2350820: fd (fd:0, idx:1), active : 1
0:00:00.011065163  2467 0x2348320 LOG   GST_POLL gstpoll.c:994:gst_poll_fd_ctl_write: 0x2350820: pfd->events now 60 (POLLOUT:4)
0:00:00.011070855  2467 0x2348320 DEBUG   GST_POLL gstpoll.c:979:gst_poll_fd_ctl_write: 0x2350820: fd (fd:0, idx:1), active : 1
0:00:00.011076167  2467 0x2348320 LOG   GST_POLL gstpoll.c:994:gst_poll_fd_ctl_write: 0x2350820: pfd->events now 60 (POLLOUT:4)
0:00:00.011081797  2467 0x2348320 DEBUG   GST_POLL gstpoll.c:979:gst_poll_fd_ctl_write: 0x2350820: fd (fd:0, idx:1), active : 1
0:00:00.011087109  2467 0x2348320 LOG   GST_POLL gstpoll.c:994:gst_poll_fd_ctl_write: 0x2350820: pfd->events now 60 (POLLOUT:4)
0:00:00.011092723  2467 0x2348320 DEBUG   GST_POLL gstpoll.c:979:gst_poll_fd_ctl_write: 0x2350820: fd (fd:0, idx:1), active : 1
0:00:00.011098129  2467 0x2348320 LOG   GST_POLL gstpoll.c:994:gst_poll_fd_ctl_write: 0x2350820: pfd->events now 60 (POLLOUT:4)
0:00:00.011103772  2467 0x2348320 DEBUG   GST_POLL gstpoll.c:979:gst_poll_fd_ctl_write: 0x2350820: fd (fd:0, idx:1), active : 1
0:00:00.011109134  2467 0x2348320 LOG   GST_POLL gstpoll.c:994:gst_poll_fd_ctl_write: 0x2350820: pfd->events now 60 (POLLOUT:4)
0:00:00.011114747  2467 0x2348320 DEBUG   GST_POLL gstpoll.c:979:gst_poll_fd_ctl_write: 0x2350820: fd (fd:0, idx:1), active : 1
0:00:00.011120129  2467 0x2348320 LOG   GST_POLL gstpoll.c:994:gst_poll_fd_ctl_write: 0x2350820: pfd->events now 60 (POLLOUT:4)
0:00:00.011125669  2467 0x2348320 DEBUG   GST_POLL gstpoll.c:979:gst_poll_fd_ctl_write: 0x2350820: fd (fd:0, idx:1), active : 1
0:00:00.011130975  2467 0x2348320 LOG   GST_POLL gstpoll.c:994:gst_poll_fd_ctl_write: 0x2350820: pfd->events now 60 (POLLOUT:4)
0:00:00.011136523  2467 0x2348320 DEBUG   GST_POLL gstpoll.c:979:gst_poll_fd_ctl_write: 0x2350820: fd (fd:0, idx:1), active : 1
0:00:00.011141819  2467 0x2348320 LOG   GST_POLL gstpoll.c:994:gst_poll_fd_ctl_write: 0x2350820: pfd->events now 60 (POLLOUT:4)
0:00:00.011147472  2467 0x2348320 DEBUG   GST_POLL gstpoll.c:979:gst_poll_fd_ctl_write: 0x2350820: fd (fd:0, idx:1), active : 1
0:00:00.011152932  2467 0x2348320 LOG   GST_POLL gstpoll.c:994:gst_poll_fd_ctl_write: 0x2350820: pfd->events now 60 (POLLOUT:4)
0:00:00.011158630  2467 0x2348320 DEBUG   GST_POLL gstpoll.c:979:gst_poll_fd_ctl_write: 0x2350820: fd (fd:0, idx:1), active : 1
0:00:00.011163944  2467 0x2348320 LOG   GST_POLL gstpoll.c:994:gst_poll_fd_ctl_write: 0x2350820: pfd->events now 60 (POLLOUT:4)
0:00:00.011169552  2467 0x2348320 DEBUG   GST_POLL gstpoll.c:979:gst_poll_fd_ctl_write: 0x2350820: fd (fd:0, idx:1), active : 1
0:00:00.011174854  2467 0x2348320 LOG   GST_POLL gstpoll.c:994:gst_poll_fd_ctl_write: 0x2350820: pfd->events now 60 (POLLOUT:4)
0:00:00.011180452  2467 0x2348320 DEBUG   GST_POLL gstpoll.c:979:gst_poll_fd_ctl_write: 0x2350820: fd (fd:0, idx:1), active : 1
0:00:00.011190992  2467 0x2348320 LOG   GST_POLL gstpoll.c:994:gst_poll_fd_ctl_write: 0x2350820: pfd->events now 60 (POLLOUT:4)
0:00:00.011196775  2467 0x2348320 DEBUG   GST_POLL gstpoll.c:979:gst_poll_fd_ctl_write: 0x2350820: fd (fd:0, idx:1), active : 1
0:00:00.011202112  2467 0x2348320 LOG   GST_POLL gstpoll.c:994:gst_poll_fd_ctl_write: 0x2350820: pfd->events now 60 (POLLOUT:4)
0:00:00.011207714  2467 0x2348320 DEBUG   GST_POLL gstpoll.c:979:gst_poll_fd_ctl_write: 0x2350820: fd (fd:0, idx:1), active : 1
0:00:00.011213012  2467 0x2348320 LOG   GST_POLL gstpoll.c:994:gst_poll_fd_ctl_write: 0x2350820: pfd->events now 60 (POLLOUT:4)
0:00:00.011218579  2467 0x2348320 DEBUG   GST_POLL gstpoll.c:979:gst_poll_fd_ctl_write: 0x2350820: fd (fd:0, idx:1), active : 1
0:00:00.011223883  2467 0x2348320 LOG   GST_POLL gstpoll.c:994:gst_poll_fd_ctl_write: 0x2350820: pfd->events now 60 (POLLOUT:4)
0:00:00.011229477  2467 0x2348320 DEBUG   GST_POLL gstpoll.c:979:gst_poll_fd_ctl_write: 0x2350820: fd (fd:0, idx:1), active : 1
0:00:00.011234924  2467 0x2348320 LOG   GST_POLL gstpoll.c:994:gst_poll_fd_ctl_write: 0x2350820: pfd->events now 60 (POLLOUT:4)
0:00:00.011240492  2467 0x2348320 DEBUG   GST_POLL gstpoll.c:979:gst_poll_fd_ctl_write: 0x2350820: fd (fd:0, idx:1), active : 1
0:00:00.011245849  2467 0x2348320 LOG   GST_POLL gstpoll.c:994:gst_poll_fd_ctl_write: 0x2350820: pfd->events now 60 (POLLOUT:4)
0:00:00.011251545  2467 0x2348320 DEBUG   GST_POLL gstpoll.c:979:gst_poll_fd_ctl_write: 0x2350820: fd (fd:0, idx:1), active : 1
0:00:00.011256865  2467 0x2348320 LOG   GST_POLL gstpoll.c:994:gst_poll_fd_ctl_write: 0x2350820: pfd->events now 60 (POLLOUT:4)
0:00:00.011262533  2467 0x2348320 DEBUG   GST_POLL gstpoll.c:979:gst_poll_fd_ctl_write: 0x2350820: fd (fd:0, idx:1), active : 1
0:00:00.011267856  2467 0x2348320 LOG   GST_POLL gstpoll.c:994:gst_poll_fd_ctl_write: 0x2350820: pfd->events now 60 (POLLOUT:4)
0:00:00.011273480  2467 0x2348320 DEBUG   GST_POLL gstpoll.c:979:gst_poll_fd_ctl_write: 0x2350820: fd (fd:0, idx:1), active : 1
0:00:00.011278908  2467 0x2348320 LOG   GST_POLL gstpoll.c:994:gst_poll_fd_ctl_write: 0x2350820: pfd->events now 60 (POLLOUT:4)
0:00:00.011284440  2467 0x2348320 DEBUG   GST_POLL gstpoll.c:979:gst_poll_fd_ctl_write: 0x2350820: fd (fd:0, idx:1), active : 1
0:00:00.011289777  2467 0x2348320 LOG   GST_POLL gstpoll.c:994:gst_poll_fd_ctl_write: 0x2350820: pfd->events now 60 (POLLOUT:4)
0:00:00.011295291  2467 0x2348320 DEBUG   GST_POLL gstpoll.c:979:gst_poll_fd_ctl_write: 0x2350820: fd (fd:0, idx:1), active : 1
0:00:00.011300628  2467 0x2348320 LOG   GST_POLL gstpoll.c:994:gst_poll_fd_ctl_write: 0x2350820: pfd->events now 60 (POLLOUT:4)
0:00:00.011306173  2467 0x2348320 DEBUG   GST_POLL gstpoll.c:979:gst_poll_fd_ctl_write: 0x2350820: fd (fd:0, idx:1), active : 1
0:00:00.011311558  2467 0x2348320 LOG   GST_POLL gstpoll.c:994:gst_poll_fd_ctl_write: 0x2350820: pfd->events now 60 (POLLOUT:4)
0:00:00.011325712  2467 0x2348320 DEBUG   GST_POLL gstpoll.c:979:gst_poll_fd_ctl_write: 0x2350820: fd (fd:0, idx:1), active : 1
0:00:00.011331498  2467 0x2348320 LOG   GST_POLL gstpoll.c:994:gst_poll_fd_ctl_write: 0x2350820: pfd->events now 60 (POLLOUT:4)
0:00:00.011337089  2467 0x2348320 DEBUG   GST_POLL gstpoll.c:979:gst_poll_fd_ctl_write: 0x2350820: fd (fd:0, idx:1), active : 1
0:00:00.011342477  2467 0x2348320 LOG   GST_POLL gstpoll.c:994:gst_poll_fd_ctl_write: 0x2350820: pfd->events now 60 (POLLOUT:4)
0:00:00.011348060  2467 0x2348320 DEBUG   GST_POLL gstpoll.c:979:gst_poll_fd_ctl_write: 0x2350820: fd (fd:0, idx:1), active : 1
0:00:00.011353390  2467 0x2348320 LOG   GST_POLL gstpoll.c:994:gst_poll_fd_ctl_write: 0x2350820: pfd->events now 60 (POLLOUT:4)
0:00:00.011359008  2467 0x2348320 DEBUG   GST_POLL gstpoll.c:979:gst_poll_fd_ctl_write: 0x2350820: fd (fd:0, idx:1), active : 1
0:00:00.011364303  2467 0x2348320 LOG   GST_POLL gstpoll.c:994:gst_poll_fd_ctl_write: 0x2350820: pfd->events now 60 (POLLOUT:4)
0:00:00.011369864  2467 0x2348320 DEBUG   GST_POLL gstpoll.c:979:gst_poll_fd_ctl_write: 0x2350820: fd (fd:0, idx:1), active : 1
0:00:00.011375154  2467 0x2348320 LOG   GST_POLL gstpoll.c:994:gst_poll_fd_ctl_write: 0x2350820: pfd->events now 60 (POLLOUT:4)
0:00:00.011380732  2467 0x2348320 DEBUG   GST_POLL gstpoll.c:979:gst_poll_fd_ctl_write: 0x2350820: fd (fd:0, idx:1), active : 1
0:00:00.011386056  2467 0x2348320 LOG   GST_POLL gstpoll.c:994:gst_poll_fd_ctl_write: 0x2350820: pfd->events now 60 (POLLOUT:4)
0:00:00.011391649  2467 0x2348320 DEBUG   GST_POLL gstpoll.c:979:gst_poll_fd_ctl_write: 0x2350820: fd (fd:0, idx:1), active : 1
0:00:00.011397062  2467 0x2348320 LOG   GST_POLL gstpoll.c:994:gst_poll_fd_ctl_write: 0x2350820: pfd->events now 60 (POLLOUT:4)
0:00:00.011406495  2467 0x2348320 TRACE   GST_REFCOUNTING gstobject.c:264:gst_object_unref: 0x2364140 unref 2->1
0:00:00.011413284  2467 0x2348320 DEBUG   GST_POLL gstpoll.c:1241:gst_poll_fd_has_error: 0x2350820: fd (fd:0, idx:1) 0
0:00:00.011419044  2467 0x2348320 DEBUG   GST_POLL gstpoll.c:1335:gst_poll_fd_can_write: 0x2350820: fd (fd:0, idx:1) 1
0:00:00.011424494  2467 0x2348320 LOG   GST_PLUGIN_LOADING gstpluginloader.c:690:write_one: Writing packet of size 488 bytes to fd 0
0:00:00.011443413  2467 0x2348320 DEBUG   GST_POLL gstpoll.c:1414:gst_poll_wait: 0x2350820: timeout :0:00:01.000000000
0:00:00.011453776  2467 0x2348320 LOG   GST_PLUGIN_LOADING gstpluginloader.c:1027:exchange_packets: Poll res = 2. 6872 bytes pending for write
0:00:00.011460142  2467 0x2348320 DEBUG   GST_POLL gstpoll.c:1241:gst_poll_fd_has_error: 0x2350820: fd (fd:5, idx:2) 0
0:00:00.011465787  2467 0x2348320 DEBUG   GST_POLL gstpoll.c:1266:gst_poll_fd_can_read_unlocked: 0x2350820: fd (fd:5, idx:2) 1
0:00:00.015584541  2466 0xa3e370 LOG   GST_PLUGIN_LOADING gstpluginloader.c:1027:exchange_packets: Poll res = 1. 0 bytes pending for write
0:00:00.011475695  2467 0x2348320 DEBUG   GST_PLUGIN_LOADING gstpluginloader.c:722:do_plugin_load: Plugin scanner loading file /home/conan/w/prod/BuildSingleReference/.conan/data/gstreamer/1.18.3/_/_/package/0387548ec0d21c08cb6b492d670dcb344087cb15/lib/gstreamer-1.0/libgstcoretracers.so. tag 2
0:00:00.015604041  2466 0xa3e370 DEBUG   GST_POLL gstpoll.c:1241:gst_poll_fd_has_error: 0xa57b20: fd (fd:8, idx:2) 0
0:00:00.011493693  2467 0x2348320 TRACE   GST_REFCOUNTING gstobject.c:237:gst_object_ref: 0x2361e90 ref 1->2
0:00:00.015612331  2466 0xa3e370 DEBUG   GST_POLL gstpoll.c:1266:gst_poll_fd_can_read_unlocked: 0xa57b20: fd (fd:8, idx:2) 1
0:00:00.011501699  2467 0x2348320 TRACE   GST_REFCOUNTING gstobject.c:237:gst_object_ref: 0x2362d90 ref 1->2
0:00:00.015626043  2466 0xa3e370 DEBUG   GST_PLUGIN_LOADING gstpluginloader.c:848:handle_rx_packet: Received plugin details from child w/ tag 0. 476 bytes info
0:00:00.011508430  2467 0x2348320 TRACE   GST_REFCOUNTING gstobject.c:237:gst_object_ref: 0x2362b40 ref 1->2
0:00:00.015633046  2466 0xa3e370 LOG   GST_REGISTRY gstregistrychunks.c:836:_priv_gst_registry_chunks_load_plugin: Reading/casting for GstRegistryChunkPluginElement at address 0xa58050
0:00:00.011517400  2467 0x2348320 TRACE   GST_REFCOUNTING gstobject.c:237:gst_object_ref: 0x2362870 ref 1->2
0:00:00.011523983  2467 0x2348320 TRACE   GST_REFCOUNTING gstobject.c:237:gst_object_ref: 0x2362660 ref 1->2
0:00:00.011529928  2467 0x2348320 TRACE   GST_REFCOUNTING gstobject.c:237:gst_object_ref: 0x2362170 ref 1->2
0:00:00.015651527  2466 0xa3e370 TRACE   GST_REFCOUNTING gstobject.c:208:gst_object_init: 0xa586c0 new
0:00:00.011538009  2467 0x2348320 TRACE   GST_REFCOUNTING gstobject.c:264:gst_object_unref: 0x2362170 unref 2->1
0:00:00.011554435  2467 0x2348320 TRACE   GST_REFCOUNTING gstobject.c:264:gst_object_unref: 0x2362660 unref 2->1
0:00:00.011560656  2467 0x2348320 TRACE   GST_REFCOUNTING gstobject.c:264:gst_object_unref: 0x2362870 unref 2->1
0:00:00.011566670  2467 0x2348320 TRACE   GST_REFCOUNTING gstobject.c:264:gst_object_unref: 0x2362b40 unref 2->1
0:00:00.011572675  2467 0x2348320 TRACE   GST_REFCOUNTING gstobject.c:264:gst_object_unref: 0x2362d90 unref 2->1
0:00:00.011579880  2467 0x2348320 DEBUG   GST_REGISTRY gstregistrychunks.c:497:_priv_gst_registry_chunks_save_plugin: Found 5 features in plugin 0x2361e90 (coretracers)
0:00:00.011585916  2467 0x2348320 DEBUG   GST_POLL gstpoll.c:979:gst_poll_fd_ctl_write: 0x2350820: fd (fd:0, idx:1), active : 1
0:00:00.011591478  2467 0x2348320 LOG   GST_POLL gstpoll.c:994:gst_poll_fd_ctl_write: 0x2350820: pfd->events now 60 (POLLOUT:4)
0:00:00.011597205  2467 0x2348320 DEBUG   GST_POLL gstpoll.c:979:gst_poll_fd_ctl_write: 0x2350820: fd (fd:0, idx:1), active : 1
0:00:00.015714346  2466 0xa3e370 LOG   GST_REGISTRY gstregistrychunks.c:858:_priv_gst_registry_chunks_load_plugin: read strings for name='coretracers'
0:00:00.011602633  2467 0x2348320 LOG   GST_POLL gstpoll.c:994:gst_poll_fd_ctl_write: 0x2350820: pfd->events now 60 (POLLOUT:4)
0:00:00.015723957  2466 0xa3e370 LOG   GST_REGISTRY gstregistrychunks.c:859:_priv_gst_registry_chunks_load_plugin: desc.description='GStreamer core tracers'
0:00:00.011613160  2467 0x2348320 DEBUG   GST_POLL gstpoll.c:979:gst_poll_fd_ctl_write: 0x2350820: fd (fd:0, idx:1), active : 1
0:00:00.015733759  2466 0xa3e370 LOG   GST_REGISTRY gstregistrychunks.c:860:_priv_gst_registry_chunks_load_plugin: filename='/home/conan/w/prod/BuildSingleReference/.conan/data/gstreamer/1.18.3/_/_/package/0387548ec0d21c08cb6b492d670dcb344087cb15/lib/gstreamer-1.0/libgstcoretracers.so'
0:00:00.011619009  2467 0x2348320 LOG   GST_POLL gstpoll.c:994:gst_poll_fd_ctl_write: 0x2350820: pfd->events now 60 (POLLOUT:4)
0:00:00.015740038  2466 0xa3e370 LOG   GST_REGISTRY gstregistrychunks.c:861:_priv_gst_registry_chunks_load_plugin: desc.version='1.18.3'
0:00:00.011625002  2467 0x2348320 DEBUG   GST_POLL gstpoll.c:979:gst_poll_fd_ctl_write: 0x2350820: fd (fd:0, idx:1), active : 1
0:00:00.015745442  2466 0xa3e370 LOG   GST_REGISTRY gstregistrychunks.c:862:_priv_gst_registry_chunks_load_plugin: desc.license='LGPL'
0:00:00.011630924  2467 0x2348320 LOG   GST_POLL gstpoll.c:994:gst_poll_fd_ctl_write: 0x2350820: pfd->events now 60 (POLLOUT:4)
0:00:00.015750926  2466 0xa3e370 LOG   GST_REGISTRY gstregistrychunks.c:863:_priv_gst_registry_chunks_load_plugin: desc.source='gstreamer'
0:00:00.011636943  2467 0x2348320 DEBUG   GST_POLL gstpoll.c:979:gst_poll_fd_ctl_write: 0x2350820: fd (fd:0, idx:1), active : 1
0:00:00.015756607  2466 0xa3e370 LOG   GST_REGISTRY gstregistrychunks.c:864:_priv_gst_registry_chunks_load_plugin: desc.package='GStreamer source release'
0:00:00.011642861  2467 0x2348320 LOG   GST_POLL gstpoll.c:994:gst_poll_fd_ctl_write: 0x2350820: pfd->events now 60 (POLLOUT:4)
0:00:00.015762976  2466 0xa3e370 LOG   GST_REGISTRY gstregistrychunks.c:865:_priv_gst_registry_chunks_load_plugin: desc.origin='Unknown package origin'
0:00:00.011648878  2467 0x2348320 DEBUG   GST_POLL gstpoll.c:979:gst_poll_fd_ctl_write: 0x2350820: fd (fd:0, idx:1), active : 1
0:00:00.015768606  2466 0xa3e370 LOG   GST_REGISTRY gstregistrychunks.c:866:_priv_gst_registry_chunks_load_plugin: desc.datetime=2021-01-13
0:00:00.011654803  2467 0x2348320 LOG   GST_POLL gstpoll.c:994:gst_poll_fd_ctl_write: 0x2350820: pfd->events now 60 (POLLOUT:4)
0:00:00.011660820  2467 0x2348320 DEBUG   GST_POLL gstpoll.c:979:gst_poll_fd_ctl_write: 0x2350820: fd (fd:0, idx:1), active : 1
0:00:00.015778463  2466 0xa3e370 DEBUG   GST_REGISTRY gstregistry.c:473:gst_registry_add_plugin: adding plugin 0xa586c0 for filename "/home/conan/w/prod/BuildSingleReference/.conan/data/gstreamer/1.18.3/_/_/package/0387548ec0d21c08cb6b492d670dcb344087cb15/lib/gstreamer-1.0/libgstcoretracers.so"
0:00:00.011666198  2467 0x2348320 LOG   GST_POLL gstpoll.c:994:gst_poll_fd_ctl_write: 0x2350820: pfd->events now 60 (POLLOUT:4)
0:00:00.015789237  2466 0xa3e370 TRACE   GST_REFCOUNTING gstobject.c:292:gst_object_ref_sink: 0xa586c0 ref_sink 1->2
0:00:00.011672522  2467 0x2348320 DEBUG   GST_POLL gstpoll.c:979:gst_poll_fd_ctl_write: 0x2350820: fd (fd:0, idx:1), active : 1
0:00:00.015805501  2466 0xa3e370 LOG   GST_REGISTRY gstregistry.c:486:gst_registry_add_plugin: emitting plugin-added for filename "/home/conan/w/prod/BuildSingleReference/.conan/data/gstreamer/1.18.3/_/_/package/0387548ec0d21c08cb6b492d670dcb344087cb15/lib/gstreamer-1.0/libgstcoretracers.so"
0:00:00.011688927  2467 0x2348320 LOG   GST_POLL gstpoll.c:994:gst_poll_fd_ctl_write: 0x2350820: pfd->events now 60 (POLLOUT:4)
0:00:00.015813318  2466 0xa3e370 DEBUG   GST_REGISTRY gstregistrychunks.c:886:_priv_gst_registry_chunks_load_plugin: Added plugin 'coretracers' plugin with 5 features from binary registry
0:00:00.011696617  2467 0x2348320 DEBUG   GST_POLL gstpoll.c:979:gst_poll_fd_ctl_write: 0x2350820: fd (fd:0, idx:1), active : 1
0:00:00.015820381  2466 0xa3e370 DEBUG   GST_REGISTRY gstregistrychunks.c:582:gst_registry_chunks_load_feature: Plugin 'coretracers' feature 'leaks' typename : 'GstTracerFactory'
0:00:00.011703728  2467 0x2348320 LOG   GST_POLL gstpoll.c:994:gst_poll_fd_ctl_write: 0x2350820: pfd->events now 60 (POLLOUT:4)
0:00:00.011710920  2467 0x2348320 DEBUG   GST_POLL gstpoll.c:979:gst_poll_fd_ctl_write: 0x2350820: fd (fd:0, idx:1), active : 1
0:00:00.011716278  2467 0x2348320 LOG   GST_POLL gstpoll.c:994:gst_poll_fd_ctl_write: 0x2350820: pfd->events now 60 (POLLOUT:4)
0:00:00.015834104  2466 0xa3e370 TRACE   GST_REFCOUNTING gstobject.c:208:gst_object_init: 0xa589d0 new
0:00:00.011721947  2467 0x2348320 DEBUG   GST_POLL gstpoll.c:979:gst_poll_fd_ctl_write: 0x2350820: fd (fd:0, idx:1), active : 1
0:00:00.015844583  2466 0xa3e370 DEBUG   GST_REGISTRY gstregistrychunks.c:716:gst_registry_chunks_load_feature: Reading/casting for GstRegistryChunkPluginFeature at address 0xa58198
0:00:00.011727753  2467 0x2348320 LOG   GST_POLL gstpoll.c:994:gst_poll_fd_ctl_write: 0x2350820: pfd->events now 60 (POLLOUT:4)
0:00:00.015852342  2466 0xa3e370 DEBUG   GST_REGISTRY gstregistry.c:589:gst_registry_add_feature: adding feature 0xa589d0 (leaks)
0:00:00.011735173  2467 0x2348320 DEBUG   GST_POLL gstpoll.c:979:gst_poll_fd_ctl_write: 0x2350820: fd (fd:0, idx:1), active : 1
0:00:00.015858401  2466 0xa3e370 DEBUG   GST_REFCOUNTING gstobject.c:708:gst_object_set_parent: set parent (ref and sink)
0:00:00.011742500  2467 0x2348320 LOG   GST_POLL gstpoll.c:994:gst_poll_fd_ctl_write: 0x2350820: pfd->events now 60 (POLLOUT:4)
0:00:00.015865298  2466 0xa3e370 TRACE   GST_REFCOUNTING gstobject.c:292:gst_object_ref_sink: 0xa589d0 ref_sink 1->2
0:00:00.011749242  2467 0x2348320 DEBUG   GST_POLL gstpoll.c:979:gst_poll_fd_ctl_write: 0x2350820: fd (fd:0, idx:1), active : 1
0:00:00.015871808  2466 0xa3e370 LOG   GST_REGISTRY gstregistry.c:607:gst_registry_add_feature: emitting feature-added for leaks
0:00:00.011755780  2467 0x2348320 LOG   GST_POLL gstpoll.c:994:gst_poll_fd_ctl_write: 0x2350820: pfd->events now 60 (POLLOUT:4)
0:00:00.015878505  2466 0xa3e370 DEBUG   GST_REGISTRY gstregistrychunks.c:740:gst_registry_chunks_load_feature: Added feature leaks, plugin 0xa586c0 coretracers
0:00:00.011766443  2467 0x2348320 DEBUG   GST_POLL gstpoll.c:979:gst_poll_fd_ctl_write: 0x2350820: fd (fd:0, idx:1), active : 1
0:00:00.015886908  2466 0xa3e370 DEBUG   GST_REGISTRY gstregistrychunks.c:582:gst_registry_chunks_load_feature: Plugin 'coretracers' feature 'stats' typename : 'GstTracerFactory'
0:00:00.011772468  2467 0x2348320 LOG   GST_POLL gstpoll.c:994:gst_poll_fd_ctl_write: 0x2350820: pfd->events now 60 (POLLOUT:4)
0:00:00.015893782  2466 0xa3e370 TRACE   GST_REFCOUNTING gstobject.c:208:gst_object_init: 0xa58bd0 new
0:00:00.011778555  2467 0x2348320 DEBUG   GST_POLL gstpoll.c:979:gst_poll_fd_ctl_write: 0x2350820: fd (fd:0, idx:1), active : 1
0:00:00.015901017  2466 0xa3e370 DEBUG   GST_REGISTRY gstregistrychunks.c:716:gst_registry_chunks_load_feature: Reading/casting for GstRegistryChunkPluginFeature at address 0xa581b8
0:00:00.011784325  2467 0x2348320 LOG   GST_POLL gstpoll.c:994:gst_poll_fd_ctl_write: 0x2350820: pfd->events now 60 (POLLOUT:4)
0:00:00.015907945  2466 0xa3e370 DEBUG   GST_REGISTRY gstregistry.c:589:gst_registry_add_feature: adding feature 0xa58bd0 (stats)
0:00:00.011791836  2467 0x2348320 LOG   GST_PLUGIN_LOADING gstpluginloader.c:645:put_chunk: Expanding tx buf from 7717 to 10158 for chunk of size 17
0:00:00.015913865  2466 0xa3e370 DEBUG   GST_REFCOUNTING gstobject.c:708:gst_object_set_parent: set parent (ref and sink)
0:00:00.011802067  2467 0x2348320 DEBUG   GST_POLL gstpoll.c:979:gst_poll_fd_ctl_write: 0x2350820: fd (fd:0, idx:1), active : 1
0:00:00.015920537  2466 0xa3e370 TRACE   GST_REFCOUNTING gstobject.c:292:gst_object_ref_sink: 0xa58bd0 ref_sink 1->2
0:00:00.011808110  2467 0x2348320 LOG   GST_POLL gstpoll.c:994:gst_poll_fd_ctl_write: 0x2350820: pfd->events now 60 (POLLOUT:4)
0:00:00.015928107  2466 0xa3e370 LOG   GST_REGISTRY gstregistry.c:607:gst_registry_add_feature: emitting feature-added for stats
0:00:00.011814150  2467 0x2348320 DEBUG   GST_POLL gstpoll.c:979:gst_poll_fd_ctl_write: 0x2350820: fd (fd:0, idx:1), active : 1
0:00:00.015934434  2466 0xa3e370 DEBUG   GST_REGISTRY gstregistrychunks.c:740:gst_registry_chunks_load_feature: Added feature stats, plugin 0xa586c0 coretracers
0:00:00.011819848  2467 0x2348320 LOG   GST_POLL gstpoll.c:994:gst_poll_fd_ctl_write: 0x2350820: pfd->events now 60 (POLLOUT:4)
0:00:00.015940803  2466 0xa3e370 DEBUG   GST_REGISTRY gstregistrychunks.c:582:gst_registry_chunks_load_feature: Plugin 'coretracers' feature 'rusage' typename : 'GstTracerFactory'
0:00:00.011827629  2467 0x2348320 DEBUG   GST_POLL gstpoll.c:979:gst_poll_fd_ctl_write: 0x2350820: fd (fd:0, idx:1), active : 1
0:00:00.015947948  2466 0xa3e370 TRACE   GST_REFCOUNTING gstobject.c:208:gst_object_init: 0xa58dd0 new
0:00:00.011833403  2467 0x2348320 LOG   GST_POLL gstpoll.c:994:gst_poll_fd_ctl_write: 0x2350820: pfd->events now 60 (POLLOUT:4)
0:00:00.015954555  2466 0xa3e370 DEBUG   GST_REGISTRY gstregistrychunks.c:716:gst_registry_chunks_load_feature: Reading/casting for GstRegistryChunkPluginFeature at address 0xa581d8
0:00:00.011843781  2467 0x2348320 DEBUG   GST_POLL gstpoll.c:979:gst_poll_fd_ctl_write: 0x2350820: fd (fd:0, idx:1), active : 1
0:00:00.015964352  2466 0xa3e370 DEBUG   GST_REGISTRY gstregistry.c:589:gst_registry_add_feature: adding feature 0xa58dd0 (rusage)
0:00:00.011849676  2467 0x2348320 LOG   GST_POLL gstpoll.c:994:gst_poll_fd_ctl_write: 0x2350820: pfd->events now 60 (POLLOUT:4)
0:00:00.015970046  2466 0xa3e370 DEBUG   GST_REFCOUNTING gstobject.c:708:gst_object_set_parent: set parent (ref and sink)
0:00:00.011856036  2467 0x2348320 DEBUG   GST_POLL gstpoll.c:979:gst_poll_fd_ctl_write: 0x2350820: fd (fd:0, idx:1), active : 1
0:00:00.015976717  2466 0xa3e370 TRACE   GST_REFCOUNTING gstobject.c:292:gst_object_ref_sink: 0xa58dd0 ref_sink 1->2
0:00:00.011861893  2467 0x2348320 LOG   GST_POLL gstpoll.c:994:gst_poll_fd_ctl_write: 0x2350820: pfd->events now 60 (POLLOUT:4)
0:00:00.015983041  2466 0xa3e370 LOG   GST_REGISTRY gstregistry.c:607:gst_registry_add_feature: emitting feature-added for rusage
0:00:00.011868031  2467 0x2348320 DEBUG   GST_POLL gstpoll.c:979:gst_poll_fd_ctl_write: 0x2350820: fd (fd:0, idx:1), active : 1
0:00:00.015989465  2466 0xa3e370 DEBUG   GST_REGISTRY gstregistrychunks.c:740:gst_registry_chunks_load_feature: Added feature rusage, plugin 0xa586c0 coretracers
0:00:00.011873902  2467 0x2348320 LOG   GST_POLL gstpoll.c:994:gst_poll_fd_ctl_write: 0x2350820: pfd->events now 60 (POLLOUT:4)
0:00:00.015995845  2466 0xa3e370 DEBUG   GST_REGISTRY gstregistrychunks.c:582:gst_registry_chunks_load_feature: Plugin 'coretracers' feature 'log' typename : 'GstTracerFactory'
0:00:00.011879931  2467 0x2348320 DEBUG   GST_POLL gstpoll.c:979:gst_poll_fd_ctl_write: 0x2350820: fd (fd:0, idx:1), active : 1
0:00:00.016002425  2466 0xa3e370 TRACE   GST_REFCOUNTING gstobject.c:208:gst_object_init: 0xa58fd0 new
0:00:00.011886203  2467 0x2348320 LOG   GST_POLL gstpoll.c:994:gst_poll_fd_ctl_write: 0x2350820: pfd->events now 60 (POLLOUT:4)
0:00:00.016009187  2466 0xa3e370 DEBUG   GST_REGISTRY gstregistrychunks.c:716:gst_registry_chunks_load_feature: Reading/casting for GstRegistryChunkPluginFeature at address 0xa581f8
0:00:00.011893275  2467 0x2348320 DEBUG   GST_POLL gstpoll.c:979:gst_poll_fd_ctl_write: 0x2350820: fd (fd:0, idx:1), active : 1
0:00:00.016016072  2466 0xa3e370 DEBUG   GST_REGISTRY gstregistry.c:589:gst_registry_add_feature: adding feature 0xa58fd0 (log)
0:00:00.011899679  2467 0x2348320 LOG   GST_POLL gstpoll.c:994:gst_poll_fd_ctl_write: 0x2350820: pfd->events now 60 (POLLOUT:4)
0:00:00.016022042  2466 0xa3e370 DEBUG   GST_REFCOUNTING gstobject.c:708:gst_object_set_parent: set parent (ref and sink)
0:00:00.011906673  2467 0x2348320 DEBUG   GST_POLL gstpoll.c:979:gst_poll_fd_ctl_write: 0x2350820: fd (fd:0, idx:1), active : 1
0:00:00.016028756  2466 0xa3e370 TRACE   GST_REFCOUNTING gstobject.c:292:gst_object_ref_sink: 0xa58fd0 ref_sink 1->2
0:00:00.011916285  2467 0x2348320 LOG   GST_POLL gstpoll.c:994:gst_poll_fd_ctl_write: 0x2350820: pfd->events now 60 (POLLOUT:4)
0:00:00.016036656  2466 0xa3e370 LOG   GST_REGISTRY gstregistry.c:607:gst_registry_add_feature: emitting feature-added for log
0:00:00.011922500  2467 0x2348320 DEBUG   GST_POLL gstpoll.c:979:gst_poll_fd_ctl_write: 0x2350820: fd (fd:0, idx:1), active : 1
0:00:00.016042818  2466 0xa3e370 DEBUG   GST_REGISTRY gstregistrychunks.c:740:gst_registry_chunks_load_feature: Added feature log, plugin 0xa586c0 coretracers
0:00:00.011928389  2467 0x2348320 LOG   GST_POLL gstpoll.c:994:gst_poll_fd_ctl_write: 0x2350820: pfd->events now 60 (POLLOUT:4)
0:00:00.016049251  2466 0xa3e370 DEBUG   GST_REGISTRY gstregistrychunks.c:582:gst_registry_chunks_load_feature: Plugin 'coretracers' feature 'latency' typename : 'GstTracerFactory'
0:00:00.011934358  2467 0x2348320 DEBUG   GST_POLL gstpoll.c:979:gst_poll_fd_ctl_write: 0x2350820: fd (fd:0, idx:1), active : 1
0:00:00.016056180  2466 0xa3e370 TRACE   GST_REFCOUNTING gstobject.c:208:gst_object_init: 0xa591d0 new
0:00:00.011940200  2467 0x2348320 LOG   GST_POLL gstpoll.c:994:gst_poll_fd_ctl_write: 0x2350820: pfd->events now 60 (POLLOUT:4)
0:00:00.011947065  2467 0x2348320 DEBUG   GST_POLL gstpoll.c:979:gst_poll_fd_ctl_write: 0x2350820: fd (fd:0, idx:1), active : 1
0:00:00.016063183  2466 0xa3e370 DEBUG   GST_REGISTRY gstregistrychunks.c:716:gst_registry_chunks_load_feature: Reading/casting for GstRegistryChunkPluginFeature at address 0xa58220
0:00:00.011952379  2467 0x2348320 LOG   GST_POLL gstpoll.c:994:gst_poll_fd_ctl_write: 0x2350820: pfd->events now 60 (POLLOUT:4)
0:00:00.016077121  2466 0xa3e370 DEBUG   GST_REGISTRY gstregistry.c:589:gst_registry_add_feature: adding feature 0xa591d0 (latency)
0:00:00.011961115  2467 0x2348320 TRACE   GST_REFCOUNTING gstobject.c:264:gst_object_unref: 0x2361e90 unref 2->1
0:00:00.016082891  2466 0xa3e370 DEBUG   GST_REFCOUNTING gstobject.c:708:gst_object_set_parent: set parent (ref and sink)
0:00:00.011967725  2467 0x2348320 DEBUG   GST_POLL gstpoll.c:1241:gst_poll_fd_has_error: 0x2350820: fd (fd:0, idx:1) 0
0:00:00.016089559  2466 0xa3e370 TRACE   GST_REFCOUNTING gstobject.c:292:gst_object_ref_sink: 0xa591d0 ref_sink 1->2
0:00:00.011973759  2467 0x2348320 DEBUG   GST_POLL gstpoll.c:1335:gst_poll_fd_can_write: 0x2350820: fd (fd:0, idx:1) 1
0:00:00.016096245  2466 0xa3e370 LOG   GST_REGISTRY gstregistry.c:607:gst_registry_add_feature: emitting feature-added for latency
0:00:00.011980110  2467 0x2348320 LOG   GST_PLUGIN_LOADING gstpluginloader.c:690:write_one: Writing packet of size 6872 bytes to fd 0
0:00:00.016102806  2466 0xa3e370 DEBUG   GST_REGISTRY gstregistrychunks.c:740:gst_registry_chunks_load_feature: Added feature latency, plugin 0xa586c0 coretracers
0:00:00.011990868  2467 0x2348320 DEBUG   GST_POLL gstpoll.c:1414:gst_poll_wait: 0x2350820: timeout :0:00:01.000000000
0:00:00.016115449  2466 0xa3e370 LOG   GST_PLUGIN_LOADING gstpluginloader.c:887:handle_rx_packet: marking plugin 0xa586c0 as registered as /home/conan/w/prod/BuildSingleReference/.conan/data/gstreamer/1.18.3/_/_/package/0387548ec0d21c08cb6b492d670dcb344087cb15/lib/gstreamer-1.0/libgstcoretracers.so
0:00:00.012000963  2467 0x2348320 LOG   GST_PLUGIN_LOADING gstpluginloader.c:1027:exchange_packets: Poll res = 2. 488 bytes pending for write
0:00:00.012007827  2467 0x2348320 DEBUG   GST_POLL gstpoll.c:1241:gst_poll_fd_has_error: 0x2350820: fd (fd:5, idx:2) 0
0:00:00.016126886  2466 0xa3e370 DEBUG   GST_POLL gstpoll.c:1414:gst_poll_wait: 0xa57b20: timeout :0:00:01.000000000
0:00:00.012013467  2467 0x2348320 DEBUG   GST_POLL gstpoll.c:1266:gst_poll_fd_can_read_unlocked: 0x2350820: fd (fd:5, idx:2) 1
0:00:00.016137191  2466 0xa3e370 LOG   GST_PLUGIN_LOADING gstpluginloader.c:1027:exchange_packets: Poll res = 1. 0 bytes pending for write
0:00:00.012022670  2467 0x2348320 DEBUG   GST_PLUGIN_LOADING gstpluginloader.c:722:do_plugin_load: Plugin scanner loading file /home/conan/w/prod/BuildSingleReference/.conan/data/gstreamer/1.18.3/_/_/package/0387548ec0d21c08cb6b492d670dcb344087cb15/lib/gstreamer-1.0/libgstcoreelements.so. tag 3
0:00:00.016144141  2466 0xa3e370 DEBUG   GST_POLL gstpoll.c:1241:gst_poll_fd_has_error: 0xa57b20: fd (fd:8, idx:2) 0
0:00:00.012029977  2467 0x2348320 TRACE   GST_REFCOUNTING gstobject.c:237:gst_object_ref: 0x2364140 ref 1->2
0:00:00.016150184  2466 0xa3e370 DEBUG   GST_POLL gstpoll.c:1266:gst_poll_fd_can_read_unlocked: 0xa57b20: fd (fd:8, idx:2) 1
0:00:00.012037114  2467 0x2348320 TRACE   GST_REFCOUNTING gstobject.c:237:gst_object_ref: 0x237f370 ref 1->2
0:00:00.016158677  2466 0xa3e370 LOG   GST_PLUGIN_LOADING gstpluginloader.c:985:read_one: Expanding rx buf from 512 to 7384
0:00:00.012043684  2467 0x2348320 TRACE   GST_REFCOUNTING gstobject.c:237:gst_object_ref: 0x237e640 ref 1->2
0:00:00.012050403  2467 0x2348320 TRACE   GST_REFCOUNTING gstobject.c:237:gst_object_ref: 0x237ce70 ref 1->2
0:00:00.012056413  2467 0x2348320 TRACE   GST_REFCOUNTING gstobject.c:237:gst_object_ref: 0x237c0a0 ref 1->2
0:00:00.016177613  2466 0xa3e370 DEBUG   GST_PLUGIN_LOADING gstpluginloader.c:848:handle_rx_packet: Received plugin details from child w/ tag 1. 6860 bytes info
0:00:00.012062395  2467 0x2348320 TRACE   GST_REFCOUNTING gstobject.c:237:gst_object_ref: 0x237af00 ref 1->2
0:00:00.016184195  2466 0xa3e370 LOG   GST_REGISTRY gstregistrychunks.c:836:_priv_gst_registry_chunks_load_plugin: Reading/casting for GstRegistryChunkPluginElement at address 0xa59970
0:00:00.012068889  2467 0x2348320 TRACE   GST_REFCOUNTING gstobject.c:237:gst_object_ref: 0x2379e00 ref 1->2
0:00:00.016191143  2466 0xa3e370 TRACE   GST_REFCOUNTING gstobject.c:208:gst_object_init: 0xa58050 new
0:00:00.012075433  2467 0x2348320 TRACE   GST_REFCOUNTING gstobject.c:237:gst_object_ref: 0x23784b0 ref 1->2
0:00:00.016200628  2466 0xa3e370 LOG   GST_REGISTRY gstregistrychunks.c:858:_priv_gst_registry_chunks_load_plugin: read strings for name='coreelements'
0:00:00.012085896  2467 0x2348320 TRACE   GST_REFCOUNTING gstobject.c:237:gst_object_ref: 0x23769a0 ref 1->2
0:00:00.016206963  2466 0xa3e370 LOG   GST_REGISTRY gstregistrychunks.c:859:_priv_gst_registry_chunks_load_plugin: desc.description='GStreamer core elements'
0:00:00.012092638  2467 0x2348320 TRACE   GST_REFCOUNTING gstobject.c:237:gst_object_ref: 0x2375890 ref 1->2
0:00:00.016213436  2466 0xa3e370 LOG   GST_REGISTRY gstregistrychunks.c:860:_priv_gst_registry_chunks_load_plugin: filename='/home/conan/w/prod/BuildSingleReference/.conan/data/gstreamer/1.18.3/_/_/package/0387548ec0d21c08cb6b492d670dcb344087cb15/lib/gstreamer-1.0/libgstcoreelements.so'
0:00:00.012099326  2467 0x2348320 TRACE   GST_REFCOUNTING gstobject.c:237:gst_object_ref: 0x2374670 ref 1->2
0:00:00.016219647  2466 0xa3e370 LOG   GST_REGISTRY gstregistrychunks.c:861:_priv_gst_registry_chunks_load_plugin: desc.version='1.18.3'
0:00:00.012105825  2467 0x2348320 TRACE   GST_REFCOUNTING gstobject.c:237:gst_object_ref: 0x2373040 ref 1->2
0:00:00.016225211  2466 0xa3e370 LOG   GST_REGISTRY gstregistrychunks.c:862:_priv_gst_registry_chunks_load_plugin: desc.license='LGPL'
0:00:00.012112283  2467 0x2348320 TRACE   GST_REFCOUNTING gstobject.c:237:gst_object_ref: 0x2372390 ref 1->2
0:00:00.016231763  2466 0xa3e370 LOG   GST_REGISTRY gstregistrychunks.c:863:_priv_gst_registry_chunks_load_plugin: desc.source='gstreamer'
0:00:00.012118785  2467 0x2348320 TRACE   GST_REFCOUNTING gstobject.c:237:gst_object_ref: 0x2371760 ref 1->2
0:00:00.016238306  2466 0xa3e370 LOG   GST_REGISTRY gstregistrychunks.c:864:_priv_gst_registry_chunks_load_plugin: desc.package='GStreamer source release'
0:00:00.012125250  2467 0x2348320 TRACE   GST_REFCOUNTING gstobject.c:237:gst_object_ref: 0x2368cb0 ref 1->2
0:00:00.016244933  2466 0xa3e370 LOG   GST_REGISTRY gstregistrychunks.c:865:_priv_gst_registry_chunks_load_plugin: desc.origin='Unknown package origin'
0:00:00.012131629  2467 0x2348320 TRACE   GST_REFCOUNTING gstobject.c:237:gst_object_ref: 0x236eb60 ref 1->2
0:00:00.016251287  2466 0xa3e370 LOG   GST_REGISTRY gstregistrychunks.c:866:_priv_gst_registry_chunks_load_plugin: desc.datetime=2021-01-13
0:00:00.012138065  2467 0x2348320 TRACE   GST_REFCOUNTING gstobject.c:237:gst_object_ref: 0x236c530 ref 1->2
0:00:00.016259782  2466 0xa3e370 DEBUG   GST_REGISTRY gstregistry.c:473:gst_registry_add_plugin: adding plugin 0xa58050 for filename "/home/conan/w/prod/BuildSingleReference/.conan/data/gstreamer/1.18.3/_/_/package/0387548ec0d21c08cb6b492d670dcb344087cb15/lib/gstreamer-1.0/libgstcoreelements.so"
0:00:00.012144394  2467 0x2348320 TRACE   GST_REFCOUNTING gstobject.c:237:gst_object_ref: 0x236a9e0 ref 1->2
0:00:00.016267306  2466 0xa3e370 TRACE   GST_REFCOUNTING gstobject.c:292:gst_object_ref_sink: 0xa58050 ref_sink 1->2
0:00:00.012154893  2467 0x2348320 TRACE   GST_REFCOUNTING gstobject.c:237:gst_object_ref: 0x23699a0 ref 1->2
0:00:00.016275498  2466 0xa3e370 LOG   GST_REGISTRY gstregistry.c:486:gst_registry_add_plugin: emitting plugin-added for filename "/home/conan/w/prod/BuildSingleReference/.conan/data/gstreamer/1.18.3/_/_/package/0387548ec0d21c08cb6b492d670dcb344087cb15/lib/gstreamer-1.0/libgstcoreelements.so"
0:00:00.012161555  2467 0x2348320 TRACE   GST_REFCOUNTING gstobject.c:237:gst_object_ref: 0x2367ef0 ref 1->2
0:00:00.016282751  2466 0xa3e370 DEBUG   GST_REGISTRY gstregistrychunks.c:886:_priv_gst_registry_chunks_load_plugin: Added plugin 'coreelements' plugin with 22 features from binary registry
0:00:00.012168079  2467 0x2348320 TRACE   GST_REFCOUNTING gstobject.c:237:gst_object_ref: 0x2367020 ref 1->2
0:00:00.016289526  2466 0xa3e370 DEBUG   GST_REGISTRY gstregistrychunks.c:582:gst_registry_chunks_load_feature: Plugin 'coreelements' feature 'streamiddemux' typename : 'GstElementFactory'
0:00:00.012174488  2467 0x2348320 TRACE   GST_REFCOUNTING gstobject.c:237:gst_object_ref: 0x2366280 ref 1->2
0:00:00.016298346  2466 0xa3e370 TRACE   GST_REFCOUNTING gstobject.c:208:gst_object_init: 0xa59290 new
0:00:00.012180838  2467 0x2348320 TRACE   GST_REFCOUNTING gstobject.c:237:gst_object_ref: 0x2364590 ref 1->2
0:00:00.016306276  2466 0xa3e370 LOG   GST_REGISTRY gstregistrychunks.c:609:gst_registry_chunks_load_feature: Reading/casting for GstRegistryChunkElementFactory at address 0xa59ac8
0:00:00.012190035  2467 0x2348320 DEBUG   GST_REGISTRY gstregistrychunks.c:264:gst_registry_chunks_save_feature: saved 0 interfaces 0 pad templates
0:00:00.016314406  2466 0xa3e370 TRACE   structure gststructure.c:287:gst_structure_new_id_empty_with_size: created structure 0xa59490
0:00:00.012199934  2467 0x2348320 DEBUG   GST_REGISTRY gstregistrychunks.c:264:gst_registry_chunks_save_feature: saved 0 interfaces 0 pad templates
0:00:00.016321082  2466 0xa3e370 DEBUG   structure gststructure.c:2203:gst_structure_parse_field: trying field name 'long-name'
0:00:00.012207912  2467 0x2348320 DEBUG   GST_REGISTRY gstregistrychunks.c:264:gst_registry_chunks_save_feature: saved 0 interfaces 0 pad templates
0:00:00.016332351  2466 0xa3e370 DEBUG   default gstvalue.c:2676:_priv_gst_value_parse_value: trying type name 'string'
0:00:00.012216202  2467 0x2348320 DEBUG   GST_REGISTRY gstregistrychunks.c:264:gst_registry_chunks_save_feature: saved 1 interfaces 0 pad templates
0:00:00.012222987  2467 0x2348320 DEBUG   GST_REGISTRY gstregistrychunks.c:284:gst_registry_chunks_save_feature: Saved 1 UriTypes
0:00:00.016342536  2466 0xa3e370 DEBUG   structure gststructure.c:2203:gst_structure_parse_field: trying field name 'klass'
0:00:00.016348383  2466 0xa3e370 DEBUG   default gstvalue.c:2676:_priv_gst_value_parse_value: trying type name 'string'
0:00:00.012231255  2467 0x2348320 DEBUG   GST_REGISTRY gstregistrychunks.c:264:gst_registry_chunks_save_feature: saved 0 interfaces 0 pad templates
0:00:00.016360043  2466 0xa3e370 DEBUG   structure gststructure.c:2203:gst_structure_parse_field: trying field name 'description'
0:00:00.012245929  2467 0x2348320 DEBUG   GST_REGISTRY gstregistrychunks.c:264:gst_registry_chunks_save_feature: saved 0 interfaces 0 pad templates
0:00:00.016365793  2466 0xa3e370 DEBUG   default gstvalue.c:2676:_priv_gst_value_parse_value: trying type name 'string'
0:00:00.012254342  2467 0x2348320 DEBUG   GST_REGISTRY gstregistrychunks.c:264:gst_registry_chunks_save_feature: saved 0 interfaces 0 pad templates
0:00:00.016372872  2466 0xa3e370 DEBUG   structure gststructure.c:2203:gst_structure_parse_field: trying field name 'author'
0:00:00.016380054  2466 0xa3e370 DEBUG   default gstvalue.c:2676:_priv_gst_value_parse_value: trying type name 'string'
0:00:00.012263123  2467 0x2348320 DEBUG   GST_REGISTRY gstregistrychunks.c:264:gst_registry_chunks_save_feature: saved 1 interfaces 0 pad templates
0:00:00.016386267  2466 0xa3e370 DEBUG   GST_REGISTRY gstregistrychunks.c:626:gst_registry_chunks_load_feature: Element factory : npadtemplates=2
0:00:00.012269789  2467 0x2348320 DEBUG   GST_REGISTRY gstregistrychunks.c:284:gst_registry_chunks_save_feature: Saved 1 UriTypes
0:00:00.016391861  2466 0xa3e370 DEBUG   GST_REGISTRY gstregistrychunks.c:525:gst_registry_chunks_load_pad_template: Reading/casting for GstRegistryChunkPadTemplate at address 0xa59ba0
0:00:00.012278345  2467 0x2348320 DEBUG   GST_REGISTRY gstregistrychunks.c:264:gst_registry_chunks_save_feature: saved 1 interfaces 0 pad templates
0:00:00.016398135  2466 0xa3e370 DEBUG   GST_REGISTRY gstregistrychunks.c:539:gst_registry_chunks_load_pad_template: Added pad_template src_%u
0:00:00.012284146  2467 0x2348320 DEBUG   GST_REGISTRY gstregistrychunks.c:284:gst_registry_chunks_save_feature: Saved 1 UriTypes
0:00:00.016404072  2466 0xa3e370 DEBUG   GST_REGISTRY gstregistrychunks.c:525:gst_registry_chunks_load_pad_template: Reading/casting for GstRegistryChunkPadTemplate at address 0xa59bb8
0:00:00.012291963  2467 0x2348320 DEBUG   GST_REGISTRY gstregistrychunks.c:264:gst_registry_chunks_save_feature: saved 1 interfaces 0 pad templates
0:00:00.016410289  2466 0xa3e370 DEBUG   GST_REGISTRY gstregistrychunks.c:539:gst_registry_chunks_load_pad_template: Added pad_template sink
0:00:00.012298127  2467 0x2348320 DEBUG   GST_REGISTRY gstregistrychunks.c:284:gst_registry_chunks_save_feature: Saved 1 UriTypes
0:00:00.016420401  2466 0xa3e370 DEBUG   GST_REGISTRY gstregistry.c:589:gst_registry_add_feature: adding feature 0xa59290 (streamiddemux)
0:00:00.012305729  2467 0x2348320 DEBUG   GST_REGISTRY gstregistrychunks.c:264:gst_registry_chunks_save_feature: saved 0 interfaces 0 pad templates
0:00:00.016427758  2466 0xa3e370 DEBUG   GST_REFCOUNTING gstobject.c:708:gst_object_set_parent: set parent (ref and sink)
0:00:00.012313971  2467 0x2348320 DEBUG   GST_REGISTRY gstregistrychunks.c:264:gst_registry_chunks_save_feature: saved 0 interfaces 0 pad templates
0:00:00.016435393  2466 0xa3e370 TRACE   GST_REFCOUNTING gstobject.c:292:gst_object_ref_sink: 0xa59290 ref_sink 1->2
0:00:00.012331951  2467 0x2348320 DEBUG   GST_REGISTRY gstregistrychunks.c:264:gst_registry_chunks_save_feature: saved 0 interfaces 0 pad templates
0:00:00.016450253  2466 0xa3e370 LOG   GST_REGISTRY gstregistry.c:607:gst_registry_add_feature: emitting feature-added for streamiddemux
0:00:00.012340916  2467 0x2348320 DEBUG   GST_REGISTRY gstregistrychunks.c:264:gst_registry_chunks_save_feature: saved 0 interfaces 0 pad templates
0:00:00.016459410  2466 0xa3e370 DEBUG   GST_REGISTRY gstregistrychunks.c:740:gst_registry_chunks_load_feature: Added feature streamiddemux, plugin 0xa58050 coreelements
0:00:00.012348921  2467 0x2348320 DEBUG   GST_REGISTRY gstregistrychunks.c:264:gst_registry_chunks_save_feature: saved 0 interfaces 0 pad templates
0:00:00.016467825  2466 0xa3e370 DEBUG   GST_REGISTRY gstregistrychunks.c:582:gst_registry_chunks_load_feature: Plugin 'coreelements' feature 'valve' typename : 'GstElementFactory'
0:00:00.012356896  2467 0x2348320 DEBUG   GST_REGISTRY gstregistrychunks.c:264:gst_registry_chunks_save_feature: saved 0 interfaces 0 pad templates
0:00:00.016476061  2466 0xa3e370 TRACE   GST_REFCOUNTING gstobject.c:208:gst_object_init: 0xa597f0 new
0:00:00.012365359  2467 0x2348320 DEBUG   GST_REGISTRY gstregistrychunks.c:264:gst_registry_chunks_save_feature: saved 1 interfaces 0 pad templates
0:00:00.016483829  2466 0xa3e370 LOG   GST_REGISTRY gstregistrychunks.c:609:gst_registry_chunks_load_feature: Reading/casting for GstRegistryChunkElementFactory at address 0xa59be8
0:00:00.012371483  2467 0x2348320 DEBUG   GST_REGISTRY gstregistrychunks.c:284:gst_registry_chunks_save_feature: Saved 1 UriTypes
0:00:00.016491807  2466 0xa3e370 TRACE   structure gststructure.c:287:gst_structure_new_id_empty_with_size: created structure 0xa5b640
0:00:00.016497818  2466 0xa3e370 DEBUG   structure gststructure.c:2203:gst_structure_parse_field: trying field name 'long-name'
0:00:00.012379821  2467 0x2348320 DEBUG   GST_REGISTRY gstregistrychunks.c:264:gst_registry_chunks_save_feature: saved 0 interfaces 0 pad templates
0:00:00.016503111  2466 0xa3e370 DEBUG   default gstvalue.c:2676:_priv_gst_value_parse_value: trying type name 'string'
0:00:00.012390566  2467 0x2348320 DEBUG   GST_REGISTRY gstregistrychunks.c:264:gst_registry_chunks_save_feature: saved 0 interfaces 0 pad templates
0:00:00.016509302  2466 0xa3e370 DEBUG   structure gststructure.c:2203:gst_structure_parse_field: trying field name 'klass'
0:00:00.016516498  2466 0xa3e370 DEBUG   default gstvalue.c:2676:_priv_gst_value_parse_value: trying type name 'string'
0:00:00.012400059  2467 0x2348320 DEBUG   GST_REGISTRY gstregistrychunks.c:264:gst_registry_chunks_save_feature: saved 0 interfaces 0 pad templates
0:00:00.016522108  2466 0xa3e370 DEBUG   structure gststructure.c:2203:gst_structure_parse_field: trying field name 'description'
0:00:00.012409022  2467 0x2348320 DEBUG   GST_REGISTRY gstregistrychunks.c:264:gst_registry_chunks_save_feature: saved 0 interfaces 0 pad templates
0:00:00.016531914  2466 0xa3e370 DEBUG   default gstvalue.c:2676:_priv_gst_value_parse_value: trying type name 'string'
0:00:00.016538502  2466 0xa3e370 DEBUG   structure gststructure.c:2203:gst_structure_parse_field: trying field name 'author'
0:00:00.012420869  2467 0x2348320 DEBUG   GST_REGISTRY gstregistrychunks.c:264:gst_registry_chunks_save_feature: saved 0 interfaces 0 pad templates
0:00:00.016543599  2466 0xa3e370 DEBUG   default gstvalue.c:2676:_priv_gst_value_parse_value: trying type name 'string'
0:00:00.016550093  2466 0xa3e370 DEBUG   GST_REGISTRY gstregistrychunks.c:626:gst_registry_chunks_load_feature: Element factory : npadtemplates=2
0:00:00.012431756  2467 0x2348320 TRACE   GST_REFCOUNTING gstobject.c:264:gst_object_unref: 0x2364590 unref 2->1
0:00:00.016555336  2466 0xa3e370 DEBUG   GST_REGISTRY gstregistrychunks.c:525:gst_registry_chunks_load_pad_template: Reading/casting for GstRegistryChunkPadTemplate at address 0xa59cd8
0:00:00.012440781  2467 0x2348320 TRACE   GST_REFCOUNTING gstobject.c:264:gst_object_unref: 0x2366280 unref 2->1
0:00:00.016561191  2466 0xa3e370 DEBUG   GST_REGISTRY gstregistrychunks.c:539:gst_registry_chunks_load_pad_template: Added pad_template sink
0:00:00.012447777  2467 0x2348320 TRACE   GST_REFCOUNTING gstobject.c:264:gst_object_unref: 0x2367020 unref 2->1
0:00:00.016567124  2466 0xa3e370 DEBUG   GST_REGISTRY gstregistrychunks.c:525:gst_registry_chunks_load_pad_template: Reading/casting for GstRegistryChunkPadTemplate at address 0xa59cf0
0:00:00.012454591  2467 0x2348320 TRACE   GST_REFCOUNTING gstobject.c:264:gst_object_unref: 0x2367ef0 unref 2->1
0:00:00.016574151  2466 0xa3e370 DEBUG   GST_REGISTRY gstregistrychunks.c:539:gst_registry_chunks_load_pad_template: Added pad_template src
0:00:00.012461536  2467 0x2348320 TRACE   GST_REFCOUNTING gstobject.c:264:gst_object_unref: 0x23699a0 unref 2->1
0:00:00.016582647  2466 0xa3e370 DEBUG   GST_REGISTRY gstregistry.c:589:gst_registry_add_feature: adding feature 0xa597f0 (valve)
0:00:00.012468221  2467 0x2348320 TRACE   GST_REFCOUNTING gstobject.c:264:gst_object_unref: 0x236a9e0 unref 2->1
0:00:00.016588701  2466 0xa3e370 DEBUG   GST_REFCOUNTING gstobject.c:708:gst_object_set_parent: set parent (ref and sink)
0:00:00.012474821  2467 0x2348320 TRACE   GST_REFCOUNTING gstobject.c:264:gst_object_unref: 0x236c530 unref 2->1
0:00:00.016595844  2466 0xa3e370 TRACE   GST_REFCOUNTING gstobject.c:292:gst_object_ref_sink: 0xa597f0 ref_sink 1->2
0:00:00.012481422  2467 0x2348320 TRACE   GST_REFCOUNTING gstobject.c:264:gst_object_unref: 0x236eb60 unref 2->1
0:00:00.016602777  2466 0xa3e370 LOG   GST_REGISTRY gstregistry.c:607:gst_registry_add_feature: emitting feature-added for valve
0:00:00.012487977  2467 0x2348320 TRACE   GST_REFCOUNTING gstobject.c:264:gst_object_unref: 0x2368cb0 unref 2->1
0:00:00.016613729  2466 0xa3e370 DEBUG   GST_REGISTRY gstregistrychunks.c:740:gst_registry_chunks_load_feature: Added feature valve, plugin 0xa58050 coreelements
0:00:00.012497399  2467 0x2348320 TRACE   GST_REFCOUNTING gstobject.c:264:gst_object_unref: 0x2371760 unref 2->1
0:00:00.016620602  2466 0xa3e370 DEBUG   GST_REGISTRY gstregistrychunks.c:582:gst_registry_chunks_load_feature: Plugin 'coreelements' feature 'multiqueue' typename : 'GstElementFactory'
0:00:00.012504644  2467 0x2348320 TRACE   GST_REFCOUNTING gstobject.c:264:gst_object_unref: 0x2372390 unref 2->1
0:00:00.016627635  2466 0xa3e370 TRACE   GST_REFCOUNTING gstobject.c:208:gst_object_init: 0xa5b7c0 new
0:00:00.012511390  2467 0x2348320 TRACE   GST_REFCOUNTING gstobject.c:264:gst_object_unref: 0x2373040 unref 2->1
0:00:00.016634717  2466 0xa3e370 LOG   GST_REGISTRY gstregistrychunks.c:609:gst_registry_chunks_load_feature: Reading/casting for GstRegistryChunkElementFactory at address 0xa59d20
0:00:00.012518677  2467 0x2348320 TRACE   GST_REFCOUNTING gstobject.c:264:gst_object_unref: 0x2374670 unref 2->1
0:00:00.016641524  2466 0xa3e370 TRACE   structure gststructure.c:287:gst_structure_new_id_empty_with_size: created structure 0xa5b8b0
0:00:00.012525782  2467 0x2348320 TRACE   GST_REFCOUNTING gstobject.c:264:gst_object_unref: 0x2375890 unref 2->1
0:00:00.016647801  2466 0xa3e370 DEBUG   structure gststructure.c:2203:gst_structure_parse_field: trying field name 'long-name'
0:00:00.012532499  2467 0x2348320 TRACE   GST_REFCOUNTING gstobject.c:264:gst_object_unref: 0x23769a0 unref 2->1
0:00:00.016653652  2466 0xa3e370 DEBUG   default gstvalue.c:2676:_priv_gst_value_parse_value: trying type name 'string'
0:00:00.012539151  2467 0x2348320 TRACE   GST_REFCOUNTING gstobject.c:264:gst_object_unref: 0x23784b0 unref 2->1
0:00:00.016671481  2466 0xa3e370 DEBUG   structure gststructure.c:2203:gst_structure_parse_field: trying field name 'klass'
0:00:00.012556856  2467 0x2348320 TRACE   GST_REFCOUNTING gstobject.c:264:gst_object_unref: 0x2379e00 unref 2->1
0:00:00.016677489  2466 0xa3e370 DEBUG   default gstvalue.c:2676:_priv_gst_value_parse_value: trying type name 'string'
0:00:00.012563658  2467 0x2348320 TRACE   GST_REFCOUNTING gstobject.c:264:gst_object_unref: 0x237af00 unref 2->1
0:00:00.016683643  2466 0xa3e370 DEBUG   structure gststructure.c:2203:gst_structure_parse_field: trying field name 'description'
0:00:00.012570241  2467 0x2348320 TRACE   GST_REFCOUNTING gstobject.c:264:gst_object_unref: 0x237c0a0 unref 2->1
0:00:00.016689703  2466 0xa3e370 DEBUG   default gstvalue.c:2676:_priv_gst_value_parse_value: trying type name 'string'
0:00:00.012576848  2467 0x2348320 TRACE   GST_REFCOUNTING gstobject.c:264:gst_object_unref: 0x237ce70 unref 2->1
0:00:00.016696601  2466 0xa3e370 DEBUG   structure gststructure.c:2203:gst_structure_parse_field: trying field name 'author'
0:00:00.012590100  2467 0x2348320 TRACE   GST_REFCOUNTING gstobject.c:264:gst_object_unref: 0x237e640 unref 2->1
0:00:00.016709553  2466 0xa3e370 DEBUG   default gstvalue.c:2676:_priv_gst_value_parse_value: trying type name 'string'
0:00:00.012596941  2467 0x2348320 TRACE   GST_REFCOUNTING gstobject.c:264:gst_object_unref: 0x237f370 unref 2->1
0:00:00.016717064  2466 0xa3e370 DEBUG   GST_REGISTRY gstregistrychunks.c:626:gst_registry_chunks_load_feature: Element factory : npadtemplates=2
0:00:00.016723102  2466 0xa3e370 DEBUG   GST_REGISTRY gstregistrychunks.c:525:gst_registry_chunks_load_pad_template: Reading/casting for GstRegistryChunkPadTemplate at address 0xa59de0
0:00:00.012605134  2467 0x2348320 DEBUG   GST_REGISTRY gstregistrychunks.c:497:_priv_gst_registry_chunks_save_plugin: Found 22 features in plugin 0x2364140 (coreelements)
0:00:00.016728467  2466 0xa3e370 DEBUG   GST_REGISTRY gstregistrychunks.c:539:gst_registry_chunks_load_pad_template: Added pad_template src_%u
0:00:00.012613559  2467 0x2348320 DEBUG   GST_POLL gstpoll.c:979:gst_poll_fd_ctl_write: 0x2350820: fd (fd:0, idx:1), active : 1
0:00:00.016733971  2466 0xa3e370 DEBUG   GST_REGISTRY gstregistrychunks.c:525:gst_registry_chunks_load_pad_template: Reading/casting for GstRegistryChunkPadTemplate at address 0xa59df8
0:00:00.012620096  2467 0x2348320 LOG   GST_POLL gstpoll.c:994:gst_poll_fd_ctl_write: 0x2350820: pfd->events now 60 (POLLOUT:4)
0:00:00.016739944  2466 0xa3e370 DEBUG   GST_REGISTRY gstregistrychunks.c:539:gst_registry_chunks_load_pad_template: Added pad_template sink_%u
0:00:00.012626576  2467 0x2348320 DEBUG   GST_POLL gstpoll.c:979:gst_poll_fd_ctl_write: 0x2350820: fd (fd:0, idx:1), active : 1
0:00:00.016747747  2466 0xa3e370 DEBUG   GST_REGISTRY gstregistry.c:589:gst_registry_add_feature: adding feature 0xa5b7c0 (multiqueue)
0:00:00.012632590  2467 0x2348320 LOG   GST_POLL gstpoll.c:994:gst_poll_fd_ctl_write: 0x2350820: pfd->events now 60 (POLLOUT:4)
0:00:00.016753570  2466 0xa3e370 DEBUG   GST_REFCOUNTING gstobject.c:708:gst_object_set_parent: set parent (ref and sink)
0:00:00.012638826  2467 0x2348320 DEBUG   GST_POLL gstpoll.c:979:gst_poll_fd_ctl_write: 0x2350820: fd (fd:0, idx:1), active : 1
