0:00:00.018212532  2466 0xa3e370 DEBUG   default gstvalue.c:2676:_priv_gst_value_parse_value: trying type name 'string'
0:00:00.014097305  2467 0x2348320 DEBUG   GST_POLL gstpoll.c:979:gst_poll_fd_ctl_write: 0x2350820: fd (fd:0, idx:1), active : 1
0:00:00.018218824  2466 0xa3e370 DEBUG   structure gststructure.c:2203:gst_structure_parse_field: trying field name 'klass'
0:00:00.014103361  2467 0x2348320 LOG   GST_POLL gstpoll.c:994:gst_poll_fd_ctl_write: 0x2350820: pfd->events now 60 (POLLOUT:4)
0:00:00.018224375  2466 0xa3e370 DEBUG   default gstvalue.c:2676:_priv_gst_value_parse_value: trying type name 'string'
0:00:00.014109628  2467 0x2348320 DEBUG   GST_POLL gstpoll.c:979:gst_poll_fd_ctl_write: 0x2350820: fd (fd:0, idx:1), active : 1
0:00:00.018230541  2466 0xa3e370 DEBUG   structure gststructure.c:2203:gst_structure_parse_field: trying field name 'description'
0:00:00.014115661  2467 0x2348320 LOG   GST_POLL gstpoll.c:994:gst_poll_fd_ctl_write: 0x2350820: pfd->events now 60 (POLLOUT:4)
0:00:00.018236455  2466 0xa3e370 DEBUG   default gstvalue.c:2676:_priv_gst_value_parse_value: trying type name 'string'
0:00:00.014121865  2467 0x2348320 DEBUG   GST_POLL gstpoll.c:979:gst_poll_fd_ctl_write: 0x2350820: fd (fd:0, idx:1), active : 1
0:00:00.018242652  2466 0xa3e370 DEBUG   structure gststructure.c:2203:gst_structure_parse_field: trying field name 'author'
0:00:00.014127905  2467 0x2348320 LOG   GST_POLL gstpoll.c:994:gst_poll_fd_ctl_write: 0x2350820: pfd->events now 60 (POLLOUT:4)
0:00:00.018252876  2466 0xa3e370 DEBUG   default gstvalue.c:2676:_priv_gst_value_parse_value: trying type name 'string'
0:00:00.014137725  2467 0x2348320 DEBUG   GST_POLL gstpoll.c:979:gst_poll_fd_ctl_write: 0x2350820: fd (fd:0, idx:1), active : 1
0:00:00.018259463  2466 0xa3e370 DEBUG   GST_REGISTRY gstregistrychunks.c:626:gst_registry_chunks_load_feature: Element factory : npadtemplates=2
0:00:00.014143721  2467 0x2348320 LOG   GST_POLL gstpoll.c:994:gst_poll_fd_ctl_write: 0x2350820: pfd->events now 60 (POLLOUT:4)
0:00:00.018265355  2466 0xa3e370 DEBUG   GST_REGISTRY gstregistrychunks.c:525:gst_registry_chunks_load_pad_template: Reading/casting for GstRegistryChunkPadTemplate at address 0xa5a860
0:00:00.014150222  2467 0x2348320 DEBUG   GST_POLL gstpoll.c:979:gst_poll_fd_ctl_write: 0x2350820: fd (fd:0, idx:1), active : 1
0:00:00.018271512  2466 0xa3e370 DEBUG   GST_REGISTRY gstregistrychunks.c:539:gst_registry_chunks_load_pad_template: Added pad_template src
0:00:00.014156189  2467 0x2348320 LOG   GST_POLL gstpoll.c:994:gst_poll_fd_ctl_write: 0x2350820: pfd->events now 60 (POLLOUT:4)
0:00:00.018277161  2466 0xa3e370 DEBUG   GST_REGISTRY gstregistrychunks.c:525:gst_registry_chunks_load_pad_template: Reading/casting for GstRegistryChunkPadTemplate at address 0xa5a870
0:00:00.014162479  2467 0x2348320 DEBUG   GST_POLL gstpoll.c:979:gst_poll_fd_ctl_write: 0x2350820: fd (fd:0, idx:1), active : 1
0:00:00.014168435  2467 0x2348320 LOG   GST_POLL gstpoll.c:994:gst_poll_fd_ctl_write: 0x2350820: pfd->events now 60 (POLLOUT:4)
0:00:00.018286638  2466 0xa3e370 DEBUG   GST_REGISTRY gstregistrychunks.c:539:gst_registry_chunks_load_pad_template: Added pad_template sink_%u
0:00:00.014174484  2467 0x2348320 DEBUG   GST_POLL gstpoll.c:979:gst_poll_fd_ctl_write: 0x2350820: fd (fd:0, idx:1), active : 1
0:00:00.018296057  2466 0xa3e370 DEBUG   GST_REGISTRY gstregistry.c:589:gst_registry_add_feature: adding feature 0xa5dc00 (funnel)
0:00:00.014180521  2467 0x2348320 LOG   GST_POLL gstpoll.c:994:gst_poll_fd_ctl_write: 0x2350820: pfd->events now 60 (POLLOUT:4)
0:00:00.018302238  2466 0xa3e370 DEBUG   GST_REFCOUNTING gstobject.c:708:gst_object_set_parent: set parent (ref and sink)
0:00:00.014186862  2467 0x2348320 DEBUG   GST_POLL gstpoll.c:979:gst_poll_fd_ctl_write: 0x2350820: fd (fd:0, idx:1), active : 1
0:00:00.018310172  2466 0xa3e370 TRACE   GST_REFCOUNTING gstobject.c:292:gst_object_ref_sink: 0xa5dc00 ref_sink 1->2
0:00:00.014193082  2467 0x2348320 LOG   GST_POLL gstpoll.c:994:gst_poll_fd_ctl_write: 0x2350820: pfd->events now 60 (POLLOUT:4)
0:00:00.018316992  2466 0xa3e370 LOG   GST_REGISTRY gstregistry.c:607:gst_registry_add_feature: emitting feature-added for funnel
0:00:00.014201442  2467 0x2348320 DEBUG   GST_POLL gstpoll.c:979:gst_poll_fd_ctl_write: 0x2350820: fd (fd:0, idx:1), active : 1
0:00:00.018324010  2466 0xa3e370 DEBUG   GST_REGISTRY gstregistrychunks.c:740:gst_registry_chunks_load_feature: Added feature funnel, plugin 0xa58050 coreelements
0:00:00.014211421  2467 0x2348320 LOG   GST_POLL gstpoll.c:994:gst_poll_fd_ctl_write: 0x2350820: pfd->events now 60 (POLLOUT:4)
0:00:00.018332449  2466 0xa3e370 DEBUG   GST_REGISTRY gstregistrychunks.c:582:gst_registry_chunks_load_feature: Plugin 'coreelements' feature 'filesrc' typename : 'GstElementFactory'
0:00:00.014217828  2467 0x2348320 DEBUG   GST_POLL gstpoll.c:979:gst_poll_fd_ctl_write: 0x2350820: fd (fd:0, idx:1), active : 1
0:00:00.018339704  2466 0xa3e370 TRACE   GST_REFCOUNTING gstobject.c:208:gst_object_init: 0xa5e0a0 new
0:00:00.014223752  2467 0x2348320 LOG   GST_POLL gstpoll.c:994:gst_poll_fd_ctl_write: 0x2350820: pfd->events now 60 (POLLOUT:4)
0:00:00.018347301  2466 0xa3e370 LOG   GST_REGISTRY gstregistrychunks.c:609:gst_registry_chunks_load_feature: Reading/casting for GstRegistryChunkElementFactory at address 0xa5a8a0
0:00:00.014230977  2467 0x2348320 DEBUG   GST_POLL gstpoll.c:979:gst_poll_fd_ctl_write: 0x2350820: fd (fd:0, idx:1), active : 1
0:00:00.018353901  2466 0xa3e370 TRACE   structure gststructure.c:287:gst_structure_new_id_empty_with_size: created structure 0xa5e260
0:00:00.014237780  2467 0x2348320 LOG   GST_POLL gstpoll.c:994:gst_poll_fd_ctl_write: 0x2350820: pfd->events now 60 (POLLOUT:4)
0:00:00.018359971  2466 0xa3e370 DEBUG   structure gststructure.c:2203:gst_structure_parse_field: trying field name 'long-name'
0:00:00.014244599  2467 0x2348320 DEBUG   GST_POLL gstpoll.c:979:gst_poll_fd_ctl_write: 0x2350820: fd (fd:0, idx:1), active : 1
0:00:00.018365755  2466 0xa3e370 DEBUG   default gstvalue.c:2676:_priv_gst_value_parse_value: trying type name 'string'
0:00:00.014250605  2467 0x2348320 LOG   GST_POLL gstpoll.c:994:gst_poll_fd_ctl_write: 0x2350820: pfd->events now 60 (POLLOUT:4)
0:00:00.018371974  2466 0xa3e370 DEBUG   structure gststructure.c:2203:gst_structure_parse_field: trying field name 'klass'
0:00:00.014256847  2467 0x2348320 DEBUG   GST_POLL gstpoll.c:979:gst_poll_fd_ctl_write: 0x2350820: fd (fd:0, idx:1), active : 1
0:00:00.018377644  2466 0xa3e370 DEBUG   default gstvalue.c:2676:_priv_gst_value_parse_value: trying type name 'string'
0:00:00.014263052  2467 0x2348320 LOG   GST_POLL gstpoll.c:994:gst_poll_fd_ctl_write: 0x2350820: pfd->events now 60 (POLLOUT:4)
0:00:00.018384057  2466 0xa3e370 DEBUG   structure gststructure.c:2203:gst_structure_parse_field: trying field name 'description'
0:00:00.014269399  2467 0x2348320 DEBUG   GST_POLL gstpoll.c:979:gst_poll_fd_ctl_write: 0x2350820: fd (fd:0, idx:1), active : 1
0:00:00.018390021  2466 0xa3e370 DEBUG   default gstvalue.c:2676:_priv_gst_value_parse_value: trying type name 'string'
0:00:00.014275625  2467 0x2348320 LOG   GST_POLL gstpoll.c:994:gst_poll_fd_ctl_write: 0x2350820: pfd->events now 60 (POLLOUT:4)
0:00:00.018396600  2466 0xa3e370 DEBUG   structure gststructure.c:2203:gst_structure_parse_field: trying field name 'author'
0:00:00.014282094  2467 0x2348320 DEBUG   GST_POLL gstpoll.c:979:gst_poll_fd_ctl_write: 0x2350820: fd (fd:0, idx:1), active : 1
0:00:00.018406922  2466 0xa3e370 DEBUG   default gstvalue.c:2676:_priv_gst_value_parse_value: trying type name 'string'
0:00:00.014291574  2467 0x2348320 LOG   GST_POLL gstpoll.c:994:gst_poll_fd_ctl_write: 0x2350820: pfd->events now 60 (POLLOUT:4)
0:00:00.018413498  2466 0xa3e370 DEBUG   GST_REGISTRY gstregistrychunks.c:626:gst_registry_chunks_load_feature: Element factory : npadtemplates=1
0:00:00.014297802  2467 0x2348320 DEBUG   GST_POLL gstpoll.c:979:gst_poll_fd_ctl_write: 0x2350820: fd (fd:0, idx:1), active : 1
0:00:00.018419267  2466 0xa3e370 DEBUG   GST_REGISTRY gstregistrychunks.c:525:gst_registry_chunks_load_pad_template: Reading/casting for GstRegistryChunkPadTemplate at address 0xa5a980
0:00:00.014303687  2467 0x2348320 LOG   GST_POLL gstpoll.c:994:gst_poll_fd_ctl_write: 0x2350820: pfd->events now 60 (POLLOUT:4)
0:00:00.018425361  2466 0xa3e370 DEBUG   GST_REGISTRY gstregistrychunks.c:539:gst_registry_chunks_load_pad_template: Added pad_template src
0:00:00.014309918  2467 0x2348320 DEBUG   GST_POLL gstpoll.c:979:gst_poll_fd_ctl_write: 0x2350820: fd (fd:0, idx:1), active : 1
0:00:00.018432119  2466 0xa3e370 DEBUG   GST_REGISTRY gstregistrychunks.c:639:gst_registry_chunks_load_feature: Reading 1 UriTypes at address 0xa5a990
0:00:00.014316067  2467 0x2348320 LOG   GST_POLL gstpoll.c:994:gst_poll_fd_ctl_write: 0x2350820: pfd->events now 60 (POLLOUT:4)
0:00:00.018439552  2466 0xa3e370 DEBUG   GST_REGISTRY gstregistrychunks.c:654:gst_registry_chunks_load_feature: Reading 1 Interfaces at address 0xa5a999
0:00:00.014328095  2467 0x2348320 DEBUG   GST_POLL gstpoll.c:979:gst_poll_fd_ctl_write: 0x2350820: fd (fd:0, idx:1), active : 1
0:00:00.018449263  2466 0xa3e370 DEBUG   GST_REGISTRY gstregistry.c:589:gst_registry_add_feature: adding feature 0xa5e0a0 (filesrc)
0:00:00.014334210  2467 0x2348320 LOG   GST_POLL gstpoll.c:994:gst_poll_fd_ctl_write: 0x2350820: pfd->events now 60 (POLLOUT:4)
0:00:00.018455348  2466 0xa3e370 DEBUG   GST_REFCOUNTING gstobject.c:708:gst_object_set_parent: set parent (ref and sink)
0:00:00.014340437  2467 0x2348320 DEBUG   GST_POLL gstpoll.c:979:gst_poll_fd_ctl_write: 0x2350820: fd (fd:0, idx:1), active : 1
0:00:00.018463327  2466 0xa3e370 TRACE   GST_REFCOUNTING gstobject.c:292:gst_object_ref_sink: 0xa5e0a0 ref_sink 1->2
0:00:00.014346661  2467 0x2348320 LOG   GST_POLL gstpoll.c:994:gst_poll_fd_ctl_write: 0x2350820: pfd->events now 60 (POLLOUT:4)
0:00:00.018470414  2466 0xa3e370 LOG   GST_REGISTRY gstregistry.c:607:gst_registry_add_feature: emitting feature-added for filesrc
0:00:00.014354656  2467 0x2348320 DEBUG   GST_POLL gstpoll.c:979:gst_poll_fd_ctl_write: 0x2350820: fd (fd:0, idx:1), active : 1
0:00:00.018477370  2466 0xa3e370 DEBUG   GST_REGISTRY gstregistrychunks.c:740:gst_registry_chunks_load_feature: Added feature filesrc, plugin 0xa58050 coreelements
0:00:00.014360940  2467 0x2348320 LOG   GST_POLL gstpoll.c:994:gst_poll_fd_ctl_write: 0x2350820: pfd->events now 60 (POLLOUT:4)
0:00:00.018488020  2466 0xa3e370 DEBUG   GST_REGISTRY gstregistrychunks.c:582:gst_registry_chunks_load_feature: Plugin 'coreelements' feature 'fdsink' typename : 'GstElementFactory'
0:00:00.014372141  2467 0x2348320 DEBUG   GST_POLL gstpoll.c:979:gst_poll_fd_ctl_write: 0x2350820: fd (fd:0, idx:1), active : 1
0:00:00.018495905  2466 0xa3e370 TRACE   GST_REFCOUNTING gstobject.c:208:gst_object_init: 0xa5e480 new
0:00:00.014378762  2467 0x2348320 LOG   GST_POLL gstpoll.c:994:gst_poll_fd_ctl_write: 0x2350820: pfd->events now 60 (POLLOUT:4)
0:00:00.018503804  2466 0xa3e370 LOG   GST_REGISTRY gstregistrychunks.c:609:gst_registry_chunks_load_feature: Reading/casting for GstRegistryChunkElementFactory at address 0xa5a9c0
0:00:00.014387108  2467 0x2348320 DEBUG   GST_POLL gstpoll.c:979:gst_poll_fd_ctl_write: 0x2350820: fd (fd:0, idx:1), active : 1
0:00:00.018510544  2466 0xa3e370 TRACE   structure gststructure.c:287:gst_structure_new_id_empty_with_size: created structure 0xa5e570
0:00:00.014394706  2467 0x2348320 LOG   GST_POLL gstpoll.c:994:gst_poll_fd_ctl_write: 0x2350820: pfd->events now 60 (POLLOUT:4)
0:00:00.018516779  2466 0xa3e370 DEBUG   structure gststructure.c:2203:gst_structure_parse_field: trying field name 'long-name'
0:00:00.014401368  2467 0x2348320 DEBUG   GST_POLL gstpoll.c:979:gst_poll_fd_ctl_write: 0x2350820: fd (fd:0, idx:1), active : 1
0:00:00.018522783  2466 0xa3e370 DEBUG   default gstvalue.c:2676:_priv_gst_value_parse_value: trying type name 'string'
0:00:00.014407545  2467 0x2348320 LOG   GST_POLL gstpoll.c:994:gst_poll_fd_ctl_write: 0x2350820: pfd->events now 60 (POLLOUT:4)
0:00:00.018529258  2466 0xa3e370 DEBUG   structure gststructure.c:2203:gst_structure_parse_field: trying field name 'klass'
0:00:00.014413810  2467 0x2348320 DEBUG   GST_POLL gstpoll.c:979:gst_poll_fd_ctl_write: 0x2350820: fd (fd:0, idx:1), active : 1
0:00:00.018535180  2466 0xa3e370 DEBUG   default gstvalue.c:2676:_priv_gst_value_parse_value: trying type name 'string'
0:00:00.014420363  2467 0x2348320 LOG   GST_POLL gstpoll.c:994:gst_poll_fd_ctl_write: 0x2350820: pfd->events now 60 (POLLOUT:4)
0:00:00.018541572  2466 0xa3e370 DEBUG   structure gststructure.c:2203:gst_structure_parse_field: trying field name 'description'
0:00:00.014426751  2467 0x2348320 DEBUG   GST_POLL gstpoll.c:979:gst_poll_fd_ctl_write: 0x2350820: fd (fd:0, idx:1), active : 1
0:00:00.018547556  2466 0xa3e370 DEBUG   default gstvalue.c:2676:_priv_gst_value_parse_value: trying type name 'string'
0:00:00.014432979  2467 0x2348320 LOG   GST_POLL gstpoll.c:994:gst_poll_fd_ctl_write: 0x2350820: pfd->events now 60 (POLLOUT:4)
0:00:00.018553943  2466 0xa3e370 DEBUG   structure gststructure.c:2203:gst_structure_parse_field: trying field name 'author'
0:00:00.014439260  2467 0x2348320 DEBUG   GST_POLL gstpoll.c:979:gst_poll_fd_ctl_write: 0x2350820: fd (fd:0, idx:1), active : 1
0:00:00.018559810  2466 0xa3e370 DEBUG   default gstvalue.c:2676:_priv_gst_value_parse_value: trying type name 'string'
0:00:00.014449286  2467 0x2348320 LOG   GST_POLL gstpoll.c:994:gst_poll_fd_ctl_write: 0x2350820: pfd->events now 60 (POLLOUT:4)
0:00:00.018570618  2466 0xa3e370 DEBUG   GST_REGISTRY gstregistrychunks.c:626:gst_registry_chunks_load_feature: Element factory : npadtemplates=1
0:00:00.014455951  2467 0x2348320 DEBUG   GST_POLL gstpoll.c:979:gst_poll_fd_ctl_write: 0x2350820: fd (fd:0, idx:1), active : 1
0:00:00.018576798  2466 0xa3e370 DEBUG   GST_REGISTRY gstregistrychunks.c:525:gst_registry_chunks_load_pad_template: Reading/casting for GstRegistryChunkPadTemplate at address 0xa5aaa0
0:00:00.014462050  2467 0x2348320 LOG   GST_POLL gstpoll.c:994:gst_poll_fd_ctl_write: 0x2350820: pfd->events now 60 (POLLOUT:4)
0:00:00.018582907  2466 0xa3e370 DEBUG   GST_REGISTRY gstregistrychunks.c:539:gst_registry_chunks_load_pad_template: Added pad_template sink
0:00:00.014468501  2467 0x2348320 DEBUG   GST_POLL gstpoll.c:979:gst_poll_fd_ctl_write: 0x2350820: fd (fd:0, idx:1), active : 1
0:00:00.018589624  2466 0xa3e370 DEBUG   GST_REGISTRY gstregistrychunks.c:639:gst_registry_chunks_load_feature: Reading 1 UriTypes at address 0xa5aab1
0:00:00.014474613  2467 0x2348320 LOG   GST_POLL gstpoll.c:994:gst_poll_fd_ctl_write: 0x2350820: pfd->events now 60 (POLLOUT:4)
0:00:00.018596449  2466 0xa3e370 DEBUG   GST_REGISTRY gstregistrychunks.c:654:gst_registry_chunks_load_feature: Reading 1 Interfaces at address 0xa5aabf
0:00:00.014481007  2467 0x2348320 DEBUG   GST_POLL gstpoll.c:979:gst_poll_fd_ctl_write: 0x2350820: fd (fd:0, idx:1), active : 1
0:00:00.018604551  2466 0xa3e370 DEBUG   GST_REGISTRY gstregistry.c:589:gst_registry_add_feature: adding feature 0xa5e480 (fdsink)
0:00:00.014487668  2467 0x2348320 LOG   GST_POLL gstpoll.c:994:gst_poll_fd_ctl_write: 0x2350820: pfd->events now 60 (POLLOUT:4)
0:00:00.018610641  2466 0xa3e370 DEBUG   GST_REFCOUNTING gstobject.c:708:gst_object_set_parent: set parent (ref and sink)
0:00:00.014495346  2467 0x2348320 DEBUG   GST_POLL gstpoll.c:979:gst_poll_fd_ctl_write: 0x2350820: fd (fd:0, idx:1), active : 1
0:00:00.018618200  2466 0xa3e370 TRACE   GST_REFCOUNTING gstobject.c:292:gst_object_ref_sink: 0xa5e480 ref_sink 1->2
0:00:00.014501525  2467 0x2348320 LOG   GST_POLL gstpoll.c:994:gst_poll_fd_ctl_write: 0x2350820: pfd->events now 60 (POLLOUT:4)
0:00:00.018625058  2466 0xa3e370 LOG   GST_REGISTRY gstregistry.c:607:gst_registry_add_feature: emitting feature-added for fdsink
0:00:00.014509375  2467 0x2348320 DEBUG   GST_POLL gstpoll.c:979:gst_poll_fd_ctl_write: 0x2350820: fd (fd:0, idx:1), active : 1
0:00:00.018632275  2466 0xa3e370 DEBUG   GST_REGISTRY gstregistrychunks.c:740:gst_registry_chunks_load_feature: Added feature fdsink, plugin 0xa58050 coreelements
0:00:00.014516014  2467 0x2348320 LOG   GST_POLL gstpoll.c:994:gst_poll_fd_ctl_write: 0x2350820: pfd->events now 60 (POLLOUT:4)
0:00:00.018639456  2466 0xa3e370 DEBUG   GST_REGISTRY gstregistrychunks.c:582:gst_registry_chunks_load_feature: Plugin 'coreelements' feature 'fdsrc' typename : 'GstElementFactory'
0:00:00.014530047  2467 0x2348320 DEBUG   GST_POLL gstpoll.c:979:gst_poll_fd_ctl_write: 0x2350820: fd (fd:0, idx:1), active : 1
0:00:00.018650844  2466 0xa3e370 TRACE   GST_REFCOUNTING gstobject.c:208:gst_object_init: 0xa5e390 new
0:00:00.014536124  2467 0x2348320 LOG   GST_POLL gstpoll.c:994:gst_poll_fd_ctl_write: 0x2350820: pfd->events now 60 (POLLOUT:4)
0:00:00.018668951  2466 0xa3e370 LOG   GST_REGISTRY gstregistrychunks.c:609:gst_registry_chunks_load_feature: Reading/casting for GstRegistryChunkElementFactory at address 0xa5aae8
0:00:00.014551851  2467 0x2348320 DEBUG   GST_POLL gstpoll.c:979:gst_poll_fd_ctl_write: 0x2350820: fd (fd:0, idx:1), active : 1
0:00:00.018677212  2466 0xa3e370 TRACE   structure gststructure.c:287:gst_structure_new_id_empty_with_size: created structure 0xa5ea50
0:00:00.014561537  2467 0x2348320 LOG   GST_POLL gstpoll.c:994:gst_poll_fd_ctl_write: 0x2350820: pfd->events now 60 (POLLOUT:4)
0:00:00.018683657  2466 0xa3e370 DEBUG   structure gststructure.c:2203:gst_structure_parse_field: trying field name 'long-name'
0:00:00.014568470  2467 0x2348320 DEBUG   GST_POLL gstpoll.c:979:gst_poll_fd_ctl_write: 0x2350820: fd (fd:0, idx:1), active : 1
0:00:00.018689431  2466 0xa3e370 DEBUG   default gstvalue.c:2676:_priv_gst_value_parse_value: trying type name 'string'
0:00:00.014574623  2467 0x2348320 LOG   GST_POLL gstpoll.c:994:gst_poll_fd_ctl_write: 0x2350820: pfd->events now 60 (POLLOUT:4)
0:00:00.018695732  2466 0xa3e370 DEBUG   structure gststructure.c:2203:gst_structure_parse_field: trying field name 'klass'
0:00:00.014580880  2467 0x2348320 DEBUG   GST_POLL gstpoll.c:979:gst_poll_fd_ctl_write: 0x2350820: fd (fd:0, idx:1), active : 1
0:00:00.018701228  2466 0xa3e370 DEBUG   default gstvalue.c:2676:_priv_gst_value_parse_value: trying type name 'string'
0:00:00.014586805  2467 0x2348320 LOG   GST_POLL gstpoll.c:994:gst_poll_fd_ctl_write: 0x2350820: pfd->events now 60 (POLLOUT:4)
0:00:00.018707341  2466 0xa3e370 DEBUG   structure gststructure.c:2203:gst_structure_parse_field: trying field name 'description'
0:00:00.014593068  2467 0x2348320 DEBUG   GST_POLL gstpoll.c:979:gst_poll_fd_ctl_write: 0x2350820: fd (fd:0, idx:1), active : 1
0:00:00.018713104  2466 0xa3e370 DEBUG   default gstvalue.c:2676:_priv_gst_value_parse_value: trying type name 'string'
0:00:00.014598989  2467 0x2348320 LOG   GST_POLL gstpoll.c:994:gst_poll_fd_ctl_write: 0x2350820: pfd->events now 60 (POLLOUT:4)
0:00:00.018719214  2466 0xa3e370 DEBUG   structure gststructure.c:2203:gst_structure_parse_field: trying field name 'author'
0:00:00.014605236  2467 0x2348320 DEBUG   GST_POLL gstpoll.c:979:gst_poll_fd_ctl_write: 0x2350820: fd (fd:0, idx:1), active : 1
0:00:00.018724941  2466 0xa3e370 DEBUG   default gstvalue.c:2676:_priv_gst_value_parse_value: trying type name 'string'
0:00:00.014615466  2467 0x2348320 LOG   GST_POLL gstpoll.c:994:gst_poll_fd_ctl_write: 0x2350820: pfd->events now 60 (POLLOUT:4)
0:00:00.018736129  2466 0xa3e370 DEBUG   GST_REGISTRY gstregistrychunks.c:626:gst_registry_chunks_load_feature: Element factory : npadtemplates=1
0:00:00.014621703  2467 0x2348320 DEBUG   GST_POLL gstpoll.c:979:gst_poll_fd_ctl_write: 0x2350820: fd (fd:0, idx:1), active : 1
0:00:00.018741962  2466 0xa3e370 DEBUG   GST_REGISTRY gstregistrychunks.c:525:gst_registry_chunks_load_pad_template: Reading/casting for GstRegistryChunkPadTemplate at address 0xa5abc8
0:00:00.014627766  2467 0x2348320 LOG   GST_POLL gstpoll.c:994:gst_poll_fd_ctl_write: 0x2350820: pfd->events now 60 (POLLOUT:4)
0:00:00.018748044  2466 0xa3e370 DEBUG   GST_REGISTRY gstregistrychunks.c:539:gst_registry_chunks_load_pad_template: Added pad_template src
0:00:00.014633943  2467 0x2348320 DEBUG   GST_POLL gstpoll.c:979:gst_poll_fd_ctl_write: 0x2350820: fd (fd:0, idx:1), active : 1
0:00:00.018754519  2466 0xa3e370 DEBUG   GST_REGISTRY gstregistrychunks.c:639:gst_registry_chunks_load_feature: Reading 1 UriTypes at address 0xa5abd8
0:00:00.014639891  2467 0x2348320 LOG   GST_POLL gstpoll.c:994:gst_poll_fd_ctl_write: 0x2350820: pfd->events now 60 (POLLOUT:4)
0:00:00.018765973  2466 0xa3e370 DEBUG   GST_REGISTRY gstregistrychunks.c:654:gst_registry_chunks_load_feature: Reading 1 Interfaces at address 0xa5abdf
0:00:00.014650009  2467 0x2348320 DEBUG   GST_POLL gstpoll.c:979:gst_poll_fd_ctl_write: 0x2350820: fd (fd:0, idx:1), active : 1
0:00:00.018773816  2466 0xa3e370 DEBUG   GST_REGISTRY gstregistry.c:589:gst_registry_add_feature: adding feature 0xa5e390 (fdsrc)
0:00:00.014656558  2467 0x2348320 LOG   GST_POLL gstpoll.c:994:gst_poll_fd_ctl_write: 0x2350820: pfd->events now 60 (POLLOUT:4)
0:00:00.018780079  2466 0xa3e370 DEBUG   GST_REFCOUNTING gstobject.c:708:gst_object_set_parent: set parent (ref and sink)
0:00:00.014664720  2467 0x2348320 DEBUG   GST_POLL gstpoll.c:979:gst_poll_fd_ctl_write: 0x2350820: fd (fd:0, idx:1), active : 1
0:00:00.018787559  2466 0xa3e370 TRACE   GST_REFCOUNTING gstobject.c:292:gst_object_ref_sink: 0xa5e390 ref_sink 1->2
0:00:00.014670993  2467 0x2348320 LOG   GST_POLL gstpoll.c:994:gst_poll_fd_ctl_write: 0x2350820: pfd->events now 60 (POLLOUT:4)
0:00:00.018794393  2466 0xa3e370 LOG   GST_REGISTRY gstregistry.c:607:gst_registry_add_feature: emitting feature-added for fdsrc
0:00:00.014678816  2467 0x2348320 DEBUG   GST_POLL gstpoll.c:979:gst_poll_fd_ctl_write: 0x2350820: fd (fd:0, idx:1), active : 1
0:00:00.018801193  2466 0xa3e370 DEBUG   GST_REGISTRY gstregistrychunks.c:740:gst_registry_chunks_load_feature: Added feature fdsrc, plugin 0xa58050 coreelements
0:00:00.014684760  2467 0x2348320 LOG   GST_POLL gstpoll.c:994:gst_poll_fd_ctl_write: 0x2350820: pfd->events now 60 (POLLOUT:4)
0:00:00.018808004  2466 0xa3e370 DEBUG   GST_REGISTRY gstregistrychunks.c:582:gst_registry_chunks_load_feature: Plugin 'coreelements' feature 'fakesink' typename : 'GstElementFactory'
0:00:00.014691826  2467 0x2348320 DEBUG   GST_POLL gstpoll.c:979:gst_poll_fd_ctl_write: 0x2350820: fd (fd:0, idx:1), active : 1
0:00:00.018820805  2466 0xa3e370 TRACE   GST_REFCOUNTING gstobject.c:208:gst_object_init: 0xa5eb80 new
0:00:00.014704020  2467 0x2348320 LOG   GST_POLL gstpoll.c:994:gst_poll_fd_ctl_write: 0x2350820: pfd->events now 60 (POLLOUT:4)
0:00:00.018828853  2466 0xa3e370 LOG   GST_REGISTRY gstregistrychunks.c:609:gst_registry_chunks_load_feature: Reading/casting for GstRegistryChunkElementFactory at address 0xa5ac08
0:00:00.014712241  2467 0x2348320 DEBUG   GST_POLL gstpoll.c:979:gst_poll_fd_ctl_write: 0x2350820: fd (fd:0, idx:1), active : 1
0:00:00.018835515  2466 0xa3e370 TRACE   structure gststructure.c:287:gst_structure_new_id_empty_with_size: created structure 0xa5ed90
0:00:00.014719270  2467 0x2348320 LOG   GST_POLL gstpoll.c:994:gst_poll_fd_ctl_write: 0x2350820: pfd->events now 60 (POLLOUT:4)
0:00:00.018841902  2466 0xa3e370 DEBUG   structure gststructure.c:2203:gst_structure_parse_field: trying field name 'long-name'
0:00:00.014726932  2467 0x2348320 DEBUG   GST_POLL gstpoll.c:979:gst_poll_fd_ctl_write: 0x2350820: fd (fd:0, idx:1), active : 1
0:00:00.018848016  2466 0xa3e370 DEBUG   default gstvalue.c:2676:_priv_gst_value_parse_value: trying type name 'string'
0:00:00.014732946  2467 0x2348320 LOG   GST_POLL gstpoll.c:994:gst_poll_fd_ctl_write: 0x2350820: pfd->events now 60 (POLLOUT:4)
0:00:00.018854573  2466 0xa3e370 DEBUG   structure gststructure.c:2203:gst_structure_parse_field: trying field name 'klass'
0:00:00.014739340  2467 0x2348320 DEBUG   GST_POLL gstpoll.c:979:gst_poll_fd_ctl_write: 0x2350820: fd (fd:0, idx:1), active : 1
0:00:00.018860524  2466 0xa3e370 DEBUG   default gstvalue.c:2676:_priv_gst_value_parse_value: trying type name 'string'
0:00:00.014745191  2467 0x2348320 LOG   GST_POLL gstpoll.c:994:gst_poll_fd_ctl_write: 0x2350820: pfd->events now 60 (POLLOUT:4)
0:00:00.018866784  2466 0xa3e370 DEBUG   structure gststructure.c:2203:gst_structure_parse_field: trying field name 'description'
0:00:00.014751452  2467 0x2348320 DEBUG   GST_POLL gstpoll.c:979:gst_poll_fd_ctl_write: 0x2350820: fd (fd:0, idx:1), active : 1
0:00:00.018872411  2466 0xa3e370 DEBUG   default gstvalue.c:2676:_priv_gst_value_parse_value: trying type name 'string'
0:00:00.014757300  2467 0x2348320 LOG   GST_POLL gstpoll.c:994:gst_poll_fd_ctl_write: 0x2350820: pfd->events now 60 (POLLOUT:4)
0:00:00.018878530  2466 0xa3e370 DEBUG   structure gststructure.c:2203:gst_structure_parse_field: trying field name 'author'
0:00:00.014763383  2467 0x2348320 DEBUG   GST_POLL gstpoll.c:979:gst_poll_fd_ctl_write: 0x2350820: fd (fd:0, idx:1), active : 1
0:00:00.018884136  2466 0xa3e370 DEBUG   default gstvalue.c:2676:_priv_gst_value_parse_value: trying type name 'string'
0:00:00.014769390  2467 0x2348320 LOG   GST_POLL gstpoll.c:994:gst_poll_fd_ctl_write: 0x2350820: pfd->events now 60 (POLLOUT:4)
0:00:00.018896046  2466 0xa3e370 DEBUG   GST_REGISTRY gstregistrychunks.c:626:gst_registry_chunks_load_feature: Element factory : npadtemplates=1
0:00:00.014779264  2467 0x2348320 DEBUG   GST_POLL gstpoll.c:979:gst_poll_fd_ctl_write: 0x2350820: fd (fd:0, idx:1), active : 1
0:00:00.018901850  2466 0xa3e370 DEBUG   GST_REGISTRY gstregistrychunks.c:525:gst_registry_chunks_load_pad_template: Reading/casting for GstRegistryChunkPadTemplate at address 0xa5ad30
0:00:00.014786416  2467 0x2348320 LOG   GST_POLL gstpoll.c:994:gst_poll_fd_ctl_write: 0x2350820: pfd->events now 60 (POLLOUT:4)
0:00:00.018907837  2466 0xa3e370 DEBUG   GST_REGISTRY gstregistrychunks.c:539:gst_registry_chunks_load_pad_template: Added pad_template sink
0:00:00.014792613  2467 0x2348320 DEBUG   GST_POLL gstpoll.c:979:gst_poll_fd_ctl_write: 0x2350820: fd (fd:0, idx:1), active : 1
0:00:00.014798703  2467 0x2348320 LOG   GST_POLL gstpoll.c:994:gst_poll_fd_ctl_write: 0x2350820: pfd->events now 60 (POLLOUT:4)
0:00:00.018919818  2466 0xa3e370 DEBUG   GST_REGISTRY gstregistry.c:589:gst_registry_add_feature: adding feature 0xa5eb80 (fakesink)
0:00:00.014804774  2467 0x2348320 DEBUG   GST_POLL gstpoll.c:979:gst_poll_fd_ctl_write: 0x2350820: fd (fd:0, idx:1), active : 1
0:00:00.018926172  2466 0xa3e370 DEBUG   GST_REFCOUNTING gstobject.c:708:gst_object_set_parent: set parent (ref and sink)
0:00:00.014810708  2467 0x2348320 LOG   GST_POLL gstpoll.c:994:gst_poll_fd_ctl_write: 0x2350820: pfd->events now 60 (POLLOUT:4)
0:00:00.018933737  2466 0xa3e370 TRACE   GST_REFCOUNTING gstobject.c:292:gst_object_ref_sink: 0xa5eb80 ref_sink 1->2
0:00:00.014817530  2467 0x2348320 DEBUG   GST_POLL gstpoll.c:979:gst_poll_fd_ctl_write: 0x2350820: fd (fd:0, idx:1), active : 1
0:00:00.018940733  2466 0xa3e370 LOG   GST_REGISTRY gstregistry.c:607:gst_registry_add_feature: emitting feature-added for fakesink
0:00:00.014826179  2467 0x2348320 LOG   GST_POLL gstpoll.c:994:gst_poll_fd_ctl_write: 0x2350820: pfd->events now 60 (POLLOUT:4)
0:00:00.018947935  2466 0xa3e370 DEBUG   GST_REGISTRY gstregistrychunks.c:740:gst_registry_chunks_load_feature: Added feature fakesink, plugin 0xa58050 coreelements
0:00:00.014832613  2467 0x2348320 DEBUG   GST_POLL gstpoll.c:979:gst_poll_fd_ctl_write: 0x2350820: fd (fd:0, idx:1), active : 1
0:00:00.018954736  2466 0xa3e370 DEBUG   GST_REGISTRY gstregistrychunks.c:582:gst_registry_chunks_load_feature: Plugin 'coreelements' feature 'fakesrc' typename : 'GstElementFactory'
0:00:00.014838709  2467 0x2348320 LOG   GST_POLL gstpoll.c:994:gst_poll_fd_ctl_write: 0x2350820: pfd->events now 60 (POLLOUT:4)
0:00:00.018962341  2466 0xa3e370 TRACE   GST_REFCOUNTING gstobject.c:208:gst_object_init: 0xa5e7b0 new
0:00:00.014845743  2467 0x2348320 DEBUG   GST_POLL gstpoll.c:979:gst_poll_fd_ctl_write: 0x2350820: fd (fd:0, idx:1), active : 1
0:00:00.018970076  2466 0xa3e370 LOG   GST_REGISTRY gstregistrychunks.c:609:gst_registry_chunks_load_feature: Reading/casting for GstRegistryChunkElementFactory at address 0xa5ad60
0:00:00.014857726  2467 0x2348320 LOG   GST_POLL gstpoll.c:994:gst_poll_fd_ctl_write: 0x2350820: pfd->events now 60 (POLLOUT:4)
0:00:00.018978358  2466 0xa3e370 TRACE   structure gststructure.c:287:gst_structure_new_id_empty_with_size: created structure 0xa5f1e0
0:00:00.014864110  2467 0x2348320 DEBUG   GST_POLL gstpoll.c:979:gst_poll_fd_ctl_write: 0x2350820: fd (fd:0, idx:1), active : 1
0:00:00.018984605  2466 0xa3e370 DEBUG   structure gststructure.c:2203:gst_structure_parse_field: trying field name 'long-name'
0:00:00.014870230  2467 0x2348320 LOG   GST_POLL gstpoll.c:994:gst_poll_fd_ctl_write: 0x2350820: pfd->events now 60 (POLLOUT:4)
0:00:00.018990912  2466 0xa3e370 DEBUG   default gstvalue.c:2676:_priv_gst_value_parse_value: trying type name 'string'
0:00:00.014876591  2467 0x2348320 DEBUG   GST_POLL gstpoll.c:979:gst_poll_fd_ctl_write: 0x2350820: fd (fd:0, idx:1), active : 1
0:00:00.018997501  2466 0xa3e370 DEBUG   structure gststructure.c:2203:gst_structure_parse_field: trying field name 'klass'
0:00:00.014882744  2467 0x2348320 LOG   GST_POLL gstpoll.c:994:gst_poll_fd_ctl_write: 0x2350820: pfd->events now 60 (POLLOUT:4)
0:00:00.019003100  2466 0xa3e370 DEBUG   default gstvalue.c:2676:_priv_gst_value_parse_value: trying type name 'string'
0:00:00.014888961  2467 0x2348320 DEBUG   GST_POLL gstpoll.c:979:gst_poll_fd_ctl_write: 0x2350820: fd (fd:0, idx:1), active : 1
0:00:00.019009319  2466 0xa3e370 DEBUG   structure gststructure.c:2203:gst_structure_parse_field: trying field name 'description'
0:00:00.014895123  2467 0x2348320 LOG   GST_POLL gstpoll.c:994:gst_poll_fd_ctl_write: 0x2350820: pfd->events now 60 (POLLOUT:4)
0:00:00.019014877  2466 0xa3e370 DEBUG   default gstvalue.c:2676:_priv_gst_value_parse_value: trying type name 'string'
0:00:00.014901317  2467 0x2348320 DEBUG   GST_POLL gstpoll.c:979:gst_poll_fd_ctl_write: 0x2350820: fd (fd:0, idx:1), active : 1
0:00:00.019021599  2466 0xa3e370 DEBUG   structure gststructure.c:2203:gst_structure_parse_field: trying field name 'author'
0:00:00.014907382  2467 0x2348320 LOG   GST_POLL gstpoll.c:994:gst_poll_fd_ctl_write: 0x2350820: pfd->events now 60 (POLLOUT:4)
0:00:00.019027176  2466 0xa3e370 DEBUG   default gstvalue.c:2676:_priv_gst_value_parse_value: trying type name 'string'
0:00:00.014914001  2467 0x2348320 DEBUG   GST_POLL gstpoll.c:979:gst_poll_fd_ctl_write: 0x2350820: fd (fd:0, idx:1), active : 1
0:00:00.019034721  2466 0xa3e370 DEBUG   GST_REGISTRY gstregistrychunks.c:626:gst_registry_chunks_load_feature: Element factory : npadtemplates=1
0:00:00.014920022  2467 0x2348320 LOG   GST_POLL gstpoll.c:994:gst_poll_fd_ctl_write: 0x2350820: pfd->events now 60 (POLLOUT:4)
0:00:00.019040506  2466 0xa3e370 DEBUG   GST_REGISTRY gstregistrychunks.c:525:gst_registry_chunks_load_pad_template: Reading/casting for GstRegistryChunkPadTemplate at address 0xa5ae60
0:00:00.014926465  2467 0x2348320 DEBUG   GST_POLL gstpoll.c:979:gst_poll_fd_ctl_write: 0x2350820: fd (fd:0, idx:1), active : 1
0:00:00.019053159  2466 0xa3e370 DEBUG   GST_REGISTRY gstregistrychunks.c:539:gst_registry_chunks_load_pad_template: Added pad_template src
0:00:00.014937620  2467 0x2348320 LOG   GST_POLL gstpoll.c:994:gst_poll_fd_ctl_write: 0x2350820: pfd->events now 60 (POLLOUT:4)
0:00:00.014944303  2467 0x2348320 DEBUG   GST_POLL gstpoll.c:979:gst_poll_fd_ctl_write: 0x2350820: fd (fd:0, idx:1), active : 1
0:00:00.019061170  2466 0xa3e370 DEBUG   GST_REGISTRY gstregistry.c:589:gst_registry_add_feature: adding feature 0xa5e7b0 (fakesrc)
0:00:00.014949960  2467 0x2348320 LOG   GST_POLL gstpoll.c:994:gst_poll_fd_ctl_write: 0x2350820: pfd->events now 60 (POLLOUT:4)
0:00:00.019072233  2466 0xa3e370 DEBUG   GST_REFCOUNTING gstobject.c:708:gst_object_set_parent: set parent (ref and sink)
0:00:00.014956557  2467 0x2348320 DEBUG   GST_POLL gstpoll.c:979:gst_poll_fd_ctl_write: 0x2350820: fd (fd:0, idx:1), active : 1
0:00:00.019080035  2466 0xa3e370 TRACE   GST_REFCOUNTING gstobject.c:292:gst_object_ref_sink: 0xa5e7b0 ref_sink 1->2
0:00:00.014963390  2467 0x2348320 LOG   GST_POLL gstpoll.c:994:gst_poll_fd_ctl_write: 0x2350820: pfd->events now 60 (POLLOUT:4)
0:00:00.019087153  2466 0xa3e370 LOG   GST_REGISTRY gstregistry.c:607:gst_registry_add_feature: emitting feature-added for fakesrc
0:00:00.014971511  2467 0x2348320 DEBUG   GST_POLL gstpoll.c:979:gst_poll_fd_ctl_write: 0x2350820: fd (fd:0, idx:1), active : 1
0:00:00.019094050  2466 0xa3e370 DEBUG   GST_REGISTRY gstregistrychunks.c:740:gst_registry_chunks_load_feature: Added feature fakesrc, plugin 0xa58050 coreelements
0:00:00.014977444  2467 0x2348320 LOG   GST_POLL gstpoll.c:994:gst_poll_fd_ctl_write: 0x2350820: pfd->events now 60 (POLLOUT:4)
0:00:00.019100925  2466 0xa3e370 DEBUG   GST_REGISTRY gstregistrychunks.c:582:gst_registry_chunks_load_feature: Plugin 'coreelements' feature 'downloadbuffer' typename : 'GstElementFactory'
0:00:00.014984713  2467 0x2348320 DEBUG   GST_POLL gstpoll.c:979:gst_poll_fd_ctl_write: 0x2350820: fd (fd:0, idx:1), active : 1
0:00:00.019108055  2466 0xa3e370 TRACE   GST_REFCOUNTING gstobject.c:208:gst_object_init: 0xa5f440 new
0:00:00.014991432  2467 0x2348320 LOG   GST_POLL gstpoll.c:994:gst_poll_fd_ctl_write: 0x2350820: pfd->events now 60 (POLLOUT:4)
0:00:00.019115776  2466 0xa3e370 LOG   GST_REGISTRY gstregistrychunks.c:609:gst_registry_chunks_load_feature: Reading/casting for GstRegistryChunkElementFactory at address 0xa5ae98
0:00:00.014999523  2467 0x2348320 DEBUG   GST_POLL gstpoll.c:979:gst_poll_fd_ctl_write: 0x2350820: fd (fd:0, idx:1), active : 1
0:00:00.019122189  2466 0xa3e370 TRACE   structure gststructure.c:287:gst_structure_new_id_empty_with_size: created structure 0xa5f5f0
0:00:00.015006300  2467 0x2348320 LOG   GST_POLL gstpoll.c:994:gst_poll_fd_ctl_write: 0x2350820: pfd->events now 60 (POLLOUT:4)
0:00:00.019128003  2466 0xa3e370 DEBUG   structure gststructure.c:2203:gst_structure_parse_field: trying field name 'long-name'
0:00:00.015017027  2467 0x2348320 DEBUG   GST_POLL gstpoll.c:979:gst_poll_fd_ctl_write: 0x2350820: fd (fd:0, idx:1), active : 1
0:00:00.019136746  2466 0xa3e370 DEBUG   default gstvalue.c:2676:_priv_gst_value_parse_value: trying type name 'string'
0:00:00.015023037  2467 0x2348320 LOG   GST_POLL gstpoll.c:994:gst_poll_fd_ctl_write: 0x2350820: pfd->events now 60 (POLLOUT:4)
0:00:00.019143578  2466 0xa3e370 DEBUG   structure gststructure.c:2203:gst_structure_parse_field: trying field name 'klass'
0:00:00.015029400  2467 0x2348320 DEBUG   GST_POLL gstpoll.c:979:gst_poll_fd_ctl_write: 0x2350820: fd (fd:0, idx:1), active : 1
0:00:00.019149321  2466 0xa3e370 DEBUG   default gstvalue.c:2676:_priv_gst_value_parse_value: trying type name 'string'
0:00:00.015035348  2467 0x2348320 LOG   GST_POLL gstpoll.c:994:gst_poll_fd_ctl_write: 0x2350820: pfd->events now 60 (POLLOUT:4)
0:00:00.019156001  2466 0xa3e370 DEBUG   structure gststructure.c:2203:gst_structure_parse_field: trying field name 'description'
0:00:00.015041552  2467 0x2348320 DEBUG   GST_POLL gstpoll.c:979:gst_poll_fd_ctl_write: 0x2350820: fd (fd:0, idx:1), active : 1
0:00:00.019162218  2466 0xa3e370 DEBUG   default gstvalue.c:2676:_priv_gst_value_parse_value: trying type name 'string'
0:00:00.015047883  2467 0x2348320 LOG   GST_POLL gstpoll.c:994:gst_poll_fd_ctl_write: 0x2350820: pfd->events now 60 (POLLOUT:4)
0:00:00.019168623  2466 0xa3e370 DEBUG   structure gststructure.c:2203:gst_structure_parse_field: trying field name 'author'
0:00:00.015054160  2467 0x2348320 DEBUG   GST_POLL gstpoll.c:979:gst_poll_fd_ctl_write: 0x2350820: fd (fd:0, idx:1), active : 1
0:00:00.019174432  2466 0xa3e370 DEBUG   default gstvalue.c:2676:_priv_gst_value_parse_value: trying type name 'string'
0:00:00.015060095  2467 0x2348320 LOG   GST_POLL gstpoll.c:994:gst_poll_fd_ctl_write: 0x2350820: pfd->events now 60 (POLLOUT:4)
0:00:00.019181006  2466 0xa3e370 DEBUG   GST_REGISTRY gstregistrychunks.c:626:gst_registry_chunks_load_feature: Element factory : npadtemplates=2
0:00:00.015066357  2467 0x2348320 DEBUG   GST_POLL gstpoll.c:979:gst_poll_fd_ctl_write: 0x2350820: fd (fd:0, idx:1), active : 1
0:00:00.019187080  2466 0xa3e370 DEBUG   GST_REGISTRY gstregistrychunks.c:525:gst_registry_chunks_load_pad_template: Reading/casting for GstRegistryChunkPadTemplate at address 0xa5af60
0:00:00.015072420  2467 0x2348320 LOG   GST_POLL gstpoll.c:994:gst_poll_fd_ctl_write: 0x2350820: pfd->events now 60 (POLLOUT:4)
0:00:00.019192893  2466 0xa3e370 DEBUG   GST_REGISTRY gstregistrychunks.c:539:gst_registry_chunks_load_pad_template: Added pad_template sink
0:00:00.015078746  2467 0x2348320 DEBUG   GST_POLL gstpoll.c:979:gst_poll_fd_ctl_write: 0x2350820: fd (fd:0, idx:1), active : 1
0:00:00.019198566  2466 0xa3e370 DEBUG   GST_REGISTRY gstregistrychunks.c:525:gst_registry_chunks_load_pad_template: Reading/casting for GstRegistryChunkPadTemplate at address 0xa5af78
0:00:00.015084864  2467 0x2348320 LOG   GST_POLL gstpoll.c:994:gst_poll_fd_ctl_write: 0x2350820: pfd->events now 60 (POLLOUT:4)
0:00:00.019208807  2466 0xa3e370 DEBUG   GST_REGISTRY gstregistrychunks.c:539:gst_registry_chunks_load_pad_template: Added pad_template src
0:00:00.015093551  2467 0x2348320 DEBUG   GST_POLL gstpoll.c:979:gst_poll_fd_ctl_write: 0x2350820: fd (fd:0, idx:1), active : 1
0:00:00.019216553  2466 0xa3e370 DEBUG   GST_REGISTRY gstregistry.c:589:gst_registry_add_feature: adding feature 0xa5f440 (downloadbuffer)
0:00:00.015099978  2467 0x2348320 LOG   GST_POLL gstpoll.c:994:gst_poll_fd_ctl_write: 0x2350820: pfd->events now 60 (POLLOUT:4)
0:00:00.019223273  2466 0xa3e370 DEBUG   GST_REFCOUNTING gstobject.c:708:gst_object_set_parent: set parent (ref and sink)
0:00:00.015107752  2467 0x2348320 DEBUG   GST_POLL gstpoll.c:979:gst_poll_fd_ctl_write: 0x2350820: fd (fd:0, idx:1), active : 1
0:00:00.019230647  2466 0xa3e370 TRACE   GST_REFCOUNTING gstobject.c:292:gst_object_ref_sink: 0xa5f440 ref_sink 1->2
0:00:00.015114343  2467 0x2348320 LOG   GST_POLL gstpoll.c:994:gst_poll_fd_ctl_write: 0x2350820: pfd->events now 60 (POLLOUT:4)
0:00:00.019237393  2466 0xa3e370 LOG   GST_REGISTRY gstregistry.c:607:gst_registry_add_feature: emitting feature-added for downloadbuffer
0:00:00.015121743  2467 0x2348320 DEBUG   GST_POLL gstpoll.c:979:gst_poll_fd_ctl_write: 0x2350820: fd (fd:0, idx:1), active : 1
0:00:00.019244616  2466 0xa3e370 DEBUG   GST_REGISTRY gstregistrychunks.c:740:gst_registry_chunks_load_feature: Added feature downloadbuffer, plugin 0xa58050 coreelements
0:00:00.015127983  2467 0x2348320 LOG   GST_POLL gstpoll.c:994:gst_poll_fd_ctl_write: 0x2350820: pfd->events now 60 (POLLOUT:4)
0:00:00.019251868  2466 0xa3e370 DEBUG   GST_REGISTRY gstregistrychunks.c:582:gst_registry_chunks_load_feature: Plugin 'coreelements' feature 'dataurisrc' typename : 'GstElementFactory'
0:00:00.015135453  2467 0x2348320 DEBUG   GST_POLL gstpoll.c:979:gst_poll_fd_ctl_write: 0x2350820: fd (fd:0, idx:1), active : 1
0:00:00.019258927  2466 0xa3e370 TRACE   GST_REFCOUNTING gstobject.c:208:gst_object_init: 0xa5f960 new
0:00:00.015142427  2467 0x2348320 LOG   GST_POLL gstpoll.c:994:gst_poll_fd_ctl_write: 0x2350820: pfd->events now 60 (POLLOUT:4)
0:00:00.019266524  2466 0xa3e370 LOG   GST_REGISTRY gstregistrychunks.c:609:gst_registry_chunks_load_feature: Reading/casting for GstRegistryChunkElementFactory at address 0xa5afa8
0:00:00.015150233  2467 0x2348320 LOG   GST_PLUGIN_LOADING gstpluginloader.c:645:put_chunk: Expanding tx buf from 13209 to 17023 for chunk of size 229
0:00:00.019273842  2466 0xa3e370 TRACE   structure gststructure.c:287:gst_structure_new_id_empty_with_size: created structure 0xa5fb60
0:00:00.015160933  2467 0x2348320 DEBUG   GST_POLL gstpoll.c:979:gst_poll_fd_ctl_write: 0x2350820: fd (fd:0, idx:1), active : 1
0:00:00.019279919  2466 0xa3e370 DEBUG   structure gststructure.c:2203:gst_structure_parse_field: trying field name 'long-name'
0:00:00.015167247  2467 0x2348320 LOG   GST_POLL gstpoll.c:994:gst_poll_fd_ctl_write: 0x2350820: pfd->events now 60 (POLLOUT:4)
0:00:00.019291894  2466 0xa3e370 DEBUG   default gstvalue.c:2676:_priv_gst_value_parse_value: trying type name 'string'
0:00:00.015176739  2467 0x2348320 DEBUG   GST_POLL gstpoll.c:979:gst_poll_fd_ctl_write: 0x2350820: fd (fd:0, idx:1), active : 1
0:00:00.019298361  2466 0xa3e370 DEBUG   structure gststructure.c:2203:gst_structure_parse_field: trying field name 'klass'
0:00:00.015182702  2467 0x2348320 LOG   GST_POLL gstpoll.c:994:gst_poll_fd_ctl_write: 0x2350820: pfd->events now 60 (POLLOUT:4)
0:00:00.019304147  2466 0xa3e370 DEBUG   default gstvalue.c:2676:_priv_gst_value_parse_value: trying type name 'string'
0:00:00.015188974  2467 0x2348320 DEBUG   GST_POLL gstpoll.c:979:gst_poll_fd_ctl_write: 0x2350820: fd (fd:0, idx:1), active : 1
0:00:00.019310696  2466 0xa3e370 DEBUG   structure gststructure.c:2203:gst_structure_parse_field: trying field name 'description'
0:00:00.015194939  2467 0x2348320 LOG   GST_POLL gstpoll.c:994:gst_poll_fd_ctl_write: 0x2350820: pfd->events now 60 (POLLOUT:4)
0:00:00.019316447  2466 0xa3e370 DEBUG   default gstvalue.c:2676:_priv_gst_value_parse_value: trying type name 'string'
0:00:00.015201237  2467 0x2348320 DEBUG   GST_POLL gstpoll.c:979:gst_poll_fd_ctl_write: 0x2350820: fd (fd:0, idx:1), active : 1
0:00:00.019322716  2466 0xa3e370 DEBUG   structure gststructure.c:2203:gst_structure_parse_field: trying field name 'author'
0:00:00.015207158  2467 0x2348320 LOG   GST_POLL gstpoll.c:994:gst_poll_fd_ctl_write: 0x2350820: pfd->events now 60 (POLLOUT:4)
0:00:00.019328670  2466 0xa3e370 DEBUG   default gstvalue.c:2676:_priv_gst_value_parse_value: trying type name 'string'
0:00:00.015213612  2467 0x2348320 DEBUG   GST_POLL gstpoll.c:979:gst_poll_fd_ctl_write: 0x2350820: fd (fd:0, idx:1), active : 1
0:00:00.019335930  2466 0xa3e370 DEBUG   GST_REGISTRY gstregistrychunks.c:626:gst_registry_chunks_load_feature: Element factory : npadtemplates=1
0:00:00.015219643  2467 0x2348320 LOG   GST_POLL gstpoll.c:994:gst_poll_fd_ctl_write: 0x2350820: pfd->events now 60 (POLLOUT:4)
0:00:00.019341635  2466 0xa3e370 DEBUG   GST_REGISTRY gstregistrychunks.c:525:gst_registry_chunks_load_pad_template: Reading/casting for GstRegistryChunkPadTemplate at address 0xa5b0c0
0:00:00.015226543  2467 0x2348320 DEBUG   GST_POLL gstpoll.c:979:gst_poll_fd_ctl_write: 0x2350820: fd (fd:0, idx:1), active : 1
0:00:00.019347715  2466 0xa3e370 DEBUG   GST_REGISTRY gstregistrychunks.c:539:gst_registry_chunks_load_pad_template: Added pad_template src
0:00:00.015232534  2467 0x2348320 LOG   GST_POLL gstpoll.c:994:gst_poll_fd_ctl_write: 0x2350820: pfd->events now 60 (POLLOUT:4)
0:00:00.019354394  2466 0xa3e370 DEBUG   GST_REGISTRY gstregistrychunks.c:639:gst_registry_chunks_load_feature: Reading 1 UriTypes at address 0xa5b0d0
0:00:00.015238903  2467 0x2348320 DEBUG   GST_POLL gstpoll.c:979:gst_poll_fd_ctl_write: 0x2350820: fd (fd:0, idx:1), active : 1
0:00:00.019366901  2466 0xa3e370 DEBUG   GST_REGISTRY gstregistrychunks.c:654:gst_registry_chunks_load_feature: Reading 1 Interfaces at address 0xa5b0d9
0:00:00.015250597  2467 0x2348320 LOG   GST_POLL gstpoll.c:994:gst_poll_fd_ctl_write: 0x2350820: pfd->events now 60 (POLLOUT:4)
0:00:00.019375061  2466 0xa3e370 DEBUG   GST_REGISTRY gstregistry.c:589:gst_registry_add_feature: adding feature 0xa5f960 (dataurisrc)
0:00:00.015258373  2467 0x2348320 DEBUG   GST_POLL gstpoll.c:979:gst_poll_fd_ctl_write: 0x2350820: fd (fd:0, idx:1), active : 1
0:00:00.019381254  2466 0xa3e370 DEBUG   GST_REFCOUNTING gstobject.c:708:gst_object_set_parent: set parent (ref and sink)
0:00:00.015265662  2467 0x2348320 LOG   GST_POLL gstpoll.c:994:gst_poll_fd_ctl_write: 0x2350820: pfd->events now 60 (POLLOUT:4)
0:00:00.019388797  2466 0xa3e370 TRACE   GST_REFCOUNTING gstobject.c:292:gst_object_ref_sink: 0xa5f960 ref_sink 1->2
0:00:00.015272741  2467 0x2348320 DEBUG   GST_POLL gstpoll.c:979:gst_poll_fd_ctl_write: 0x2350820: fd (fd:0, idx:1), active : 1
0:00:00.019395644  2466 0xa3e370 LOG   GST_REGISTRY gstregistry.c:607:gst_registry_add_feature: emitting feature-added for dataurisrc
0:00:00.015279798  2467 0x2348320 LOG   GST_POLL gstpoll.c:994:gst_poll_fd_ctl_write: 0x2350820: pfd->events now 60 (POLLOUT:4)
0:00:00.019402383  2466 0xa3e370 DEBUG   GST_REGISTRY gstregistrychunks.c:740:gst_registry_chunks_load_feature: Added feature dataurisrc, plugin 0xa58050 coreelements
0:00:00.015287283  2467 0x2348320 DEBUG   GST_POLL gstpoll.c:979:gst_poll_fd_ctl_write: 0x2350820: fd (fd:0, idx:1), active : 1
0:00:00.019408996  2466 0xa3e370 DEBUG   GST_REGISTRY gstregistrychunks.c:582:gst_registry_chunks_load_feature: Plugin 'coreelements' feature 'concat' typename : 'GstElementFactory'
0:00:00.015293369  2467 0x2348320 LOG   GST_POLL gstpoll.c:994:gst_poll_fd_ctl_write: 0x2350820: pfd->events now 60 (POLLOUT:4)
0:00:00.019416366  2466 0xa3e370 TRACE   GST_REFCOUNTING gstobject.c:208:gst_object_init: 0xa5f7f0 new
0:00:00.015299813  2467 0x2348320 DEBUG   GST_POLL gstpoll.c:979:gst_poll_fd_ctl_write: 0x2350820: fd (fd:0, idx:1), active : 1
0:00:00.019424090  2466 0xa3e370 LOG   GST_REGISTRY gstregistrychunks.c:609:gst_registry_chunks_load_feature: Reading/casting for GstRegistryChunkElementFactory at address 0xa5b100
0:00:00.015307353  2467 0x2348320 LOG   GST_POLL gstpoll.c:994:gst_poll_fd_ctl_write: 0x2350820: pfd->events now 60 (POLLOUT:4)
0:00:00.015314988  2467 0x2348320 DEBUG   GST_POLL gstpoll.c:979:gst_poll_fd_ctl_write: 0x2350820: fd (fd:0, idx:1), active : 1
0:00:00.019434539  2466 0xa3e370 TRACE   structure gststructure.c:287:gst_structure_new_id_empty_with_size: created structure 0xa5ff90
0:00:00.019441182  2466 0xa3e370 DEBUG   structure gststructure.c:2203:gst_structure_parse_field: trying field name 'long-name'
0:00:00.015324937  2467 0x2348320 LOG   GST_POLL gstpoll.c:994:gst_poll_fd_ctl_write: 0x2350820: pfd->events now 60 (POLLOUT:4)
0:00:00.019451179  2466 0xa3e370 DEBUG   default gstvalue.c:2676:_priv_gst_value_parse_value: trying type name 'string'
0:00:00.015336383  2467 0x2348320 DEBUG   GST_POLL gstpoll.c:979:gst_poll_fd_ctl_write: 0x2350820: fd (fd:0, idx:1), active : 1
0:00:00.019457303  2466 0xa3e370 DEBUG   structure gststructure.c:2203:gst_structure_parse_field: trying field name 'klass'
0:00:00.015342323  2467 0x2348320 LOG   GST_POLL gstpoll.c:994:gst_poll_fd_ctl_write: 0x2350820: pfd->events now 60 (POLLOUT:4)
0:00:00.019463346  2466 0xa3e370 DEBUG   default gstvalue.c:2676:_priv_gst_value_parse_value: trying type name 'string'
0:00:00.015348726  2467 0x2348320 DEBUG   GST_POLL gstpoll.c:979:gst_poll_fd_ctl_write: 0x2350820: fd (fd:0, idx:1), active : 1
0:00:00.019469536  2466 0xa3e370 DEBUG   structure gststructure.c:2203:gst_structure_parse_field: trying field name 'description'
0:00:00.015354880  2467 0x2348320 LOG   GST_POLL gstpoll.c:994:gst_poll_fd_ctl_write: 0x2350820: pfd->events now 60 (POLLOUT:4)
0:00:00.019475342  2466 0xa3e370 DEBUG   default gstvalue.c:2676:_priv_gst_value_parse_value: trying type name 'string'
0:00:00.015361391  2467 0x2348320 DEBUG   GST_POLL gstpoll.c:979:gst_poll_fd_ctl_write: 0x2350820: fd (fd:0, idx:1), active : 1
0:00:00.019481506  2466 0xa3e370 DEBUG   structure gststructure.c:2203:gst_structure_parse_field: trying field name 'author'
0:00:00.015367343  2467 0x2348320 LOG   GST_POLL gstpoll.c:994:gst_poll_fd_ctl_write: 0x2350820: pfd->events now 60 (POLLOUT:4)
0:00:00.019487310  2466 0xa3e370 DEBUG   default gstvalue.c:2676:_priv_gst_value_parse_value: trying type name 'string'
0:00:00.015373809  2467 0x2348320 DEBUG   GST_POLL gstpoll.c:979:gst_poll_fd_ctl_write: 0x2350820: fd (fd:0, idx:1), active : 1
0:00:00.019494250  2466 0xa3e370 DEBUG   GST_REGISTRY gstregistrychunks.c:626:gst_registry_chunks_load_feature: Element factory : npadtemplates=2
0:00:00.015379967  2467 0x2348320 LOG   GST_POLL gstpoll.c:994:gst_poll_fd_ctl_write: 0x2350820: pfd->events now 60 (POLLOUT:4)
0:00:00.019500091  2466 0xa3e370 DEBUG   GST_REGISTRY gstregistrychunks.c:525:gst_registry_chunks_load_pad_template: Reading/casting for GstRegistryChunkPadTemplate at address 0xa5b1d8
0:00:00.015386334  2467 0x2348320 DEBUG   GST_POLL gstpoll.c:979:gst_poll_fd_ctl_write: 0x2350820: fd (fd:0, idx:1), active : 1
0:00:00.019506142  2466 0xa3e370 DEBUG   GST_REGISTRY gstregistrychunks.c:539:gst_registry_chunks_load_pad_template: Added pad_template src
0:00:00.015392485  2467 0x2348320 LOG   GST_POLL gstpoll.c:994:gst_poll_fd_ctl_write: 0x2350820: pfd->events now 60 (POLLOUT:4)
0:00:00.019512404  2466 0xa3e370 DEBUG   GST_REGISTRY gstregistrychunks.c:525:gst_registry_chunks_load_pad_template: Reading/casting for GstRegistryChunkPadTemplate at address 0xa5b1e8
0:00:00.015399094  2467 0x2348320 DEBUG   GST_POLL gstpoll.c:979:gst_poll_fd_ctl_write: 0x2350820: fd (fd:0, idx:1), active : 1
0:00:00.019518440  2466 0xa3e370 DEBUG   GST_REGISTRY gstregistrychunks.c:539:gst_registry_chunks_load_pad_template: Added pad_template sink_%u
0:00:00.015410310  2467 0x2348320 LOG   GST_POLL gstpoll.c:994:gst_poll_fd_ctl_write: 0x2350820: pfd->events now 60 (POLLOUT:4)
0:00:00.019531729  2466 0xa3e370 DEBUG   GST_REGISTRY gstregistry.c:589:gst_registry_add_feature: adding feature 0xa5f7f0 (concat)
0:00:00.015417452  2467 0x2348320 DEBUG   GST_POLL gstpoll.c:979:gst_poll_fd_ctl_write: 0x2350820: fd (fd:0, idx:1), active : 1
0:00:00.019537927  2466 0xa3e370 DEBUG   GST_REFCOUNTING gstobject.c:708:gst_object_set_parent: set parent (ref and sink)
0:00:00.015423416  2467 0x2348320 LOG   GST_POLL gstpoll.c:994:gst_poll_fd_ctl_write: 0x2350820: pfd->events now 60 (POLLOUT:4)
0:00:00.019545962  2466 0xa3e370 TRACE   GST_REFCOUNTING gstobject.c:292:gst_object_ref_sink: 0xa5f7f0 ref_sink 1->2
