0:00:00.007316236  2752 0x55b57b444360 LOG   GST_PLUGIN_LOADING gstpluginloader.c:690:write_one: Writing packet of size 174 bytes to fd 7
0:00:00.007331400  2752 0x55b57b444360 DEBUG   GST_POLL gstpoll.c:979:gst_poll_fd_ctl_write: 0x55b57b469530: fd (fd:7, idx:1), active : 0
0:00:00.007337743  2752 0x55b57b444360 LOG   GST_POLL gstpoll.c:994:gst_poll_fd_ctl_write: 0x55b57b469530: pfd->events now 56 (POLLOUT:4)
0:00:00.007354945  2752 0x55b57b444360 DEBUG   GST_REGISTRY gstregistry.c:1383:gst_registry_scan_path_internal: registry changed in path /home/conan/w/prod/BuildSingleReference/.conan/data/gstreamer/1.18.3/_/_/package/272fbcd9d24b96d15fa29c90965666ae8e9f2d35/lib/gstreamer-1.0: 0
0:00:00.007362954  2752 0x55b57b444360 DEBUG   GST_REGISTRY gstregistry.c:1659:scan_and_update_registry: GST_PLUGIN_SYSTEM_PATH not set
0:00:00.007374094  2752 0x55b57b444360 DEBUG   GST_REGISTRY gstregistry.c:1666:scan_and_update_registry: scanning home plugins /home/conan/.local/share/gstreamer-1.0/plugins
0:00:00.007380691  2752 0x55b57b444360 DEBUG   GST_REGISTRY gstregistry.c:1380:gst_registry_scan_path_internal: scanning path /home/conan/.local/share/gstreamer-1.0/plugins
0:00:00.007401747  2752 0x55b57b444360 DEBUG   GST_REGISTRY gstregistry.c:1383:gst_registry_scan_path_internal: registry changed in path /home/conan/.local/share/gstreamer-1.0/plugins: 0
0:00:00.007408383  2752 0x55b57b444360 DEBUG   GST_REGISTRY gstregistry.c:1691:scan_and_update_registry: scanning main plugins /home/conan/w/prod/BuildSingleReference/.conan/data/gstreamer/1.18.3/_/_/package/272fbcd9d24b96d15fa29c90965666ae8e9f2d35/lib/gstreamer-1.0
0:00:00.007414740  2752 0x55b57b444360 DEBUG   GST_REGISTRY gstregistry.c:1380:gst_registry_scan_path_internal: scanning path /home/conan/w/prod/BuildSingleReference/.conan/data/gstreamer/1.18.3/_/_/package/272fbcd9d24b96d15fa29c90965666ae8e9f2d35/lib/gstreamer-1.0
0:00:00.002609791  2753 0x55dd10d7a360 TRACE   GST_REFCOUNTING gstobject.c:208:gst_object_init: 0x55dd10d9ff90 new
0:00:00.007451980  2752 0x55b57b444360 LOG   GST_REGISTRY gstregistry.c:1299:gst_registry_scan_path_level: file /home/conan/w/prod/BuildSingleReference/.conan/data/gstreamer/1.18.3/_/_/package/272fbcd9d24b96d15fa29c90965666ae8e9f2d35/lib/gstreamer-1.0/libgstcoretracers.so looks like a possible module
0:00:00.007459892  2752 0x55b57b444360 DEBUG   GST_REGISTRY gstregistry.c:1360:gst_registry_scan_path_level: file /home/conan/w/prod/BuildSingleReference/.conan/data/gstreamer/1.18.3/_/_/package/272fbcd9d24b96d15fa29c90965666ae8e9f2d35/lib/gstreamer-1.0/libgstcoretracers.so not yet in registry
0:00:00.007465998  2752 0x55b57b444360 DEBUG   GST_REGISTRY gstregistry.c:1172:gst_registry_scan_plugin_file: Using scan-helper to load plugin /home/conan/w/prod/BuildSingleReference/.conan/data/gstreamer/1.18.3/_/_/package/272fbcd9d24b96d15fa29c90965666ae8e9f2d35/lib/gstreamer-1.0/libgstcoretracers.so
0:00:00.002636336  2753 0x55dd10d7a360 LOG   GST_PLUGIN_LOADING gstplugin.c:889:_priv_gst_plugin_load_file_for_registry: Plugin 0x55dd10d9ff90 for file "/home/conan/w/prod/BuildSingleReference/.conan/data/gstreamer/1.18.3/_/_/package/272fbcd9d24b96d15fa29c90965666ae8e9f2d35/lib/gstreamer-1.0/libgstcoretracers.so" prepared, calling entry function...
0:00:00.007478391  2752 0x55b57b444360 LOG   GST_PLUGIN_LOADING gstpluginloader.c:235:plugin_loader_load: Sending file /home/conan/w/prod/BuildSingleReference/.conan/data/gstreamer/1.18.3/_/_/package/272fbcd9d24b96d15fa29c90965666ae8e9f2d35/lib/gstreamer-1.0/libgstcoretracers.so to child. tag 2
0:00:00.002651640  2753 0x55dd10d7a360 LOG   GST_PLUGIN_LOADING gstplugin.c:896:_priv_gst_plugin_load_file_for_registry: Plugin 0x55dd10d9ff90 for file "/home/conan/w/prod/BuildSingleReference/.conan/data/gstreamer/1.18.3/_/_/package/272fbcd9d24b96d15fa29c90965666ae8e9f2d35/lib/gstreamer-1.0/libgstcoretracers.so" prepared, registering...
0:00:00.007487202  2752 0x55b57b444360 DEBUG   GST_POLL gstpoll.c:979:gst_poll_fd_ctl_write: 0x55b57b469530: fd (fd:7, idx:1), active : 1
0:00:00.002659117  2753 0x55dd10d7a360 LOG   GST_PLUGIN_LOADING gstplugin.c:514:gst_plugin_register_func: plugin "/home/conan/w/prod/BuildSingleReference/.conan/data/gstreamer/1.18.3/_/_/package/272fbcd9d24b96d15fa29c90965666ae8e9f2d35/lib/gstreamer-1.0/libgstcoretracers.so" looks good
0:00:00.007494510  2752 0x55b57b444360 LOG   GST_POLL gstpoll.c:994:gst_poll_fd_ctl_write: 0x55b57b469530: pfd->events now 60 (POLLOUT:4)
0:00:00.007502499  2752 0x55b57b444360 DEBUG   GST_POLL gstpoll.c:1414:gst_poll_wait: 0x55b57b469530: timeout :0:00:01.000000000
0:00:00.007511205  2752 0x55b57b444360 LOG   GST_PLUGIN_LOADING gstpluginloader.c:1027:exchange_packets: Poll res = 1. 173 bytes pending for write
0:00:00.007518230  2752 0x55b57b444360 DEBUG   GST_POLL gstpoll.c:1241:gst_poll_fd_has_error: 0x55b57b469530: fd (fd:8, idx:2) 0
0:00:00.002686459  2753 0x55dd10d7a360 TRACE   GST_REFCOUNTING gstobject.c:208:gst_object_init: 0x55dd10da1060 new
0:00:00.007524732  2752 0x55b57b444360 DEBUG   GST_POLL gstpoll.c:1266:gst_poll_fd_can_read_unlocked: 0x55b57b469530: fd (fd:8, idx:2) 0
0:00:00.002698648  2753 0x55dd10d7a360 DEBUG   GST_TRACER gsttracer.c:169:gst_tracer_register: new tracer factory for latency
0:00:00.007531622  2752 0x55b57b444360 DEBUG   GST_POLL gstpoll.c:1195:gst_poll_fd_has_closed: 0x55b57b469530: fd (fd:8, idx:2) 0
0:00:00.007539619  2752 0x55b57b444360 DEBUG   GST_POLL gstpoll.c:1241:gst_poll_fd_has_error: 0x55b57b469530: fd (fd:7, idx:1) 0
0:00:00.002708429  2753 0x55dd10d7a360 DEBUG   GST_TRACER gsttracer.c:176:gst_tracer_register: tracer factory for 282726368:GstLatencyTracer
0:00:00.007546020  2752 0x55b57b444360 DEBUG   GST_POLL gstpoll.c:1335:gst_poll_fd_can_write: 0x55b57b469530: fd (fd:7, idx:1) 1
0:00:00.002718255  2753 0x55dd10d7a360 DEBUG   GST_REGISTRY gstregistry.c:589:gst_registry_add_feature: adding feature 0x55dd10da1060 (latency)
0:00:00.007552486  2752 0x55b57b444360 LOG   GST_PLUGIN_LOADING gstpluginloader.c:690:write_one: Writing packet of size 173 bytes to fd 7
0:00:00.002725416  2753 0x55dd10d7a360 DEBUG   GST_REFCOUNTING gstobject.c:708:gst_object_set_parent: set parent (ref and sink)
0:00:00.007565346  2752 0x55b57b444360 DEBUG   GST_POLL gstpoll.c:979:gst_poll_fd_ctl_write: 0x55b57b469530: fd (fd:7, idx:1), active : 0
0:00:00.002735114  2753 0x55dd10d7a360 TRACE   GST_REFCOUNTING gstobject.c:292:gst_object_ref_sink: 0x55dd10da1060 ref_sink 1->2
0:00:00.007572508  2752 0x55b57b444360 LOG   GST_POLL gstpoll.c:994:gst_poll_fd_ctl_write: 0x55b57b469530: pfd->events now 56 (POLLOUT:4)
0:00:00.002743532  2753 0x55dd10d7a360 LOG   GST_REGISTRY gstregistry.c:607:gst_registry_add_feature: emitting feature-added for latency
0:00:00.007586368  2752 0x55b57b444360 LOG   GST_REGISTRY gstregistry.c:1299:gst_registry_scan_path_level: file /home/conan/w/prod/BuildSingleReference/.conan/data/gstreamer/1.18.3/_/_/package/272fbcd9d24b96d15fa29c90965666ae8e9f2d35/lib/gstreamer-1.0/libgstcoreelements.so looks like a possible module
0:00:00.002758612  2753 0x55dd10d7a360 TRACE   GST_REFCOUNTING gstobject.c:208:gst_object_init: 0x55dd10da15c0 new
0:00:00.007593643  2752 0x55b57b444360 DEBUG   GST_REGISTRY gstregistry.c:1360:gst_registry_scan_path_level: file /home/conan/w/prod/BuildSingleReference/.conan/data/gstreamer/1.18.3/_/_/package/272fbcd9d24b96d15fa29c90965666ae8e9f2d35/lib/gstreamer-1.0/libgstcoreelements.so not yet in registry
0:00:00.002767912  2753 0x55dd10d7a360 DEBUG   GST_TRACER gsttracer.c:169:gst_tracer_register: new tracer factory for log
0:00:00.007600142  2752 0x55b57b444360 DEBUG   GST_REGISTRY gstregistry.c:1172:gst_registry_scan_plugin_file: Using scan-helper to load plugin /home/conan/w/prod/BuildSingleReference/.conan/data/gstreamer/1.18.3/_/_/package/272fbcd9d24b96d15fa29c90965666ae8e9f2d35/lib/gstreamer-1.0/libgstcoreelements.so
0:00:00.002776437  2753 0x55dd10d7a360 DEBUG   GST_TRACER gsttracer.c:176:gst_tracer_register: tracer factory for 282727424:GstLogTracer
0:00:00.007609480  2752 0x55b57b444360 LOG   GST_PLUGIN_LOADING gstpluginloader.c:235:plugin_loader_load: Sending file /home/conan/w/prod/BuildSingleReference/.conan/data/gstreamer/1.18.3/_/_/package/272fbcd9d24b96d15fa29c90965666ae8e9f2d35/lib/gstreamer-1.0/libgstcoreelements.so to child. tag 3
0:00:00.002784697  2753 0x55dd10d7a360 DEBUG   GST_REGISTRY gstregistry.c:589:gst_registry_add_feature: adding feature 0x55dd10da15c0 (log)
0:00:00.007617865  2752 0x55b57b444360 DEBUG   GST_POLL gstpoll.c:979:gst_poll_fd_ctl_write: 0x55b57b469530: fd (fd:7, idx:1), active : 1
0:00:00.002791178  2753 0x55dd10d7a360 DEBUG   GST_REFCOUNTING gstobject.c:708:gst_object_set_parent: set parent (ref and sink)
0:00:00.007625154  2752 0x55b57b444360 LOG   GST_POLL gstpoll.c:994:gst_poll_fd_ctl_write: 0x55b57b469530: pfd->events now 60 (POLLOUT:4)
0:00:00.002799171  2753 0x55dd10d7a360 TRACE   GST_REFCOUNTING gstobject.c:292:gst_object_ref_sink: 0x55dd10da15c0 ref_sink 1->2
0:00:00.007633028  2752 0x55b57b444360 DEBUG   GST_POLL gstpoll.c:1414:gst_poll_wait: 0x55b57b469530: timeout :0:00:01.000000000
0:00:00.002806277  2753 0x55dd10d7a360 LOG   GST_REGISTRY gstregistry.c:607:gst_registry_add_feature: emitting feature-added for log
0:00:00.007645718  2752 0x55b57b444360 LOG   GST_PLUGIN_LOADING gstpluginloader.c:1027:exchange_packets: Poll res = 1. 174 bytes pending for write
0:00:00.002820946  2753 0x55dd10d7a360 TRACE   GST_REFCOUNTING gstobject.c:208:gst_object_init: 0x55dd10da1950 new
0:00:00.007653291  2752 0x55b57b444360 DEBUG   GST_POLL gstpoll.c:1241:gst_poll_fd_has_error: 0x55b57b469530: fd (fd:8, idx:2) 0
0:00:00.002830306  2753 0x55dd10d7a360 DEBUG   GST_TRACER gsttracer.c:169:gst_tracer_register: new tracer factory for rusage
0:00:00.007662542  2752 0x55b57b444360 DEBUG   GST_POLL gstpoll.c:1266:gst_poll_fd_can_read_unlocked: 0x55b57b469530: fd (fd:8, idx:2) 0
0:00:00.002839035  2753 0x55dd10d7a360 DEBUG   GST_TRACER gsttracer.c:176:gst_tracer_register: tracer factory for 282728096:GstRUsageTracer
0:00:00.007671589  2752 0x55b57b444360 DEBUG   GST_POLL gstpoll.c:1195:gst_poll_fd_has_closed: 0x55b57b469530: fd (fd:8, idx:2) 0
0:00:00.002847122  2753 0x55dd10d7a360 DEBUG   GST_REGISTRY gstregistry.c:589:gst_registry_add_feature: adding feature 0x55dd10da1950 (rusage)
0:00:00.007679897  2752 0x55b57b444360 DEBUG   GST_POLL gstpoll.c:1241:gst_poll_fd_has_error: 0x55b57b469530: fd (fd:7, idx:1) 0
0:00:00.002853539  2753 0x55dd10d7a360 DEBUG   GST_REFCOUNTING gstobject.c:708:gst_object_set_parent: set parent (ref and sink)
0:00:00.007687607  2752 0x55b57b444360 DEBUG   GST_POLL gstpoll.c:1335:gst_poll_fd_can_write: 0x55b57b469530: fd (fd:7, idx:1) 1
0:00:00.002861489  2753 0x55dd10d7a360 TRACE   GST_REFCOUNTING gstobject.c:292:gst_object_ref_sink: 0x55dd10da1950 ref_sink 1->2
0:00:00.007694225  2752 0x55b57b444360 LOG   GST_PLUGIN_LOADING gstpluginloader.c:690:write_one: Writing packet of size 174 bytes to fd 7
0:00:00.002868610  2753 0x55dd10d7a360 LOG   GST_REGISTRY gstregistry.c:607:gst_registry_add_feature: emitting feature-added for rusage
0:00:00.007703790  2752 0x55b57b444360 DEBUG   GST_POLL gstpoll.c:979:gst_poll_fd_ctl_write: 0x55b57b469530: fd (fd:7, idx:1), active : 0
0:00:00.007710545  2752 0x55b57b444360 LOG   GST_POLL gstpoll.c:994:gst_poll_fd_ctl_write: 0x55b57b469530: pfd->events now 56 (POLLOUT:4)
0:00:00.002880980  2753 0x55dd10d7a360 TRACE   GST_REFCOUNTING gstobject.c:208:gst_object_init: 0x55dd10da1b90 new
0:00:00.007721113  2752 0x55b57b444360 DEBUG   GST_REGISTRY gstregistry.c:1383:gst_registry_scan_path_internal: registry changed in path /home/conan/w/prod/BuildSingleReference/.conan/data/gstreamer/1.18.3/_/_/package/272fbcd9d24b96d15fa29c90965666ae8e9f2d35/lib/gstreamer-1.0: 0
0:00:00.002890018  2753 0x55dd10d7a360 DEBUG   GST_TRACER gsttracer.c:169:gst_tracer_register: new tracer factory for stats
0:00:00.002900136  2753 0x55dd10d7a360 DEBUG   GST_TRACER gsttracer.c:176:gst_tracer_register: tracer factory for 282729232:GstStatsTracer
0:00:00.007731231  2752 0x55b57b444360 DEBUG   GST_POLL gstpoll.c:979:gst_poll_fd_ctl_write: 0x55b57b469530: fd (fd:7, idx:1), active : 1
0:00:00.002927277  2753 0x55dd10d7a360 DEBUG   GST_REGISTRY gstregistry.c:589:gst_registry_add_feature: adding feature 0x55dd10da1b90 (stats)
0:00:00.002940475  2753 0x55dd10d7a360 DEBUG   GST_REFCOUNTING gstobject.c:708:gst_object_set_parent: set parent (ref and sink)
0:00:00.007772230  2752 0x55b57b444360 LOG   GST_POLL gstpoll.c:994:gst_poll_fd_ctl_write: 0x55b57b469530: pfd->events now 60 (POLLOUT:4)
0:00:00.002947860  2753 0x55dd10d7a360 TRACE   GST_REFCOUNTING gstobject.c:292:gst_object_ref_sink: 0x55dd10da1b90 ref_sink 1->2
0:00:00.007783139  2752 0x55b57b444360 DEBUG   GST_POLL gstpoll.c:1414:gst_poll_wait: 0x55b57b469530: timeout :0:00:01.000000000
0:00:00.002954915  2753 0x55dd10d7a360 LOG   GST_REGISTRY gstregistry.c:607:gst_registry_add_feature: emitting feature-added for stats
0:00:00.007792217  2752 0x55b57b444360 LOG   GST_PLUGIN_LOADING gstpluginloader.c:1027:exchange_packets: Poll res = 1. 12 bytes pending for write
0:00:00.007799774  2752 0x55b57b444360 DEBUG   GST_POLL gstpoll.c:1241:gst_poll_fd_has_error: 0x55b57b469530: fd (fd:8, idx:2) 0
0:00:00.002970577  2753 0x55dd10d7a360 TRACE   GST_REFCOUNTING gstobject.c:208:gst_object_init: 0x55dd10da1f00 new
0:00:00.007806246  2752 0x55b57b444360 DEBUG   GST_POLL gstpoll.c:1266:gst_poll_fd_can_read_unlocked: 0x55b57b469530: fd (fd:8, idx:2) 0
0:00:00.002979925  2753 0x55dd10d7a360 DEBUG   GST_TRACER gsttracer.c:169:gst_tracer_register: new tracer factory for leaks
0:00:00.007812923  2752 0x55b57b444360 DEBUG   GST_POLL gstpoll.c:1195:gst_poll_fd_has_closed: 0x55b57b469530: fd (fd:8, idx:2) 0
0:00:00.002988237  2753 0x55dd10d7a360 DEBUG   GST_TRACER gsttracer.c:176:gst_tracer_register: tracer factory for 282730016:GstLeaksTracer
0:00:00.007821738  2752 0x55b57b444360 DEBUG   GST_POLL gstpoll.c:1241:gst_poll_fd_has_error: 0x55b57b469530: fd (fd:7, idx:1) 0
0:00:00.002996066  2753 0x55dd10d7a360 DEBUG   GST_REGISTRY gstregistry.c:589:gst_registry_add_feature: adding feature 0x55dd10da1f00 (leaks)
0:00:00.007830913  2752 0x55b57b444360 DEBUG   GST_POLL gstpoll.c:1335:gst_poll_fd_can_write: 0x55b57b469530: fd (fd:7, idx:1) 1
0:00:00.003002515  2753 0x55dd10d7a360 DEBUG   GST_REFCOUNTING gstobject.c:708:gst_object_set_parent: set parent (ref and sink)
0:00:00.007837640  2752 0x55b57b444360 LOG   GST_PLUGIN_LOADING gstpluginloader.c:690:write_one: Writing packet of size 12 bytes to fd 7
0:00:00.003009929  2753 0x55dd10d7a360 TRACE   GST_REFCOUNTING gstobject.c:292:gst_object_ref_sink: 0x55dd10da1f00 ref_sink 1->2
0:00:00.007846701  2752 0x55b57b444360 DEBUG   GST_POLL gstpoll.c:979:gst_poll_fd_ctl_write: 0x55b57b469530: fd (fd:7, idx:1), active : 0
0:00:00.003016910  2753 0x55dd10d7a360 LOG   GST_REGISTRY gstregistry.c:607:gst_registry_add_feature: emitting feature-added for leaks
0:00:00.007853561  2752 0x55b57b444360 LOG   GST_POLL gstpoll.c:994:gst_poll_fd_ctl_write: 0x55b57b469530: pfd->events now 56 (POLLOUT:4)
0:00:00.003024483  2753 0x55dd10d7a360 LOG   GST_PLUGIN_LOADING gstplugin.c:541:gst_plugin_register_func: plugin "/home/conan/w/prod/BuildSingleReference/.conan/data/gstreamer/1.18.3/_/_/package/272fbcd9d24b96d15fa29c90965666ae8e9f2d35/lib/gstreamer-1.0/libgstcoretracers.so" initialised
0:00:00.007861281  2752 0x55b57b444360 DEBUG   GST_POLL gstpoll.c:1414:gst_poll_wait: 0x55b57b469530: timeout :0:00:01.000000000
0:00:00.003039347  2753 0x55dd10d7a360 INFO   GST_PLUGIN_LOADING gstplugin.c:915:_priv_gst_plugin_load_file_for_registry: plugin "/home/conan/w/prod/BuildSingleReference/.conan/data/gstreamer/1.18.3/_/_/package/272fbcd9d24b96d15fa29c90965666ae8e9f2d35/lib/gstreamer-1.0/libgstcoretracers.so" loaded
0:00:00.003047552  2753 0x55dd10d7a360 TRACE   GST_REFCOUNTING gstobject.c:237:gst_object_ref: 0x55dd10d9ff90 ref 1->2
0:00:00.003055519  2753 0x55dd10d7a360 DEBUG   GST_REGISTRY gstregistry.c:473:gst_registry_add_plugin: adding plugin 0x55dd10d9ff90 for filename "/home/conan/w/prod/BuildSingleReference/.conan/data/gstreamer/1.18.3/_/_/package/272fbcd9d24b96d15fa29c90965666ae8e9f2d35/lib/gstreamer-1.0/libgstcoretracers.so"
0:00:00.003063096  2753 0x55dd10d7a360 TRACE   GST_REFCOUNTING gstobject.c:292:gst_object_ref_sink: 0x55dd10d9ff90 ref_sink 2->3
0:00:00.003070152  2753 0x55dd10d7a360 LOG   GST_REGISTRY gstregistry.c:486:gst_registry_add_plugin: emitting plugin-added for filename "/home/conan/w/prod/BuildSingleReference/.conan/data/gstreamer/1.18.3/_/_/package/272fbcd9d24b96d15fa29c90965666ae8e9f2d35/lib/gstreamer-1.0/libgstcoretracers.so"
0:00:00.003078123  2753 0x55dd10d7a360 TRACE   GST_REFCOUNTING gstobject.c:237:gst_object_ref: 0x55dd10da1f00 ref 1->2
0:00:00.003085757  2753 0x55dd10d7a360 TRACE   GST_REFCOUNTING gstobject.c:237:gst_object_ref: 0x55dd10da1b90 ref 1->2
0:00:00.003092762  2753 0x55dd10d7a360 TRACE   GST_REFCOUNTING gstobject.c:237:gst_object_ref: 0x55dd10da1950 ref 1->2
0:00:00.003099904  2753 0x55dd10d7a360 TRACE   GST_REFCOUNTING gstobject.c:237:gst_object_ref: 0x55dd10da15c0 ref 1->2
0:00:00.003107248  2753 0x55dd10d7a360 TRACE   GST_REFCOUNTING gstobject.c:237:gst_object_ref: 0x55dd10da1060 ref 1->2
0:00:00.003123311  2753 0x55dd10d7a360 TRACE   GST_REFCOUNTING gstobject.c:264:gst_object_unref: 0x55dd10da1060 unref 2->1
0:00:00.003131625  2753 0x55dd10d7a360 TRACE   GST_REFCOUNTING gstobject.c:264:gst_object_unref: 0x55dd10da15c0 unref 2->1
0:00:00.003138563  2753 0x55dd10d7a360 TRACE   GST_REFCOUNTING gstobject.c:264:gst_object_unref: 0x55dd10da1950 unref 2->1
0:00:00.003145466  2753 0x55dd10d7a360 TRACE   GST_REFCOUNTING gstobject.c:264:gst_object_unref: 0x55dd10da1b90 unref 2->1
0:00:00.003152153  2753 0x55dd10d7a360 TRACE   GST_REFCOUNTING gstobject.c:264:gst_object_unref: 0x55dd10da1f00 unref 2->1
0:00:00.003161207  2753 0x55dd10d7a360 DEBUG   GST_REGISTRY gstregistrychunks.c:497:_priv_gst_registry_chunks_save_plugin: Found 5 features in plugin 0x55dd10d9ff90 (coretracers)
0:00:00.003171908  2753 0x55dd10d7a360 DEBUG   GST_POLL gstpoll.c:979:gst_poll_fd_ctl_write: 0x55dd10d9e970: fd (fd:0, idx:1), active : 1
0:00:00.003179059  2753 0x55dd10d7a360 LOG   GST_POLL gstpoll.c:994:gst_poll_fd_ctl_write: 0x55dd10d9e970: pfd->events now 60 (POLLOUT:4)
0:00:00.003190615  2753 0x55dd10d7a360 DEBUG   GST_POLL gstpoll.c:979:gst_poll_fd_ctl_write: 0x55dd10d9e970: fd (fd:0, idx:1), active : 1
0:00:00.003197323  2753 0x55dd10d7a360 LOG   GST_POLL gstpoll.c:994:gst_poll_fd_ctl_write: 0x55dd10d9e970: pfd->events now 60 (POLLOUT:4)
0:00:00.003204492  2753 0x55dd10d7a360 DEBUG   GST_POLL gstpoll.c:979:gst_poll_fd_ctl_write: 0x55dd10d9e970: fd (fd:0, idx:1), active : 1
0:00:00.003210925  2753 0x55dd10d7a360 LOG   GST_POLL gstpoll.c:994:gst_poll_fd_ctl_write: 0x55dd10d9e970: pfd->events now 60 (POLLOUT:4)
0:00:00.003217367  2753 0x55dd10d7a360 DEBUG   GST_POLL gstpoll.c:979:gst_poll_fd_ctl_write: 0x55dd10d9e970: fd (fd:0, idx:1), active : 1
0:00:00.003223520  2753 0x55dd10d7a360 LOG   GST_POLL gstpoll.c:994:gst_poll_fd_ctl_write: 0x55dd10d9e970: pfd->events now 60 (POLLOUT:4)
0:00:00.003230037  2753 0x55dd10d7a360 DEBUG   GST_POLL gstpoll.c:979:gst_poll_fd_ctl_write: 0x55dd10d9e970: fd (fd:0, idx:1), active : 1
0:00:00.003235980  2753 0x55dd10d7a360 LOG   GST_POLL gstpoll.c:994:gst_poll_fd_ctl_write: 0x55dd10d9e970: pfd->events now 60 (POLLOUT:4)
0:00:00.003242137  2753 0x55dd10d7a360 DEBUG   GST_POLL gstpoll.c:979:gst_poll_fd_ctl_write: 0x55dd10d9e970: fd (fd:0, idx:1), active : 1
0:00:00.003248147  2753 0x55dd10d7a360 LOG   GST_POLL gstpoll.c:994:gst_poll_fd_ctl_write: 0x55dd10d9e970: pfd->events now 60 (POLLOUT:4)
0:00:00.003254265  2753 0x55dd10d7a360 DEBUG   GST_POLL gstpoll.c:979:gst_poll_fd_ctl_write: 0x55dd10d9e970: fd (fd:0, idx:1), active : 1
0:00:00.003260225  2753 0x55dd10d7a360 LOG   GST_POLL gstpoll.c:994:gst_poll_fd_ctl_write: 0x55dd10d9e970: pfd->events now 60 (POLLOUT:4)
0:00:00.003266540  2753 0x55dd10d7a360 DEBUG   GST_POLL gstpoll.c:979:gst_poll_fd_ctl_write: 0x55dd10d9e970: fd (fd:0, idx:1), active : 1
0:00:00.003272545  2753 0x55dd10d7a360 LOG   GST_POLL gstpoll.c:994:gst_poll_fd_ctl_write: 0x55dd10d9e970: pfd->events now 60 (POLLOUT:4)
0:00:00.003278725  2753 0x55dd10d7a360 DEBUG   GST_POLL gstpoll.c:979:gst_poll_fd_ctl_write: 0x55dd10d9e970: fd (fd:0, idx:1), active : 1
0:00:00.003284720  2753 0x55dd10d7a360 LOG   GST_POLL gstpoll.c:994:gst_poll_fd_ctl_write: 0x55dd10d9e970: pfd->events now 60 (POLLOUT:4)
0:00:00.003291025  2753 0x55dd10d7a360 DEBUG   GST_POLL gstpoll.c:979:gst_poll_fd_ctl_write: 0x55dd10d9e970: fd (fd:0, idx:1), active : 1
0:00:00.003296973  2753 0x55dd10d7a360 LOG   GST_POLL gstpoll.c:994:gst_poll_fd_ctl_write: 0x55dd10d9e970: pfd->events now 60 (POLLOUT:4)
0:00:00.003303137  2753 0x55dd10d7a360 DEBUG   GST_POLL gstpoll.c:979:gst_poll_fd_ctl_write: 0x55dd10d9e970: fd (fd:0, idx:1), active : 1
0:00:00.003309153  2753 0x55dd10d7a360 LOG   GST_POLL gstpoll.c:994:gst_poll_fd_ctl_write: 0x55dd10d9e970: pfd->events now 60 (POLLOUT:4)
0:00:00.003315274  2753 0x55dd10d7a360 DEBUG   GST_POLL gstpoll.c:979:gst_poll_fd_ctl_write: 0x55dd10d9e970: fd (fd:0, idx:1), active : 1
0:00:00.003321195  2753 0x55dd10d7a360 LOG   GST_POLL gstpoll.c:994:gst_poll_fd_ctl_write: 0x55dd10d9e970: pfd->events now 60 (POLLOUT:4)
0:00:00.003327435  2753 0x55dd10d7a360 DEBUG   GST_POLL gstpoll.c:979:gst_poll_fd_ctl_write: 0x55dd10d9e970: fd (fd:0, idx:1), active : 1
0:00:00.003337450  2753 0x55dd10d7a360 LOG   GST_POLL gstpoll.c:994:gst_poll_fd_ctl_write: 0x55dd10d9e970: pfd->events now 60 (POLLOUT:4)
0:00:00.003343782  2753 0x55dd10d7a360 DEBUG   GST_POLL gstpoll.c:979:gst_poll_fd_ctl_write: 0x55dd10d9e970: fd (fd:0, idx:1), active : 1
0:00:00.003349752  2753 0x55dd10d7a360 LOG   GST_POLL gstpoll.c:994:gst_poll_fd_ctl_write: 0x55dd10d9e970: pfd->events now 60 (POLLOUT:4)
0:00:00.003355902  2753 0x55dd10d7a360 DEBUG   GST_POLL gstpoll.c:979:gst_poll_fd_ctl_write: 0x55dd10d9e970: fd (fd:0, idx:1), active : 1
0:00:00.003361899  2753 0x55dd10d7a360 LOG   GST_POLL gstpoll.c:994:gst_poll_fd_ctl_write: 0x55dd10d9e970: pfd->events now 60 (POLLOUT:4)
0:00:00.003368239  2753 0x55dd10d7a360 DEBUG   GST_POLL gstpoll.c:979:gst_poll_fd_ctl_write: 0x55dd10d9e970: fd (fd:0, idx:1), active : 1
0:00:00.003374222  2753 0x55dd10d7a360 LOG   GST_POLL gstpoll.c:994:gst_poll_fd_ctl_write: 0x55dd10d9e970: pfd->events now 60 (POLLOUT:4)
0:00:00.003380317  2753 0x55dd10d7a360 DEBUG   GST_POLL gstpoll.c:979:gst_poll_fd_ctl_write: 0x55dd10d9e970: fd (fd:0, idx:1), active : 1
0:00:00.003386237  2753 0x55dd10d7a360 LOG   GST_POLL gstpoll.c:994:gst_poll_fd_ctl_write: 0x55dd10d9e970: pfd->events now 60 (POLLOUT:4)
0:00:00.003392365  2753 0x55dd10d7a360 DEBUG   GST_POLL gstpoll.c:979:gst_poll_fd_ctl_write: 0x55dd10d9e970: fd (fd:0, idx:1), active : 1
0:00:00.003398328  2753 0x55dd10d7a360 LOG   GST_POLL gstpoll.c:994:gst_poll_fd_ctl_write: 0x55dd10d9e970: pfd->events now 60 (POLLOUT:4)
0:00:00.003404581  2753 0x55dd10d7a360 DEBUG   GST_POLL gstpoll.c:979:gst_poll_fd_ctl_write: 0x55dd10d9e970: fd (fd:0, idx:1), active : 1
0:00:00.003410547  2753 0x55dd10d7a360 LOG   GST_POLL gstpoll.c:994:gst_poll_fd_ctl_write: 0x55dd10d9e970: pfd->events now 60 (POLLOUT:4)
0:00:00.003416668  2753 0x55dd10d7a360 DEBUG   GST_POLL gstpoll.c:979:gst_poll_fd_ctl_write: 0x55dd10d9e970: fd (fd:0, idx:1), active : 1
0:00:00.003422561  2753 0x55dd10d7a360 LOG   GST_POLL gstpoll.c:994:gst_poll_fd_ctl_write: 0x55dd10d9e970: pfd->events now 60 (POLLOUT:4)
0:00:00.003428722  2753 0x55dd10d7a360 DEBUG   GST_POLL gstpoll.c:979:gst_poll_fd_ctl_write: 0x55dd10d9e970: fd (fd:0, idx:1), active : 1
0:00:00.003434820  2753 0x55dd10d7a360 LOG   GST_POLL gstpoll.c:994:gst_poll_fd_ctl_write: 0x55dd10d9e970: pfd->events now 60 (POLLOUT:4)
0:00:00.003441055  2753 0x55dd10d7a360 DEBUG   GST_POLL gstpoll.c:979:gst_poll_fd_ctl_write: 0x55dd10d9e970: fd (fd:0, idx:1), active : 1
0:00:00.003446967  2753 0x55dd10d7a360 LOG   GST_POLL gstpoll.c:994:gst_poll_fd_ctl_write: 0x55dd10d9e970: pfd->events now 60 (POLLOUT:4)
0:00:00.003453061  2753 0x55dd10d7a360 DEBUG   GST_POLL gstpoll.c:979:gst_poll_fd_ctl_write: 0x55dd10d9e970: fd (fd:0, idx:1), active : 1
0:00:00.003458995  2753 0x55dd10d7a360 LOG   GST_POLL gstpoll.c:994:gst_poll_fd_ctl_write: 0x55dd10d9e970: pfd->events now 60 (POLLOUT:4)
0:00:00.003465102  2753 0x55dd10d7a360 DEBUG   GST_POLL gstpoll.c:979:gst_poll_fd_ctl_write: 0x55dd10d9e970: fd (fd:0, idx:1), active : 1
0:00:00.003474947  2753 0x55dd10d7a360 LOG   GST_POLL gstpoll.c:994:gst_poll_fd_ctl_write: 0x55dd10d9e970: pfd->events now 60 (POLLOUT:4)
0:00:00.003481310  2753 0x55dd10d7a360 DEBUG   GST_POLL gstpoll.c:979:gst_poll_fd_ctl_write: 0x55dd10d9e970: fd (fd:0, idx:1), active : 1
0:00:00.003487397  2753 0x55dd10d7a360 LOG   GST_POLL gstpoll.c:994:gst_poll_fd_ctl_write: 0x55dd10d9e970: pfd->events now 60 (POLLOUT:4)
0:00:00.003493533  2753 0x55dd10d7a360 DEBUG   GST_POLL gstpoll.c:979:gst_poll_fd_ctl_write: 0x55dd10d9e970: fd (fd:0, idx:1), active : 1
0:00:00.003499448  2753 0x55dd10d7a360 LOG   GST_POLL gstpoll.c:994:gst_poll_fd_ctl_write: 0x55dd10d9e970: pfd->events now 60 (POLLOUT:4)
0:00:00.003505686  2753 0x55dd10d7a360 DEBUG   GST_POLL gstpoll.c:979:gst_poll_fd_ctl_write: 0x55dd10d9e970: fd (fd:0, idx:1), active : 1
0:00:00.003513529  2753 0x55dd10d7a360 LOG   GST_POLL gstpoll.c:994:gst_poll_fd_ctl_write: 0x55dd10d9e970: pfd->events now 60 (POLLOUT:4)
0:00:00.003524730  2753 0x55dd10d7a360 TRACE   GST_REFCOUNTING gstobject.c:264:gst_object_unref: 0x55dd10d9ff90 unref 2->1
0:00:00.003538301  2753 0x55dd10d7a360 DEBUG   GST_POLL gstpoll.c:1241:gst_poll_fd_has_error: 0x55dd10d9e970: fd (fd:0, idx:1) 0
0:00:00.003556157  2753 0x55dd10d7a360 DEBUG   GST_POLL gstpoll.c:1335:gst_poll_fd_can_write: 0x55dd10d9e970: fd (fd:0, idx:1) 0
0:00:00.003565677  2753 0x55dd10d7a360 DEBUG   GST_POLL gstpoll.c:1195:gst_poll_fd_has_closed: 0x55dd10d9e970: fd (fd:0, idx:1) 0
0:00:00.003573580  2753 0x55dd10d7a360 DEBUG   GST_POLL gstpoll.c:1414:gst_poll_wait: 0x55dd10d9e970: timeout :0:00:01.000000000
0:00:00.003583777  2753 0x55dd10d7a360 LOG   GST_PLUGIN_LOADING gstpluginloader.c:1027:exchange_packets: Poll res = 2. 488 bytes pending for write
0:00:00.003590811  2753 0x55dd10d7a360 DEBUG   GST_POLL gstpoll.c:1241:gst_poll_fd_has_error: 0x55dd10d9e970: fd (fd:5, idx:2) 0
0:00:00.003597252  2753 0x55dd10d7a360 DEBUG   GST_POLL gstpoll.c:1266:gst_poll_fd_can_read_unlocked: 0x55dd10d9e970: fd (fd:5, idx:2) 1
0:00:00.003608010  2753 0x55dd10d7a360 DEBUG   GST_PLUGIN_LOADING gstpluginloader.c:722:do_plugin_load: Plugin scanner loading file /home/conan/w/prod/BuildSingleReference/.conan/data/gstreamer/1.18.3/_/_/package/272fbcd9d24b96d15fa29c90965666ae8e9f2d35/lib/gstreamer-1.0/libgstcoreelements.so. tag 1
0:00:00.003615378  2753 0x55dd10d7a360 DEBUG   GST_PLUGIN_LOADING gstplugin.c:767:_priv_gst_plugin_load_file_for_registry: attempt to load plugin "/home/conan/w/prod/BuildSingleReference/.conan/data/gstreamer/1.18.3/_/_/package/272fbcd9d24b96d15fa29c90965666ae8e9f2d35/lib/gstreamer-1.0/libgstcoreelements.so"
0:00:00.004046972  2753 0x55dd10d7a360 TRACE   GST_REFCOUNTING gstobject.c:208:gst_object_init: 0x55dd10da24a0 new
0:00:00.004072850  2753 0x55dd10d7a360 LOG   GST_PLUGIN_LOADING gstplugin.c:889:_priv_gst_plugin_load_file_for_registry: Plugin 0x55dd10da24a0 for file "/home/conan/w/prod/BuildSingleReference/.conan/data/gstreamer/1.18.3/_/_/package/272fbcd9d24b96d15fa29c90965666ae8e9f2d35/lib/gstreamer-1.0/libgstcoreelements.so" prepared, calling entry function...
0:00:00.004082158  2753 0x55dd10d7a360 LOG   GST_PLUGIN_LOADING gstplugin.c:896:_priv_gst_plugin_load_file_for_registry: Plugin 0x55dd10da24a0 for file "/home/conan/w/prod/BuildSingleReference/.conan/data/gstreamer/1.18.3/_/_/package/272fbcd9d24b96d15fa29c90965666ae8e9f2d35/lib/gstreamer-1.0/libgstcoreelements.so" prepared, registering...
0:00:00.004095405  2753 0x55dd10d7a360 LOG   GST_PLUGIN_LOADING gstplugin.c:514:gst_plugin_register_func: plugin "/home/conan/w/prod/BuildSingleReference/.conan/data/gstreamer/1.18.3/_/_/package/272fbcd9d24b96d15fa29c90965666ae8e9f2d35/lib/gstreamer-1.0/libgstcoreelements.so" looks good
0:00:00.004132870  2753 0x55dd10d7a360 TRACE   GST_REFCOUNTING gstobject.c:208:gst_object_init: 0x55dd10da3e80 new
0:00:00.004144125  2753 0x55dd10d7a360 LOG   GST_ELEMENT_FACTORY gstelementfactory.c:237:gst_element_register: Created new elementfactory for type GstCapsFilter
0:00:00.004153161  2753 0x55dd10d7a360 TRACE   structure gststructure.c:287:gst_structure_new_id_empty_with_size: created structure 0x55dd10da4490
0:00:00.004160087  2753 0x55dd10d7a360 TRACE   GST_PERFORMANCE gststructure.c:508:gst_structure_copy: doing copy 0x55dd10d89130 -> 0x55dd10da4490
0:00:00.004167603  2753 0x55dd10d7a360 DEBUG   GST_ELEMENT_PADS gstelement.c:311:gst_element_base_class_init: type GstBaseTransform : factory (nil)
0:00:00.004174988  2753 0x55dd10d7a360 DEBUG   basetransform gstbasetransform.c:333:gst_base_transform_class_init: gst_base_transform_class_init
0:00:00.004188080  2753 0x55dd10d7a360 TRACE   structure gststructure.c:287:gst_structure_new_id_empty_with_size: created structure 0x55dd10da49e0
0:00:00.004194735  2753 0x55dd10d7a360 TRACE   GST_PERFORMANCE gststructure.c:508:gst_structure_copy: doing copy 0x55dd10da4490 -> 0x55dd10da49e0
0:00:00.004201695  2753 0x55dd10d7a360 DEBUG   GST_ELEMENT_PADS gstelement.c:311:gst_element_base_class_init: type GstCapsFilter : factory 0x55dd10da3e80
0:00:00.004224324  2753 0x55dd10d7a360 TRACE   GST_CAPS gstcaps.c:263:gst_caps_new_empty: created caps 0x55dd10da2d60
0:00:00.004231890  2753 0x55dd10d7a360 TRACE   GST_CAPS gstcaps.c:442:gst_static_caps_get: created 0x7fa251372f50 from string ANY
0:00:00.004239136  2753 0x55dd10d7a360 TRACE   GST_REFCOUNTING gstminiobject.c:465:gst_mini_object_ref: 0x55dd10da2d60 ref 1->2
0:00:00.004270654  2753 0x55dd10d7a360 TRACE   GST_REFCOUNTING gstobject.c:208:gst_object_init: 0x55dd10da5440 new
0:00:00.004283247  2753 0x55dd10d7a360 TRACE   GST_REFCOUNTING gstminiobject.c:465:gst_mini_object_ref: 0x55dd10da2d60 ref 2->3
0:00:00.004327171  2753 0x55dd10d7a360 TRACE   GST_REFCOUNTING gstminiobject.c:647:gst_mini_object_unref: 0x55dd10da2d60 unref 3->2
0:00:00.004336093  2753 0x55dd10d7a360 TRACE   GST_REFCOUNTING gstobject.c:292:gst_object_ref_sink: 0x55dd10da5440 ref_sink 1->2
0:00:00.004343540  2753 0x55dd10d7a360 TRACE   GST_CAPS gstcaps.c:263:gst_caps_new_empty: created caps 0x55dd10da2ef0
0:00:00.004350293  2753 0x55dd10d7a360 TRACE   GST_CAPS gstcaps.c:442:gst_static_caps_get: created 0x7fa251372f10 from string ANY
0:00:00.004356859  2753 0x55dd10d7a360 TRACE   GST_REFCOUNTING gstminiobject.c:465:gst_mini_object_ref: 0x55dd10da2ef0 ref 1->2
0:00:00.004371193  2753 0x55dd10d7a360 TRACE   GST_REFCOUNTING gstobject.c:208:gst_object_init: 0x55dd10da56b0 new
0:00:00.004380140  2753 0x55dd10d7a360 TRACE   GST_REFCOUNTING gstminiobject.c:465:gst_mini_object_ref: 0x55dd10da2ef0 ref 2->3
0:00:00.004389302  2753 0x55dd10d7a360 TRACE   GST_REFCOUNTING gstminiobject.c:647:gst_mini_object_unref: 0x55dd10da2ef0 unref 3->2
0:00:00.004396922  2753 0x55dd10d7a360 TRACE   GST_REFCOUNTING gstobject.c:292:gst_object_ref_sink: 0x55dd10da56b0 ref_sink 1->2
0:00:00.004407981  2753 0x55dd10d7a360 TRACE   structure gststructure.c:287:gst_structure_new_id_empty_with_size: created structure 0x55dd10da5870
0:00:00.004415561  2753 0x55dd10d7a360 TRACE   GST_PERFORMANCE gststructure.c:508:gst_structure_copy: doing copy 0x55dd10da49e0 -> 0x55dd10da5870
0:00:00.004426528  2753 0x55dd10d7a360 DEBUG   GST_REGISTRY gstregistry.c:589:gst_registry_add_feature: adding feature 0x55dd10da3e80 (capsfilter)
0:00:00.004434925  2753 0x55dd10d7a360 DEBUG   GST_REFCOUNTING gstobject.c:708:gst_object_set_parent: set parent (ref and sink)
0:00:00.004442916  2753 0x55dd10d7a360 TRACE   GST_REFCOUNTING gstobject.c:292:gst_object_ref_sink: 0x55dd10da3e80 ref_sink 1->2
0:00:00.004450018  2753 0x55dd10d7a360 LOG   GST_REGISTRY gstregistry.c:607:gst_registry_add_feature: emitting feature-added for capsfilter
0:00:00.004463060  2753 0x55dd10d7a360 TRACE   GST_REFCOUNTING gstobject.c:208:gst_object_init: 0x55dd10da5d50 new
0:00:00.004473444  2753 0x55dd10d7a360 LOG   GST_ELEMENT_FACTORY gstelementfactory.c:237:gst_element_register: Created new elementfactory for type GstClockSync
0:00:00.004484359  2753 0x55dd10d7a360 TRACE   structure gststructure.c:287:gst_structure_new_id_empty_with_size: created structure 0x55dd10da6130
0:00:00.004490965  2753 0x55dd10d7a360 TRACE   GST_PERFORMANCE gststructure.c:508:gst_structure_copy: doing copy 0x55dd10d89130 -> 0x55dd10da6130
0:00:00.004497805  2753 0x55dd10d7a360 DEBUG   GST_ELEMENT_PADS gstelement.c:311:gst_element_base_class_init: type GstClockSync : factory 0x55dd10da5d50
0:00:00.004511685  2753 0x55dd10d7a360 TRACE   GST_CAPS gstcaps.c:263:gst_caps_new_empty: created caps 0x55dd10da5e80
0:00:00.004518570  2753 0x55dd10d7a360 TRACE   GST_CAPS gstcaps.c:442:gst_static_caps_get: created 0x7fa251372fd0 from string ANY
0:00:00.004525150  2753 0x55dd10d7a360 TRACE   GST_REFCOUNTING gstminiobject.c:465:gst_mini_object_ref: 0x55dd10da5e80 ref 1->2
0:00:00.004534413  2753 0x55dd10d7a360 TRACE   GST_REFCOUNTING gstobject.c:208:gst_object_init: 0x55dd10da6370 new
0:00:00.004550187  2753 0x55dd10d7a360 TRACE   GST_REFCOUNTING gstminiobject.c:465:gst_mini_object_ref: 0x55dd10da5e80 ref 2->3
0:00:00.004559694  2753 0x55dd10d7a360 TRACE   GST_REFCOUNTING gstminiobject.c:647:gst_mini_object_unref: 0x55dd10da5e80 unref 3->2
0:00:00.004567431  2753 0x55dd10d7a360 TRACE   GST_REFCOUNTING gstobject.c:292:gst_object_ref_sink: 0x55dd10da6370 ref_sink 1->2
0:00:00.004574397  2753 0x55dd10d7a360 TRACE   GST_CAPS gstcaps.c:263:gst_caps_new_empty: created caps 0x55dd10d89750
0:00:00.004585553  2753 0x55dd10d7a360 TRACE   GST_CAPS gstcaps.c:442:gst_static_caps_get: created 0x7fa251372f90 from string ANY
0:00:00.004592159  2753 0x55dd10d7a360 TRACE   GST_REFCOUNTING gstminiobject.c:465:gst_mini_object_ref: 0x55dd10d89750 ref 1->2
0:00:00.004601122  2753 0x55dd10d7a360 TRACE   GST_REFCOUNTING gstobject.c:208:gst_object_init: 0x55dd10da6560 new
0:00:00.004610040  2753 0x55dd10d7a360 TRACE   GST_REFCOUNTING gstminiobject.c:465:gst_mini_object_ref: 0x55dd10d89750 ref 2->3
0:00:00.004618857  2753 0x55dd10d7a360 TRACE   GST_REFCOUNTING gstminiobject.c:647:gst_mini_object_unref: 0x55dd10d89750 unref 3->2
0:00:00.004626413  2753 0x55dd10d7a360 TRACE   GST_REFCOUNTING gstobject.c:292:gst_object_ref_sink: 0x55dd10da6560 ref_sink 1->2
0:00:00.004635155  2753 0x55dd10d7a360 TRACE   structure gststructure.c:287:gst_structure_new_id_empty_with_size: created structure 0x55dd10da6840
0:00:00.004642533  2753 0x55dd10d7a360 TRACE   GST_PERFORMANCE gststructure.c:508:gst_structure_copy: doing copy 0x55dd10da6130 -> 0x55dd10da6840
0:00:00.004652041  2753 0x55dd10d7a360 DEBUG   GST_REGISTRY gstregistry.c:589:gst_registry_add_feature: adding feature 0x55dd10da5d50 (clocksync)
0:00:00.004658504  2753 0x55dd10d7a360 DEBUG   GST_REFCOUNTING gstobject.c:708:gst_object_set_parent: set parent (ref and sink)
0:00:00.004665798  2753 0x55dd10d7a360 TRACE   GST_REFCOUNTING gstobject.c:292:gst_object_ref_sink: 0x55dd10da5d50 ref_sink 1->2
0:00:00.004672495  2753 0x55dd10d7a360 LOG   GST_REGISTRY gstregistry.c:607:gst_registry_add_feature: emitting feature-added for clocksync
0:00:00.004684797  2753 0x55dd10d7a360 TRACE   GST_REFCOUNTING gstobject.c:208:gst_object_init: 0x55dd10da6a30 new
0:00:00.004694662  2753 0x55dd10d7a360 LOG   GST_ELEMENT_FACTORY gstelementfactory.c:237:gst_element_register: Created new elementfactory for type GstConcat
0:00:00.004702080  2753 0x55dd10d7a360 TRACE   structure gststructure.c:287:gst_structure_new_id_empty_with_size: created structure 0x55dd10da6e10
0:00:00.004711362  2753 0x55dd10d7a360 TRACE   GST_PERFORMANCE gststructure.c:508:gst_structure_copy: doing copy 0x55dd10d89130 -> 0x55dd10da6e10
0:00:00.004718264  2753 0x55dd10d7a360 DEBUG   GST_ELEMENT_PADS gstelement.c:311:gst_element_base_class_init: type GstConcat : factory 0x55dd10da6a30
0:00:00.004732734  2753 0x55dd10d7a360 TRACE   GST_CAPS gstcaps.c:263:gst_caps_new_empty: created caps 0x55dd10da6b60
0:00:00.004739580  2753 0x55dd10d7a360 TRACE   GST_CAPS gstcaps.c:442:gst_static_caps_get: created 0x7fa251373010 from string ANY
0:00:00.004745907  2753 0x55dd10d7a360 TRACE   GST_REFCOUNTING gstminiobject.c:465:gst_mini_object_ref: 0x55dd10da6b60 ref 1->2
0:00:00.004755061  2753 0x55dd10d7a360 TRACE   GST_REFCOUNTING gstobject.c:208:gst_object_init: 0x55dd10da6fc0 new
0:00:00.004763979  2753 0x55dd10d7a360 TRACE   GST_REFCOUNTING gstminiobject.c:465:gst_mini_object_ref: 0x55dd10da6b60 ref 2->3
0:00:00.004777340  2753 0x55dd10d7a360 TRACE   GST_REFCOUNTING gstminiobject.c:647:gst_mini_object_unref: 0x55dd10da6b60 unref 3->2
0:00:00.004785116  2753 0x55dd10d7a360 TRACE   GST_REFCOUNTING gstobject.c:292:gst_object_ref_sink: 0x55dd10da6fc0 ref_sink 1->2
0:00:00.004791994  2753 0x55dd10d7a360 TRACE   GST_CAPS gstcaps.c:263:gst_caps_new_empty: created caps 0x55dd10da6700
0:00:00.004798486  2753 0x55dd10d7a360 TRACE   GST_CAPS gstcaps.c:442:gst_static_caps_get: created 0x7fa251373050 from string ANY
0:00:00.004804822  2753 0x55dd10d7a360 TRACE   GST_REFCOUNTING gstminiobject.c:465:gst_mini_object_ref: 0x55dd10da6700 ref 1->2
0:00:00.004813653  2753 0x55dd10d7a360 TRACE   GST_REFCOUNTING gstobject.c:208:gst_object_init: 0x55dd10da7220 new
0:00:00.004822325  2753 0x55dd10d7a360 TRACE   GST_REFCOUNTING gstminiobject.c:465:gst_mini_object_ref: 0x55dd10da6700 ref 2->3
0:00:00.004830665  2753 0x55dd10d7a360 TRACE   GST_REFCOUNTING gstminiobject.c:647:gst_mini_object_unref: 0x55dd10da6700 unref 3->2
0:00:00.004838074  2753 0x55dd10d7a360 TRACE   GST_REFCOUNTING gstobject.c:292:gst_object_ref_sink: 0x55dd10da7220 ref_sink 1->2
0:00:00.004847218  2753 0x55dd10d7a360 TRACE   structure gststructure.c:287:gst_structure_new_id_empty_with_size: created structure 0x55dd10da7500
0:00:00.004854678  2753 0x55dd10d7a360 TRACE   GST_PERFORMANCE gststructure.c:508:gst_structure_copy: doing copy 0x55dd10da6e10 -> 0x55dd10da7500
0:00:00.004864056  2753 0x55dd10d7a360 DEBUG   GST_REGISTRY gstregistry.c:589:gst_registry_add_feature: adding feature 0x55dd10da6a30 (concat)
0:00:00.004870440  2753 0x55dd10d7a360 DEBUG   GST_REFCOUNTING gstobject.c:708:gst_object_set_parent: set parent (ref and sink)
0:00:00.004877865  2753 0x55dd10d7a360 TRACE   GST_REFCOUNTING gstobject.c:292:gst_object_ref_sink: 0x55dd10da6a30 ref_sink 1->2
0:00:00.004884764  2753 0x55dd10d7a360 LOG   GST_REGISTRY gstregistry.c:607:gst_registry_add_feature: emitting feature-added for concat
0:00:00.004919755  2753 0x55dd10d7a360 TRACE   GST_REFCOUNTING gstobject.c:208:gst_object_init: 0x55dd10da78a0 new
0:00:00.004932079  2753 0x55dd10d7a360 LOG   GST_ELEMENT_FACTORY gstelementfactory.c:237:gst_element_register: Created new elementfactory for type GstDataURISrc
0:00:00.004939741  2753 0x55dd10d7a360 TRACE   structure gststructure.c:287:gst_structure_new_id_empty_with_size: created structure 0x55dd10da7dc0
0:00:00.004949059  2753 0x55dd10d7a360 TRACE   GST_PERFORMANCE gststructure.c:508:gst_structure_copy: doing copy 0x55dd10d89130 -> 0x55dd10da7dc0
0:00:00.004955971  2753 0x55dd10d7a360 DEBUG   GST_ELEMENT_PADS gstelement.c:311:gst_element_base_class_init: type GstBaseSrc : factory (nil)
0:00:00.004989113  2753 0x55dd10d7a360 TRACE   structure gststructure.c:287:gst_structure_new_id_empty_with_size: created structure 0x55dd10d9e380
0:00:00.004995815  2753 0x55dd10d7a360 TRACE   GST_PERFORMANCE gststructure.c:508:gst_structure_copy: doing copy 0x55dd10da7dc0 -> 0x55dd10d9e380
0:00:00.005007100  2753 0x55dd10d7a360 DEBUG   GST_ELEMENT_PADS gstelement.c:311:gst_element_base_class_init: type GstDataURISrc : factory 0x55dd10da78a0
0:00:00.005017054  2753 0x55dd10d7a360 TRACE   GST_CAPS gstcaps.c:263:gst_caps_new_empty: created caps 0x55dd10da79d0
0:00:00.005023944  2753 0x55dd10d7a360 TRACE   GST_CAPS gstcaps.c:442:gst_static_caps_get: created 0x7fa251373090 from string ANY
0:00:00.005030464  2753 0x55dd10d7a360 TRACE   GST_REFCOUNTING gstminiobject.c:465:gst_mini_object_ref: 0x55dd10da79d0 ref 1->2
0:00:00.005039634  2753 0x55dd10d7a360 TRACE   GST_REFCOUNTING gstobject.c:208:gst_object_init: 0x55dd10da9100 new
0:00:00.005048785  2753 0x55dd10d7a360 TRACE   GST_REFCOUNTING gstminiobject.c:465:gst_mini_object_ref: 0x55dd10da79d0 ref 2->3
0:00:00.005057702  2753 0x55dd10d7a360 TRACE   GST_REFCOUNTING gstminiobject.c:647:gst_mini_object_unref: 0x55dd10da79d0 unref 3->2
0:00:00.005065147  2753 0x55dd10d7a360 TRACE   GST_REFCOUNTING gstobject.c:292:gst_object_ref_sink: 0x55dd10da9100 ref_sink 1->2
0:00:00.005080308  2753 0x55dd10d7a360 TRACE   structure gststructure.c:287:gst_structure_new_id_empty_with_size: created structure 0x55dd10da9440
0:00:00.005087970  2753 0x55dd10d7a360 TRACE   GST_PERFORMANCE gststructure.c:508:gst_structure_copy: doing copy 0x55dd10d9e380 -> 0x55dd10da9440
0:00:00.005099778  2753 0x55dd10d7a360 DEBUG   GST_REGISTRY gstregistry.c:589:gst_registry_add_feature: adding feature 0x55dd10da78a0 (dataurisrc)
0:00:00.005106561  2753 0x55dd10d7a360 DEBUG   GST_REFCOUNTING gstobject.c:708:gst_object_set_parent: set parent (ref and sink)
0:00:00.005113922  2753 0x55dd10d7a360 TRACE   GST_REFCOUNTING gstobject.c:292:gst_object_ref_sink: 0x55dd10da78a0 ref_sink 1->2
0:00:00.005120754  2753 0x55dd10d7a360 LOG   GST_REGISTRY gstregistry.c:607:gst_registry_add_feature: emitting feature-added for dataurisrc
0:00:00.005133522  2753 0x55dd10d7a360 TRACE   GST_REFCOUNTING gstobject.c:208:gst_object_init: 0x55dd10da9830 new
0:00:00.005143368  2753 0x55dd10d7a360 LOG   GST_ELEMENT_FACTORY gstelementfactory.c:237:gst_element_register: Created new elementfactory for type GstDownloadBuffer
0:00:00.005150862  2753 0x55dd10d7a360 TRACE   structure gststructure.c:287:gst_structure_new_id_empty_with_size: created structure 0x55dd10da9c10
0:00:00.005156960  2753 0x55dd10d7a360 TRACE   GST_PERFORMANCE gststructure.c:508:gst_structure_copy: doing copy 0x55dd10d89130 -> 0x55dd10da9c10
0:00:00.005163633  2753 0x55dd10d7a360 DEBUG   GST_ELEMENT_PADS gstelement.c:311:gst_element_base_class_init: type GstDownloadBuffer : factory 0x55dd10da9830
0:00:00.005190873  2753 0x55dd10d7a360 TRACE   GST_CAPS gstcaps.c:263:gst_caps_new_empty: created caps 0x55dd10da9960
0:00:00.005197729  2753 0x55dd10d7a360 TRACE   GST_CAPS gstcaps.c:442:gst_static_caps_get: created 0x7fa251373130 from string ANY
0:00:00.005204245  2753 0x55dd10d7a360 TRACE   GST_REFCOUNTING gstminiobject.c:465:gst_mini_object_ref: 0x55dd10da9960 ref 1->2
0:00:00.005217826  2753 0x55dd10d7a360 TRACE   GST_REFCOUNTING gstobject.c:208:gst_object_init: 0x55dd10daa0f0 new
0:00:00.005226865  2753 0x55dd10d7a360 TRACE   GST_REFCOUNTING gstminiobject.c:465:gst_mini_object_ref: 0x55dd10da9960 ref 2->3
0:00:00.005235805  2753 0x55dd10d7a360 TRACE   GST_REFCOUNTING gstminiobject.c:647:gst_mini_object_unref: 0x55dd10da9960 unref 3->2
0:00:00.005243218  2753 0x55dd10d7a360 TRACE   GST_REFCOUNTING gstobject.c:292:gst_object_ref_sink: 0x55dd10daa0f0 ref_sink 1->2
0:00:00.005250082  2753 0x55dd10d7a360 TRACE   GST_CAPS gstcaps.c:263:gst_caps_new_empty: created caps 0x55dd10daa260
0:00:00.005256626  2753 0x55dd10d7a360 TRACE   GST_CAPS gstcaps.c:442:gst_static_caps_get: created 0x7fa2513730f0 from string ANY
0:00:00.005262987  2753 0x55dd10d7a360 TRACE   GST_REFCOUNTING gstminiobject.c:465:gst_mini_object_ref: 0x55dd10daa260 ref 1->2
0:00:00.005271686  2753 0x55dd10d7a360 TRACE   GST_REFCOUNTING gstobject.c:208:gst_object_init: 0x55dd10daa2f0 new
0:00:00.005280393  2753 0x55dd10d7a360 TRACE   GST_REFCOUNTING gstminiobject.c:465:gst_mini_object_ref: 0x55dd10daa260 ref 2->3
0:00:00.005288785  2753 0x55dd10d7a360 TRACE   GST_REFCOUNTING gstminiobject.c:647:gst_mini_object_unref: 0x55dd10daa260 unref 3->2
0:00:00.005296187  2753 0x55dd10d7a360 TRACE   GST_REFCOUNTING gstobject.c:292:gst_object_ref_sink: 0x55dd10daa2f0 ref_sink 1->2
0:00:00.005306307  2753 0x55dd10d7a360 TRACE   structure gststructure.c:287:gst_structure_new_id_empty_with_size: created structure 0x55dd10daa5b0
0:00:00.005313685  2753 0x55dd10d7a360 TRACE   GST_PERFORMANCE gststructure.c:508:gst_structure_copy: doing copy 0x55dd10da9c10 -> 0x55dd10daa5b0
0:00:00.005322939  2753 0x55dd10d7a360 DEBUG   GST_REGISTRY gstregistry.c:589:gst_registry_add_feature: adding feature 0x55dd10da9830 (downloadbuffer)
0:00:00.005329445  2753 0x55dd10d7a360 DEBUG   GST_REFCOUNTING gstobject.c:708:gst_object_set_parent: set parent (ref and sink)
0:00:00.005336952  2753 0x55dd10d7a360 TRACE   GST_REFCOUNTING gstobject.c:292:gst_object_ref_sink: 0x55dd10da9830 ref_sink 1->2
0:00:00.005343780  2753 0x55dd10d7a360 LOG   GST_REGISTRY gstregistry.c:607:gst_registry_add_feature: emitting feature-added for downloadbuffer
0:00:00.005360011  2753 0x55dd10d7a360 TRACE   GST_REFCOUNTING gstobject.c:208:gst_object_init: 0x55dd10daa9d0 new
0:00:00.005369888  2753 0x55dd10d7a360 LOG   GST_ELEMENT_FACTORY gstelementfactory.c:237:gst_element_register: Created new elementfactory for type GstFakeSrc
0:00:00.005380326  2753 0x55dd10d7a360 TRACE   structure gststructure.c:287:gst_structure_new_id_empty_with_size: created structure 0x55dd10daaef0
0:00:00.005386532  2753 0x55dd10d7a360 TRACE   GST_PERFORMANCE gststructure.c:508:gst_structure_copy: doing copy 0x55dd10da7dc0 -> 0x55dd10daaef0
0:00:00.005393167  2753 0x55dd10d7a360 DEBUG   GST_ELEMENT_PADS gstelement.c:311:gst_element_base_class_init: type GstFakeSrc : factory 0x55dd10daa9d0
0:00:00.005449207  2753 0x55dd10d7a360 TRACE   GST_CAPS gstcaps.c:263:gst_caps_new_empty: created caps 0x55dd10daab00
0:00:00.005461114  2753 0x55dd10d7a360 TRACE   GST_CAPS gstcaps.c:442:gst_static_caps_get: created 0x7fa2513731b0 from string ANY
0:00:00.005470633  2753 0x55dd10d7a360 TRACE   GST_REFCOUNTING gstminiobject.c:465:gst_mini_object_ref: 0x55dd10daab00 ref 1->2
0:00:00.005479933  2753 0x55dd10d7a360 TRACE   GST_REFCOUNTING gstobject.c:208:gst_object_init: 0x55dd10dabe20 new
0:00:00.005489002  2753 0x55dd10d7a360 TRACE   GST_REFCOUNTING gstminiobject.c:465:gst_mini_object_ref: 0x55dd10daab00 ref 2->3
0:00:00.005497888  2753 0x55dd10d7a360 TRACE   GST_REFCOUNTING gstminiobject.c:647:gst_mini_object_unref: 0x55dd10daab00 unref 3->2
0:00:00.005505339  2753 0x55dd10d7a360 TRACE   GST_REFCOUNTING gstobject.c:292:gst_object_ref_sink: 0x55dd10dabe20 ref_sink 1->2
0:00:00.005515493  2753 0x55dd10d7a360 TRACE   structure gststructure.c:287:gst_structure_new_id_empty_with_size: created structure 0x55dd10dac250
0:00:00.005535622  2753 0x55dd10d7a360 TRACE   GST_PERFORMANCE gststructure.c:508:gst_structure_copy: doing copy 0x55dd10daaef0 -> 0x55dd10dac250
0:00:00.005551228  2753 0x55dd10d7a360 DEBUG   GST_REGISTRY gstregistry.c:589:gst_registry_add_feature: adding feature 0x55dd10daa9d0 (fakesrc)
0:00:00.005557598  2753 0x55dd10d7a360 DEBUG   GST_REFCOUNTING gstobject.c:708:gst_object_set_parent: set parent (ref and sink)
0:00:00.005564590  2753 0x55dd10d7a360 TRACE   GST_REFCOUNTING gstobject.c:292:gst_object_ref_sink: 0x55dd10daa9d0 ref_sink 1->2
0:00:00.005571105  2753 0x55dd10d7a360 LOG   GST_REGISTRY gstregistry.c:607:gst_registry_add_feature: emitting feature-added for fakesrc
0:00:00.005590788  2753 0x55dd10d7a360 TRACE   GST_REFCOUNTING gstobject.c:208:gst_object_init: 0x55dd10dac650 new
0:00:00.005600589  2753 0x55dd10d7a360 LOG   GST_ELEMENT_FACTORY gstelementfactory.c:237:gst_element_register: Created new elementfactory for type GstFakeSink
0:00:00.005607886  2753 0x55dd10d7a360 TRACE   structure gststructure.c:287:gst_structure_new_id_empty_with_size: created structure 0x55dd10dacb60
0:00:00.005613810  2753 0x55dd10d7a360 TRACE   GST_PERFORMANCE gststructure.c:508:gst_structure_copy: doing copy 0x55dd10d89130 -> 0x55dd10dacb60
0:00:00.005620365  2753 0x55dd10d7a360 DEBUG   GST_ELEMENT_PADS gstelement.c:311:gst_element_base_class_init: type GstBaseSink : factory (nil)
0:00:00.005665834  2753 0x55dd10d7a360 TRACE   structure gststructure.c:287:gst_structure_new_id_empty_with_size: created structure 0x55dd10dad890
0:00:00.005675030  2753 0x55dd10d7a360 TRACE   GST_PERFORMANCE gststructure.c:508:gst_structure_copy: doing copy 0x55dd10dacb60 -> 0x55dd10dad890
0:00:00.005684586  2753 0x55dd10d7a360 DEBUG   GST_ELEMENT_PADS gstelement.c:311:gst_element_base_class_init: type GstFakeSink : factory 0x55dd10dac650
0:00:00.005737224  2753 0x55dd10d7a360 TRACE   GST_CAPS gstcaps.c:263:gst_caps_new_empty: created caps 0x55dd10dac780
0:00:00.005745730  2753 0x55dd10d7a360 TRACE   GST_CAPS gstcaps.c:442:gst_static_caps_get: created 0x7fa251373170 from string ANY
0:00:00.005757558  2753 0x55dd10d7a360 TRACE   GST_REFCOUNTING gstminiobject.c:465:gst_mini_object_ref: 0x55dd10dac780 ref 1->2
0:00:00.005767575  2753 0x55dd10d7a360 TRACE   GST_REFCOUNTING gstobject.c:208:gst_object_init: 0x55dd10dae2d0 new
0:00:00.005776635  2753 0x55dd10d7a360 TRACE   GST_REFCOUNTING gstminiobject.c:465:gst_mini_object_ref: 0x55dd10dac780 ref 2->3
0:00:00.005785786  2753 0x55dd10d7a360 TRACE   GST_REFCOUNTING gstminiobject.c:647:gst_mini_object_unref: 0x55dd10dac780 unref 3->2
0:00:00.005793296  2753 0x55dd10d7a360 TRACE   GST_REFCOUNTING gstobject.c:292:gst_object_ref_sink: 0x55dd10dae2d0 ref_sink 1->2
0:00:00.005803040  2753 0x55dd10d7a360 TRACE   structure gststructure.c:287:gst_structure_new_id_empty_with_size: created structure 0x55dd10dae6d0
0:00:00.005810292  2753 0x55dd10d7a360 TRACE   GST_PERFORMANCE gststructure.c:508:gst_structure_copy: doing copy 0x55dd10dad890 -> 0x55dd10dae6d0
0:00:00.005819275  2753 0x55dd10d7a360 DEBUG   GST_REGISTRY gstregistry.c:589:gst_registry_add_feature: adding feature 0x55dd10dac650 (fakesink)
