0:00:00.021752676  2752 0x55b57b444360 TRACE   GST_REFCOUNTING gstobject.c:208:gst_object_init: 0x55b57b4764e0 new
0:00:00.016926588  2753 0x55dd10d7a360 DEBUG   GST_POLL gstpoll.c:979:gst_poll_fd_ctl_write: 0x55dd10d9e970: fd (fd:0, idx:1), active : 1
0:00:00.021767574  2752 0x55b57b444360 LOG   GST_REGISTRY gstregistrychunks.c:609:gst_registry_chunks_load_feature: Reading/casting for GstRegistryChunkElementFactory at address 0x55b57b46b960
0:00:00.016937287  2753 0x55dd10d7a360 LOG   GST_POLL gstpoll.c:994:gst_poll_fd_ctl_write: 0x55dd10d9e970: pfd->events now 60 (POLLOUT:4)
0:00:00.021777845  2752 0x55b57b444360 TRACE   structure gststructure.c:287:gst_structure_new_id_empty_with_size: created structure 0x55b57b4765d0
0:00:00.016951356  2753 0x55dd10d7a360 DEBUG   GST_POLL gstpoll.c:979:gst_poll_fd_ctl_write: 0x55dd10d9e970: fd (fd:0, idx:1), active : 1
0:00:00.021788469  2752 0x55b57b444360 DEBUG   structure gststructure.c:2203:gst_structure_parse_field: trying field name 'long-name'
0:00:00.021859101  2752 0x55b57b444360 DEBUG   default gstvalue.c:2676:_priv_gst_value_parse_value: trying type name 'string'
0:00:00.016962590  2753 0x55dd10d7a360 LOG   GST_POLL gstpoll.c:994:gst_poll_fd_ctl_write: 0x55dd10d9e970: pfd->events now 60 (POLLOUT:4)
0:00:00.021875359  2752 0x55b57b444360 DEBUG   structure gststructure.c:2203:gst_structure_parse_field: trying field name 'klass'
0:00:00.021892739  2752 0x55b57b444360 DEBUG   default gstvalue.c:2676:_priv_gst_value_parse_value: trying type name 'string'
0:00:00.017066508  2753 0x55dd10d7a360 DEBUG   GST_POLL gstpoll.c:979:gst_poll_fd_ctl_write: 0x55dd10d9e970: fd (fd:0, idx:1), active : 1
0:00:00.021911309  2752 0x55b57b444360 DEBUG   structure gststructure.c:2203:gst_structure_parse_field: trying field name 'description'
0:00:00.017085496  2753 0x55dd10d7a360 LOG   GST_POLL gstpoll.c:994:gst_poll_fd_ctl_write: 0x55dd10d9e970: pfd->events now 60 (POLLOUT:4)
0:00:00.021920628  2752 0x55b57b444360 DEBUG   default gstvalue.c:2676:_priv_gst_value_parse_value: trying type name 'string'
0:00:00.017098183  2753 0x55dd10d7a360 DEBUG   GST_POLL gstpoll.c:979:gst_poll_fd_ctl_write: 0x55dd10d9e970: fd (fd:0, idx:1), active : 1
0:00:00.021930985  2752 0x55b57b444360 DEBUG   structure gststructure.c:2203:gst_structure_parse_field: trying field name 'author'
0:00:00.017109759  2753 0x55dd10d7a360 LOG   GST_POLL gstpoll.c:994:gst_poll_fd_ctl_write: 0x55dd10d9e970: pfd->events now 60 (POLLOUT:4)
0:00:00.021943595  2752 0x55b57b444360 DEBUG   default gstvalue.c:2676:_priv_gst_value_parse_value: trying type name 'string'
0:00:00.017121886  2753 0x55dd10d7a360 DEBUG   GST_POLL gstpoll.c:979:gst_poll_fd_ctl_write: 0x55dd10d9e970: fd (fd:0, idx:1), active : 1
0:00:00.021957354  2752 0x55b57b444360 DEBUG   GST_REGISTRY gstregistrychunks.c:626:gst_registry_chunks_load_feature: Element factory : npadtemplates=1
0:00:00.017133294  2753 0x55dd10d7a360 LOG   GST_POLL gstpoll.c:994:gst_poll_fd_ctl_write: 0x55dd10d9e970: pfd->events now 60 (POLLOUT:4)
0:00:00.021967409  2752 0x55b57b444360 DEBUG   GST_REGISTRY gstregistrychunks.c:525:gst_registry_chunks_load_pad_template: Reading/casting for GstRegistryChunkPadTemplate at address 0x55b57b46ba60
0:00:00.017145058  2753 0x55dd10d7a360 DEBUG   GST_POLL gstpoll.c:979:gst_poll_fd_ctl_write: 0x55dd10d9e970: fd (fd:0, idx:1), active : 1
0:00:00.021978292  2752 0x55b57b444360 DEBUG   GST_REGISTRY gstregistrychunks.c:539:gst_registry_chunks_load_pad_template: Added pad_template src
0:00:00.017156783  2753 0x55dd10d7a360 LOG   GST_POLL gstpoll.c:994:gst_poll_fd_ctl_write: 0x55dd10d9e970: pfd->events now 60 (POLLOUT:4)
0:00:00.021993059  2752 0x55b57b444360 DEBUG   GST_REGISTRY gstregistry.c:589:gst_registry_add_feature: adding feature 0x55b57b4764e0 (fakesrc)
0:00:00.017168092  2753 0x55dd10d7a360 DEBUG   GST_POLL gstpoll.c:979:gst_poll_fd_ctl_write: 0x55dd10d9e970: fd (fd:0, idx:1), active : 1
0:00:00.022002519  2752 0x55b57b444360 DEBUG   GST_REFCOUNTING gstobject.c:708:gst_object_set_parent: set parent (ref and sink)
0:00:00.022014432  2752 0x55b57b444360 TRACE   GST_REFCOUNTING gstobject.c:292:gst_object_ref_sink: 0x55b57b4764e0 ref_sink 1->2
0:00:00.022025096  2752 0x55b57b444360 LOG   GST_REGISTRY gstregistry.c:607:gst_registry_add_feature: emitting feature-added for fakesrc
0:00:00.022035060  2752 0x55b57b444360 DEBUG   GST_REGISTRY gstregistrychunks.c:740:gst_registry_chunks_load_feature: Added feature fakesrc, plugin 0x55b57b46c250 coreelements
0:00:00.022042991  2752 0x55b57b444360 DEBUG   GST_REGISTRY gstregistrychunks.c:582:gst_registry_chunks_load_feature: Plugin 'coreelements' feature 'downloadbuffer' typename : 'GstElementFactory'
0:00:00.022062338  2752 0x55b57b444360 TRACE   GST_REFCOUNTING gstobject.c:208:gst_object_init: 0x55b57b476a20 new
0:00:00.017216782  2753 0x55dd10d7a360 LOG   GST_POLL gstpoll.c:994:gst_poll_fd_ctl_write: 0x55dd10d9e970: pfd->events now 60 (POLLOUT:4)
0:00:00.022075316  2752 0x55b57b444360 LOG   GST_REGISTRY gstregistrychunks.c:609:gst_registry_chunks_load_feature: Reading/casting for GstRegistryChunkElementFactory at address 0x55b57b46ba98
0:00:00.022090851  2752 0x55b57b444360 TRACE   structure gststructure.c:287:gst_structure_new_id_empty_with_size: created structure 0x55b57b476d20
0:00:00.017263076  2753 0x55dd10d7a360 DEBUG   GST_POLL gstpoll.c:979:gst_poll_fd_ctl_write: 0x55dd10d9e970: fd (fd:0, idx:1), active : 1
0:00:00.022099048  2752 0x55b57b444360 DEBUG   structure gststructure.c:2203:gst_structure_parse_field: trying field name 'long-name'
0:00:00.022110381  2752 0x55b57b444360 DEBUG   default gstvalue.c:2676:_priv_gst_value_parse_value: trying type name 'string'
0:00:00.017279280  2753 0x55dd10d7a360 LOG   GST_POLL gstpoll.c:994:gst_poll_fd_ctl_write: 0x55dd10d9e970: pfd->events now 60 (POLLOUT:4)
0:00:00.022119991  2752 0x55b57b444360 DEBUG   structure gststructure.c:2203:gst_structure_parse_field: trying field name 'klass'
0:00:00.022128761  2752 0x55b57b444360 DEBUG   default gstvalue.c:2676:_priv_gst_value_parse_value: trying type name 'string'
0:00:00.017295775  2753 0x55dd10d7a360 DEBUG   GST_POLL gstpoll.c:979:gst_poll_fd_ctl_write: 0x55dd10d9e970: fd (fd:0, idx:1), active : 1
0:00:00.022139060  2752 0x55b57b444360 DEBUG   structure gststructure.c:2203:gst_structure_parse_field: trying field name 'description'
0:00:00.017312731  2753 0x55dd10d7a360 LOG   GST_POLL gstpoll.c:994:gst_poll_fd_ctl_write: 0x55dd10d9e970: pfd->events now 60 (POLLOUT:4)
0:00:00.022148524  2752 0x55b57b444360 DEBUG   default gstvalue.c:2676:_priv_gst_value_parse_value: trying type name 'string'
0:00:00.022161478  2752 0x55b57b444360 DEBUG   structure gststructure.c:2203:gst_structure_parse_field: trying field name 'author'
0:00:00.017329661  2753 0x55dd10d7a360 DEBUG   GST_POLL gstpoll.c:979:gst_poll_fd_ctl_write: 0x55dd10d9e970: fd (fd:0, idx:1), active : 1
0:00:00.022170504  2752 0x55b57b444360 DEBUG   default gstvalue.c:2676:_priv_gst_value_parse_value: trying type name 'string'
0:00:00.017345628  2753 0x55dd10d7a360 LOG   GST_POLL gstpoll.c:994:gst_poll_fd_ctl_write: 0x55dd10d9e970: pfd->events now 60 (POLLOUT:4)
0:00:00.022182619  2752 0x55b57b444360 DEBUG   GST_REGISTRY gstregistrychunks.c:626:gst_registry_chunks_load_feature: Element factory : npadtemplates=2
0:00:00.017361486  2753 0x55dd10d7a360 DEBUG   GST_POLL gstpoll.c:979:gst_poll_fd_ctl_write: 0x55dd10d9e970: fd (fd:0, idx:1), active : 1
0:00:00.022198426  2752 0x55b57b444360 DEBUG   GST_REGISTRY gstregistrychunks.c:525:gst_registry_chunks_load_pad_template: Reading/casting for GstRegistryChunkPadTemplate at address 0x55b57b46bb60
0:00:00.022208645  2752 0x55b57b444360 DEBUG   GST_REGISTRY gstregistrychunks.c:539:gst_registry_chunks_load_pad_template: Added pad_template sink
0:00:00.017376015  2753 0x55dd10d7a360 LOG   GST_POLL gstpoll.c:994:gst_poll_fd_ctl_write: 0x55dd10d9e970: pfd->events now 60 (POLLOUT:4)
0:00:00.022222372  2752 0x55b57b444360 DEBUG   GST_REGISTRY gstregistrychunks.c:525:gst_registry_chunks_load_pad_template: Reading/casting for GstRegistryChunkPadTemplate at address 0x55b57b46bb78
0:00:00.017399338  2753 0x55dd10d7a360 DEBUG   GST_POLL gstpoll.c:979:gst_poll_fd_ctl_write: 0x55dd10d9e970: fd (fd:0, idx:1), active : 1
0:00:00.022234176  2752 0x55b57b444360 DEBUG   GST_REGISTRY gstregistrychunks.c:539:gst_registry_chunks_load_pad_template: Added pad_template src
0:00:00.017411221  2753 0x55dd10d7a360 LOG   GST_POLL gstpoll.c:994:gst_poll_fd_ctl_write: 0x55dd10d9e970: pfd->events now 60 (POLLOUT:4)
0:00:00.022248109  2752 0x55b57b444360 DEBUG   GST_REGISTRY gstregistry.c:589:gst_registry_add_feature: adding feature 0x55b57b476a20 (downloadbuffer)
0:00:00.017423128  2753 0x55dd10d7a360 DEBUG   GST_POLL gstpoll.c:979:gst_poll_fd_ctl_write: 0x55dd10d9e970: fd (fd:0, idx:1), active : 1
0:00:00.022258091  2752 0x55b57b444360 DEBUG   GST_REFCOUNTING gstobject.c:708:gst_object_set_parent: set parent (ref and sink)
0:00:00.017434743  2753 0x55dd10d7a360 LOG   GST_POLL gstpoll.c:994:gst_poll_fd_ctl_write: 0x55dd10d9e970: pfd->events now 60 (POLLOUT:4)
0:00:00.022267300  2752 0x55b57b444360 TRACE   GST_REFCOUNTING gstobject.c:292:gst_object_ref_sink: 0x55b57b476a20 ref_sink 1->2
0:00:00.022278889  2752 0x55b57b444360 LOG   GST_REGISTRY gstregistry.c:607:gst_registry_add_feature: emitting feature-added for downloadbuffer
0:00:00.017447471  2753 0x55dd10d7a360 DEBUG   GST_POLL gstpoll.c:979:gst_poll_fd_ctl_write: 0x55dd10d9e970: fd (fd:0, idx:1), active : 1
0:00:00.022286170  2752 0x55b57b444360 DEBUG   GST_REGISTRY gstregistrychunks.c:740:gst_registry_chunks_load_feature: Added feature downloadbuffer, plugin 0x55b57b46c250 coreelements
0:00:00.017459733  2753 0x55dd10d7a360 LOG   GST_POLL gstpoll.c:994:gst_poll_fd_ctl_write: 0x55dd10d9e970: pfd->events now 60 (POLLOUT:4)
0:00:00.022293384  2752 0x55b57b444360 DEBUG   GST_REGISTRY gstregistrychunks.c:582:gst_registry_chunks_load_feature: Plugin 'coreelements' feature 'dataurisrc' typename : 'GstElementFactory'
0:00:00.017472262  2753 0x55dd10d7a360 DEBUG   GST_POLL gstpoll.c:979:gst_poll_fd_ctl_write: 0x55dd10d9e970: fd (fd:0, idx:1), active : 1
0:00:00.022306537  2752 0x55b57b444360 TRACE   GST_REFCOUNTING gstobject.c:208:gst_object_init: 0x55b57b477200 new
0:00:00.017483689  2753 0x55dd10d7a360 LOG   GST_POLL gstpoll.c:994:gst_poll_fd_ctl_write: 0x55dd10d9e970: pfd->events now 60 (POLLOUT:4)
0:00:00.022317986  2752 0x55b57b444360 LOG   GST_REGISTRY gstregistrychunks.c:609:gst_registry_chunks_load_feature: Reading/casting for GstRegistryChunkElementFactory at address 0x55b57b46bba8
0:00:00.022327626  2752 0x55b57b444360 TRACE   structure gststructure.c:287:gst_structure_new_id_empty_with_size: created structure 0x55b57b477510
0:00:00.017495887  2753 0x55dd10d7a360 DEBUG   GST_POLL gstpoll.c:979:gst_poll_fd_ctl_write: 0x55dd10d9e970: fd (fd:0, idx:1), active : 1
0:00:00.022333891  2752 0x55b57b444360 DEBUG   structure gststructure.c:2203:gst_structure_parse_field: trying field name 'long-name'
0:00:00.022352779  2752 0x55b57b444360 DEBUG   default gstvalue.c:2676:_priv_gst_value_parse_value: trying type name 'string'
0:00:00.017521293  2753 0x55dd10d7a360 LOG   GST_POLL gstpoll.c:994:gst_poll_fd_ctl_write: 0x55dd10d9e970: pfd->events now 60 (POLLOUT:4)
0:00:00.022360341  2752 0x55b57b444360 DEBUG   structure gststructure.c:2203:gst_structure_parse_field: trying field name 'klass'
0:00:00.022366733  2752 0x55b57b444360 DEBUG   default gstvalue.c:2676:_priv_gst_value_parse_value: trying type name 'string'
0:00:00.017535278  2753 0x55dd10d7a360 DEBUG   GST_POLL gstpoll.c:979:gst_poll_fd_ctl_write: 0x55dd10d9e970: fd (fd:0, idx:1), active : 1
0:00:00.022376259  2752 0x55b57b444360 DEBUG   structure gststructure.c:2203:gst_structure_parse_field: trying field name 'description'
0:00:00.017549174  2753 0x55dd10d7a360 LOG   GST_POLL gstpoll.c:994:gst_poll_fd_ctl_write: 0x55dd10d9e970: pfd->events now 60 (POLLOUT:4)
0:00:00.022385238  2752 0x55b57b444360 DEBUG   default gstvalue.c:2676:_priv_gst_value_parse_value: trying type name 'string'
0:00:00.017561573  2753 0x55dd10d7a360 DEBUG   GST_POLL gstpoll.c:979:gst_poll_fd_ctl_write: 0x55dd10d9e970: fd (fd:0, idx:1), active : 1
0:00:00.022397603  2752 0x55b57b444360 DEBUG   structure gststructure.c:2203:gst_structure_parse_field: trying field name 'author'
0:00:00.017573800  2753 0x55dd10d7a360 LOG   GST_POLL gstpoll.c:994:gst_poll_fd_ctl_write: 0x55dd10d9e970: pfd->events now 60 (POLLOUT:4)
0:00:00.022406405  2752 0x55b57b444360 DEBUG   default gstvalue.c:2676:_priv_gst_value_parse_value: trying type name 'string'
0:00:00.017586950  2753 0x55dd10d7a360 DEBUG   GST_POLL gstpoll.c:979:gst_poll_fd_ctl_write: 0x55dd10d9e970: fd (fd:0, idx:1), active : 1
0:00:00.022422468  2752 0x55b57b444360 DEBUG   GST_REGISTRY gstregistrychunks.c:626:gst_registry_chunks_load_feature: Element factory : npadtemplates=1
0:00:00.017599964  2753 0x55dd10d7a360 LOG   GST_POLL gstpoll.c:994:gst_poll_fd_ctl_write: 0x55dd10d9e970: pfd->events now 60 (POLLOUT:4)
0:00:00.022433059  2752 0x55b57b444360 DEBUG   GST_REGISTRY gstregistrychunks.c:525:gst_registry_chunks_load_pad_template: Reading/casting for GstRegistryChunkPadTemplate at address 0x55b57b46bcc0
0:00:00.022446927  2752 0x55b57b444360 DEBUG   GST_REGISTRY gstregistrychunks.c:539:gst_registry_chunks_load_pad_template: Added pad_template src
0:00:00.017614049  2753 0x55dd10d7a360 DEBUG   GST_POLL gstpoll.c:979:gst_poll_fd_ctl_write: 0x55dd10d9e970: fd (fd:0, idx:1), active : 1
0:00:00.022456536  2752 0x55b57b444360 DEBUG   GST_REGISTRY gstregistrychunks.c:639:gst_registry_chunks_load_feature: Reading 1 UriTypes at address 0x55b57b46bcd0
0:00:00.017630001  2753 0x55dd10d7a360 LOG   GST_POLL gstpoll.c:994:gst_poll_fd_ctl_write: 0x55dd10d9e970: pfd->events now 60 (POLLOUT:4)
0:00:00.022467498  2752 0x55b57b444360 DEBUG   GST_REGISTRY gstregistrychunks.c:654:gst_registry_chunks_load_feature: Reading 1 Interfaces at address 0x55b57b46bcd9
0:00:00.017643583  2753 0x55dd10d7a360 LOG   GST_PLUGIN_LOADING gstpluginloader.c:645:put_chunk: Expanding tx buf from 13209 to 17023 for chunk of size 229
0:00:00.022482028  2752 0x55b57b444360 DEBUG   GST_REGISTRY gstregistry.c:589:gst_registry_add_feature: adding feature 0x55b57b477200 (dataurisrc)
0:00:00.022500515  2752 0x55b57b444360 DEBUG   GST_REFCOUNTING gstobject.c:708:gst_object_set_parent: set parent (ref and sink)
0:00:00.017673783  2753 0x55dd10d7a360 DEBUG   GST_POLL gstpoll.c:979:gst_poll_fd_ctl_write: 0x55dd10d9e970: fd (fd:0, idx:1), active : 1
0:00:00.022514276  2752 0x55b57b444360 TRACE   GST_REFCOUNTING gstobject.c:292:gst_object_ref_sink: 0x55b57b477200 ref_sink 1->2
0:00:00.017685651  2753 0x55dd10d7a360 LOG   GST_POLL gstpoll.c:994:gst_poll_fd_ctl_write: 0x55dd10d9e970: pfd->events now 60 (POLLOUT:4)
0:00:00.022524929  2752 0x55b57b444360 LOG   GST_REGISTRY gstregistry.c:607:gst_registry_add_feature: emitting feature-added for dataurisrc
0:00:00.017699215  2753 0x55dd10d7a360 DEBUG   GST_POLL gstpoll.c:979:gst_poll_fd_ctl_write: 0x55dd10d9e970: fd (fd:0, idx:1), active : 1
0:00:00.022535123  2752 0x55b57b444360 DEBUG   GST_REGISTRY gstregistrychunks.c:740:gst_registry_chunks_load_feature: Added feature dataurisrc, plugin 0x55b57b46c250 coreelements
0:00:00.017710761  2753 0x55dd10d7a360 LOG   GST_POLL gstpoll.c:994:gst_poll_fd_ctl_write: 0x55dd10d9e970: pfd->events now 60 (POLLOUT:4)
0:00:00.022543304  2752 0x55b57b444360 DEBUG   GST_REGISTRY gstregistrychunks.c:582:gst_registry_chunks_load_feature: Plugin 'coreelements' feature 'concat' typename : 'GstElementFactory'
0:00:00.017723656  2753 0x55dd10d7a360 DEBUG   GST_POLL gstpoll.c:979:gst_poll_fd_ctl_write: 0x55dd10d9e970: fd (fd:0, idx:1), active : 1
0:00:00.022557773  2752 0x55b57b444360 TRACE   GST_REFCOUNTING gstobject.c:208:gst_object_init: 0x55b57b477c50 new
0:00:00.017736361  2753 0x55dd10d7a360 LOG   GST_POLL gstpoll.c:994:gst_poll_fd_ctl_write: 0x55dd10d9e970: pfd->events now 60 (POLLOUT:4)
0:00:00.022572785  2752 0x55b57b444360 LOG   GST_REGISTRY gstregistrychunks.c:609:gst_registry_chunks_load_feature: Reading/casting for GstRegistryChunkElementFactory at address 0x55b57b46bd00
0:00:00.017748924  2753 0x55dd10d7a360 DEBUG   GST_POLL gstpoll.c:979:gst_poll_fd_ctl_write: 0x55dd10d9e970: fd (fd:0, idx:1), active : 1
0:00:00.022586116  2752 0x55b57b444360 TRACE   structure gststructure.c:287:gst_structure_new_id_empty_with_size: created structure 0x55b57b477e80
0:00:00.017759952  2753 0x55dd10d7a360 LOG   GST_POLL gstpoll.c:994:gst_poll_fd_ctl_write: 0x55dd10d9e970: pfd->events now 60 (POLLOUT:4)
0:00:00.022598370  2752 0x55b57b444360 DEBUG   structure gststructure.c:2203:gst_structure_parse_field: trying field name 'long-name'
0:00:00.017773385  2753 0x55dd10d7a360 DEBUG   GST_POLL gstpoll.c:979:gst_poll_fd_ctl_write: 0x55dd10d9e970: fd (fd:0, idx:1), active : 1
0:00:00.022607231  2752 0x55b57b444360 DEBUG   default gstvalue.c:2676:_priv_gst_value_parse_value: trying type name 'string'
0:00:00.017787137  2753 0x55dd10d7a360 LOG   GST_POLL gstpoll.c:994:gst_poll_fd_ctl_write: 0x55dd10d9e970: pfd->events now 60 (POLLOUT:4)
0:00:00.022621547  2752 0x55b57b444360 DEBUG   structure gststructure.c:2203:gst_structure_parse_field: trying field name 'klass'
0:00:00.022638820  2752 0x55b57b444360 DEBUG   default gstvalue.c:2676:_priv_gst_value_parse_value: trying type name 'string'
0:00:00.017807243  2753 0x55dd10d7a360 DEBUG   GST_POLL gstpoll.c:979:gst_poll_fd_ctl_write: 0x55dd10d9e970: fd (fd:0, idx:1), active : 1
0:00:00.022647346  2752 0x55b57b444360 DEBUG   structure gststructure.c:2203:gst_structure_parse_field: trying field name 'description'
0:00:00.017820729  2753 0x55dd10d7a360 LOG   GST_POLL gstpoll.c:994:gst_poll_fd_ctl_write: 0x55dd10d9e970: pfd->events now 60 (POLLOUT:4)
0:00:00.022656421  2752 0x55b57b444360 DEBUG   default gstvalue.c:2676:_priv_gst_value_parse_value: trying type name 'string'
0:00:00.017832835  2753 0x55dd10d7a360 DEBUG   GST_POLL gstpoll.c:979:gst_poll_fd_ctl_write: 0x55dd10d9e970: fd (fd:0, idx:1), active : 1
0:00:00.022671601  2752 0x55b57b444360 DEBUG   structure gststructure.c:2203:gst_structure_parse_field: trying field name 'author'
0:00:00.017844500  2753 0x55dd10d7a360 LOG   GST_POLL gstpoll.c:994:gst_poll_fd_ctl_write: 0x55dd10d9e970: pfd->events now 60 (POLLOUT:4)
0:00:00.022680220  2752 0x55b57b444360 DEBUG   default gstvalue.c:2676:_priv_gst_value_parse_value: trying type name 'string'
0:00:00.022691179  2752 0x55b57b444360 DEBUG   GST_REGISTRY gstregistrychunks.c:626:gst_registry_chunks_load_feature: Element factory : npadtemplates=2
0:00:00.017857566  2753 0x55dd10d7a360 DEBUG   GST_POLL gstpoll.c:979:gst_poll_fd_ctl_write: 0x55dd10d9e970: fd (fd:0, idx:1), active : 1
0:00:00.022699022  2752 0x55b57b444360 DEBUG   GST_REGISTRY gstregistrychunks.c:525:gst_registry_chunks_load_pad_template: Reading/casting for GstRegistryChunkPadTemplate at address 0x55b57b46bdd8
0:00:00.022707854  2752 0x55b57b444360 DEBUG   GST_REGISTRY gstregistrychunks.c:539:gst_registry_chunks_load_pad_template: Added pad_template src
0:00:00.017874974  2753 0x55dd10d7a360 LOG   GST_POLL gstpoll.c:994:gst_poll_fd_ctl_write: 0x55dd10d9e970: pfd->events now 60 (POLLOUT:4)
0:00:00.022716330  2752 0x55b57b444360 DEBUG   GST_REGISTRY gstregistrychunks.c:525:gst_registry_chunks_load_pad_template: Reading/casting for GstRegistryChunkPadTemplate at address 0x55b57b46bde8
0:00:00.017891652  2753 0x55dd10d7a360 DEBUG   GST_POLL gstpoll.c:979:gst_poll_fd_ctl_write: 0x55dd10d9e970: fd (fd:0, idx:1), active : 1
0:00:00.022727637  2752 0x55b57b444360 DEBUG   GST_REGISTRY gstregistrychunks.c:539:gst_registry_chunks_load_pad_template: Added pad_template sink_%u
0:00:00.017921774  2753 0x55dd10d7a360 LOG   GST_POLL gstpoll.c:994:gst_poll_fd_ctl_write: 0x55dd10d9e970: pfd->events now 60 (POLLOUT:4)
0:00:00.022755368  2752 0x55b57b444360 DEBUG   GST_REGISTRY gstregistry.c:589:gst_registry_add_feature: adding feature 0x55b57b477c50 (concat)
0:00:00.017937254  2753 0x55dd10d7a360 DEBUG   GST_POLL gstpoll.c:979:gst_poll_fd_ctl_write: 0x55dd10d9e970: fd (fd:0, idx:1), active : 1
0:00:00.022770749  2752 0x55b57b444360 DEBUG   GST_REFCOUNTING gstobject.c:708:gst_object_set_parent: set parent (ref and sink)
0:00:00.017959690  2753 0x55dd10d7a360 LOG   GST_POLL gstpoll.c:994:gst_poll_fd_ctl_write: 0x55dd10d9e970: pfd->events now 60 (POLLOUT:4)
0:00:00.022803081  2752 0x55b57b444360 TRACE   GST_REFCOUNTING gstobject.c:292:gst_object_ref_sink: 0x55b57b477c50 ref_sink 1->2
0:00:00.017976391  2753 0x55dd10d7a360 DEBUG   GST_POLL gstpoll.c:979:gst_poll_fd_ctl_write: 0x55dd10d9e970: fd (fd:0, idx:1), active : 1
0:00:00.022815070  2752 0x55b57b444360 LOG   GST_REGISTRY gstregistry.c:607:gst_registry_add_feature: emitting feature-added for concat
0:00:00.017989502  2753 0x55dd10d7a360 LOG   GST_POLL gstpoll.c:994:gst_poll_fd_ctl_write: 0x55dd10d9e970: pfd->events now 60 (POLLOUT:4)
0:00:00.022833931  2752 0x55b57b444360 DEBUG   GST_REGISTRY gstregistrychunks.c:740:gst_registry_chunks_load_feature: Added feature concat, plugin 0x55b57b46c250 coreelements
0:00:00.018006697  2753 0x55dd10d7a360 DEBUG   GST_POLL gstpoll.c:979:gst_poll_fd_ctl_write: 0x55dd10d9e970: fd (fd:0, idx:1), active : 1
0:00:00.022844424  2752 0x55b57b444360 DEBUG   GST_REGISTRY gstregistrychunks.c:582:gst_registry_chunks_load_feature: Plugin 'coreelements' feature 'clocksync' typename : 'GstElementFactory'
0:00:00.018021827  2753 0x55dd10d7a360 LOG   GST_POLL gstpoll.c:994:gst_poll_fd_ctl_write: 0x55dd10d9e970: pfd->events now 60 (POLLOUT:4)
0:00:00.022859714  2752 0x55b57b444360 TRACE   GST_REFCOUNTING gstobject.c:208:gst_object_init: 0x55b57b477b00 new
0:00:00.018034328  2753 0x55dd10d7a360 DEBUG   GST_POLL gstpoll.c:979:gst_poll_fd_ctl_write: 0x55dd10d9e970: fd (fd:0, idx:1), active : 1
0:00:00.022873703  2752 0x55b57b444360 LOG   GST_REGISTRY gstregistrychunks.c:609:gst_registry_chunks_load_feature: Reading/casting for GstRegistryChunkElementFactory at address 0x55b57b46be18
0:00:00.018046448  2753 0x55dd10d7a360 LOG   GST_POLL gstpoll.c:994:gst_poll_fd_ctl_write: 0x55dd10d9e970: pfd->events now 60 (POLLOUT:4)
0:00:00.022884109  2752 0x55b57b444360 TRACE   structure gststructure.c:287:gst_structure_new_id_empty_with_size: created structure 0x55b57b478450
0:00:00.018060224  2753 0x55dd10d7a360 DEBUG   GST_POLL gstpoll.c:979:gst_poll_fd_ctl_write: 0x55dd10d9e970: fd (fd:0, idx:1), active : 1
0:00:00.022893385  2752 0x55b57b444360 DEBUG   structure gststructure.c:2203:gst_structure_parse_field: trying field name 'long-name'
0:00:00.018072576  2753 0x55dd10d7a360 LOG   GST_POLL gstpoll.c:994:gst_poll_fd_ctl_write: 0x55dd10d9e970: pfd->events now 60 (POLLOUT:4)
0:00:00.022905874  2752 0x55b57b444360 DEBUG   default gstvalue.c:2676:_priv_gst_value_parse_value: trying type name 'string'
0:00:00.018084921  2753 0x55dd10d7a360 DEBUG   GST_POLL gstpoll.c:979:gst_poll_fd_ctl_write: 0x55dd10d9e970: fd (fd:0, idx:1), active : 1
0:00:00.022919408  2752 0x55b57b444360 DEBUG   structure gststructure.c:2203:gst_structure_parse_field: trying field name 'klass'
0:00:00.018097106  2753 0x55dd10d7a360 LOG   GST_POLL gstpoll.c:994:gst_poll_fd_ctl_write: 0x55dd10d9e970: pfd->events now 60 (POLLOUT:4)
0:00:00.022930376  2752 0x55b57b444360 DEBUG   default gstvalue.c:2676:_priv_gst_value_parse_value: trying type name 'string'
0:00:00.018109587  2753 0x55dd10d7a360 DEBUG   GST_POLL gstpoll.c:979:gst_poll_fd_ctl_write: 0x55dd10d9e970: fd (fd:0, idx:1), active : 1
0:00:00.022950738  2752 0x55b57b444360 DEBUG   structure gststructure.c:2203:gst_structure_parse_field: trying field name 'description'
0:00:00.018124354  2753 0x55dd10d7a360 LOG   GST_POLL gstpoll.c:994:gst_poll_fd_ctl_write: 0x55dd10d9e970: pfd->events now 60 (POLLOUT:4)
0:00:00.022959941  2752 0x55b57b444360 DEBUG   default gstvalue.c:2676:_priv_gst_value_parse_value: trying type name 'string'
0:00:00.018137379  2753 0x55dd10d7a360 DEBUG   GST_POLL gstpoll.c:979:gst_poll_fd_ctl_write: 0x55dd10d9e970: fd (fd:0, idx:1), active : 1
0:00:00.022971375  2752 0x55b57b444360 DEBUG   structure gststructure.c:2203:gst_structure_parse_field: trying field name 'author'
0:00:00.018149253  2753 0x55dd10d7a360 LOG   GST_POLL gstpoll.c:994:gst_poll_fd_ctl_write: 0x55dd10d9e970: pfd->events now 60 (POLLOUT:4)
0:00:00.022982332  2752 0x55b57b444360 DEBUG   default gstvalue.c:2676:_priv_gst_value_parse_value: trying type name 'string'
0:00:00.022996636  2752 0x55b57b444360 DEBUG   GST_REGISTRY gstregistrychunks.c:626:gst_registry_chunks_load_feature: Element factory : npadtemplates=2
0:00:00.018164046  2753 0x55dd10d7a360 DEBUG   GST_POLL gstpoll.c:979:gst_poll_fd_ctl_write: 0x55dd10d9e970: fd (fd:0, idx:1), active : 1
0:00:00.023004800  2752 0x55b57b444360 DEBUG   GST_REGISTRY gstregistrychunks.c:525:gst_registry_chunks_load_pad_template: Reading/casting for GstRegistryChunkPadTemplate at address 0x55b57b46bee8
0:00:00.018179821  2753 0x55dd10d7a360 LOG   GST_POLL gstpoll.c:994:gst_poll_fd_ctl_write: 0x55dd10d9e970: pfd->events now 60 (POLLOUT:4)
0:00:00.023014186  2752 0x55b57b444360 DEBUG   GST_REGISTRY gstregistrychunks.c:539:gst_registry_chunks_load_pad_template: Added pad_template sink
0:00:00.023034154  2752 0x55b57b444360 DEBUG   GST_REGISTRY gstregistrychunks.c:525:gst_registry_chunks_load_pad_template: Reading/casting for GstRegistryChunkPadTemplate at address 0x55b57b46bf00
0:00:00.018201744  2753 0x55dd10d7a360 DEBUG   GST_POLL gstpoll.c:979:gst_poll_fd_ctl_write: 0x55dd10d9e970: fd (fd:0, idx:1), active : 1
0:00:00.023043566  2752 0x55b57b444360 DEBUG   GST_REGISTRY gstregistrychunks.c:539:gst_registry_chunks_load_pad_template: Added pad_template src
0:00:00.018218016  2753 0x55dd10d7a360 LOG   GST_POLL gstpoll.c:994:gst_poll_fd_ctl_write: 0x55dd10d9e970: pfd->events now 60 (POLLOUT:4)
0:00:00.023055982  2752 0x55b57b444360 DEBUG   GST_REGISTRY gstregistry.c:589:gst_registry_add_feature: adding feature 0x55b57b477b00 (clocksync)
0:00:00.018235601  2753 0x55dd10d7a360 DEBUG   GST_POLL gstpoll.c:979:gst_poll_fd_ctl_write: 0x55dd10d9e970: fd (fd:0, idx:1), active : 1
0:00:00.023066652  2752 0x55b57b444360 DEBUG   GST_REFCOUNTING gstobject.c:708:gst_object_set_parent: set parent (ref and sink)
0:00:00.018249073  2753 0x55dd10d7a360 LOG   GST_POLL gstpoll.c:994:gst_poll_fd_ctl_write: 0x55dd10d9e970: pfd->events now 60 (POLLOUT:4)
0:00:00.023083213  2752 0x55b57b444360 TRACE   GST_REFCOUNTING gstobject.c:292:gst_object_ref_sink: 0x55b57b477b00 ref_sink 1->2
0:00:00.018262536  2753 0x55dd10d7a360 DEBUG   GST_POLL gstpoll.c:979:gst_poll_fd_ctl_write: 0x55dd10d9e970: fd (fd:0, idx:1), active : 1
0:00:00.023105569  2752 0x55b57b444360 LOG   GST_REGISTRY gstregistry.c:607:gst_registry_add_feature: emitting feature-added for clocksync
0:00:00.018279667  2753 0x55dd10d7a360 LOG   GST_POLL gstpoll.c:994:gst_poll_fd_ctl_write: 0x55dd10d9e970: pfd->events now 60 (POLLOUT:4)
0:00:00.023116253  2752 0x55b57b444360 DEBUG   GST_REGISTRY gstregistrychunks.c:740:gst_registry_chunks_load_feature: Added feature clocksync, plugin 0x55b57b46c250 coreelements
0:00:00.018294875  2753 0x55dd10d7a360 DEBUG   GST_POLL gstpoll.c:979:gst_poll_fd_ctl_write: 0x55dd10d9e970: fd (fd:0, idx:1), active : 1
0:00:00.023127779  2752 0x55b57b444360 DEBUG   GST_REGISTRY gstregistrychunks.c:582:gst_registry_chunks_load_feature: Plugin 'coreelements' feature 'capsfilter' typename : 'GstElementFactory'
0:00:00.018306936  2753 0x55dd10d7a360 LOG   GST_POLL gstpoll.c:994:gst_poll_fd_ctl_write: 0x55dd10d9e970: pfd->events now 60 (POLLOUT:4)
0:00:00.023144310  2752 0x55b57b444360 TRACE   GST_REFCOUNTING gstobject.c:208:gst_object_init: 0x55b57b4789b0 new
0:00:00.018319546  2753 0x55dd10d7a360 DEBUG   GST_POLL gstpoll.c:979:gst_poll_fd_ctl_write: 0x55dd10d9e970: fd (fd:0, idx:1), active : 1
0:00:00.023157422  2752 0x55b57b444360 LOG   GST_REGISTRY gstregistrychunks.c:609:gst_registry_chunks_load_feature: Reading/casting for GstRegistryChunkElementFactory at address 0x55b57b46bf30
0:00:00.018330681  2753 0x55dd10d7a360 LOG   GST_POLL gstpoll.c:994:gst_poll_fd_ctl_write: 0x55dd10d9e970: pfd->events now 60 (POLLOUT:4)
0:00:00.023167670  2752 0x55b57b444360 TRACE   structure gststructure.c:287:gst_structure_new_id_empty_with_size: created structure 0x55b57b478cc0
0:00:00.018338628  2753 0x55dd10d7a360 DEBUG   GST_POLL gstpoll.c:979:gst_poll_fd_ctl_write: 0x55dd10d9e970: fd (fd:0, idx:1), active : 1
0:00:00.023176780  2752 0x55b57b444360 DEBUG   structure gststructure.c:2203:gst_structure_parse_field: trying field name 'long-name'
0:00:00.018348198  2753 0x55dd10d7a360 LOG   GST_POLL gstpoll.c:994:gst_poll_fd_ctl_write: 0x55dd10d9e970: pfd->events now 60 (POLLOUT:4)
0:00:00.023185094  2752 0x55b57b444360 DEBUG   default gstvalue.c:2676:_priv_gst_value_parse_value: trying type name 'string'
0:00:00.018356818  2753 0x55dd10d7a360 DEBUG   GST_POLL gstpoll.c:979:gst_poll_fd_ctl_write: 0x55dd10d9e970: fd (fd:0, idx:1), active : 1
0:00:00.023195255  2752 0x55b57b444360 DEBUG   structure gststructure.c:2203:gst_structure_parse_field: trying field name 'klass'
0:00:00.018365451  2753 0x55dd10d7a360 LOG   GST_POLL gstpoll.c:994:gst_poll_fd_ctl_write: 0x55dd10d9e970: pfd->events now 60 (POLLOUT:4)
0:00:00.023204097  2752 0x55b57b444360 DEBUG   default gstvalue.c:2676:_priv_gst_value_parse_value: trying type name 'string'
0:00:00.018376069  2753 0x55dd10d7a360 DEBUG   GST_POLL gstpoll.c:979:gst_poll_fd_ctl_write: 0x55dd10d9e970: fd (fd:0, idx:1), active : 1
0:00:00.023214604  2752 0x55b57b444360 DEBUG   structure gststructure.c:2203:gst_structure_parse_field: trying field name 'description'
0:00:00.018384570  2753 0x55dd10d7a360 LOG   GST_POLL gstpoll.c:994:gst_poll_fd_ctl_write: 0x55dd10d9e970: pfd->events now 60 (POLLOUT:4)
0:00:00.023229595  2752 0x55b57b444360 DEBUG   default gstvalue.c:2676:_priv_gst_value_parse_value: trying type name 'string'
0:00:00.018401653  2753 0x55dd10d7a360 DEBUG   GST_POLL gstpoll.c:979:gst_poll_fd_ctl_write: 0x55dd10d9e970: fd (fd:0, idx:1), active : 1
0:00:00.018410680  2753 0x55dd10d7a360 LOG   GST_POLL gstpoll.c:994:gst_poll_fd_ctl_write: 0x55dd10d9e970: pfd->events now 60 (POLLOUT:4)
0:00:00.023241392  2752 0x55b57b444360 DEBUG   structure gststructure.c:2203:gst_structure_parse_field: trying field name 'author'
0:00:00.018418037  2753 0x55dd10d7a360 DEBUG   GST_POLL gstpoll.c:979:gst_poll_fd_ctl_write: 0x55dd10d9e970: fd (fd:0, idx:1), active : 1
0:00:00.023251993  2752 0x55b57b444360 DEBUG   default gstvalue.c:2676:_priv_gst_value_parse_value: trying type name 'string'
0:00:00.018425548  2753 0x55dd10d7a360 LOG   GST_POLL gstpoll.c:994:gst_poll_fd_ctl_write: 0x55dd10d9e970: pfd->events now 60 (POLLOUT:4)
0:00:00.023262096  2752 0x55b57b444360 DEBUG   GST_REGISTRY gstregistrychunks.c:626:gst_registry_chunks_load_feature: Element factory : npadtemplates=2
0:00:00.018433698  2753 0x55dd10d7a360 DEBUG   GST_POLL gstpoll.c:979:gst_poll_fd_ctl_write: 0x55dd10d9e970: fd (fd:0, idx:1), active : 1
0:00:00.023271039  2752 0x55b57b444360 DEBUG   GST_REGISTRY gstregistrychunks.c:525:gst_registry_chunks_load_pad_template: Reading/casting for GstRegistryChunkPadTemplate at address 0x55b57b46c010
0:00:00.018442390  2753 0x55dd10d7a360 LOG   GST_POLL gstpoll.c:994:gst_poll_fd_ctl_write: 0x55dd10d9e970: pfd->events now 60 (POLLOUT:4)
0:00:00.023280568  2752 0x55b57b444360 DEBUG   GST_REGISTRY gstregistrychunks.c:539:gst_registry_chunks_load_pad_template: Added pad_template sink
0:00:00.018452006  2753 0x55dd10d7a360 DEBUG   GST_POLL gstpoll.c:979:gst_poll_fd_ctl_write: 0x55dd10d9e970: fd (fd:0, idx:1), active : 1
0:00:00.023289323  2752 0x55b57b444360 DEBUG   GST_REGISTRY gstregistrychunks.c:525:gst_registry_chunks_load_pad_template: Reading/casting for GstRegistryChunkPadTemplate at address 0x55b57b46c028
0:00:00.018460903  2753 0x55dd10d7a360 LOG   GST_POLL gstpoll.c:994:gst_poll_fd_ctl_write: 0x55dd10d9e970: pfd->events now 60 (POLLOUT:4)
0:00:00.023298430  2752 0x55b57b444360 DEBUG   GST_REGISTRY gstregistrychunks.c:539:gst_registry_chunks_load_pad_template: Added pad_template src
0:00:00.018469808  2753 0x55dd10d7a360 DEBUG   GST_POLL gstpoll.c:979:gst_poll_fd_ctl_write: 0x55dd10d9e970: fd (fd:0, idx:1), active : 1
0:00:00.018478924  2753 0x55dd10d7a360 LOG   GST_POLL gstpoll.c:994:gst_poll_fd_ctl_write: 0x55dd10d9e970: pfd->events now 60 (POLLOUT:4)
0:00:00.023315447  2752 0x55b57b444360 DEBUG   GST_REGISTRY gstregistry.c:589:gst_registry_add_feature: adding feature 0x55b57b4789b0 (capsfilter)
0:00:00.018486071  2753 0x55dd10d7a360 DEBUG   GST_POLL gstpoll.c:979:gst_poll_fd_ctl_write: 0x55dd10d9e970: fd (fd:0, idx:1), active : 1
0:00:00.018496256  2753 0x55dd10d7a360 LOG   GST_POLL gstpoll.c:994:gst_poll_fd_ctl_write: 0x55dd10d9e970: pfd->events now 60 (POLLOUT:4)
0:00:00.023325639  2752 0x55b57b444360 DEBUG   GST_REFCOUNTING gstobject.c:708:gst_object_set_parent: set parent (ref and sink)
0:00:00.018512510  2753 0x55dd10d7a360 DEBUG   GST_POLL gstpoll.c:979:gst_poll_fd_ctl_write: 0x55dd10d9e970: fd (fd:0, idx:1), active : 1
0:00:00.023348843  2752 0x55b57b444360 TRACE   GST_REFCOUNTING gstobject.c:292:gst_object_ref_sink: 0x55b57b4789b0 ref_sink 1->2
0:00:00.018520668  2753 0x55dd10d7a360 LOG   GST_POLL gstpoll.c:994:gst_poll_fd_ctl_write: 0x55dd10d9e970: pfd->events now 60 (POLLOUT:4)
0:00:00.023359865  2752 0x55b57b444360 LOG   GST_REGISTRY gstregistry.c:607:gst_registry_add_feature: emitting feature-added for capsfilter
0:00:00.018530848  2753 0x55dd10d7a360 DEBUG   GST_POLL gstpoll.c:979:gst_poll_fd_ctl_write: 0x55dd10d9e970: fd (fd:0, idx:1), active : 1
0:00:00.023370504  2752 0x55b57b444360 DEBUG   GST_REGISTRY gstregistrychunks.c:740:gst_registry_chunks_load_feature: Added feature capsfilter, plugin 0x55b57b46c250 coreelements
0:00:00.018540575  2753 0x55dd10d7a360 LOG   GST_POLL gstpoll.c:994:gst_poll_fd_ctl_write: 0x55dd10d9e970: pfd->events now 60 (POLLOUT:4)
0:00:00.018551461  2753 0x55dd10d7a360 DEBUG   GST_POLL gstpoll.c:979:gst_poll_fd_ctl_write: 0x55dd10d9e970: fd (fd:0, idx:1), active : 1
0:00:00.023381769  2752 0x55b57b444360 LOG   GST_PLUGIN_LOADING gstpluginloader.c:887:handle_rx_packet: marking plugin 0x55b57b46c250 as registered as /home/conan/w/prod/BuildSingleReference/.conan/data/gstreamer/1.18.3/_/_/package/272fbcd9d24b96d15fa29c90965666ae8e9f2d35/lib/gstreamer-1.0/libgstcoreelements.so
0:00:00.018558266  2753 0x55dd10d7a360 LOG   GST_POLL gstpoll.c:994:gst_poll_fd_ctl_write: 0x55dd10d9e970: pfd->events now 60 (POLLOUT:4)
0:00:00.018566267  2753 0x55dd10d7a360 DEBUG   GST_POLL gstpoll.c:979:gst_poll_fd_ctl_write: 0x55dd10d9e970: fd (fd:0, idx:1), active : 1
0:00:00.023397450  2752 0x55b57b444360 DEBUG   GST_POLL gstpoll.c:1414:gst_poll_wait: 0x55b57b469530: timeout :0:00:01.000000000
0:00:00.018573026  2753 0x55dd10d7a360 LOG   GST_POLL gstpoll.c:994:gst_poll_fd_ctl_write: 0x55dd10d9e970: pfd->events now 60 (POLLOUT:4)
0:00:00.018580758  2753 0x55dd10d7a360 DEBUG   GST_POLL gstpoll.c:979:gst_poll_fd_ctl_write: 0x55dd10d9e970: fd (fd:0, idx:1), active : 1
0:00:00.018587472  2753 0x55dd10d7a360 LOG   GST_POLL gstpoll.c:994:gst_poll_fd_ctl_write: 0x55dd10d9e970: pfd->events now 60 (POLLOUT:4)
0:00:00.018594667  2753 0x55dd10d7a360 DEBUG   GST_POLL gstpoll.c:979:gst_poll_fd_ctl_write: 0x55dd10d9e970: fd (fd:0, idx:1), active : 1
0:00:00.018601346  2753 0x55dd10d7a360 LOG   GST_POLL gstpoll.c:994:gst_poll_fd_ctl_write: 0x55dd10d9e970: pfd->events now 60 (POLLOUT:4)
0:00:00.018608524  2753 0x55dd10d7a360 DEBUG   GST_POLL gstpoll.c:979:gst_poll_fd_ctl_write: 0x55dd10d9e970: fd (fd:0, idx:1), active : 1
0:00:00.018615263  2753 0x55dd10d7a360 LOG   GST_POLL gstpoll.c:994:gst_poll_fd_ctl_write: 0x55dd10d9e970: pfd->events now 60 (POLLOUT:4)
0:00:00.018622373  2753 0x55dd10d7a360 DEBUG   GST_POLL gstpoll.c:979:gst_poll_fd_ctl_write: 0x55dd10d9e970: fd (fd:0, idx:1), active : 1
0:00:00.018634348  2753 0x55dd10d7a360 LOG   GST_POLL gstpoll.c:994:gst_poll_fd_ctl_write: 0x55dd10d9e970: pfd->events now 60 (POLLOUT:4)
0:00:00.018641728  2753 0x55dd10d7a360 DEBUG   GST_POLL gstpoll.c:979:gst_poll_fd_ctl_write: 0x55dd10d9e970: fd (fd:0, idx:1), active : 1
0:00:00.018648507  2753 0x55dd10d7a360 LOG   GST_POLL gstpoll.c:994:gst_poll_fd_ctl_write: 0x55dd10d9e970: pfd->events now 60 (POLLOUT:4)
0:00:00.018655647  2753 0x55dd10d7a360 DEBUG   GST_POLL gstpoll.c:979:gst_poll_fd_ctl_write: 0x55dd10d9e970: fd (fd:0, idx:1), active : 1
0:00:00.018662526  2753 0x55dd10d7a360 LOG   GST_POLL gstpoll.c:994:gst_poll_fd_ctl_write: 0x55dd10d9e970: pfd->events now 60 (POLLOUT:4)
0:00:00.018669648  2753 0x55dd10d7a360 DEBUG   GST_POLL gstpoll.c:979:gst_poll_fd_ctl_write: 0x55dd10d9e970: fd (fd:0, idx:1), active : 1
0:00:00.018676430  2753 0x55dd10d7a360 LOG   GST_POLL gstpoll.c:994:gst_poll_fd_ctl_write: 0x55dd10d9e970: pfd->events now 60 (POLLOUT:4)
0:00:00.018683562  2753 0x55dd10d7a360 DEBUG   GST_POLL gstpoll.c:979:gst_poll_fd_ctl_write: 0x55dd10d9e970: fd (fd:0, idx:1), active : 1
0:00:00.018690336  2753 0x55dd10d7a360 LOG   GST_POLL gstpoll.c:994:gst_poll_fd_ctl_write: 0x55dd10d9e970: pfd->events now 60 (POLLOUT:4)
0:00:00.018697393  2753 0x55dd10d7a360 DEBUG   GST_POLL gstpoll.c:979:gst_poll_fd_ctl_write: 0x55dd10d9e970: fd (fd:0, idx:1), active : 1
0:00:00.018704217  2753 0x55dd10d7a360 LOG   GST_POLL gstpoll.c:994:gst_poll_fd_ctl_write: 0x55dd10d9e970: pfd->events now 60 (POLLOUT:4)
0:00:00.018711373  2753 0x55dd10d7a360 DEBUG   GST_POLL gstpoll.c:979:gst_poll_fd_ctl_write: 0x55dd10d9e970: fd (fd:0, idx:1), active : 1
0:00:00.018718163  2753 0x55dd10d7a360 LOG   GST_POLL gstpoll.c:994:gst_poll_fd_ctl_write: 0x55dd10d9e970: pfd->events now 60 (POLLOUT:4)
0:00:00.018725289  2753 0x55dd10d7a360 DEBUG   GST_POLL gstpoll.c:979:gst_poll_fd_ctl_write: 0x55dd10d9e970: fd (fd:0, idx:1), active : 1
0:00:00.018732090  2753 0x55dd10d7a360 LOG   GST_POLL gstpoll.c:994:gst_poll_fd_ctl_write: 0x55dd10d9e970: pfd->events now 60 (POLLOUT:4)
0:00:00.018739383  2753 0x55dd10d7a360 DEBUG   GST_POLL gstpoll.c:979:gst_poll_fd_ctl_write: 0x55dd10d9e970: fd (fd:0, idx:1), active : 1
0:00:00.018746231  2753 0x55dd10d7a360 LOG   GST_POLL gstpoll.c:994:gst_poll_fd_ctl_write: 0x55dd10d9e970: pfd->events now 60 (POLLOUT:4)
0:00:00.018753375  2753 0x55dd10d7a360 DEBUG   GST_POLL gstpoll.c:979:gst_poll_fd_ctl_write: 0x55dd10d9e970: fd (fd:0, idx:1), active : 1
0:00:00.018760154  2753 0x55dd10d7a360 LOG   GST_POLL gstpoll.c:994:gst_poll_fd_ctl_write: 0x55dd10d9e970: pfd->events now 60 (POLLOUT:4)
0:00:00.018767315  2753 0x55dd10d7a360 DEBUG   GST_POLL gstpoll.c:979:gst_poll_fd_ctl_write: 0x55dd10d9e970: fd (fd:0, idx:1), active : 1
0:00:00.018774056  2753 0x55dd10d7a360 LOG   GST_POLL gstpoll.c:994:gst_poll_fd_ctl_write: 0x55dd10d9e970: pfd->events now 60 (POLLOUT:4)
0:00:00.018781085  2753 0x55dd10d7a360 DEBUG   GST_POLL gstpoll.c:979:gst_poll_fd_ctl_write: 0x55dd10d9e970: fd (fd:0, idx:1), active : 1
0:00:00.018792638  2753 0x55dd10d7a360 LOG   GST_POLL gstpoll.c:994:gst_poll_fd_ctl_write: 0x55dd10d9e970: pfd->events now 60 (POLLOUT:4)
0:00:00.018800061  2753 0x55dd10d7a360 DEBUG   GST_POLL gstpoll.c:979:gst_poll_fd_ctl_write: 0x55dd10d9e970: fd (fd:0, idx:1), active : 1
0:00:00.018806904  2753 0x55dd10d7a360 LOG   GST_POLL gstpoll.c:994:gst_poll_fd_ctl_write: 0x55dd10d9e970: pfd->events now 60 (POLLOUT:4)
0:00:00.018814146  2753 0x55dd10d7a360 DEBUG   GST_POLL gstpoll.c:979:gst_poll_fd_ctl_write: 0x55dd10d9e970: fd (fd:0, idx:1), active : 1
0:00:00.018820931  2753 0x55dd10d7a360 LOG   GST_POLL gstpoll.c:994:gst_poll_fd_ctl_write: 0x55dd10d9e970: pfd->events now 60 (POLLOUT:4)
0:00:00.018828008  2753 0x55dd10d7a360 DEBUG   GST_POLL gstpoll.c:979:gst_poll_fd_ctl_write: 0x55dd10d9e970: fd (fd:0, idx:1), active : 1
0:00:00.018834840  2753 0x55dd10d7a360 LOG   GST_POLL gstpoll.c:994:gst_poll_fd_ctl_write: 0x55dd10d9e970: pfd->events now 60 (POLLOUT:4)
0:00:00.018850330  2753 0x55dd10d7a360 TRACE   GST_REFCOUNTING gstobject.c:264:gst_object_unref: 0x55dd10da24a0 unref 2->1
0:00:00.018861021  2753 0x55dd10d7a360 DEBUG   GST_POLL gstpoll.c:1241:gst_poll_fd_has_error: 0x55dd10d9e970: fd (fd:0, idx:1) 0
0:00:00.018868678  2753 0x55dd10d7a360 DEBUG   GST_POLL gstpoll.c:1335:gst_poll_fd_can_write: 0x55dd10d9e970: fd (fd:0, idx:1) 1
0:00:00.018876056  2753 0x55dd10d7a360 LOG   GST_PLUGIN_LOADING gstpluginloader.c:690:write_one: Writing packet of size 488 bytes to fd 0
0:00:00.018900054  2753 0x55dd10d7a360 DEBUG   GST_POLL gstpoll.c:1414:gst_poll_wait: 0x55dd10d9e970: timeout :0:00:01.000000000
0:00:00.018931558  2753 0x55dd10d7a360 LOG   GST_PLUGIN_LOADING gstpluginloader.c:1027:exchange_packets: Poll res = 2. 6872 bytes pending for write
0:00:00.023764599  2752 0x55b57b444360 LOG   GST_PLUGIN_LOADING gstpluginloader.c:1027:exchange_packets: Poll res = 1. 0 bytes pending for write
0:00:00.023787356  2752 0x55b57b444360 DEBUG   GST_POLL gstpoll.c:1241:gst_poll_fd_has_error: 0x55b57b469530: fd (fd:8, idx:2) 0
0:00:00.023797735  2752 0x55b57b444360 DEBUG   GST_POLL gstpoll.c:1266:gst_poll_fd_can_read_unlocked: 0x55b57b469530: fd (fd:8, idx:2) 1
0:00:00.018970137  2753 0x55dd10d7a360 DEBUG   GST_POLL gstpoll.c:1241:gst_poll_fd_has_error: 0x55dd10d9e970: fd (fd:5, idx:2) 0
0:00:00.018980531  2753 0x55dd10d7a360 DEBUG   GST_POLL gstpoll.c:1266:gst_poll_fd_can_read_unlocked: 0x55dd10d9e970: fd (fd:5, idx:2) 1
0:00:00.023814146  2752 0x55b57b444360 DEBUG   GST_PLUGIN_LOADING gstpluginloader.c:848:handle_rx_packet: Received plugin details from child w/ tag 2. 476 bytes info
0:00:00.018990708  2753 0x55dd10d7a360 LOG   GST_PLUGIN_LOADING gstpluginloader.c:1005:read_one: No payload to read for 0 length packet type 1 tag 0
0:00:00.023831149  2752 0x55b57b444360 LOG   GST_REGISTRY gstregistrychunks.c:836:_priv_gst_registry_chunks_load_plugin: Reading/casting for GstRegistryChunkPluginElement at address 0x55b57b46a570
0:00:00.019002922  2753 0x55dd10d7a360 DEBUG   GST_POLL gstpoll.c:1014:gst_poll_fd_ctl_read_unlocked: 0x55dd10d9e970: fd (fd:5, idx:2), active : 0
0:00:00.019012758  2753 0x55dd10d7a360 DEBUG   GST_POLL gstpoll.c:979:gst_poll_fd_ctl_write: 0x55dd10d9e970: fd (fd:0, idx:1), active : 1
0:00:00.023845477  2752 0x55b57b444360 TRACE   GST_REFCOUNTING gstobject.c:208:gst_object_init: 0x55b57b479160 new
0:00:00.019026528  2753 0x55dd10d7a360 LOG   GST_POLL gstpoll.c:994:gst_poll_fd_ctl_write: 0x55dd10d9e970: pfd->events now 60 (POLLOUT:4)
0:00:00.019035017  2753 0x55dd10d7a360 DEBUG   GST_POLL gstpoll.c:1241:gst_poll_fd_has_error: 0x55dd10d9e970: fd (fd:0, idx:1) 0
0:00:00.023870202  2752 0x55b57b444360 LOG   GST_REGISTRY gstregistrychunks.c:858:_priv_gst_registry_chunks_load_plugin: read strings for name='coretracers'
0:00:00.019042227  2753 0x55dd10d7a360 DEBUG   GST_POLL gstpoll.c:1335:gst_poll_fd_can_write: 0x55dd10d9e970: fd (fd:0, idx:1) 1
0:00:00.023879708  2752 0x55b57b444360 LOG   GST_REGISTRY gstregistrychunks.c:859:_priv_gst_registry_chunks_load_plugin: desc.description='GStreamer core tracers'
0:00:00.019051017  2753 0x55dd10d7a360 LOG   GST_PLUGIN_LOADING gstpluginloader.c:690:write_one: Writing packet of size 6872 bytes to fd 0
0:00:00.023888174  2752 0x55b57b444360 LOG   GST_REGISTRY gstregistrychunks.c:860:_priv_gst_registry_chunks_load_plugin: filename='/home/conan/w/prod/BuildSingleReference/.conan/data/gstreamer/1.18.3/_/_/package/272fbcd9d24b96d15fa29c90965666ae8e9f2d35/lib/gstreamer-1.0/libgstcoretracers.so'
0:00:00.019066050  2753 0x55dd10d7a360 DEBUG   GST_POLL gstpoll.c:1414:gst_poll_wait: 0x55dd10d9e970: timeout :0:00:01.000000000
0:00:00.023897143  2752 0x55b57b444360 LOG   GST_REGISTRY gstregistrychunks.c:861:_priv_gst_registry_chunks_load_plugin: desc.version='1.18.3'
0:00:00.019076743  2753 0x55dd10d7a360 LOG   GST_PLUGIN_LOADING gstpluginloader.c:1027:exchange_packets: Poll res = 1. 12 bytes pending for write
0:00:00.023908207  2752 0x55b57b444360 LOG   GST_REGISTRY gstregistrychunks.c:862:_priv_gst_registry_chunks_load_plugin: desc.license='LGPL'
0:00:00.019085448  2753 0x55dd10d7a360 DEBUG   GST_POLL gstpoll.c:1241:gst_poll_fd_has_error: 0x55dd10d9e970: fd (fd:0, idx:1) 0
0:00:00.023919581  2752 0x55b57b444360 LOG   GST_REGISTRY gstregistrychunks.c:863:_priv_gst_registry_chunks_load_plugin: desc.source='gstreamer'
0:00:00.019093455  2753 0x55dd10d7a360 DEBUG   GST_POLL gstpoll.c:1335:gst_poll_fd_can_write: 0x55dd10d9e970: fd (fd:0, idx:1) 1
0:00:00.023929066  2752 0x55b57b444360 LOG   GST_REGISTRY gstregistrychunks.c:864:_priv_gst_registry_chunks_load_plugin: desc.package='GStreamer source release'
0:00:00.019100980  2753 0x55dd10d7a360 LOG   GST_PLUGIN_LOADING gstpluginloader.c:690:write_one: Writing packet of size 12 bytes to fd 0
0:00:00.023937316  2752 0x55b57b444360 LOG   GST_REGISTRY gstregistrychunks.c:865:_priv_gst_registry_chunks_load_plugin: desc.origin='Unknown package origin'
0:00:00.019110680  2753 0x55dd10d7a360 DEBUG   GST_POLL gstpoll.c:979:gst_poll_fd_ctl_write: 0x55dd10d9e970: fd (fd:0, idx:1), active : 0
0:00:00.023945475  2752 0x55b57b444360 LOG   GST_REGISTRY gstregistrychunks.c:866:_priv_gst_registry_chunks_load_plugin: desc.datetime=2021-01-13
0:00:00.019118430  2753 0x55dd10d7a360 LOG   GST_POLL gstpoll.c:994:gst_poll_fd_ctl_write: 0x55dd10d9e970: pfd->events now 56 (POLLOUT:4)
0:00:00.023958267  2752 0x55b57b444360 DEBUG   GST_REGISTRY gstregistry.c:446:gst_registry_add_plugin: Replacing existing plugin "/home/conan/w/prod/BuildSingleReference/.conan/data/gstreamer/1.18.3/_/_/package/272fbcd9d24b96d15fa29c90965666ae8e9f2d35/lib/gstreamer-1.0/libgstcoretracers.so" 0x55b57b469b90 with new plugin 0x55b57b479160 for filename "/home/conan/w/prod/BuildSingleReference/.conan/data/gstreamer/1.18.3/_/_/package/272fbcd9d24b96d15fa29c90965666ae8e9f2d35/lib/gstreamer-1.0/libgstcoretracers.so"
0:00:00.019142542  2753 0x55dd10d7a360 DEBUG   GST_POLL gstpoll.c:772:gst_poll_free: 0x55dd10d9e970: freeing
0:00:00.023974858  2752 0x55b57b444360 TRACE   GST_REFCOUNTING gstobject.c:264:gst_object_unref: 0x55b57b469b90 unref 1->0
0:00:00.023987646  2752 0x55b57b444360 TRACE   GST_REFCOUNTING gstobject.c:381:gst_object_dispose: 0x55b57b469b90 dispose
0:00:00.023998981  2752 0x55b57b444360 DEBUG   GST_PLUGIN_LOADING gstplugin.c:136:gst_plugin_finalize: finalizing plugin
0:00:00.024010439  2752 0x55b57b444360 TRACE   GST_REFCOUNTING gstobject.c:423:gst_object_finalize: 0x55b57b469b90 finalize
0:00:00.024028130  2752 0x55b57b444360 DEBUG   GST_REGISTRY gstregistry.c:473:gst_registry_add_plugin: adding plugin 0x55b57b479160 for filename "/home/conan/w/prod/BuildSingleReference/.conan/data/gstreamer/1.18.3/_/_/package/272fbcd9d24b96d15fa29c90965666ae8e9f2d35/lib/gstreamer-1.0/libgstcoretracers.so"
0:00:00.024039245  2752 0x55b57b444360 TRACE   GST_REFCOUNTING gstobject.c:292:gst_object_ref_sink: 0x55b57b479160 ref_sink 1->2
0:00:00.024049041  2752 0x55b57b444360 LOG   GST_REGISTRY gstregistry.c:486:gst_registry_add_plugin: emitting plugin-added for filename "/home/conan/w/prod/BuildSingleReference/.conan/data/gstreamer/1.18.3/_/_/package/272fbcd9d24b96d15fa29c90965666ae8e9f2d35/lib/gstreamer-1.0/libgstcoretracers.so"
0:00:00.024058644  2752 0x55b57b444360 DEBUG   GST_REGISTRY gstregistrychunks.c:886:_priv_gst_registry_chunks_load_plugin: Added plugin 'coretracers' plugin with 5 features from binary registry
0:00:00.024068570  2752 0x55b57b444360 DEBUG   GST_REGISTRY gstregistrychunks.c:582:gst_registry_chunks_load_feature: Plugin 'coretracers' feature 'leaks' typename : 'GstTracerFactory'
0:00:00.024081952  2752 0x55b57b444360 TRACE   GST_REFCOUNTING gstobject.c:208:gst_object_init: 0x55b57b469b80 new
0:00:00.024095183  2752 0x55b57b444360 DEBUG   GST_REGISTRY gstregistrychunks.c:716:gst_registry_chunks_load_feature: Reading/casting for GstRegistryChunkPluginFeature at address 0x55b57b46a6b8
0:00:00.024106213  2752 0x55b57b444360 DEBUG   GST_REGISTRY gstregistry.c:580:gst_registry_add_feature: replacing existing feature 0x55b57b469f40 (leaks)
0:00:00.024116933  2752 0x55b57b444360 DEBUG   GST_REGISTRY gstregistry.c:589:gst_registry_add_feature: adding feature 0x55b57b469b80 (leaks)
0:00:00.024143182  2752 0x55b57b444360 TRACE   GST_REFCOUNTING gstobject.c:788:gst_object_unparent: unparent
0:00:00.024154120  2752 0x55b57b444360 TRACE   GST_REFCOUNTING gstobject.c:264:gst_object_unref: 0x55b57b469f40 unref 1->0
0:00:00.024164250  2752 0x55b57b444360 TRACE   GST_REFCOUNTING gstobject.c:381:gst_object_dispose: 0x55b57b469f40 dispose
0:00:00.024186089  2752 0x55b57b444360 DEBUG   GST_PLUGIN_LOADING gstpluginfeature.c:67:gst_plugin_feature_finalize: finalizing feature 0x55b57b469f40: 'leaks'
0:00:00.024196848  2752 0x55b57b444360 TRACE   GST_REFCOUNTING gstobject.c:423:gst_object_finalize: 0x55b57b469f40 finalize
0:00:00.024207826  2752 0x55b57b444360 DEBUG   GST_REFCOUNTING gstobject.c:708:gst_object_set_parent: set parent (ref and sink)
0:00:00.024219989  2752 0x55b57b444360 TRACE   GST_REFCOUNTING gstobject.c:292:gst_object_ref_sink: 0x55b57b469b80 ref_sink 1->2
0:00:00.024233873  2752 0x55b57b444360 LOG   GST_REGISTRY gstregistry.c:607:gst_registry_add_feature: emitting feature-added for leaks
0:00:00.024246509  2752 0x55b57b444360 DEBUG   GST_REGISTRY gstregistrychunks.c:740:gst_registry_chunks_load_feature: Added feature leaks, plugin 0x55b57b479160 coretracers
0:00:00.024258419  2752 0x55b57b444360 DEBUG   GST_REGISTRY gstregistrychunks.c:582:gst_registry_chunks_load_feature: Plugin 'coretracers' feature 'stats' typename : 'GstTracerFactory'
0:00:00.024271393  2752 0x55b57b444360 TRACE   GST_REFCOUNTING gstobject.c:208:gst_object_init: 0x55b57b469f40 new
0:00:00.024284929  2752 0x55b57b444360 DEBUG   GST_REGISTRY gstregistrychunks.c:716:gst_registry_chunks_load_feature: Reading/casting for GstRegistryChunkPluginFeature at address 0x55b57b46a6d8
0:00:00.024296854  2752 0x55b57b444360 DEBUG   GST_REGISTRY gstregistry.c:580:gst_registry_add_feature: replacing existing feature 0x55b57b46a090 (stats)
