0:00:00.012184298  2753 0x55dd10d7a360 DEBUG   GST_POLL gstpoll.c:979:gst_poll_fd_ctl_write: 0x55dd10d9e970: fd (fd:0, idx:1), active : 1
0:00:00.012189760  2753 0x55dd10d7a360 LOG   GST_POLL gstpoll.c:994:gst_poll_fd_ctl_write: 0x55dd10d9e970: pfd->events now 60 (POLLOUT:4)
0:00:00.012195613  2753 0x55dd10d7a360 DEBUG   GST_POLL gstpoll.c:979:gst_poll_fd_ctl_write: 0x55dd10d9e970: fd (fd:0, idx:1), active : 1
0:00:00.012201173  2753 0x55dd10d7a360 LOG   GST_POLL gstpoll.c:994:gst_poll_fd_ctl_write: 0x55dd10d9e970: pfd->events now 60 (POLLOUT:4)
0:00:00.012206916  2753 0x55dd10d7a360 DEBUG   GST_POLL gstpoll.c:979:gst_poll_fd_ctl_write: 0x55dd10d9e970: fd (fd:0, idx:1), active : 1
0:00:00.012212377  2753 0x55dd10d7a360 LOG   GST_POLL gstpoll.c:994:gst_poll_fd_ctl_write: 0x55dd10d9e970: pfd->events now 60 (POLLOUT:4)
0:00:00.012218177  2753 0x55dd10d7a360 DEBUG   GST_POLL gstpoll.c:979:gst_poll_fd_ctl_write: 0x55dd10d9e970: fd (fd:0, idx:1), active : 1
0:00:00.012223811  2753 0x55dd10d7a360 LOG   GST_POLL gstpoll.c:994:gst_poll_fd_ctl_write: 0x55dd10d9e970: pfd->events now 60 (POLLOUT:4)
0:00:00.012229615  2753 0x55dd10d7a360 DEBUG   GST_POLL gstpoll.c:979:gst_poll_fd_ctl_write: 0x55dd10d9e970: fd (fd:0, idx:1), active : 1
0:00:00.012235248  2753 0x55dd10d7a360 LOG   GST_POLL gstpoll.c:994:gst_poll_fd_ctl_write: 0x55dd10d9e970: pfd->events now 60 (POLLOUT:4)
0:00:00.012241059  2753 0x55dd10d7a360 DEBUG   GST_POLL gstpoll.c:979:gst_poll_fd_ctl_write: 0x55dd10d9e970: fd (fd:0, idx:1), active : 1
0:00:00.012246527  2753 0x55dd10d7a360 LOG   GST_POLL gstpoll.c:994:gst_poll_fd_ctl_write: 0x55dd10d9e970: pfd->events now 60 (POLLOUT:4)
0:00:00.012252413  2753 0x55dd10d7a360 DEBUG   GST_POLL gstpoll.c:979:gst_poll_fd_ctl_write: 0x55dd10d9e970: fd (fd:0, idx:1), active : 1
0:00:00.012257936  2753 0x55dd10d7a360 LOG   GST_POLL gstpoll.c:994:gst_poll_fd_ctl_write: 0x55dd10d9e970: pfd->events now 60 (POLLOUT:4)
0:00:00.012263700  2753 0x55dd10d7a360 DEBUG   GST_POLL gstpoll.c:979:gst_poll_fd_ctl_write: 0x55dd10d9e970: fd (fd:0, idx:1), active : 1
0:00:00.012269263  2753 0x55dd10d7a360 LOG   GST_POLL gstpoll.c:994:gst_poll_fd_ctl_write: 0x55dd10d9e970: pfd->events now 60 (POLLOUT:4)
0:00:00.012278697  2753 0x55dd10d7a360 DEBUG   GST_POLL gstpoll.c:979:gst_poll_fd_ctl_write: 0x55dd10d9e970: fd (fd:0, idx:1), active : 1
0:00:00.012284311  2753 0x55dd10d7a360 LOG   GST_POLL gstpoll.c:994:gst_poll_fd_ctl_write: 0x55dd10d9e970: pfd->events now 60 (POLLOUT:4)
0:00:00.012290051  2753 0x55dd10d7a360 DEBUG   GST_POLL gstpoll.c:979:gst_poll_fd_ctl_write: 0x55dd10d9e970: fd (fd:0, idx:1), active : 1
0:00:00.012295538  2753 0x55dd10d7a360 LOG   GST_POLL gstpoll.c:994:gst_poll_fd_ctl_write: 0x55dd10d9e970: pfd->events now 60 (POLLOUT:4)
0:00:00.012301331  2753 0x55dd10d7a360 DEBUG   GST_POLL gstpoll.c:979:gst_poll_fd_ctl_write: 0x55dd10d9e970: fd (fd:0, idx:1), active : 1
0:00:00.012306839  2753 0x55dd10d7a360 LOG   GST_POLL gstpoll.c:994:gst_poll_fd_ctl_write: 0x55dd10d9e970: pfd->events now 60 (POLLOUT:4)
0:00:00.012312593  2753 0x55dd10d7a360 DEBUG   GST_POLL gstpoll.c:979:gst_poll_fd_ctl_write: 0x55dd10d9e970: fd (fd:0, idx:1), active : 1
0:00:00.012318132  2753 0x55dd10d7a360 LOG   GST_POLL gstpoll.c:994:gst_poll_fd_ctl_write: 0x55dd10d9e970: pfd->events now 60 (POLLOUT:4)
0:00:00.012323883  2753 0x55dd10d7a360 DEBUG   GST_POLL gstpoll.c:979:gst_poll_fd_ctl_write: 0x55dd10d9e970: fd (fd:0, idx:1), active : 1
0:00:00.012329359  2753 0x55dd10d7a360 LOG   GST_POLL gstpoll.c:994:gst_poll_fd_ctl_write: 0x55dd10d9e970: pfd->events now 60 (POLLOUT:4)
0:00:00.012335141  2753 0x55dd10d7a360 DEBUG   GST_POLL gstpoll.c:979:gst_poll_fd_ctl_write: 0x55dd10d9e970: fd (fd:0, idx:1), active : 1
0:00:00.012340677  2753 0x55dd10d7a360 LOG   GST_POLL gstpoll.c:994:gst_poll_fd_ctl_write: 0x55dd10d9e970: pfd->events now 60 (POLLOUT:4)
0:00:00.012346501  2753 0x55dd10d7a360 DEBUG   GST_POLL gstpoll.c:979:gst_poll_fd_ctl_write: 0x55dd10d9e970: fd (fd:0, idx:1), active : 1
0:00:00.012352058  2753 0x55dd10d7a360 LOG   GST_POLL gstpoll.c:994:gst_poll_fd_ctl_write: 0x55dd10d9e970: pfd->events now 60 (POLLOUT:4)
0:00:00.012357978  2753 0x55dd10d7a360 DEBUG   GST_POLL gstpoll.c:979:gst_poll_fd_ctl_write: 0x55dd10d9e970: fd (fd:0, idx:1), active : 1
0:00:00.012363475  2753 0x55dd10d7a360 LOG   GST_POLL gstpoll.c:994:gst_poll_fd_ctl_write: 0x55dd10d9e970: pfd->events now 60 (POLLOUT:4)
0:00:00.012369262  2753 0x55dd10d7a360 DEBUG   GST_POLL gstpoll.c:979:gst_poll_fd_ctl_write: 0x55dd10d9e970: fd (fd:0, idx:1), active : 1
0:00:00.012374813  2753 0x55dd10d7a360 LOG   GST_POLL gstpoll.c:994:gst_poll_fd_ctl_write: 0x55dd10d9e970: pfd->events now 60 (POLLOUT:4)
0:00:00.012380751  2753 0x55dd10d7a360 DEBUG   GST_POLL gstpoll.c:979:gst_poll_fd_ctl_write: 0x55dd10d9e970: fd (fd:0, idx:1), active : 1
0:00:00.012386208  2753 0x55dd10d7a360 LOG   GST_POLL gstpoll.c:994:gst_poll_fd_ctl_write: 0x55dd10d9e970: pfd->events now 60 (POLLOUT:4)
0:00:00.012392040  2753 0x55dd10d7a360 DEBUG   GST_POLL gstpoll.c:979:gst_poll_fd_ctl_write: 0x55dd10d9e970: fd (fd:0, idx:1), active : 1
0:00:00.012397507  2753 0x55dd10d7a360 LOG   GST_POLL gstpoll.c:994:gst_poll_fd_ctl_write: 0x55dd10d9e970: pfd->events now 60 (POLLOUT:4)
0:00:00.012406657  2753 0x55dd10d7a360 DEBUG   GST_POLL gstpoll.c:979:gst_poll_fd_ctl_write: 0x55dd10d9e970: fd (fd:0, idx:1), active : 1
0:00:00.012412287  2753 0x55dd10d7a360 LOG   GST_POLL gstpoll.c:994:gst_poll_fd_ctl_write: 0x55dd10d9e970: pfd->events now 60 (POLLOUT:4)
0:00:00.012418055  2753 0x55dd10d7a360 DEBUG   GST_POLL gstpoll.c:979:gst_poll_fd_ctl_write: 0x55dd10d9e970: fd (fd:0, idx:1), active : 1
0:00:00.012424905  2753 0x55dd10d7a360 LOG   GST_POLL gstpoll.c:994:gst_poll_fd_ctl_write: 0x55dd10d9e970: pfd->events now 60 (POLLOUT:4)
0:00:00.012433948  2753 0x55dd10d7a360 DEBUG   GST_POLL gstpoll.c:979:gst_poll_fd_ctl_write: 0x55dd10d9e970: fd (fd:0, idx:1), active : 1
0:00:00.012444402  2753 0x55dd10d7a360 LOG   GST_POLL gstpoll.c:994:gst_poll_fd_ctl_write: 0x55dd10d9e970: pfd->events now 60 (POLLOUT:4)
0:00:00.012455119  2753 0x55dd10d7a360 DEBUG   GST_POLL gstpoll.c:979:gst_poll_fd_ctl_write: 0x55dd10d9e970: fd (fd:0, idx:1), active : 1
0:00:00.012464645  2753 0x55dd10d7a360 LOG   GST_POLL gstpoll.c:994:gst_poll_fd_ctl_write: 0x55dd10d9e970: pfd->events now 60 (POLLOUT:4)
0:00:00.012474874  2753 0x55dd10d7a360 LOG   GST_PLUGIN_LOADING gstpluginloader.c:645:put_chunk: Expanding tx buf from 5764 to 7717 for chunk of size 229
0:00:00.012482907  2753 0x55dd10d7a360 DEBUG   GST_POLL gstpoll.c:979:gst_poll_fd_ctl_write: 0x55dd10d9e970: fd (fd:0, idx:1), active : 1
0:00:00.012488586  2753 0x55dd10d7a360 LOG   GST_POLL gstpoll.c:994:gst_poll_fd_ctl_write: 0x55dd10d9e970: pfd->events now 60 (POLLOUT:4)
0:00:00.012494542  2753 0x55dd10d7a360 DEBUG   GST_POLL gstpoll.c:979:gst_poll_fd_ctl_write: 0x55dd10d9e970: fd (fd:0, idx:1), active : 1
0:00:00.012500047  2753 0x55dd10d7a360 LOG   GST_POLL gstpoll.c:994:gst_poll_fd_ctl_write: 0x55dd10d9e970: pfd->events now 60 (POLLOUT:4)
0:00:00.012505881  2753 0x55dd10d7a360 DEBUG   GST_POLL gstpoll.c:979:gst_poll_fd_ctl_write: 0x55dd10d9e970: fd (fd:0, idx:1), active : 1
0:00:00.012511355  2753 0x55dd10d7a360 LOG   GST_POLL gstpoll.c:994:gst_poll_fd_ctl_write: 0x55dd10d9e970: pfd->events now 60 (POLLOUT:4)
0:00:00.012517108  2753 0x55dd10d7a360 DEBUG   GST_POLL gstpoll.c:979:gst_poll_fd_ctl_write: 0x55dd10d9e970: fd (fd:0, idx:1), active : 1
0:00:00.012522568  2753 0x55dd10d7a360 LOG   GST_POLL gstpoll.c:994:gst_poll_fd_ctl_write: 0x55dd10d9e970: pfd->events now 60 (POLLOUT:4)
0:00:00.012528343  2753 0x55dd10d7a360 DEBUG   GST_POLL gstpoll.c:979:gst_poll_fd_ctl_write: 0x55dd10d9e970: fd (fd:0, idx:1), active : 1
0:00:00.012533884  2753 0x55dd10d7a360 LOG   GST_POLL gstpoll.c:994:gst_poll_fd_ctl_write: 0x55dd10d9e970: pfd->events now 60 (POLLOUT:4)
0:00:00.012539731  2753 0x55dd10d7a360 DEBUG   GST_POLL gstpoll.c:979:gst_poll_fd_ctl_write: 0x55dd10d9e970: fd (fd:0, idx:1), active : 1
0:00:00.012550531  2753 0x55dd10d7a360 LOG   GST_POLL gstpoll.c:994:gst_poll_fd_ctl_write: 0x55dd10d9e970: pfd->events now 60 (POLLOUT:4)
0:00:00.012556592  2753 0x55dd10d7a360 DEBUG   GST_POLL gstpoll.c:979:gst_poll_fd_ctl_write: 0x55dd10d9e970: fd (fd:0, idx:1), active : 1
0:00:00.012566525  2753 0x55dd10d7a360 LOG   GST_POLL gstpoll.c:994:gst_poll_fd_ctl_write: 0x55dd10d9e970: pfd->events now 60 (POLLOUT:4)
0:00:00.012572481  2753 0x55dd10d7a360 DEBUG   GST_POLL gstpoll.c:979:gst_poll_fd_ctl_write: 0x55dd10d9e970: fd (fd:0, idx:1), active : 1
0:00:00.012577959  2753 0x55dd10d7a360 LOG   GST_POLL gstpoll.c:994:gst_poll_fd_ctl_write: 0x55dd10d9e970: pfd->events now 60 (POLLOUT:4)
0:00:00.012583829  2753 0x55dd10d7a360 DEBUG   GST_POLL gstpoll.c:979:gst_poll_fd_ctl_write: 0x55dd10d9e970: fd (fd:0, idx:1), active : 1
0:00:00.012589332  2753 0x55dd10d7a360 LOG   GST_POLL gstpoll.c:994:gst_poll_fd_ctl_write: 0x55dd10d9e970: pfd->events now 60 (POLLOUT:4)
0:00:00.012595213  2753 0x55dd10d7a360 DEBUG   GST_POLL gstpoll.c:979:gst_poll_fd_ctl_write: 0x55dd10d9e970: fd (fd:0, idx:1), active : 1
0:00:00.012600737  2753 0x55dd10d7a360 LOG   GST_POLL gstpoll.c:994:gst_poll_fd_ctl_write: 0x55dd10d9e970: pfd->events now 60 (POLLOUT:4)
0:00:00.012606434  2753 0x55dd10d7a360 DEBUG   GST_POLL gstpoll.c:979:gst_poll_fd_ctl_write: 0x55dd10d9e970: fd (fd:0, idx:1), active : 1
0:00:00.012611913  2753 0x55dd10d7a360 LOG   GST_POLL gstpoll.c:994:gst_poll_fd_ctl_write: 0x55dd10d9e970: pfd->events now 60 (POLLOUT:4)
0:00:00.012617731  2753 0x55dd10d7a360 DEBUG   GST_POLL gstpoll.c:979:gst_poll_fd_ctl_write: 0x55dd10d9e970: fd (fd:0, idx:1), active : 1
0:00:00.012623308  2753 0x55dd10d7a360 LOG   GST_POLL gstpoll.c:994:gst_poll_fd_ctl_write: 0x55dd10d9e970: pfd->events now 60 (POLLOUT:4)
0:00:00.012629085  2753 0x55dd10d7a360 DEBUG   GST_POLL gstpoll.c:979:gst_poll_fd_ctl_write: 0x55dd10d9e970: fd (fd:0, idx:1), active : 1
0:00:00.012634526  2753 0x55dd10d7a360 LOG   GST_POLL gstpoll.c:994:gst_poll_fd_ctl_write: 0x55dd10d9e970: pfd->events now 60 (POLLOUT:4)
0:00:00.012640279  2753 0x55dd10d7a360 DEBUG   GST_POLL gstpoll.c:979:gst_poll_fd_ctl_write: 0x55dd10d9e970: fd (fd:0, idx:1), active : 1
0:00:00.012645782  2753 0x55dd10d7a360 LOG   GST_POLL gstpoll.c:994:gst_poll_fd_ctl_write: 0x55dd10d9e970: pfd->events now 60 (POLLOUT:4)
0:00:00.012651786  2753 0x55dd10d7a360 DEBUG   GST_POLL gstpoll.c:979:gst_poll_fd_ctl_write: 0x55dd10d9e970: fd (fd:0, idx:1), active : 1
0:00:00.012657234  2753 0x55dd10d7a360 LOG   GST_POLL gstpoll.c:994:gst_poll_fd_ctl_write: 0x55dd10d9e970: pfd->events now 60 (POLLOUT:4)
0:00:00.012663131  2753 0x55dd10d7a360 DEBUG   GST_POLL gstpoll.c:979:gst_poll_fd_ctl_write: 0x55dd10d9e970: fd (fd:0, idx:1), active : 1
0:00:00.012668628  2753 0x55dd10d7a360 LOG   GST_POLL gstpoll.c:994:gst_poll_fd_ctl_write: 0x55dd10d9e970: pfd->events now 60 (POLLOUT:4)
0:00:00.012674434  2753 0x55dd10d7a360 DEBUG   GST_POLL gstpoll.c:979:gst_poll_fd_ctl_write: 0x55dd10d9e970: fd (fd:0, idx:1), active : 1
0:00:00.012679871  2753 0x55dd10d7a360 LOG   GST_POLL gstpoll.c:994:gst_poll_fd_ctl_write: 0x55dd10d9e970: pfd->events now 60 (POLLOUT:4)
0:00:00.012703570  2753 0x55dd10d7a360 DEBUG   GST_POLL gstpoll.c:979:gst_poll_fd_ctl_write: 0x55dd10d9e970: fd (fd:0, idx:1), active : 1
0:00:00.012709662  2753 0x55dd10d7a360 LOG   GST_POLL gstpoll.c:994:gst_poll_fd_ctl_write: 0x55dd10d9e970: pfd->events now 60 (POLLOUT:4)
0:00:00.012721132  2753 0x55dd10d7a360 DEBUG   GST_POLL gstpoll.c:979:gst_poll_fd_ctl_write: 0x55dd10d9e970: fd (fd:0, idx:1), active : 1
0:00:00.012727193  2753 0x55dd10d7a360 LOG   GST_POLL gstpoll.c:994:gst_poll_fd_ctl_write: 0x55dd10d9e970: pfd->events now 60 (POLLOUT:4)
0:00:00.012733410  2753 0x55dd10d7a360 DEBUG   GST_POLL gstpoll.c:979:gst_poll_fd_ctl_write: 0x55dd10d9e970: fd (fd:0, idx:1), active : 1
0:00:00.012739360  2753 0x55dd10d7a360 LOG   GST_POLL gstpoll.c:994:gst_poll_fd_ctl_write: 0x55dd10d9e970: pfd->events now 60 (POLLOUT:4)
0:00:00.012745574  2753 0x55dd10d7a360 DEBUG   GST_POLL gstpoll.c:979:gst_poll_fd_ctl_write: 0x55dd10d9e970: fd (fd:0, idx:1), active : 1
0:00:00.012751562  2753 0x55dd10d7a360 LOG   GST_POLL gstpoll.c:994:gst_poll_fd_ctl_write: 0x55dd10d9e970: pfd->events now 60 (POLLOUT:4)
0:00:00.012757829  2753 0x55dd10d7a360 DEBUG   GST_POLL gstpoll.c:979:gst_poll_fd_ctl_write: 0x55dd10d9e970: fd (fd:0, idx:1), active : 1
0:00:00.012763686  2753 0x55dd10d7a360 LOG   GST_POLL gstpoll.c:994:gst_poll_fd_ctl_write: 0x55dd10d9e970: pfd->events now 60 (POLLOUT:4)
0:00:00.012769890  2753 0x55dd10d7a360 DEBUG   GST_POLL gstpoll.c:979:gst_poll_fd_ctl_write: 0x55dd10d9e970: fd (fd:0, idx:1), active : 1
0:00:00.012775741  2753 0x55dd10d7a360 LOG   GST_POLL gstpoll.c:994:gst_poll_fd_ctl_write: 0x55dd10d9e970: pfd->events now 60 (POLLOUT:4)
0:00:00.012781925  2753 0x55dd10d7a360 DEBUG   GST_POLL gstpoll.c:979:gst_poll_fd_ctl_write: 0x55dd10d9e970: fd (fd:0, idx:1), active : 1
0:00:00.012787902  2753 0x55dd10d7a360 LOG   GST_POLL gstpoll.c:994:gst_poll_fd_ctl_write: 0x55dd10d9e970: pfd->events now 60 (POLLOUT:4)
0:00:00.012794047  2753 0x55dd10d7a360 DEBUG   GST_POLL gstpoll.c:979:gst_poll_fd_ctl_write: 0x55dd10d9e970: fd (fd:0, idx:1), active : 1
0:00:00.012799956  2753 0x55dd10d7a360 LOG   GST_POLL gstpoll.c:994:gst_poll_fd_ctl_write: 0x55dd10d9e970: pfd->events now 60 (POLLOUT:4)
0:00:00.012806107  2753 0x55dd10d7a360 DEBUG   GST_POLL gstpoll.c:979:gst_poll_fd_ctl_write: 0x55dd10d9e970: fd (fd:0, idx:1), active : 1
0:00:00.012811940  2753 0x55dd10d7a360 LOG   GST_POLL gstpoll.c:994:gst_poll_fd_ctl_write: 0x55dd10d9e970: pfd->events now 60 (POLLOUT:4)
0:00:00.012818165  2753 0x55dd10d7a360 DEBUG   GST_POLL gstpoll.c:979:gst_poll_fd_ctl_write: 0x55dd10d9e970: fd (fd:0, idx:1), active : 1
0:00:00.012824139  2753 0x55dd10d7a360 LOG   GST_POLL gstpoll.c:994:gst_poll_fd_ctl_write: 0x55dd10d9e970: pfd->events now 60 (POLLOUT:4)
0:00:00.012830306  2753 0x55dd10d7a360 DEBUG   GST_POLL gstpoll.c:979:gst_poll_fd_ctl_write: 0x55dd10d9e970: fd (fd:0, idx:1), active : 1
0:00:00.012836243  2753 0x55dd10d7a360 LOG   GST_POLL gstpoll.c:994:gst_poll_fd_ctl_write: 0x55dd10d9e970: pfd->events now 60 (POLLOUT:4)
0:00:00.012842531  2753 0x55dd10d7a360 DEBUG   GST_POLL gstpoll.c:979:gst_poll_fd_ctl_write: 0x55dd10d9e970: fd (fd:0, idx:1), active : 1
0:00:00.012848422  2753 0x55dd10d7a360 LOG   GST_POLL gstpoll.c:994:gst_poll_fd_ctl_write: 0x55dd10d9e970: pfd->events now 60 (POLLOUT:4)
0:00:00.012858538  2753 0x55dd10d7a360 DEBUG   GST_POLL gstpoll.c:979:gst_poll_fd_ctl_write: 0x55dd10d9e970: fd (fd:0, idx:1), active : 1
0:00:00.012864632  2753 0x55dd10d7a360 LOG   GST_POLL gstpoll.c:994:gst_poll_fd_ctl_write: 0x55dd10d9e970: pfd->events now 60 (POLLOUT:4)
0:00:00.012870847  2753 0x55dd10d7a360 DEBUG   GST_POLL gstpoll.c:979:gst_poll_fd_ctl_write: 0x55dd10d9e970: fd (fd:0, idx:1), active : 1
0:00:00.012876796  2753 0x55dd10d7a360 LOG   GST_POLL gstpoll.c:994:gst_poll_fd_ctl_write: 0x55dd10d9e970: pfd->events now 60 (POLLOUT:4)
0:00:00.012883027  2753 0x55dd10d7a360 DEBUG   GST_POLL gstpoll.c:979:gst_poll_fd_ctl_write: 0x55dd10d9e970: fd (fd:0, idx:1), active : 1
0:00:00.012888912  2753 0x55dd10d7a360 LOG   GST_POLL gstpoll.c:994:gst_poll_fd_ctl_write: 0x55dd10d9e970: pfd->events now 60 (POLLOUT:4)
0:00:00.012895182  2753 0x55dd10d7a360 DEBUG   GST_POLL gstpoll.c:979:gst_poll_fd_ctl_write: 0x55dd10d9e970: fd (fd:0, idx:1), active : 1
0:00:00.012901002  2753 0x55dd10d7a360 LOG   GST_POLL gstpoll.c:994:gst_poll_fd_ctl_write: 0x55dd10d9e970: pfd->events now 60 (POLLOUT:4)
0:00:00.012907213  2753 0x55dd10d7a360 DEBUG   GST_POLL gstpoll.c:979:gst_poll_fd_ctl_write: 0x55dd10d9e970: fd (fd:0, idx:1), active : 1
0:00:00.012913138  2753 0x55dd10d7a360 LOG   GST_POLL gstpoll.c:994:gst_poll_fd_ctl_write: 0x55dd10d9e970: pfd->events now 60 (POLLOUT:4)
0:00:00.012919382  2753 0x55dd10d7a360 DEBUG   GST_POLL gstpoll.c:979:gst_poll_fd_ctl_write: 0x55dd10d9e970: fd (fd:0, idx:1), active : 1
0:00:00.012935342  2753 0x55dd10d7a360 LOG   GST_POLL gstpoll.c:994:gst_poll_fd_ctl_write: 0x55dd10d9e970: pfd->events now 60 (POLLOUT:4)
0:00:00.012941559  2753 0x55dd10d7a360 DEBUG   GST_POLL gstpoll.c:979:gst_poll_fd_ctl_write: 0x55dd10d9e970: fd (fd:0, idx:1), active : 1
0:00:00.012947566  2753 0x55dd10d7a360 LOG   GST_POLL gstpoll.c:994:gst_poll_fd_ctl_write: 0x55dd10d9e970: pfd->events now 60 (POLLOUT:4)
0:00:00.012953831  2753 0x55dd10d7a360 DEBUG   GST_POLL gstpoll.c:979:gst_poll_fd_ctl_write: 0x55dd10d9e970: fd (fd:0, idx:1), active : 1
0:00:00.012959724  2753 0x55dd10d7a360 LOG   GST_POLL gstpoll.c:994:gst_poll_fd_ctl_write: 0x55dd10d9e970: pfd->events now 60 (POLLOUT:4)
0:00:00.012966005  2753 0x55dd10d7a360 DEBUG   GST_POLL gstpoll.c:979:gst_poll_fd_ctl_write: 0x55dd10d9e970: fd (fd:0, idx:1), active : 1
0:00:00.012971925  2753 0x55dd10d7a360 LOG   GST_POLL gstpoll.c:994:gst_poll_fd_ctl_write: 0x55dd10d9e970: pfd->events now 60 (POLLOUT:4)
0:00:00.012978267  2753 0x55dd10d7a360 DEBUG   GST_POLL gstpoll.c:979:gst_poll_fd_ctl_write: 0x55dd10d9e970: fd (fd:0, idx:1), active : 1
0:00:00.012984263  2753 0x55dd10d7a360 LOG   GST_POLL gstpoll.c:994:gst_poll_fd_ctl_write: 0x55dd10d9e970: pfd->events now 60 (POLLOUT:4)
0:00:00.012990484  2753 0x55dd10d7a360 DEBUG   GST_POLL gstpoll.c:979:gst_poll_fd_ctl_write: 0x55dd10d9e970: fd (fd:0, idx:1), active : 1
0:00:00.012996419  2753 0x55dd10d7a360 LOG   GST_POLL gstpoll.c:994:gst_poll_fd_ctl_write: 0x55dd10d9e970: pfd->events now 60 (POLLOUT:4)
0:00:00.013002565  2753 0x55dd10d7a360 DEBUG   GST_POLL gstpoll.c:979:gst_poll_fd_ctl_write: 0x55dd10d9e970: fd (fd:0, idx:1), active : 1
0:00:00.013012539  2753 0x55dd10d7a360 LOG   GST_POLL gstpoll.c:994:gst_poll_fd_ctl_write: 0x55dd10d9e970: pfd->events now 60 (POLLOUT:4)
0:00:00.013019017  2753 0x55dd10d7a360 DEBUG   GST_POLL gstpoll.c:979:gst_poll_fd_ctl_write: 0x55dd10d9e970: fd (fd:0, idx:1), active : 1
0:00:00.013025043  2753 0x55dd10d7a360 LOG   GST_POLL gstpoll.c:994:gst_poll_fd_ctl_write: 0x55dd10d9e970: pfd->events now 60 (POLLOUT:4)
0:00:00.013031383  2753 0x55dd10d7a360 DEBUG   GST_POLL gstpoll.c:979:gst_poll_fd_ctl_write: 0x55dd10d9e970: fd (fd:0, idx:1), active : 1
0:00:00.013037361  2753 0x55dd10d7a360 LOG   GST_POLL gstpoll.c:994:gst_poll_fd_ctl_write: 0x55dd10d9e970: pfd->events now 60 (POLLOUT:4)
0:00:00.013043562  2753 0x55dd10d7a360 DEBUG   GST_POLL gstpoll.c:979:gst_poll_fd_ctl_write: 0x55dd10d9e970: fd (fd:0, idx:1), active : 1
0:00:00.013049462  2753 0x55dd10d7a360 LOG   GST_POLL gstpoll.c:994:gst_poll_fd_ctl_write: 0x55dd10d9e970: pfd->events now 60 (POLLOUT:4)
0:00:00.013055663  2753 0x55dd10d7a360 DEBUG   GST_POLL gstpoll.c:979:gst_poll_fd_ctl_write: 0x55dd10d9e970: fd (fd:0, idx:1), active : 1
0:00:00.013061488  2753 0x55dd10d7a360 LOG   GST_POLL gstpoll.c:994:gst_poll_fd_ctl_write: 0x55dd10d9e970: pfd->events now 60 (POLLOUT:4)
0:00:00.013067858  2753 0x55dd10d7a360 DEBUG   GST_POLL gstpoll.c:979:gst_poll_fd_ctl_write: 0x55dd10d9e970: fd (fd:0, idx:1), active : 1
0:00:00.013073712  2753 0x55dd10d7a360 LOG   GST_POLL gstpoll.c:994:gst_poll_fd_ctl_write: 0x55dd10d9e970: pfd->events now 60 (POLLOUT:4)
0:00:00.013079915  2753 0x55dd10d7a360 DEBUG   GST_POLL gstpoll.c:979:gst_poll_fd_ctl_write: 0x55dd10d9e970: fd (fd:0, idx:1), active : 1
0:00:00.013085829  2753 0x55dd10d7a360 LOG   GST_POLL gstpoll.c:994:gst_poll_fd_ctl_write: 0x55dd10d9e970: pfd->events now 60 (POLLOUT:4)
0:00:00.013092200  2753 0x55dd10d7a360 DEBUG   GST_POLL gstpoll.c:979:gst_poll_fd_ctl_write: 0x55dd10d9e970: fd (fd:0, idx:1), active : 1
0:00:00.013098065  2753 0x55dd10d7a360 LOG   GST_POLL gstpoll.c:994:gst_poll_fd_ctl_write: 0x55dd10d9e970: pfd->events now 60 (POLLOUT:4)
0:00:00.013104231  2753 0x55dd10d7a360 DEBUG   GST_POLL gstpoll.c:979:gst_poll_fd_ctl_write: 0x55dd10d9e970: fd (fd:0, idx:1), active : 1
0:00:00.013110198  2753 0x55dd10d7a360 LOG   GST_POLL gstpoll.c:994:gst_poll_fd_ctl_write: 0x55dd10d9e970: pfd->events now 60 (POLLOUT:4)
0:00:00.013116584  2753 0x55dd10d7a360 DEBUG   GST_POLL gstpoll.c:979:gst_poll_fd_ctl_write: 0x55dd10d9e970: fd (fd:0, idx:1), active : 1
0:00:00.013122470  2753 0x55dd10d7a360 LOG   GST_POLL gstpoll.c:994:gst_poll_fd_ctl_write: 0x55dd10d9e970: pfd->events now 60 (POLLOUT:4)
0:00:00.013128643  2753 0x55dd10d7a360 DEBUG   GST_POLL gstpoll.c:979:gst_poll_fd_ctl_write: 0x55dd10d9e970: fd (fd:0, idx:1), active : 1
0:00:00.013134535  2753 0x55dd10d7a360 LOG   GST_POLL gstpoll.c:994:gst_poll_fd_ctl_write: 0x55dd10d9e970: pfd->events now 60 (POLLOUT:4)
0:00:00.013140832  2753 0x55dd10d7a360 DEBUG   GST_POLL gstpoll.c:979:gst_poll_fd_ctl_write: 0x55dd10d9e970: fd (fd:0, idx:1), active : 1
0:00:00.013150461  2753 0x55dd10d7a360 LOG   GST_POLL gstpoll.c:994:gst_poll_fd_ctl_write: 0x55dd10d9e970: pfd->events now 60 (POLLOUT:4)
0:00:00.013156850  2753 0x55dd10d7a360 DEBUG   GST_POLL gstpoll.c:979:gst_poll_fd_ctl_write: 0x55dd10d9e970: fd (fd:0, idx:1), active : 1
0:00:00.013162796  2753 0x55dd10d7a360 LOG   GST_POLL gstpoll.c:994:gst_poll_fd_ctl_write: 0x55dd10d9e970: pfd->events now 60 (POLLOUT:4)
0:00:00.013169007  2753 0x55dd10d7a360 DEBUG   GST_POLL gstpoll.c:979:gst_poll_fd_ctl_write: 0x55dd10d9e970: fd (fd:0, idx:1), active : 1
0:00:00.013174904  2753 0x55dd10d7a360 LOG   GST_POLL gstpoll.c:994:gst_poll_fd_ctl_write: 0x55dd10d9e970: pfd->events now 60 (POLLOUT:4)
0:00:00.013185535  2753 0x55dd10d7a360 TRACE   GST_REFCOUNTING gstobject.c:264:gst_object_unref: 0x55dd10da24a0 unref 2->1
0:00:00.013193110  2753 0x55dd10d7a360 DEBUG   GST_POLL gstpoll.c:1241:gst_poll_fd_has_error: 0x55dd10d9e970: fd (fd:0, idx:1) 0
0:00:00.013199473  2753 0x55dd10d7a360 DEBUG   GST_POLL gstpoll.c:1335:gst_poll_fd_can_write: 0x55dd10d9e970: fd (fd:0, idx:1) 1
0:00:00.013205702  2753 0x55dd10d7a360 LOG   GST_PLUGIN_LOADING gstpluginloader.c:690:write_one: Writing packet of size 488 bytes to fd 0
0:00:00.013223850  2753 0x55dd10d7a360 DEBUG   GST_POLL gstpoll.c:1414:gst_poll_wait: 0x55dd10d9e970: timeout :0:00:01.000000000
0:00:00.013234751  2753 0x55dd10d7a360 LOG   GST_PLUGIN_LOADING gstpluginloader.c:1027:exchange_packets: Poll res = 2. 6872 bytes pending for write
0:00:00.013241708  2753 0x55dd10d7a360 DEBUG   GST_POLL gstpoll.c:1241:gst_poll_fd_has_error: 0x55dd10d9e970: fd (fd:5, idx:2) 0
0:00:00.013248232  2753 0x55dd10d7a360 DEBUG   GST_POLL gstpoll.c:1266:gst_poll_fd_can_read_unlocked: 0x55dd10d9e970: fd (fd:5, idx:2) 1
0:00:00.018079738  2752 0x55b57b444360 LOG   GST_PLUGIN_LOADING gstpluginloader.c:1027:exchange_packets: Poll res = 1. 0 bytes pending for write
0:00:00.013258698  2753 0x55dd10d7a360 DEBUG   GST_PLUGIN_LOADING gstpluginloader.c:722:do_plugin_load: Plugin scanner loading file /home/conan/w/prod/BuildSingleReference/.conan/data/gstreamer/1.18.3/_/_/package/272fbcd9d24b96d15fa29c90965666ae8e9f2d35/lib/gstreamer-1.0/libgstcoretracers.so. tag 2
0:00:00.018102703  2752 0x55b57b444360 DEBUG   GST_POLL gstpoll.c:1241:gst_poll_fd_has_error: 0x55b57b469530: fd (fd:8, idx:2) 0
0:00:00.013273096  2753 0x55dd10d7a360 TRACE   GST_REFCOUNTING gstobject.c:237:gst_object_ref: 0x55dd10d9ff90 ref 1->2
0:00:00.018110889  2752 0x55b57b444360 DEBUG   GST_POLL gstpoll.c:1266:gst_poll_fd_can_read_unlocked: 0x55b57b469530: fd (fd:8, idx:2) 1
0:00:00.013283195  2753 0x55dd10d7a360 TRACE   GST_REFCOUNTING gstobject.c:237:gst_object_ref: 0x55dd10da1f00 ref 1->2
0:00:00.013290906  2753 0x55dd10d7a360 TRACE   GST_REFCOUNTING gstobject.c:237:gst_object_ref: 0x55dd10da1b90 ref 1->2
0:00:00.018124285  2752 0x55b57b444360 DEBUG   GST_PLUGIN_LOADING gstpluginloader.c:848:handle_rx_packet: Received plugin details from child w/ tag 0. 476 bytes info
0:00:00.013297730  2753 0x55dd10d7a360 TRACE   GST_REFCOUNTING gstobject.c:237:gst_object_ref: 0x55dd10da1950 ref 1->2
0:00:00.018132149  2752 0x55b57b444360 LOG   GST_REGISTRY gstregistrychunks.c:836:_priv_gst_registry_chunks_load_plugin: Reading/casting for GstRegistryChunkPluginElement at address 0x55b57b464e00
0:00:00.013309088  2753 0x55dd10d7a360 TRACE   GST_REFCOUNTING gstobject.c:237:gst_object_ref: 0x55dd10da15c0 ref 1->2
0:00:00.013316697  2753 0x55dd10d7a360 TRACE   GST_REFCOUNTING gstobject.c:237:gst_object_ref: 0x55dd10da1060 ref 1->2
0:00:00.018153396  2752 0x55b57b444360 TRACE   GST_REFCOUNTING gstobject.c:208:gst_object_init: 0x55b57b469b90 new
0:00:00.013326841  2753 0x55dd10d7a360 TRACE   GST_REFCOUNTING gstobject.c:264:gst_object_unref: 0x55dd10da1060 unref 2->1
0:00:00.013334279  2753 0x55dd10d7a360 TRACE   GST_REFCOUNTING gstobject.c:264:gst_object_unref: 0x55dd10da15c0 unref 2->1
0:00:00.013341162  2753 0x55dd10d7a360 TRACE   GST_REFCOUNTING gstobject.c:264:gst_object_unref: 0x55dd10da1950 unref 2->1
0:00:00.013347960  2753 0x55dd10d7a360 TRACE   GST_REFCOUNTING gstobject.c:264:gst_object_unref: 0x55dd10da1b90 unref 2->1
0:00:00.013354669  2753 0x55dd10d7a360 TRACE   GST_REFCOUNTING gstobject.c:264:gst_object_unref: 0x55dd10da1f00 unref 2->1
0:00:00.018186161  2752 0x55b57b444360 LOG   GST_REGISTRY gstregistrychunks.c:858:_priv_gst_registry_chunks_load_plugin: read strings for name='coretracers'
0:00:00.013362860  2753 0x55dd10d7a360 DEBUG   GST_REGISTRY gstregistrychunks.c:497:_priv_gst_registry_chunks_save_plugin: Found 5 features in plugin 0x55dd10d9ff90 (coretracers)
0:00:00.018194823  2752 0x55b57b444360 LOG   GST_REGISTRY gstregistrychunks.c:859:_priv_gst_registry_chunks_load_plugin: desc.description='GStreamer core tracers'
0:00:00.013370219  2753 0x55dd10d7a360 DEBUG   GST_POLL gstpoll.c:979:gst_poll_fd_ctl_write: 0x55dd10d9e970: fd (fd:0, idx:1), active : 1
0:00:00.018203222  2752 0x55b57b444360 LOG   GST_REGISTRY gstregistrychunks.c:860:_priv_gst_registry_chunks_load_plugin: filename='/home/conan/w/prod/BuildSingleReference/.conan/data/gstreamer/1.18.3/_/_/package/272fbcd9d24b96d15fa29c90965666ae8e9f2d35/lib/gstreamer-1.0/libgstcoretracers.so'
0:00:00.013376995  2753 0x55dd10d7a360 LOG   GST_POLL gstpoll.c:994:gst_poll_fd_ctl_write: 0x55dd10d9e970: pfd->events now 60 (POLLOUT:4)
0:00:00.018210143  2752 0x55b57b444360 LOG   GST_REGISTRY gstregistrychunks.c:861:_priv_gst_registry_chunks_load_plugin: desc.version='1.18.3'
0:00:00.013383961  2753 0x55dd10d7a360 DEBUG   GST_POLL gstpoll.c:979:gst_poll_fd_ctl_write: 0x55dd10d9e970: fd (fd:0, idx:1), active : 1
0:00:00.018216861  2752 0x55b57b444360 LOG   GST_REGISTRY gstregistrychunks.c:862:_priv_gst_registry_chunks_load_plugin: desc.license='LGPL'
0:00:00.013390431  2753 0x55dd10d7a360 LOG   GST_POLL gstpoll.c:994:gst_poll_fd_ctl_write: 0x55dd10d9e970: pfd->events now 60 (POLLOUT:4)
0:00:00.018223553  2752 0x55b57b444360 LOG   GST_REGISTRY gstregistrychunks.c:863:_priv_gst_registry_chunks_load_plugin: desc.source='gstreamer'
0:00:00.013397427  2753 0x55dd10d7a360 DEBUG   GST_POLL gstpoll.c:979:gst_poll_fd_ctl_write: 0x55dd10d9e970: fd (fd:0, idx:1), active : 1
0:00:00.018230319  2752 0x55b57b444360 LOG   GST_REGISTRY gstregistrychunks.c:864:_priv_gst_registry_chunks_load_plugin: desc.package='GStreamer source release'
0:00:00.013407729  2753 0x55dd10d7a360 LOG   GST_POLL gstpoll.c:994:gst_poll_fd_ctl_write: 0x55dd10d9e970: pfd->events now 60 (POLLOUT:4)
0:00:00.018240871  2752 0x55b57b444360 LOG   GST_REGISTRY gstregistrychunks.c:865:_priv_gst_registry_chunks_load_plugin: desc.origin='Unknown package origin'
0:00:00.013414678  2753 0x55dd10d7a360 DEBUG   GST_POLL gstpoll.c:979:gst_poll_fd_ctl_write: 0x55dd10d9e970: fd (fd:0, idx:1), active : 1
0:00:00.018247424  2752 0x55b57b444360 LOG   GST_REGISTRY gstregistrychunks.c:866:_priv_gst_registry_chunks_load_plugin: desc.datetime=2021-01-13
0:00:00.013421085  2753 0x55dd10d7a360 LOG   GST_POLL gstpoll.c:994:gst_poll_fd_ctl_write: 0x55dd10d9e970: pfd->events now 60 (POLLOUT:4)
0:00:00.013428137  2753 0x55dd10d7a360 DEBUG   GST_POLL gstpoll.c:979:gst_poll_fd_ctl_write: 0x55dd10d9e970: fd (fd:0, idx:1), active : 1
0:00:00.018263028  2752 0x55b57b444360 DEBUG   GST_REGISTRY gstregistry.c:473:gst_registry_add_plugin: adding plugin 0x55b57b469b90 for filename "/home/conan/w/prod/BuildSingleReference/.conan/data/gstreamer/1.18.3/_/_/package/272fbcd9d24b96d15fa29c90965666ae8e9f2d35/lib/gstreamer-1.0/libgstcoretracers.so"
0:00:00.013434186  2753 0x55dd10d7a360 LOG   GST_POLL gstpoll.c:994:gst_poll_fd_ctl_write: 0x55dd10d9e970: pfd->events now 60 (POLLOUT:4)
0:00:00.013441487  2753 0x55dd10d7a360 DEBUG   GST_POLL gstpoll.c:979:gst_poll_fd_ctl_write: 0x55dd10d9e970: fd (fd:0, idx:1), active : 1
0:00:00.018272440  2752 0x55b57b444360 TRACE   GST_REFCOUNTING gstobject.c:292:gst_object_ref_sink: 0x55b57b469b90 ref_sink 1->2
0:00:00.013447522  2753 0x55dd10d7a360 LOG   GST_POLL gstpoll.c:994:gst_poll_fd_ctl_write: 0x55dd10d9e970: pfd->events now 60 (POLLOUT:4)
0:00:00.018282136  2752 0x55b57b444360 LOG   GST_REGISTRY gstregistry.c:486:gst_registry_add_plugin: emitting plugin-added for filename "/home/conan/w/prod/BuildSingleReference/.conan/data/gstreamer/1.18.3/_/_/package/272fbcd9d24b96d15fa29c90965666ae8e9f2d35/lib/gstreamer-1.0/libgstcoretracers.so"
0:00:00.013454167  2753 0x55dd10d7a360 DEBUG   GST_POLL gstpoll.c:979:gst_poll_fd_ctl_write: 0x55dd10d9e970: fd (fd:0, idx:1), active : 1
0:00:00.018289762  2752 0x55b57b444360 DEBUG   GST_REGISTRY gstregistrychunks.c:886:_priv_gst_registry_chunks_load_plugin: Added plugin 'coretracers' plugin with 5 features from binary registry
0:00:00.013460516  2753 0x55dd10d7a360 LOG   GST_POLL gstpoll.c:994:gst_poll_fd_ctl_write: 0x55dd10d9e970: pfd->events now 60 (POLLOUT:4)
0:00:00.018297620  2752 0x55b57b444360 DEBUG   GST_REGISTRY gstregistrychunks.c:582:gst_registry_chunks_load_feature: Plugin 'coretracers' feature 'leaks' typename : 'GstTracerFactory'
0:00:00.013467605  2753 0x55dd10d7a360 DEBUG   GST_POLL gstpoll.c:979:gst_poll_fd_ctl_write: 0x55dd10d9e970: fd (fd:0, idx:1), active : 1
0:00:00.013475576  2753 0x55dd10d7a360 LOG   GST_POLL gstpoll.c:994:gst_poll_fd_ctl_write: 0x55dd10d9e970: pfd->events now 60 (POLLOUT:4)
0:00:00.013481741  2753 0x55dd10d7a360 DEBUG   GST_POLL gstpoll.c:979:gst_poll_fd_ctl_write: 0x55dd10d9e970: fd (fd:0, idx:1), active : 1
0:00:00.018311196  2752 0x55b57b444360 TRACE   GST_REFCOUNTING gstobject.c:208:gst_object_init: 0x55b57b469f40 new
0:00:00.013497302  2753 0x55dd10d7a360 LOG   GST_POLL gstpoll.c:994:gst_poll_fd_ctl_write: 0x55dd10d9e970: pfd->events now 60 (POLLOUT:4)
0:00:00.018334367  2752 0x55b57b444360 DEBUG   GST_REGISTRY gstregistrychunks.c:716:gst_registry_chunks_load_feature: Reading/casting for GstRegistryChunkPluginFeature at address 0x55b57b464f48
0:00:00.013504202  2753 0x55dd10d7a360 DEBUG   GST_POLL gstpoll.c:979:gst_poll_fd_ctl_write: 0x55dd10d9e970: fd (fd:0, idx:1), active : 1
0:00:00.018342966  2752 0x55b57b444360 DEBUG   GST_REGISTRY gstregistry.c:589:gst_registry_add_feature: adding feature 0x55b57b469f40 (leaks)
0:00:00.013511950  2753 0x55dd10d7a360 LOG   GST_POLL gstpoll.c:994:gst_poll_fd_ctl_write: 0x55dd10d9e970: pfd->events now 60 (POLLOUT:4)
0:00:00.013520804  2753 0x55dd10d7a360 DEBUG   GST_POLL gstpoll.c:979:gst_poll_fd_ctl_write: 0x55dd10d9e970: fd (fd:0, idx:1), active : 1
0:00:00.018351813  2752 0x55b57b444360 DEBUG   GST_REFCOUNTING gstobject.c:708:gst_object_set_parent: set parent (ref and sink)
0:00:00.013526771  2753 0x55dd10d7a360 LOG   GST_POLL gstpoll.c:994:gst_poll_fd_ctl_write: 0x55dd10d9e970: pfd->events now 60 (POLLOUT:4)
0:00:00.018361288  2752 0x55b57b444360 TRACE   GST_REFCOUNTING gstobject.c:292:gst_object_ref_sink: 0x55b57b469f40 ref_sink 1->2
0:00:00.013533647  2753 0x55dd10d7a360 DEBUG   GST_POLL gstpoll.c:979:gst_poll_fd_ctl_write: 0x55dd10d9e970: fd (fd:0, idx:1), active : 1
0:00:00.018368857  2752 0x55b57b444360 LOG   GST_REGISTRY gstregistry.c:607:gst_registry_add_feature: emitting feature-added for leaks
0:00:00.013540068  2753 0x55dd10d7a360 LOG   GST_POLL gstpoll.c:994:gst_poll_fd_ctl_write: 0x55dd10d9e970: pfd->events now 60 (POLLOUT:4)
0:00:00.018376418  2752 0x55b57b444360 DEBUG   GST_REGISTRY gstregistrychunks.c:740:gst_registry_chunks_load_feature: Added feature leaks, plugin 0x55b57b469b90 coretracers
0:00:00.013551325  2753 0x55dd10d7a360 DEBUG   GST_POLL gstpoll.c:979:gst_poll_fd_ctl_write: 0x55dd10d9e970: fd (fd:0, idx:1), active : 1
0:00:00.018385090  2752 0x55b57b444360 DEBUG   GST_REGISTRY gstregistrychunks.c:582:gst_registry_chunks_load_feature: Plugin 'coretracers' feature 'stats' typename : 'GstTracerFactory'
0:00:00.013557826  2753 0x55dd10d7a360 LOG   GST_POLL gstpoll.c:994:gst_poll_fd_ctl_write: 0x55dd10d9e970: pfd->events now 60 (POLLOUT:4)
0:00:00.018393090  2752 0x55b57b444360 TRACE   GST_REFCOUNTING gstobject.c:208:gst_object_init: 0x55b57b46a090 new
0:00:00.013564658  2753 0x55dd10d7a360 DEBUG   GST_POLL gstpoll.c:979:gst_poll_fd_ctl_write: 0x55dd10d9e970: fd (fd:0, idx:1), active : 1
0:00:00.018401894  2752 0x55b57b444360 DEBUG   GST_REGISTRY gstregistrychunks.c:716:gst_registry_chunks_load_feature: Reading/casting for GstRegistryChunkPluginFeature at address 0x55b57b464f68
0:00:00.013571136  2753 0x55dd10d7a360 LOG   GST_POLL gstpoll.c:994:gst_poll_fd_ctl_write: 0x55dd10d9e970: pfd->events now 60 (POLLOUT:4)
0:00:00.018409610  2752 0x55b57b444360 DEBUG   GST_REGISTRY gstregistry.c:589:gst_registry_add_feature: adding feature 0x55b57b46a090 (stats)
0:00:00.013584268  2753 0x55dd10d7a360 DEBUG   GST_POLL gstpoll.c:979:gst_poll_fd_ctl_write: 0x55dd10d9e970: fd (fd:0, idx:1), active : 1
0:00:00.018417424  2752 0x55b57b444360 DEBUG   GST_REFCOUNTING gstobject.c:708:gst_object_set_parent: set parent (ref and sink)
0:00:00.013590732  2753 0x55dd10d7a360 LOG   GST_POLL gstpoll.c:994:gst_poll_fd_ctl_write: 0x55dd10d9e970: pfd->events now 60 (POLLOUT:4)
0:00:00.018424953  2752 0x55b57b444360 TRACE   GST_REFCOUNTING gstobject.c:292:gst_object_ref_sink: 0x55b57b46a090 ref_sink 1->2
0:00:00.013597586  2753 0x55dd10d7a360 LOG   GST_PLUGIN_LOADING gstpluginloader.c:645:put_chunk: Expanding tx buf from 7717 to 10158 for chunk of size 17
0:00:00.018431878  2752 0x55b57b444360 LOG   GST_REGISTRY gstregistry.c:607:gst_registry_add_feature: emitting feature-added for stats
0:00:00.018438869  2752 0x55b57b444360 DEBUG   GST_REGISTRY gstregistrychunks.c:740:gst_registry_chunks_load_feature: Added feature stats, plugin 0x55b57b469b90 coretracers
0:00:00.013610905  2753 0x55dd10d7a360 DEBUG   GST_POLL gstpoll.c:979:gst_poll_fd_ctl_write: 0x55dd10d9e970: fd (fd:0, idx:1), active : 1
0:00:00.018445439  2752 0x55b57b444360 DEBUG   GST_REGISTRY gstregistrychunks.c:582:gst_registry_chunks_load_feature: Plugin 'coretracers' feature 'rusage' typename : 'GstTracerFactory'
0:00:00.013617500  2753 0x55dd10d7a360 LOG   GST_POLL gstpoll.c:994:gst_poll_fd_ctl_write: 0x55dd10d9e970: pfd->events now 60 (POLLOUT:4)
0:00:00.018452906  2752 0x55b57b444360 TRACE   GST_REFCOUNTING gstobject.c:208:gst_object_init: 0x55b57b46a1e0 new
0:00:00.013624287  2753 0x55dd10d7a360 DEBUG   GST_POLL gstpoll.c:979:gst_poll_fd_ctl_write: 0x55dd10d9e970: fd (fd:0, idx:1), active : 1
0:00:00.018460887  2752 0x55b57b444360 DEBUG   GST_REGISTRY gstregistrychunks.c:716:gst_registry_chunks_load_feature: Reading/casting for GstRegistryChunkPluginFeature at address 0x55b57b464f88
0:00:00.013630628  2753 0x55dd10d7a360 LOG   GST_POLL gstpoll.c:994:gst_poll_fd_ctl_write: 0x55dd10d9e970: pfd->events now 60 (POLLOUT:4)
0:00:00.018468355  2752 0x55b57b444360 DEBUG   GST_REGISTRY gstregistry.c:589:gst_registry_add_feature: adding feature 0x55b57b46a1e0 (rusage)
0:00:00.013638700  2753 0x55dd10d7a360 DEBUG   GST_POLL gstpoll.c:979:gst_poll_fd_ctl_write: 0x55dd10d9e970: fd (fd:0, idx:1), active : 1
0:00:00.018474763  2752 0x55b57b444360 DEBUG   GST_REFCOUNTING gstobject.c:708:gst_object_set_parent: set parent (ref and sink)
0:00:00.013645578  2753 0x55dd10d7a360 LOG   GST_POLL gstpoll.c:994:gst_poll_fd_ctl_write: 0x55dd10d9e970: pfd->events now 60 (POLLOUT:4)
0:00:00.018482233  2752 0x55b57b444360 TRACE   GST_REFCOUNTING gstobject.c:292:gst_object_ref_sink: 0x55b57b46a1e0 ref_sink 1->2
0:00:00.013652829  2753 0x55dd10d7a360 DEBUG   GST_POLL gstpoll.c:979:gst_poll_fd_ctl_write: 0x55dd10d9e970: fd (fd:0, idx:1), active : 1
0:00:00.018489215  2752 0x55b57b444360 LOG   GST_REGISTRY gstregistry.c:607:gst_registry_add_feature: emitting feature-added for rusage
0:00:00.013659756  2753 0x55dd10d7a360 LOG   GST_POLL gstpoll.c:994:gst_poll_fd_ctl_write: 0x55dd10d9e970: pfd->events now 60 (POLLOUT:4)
0:00:00.018503098  2752 0x55b57b444360 DEBUG   GST_REGISTRY gstregistrychunks.c:740:gst_registry_chunks_load_feature: Added feature rusage, plugin 0x55b57b469b90 coretracers
0:00:00.013673943  2753 0x55dd10d7a360 DEBUG   GST_POLL gstpoll.c:979:gst_poll_fd_ctl_write: 0x55dd10d9e970: fd (fd:0, idx:1), active : 1
0:00:00.018510220  2752 0x55b57b444360 DEBUG   GST_REGISTRY gstregistrychunks.c:582:gst_registry_chunks_load_feature: Plugin 'coretracers' feature 'log' typename : 'GstTracerFactory'
0:00:00.013680621  2753 0x55dd10d7a360 LOG   GST_POLL gstpoll.c:994:gst_poll_fd_ctl_write: 0x55dd10d9e970: pfd->events now 60 (POLLOUT:4)
0:00:00.018518244  2752 0x55b57b444360 TRACE   GST_REFCOUNTING gstobject.c:208:gst_object_init: 0x55b57b46a340 new
0:00:00.013687831  2753 0x55dd10d7a360 DEBUG   GST_POLL gstpoll.c:979:gst_poll_fd_ctl_write: 0x55dd10d9e970: fd (fd:0, idx:1), active : 1
0:00:00.018526659  2752 0x55b57b444360 DEBUG   GST_REGISTRY gstregistrychunks.c:716:gst_registry_chunks_load_feature: Reading/casting for GstRegistryChunkPluginFeature at address 0x55b57b464fa8
0:00:00.013696431  2753 0x55dd10d7a360 LOG   GST_POLL gstpoll.c:994:gst_poll_fd_ctl_write: 0x55dd10d9e970: pfd->events now 60 (POLLOUT:4)
0:00:00.018534168  2752 0x55b57b444360 DEBUG   GST_REGISTRY gstregistry.c:589:gst_registry_add_feature: adding feature 0x55b57b46a340 (log)
0:00:00.013704322  2753 0x55dd10d7a360 DEBUG   GST_POLL gstpoll.c:979:gst_poll_fd_ctl_write: 0x55dd10d9e970: fd (fd:0, idx:1), active : 1
0:00:00.018540726  2752 0x55b57b444360 DEBUG   GST_REFCOUNTING gstobject.c:708:gst_object_set_parent: set parent (ref and sink)
0:00:00.013711574  2753 0x55dd10d7a360 LOG   GST_POLL gstpoll.c:994:gst_poll_fd_ctl_write: 0x55dd10d9e970: pfd->events now 60 (POLLOUT:4)
0:00:00.018548188  2752 0x55b57b444360 TRACE   GST_REFCOUNTING gstobject.c:292:gst_object_ref_sink: 0x55b57b46a340 ref_sink 1->2
0:00:00.013718855  2753 0x55dd10d7a360 DEBUG   GST_POLL gstpoll.c:979:gst_poll_fd_ctl_write: 0x55dd10d9e970: fd (fd:0, idx:1), active : 1
0:00:00.018555286  2752 0x55b57b444360 LOG   GST_REGISTRY gstregistry.c:607:gst_registry_add_feature: emitting feature-added for log
0:00:00.013725840  2753 0x55dd10d7a360 LOG   GST_POLL gstpoll.c:994:gst_poll_fd_ctl_write: 0x55dd10d9e970: pfd->events now 60 (POLLOUT:4)
0:00:00.018562277  2752 0x55b57b444360 DEBUG   GST_REGISTRY gstregistrychunks.c:740:gst_registry_chunks_load_feature: Added feature log, plugin 0x55b57b469b90 coretracers
0:00:00.013733035  2753 0x55dd10d7a360 DEBUG   GST_POLL gstpoll.c:979:gst_poll_fd_ctl_write: 0x55dd10d9e970: fd (fd:0, idx:1), active : 1
0:00:00.018569245  2752 0x55b57b444360 DEBUG   GST_REGISTRY gstregistrychunks.c:582:gst_registry_chunks_load_feature: Plugin 'coretracers' feature 'latency' typename : 'GstTracerFactory'
0:00:00.013739705  2753 0x55dd10d7a360 LOG   GST_POLL gstpoll.c:994:gst_poll_fd_ctl_write: 0x55dd10d9e970: pfd->events now 60 (POLLOUT:4)
0:00:00.018576776  2752 0x55b57b444360 TRACE   GST_REFCOUNTING gstobject.c:208:gst_object_init: 0x55b57b46a4a0 new
0:00:00.013750916  2753 0x55dd10d7a360 DEBUG   GST_POLL gstpoll.c:979:gst_poll_fd_ctl_write: 0x55dd10d9e970: fd (fd:0, idx:1), active : 1
0:00:00.018585431  2752 0x55b57b444360 DEBUG   GST_REGISTRY gstregistrychunks.c:716:gst_registry_chunks_load_feature: Reading/casting for GstRegistryChunkPluginFeature at address 0x55b57b464fd0
0:00:00.013757466  2753 0x55dd10d7a360 LOG   GST_POLL gstpoll.c:994:gst_poll_fd_ctl_write: 0x55dd10d9e970: pfd->events now 60 (POLLOUT:4)
0:00:00.018592726  2752 0x55b57b444360 DEBUG   GST_REGISTRY gstregistry.c:589:gst_registry_add_feature: adding feature 0x55b57b46a4a0 (latency)
0:00:00.013764199  2753 0x55dd10d7a360 DEBUG   GST_POLL gstpoll.c:979:gst_poll_fd_ctl_write: 0x55dd10d9e970: fd (fd:0, idx:1), active : 1
0:00:00.018598859  2752 0x55b57b444360 DEBUG   GST_REFCOUNTING gstobject.c:708:gst_object_set_parent: set parent (ref and sink)
0:00:00.013770542  2753 0x55dd10d7a360 LOG   GST_POLL gstpoll.c:994:gst_poll_fd_ctl_write: 0x55dd10d9e970: pfd->events now 60 (POLLOUT:4)
0:00:00.018606302  2752 0x55b57b444360 TRACE   GST_REFCOUNTING gstobject.c:292:gst_object_ref_sink: 0x55b57b46a4a0 ref_sink 1->2
0:00:00.013777213  2753 0x55dd10d7a360 DEBUG   GST_POLL gstpoll.c:979:gst_poll_fd_ctl_write: 0x55dd10d9e970: fd (fd:0, idx:1), active : 1
0:00:00.018613227  2752 0x55b57b444360 LOG   GST_REGISTRY gstregistry.c:607:gst_registry_add_feature: emitting feature-added for latency
0:00:00.013783957  2753 0x55dd10d7a360 LOG   GST_POLL gstpoll.c:994:gst_poll_fd_ctl_write: 0x55dd10d9e970: pfd->events now 60 (POLLOUT:4)
0:00:00.018620487  2752 0x55b57b444360 DEBUG   GST_REGISTRY gstregistrychunks.c:740:gst_registry_chunks_load_feature: Added feature latency, plugin 0x55b57b469b90 coretracers
0:00:00.013791843  2753 0x55dd10d7a360 TRACE   GST_REFCOUNTING gstobject.c:264:gst_object_unref: 0x55dd10d9ff90 unref 2->1
0:00:00.018628289  2752 0x55b57b444360 LOG   GST_PLUGIN_LOADING gstpluginloader.c:887:handle_rx_packet: marking plugin 0x55b57b469b90 as registered as /home/conan/w/prod/BuildSingleReference/.conan/data/gstreamer/1.18.3/_/_/package/272fbcd9d24b96d15fa29c90965666ae8e9f2d35/lib/gstreamer-1.0/libgstcoretracers.so
0:00:00.013799265  2753 0x55dd10d7a360 DEBUG   GST_POLL gstpoll.c:1241:gst_poll_fd_has_error: 0x55dd10d9e970: fd (fd:0, idx:1) 0
0:00:00.013806509  2753 0x55dd10d7a360 DEBUG   GST_POLL gstpoll.c:1335:gst_poll_fd_can_write: 0x55dd10d9e970: fd (fd:0, idx:1) 1
0:00:00.018641498  2752 0x55b57b444360 DEBUG   GST_POLL gstpoll.c:1414:gst_poll_wait: 0x55b57b469530: timeout :0:00:01.000000000
0:00:00.013812553  2753 0x55dd10d7a360 LOG   GST_PLUGIN_LOADING gstpluginloader.c:690:write_one: Writing packet of size 6872 bytes to fd 0
0:00:00.013827976  2753 0x55dd10d7a360 DEBUG   GST_POLL gstpoll.c:1414:gst_poll_wait: 0x55dd10d9e970: timeout :0:00:01.000000000
0:00:00.013836799  2753 0x55dd10d7a360 LOG   GST_PLUGIN_LOADING gstpluginloader.c:1027:exchange_packets: Poll res = 2. 488 bytes pending for write
0:00:00.018667571  2752 0x55b57b444360 LOG   GST_PLUGIN_LOADING gstpluginloader.c:1027:exchange_packets: Poll res = 1. 0 bytes pending for write
0:00:00.013843493  2753 0x55dd10d7a360 DEBUG   GST_POLL gstpoll.c:1241:gst_poll_fd_has_error: 0x55dd10d9e970: fd (fd:5, idx:2) 0
0:00:00.018683054  2752 0x55b57b444360 DEBUG   GST_POLL gstpoll.c:1241:gst_poll_fd_has_error: 0x55b57b469530: fd (fd:8, idx:2) 0
0:00:00.013853434  2753 0x55dd10d7a360 DEBUG   GST_POLL gstpoll.c:1266:gst_poll_fd_can_read_unlocked: 0x55dd10d9e970: fd (fd:5, idx:2) 1
0:00:00.018690839  2752 0x55b57b444360 DEBUG   GST_POLL gstpoll.c:1266:gst_poll_fd_can_read_unlocked: 0x55b57b469530: fd (fd:8, idx:2) 1
0:00:00.013864113  2753 0x55dd10d7a360 DEBUG   GST_PLUGIN_LOADING gstpluginloader.c:722:do_plugin_load: Plugin scanner loading file /home/conan/w/prod/BuildSingleReference/.conan/data/gstreamer/1.18.3/_/_/package/272fbcd9d24b96d15fa29c90965666ae8e9f2d35/lib/gstreamer-1.0/libgstcoreelements.so. tag 3
0:00:00.018699635  2752 0x55b57b444360 LOG   GST_PLUGIN_LOADING gstpluginloader.c:985:read_one: Expanding rx buf from 512 to 7384
0:00:00.013872049  2753 0x55dd10d7a360 TRACE   GST_REFCOUNTING gstobject.c:237:gst_object_ref: 0x55dd10da24a0 ref 1->2
0:00:00.013879936  2753 0x55dd10d7a360 TRACE   GST_REFCOUNTING gstobject.c:237:gst_object_ref: 0x55dd10dc0f00 ref 1->2
0:00:00.013886872  2753 0x55dd10d7a360 TRACE   GST_REFCOUNTING gstobject.c:237:gst_object_ref: 0x55dd10dc0210 ref 1->2
0:00:00.018719171  2752 0x55b57b444360 DEBUG   GST_PLUGIN_LOADING gstpluginloader.c:848:handle_rx_packet: Received plugin details from child w/ tag 1. 6860 bytes info
0:00:00.013893679  2753 0x55dd10d7a360 TRACE   GST_REFCOUNTING gstobject.c:237:gst_object_ref: 0x55dd10dbe730 ref 1->2
0:00:00.018726673  2752 0x55b57b444360 LOG   GST_REGISTRY gstregistrychunks.c:836:_priv_gst_registry_chunks_load_plugin: Reading/casting for GstRegistryChunkPluginElement at address 0x55b57b46a570
0:00:00.018748558  2752 0x55b57b444360 TRACE   GST_REFCOUNTING gstobject.c:208:gst_object_init: 0x55b57b46c250 new
0:00:00.013901034  2753 0x55dd10d7a360 TRACE   GST_REFCOUNTING gstobject.c:237:gst_object_ref: 0x55dd10dbd740 ref 1->2
0:00:00.018761570  2752 0x55b57b444360 LOG   GST_REGISTRY gstregistrychunks.c:858:_priv_gst_registry_chunks_load_plugin: read strings for name='coreelements'
0:00:00.018768024  2752 0x55b57b444360 LOG   GST_REGISTRY gstregistrychunks.c:859:_priv_gst_registry_chunks_load_plugin: desc.description='GStreamer core elements'
0:00:00.013932787  2753 0x55dd10d7a360 TRACE   GST_REFCOUNTING gstobject.c:237:gst_object_ref: 0x55dd10dbc360 ref 1->2
0:00:00.018773945  2752 0x55b57b444360 LOG   GST_REGISTRY gstregistrychunks.c:860:_priv_gst_registry_chunks_load_plugin: filename='/home/conan/w/prod/BuildSingleReference/.conan/data/gstreamer/1.18.3/_/_/package/272fbcd9d24b96d15fa29c90965666ae8e9f2d35/lib/gstreamer-1.0/libgstcoreelements.so'
0:00:00.018779894  2752 0x55b57b444360 LOG   GST_REGISTRY gstregistrychunks.c:861:_priv_gst_registry_chunks_load_plugin: desc.version='1.18.3'
0:00:00.013948696  2753 0x55dd10d7a360 TRACE   GST_REFCOUNTING gstobject.c:237:gst_object_ref: 0x55dd10dbaee0 ref 1->2
0:00:00.018785304  2752 0x55b57b444360 LOG   GST_REGISTRY gstregistrychunks.c:862:_priv_gst_registry_chunks_load_plugin: desc.license='LGPL'
0:00:00.013963795  2753 0x55dd10d7a360 TRACE   GST_REFCOUNTING gstobject.c:237:gst_object_ref: 0x55dd10db9730 ref 1->2
0:00:00.018796069  2752 0x55b57b444360 LOG   GST_REGISTRY gstregistrychunks.c:863:_priv_gst_registry_chunks_load_plugin: desc.source='gstreamer'
0:00:00.013971523  2753 0x55dd10d7a360 TRACE   GST_REFCOUNTING gstobject.c:237:gst_object_ref: 0x55dd10db7380 ref 1->2
0:00:00.018804246  2752 0x55b57b444360 LOG   GST_REGISTRY gstregistrychunks.c:864:_priv_gst_registry_chunks_load_plugin: desc.package='GStreamer source release'
0:00:00.013979025  2753 0x55dd10d7a360 TRACE   GST_REFCOUNTING gstobject.c:237:gst_object_ref: 0x55dd10db6260 ref 1->2
0:00:00.018811858  2752 0x55b57b444360 LOG   GST_REGISTRY gstregistrychunks.c:865:_priv_gst_registry_chunks_load_plugin: desc.origin='Unknown package origin'
0:00:00.013986623  2753 0x55dd10d7a360 TRACE   GST_REFCOUNTING gstobject.c:237:gst_object_ref: 0x55dd10db4fd0 ref 1->2
0:00:00.013993868  2753 0x55dd10d7a360 TRACE   GST_REFCOUNTING gstobject.c:237:gst_object_ref: 0x55dd10db39e0 ref 1->2
0:00:00.018819056  2752 0x55b57b444360 LOG   GST_REGISTRY gstregistrychunks.c:866:_priv_gst_registry_chunks_load_plugin: desc.datetime=2021-01-13
0:00:00.014000650  2753 0x55dd10d7a360 TRACE   GST_REFCOUNTING gstobject.c:237:gst_object_ref: 0x55dd10db2d20 ref 1->2
0:00:00.018835598  2752 0x55b57b444360 DEBUG   GST_REGISTRY gstregistry.c:473:gst_registry_add_plugin: adding plugin 0x55b57b46c250 for filename "/home/conan/w/prod/BuildSingleReference/.conan/data/gstreamer/1.18.3/_/_/package/272fbcd9d24b96d15fa29c90965666ae8e9f2d35/lib/gstreamer-1.0/libgstcoreelements.so"
0:00:00.014007940  2753 0x55dd10d7a360 TRACE   GST_REFCOUNTING gstobject.c:237:gst_object_ref: 0x55dd10db1f40 ref 1->2
0:00:00.018843696  2752 0x55b57b444360 TRACE   GST_REFCOUNTING gstobject.c:292:gst_object_ref_sink: 0x55b57b46c250 ref_sink 1->2
0:00:00.014015274  2753 0x55dd10d7a360 TRACE   GST_REFCOUNTING gstobject.c:237:gst_object_ref: 0x55dd10db10e0 ref 1->2
0:00:00.018851278  2752 0x55b57b444360 LOG   GST_REGISTRY gstregistry.c:486:gst_registry_add_plugin: emitting plugin-added for filename "/home/conan/w/prod/BuildSingleReference/.conan/data/gstreamer/1.18.3/_/_/package/272fbcd9d24b96d15fa29c90965666ae8e9f2d35/lib/gstreamer-1.0/libgstcoreelements.so"
0:00:00.014022599  2753 0x55dd10d7a360 TRACE   GST_REFCOUNTING gstobject.c:237:gst_object_ref: 0x55dd10daec30 ref 1->2
0:00:00.018858553  2752 0x55b57b444360 DEBUG   GST_REGISTRY gstregistrychunks.c:886:_priv_gst_registry_chunks_load_plugin: Added plugin 'coreelements' plugin with 22 features from binary registry
0:00:00.014029625  2753 0x55dd10d7a360 TRACE   GST_REFCOUNTING gstobject.c:237:gst_object_ref: 0x55dd10dac650 ref 1->2
0:00:00.018865893  2752 0x55b57b444360 DEBUG   GST_REGISTRY gstregistrychunks.c:582:gst_registry_chunks_load_feature: Plugin 'coreelements' feature 'streamiddemux' typename : 'GstElementFactory'
0:00:00.014036846  2753 0x55dd10d7a360 TRACE   GST_REFCOUNTING gstobject.c:237:gst_object_ref: 0x55dd10daa9d0 ref 1->2
0:00:00.014048796  2753 0x55dd10d7a360 TRACE   GST_REFCOUNTING gstobject.c:237:gst_object_ref: 0x55dd10da9830 ref 1->2
0:00:00.018881074  2752 0x55b57b444360 TRACE   GST_REFCOUNTING gstobject.c:208:gst_object_init: 0x55b57b4698c0 new
0:00:00.014055598  2753 0x55dd10d7a360 TRACE   GST_REFCOUNTING gstobject.c:237:gst_object_ref: 0x55dd10da78a0 ref 1->2
0:00:00.018890283  2752 0x55b57b444360 LOG   GST_REGISTRY gstregistrychunks.c:609:gst_registry_chunks_load_feature: Reading/casting for GstRegistryChunkElementFactory at address 0x55b57b46a6c8
0:00:00.014062793  2753 0x55dd10d7a360 TRACE   GST_REFCOUNTING gstobject.c:237:gst_object_ref: 0x55dd10da6a30 ref 1->2
0:00:00.018898612  2752 0x55b57b444360 TRACE   structure gststructure.c:287:gst_structure_new_id_empty_with_size: created structure 0x55b57b46c380
0:00:00.014070010  2753 0x55dd10d7a360 TRACE   GST_REFCOUNTING gstobject.c:237:gst_object_ref: 0x55dd10da5d50 ref 1->2
0:00:00.018906741  2752 0x55b57b444360 DEBUG   structure gststructure.c:2203:gst_structure_parse_field: trying field name 'long-name'
