0:00:00.015520455  2753 0x55dd10d7a360 DEBUG   GST_POLL gstpoll.c:979:gst_poll_fd_ctl_write: 0x55dd10d9e970: fd (fd:0, idx:1), active : 1
0:00:00.020353724  2752 0x55b57b444360 DEBUG   default gstvalue.c:2676:_priv_gst_value_parse_value: trying type name 'string'
0:00:00.015527158  2753 0x55dd10d7a360 LOG   GST_POLL gstpoll.c:994:gst_poll_fd_ctl_write: 0x55dd10d9e970: pfd->events now 60 (POLLOUT:4)
0:00:00.020361443  2752 0x55b57b444360 DEBUG   structure gststructure.c:2203:gst_structure_parse_field: trying field name 'author'
0:00:00.015533701  2753 0x55dd10d7a360 DEBUG   GST_POLL gstpoll.c:979:gst_poll_fd_ctl_write: 0x55dd10d9e970: fd (fd:0, idx:1), active : 1
0:00:00.020370427  2752 0x55b57b444360 DEBUG   default gstvalue.c:2676:_priv_gst_value_parse_value: trying type name 'string'
0:00:00.015540203  2753 0x55dd10d7a360 LOG   GST_POLL gstpoll.c:994:gst_poll_fd_ctl_write: 0x55dd10d9e970: pfd->events now 60 (POLLOUT:4)
0:00:00.020377513  2752 0x55b57b444360 DEBUG   GST_REGISTRY gstregistrychunks.c:626:gst_registry_chunks_load_feature: Element factory : npadtemplates=2
0:00:00.015551536  2753 0x55dd10d7a360 DEBUG   GST_POLL gstpoll.c:979:gst_poll_fd_ctl_write: 0x55dd10d9e970: fd (fd:0, idx:1), active : 1
0:00:00.020384564  2752 0x55b57b444360 DEBUG   GST_REGISTRY gstregistrychunks.c:525:gst_registry_chunks_load_pad_template: Reading/casting for GstRegistryChunkPadTemplate at address 0x55b57b46b0b0
0:00:00.015558087  2753 0x55dd10d7a360 LOG   GST_POLL gstpoll.c:994:gst_poll_fd_ctl_write: 0x55dd10d9e970: pfd->events now 60 (POLLOUT:4)
0:00:00.020391571  2752 0x55b57b444360 DEBUG   GST_REGISTRY gstregistrychunks.c:539:gst_registry_chunks_load_pad_template: Added pad_template src_%u
0:00:00.015569812  2753 0x55dd10d7a360 DEBUG   GST_POLL gstpoll.c:979:gst_poll_fd_ctl_write: 0x55dd10d9e970: fd (fd:0, idx:1), active : 1
0:00:00.020402749  2752 0x55b57b444360 DEBUG   GST_REGISTRY gstregistrychunks.c:525:gst_registry_chunks_load_pad_template: Reading/casting for GstRegistryChunkPadTemplate at address 0x55b57b46b0c8
0:00:00.015576230  2753 0x55dd10d7a360 LOG   GST_POLL gstpoll.c:994:gst_poll_fd_ctl_write: 0x55dd10d9e970: pfd->events now 60 (POLLOUT:4)
0:00:00.020409420  2752 0x55b57b444360 DEBUG   GST_REGISTRY gstregistrychunks.c:539:gst_registry_chunks_load_pad_template: Added pad_template sink
0:00:00.015582966  2753 0x55dd10d7a360 DEBUG   GST_POLL gstpoll.c:979:gst_poll_fd_ctl_write: 0x55dd10d9e970: fd (fd:0, idx:1), active : 1
0:00:00.020417334  2752 0x55b57b444360 DEBUG   GST_REGISTRY gstregistry.c:589:gst_registry_add_feature: adding feature 0x55b57b46ea50 (output-selector)
0:00:00.015589325  2753 0x55dd10d7a360 LOG   GST_POLL gstpoll.c:994:gst_poll_fd_ctl_write: 0x55dd10d9e970: pfd->events now 60 (POLLOUT:4)
0:00:00.020425734  2752 0x55b57b444360 DEBUG   GST_REFCOUNTING gstobject.c:708:gst_object_set_parent: set parent (ref and sink)
0:00:00.015596202  2753 0x55dd10d7a360 DEBUG   GST_POLL gstpoll.c:979:gst_poll_fd_ctl_write: 0x55dd10d9e970: fd (fd:0, idx:1), active : 1
0:00:00.020433456  2752 0x55b57b444360 TRACE   GST_REFCOUNTING gstobject.c:292:gst_object_ref_sink: 0x55b57b46ea50 ref_sink 1->2
0:00:00.015603667  2753 0x55dd10d7a360 LOG   GST_POLL gstpoll.c:994:gst_poll_fd_ctl_write: 0x55dd10d9e970: pfd->events now 60 (POLLOUT:4)
0:00:00.020440417  2752 0x55b57b444360 LOG   GST_REGISTRY gstregistry.c:607:gst_registry_add_feature: emitting feature-added for output-selector
0:00:00.015611509  2753 0x55dd10d7a360 DEBUG   GST_POLL gstpoll.c:979:gst_poll_fd_ctl_write: 0x55dd10d9e970: fd (fd:0, idx:1), active : 1
0:00:00.020447745  2752 0x55b57b444360 DEBUG   GST_REGISTRY gstregistrychunks.c:740:gst_registry_chunks_load_feature: Added feature output-selector, plugin 0x55b57b46c250 coreelements
0:00:00.015617860  2753 0x55dd10d7a360 LOG   GST_POLL gstpoll.c:994:gst_poll_fd_ctl_write: 0x55dd10d9e970: pfd->events now 60 (POLLOUT:4)
0:00:00.020454743  2752 0x55b57b444360 DEBUG   GST_REGISTRY gstregistrychunks.c:582:gst_registry_chunks_load_feature: Plugin 'coreelements' feature 'input-selector' typename : 'GstElementFactory'
0:00:00.015625568  2753 0x55dd10d7a360 DEBUG   GST_POLL gstpoll.c:979:gst_poll_fd_ctl_write: 0x55dd10d9e970: fd (fd:0, idx:1), active : 1
0:00:00.020462534  2752 0x55b57b444360 TRACE   GST_REFCOUNTING gstobject.c:208:gst_object_init: 0x55b57b46f410 new
0:00:00.015631929  2753 0x55dd10d7a360 LOG   GST_POLL gstpoll.c:994:gst_poll_fd_ctl_write: 0x55dd10d9e970: pfd->events now 60 (POLLOUT:4)
0:00:00.020470787  2752 0x55b57b444360 LOG   GST_REGISTRY gstregistrychunks.c:609:gst_registry_chunks_load_feature: Reading/casting for GstRegistryChunkElementFactory at address 0x55b57b46b100
0:00:00.015640838  2753 0x55dd10d7a360 DEBUG   GST_POLL gstpoll.c:979:gst_poll_fd_ctl_write: 0x55dd10d9e970: fd (fd:0, idx:1), active : 1
0:00:00.015652909  2753 0x55dd10d7a360 LOG   GST_POLL gstpoll.c:994:gst_poll_fd_ctl_write: 0x55dd10d9e970: pfd->events now 60 (POLLOUT:4)
0:00:00.020484321  2752 0x55b57b444360 TRACE   structure gststructure.c:287:gst_structure_new_id_empty_with_size: created structure 0x55b57b46f500
0:00:00.015659244  2753 0x55dd10d7a360 DEBUG   GST_POLL gstpoll.c:979:gst_poll_fd_ctl_write: 0x55dd10d9e970: fd (fd:0, idx:1), active : 1
0:00:00.020492524  2752 0x55b57b444360 DEBUG   structure gststructure.c:2203:gst_structure_parse_field: trying field name 'long-name'
0:00:00.015665708  2753 0x55dd10d7a360 LOG   GST_POLL gstpoll.c:994:gst_poll_fd_ctl_write: 0x55dd10d9e970: pfd->events now 60 (POLLOUT:4)
0:00:00.020499066  2752 0x55b57b444360 DEBUG   default gstvalue.c:2676:_priv_gst_value_parse_value: trying type name 'string'
0:00:00.015672408  2753 0x55dd10d7a360 DEBUG   GST_POLL gstpoll.c:979:gst_poll_fd_ctl_write: 0x55dd10d9e970: fd (fd:0, idx:1), active : 1
0:00:00.020506143  2752 0x55b57b444360 DEBUG   structure gststructure.c:2203:gst_structure_parse_field: trying field name 'klass'
0:00:00.015678782  2753 0x55dd10d7a360 LOG   GST_POLL gstpoll.c:994:gst_poll_fd_ctl_write: 0x55dd10d9e970: pfd->events now 60 (POLLOUT:4)
0:00:00.020512551  2752 0x55b57b444360 DEBUG   default gstvalue.c:2676:_priv_gst_value_parse_value: trying type name 'string'
0:00:00.015685567  2753 0x55dd10d7a360 DEBUG   GST_POLL gstpoll.c:979:gst_poll_fd_ctl_write: 0x55dd10d9e970: fd (fd:0, idx:1), active : 1
0:00:00.020519301  2752 0x55b57b444360 DEBUG   structure gststructure.c:2203:gst_structure_parse_field: trying field name 'description'
0:00:00.015692088  2753 0x55dd10d7a360 LOG   GST_POLL gstpoll.c:994:gst_poll_fd_ctl_write: 0x55dd10d9e970: pfd->events now 60 (POLLOUT:4)
0:00:00.020525376  2752 0x55b57b444360 DEBUG   default gstvalue.c:2676:_priv_gst_value_parse_value: trying type name 'string'
0:00:00.015698815  2753 0x55dd10d7a360 DEBUG   GST_POLL gstpoll.c:979:gst_poll_fd_ctl_write: 0x55dd10d9e970: fd (fd:0, idx:1), active : 1
0:00:00.020532663  2752 0x55b57b444360 DEBUG   structure gststructure.c:2203:gst_structure_parse_field: trying field name 'author'
0:00:00.015705479  2753 0x55dd10d7a360 LOG   GST_POLL gstpoll.c:994:gst_poll_fd_ctl_write: 0x55dd10d9e970: pfd->events now 60 (POLLOUT:4)
0:00:00.020538744  2752 0x55b57b444360 DEBUG   default gstvalue.c:2676:_priv_gst_value_parse_value: trying type name 'string'
0:00:00.015712425  2753 0x55dd10d7a360 DEBUG   GST_POLL gstpoll.c:979:gst_poll_fd_ctl_write: 0x55dd10d9e970: fd (fd:0, idx:1), active : 1
0:00:00.020547814  2752 0x55b57b444360 DEBUG   GST_REGISTRY gstregistrychunks.c:626:gst_registry_chunks_load_feature: Element factory : npadtemplates=2
0:00:00.015718926  2753 0x55dd10d7a360 LOG   GST_POLL gstpoll.c:994:gst_poll_fd_ctl_write: 0x55dd10d9e970: pfd->events now 60 (POLLOUT:4)
0:00:00.020553817  2752 0x55b57b444360 DEBUG   GST_REGISTRY gstregistrychunks.c:525:gst_registry_chunks_load_pad_template: Reading/casting for GstRegistryChunkPadTemplate at address 0x55b57b46b230
0:00:00.015725786  2753 0x55dd10d7a360 DEBUG   GST_POLL gstpoll.c:979:gst_poll_fd_ctl_write: 0x55dd10d9e970: fd (fd:0, idx:1), active : 1
0:00:00.020563777  2752 0x55b57b444360 DEBUG   GST_REGISTRY gstregistrychunks.c:539:gst_registry_chunks_load_pad_template: Added pad_template src
0:00:00.015735033  2753 0x55dd10d7a360 LOG   GST_POLL gstpoll.c:994:gst_poll_fd_ctl_write: 0x55dd10d9e970: pfd->events now 60 (POLLOUT:4)
0:00:00.020570082  2752 0x55b57b444360 DEBUG   GST_REGISTRY gstregistrychunks.c:525:gst_registry_chunks_load_pad_template: Reading/casting for GstRegistryChunkPadTemplate at address 0x55b57b46b240
0:00:00.015742211  2753 0x55dd10d7a360 LOG   GST_PLUGIN_LOADING gstpluginloader.c:645:put_chunk: Expanding tx buf from 10158 to 13209 for chunk of size 209
0:00:00.020576272  2752 0x55b57b444360 DEBUG   GST_REGISTRY gstregistrychunks.c:539:gst_registry_chunks_load_pad_template: Added pad_template sink_%u
0:00:00.020584144  2752 0x55b57b444360 DEBUG   GST_REGISTRY gstregistry.c:589:gst_registry_add_feature: adding feature 0x55b57b46f410 (input-selector)
0:00:00.020590141  2752 0x55b57b444360 DEBUG   GST_REFCOUNTING gstobject.c:708:gst_object_set_parent: set parent (ref and sink)
0:00:00.015764294  2753 0x55dd10d7a360 DEBUG   GST_POLL gstpoll.c:979:gst_poll_fd_ctl_write: 0x55dd10d9e970: fd (fd:0, idx:1), active : 1
0:00:00.020597640  2752 0x55b57b444360 TRACE   GST_REFCOUNTING gstobject.c:292:gst_object_ref_sink: 0x55b57b46f410 ref_sink 1->2
0:00:00.015771626  2753 0x55dd10d7a360 LOG   GST_POLL gstpoll.c:994:gst_poll_fd_ctl_write: 0x55dd10d9e970: pfd->events now 60 (POLLOUT:4)
0:00:00.020604778  2752 0x55b57b444360 LOG   GST_REGISTRY gstregistry.c:607:gst_registry_add_feature: emitting feature-added for input-selector
0:00:00.015779168  2753 0x55dd10d7a360 DEBUG   GST_POLL gstpoll.c:979:gst_poll_fd_ctl_write: 0x55dd10d9e970: fd (fd:0, idx:1), active : 1
0:00:00.020612598  2752 0x55b57b444360 DEBUG   GST_REGISTRY gstregistrychunks.c:740:gst_registry_chunks_load_feature: Added feature input-selector, plugin 0x55b57b46c250 coreelements
0:00:00.015785816  2753 0x55dd10d7a360 LOG   GST_POLL gstpoll.c:994:gst_poll_fd_ctl_write: 0x55dd10d9e970: pfd->events now 60 (POLLOUT:4)
0:00:00.020619656  2752 0x55b57b444360 DEBUG   GST_REGISTRY gstregistrychunks.c:582:gst_registry_chunks_load_feature: Plugin 'coreelements' feature 'identity' typename : 'GstElementFactory'
0:00:00.015792816  2753 0x55dd10d7a360 DEBUG   GST_POLL gstpoll.c:979:gst_poll_fd_ctl_write: 0x55dd10d9e970: fd (fd:0, idx:1), active : 1
0:00:00.020627456  2752 0x55b57b444360 TRACE   GST_REFCOUNTING gstobject.c:208:gst_object_init: 0x55b57b46fa90 new
0:00:00.015799394  2753 0x55dd10d7a360 LOG   GST_POLL gstpoll.c:994:gst_poll_fd_ctl_write: 0x55dd10d9e970: pfd->events now 60 (POLLOUT:4)
0:00:00.020635488  2752 0x55b57b444360 LOG   GST_REGISTRY gstregistrychunks.c:609:gst_registry_chunks_load_feature: Reading/casting for GstRegistryChunkElementFactory at address 0x55b57b46b270
0:00:00.015806293  2753 0x55dd10d7a360 DEBUG   GST_POLL gstpoll.c:979:gst_poll_fd_ctl_write: 0x55dd10d9e970: fd (fd:0, idx:1), active : 1
0:00:00.020642301  2752 0x55b57b444360 TRACE   structure gststructure.c:287:gst_structure_new_id_empty_with_size: created structure 0x55b57b46fcc0
0:00:00.015817475  2753 0x55dd10d7a360 LOG   GST_POLL gstpoll.c:994:gst_poll_fd_ctl_write: 0x55dd10d9e970: pfd->events now 60 (POLLOUT:4)
0:00:00.020650811  2752 0x55b57b444360 DEBUG   structure gststructure.c:2203:gst_structure_parse_field: trying field name 'long-name'
0:00:00.015824688  2753 0x55dd10d7a360 DEBUG   GST_POLL gstpoll.c:979:gst_poll_fd_ctl_write: 0x55dd10d9e970: fd (fd:0, idx:1), active : 1
0:00:00.020657809  2752 0x55b57b444360 DEBUG   default gstvalue.c:2676:_priv_gst_value_parse_value: trying type name 'string'
0:00:00.015831485  2753 0x55dd10d7a360 LOG   GST_POLL gstpoll.c:994:gst_poll_fd_ctl_write: 0x55dd10d9e970: pfd->events now 60 (POLLOUT:4)
0:00:00.020665364  2752 0x55b57b444360 DEBUG   structure gststructure.c:2203:gst_structure_parse_field: trying field name 'klass'
0:00:00.015838187  2753 0x55dd10d7a360 DEBUG   GST_POLL gstpoll.c:979:gst_poll_fd_ctl_write: 0x55dd10d9e970: fd (fd:0, idx:1), active : 1
0:00:00.020671574  2752 0x55b57b444360 DEBUG   default gstvalue.c:2676:_priv_gst_value_parse_value: trying type name 'string'
0:00:00.015844698  2753 0x55dd10d7a360 LOG   GST_POLL gstpoll.c:994:gst_poll_fd_ctl_write: 0x55dd10d9e970: pfd->events now 60 (POLLOUT:4)
0:00:00.020678475  2752 0x55b57b444360 DEBUG   structure gststructure.c:2203:gst_structure_parse_field: trying field name 'description'
0:00:00.015851369  2753 0x55dd10d7a360 DEBUG   GST_POLL gstpoll.c:979:gst_poll_fd_ctl_write: 0x55dd10d9e970: fd (fd:0, idx:1), active : 1
0:00:00.020684593  2752 0x55b57b444360 DEBUG   default gstvalue.c:2676:_priv_gst_value_parse_value: trying type name 'string'
0:00:00.015857870  2753 0x55dd10d7a360 LOG   GST_POLL gstpoll.c:994:gst_poll_fd_ctl_write: 0x55dd10d9e970: pfd->events now 60 (POLLOUT:4)
0:00:00.020692213  2752 0x55b57b444360 DEBUG   structure gststructure.c:2203:gst_structure_parse_field: trying field name 'author'
0:00:00.015864693  2753 0x55dd10d7a360 DEBUG   GST_POLL gstpoll.c:979:gst_poll_fd_ctl_write: 0x55dd10d9e970: fd (fd:0, idx:1), active : 1
0:00:00.020698465  2752 0x55b57b444360 DEBUG   default gstvalue.c:2676:_priv_gst_value_parse_value: trying type name 'string'
0:00:00.015871394  2753 0x55dd10d7a360 LOG   GST_POLL gstpoll.c:994:gst_poll_fd_ctl_write: 0x55dd10d9e970: pfd->events now 60 (POLLOUT:4)
0:00:00.020705717  2752 0x55b57b444360 DEBUG   GST_REGISTRY gstregistrychunks.c:626:gst_registry_chunks_load_feature: Element factory : npadtemplates=2
0:00:00.015878160  2753 0x55dd10d7a360 DEBUG   GST_POLL gstpoll.c:979:gst_poll_fd_ctl_write: 0x55dd10d9e970: fd (fd:0, idx:1), active : 1
0:00:00.020713661  2752 0x55b57b444360 DEBUG   GST_REGISTRY gstregistrychunks.c:525:gst_registry_chunks_load_pad_template: Reading/casting for GstRegistryChunkPadTemplate at address 0x55b57b46b340
0:00:00.015884724  2753 0x55dd10d7a360 LOG   GST_POLL gstpoll.c:994:gst_poll_fd_ctl_write: 0x55dd10d9e970: pfd->events now 60 (POLLOUT:4)
0:00:00.020719816  2752 0x55b57b444360 DEBUG   GST_REGISTRY gstregistrychunks.c:539:gst_registry_chunks_load_pad_template: Added pad_template sink
0:00:00.015895571  2753 0x55dd10d7a360 DEBUG   GST_POLL gstpoll.c:979:gst_poll_fd_ctl_write: 0x55dd10d9e970: fd (fd:0, idx:1), active : 1
0:00:00.020728394  2752 0x55b57b444360 DEBUG   GST_REGISTRY gstregistrychunks.c:525:gst_registry_chunks_load_pad_template: Reading/casting for GstRegistryChunkPadTemplate at address 0x55b57b46b358
0:00:00.020735580  2752 0x55b57b444360 DEBUG   GST_REGISTRY gstregistrychunks.c:539:gst_registry_chunks_load_pad_template: Added pad_template src
0:00:00.015911500  2753 0x55dd10d7a360 LOG   GST_POLL gstpoll.c:994:gst_poll_fd_ctl_write: 0x55dd10d9e970: pfd->events now 60 (POLLOUT:4)
0:00:00.015918798  2753 0x55dd10d7a360 DEBUG   GST_POLL gstpoll.c:979:gst_poll_fd_ctl_write: 0x55dd10d9e970: fd (fd:0, idx:1), active : 1
0:00:00.020743895  2752 0x55b57b444360 DEBUG   GST_REGISTRY gstregistry.c:589:gst_registry_add_feature: adding feature 0x55b57b46fa90 (identity)
0:00:00.015924847  2753 0x55dd10d7a360 LOG   GST_POLL gstpoll.c:994:gst_poll_fd_ctl_write: 0x55dd10d9e970: pfd->events now 60 (POLLOUT:4)
0:00:00.020762981  2752 0x55b57b444360 DEBUG   GST_REFCOUNTING gstobject.c:708:gst_object_set_parent: set parent (ref and sink)
0:00:00.015934303  2753 0x55dd10d7a360 DEBUG   GST_POLL gstpoll.c:979:gst_poll_fd_ctl_write: 0x55dd10d9e970: fd (fd:0, idx:1), active : 1
0:00:00.020771055  2752 0x55b57b444360 TRACE   GST_REFCOUNTING gstobject.c:292:gst_object_ref_sink: 0x55b57b46fa90 ref_sink 1->2
0:00:00.015941223  2753 0x55dd10d7a360 LOG   GST_POLL gstpoll.c:994:gst_poll_fd_ctl_write: 0x55dd10d9e970: pfd->events now 60 (POLLOUT:4)
0:00:00.020778331  2752 0x55b57b444360 LOG   GST_REGISTRY gstregistry.c:607:gst_registry_add_feature: emitting feature-added for identity
0:00:00.015949406  2753 0x55dd10d7a360 DEBUG   GST_POLL gstpoll.c:979:gst_poll_fd_ctl_write: 0x55dd10d9e970: fd (fd:0, idx:1), active : 1
0:00:00.020785452  2752 0x55b57b444360 DEBUG   GST_REGISTRY gstregistrychunks.c:740:gst_registry_chunks_load_feature: Added feature identity, plugin 0x55b57b46c250 coreelements
0:00:00.015955969  2753 0x55dd10d7a360 LOG   GST_POLL gstpoll.c:994:gst_poll_fd_ctl_write: 0x55dd10d9e970: pfd->events now 60 (POLLOUT:4)
0:00:00.020792360  2752 0x55b57b444360 DEBUG   GST_REGISTRY gstregistrychunks.c:582:gst_registry_chunks_load_feature: Plugin 'coreelements' feature 'funnel' typename : 'GstElementFactory'
0:00:00.015962967  2753 0x55dd10d7a360 DEBUG   GST_POLL gstpoll.c:979:gst_poll_fd_ctl_write: 0x55dd10d9e970: fd (fd:0, idx:1), active : 1
0:00:00.020800381  2752 0x55b57b444360 TRACE   GST_REFCOUNTING gstobject.c:208:gst_object_init: 0x55b57b470150 new
0:00:00.015969873  2753 0x55dd10d7a360 LOG   GST_POLL gstpoll.c:994:gst_poll_fd_ctl_write: 0x55dd10d9e970: pfd->events now 60 (POLLOUT:4)
0:00:00.020808597  2752 0x55b57b444360 LOG   GST_REGISTRY gstregistrychunks.c:609:gst_registry_chunks_load_feature: Reading/casting for GstRegistryChunkElementFactory at address 0x55b57b46b388
0:00:00.015978802  2753 0x55dd10d7a360 DEBUG   GST_POLL gstpoll.c:979:gst_poll_fd_ctl_write: 0x55dd10d9e970: fd (fd:0, idx:1), active : 1
0:00:00.020815352  2752 0x55b57b444360 TRACE   structure gststructure.c:287:gst_structure_new_id_empty_with_size: created structure 0x55b57b470450
0:00:00.015990245  2753 0x55dd10d7a360 LOG   GST_POLL gstpoll.c:994:gst_poll_fd_ctl_write: 0x55dd10d9e970: pfd->events now 60 (POLLOUT:4)
0:00:00.020828416  2752 0x55b57b444360 DEBUG   structure gststructure.c:2203:gst_structure_parse_field: trying field name 'long-name'
0:00:00.015999734  2753 0x55dd10d7a360 DEBUG   GST_POLL gstpoll.c:979:gst_poll_fd_ctl_write: 0x55dd10d9e970: fd (fd:0, idx:1), active : 1
0:00:00.020834737  2752 0x55b57b444360 DEBUG   default gstvalue.c:2676:_priv_gst_value_parse_value: trying type name 'string'
0:00:00.016006415  2753 0x55dd10d7a360 LOG   GST_POLL gstpoll.c:994:gst_poll_fd_ctl_write: 0x55dd10d9e970: pfd->events now 60 (POLLOUT:4)
0:00:00.020841924  2752 0x55b57b444360 DEBUG   structure gststructure.c:2203:gst_structure_parse_field: trying field name 'klass'
0:00:00.016013396  2753 0x55dd10d7a360 DEBUG   GST_POLL gstpoll.c:979:gst_poll_fd_ctl_write: 0x55dd10d9e970: fd (fd:0, idx:1), active : 1
0:00:00.020848383  2752 0x55b57b444360 DEBUG   default gstvalue.c:2676:_priv_gst_value_parse_value: trying type name 'string'
0:00:00.016019989  2753 0x55dd10d7a360 LOG   GST_POLL gstpoll.c:994:gst_poll_fd_ctl_write: 0x55dd10d9e970: pfd->events now 60 (POLLOUT:4)
0:00:00.020855057  2752 0x55b57b444360 DEBUG   structure gststructure.c:2203:gst_structure_parse_field: trying field name 'description'
0:00:00.016026957  2753 0x55dd10d7a360 DEBUG   GST_POLL gstpoll.c:979:gst_poll_fd_ctl_write: 0x55dd10d9e970: fd (fd:0, idx:1), active : 1
0:00:00.020861361  2752 0x55b57b444360 DEBUG   default gstvalue.c:2676:_priv_gst_value_parse_value: trying type name 'string'
0:00:00.016033414  2753 0x55dd10d7a360 LOG   GST_POLL gstpoll.c:994:gst_poll_fd_ctl_write: 0x55dd10d9e970: pfd->events now 60 (POLLOUT:4)
0:00:00.020868409  2752 0x55b57b444360 DEBUG   structure gststructure.c:2203:gst_structure_parse_field: trying field name 'author'
0:00:00.016040168  2753 0x55dd10d7a360 DEBUG   GST_POLL gstpoll.c:979:gst_poll_fd_ctl_write: 0x55dd10d9e970: fd (fd:0, idx:1), active : 1
0:00:00.020874523  2752 0x55b57b444360 DEBUG   default gstvalue.c:2676:_priv_gst_value_parse_value: trying type name 'string'
0:00:00.016046659  2753 0x55dd10d7a360 LOG   GST_POLL gstpoll.c:994:gst_poll_fd_ctl_write: 0x55dd10d9e970: pfd->events now 60 (POLLOUT:4)
0:00:00.020881745  2752 0x55b57b444360 DEBUG   GST_REGISTRY gstregistrychunks.c:626:gst_registry_chunks_load_feature: Element factory : npadtemplates=2
0:00:00.016053317  2753 0x55dd10d7a360 DEBUG   GST_POLL gstpoll.c:979:gst_poll_fd_ctl_write: 0x55dd10d9e970: fd (fd:0, idx:1), active : 1
0:00:00.020887862  2752 0x55b57b444360 DEBUG   GST_REGISTRY gstregistrychunks.c:525:gst_registry_chunks_load_pad_template: Reading/casting for GstRegistryChunkPadTemplate at address 0x55b57b46b460
0:00:00.016059825  2753 0x55dd10d7a360 LOG   GST_POLL gstpoll.c:994:gst_poll_fd_ctl_write: 0x55dd10d9e970: pfd->events now 60 (POLLOUT:4)
0:00:00.020894060  2752 0x55b57b444360 DEBUG   GST_REGISTRY gstregistrychunks.c:539:gst_registry_chunks_load_pad_template: Added pad_template src
0:00:00.016070695  2753 0x55dd10d7a360 DEBUG   GST_POLL gstpoll.c:979:gst_poll_fd_ctl_write: 0x55dd10d9e970: fd (fd:0, idx:1), active : 1
0:00:00.020903606  2752 0x55b57b444360 DEBUG   GST_REGISTRY gstregistrychunks.c:525:gst_registry_chunks_load_pad_template: Reading/casting for GstRegistryChunkPadTemplate at address 0x55b57b46b470
0:00:00.016077410  2753 0x55dd10d7a360 LOG   GST_POLL gstpoll.c:994:gst_poll_fd_ctl_write: 0x55dd10d9e970: pfd->events now 60 (POLLOUT:4)
0:00:00.020910916  2752 0x55b57b444360 DEBUG   GST_REGISTRY gstregistrychunks.c:539:gst_registry_chunks_load_pad_template: Added pad_template sink_%u
0:00:00.016084130  2753 0x55dd10d7a360 DEBUG   GST_POLL gstpoll.c:979:gst_poll_fd_ctl_write: 0x55dd10d9e970: fd (fd:0, idx:1), active : 1
0:00:00.020918716  2752 0x55b57b444360 DEBUG   GST_REGISTRY gstregistry.c:589:gst_registry_add_feature: adding feature 0x55b57b470150 (funnel)
0:00:00.016090731  2753 0x55dd10d7a360 LOG   GST_POLL gstpoll.c:994:gst_poll_fd_ctl_write: 0x55dd10d9e970: pfd->events now 60 (POLLOUT:4)
0:00:00.020925307  2752 0x55b57b444360 DEBUG   GST_REFCOUNTING gstobject.c:708:gst_object_set_parent: set parent (ref and sink)
0:00:00.016097666  2753 0x55dd10d7a360 DEBUG   GST_POLL gstpoll.c:979:gst_poll_fd_ctl_write: 0x55dd10d9e970: fd (fd:0, idx:1), active : 1
0:00:00.020933222  2752 0x55b57b444360 TRACE   GST_REFCOUNTING gstobject.c:292:gst_object_ref_sink: 0x55b57b470150 ref_sink 1->2
0:00:00.016104227  2753 0x55dd10d7a360 LOG   GST_POLL gstpoll.c:994:gst_poll_fd_ctl_write: 0x55dd10d9e970: pfd->events now 60 (POLLOUT:4)
0:00:00.020940383  2752 0x55b57b444360 LOG   GST_REGISTRY gstregistry.c:607:gst_registry_add_feature: emitting feature-added for funnel
0:00:00.016111445  2753 0x55dd10d7a360 DEBUG   GST_POLL gstpoll.c:979:gst_poll_fd_ctl_write: 0x55dd10d9e970: fd (fd:0, idx:1), active : 1
0:00:00.020947628  2752 0x55b57b444360 DEBUG   GST_REGISTRY gstregistrychunks.c:740:gst_registry_chunks_load_feature: Added feature funnel, plugin 0x55b57b46c250 coreelements
0:00:00.016118115  2753 0x55dd10d7a360 LOG   GST_POLL gstpoll.c:994:gst_poll_fd_ctl_write: 0x55dd10d9e970: pfd->events now 60 (POLLOUT:4)
0:00:00.020954959  2752 0x55b57b444360 DEBUG   GST_REGISTRY gstregistrychunks.c:582:gst_registry_chunks_load_feature: Plugin 'coreelements' feature 'filesrc' typename : 'GstElementFactory'
0:00:00.016125831  2753 0x55dd10d7a360 DEBUG   GST_POLL gstpoll.c:979:gst_poll_fd_ctl_write: 0x55dd10d9e970: fd (fd:0, idx:1), active : 1
0:00:00.020962978  2752 0x55b57b444360 TRACE   GST_REFCOUNTING gstobject.c:208:gst_object_init: 0x55b57b470870 new
0:00:00.016132455  2753 0x55dd10d7a360 LOG   GST_POLL gstpoll.c:994:gst_poll_fd_ctl_write: 0x55dd10d9e970: pfd->events now 60 (POLLOUT:4)
0:00:00.020971163  2752 0x55b57b444360 LOG   GST_REGISTRY gstregistrychunks.c:609:gst_registry_chunks_load_feature: Reading/casting for GstRegistryChunkElementFactory at address 0x55b57b46b4a0
0:00:00.016141384  2753 0x55dd10d7a360 DEBUG   GST_POLL gstpoll.c:979:gst_poll_fd_ctl_write: 0x55dd10d9e970: fd (fd:0, idx:1), active : 1
0:00:00.020977893  2752 0x55b57b444360 TRACE   structure gststructure.c:287:gst_structure_new_id_empty_with_size: created structure 0x55b57b470b70
0:00:00.016153308  2753 0x55dd10d7a360 LOG   GST_POLL gstpoll.c:994:gst_poll_fd_ctl_write: 0x55dd10d9e970: pfd->events now 60 (POLLOUT:4)
0:00:00.020986820  2752 0x55b57b444360 DEBUG   structure gststructure.c:2203:gst_structure_parse_field: trying field name 'long-name'
0:00:00.016160263  2753 0x55dd10d7a360 DEBUG   GST_POLL gstpoll.c:979:gst_poll_fd_ctl_write: 0x55dd10d9e970: fd (fd:0, idx:1), active : 1
0:00:00.020993154  2752 0x55b57b444360 DEBUG   default gstvalue.c:2676:_priv_gst_value_parse_value: trying type name 'string'
0:00:00.016166834  2753 0x55dd10d7a360 LOG   GST_POLL gstpoll.c:994:gst_poll_fd_ctl_write: 0x55dd10d9e970: pfd->events now 60 (POLLOUT:4)
0:00:00.021000842  2752 0x55b57b444360 DEBUG   structure gststructure.c:2203:gst_structure_parse_field: trying field name 'klass'
0:00:00.016173552  2753 0x55dd10d7a360 DEBUG   GST_POLL gstpoll.c:979:gst_poll_fd_ctl_write: 0x55dd10d9e970: fd (fd:0, idx:1), active : 1
0:00:00.021007170  2752 0x55b57b444360 DEBUG   default gstvalue.c:2676:_priv_gst_value_parse_value: trying type name 'string'
0:00:00.016179966  2753 0x55dd10d7a360 LOG   GST_POLL gstpoll.c:994:gst_poll_fd_ctl_write: 0x55dd10d9e970: pfd->events now 60 (POLLOUT:4)
0:00:00.021014158  2752 0x55b57b444360 DEBUG   structure gststructure.c:2203:gst_structure_parse_field: trying field name 'description'
0:00:00.016186751  2753 0x55dd10d7a360 DEBUG   GST_POLL gstpoll.c:979:gst_poll_fd_ctl_write: 0x55dd10d9e970: fd (fd:0, idx:1), active : 1
0:00:00.021020224  2752 0x55b57b444360 DEBUG   default gstvalue.c:2676:_priv_gst_value_parse_value: trying type name 'string'
0:00:00.016193242  2753 0x55dd10d7a360 LOG   GST_POLL gstpoll.c:994:gst_poll_fd_ctl_write: 0x55dd10d9e970: pfd->events now 60 (POLLOUT:4)
0:00:00.021027443  2752 0x55b57b444360 DEBUG   structure gststructure.c:2203:gst_structure_parse_field: trying field name 'author'
0:00:00.016199953  2753 0x55dd10d7a360 DEBUG   GST_POLL gstpoll.c:979:gst_poll_fd_ctl_write: 0x55dd10d9e970: fd (fd:0, idx:1), active : 1
0:00:00.021033679  2752 0x55b57b444360 DEBUG   default gstvalue.c:2676:_priv_gst_value_parse_value: trying type name 'string'
0:00:00.016206407  2753 0x55dd10d7a360 LOG   GST_POLL gstpoll.c:994:gst_poll_fd_ctl_write: 0x55dd10d9e970: pfd->events now 60 (POLLOUT:4)
0:00:00.021040807  2752 0x55b57b444360 DEBUG   GST_REGISTRY gstregistrychunks.c:626:gst_registry_chunks_load_feature: Element factory : npadtemplates=1
0:00:00.016213170  2753 0x55dd10d7a360 DEBUG   GST_POLL gstpoll.c:979:gst_poll_fd_ctl_write: 0x55dd10d9e970: fd (fd:0, idx:1), active : 1
0:00:00.021047003  2752 0x55b57b444360 DEBUG   GST_REGISTRY gstregistrychunks.c:525:gst_registry_chunks_load_pad_template: Reading/casting for GstRegistryChunkPadTemplate at address 0x55b57b46b580
0:00:00.016219631  2753 0x55dd10d7a360 LOG   GST_POLL gstpoll.c:994:gst_poll_fd_ctl_write: 0x55dd10d9e970: pfd->events now 60 (POLLOUT:4)
0:00:00.021053229  2752 0x55b57b444360 DEBUG   GST_REGISTRY gstregistrychunks.c:539:gst_registry_chunks_load_pad_template: Added pad_template src
0:00:00.016230318  2753 0x55dd10d7a360 DEBUG   GST_POLL gstpoll.c:979:gst_poll_fd_ctl_write: 0x55dd10d9e970: fd (fd:0, idx:1), active : 1
0:00:00.021063670  2752 0x55b57b444360 DEBUG   GST_REGISTRY gstregistrychunks.c:639:gst_registry_chunks_load_feature: Reading 1 UriTypes at address 0x55b57b46b590
0:00:00.016236975  2753 0x55dd10d7a360 LOG   GST_POLL gstpoll.c:994:gst_poll_fd_ctl_write: 0x55dd10d9e970: pfd->events now 60 (POLLOUT:4)
0:00:00.021071078  2752 0x55b57b444360 DEBUG   GST_REGISTRY gstregistrychunks.c:654:gst_registry_chunks_load_feature: Reading 1 Interfaces at address 0x55b57b46b599
0:00:00.016244041  2753 0x55dd10d7a360 DEBUG   GST_POLL gstpoll.c:979:gst_poll_fd_ctl_write: 0x55dd10d9e970: fd (fd:0, idx:1), active : 1
0:00:00.021079562  2752 0x55b57b444360 DEBUG   GST_REGISTRY gstregistry.c:589:gst_registry_add_feature: adding feature 0x55b57b470870 (filesrc)
0:00:00.016250759  2753 0x55dd10d7a360 LOG   GST_POLL gstpoll.c:994:gst_poll_fd_ctl_write: 0x55dd10d9e970: pfd->events now 60 (POLLOUT:4)
0:00:00.021086178  2752 0x55b57b444360 DEBUG   GST_REFCOUNTING gstobject.c:708:gst_object_set_parent: set parent (ref and sink)
0:00:00.016257596  2753 0x55dd10d7a360 DEBUG   GST_POLL gstpoll.c:979:gst_poll_fd_ctl_write: 0x55dd10d9e970: fd (fd:0, idx:1), active : 1
0:00:00.021093902  2752 0x55b57b444360 TRACE   GST_REFCOUNTING gstobject.c:292:gst_object_ref_sink: 0x55b57b470870 ref_sink 1->2
0:00:00.016264006  2753 0x55dd10d7a360 LOG   GST_POLL gstpoll.c:994:gst_poll_fd_ctl_write: 0x55dd10d9e970: pfd->events now 60 (POLLOUT:4)
0:00:00.021101303  2752 0x55b57b444360 LOG   GST_REGISTRY gstregistry.c:607:gst_registry_add_feature: emitting feature-added for filesrc
0:00:00.016272373  2753 0x55dd10d7a360 DEBUG   GST_POLL gstpoll.c:979:gst_poll_fd_ctl_write: 0x55dd10d9e970: fd (fd:0, idx:1), active : 1
0:00:00.021108463  2752 0x55b57b444360 DEBUG   GST_REGISTRY gstregistrychunks.c:740:gst_registry_chunks_load_feature: Added feature filesrc, plugin 0x55b57b46c250 coreelements
0:00:00.016278831  2753 0x55dd10d7a360 LOG   GST_POLL gstpoll.c:994:gst_poll_fd_ctl_write: 0x55dd10d9e970: pfd->events now 60 (POLLOUT:4)
0:00:00.021115504  2752 0x55b57b444360 DEBUG   GST_REGISTRY gstregistrychunks.c:582:gst_registry_chunks_load_feature: Plugin 'coreelements' feature 'fdsink' typename : 'GstElementFactory'
0:00:00.016286271  2753 0x55dd10d7a360 DEBUG   GST_POLL gstpoll.c:979:gst_poll_fd_ctl_write: 0x55dd10d9e970: fd (fd:0, idx:1), active : 1
0:00:00.021123355  2752 0x55b57b444360 TRACE   GST_REFCOUNTING gstobject.c:208:gst_object_init: 0x55b57b471020 new
0:00:00.016292913  2753 0x55dd10d7a360 LOG   GST_POLL gstpoll.c:994:gst_poll_fd_ctl_write: 0x55dd10d9e970: pfd->events now 60 (POLLOUT:4)
0:00:00.021131514  2752 0x55b57b444360 LOG   GST_REGISTRY gstregistrychunks.c:609:gst_registry_chunks_load_feature: Reading/casting for GstRegistryChunkElementFactory at address 0x55b57b46b5c0
0:00:00.016301606  2753 0x55dd10d7a360 DEBUG   GST_POLL gstpoll.c:979:gst_poll_fd_ctl_write: 0x55dd10d9e970: fd (fd:0, idx:1), active : 1
0:00:00.021138207  2752 0x55b57b444360 TRACE   structure gststructure.c:287:gst_structure_new_id_empty_with_size: created structure 0x55b57b4713a0
0:00:00.016313463  2753 0x55dd10d7a360 LOG   GST_POLL gstpoll.c:994:gst_poll_fd_ctl_write: 0x55dd10d9e970: pfd->events now 60 (POLLOUT:4)
0:00:00.021147091  2752 0x55b57b444360 DEBUG   structure gststructure.c:2203:gst_structure_parse_field: trying field name 'long-name'
0:00:00.016320287  2753 0x55dd10d7a360 DEBUG   GST_POLL gstpoll.c:979:gst_poll_fd_ctl_write: 0x55dd10d9e970: fd (fd:0, idx:1), active : 1
0:00:00.021153429  2752 0x55b57b444360 DEBUG   default gstvalue.c:2676:_priv_gst_value_parse_value: trying type name 'string'
0:00:00.016326764  2753 0x55dd10d7a360 LOG   GST_POLL gstpoll.c:994:gst_poll_fd_ctl_write: 0x55dd10d9e970: pfd->events now 60 (POLLOUT:4)
0:00:00.021161134  2752 0x55b57b444360 DEBUG   structure gststructure.c:2203:gst_structure_parse_field: trying field name 'klass'
0:00:00.016333472  2753 0x55dd10d7a360 DEBUG   GST_POLL gstpoll.c:979:gst_poll_fd_ctl_write: 0x55dd10d9e970: fd (fd:0, idx:1), active : 1
0:00:00.021167307  2752 0x55b57b444360 DEBUG   default gstvalue.c:2676:_priv_gst_value_parse_value: trying type name 'string'
0:00:00.016339943  2753 0x55dd10d7a360 LOG   GST_POLL gstpoll.c:994:gst_poll_fd_ctl_write: 0x55dd10d9e970: pfd->events now 60 (POLLOUT:4)
0:00:00.021174079  2752 0x55b57b444360 DEBUG   structure gststructure.c:2203:gst_structure_parse_field: trying field name 'description'
0:00:00.016346712  2753 0x55dd10d7a360 DEBUG   GST_POLL gstpoll.c:979:gst_poll_fd_ctl_write: 0x55dd10d9e970: fd (fd:0, idx:1), active : 1
0:00:00.021180049  2752 0x55b57b444360 DEBUG   default gstvalue.c:2676:_priv_gst_value_parse_value: trying type name 'string'
0:00:00.016353375  2753 0x55dd10d7a360 LOG   GST_POLL gstpoll.c:994:gst_poll_fd_ctl_write: 0x55dd10d9e970: pfd->events now 60 (POLLOUT:4)
0:00:00.021187658  2752 0x55b57b444360 DEBUG   structure gststructure.c:2203:gst_structure_parse_field: trying field name 'author'
0:00:00.016360007  2753 0x55dd10d7a360 DEBUG   GST_POLL gstpoll.c:979:gst_poll_fd_ctl_write: 0x55dd10d9e970: fd (fd:0, idx:1), active : 1
0:00:00.021193832  2752 0x55b57b444360 DEBUG   default gstvalue.c:2676:_priv_gst_value_parse_value: trying type name 'string'
0:00:00.016366471  2753 0x55dd10d7a360 LOG   GST_POLL gstpoll.c:994:gst_poll_fd_ctl_write: 0x55dd10d9e970: pfd->events now 60 (POLLOUT:4)
0:00:00.021200933  2752 0x55b57b444360 DEBUG   GST_REGISTRY gstregistrychunks.c:626:gst_registry_chunks_load_feature: Element factory : npadtemplates=1
0:00:00.016373331  2753 0x55dd10d7a360 DEBUG   GST_POLL gstpoll.c:979:gst_poll_fd_ctl_write: 0x55dd10d9e970: fd (fd:0, idx:1), active : 1
0:00:00.021206947  2752 0x55b57b444360 DEBUG   GST_REGISTRY gstregistrychunks.c:525:gst_registry_chunks_load_pad_template: Reading/casting for GstRegistryChunkPadTemplate at address 0x55b57b46b6a0
0:00:00.016379819  2753 0x55dd10d7a360 LOG   GST_POLL gstpoll.c:994:gst_poll_fd_ctl_write: 0x55dd10d9e970: pfd->events now 60 (POLLOUT:4)
0:00:00.021213493  2752 0x55b57b444360 DEBUG   GST_REGISTRY gstregistrychunks.c:539:gst_registry_chunks_load_pad_template: Added pad_template sink
0:00:00.016390574  2753 0x55dd10d7a360 DEBUG   GST_POLL gstpoll.c:979:gst_poll_fd_ctl_write: 0x55dd10d9e970: fd (fd:0, idx:1), active : 1
0:00:00.021223836  2752 0x55b57b444360 DEBUG   GST_REGISTRY gstregistrychunks.c:639:gst_registry_chunks_load_feature: Reading 1 UriTypes at address 0x55b57b46b6b1
0:00:00.016397204  2753 0x55dd10d7a360 LOG   GST_POLL gstpoll.c:994:gst_poll_fd_ctl_write: 0x55dd10d9e970: pfd->events now 60 (POLLOUT:4)
0:00:00.021231321  2752 0x55b57b444360 DEBUG   GST_REGISTRY gstregistrychunks.c:654:gst_registry_chunks_load_feature: Reading 1 Interfaces at address 0x55b57b46b6bf
0:00:00.016403981  2753 0x55dd10d7a360 DEBUG   GST_POLL gstpoll.c:979:gst_poll_fd_ctl_write: 0x55dd10d9e970: fd (fd:0, idx:1), active : 1
0:00:00.021239355  2752 0x55b57b444360 DEBUG   GST_REGISTRY gstregistry.c:589:gst_registry_add_feature: adding feature 0x55b57b471020 (fdsink)
0:00:00.016410666  2753 0x55dd10d7a360 LOG   GST_POLL gstpoll.c:994:gst_poll_fd_ctl_write: 0x55dd10d9e970: pfd->events now 60 (POLLOUT:4)
0:00:00.021245911  2752 0x55b57b444360 DEBUG   GST_REFCOUNTING gstobject.c:708:gst_object_set_parent: set parent (ref and sink)
0:00:00.016417491  2753 0x55dd10d7a360 DEBUG   GST_POLL gstpoll.c:979:gst_poll_fd_ctl_write: 0x55dd10d9e970: fd (fd:0, idx:1), active : 1
0:00:00.021253553  2752 0x55b57b444360 TRACE   GST_REFCOUNTING gstobject.c:292:gst_object_ref_sink: 0x55b57b471020 ref_sink 1->2
0:00:00.016423974  2753 0x55dd10d7a360 LOG   GST_POLL gstpoll.c:994:gst_poll_fd_ctl_write: 0x55dd10d9e970: pfd->events now 60 (POLLOUT:4)
0:00:00.021260715  2752 0x55b57b444360 LOG   GST_REGISTRY gstregistry.c:607:gst_registry_add_feature: emitting feature-added for fdsink
0:00:00.016431653  2753 0x55dd10d7a360 DEBUG   GST_POLL gstpoll.c:979:gst_poll_fd_ctl_write: 0x55dd10d9e970: fd (fd:0, idx:1), active : 1
0:00:00.021267838  2752 0x55b57b444360 DEBUG   GST_REGISTRY gstregistrychunks.c:740:gst_registry_chunks_load_feature: Added feature fdsink, plugin 0x55b57b46c250 coreelements
0:00:00.016438098  2753 0x55dd10d7a360 LOG   GST_POLL gstpoll.c:994:gst_poll_fd_ctl_write: 0x55dd10d9e970: pfd->events now 60 (POLLOUT:4)
0:00:00.021274841  2752 0x55b57b444360 DEBUG   GST_REGISTRY gstregistrychunks.c:582:gst_registry_chunks_load_feature: Plugin 'coreelements' feature 'fdsrc' typename : 'GstElementFactory'
0:00:00.016445818  2753 0x55dd10d7a360 DEBUG   GST_POLL gstpoll.c:979:gst_poll_fd_ctl_write: 0x55dd10d9e970: fd (fd:0, idx:1), active : 1
0:00:00.021282693  2752 0x55b57b444360 TRACE   GST_REFCOUNTING gstobject.c:208:gst_object_init: 0x55b57b4758a0 new
0:00:00.016452343  2753 0x55dd10d7a360 LOG   GST_POLL gstpoll.c:994:gst_poll_fd_ctl_write: 0x55dd10d9e970: pfd->events now 60 (POLLOUT:4)
0:00:00.021290768  2752 0x55b57b444360 LOG   GST_REGISTRY gstregistrychunks.c:609:gst_registry_chunks_load_feature: Reading/casting for GstRegistryChunkElementFactory at address 0x55b57b46b6e8
0:00:00.016466193  2753 0x55dd10d7a360 DEBUG   GST_POLL gstpoll.c:979:gst_poll_fd_ctl_write: 0x55dd10d9e970: fd (fd:0, idx:1), active : 1
0:00:00.021304053  2752 0x55b57b444360 TRACE   structure gststructure.c:287:gst_structure_new_id_empty_with_size: created structure 0x55b57b475ad0
0:00:00.016475067  2753 0x55dd10d7a360 LOG   GST_POLL gstpoll.c:994:gst_poll_fd_ctl_write: 0x55dd10d9e970: pfd->events now 60 (POLLOUT:4)
0:00:00.021310417  2752 0x55b57b444360 DEBUG   structure gststructure.c:2203:gst_structure_parse_field: trying field name 'long-name'
0:00:00.016481816  2753 0x55dd10d7a360 DEBUG   GST_POLL gstpoll.c:979:gst_poll_fd_ctl_write: 0x55dd10d9e970: fd (fd:0, idx:1), active : 1
0:00:00.021316537  2752 0x55b57b444360 DEBUG   default gstvalue.c:2676:_priv_gst_value_parse_value: trying type name 'string'
0:00:00.016488234  2753 0x55dd10d7a360 LOG   GST_POLL gstpoll.c:994:gst_poll_fd_ctl_write: 0x55dd10d9e970: pfd->events now 60 (POLLOUT:4)
0:00:00.021323823  2752 0x55b57b444360 DEBUG   structure gststructure.c:2203:gst_structure_parse_field: trying field name 'klass'
0:00:00.016495005  2753 0x55dd10d7a360 DEBUG   GST_POLL gstpoll.c:979:gst_poll_fd_ctl_write: 0x55dd10d9e970: fd (fd:0, idx:1), active : 1
0:00:00.021330090  2752 0x55b57b444360 DEBUG   default gstvalue.c:2676:_priv_gst_value_parse_value: trying type name 'string'
0:00:00.016501553  2753 0x55dd10d7a360 LOG   GST_POLL gstpoll.c:994:gst_poll_fd_ctl_write: 0x55dd10d9e970: pfd->events now 60 (POLLOUT:4)
0:00:00.021336941  2752 0x55b57b444360 DEBUG   structure gststructure.c:2203:gst_structure_parse_field: trying field name 'description'
0:00:00.016508270  2753 0x55dd10d7a360 DEBUG   GST_POLL gstpoll.c:979:gst_poll_fd_ctl_write: 0x55dd10d9e970: fd (fd:0, idx:1), active : 1
0:00:00.021342969  2752 0x55b57b444360 DEBUG   default gstvalue.c:2676:_priv_gst_value_parse_value: trying type name 'string'
0:00:00.016514781  2753 0x55dd10d7a360 LOG   GST_POLL gstpoll.c:994:gst_poll_fd_ctl_write: 0x55dd10d9e970: pfd->events now 60 (POLLOUT:4)
0:00:00.021349753  2752 0x55b57b444360 DEBUG   structure gststructure.c:2203:gst_structure_parse_field: trying field name 'author'
0:00:00.016521571  2753 0x55dd10d7a360 DEBUG   GST_POLL gstpoll.c:979:gst_poll_fd_ctl_write: 0x55dd10d9e970: fd (fd:0, idx:1), active : 1
0:00:00.021355964  2752 0x55b57b444360 DEBUG   default gstvalue.c:2676:_priv_gst_value_parse_value: trying type name 'string'
0:00:00.016528022  2753 0x55dd10d7a360 LOG   GST_POLL gstpoll.c:994:gst_poll_fd_ctl_write: 0x55dd10d9e970: pfd->events now 60 (POLLOUT:4)
0:00:00.021362872  2752 0x55b57b444360 DEBUG   GST_REGISTRY gstregistrychunks.c:626:gst_registry_chunks_load_feature: Element factory : npadtemplates=1
0:00:00.016534614  2753 0x55dd10d7a360 DEBUG   GST_POLL gstpoll.c:979:gst_poll_fd_ctl_write: 0x55dd10d9e970: fd (fd:0, idx:1), active : 1
0:00:00.021369096  2752 0x55b57b444360 DEBUG   GST_REGISTRY gstregistrychunks.c:525:gst_registry_chunks_load_pad_template: Reading/casting for GstRegistryChunkPadTemplate at address 0x55b57b46b7c8
0:00:00.021375407  2752 0x55b57b444360 DEBUG   GST_REGISTRY gstregistrychunks.c:539:gst_registry_chunks_load_pad_template: Added pad_template src
0:00:00.016541098  2753 0x55dd10d7a360 LOG   GST_POLL gstpoll.c:994:gst_poll_fd_ctl_write: 0x55dd10d9e970: pfd->events now 60 (POLLOUT:4)
0:00:00.021386536  2752 0x55b57b444360 DEBUG   GST_REGISTRY gstregistrychunks.c:639:gst_registry_chunks_load_feature: Reading 1 UriTypes at address 0x55b57b46b7d8
0:00:00.016558239  2753 0x55dd10d7a360 DEBUG   GST_POLL gstpoll.c:979:gst_poll_fd_ctl_write: 0x55dd10d9e970: fd (fd:0, idx:1), active : 1
0:00:00.021393695  2752 0x55b57b444360 DEBUG   GST_REGISTRY gstregistrychunks.c:654:gst_registry_chunks_load_feature: Reading 1 Interfaces at address 0x55b57b46b7df
0:00:00.016564899  2753 0x55dd10d7a360 LOG   GST_POLL gstpoll.c:994:gst_poll_fd_ctl_write: 0x55dd10d9e970: pfd->events now 60 (POLLOUT:4)
0:00:00.016571725  2753 0x55dd10d7a360 DEBUG   GST_POLL gstpoll.c:979:gst_poll_fd_ctl_write: 0x55dd10d9e970: fd (fd:0, idx:1), active : 1
0:00:00.021401689  2752 0x55b57b444360 DEBUG   GST_REGISTRY gstregistry.c:589:gst_registry_add_feature: adding feature 0x55b57b4758a0 (fdsrc)
0:00:00.016577756  2753 0x55dd10d7a360 LOG   GST_POLL gstpoll.c:994:gst_poll_fd_ctl_write: 0x55dd10d9e970: pfd->events now 60 (POLLOUT:4)
0:00:00.016587445  2753 0x55dd10d7a360 DEBUG   GST_POLL gstpoll.c:979:gst_poll_fd_ctl_write: 0x55dd10d9e970: fd (fd:0, idx:1), active : 1
0:00:00.021417089  2752 0x55b57b444360 DEBUG   GST_REFCOUNTING gstobject.c:708:gst_object_set_parent: set parent (ref and sink)
0:00:00.016593502  2753 0x55dd10d7a360 LOG   GST_POLL gstpoll.c:994:gst_poll_fd_ctl_write: 0x55dd10d9e970: pfd->events now 60 (POLLOUT:4)
0:00:00.016604975  2753 0x55dd10d7a360 DEBUG   GST_POLL gstpoll.c:979:gst_poll_fd_ctl_write: 0x55dd10d9e970: fd (fd:0, idx:1), active : 1
0:00:00.016610997  2753 0x55dd10d7a360 LOG   GST_POLL gstpoll.c:994:gst_poll_fd_ctl_write: 0x55dd10d9e970: pfd->events now 60 (POLLOUT:4)
0:00:00.021443706  2752 0x55b57b444360 TRACE   GST_REFCOUNTING gstobject.c:292:gst_object_ref_sink: 0x55b57b4758a0 ref_sink 1->2
0:00:00.016617238  2753 0x55dd10d7a360 DEBUG   GST_POLL gstpoll.c:979:gst_poll_fd_ctl_write: 0x55dd10d9e970: fd (fd:0, idx:1), active : 1
0:00:00.016627368  2753 0x55dd10d7a360 LOG   GST_POLL gstpoll.c:994:gst_poll_fd_ctl_write: 0x55dd10d9e970: pfd->events now 60 (POLLOUT:4)
0:00:00.021459338  2752 0x55b57b444360 LOG   GST_REGISTRY gstregistry.c:607:gst_registry_add_feature: emitting feature-added for fdsrc
0:00:00.016633772  2753 0x55dd10d7a360 DEBUG   GST_POLL gstpoll.c:979:gst_poll_fd_ctl_write: 0x55dd10d9e970: fd (fd:0, idx:1), active : 1
0:00:00.016640253  2753 0x55dd10d7a360 LOG   GST_POLL gstpoll.c:994:gst_poll_fd_ctl_write: 0x55dd10d9e970: pfd->events now 60 (POLLOUT:4)
0:00:00.021472755  2752 0x55b57b444360 DEBUG   GST_REGISTRY gstregistrychunks.c:740:gst_registry_chunks_load_feature: Added feature fdsrc, plugin 0x55b57b46c250 coreelements
0:00:00.016646507  2753 0x55dd10d7a360 DEBUG   GST_POLL gstpoll.c:979:gst_poll_fd_ctl_write: 0x55dd10d9e970: fd (fd:0, idx:1), active : 1
0:00:00.016653752  2753 0x55dd10d7a360 LOG   GST_POLL gstpoll.c:994:gst_poll_fd_ctl_write: 0x55dd10d9e970: pfd->events now 60 (POLLOUT:4)
0:00:00.021485759  2752 0x55b57b444360 DEBUG   GST_REGISTRY gstregistrychunks.c:582:gst_registry_chunks_load_feature: Plugin 'coreelements' feature 'fakesink' typename : 'GstElementFactory'
0:00:00.016664342  2753 0x55dd10d7a360 DEBUG   GST_POLL gstpoll.c:979:gst_poll_fd_ctl_write: 0x55dd10d9e970: fd (fd:0, idx:1), active : 1
0:00:00.016670960  2753 0x55dd10d7a360 LOG   GST_POLL gstpoll.c:994:gst_poll_fd_ctl_write: 0x55dd10d9e970: pfd->events now 60 (POLLOUT:4)
0:00:00.021504376  2752 0x55b57b444360 TRACE   GST_REFCOUNTING gstobject.c:208:gst_object_init: 0x55b57b475f50 new
0:00:00.016677314  2753 0x55dd10d7a360 DEBUG   GST_POLL gstpoll.c:979:gst_poll_fd_ctl_write: 0x55dd10d9e970: fd (fd:0, idx:1), active : 1
0:00:00.016687147  2753 0x55dd10d7a360 LOG   GST_POLL gstpoll.c:994:gst_poll_fd_ctl_write: 0x55dd10d9e970: pfd->events now 60 (POLLOUT:4)
0:00:00.021520468  2752 0x55b57b444360 LOG   GST_REGISTRY gstregistrychunks.c:609:gst_registry_chunks_load_feature: Reading/casting for GstRegistryChunkElementFactory at address 0x55b57b46b808
0:00:00.016693523  2753 0x55dd10d7a360 DEBUG   GST_POLL gstpoll.c:979:gst_poll_fd_ctl_write: 0x55dd10d9e970: fd (fd:0, idx:1), active : 1
0:00:00.016701960  2753 0x55dd10d7a360 LOG   GST_POLL gstpoll.c:994:gst_poll_fd_ctl_write: 0x55dd10d9e970: pfd->events now 60 (POLLOUT:4)
0:00:00.021533339  2752 0x55b57b444360 TRACE   structure gststructure.c:287:gst_structure_new_id_empty_with_size: created structure 0x55b57b476180
0:00:00.016708207  2753 0x55dd10d7a360 DEBUG   GST_POLL gstpoll.c:979:gst_poll_fd_ctl_write: 0x55dd10d9e970: fd (fd:0, idx:1), active : 1
0:00:00.016714961  2753 0x55dd10d7a360 LOG   GST_POLL gstpoll.c:994:gst_poll_fd_ctl_write: 0x55dd10d9e970: pfd->events now 60 (POLLOUT:4)
0:00:00.021545574  2752 0x55b57b444360 DEBUG   structure gststructure.c:2203:gst_structure_parse_field: trying field name 'long-name'
0:00:00.016721272  2753 0x55dd10d7a360 DEBUG   GST_POLL gstpoll.c:979:gst_poll_fd_ctl_write: 0x55dd10d9e970: fd (fd:0, idx:1), active : 1
0:00:00.016727816  2753 0x55dd10d7a360 LOG   GST_POLL gstpoll.c:994:gst_poll_fd_ctl_write: 0x55dd10d9e970: pfd->events now 60 (POLLOUT:4)
0:00:00.021557181  2752 0x55b57b444360 DEBUG   default gstvalue.c:2676:_priv_gst_value_parse_value: trying type name 'string'
0:00:00.016734104  2753 0x55dd10d7a360 DEBUG   GST_POLL gstpoll.c:979:gst_poll_fd_ctl_write: 0x55dd10d9e970: fd (fd:0, idx:1), active : 1
0:00:00.016740578  2753 0x55dd10d7a360 LOG   GST_POLL gstpoll.c:994:gst_poll_fd_ctl_write: 0x55dd10d9e970: pfd->events now 60 (POLLOUT:4)
0:00:00.021570894  2752 0x55b57b444360 DEBUG   structure gststructure.c:2203:gst_structure_parse_field: trying field name 'klass'
0:00:00.016746899  2753 0x55dd10d7a360 DEBUG   GST_POLL gstpoll.c:979:gst_poll_fd_ctl_write: 0x55dd10d9e970: fd (fd:0, idx:1), active : 1
0:00:00.021581734  2752 0x55b57b444360 DEBUG   default gstvalue.c:2676:_priv_gst_value_parse_value: trying type name 'string'
0:00:00.016753379  2753 0x55dd10d7a360 LOG   GST_POLL gstpoll.c:994:gst_poll_fd_ctl_write: 0x55dd10d9e970: pfd->events now 60 (POLLOUT:4)
0:00:00.021592011  2752 0x55b57b444360 DEBUG   structure gststructure.c:2203:gst_structure_parse_field: trying field name 'description'
0:00:00.016765348  2753 0x55dd10d7a360 DEBUG   GST_POLL gstpoll.c:979:gst_poll_fd_ctl_write: 0x55dd10d9e970: fd (fd:0, idx:1), active : 1
0:00:00.021600697  2752 0x55b57b444360 DEBUG   default gstvalue.c:2676:_priv_gst_value_parse_value: trying type name 'string'
0:00:00.016772086  2753 0x55dd10d7a360 LOG   GST_POLL gstpoll.c:994:gst_poll_fd_ctl_write: 0x55dd10d9e970: pfd->events now 60 (POLLOUT:4)
0:00:00.016780288  2753 0x55dd10d7a360 DEBUG   GST_POLL gstpoll.c:979:gst_poll_fd_ctl_write: 0x55dd10d9e970: fd (fd:0, idx:1), active : 1
0:00:00.021610500  2752 0x55b57b444360 DEBUG   structure gststructure.c:2203:gst_structure_parse_field: trying field name 'author'
0:00:00.016786402  2753 0x55dd10d7a360 LOG   GST_POLL gstpoll.c:994:gst_poll_fd_ctl_write: 0x55dd10d9e970: pfd->events now 60 (POLLOUT:4)
0:00:00.021621033  2752 0x55b57b444360 DEBUG   default gstvalue.c:2676:_priv_gst_value_parse_value: trying type name 'string'
0:00:00.016793165  2753 0x55dd10d7a360 DEBUG   GST_POLL gstpoll.c:979:gst_poll_fd_ctl_write: 0x55dd10d9e970: fd (fd:0, idx:1), active : 1
0:00:00.016800720  2753 0x55dd10d7a360 LOG   GST_POLL gstpoll.c:994:gst_poll_fd_ctl_write: 0x55dd10d9e970: pfd->events now 60 (POLLOUT:4)
0:00:00.021636343  2752 0x55b57b444360 DEBUG   GST_REGISTRY gstregistrychunks.c:626:gst_registry_chunks_load_feature: Element factory : npadtemplates=1
0:00:00.016807138  2753 0x55dd10d7a360 DEBUG   GST_POLL gstpoll.c:979:gst_poll_fd_ctl_write: 0x55dd10d9e970: fd (fd:0, idx:1), active : 1
0:00:00.021645426  2752 0x55b57b444360 DEBUG   GST_REGISTRY gstregistrychunks.c:525:gst_registry_chunks_load_pad_template: Reading/casting for GstRegistryChunkPadTemplate at address 0x55b57b46b930
0:00:00.016815904  2753 0x55dd10d7a360 LOG   GST_POLL gstpoll.c:994:gst_poll_fd_ctl_write: 0x55dd10d9e970: pfd->events now 60 (POLLOUT:4)
0:00:00.021654958  2752 0x55b57b444360 DEBUG   GST_REGISTRY gstregistrychunks.c:539:gst_registry_chunks_load_pad_template: Added pad_template sink
0:00:00.016825247  2753 0x55dd10d7a360 DEBUG   GST_POLL gstpoll.c:979:gst_poll_fd_ctl_write: 0x55dd10d9e970: fd (fd:0, idx:1), active : 1
0:00:00.016834535  2753 0x55dd10d7a360 LOG   GST_POLL gstpoll.c:994:gst_poll_fd_ctl_write: 0x55dd10d9e970: pfd->events now 60 (POLLOUT:4)
0:00:00.021667092  2752 0x55b57b444360 DEBUG   GST_REGISTRY gstregistry.c:589:gst_registry_add_feature: adding feature 0x55b57b475f50 (fakesink)
0:00:00.016840930  2753 0x55dd10d7a360 DEBUG   GST_POLL gstpoll.c:979:gst_poll_fd_ctl_write: 0x55dd10d9e970: fd (fd:0, idx:1), active : 1
0:00:00.021676589  2752 0x55b57b444360 DEBUG   GST_REFCOUNTING gstobject.c:708:gst_object_set_parent: set parent (ref and sink)
0:00:00.016847501  2753 0x55dd10d7a360 LOG   GST_POLL gstpoll.c:994:gst_poll_fd_ctl_write: 0x55dd10d9e970: pfd->events now 60 (POLLOUT:4)
0:00:00.016857123  2753 0x55dd10d7a360 DEBUG   GST_POLL gstpoll.c:979:gst_poll_fd_ctl_write: 0x55dd10d9e970: fd (fd:0, idx:1), active : 1
0:00:00.021687606  2752 0x55b57b444360 TRACE   GST_REFCOUNTING gstobject.c:292:gst_object_ref_sink: 0x55b57b475f50 ref_sink 1->2
0:00:00.016867466  2753 0x55dd10d7a360 LOG   GST_POLL gstpoll.c:994:gst_poll_fd_ctl_write: 0x55dd10d9e970: pfd->events now 60 (POLLOUT:4)
0:00:00.021703317  2752 0x55b57b444360 LOG   GST_REGISTRY gstregistry.c:607:gst_registry_add_feature: emitting feature-added for fakesink
0:00:00.016874372  2753 0x55dd10d7a360 DEBUG   GST_POLL gstpoll.c:979:gst_poll_fd_ctl_write: 0x55dd10d9e970: fd (fd:0, idx:1), active : 1
0:00:00.021713019  2752 0x55b57b444360 DEBUG   GST_REGISTRY gstregistrychunks.c:740:gst_registry_chunks_load_feature: Added feature fakesink, plugin 0x55b57b46c250 coreelements
0:00:00.016882627  2753 0x55dd10d7a360 LOG   GST_POLL gstpoll.c:994:gst_poll_fd_ctl_write: 0x55dd10d9e970: pfd->events now 60 (POLLOUT:4)
0:00:00.016892353  2753 0x55dd10d7a360 DEBUG   GST_POLL gstpoll.c:979:gst_poll_fd_ctl_write: 0x55dd10d9e970: fd (fd:0, idx:1), active : 1
0:00:00.021722779  2752 0x55b57b444360 DEBUG   GST_REGISTRY gstregistrychunks.c:582:gst_registry_chunks_load_feature: Plugin 'coreelements' feature 'fakesrc' typename : 'GstElementFactory'
0:00:00.016898351  2753 0x55dd10d7a360 LOG   GST_POLL gstpoll.c:994:gst_poll_fd_ctl_write: 0x55dd10d9e970: pfd->events now 60 (POLLOUT:4)
0:00:00.016913047  2753 0x55dd10d7a360 DEBUG   GST_POLL gstpoll.c:979:gst_poll_fd_ctl_write: 0x55dd10d9e970: fd (fd:0, idx:1), active : 1
0:00:00.016920348  2753 0x55dd10d7a360 LOG   GST_POLL gstpoll.c:994:gst_poll_fd_ctl_write: 0x55dd10d9e970: pfd->events now 60 (POLLOUT:4)
