0:00:00.014077298  2753 0x55dd10d7a360 TRACE   GST_REFCOUNTING gstobject.c:237:gst_object_ref: 0x55dd10da3e80 ref 1->2
0:00:00.014085894  2753 0x55dd10d7a360 DEBUG   GST_REGISTRY gstregistrychunks.c:264:gst_registry_chunks_save_feature: saved 0 interfaces 0 pad templates
0:00:00.018918919  2752 0x55b57b444360 DEBUG   default gstvalue.c:2676:_priv_gst_value_parse_value: trying type name 'string'
0:00:00.018929869  2752 0x55b57b444360 DEBUG   structure gststructure.c:2203:gst_structure_parse_field: trying field name 'klass'
0:00:00.014098569  2753 0x55dd10d7a360 DEBUG   GST_REGISTRY gstregistrychunks.c:264:gst_registry_chunks_save_feature: saved 0 interfaces 0 pad templates
0:00:00.018936039  2752 0x55b57b444360 DEBUG   default gstvalue.c:2676:_priv_gst_value_parse_value: trying type name 'string'
0:00:00.014111034  2753 0x55dd10d7a360 DEBUG   GST_REGISTRY gstregistrychunks.c:264:gst_registry_chunks_save_feature: saved 0 interfaces 0 pad templates
0:00:00.018943355  2752 0x55b57b444360 DEBUG   structure gststructure.c:2203:gst_structure_parse_field: trying field name 'description'
0:00:00.018951180  2752 0x55b57b444360 DEBUG   default gstvalue.c:2676:_priv_gst_value_parse_value: trying type name 'string'
0:00:00.014121919  2753 0x55dd10d7a360 DEBUG   GST_REGISTRY gstregistrychunks.c:264:gst_registry_chunks_save_feature: saved 1 interfaces 0 pad templates
0:00:00.018958135  2752 0x55b57b444360 DEBUG   structure gststructure.c:2203:gst_structure_parse_field: trying field name 'author'
0:00:00.014128725  2753 0x55dd10d7a360 DEBUG   GST_REGISTRY gstregistrychunks.c:284:gst_registry_chunks_save_feature: Saved 1 UriTypes
0:00:00.018964434  2752 0x55b57b444360 DEBUG   default gstvalue.c:2676:_priv_gst_value_parse_value: trying type name 'string'
0:00:00.014140013  2753 0x55dd10d7a360 DEBUG   GST_REGISTRY gstregistrychunks.c:264:gst_registry_chunks_save_feature: saved 0 interfaces 0 pad templates
0:00:00.018972096  2752 0x55b57b444360 DEBUG   GST_REGISTRY gstregistrychunks.c:626:gst_registry_chunks_load_feature: Element factory : npadtemplates=2
0:00:00.018984865  2752 0x55b57b444360 DEBUG   GST_REGISTRY gstregistrychunks.c:525:gst_registry_chunks_load_pad_template: Reading/casting for GstRegistryChunkPadTemplate at address 0x55b57b46a7a0
0:00:00.014154817  2753 0x55dd10d7a360 DEBUG   GST_REGISTRY gstregistrychunks.c:264:gst_registry_chunks_save_feature: saved 0 interfaces 0 pad templates
0:00:00.018991609  2752 0x55b57b444360 DEBUG   GST_REGISTRY gstregistrychunks.c:539:gst_registry_chunks_load_pad_template: Added pad_template src_%u
0:00:00.014165904  2753 0x55dd10d7a360 DEBUG   GST_REGISTRY gstregistrychunks.c:264:gst_registry_chunks_save_feature: saved 0 interfaces 0 pad templates
0:00:00.018997817  2752 0x55b57b444360 DEBUG   GST_REGISTRY gstregistrychunks.c:525:gst_registry_chunks_load_pad_template: Reading/casting for GstRegistryChunkPadTemplate at address 0x55b57b46a7b8
0:00:00.019006678  2752 0x55b57b444360 DEBUG   GST_REGISTRY gstregistrychunks.c:539:gst_registry_chunks_load_pad_template: Added pad_template sink
0:00:00.014177047  2753 0x55dd10d7a360 DEBUG   GST_REGISTRY gstregistrychunks.c:264:gst_registry_chunks_save_feature: saved 1 interfaces 0 pad templates
0:00:00.019014241  2752 0x55b57b444360 DEBUG   GST_REGISTRY gstregistry.c:589:gst_registry_add_feature: adding feature 0x55b57b4698c0 (streamiddemux)
0:00:00.014183718  2753 0x55dd10d7a360 DEBUG   GST_REGISTRY gstregistrychunks.c:284:gst_registry_chunks_save_feature: Saved 1 UriTypes
0:00:00.019022385  2752 0x55b57b444360 DEBUG   GST_REFCOUNTING gstobject.c:708:gst_object_set_parent: set parent (ref and sink)
0:00:00.014194942  2753 0x55dd10d7a360 DEBUG   GST_REGISTRY gstregistrychunks.c:264:gst_registry_chunks_save_feature: saved 1 interfaces 0 pad templates
0:00:00.019030224  2752 0x55b57b444360 TRACE   GST_REFCOUNTING gstobject.c:292:gst_object_ref_sink: 0x55b57b4698c0 ref_sink 1->2
0:00:00.014201410  2753 0x55dd10d7a360 DEBUG   GST_REGISTRY gstregistrychunks.c:284:gst_registry_chunks_save_feature: Saved 1 UriTypes
0:00:00.019037239  2752 0x55b57b444360 LOG   GST_REGISTRY gstregistry.c:607:gst_registry_add_feature: emitting feature-added for streamiddemux
0:00:00.014211026  2753 0x55dd10d7a360 DEBUG   GST_REGISTRY gstregistrychunks.c:264:gst_registry_chunks_save_feature: saved 1 interfaces 0 pad templates
0:00:00.019044661  2752 0x55b57b444360 DEBUG   GST_REGISTRY gstregistrychunks.c:740:gst_registry_chunks_load_feature: Added feature streamiddemux, plugin 0x55b57b46c250 coreelements
0:00:00.014217506  2753 0x55dd10d7a360 DEBUG   GST_REGISTRY gstregistrychunks.c:284:gst_registry_chunks_save_feature: Saved 1 UriTypes
0:00:00.019051722  2752 0x55b57b444360 DEBUG   GST_REGISTRY gstregistrychunks.c:582:gst_registry_chunks_load_feature: Plugin 'coreelements' feature 'valve' typename : 'GstElementFactory'
0:00:00.014226919  2753 0x55dd10d7a360 DEBUG   GST_REGISTRY gstregistrychunks.c:264:gst_registry_chunks_save_feature: saved 0 interfaces 0 pad templates
0:00:00.019059738  2752 0x55b57b444360 TRACE   GST_REFCOUNTING gstobject.c:208:gst_object_init: 0x55b57b4741f0 new
0:00:00.019072472  2752 0x55b57b444360 LOG   GST_REGISTRY gstregistrychunks.c:609:gst_registry_chunks_load_feature: Reading/casting for GstRegistryChunkElementFactory at address 0x55b57b46a7e8
0:00:00.014241196  2753 0x55dd10d7a360 DEBUG   GST_REGISTRY gstregistrychunks.c:264:gst_registry_chunks_save_feature: saved 0 interfaces 0 pad templates
0:00:00.019080324  2752 0x55b57b444360 TRACE   structure gststructure.c:287:gst_structure_new_id_empty_with_size: created structure 0x55b57b46c660
0:00:00.019087768  2752 0x55b57b444360 DEBUG   structure gststructure.c:2203:gst_structure_parse_field: trying field name 'long-name'
0:00:00.014257089  2753 0x55dd10d7a360 DEBUG   GST_REGISTRY gstregistrychunks.c:264:gst_registry_chunks_save_feature: saved 0 interfaces 0 pad templates
0:00:00.019093540  2752 0x55b57b444360 DEBUG   default gstvalue.c:2676:_priv_gst_value_parse_value: trying type name 'string'
0:00:00.019100694  2752 0x55b57b444360 DEBUG   structure gststructure.c:2203:gst_structure_parse_field: trying field name 'klass'
0:00:00.014269465  2753 0x55dd10d7a360 DEBUG   GST_REGISTRY gstregistrychunks.c:264:gst_registry_chunks_save_feature: saved 0 interfaces 0 pad templates
0:00:00.019106335  2752 0x55b57b444360 DEBUG   default gstvalue.c:2676:_priv_gst_value_parse_value: trying type name 'string'
0:00:00.014281314  2753 0x55dd10d7a360 DEBUG   GST_REGISTRY gstregistrychunks.c:264:gst_registry_chunks_save_feature: saved 0 interfaces 0 pad templates
0:00:00.019113168  2752 0x55b57b444360 DEBUG   structure gststructure.c:2203:gst_structure_parse_field: trying field name 'description'
0:00:00.019139803  2752 0x55b57b444360 DEBUG   default gstvalue.c:2676:_priv_gst_value_parse_value: trying type name 'string'
0:00:00.014309854  2753 0x55dd10d7a360 DEBUG   GST_REGISTRY gstregistrychunks.c:264:gst_registry_chunks_save_feature: saved 0 interfaces 0 pad templates
0:00:00.019147105  2752 0x55b57b444360 DEBUG   structure gststructure.c:2203:gst_structure_parse_field: trying field name 'author'
0:00:00.014321142  2753 0x55dd10d7a360 DEBUG   GST_REGISTRY gstregistrychunks.c:264:gst_registry_chunks_save_feature: saved 1 interfaces 0 pad templates
0:00:00.019153312  2752 0x55b57b444360 DEBUG   default gstvalue.c:2676:_priv_gst_value_parse_value: trying type name 'string'
0:00:00.014328019  2753 0x55dd10d7a360 DEBUG   GST_REGISTRY gstregistrychunks.c:284:gst_registry_chunks_save_feature: Saved 1 UriTypes
0:00:00.019164548  2752 0x55b57b444360 DEBUG   GST_REGISTRY gstregistrychunks.c:626:gst_registry_chunks_load_feature: Element factory : npadtemplates=2
0:00:00.014338468  2753 0x55dd10d7a360 DEBUG   GST_REGISTRY gstregistrychunks.c:264:gst_registry_chunks_save_feature: saved 0 interfaces 0 pad templates
0:00:00.019171007  2752 0x55b57b444360 DEBUG   GST_REGISTRY gstregistrychunks.c:525:gst_registry_chunks_load_pad_template: Reading/casting for GstRegistryChunkPadTemplate at address 0x55b57b46a8d8
0:00:00.019179332  2752 0x55b57b444360 DEBUG   GST_REGISTRY gstregistrychunks.c:539:gst_registry_chunks_load_pad_template: Added pad_template sink
0:00:00.014349079  2753 0x55dd10d7a360 DEBUG   GST_REGISTRY gstregistrychunks.c:264:gst_registry_chunks_save_feature: saved 0 interfaces 0 pad templates
0:00:00.019190403  2752 0x55b57b444360 DEBUG   GST_REGISTRY gstregistrychunks.c:525:gst_registry_chunks_load_pad_template: Reading/casting for GstRegistryChunkPadTemplate at address 0x55b57b46a8f0
0:00:00.014365390  2753 0x55dd10d7a360 DEBUG   GST_REGISTRY gstregistrychunks.c:264:gst_registry_chunks_save_feature: saved 0 interfaces 0 pad templates
0:00:00.019197447  2752 0x55b57b444360 DEBUG   GST_REGISTRY gstregistrychunks.c:539:gst_registry_chunks_load_pad_template: Added pad_template src
0:00:00.014375520  2753 0x55dd10d7a360 DEBUG   GST_REGISTRY gstregistrychunks.c:264:gst_registry_chunks_save_feature: saved 0 interfaces 0 pad templates
0:00:00.019207713  2752 0x55b57b444360 DEBUG   GST_REGISTRY gstregistry.c:589:gst_registry_add_feature: adding feature 0x55b57b4741f0 (valve)
0:00:00.019215676  2752 0x55b57b444360 DEBUG   GST_REFCOUNTING gstobject.c:708:gst_object_set_parent: set parent (ref and sink)
0:00:00.014386403  2753 0x55dd10d7a360 DEBUG   GST_REGISTRY gstregistrychunks.c:264:gst_registry_chunks_save_feature: saved 0 interfaces 0 pad templates
0:00:00.019223164  2752 0x55b57b444360 TRACE   GST_REFCOUNTING gstobject.c:292:gst_object_ref_sink: 0x55b57b4741f0 ref_sink 1->2
0:00:00.014398237  2753 0x55dd10d7a360 TRACE   GST_REFCOUNTING gstobject.c:264:gst_object_unref: 0x55dd10da3e80 unref 2->1
0:00:00.019230308  2752 0x55b57b444360 LOG   GST_REGISTRY gstregistry.c:607:gst_registry_add_feature: emitting feature-added for valve
0:00:00.014406450  2753 0x55dd10d7a360 TRACE   GST_REFCOUNTING gstobject.c:264:gst_object_unref: 0x55dd10da5d50 unref 2->1
0:00:00.019239885  2752 0x55b57b444360 DEBUG   GST_REGISTRY gstregistrychunks.c:740:gst_registry_chunks_load_feature: Added feature valve, plugin 0x55b57b46c250 coreelements
0:00:00.014414205  2753 0x55dd10d7a360 TRACE   GST_REFCOUNTING gstobject.c:264:gst_object_unref: 0x55dd10da6a30 unref 2->1
0:00:00.019247609  2752 0x55b57b444360 DEBUG   GST_REGISTRY gstregistrychunks.c:582:gst_registry_chunks_load_feature: Plugin 'coreelements' feature 'multiqueue' typename : 'GstElementFactory'
0:00:00.014421746  2753 0x55dd10d7a360 TRACE   GST_REFCOUNTING gstobject.c:264:gst_object_unref: 0x55dd10da78a0 unref 2->1
0:00:00.019256279  2752 0x55b57b444360 TRACE   GST_REFCOUNTING gstobject.c:208:gst_object_init: 0x55b57b46c8b0 new
0:00:00.014429254  2753 0x55dd10d7a360 TRACE   GST_REFCOUNTING gstobject.c:264:gst_object_unref: 0x55dd10da9830 unref 2->1
0:00:00.019265064  2752 0x55b57b444360 LOG   GST_REGISTRY gstregistrychunks.c:609:gst_registry_chunks_load_feature: Reading/casting for GstRegistryChunkElementFactory at address 0x55b57b46a920
0:00:00.014436532  2753 0x55dd10d7a360 TRACE   GST_REFCOUNTING gstobject.c:264:gst_object_unref: 0x55dd10daa9d0 unref 2->1
0:00:00.019272320  2752 0x55b57b444360 TRACE   structure gststructure.c:287:gst_structure_new_id_empty_with_size: created structure 0x55b57b46ca30
0:00:00.014443828  2753 0x55dd10d7a360 TRACE   GST_REFCOUNTING gstobject.c:264:gst_object_unref: 0x55dd10dac650 unref 2->1
0:00:00.019283113  2752 0x55b57b444360 DEBUG   structure gststructure.c:2203:gst_structure_parse_field: trying field name 'long-name'
0:00:00.014454598  2753 0x55dd10d7a360 TRACE   GST_REFCOUNTING gstobject.c:264:gst_object_unref: 0x55dd10daec30 unref 2->1
0:00:00.019289601  2752 0x55b57b444360 DEBUG   default gstvalue.c:2676:_priv_gst_value_parse_value: trying type name 'string'
0:00:00.014461867  2753 0x55dd10d7a360 TRACE   GST_REFCOUNTING gstobject.c:264:gst_object_unref: 0x55dd10db10e0 unref 2->1
0:00:00.019296851  2752 0x55b57b444360 DEBUG   structure gststructure.c:2203:gst_structure_parse_field: trying field name 'klass'
0:00:00.014469280  2753 0x55dd10d7a360 TRACE   GST_REFCOUNTING gstobject.c:264:gst_object_unref: 0x55dd10db1f40 unref 2->1
0:00:00.019303123  2752 0x55b57b444360 DEBUG   default gstvalue.c:2676:_priv_gst_value_parse_value: trying type name 'string'
0:00:00.014476506  2753 0x55dd10d7a360 TRACE   GST_REFCOUNTING gstobject.c:264:gst_object_unref: 0x55dd10db2d20 unref 2->1
0:00:00.019310087  2752 0x55b57b444360 DEBUG   structure gststructure.c:2203:gst_structure_parse_field: trying field name 'description'
0:00:00.014483853  2753 0x55dd10d7a360 TRACE   GST_REFCOUNTING gstobject.c:264:gst_object_unref: 0x55dd10db39e0 unref 2->1
0:00:00.019316528  2752 0x55b57b444360 DEBUG   default gstvalue.c:2676:_priv_gst_value_parse_value: trying type name 'string'
0:00:00.014491156  2753 0x55dd10d7a360 TRACE   GST_REFCOUNTING gstobject.c:264:gst_object_unref: 0x55dd10db4fd0 unref 2->1
0:00:00.019324833  2752 0x55b57b444360 DEBUG   structure gststructure.c:2203:gst_structure_parse_field: trying field name 'author'
0:00:00.014498704  2753 0x55dd10d7a360 TRACE   GST_REFCOUNTING gstobject.c:264:gst_object_unref: 0x55dd10db6260 unref 2->1
0:00:00.019331555  2752 0x55b57b444360 DEBUG   default gstvalue.c:2676:_priv_gst_value_parse_value: trying type name 'string'
0:00:00.014505882  2753 0x55dd10d7a360 TRACE   GST_REFCOUNTING gstobject.c:264:gst_object_unref: 0x55dd10db7380 unref 2->1
0:00:00.019340090  2752 0x55b57b444360 DEBUG   GST_REGISTRY gstregistrychunks.c:626:gst_registry_chunks_load_feature: Element factory : npadtemplates=2
0:00:00.014513243  2753 0x55dd10d7a360 TRACE   GST_REFCOUNTING gstobject.c:264:gst_object_unref: 0x55dd10db9730 unref 2->1
0:00:00.019346555  2752 0x55b57b444360 DEBUG   GST_REGISTRY gstregistrychunks.c:525:gst_registry_chunks_load_pad_template: Reading/casting for GstRegistryChunkPadTemplate at address 0x55b57b46a9e0
0:00:00.014520452  2753 0x55dd10d7a360 TRACE   GST_REFCOUNTING gstobject.c:264:gst_object_unref: 0x55dd10dbaee0 unref 2->1
0:00:00.019353816  2752 0x55b57b444360 DEBUG   GST_REGISTRY gstregistrychunks.c:539:gst_registry_chunks_load_pad_template: Added pad_template src_%u
0:00:00.014527806  2753 0x55dd10d7a360 TRACE   GST_REFCOUNTING gstobject.c:264:gst_object_unref: 0x55dd10dbc360 unref 2->1
0:00:00.019364686  2752 0x55b57b444360 DEBUG   GST_REGISTRY gstregistrychunks.c:525:gst_registry_chunks_load_pad_template: Reading/casting for GstRegistryChunkPadTemplate at address 0x55b57b46a9f8
0:00:00.014536565  2753 0x55dd10d7a360 TRACE   GST_REFCOUNTING gstobject.c:264:gst_object_unref: 0x55dd10dbd740 unref 2->1
0:00:00.019371671  2752 0x55b57b444360 DEBUG   GST_REGISTRY gstregistrychunks.c:539:gst_registry_chunks_load_pad_template: Added pad_template sink_%u
0:00:00.014548098  2753 0x55dd10d7a360 TRACE   GST_REFCOUNTING gstobject.c:264:gst_object_unref: 0x55dd10dbe730 unref 2->1
0:00:00.019380025  2752 0x55b57b444360 DEBUG   GST_REGISTRY gstregistry.c:589:gst_registry_add_feature: adding feature 0x55b57b46c8b0 (multiqueue)
0:00:00.014555724  2753 0x55dd10d7a360 TRACE   GST_REFCOUNTING gstobject.c:264:gst_object_unref: 0x55dd10dc0210 unref 2->1
0:00:00.019388775  2752 0x55b57b444360 DEBUG   GST_REFCOUNTING gstobject.c:708:gst_object_set_parent: set parent (ref and sink)
0:00:00.014563132  2753 0x55dd10d7a360 TRACE   GST_REFCOUNTING gstobject.c:264:gst_object_unref: 0x55dd10dc0f00 unref 2->1
0:00:00.019397210  2752 0x55b57b444360 TRACE   GST_REFCOUNTING gstobject.c:292:gst_object_ref_sink: 0x55b57b46c8b0 ref_sink 1->2
0:00:00.014572438  2753 0x55dd10d7a360 DEBUG   GST_REGISTRY gstregistrychunks.c:497:_priv_gst_registry_chunks_save_plugin: Found 22 features in plugin 0x55dd10da24a0 (coreelements)
0:00:00.019404539  2752 0x55b57b444360 LOG   GST_REGISTRY gstregistry.c:607:gst_registry_add_feature: emitting feature-added for multiqueue
0:00:00.014579920  2753 0x55dd10d7a360 DEBUG   GST_POLL gstpoll.c:979:gst_poll_fd_ctl_write: 0x55dd10d9e970: fd (fd:0, idx:1), active : 1
0:00:00.019413595  2752 0x55b57b444360 DEBUG   GST_REGISTRY gstregistrychunks.c:740:gst_registry_chunks_load_feature: Added feature multiqueue, plugin 0x55b57b46c250 coreelements
0:00:00.014587072  2753 0x55dd10d7a360 LOG   GST_POLL gstpoll.c:994:gst_poll_fd_ctl_write: 0x55dd10d9e970: pfd->events now 60 (POLLOUT:4)
0:00:00.019420863  2752 0x55b57b444360 DEBUG   GST_REGISTRY gstregistrychunks.c:582:gst_registry_chunks_load_feature: Plugin 'coreelements' feature 'typefind' typename : 'GstElementFactory'
0:00:00.014594283  2753 0x55dd10d7a360 DEBUG   GST_POLL gstpoll.c:979:gst_poll_fd_ctl_write: 0x55dd10d9e970: fd (fd:0, idx:1), active : 1
0:00:00.019429011  2752 0x55b57b444360 TRACE   GST_REFCOUNTING gstobject.c:208:gst_object_init: 0x55b57b46ccb0 new
0:00:00.014601071  2753 0x55dd10d7a360 LOG   GST_POLL gstpoll.c:994:gst_poll_fd_ctl_write: 0x55dd10d9e970: pfd->events now 60 (POLLOUT:4)
0:00:00.019437727  2752 0x55b57b444360 LOG   GST_REGISTRY gstregistrychunks.c:609:gst_registry_chunks_load_feature: Reading/casting for GstRegistryChunkElementFactory at address 0x55b57b46aa28
0:00:00.014608305  2753 0x55dd10d7a360 DEBUG   GST_POLL gstpoll.c:979:gst_poll_fd_ctl_write: 0x55dd10d9e970: fd (fd:0, idx:1), active : 1
0:00:00.014615623  2753 0x55dd10d7a360 LOG   GST_POLL gstpoll.c:994:gst_poll_fd_ctl_write: 0x55dd10d9e970: pfd->events now 60 (POLLOUT:4)
0:00:00.019448001  2752 0x55b57b444360 TRACE   structure gststructure.c:287:gst_structure_new_id_empty_with_size: created structure 0x55b57b46cee0
0:00:00.014626271  2753 0x55dd10d7a360 DEBUG   GST_POLL gstpoll.c:979:gst_poll_fd_ctl_write: 0x55dd10d9e970: fd (fd:0, idx:1), active : 1
0:00:00.019459620  2752 0x55b57b444360 DEBUG   structure gststructure.c:2203:gst_structure_parse_field: trying field name 'long-name'
0:00:00.014632854  2753 0x55dd10d7a360 LOG   GST_POLL gstpoll.c:994:gst_poll_fd_ctl_write: 0x55dd10d9e970: pfd->events now 60 (POLLOUT:4)
0:00:00.019466243  2752 0x55b57b444360 DEBUG   default gstvalue.c:2676:_priv_gst_value_parse_value: trying type name 'string'
0:00:00.014639785  2753 0x55dd10d7a360 DEBUG   GST_POLL gstpoll.c:979:gst_poll_fd_ctl_write: 0x55dd10d9e970: fd (fd:0, idx:1), active : 1
0:00:00.019473663  2752 0x55b57b444360 DEBUG   structure gststructure.c:2203:gst_structure_parse_field: trying field name 'klass'
0:00:00.014646383  2753 0x55dd10d7a360 LOG   GST_POLL gstpoll.c:994:gst_poll_fd_ctl_write: 0x55dd10d9e970: pfd->events now 60 (POLLOUT:4)
0:00:00.019480181  2752 0x55b57b444360 DEBUG   default gstvalue.c:2676:_priv_gst_value_parse_value: trying type name 'string'
0:00:00.014653143  2753 0x55dd10d7a360 DEBUG   GST_POLL gstpoll.c:979:gst_poll_fd_ctl_write: 0x55dd10d9e970: fd (fd:0, idx:1), active : 1
0:00:00.019487299  2752 0x55b57b444360 DEBUG   structure gststructure.c:2203:gst_structure_parse_field: trying field name 'description'
0:00:00.014659682  2753 0x55dd10d7a360 LOG   GST_POLL gstpoll.c:994:gst_poll_fd_ctl_write: 0x55dd10d9e970: pfd->events now 60 (POLLOUT:4)
0:00:00.019493456  2752 0x55b57b444360 DEBUG   default gstvalue.c:2676:_priv_gst_value_parse_value: trying type name 'string'
0:00:00.014666450  2753 0x55dd10d7a360 DEBUG   GST_POLL gstpoll.c:979:gst_poll_fd_ctl_write: 0x55dd10d9e970: fd (fd:0, idx:1), active : 1
0:00:00.019500832  2752 0x55b57b444360 DEBUG   structure gststructure.c:2203:gst_structure_parse_field: trying field name 'author'
0:00:00.014672954  2753 0x55dd10d7a360 LOG   GST_POLL gstpoll.c:994:gst_poll_fd_ctl_write: 0x55dd10d9e970: pfd->events now 60 (POLLOUT:4)
0:00:00.019507056  2752 0x55b57b444360 DEBUG   default gstvalue.c:2676:_priv_gst_value_parse_value: trying type name 'string'
0:00:00.014679708  2753 0x55dd10d7a360 DEBUG   GST_POLL gstpoll.c:979:gst_poll_fd_ctl_write: 0x55dd10d9e970: fd (fd:0, idx:1), active : 1
0:00:00.019514640  2752 0x55b57b444360 DEBUG   GST_REGISTRY gstregistrychunks.c:626:gst_registry_chunks_load_feature: Element factory : npadtemplates=2
0:00:00.014686290  2753 0x55dd10d7a360 LOG   GST_POLL gstpoll.c:994:gst_poll_fd_ctl_write: 0x55dd10d9e970: pfd->events now 60 (POLLOUT:4)
0:00:00.019520974  2752 0x55b57b444360 DEBUG   GST_REGISTRY gstregistrychunks.c:525:gst_registry_chunks_load_pad_template: Reading/casting for GstRegistryChunkPadTemplate at address 0x55b57b46ab00
0:00:00.014693123  2753 0x55dd10d7a360 DEBUG   GST_POLL gstpoll.c:979:gst_poll_fd_ctl_write: 0x55dd10d9e970: fd (fd:0, idx:1), active : 1
0:00:00.019527452  2752 0x55b57b444360 DEBUG   GST_REGISTRY gstregistrychunks.c:539:gst_registry_chunks_load_pad_template: Added pad_template sink
0:00:00.014703343  2753 0x55dd10d7a360 LOG   GST_POLL gstpoll.c:994:gst_poll_fd_ctl_write: 0x55dd10d9e970: pfd->events now 60 (POLLOUT:4)
0:00:00.019536687  2752 0x55b57b444360 DEBUG   GST_REGISTRY gstregistrychunks.c:525:gst_registry_chunks_load_pad_template: Reading/casting for GstRegistryChunkPadTemplate at address 0x55b57b46ab18
0:00:00.014710145  2753 0x55dd10d7a360 DEBUG   GST_POLL gstpoll.c:979:gst_poll_fd_ctl_write: 0x55dd10d9e970: fd (fd:0, idx:1), active : 1
0:00:00.019543296  2752 0x55b57b444360 DEBUG   GST_REGISTRY gstregistrychunks.c:539:gst_registry_chunks_load_pad_template: Added pad_template src
0:00:00.014716786  2753 0x55dd10d7a360 LOG   GST_POLL gstpoll.c:994:gst_poll_fd_ctl_write: 0x55dd10d9e970: pfd->events now 60 (POLLOUT:4)
0:00:00.019551948  2752 0x55b57b444360 DEBUG   GST_REGISTRY gstregistry.c:589:gst_registry_add_feature: adding feature 0x55b57b46ccb0 (typefind)
0:00:00.014723479  2753 0x55dd10d7a360 DEBUG   GST_POLL gstpoll.c:979:gst_poll_fd_ctl_write: 0x55dd10d9e970: fd (fd:0, idx:1), active : 1
0:00:00.019558542  2752 0x55b57b444360 DEBUG   GST_REFCOUNTING gstobject.c:708:gst_object_set_parent: set parent (ref and sink)
0:00:00.014730011  2753 0x55dd10d7a360 LOG   GST_POLL gstpoll.c:994:gst_poll_fd_ctl_write: 0x55dd10d9e970: pfd->events now 60 (POLLOUT:4)
0:00:00.019566821  2752 0x55b57b444360 TRACE   GST_REFCOUNTING gstobject.c:292:gst_object_ref_sink: 0x55b57b46ccb0 ref_sink 1->2
0:00:00.014737182  2753 0x55dd10d7a360 DEBUG   GST_POLL gstpoll.c:979:gst_poll_fd_ctl_write: 0x55dd10d9e970: fd (fd:0, idx:1), active : 1
0:00:00.019574380  2752 0x55b57b444360 LOG   GST_REGISTRY gstregistry.c:607:gst_registry_add_feature: emitting feature-added for typefind
0:00:00.014744994  2753 0x55dd10d7a360 LOG   GST_POLL gstpoll.c:994:gst_poll_fd_ctl_write: 0x55dd10d9e970: pfd->events now 60 (POLLOUT:4)
0:00:00.019582015  2752 0x55b57b444360 DEBUG   GST_REGISTRY gstregistrychunks.c:740:gst_registry_chunks_load_feature: Added feature typefind, plugin 0x55b57b46c250 coreelements
0:00:00.014752276  2753 0x55dd10d7a360 DEBUG   GST_POLL gstpoll.c:979:gst_poll_fd_ctl_write: 0x55dd10d9e970: fd (fd:0, idx:1), active : 1
0:00:00.019589458  2752 0x55b57b444360 DEBUG   GST_REGISTRY gstregistrychunks.c:582:gst_registry_chunks_load_feature: Plugin 'coreelements' feature 'tee' typename : 'GstElementFactory'
0:00:00.014759567  2753 0x55dd10d7a360 LOG   GST_POLL gstpoll.c:994:gst_poll_fd_ctl_write: 0x55dd10d9e970: pfd->events now 60 (POLLOUT:4)
0:00:00.019597758  2752 0x55b57b444360 TRACE   GST_REFCOUNTING gstobject.c:208:gst_object_init: 0x55b57b46d180 new
0:00:00.014767309  2753 0x55dd10d7a360 DEBUG   GST_POLL gstpoll.c:979:gst_poll_fd_ctl_write: 0x55dd10d9e970: fd (fd:0, idx:1), active : 1
0:00:00.019606300  2752 0x55b57b444360 LOG   GST_REGISTRY gstregistrychunks.c:609:gst_registry_chunks_load_feature: Reading/casting for GstRegistryChunkElementFactory at address 0x55b57b46ab40
0:00:00.014775867  2753 0x55dd10d7a360 LOG   GST_POLL gstpoll.c:994:gst_poll_fd_ctl_write: 0x55dd10d9e970: pfd->events now 60 (POLLOUT:4)
0:00:00.019617658  2752 0x55b57b444360 TRACE   structure gststructure.c:287:gst_structure_new_id_empty_with_size: created structure 0x55b57b46d3c0
0:00:00.014788729  2753 0x55dd10d7a360 DEBUG   GST_POLL gstpoll.c:979:gst_poll_fd_ctl_write: 0x55dd10d9e970: fd (fd:0, idx:1), active : 1
0:00:00.019624229  2752 0x55b57b444360 DEBUG   structure gststructure.c:2203:gst_structure_parse_field: trying field name 'long-name'
0:00:00.014795287  2753 0x55dd10d7a360 LOG   GST_POLL gstpoll.c:994:gst_poll_fd_ctl_write: 0x55dd10d9e970: pfd->events now 60 (POLLOUT:4)
0:00:00.019630580  2752 0x55b57b444360 DEBUG   default gstvalue.c:2676:_priv_gst_value_parse_value: trying type name 'string'
0:00:00.014802268  2753 0x55dd10d7a360 DEBUG   GST_POLL gstpoll.c:979:gst_poll_fd_ctl_write: 0x55dd10d9e970: fd (fd:0, idx:1), active : 1
0:00:00.019637797  2752 0x55b57b444360 DEBUG   structure gststructure.c:2203:gst_structure_parse_field: trying field name 'klass'
0:00:00.014808661  2753 0x55dd10d7a360 LOG   GST_POLL gstpoll.c:994:gst_poll_fd_ctl_write: 0x55dd10d9e970: pfd->events now 60 (POLLOUT:4)
0:00:00.019643925  2752 0x55b57b444360 DEBUG   default gstvalue.c:2676:_priv_gst_value_parse_value: trying type name 'string'
0:00:00.014815786  2753 0x55dd10d7a360 DEBUG   GST_POLL gstpoll.c:979:gst_poll_fd_ctl_write: 0x55dd10d9e970: fd (fd:0, idx:1), active : 1
0:00:00.019650669  2752 0x55b57b444360 DEBUG   structure gststructure.c:2203:gst_structure_parse_field: trying field name 'description'
0:00:00.014822517  2753 0x55dd10d7a360 LOG   GST_POLL gstpoll.c:994:gst_poll_fd_ctl_write: 0x55dd10d9e970: pfd->events now 60 (POLLOUT:4)
0:00:00.019657137  2752 0x55b57b444360 DEBUG   default gstvalue.c:2676:_priv_gst_value_parse_value: trying type name 'string'
0:00:00.014829579  2753 0x55dd10d7a360 DEBUG   GST_POLL gstpoll.c:979:gst_poll_fd_ctl_write: 0x55dd10d9e970: fd (fd:0, idx:1), active : 1
0:00:00.019664371  2752 0x55b57b444360 DEBUG   structure gststructure.c:2203:gst_structure_parse_field: trying field name 'author'
0:00:00.014836398  2753 0x55dd10d7a360 LOG   GST_POLL gstpoll.c:994:gst_poll_fd_ctl_write: 0x55dd10d9e970: pfd->events now 60 (POLLOUT:4)
0:00:00.019670745  2752 0x55b57b444360 DEBUG   default gstvalue.c:2676:_priv_gst_value_parse_value: trying type name 'string'
0:00:00.014843295  2753 0x55dd10d7a360 DEBUG   GST_POLL gstpoll.c:979:gst_poll_fd_ctl_write: 0x55dd10d9e970: fd (fd:0, idx:1), active : 1
0:00:00.019679014  2752 0x55b57b444360 DEBUG   GST_REGISTRY gstregistrychunks.c:626:gst_registry_chunks_load_feature: Element factory : npadtemplates=2
0:00:00.014850066  2753 0x55dd10d7a360 LOG   GST_POLL gstpoll.c:994:gst_poll_fd_ctl_write: 0x55dd10d9e970: pfd->events now 60 (POLLOUT:4)
0:00:00.019685472  2752 0x55b57b444360 DEBUG   GST_REGISTRY gstregistrychunks.c:525:gst_registry_chunks_load_pad_template: Reading/casting for GstRegistryChunkPadTemplate at address 0x55b57b46ac30
0:00:00.014856891  2753 0x55dd10d7a360 DEBUG   GST_POLL gstpoll.c:979:gst_poll_fd_ctl_write: 0x55dd10d9e970: fd (fd:0, idx:1), active : 1
0:00:00.019692145  2752 0x55b57b444360 DEBUG   GST_REGISTRY gstregistrychunks.c:539:gst_registry_chunks_load_pad_template: Added pad_template src_%u
0:00:00.014867603  2753 0x55dd10d7a360 LOG   GST_POLL gstpoll.c:994:gst_poll_fd_ctl_write: 0x55dd10d9e970: pfd->events now 60 (POLLOUT:4)
0:00:00.019700974  2752 0x55b57b444360 DEBUG   GST_REGISTRY gstregistrychunks.c:525:gst_registry_chunks_load_pad_template: Reading/casting for GstRegistryChunkPadTemplate at address 0x55b57b46ac48
0:00:00.014874682  2753 0x55dd10d7a360 DEBUG   GST_POLL gstpoll.c:979:gst_poll_fd_ctl_write: 0x55dd10d9e970: fd (fd:0, idx:1), active : 1
0:00:00.019708099  2752 0x55b57b444360 DEBUG   GST_REGISTRY gstregistrychunks.c:539:gst_registry_chunks_load_pad_template: Added pad_template sink
0:00:00.014881427  2753 0x55dd10d7a360 LOG   GST_POLL gstpoll.c:994:gst_poll_fd_ctl_write: 0x55dd10d9e970: pfd->events now 60 (POLLOUT:4)
0:00:00.019716105  2752 0x55b57b444360 DEBUG   GST_REGISTRY gstregistry.c:589:gst_registry_add_feature: adding feature 0x55b57b46d180 (tee)
0:00:00.014888408  2753 0x55dd10d7a360 DEBUG   GST_POLL gstpoll.c:979:gst_poll_fd_ctl_write: 0x55dd10d9e970: fd (fd:0, idx:1), active : 1
0:00:00.019722803  2752 0x55b57b444360 DEBUG   GST_REFCOUNTING gstobject.c:708:gst_object_set_parent: set parent (ref and sink)
0:00:00.014895156  2753 0x55dd10d7a360 LOG   GST_POLL gstpoll.c:994:gst_poll_fd_ctl_write: 0x55dd10d9e970: pfd->events now 60 (POLLOUT:4)
0:00:00.019731171  2752 0x55b57b444360 TRACE   GST_REFCOUNTING gstobject.c:292:gst_object_ref_sink: 0x55b57b46d180 ref_sink 1->2
0:00:00.019738566  2752 0x55b57b444360 LOG   GST_REGISTRY gstregistry.c:607:gst_registry_add_feature: emitting feature-added for tee
0:00:00.019746477  2752 0x55b57b444360 DEBUG   GST_REGISTRY gstregistrychunks.c:740:gst_registry_chunks_load_feature: Added feature tee, plugin 0x55b57b46c250 coreelements
0:00:00.014917362  2753 0x55dd10d7a360 DEBUG   GST_POLL gstpoll.c:979:gst_poll_fd_ctl_write: 0x55dd10d9e970: fd (fd:0, idx:1), active : 1
0:00:00.019763509  2752 0x55b57b444360 DEBUG   GST_REGISTRY gstregistrychunks.c:582:gst_registry_chunks_load_feature: Plugin 'coreelements' feature 'filesink' typename : 'GstElementFactory'
0:00:00.014938033  2753 0x55dd10d7a360 LOG   GST_POLL gstpoll.c:994:gst_poll_fd_ctl_write: 0x55dd10d9e970: pfd->events now 60 (POLLOUT:4)
0:00:00.019772172  2752 0x55b57b444360 TRACE   GST_REFCOUNTING gstobject.c:208:gst_object_init: 0x55b57b46d6f0 new
0:00:00.014950127  2753 0x55dd10d7a360 DEBUG   GST_POLL gstpoll.c:979:gst_poll_fd_ctl_write: 0x55dd10d9e970: fd (fd:0, idx:1), active : 1
0:00:00.019783112  2752 0x55b57b444360 LOG   GST_REGISTRY gstregistrychunks.c:609:gst_registry_chunks_load_feature: Reading/casting for GstRegistryChunkElementFactory at address 0x55b57b46ac78
0:00:00.014958103  2753 0x55dd10d7a360 LOG   GST_POLL gstpoll.c:994:gst_poll_fd_ctl_write: 0x55dd10d9e970: pfd->events now 60 (POLLOUT:4)
0:00:00.019791904  2752 0x55b57b444360 TRACE   structure gststructure.c:287:gst_structure_new_id_empty_with_size: created structure 0x55b57b46d9f0
0:00:00.014965223  2753 0x55dd10d7a360 DEBUG   GST_POLL gstpoll.c:979:gst_poll_fd_ctl_write: 0x55dd10d9e970: fd (fd:0, idx:1), active : 1
0:00:00.019802927  2752 0x55b57b444360 DEBUG   structure gststructure.c:2203:gst_structure_parse_field: trying field name 'long-name'
0:00:00.014974063  2753 0x55dd10d7a360 LOG   GST_POLL gstpoll.c:994:gst_poll_fd_ctl_write: 0x55dd10d9e970: pfd->events now 60 (POLLOUT:4)
0:00:00.019809462  2752 0x55b57b444360 DEBUG   default gstvalue.c:2676:_priv_gst_value_parse_value: trying type name 'string'
0:00:00.014981402  2753 0x55dd10d7a360 DEBUG   GST_POLL gstpoll.c:979:gst_poll_fd_ctl_write: 0x55dd10d9e970: fd (fd:0, idx:1), active : 1
0:00:00.019816804  2752 0x55b57b444360 DEBUG   structure gststructure.c:2203:gst_structure_parse_field: trying field name 'klass'
0:00:00.014988009  2753 0x55dd10d7a360 LOG   GST_POLL gstpoll.c:994:gst_poll_fd_ctl_write: 0x55dd10d9e970: pfd->events now 60 (POLLOUT:4)
0:00:00.019828587  2752 0x55b57b444360 DEBUG   default gstvalue.c:2676:_priv_gst_value_parse_value: trying type name 'string'
0:00:00.014999943  2753 0x55dd10d7a360 DEBUG   GST_POLL gstpoll.c:979:gst_poll_fd_ctl_write: 0x55dd10d9e970: fd (fd:0, idx:1), active : 1
0:00:00.019835786  2752 0x55b57b444360 DEBUG   structure gststructure.c:2203:gst_structure_parse_field: trying field name 'description'
0:00:00.015006779  2753 0x55dd10d7a360 LOG   GST_POLL gstpoll.c:994:gst_poll_fd_ctl_write: 0x55dd10d9e970: pfd->events now 60 (POLLOUT:4)
0:00:00.019842076  2752 0x55b57b444360 DEBUG   default gstvalue.c:2676:_priv_gst_value_parse_value: trying type name 'string'
0:00:00.015013910  2753 0x55dd10d7a360 DEBUG   GST_POLL gstpoll.c:979:gst_poll_fd_ctl_write: 0x55dd10d9e970: fd (fd:0, idx:1), active : 1
0:00:00.019849279  2752 0x55b57b444360 DEBUG   structure gststructure.c:2203:gst_structure_parse_field: trying field name 'author'
0:00:00.015020656  2753 0x55dd10d7a360 LOG   GST_POLL gstpoll.c:994:gst_poll_fd_ctl_write: 0x55dd10d9e970: pfd->events now 60 (POLLOUT:4)
0:00:00.019855519  2752 0x55b57b444360 DEBUG   default gstvalue.c:2676:_priv_gst_value_parse_value: trying type name 'string'
0:00:00.015027525  2753 0x55dd10d7a360 DEBUG   GST_POLL gstpoll.c:979:gst_poll_fd_ctl_write: 0x55dd10d9e970: fd (fd:0, idx:1), active : 1
0:00:00.019863211  2752 0x55b57b444360 DEBUG   GST_REGISTRY gstregistrychunks.c:626:gst_registry_chunks_load_feature: Element factory : npadtemplates=1
0:00:00.015034146  2753 0x55dd10d7a360 LOG   GST_POLL gstpoll.c:994:gst_poll_fd_ctl_write: 0x55dd10d9e970: pfd->events now 60 (POLLOUT:4)
0:00:00.019869458  2752 0x55b57b444360 DEBUG   GST_REGISTRY gstregistrychunks.c:525:gst_registry_chunks_load_pad_template: Reading/casting for GstRegistryChunkPadTemplate at address 0x55b57b46ad58
0:00:00.015041077  2753 0x55dd10d7a360 DEBUG   GST_POLL gstpoll.c:979:gst_poll_fd_ctl_write: 0x55dd10d9e970: fd (fd:0, idx:1), active : 1
0:00:00.019875926  2752 0x55b57b444360 DEBUG   GST_REGISTRY gstregistrychunks.c:539:gst_registry_chunks_load_pad_template: Added pad_template sink
0:00:00.015047712  2753 0x55dd10d7a360 LOG   GST_POLL gstpoll.c:994:gst_poll_fd_ctl_write: 0x55dd10d9e970: pfd->events now 60 (POLLOUT:4)
0:00:00.019882977  2752 0x55b57b444360 DEBUG   GST_REGISTRY gstregistrychunks.c:639:gst_registry_chunks_load_feature: Reading 1 UriTypes at address 0x55b57b46ad69
0:00:00.015059799  2753 0x55dd10d7a360 DEBUG   GST_POLL gstpoll.c:979:gst_poll_fd_ctl_write: 0x55dd10d9e970: fd (fd:0, idx:1), active : 1
0:00:00.019894158  2752 0x55b57b444360 DEBUG   GST_REGISTRY gstregistrychunks.c:654:gst_registry_chunks_load_feature: Reading 1 Interfaces at address 0x55b57b46ad79
0:00:00.015066553  2753 0x55dd10d7a360 LOG   GST_POLL gstpoll.c:994:gst_poll_fd_ctl_write: 0x55dd10d9e970: pfd->events now 60 (POLLOUT:4)
0:00:00.019902599  2752 0x55b57b444360 DEBUG   GST_REGISTRY gstregistry.c:589:gst_registry_add_feature: adding feature 0x55b57b46d6f0 (filesink)
0:00:00.015073568  2753 0x55dd10d7a360 DEBUG   GST_POLL gstpoll.c:979:gst_poll_fd_ctl_write: 0x55dd10d9e970: fd (fd:0, idx:1), active : 1
0:00:00.019909508  2752 0x55b57b444360 DEBUG   GST_REFCOUNTING gstobject.c:708:gst_object_set_parent: set parent (ref and sink)
0:00:00.015080286  2753 0x55dd10d7a360 LOG   GST_POLL gstpoll.c:994:gst_poll_fd_ctl_write: 0x55dd10d9e970: pfd->events now 60 (POLLOUT:4)
0:00:00.019917656  2752 0x55b57b444360 TRACE   GST_REFCOUNTING gstobject.c:292:gst_object_ref_sink: 0x55b57b46d6f0 ref_sink 1->2
0:00:00.015088082  2753 0x55dd10d7a360 DEBUG   GST_POLL gstpoll.c:979:gst_poll_fd_ctl_write: 0x55dd10d9e970: fd (fd:0, idx:1), active : 1
0:00:00.019925164  2752 0x55b57b444360 LOG   GST_REGISTRY gstregistry.c:607:gst_registry_add_feature: emitting feature-added for filesink
0:00:00.015095713  2753 0x55dd10d7a360 LOG   GST_POLL gstpoll.c:994:gst_poll_fd_ctl_write: 0x55dd10d9e970: pfd->events now 60 (POLLOUT:4)
0:00:00.019932625  2752 0x55b57b444360 DEBUG   GST_REGISTRY gstregistrychunks.c:740:gst_registry_chunks_load_feature: Added feature filesink, plugin 0x55b57b46c250 coreelements
0:00:00.015103023  2753 0x55dd10d7a360 DEBUG   GST_POLL gstpoll.c:979:gst_poll_fd_ctl_write: 0x55dd10d9e970: fd (fd:0, idx:1), active : 1
0:00:00.019939756  2752 0x55b57b444360 DEBUG   GST_REGISTRY gstregistrychunks.c:582:gst_registry_chunks_load_feature: Plugin 'coreelements' feature 'queue2' typename : 'GstElementFactory'
0:00:00.015110259  2753 0x55dd10d7a360 LOG   GST_POLL gstpoll.c:994:gst_poll_fd_ctl_write: 0x55dd10d9e970: pfd->events now 60 (POLLOUT:4)
0:00:00.019948213  2752 0x55b57b444360 TRACE   GST_REFCOUNTING gstobject.c:208:gst_object_init: 0x55b57b46dde0 new
0:00:00.015117680  2753 0x55dd10d7a360 DEBUG   GST_POLL gstpoll.c:979:gst_poll_fd_ctl_write: 0x55dd10d9e970: fd (fd:0, idx:1), active : 1
0:00:00.019956715  2752 0x55b57b444360 LOG   GST_REGISTRY gstregistrychunks.c:609:gst_registry_chunks_load_feature: Reading/casting for GstRegistryChunkElementFactory at address 0x55b57b46ada0
0:00:00.015126415  2753 0x55dd10d7a360 LOG   GST_POLL gstpoll.c:994:gst_poll_fd_ctl_write: 0x55dd10d9e970: pfd->events now 60 (POLLOUT:4)
0:00:00.015134709  2753 0x55dd10d7a360 DEBUG   GST_POLL gstpoll.c:979:gst_poll_fd_ctl_write: 0x55dd10d9e970: fd (fd:0, idx:1), active : 1
0:00:00.019966828  2752 0x55b57b444360 TRACE   structure gststructure.c:287:gst_structure_new_id_empty_with_size: created structure 0x55b57b46df60
0:00:00.015145232  2753 0x55dd10d7a360 LOG   GST_POLL gstpoll.c:994:gst_poll_fd_ctl_write: 0x55dd10d9e970: pfd->events now 60 (POLLOUT:4)
0:00:00.019978925  2752 0x55b57b444360 DEBUG   structure gststructure.c:2203:gst_structure_parse_field: trying field name 'long-name'
0:00:00.015152593  2753 0x55dd10d7a360 DEBUG   GST_POLL gstpoll.c:979:gst_poll_fd_ctl_write: 0x55dd10d9e970: fd (fd:0, idx:1), active : 1
0:00:00.019985644  2752 0x55b57b444360 DEBUG   default gstvalue.c:2676:_priv_gst_value_parse_value: trying type name 'string'
0:00:00.015159223  2753 0x55dd10d7a360 LOG   GST_POLL gstpoll.c:994:gst_poll_fd_ctl_write: 0x55dd10d9e970: pfd->events now 60 (POLLOUT:4)
0:00:00.019993401  2752 0x55b57b444360 DEBUG   structure gststructure.c:2203:gst_structure_parse_field: trying field name 'klass'
0:00:00.015166156  2753 0x55dd10d7a360 DEBUG   GST_POLL gstpoll.c:979:gst_poll_fd_ctl_write: 0x55dd10d9e970: fd (fd:0, idx:1), active : 1
0:00:00.019999626  2752 0x55b57b444360 DEBUG   default gstvalue.c:2676:_priv_gst_value_parse_value: trying type name 'string'
0:00:00.015172603  2753 0x55dd10d7a360 LOG   GST_POLL gstpoll.c:994:gst_poll_fd_ctl_write: 0x55dd10d9e970: pfd->events now 60 (POLLOUT:4)
0:00:00.020006633  2752 0x55b57b444360 DEBUG   structure gststructure.c:2203:gst_structure_parse_field: trying field name 'description'
0:00:00.015179628  2753 0x55dd10d7a360 DEBUG   GST_POLL gstpoll.c:979:gst_poll_fd_ctl_write: 0x55dd10d9e970: fd (fd:0, idx:1), active : 1
0:00:00.020013055  2752 0x55b57b444360 DEBUG   default gstvalue.c:2676:_priv_gst_value_parse_value: trying type name 'string'
0:00:00.015186255  2753 0x55dd10d7a360 LOG   GST_POLL gstpoll.c:994:gst_poll_fd_ctl_write: 0x55dd10d9e970: pfd->events now 60 (POLLOUT:4)
0:00:00.020020453  2752 0x55b57b444360 DEBUG   structure gststructure.c:2203:gst_structure_parse_field: trying field name 'author'
0:00:00.015193307  2753 0x55dd10d7a360 DEBUG   GST_POLL gstpoll.c:979:gst_poll_fd_ctl_write: 0x55dd10d9e970: fd (fd:0, idx:1), active : 1
0:00:00.020026827  2752 0x55b57b444360 DEBUG   default gstvalue.c:2676:_priv_gst_value_parse_value: trying type name 'string'
0:00:00.015199841  2753 0x55dd10d7a360 LOG   GST_POLL gstpoll.c:994:gst_poll_fd_ctl_write: 0x55dd10d9e970: pfd->events now 60 (POLLOUT:4)
0:00:00.020035270  2752 0x55b57b444360 DEBUG   GST_REGISTRY gstregistrychunks.c:626:gst_registry_chunks_load_feature: Element factory : npadtemplates=2
0:00:00.015206839  2753 0x55dd10d7a360 DEBUG   GST_POLL gstpoll.c:979:gst_poll_fd_ctl_write: 0x55dd10d9e970: fd (fd:0, idx:1), active : 1
0:00:00.020041817  2752 0x55b57b444360 DEBUG   GST_REGISTRY gstregistrychunks.c:525:gst_registry_chunks_load_pad_template: Reading/casting for GstRegistryChunkPadTemplate at address 0x55b57b46ae90
0:00:00.015213333  2753 0x55dd10d7a360 LOG   GST_POLL gstpoll.c:994:gst_poll_fd_ctl_write: 0x55dd10d9e970: pfd->events now 60 (POLLOUT:4)
0:00:00.020048407  2752 0x55b57b444360 DEBUG   GST_REGISTRY gstregistrychunks.c:539:gst_registry_chunks_load_pad_template: Added pad_template sink
0:00:00.015220276  2753 0x55dd10d7a360 DEBUG   GST_POLL gstpoll.c:979:gst_poll_fd_ctl_write: 0x55dd10d9e970: fd (fd:0, idx:1), active : 1
0:00:00.020061690  2752 0x55b57b444360 DEBUG   GST_REGISTRY gstregistrychunks.c:525:gst_registry_chunks_load_pad_template: Reading/casting for GstRegistryChunkPadTemplate at address 0x55b57b46aea8
0:00:00.015233118  2753 0x55dd10d7a360 LOG   GST_POLL gstpoll.c:994:gst_poll_fd_ctl_write: 0x55dd10d9e970: pfd->events now 60 (POLLOUT:4)
0:00:00.020068575  2752 0x55b57b444360 DEBUG   GST_REGISTRY gstregistrychunks.c:539:gst_registry_chunks_load_pad_template: Added pad_template src
0:00:00.015239970  2753 0x55dd10d7a360 DEBUG   GST_POLL gstpoll.c:979:gst_poll_fd_ctl_write: 0x55dd10d9e970: fd (fd:0, idx:1), active : 1
0:00:00.020076499  2752 0x55b57b444360 DEBUG   GST_REGISTRY gstregistry.c:589:gst_registry_add_feature: adding feature 0x55b57b46dde0 (queue2)
0:00:00.015246581  2753 0x55dd10d7a360 LOG   GST_POLL gstpoll.c:994:gst_poll_fd_ctl_write: 0x55dd10d9e970: pfd->events now 60 (POLLOUT:4)
0:00:00.020082991  2752 0x55b57b444360 DEBUG   GST_REFCOUNTING gstobject.c:708:gst_object_set_parent: set parent (ref and sink)
0:00:00.015254366  2753 0x55dd10d7a360 DEBUG   GST_POLL gstpoll.c:979:gst_poll_fd_ctl_write: 0x55dd10d9e970: fd (fd:0, idx:1), active : 1
0:00:00.020091086  2752 0x55b57b444360 TRACE   GST_REFCOUNTING gstobject.c:292:gst_object_ref_sink: 0x55b57b46dde0 ref_sink 1->2
0:00:00.015261043  2753 0x55dd10d7a360 LOG   GST_POLL gstpoll.c:994:gst_poll_fd_ctl_write: 0x55dd10d9e970: pfd->events now 60 (POLLOUT:4)
0:00:00.020098380  2752 0x55b57b444360 LOG   GST_REGISTRY gstregistry.c:607:gst_registry_add_feature: emitting feature-added for queue2
0:00:00.015269542  2753 0x55dd10d7a360 DEBUG   GST_POLL gstpoll.c:979:gst_poll_fd_ctl_write: 0x55dd10d9e970: fd (fd:0, idx:1), active : 1
0:00:00.020105711  2752 0x55b57b444360 DEBUG   GST_REGISTRY gstregistrychunks.c:740:gst_registry_chunks_load_feature: Added feature queue2, plugin 0x55b57b46c250 coreelements
0:00:00.015276227  2753 0x55dd10d7a360 LOG   GST_POLL gstpoll.c:994:gst_poll_fd_ctl_write: 0x55dd10d9e970: pfd->events now 60 (POLLOUT:4)
0:00:00.020112904  2752 0x55b57b444360 DEBUG   GST_REGISTRY gstregistrychunks.c:582:gst_registry_chunks_load_feature: Plugin 'coreelements' feature 'queue' typename : 'GstElementFactory'
0:00:00.015283822  2753 0x55dd10d7a360 DEBUG   GST_POLL gstpoll.c:979:gst_poll_fd_ctl_write: 0x55dd10d9e970: fd (fd:0, idx:1), active : 1
0:00:00.020121223  2752 0x55b57b444360 TRACE   GST_REFCOUNTING gstobject.c:208:gst_object_init: 0x55b57b46e2d0 new
0:00:00.015290587  2753 0x55dd10d7a360 LOG   GST_POLL gstpoll.c:994:gst_poll_fd_ctl_write: 0x55dd10d9e970: pfd->events now 60 (POLLOUT:4)
0:00:00.020129844  2752 0x55b57b444360 LOG   GST_REGISTRY gstregistrychunks.c:609:gst_registry_chunks_load_feature: Reading/casting for GstRegistryChunkElementFactory at address 0x55b57b46aed0
0:00:00.015299742  2753 0x55dd10d7a360 DEBUG   GST_POLL gstpoll.c:979:gst_poll_fd_ctl_write: 0x55dd10d9e970: fd (fd:0, idx:1), active : 1
0:00:00.020136950  2752 0x55b57b444360 TRACE   structure gststructure.c:287:gst_structure_new_id_empty_with_size: created structure 0x55b57b46e620
0:00:00.015311900  2753 0x55dd10d7a360 LOG   GST_POLL gstpoll.c:994:gst_poll_fd_ctl_write: 0x55dd10d9e970: pfd->events now 60 (POLLOUT:4)
0:00:00.020145428  2752 0x55b57b444360 DEBUG   structure gststructure.c:2203:gst_structure_parse_field: trying field name 'long-name'
0:00:00.015318788  2753 0x55dd10d7a360 DEBUG   GST_POLL gstpoll.c:979:gst_poll_fd_ctl_write: 0x55dd10d9e970: fd (fd:0, idx:1), active : 1
0:00:00.020151849  2752 0x55b57b444360 DEBUG   default gstvalue.c:2676:_priv_gst_value_parse_value: trying type name 'string'
0:00:00.015325442  2753 0x55dd10d7a360 LOG   GST_POLL gstpoll.c:994:gst_poll_fd_ctl_write: 0x55dd10d9e970: pfd->events now 60 (POLLOUT:4)
0:00:00.020159374  2752 0x55b57b444360 DEBUG   structure gststructure.c:2203:gst_structure_parse_field: trying field name 'klass'
0:00:00.015332350  2753 0x55dd10d7a360 DEBUG   GST_POLL gstpoll.c:979:gst_poll_fd_ctl_write: 0x55dd10d9e970: fd (fd:0, idx:1), active : 1
0:00:00.020165672  2752 0x55b57b444360 DEBUG   default gstvalue.c:2676:_priv_gst_value_parse_value: trying type name 'string'
0:00:00.015339075  2753 0x55dd10d7a360 LOG   GST_POLL gstpoll.c:994:gst_poll_fd_ctl_write: 0x55dd10d9e970: pfd->events now 60 (POLLOUT:4)
0:00:00.020172779  2752 0x55b57b444360 DEBUG   structure gststructure.c:2203:gst_structure_parse_field: trying field name 'description'
0:00:00.015345906  2753 0x55dd10d7a360 DEBUG   GST_POLL gstpoll.c:979:gst_poll_fd_ctl_write: 0x55dd10d9e970: fd (fd:0, idx:1), active : 1
0:00:00.020179212  2752 0x55b57b444360 DEBUG   default gstvalue.c:2676:_priv_gst_value_parse_value: trying type name 'string'
0:00:00.015352574  2753 0x55dd10d7a360 LOG   GST_POLL gstpoll.c:994:gst_poll_fd_ctl_write: 0x55dd10d9e970: pfd->events now 60 (POLLOUT:4)
0:00:00.020186492  2752 0x55b57b444360 DEBUG   structure gststructure.c:2203:gst_structure_parse_field: trying field name 'author'
0:00:00.015359475  2753 0x55dd10d7a360 DEBUG   GST_POLL gstpoll.c:979:gst_poll_fd_ctl_write: 0x55dd10d9e970: fd (fd:0, idx:1), active : 1
0:00:00.020192933  2752 0x55b57b444360 DEBUG   default gstvalue.c:2676:_priv_gst_value_parse_value: trying type name 'string'
0:00:00.015365992  2753 0x55dd10d7a360 LOG   GST_POLL gstpoll.c:994:gst_poll_fd_ctl_write: 0x55dd10d9e970: pfd->events now 60 (POLLOUT:4)
0:00:00.020200503  2752 0x55b57b444360 DEBUG   GST_REGISTRY gstregistrychunks.c:626:gst_registry_chunks_load_feature: Element factory : npadtemplates=2
0:00:00.015372882  2753 0x55dd10d7a360 DEBUG   GST_POLL gstpoll.c:979:gst_poll_fd_ctl_write: 0x55dd10d9e970: fd (fd:0, idx:1), active : 1
0:00:00.020206780  2752 0x55b57b444360 DEBUG   GST_REGISTRY gstregistrychunks.c:525:gst_registry_chunks_load_pad_template: Reading/casting for GstRegistryChunkPadTemplate at address 0x55b57b46af88
0:00:00.015379524  2753 0x55dd10d7a360 LOG   GST_POLL gstpoll.c:994:gst_poll_fd_ctl_write: 0x55dd10d9e970: pfd->events now 60 (POLLOUT:4)
0:00:00.020213208  2752 0x55b57b444360 DEBUG   GST_REGISTRY gstregistrychunks.c:539:gst_registry_chunks_load_pad_template: Added pad_template sink
0:00:00.015386502  2753 0x55dd10d7a360 DEBUG   GST_POLL gstpoll.c:979:gst_poll_fd_ctl_write: 0x55dd10d9e970: fd (fd:0, idx:1), active : 1
0:00:00.020223953  2752 0x55b57b444360 DEBUG   GST_REGISTRY gstregistrychunks.c:525:gst_registry_chunks_load_pad_template: Reading/casting for GstRegistryChunkPadTemplate at address 0x55b57b46afa0
0:00:00.015395187  2753 0x55dd10d7a360 LOG   GST_POLL gstpoll.c:994:gst_poll_fd_ctl_write: 0x55dd10d9e970: pfd->events now 60 (POLLOUT:4)
0:00:00.020230600  2752 0x55b57b444360 DEBUG   GST_REGISTRY gstregistrychunks.c:539:gst_registry_chunks_load_pad_template: Added pad_template src
0:00:00.015402031  2753 0x55dd10d7a360 DEBUG   GST_POLL gstpoll.c:979:gst_poll_fd_ctl_write: 0x55dd10d9e970: fd (fd:0, idx:1), active : 1
0:00:00.020238559  2752 0x55b57b444360 DEBUG   GST_REGISTRY gstregistry.c:589:gst_registry_add_feature: adding feature 0x55b57b46e2d0 (queue)
0:00:00.015408530  2753 0x55dd10d7a360 LOG   GST_POLL gstpoll.c:994:gst_poll_fd_ctl_write: 0x55dd10d9e970: pfd->events now 60 (POLLOUT:4)
0:00:00.020245400  2752 0x55b57b444360 DEBUG   GST_REFCOUNTING gstobject.c:708:gst_object_set_parent: set parent (ref and sink)
0:00:00.015416625  2753 0x55dd10d7a360 DEBUG   GST_POLL gstpoll.c:979:gst_poll_fd_ctl_write: 0x55dd10d9e970: fd (fd:0, idx:1), active : 1
0:00:00.020253329  2752 0x55b57b444360 TRACE   GST_REFCOUNTING gstobject.c:292:gst_object_ref_sink: 0x55b57b46e2d0 ref_sink 1->2
0:00:00.015423349  2753 0x55dd10d7a360 LOG   GST_POLL gstpoll.c:994:gst_poll_fd_ctl_write: 0x55dd10d9e970: pfd->events now 60 (POLLOUT:4)
0:00:00.020260714  2752 0x55b57b444360 LOG   GST_REGISTRY gstregistry.c:607:gst_registry_add_feature: emitting feature-added for queue
0:00:00.015431781  2753 0x55dd10d7a360 DEBUG   GST_POLL gstpoll.c:979:gst_poll_fd_ctl_write: 0x55dd10d9e970: fd (fd:0, idx:1), active : 1
0:00:00.020267944  2752 0x55b57b444360 DEBUG   GST_REGISTRY gstregistrychunks.c:740:gst_registry_chunks_load_feature: Added feature queue, plugin 0x55b57b46c250 coreelements
0:00:00.015438423  2753 0x55dd10d7a360 LOG   GST_POLL gstpoll.c:994:gst_poll_fd_ctl_write: 0x55dd10d9e970: pfd->events now 60 (POLLOUT:4)
0:00:00.020274943  2752 0x55b57b444360 DEBUG   GST_REGISTRY gstregistrychunks.c:582:gst_registry_chunks_load_feature: Plugin 'coreelements' feature 'output-selector' typename : 'GstElementFactory'
0:00:00.015445610  2753 0x55dd10d7a360 DEBUG   GST_POLL gstpoll.c:979:gst_poll_fd_ctl_write: 0x55dd10d9e970: fd (fd:0, idx:1), active : 1
0:00:00.020283061  2752 0x55b57b444360 TRACE   GST_REFCOUNTING gstobject.c:208:gst_object_init: 0x55b57b46ea50 new
0:00:00.015452298  2753 0x55dd10d7a360 LOG   GST_POLL gstpoll.c:994:gst_poll_fd_ctl_write: 0x55dd10d9e970: pfd->events now 60 (POLLOUT:4)
0:00:00.020291582  2752 0x55b57b444360 LOG   GST_REGISTRY gstregistrychunks.c:609:gst_registry_chunks_load_feature: Reading/casting for GstRegistryChunkElementFactory at address 0x55b57b46afd8
0:00:00.015461502  2753 0x55dd10d7a360 DEBUG   GST_POLL gstpoll.c:979:gst_poll_fd_ctl_write: 0x55dd10d9e970: fd (fd:0, idx:1), active : 1
0:00:00.020298554  2752 0x55b57b444360 TRACE   structure gststructure.c:287:gst_structure_new_id_empty_with_size: created structure 0x55b57b46ed50
0:00:00.015473829  2753 0x55dd10d7a360 LOG   GST_POLL gstpoll.c:994:gst_poll_fd_ctl_write: 0x55dd10d9e970: pfd->events now 60 (POLLOUT:4)
0:00:00.020307190  2752 0x55b57b444360 DEBUG   structure gststructure.c:2203:gst_structure_parse_field: trying field name 'long-name'
0:00:00.015481004  2753 0x55dd10d7a360 DEBUG   GST_POLL gstpoll.c:979:gst_poll_fd_ctl_write: 0x55dd10d9e970: fd (fd:0, idx:1), active : 1
0:00:00.020314027  2752 0x55b57b444360 DEBUG   default gstvalue.c:2676:_priv_gst_value_parse_value: trying type name 'string'
0:00:00.015487667  2753 0x55dd10d7a360 LOG   GST_POLL gstpoll.c:994:gst_poll_fd_ctl_write: 0x55dd10d9e970: pfd->events now 60 (POLLOUT:4)
0:00:00.020322097  2752 0x55b57b444360 DEBUG   structure gststructure.c:2203:gst_structure_parse_field: trying field name 'klass'
0:00:00.015494602  2753 0x55dd10d7a360 DEBUG   GST_POLL gstpoll.c:979:gst_poll_fd_ctl_write: 0x55dd10d9e970: fd (fd:0, idx:1), active : 1
0:00:00.020340401  2752 0x55b57b444360 DEBUG   default gstvalue.c:2676:_priv_gst_value_parse_value: trying type name 'string'
0:00:00.015513832  2753 0x55dd10d7a360 LOG   GST_POLL gstpoll.c:994:gst_poll_fd_ctl_write: 0x55dd10d9e970: pfd->events now 60 (POLLOUT:4)
0:00:00.020347500  2752 0x55b57b444360 DEBUG   structure gststructure.c:2203:gst_structure_parse_field: trying field name 'description'
