0:00:00.014142080  2780 0xc22320 DEBUG   GST_POLL gstpoll.c:980:gst_poll_fd_ctl_write: 0xc2a810: fd (fd:0, idx:1), active : 1
0:00:00.018682796  2779 0x1a32390 DEBUG   GST_REGISTRY gstregistrychunks.c:539:gst_registry_chunks_load_pad_template: Added pad_template src_%u
0:00:00.014148320  2780 0xc22320 LOG   GST_POLL gstpoll.c:994:gst_poll_fd_ctl_write: 0xc2a810: pfd->events now 60 (POLLOUT:4)
0:00:00.018690540  2779 0x1a32390 DEBUG   GST_REGISTRY gstregistrychunks.c:526:gst_registry_chunks_load_pad_template: Reading/casting for GstRegistryChunkPadTemplate at address 0x1a4de38
0:00:00.014154816  2780 0xc22320 DEBUG   GST_POLL gstpoll.c:980:gst_poll_fd_ctl_write: 0xc2a810: fd (fd:0, idx:1), active : 1
0:00:00.018698108  2779 0x1a32390 DEBUG   GST_REGISTRY gstregistrychunks.c:539:gst_registry_chunks_load_pad_template: Added pad_template sink_%u
0:00:00.014162245  2780 0xc22320 LOG   GST_POLL gstpoll.c:994:gst_poll_fd_ctl_write: 0xc2a810: pfd->events now 60 (POLLOUT:4)
0:00:00.018706883  2779 0x1a32390 DEBUG   GST_REGISTRY gstregistry.c:590:gst_registry_add_feature: adding feature 0x1a4f980 (multiqueue)
0:00:00.014172238  2780 0xc22320 DEBUG   GST_POLL gstpoll.c:980:gst_poll_fd_ctl_write: 0xc2a810: fd (fd:0, idx:1), active : 1
0:00:00.018713068  2779 0x1a32390 DEBUG   GST_REFCOUNTING gstobject.c:709:gst_object_set_parent: set parent (ref and sink)
0:00:00.014179143  2780 0xc22320 LOG   GST_POLL gstpoll.c:994:gst_poll_fd_ctl_write: 0xc2a810: pfd->events now 60 (POLLOUT:4)
0:00:00.018720864  2779 0x1a32390 TRACE   GST_REFCOUNTING gstobject.c:294:gst_object_ref_sink: 0x1a4f980 ref_sink 1->2
0:00:00.014185768  2780 0xc22320 DEBUG   GST_POLL gstpoll.c:980:gst_poll_fd_ctl_write: 0xc2a810: fd (fd:0, idx:1), active : 1
0:00:00.018728335  2779 0x1a32390 LOG   GST_REGISTRY gstregistry.c:608:gst_registry_add_feature: emitting feature-added for multiqueue
0:00:00.014192589  2780 0xc22320 LOG   GST_POLL gstpoll.c:994:gst_poll_fd_ctl_write: 0xc2a810: pfd->events now 60 (POLLOUT:4)
0:00:00.018735525  2779 0x1a32390 DEBUG   GST_REGISTRY gstregistrychunks.c:741:gst_registry_chunks_load_feature: Added feature multiqueue, plugin 0x1a4c090 coreelements
0:00:00.014199606  2780 0xc22320 DEBUG   GST_POLL gstpoll.c:980:gst_poll_fd_ctl_write: 0xc2a810: fd (fd:0, idx:1), active : 1
0:00:00.018749607  2779 0x1a32390 DEBUG   GST_REGISTRY gstregistrychunks.c:583:gst_registry_chunks_load_feature: Plugin 'coreelements' feature 'typefind' typename : 'GstElementFactory'
0:00:00.014213601  2780 0xc22320 LOG   GST_POLL gstpoll.c:994:gst_poll_fd_ctl_write: 0xc2a810: pfd->events now 60 (POLLOUT:4)
0:00:00.014221594  2780 0xc22320 DEBUG   GST_POLL gstpoll.c:980:gst_poll_fd_ctl_write: 0xc2a810: fd (fd:0, idx:1), active : 1
0:00:00.018760824  2779 0x1a32390 TRACE   GST_REFCOUNTING gstobject.c:208:gst_object_init: 0x1a4fbf0 new
0:00:00.014226644  2780 0xc22320 LOG   GST_POLL gstpoll.c:994:gst_poll_fd_ctl_write: 0xc2a810: pfd->events now 60 (POLLOUT:4)
0:00:00.018770133  2779 0x1a32390 LOG   GST_REGISTRY gstregistrychunks.c:610:gst_registry_chunks_load_feature: Reading/casting for GstRegistryChunkElementFactory at address 0x1a4de68
0:00:00.014235189  2780 0xc22320 DEBUG   GST_POLL gstpoll.c:980:gst_poll_fd_ctl_write: 0xc2a810: fd (fd:0, idx:1), active : 1
0:00:00.018777642  2779 0x1a32390 TRACE   structure gststructure.c:287:gst_structure_new_id_empty_with_size: created structure 0x1a4fdb0
0:00:00.014242023  2780 0xc22320 LOG   GST_POLL gstpoll.c:994:gst_poll_fd_ctl_write: 0xc2a810: pfd->events now 60 (POLLOUT:4)
0:00:00.018783951  2779 0x1a32390 DEBUG   structure gststructure.c:2203:gst_structure_parse_field: trying field name 'long-name'
0:00:00.014248993  2780 0xc22320 DEBUG   GST_POLL gstpoll.c:980:gst_poll_fd_ctl_write: 0xc2a810: fd (fd:0, idx:1), active : 1
0:00:00.018789866  2779 0x1a32390 DEBUG   default gstvalue.c:2676:_priv_gst_value_parse_value: trying type name 'string'
0:00:00.014255177  2780 0xc22320 LOG   GST_POLL gstpoll.c:994:gst_poll_fd_ctl_write: 0xc2a810: pfd->events now 60 (POLLOUT:4)
0:00:00.018796668  2779 0x1a32390 DEBUG   structure gststructure.c:2203:gst_structure_parse_field: trying field name 'klass'
0:00:00.014261538  2780 0xc22320 DEBUG   GST_POLL gstpoll.c:980:gst_poll_fd_ctl_write: 0xc2a810: fd (fd:0, idx:1), active : 1
0:00:00.018802390  2779 0x1a32390 DEBUG   default gstvalue.c:2676:_priv_gst_value_parse_value: trying type name 'string'
0:00:00.014267638  2780 0xc22320 LOG   GST_POLL gstpoll.c:994:gst_poll_fd_ctl_write: 0xc2a810: pfd->events now 60 (POLLOUT:4)
0:00:00.018808901  2779 0x1a32390 DEBUG   structure gststructure.c:2203:gst_structure_parse_field: trying field name 'description'
0:00:00.014273754  2780 0xc22320 DEBUG   GST_POLL gstpoll.c:980:gst_poll_fd_ctl_write: 0xc2a810: fd (fd:0, idx:1), active : 1
0:00:00.018816866  2779 0x1a32390 DEBUG   default gstvalue.c:2676:_priv_gst_value_parse_value: trying type name 'string'
0:00:00.014280829  2780 0xc22320 LOG   GST_POLL gstpoll.c:994:gst_poll_fd_ctl_write: 0xc2a810: pfd->events now 60 (POLLOUT:4)
0:00:00.018825178  2779 0x1a32390 DEBUG   structure gststructure.c:2203:gst_structure_parse_field: trying field name 'author'
0:00:00.014290706  2780 0xc22320 DEBUG   GST_POLL gstpoll.c:980:gst_poll_fd_ctl_write: 0xc2a810: fd (fd:0, idx:1), active : 1
0:00:00.018835917  2779 0x1a32390 DEBUG   default gstvalue.c:2676:_priv_gst_value_parse_value: trying type name 'string'
0:00:00.014301285  2780 0xc22320 LOG   GST_POLL gstpoll.c:994:gst_poll_fd_ctl_write: 0xc2a810: pfd->events now 60 (POLLOUT:4)
0:00:00.018842989  2779 0x1a32390 DEBUG   GST_REGISTRY gstregistrychunks.c:626:gst_registry_chunks_load_feature: Element factory : npadtemplates=2
0:00:00.014308093  2780 0xc22320 DEBUG   GST_POLL gstpoll.c:980:gst_poll_fd_ctl_write: 0xc2a810: fd (fd:0, idx:1), active : 1
0:00:00.018849050  2779 0x1a32390 DEBUG   GST_REGISTRY gstregistrychunks.c:526:gst_registry_chunks_load_pad_template: Reading/casting for GstRegistryChunkPadTemplate at address 0x1a4df40
0:00:00.014314218  2780 0xc22320 LOG   GST_POLL gstpoll.c:994:gst_poll_fd_ctl_write: 0xc2a810: pfd->events now 60 (POLLOUT:4)
0:00:00.018855268  2779 0x1a32390 DEBUG   GST_REGISTRY gstregistrychunks.c:539:gst_registry_chunks_load_pad_template: Added pad_template sink
0:00:00.014320612  2780 0xc22320 DEBUG   GST_POLL gstpoll.c:980:gst_poll_fd_ctl_write: 0xc2a810: fd (fd:0, idx:1), active : 1
0:00:00.018861076  2779 0x1a32390 DEBUG   GST_REGISTRY gstregistrychunks.c:526:gst_registry_chunks_load_pad_template: Reading/casting for GstRegistryChunkPadTemplate at address 0x1a4df58
0:00:00.014326901  2780 0xc22320 LOG   GST_POLL gstpoll.c:994:gst_poll_fd_ctl_write: 0xc2a810: pfd->events now 60 (POLLOUT:4)
0:00:00.018867068  2779 0x1a32390 DEBUG   GST_REGISTRY gstregistrychunks.c:539:gst_registry_chunks_load_pad_template: Added pad_template src
0:00:00.014333401  2780 0xc22320 DEBUG   GST_POLL gstpoll.c:980:gst_poll_fd_ctl_write: 0xc2a810: fd (fd:0, idx:1), active : 1
0:00:00.014339541  2780 0xc22320 LOG   GST_POLL gstpoll.c:994:gst_poll_fd_ctl_write: 0xc2a810: pfd->events now 60 (POLLOUT:4)
0:00:00.018882164  2779 0x1a32390 DEBUG   GST_REGISTRY gstregistry.c:590:gst_registry_add_feature: adding feature 0x1a4fbf0 (typefind)
0:00:00.014347700  2780 0xc22320 DEBUG   GST_POLL gstpoll.c:980:gst_poll_fd_ctl_write: 0xc2a810: fd (fd:0, idx:1), active : 1
0:00:00.018889340  2779 0x1a32390 DEBUG   GST_REFCOUNTING gstobject.c:709:gst_object_set_parent: set parent (ref and sink)
0:00:00.014354505  2780 0xc22320 LOG   GST_POLL gstpoll.c:994:gst_poll_fd_ctl_write: 0xc2a810: pfd->events now 60 (POLLOUT:4)
0:00:00.018897205  2779 0x1a32390 TRACE   GST_REFCOUNTING gstobject.c:294:gst_object_ref_sink: 0x1a4fbf0 ref_sink 1->2
0:00:00.014361312  2780 0xc22320 DEBUG   GST_POLL gstpoll.c:980:gst_poll_fd_ctl_write: 0xc2a810: fd (fd:0, idx:1), active : 1
0:00:00.018904633  2779 0x1a32390 LOG   GST_REGISTRY gstregistry.c:608:gst_registry_add_feature: emitting feature-added for typefind
0:00:00.014368974  2780 0xc22320 LOG   GST_POLL gstpoll.c:994:gst_poll_fd_ctl_write: 0xc2a810: pfd->events now 60 (POLLOUT:4)
0:00:00.018912106  2779 0x1a32390 DEBUG   GST_REGISTRY gstregistrychunks.c:741:gst_registry_chunks_load_feature: Added feature typefind, plugin 0x1a4c090 coreelements
0:00:00.014385253  2780 0xc22320 DEBUG   GST_POLL gstpoll.c:980:gst_poll_fd_ctl_write: 0xc2a810: fd (fd:0, idx:1), active : 1
0:00:00.018925428  2779 0x1a32390 DEBUG   GST_REGISTRY gstregistrychunks.c:583:gst_registry_chunks_load_feature: Plugin 'coreelements' feature 'tee' typename : 'GstElementFactory'
0:00:00.014391408  2780 0xc22320 LOG   GST_POLL gstpoll.c:994:gst_poll_fd_ctl_write: 0xc2a810: pfd->events now 60 (POLLOUT:4)
0:00:00.018933541  2779 0x1a32390 TRACE   GST_REFCOUNTING gstobject.c:208:gst_object_init: 0x1a4ff30 new
0:00:00.014397665  2780 0xc22320 DEBUG   GST_POLL gstpoll.c:980:gst_poll_fd_ctl_write: 0xc2a810: fd (fd:0, idx:1), active : 1
0:00:00.014405778  2780 0xc22320 LOG   GST_POLL gstpoll.c:994:gst_poll_fd_ctl_write: 0xc2a810: pfd->events now 60 (POLLOUT:4)
0:00:00.018944063  2779 0x1a32390 LOG   GST_REGISTRY gstregistrychunks.c:610:gst_registry_chunks_load_feature: Reading/casting for GstRegistryChunkElementFactory at address 0x1a4df80
0:00:00.014413988  2780 0xc22320 DEBUG   GST_POLL gstpoll.c:980:gst_poll_fd_ctl_write: 0xc2a810: fd (fd:0, idx:1), active : 1
0:00:00.018953054  2779 0x1a32390 TRACE   structure gststructure.c:287:gst_structure_new_id_empty_with_size: created structure 0x1a50100
0:00:00.014421043  2780 0xc22320 LOG   GST_POLL gstpoll.c:994:gst_poll_fd_ctl_write: 0xc2a810: pfd->events now 60 (POLLOUT:4)
0:00:00.018960627  2779 0x1a32390 DEBUG   structure gststructure.c:2203:gst_structure_parse_field: trying field name 'long-name'
0:00:00.014427542  2780 0xc22320 DEBUG   GST_POLL gstpoll.c:980:gst_poll_fd_ctl_write: 0xc2a810: fd (fd:0, idx:1), active : 1
0:00:00.018966675  2779 0x1a32390 DEBUG   default gstvalue.c:2676:_priv_gst_value_parse_value: trying type name 'string'
0:00:00.014434093  2780 0xc22320 LOG   GST_POLL gstpoll.c:994:gst_poll_fd_ctl_write: 0xc2a810: pfd->events now 60 (POLLOUT:4)
0:00:00.018974620  2779 0x1a32390 DEBUG   structure gststructure.c:2203:gst_structure_parse_field: trying field name 'klass'
0:00:00.014440542  2780 0xc22320 DEBUG   GST_POLL gstpoll.c:980:gst_poll_fd_ctl_write: 0xc2a810: fd (fd:0, idx:1), active : 1
0:00:00.018980484  2779 0x1a32390 DEBUG   default gstvalue.c:2676:_priv_gst_value_parse_value: trying type name 'string'
0:00:00.014446567  2780 0xc22320 LOG   GST_POLL gstpoll.c:994:gst_poll_fd_ctl_write: 0xc2a810: pfd->events now 60 (POLLOUT:4)
0:00:00.018987197  2779 0x1a32390 DEBUG   structure gststructure.c:2203:gst_structure_parse_field: trying field name 'description'
0:00:00.014453027  2780 0xc22320 DEBUG   GST_POLL gstpoll.c:980:gst_poll_fd_ctl_write: 0xc2a810: fd (fd:0, idx:1), active : 1
0:00:00.018993320  2779 0x1a32390 DEBUG   default gstvalue.c:2676:_priv_gst_value_parse_value: trying type name 'string'
0:00:00.014459371  2780 0xc22320 LOG   GST_POLL gstpoll.c:994:gst_poll_fd_ctl_write: 0xc2a810: pfd->events now 60 (POLLOUT:4)
0:00:00.019002251  2779 0x1a32390 DEBUG   structure gststructure.c:2203:gst_structure_parse_field: trying field name 'author'
0:00:00.019011237  2779 0x1a32390 DEBUG   default gstvalue.c:2676:_priv_gst_value_parse_value: trying type name 'string'
0:00:00.014473584  2780 0xc22320 DEBUG   GST_POLL gstpoll.c:980:gst_poll_fd_ctl_write: 0xc2a810: fd (fd:0, idx:1), active : 1
0:00:00.014482200  2780 0xc22320 LOG   GST_POLL gstpoll.c:994:gst_poll_fd_ctl_write: 0xc2a810: pfd->events now 60 (POLLOUT:4)
0:00:00.019024018  2779 0x1a32390 DEBUG   GST_REGISTRY gstregistrychunks.c:626:gst_registry_chunks_load_feature: Element factory : npadtemplates=2
0:00:00.014488201  2780 0xc22320 DEBUG   GST_POLL gstpoll.c:980:gst_poll_fd_ctl_write: 0xc2a810: fd (fd:0, idx:1), active : 1
0:00:00.019030345  2779 0x1a32390 DEBUG   GST_REGISTRY gstregistrychunks.c:526:gst_registry_chunks_load_pad_template: Reading/casting for GstRegistryChunkPadTemplate at address 0x1a4e070
0:00:00.014495216  2780 0xc22320 LOG   GST_POLL gstpoll.c:994:gst_poll_fd_ctl_write: 0xc2a810: pfd->events now 60 (POLLOUT:4)
0:00:00.019036495  2779 0x1a32390 DEBUG   GST_REGISTRY gstregistrychunks.c:539:gst_registry_chunks_load_pad_template: Added pad_template src_%u
0:00:00.014501576  2780 0xc22320 DEBUG   GST_POLL gstpoll.c:980:gst_poll_fd_ctl_write: 0xc2a810: fd (fd:0, idx:1), active : 1
0:00:00.019042340  2779 0x1a32390 DEBUG   GST_REGISTRY gstregistrychunks.c:526:gst_registry_chunks_load_pad_template: Reading/casting for GstRegistryChunkPadTemplate at address 0x1a4e088
0:00:00.014507796  2780 0xc22320 LOG   GST_POLL gstpoll.c:994:gst_poll_fd_ctl_write: 0xc2a810: pfd->events now 60 (POLLOUT:4)
0:00:00.019048404  2779 0x1a32390 DEBUG   GST_REGISTRY gstregistrychunks.c:539:gst_registry_chunks_load_pad_template: Added pad_template sink
0:00:00.014514184  2780 0xc22320 DEBUG   GST_POLL gstpoll.c:980:gst_poll_fd_ctl_write: 0xc2a810: fd (fd:0, idx:1), active : 1
0:00:00.014520524  2780 0xc22320 LOG   GST_POLL gstpoll.c:994:gst_poll_fd_ctl_write: 0xc2a810: pfd->events now 60 (POLLOUT:4)
0:00:00.019059199  2779 0x1a32390 DEBUG   GST_REGISTRY gstregistry.c:590:gst_registry_add_feature: adding feature 0x1a4ff30 (tee)
0:00:00.014534535  2780 0xc22320 DEBUG   GST_POLL gstpoll.c:980:gst_poll_fd_ctl_write: 0xc2a810: fd (fd:0, idx:1), active : 1
0:00:00.019072824  2779 0x1a32390 DEBUG   GST_REFCOUNTING gstobject.c:709:gst_object_set_parent: set parent (ref and sink)
0:00:00.014541516  2780 0xc22320 LOG   GST_POLL gstpoll.c:994:gst_poll_fd_ctl_write: 0xc2a810: pfd->events now 60 (POLLOUT:4)
0:00:00.019082587  2779 0x1a32390 TRACE   GST_REFCOUNTING gstobject.c:294:gst_object_ref_sink: 0x1a4ff30 ref_sink 1->2
0:00:00.014548512  2780 0xc22320 DEBUG   GST_POLL gstpoll.c:980:gst_poll_fd_ctl_write: 0xc2a810: fd (fd:0, idx:1), active : 1
0:00:00.019090197  2779 0x1a32390 LOG   GST_REGISTRY gstregistry.c:608:gst_registry_add_feature: emitting feature-added for tee
0:00:00.014554577  2780 0xc22320 LOG   GST_POLL gstpoll.c:994:gst_poll_fd_ctl_write: 0xc2a810: pfd->events now 60 (POLLOUT:4)
0:00:00.019102918  2779 0x1a32390 DEBUG   GST_REGISTRY gstregistrychunks.c:741:gst_registry_chunks_load_feature: Added feature tee, plugin 0x1a4c090 coreelements
0:00:00.014567277  2780 0xc22320 DEBUG   GST_POLL gstpoll.c:980:gst_poll_fd_ctl_write: 0xc2a810: fd (fd:0, idx:1), active : 1
0:00:00.019110339  2779 0x1a32390 DEBUG   GST_REGISTRY gstregistrychunks.c:583:gst_registry_chunks_load_feature: Plugin 'coreelements' feature 'filesink' typename : 'GstElementFactory'
0:00:00.014574633  2780 0xc22320 LOG   GST_POLL gstpoll.c:994:gst_poll_fd_ctl_write: 0xc2a810: pfd->events now 60 (POLLOUT:4)
0:00:00.019118853  2779 0x1a32390 TRACE   GST_REFCOUNTING gstobject.c:208:gst_object_init: 0x1a50300 new
0:00:00.014582339  2780 0xc22320 DEBUG   GST_POLL gstpoll.c:980:gst_poll_fd_ctl_write: 0xc2a810: fd (fd:0, idx:1), active : 1
0:00:00.014590648  2780 0xc22320 LOG   GST_POLL gstpoll.c:994:gst_poll_fd_ctl_write: 0xc2a810: pfd->events now 60 (POLLOUT:4)
0:00:00.019127755  2779 0x1a32390 LOG   GST_REGISTRY gstregistrychunks.c:610:gst_registry_chunks_load_feature: Reading/casting for GstRegistryChunkElementFactory at address 0x1a4e0b8
0:00:00.014598936  2780 0xc22320 DEBUG   GST_POLL gstpoll.c:980:gst_poll_fd_ctl_write: 0xc2a810: fd (fd:0, idx:1), active : 1
0:00:00.019139323  2779 0x1a32390 TRACE   structure gststructure.c:287:gst_structure_new_id_empty_with_size: created structure 0x1a504c0
0:00:00.014605774  2780 0xc22320 LOG   GST_POLL gstpoll.c:994:gst_poll_fd_ctl_write: 0xc2a810: pfd->events now 60 (POLLOUT:4)
0:00:00.019146174  2779 0x1a32390 DEBUG   structure gststructure.c:2203:gst_structure_parse_field: trying field name 'long-name'
0:00:00.014612510  2780 0xc22320 DEBUG   GST_POLL gstpoll.c:980:gst_poll_fd_ctl_write: 0xc2a810: fd (fd:0, idx:1), active : 1
0:00:00.019152369  2779 0x1a32390 DEBUG   default gstvalue.c:2676:_priv_gst_value_parse_value: trying type name 'string'
0:00:00.014618569  2780 0xc22320 LOG   GST_POLL gstpoll.c:994:gst_poll_fd_ctl_write: 0xc2a810: pfd->events now 60 (POLLOUT:4)
0:00:00.019159366  2779 0x1a32390 DEBUG   structure gststructure.c:2203:gst_structure_parse_field: trying field name 'klass'
0:00:00.014625116  2780 0xc22320 DEBUG   GST_POLL gstpoll.c:980:gst_poll_fd_ctl_write: 0xc2a810: fd (fd:0, idx:1), active : 1
0:00:00.019177232  2779 0x1a32390 DEBUG   default gstvalue.c:2676:_priv_gst_value_parse_value: trying type name 'string'
0:00:00.014646995  2780 0xc22320 LOG   GST_POLL gstpoll.c:994:gst_poll_fd_ctl_write: 0xc2a810: pfd->events now 60 (POLLOUT:4)
0:00:00.019189417  2779 0x1a32390 DEBUG   structure gststructure.c:2203:gst_structure_parse_field: trying field name 'description'
0:00:00.014655774  2780 0xc22320 DEBUG   GST_POLL gstpoll.c:980:gst_poll_fd_ctl_write: 0xc2a810: fd (fd:0, idx:1), active : 1
0:00:00.019198248  2779 0x1a32390 DEBUG   default gstvalue.c:2676:_priv_gst_value_parse_value: trying type name 'string'
0:00:00.014662635  2780 0xc22320 LOG   GST_POLL gstpoll.c:994:gst_poll_fd_ctl_write: 0xc2a810: pfd->events now 60 (POLLOUT:4)
0:00:00.014678766  2780 0xc22320 DEBUG   GST_POLL gstpoll.c:980:gst_poll_fd_ctl_write: 0xc2a810: fd (fd:0, idx:1), active : 1
0:00:00.019215884  2779 0x1a32390 DEBUG   structure gststructure.c:2203:gst_structure_parse_field: trying field name 'author'
0:00:00.014684109  2780 0xc22320 LOG   GST_POLL gstpoll.c:994:gst_poll_fd_ctl_write: 0xc2a810: pfd->events now 60 (POLLOUT:4)
0:00:00.019223981  2779 0x1a32390 DEBUG   default gstvalue.c:2676:_priv_gst_value_parse_value: trying type name 'string'
0:00:00.014690417  2780 0xc22320 DEBUG   GST_POLL gstpoll.c:980:gst_poll_fd_ctl_write: 0xc2a810: fd (fd:0, idx:1), active : 1
0:00:00.019231809  2779 0x1a32390 DEBUG   GST_REGISTRY gstregistrychunks.c:626:gst_registry_chunks_load_feature: Element factory : npadtemplates=1
0:00:00.014696499  2780 0xc22320 LOG   GST_POLL gstpoll.c:994:gst_poll_fd_ctl_write: 0xc2a810: pfd->events now 60 (POLLOUT:4)
0:00:00.019237938  2779 0x1a32390 DEBUG   GST_REGISTRY gstregistrychunks.c:526:gst_registry_chunks_load_pad_template: Reading/casting for GstRegistryChunkPadTemplate at address 0x1a4e198
0:00:00.014703321  2780 0xc22320 DEBUG   GST_POLL gstpoll.c:980:gst_poll_fd_ctl_write: 0xc2a810: fd (fd:0, idx:1), active : 1
0:00:00.019244587  2779 0x1a32390 DEBUG   GST_REGISTRY gstregistrychunks.c:539:gst_registry_chunks_load_pad_template: Added pad_template sink
0:00:00.014709455  2780 0xc22320 LOG   GST_POLL gstpoll.c:994:gst_poll_fd_ctl_write: 0xc2a810: pfd->events now 60 (POLLOUT:4)
0:00:00.019251397  2779 0x1a32390 DEBUG   GST_REGISTRY gstregistrychunks.c:639:gst_registry_chunks_load_feature: Reading 1 UriTypes at address 0x1a4e1a9
0:00:00.014718033  2780 0xc22320 DEBUG   GST_POLL gstpoll.c:980:gst_poll_fd_ctl_write: 0xc2a810: fd (fd:0, idx:1), active : 1
0:00:00.019260136  2779 0x1a32390 DEBUG   GST_REGISTRY gstregistrychunks.c:654:gst_registry_chunks_load_feature: Reading 1 Interfaces at address 0x1a4e1b9
0:00:00.014724928  2780 0xc22320 LOG   GST_POLL gstpoll.c:994:gst_poll_fd_ctl_write: 0xc2a810: pfd->events now 60 (POLLOUT:4)
0:00:00.014731304  2780 0xc22320 DEBUG   GST_POLL gstpoll.c:980:gst_poll_fd_ctl_write: 0xc2a810: fd (fd:0, idx:1), active : 1
0:00:00.019268718  2779 0x1a32390 DEBUG   GST_REGISTRY gstregistry.c:590:gst_registry_add_feature: adding feature 0x1a50300 (filesink)
0:00:00.014736559  2780 0xc22320 LOG   GST_POLL gstpoll.c:994:gst_poll_fd_ctl_write: 0xc2a810: pfd->events now 60 (POLLOUT:4)
0:00:00.019278468  2779 0x1a32390 DEBUG   GST_REFCOUNTING gstobject.c:709:gst_object_set_parent: set parent (ref and sink)
0:00:00.014742819  2780 0xc22320 DEBUG   GST_POLL gstpoll.c:980:gst_poll_fd_ctl_write: 0xc2a810: fd (fd:0, idx:1), active : 1
0:00:00.014750901  2780 0xc22320 LOG   GST_POLL gstpoll.c:994:gst_poll_fd_ctl_write: 0xc2a810: pfd->events now 60 (POLLOUT:4)
0:00:00.019287673  2779 0x1a32390 TRACE   GST_REFCOUNTING gstobject.c:294:gst_object_ref_sink: 0x1a50300 ref_sink 1->2
0:00:00.014762214  2780 0xc22320 DEBUG   GST_POLL gstpoll.c:980:gst_poll_fd_ctl_write: 0xc2a810: fd (fd:0, idx:1), active : 1
0:00:00.019302553  2779 0x1a32390 LOG   GST_REGISTRY gstregistry.c:608:gst_registry_add_feature: emitting feature-added for filesink
0:00:00.014767964  2780 0xc22320 LOG   GST_POLL gstpoll.c:994:gst_poll_fd_ctl_write: 0xc2a810: pfd->events now 60 (POLLOUT:4)
0:00:00.019309586  2779 0x1a32390 DEBUG   GST_REGISTRY gstregistrychunks.c:741:gst_registry_chunks_load_feature: Added feature filesink, plugin 0x1a4c090 coreelements
0:00:00.014776925  2780 0xc22320 DEBUG   GST_POLL gstpoll.c:980:gst_poll_fd_ctl_write: 0xc2a810: fd (fd:0, idx:1), active : 1
0:00:00.019316646  2779 0x1a32390 DEBUG   GST_REGISTRY gstregistrychunks.c:583:gst_registry_chunks_load_feature: Plugin 'coreelements' feature 'queue2' typename : 'GstElementFactory'
0:00:00.014784115  2780 0xc22320 LOG   GST_POLL gstpoll.c:994:gst_poll_fd_ctl_write: 0xc2a810: pfd->events now 60 (POLLOUT:4)
0:00:00.019326063  2779 0x1a32390 TRACE   GST_REFCOUNTING gstobject.c:208:gst_object_init: 0x1a50670 new
0:00:00.014790397  2780 0xc22320 DEBUG   GST_POLL gstpoll.c:980:gst_poll_fd_ctl_write: 0xc2a810: fd (fd:0, idx:1), active : 1
0:00:00.014797281  2780 0xc22320 LOG   GST_POLL gstpoll.c:994:gst_poll_fd_ctl_write: 0xc2a810: pfd->events now 60 (POLLOUT:4)
0:00:00.019334688  2779 0x1a32390 LOG   GST_REGISTRY gstregistrychunks.c:610:gst_registry_chunks_load_feature: Reading/casting for GstRegistryChunkElementFactory at address 0x1a4e1e0
0:00:00.014802797  2780 0xc22320 DEBUG   GST_POLL gstpoll.c:980:gst_poll_fd_ctl_write: 0xc2a810: fd (fd:0, idx:1), active : 1
0:00:00.019342899  2779 0x1a32390 TRACE   structure gststructure.c:287:gst_structure_new_id_empty_with_size: created structure 0x1a50840
0:00:00.014808801  2780 0xc22320 LOG   GST_POLL gstpoll.c:994:gst_poll_fd_ctl_write: 0xc2a810: pfd->events now 60 (POLLOUT:4)
0:00:00.019351348  2779 0x1a32390 DEBUG   structure gststructure.c:2203:gst_structure_parse_field: trying field name 'long-name'
0:00:00.014815279  2780 0xc22320 DEBUG   GST_POLL gstpoll.c:980:gst_poll_fd_ctl_write: 0xc2a810: fd (fd:0, idx:1), active : 1
0:00:00.019358638  2779 0x1a32390 DEBUG   default gstvalue.c:2676:_priv_gst_value_parse_value: trying type name 'string'
0:00:00.014823177  2780 0xc22320 LOG   GST_POLL gstpoll.c:994:gst_poll_fd_ctl_write: 0xc2a810: pfd->events now 60 (POLLOUT:4)
0:00:00.019365857  2779 0x1a32390 DEBUG   structure gststructure.c:2203:gst_structure_parse_field: trying field name 'klass'
0:00:00.014832741  2780 0xc22320 DEBUG   GST_POLL gstpoll.c:980:gst_poll_fd_ctl_write: 0xc2a810: fd (fd:0, idx:1), active : 1
0:00:00.019371840  2779 0x1a32390 DEBUG   default gstvalue.c:2676:_priv_gst_value_parse_value: trying type name 'string'
0:00:00.014840265  2780 0xc22320 LOG   GST_POLL gstpoll.c:994:gst_poll_fd_ctl_write: 0xc2a810: pfd->events now 60 (POLLOUT:4)
0:00:00.019380443  2779 0x1a32390 DEBUG   structure gststructure.c:2203:gst_structure_parse_field: trying field name 'description'
0:00:00.014853287  2780 0xc22320 DEBUG   GST_POLL gstpoll.c:980:gst_poll_fd_ctl_write: 0xc2a810: fd (fd:0, idx:1), active : 1
0:00:00.019392684  2779 0x1a32390 DEBUG   default gstvalue.c:2676:_priv_gst_value_parse_value: trying type name 'string'
0:00:00.014859775  2780 0xc22320 LOG   GST_POLL gstpoll.c:994:gst_poll_fd_ctl_write: 0xc2a810: pfd->events now 60 (POLLOUT:4)
0:00:00.019400004  2779 0x1a32390 DEBUG   structure gststructure.c:2203:gst_structure_parse_field: trying field name 'author'
0:00:00.014866203  2780 0xc22320 DEBUG   GST_POLL gstpoll.c:980:gst_poll_fd_ctl_write: 0xc2a810: fd (fd:0, idx:1), active : 1
0:00:00.019405680  2779 0x1a32390 DEBUG   default gstvalue.c:2676:_priv_gst_value_parse_value: trying type name 'string'
0:00:00.014872559  2780 0xc22320 LOG   GST_POLL gstpoll.c:994:gst_poll_fd_ctl_write: 0xc2a810: pfd->events now 60 (POLLOUT:4)
0:00:00.014878882  2780 0xc22320 DEBUG   GST_POLL gstpoll.c:980:gst_poll_fd_ctl_write: 0xc2a810: fd (fd:0, idx:1), active : 1
0:00:00.019415698  2779 0x1a32390 DEBUG   GST_REGISTRY gstregistrychunks.c:626:gst_registry_chunks_load_feature: Element factory : npadtemplates=2
0:00:00.014884084  2780 0xc22320 LOG   GST_POLL gstpoll.c:994:gst_poll_fd_ctl_write: 0xc2a810: pfd->events now 60 (POLLOUT:4)
0:00:00.019424196  2779 0x1a32390 DEBUG   GST_REGISTRY gstregistrychunks.c:526:gst_registry_chunks_load_pad_template: Reading/casting for GstRegistryChunkPadTemplate at address 0x1a4e2d0
0:00:00.014892925  2780 0xc22320 DEBUG   GST_POLL gstpoll.c:980:gst_poll_fd_ctl_write: 0xc2a810: fd (fd:0, idx:1), active : 1
0:00:00.019431100  2779 0x1a32390 DEBUG   GST_REGISTRY gstregistrychunks.c:539:gst_registry_chunks_load_pad_template: Added pad_template sink
0:00:00.014900036  2780 0xc22320 LOG   GST_POLL gstpoll.c:994:gst_poll_fd_ctl_write: 0xc2a810: pfd->events now 60 (POLLOUT:4)
0:00:00.019439518  2779 0x1a32390 DEBUG   GST_REGISTRY gstregistrychunks.c:526:gst_registry_chunks_load_pad_template: Reading/casting for GstRegistryChunkPadTemplate at address 0x1a4e2e8
0:00:00.014907473  2780 0xc22320 DEBUG   GST_POLL gstpoll.c:980:gst_poll_fd_ctl_write: 0xc2a810: fd (fd:0, idx:1), active : 1
0:00:00.014965142  2780 0xc22320 LOG   GST_POLL gstpoll.c:994:gst_poll_fd_ctl_write: 0xc2a810: pfd->events now 60 (POLLOUT:4)
0:00:00.014970679  2780 0xc22320 DEBUG   GST_POLL gstpoll.c:980:gst_poll_fd_ctl_write: 0xc2a810: fd (fd:0, idx:1), active : 1
0:00:00.014975521  2780 0xc22320 LOG   GST_POLL gstpoll.c:994:gst_poll_fd_ctl_write: 0xc2a810: pfd->events now 60 (POLLOUT:4)
0:00:00.014980899  2780 0xc22320 DEBUG   GST_POLL gstpoll.c:980:gst_poll_fd_ctl_write: 0xc2a810: fd (fd:0, idx:1), active : 1
0:00:00.014985722  2780 0xc22320 LOG   GST_POLL gstpoll.c:994:gst_poll_fd_ctl_write: 0xc2a810: pfd->events now 60 (POLLOUT:4)
0:00:00.019521193  2779 0x1a32390 DEBUG   GST_REGISTRY gstregistrychunks.c:539:gst_registry_chunks_load_pad_template: Added pad_template src
0:00:00.015000302  2780 0xc22320 DEBUG   GST_POLL gstpoll.c:980:gst_poll_fd_ctl_write: 0xc2a810: fd (fd:0, idx:1), active : 1
0:00:00.015007964  2780 0xc22320 LOG   GST_POLL gstpoll.c:994:gst_poll_fd_ctl_write: 0xc2a810: pfd->events now 60 (POLLOUT:4)
0:00:00.015013490  2780 0xc22320 DEBUG   GST_POLL gstpoll.c:980:gst_poll_fd_ctl_write: 0xc2a810: fd (fd:0, idx:1), active : 1
0:00:00.019550980  2779 0x1a32390 DEBUG   GST_REGISTRY gstregistry.c:590:gst_registry_add_feature: adding feature 0x1a50670 (queue2)
0:00:00.015018392  2780 0xc22320 LOG   GST_POLL gstpoll.c:994:gst_poll_fd_ctl_write: 0xc2a810: pfd->events now 60 (POLLOUT:4)
0:00:00.019560150  2779 0x1a32390 DEBUG   GST_REFCOUNTING gstobject.c:709:gst_object_set_parent: set parent (ref and sink)
0:00:00.015025368  2780 0xc22320 DEBUG   GST_POLL gstpoll.c:980:gst_poll_fd_ctl_write: 0xc2a810: fd (fd:0, idx:1), active : 1
0:00:00.015032224  2780 0xc22320 LOG   GST_POLL gstpoll.c:994:gst_poll_fd_ctl_write: 0xc2a810: pfd->events now 60 (POLLOUT:4)
0:00:00.019569403  2779 0x1a32390 TRACE   GST_REFCOUNTING gstobject.c:294:gst_object_ref_sink: 0x1a50670 ref_sink 1->2
0:00:00.015037852  2780 0xc22320 DEBUG   GST_POLL gstpoll.c:980:gst_poll_fd_ctl_write: 0xc2a810: fd (fd:0, idx:1), active : 1
0:00:00.019578861  2779 0x1a32390 LOG   GST_REGISTRY gstregistry.c:608:gst_registry_add_feature: emitting feature-added for queue2
0:00:00.015045461  2780 0xc22320 LOG   GST_POLL gstpoll.c:994:gst_poll_fd_ctl_write: 0xc2a810: pfd->events now 60 (POLLOUT:4)
0:00:00.019587038  2779 0x1a32390 DEBUG   GST_REGISTRY gstregistrychunks.c:741:gst_registry_chunks_load_feature: Added feature queue2, plugin 0x1a4c090 coreelements
0:00:00.015054656  2780 0xc22320 DEBUG   GST_POLL gstpoll.c:980:gst_poll_fd_ctl_write: 0xc2a810: fd (fd:0, idx:1), active : 1
0:00:00.019594390  2779 0x1a32390 DEBUG   GST_REGISTRY gstregistrychunks.c:583:gst_registry_chunks_load_feature: Plugin 'coreelements' feature 'queue' typename : 'GstElementFactory'
0:00:00.015061876  2780 0xc22320 LOG   GST_POLL gstpoll.c:994:gst_poll_fd_ctl_write: 0xc2a810: pfd->events now 60 (POLLOUT:4)
0:00:00.015068391  2780 0xc22320 DEBUG   GST_POLL gstpoll.c:980:gst_poll_fd_ctl_write: 0xc2a810: fd (fd:0, idx:1), active : 1
0:00:00.019607920  2779 0x1a32390 TRACE   GST_REFCOUNTING gstobject.c:208:gst_object_init: 0x1a50ac0 new
0:00:00.015073375  2780 0xc22320 LOG   GST_POLL gstpoll.c:994:gst_poll_fd_ctl_write: 0xc2a810: pfd->events now 60 (POLLOUT:4)
0:00:00.015080613  2780 0xc22320 DEBUG   GST_POLL gstpoll.c:980:gst_poll_fd_ctl_write: 0xc2a810: fd (fd:0, idx:1), active : 1
0:00:00.019620496  2779 0x1a32390 LOG   GST_REGISTRY gstregistrychunks.c:610:gst_registry_chunks_load_feature: Reading/casting for GstRegistryChunkElementFactory at address 0x1a4e310
0:00:00.015085492  2780 0xc22320 LOG   GST_POLL gstpoll.c:994:gst_poll_fd_ctl_write: 0xc2a810: pfd->events now 60 (POLLOUT:4)
0:00:00.019630332  2779 0x1a32390 TRACE   structure gststructure.c:287:gst_structure_new_id_empty_with_size: created structure 0x1a50cf0
0:00:00.015098324  2780 0xc22320 DEBUG   GST_POLL gstpoll.c:980:gst_poll_fd_ctl_write: 0xc2a810: fd (fd:0, idx:1), active : 1
0:00:00.019638516  2779 0x1a32390 DEBUG   structure gststructure.c:2203:gst_structure_parse_field: trying field name 'long-name'
0:00:00.015104100  2780 0xc22320 LOG   GST_POLL gstpoll.c:994:gst_poll_fd_ctl_write: 0xc2a810: pfd->events now 60 (POLLOUT:4)
0:00:00.019645569  2779 0x1a32390 DEBUG   default gstvalue.c:2676:_priv_gst_value_parse_value: trying type name 'string'
0:00:00.015112744  2780 0xc22320 LOG   GST_PLUGIN_LOADING gstpluginloader.c:646:put_chunk: Expanding tx buf from 10158 to 13209 for chunk of size 209
0:00:00.019655063  2779 0x1a32390 DEBUG   structure gststructure.c:2203:gst_structure_parse_field: trying field name 'klass'
0:00:00.019660863  2779 0x1a32390 DEBUG   default gstvalue.c:2676:_priv_gst_value_parse_value: trying type name 'string'
0:00:00.019666532  2779 0x1a32390 DEBUG   structure gststructure.c:2203:gst_structure_parse_field: trying field name 'description'
0:00:00.015131074  2780 0xc22320 DEBUG   GST_POLL gstpoll.c:980:gst_poll_fd_ctl_write: 0xc2a810: fd (fd:0, idx:1), active : 1
0:00:00.019671463  2779 0x1a32390 DEBUG   default gstvalue.c:2676:_priv_gst_value_parse_value: trying type name 'string'
0:00:00.015137777  2780 0xc22320 LOG   GST_POLL gstpoll.c:994:gst_poll_fd_ctl_write: 0xc2a810: pfd->events now 60 (POLLOUT:4)
0:00:00.015144395  2780 0xc22320 DEBUG   GST_POLL gstpoll.c:980:gst_poll_fd_ctl_write: 0xc2a810: fd (fd:0, idx:1), active : 1
0:00:00.019681099  2779 0x1a32390 DEBUG   structure gststructure.c:2203:gst_structure_parse_field: trying field name 'author'
0:00:00.015149800  2780 0xc22320 LOG   GST_POLL gstpoll.c:994:gst_poll_fd_ctl_write: 0xc2a810: pfd->events now 60 (POLLOUT:4)
0:00:00.019689764  2779 0x1a32390 DEBUG   default gstvalue.c:2676:_priv_gst_value_parse_value: trying type name 'string'
0:00:00.015158249  2780 0xc22320 DEBUG   GST_POLL gstpoll.c:980:gst_poll_fd_ctl_write: 0xc2a810: fd (fd:0, idx:1), active : 1
0:00:00.019697729  2779 0x1a32390 DEBUG   GST_REGISTRY gstregistrychunks.c:626:gst_registry_chunks_load_feature: Element factory : npadtemplates=2
0:00:00.015165288  2780 0xc22320 LOG   GST_POLL gstpoll.c:994:gst_poll_fd_ctl_write: 0xc2a810: pfd->events now 60 (POLLOUT:4)
0:00:00.019704760  2779 0x1a32390 DEBUG   GST_REGISTRY gstregistrychunks.c:526:gst_registry_chunks_load_pad_template: Reading/casting for GstRegistryChunkPadTemplate at address 0x1a4e3c8
0:00:00.015171638  2780 0xc22320 DEBUG   GST_POLL gstpoll.c:980:gst_poll_fd_ctl_write: 0xc2a810: fd (fd:0, idx:1), active : 1
0:00:00.019711068  2779 0x1a32390 DEBUG   GST_REGISTRY gstregistrychunks.c:539:gst_registry_chunks_load_pad_template: Added pad_template sink
0:00:00.015177831  2780 0xc22320 LOG   GST_POLL gstpoll.c:994:gst_poll_fd_ctl_write: 0xc2a810: pfd->events now 60 (POLLOUT:4)
0:00:00.019729194  2779 0x1a32390 DEBUG   GST_REGISTRY gstregistrychunks.c:526:gst_registry_chunks_load_pad_template: Reading/casting for GstRegistryChunkPadTemplate at address 0x1a4e3e0
0:00:00.015194565  2780 0xc22320 DEBUG   GST_POLL gstpoll.c:980:gst_poll_fd_ctl_write: 0xc2a810: fd (fd:0, idx:1), active : 1
0:00:00.019735097  2779 0x1a32390 DEBUG   GST_REGISTRY gstregistrychunks.c:539:gst_registry_chunks_load_pad_template: Added pad_template src
0:00:00.015200321  2780 0xc22320 LOG   GST_POLL gstpoll.c:994:gst_poll_fd_ctl_write: 0xc2a810: pfd->events now 60 (POLLOUT:4)
0:00:00.019743428  2779 0x1a32390 DEBUG   GST_REGISTRY gstregistry.c:590:gst_registry_add_feature: adding feature 0x1a50ac0 (queue)
0:00:00.015206545  2780 0xc22320 DEBUG   GST_POLL gstpoll.c:980:gst_poll_fd_ctl_write: 0xc2a810: fd (fd:0, idx:1), active : 1
0:00:00.015215293  2780 0xc22320 LOG   GST_POLL gstpoll.c:994:gst_poll_fd_ctl_write: 0xc2a810: pfd->events now 60 (POLLOUT:4)
0:00:00.019752168  2779 0x1a32390 DEBUG   GST_REFCOUNTING gstobject.c:709:gst_object_set_parent: set parent (ref and sink)
0:00:00.015223430  2780 0xc22320 DEBUG   GST_POLL gstpoll.c:980:gst_poll_fd_ctl_write: 0xc2a810: fd (fd:0, idx:1), active : 1
0:00:00.019763368  2779 0x1a32390 TRACE   GST_REFCOUNTING gstobject.c:294:gst_object_ref_sink: 0x1a50ac0 ref_sink 1->2
0:00:00.015230314  2780 0xc22320 LOG   GST_POLL gstpoll.c:994:gst_poll_fd_ctl_write: 0xc2a810: pfd->events now 60 (POLLOUT:4)
0:00:00.019771002  2779 0x1a32390 LOG   GST_REGISTRY gstregistry.c:608:gst_registry_add_feature: emitting feature-added for queue
0:00:00.015236723  2780 0xc22320 DEBUG   GST_POLL gstpoll.c:980:gst_poll_fd_ctl_write: 0xc2a810: fd (fd:0, idx:1), active : 1
0:00:00.019778256  2779 0x1a32390 DEBUG   GST_REGISTRY gstregistrychunks.c:741:gst_registry_chunks_load_feature: Added feature queue, plugin 0x1a4c090 coreelements
0:00:00.015242757  2780 0xc22320 LOG   GST_POLL gstpoll.c:994:gst_poll_fd_ctl_write: 0xc2a810: pfd->events now 60 (POLLOUT:4)
0:00:00.019785388  2779 0x1a32390 DEBUG   GST_REGISTRY gstregistrychunks.c:583:gst_registry_chunks_load_feature: Plugin 'coreelements' feature 'output-selector' typename : 'GstElementFactory'
0:00:00.015249683  2780 0xc22320 DEBUG   GST_POLL gstpoll.c:980:gst_poll_fd_ctl_write: 0xc2a810: fd (fd:0, idx:1), active : 1
0:00:00.015256382  2780 0xc22320 LOG   GST_POLL gstpoll.c:994:gst_poll_fd_ctl_write: 0xc2a810: pfd->events now 60 (POLLOUT:4)
0:00:00.019793735  2779 0x1a32390 TRACE   GST_REFCOUNTING gstobject.c:208:gst_object_init: 0x1a50e20 new
0:00:00.015261749  2780 0xc22320 DEBUG   GST_POLL gstpoll.c:980:gst_poll_fd_ctl_write: 0xc2a810: fd (fd:0, idx:1), active : 1
0:00:00.015267554  2780 0xc22320 LOG   GST_POLL gstpoll.c:994:gst_poll_fd_ctl_write: 0xc2a810: pfd->events now 60 (POLLOUT:4)
0:00:00.019809272  2779 0x1a32390 LOG   GST_REGISTRY gstregistrychunks.c:610:gst_registry_chunks_load_feature: Reading/casting for GstRegistryChunkElementFactory at address 0x1a4e418
0:00:00.015275901  2780 0xc22320 DEBUG   GST_POLL gstpoll.c:980:gst_poll_fd_ctl_write: 0xc2a810: fd (fd:0, idx:1), active : 1
0:00:00.019823924  2779 0x1a32390 TRACE   structure gststructure.c:287:gst_structure_new_id_empty_with_size: created structure 0x1a51120
0:00:00.015287610  2780 0xc22320 LOG   GST_POLL gstpoll.c:994:gst_poll_fd_ctl_write: 0xc2a810: pfd->events now 60 (POLLOUT:4)
0:00:00.019831644  2779 0x1a32390 DEBUG   structure gststructure.c:2203:gst_structure_parse_field: trying field name 'long-name'
0:00:00.015296708  2780 0xc22320 DEBUG   GST_POLL gstpoll.c:980:gst_poll_fd_ctl_write: 0xc2a810: fd (fd:0, idx:1), active : 1
0:00:00.019837704  2779 0x1a32390 DEBUG   default gstvalue.c:2676:_priv_gst_value_parse_value: trying type name 'string'
0:00:00.015302779  2780 0xc22320 LOG   GST_POLL gstpoll.c:994:gst_poll_fd_ctl_write: 0xc2a810: pfd->events now 60 (POLLOUT:4)
0:00:00.019844622  2779 0x1a32390 DEBUG   structure gststructure.c:2203:gst_structure_parse_field: trying field name 'klass'
0:00:00.015309017  2780 0xc22320 DEBUG   GST_POLL gstpoll.c:980:gst_poll_fd_ctl_write: 0xc2a810: fd (fd:0, idx:1), active : 1
0:00:00.019850551  2779 0x1a32390 DEBUG   default gstvalue.c:2676:_priv_gst_value_parse_value: trying type name 'string'
0:00:00.015315728  2780 0xc22320 LOG   GST_POLL gstpoll.c:994:gst_poll_fd_ctl_write: 0xc2a810: pfd->events now 60 (POLLOUT:4)
0:00:00.019856918  2779 0x1a32390 DEBUG   structure gststructure.c:2203:gst_structure_parse_field: trying field name 'description'
0:00:00.015321875  2780 0xc22320 DEBUG   GST_POLL gstpoll.c:980:gst_poll_fd_ctl_write: 0xc2a810: fd (fd:0, idx:1), active : 1
0:00:00.019862769  2779 0x1a32390 DEBUG   default gstvalue.c:2676:_priv_gst_value_parse_value: trying type name 'string'
0:00:00.015327697  2780 0xc22320 LOG   GST_POLL gstpoll.c:994:gst_poll_fd_ctl_write: 0xc2a810: pfd->events now 60 (POLLOUT:4)
0:00:00.019869056  2779 0x1a32390 DEBUG   structure gststructure.c:2203:gst_structure_parse_field: trying field name 'author'
0:00:00.015336165  2780 0xc22320 DEBUG   GST_POLL gstpoll.c:980:gst_poll_fd_ctl_write: 0xc2a810: fd (fd:0, idx:1), active : 1
0:00:00.019876733  2779 0x1a32390 DEBUG   default gstvalue.c:2676:_priv_gst_value_parse_value: trying type name 'string'
0:00:00.015342939  2780 0xc22320 LOG   GST_POLL gstpoll.c:994:gst_poll_fd_ctl_write: 0xc2a810: pfd->events now 60 (POLLOUT:4)
0:00:00.019885056  2779 0x1a32390 DEBUG   GST_REGISTRY gstregistrychunks.c:626:gst_registry_chunks_load_feature: Element factory : npadtemplates=2
0:00:00.015349378  2780 0xc22320 DEBUG   GST_POLL gstpoll.c:980:gst_poll_fd_ctl_write: 0xc2a810: fd (fd:0, idx:1), active : 1
0:00:00.019891493  2779 0x1a32390 DEBUG   GST_REGISTRY gstregistrychunks.c:526:gst_registry_chunks_load_pad_template: Reading/casting for GstRegistryChunkPadTemplate at address 0x1a4e4f0
0:00:00.015356402  2780 0xc22320 LOG   GST_POLL gstpoll.c:994:gst_poll_fd_ctl_write: 0xc2a810: pfd->events now 60 (POLLOUT:4)
0:00:00.019902359  2779 0x1a32390 DEBUG   GST_REGISTRY gstregistrychunks.c:539:gst_registry_chunks_load_pad_template: Added pad_template src_%u
0:00:00.015367817  2780 0xc22320 DEBUG   GST_POLL gstpoll.c:980:gst_poll_fd_ctl_write: 0xc2a810: fd (fd:0, idx:1), active : 1
0:00:00.019908481  2779 0x1a32390 DEBUG   GST_REGISTRY gstregistrychunks.c:526:gst_registry_chunks_load_pad_template: Reading/casting for GstRegistryChunkPadTemplate at address 0x1a4e508
0:00:00.015373577  2780 0xc22320 LOG   GST_POLL gstpoll.c:994:gst_poll_fd_ctl_write: 0xc2a810: pfd->events now 60 (POLLOUT:4)
0:00:00.019914263  2779 0x1a32390 DEBUG   GST_REGISTRY gstregistrychunks.c:539:gst_registry_chunks_load_pad_template: Added pad_template sink
0:00:00.015379681  2780 0xc22320 DEBUG   GST_POLL gstpoll.c:980:gst_poll_fd_ctl_write: 0xc2a810: fd (fd:0, idx:1), active : 1
0:00:00.019922524  2779 0x1a32390 DEBUG   GST_REGISTRY gstregistry.c:590:gst_registry_add_feature: adding feature 0x1a50e20 (output-selector)
0:00:00.015385691  2780 0xc22320 LOG   GST_POLL gstpoll.c:994:gst_poll_fd_ctl_write: 0xc2a810: pfd->events now 60 (POLLOUT:4)
0:00:00.019931298  2779 0x1a32390 DEBUG   GST_REFCOUNTING gstobject.c:709:gst_object_set_parent: set parent (ref and sink)
0:00:00.015396141  2780 0xc22320 DEBUG   GST_POLL gstpoll.c:980:gst_poll_fd_ctl_write: 0xc2a810: fd (fd:0, idx:1), active : 1
0:00:00.015404225  2780 0xc22320 LOG   GST_POLL gstpoll.c:994:gst_poll_fd_ctl_write: 0xc2a810: pfd->events now 60 (POLLOUT:4)
0:00:00.019941884  2779 0x1a32390 TRACE   GST_REFCOUNTING gstobject.c:294:gst_object_ref_sink: 0x1a50e20 ref_sink 1->2
0:00:00.015410145  2780 0xc22320 DEBUG   GST_POLL gstpoll.c:980:gst_poll_fd_ctl_write: 0xc2a810: fd (fd:0, idx:1), active : 1
0:00:00.019958860  2779 0x1a32390 LOG   GST_REGISTRY gstregistry.c:608:gst_registry_add_feature: emitting feature-added for output-selector
0:00:00.015422369  2780 0xc22320 LOG   GST_POLL gstpoll.c:994:gst_poll_fd_ctl_write: 0xc2a810: pfd->events now 60 (POLLOUT:4)
0:00:00.019966927  2779 0x1a32390 DEBUG   GST_REGISTRY gstregistrychunks.c:741:gst_registry_chunks_load_feature: Added feature output-selector, plugin 0x1a4c090 coreelements
0:00:00.015430381  2780 0xc22320 DEBUG   GST_POLL gstpoll.c:980:gst_poll_fd_ctl_write: 0xc2a810: fd (fd:0, idx:1), active : 1
0:00:00.019974659  2779 0x1a32390 DEBUG   GST_REGISTRY gstregistrychunks.c:583:gst_registry_chunks_load_feature: Plugin 'coreelements' feature 'input-selector' typename : 'GstElementFactory'
0:00:00.015438553  2780 0xc22320 LOG   GST_POLL gstpoll.c:994:gst_poll_fd_ctl_write: 0xc2a810: pfd->events now 60 (POLLOUT:4)
0:00:00.015446194  2780 0xc22320 DEBUG   GST_POLL gstpoll.c:980:gst_poll_fd_ctl_write: 0xc2a810: fd (fd:0, idx:1), active : 1
0:00:00.019983452  2779 0x1a32390 TRACE   GST_REFCOUNTING gstobject.c:208:gst_object_init: 0x1a51440 new
0:00:00.015451416  2780 0xc22320 LOG   GST_POLL gstpoll.c:994:gst_poll_fd_ctl_write: 0xc2a810: pfd->events now 60 (POLLOUT:4)
0:00:00.019998040  2779 0x1a32390 LOG   GST_REGISTRY gstregistrychunks.c:610:gst_registry_chunks_load_feature: Reading/casting for GstRegistryChunkElementFactory at address 0x1a4e540
0:00:00.015463701  2780 0xc22320 DEBUG   GST_POLL gstpoll.c:980:gst_poll_fd_ctl_write: 0xc2a810: fd (fd:0, idx:1), active : 1
0:00:00.020005124  2779 0x1a32390 TRACE   structure gststructure.c:287:gst_structure_new_id_empty_with_size: created structure 0x1a51650
0:00:00.015470559  2780 0xc22320 LOG   GST_POLL gstpoll.c:994:gst_poll_fd_ctl_write: 0xc2a810: pfd->events now 60 (POLLOUT:4)
0:00:00.020011369  2779 0x1a32390 DEBUG   structure gststructure.c:2203:gst_structure_parse_field: trying field name 'long-name'
0:00:00.015477016  2780 0xc22320 DEBUG   GST_POLL gstpoll.c:980:gst_poll_fd_ctl_write: 0xc2a810: fd (fd:0, idx:1), active : 1
0:00:00.020019405  2779 0x1a32390 DEBUG   default gstvalue.c:2676:_priv_gst_value_parse_value: trying type name 'string'
0:00:00.015483197  2780 0xc22320 LOG   GST_POLL gstpoll.c:994:gst_poll_fd_ctl_write: 0xc2a810: pfd->events now 60 (POLLOUT:4)
0:00:00.020027596  2779 0x1a32390 DEBUG   structure gststructure.c:2203:gst_structure_parse_field: trying field name 'klass'
0:00:00.015491604  2780 0xc22320 DEBUG   GST_POLL gstpoll.c:980:gst_poll_fd_ctl_write: 0xc2a810: fd (fd:0, idx:1), active : 1
0:00:00.020033940  2779 0x1a32390 DEBUG   default gstvalue.c:2676:_priv_gst_value_parse_value: trying type name 'string'
0:00:00.015498921  2780 0xc22320 LOG   GST_POLL gstpoll.c:994:gst_poll_fd_ctl_write: 0xc2a810: pfd->events now 60 (POLLOUT:4)
0:00:00.020040530  2779 0x1a32390 DEBUG   structure gststructure.c:2203:gst_structure_parse_field: trying field name 'description'
0:00:00.015505239  2780 0xc22320 DEBUG   GST_POLL gstpoll.c:980:gst_poll_fd_ctl_write: 0xc2a810: fd (fd:0, idx:1), active : 1
0:00:00.020046166  2779 0x1a32390 DEBUG   default gstvalue.c:2676:_priv_gst_value_parse_value: trying type name 'string'
0:00:00.015511316  2780 0xc22320 LOG   GST_POLL gstpoll.c:994:gst_poll_fd_ctl_write: 0xc2a810: pfd->events now 60 (POLLOUT:4)
0:00:00.020052332  2779 0x1a32390 DEBUG   structure gststructure.c:2203:gst_structure_parse_field: trying field name 'author'
0:00:00.015519765  2780 0xc22320 DEBUG   GST_POLL gstpoll.c:980:gst_poll_fd_ctl_write: 0xc2a810: fd (fd:0, idx:1), active : 1
0:00:00.020057980  2779 0x1a32390 DEBUG   default gstvalue.c:2676:_priv_gst_value_parse_value: trying type name 'string'
0:00:00.015531436  2780 0xc22320 LOG   GST_POLL gstpoll.c:994:gst_poll_fd_ctl_write: 0xc2a810: pfd->events now 60 (POLLOUT:4)
0:00:00.020072374  2779 0x1a32390 DEBUG   GST_REGISTRY gstregistrychunks.c:626:gst_registry_chunks_load_feature: Element factory : npadtemplates=2
0:00:00.015538084  2780 0xc22320 DEBUG   GST_POLL gstpoll.c:980:gst_poll_fd_ctl_write: 0xc2a810: fd (fd:0, idx:1), active : 1
0:00:00.020080447  2779 0x1a32390 DEBUG   GST_REGISTRY gstregistrychunks.c:526:gst_registry_chunks_load_pad_template: Reading/casting for GstRegistryChunkPadTemplate at address 0x1a4e670
0:00:00.015549553  2780 0xc22320 LOG   GST_POLL gstpoll.c:994:gst_poll_fd_ctl_write: 0xc2a810: pfd->events now 60 (POLLOUT:4)
0:00:00.020090029  2779 0x1a32390 DEBUG   GST_REGISTRY gstregistrychunks.c:539:gst_registry_chunks_load_pad_template: Added pad_template src
0:00:00.015555869  2780 0xc22320 DEBUG   GST_POLL gstpoll.c:980:gst_poll_fd_ctl_write: 0xc2a810: fd (fd:0, idx:1), active : 1
0:00:00.020096115  2779 0x1a32390 DEBUG   GST_REGISTRY gstregistrychunks.c:526:gst_registry_chunks_load_pad_template: Reading/casting for GstRegistryChunkPadTemplate at address 0x1a4e680
0:00:00.015561722  2780 0xc22320 LOG   GST_POLL gstpoll.c:994:gst_poll_fd_ctl_write: 0xc2a810: pfd->events now 60 (POLLOUT:4)
0:00:00.020102693  2779 0x1a32390 DEBUG   GST_REGISTRY gstregistrychunks.c:539:gst_registry_chunks_load_pad_template: Added pad_template sink_%u
0:00:00.015568004  2780 0xc22320 DEBUG   GST_POLL gstpoll.c:980:gst_poll_fd_ctl_write: 0xc2a810: fd (fd:0, idx:1), active : 1
0:00:00.020110878  2779 0x1a32390 DEBUG   GST_REGISTRY gstregistry.c:590:gst_registry_add_feature: adding feature 0x1a51440 (input-selector)
0:00:00.015573833  2780 0xc22320 LOG   GST_POLL gstpoll.c:994:gst_poll_fd_ctl_write: 0xc2a810: pfd->events now 60 (POLLOUT:4)
0:00:00.020117221  2779 0x1a32390 DEBUG   GST_REFCOUNTING gstobject.c:709:gst_object_set_parent: set parent (ref and sink)
0:00:00.015584170  2780 0xc22320 DEBUG   GST_POLL gstpoll.c:980:gst_poll_fd_ctl_write: 0xc2a810: fd (fd:0, idx:1), active : 1
0:00:00.020124973  2779 0x1a32390 TRACE   GST_REFCOUNTING gstobject.c:294:gst_object_ref_sink: 0x1a51440 ref_sink 1->2
0:00:00.015591061  2780 0xc22320 LOG   GST_POLL gstpoll.c:994:gst_poll_fd_ctl_write: 0xc2a810: pfd->events now 60 (POLLOUT:4)
0:00:00.020131915  2779 0x1a32390 LOG   GST_REGISTRY gstregistry.c:608:gst_registry_add_feature: emitting feature-added for input-selector
0:00:00.015597658  2780 0xc22320 DEBUG   GST_POLL gstpoll.c:980:gst_poll_fd_ctl_write: 0xc2a810: fd (fd:0, idx:1), active : 1
0:00:00.015603877  2780 0xc22320 LOG   GST_POLL gstpoll.c:994:gst_poll_fd_ctl_write: 0xc2a810: pfd->events now 60 (POLLOUT:4)
0:00:00.020141521  2779 0x1a32390 DEBUG   GST_REGISTRY gstregistrychunks.c:741:gst_registry_chunks_load_feature: Added feature input-selector, plugin 0x1a4c090 coreelements
0:00:00.015609213  2780 0xc22320 DEBUG   GST_POLL gstpoll.c:980:gst_poll_fd_ctl_write: 0xc2a810: fd (fd:0, idx:1), active : 1
0:00:00.020149960  2779 0x1a32390 DEBUG   GST_REGISTRY gstregistrychunks.c:583:gst_registry_chunks_load_feature: Plugin 'coreelements' feature 'identity' typename : 'GstElementFactory'
0:00:00.015615171  2780 0xc22320 LOG   GST_POLL gstpoll.c:994:gst_poll_fd_ctl_write: 0xc2a810: pfd->events now 60 (POLLOUT:4)
0:00:00.015621625  2780 0xc22320 DEBUG   GST_POLL gstpoll.c:980:gst_poll_fd_ctl_write: 0xc2a810: fd (fd:0, idx:1), active : 1
0:00:00.020158943  2779 0x1a32390 TRACE   GST_REFCOUNTING gstobject.c:208:gst_object_init: 0x1a51890 new
0:00:00.015645532  2780 0xc22320 LOG   GST_POLL gstpoll.c:994:gst_poll_fd_ctl_write: 0xc2a810: pfd->events now 60 (POLLOUT:4)
0:00:00.015653448  2780 0xc22320 DEBUG   GST_POLL gstpoll.c:980:gst_poll_fd_ctl_write: 0xc2a810: fd (fd:0, idx:1), active : 1
0:00:00.020191857  2779 0x1a32390 LOG   GST_REGISTRY gstregistrychunks.c:610:gst_registry_chunks_load_feature: Reading/casting for GstRegistryChunkElementFactory at address 0x1a4e6b0
0:00:00.015658600  2780 0xc22320 LOG   GST_POLL gstpoll.c:994:gst_poll_fd_ctl_write: 0xc2a810: pfd->events now 60 (POLLOUT:4)
0:00:00.020200048  2779 0x1a32390 TRACE   structure gststructure.c:287:gst_structure_new_id_empty_with_size: created structure 0x1a51a40
0:00:00.015664793  2780 0xc22320 DEBUG   GST_POLL gstpoll.c:980:gst_poll_fd_ctl_write: 0xc2a810: fd (fd:0, idx:1), active : 1
0:00:00.020207972  2779 0x1a32390 DEBUG   structure gststructure.c:2203:gst_structure_parse_field: trying field name 'long-name'
0:00:00.015671988  2780 0xc22320 LOG   GST_POLL gstpoll.c:994:gst_poll_fd_ctl_write: 0xc2a810: pfd->events now 60 (POLLOUT:4)
0:00:00.020216439  2779 0x1a32390 DEBUG   default gstvalue.c:2676:_priv_gst_value_parse_value: trying type name 'string'
0:00:00.015680591  2780 0xc22320 DEBUG   GST_POLL gstpoll.c:980:gst_poll_fd_ctl_write: 0xc2a810: fd (fd:0, idx:1), active : 1
0:00:00.015689911  2780 0xc22320 LOG   GST_POLL gstpoll.c:994:gst_poll_fd_ctl_write: 0xc2a810: pfd->events now 60 (POLLOUT:4)
0:00:00.020228467  2779 0x1a32390 DEBUG   structure gststructure.c:2203:gst_structure_parse_field: trying field name 'klass'
0:00:00.015695093  2780 0xc22320 DEBUG   GST_POLL gstpoll.c:980:gst_poll_fd_ctl_write: 0xc2a810: fd (fd:0, idx:1), active : 1
0:00:00.020238817  2779 0x1a32390 DEBUG   default gstvalue.c:2676:_priv_gst_value_parse_value: trying type name 'string'
0:00:00.015704420  2780 0xc22320 LOG   GST_POLL gstpoll.c:994:gst_poll_fd_ctl_write: 0xc2a810: pfd->events now 60 (POLLOUT:4)
0:00:00.020247716  2779 0x1a32390 DEBUG   structure gststructure.c:2203:gst_structure_parse_field: trying field name 'description'
0:00:00.015712111  2780 0xc22320 DEBUG   GST_POLL gstpoll.c:980:gst_poll_fd_ctl_write: 0xc2a810: fd (fd:0, idx:1), active : 1
0:00:00.020253776  2779 0x1a32390 DEBUG   default gstvalue.c:2676:_priv_gst_value_parse_value: trying type name 'string'
0:00:00.015718732  2780 0xc22320 LOG   GST_POLL gstpoll.c:994:gst_poll_fd_ctl_write: 0xc2a810: pfd->events now 60 (POLLOUT:4)
0:00:00.020260540  2779 0x1a32390 DEBUG   structure gststructure.c:2203:gst_structure_parse_field: trying field name 'author'
0:00:00.015724962  2780 0xc22320 DEBUG   GST_POLL gstpoll.c:980:gst_poll_fd_ctl_write: 0xc2a810: fd (fd:0, idx:1), active : 1
0:00:00.020266267  2779 0x1a32390 DEBUG   default gstvalue.c:2676:_priv_gst_value_parse_value: trying type name 'string'
0:00:00.015731237  2780 0xc22320 LOG   GST_POLL gstpoll.c:994:gst_poll_fd_ctl_write: 0xc2a810: pfd->events now 60 (POLLOUT:4)
