0:00:00.021766593  2779 0x1a32390 DEBUG   GST_REGISTRY gstregistrychunks.c:583:gst_registry_chunks_load_feature: Plugin 'coreelements' feature 'concat' typename : 'GstElementFactory'
0:00:00.017233461  2780 0xc22320 LOG   GST_POLL gstpoll.c:994:gst_poll_fd_ctl_write: 0xc2a810: pfd->events now 60 (POLLOUT:4)
0:00:00.017240303  2780 0xc22320 DEBUG   GST_POLL gstpoll.c:980:gst_poll_fd_ctl_write: 0xc2a810: fd (fd:0, idx:1), active : 1
0:00:00.021777238  2779 0x1a32390 TRACE   GST_REFCOUNTING gstobject.c:208:gst_object_init: 0x1a53c10 new
0:00:00.017245710  2780 0xc22320 LOG   GST_POLL gstpoll.c:994:gst_poll_fd_ctl_write: 0xc2a810: pfd->events now 60 (POLLOUT:4)
0:00:00.021794821  2779 0x1a32390 LOG   GST_REGISTRY gstregistrychunks.c:610:gst_registry_chunks_load_feature: Reading/casting for GstRegistryChunkElementFactory at address 0x1a4f140
0:00:00.017258836  2780 0xc22320 DEBUG   GST_POLL gstpoll.c:980:gst_poll_fd_ctl_write: 0xc2a810: fd (fd:0, idx:1), active : 1
0:00:00.021802255  2779 0x1a32390 TRACE   structure gststructure.c:287:gst_structure_new_id_empty_with_size: created structure 0x1a53ea0
0:00:00.017266344  2780 0xc22320 LOG   GST_POLL gstpoll.c:994:gst_poll_fd_ctl_write: 0xc2a810: pfd->events now 60 (POLLOUT:4)
0:00:00.021808662  2779 0x1a32390 DEBUG   structure gststructure.c:2203:gst_structure_parse_field: trying field name 'long-name'
0:00:00.017274047  2780 0xc22320 DEBUG   GST_POLL gstpoll.c:980:gst_poll_fd_ctl_write: 0xc2a810: fd (fd:0, idx:1), active : 1
0:00:00.021814665  2779 0x1a32390 DEBUG   default gstvalue.c:2676:_priv_gst_value_parse_value: trying type name 'string'
0:00:00.017280165  2780 0xc22320 LOG   GST_POLL gstpoll.c:994:gst_poll_fd_ctl_write: 0xc2a810: pfd->events now 60 (POLLOUT:4)
0:00:00.021821417  2779 0x1a32390 DEBUG   structure gststructure.c:2203:gst_structure_parse_field: trying field name 'klass'
0:00:00.017288940  2780 0xc22320 DEBUG   GST_POLL gstpoll.c:980:gst_poll_fd_ctl_write: 0xc2a810: fd (fd:0, idx:1), active : 1
0:00:00.021827190  2779 0x1a32390 DEBUG   default gstvalue.c:2676:_priv_gst_value_parse_value: trying type name 'string'
0:00:00.017296076  2780 0xc22320 LOG   GST_POLL gstpoll.c:994:gst_poll_fd_ctl_write: 0xc2a810: pfd->events now 60 (POLLOUT:4)
0:00:00.021835896  2779 0x1a32390 DEBUG   structure gststructure.c:2203:gst_structure_parse_field: trying field name 'description'
0:00:00.017302973  2780 0xc22320 DEBUG   GST_POLL gstpoll.c:980:gst_poll_fd_ctl_write: 0xc2a810: fd (fd:0, idx:1), active : 1
0:00:00.021843789  2779 0x1a32390 DEBUG   default gstvalue.c:2676:_priv_gst_value_parse_value: trying type name 'string'
0:00:00.017308826  2780 0xc22320 LOG   GST_POLL gstpoll.c:994:gst_poll_fd_ctl_write: 0xc2a810: pfd->events now 60 (POLLOUT:4)
0:00:00.021851820  2779 0x1a32390 DEBUG   structure gststructure.c:2203:gst_structure_parse_field: trying field name 'author'
0:00:00.017315639  2780 0xc22320 DEBUG   GST_POLL gstpoll.c:980:gst_poll_fd_ctl_write: 0xc2a810: fd (fd:0, idx:1), active : 1
0:00:00.021857884  2779 0x1a32390 DEBUG   default gstvalue.c:2676:_priv_gst_value_parse_value: trying type name 'string'
0:00:00.017322964  2780 0xc22320 LOG   GST_POLL gstpoll.c:994:gst_poll_fd_ctl_write: 0xc2a810: pfd->events now 60 (POLLOUT:4)
0:00:00.017329216  2780 0xc22320 DEBUG   GST_POLL gstpoll.c:980:gst_poll_fd_ctl_write: 0xc2a810: fd (fd:0, idx:1), active : 1
0:00:00.021868752  2779 0x1a32390 DEBUG   GST_REGISTRY gstregistrychunks.c:626:gst_registry_chunks_load_feature: Element factory : npadtemplates=2
0:00:00.017334027  2780 0xc22320 LOG   GST_POLL gstpoll.c:994:gst_poll_fd_ctl_write: 0xc2a810: pfd->events now 60 (POLLOUT:4)
0:00:00.021880084  2779 0x1a32390 DEBUG   GST_REGISTRY gstregistrychunks.c:526:gst_registry_chunks_load_pad_template: Reading/casting for GstRegistryChunkPadTemplate at address 0x1a4f218
0:00:00.017347639  2780 0xc22320 DEBUG   GST_POLL gstpoll.c:980:gst_poll_fd_ctl_write: 0xc2a810: fd (fd:0, idx:1), active : 1
0:00:00.021886851  2779 0x1a32390 DEBUG   GST_REGISTRY gstregistrychunks.c:539:gst_registry_chunks_load_pad_template: Added pad_template src
0:00:00.017354565  2780 0xc22320 LOG   GST_POLL gstpoll.c:994:gst_poll_fd_ctl_write: 0xc2a810: pfd->events now 60 (POLLOUT:4)
0:00:00.021893862  2779 0x1a32390 DEBUG   GST_REGISTRY gstregistrychunks.c:526:gst_registry_chunks_load_pad_template: Reading/casting for GstRegistryChunkPadTemplate at address 0x1a4f228
0:00:00.017361173  2780 0xc22320 DEBUG   GST_POLL gstpoll.c:980:gst_poll_fd_ctl_write: 0xc2a810: fd (fd:0, idx:1), active : 1
0:00:00.021902382  2779 0x1a32390 DEBUG   GST_REGISTRY gstregistrychunks.c:539:gst_registry_chunks_load_pad_template: Added pad_template sink_%u
0:00:00.017367515  2780 0xc22320 LOG   GST_POLL gstpoll.c:994:gst_poll_fd_ctl_write: 0xc2a810: pfd->events now 60 (POLLOUT:4)
0:00:00.021911477  2779 0x1a32390 DEBUG   GST_REGISTRY gstregistry.c:590:gst_registry_add_feature: adding feature 0x1a53c10 (concat)
0:00:00.017374809  2780 0xc22320 DEBUG   GST_POLL gstpoll.c:980:gst_poll_fd_ctl_write: 0xc2a810: fd (fd:0, idx:1), active : 1
0:00:00.021918122  2779 0x1a32390 DEBUG   GST_REFCOUNTING gstobject.c:709:gst_object_set_parent: set parent (ref and sink)
0:00:00.017382775  2780 0xc22320 LOG   GST_POLL gstpoll.c:994:gst_poll_fd_ctl_write: 0xc2a810: pfd->events now 60 (POLLOUT:4)
0:00:00.021925803  2779 0x1a32390 TRACE   GST_REFCOUNTING gstobject.c:294:gst_object_ref_sink: 0x1a53c10 ref_sink 1->2
0:00:00.017390013  2780 0xc22320 DEBUG   GST_POLL gstpoll.c:980:gst_poll_fd_ctl_write: 0xc2a810: fd (fd:0, idx:1), active : 1
0:00:00.021933483  2779 0x1a32390 LOG   GST_REGISTRY gstregistry.c:608:gst_registry_add_feature: emitting feature-added for concat
0:00:00.017397150  2780 0xc22320 LOG   GST_POLL gstpoll.c:994:gst_poll_fd_ctl_write: 0xc2a810: pfd->events now 60 (POLLOUT:4)
0:00:00.021940619  2779 0x1a32390 DEBUG   GST_REGISTRY gstregistrychunks.c:741:gst_registry_chunks_load_feature: Added feature concat, plugin 0x1a4c090 coreelements
0:00:00.017407431  2780 0xc22320 DEBUG   GST_POLL gstpoll.c:980:gst_poll_fd_ctl_write: 0xc2a810: fd (fd:0, idx:1), active : 1
0:00:00.017415019  2780 0xc22320 LOG   GST_POLL gstpoll.c:994:gst_poll_fd_ctl_write: 0xc2a810: pfd->events now 60 (POLLOUT:4)
0:00:00.021953623  2779 0x1a32390 DEBUG   GST_REGISTRY gstregistrychunks.c:583:gst_registry_chunks_load_feature: Plugin 'coreelements' feature 'clocksync' typename : 'GstElementFactory'
0:00:00.017420947  2780 0xc22320 DEBUG   GST_POLL gstpoll.c:980:gst_poll_fd_ctl_write: 0xc2a810: fd (fd:0, idx:1), active : 1
0:00:00.021964911  2779 0x1a32390 TRACE   GST_REFCOUNTING gstobject.c:208:gst_object_init: 0x1a53390 new
0:00:00.017432834  2780 0xc22320 LOG   GST_POLL gstpoll.c:994:gst_poll_fd_ctl_write: 0xc2a810: pfd->events now 60 (POLLOUT:4)
0:00:00.021974933  2779 0x1a32390 LOG   GST_REGISTRY gstregistrychunks.c:610:gst_registry_chunks_load_feature: Reading/casting for GstRegistryChunkElementFactory at address 0x1a4f258
0:00:00.017439356  2780 0xc22320 DEBUG   GST_POLL gstpoll.c:980:gst_poll_fd_ctl_write: 0xc2a810: fd (fd:0, idx:1), active : 1
0:00:00.021982657  2779 0x1a32390 TRACE   structure gststructure.c:287:gst_structure_new_id_empty_with_size: created structure 0x1a543d0
0:00:00.017446758  2780 0xc22320 LOG   GST_POLL gstpoll.c:994:gst_poll_fd_ctl_write: 0xc2a810: pfd->events now 60 (POLLOUT:4)
0:00:00.021989541  2779 0x1a32390 DEBUG   structure gststructure.c:2203:gst_structure_parse_field: trying field name 'long-name'
0:00:00.021995470  2779 0x1a32390 DEBUG   default gstvalue.c:2676:_priv_gst_value_parse_value: trying type name 'string'
0:00:00.017459084  2780 0xc22320 TRACE   GST_REFCOUNTING gstobject.c:265:gst_object_unref: 0xc3e180 unref 2->1
0:00:00.022001026  2779 0x1a32390 DEBUG   structure gststructure.c:2203:gst_structure_parse_field: trying field name 'klass'
0:00:00.017467133  2780 0xc22320 DEBUG   GST_POLL gstpoll.c:1241:gst_poll_fd_has_error: 0xc2a810: fd (fd:0, idx:1) 0
0:00:00.022007156  2779 0x1a32390 DEBUG   default gstvalue.c:2676:_priv_gst_value_parse_value: trying type name 'string'
0:00:00.017476499  2780 0xc22320 DEBUG   GST_POLL gstpoll.c:1335:gst_poll_fd_can_write: 0xc2a810: fd (fd:0, idx:1) 1
0:00:00.022014703  2779 0x1a32390 DEBUG   structure gststructure.c:2203:gst_structure_parse_field: trying field name 'description'
0:00:00.017483982  2780 0xc22320 LOG   GST_PLUGIN_LOADING gstpluginloader.c:690:write_one: Writing packet of size 488 bytes to fd 0
0:00:00.022025475  2779 0x1a32390 DEBUG   default gstvalue.c:2676:_priv_gst_value_parse_value: trying type name 'string'
0:00:00.017496080  2780 0xc22320 DEBUG   GST_POLL gstpoll.c:1414:gst_poll_wait: 0xc2a810: timeout :0:00:01.000000000
0:00:00.022034322  2779 0x1a32390 DEBUG   structure gststructure.c:2203:gst_structure_parse_field: trying field name 'author'
0:00:00.022042647  2779 0x1a32390 DEBUG   default gstvalue.c:2676:_priv_gst_value_parse_value: trying type name 'string'
0:00:00.017508830  2780 0xc22320 LOG   GST_PLUGIN_LOADING gstpluginloader.c:1028:exchange_packets: Poll res = 2. 6872 bytes pending for write
0:00:00.022048704  2779 0x1a32390 DEBUG   GST_REGISTRY gstregistrychunks.c:626:gst_registry_chunks_load_feature: Element factory : npadtemplates=2
0:00:00.017516059  2780 0xc22320 DEBUG   GST_POLL gstpoll.c:1241:gst_poll_fd_has_error: 0xc2a810: fd (fd:5, idx:2) 0
0:00:00.022055249  2779 0x1a32390 DEBUG   GST_REGISTRY gstregistrychunks.c:526:gst_registry_chunks_load_pad_template: Reading/casting for GstRegistryChunkPadTemplate at address 0x1a4f328
0:00:00.017522811  2780 0xc22320 DEBUG   GST_POLL gstpoll.c:1266:gst_poll_fd_can_read_unlocked: 0xc2a810: fd (fd:5, idx:2) 1
0:00:00.022067334  2779 0x1a32390 DEBUG   GST_REGISTRY gstregistrychunks.c:539:gst_registry_chunks_load_pad_template: Added pad_template sink
0:00:00.022074242  2779 0x1a32390 DEBUG   GST_REGISTRY gstregistrychunks.c:526:gst_registry_chunks_load_pad_template: Reading/casting for GstRegistryChunkPadTemplate at address 0x1a4f340
0:00:00.017538822  2780 0xc22320 LOG   GST_PLUGIN_LOADING gstpluginloader.c:1006:read_one: No payload to read for 0 length packet type 1 tag 0
0:00:00.022079227  2779 0x1a32390 DEBUG   GST_REGISTRY gstregistrychunks.c:539:gst_registry_chunks_load_pad_template: Added pad_template src
0:00:00.017546885  2780 0xc22320 DEBUG   GST_POLL gstpoll.c:1015:gst_poll_fd_ctl_read_unlocked: 0xc2a810: fd (fd:5, idx:2), active : 0
0:00:00.022089154  2779 0x1a32390 DEBUG   GST_REGISTRY gstregistry.c:590:gst_registry_add_feature: adding feature 0x1a53390 (clocksync)
0:00:00.017553824  2780 0xc22320 DEBUG   GST_POLL gstpoll.c:980:gst_poll_fd_ctl_write: 0xc2a810: fd (fd:0, idx:1), active : 1
0:00:00.022096651  2779 0x1a32390 DEBUG   GST_REFCOUNTING gstobject.c:709:gst_object_set_parent: set parent (ref and sink)
0:00:00.017561278  2780 0xc22320 LOG   GST_POLL gstpoll.c:994:gst_poll_fd_ctl_write: 0xc2a810: pfd->events now 60 (POLLOUT:4)
0:00:00.022103999  2779 0x1a32390 TRACE   GST_REFCOUNTING gstobject.c:294:gst_object_ref_sink: 0x1a53390 ref_sink 1->2
0:00:00.017568529  2780 0xc22320 DEBUG   GST_POLL gstpoll.c:1241:gst_poll_fd_has_error: 0xc2a810: fd (fd:0, idx:1) 0
0:00:00.022110855  2779 0x1a32390 LOG   GST_REGISTRY gstregistry.c:608:gst_registry_add_feature: emitting feature-added for clocksync
0:00:00.017575818  2780 0xc22320 DEBUG   GST_POLL gstpoll.c:1335:gst_poll_fd_can_write: 0xc2a810: fd (fd:0, idx:1) 1
0:00:00.022117991  2779 0x1a32390 DEBUG   GST_REGISTRY gstregistrychunks.c:741:gst_registry_chunks_load_feature: Added feature clocksync, plugin 0x1a4c090 coreelements
0:00:00.017584096  2780 0xc22320 LOG   GST_PLUGIN_LOADING gstpluginloader.c:690:write_one: Writing packet of size 6872 bytes to fd 0
0:00:00.022124851  2779 0x1a32390 DEBUG   GST_REGISTRY gstregistrychunks.c:583:gst_registry_chunks_load_feature: Plugin 'coreelements' feature 'capsfilter' typename : 'GstElementFactory'
0:00:00.022132965  2779 0x1a32390 TRACE   GST_REFCOUNTING gstobject.c:208:gst_object_init: 0x1a540f0 new
0:00:00.017597090  2780 0xc22320 DEBUG   GST_POLL gstpoll.c:1414:gst_poll_wait: 0xc2a810: timeout :0:00:01.000000000
0:00:00.022140546  2779 0x1a32390 LOG   GST_REGISTRY gstregistrychunks.c:610:gst_registry_chunks_load_feature: Reading/casting for GstRegistryChunkElementFactory at address 0x1a4f370
0:00:00.017606145  2780 0xc22320 LOG   GST_PLUGIN_LOADING gstpluginloader.c:1028:exchange_packets: Poll res = 1. 12 bytes pending for write
0:00:00.022149415  2779 0x1a32390 TRACE   structure gststructure.c:287:gst_structure_new_id_empty_with_size: created structure 0x1a54840
0:00:00.017618304  2780 0xc22320 DEBUG   GST_POLL gstpoll.c:1241:gst_poll_fd_has_error: 0xc2a810: fd (fd:0, idx:1) 0
0:00:00.022158027  2779 0x1a32390 DEBUG   structure gststructure.c:2203:gst_structure_parse_field: trying field name 'long-name'
0:00:00.017624857  2780 0xc22320 DEBUG   GST_POLL gstpoll.c:1335:gst_poll_fd_can_write: 0xc2a810: fd (fd:0, idx:1) 1
0:00:00.022181634  2779 0x1a32390 DEBUG   default gstvalue.c:2676:_priv_gst_value_parse_value: trying type name 'string'
0:00:00.017646522  2780 0xc22320 LOG   GST_PLUGIN_LOADING gstpluginloader.c:690:write_one: Writing packet of size 12 bytes to fd 0
0:00:00.022191617  2779 0x1a32390 DEBUG   structure gststructure.c:2203:gst_structure_parse_field: trying field name 'klass'
0:00:00.017658238  2780 0xc22320 DEBUG   GST_POLL gstpoll.c:980:gst_poll_fd_ctl_write: 0xc2a810: fd (fd:0, idx:1), active : 0
0:00:00.022207249  2779 0x1a32390 DEBUG   default gstvalue.c:2676:_priv_gst_value_parse_value: trying type name 'string'
0:00:00.017671583  2780 0xc22320 LOG   GST_POLL gstpoll.c:994:gst_poll_fd_ctl_write: 0xc2a810: pfd->events now 56 (POLLOUT:4)
0:00:00.022216766  2779 0x1a32390 DEBUG   structure gststructure.c:2203:gst_structure_parse_field: trying field name 'description'
0:00:00.022226598  2779 0x1a32390 DEBUG   default gstvalue.c:2676:_priv_gst_value_parse_value: trying type name 'string'
0:00:00.022234491  2779 0x1a32390 DEBUG   structure gststructure.c:2203:gst_structure_parse_field: trying field name 'author'
0:00:00.017698264  2780 0xc22320 DEBUG   GST_POLL gstpoll.c:772:gst_poll_free: 0xc2a810: freeing
0:00:00.022239703  2779 0x1a32390 DEBUG   default gstvalue.c:2676:_priv_gst_value_parse_value: trying type name 'string'
0:00:00.022247392  2779 0x1a32390 DEBUG   GST_REGISTRY gstregistrychunks.c:626:gst_registry_chunks_load_feature: Element factory : npadtemplates=2
0:00:00.022252551  2779 0x1a32390 DEBUG   GST_REGISTRY gstregistrychunks.c:526:gst_registry_chunks_load_pad_template: Reading/casting for GstRegistryChunkPadTemplate at address 0x1a4f450
0:00:00.022257539  2779 0x1a32390 DEBUG   GST_REGISTRY gstregistrychunks.c:539:gst_registry_chunks_load_pad_template: Added pad_template sink
0:00:00.022262504  2779 0x1a32390 DEBUG   GST_REGISTRY gstregistrychunks.c:526:gst_registry_chunks_load_pad_template: Reading/casting for GstRegistryChunkPadTemplate at address 0x1a4f468
0:00:00.022267419  2779 0x1a32390 DEBUG   GST_REGISTRY gstregistrychunks.c:539:gst_registry_chunks_load_pad_template: Added pad_template src
0:00:00.022277124  2779 0x1a32390 DEBUG   GST_REGISTRY gstregistry.c:590:gst_registry_add_feature: adding feature 0x1a540f0 (capsfilter)
0:00:00.022284192  2779 0x1a32390 DEBUG   GST_REFCOUNTING gstobject.c:709:gst_object_set_parent: set parent (ref and sink)
0:00:00.022291451  2779 0x1a32390 TRACE   GST_REFCOUNTING gstobject.c:294:gst_object_ref_sink: 0x1a540f0 ref_sink 1->2
0:00:00.022303852  2779 0x1a32390 LOG   GST_REGISTRY gstregistry.c:608:gst_registry_add_feature: emitting feature-added for capsfilter
0:00:00.022310093  2779 0x1a32390 DEBUG   GST_REGISTRY gstregistrychunks.c:741:gst_registry_chunks_load_feature: Added feature capsfilter, plugin 0x1a4c090 coreelements
0:00:00.022317760  2779 0x1a32390 LOG   GST_PLUGIN_LOADING gstpluginloader.c:889:handle_rx_packet: marking plugin 0x1a4c090 as registered as /home/conan/w/prod/BuildSingleReference/.conan/data/gstreamer/1.18.3/_/_/package/3ad8b12e986bc654ebd8f9dbd570a3969420bafe/lib/gstreamer-1.0/libgstcoreelements.so
0:00:00.022327676  2779 0x1a32390 DEBUG   GST_POLL gstpoll.c:1414:gst_poll_wait: 0x1a4bb60: timeout :0:00:01.000000000
0:00:00.022340412  2779 0x1a32390 LOG   GST_PLUGIN_LOADING gstpluginloader.c:1028:exchange_packets: Poll res = 2. 0 bytes pending for write
0:00:00.022349890  2779 0x1a32390 DEBUG   GST_POLL gstpoll.c:1241:gst_poll_fd_has_error: 0x1a4bb60: fd (fd:8, idx:2) 0
0:00:00.022356923  2779 0x1a32390 DEBUG   GST_POLL gstpoll.c:1266:gst_poll_fd_can_read_unlocked: 0x1a4bb60: fd (fd:8, idx:2) 1
0:00:00.022368766  2779 0x1a32390 DEBUG   GST_PLUGIN_LOADING gstpluginloader.c:850:handle_rx_packet: Received plugin details from child w/ tag 2. 476 bytes info
0:00:00.022374921  2779 0x1a32390 LOG   GST_REGISTRY gstregistrychunks.c:837:_priv_gst_registry_chunks_load_plugin: Reading/casting for GstRegistryChunkPluginElement at address 0x1a4d9b0
0:00:00.022382101  2779 0x1a32390 TRACE   GST_REFCOUNTING gstobject.c:208:gst_object_init: 0x1a54610 new
0:00:00.022397491  2779 0x1a32390 LOG   GST_REGISTRY gstregistrychunks.c:858:_priv_gst_registry_chunks_load_plugin: read strings for name='coretracers'
0:00:00.022405435  2779 0x1a32390 LOG   GST_REGISTRY gstregistrychunks.c:859:_priv_gst_registry_chunks_load_plugin: desc.description='GStreamer core tracers'
0:00:00.022412087  2779 0x1a32390 LOG   GST_REGISTRY gstregistrychunks.c:860:_priv_gst_registry_chunks_load_plugin: filename='/home/conan/w/prod/BuildSingleReference/.conan/data/gstreamer/1.18.3/_/_/package/3ad8b12e986bc654ebd8f9dbd570a3969420bafe/lib/gstreamer-1.0/libgstcoretracers.so'
0:00:00.022418099  2779 0x1a32390 LOG   GST_REGISTRY gstregistrychunks.c:861:_priv_gst_registry_chunks_load_plugin: desc.version='1.18.3'
0:00:00.022423335  2779 0x1a32390 LOG   GST_REGISTRY gstregistrychunks.c:862:_priv_gst_registry_chunks_load_plugin: desc.license='LGPL'
0:00:00.022428854  2779 0x1a32390 LOG   GST_REGISTRY gstregistrychunks.c:863:_priv_gst_registry_chunks_load_plugin: desc.source='gstreamer'
0:00:00.022433875  2779 0x1a32390 LOG   GST_REGISTRY gstregistrychunks.c:864:_priv_gst_registry_chunks_load_plugin: desc.package='GStreamer source release'
0:00:00.022439104  2779 0x1a32390 LOG   GST_REGISTRY gstregistrychunks.c:865:_priv_gst_registry_chunks_load_plugin: desc.origin='Unknown package origin'
0:00:00.022446730  2779 0x1a32390 LOG   GST_REGISTRY gstregistrychunks.c:866:_priv_gst_registry_chunks_load_plugin: desc.datetime=2021-01-13
0:00:00.022457419  2779 0x1a32390 DEBUG   GST_REGISTRY gstregistry.c:449:gst_registry_add_plugin: Replacing existing plugin "/home/conan/w/prod/BuildSingleReference/.conan/data/gstreamer/1.18.3/_/_/package/3ad8b12e986bc654ebd8f9dbd570a3969420bafe/lib/gstreamer-1.0/libgstcoretracers.so" 0x1a4c700 with new plugin 0x1a54610 for filename "/home/conan/w/prod/BuildSingleReference/.conan/data/gstreamer/1.18.3/_/_/package/3ad8b12e986bc654ebd8f9dbd570a3969420bafe/lib/gstreamer-1.0/libgstcoretracers.so"
0:00:00.022477328  2779 0x1a32390 TRACE   GST_REFCOUNTING gstobject.c:265:gst_object_unref: 0x1a4c700 unref 1->0
0:00:00.022487462  2779 0x1a32390 TRACE   GST_REFCOUNTING gstobject.c:381:gst_object_dispose: 0x1a4c700 dispose
0:00:00.022495927  2779 0x1a32390 DEBUG   GST_PLUGIN_LOADING gstplugin.c:136:gst_plugin_finalize: finalizing plugin
0:00:00.022504579  2779 0x1a32390 TRACE   GST_REFCOUNTING gstobject.c:423:gst_object_finalize: 0x1a4c700 finalize
0:00:00.022517446  2779 0x1a32390 DEBUG   GST_REGISTRY gstregistry.c:474:gst_registry_add_plugin: adding plugin 0x1a54610 for filename "/home/conan/w/prod/BuildSingleReference/.conan/data/gstreamer/1.18.3/_/_/package/3ad8b12e986bc654ebd8f9dbd570a3969420bafe/lib/gstreamer-1.0/libgstcoretracers.so"
0:00:00.022524783  2779 0x1a32390 TRACE   GST_REFCOUNTING gstobject.c:294:gst_object_ref_sink: 0x1a54610 ref_sink 1->2
0:00:00.022534603  2779 0x1a32390 LOG   GST_REGISTRY gstregistry.c:487:gst_registry_add_plugin: emitting plugin-added for filename "/home/conan/w/prod/BuildSingleReference/.conan/data/gstreamer/1.18.3/_/_/package/3ad8b12e986bc654ebd8f9dbd570a3969420bafe/lib/gstreamer-1.0/libgstcoretracers.so"
0:00:00.022543679  2779 0x1a32390 DEBUG   GST_REGISTRY gstregistrychunks.c:887:_priv_gst_registry_chunks_load_plugin: Added plugin 'coretracers' plugin with 5 features from binary registry
0:00:00.022551034  2779 0x1a32390 DEBUG   GST_REGISTRY gstregistrychunks.c:583:gst_registry_chunks_load_feature: Plugin 'coretracers' feature 'leaks' typename : 'GstTracerFactory'
0:00:00.022558930  2779 0x1a32390 TRACE   GST_REFCOUNTING gstobject.c:208:gst_object_init: 0x1a4c5a0 new
0:00:00.022567606  2779 0x1a32390 DEBUG   GST_REGISTRY gstregistrychunks.c:718:gst_registry_chunks_load_feature: Reading/casting for GstRegistryChunkPluginFeature at address 0x1a4daf8
0:00:00.022575804  2779 0x1a32390 DEBUG   GST_REGISTRY gstregistry.c:581:gst_registry_add_feature: replacing existing feature 0x1a4ca10 (leaks)
0:00:00.022582851  2779 0x1a32390 DEBUG   GST_REGISTRY gstregistry.c:590:gst_registry_add_feature: adding feature 0x1a4c5a0 (leaks)
0:00:00.022588102  2779 0x1a32390 TRACE   GST_REFCOUNTING gstobject.c:788:gst_object_unparent: unparent
0:00:00.022598171  2779 0x1a32390 TRACE   GST_REFCOUNTING gstobject.c:265:gst_object_unref: 0x1a4ca10 unref 1->0
0:00:00.022605699  2779 0x1a32390 TRACE   GST_REFCOUNTING gstobject.c:381:gst_object_dispose: 0x1a4ca10 dispose
0:00:00.022612743  2779 0x1a32390 DEBUG   GST_PLUGIN_LOADING gstpluginfeature.c:67:gst_plugin_feature_finalize: finalizing feature 0x1a4ca10: 'leaks'
0:00:00.022618494  2779 0x1a32390 TRACE   GST_REFCOUNTING gstobject.c:423:gst_object_finalize: 0x1a4ca10 finalize
0:00:00.022630911  2779 0x1a32390 DEBUG   GST_REFCOUNTING gstobject.c:709:gst_object_set_parent: set parent (ref and sink)
0:00:00.022637397  2779 0x1a32390 TRACE   GST_REFCOUNTING gstobject.c:294:gst_object_ref_sink: 0x1a4c5a0 ref_sink 1->2
0:00:00.022643833  2779 0x1a32390 LOG   GST_REGISTRY gstregistry.c:608:gst_registry_add_feature: emitting feature-added for leaks
0:00:00.022650083  2779 0x1a32390 DEBUG   GST_REGISTRY gstregistrychunks.c:741:gst_registry_chunks_load_feature: Added feature leaks, plugin 0x1a54610 coretracers
0:00:00.022659072  2779 0x1a32390 DEBUG   GST_REGISTRY gstregistrychunks.c:583:gst_registry_chunks_load_feature: Plugin 'coretracers' feature 'stats' typename : 'GstTracerFactory'
0:00:00.022667435  2779 0x1a32390 TRACE   GST_REFCOUNTING gstobject.c:208:gst_object_init: 0x1a4ca10 new
0:00:00.022675249  2779 0x1a32390 DEBUG   GST_REGISTRY gstregistrychunks.c:718:gst_registry_chunks_load_feature: Reading/casting for GstRegistryChunkPluginFeature at address 0x1a4db18
0:00:00.022682539  2779 0x1a32390 DEBUG   GST_REGISTRY gstregistry.c:581:gst_registry_add_feature: replacing existing feature 0x1a4cc10 (stats)
0:00:00.022688876  2779 0x1a32390 DEBUG   GST_REGISTRY gstregistry.c:590:gst_registry_add_feature: adding feature 0x1a4ca10 (stats)
0:00:00.022694387  2779 0x1a32390 TRACE   GST_REFCOUNTING gstobject.c:788:gst_object_unparent: unparent
0:00:00.022700834  2779 0x1a32390 TRACE   GST_REFCOUNTING gstobject.c:265:gst_object_unref: 0x1a4cc10 unref 1->0
0:00:00.022707440  2779 0x1a32390 TRACE   GST_REFCOUNTING gstobject.c:381:gst_object_dispose: 0x1a4cc10 dispose
0:00:00.022717469  2779 0x1a32390 DEBUG   GST_PLUGIN_LOADING gstpluginfeature.c:67:gst_plugin_feature_finalize: finalizing feature 0x1a4cc10: 'stats'
0:00:00.022725182  2779 0x1a32390 TRACE   GST_REFCOUNTING gstobject.c:423:gst_object_finalize: 0x1a4cc10 finalize
0:00:00.022732446  2779 0x1a32390 DEBUG   GST_REFCOUNTING gstobject.c:709:gst_object_set_parent: set parent (ref and sink)
0:00:00.022739373  2779 0x1a32390 TRACE   GST_REFCOUNTING gstobject.c:294:gst_object_ref_sink: 0x1a4ca10 ref_sink 1->2
0:00:00.022745823  2779 0x1a32390 LOG   GST_REGISTRY gstregistry.c:608:gst_registry_add_feature: emitting feature-added for stats
0:00:00.022751831  2779 0x1a32390 DEBUG   GST_REGISTRY gstregistrychunks.c:741:gst_registry_chunks_load_feature: Added feature stats, plugin 0x1a54610 coretracers
0:00:00.022757701  2779 0x1a32390 DEBUG   GST_REGISTRY gstregistrychunks.c:583:gst_registry_chunks_load_feature: Plugin 'coretracers' feature 'rusage' typename : 'GstTracerFactory'
0:00:00.022764347  2779 0x1a32390 TRACE   GST_REFCOUNTING gstobject.c:208:gst_object_init: 0x1a4cc10 new
0:00:00.022773945  2779 0x1a32390 DEBUG   GST_REGISTRY gstregistrychunks.c:718:gst_registry_chunks_load_feature: Reading/casting for GstRegistryChunkPluginFeature at address 0x1a4db38
0:00:00.022786927  2779 0x1a32390 DEBUG   GST_REGISTRY gstregistry.c:581:gst_registry_add_feature: replacing existing feature 0x1a4ce10 (rusage)
0:00:00.022793315  2779 0x1a32390 DEBUG   GST_REGISTRY gstregistry.c:590:gst_registry_add_feature: adding feature 0x1a4cc10 (rusage)
0:00:00.022798273  2779 0x1a32390 TRACE   GST_REFCOUNTING gstobject.c:788:gst_object_unparent: unparent
0:00:00.022804471  2779 0x1a32390 TRACE   GST_REFCOUNTING gstobject.c:265:gst_object_unref: 0x1a4ce10 unref 1->0
0:00:00.022810379  2779 0x1a32390 TRACE   GST_REFCOUNTING gstobject.c:381:gst_object_dispose: 0x1a4ce10 dispose
0:00:00.022817032  2779 0x1a32390 DEBUG   GST_PLUGIN_LOADING gstpluginfeature.c:67:gst_plugin_feature_finalize: finalizing feature 0x1a4ce10: 'rusage'
0:00:00.022822456  2779 0x1a32390 TRACE   GST_REFCOUNTING gstobject.c:423:gst_object_finalize: 0x1a4ce10 finalize
0:00:00.022830936  2779 0x1a32390 DEBUG   GST_REFCOUNTING gstobject.c:709:gst_object_set_parent: set parent (ref and sink)
0:00:00.022839147  2779 0x1a32390 TRACE   GST_REFCOUNTING gstobject.c:294:gst_object_ref_sink: 0x1a4cc10 ref_sink 1->2
0:00:00.022845693  2779 0x1a32390 LOG   GST_REGISTRY gstregistry.c:608:gst_registry_add_feature: emitting feature-added for rusage
0:00:00.022851508  2779 0x1a32390 DEBUG   GST_REGISTRY gstregistrychunks.c:741:gst_registry_chunks_load_feature: Added feature rusage, plugin 0x1a54610 coretracers
0:00:00.022857918  2779 0x1a32390 DEBUG   GST_REGISTRY gstregistrychunks.c:583:gst_registry_chunks_load_feature: Plugin 'coretracers' feature 'log' typename : 'GstTracerFactory'
0:00:00.022864679  2779 0x1a32390 TRACE   GST_REFCOUNTING gstobject.c:208:gst_object_init: 0x1a4ce10 new
0:00:00.022871675  2779 0x1a32390 DEBUG   GST_REGISTRY gstregistrychunks.c:718:gst_registry_chunks_load_feature: Reading/casting for GstRegistryChunkPluginFeature at address 0x1a4db58
0:00:00.022878305  2779 0x1a32390 DEBUG   GST_REGISTRY gstregistry.c:581:gst_registry_add_feature: replacing existing feature 0x1a4d010 (log)
0:00:00.022887271  2779 0x1a32390 DEBUG   GST_REGISTRY gstregistry.c:590:gst_registry_add_feature: adding feature 0x1a4ce10 (log)
0:00:00.022893880  2779 0x1a32390 TRACE   GST_REFCOUNTING gstobject.c:788:gst_object_unparent: unparent
0:00:00.022900835  2779 0x1a32390 TRACE   GST_REFCOUNTING gstobject.c:265:gst_object_unref: 0x1a4d010 unref 1->0
0:00:00.022907258  2779 0x1a32390 TRACE   GST_REFCOUNTING gstobject.c:381:gst_object_dispose: 0x1a4d010 dispose
0:00:00.022913659  2779 0x1a32390 DEBUG   GST_PLUGIN_LOADING gstpluginfeature.c:67:gst_plugin_feature_finalize: finalizing feature 0x1a4d010: 'log'
0:00:00.022919544  2779 0x1a32390 TRACE   GST_REFCOUNTING gstobject.c:423:gst_object_finalize: 0x1a4d010 finalize
0:00:00.022925302  2779 0x1a32390 DEBUG   GST_REFCOUNTING gstobject.c:709:gst_object_set_parent: set parent (ref and sink)
0:00:00.022931485  2779 0x1a32390 TRACE   GST_REFCOUNTING gstobject.c:294:gst_object_ref_sink: 0x1a4ce10 ref_sink 1->2
0:00:00.022952423  2779 0x1a32390 LOG   GST_REGISTRY gstregistry.c:608:gst_registry_add_feature: emitting feature-added for log
0:00:00.022960222  2779 0x1a32390 DEBUG   GST_REGISTRY gstregistrychunks.c:741:gst_registry_chunks_load_feature: Added feature log, plugin 0x1a54610 coretracers
0:00:00.022966702  2779 0x1a32390 DEBUG   GST_REGISTRY gstregistrychunks.c:583:gst_registry_chunks_load_feature: Plugin 'coretracers' feature 'latency' typename : 'GstTracerFactory'
0:00:00.022973775  2779 0x1a32390 TRACE   GST_REFCOUNTING gstobject.c:208:gst_object_init: 0x1a4d010 new
0:00:00.022981030  2779 0x1a32390 DEBUG   GST_REGISTRY gstregistrychunks.c:718:gst_registry_chunks_load_feature: Reading/casting for GstRegistryChunkPluginFeature at address 0x1a4db80
0:00:00.022988051  2779 0x1a32390 DEBUG   GST_REGISTRY gstregistry.c:581:gst_registry_add_feature: replacing existing feature 0x1a4d210 (latency)
0:00:00.022994582  2779 0x1a32390 DEBUG   GST_REGISTRY gstregistry.c:590:gst_registry_add_feature: adding feature 0x1a4d010 (latency)
0:00:00.023001985  2779 0x1a32390 TRACE   GST_REFCOUNTING gstobject.c:788:gst_object_unparent: unparent
0:00:00.023010095  2779 0x1a32390 TRACE   GST_REFCOUNTING gstobject.c:265:gst_object_unref: 0x1a4d210 unref 1->0
0:00:00.023016612  2779 0x1a32390 TRACE   GST_REFCOUNTING gstobject.c:381:gst_object_dispose: 0x1a4d210 dispose
0:00:00.023023466  2779 0x1a32390 DEBUG   GST_PLUGIN_LOADING gstpluginfeature.c:67:gst_plugin_feature_finalize: finalizing feature 0x1a4d210: 'latency'
0:00:00.023029782  2779 0x1a32390 TRACE   GST_REFCOUNTING gstobject.c:423:gst_object_finalize: 0x1a4d210 finalize
0:00:00.023038959  2779 0x1a32390 DEBUG   GST_REFCOUNTING gstobject.c:709:gst_object_set_parent: set parent (ref and sink)
0:00:00.023045503  2779 0x1a32390 TRACE   GST_REFCOUNTING gstobject.c:294:gst_object_ref_sink: 0x1a4d010 ref_sink 1->2
0:00:00.023051959  2779 0x1a32390 LOG   GST_REGISTRY gstregistry.c:608:gst_registry_add_feature: emitting feature-added for latency
0:00:00.023061026  2779 0x1a32390 DEBUG   GST_REGISTRY gstregistrychunks.c:741:gst_registry_chunks_load_feature: Added feature latency, plugin 0x1a54610 coretracers
0:00:00.023069454  2779 0x1a32390 LOG   GST_PLUGIN_LOADING gstpluginloader.c:889:handle_rx_packet: marking plugin 0x1a54610 as registered as /home/conan/w/prod/BuildSingleReference/.conan/data/gstreamer/1.18.3/_/_/package/3ad8b12e986bc654ebd8f9dbd570a3969420bafe/lib/gstreamer-1.0/libgstcoretracers.so
0:00:00.023078598  2779 0x1a32390 DEBUG   GST_POLL gstpoll.c:1414:gst_poll_wait: 0x1a4bb60: timeout :0:00:01.000000000
0:00:00.023088483  2779 0x1a32390 LOG   GST_PLUGIN_LOADING gstpluginloader.c:1028:exchange_packets: Poll res = 2. 0 bytes pending for write
0:00:00.023094820  2779 0x1a32390 DEBUG   GST_POLL gstpoll.c:1241:gst_poll_fd_has_error: 0x1a4bb60: fd (fd:8, idx:2) 0
0:00:00.023100708  2779 0x1a32390 DEBUG   GST_POLL gstpoll.c:1266:gst_poll_fd_can_read_unlocked: 0x1a4bb60: fd (fd:8, idx:2) 1
0:00:00.023122901  2779 0x1a32390 DEBUG   GST_PLUGIN_LOADING gstpluginloader.c:850:handle_rx_packet: Received plugin details from child w/ tag 3. 6860 bytes info
0:00:00.023130447  2779 0x1a32390 LOG   GST_REGISTRY gstregistrychunks.c:837:_priv_gst_registry_chunks_load_plugin: Reading/casting for GstRegistryChunkPluginElement at address 0x1a4d9b0
0:00:00.023137687  2779 0x1a32390 TRACE   GST_REFCOUNTING gstobject.c:208:gst_object_init: 0x1a54b00 new
0:00:00.023147019  2779 0x1a32390 LOG   GST_REGISTRY gstregistrychunks.c:858:_priv_gst_registry_chunks_load_plugin: read strings for name='coreelements'
0:00:00.023152997  2779 0x1a32390 LOG   GST_REGISTRY gstregistrychunks.c:859:_priv_gst_registry_chunks_load_plugin: desc.description='GStreamer core elements'
0:00:00.023158858  2779 0x1a32390 LOG   GST_REGISTRY gstregistrychunks.c:860:_priv_gst_registry_chunks_load_plugin: filename='/home/conan/w/prod/BuildSingleReference/.conan/data/gstreamer/1.18.3/_/_/package/3ad8b12e986bc654ebd8f9dbd570a3969420bafe/lib/gstreamer-1.0/libgstcoreelements.so'
0:00:00.023178767  2779 0x1a32390 LOG   GST_REGISTRY gstregistrychunks.c:861:_priv_gst_registry_chunks_load_plugin: desc.version='1.18.3'
0:00:00.023186997  2779 0x1a32390 LOG   GST_REGISTRY gstregistrychunks.c:862:_priv_gst_registry_chunks_load_plugin: desc.license='LGPL'
0:00:00.023192348  2779 0x1a32390 LOG   GST_REGISTRY gstregistrychunks.c:863:_priv_gst_registry_chunks_load_plugin: desc.source='gstreamer'
0:00:00.023198667  2779 0x1a32390 LOG   GST_REGISTRY gstregistrychunks.c:864:_priv_gst_registry_chunks_load_plugin: desc.package='GStreamer source release'
0:00:00.023203437  2779 0x1a32390 LOG   GST_REGISTRY gstregistrychunks.c:865:_priv_gst_registry_chunks_load_plugin: desc.origin='Unknown package origin'
0:00:00.023208319  2779 0x1a32390 LOG   GST_REGISTRY gstregistrychunks.c:866:_priv_gst_registry_chunks_load_plugin: desc.datetime=2021-01-13
0:00:00.023217102  2779 0x1a32390 DEBUG   GST_REGISTRY gstregistry.c:449:gst_registry_add_plugin: Replacing existing plugin "/home/conan/w/prod/BuildSingleReference/.conan/data/gstreamer/1.18.3/_/_/package/3ad8b12e986bc654ebd8f9dbd570a3969420bafe/lib/gstreamer-1.0/libgstcoreelements.so" 0x1a4c090 with new plugin 0x1a54b00 for filename "/home/conan/w/prod/BuildSingleReference/.conan/data/gstreamer/1.18.3/_/_/package/3ad8b12e986bc654ebd8f9dbd570a3969420bafe/lib/gstreamer-1.0/libgstcoreelements.so"
0:00:00.023227640  2779 0x1a32390 TRACE   GST_REFCOUNTING gstobject.c:265:gst_object_unref: 0x1a4c090 unref 1->0
0:00:00.023235239  2779 0x1a32390 TRACE   GST_REFCOUNTING gstobject.c:381:gst_object_dispose: 0x1a4c090 dispose
0:00:00.023242615  2779 0x1a32390 DEBUG   GST_PLUGIN_LOADING gstplugin.c:136:gst_plugin_finalize: finalizing plugin
0:00:00.023248464  2779 0x1a32390 TRACE   GST_REFCOUNTING gstobject.c:423:gst_object_finalize: 0x1a4c090 finalize
0:00:00.023256097  2779 0x1a32390 DEBUG   GST_REGISTRY gstregistry.c:474:gst_registry_add_plugin: adding plugin 0x1a54b00 for filename "/home/conan/w/prod/BuildSingleReference/.conan/data/gstreamer/1.18.3/_/_/package/3ad8b12e986bc654ebd8f9dbd570a3969420bafe/lib/gstreamer-1.0/libgstcoreelements.so"
0:00:00.023268399  2779 0x1a32390 TRACE   GST_REFCOUNTING gstobject.c:294:gst_object_ref_sink: 0x1a54b00 ref_sink 1->2
0:00:00.023275229  2779 0x1a32390 LOG   GST_REGISTRY gstregistry.c:487:gst_registry_add_plugin: emitting plugin-added for filename "/home/conan/w/prod/BuildSingleReference/.conan/data/gstreamer/1.18.3/_/_/package/3ad8b12e986bc654ebd8f9dbd570a3969420bafe/lib/gstreamer-1.0/libgstcoreelements.so"
0:00:00.023281801  2779 0x1a32390 DEBUG   GST_REGISTRY gstregistrychunks.c:887:_priv_gst_registry_chunks_load_plugin: Added plugin 'coreelements' plugin with 22 features from binary registry
0:00:00.023290378  2779 0x1a32390 DEBUG   GST_REGISTRY gstregistrychunks.c:583:gst_registry_chunks_load_feature: Plugin 'coreelements' feature 'streamiddemux' typename : 'GstElementFactory'
0:00:00.023298679  2779 0x1a32390 TRACE   GST_REFCOUNTING gstobject.c:208:gst_object_init: 0x1a4c6f0 new
0:00:00.023306425  2779 0x1a32390 LOG   GST_REGISTRY gstregistrychunks.c:610:gst_registry_chunks_load_feature: Reading/casting for GstRegistryChunkElementFactory at address 0x1a4db08
0:00:00.023312958  2779 0x1a32390 TRACE   structure gststructure.c:287:gst_structure_new_id_empty_with_size: created structure 0x1a54970
0:00:00.023318914  2779 0x1a32390 DEBUG   structure gststructure.c:2203:gst_structure_parse_field: trying field name 'long-name'
0:00:00.023324242  2779 0x1a32390 DEBUG   default gstvalue.c:2676:_priv_gst_value_parse_value: trying type name 'string'
0:00:00.023331194  2779 0x1a32390 DEBUG   structure gststructure.c:2203:gst_structure_parse_field: trying field name 'klass'
0:00:00.023336040  2779 0x1a32390 DEBUG   default gstvalue.c:2676:_priv_gst_value_parse_value: trying type name 'string'
0:00:00.023344449  2779 0x1a32390 DEBUG   structure gststructure.c:2203:gst_structure_parse_field: trying field name 'description'
0:00:00.023350966  2779 0x1a32390 DEBUG   default gstvalue.c:2676:_priv_gst_value_parse_value: trying type name 'string'
0:00:00.023357525  2779 0x1a32390 DEBUG   structure gststructure.c:2203:gst_structure_parse_field: trying field name 'author'
0:00:00.023362779  2779 0x1a32390 DEBUG   default gstvalue.c:2676:_priv_gst_value_parse_value: trying type name 'string'
0:00:00.023368701  2779 0x1a32390 DEBUG   GST_REGISTRY gstregistrychunks.c:626:gst_registry_chunks_load_feature: Element factory : npadtemplates=2
0:00:00.023373777  2779 0x1a32390 DEBUG   GST_REGISTRY gstregistrychunks.c:526:gst_registry_chunks_load_pad_template: Reading/casting for GstRegistryChunkPadTemplate at address 0x1a4dbe0
0:00:00.023379463  2779 0x1a32390 DEBUG   GST_REGISTRY gstregistrychunks.c:539:gst_registry_chunks_load_pad_template: Added pad_template src_%u
0:00:00.023384262  2779 0x1a32390 DEBUG   GST_REGISTRY gstregistrychunks.c:526:gst_registry_chunks_load_pad_template: Reading/casting for GstRegistryChunkPadTemplate at address 0x1a4dbf8
0:00:00.023391820  2779 0x1a32390 DEBUG   GST_REGISTRY gstregistrychunks.c:539:gst_registry_chunks_load_pad_template: Added pad_template sink
0:00:00.023405139  2779 0x1a32390 DEBUG   GST_REGISTRY gstregistry.c:581:gst_registry_add_feature: replacing existing feature 0x1a4c1c0 (streamiddemux)
0:00:00.023411690  2779 0x1a32390 DEBUG   GST_REGISTRY gstregistry.c:590:gst_registry_add_feature: adding feature 0x1a4c6f0 (streamiddemux)
0:00:00.023416930  2779 0x1a32390 TRACE   GST_REFCOUNTING gstobject.c:788:gst_object_unparent: unparent
0:00:00.023423333  2779 0x1a32390 TRACE   GST_REFCOUNTING gstobject.c:265:gst_object_unref: 0x1a4c1c0 unref 1->0
0:00:00.023429224  2779 0x1a32390 TRACE   GST_REFCOUNTING gstobject.c:381:gst_object_dispose: 0x1a4c1c0 dispose
0:00:00.023435251  2779 0x1a32390 TRACE   structure gststructure.c:544:gst_structure_free: free structure 0x1a4d580
0:00:00.023443023  2779 0x1a32390 TRACE   GST_REFCOUNTING gstminiobject.c:723:gst_mini_object_replace: replace (nil) (0) with (nil) (0)
0:00:00.023452322  2779 0x1a32390 TRACE   GST_REFCOUNTING gstminiobject.c:723:gst_mini_object_replace: replace (nil) (0) with (nil) (0)
0:00:00.023459999  2779 0x1a32390 DEBUG   GST_PLUGIN_LOADING gstpluginfeature.c:67:gst_plugin_feature_finalize: finalizing feature 0x1a4c1c0: 'streamiddemux'
0:00:00.023465983  2779 0x1a32390 TRACE   GST_REFCOUNTING gstobject.c:423:gst_object_finalize: 0x1a4c1c0 finalize
0:00:00.023472115  2779 0x1a32390 DEBUG   GST_REFCOUNTING gstobject.c:709:gst_object_set_parent: set parent (ref and sink)
0:00:00.023478651  2779 0x1a32390 TRACE   GST_REFCOUNTING gstobject.c:294:gst_object_ref_sink: 0x1a4c6f0 ref_sink 1->2
0:00:00.023484735  2779 0x1a32390 LOG   GST_REGISTRY gstregistry.c:608:gst_registry_add_feature: emitting feature-added for streamiddemux
0:00:00.023490840  2779 0x1a32390 DEBUG   GST_REGISTRY gstregistrychunks.c:741:gst_registry_chunks_load_feature: Added feature streamiddemux, plugin 0x1a54b00 coreelements
0:00:00.023496952  2779 0x1a32390 DEBUG   GST_REGISTRY gstregistrychunks.c:583:gst_registry_chunks_load_feature: Plugin 'coreelements' feature 'valve' typename : 'GstElementFactory'
0:00:00.023506741  2779 0x1a32390 TRACE   GST_REFCOUNTING gstobject.c:208:gst_object_init: 0x1a4d140 new
0:00:00.023515488  2779 0x1a32390 LOG   GST_REGISTRY gstregistrychunks.c:610:gst_registry_chunks_load_feature: Reading/casting for GstRegistryChunkElementFactory at address 0x1a4dc28
0:00:00.023521838  2779 0x1a32390 TRACE   structure gststructure.c:287:gst_structure_new_id_empty_with_size: created structure 0x1a4c180
0:00:00.023527370  2779 0x1a32390 DEBUG   structure gststructure.c:2203:gst_structure_parse_field: trying field name 'long-name'
0:00:00.023532371  2779 0x1a32390 DEBUG   default gstvalue.c:2676:_priv_gst_value_parse_value: trying type name 'string'
0:00:00.023538092  2779 0x1a32390 DEBUG   structure gststructure.c:2203:gst_structure_parse_field: trying field name 'klass'
0:00:00.023542848  2779 0x1a32390 DEBUG   default gstvalue.c:2676:_priv_gst_value_parse_value: trying type name 'string'
0:00:00.023553561  2779 0x1a32390 DEBUG   structure gststructure.c:2203:gst_structure_parse_field: trying field name 'description'
0:00:00.023561238  2779 0x1a32390 DEBUG   default gstvalue.c:2676:_priv_gst_value_parse_value: trying type name 'string'
0:00:00.023568828  2779 0x1a32390 DEBUG   structure gststructure.c:2203:gst_structure_parse_field: trying field name 'author'
0:00:00.023573907  2779 0x1a32390 DEBUG   default gstvalue.c:2676:_priv_gst_value_parse_value: trying type name 'string'
0:00:00.023580075  2779 0x1a32390 DEBUG   GST_REGISTRY gstregistrychunks.c:626:gst_registry_chunks_load_feature: Element factory : npadtemplates=2
0:00:00.023584984  2779 0x1a32390 DEBUG   GST_REGISTRY gstregistrychunks.c:526:gst_registry_chunks_load_pad_template: Reading/casting for GstRegistryChunkPadTemplate at address 0x1a4dd18
0:00:00.023590032  2779 0x1a32390 DEBUG   GST_REGISTRY gstregistrychunks.c:539:gst_registry_chunks_load_pad_template: Added pad_template sink
0:00:00.023594762  2779 0x1a32390 DEBUG   GST_REGISTRY gstregistrychunks.c:526:gst_registry_chunks_load_pad_template: Reading/casting for GstRegistryChunkPadTemplate at address 0x1a4dd30
0:00:00.023599652  2779 0x1a32390 DEBUG   GST_REGISTRY gstregistrychunks.c:539:gst_registry_chunks_load_pad_template: Added pad_template src
0:00:00.023608874  2779 0x1a32390 DEBUG   GST_REGISTRY gstregistry.c:581:gst_registry_add_feature: replacing existing feature 0x1a4f680 (valve)
0:00:00.023616508  2779 0x1a32390 DEBUG   GST_REGISTRY gstregistry.c:590:gst_registry_add_feature: adding feature 0x1a4d140 (valve)
0:00:00.023622162  2779 0x1a32390 TRACE   GST_REFCOUNTING gstobject.c:788:gst_object_unparent: unparent
0:00:00.023628707  2779 0x1a32390 TRACE   GST_REFCOUNTING gstobject.c:265:gst_object_unref: 0x1a4f680 unref 1->0
0:00:00.023634787  2779 0x1a32390 TRACE   GST_REFCOUNTING gstobject.c:381:gst_object_dispose: 0x1a4f680 dispose
0:00:00.023640876  2779 0x1a32390 TRACE   structure gststructure.c:544:gst_structure_free: free structure 0x1a4f850
0:00:00.023646962  2779 0x1a32390 TRACE   GST_REFCOUNTING gstminiobject.c:723:gst_mini_object_replace: replace (nil) (0) with (nil) (0)
0:00:00.023653341  2779 0x1a32390 TRACE   GST_REFCOUNTING gstminiobject.c:723:gst_mini_object_replace: replace (nil) (0) with (nil) (0)
0:00:00.023662176  2779 0x1a32390 DEBUG   GST_PLUGIN_LOADING gstpluginfeature.c:67:gst_plugin_feature_finalize: finalizing feature 0x1a4f680: 'valve'
0:00:00.023669710  2779 0x1a32390 TRACE   GST_REFCOUNTING gstobject.c:423:gst_object_finalize: 0x1a4f680 finalize
0:00:00.023675967  2779 0x1a32390 DEBUG   GST_REFCOUNTING gstobject.c:709:gst_object_set_parent: set parent (ref and sink)
0:00:00.023682639  2779 0x1a32390 TRACE   GST_REFCOUNTING gstobject.c:294:gst_object_ref_sink: 0x1a4d140 ref_sink 1->2
0:00:00.023688459  2779 0x1a32390 LOG   GST_REGISTRY gstregistry.c:608:gst_registry_add_feature: emitting feature-added for valve
0:00:00.023700744  2779 0x1a32390 DEBUG   GST_REGISTRY gstregistrychunks.c:741:gst_registry_chunks_load_feature: Added feature valve, plugin 0x1a54b00 coreelements
0:00:00.023706997  2779 0x1a32390 DEBUG   GST_REGISTRY gstregistrychunks.c:583:gst_registry_chunks_load_feature: Plugin 'coreelements' feature 'multiqueue' typename : 'GstElementFactory'
0:00:00.023714181  2779 0x1a32390 TRACE   GST_REFCOUNTING gstobject.c:208:gst_object_init: 0x1a4d860 new
0:00:00.023723698  2779 0x1a32390 LOG   GST_REGISTRY gstregistrychunks.c:610:gst_registry_chunks_load_feature: Reading/casting for GstRegistryChunkElementFactory at address 0x1a4dd60
0:00:00.023731329  2779 0x1a32390 TRACE   structure gststructure.c:287:gst_structure_new_id_empty_with_size: created structure 0x1a54c30
0:00:00.023736987  2779 0x1a32390 DEBUG   structure gststructure.c:2203:gst_structure_parse_field: trying field name 'long-name'
0:00:00.023742121  2779 0x1a32390 DEBUG   default gstvalue.c:2676:_priv_gst_value_parse_value: trying type name 'string'
0:00:00.023747832  2779 0x1a32390 DEBUG   structure gststructure.c:2203:gst_structure_parse_field: trying field name 'klass'
0:00:00.023752530  2779 0x1a32390 DEBUG   default gstvalue.c:2676:_priv_gst_value_parse_value: trying type name 'string'
0:00:00.023757915  2779 0x1a32390 DEBUG   structure gststructure.c:2203:gst_structure_parse_field: trying field name 'description'
0:00:00.023762711  2779 0x1a32390 DEBUG   default gstvalue.c:2676:_priv_gst_value_parse_value: trying type name 'string'
0:00:00.023771187  2779 0x1a32390 DEBUG   structure gststructure.c:2203:gst_structure_parse_field: trying field name 'author'
0:00:00.023777317  2779 0x1a32390 DEBUG   default gstvalue.c:2676:_priv_gst_value_parse_value: trying type name 'string'
0:00:00.023783503  2779 0x1a32390 DEBUG   GST_REGISTRY gstregistrychunks.c:626:gst_registry_chunks_load_feature: Element factory : npadtemplates=2
0:00:00.023788687  2779 0x1a32390 DEBUG   GST_REGISTRY gstregistrychunks.c:526:gst_registry_chunks_load_pad_template: Reading/casting for GstRegistryChunkPadTemplate at address 0x1a4de20
0:00:00.023794058  2779 0x1a32390 DEBUG   GST_REGISTRY gstregistrychunks.c:539:gst_registry_chunks_load_pad_template: Added pad_template src_%u
0:00:00.023799119  2779 0x1a32390 DEBUG   GST_REGISTRY gstregistrychunks.c:526:gst_registry_chunks_load_pad_template: Reading/casting for GstRegistryChunkPadTemplate at address 0x1a4de38
0:00:00.023804420  2779 0x1a32390 DEBUG   GST_REGISTRY gstregistrychunks.c:539:gst_registry_chunks_load_pad_template: Added pad_template sink_%u
0:00:00.023811250  2779 0x1a32390 DEBUG   GST_REGISTRY gstregistry.c:581:gst_registry_add_feature: replacing existing feature 0x1a4f980 (multiqueue)
0:00:00.023821021  2779 0x1a32390 DEBUG   GST_REGISTRY gstregistry.c:590:gst_registry_add_feature: adding feature 0x1a4d860 (multiqueue)
0:00:00.023827567  2779 0x1a32390 TRACE   GST_REFCOUNTING gstobject.c:788:gst_object_unparent: unparent
0:00:00.023834532  2779 0x1a32390 TRACE   GST_REFCOUNTING gstobject.c:265:gst_object_unref: 0x1a4f980 unref 1->0
0:00:00.023846268  2779 0x1a32390 TRACE   GST_REFCOUNTING gstobject.c:381:gst_object_dispose: 0x1a4f980 dispose
0:00:00.023852461  2779 0x1a32390 TRACE   structure gststructure.c:544:gst_structure_free: free structure 0x1a4fa70
0:00:00.023858391  2779 0x1a32390 TRACE   GST_REFCOUNTING gstminiobject.c:723:gst_mini_object_replace: replace (nil) (0) with (nil) (0)
0:00:00.023864467  2779 0x1a32390 TRACE   GST_REFCOUNTING gstminiobject.c:723:gst_mini_object_replace: replace (nil) (0) with (nil) (0)
0:00:00.023870673  2779 0x1a32390 DEBUG   GST_PLUGIN_LOADING gstpluginfeature.c:67:gst_plugin_feature_finalize: finalizing feature 0x1a4f980: 'multiqueue'
0:00:00.023878929  2779 0x1a32390 TRACE   GST_REFCOUNTING gstobject.c:423:gst_object_finalize: 0x1a4f980 finalize
0:00:00.023886107  2779 0x1a32390 DEBUG   GST_REFCOUNTING gstobject.c:709:gst_object_set_parent: set parent (ref and sink)
0:00:00.023892947  2779 0x1a32390 TRACE   GST_REFCOUNTING gstobject.c:294:gst_object_ref_sink: 0x1a4d860 ref_sink 1->2
0:00:00.023899146  2779 0x1a32390 LOG   GST_REGISTRY gstregistry.c:608:gst_registry_add_feature: emitting feature-added for multiqueue
0:00:00.023905167  2779 0x1a32390 DEBUG   GST_REGISTRY gstregistrychunks.c:741:gst_registry_chunks_load_feature: Added feature multiqueue, plugin 0x1a54b00 coreelements
0:00:00.023911048  2779 0x1a32390 DEBUG   GST_REGISTRY gstregistrychunks.c:583:gst_registry_chunks_load_feature: Plugin 'coreelements' feature 'typefind' typename : 'GstElementFactory'
0:00:00.023918087  2779 0x1a32390 TRACE   GST_REFCOUNTING gstobject.c:208:gst_object_init: 0x1a4f8a0 new
0:00:00.023925066  2779 0x1a32390 LOG   GST_REGISTRY gstregistrychunks.c:610:gst_registry_chunks_load_feature: Reading/casting for GstRegistryChunkElementFactory at address 0x1a4de68
0:00:00.023934216  2779 0x1a32390 TRACE   structure gststructure.c:287:gst_structure_new_id_empty_with_size: created structure 0x1a4fa20
0:00:00.023941074  2779 0x1a32390 DEBUG   structure gststructure.c:2203:gst_structure_parse_field: trying field name 'long-name'
0:00:00.023952337  2779 0x1a32390 DEBUG   default gstvalue.c:2676:_priv_gst_value_parse_value: trying type name 'string'
0:00:00.023958658  2779 0x1a32390 DEBUG   structure gststructure.c:2203:gst_structure_parse_field: trying field name 'klass'
0:00:00.023963712  2779 0x1a32390 DEBUG   default gstvalue.c:2676:_priv_gst_value_parse_value: trying type name 'string'
0:00:00.023969265  2779 0x1a32390 DEBUG   structure gststructure.c:2203:gst_structure_parse_field: trying field name 'description'
0:00:00.023974080  2779 0x1a32390 DEBUG   default gstvalue.c:2676:_priv_gst_value_parse_value: trying type name 'string'
0:00:00.023982652  2779 0x1a32390 DEBUG   structure gststructure.c:2203:gst_structure_parse_field: trying field name 'author'
0:00:00.023989208  2779 0x1a32390 DEBUG   default gstvalue.c:2676:_priv_gst_value_parse_value: trying type name 'string'
0:00:00.024000863  2779 0x1a32390 DEBUG   GST_REGISTRY gstregistrychunks.c:626:gst_registry_chunks_load_feature: Element factory : npadtemplates=2
0:00:00.024006098  2779 0x1a32390 DEBUG   GST_REGISTRY gstregistrychunks.c:526:gst_registry_chunks_load_pad_template: Reading/casting for GstRegistryChunkPadTemplate at address 0x1a4df40
0:00:00.024011447  2779 0x1a32390 DEBUG   GST_REGISTRY gstregistrychunks.c:539:gst_registry_chunks_load_pad_template: Added pad_template sink
0:00:00.024016114  2779 0x1a32390 DEBUG   GST_REGISTRY gstregistrychunks.c:526:gst_registry_chunks_load_pad_template: Reading/casting for GstRegistryChunkPadTemplate at address 0x1a4df58
0:00:00.024021130  2779 0x1a32390 DEBUG   GST_REGISTRY gstregistrychunks.c:539:gst_registry_chunks_load_pad_template: Added pad_template src
0:00:00.024027992  2779 0x1a32390 DEBUG   GST_REGISTRY gstregistry.c:581:gst_registry_add_feature: replacing existing feature 0x1a4fbf0 (typefind)
0:00:00.024037131  2779 0x1a32390 DEBUG   GST_REGISTRY gstregistry.c:590:gst_registry_add_feature: adding feature 0x1a4f8a0 (typefind)
0:00:00.024043588  2779 0x1a32390 TRACE   GST_REFCOUNTING gstobject.c:788:gst_object_unparent: unparent
0:00:00.024050747  2779 0x1a32390 TRACE   GST_REFCOUNTING gstobject.c:265:gst_object_unref: 0x1a4fbf0 unref 1->0
