0:00:00.012258714  2780 0xc22320 DEBUG   GST_POLL gstpoll.c:980:gst_poll_fd_ctl_write: 0xc2a810: fd (fd:0, idx:1), active : 1
0:00:00.012263530  2780 0xc22320 LOG   GST_POLL gstpoll.c:994:gst_poll_fd_ctl_write: 0xc2a810: pfd->events now 60 (POLLOUT:4)
0:00:00.012271865  2780 0xc22320 DEBUG   GST_POLL gstpoll.c:980:gst_poll_fd_ctl_write: 0xc2a810: fd (fd:0, idx:1), active : 1
0:00:00.012278018  2780 0xc22320 LOG   GST_POLL gstpoll.c:994:gst_poll_fd_ctl_write: 0xc2a810: pfd->events now 60 (POLLOUT:4)
0:00:00.012283522  2780 0xc22320 DEBUG   GST_POLL gstpoll.c:980:gst_poll_fd_ctl_write: 0xc2a810: fd (fd:0, idx:1), active : 1
0:00:00.012288602  2780 0xc22320 LOG   GST_POLL gstpoll.c:994:gst_poll_fd_ctl_write: 0xc2a810: pfd->events now 60 (POLLOUT:4)
0:00:00.012293681  2780 0xc22320 DEBUG   GST_POLL gstpoll.c:980:gst_poll_fd_ctl_write: 0xc2a810: fd (fd:0, idx:1), active : 1
0:00:00.012298509  2780 0xc22320 LOG   GST_POLL gstpoll.c:994:gst_poll_fd_ctl_write: 0xc2a810: pfd->events now 60 (POLLOUT:4)
0:00:00.012303572  2780 0xc22320 DEBUG   GST_POLL gstpoll.c:980:gst_poll_fd_ctl_write: 0xc2a810: fd (fd:0, idx:1), active : 1
0:00:00.012308465  2780 0xc22320 LOG   GST_POLL gstpoll.c:994:gst_poll_fd_ctl_write: 0xc2a810: pfd->events now 60 (POLLOUT:4)
0:00:00.012316478  2780 0xc22320 DEBUG   GST_POLL gstpoll.c:980:gst_poll_fd_ctl_write: 0xc2a810: fd (fd:0, idx:1), active : 1
0:00:00.012322590  2780 0xc22320 LOG   GST_POLL gstpoll.c:994:gst_poll_fd_ctl_write: 0xc2a810: pfd->events now 60 (POLLOUT:4)
0:00:00.012328171  2780 0xc22320 DEBUG   GST_POLL gstpoll.c:980:gst_poll_fd_ctl_write: 0xc2a810: fd (fd:0, idx:1), active : 1
0:00:00.012333263  2780 0xc22320 LOG   GST_POLL gstpoll.c:994:gst_poll_fd_ctl_write: 0xc2a810: pfd->events now 60 (POLLOUT:4)
0:00:00.012338613  2780 0xc22320 DEBUG   GST_POLL gstpoll.c:980:gst_poll_fd_ctl_write: 0xc2a810: fd (fd:0, idx:1), active : 1
0:00:00.012349742  2780 0xc22320 LOG   GST_POLL gstpoll.c:994:gst_poll_fd_ctl_write: 0xc2a810: pfd->events now 60 (POLLOUT:4)
0:00:00.012355240  2780 0xc22320 DEBUG   GST_POLL gstpoll.c:980:gst_poll_fd_ctl_write: 0xc2a810: fd (fd:0, idx:1), active : 1
0:00:00.012360301  2780 0xc22320 LOG   GST_POLL gstpoll.c:994:gst_poll_fd_ctl_write: 0xc2a810: pfd->events now 60 (POLLOUT:4)
0:00:00.012368425  2780 0xc22320 DEBUG   GST_POLL gstpoll.c:980:gst_poll_fd_ctl_write: 0xc2a810: fd (fd:0, idx:1), active : 1
0:00:00.012374487  2780 0xc22320 LOG   GST_POLL gstpoll.c:994:gst_poll_fd_ctl_write: 0xc2a810: pfd->events now 60 (POLLOUT:4)
0:00:00.012380351  2780 0xc22320 DEBUG   GST_POLL gstpoll.c:980:gst_poll_fd_ctl_write: 0xc2a810: fd (fd:0, idx:1), active : 1
0:00:00.012385432  2780 0xc22320 LOG   GST_POLL gstpoll.c:994:gst_poll_fd_ctl_write: 0xc2a810: pfd->events now 60 (POLLOUT:4)
0:00:00.012391007  2780 0xc22320 DEBUG   GST_POLL gstpoll.c:980:gst_poll_fd_ctl_write: 0xc2a810: fd (fd:0, idx:1), active : 1
0:00:00.012395880  2780 0xc22320 LOG   GST_POLL gstpoll.c:994:gst_poll_fd_ctl_write: 0xc2a810: pfd->events now 60 (POLLOUT:4)
0:00:00.012400819  2780 0xc22320 DEBUG   GST_POLL gstpoll.c:980:gst_poll_fd_ctl_write: 0xc2a810: fd (fd:0, idx:1), active : 1
0:00:00.012405582  2780 0xc22320 LOG   GST_POLL gstpoll.c:994:gst_poll_fd_ctl_write: 0xc2a810: pfd->events now 60 (POLLOUT:4)
0:00:00.012413673  2780 0xc22320 DEBUG   GST_POLL gstpoll.c:980:gst_poll_fd_ctl_write: 0xc2a810: fd (fd:0, idx:1), active : 1
0:00:00.012419731  2780 0xc22320 LOG   GST_POLL gstpoll.c:994:gst_poll_fd_ctl_write: 0xc2a810: pfd->events now 60 (POLLOUT:4)
0:00:00.012425318  2780 0xc22320 DEBUG   GST_POLL gstpoll.c:980:gst_poll_fd_ctl_write: 0xc2a810: fd (fd:0, idx:1), active : 1
0:00:00.012430338  2780 0xc22320 LOG   GST_POLL gstpoll.c:994:gst_poll_fd_ctl_write: 0xc2a810: pfd->events now 60 (POLLOUT:4)
0:00:00.012435541  2780 0xc22320 DEBUG   GST_POLL gstpoll.c:980:gst_poll_fd_ctl_write: 0xc2a810: fd (fd:0, idx:1), active : 1
0:00:00.012440413  2780 0xc22320 LOG   GST_POLL gstpoll.c:994:gst_poll_fd_ctl_write: 0xc2a810: pfd->events now 60 (POLLOUT:4)
0:00:00.012445793  2780 0xc22320 DEBUG   GST_POLL gstpoll.c:980:gst_poll_fd_ctl_write: 0xc2a810: fd (fd:0, idx:1), active : 1
0:00:00.012450714  2780 0xc22320 LOG   GST_POLL gstpoll.c:994:gst_poll_fd_ctl_write: 0xc2a810: pfd->events now 60 (POLLOUT:4)
0:00:00.012458876  2780 0xc22320 DEBUG   GST_POLL gstpoll.c:980:gst_poll_fd_ctl_write: 0xc2a810: fd (fd:0, idx:1), active : 1
0:00:00.012464910  2780 0xc22320 LOG   GST_POLL gstpoll.c:994:gst_poll_fd_ctl_write: 0xc2a810: pfd->events now 60 (POLLOUT:4)
0:00:00.012470435  2780 0xc22320 DEBUG   GST_POLL gstpoll.c:980:gst_poll_fd_ctl_write: 0xc2a810: fd (fd:0, idx:1), active : 1
0:00:00.012475467  2780 0xc22320 LOG   GST_POLL gstpoll.c:994:gst_poll_fd_ctl_write: 0xc2a810: pfd->events now 60 (POLLOUT:4)
0:00:00.012486137  2780 0xc22320 DEBUG   GST_POLL gstpoll.c:980:gst_poll_fd_ctl_write: 0xc2a810: fd (fd:0, idx:1), active : 1
0:00:00.012491203  2780 0xc22320 LOG   GST_POLL gstpoll.c:994:gst_poll_fd_ctl_write: 0xc2a810: pfd->events now 60 (POLLOUT:4)
0:00:00.012496265  2780 0xc22320 DEBUG   GST_POLL gstpoll.c:980:gst_poll_fd_ctl_write: 0xc2a810: fd (fd:0, idx:1), active : 1
0:00:00.012501364  2780 0xc22320 LOG   GST_POLL gstpoll.c:994:gst_poll_fd_ctl_write: 0xc2a810: pfd->events now 60 (POLLOUT:4)
0:00:00.012509465  2780 0xc22320 DEBUG   GST_POLL gstpoll.c:980:gst_poll_fd_ctl_write: 0xc2a810: fd (fd:0, idx:1), active : 1
0:00:00.012515675  2780 0xc22320 LOG   GST_POLL gstpoll.c:994:gst_poll_fd_ctl_write: 0xc2a810: pfd->events now 60 (POLLOUT:4)
0:00:00.012520924  2780 0xc22320 DEBUG   GST_POLL gstpoll.c:980:gst_poll_fd_ctl_write: 0xc2a810: fd (fd:0, idx:1), active : 1
0:00:00.012532070  2780 0xc22320 LOG   GST_POLL gstpoll.c:994:gst_poll_fd_ctl_write: 0xc2a810: pfd->events now 60 (POLLOUT:4)
0:00:00.012545119  2780 0xc22320 TRACE   GST_REFCOUNTING gstobject.c:265:gst_object_unref: 0xc3e180 unref 2->1
0:00:00.012553542  2780 0xc22320 DEBUG   GST_POLL gstpoll.c:1241:gst_poll_fd_has_error: 0xc2a810: fd (fd:0, idx:1) 0
0:00:00.012559130  2780 0xc22320 DEBUG   GST_POLL gstpoll.c:1335:gst_poll_fd_can_write: 0xc2a810: fd (fd:0, idx:1) 1
0:00:00.012566978  2780 0xc22320 LOG   GST_PLUGIN_LOADING gstpluginloader.c:690:write_one: Writing packet of size 488 bytes to fd 0
0:00:00.012589691  2780 0xc22320 DEBUG   GST_POLL gstpoll.c:1414:gst_poll_wait: 0xc2a810: timeout :0:00:01.000000000
0:00:00.012603755  2780 0xc22320 LOG   GST_PLUGIN_LOADING gstpluginloader.c:1028:exchange_packets: Poll res = 2. 6872 bytes pending for write
0:00:00.012609925  2780 0xc22320 DEBUG   GST_POLL gstpoll.c:1241:gst_poll_fd_has_error: 0xc2a810: fd (fd:5, idx:2) 0
0:00:00.012615422  2780 0xc22320 DEBUG   GST_POLL gstpoll.c:1266:gst_poll_fd_can_read_unlocked: 0xc2a810: fd (fd:5, idx:2) 1
0:00:00.012643230  2780 0xc22320 DEBUG   GST_PLUGIN_LOADING gstpluginloader.c:722:do_plugin_load: Plugin scanner loading file /home/conan/w/prod/BuildSingleReference/.conan/data/gstreamer/1.18.3/_/_/package/3ad8b12e986bc654ebd8f9dbd570a3969420bafe/lib/gstreamer-1.0/libgstcoretracers.so. tag 2
0:00:00.012661207  2780 0xc22320 TRACE   GST_REFCOUNTING gstobject.c:238:gst_object_ref: 0xc3bea0 ref 1->2
0:00:00.017196044  2779 0x1a32390 LOG   GST_PLUGIN_LOADING gstpluginloader.c:1028:exchange_packets: Poll res = 1. 0 bytes pending for write
0:00:00.012673064  2780 0xc22320 TRACE   GST_REFCOUNTING gstobject.c:238:gst_object_ref: 0xc3cda0 ref 1->2
0:00:00.012694252  2780 0xc22320 TRACE   GST_REFCOUNTING gstobject.c:238:gst_object_ref: 0xc3cb50 ref 1->2
0:00:00.017233400  2779 0x1a32390 DEBUG   GST_POLL gstpoll.c:1241:gst_poll_fd_has_error: 0x1a4bb60: fd (fd:8, idx:2) 0
0:00:00.012700118  2780 0xc22320 TRACE   GST_REFCOUNTING gstobject.c:238:gst_object_ref: 0xc3c880 ref 1->2
0:00:00.017241853  2779 0x1a32390 DEBUG   GST_POLL gstpoll.c:1266:gst_poll_fd_can_read_unlocked: 0x1a4bb60: fd (fd:8, idx:2) 1
0:00:00.012714772  2780 0xc22320 TRACE   GST_REFCOUNTING gstobject.c:238:gst_object_ref: 0xc3c670 ref 1->2
0:00:00.012722065  2780 0xc22320 TRACE   GST_REFCOUNTING gstobject.c:238:gst_object_ref: 0xc3c180 ref 1->2
0:00:00.017263821  2779 0x1a32390 DEBUG   GST_PLUGIN_LOADING gstpluginloader.c:850:handle_rx_packet: Received plugin details from child w/ tag 0. 476 bytes info
0:00:00.012731332  2780 0xc22320 TRACE   GST_REFCOUNTING gstobject.c:265:gst_object_unref: 0xc3c180 unref 2->1
0:00:00.017273244  2779 0x1a32390 LOG   GST_REGISTRY gstregistrychunks.c:837:_priv_gst_registry_chunks_load_plugin: Reading/casting for GstRegistryChunkPluginElement at address 0x1a4c090
0:00:00.012737818  2780 0xc22320 TRACE   GST_REFCOUNTING gstobject.c:265:gst_object_unref: 0xc3c670 unref 2->1
0:00:00.012745128  2780 0xc22320 TRACE   GST_REFCOUNTING gstobject.c:265:gst_object_unref: 0xc3c880 unref 2->1
0:00:00.012750733  2780 0xc22320 TRACE   GST_REFCOUNTING gstobject.c:265:gst_object_unref: 0xc3cb50 unref 2->1
0:00:00.012756402  2780 0xc22320 TRACE   GST_REFCOUNTING gstobject.c:265:gst_object_unref: 0xc3cda0 unref 2->1
0:00:00.017296506  2779 0x1a32390 TRACE   GST_REFCOUNTING gstobject.c:208:gst_object_init: 0x1a4c700 new
0:00:00.012763970  2780 0xc22320 DEBUG   GST_REGISTRY gstregistrychunks.c:498:_priv_gst_registry_chunks_save_plugin: Found 5 features in plugin 0xc3bea0 (coretracers)
0:00:00.012772851  2780 0xc22320 DEBUG   GST_POLL gstpoll.c:980:gst_poll_fd_ctl_write: 0xc2a810: fd (fd:0, idx:1), active : 1
0:00:00.012779109  2780 0xc22320 LOG   GST_POLL gstpoll.c:994:gst_poll_fd_ctl_write: 0xc2a810: pfd->events now 60 (POLLOUT:4)
0:00:00.012784634  2780 0xc22320 DEBUG   GST_POLL gstpoll.c:980:gst_poll_fd_ctl_write: 0xc2a810: fd (fd:0, idx:1), active : 1
0:00:00.012789638  2780 0xc22320 LOG   GST_POLL gstpoll.c:994:gst_poll_fd_ctl_write: 0xc2a810: pfd->events now 60 (POLLOUT:4)
0:00:00.012794820  2780 0xc22320 DEBUG   GST_POLL gstpoll.c:980:gst_poll_fd_ctl_write: 0xc2a810: fd (fd:0, idx:1), active : 1
0:00:00.012799585  2780 0xc22320 LOG   GST_POLL gstpoll.c:994:gst_poll_fd_ctl_write: 0xc2a810: pfd->events now 60 (POLLOUT:4)
0:00:00.012804732  2780 0xc22320 DEBUG   GST_POLL gstpoll.c:980:gst_poll_fd_ctl_write: 0xc2a810: fd (fd:0, idx:1), active : 1
0:00:00.017342370  2779 0x1a32390 LOG   GST_REGISTRY gstregistrychunks.c:858:_priv_gst_registry_chunks_load_plugin: read strings for name='coretracers'
0:00:00.012809718  2780 0xc22320 LOG   GST_POLL gstpoll.c:994:gst_poll_fd_ctl_write: 0xc2a810: pfd->events now 60 (POLLOUT:4)
0:00:00.017351906  2779 0x1a32390 LOG   GST_REGISTRY gstregistrychunks.c:859:_priv_gst_registry_chunks_load_plugin: desc.description='GStreamer core tracers'
0:00:00.012817901  2780 0xc22320 DEBUG   GST_POLL gstpoll.c:980:gst_poll_fd_ctl_write: 0xc2a810: fd (fd:0, idx:1), active : 1
0:00:00.017367305  2779 0x1a32390 LOG   GST_REGISTRY gstregistrychunks.c:860:_priv_gst_registry_chunks_load_plugin: filename='/home/conan/w/prod/BuildSingleReference/.conan/data/gstreamer/1.18.3/_/_/package/3ad8b12e986bc654ebd8f9dbd570a3969420bafe/lib/gstreamer-1.0/libgstcoretracers.so'
0:00:00.012836580  2780 0xc22320 LOG   GST_POLL gstpoll.c:994:gst_poll_fd_ctl_write: 0xc2a810: pfd->events now 60 (POLLOUT:4)
0:00:00.017376356  2779 0x1a32390 LOG   GST_REGISTRY gstregistrychunks.c:861:_priv_gst_registry_chunks_load_plugin: desc.version='1.18.3'
0:00:00.012843336  2780 0xc22320 DEBUG   GST_POLL gstpoll.c:980:gst_poll_fd_ctl_write: 0xc2a810: fd (fd:0, idx:1), active : 1
0:00:00.017382474  2779 0x1a32390 LOG   GST_REGISTRY gstregistrychunks.c:862:_priv_gst_registry_chunks_load_plugin: desc.license='LGPL'
0:00:00.012850075  2780 0xc22320 LOG   GST_POLL gstpoll.c:994:gst_poll_fd_ctl_write: 0xc2a810: pfd->events now 60 (POLLOUT:4)
0:00:00.017389639  2779 0x1a32390 LOG   GST_REGISTRY gstregistrychunks.c:863:_priv_gst_registry_chunks_load_plugin: desc.source='gstreamer'
0:00:00.012856447  2780 0xc22320 DEBUG   GST_POLL gstpoll.c:980:gst_poll_fd_ctl_write: 0xc2a810: fd (fd:0, idx:1), active : 1
0:00:00.017395937  2779 0x1a32390 LOG   GST_REGISTRY gstregistrychunks.c:864:_priv_gst_registry_chunks_load_plugin: desc.package='GStreamer source release'
0:00:00.012862716  2780 0xc22320 LOG   GST_POLL gstpoll.c:994:gst_poll_fd_ctl_write: 0xc2a810: pfd->events now 60 (POLLOUT:4)
0:00:00.017402617  2779 0x1a32390 LOG   GST_REGISTRY gstregistrychunks.c:865:_priv_gst_registry_chunks_load_plugin: desc.origin='Unknown package origin'
0:00:00.012868894  2780 0xc22320 DEBUG   GST_POLL gstpoll.c:980:gst_poll_fd_ctl_write: 0xc2a810: fd (fd:0, idx:1), active : 1
0:00:00.017408581  2779 0x1a32390 LOG   GST_REGISTRY gstregistrychunks.c:866:_priv_gst_registry_chunks_load_plugin: desc.datetime=2021-01-13
0:00:00.012874702  2780 0xc22320 LOG   GST_POLL gstpoll.c:994:gst_poll_fd_ctl_write: 0xc2a810: pfd->events now 60 (POLLOUT:4)
0:00:00.012883196  2780 0xc22320 DEBUG   GST_POLL gstpoll.c:980:gst_poll_fd_ctl_write: 0xc2a810: fd (fd:0, idx:1), active : 1
0:00:00.017421890  2779 0x1a32390 DEBUG   GST_REGISTRY gstregistry.c:474:gst_registry_add_plugin: adding plugin 0x1a4c700 for filename "/home/conan/w/prod/BuildSingleReference/.conan/data/gstreamer/1.18.3/_/_/package/3ad8b12e986bc654ebd8f9dbd570a3969420bafe/lib/gstreamer-1.0/libgstcoretracers.so"
0:00:00.012889366  2780 0xc22320 LOG   GST_POLL gstpoll.c:994:gst_poll_fd_ctl_write: 0xc2a810: pfd->events now 60 (POLLOUT:4)
0:00:00.012895674  2780 0xc22320 DEBUG   GST_POLL gstpoll.c:980:gst_poll_fd_ctl_write: 0xc2a810: fd (fd:0, idx:1), active : 1
0:00:00.017433577  2779 0x1a32390 TRACE   GST_REFCOUNTING gstobject.c:294:gst_object_ref_sink: 0x1a4c700 ref_sink 1->2
0:00:00.012900687  2780 0xc22320 LOG   GST_POLL gstpoll.c:994:gst_poll_fd_ctl_write: 0xc2a810: pfd->events now 60 (POLLOUT:4)
0:00:00.017442041  2779 0x1a32390 LOG   GST_REGISTRY gstregistry.c:487:gst_registry_add_plugin: emitting plugin-added for filename "/home/conan/w/prod/BuildSingleReference/.conan/data/gstreamer/1.18.3/_/_/package/3ad8b12e986bc654ebd8f9dbd570a3969420bafe/lib/gstreamer-1.0/libgstcoretracers.so"
0:00:00.012912094  2780 0xc22320 DEBUG   GST_POLL gstpoll.c:980:gst_poll_fd_ctl_write: 0xc2a810: fd (fd:0, idx:1), active : 1
0:00:00.017453221  2779 0x1a32390 DEBUG   GST_REGISTRY gstregistrychunks.c:887:_priv_gst_registry_chunks_load_plugin: Added plugin 'coretracers' plugin with 5 features from binary registry
0:00:00.012918050  2780 0xc22320 LOG   GST_POLL gstpoll.c:994:gst_poll_fd_ctl_write: 0xc2a810: pfd->events now 60 (POLLOUT:4)
0:00:00.017460336  2779 0x1a32390 DEBUG   GST_REGISTRY gstregistrychunks.c:583:gst_registry_chunks_load_feature: Plugin 'coretracers' feature 'leaks' typename : 'GstTracerFactory'
0:00:00.012924483  2780 0xc22320 DEBUG   GST_POLL gstpoll.c:980:gst_poll_fd_ctl_write: 0xc2a810: fd (fd:0, idx:1), active : 1
0:00:00.012932095  2780 0xc22320 LOG   GST_POLL gstpoll.c:994:gst_poll_fd_ctl_write: 0xc2a810: pfd->events now 60 (POLLOUT:4)
0:00:00.012940296  2780 0xc22320 DEBUG   GST_POLL gstpoll.c:980:gst_poll_fd_ctl_write: 0xc2a810: fd (fd:0, idx:1), active : 1
0:00:00.012946859  2780 0xc22320 LOG   GST_POLL gstpoll.c:994:gst_poll_fd_ctl_write: 0xc2a810: pfd->events now 60 (POLLOUT:4)
0:00:00.012952363  2780 0xc22320 DEBUG   GST_POLL gstpoll.c:980:gst_poll_fd_ctl_write: 0xc2a810: fd (fd:0, idx:1), active : 1
0:00:00.012957965  2780 0xc22320 LOG   GST_POLL gstpoll.c:994:gst_poll_fd_ctl_write: 0xc2a810: pfd->events now 60 (POLLOUT:4)
0:00:00.012963193  2780 0xc22320 DEBUG   GST_POLL gstpoll.c:980:gst_poll_fd_ctl_write: 0xc2a810: fd (fd:0, idx:1), active : 1
0:00:00.012968085  2780 0xc22320 LOG   GST_POLL gstpoll.c:994:gst_poll_fd_ctl_write: 0xc2a810: pfd->events now 60 (POLLOUT:4)
0:00:00.012973419  2780 0xc22320 LOG   GST_PLUGIN_LOADING gstpluginloader.c:646:put_chunk: Expanding tx buf from 7717 to 10158 for chunk of size 17
0:00:00.012985003  2780 0xc22320 DEBUG   GST_POLL gstpoll.c:980:gst_poll_fd_ctl_write: 0xc2a810: fd (fd:0, idx:1), active : 1
0:00:00.012992844  2780 0xc22320 LOG   GST_POLL gstpoll.c:994:gst_poll_fd_ctl_write: 0xc2a810: pfd->events now 60 (POLLOUT:4)
0:00:00.012998648  2780 0xc22320 DEBUG   GST_POLL gstpoll.c:980:gst_poll_fd_ctl_write: 0xc2a810: fd (fd:0, idx:1), active : 1
0:00:00.013004072  2780 0xc22320 LOG   GST_POLL gstpoll.c:994:gst_poll_fd_ctl_write: 0xc2a810: pfd->events now 60 (POLLOUT:4)
0:00:00.013009562  2780 0xc22320 DEBUG   GST_POLL gstpoll.c:980:gst_poll_fd_ctl_write: 0xc2a810: fd (fd:0, idx:1), active : 1
0:00:00.017542108  2779 0x1a32390 TRACE   GST_REFCOUNTING gstobject.c:208:gst_object_init: 0x1a4ca10 new
0:00:00.013014749  2780 0xc22320 LOG   GST_POLL gstpoll.c:994:gst_poll_fd_ctl_write: 0xc2a810: pfd->events now 60 (POLLOUT:4)
0:00:00.013029446  2780 0xc22320 DEBUG   GST_POLL gstpoll.c:980:gst_poll_fd_ctl_write: 0xc2a810: fd (fd:0, idx:1), active : 1
0:00:00.013039004  2780 0xc22320 LOG   GST_POLL gstpoll.c:994:gst_poll_fd_ctl_write: 0xc2a810: pfd->events now 60 (POLLOUT:4)
0:00:00.017577436  2779 0x1a32390 DEBUG   GST_REGISTRY gstregistrychunks.c:718:gst_registry_chunks_load_feature: Reading/casting for GstRegistryChunkPluginFeature at address 0x1a4c1d8
0:00:00.013047025  2780 0xc22320 DEBUG   GST_POLL gstpoll.c:980:gst_poll_fd_ctl_write: 0xc2a810: fd (fd:0, idx:1), active : 1
0:00:00.017589546  2779 0x1a32390 DEBUG   GST_REGISTRY gstregistry.c:590:gst_registry_add_feature: adding feature 0x1a4ca10 (leaks)
0:00:00.013053633  2780 0xc22320 LOG   GST_POLL gstpoll.c:994:gst_poll_fd_ctl_write: 0xc2a810: pfd->events now 60 (POLLOUT:4)
0:00:00.017597217  2779 0x1a32390 DEBUG   GST_REFCOUNTING gstobject.c:709:gst_object_set_parent: set parent (ref and sink)
0:00:00.013061166  2780 0xc22320 DEBUG   GST_POLL gstpoll.c:980:gst_poll_fd_ctl_write: 0xc2a810: fd (fd:0, idx:1), active : 1
0:00:00.017605484  2779 0x1a32390 TRACE   GST_REFCOUNTING gstobject.c:294:gst_object_ref_sink: 0x1a4ca10 ref_sink 1->2
0:00:00.013069113  2780 0xc22320 LOG   GST_POLL gstpoll.c:994:gst_poll_fd_ctl_write: 0xc2a810: pfd->events now 60 (POLLOUT:4)
0:00:00.017612982  2779 0x1a32390 LOG   GST_REGISTRY gstregistry.c:608:gst_registry_add_feature: emitting feature-added for leaks
0:00:00.013076944  2780 0xc22320 DEBUG   GST_POLL gstpoll.c:980:gst_poll_fd_ctl_write: 0xc2a810: fd (fd:0, idx:1), active : 1
0:00:00.017620332  2779 0x1a32390 DEBUG   GST_REGISTRY gstregistrychunks.c:741:gst_registry_chunks_load_feature: Added feature leaks, plugin 0x1a4c700 coretracers
0:00:00.013084065  2780 0xc22320 LOG   GST_POLL gstpoll.c:994:gst_poll_fd_ctl_write: 0xc2a810: pfd->events now 60 (POLLOUT:4)
0:00:00.013092370  2780 0xc22320 DEBUG   GST_POLL gstpoll.c:980:gst_poll_fd_ctl_write: 0xc2a810: fd (fd:0, idx:1), active : 1
0:00:00.017630281  2779 0x1a32390 DEBUG   GST_REGISTRY gstregistrychunks.c:583:gst_registry_chunks_load_feature: Plugin 'coretracers' feature 'stats' typename : 'GstTracerFactory'
0:00:00.013097297  2780 0xc22320 LOG   GST_POLL gstpoll.c:994:gst_poll_fd_ctl_write: 0xc2a810: pfd->events now 60 (POLLOUT:4)
0:00:00.013105653  2780 0xc22320 DEBUG   GST_POLL gstpoll.c:980:gst_poll_fd_ctl_write: 0xc2a810: fd (fd:0, idx:1), active : 1
0:00:00.017643262  2779 0x1a32390 TRACE   GST_REFCOUNTING gstobject.c:208:gst_object_init: 0x1a4cc10 new
0:00:00.013111661  2780 0xc22320 LOG   GST_POLL gstpoll.c:994:gst_poll_fd_ctl_write: 0xc2a810: pfd->events now 60 (POLLOUT:4)
0:00:00.017653140  2779 0x1a32390 DEBUG   GST_REGISTRY gstregistrychunks.c:718:gst_registry_chunks_load_feature: Reading/casting for GstRegistryChunkPluginFeature at address 0x1a4c1f8
0:00:00.013117685  2780 0xc22320 DEBUG   GST_POLL gstpoll.c:980:gst_poll_fd_ctl_write: 0xc2a810: fd (fd:0, idx:1), active : 1
0:00:00.017661039  2779 0x1a32390 DEBUG   GST_REGISTRY gstregistry.c:590:gst_registry_add_feature: adding feature 0x1a4cc10 (stats)
0:00:00.013124701  2780 0xc22320 LOG   GST_POLL gstpoll.c:994:gst_poll_fd_ctl_write: 0xc2a810: pfd->events now 60 (POLLOUT:4)
0:00:00.017678348  2779 0x1a32390 DEBUG   GST_REFCOUNTING gstobject.c:709:gst_object_set_parent: set parent (ref and sink)
0:00:00.013143181  2780 0xc22320 DEBUG   GST_POLL gstpoll.c:980:gst_poll_fd_ctl_write: 0xc2a810: fd (fd:0, idx:1), active : 1
0:00:00.017685535  2779 0x1a32390 TRACE   GST_REFCOUNTING gstobject.c:294:gst_object_ref_sink: 0x1a4cc10 ref_sink 1->2
0:00:00.013149651  2780 0xc22320 LOG   GST_POLL gstpoll.c:994:gst_poll_fd_ctl_write: 0xc2a810: pfd->events now 60 (POLLOUT:4)
0:00:00.017692346  2779 0x1a32390 LOG   GST_REGISTRY gstregistry.c:608:gst_registry_add_feature: emitting feature-added for stats
0:00:00.013157069  2780 0xc22320 DEBUG   GST_POLL gstpoll.c:980:gst_poll_fd_ctl_write: 0xc2a810: fd (fd:0, idx:1), active : 1
0:00:00.017698969  2779 0x1a32390 DEBUG   GST_REGISTRY gstregistrychunks.c:741:gst_registry_chunks_load_feature: Added feature stats, plugin 0x1a4c700 coretracers
0:00:00.013162887  2780 0xc22320 LOG   GST_POLL gstpoll.c:994:gst_poll_fd_ctl_write: 0xc2a810: pfd->events now 60 (POLLOUT:4)
0:00:00.017707885  2779 0x1a32390 DEBUG   GST_REGISTRY gstregistrychunks.c:583:gst_registry_chunks_load_feature: Plugin 'coretracers' feature 'rusage' typename : 'GstTracerFactory'
0:00:00.013173853  2780 0xc22320 TRACE   GST_REFCOUNTING gstobject.c:265:gst_object_unref: 0xc3bea0 unref 2->1
0:00:00.017717024  2779 0x1a32390 TRACE   GST_REFCOUNTING gstobject.c:208:gst_object_init: 0x1a4ce10 new
0:00:00.013181983  2780 0xc22320 DEBUG   GST_POLL gstpoll.c:1241:gst_poll_fd_has_error: 0xc2a810: fd (fd:0, idx:1) 0
0:00:00.017725431  2779 0x1a32390 DEBUG   GST_REGISTRY gstregistrychunks.c:718:gst_registry_chunks_load_feature: Reading/casting for GstRegistryChunkPluginFeature at address 0x1a4c218
0:00:00.013188943  2780 0xc22320 DEBUG   GST_POLL gstpoll.c:1335:gst_poll_fd_can_write: 0xc2a810: fd (fd:0, idx:1) 1
0:00:00.017732860  2779 0x1a32390 DEBUG   GST_REGISTRY gstregistry.c:590:gst_registry_add_feature: adding feature 0x1a4ce10 (rusage)
0:00:00.013196830  2780 0xc22320 LOG   GST_PLUGIN_LOADING gstpluginloader.c:690:write_one: Writing packet of size 6872 bytes to fd 0
0:00:00.017739330  2779 0x1a32390 DEBUG   GST_REFCOUNTING gstobject.c:709:gst_object_set_parent: set parent (ref and sink)
0:00:00.017746290  2779 0x1a32390 TRACE   GST_REFCOUNTING gstobject.c:294:gst_object_ref_sink: 0x1a4ce10 ref_sink 1->2
0:00:00.013210219  2780 0xc22320 DEBUG   GST_POLL gstpoll.c:1414:gst_poll_wait: 0xc2a810: timeout :0:00:01.000000000
0:00:00.017752026  2779 0x1a32390 LOG   GST_REGISTRY gstregistry.c:608:gst_registry_add_feature: emitting feature-added for rusage
0:00:00.013219563  2780 0xc22320 LOG   GST_PLUGIN_LOADING gstpluginloader.c:1028:exchange_packets: Poll res = 2. 488 bytes pending for write
0:00:00.017758476  2779 0x1a32390 DEBUG   GST_REGISTRY gstregistrychunks.c:741:gst_registry_chunks_load_feature: Added feature rusage, plugin 0x1a4c700 coretracers
0:00:00.013233317  2780 0xc22320 DEBUG   GST_POLL gstpoll.c:1241:gst_poll_fd_has_error: 0xc2a810: fd (fd:5, idx:2) 0
0:00:00.017774318  2779 0x1a32390 DEBUG   GST_REGISTRY gstregistrychunks.c:583:gst_registry_chunks_load_feature: Plugin 'coretracers' feature 'log' typename : 'GstTracerFactory'
0:00:00.013240318  2780 0xc22320 DEBUG   GST_POLL gstpoll.c:1266:gst_poll_fd_can_read_unlocked: 0xc2a810: fd (fd:5, idx:2) 1
0:00:00.017783090  2779 0x1a32390 TRACE   GST_REFCOUNTING gstobject.c:208:gst_object_init: 0x1a4d010 new
0:00:00.013250410  2780 0xc22320 DEBUG   GST_PLUGIN_LOADING gstpluginloader.c:722:do_plugin_load: Plugin scanner loading file /home/conan/w/prod/BuildSingleReference/.conan/data/gstreamer/1.18.3/_/_/package/3ad8b12e986bc654ebd8f9dbd570a3969420bafe/lib/gstreamer-1.0/libgstcoreelements.so. tag 3
0:00:00.017791362  2779 0x1a32390 DEBUG   GST_REGISTRY gstregistrychunks.c:718:gst_registry_chunks_load_feature: Reading/casting for GstRegistryChunkPluginFeature at address 0x1a4c238
0:00:00.013258421  2780 0xc22320 TRACE   GST_REFCOUNTING gstobject.c:238:gst_object_ref: 0xc3e180 ref 1->2
0:00:00.017798807  2779 0x1a32390 DEBUG   GST_REGISTRY gstregistry.c:590:gst_registry_add_feature: adding feature 0x1a4d010 (log)
0:00:00.013265526  2780 0xc22320 TRACE   GST_REFCOUNTING gstobject.c:238:gst_object_ref: 0xc59350 ref 1->2
0:00:00.017804937  2779 0x1a32390 DEBUG   GST_REFCOUNTING gstobject.c:709:gst_object_set_parent: set parent (ref and sink)
0:00:00.013272840  2780 0xc22320 TRACE   GST_REFCOUNTING gstobject.c:238:gst_object_ref: 0xc58690 ref 1->2
0:00:00.017812209  2779 0x1a32390 TRACE   GST_REFCOUNTING gstobject.c:294:gst_object_ref_sink: 0x1a4d010 ref_sink 1->2
0:00:00.017820360  2779 0x1a32390 LOG   GST_REGISTRY gstregistry.c:608:gst_registry_add_feature: emitting feature-added for log
0:00:00.013282253  2780 0xc22320 TRACE   GST_REFCOUNTING gstobject.c:238:gst_object_ref: 0xc56f20 ref 1->2
0:00:00.017825999  2779 0x1a32390 DEBUG   GST_REGISTRY gstregistrychunks.c:741:gst_registry_chunks_load_feature: Added feature log, plugin 0x1a4c700 coretracers
0:00:00.013290943  2780 0xc22320 TRACE   GST_REFCOUNTING gstobject.c:238:gst_object_ref: 0xc560d0 ref 1->2
0:00:00.017834733  2779 0x1a32390 DEBUG   GST_REGISTRY gstregistrychunks.c:583:gst_registry_chunks_load_feature: Plugin 'coretracers' feature 'latency' typename : 'GstTracerFactory'
0:00:00.013298312  2780 0xc22320 TRACE   GST_REFCOUNTING gstobject.c:238:gst_object_ref: 0xc54f70 ref 1->2
0:00:00.017843562  2779 0x1a32390 TRACE   GST_REFCOUNTING gstobject.c:208:gst_object_init: 0x1a4d210 new
0:00:00.013306742  2780 0xc22320 TRACE   GST_REFCOUNTING gstobject.c:238:gst_object_ref: 0xc53e70 ref 1->2
0:00:00.017852039  2779 0x1a32390 DEBUG   GST_REGISTRY gstregistrychunks.c:718:gst_registry_chunks_load_feature: Reading/casting for GstRegistryChunkPluginFeature at address 0x1a4c260
0:00:00.013315830  2780 0xc22320 TRACE   GST_REFCOUNTING gstobject.c:238:gst_object_ref: 0xc52520 ref 1->2
0:00:00.017864105  2779 0x1a32390 DEBUG   GST_REGISTRY gstregistry.c:590:gst_registry_add_feature: adding feature 0x1a4d210 (latency)
0:00:00.013327927  2780 0xc22320 TRACE   GST_REFCOUNTING gstobject.c:238:gst_object_ref: 0xc50a10 ref 1->2
0:00:00.017870330  2779 0x1a32390 DEBUG   GST_REFCOUNTING gstobject.c:709:gst_object_set_parent: set parent (ref and sink)
0:00:00.013335543  2780 0xc22320 TRACE   GST_REFCOUNTING gstobject.c:238:gst_object_ref: 0xc4f900 ref 1->2
0:00:00.017877338  2779 0x1a32390 TRACE   GST_REFCOUNTING gstobject.c:294:gst_object_ref_sink: 0x1a4d210 ref_sink 1->2
0:00:00.013342368  2780 0xc22320 TRACE   GST_REFCOUNTING gstobject.c:238:gst_object_ref: 0xc4e6e0 ref 1->2
0:00:00.017883756  2779 0x1a32390 LOG   GST_REGISTRY gstregistry.c:608:gst_registry_add_feature: emitting feature-added for latency
0:00:00.013351544  2780 0xc22320 TRACE   GST_REFCOUNTING gstobject.c:238:gst_object_ref: 0xc4d0b0 ref 1->2
0:00:00.017890207  2779 0x1a32390 DEBUG   GST_REGISTRY gstregistrychunks.c:741:gst_registry_chunks_load_feature: Added feature latency, plugin 0x1a4c700 coretracers
0:00:00.017902410  2779 0x1a32390 LOG   GST_PLUGIN_LOADING gstpluginloader.c:889:handle_rx_packet: marking plugin 0x1a4c700 as registered as /home/conan/w/prod/BuildSingleReference/.conan/data/gstreamer/1.18.3/_/_/package/3ad8b12e986bc654ebd8f9dbd570a3969420bafe/lib/gstreamer-1.0/libgstcoretracers.so
0:00:00.013366590  2780 0xc22320 TRACE   GST_REFCOUNTING gstobject.c:238:gst_object_ref: 0xc4c400 ref 1->2
0:00:00.013374810  2780 0xc22320 TRACE   GST_REFCOUNTING gstobject.c:238:gst_object_ref: 0xc4b7d0 ref 1->2
0:00:00.017917239  2779 0x1a32390 DEBUG   GST_POLL gstpoll.c:1414:gst_poll_wait: 0x1a4bb60: timeout :0:00:01.000000000
0:00:00.013380473  2780 0xc22320 TRACE   GST_REFCOUNTING gstobject.c:238:gst_object_ref: 0xc42d20 ref 1->2
0:00:00.013388940  2780 0xc22320 TRACE   GST_REFCOUNTING gstobject.c:238:gst_object_ref: 0xc48bd0 ref 1->2
0:00:00.017929567  2779 0x1a32390 LOG   GST_PLUGIN_LOADING gstpluginloader.c:1028:exchange_packets: Poll res = 1. 0 bytes pending for write
0:00:00.013394518  2780 0xc22320 TRACE   GST_REFCOUNTING gstobject.c:238:gst_object_ref: 0xc465a0 ref 1->2
0:00:00.017937075  2779 0x1a32390 DEBUG   GST_POLL gstpoll.c:1241:gst_poll_fd_has_error: 0x1a4bb60: fd (fd:8, idx:2) 0
0:00:00.013401300  2780 0xc22320 TRACE   GST_REFCOUNTING gstobject.c:238:gst_object_ref: 0xc44a50 ref 1->2
0:00:00.017943404  2779 0x1a32390 DEBUG   GST_POLL gstpoll.c:1266:gst_poll_fd_can_read_unlocked: 0x1a4bb60: fd (fd:8, idx:2) 1
0:00:00.013410321  2780 0xc22320 TRACE   GST_REFCOUNTING gstobject.c:238:gst_object_ref: 0xc43a10 ref 1->2
0:00:00.017952245  2779 0x1a32390 LOG   GST_PLUGIN_LOADING gstpluginloader.c:986:read_one: Expanding rx buf from 512 to 7384
0:00:00.013422610  2780 0xc22320 TRACE   GST_REFCOUNTING gstobject.c:238:gst_object_ref: 0xc41f60 ref 1->2
0:00:00.013429473  2780 0xc22320 TRACE   GST_REFCOUNTING gstobject.c:238:gst_object_ref: 0xc41090 ref 1->2
0:00:00.013435161  2780 0xc22320 TRACE   GST_REFCOUNTING gstobject.c:238:gst_object_ref: 0xc402f0 ref 1->2
0:00:00.013440693  2780 0xc22320 TRACE   GST_REFCOUNTING gstobject.c:238:gst_object_ref: 0xc3e630 ref 1->2
0:00:00.017980229  2779 0x1a32390 DEBUG   GST_PLUGIN_LOADING gstpluginloader.c:850:handle_rx_packet: Received plugin details from child w/ tag 1. 6860 bytes info
0:00:00.013447021  2780 0xc22320 DEBUG   GST_REGISTRY gstregistrychunks.c:265:gst_registry_chunks_save_feature: saved 0 interfaces 0 pad templates
0:00:00.017987852  2779 0x1a32390 LOG   GST_REGISTRY gstregistrychunks.c:837:_priv_gst_registry_chunks_load_plugin: Reading/casting for GstRegistryChunkPluginElement at address 0x1a4d9b0
0:00:00.017995724  2779 0x1a32390 TRACE   GST_REFCOUNTING gstobject.c:208:gst_object_init: 0x1a4c090 new
0:00:00.013460504  2780 0xc22320 DEBUG   GST_REGISTRY gstregistrychunks.c:265:gst_registry_chunks_save_feature: saved 0 interfaces 0 pad templates
0:00:00.013469468  2780 0xc22320 DEBUG   GST_REGISTRY gstregistrychunks.c:265:gst_registry_chunks_save_feature: saved 0 interfaces 0 pad templates
0:00:00.018007901  2779 0x1a32390 LOG   GST_REGISTRY gstregistrychunks.c:858:_priv_gst_registry_chunks_load_plugin: read strings for name='coreelements'
0:00:00.013481442  2780 0xc22320 DEBUG   GST_REGISTRY gstregistrychunks.c:265:gst_registry_chunks_save_feature: saved 1 interfaces 0 pad templates
0:00:00.018015895  2779 0x1a32390 LOG   GST_REGISTRY gstregistrychunks.c:859:_priv_gst_registry_chunks_load_plugin: desc.description='GStreamer core elements'
0:00:00.013488542  2780 0xc22320 DEBUG   GST_REGISTRY gstregistrychunks.c:284:gst_registry_chunks_save_feature: Saved 1 UriTypes
0:00:00.018032388  2779 0x1a32390 LOG   GST_REGISTRY gstregistrychunks.c:860:_priv_gst_registry_chunks_load_plugin: filename='/home/conan/w/prod/BuildSingleReference/.conan/data/gstreamer/1.18.3/_/_/package/3ad8b12e986bc654ebd8f9dbd570a3969420bafe/lib/gstreamer-1.0/libgstcoreelements.so'
0:00:00.013499266  2780 0xc22320 DEBUG   GST_REGISTRY gstregistrychunks.c:265:gst_registry_chunks_save_feature: saved 0 interfaces 0 pad templates
0:00:00.018039708  2779 0x1a32390 LOG   GST_REGISTRY gstregistrychunks.c:861:_priv_gst_registry_chunks_load_plugin: desc.version='1.18.3'
0:00:00.013508169  2780 0xc22320 DEBUG   GST_REGISTRY gstregistrychunks.c:265:gst_registry_chunks_save_feature: saved 0 interfaces 0 pad templates
0:00:00.018045977  2779 0x1a32390 LOG   GST_REGISTRY gstregistrychunks.c:862:_priv_gst_registry_chunks_load_plugin: desc.license='LGPL'
0:00:00.018054160  2779 0x1a32390 LOG   GST_REGISTRY gstregistrychunks.c:863:_priv_gst_registry_chunks_load_plugin: desc.source='gstreamer'
0:00:00.018064005  2779 0x1a32390 LOG   GST_REGISTRY gstregistrychunks.c:864:_priv_gst_registry_chunks_load_plugin: desc.package='GStreamer source release'
0:00:00.013517912  2780 0xc22320 DEBUG   GST_REGISTRY gstregistrychunks.c:265:gst_registry_chunks_save_feature: saved 0 interfaces 0 pad templates
0:00:00.018069071  2779 0x1a32390 LOG   GST_REGISTRY gstregistrychunks.c:865:_priv_gst_registry_chunks_load_plugin: desc.origin='Unknown package origin'
0:00:00.018074703  2779 0x1a32390 LOG   GST_REGISTRY gstregistrychunks.c:866:_priv_gst_registry_chunks_load_plugin: desc.datetime=2021-01-13
0:00:00.013537842  2780 0xc22320 DEBUG   GST_REGISTRY gstregistrychunks.c:265:gst_registry_chunks_save_feature: saved 1 interfaces 0 pad templates
0:00:00.013547648  2780 0xc22320 DEBUG   GST_REGISTRY gstregistrychunks.c:284:gst_registry_chunks_save_feature: Saved 1 UriTypes
0:00:00.018084744  2779 0x1a32390 DEBUG   GST_REGISTRY gstregistry.c:474:gst_registry_add_plugin: adding plugin 0x1a4c090 for filename "/home/conan/w/prod/BuildSingleReference/.conan/data/gstreamer/1.18.3/_/_/package/3ad8b12e986bc654ebd8f9dbd570a3969420bafe/lib/gstreamer-1.0/libgstcoreelements.so"
0:00:00.013555754  2780 0xc22320 DEBUG   GST_REGISTRY gstregistrychunks.c:265:gst_registry_chunks_save_feature: saved 1 interfaces 0 pad templates
0:00:00.018094329  2779 0x1a32390 TRACE   GST_REFCOUNTING gstobject.c:294:gst_object_ref_sink: 0x1a4c090 ref_sink 1->2
0:00:00.013564173  2780 0xc22320 DEBUG   GST_REGISTRY gstregistrychunks.c:284:gst_registry_chunks_save_feature: Saved 1 UriTypes
0:00:00.018103567  2779 0x1a32390 LOG   GST_REGISTRY gstregistry.c:487:gst_registry_add_plugin: emitting plugin-added for filename "/home/conan/w/prod/BuildSingleReference/.conan/data/gstreamer/1.18.3/_/_/package/3ad8b12e986bc654ebd8f9dbd570a3969420bafe/lib/gstreamer-1.0/libgstcoreelements.so"
0:00:00.013574414  2780 0xc22320 DEBUG   GST_REGISTRY gstregistrychunks.c:265:gst_registry_chunks_save_feature: saved 1 interfaces 0 pad templates
0:00:00.018111921  2779 0x1a32390 DEBUG   GST_REGISTRY gstregistrychunks.c:887:_priv_gst_registry_chunks_load_plugin: Added plugin 'coreelements' plugin with 22 features from binary registry
0:00:00.013580635  2780 0xc22320 DEBUG   GST_REGISTRY gstregistrychunks.c:284:gst_registry_chunks_save_feature: Saved 1 UriTypes
0:00:00.018121509  2779 0x1a32390 DEBUG   GST_REGISTRY gstregistrychunks.c:583:gst_registry_chunks_load_feature: Plugin 'coreelements' feature 'streamiddemux' typename : 'GstElementFactory'
0:00:00.013588950  2780 0xc22320 DEBUG   GST_REGISTRY gstregistrychunks.c:265:gst_registry_chunks_save_feature: saved 0 interfaces 0 pad templates
0:00:00.018132179  2779 0x1a32390 TRACE   GST_REFCOUNTING gstobject.c:208:gst_object_init: 0x1a4c1c0 new
0:00:00.013597683  2780 0xc22320 DEBUG   GST_REGISTRY gstregistrychunks.c:265:gst_registry_chunks_save_feature: saved 0 interfaces 0 pad templates
0:00:00.018140548  2779 0x1a32390 LOG   GST_REGISTRY gstregistrychunks.c:610:gst_registry_chunks_load_feature: Reading/casting for GstRegistryChunkElementFactory at address 0x1a4db08
0:00:00.013606149  2780 0xc22320 DEBUG   GST_REGISTRY gstregistrychunks.c:265:gst_registry_chunks_save_feature: saved 0 interfaces 0 pad templates
0:00:00.018156144  2779 0x1a32390 TRACE   structure gststructure.c:287:gst_structure_new_id_empty_with_size: created structure 0x1a4d580
0:00:00.013621052  2780 0xc22320 DEBUG   GST_REGISTRY gstregistrychunks.c:265:gst_registry_chunks_save_feature: saved 0 interfaces 0 pad templates
0:00:00.013648280  2780 0xc22320 DEBUG   GST_REGISTRY gstregistrychunks.c:265:gst_registry_chunks_save_feature: saved 0 interfaces 0 pad templates
0:00:00.018163681  2779 0x1a32390 DEBUG   structure gststructure.c:2203:gst_structure_parse_field: trying field name 'long-name'
0:00:00.013662594  2780 0xc22320 DEBUG   GST_REGISTRY gstregistrychunks.c:265:gst_registry_chunks_save_feature: saved 0 interfaces 0 pad templates
0:00:00.018208251  2779 0x1a32390 DEBUG   default gstvalue.c:2676:_priv_gst_value_parse_value: trying type name 'string'
0:00:00.013674157  2780 0xc22320 DEBUG   GST_REGISTRY gstregistrychunks.c:265:gst_registry_chunks_save_feature: saved 1 interfaces 0 pad templates
0:00:00.013681642  2780 0xc22320 DEBUG   GST_REGISTRY gstregistrychunks.c:284:gst_registry_chunks_save_feature: Saved 1 UriTypes
0:00:00.018223627  2779 0x1a32390 DEBUG   structure gststructure.c:2203:gst_structure_parse_field: trying field name 'klass'
0:00:00.013689900  2780 0xc22320 DEBUG   GST_REGISTRY gstregistrychunks.c:265:gst_registry_chunks_save_feature: saved 0 interfaces 0 pad templates
0:00:00.018231692  2779 0x1a32390 DEBUG   default gstvalue.c:2676:_priv_gst_value_parse_value: trying type name 'string'
0:00:00.013699525  2780 0xc22320 DEBUG   GST_REGISTRY gstregistrychunks.c:265:gst_registry_chunks_save_feature: saved 0 interfaces 0 pad templates
0:00:00.018240063  2779 0x1a32390 DEBUG   structure gststructure.c:2203:gst_structure_parse_field: trying field name 'description'
0:00:00.018245954  2779 0x1a32390 DEBUG   default gstvalue.c:2676:_priv_gst_value_parse_value: trying type name 'string'
0:00:00.013709537  2780 0xc22320 DEBUG   GST_REGISTRY gstregistrychunks.c:265:gst_registry_chunks_save_feature: saved 0 interfaces 0 pad templates
0:00:00.018252242  2779 0x1a32390 DEBUG   structure gststructure.c:2203:gst_structure_parse_field: trying field name 'author'
0:00:00.013719269  2780 0xc22320 DEBUG   GST_REGISTRY gstregistrychunks.c:265:gst_registry_chunks_save_feature: saved 0 interfaces 0 pad templates
0:00:00.018257829  2779 0x1a32390 DEBUG   default gstvalue.c:2676:_priv_gst_value_parse_value: trying type name 'string'
0:00:00.018267380  2779 0x1a32390 DEBUG   GST_REGISTRY gstregistrychunks.c:626:gst_registry_chunks_load_feature: Element factory : npadtemplates=2
0:00:00.013733250  2780 0xc22320 DEBUG   GST_REGISTRY gstregistrychunks.c:265:gst_registry_chunks_save_feature: saved 0 interfaces 0 pad templates
0:00:00.018272471  2779 0x1a32390 DEBUG   GST_REGISTRY gstregistrychunks.c:526:gst_registry_chunks_load_pad_template: Reading/casting for GstRegistryChunkPadTemplate at address 0x1a4dbe0
0:00:00.018286165  2779 0x1a32390 DEBUG   GST_REGISTRY gstregistrychunks.c:539:gst_registry_chunks_load_pad_template: Added pad_template src_%u
0:00:00.013749842  2780 0xc22320 TRACE   GST_REFCOUNTING gstobject.c:265:gst_object_unref: 0xc3e630 unref 2->1
0:00:00.018293811  2779 0x1a32390 DEBUG   GST_REGISTRY gstregistrychunks.c:526:gst_registry_chunks_load_pad_template: Reading/casting for GstRegistryChunkPadTemplate at address 0x1a4dbf8
0:00:00.013758797  2780 0xc22320 TRACE   GST_REFCOUNTING gstobject.c:265:gst_object_unref: 0xc402f0 unref 2->1
0:00:00.018301372  2779 0x1a32390 DEBUG   GST_REGISTRY gstregistrychunks.c:539:gst_registry_chunks_load_pad_template: Added pad_template sink
0:00:00.013765998  2780 0xc22320 TRACE   GST_REFCOUNTING gstobject.c:265:gst_object_unref: 0xc41090 unref 2->1
0:00:00.013772599  2780 0xc22320 TRACE   GST_REFCOUNTING gstobject.c:265:gst_object_unref: 0xc41f60 unref 2->1
0:00:00.018310447  2779 0x1a32390 DEBUG   GST_REGISTRY gstregistry.c:590:gst_registry_add_feature: adding feature 0x1a4c1c0 (streamiddemux)
0:00:00.013778654  2780 0xc22320 TRACE   GST_REFCOUNTING gstobject.c:265:gst_object_unref: 0xc43a10 unref 2->1
0:00:00.018320258  2779 0x1a32390 DEBUG   GST_REFCOUNTING gstobject.c:709:gst_object_set_parent: set parent (ref and sink)
0:00:00.013785360  2780 0xc22320 TRACE   GST_REFCOUNTING gstobject.c:265:gst_object_unref: 0xc44a50 unref 2->1
0:00:00.018328358  2779 0x1a32390 TRACE   GST_REFCOUNTING gstobject.c:294:gst_object_ref_sink: 0x1a4c1c0 ref_sink 1->2
0:00:00.013791937  2780 0xc22320 TRACE   GST_REFCOUNTING gstobject.c:265:gst_object_unref: 0xc465a0 unref 2->1
0:00:00.018335397  2779 0x1a32390 LOG   GST_REGISTRY gstregistry.c:608:gst_registry_add_feature: emitting feature-added for streamiddemux
0:00:00.013802367  2780 0xc22320 TRACE   GST_REFCOUNTING gstobject.c:265:gst_object_unref: 0xc48bd0 unref 2->1
0:00:00.018342519  2779 0x1a32390 DEBUG   GST_REGISTRY gstregistrychunks.c:741:gst_registry_chunks_load_feature: Added feature streamiddemux, plugin 0x1a4c090 coreelements
0:00:00.013810161  2780 0xc22320 TRACE   GST_REFCOUNTING gstobject.c:265:gst_object_unref: 0xc42d20 unref 2->1
0:00:00.018350327  2779 0x1a32390 DEBUG   GST_REGISTRY gstregistrychunks.c:583:gst_registry_chunks_load_feature: Plugin 'coreelements' feature 'valve' typename : 'GstElementFactory'
0:00:00.013816902  2780 0xc22320 TRACE   GST_REFCOUNTING gstobject.c:265:gst_object_unref: 0xc4b7d0 unref 2->1
0:00:00.013823628  2780 0xc22320 TRACE   GST_REFCOUNTING gstobject.c:265:gst_object_unref: 0xc4c400 unref 2->1
0:00:00.018360958  2779 0x1a32390 TRACE   GST_REFCOUNTING gstobject.c:208:gst_object_init: 0x1a4f680 new
0:00:00.013829476  2780 0xc22320 TRACE   GST_REFCOUNTING gstobject.c:265:gst_object_unref: 0xc4d0b0 unref 2->1
0:00:00.018377599  2779 0x1a32390 LOG   GST_REGISTRY gstregistrychunks.c:610:gst_registry_chunks_load_feature: Reading/casting for GstRegistryChunkElementFactory at address 0x1a4dc28
0:00:00.013840897  2780 0xc22320 TRACE   GST_REFCOUNTING gstobject.c:265:gst_object_unref: 0xc4e6e0 unref 2->1
0:00:00.018384919  2779 0x1a32390 TRACE   structure gststructure.c:287:gst_structure_new_id_empty_with_size: created structure 0x1a4f850
0:00:00.013849112  2780 0xc22320 TRACE   GST_REFCOUNTING gstobject.c:265:gst_object_unref: 0xc4f900 unref 2->1
0:00:00.018391415  2779 0x1a32390 DEBUG   structure gststructure.c:2203:gst_structure_parse_field: trying field name 'long-name'
0:00:00.013856438  2780 0xc22320 TRACE   GST_REFCOUNTING gstobject.c:265:gst_object_unref: 0xc50a10 unref 2->1
0:00:00.018397439  2779 0x1a32390 DEBUG   default gstvalue.c:2676:_priv_gst_value_parse_value: trying type name 'string'
0:00:00.013865357  2780 0xc22320 TRACE   GST_REFCOUNTING gstobject.c:265:gst_object_unref: 0xc52520 unref 2->1
0:00:00.018404443  2779 0x1a32390 DEBUG   structure gststructure.c:2203:gst_structure_parse_field: trying field name 'klass'
0:00:00.013873098  2780 0xc22320 TRACE   GST_REFCOUNTING gstobject.c:265:gst_object_unref: 0xc53e70 unref 2->1
0:00:00.018414040  2779 0x1a32390 DEBUG   default gstvalue.c:2676:_priv_gst_value_parse_value: trying type name 'string'
0:00:00.013880124  2780 0xc22320 TRACE   GST_REFCOUNTING gstobject.c:265:gst_object_unref: 0xc54f70 unref 2->1
0:00:00.018422755  2779 0x1a32390 DEBUG   structure gststructure.c:2203:gst_structure_parse_field: trying field name 'description'
0:00:00.013886773  2780 0xc22320 TRACE   GST_REFCOUNTING gstobject.c:265:gst_object_unref: 0xc560d0 unref 2->1
0:00:00.018429776  2779 0x1a32390 DEBUG   default gstvalue.c:2676:_priv_gst_value_parse_value: trying type name 'string'
0:00:00.013894871  2780 0xc22320 TRACE   GST_REFCOUNTING gstobject.c:265:gst_object_unref: 0xc56f20 unref 2->1
0:00:00.018436675  2779 0x1a32390 DEBUG   structure gststructure.c:2203:gst_structure_parse_field: trying field name 'author'
0:00:00.013901643  2780 0xc22320 TRACE   GST_REFCOUNTING gstobject.c:265:gst_object_unref: 0xc58690 unref 2->1
0:00:00.018445544  2779 0x1a32390 DEBUG   default gstvalue.c:2676:_priv_gst_value_parse_value: trying type name 'string'
0:00:00.013908584  2780 0xc22320 TRACE   GST_REFCOUNTING gstobject.c:265:gst_object_unref: 0xc59350 unref 2->1
0:00:00.018452982  2779 0x1a32390 DEBUG   GST_REGISTRY gstregistrychunks.c:626:gst_registry_chunks_load_feature: Element factory : npadtemplates=2
0:00:00.013919478  2780 0xc22320 DEBUG   GST_REGISTRY gstregistrychunks.c:498:_priv_gst_registry_chunks_save_plugin: Found 22 features in plugin 0xc3e180 (coreelements)
0:00:00.018458896  2779 0x1a32390 DEBUG   GST_REGISTRY gstregistrychunks.c:526:gst_registry_chunks_load_pad_template: Reading/casting for GstRegistryChunkPadTemplate at address 0x1a4dd18
0:00:00.018473002  2779 0x1a32390 DEBUG   GST_REGISTRY gstregistrychunks.c:539:gst_registry_chunks_load_pad_template: Added pad_template sink
0:00:00.013934931  2780 0xc22320 DEBUG   GST_POLL gstpoll.c:980:gst_poll_fd_ctl_write: 0xc2a810: fd (fd:0, idx:1), active : 1
0:00:00.018480365  2779 0x1a32390 DEBUG   GST_REGISTRY gstregistrychunks.c:526:gst_registry_chunks_load_pad_template: Reading/casting for GstRegistryChunkPadTemplate at address 0x1a4dd30
0:00:00.013945278  2780 0xc22320 LOG   GST_POLL gstpoll.c:994:gst_poll_fd_ctl_write: 0xc2a810: pfd->events now 60 (POLLOUT:4)
0:00:00.013952880  2780 0xc22320 DEBUG   GST_POLL gstpoll.c:980:gst_poll_fd_ctl_write: 0xc2a810: fd (fd:0, idx:1), active : 1
0:00:00.013958359  2780 0xc22320 LOG   GST_POLL gstpoll.c:994:gst_poll_fd_ctl_write: 0xc2a810: pfd->events now 60 (POLLOUT:4)
0:00:00.013963852  2780 0xc22320 DEBUG   GST_POLL gstpoll.c:980:gst_poll_fd_ctl_write: 0xc2a810: fd (fd:0, idx:1), active : 1
0:00:00.018503172  2779 0x1a32390 DEBUG   GST_REGISTRY gstregistrychunks.c:539:gst_registry_chunks_load_pad_template: Added pad_template src
0:00:00.013968810  2780 0xc22320 LOG   GST_POLL gstpoll.c:994:gst_poll_fd_ctl_write: 0xc2a810: pfd->events now 60 (POLLOUT:4)
0:00:00.013977171  2780 0xc22320 DEBUG   GST_POLL gstpoll.c:980:gst_poll_fd_ctl_write: 0xc2a810: fd (fd:0, idx:1), active : 1
0:00:00.018516680  2779 0x1a32390 DEBUG   GST_REGISTRY gstregistry.c:590:gst_registry_add_feature: adding feature 0x1a4f680 (valve)
0:00:00.013982374  2780 0xc22320 LOG   GST_POLL gstpoll.c:994:gst_poll_fd_ctl_write: 0xc2a810: pfd->events now 60 (POLLOUT:4)
0:00:00.018525968  2779 0x1a32390 DEBUG   GST_REFCOUNTING gstobject.c:709:gst_object_set_parent: set parent (ref and sink)
0:00:00.013991899  2780 0xc22320 DEBUG   GST_POLL gstpoll.c:980:gst_poll_fd_ctl_write: 0xc2a810: fd (fd:0, idx:1), active : 1
0:00:00.013999422  2780 0xc22320 LOG   GST_POLL gstpoll.c:994:gst_poll_fd_ctl_write: 0xc2a810: pfd->events now 60 (POLLOUT:4)
0:00:00.018536464  2779 0x1a32390 TRACE   GST_REFCOUNTING gstobject.c:294:gst_object_ref_sink: 0x1a4f680 ref_sink 1->2
0:00:00.014005182  2780 0xc22320 DEBUG   GST_POLL gstpoll.c:980:gst_poll_fd_ctl_write: 0xc2a810: fd (fd:0, idx:1), active : 1
0:00:00.014011293  2780 0xc22320 LOG   GST_POLL gstpoll.c:994:gst_poll_fd_ctl_write: 0xc2a810: pfd->events now 60 (POLLOUT:4)
0:00:00.018548052  2779 0x1a32390 LOG   GST_REGISTRY gstregistry.c:608:gst_registry_add_feature: emitting feature-added for valve
0:00:00.014016894  2780 0xc22320 DEBUG   GST_POLL gstpoll.c:980:gst_poll_fd_ctl_write: 0xc2a810: fd (fd:0, idx:1), active : 1
0:00:00.014022603  2780 0xc22320 LOG   GST_POLL gstpoll.c:994:gst_poll_fd_ctl_write: 0xc2a810: pfd->events now 60 (POLLOUT:4)
0:00:00.018560985  2779 0x1a32390 DEBUG   GST_REGISTRY gstregistrychunks.c:741:gst_registry_chunks_load_feature: Added feature valve, plugin 0x1a4c090 coreelements
0:00:00.014027631  2780 0xc22320 DEBUG   GST_POLL gstpoll.c:980:gst_poll_fd_ctl_write: 0xc2a810: fd (fd:0, idx:1), active : 1
0:00:00.018579506  2779 0x1a32390 DEBUG   GST_REGISTRY gstregistrychunks.c:583:gst_registry_chunks_load_feature: Plugin 'coreelements' feature 'multiqueue' typename : 'GstElementFactory'
0:00:00.014042627  2780 0xc22320 LOG   GST_POLL gstpoll.c:994:gst_poll_fd_ctl_write: 0xc2a810: pfd->events now 60 (POLLOUT:4)
0:00:00.018589327  2779 0x1a32390 TRACE   GST_REFCOUNTING gstobject.c:208:gst_object_init: 0x1a4f980 new
0:00:00.014053314  2780 0xc22320 DEBUG   GST_POLL gstpoll.c:980:gst_poll_fd_ctl_write: 0xc2a810: fd (fd:0, idx:1), active : 1
0:00:00.018598007  2779 0x1a32390 LOG   GST_REGISTRY gstregistrychunks.c:610:gst_registry_chunks_load_feature: Reading/casting for GstRegistryChunkElementFactory at address 0x1a4dd60
0:00:00.014061208  2780 0xc22320 LOG   GST_POLL gstpoll.c:994:gst_poll_fd_ctl_write: 0xc2a810: pfd->events now 60 (POLLOUT:4)
0:00:00.018605208  2779 0x1a32390 TRACE   structure gststructure.c:287:gst_structure_new_id_empty_with_size: created structure 0x1a4fa70
0:00:00.014069601  2780 0xc22320 DEBUG   GST_POLL gstpoll.c:980:gst_poll_fd_ctl_write: 0xc2a810: fd (fd:0, idx:1), active : 1
0:00:00.018611306  2779 0x1a32390 DEBUG   structure gststructure.c:2203:gst_structure_parse_field: trying field name 'long-name'
0:00:00.014076133  2780 0xc22320 LOG   GST_POLL gstpoll.c:994:gst_poll_fd_ctl_write: 0xc2a810: pfd->events now 60 (POLLOUT:4)
0:00:00.018617078  2779 0x1a32390 DEBUG   default gstvalue.c:2676:_priv_gst_value_parse_value: trying type name 'string'
0:00:00.014082437  2780 0xc22320 DEBUG   GST_POLL gstpoll.c:980:gst_poll_fd_ctl_write: 0xc2a810: fd (fd:0, idx:1), active : 1
0:00:00.018623913  2779 0x1a32390 DEBUG   structure gststructure.c:2203:gst_structure_parse_field: trying field name 'klass'
0:00:00.014088446  2780 0xc22320 LOG   GST_POLL gstpoll.c:994:gst_poll_fd_ctl_write: 0xc2a810: pfd->events now 60 (POLLOUT:4)
0:00:00.018631649  2779 0x1a32390 DEBUG   default gstvalue.c:2676:_priv_gst_value_parse_value: trying type name 'string'
0:00:00.014095863  2780 0xc22320 DEBUG   GST_POLL gstpoll.c:980:gst_poll_fd_ctl_write: 0xc2a810: fd (fd:0, idx:1), active : 1
0:00:00.018639424  2779 0x1a32390 DEBUG   structure gststructure.c:2203:gst_structure_parse_field: trying field name 'description'
0:00:00.014103269  2780 0xc22320 LOG   GST_POLL gstpoll.c:994:gst_poll_fd_ctl_write: 0xc2a810: pfd->events now 60 (POLLOUT:4)
0:00:00.018645393  2779 0x1a32390 DEBUG   default gstvalue.c:2676:_priv_gst_value_parse_value: trying type name 'string'
0:00:00.014112862  2780 0xc22320 DEBUG   GST_POLL gstpoll.c:980:gst_poll_fd_ctl_write: 0xc2a810: fd (fd:0, idx:1), active : 1
0:00:00.018651799  2779 0x1a32390 DEBUG   structure gststructure.c:2203:gst_structure_parse_field: trying field name 'author'
0:00:00.014119694  2780 0xc22320 LOG   GST_POLL gstpoll.c:994:gst_poll_fd_ctl_write: 0xc2a810: pfd->events now 60 (POLLOUT:4)
0:00:00.018663713  2779 0x1a32390 DEBUG   default gstvalue.c:2676:_priv_gst_value_parse_value: trying type name 'string'
0:00:00.014129281  2780 0xc22320 DEBUG   GST_POLL gstpoll.c:980:gst_poll_fd_ctl_write: 0xc2a810: fd (fd:0, idx:1), active : 1
0:00:00.018670644  2779 0x1a32390 DEBUG   GST_REGISTRY gstregistrychunks.c:626:gst_registry_chunks_load_feature: Element factory : npadtemplates=2
0:00:00.014135625  2780 0xc22320 LOG   GST_POLL gstpoll.c:994:gst_poll_fd_ctl_write: 0xc2a810: pfd->events now 60 (POLLOUT:4)
0:00:00.018676712  2779 0x1a32390 DEBUG   GST_REGISTRY gstregistrychunks.c:526:gst_registry_chunks_load_pad_template: Reading/casting for GstRegistryChunkPadTemplate at address 0x1a4de20
