0:00:00.006899207  2779 0x1a32390 LOG   GST_REGISTRY gstregistry.c:1300:gst_registry_scan_path_level: file /home/conan/w/prod/BuildSingleReference/.conan/data/gstreamer/1.18.3/_/_/package/3ad8b12e986bc654ebd8f9dbd570a3969420bafe/lib/gstreamer-1.0/libgstcoretracers.so looks like a possible module
0:00:00.006908724  2779 0x1a32390 DEBUG   GST_REGISTRY gstregistry.c:1361:gst_registry_scan_path_level: file /home/conan/w/prod/BuildSingleReference/.conan/data/gstreamer/1.18.3/_/_/package/3ad8b12e986bc654ebd8f9dbd570a3969420bafe/lib/gstreamer-1.0/libgstcoretracers.so not yet in registry
0:00:00.006915656  2779 0x1a32390 DEBUG   GST_REGISTRY gstregistry.c:1172:gst_registry_scan_plugin_file: Using scan-helper to load plugin /home/conan/w/prod/BuildSingleReference/.conan/data/gstreamer/1.18.3/_/_/package/3ad8b12e986bc654ebd8f9dbd570a3969420bafe/lib/gstreamer-1.0/libgstcoretracers.so
0:00:00.006922145  2779 0x1a32390 LOG   GST_PLUGIN_LOADING gstpluginloader.c:236:plugin_loader_load: Sending file /home/conan/w/prod/BuildSingleReference/.conan/data/gstreamer/1.18.3/_/_/package/3ad8b12e986bc654ebd8f9dbd570a3969420bafe/lib/gstreamer-1.0/libgstcoretracers.so to child. tag 2
0:00:00.006929135  2779 0x1a32390 DEBUG   GST_POLL gstpoll.c:980:gst_poll_fd_ctl_write: 0x1a4bb60: fd (fd:7, idx:1), active : 1
0:00:00.006934700  2779 0x1a32390 LOG   GST_POLL gstpoll.c:994:gst_poll_fd_ctl_write: 0x1a4bb60: pfd->events now 60 (POLLOUT:4)
0:00:00.006940945  2779 0x1a32390 DEBUG   GST_POLL gstpoll.c:1414:gst_poll_wait: 0x1a4bb60: timeout :0:00:01.000000000
0:00:00.006953018  2779 0x1a32390 LOG   GST_PLUGIN_LOADING gstpluginloader.c:1028:exchange_packets: Poll res = 1. 173 bytes pending for write
0:00:00.006961802  2779 0x1a32390 DEBUG   GST_POLL gstpoll.c:1241:gst_poll_fd_has_error: 0x1a4bb60: fd (fd:8, idx:2) 0
0:00:00.002424956  2780 0xc22320 TRACE   GST_REFCOUNTING gstobject.c:208:gst_object_init: 0xc3bea0 new
0:00:00.006968163  2779 0x1a32390 DEBUG   GST_POLL gstpoll.c:1266:gst_poll_fd_can_read_unlocked: 0x1a4bb60: fd (fd:8, idx:2) 0
0:00:00.006975409  2779 0x1a32390 DEBUG   GST_POLL gstpoll.c:1195:gst_poll_fd_has_closed: 0x1a4bb60: fd (fd:8, idx:2) 0
0:00:00.006980743  2779 0x1a32390 DEBUG   GST_POLL gstpoll.c:1241:gst_poll_fd_has_error: 0x1a4bb60: fd (fd:7, idx:1) 0
0:00:00.006985983  2779 0x1a32390 DEBUG   GST_POLL gstpoll.c:1335:gst_poll_fd_can_write: 0x1a4bb60: fd (fd:7, idx:1) 1
0:00:00.002448340  2780 0xc22320 LOG   GST_PLUGIN_LOADING gstplugin.c:890:_priv_gst_plugin_load_file_for_registry: Plugin 0xc3bea0 for file "/home/conan/w/prod/BuildSingleReference/.conan/data/gstreamer/1.18.3/_/_/package/3ad8b12e986bc654ebd8f9dbd570a3969420bafe/lib/gstreamer-1.0/libgstcoretracers.so" prepared, calling entry function...
0:00:00.006990979  2779 0x1a32390 LOG   GST_PLUGIN_LOADING gstpluginloader.c:690:write_one: Writing packet of size 173 bytes to fd 7
0:00:00.002460344  2780 0xc22320 LOG   GST_PLUGIN_LOADING gstplugin.c:897:_priv_gst_plugin_load_file_for_registry: Plugin 0xc3bea0 for file "/home/conan/w/prod/BuildSingleReference/.conan/data/gstreamer/1.18.3/_/_/package/3ad8b12e986bc654ebd8f9dbd570a3969420bafe/lib/gstreamer-1.0/libgstcoretracers.so" prepared, registering...
0:00:00.006999016  2779 0x1a32390 DEBUG   GST_POLL gstpoll.c:980:gst_poll_fd_ctl_write: 0x1a4bb60: fd (fd:7, idx:1), active : 0
0:00:00.002468473  2780 0xc22320 LOG   GST_PLUGIN_LOADING gstplugin.c:514:gst_plugin_register_func: plugin "/home/conan/w/prod/BuildSingleReference/.conan/data/gstreamer/1.18.3/_/_/package/3ad8b12e986bc654ebd8f9dbd570a3969420bafe/lib/gstreamer-1.0/libgstcoretracers.so" looks good
0:00:00.007009732  2779 0x1a32390 LOG   GST_POLL gstpoll.c:994:gst_poll_fd_ctl_write: 0x1a4bb60: pfd->events now 56 (POLLOUT:4)
0:00:00.002493712  2780 0xc22320 TRACE   GST_REFCOUNTING gstobject.c:208:gst_object_init: 0xc3c180 new
0:00:00.002506121  2780 0xc22320 DEBUG   GST_TRACER gsttracer.c:169:gst_tracer_register: new tracer factory for latency
0:00:00.002514876  2780 0xc22320 DEBUG   GST_TRACER gsttracer.c:177:gst_tracer_register: tracer factory for 12818144:GstLatencyTracer
0:00:00.007052498  2779 0x1a32390 LOG   GST_REGISTRY gstregistry.c:1300:gst_registry_scan_path_level: file /home/conan/w/prod/BuildSingleReference/.conan/data/gstreamer/1.18.3/_/_/package/3ad8b12e986bc654ebd8f9dbd570a3969420bafe/lib/gstreamer-1.0/libgstcoreelements.so looks like a possible module
0:00:00.002522520  2780 0xc22320 DEBUG   GST_REGISTRY gstregistry.c:590:gst_registry_add_feature: adding feature 0xc3c180 (latency)
0:00:00.007061138  2779 0x1a32390 DEBUG   GST_REGISTRY gstregistry.c:1361:gst_registry_scan_path_level: file /home/conan/w/prod/BuildSingleReference/.conan/data/gstreamer/1.18.3/_/_/package/3ad8b12e986bc654ebd8f9dbd570a3969420bafe/lib/gstreamer-1.0/libgstcoreelements.so not yet in registry
0:00:00.002529218  2780 0xc22320 DEBUG   GST_REFCOUNTING gstobject.c:709:gst_object_set_parent: set parent (ref and sink)
0:00:00.007073928  2779 0x1a32390 DEBUG   GST_REGISTRY gstregistry.c:1172:gst_registry_scan_plugin_file: Using scan-helper to load plugin /home/conan/w/prod/BuildSingleReference/.conan/data/gstreamer/1.18.3/_/_/package/3ad8b12e986bc654ebd8f9dbd570a3969420bafe/lib/gstreamer-1.0/libgstcoreelements.so
0:00:00.002539261  2780 0xc22320 TRACE   GST_REFCOUNTING gstobject.c:294:gst_object_ref_sink: 0xc3c180 ref_sink 1->2
0:00:00.007080941  2779 0x1a32390 LOG   GST_PLUGIN_LOADING gstpluginloader.c:236:plugin_loader_load: Sending file /home/conan/w/prod/BuildSingleReference/.conan/data/gstreamer/1.18.3/_/_/package/3ad8b12e986bc654ebd8f9dbd570a3969420bafe/lib/gstreamer-1.0/libgstcoreelements.so to child. tag 3
0:00:00.002546353  2780 0xc22320 LOG   GST_REGISTRY gstregistry.c:608:gst_registry_add_feature: emitting feature-added for latency
0:00:00.007088472  2779 0x1a32390 DEBUG   GST_POLL gstpoll.c:980:gst_poll_fd_ctl_write: 0x1a4bb60: fd (fd:7, idx:1), active : 1
0:00:00.007095115  2779 0x1a32390 LOG   GST_POLL gstpoll.c:994:gst_poll_fd_ctl_write: 0x1a4bb60: pfd->events now 60 (POLLOUT:4)
0:00:00.002564059  2780 0xc22320 TRACE   GST_REFCOUNTING gstobject.c:208:gst_object_init: 0xc3c670 new
0:00:00.007104330  2779 0x1a32390 DEBUG   GST_POLL gstpoll.c:1414:gst_poll_wait: 0x1a4bb60: timeout :0:00:01.000000000
0:00:00.002574569  2780 0xc22320 DEBUG   GST_TRACER gsttracer.c:169:gst_tracer_register: new tracer factory for log
0:00:00.007114303  2779 0x1a32390 LOG   GST_PLUGIN_LOADING gstpluginloader.c:1028:exchange_packets: Poll res = 1. 174 bytes pending for write
0:00:00.002583428  2780 0xc22320 DEBUG   GST_TRACER gsttracer.c:177:gst_tracer_register: tracer factory for 12829904:GstLogTracer
0:00:00.007121549  2779 0x1a32390 DEBUG   GST_POLL gstpoll.c:1241:gst_poll_fd_has_error: 0x1a4bb60: fd (fd:8, idx:2) 0
0:00:00.002591376  2780 0xc22320 DEBUG   GST_REGISTRY gstregistry.c:590:gst_registry_add_feature: adding feature 0xc3c670 (log)
0:00:00.007129958  2779 0x1a32390 DEBUG   GST_POLL gstpoll.c:1266:gst_poll_fd_can_read_unlocked: 0x1a4bb60: fd (fd:8, idx:2) 0
0:00:00.002597781  2780 0xc22320 DEBUG   GST_REFCOUNTING gstobject.c:709:gst_object_set_parent: set parent (ref and sink)
0:00:00.007137386  2779 0x1a32390 DEBUG   GST_POLL gstpoll.c:1195:gst_poll_fd_has_closed: 0x1a4bb60: fd (fd:8, idx:2) 0
0:00:00.002605550  2780 0xc22320 TRACE   GST_REFCOUNTING gstobject.c:294:gst_object_ref_sink: 0xc3c670 ref_sink 1->2
0:00:00.007144440  2779 0x1a32390 DEBUG   GST_POLL gstpoll.c:1241:gst_poll_fd_has_error: 0x1a4bb60: fd (fd:7, idx:1) 0
0:00:00.002612884  2780 0xc22320 LOG   GST_REGISTRY gstregistry.c:608:gst_registry_add_feature: emitting feature-added for log
0:00:00.007152723  2779 0x1a32390 DEBUG   GST_POLL gstpoll.c:1335:gst_poll_fd_can_write: 0x1a4bb60: fd (fd:7, idx:1) 1
0:00:00.007191241  2779 0x1a32390 LOG   GST_PLUGIN_LOADING gstpluginloader.c:690:write_one: Writing packet of size 174 bytes to fd 7
0:00:00.002659091  2780 0xc22320 TRACE   GST_REFCOUNTING gstobject.c:208:gst_object_init: 0xc3c880 new
0:00:00.007203612  2779 0x1a32390 DEBUG   GST_POLL gstpoll.c:980:gst_poll_fd_ctl_write: 0x1a4bb60: fd (fd:7, idx:1), active : 0
0:00:00.002674061  2780 0xc22320 DEBUG   GST_TRACER gsttracer.c:169:gst_tracer_register: new tracer factory for rusage
0:00:00.007213280  2779 0x1a32390 LOG   GST_POLL gstpoll.c:994:gst_poll_fd_ctl_write: 0x1a4bb60: pfd->events now 56 (POLLOUT:4)
0:00:00.002685824  2780 0xc22320 DEBUG   GST_TRACER gsttracer.c:177:gst_tracer_register: tracer factory for 12830512:GstRUsageTracer
0:00:00.007230179  2779 0x1a32390 DEBUG   GST_REGISTRY gstregistry.c:1384:gst_registry_scan_path_internal: registry changed in path /home/conan/w/prod/BuildSingleReference/.conan/data/gstreamer/1.18.3/_/_/package/3ad8b12e986bc654ebd8f9dbd570a3969420bafe/lib/gstreamer-1.0: 0
0:00:00.002695249  2780 0xc22320 DEBUG   GST_REGISTRY gstregistry.c:590:gst_registry_add_feature: adding feature 0xc3c880 (rusage)
0:00:00.002702168  2780 0xc22320 DEBUG   GST_REFCOUNTING gstobject.c:709:gst_object_set_parent: set parent (ref and sink)
0:00:00.007243900  2779 0x1a32390 DEBUG   GST_POLL gstpoll.c:980:gst_poll_fd_ctl_write: 0x1a4bb60: fd (fd:7, idx:1), active : 1
0:00:00.002711922  2780 0xc22320 TRACE   GST_REFCOUNTING gstobject.c:294:gst_object_ref_sink: 0xc3c880 ref_sink 1->2
0:00:00.007250809  2779 0x1a32390 LOG   GST_POLL gstpoll.c:994:gst_poll_fd_ctl_write: 0x1a4bb60: pfd->events now 60 (POLLOUT:4)
0:00:00.002719669  2780 0xc22320 LOG   GST_REGISTRY gstregistry.c:608:gst_registry_add_feature: emitting feature-added for rusage
0:00:00.007260042  2779 0x1a32390 DEBUG   GST_POLL gstpoll.c:1414:gst_poll_wait: 0x1a4bb60: timeout :0:00:01.000000000
0:00:00.007268455  2779 0x1a32390 LOG   GST_PLUGIN_LOADING gstpluginloader.c:1028:exchange_packets: Poll res = 1. 12 bytes pending for write
0:00:00.002731806  2780 0xc22320 TRACE   GST_REFCOUNTING gstobject.c:208:gst_object_init: 0xc3cb50 new
0:00:00.007274461  2779 0x1a32390 DEBUG   GST_POLL gstpoll.c:1241:gst_poll_fd_has_error: 0x1a4bb60: fd (fd:8, idx:2) 0
0:00:00.002741311  2780 0xc22320 DEBUG   GST_TRACER gsttracer.c:169:gst_tracer_register: new tracer factory for stats
0:00:00.007280733  2779 0x1a32390 DEBUG   GST_POLL gstpoll.c:1266:gst_poll_fd_can_read_unlocked: 0x1a4bb60: fd (fd:8, idx:2) 0
0:00:00.002749281  2780 0xc22320 DEBUG   GST_TRACER gsttracer.c:177:gst_tracer_register: tracer factory for 12831120:GstStatsTracer
0:00:00.007290191  2779 0x1a32390 DEBUG   GST_POLL gstpoll.c:1195:gst_poll_fd_has_closed: 0x1a4bb60: fd (fd:8, idx:2) 0
0:00:00.002756998  2780 0xc22320 DEBUG   GST_REGISTRY gstregistry.c:590:gst_registry_add_feature: adding feature 0xc3cb50 (stats)
0:00:00.007298912  2779 0x1a32390 DEBUG   GST_POLL gstpoll.c:1241:gst_poll_fd_has_error: 0x1a4bb60: fd (fd:7, idx:1) 0
0:00:00.002768008  2780 0xc22320 DEBUG   GST_REFCOUNTING gstobject.c:709:gst_object_set_parent: set parent (ref and sink)
0:00:00.007309454  2779 0x1a32390 DEBUG   GST_POLL gstpoll.c:1335:gst_poll_fd_can_write: 0x1a4bb60: fd (fd:7, idx:1) 1
0:00:00.007316091  2779 0x1a32390 LOG   GST_PLUGIN_LOADING gstpluginloader.c:690:write_one: Writing packet of size 12 bytes to fd 7
0:00:00.002778192  2780 0xc22320 TRACE   GST_REFCOUNTING gstobject.c:294:gst_object_ref_sink: 0xc3cb50 ref_sink 1->2
0:00:00.007323383  2779 0x1a32390 DEBUG   GST_POLL gstpoll.c:980:gst_poll_fd_ctl_write: 0x1a4bb60: fd (fd:7, idx:1), active : 0
0:00:00.002787230  2780 0xc22320 LOG   GST_REGISTRY gstregistry.c:608:gst_registry_add_feature: emitting feature-added for stats
0:00:00.007329974  2779 0x1a32390 LOG   GST_POLL gstpoll.c:994:gst_poll_fd_ctl_write: 0x1a4bb60: pfd->events now 56 (POLLOUT:4)
0:00:00.007337142  2779 0x1a32390 DEBUG   GST_POLL gstpoll.c:1414:gst_poll_wait: 0x1a4bb60: timeout :0:00:01.000000000
0:00:00.002800214  2780 0xc22320 TRACE   GST_REFCOUNTING gstobject.c:208:gst_object_init: 0xc3cda0 new
0:00:00.002812854  2780 0xc22320 DEBUG   GST_TRACER gsttracer.c:169:gst_tracer_register: new tracer factory for leaks
0:00:00.002819955  2780 0xc22320 DEBUG   GST_TRACER gsttracer.c:177:gst_tracer_register: tracer factory for 12831792:GstLeaksTracer
0:00:00.002826267  2780 0xc22320 DEBUG   GST_REGISTRY gstregistry.c:590:gst_registry_add_feature: adding feature 0xc3cda0 (leaks)
0:00:00.002833822  2780 0xc22320 DEBUG   GST_REFCOUNTING gstobject.c:709:gst_object_set_parent: set parent (ref and sink)
0:00:00.002841463  2780 0xc22320 TRACE   GST_REFCOUNTING gstobject.c:294:gst_object_ref_sink: 0xc3cda0 ref_sink 1->2
0:00:00.002847964  2780 0xc22320 LOG   GST_REGISTRY gstregistry.c:608:gst_registry_add_feature: emitting feature-added for leaks
0:00:00.002854078  2780 0xc22320 LOG   GST_PLUGIN_LOADING gstplugin.c:541:gst_plugin_register_func: plugin "/home/conan/w/prod/BuildSingleReference/.conan/data/gstreamer/1.18.3/_/_/package/3ad8b12e986bc654ebd8f9dbd570a3969420bafe/lib/gstreamer-1.0/libgstcoretracers.so" initialised
0:00:00.002862005  2780 0xc22320 INFO   GST_PLUGIN_LOADING gstplugin.c:915:_priv_gst_plugin_load_file_for_registry: plugin "/home/conan/w/prod/BuildSingleReference/.conan/data/gstreamer/1.18.3/_/_/package/3ad8b12e986bc654ebd8f9dbd570a3969420bafe/lib/gstreamer-1.0/libgstcoretracers.so" loaded
0:00:00.002868364  2780 0xc22320 TRACE   GST_REFCOUNTING gstobject.c:238:gst_object_ref: 0xc3bea0 ref 1->2
0:00:00.002875930  2780 0xc22320 DEBUG   GST_REGISTRY gstregistry.c:474:gst_registry_add_plugin: adding plugin 0xc3bea0 for filename "/home/conan/w/prod/BuildSingleReference/.conan/data/gstreamer/1.18.3/_/_/package/3ad8b12e986bc654ebd8f9dbd570a3969420bafe/lib/gstreamer-1.0/libgstcoretracers.so"
0:00:00.002890957  2780 0xc22320 TRACE   GST_REFCOUNTING gstobject.c:294:gst_object_ref_sink: 0xc3bea0 ref_sink 2->3
0:00:00.002898772  2780 0xc22320 LOG   GST_REGISTRY gstregistry.c:487:gst_registry_add_plugin: emitting plugin-added for filename "/home/conan/w/prod/BuildSingleReference/.conan/data/gstreamer/1.18.3/_/_/package/3ad8b12e986bc654ebd8f9dbd570a3969420bafe/lib/gstreamer-1.0/libgstcoretracers.so"
0:00:00.002907184  2780 0xc22320 TRACE   GST_REFCOUNTING gstobject.c:238:gst_object_ref: 0xc3cda0 ref 1->2
0:00:00.002915656  2780 0xc22320 TRACE   GST_REFCOUNTING gstobject.c:238:gst_object_ref: 0xc3cb50 ref 1->2
0:00:00.002922176  2780 0xc22320 TRACE   GST_REFCOUNTING gstobject.c:238:gst_object_ref: 0xc3c880 ref 1->2
0:00:00.002929653  2780 0xc22320 TRACE   GST_REFCOUNTING gstobject.c:238:gst_object_ref: 0xc3c670 ref 1->2
0:00:00.002936508  2780 0xc22320 TRACE   GST_REFCOUNTING gstobject.c:238:gst_object_ref: 0xc3c180 ref 1->2
0:00:00.002952490  2780 0xc22320 TRACE   GST_REFCOUNTING gstobject.c:265:gst_object_unref: 0xc3c180 unref 2->1
0:00:00.002962439  2780 0xc22320 TRACE   GST_REFCOUNTING gstobject.c:265:gst_object_unref: 0xc3c670 unref 2->1
0:00:00.002968910  2780 0xc22320 TRACE   GST_REFCOUNTING gstobject.c:265:gst_object_unref: 0xc3c880 unref 2->1
0:00:00.002974615  2780 0xc22320 TRACE   GST_REFCOUNTING gstobject.c:265:gst_object_unref: 0xc3cb50 unref 2->1
0:00:00.002980232  2780 0xc22320 TRACE   GST_REFCOUNTING gstobject.c:265:gst_object_unref: 0xc3cda0 unref 2->1
0:00:00.002989165  2780 0xc22320 DEBUG   GST_REGISTRY gstregistrychunks.c:498:_priv_gst_registry_chunks_save_plugin: Found 5 features in plugin 0xc3bea0 (coretracers)
0:00:00.002996481  2780 0xc22320 DEBUG   GST_POLL gstpoll.c:980:gst_poll_fd_ctl_write: 0xc2a810: fd (fd:0, idx:1), active : 1
0:00:00.003002384  2780 0xc22320 LOG   GST_POLL gstpoll.c:994:gst_poll_fd_ctl_write: 0xc2a810: pfd->events now 60 (POLLOUT:4)
0:00:00.003011772  2780 0xc22320 DEBUG   GST_POLL gstpoll.c:980:gst_poll_fd_ctl_write: 0xc2a810: fd (fd:0, idx:1), active : 1
0:00:00.003018682  2780 0xc22320 LOG   GST_POLL gstpoll.c:994:gst_poll_fd_ctl_write: 0xc2a810: pfd->events now 60 (POLLOUT:4)
0:00:00.003043281  2780 0xc22320 DEBUG   GST_POLL gstpoll.c:980:gst_poll_fd_ctl_write: 0xc2a810: fd (fd:0, idx:1), active : 1
0:00:00.003049137  2780 0xc22320 LOG   GST_POLL gstpoll.c:994:gst_poll_fd_ctl_write: 0xc2a810: pfd->events now 60 (POLLOUT:4)
0:00:00.003054558  2780 0xc22320 DEBUG   GST_POLL gstpoll.c:980:gst_poll_fd_ctl_write: 0xc2a810: fd (fd:0, idx:1), active : 1
0:00:00.003059700  2780 0xc22320 LOG   GST_POLL gstpoll.c:994:gst_poll_fd_ctl_write: 0xc2a810: pfd->events now 60 (POLLOUT:4)
0:00:00.003065078  2780 0xc22320 DEBUG   GST_POLL gstpoll.c:980:gst_poll_fd_ctl_write: 0xc2a810: fd (fd:0, idx:1), active : 1
0:00:00.003077956  2780 0xc22320 LOG   GST_POLL gstpoll.c:994:gst_poll_fd_ctl_write: 0xc2a810: pfd->events now 60 (POLLOUT:4)
0:00:00.003084508  2780 0xc22320 DEBUG   GST_POLL gstpoll.c:980:gst_poll_fd_ctl_write: 0xc2a810: fd (fd:0, idx:1), active : 1
0:00:00.003090094  2780 0xc22320 LOG   GST_POLL gstpoll.c:994:gst_poll_fd_ctl_write: 0xc2a810: pfd->events now 60 (POLLOUT:4)
0:00:00.003095511  2780 0xc22320 DEBUG   GST_POLL gstpoll.c:980:gst_poll_fd_ctl_write: 0xc2a810: fd (fd:0, idx:1), active : 1
0:00:00.003100477  2780 0xc22320 LOG   GST_POLL gstpoll.c:994:gst_poll_fd_ctl_write: 0xc2a810: pfd->events now 60 (POLLOUT:4)
0:00:00.003105633  2780 0xc22320 DEBUG   GST_POLL gstpoll.c:980:gst_poll_fd_ctl_write: 0xc2a810: fd (fd:0, idx:1), active : 1
0:00:00.003110904  2780 0xc22320 LOG   GST_POLL gstpoll.c:994:gst_poll_fd_ctl_write: 0xc2a810: pfd->events now 60 (POLLOUT:4)
0:00:00.003116004  2780 0xc22320 DEBUG   GST_POLL gstpoll.c:980:gst_poll_fd_ctl_write: 0xc2a810: fd (fd:0, idx:1), active : 1
0:00:00.003123933  2780 0xc22320 LOG   GST_POLL gstpoll.c:994:gst_poll_fd_ctl_write: 0xc2a810: pfd->events now 60 (POLLOUT:4)
0:00:00.003130676  2780 0xc22320 DEBUG   GST_POLL gstpoll.c:980:gst_poll_fd_ctl_write: 0xc2a810: fd (fd:0, idx:1), active : 1
0:00:00.003136053  2780 0xc22320 LOG   GST_POLL gstpoll.c:994:gst_poll_fd_ctl_write: 0xc2a810: pfd->events now 60 (POLLOUT:4)
0:00:00.003141561  2780 0xc22320 DEBUG   GST_POLL gstpoll.c:980:gst_poll_fd_ctl_write: 0xc2a810: fd (fd:0, idx:1), active : 1
0:00:00.003146496  2780 0xc22320 LOG   GST_POLL gstpoll.c:994:gst_poll_fd_ctl_write: 0xc2a810: pfd->events now 60 (POLLOUT:4)
0:00:00.003151701  2780 0xc22320 DEBUG   GST_POLL gstpoll.c:980:gst_poll_fd_ctl_write: 0xc2a810: fd (fd:0, idx:1), active : 1
0:00:00.003156845  2780 0xc22320 LOG   GST_POLL gstpoll.c:994:gst_poll_fd_ctl_write: 0xc2a810: pfd->events now 60 (POLLOUT:4)
0:00:00.003162204  2780 0xc22320 DEBUG   GST_POLL gstpoll.c:980:gst_poll_fd_ctl_write: 0xc2a810: fd (fd:0, idx:1), active : 1
0:00:00.003170138  2780 0xc22320 LOG   GST_POLL gstpoll.c:994:gst_poll_fd_ctl_write: 0xc2a810: pfd->events now 60 (POLLOUT:4)
0:00:00.003176944  2780 0xc22320 DEBUG   GST_POLL gstpoll.c:980:gst_poll_fd_ctl_write: 0xc2a810: fd (fd:0, idx:1), active : 1
0:00:00.003182496  2780 0xc22320 LOG   GST_POLL gstpoll.c:994:gst_poll_fd_ctl_write: 0xc2a810: pfd->events now 60 (POLLOUT:4)
0:00:00.003187692  2780 0xc22320 DEBUG   GST_POLL gstpoll.c:980:gst_poll_fd_ctl_write: 0xc2a810: fd (fd:0, idx:1), active : 1
0:00:00.003192704  2780 0xc22320 LOG   GST_POLL gstpoll.c:994:gst_poll_fd_ctl_write: 0xc2a810: pfd->events now 60 (POLLOUT:4)
0:00:00.003197932  2780 0xc22320 DEBUG   GST_POLL gstpoll.c:980:gst_poll_fd_ctl_write: 0xc2a810: fd (fd:0, idx:1), active : 1
0:00:00.003202932  2780 0xc22320 LOG   GST_POLL gstpoll.c:994:gst_poll_fd_ctl_write: 0xc2a810: pfd->events now 60 (POLLOUT:4)
0:00:00.003208398  2780 0xc22320 DEBUG   GST_POLL gstpoll.c:980:gst_poll_fd_ctl_write: 0xc2a810: fd (fd:0, idx:1), active : 1
0:00:00.003221270  2780 0xc22320 LOG   GST_POLL gstpoll.c:994:gst_poll_fd_ctl_write: 0xc2a810: pfd->events now 60 (POLLOUT:4)
0:00:00.003228008  2780 0xc22320 DEBUG   GST_POLL gstpoll.c:980:gst_poll_fd_ctl_write: 0xc2a810: fd (fd:0, idx:1), active : 1
0:00:00.003233592  2780 0xc22320 LOG   GST_POLL gstpoll.c:994:gst_poll_fd_ctl_write: 0xc2a810: pfd->events now 60 (POLLOUT:4)
0:00:00.003239162  2780 0xc22320 DEBUG   GST_POLL gstpoll.c:980:gst_poll_fd_ctl_write: 0xc2a810: fd (fd:0, idx:1), active : 1
0:00:00.003244131  2780 0xc22320 LOG   GST_POLL gstpoll.c:994:gst_poll_fd_ctl_write: 0xc2a810: pfd->events now 60 (POLLOUT:4)
0:00:00.003249344  2780 0xc22320 DEBUG   GST_POLL gstpoll.c:980:gst_poll_fd_ctl_write: 0xc2a810: fd (fd:0, idx:1), active : 1
0:00:00.003254220  2780 0xc22320 LOG   GST_POLL gstpoll.c:994:gst_poll_fd_ctl_write: 0xc2a810: pfd->events now 60 (POLLOUT:4)
0:00:00.003259516  2780 0xc22320 DEBUG   GST_POLL gstpoll.c:980:gst_poll_fd_ctl_write: 0xc2a810: fd (fd:0, idx:1), active : 1
0:00:00.003267356  2780 0xc22320 LOG   GST_POLL gstpoll.c:994:gst_poll_fd_ctl_write: 0xc2a810: pfd->events now 60 (POLLOUT:4)
0:00:00.003273984  2780 0xc22320 DEBUG   GST_POLL gstpoll.c:980:gst_poll_fd_ctl_write: 0xc2a810: fd (fd:0, idx:1), active : 1
0:00:00.003279195  2780 0xc22320 LOG   GST_POLL gstpoll.c:994:gst_poll_fd_ctl_write: 0xc2a810: pfd->events now 60 (POLLOUT:4)
0:00:00.003284626  2780 0xc22320 DEBUG   GST_POLL gstpoll.c:980:gst_poll_fd_ctl_write: 0xc2a810: fd (fd:0, idx:1), active : 1
0:00:00.003289517  2780 0xc22320 LOG   GST_POLL gstpoll.c:994:gst_poll_fd_ctl_write: 0xc2a810: pfd->events now 60 (POLLOUT:4)
0:00:00.003294632  2780 0xc22320 DEBUG   GST_POLL gstpoll.c:980:gst_poll_fd_ctl_write: 0xc2a810: fd (fd:0, idx:1), active : 1
0:00:00.003299390  2780 0xc22320 LOG   GST_POLL gstpoll.c:994:gst_poll_fd_ctl_write: 0xc2a810: pfd->events now 60 (POLLOUT:4)
0:00:00.003304680  2780 0xc22320 DEBUG   GST_POLL gstpoll.c:980:gst_poll_fd_ctl_write: 0xc2a810: fd (fd:0, idx:1), active : 1
0:00:00.003312523  2780 0xc22320 LOG   GST_POLL gstpoll.c:994:gst_poll_fd_ctl_write: 0xc2a810: pfd->events now 60 (POLLOUT:4)
0:00:00.003318895  2780 0xc22320 DEBUG   GST_POLL gstpoll.c:980:gst_poll_fd_ctl_write: 0xc2a810: fd (fd:0, idx:1), active : 1
0:00:00.003324104  2780 0xc22320 LOG   GST_POLL gstpoll.c:994:gst_poll_fd_ctl_write: 0xc2a810: pfd->events now 60 (POLLOUT:4)
0:00:00.003329617  2780 0xc22320 DEBUG   GST_POLL gstpoll.c:980:gst_poll_fd_ctl_write: 0xc2a810: fd (fd:0, idx:1), active : 1
0:00:00.003334353  2780 0xc22320 LOG   GST_POLL gstpoll.c:994:gst_poll_fd_ctl_write: 0xc2a810: pfd->events now 60 (POLLOUT:4)
0:00:00.003340473  2780 0xc22320 TRACE   GST_REFCOUNTING gstobject.c:265:gst_object_unref: 0xc3bea0 unref 2->1
0:00:00.003347220  2780 0xc22320 DEBUG   GST_POLL gstpoll.c:1241:gst_poll_fd_has_error: 0xc2a810: fd (fd:0, idx:1) 0
0:00:00.003357504  2780 0xc22320 DEBUG   GST_POLL gstpoll.c:1335:gst_poll_fd_can_write: 0xc2a810: fd (fd:0, idx:1) 0
0:00:00.003366241  2780 0xc22320 DEBUG   GST_POLL gstpoll.c:1195:gst_poll_fd_has_closed: 0xc2a810: fd (fd:0, idx:1) 0
0:00:00.003374318  2780 0xc22320 DEBUG   GST_POLL gstpoll.c:1414:gst_poll_wait: 0xc2a810: timeout :0:00:01.000000000
0:00:00.003385157  2780 0xc22320 LOG   GST_PLUGIN_LOADING gstpluginloader.c:1028:exchange_packets: Poll res = 2. 488 bytes pending for write
0:00:00.003391785  2780 0xc22320 DEBUG   GST_POLL gstpoll.c:1241:gst_poll_fd_has_error: 0xc2a810: fd (fd:5, idx:2) 0
0:00:00.003397471  2780 0xc22320 DEBUG   GST_POLL gstpoll.c:1266:gst_poll_fd_can_read_unlocked: 0xc2a810: fd (fd:5, idx:2) 1
0:00:00.003409130  2780 0xc22320 DEBUG   GST_PLUGIN_LOADING gstpluginloader.c:722:do_plugin_load: Plugin scanner loading file /home/conan/w/prod/BuildSingleReference/.conan/data/gstreamer/1.18.3/_/_/package/3ad8b12e986bc654ebd8f9dbd570a3969420bafe/lib/gstreamer-1.0/libgstcoreelements.so. tag 1
0:00:00.003418483  2780 0xc22320 DEBUG   GST_PLUGIN_LOADING gstplugin.c:768:_priv_gst_plugin_load_file_for_registry: attempt to load plugin "/home/conan/w/prod/BuildSingleReference/.conan/data/gstreamer/1.18.3/_/_/package/3ad8b12e986bc654ebd8f9dbd570a3969420bafe/lib/gstreamer-1.0/libgstcoreelements.so"
0:00:00.003917752  2780 0xc22320 TRACE   GST_REFCOUNTING gstobject.c:208:gst_object_init: 0xc3e180 new
0:00:00.003944180  2780 0xc22320 LOG   GST_PLUGIN_LOADING gstplugin.c:890:_priv_gst_plugin_load_file_for_registry: Plugin 0xc3e180 for file "/home/conan/w/prod/BuildSingleReference/.conan/data/gstreamer/1.18.3/_/_/package/3ad8b12e986bc654ebd8f9dbd570a3969420bafe/lib/gstreamer-1.0/libgstcoreelements.so" prepared, calling entry function...
0:00:00.003954395  2780 0xc22320 LOG   GST_PLUGIN_LOADING gstplugin.c:897:_priv_gst_plugin_load_file_for_registry: Plugin 0xc3e180 for file "/home/conan/w/prod/BuildSingleReference/.conan/data/gstreamer/1.18.3/_/_/package/3ad8b12e986bc654ebd8f9dbd570a3969420bafe/lib/gstreamer-1.0/libgstcoreelements.so" prepared, registering...
0:00:00.003961232  2780 0xc22320 LOG   GST_PLUGIN_LOADING gstplugin.c:514:gst_plugin_register_func: plugin "/home/conan/w/prod/BuildSingleReference/.conan/data/gstreamer/1.18.3/_/_/package/3ad8b12e986bc654ebd8f9dbd570a3969420bafe/lib/gstreamer-1.0/libgstcoreelements.so" looks good
0:00:00.003990208  2780 0xc22320 TRACE   GST_REFCOUNTING gstobject.c:208:gst_object_init: 0xc3e630 new
0:00:00.004002644  2780 0xc22320 LOG   GST_ELEMENT_FACTORY gstelementfactory.c:238:gst_element_register: Created new elementfactory for type GstCapsFilter
0:00:00.004011450  2780 0xc22320 TRACE   structure gststructure.c:287:gst_structure_new_id_empty_with_size: created structure 0xc3ecb0
0:00:00.004017752  2780 0xc22320 TRACE   GST_PERFORMANCE gststructure.c:509:gst_structure_copy: doing copy 0xc289c0 -> 0xc3ecb0
0:00:00.004033045  2780 0xc22320 DEBUG   GST_ELEMENT_PADS gstelement.c:312:gst_element_base_class_init: type GstBaseTransform : factory (nil)
0:00:00.004048073  2780 0xc22320 DEBUG   basetransform gstbasetransform.c:333:gst_base_transform_class_init: gst_base_transform_class_init
0:00:00.004075759  2780 0xc22320 TRACE   structure gststructure.c:287:gst_structure_new_id_empty_with_size: created structure 0xc3f120
0:00:00.004081902  2780 0xc22320 TRACE   GST_PERFORMANCE gststructure.c:509:gst_structure_copy: doing copy 0xc3ecb0 -> 0xc3f120
0:00:00.004088236  2780 0xc22320 DEBUG   GST_ELEMENT_PADS gstelement.c:312:gst_element_base_class_init: type GstCapsFilter : factory 0xc3e630
0:00:00.004114440  2780 0xc22320 TRACE   GST_CAPS gstcaps.c:263:gst_caps_new_empty: created caps 0xc31980
0:00:00.004122740  2780 0xc22320 TRACE   GST_CAPS gstcaps.c:443:gst_static_caps_get: created 0x7f4790de4ef0 from string ANY
0:00:00.004129139  2780 0xc22320 TRACE   GST_REFCOUNTING gstminiobject.c:466:gst_mini_object_ref: 0xc31980 ref 1->2
0:00:00.004152291  2780 0xc22320 TRACE   GST_REFCOUNTING gstobject.c:208:gst_object_init: 0xc3fab0 new
0:00:00.004164054  2780 0xc22320 TRACE   GST_REFCOUNTING gstminiobject.c:466:gst_mini_object_ref: 0xc31980 ref 2->3
0:00:00.004175004  2780 0xc22320 TRACE   GST_REFCOUNTING gstminiobject.c:648:gst_mini_object_unref: 0xc31980 unref 3->2
0:00:00.004185129  2780 0xc22320 TRACE   GST_REFCOUNTING gstobject.c:294:gst_object_ref_sink: 0xc3fab0 ref_sink 1->2
0:00:00.004192768  2780 0xc22320 TRACE   GST_CAPS gstcaps.c:263:gst_caps_new_empty: created caps 0xc3f4f0
0:00:00.004198937  2780 0xc22320 TRACE   GST_CAPS gstcaps.c:443:gst_static_caps_get: created 0x7f4790de4f30 from string ANY
0:00:00.004205250  2780 0xc22320 TRACE   GST_REFCOUNTING gstminiobject.c:466:gst_mini_object_ref: 0xc3f4f0 ref 1->2
0:00:00.004213186  2780 0xc22320 TRACE   GST_REFCOUNTING gstobject.c:208:gst_object_init: 0xc3fcf0 new
0:00:00.004221020  2780 0xc22320 TRACE   GST_REFCOUNTING gstminiobject.c:466:gst_mini_object_ref: 0xc3f4f0 ref 2->3
0:00:00.004228406  2780 0xc22320 TRACE   GST_REFCOUNTING gstminiobject.c:648:gst_mini_object_unref: 0xc3f4f0 unref 3->2
0:00:00.004234920  2780 0xc22320 TRACE   GST_REFCOUNTING gstobject.c:294:gst_object_ref_sink: 0xc3fcf0 ref_sink 1->2
0:00:00.004250019  2780 0xc22320 TRACE   structure gststructure.c:287:gst_structure_new_id_empty_with_size: created structure 0xc3ff50
0:00:00.004258212  2780 0xc22320 TRACE   GST_PERFORMANCE gststructure.c:509:gst_structure_copy: doing copy 0xc3f120 -> 0xc3ff50
0:00:00.004268356  2780 0xc22320 DEBUG   GST_REGISTRY gstregistry.c:590:gst_registry_add_feature: adding feature 0xc3e630 (capsfilter)
0:00:00.004275801  2780 0xc22320 DEBUG   GST_REFCOUNTING gstobject.c:709:gst_object_set_parent: set parent (ref and sink)
0:00:00.004282384  2780 0xc22320 TRACE   GST_REFCOUNTING gstobject.c:294:gst_object_ref_sink: 0xc3e630 ref_sink 1->2
0:00:00.004288527  2780 0xc22320 LOG   GST_REGISTRY gstregistry.c:608:gst_registry_add_feature: emitting feature-added for capsfilter
0:00:00.004306306  2780 0xc22320 TRACE   GST_REFCOUNTING gstobject.c:208:gst_object_init: 0xc402f0 new
0:00:00.004318156  2780 0xc22320 LOG   GST_ELEMENT_FACTORY gstelementfactory.c:238:gst_element_register: Created new elementfactory for type GstClockSync
0:00:00.004325735  2780 0xc22320 TRACE   structure gststructure.c:287:gst_structure_new_id_empty_with_size: created structure 0xc40720
0:00:00.004331585  2780 0xc22320 TRACE   GST_PERFORMANCE gststructure.c:509:gst_structure_copy: doing copy 0xc289c0 -> 0xc40720
0:00:00.004337833  2780 0xc22320 DEBUG   GST_ELEMENT_PADS gstelement.c:312:gst_element_base_class_init: type GstClockSync : factory 0xc402f0
0:00:00.004349527  2780 0xc22320 TRACE   GST_CAPS gstcaps.c:263:gst_caps_new_empty: created caps 0xc408e0
0:00:00.004355446  2780 0xc22320 TRACE   GST_CAPS gstcaps.c:443:gst_static_caps_get: created 0x7f4790de4f70 from string ANY
0:00:00.004361216  2780 0xc22320 TRACE   GST_REFCOUNTING gstminiobject.c:466:gst_mini_object_ref: 0xc408e0 ref 1->2
0:00:00.004372100  2780 0xc22320 TRACE   GST_REFCOUNTING gstobject.c:208:gst_object_init: 0xc40960 new
0:00:00.004380950  2780 0xc22320 TRACE   GST_REFCOUNTING gstminiobject.c:466:gst_mini_object_ref: 0xc408e0 ref 2->3
0:00:00.004388901  2780 0xc22320 TRACE   GST_REFCOUNTING gstminiobject.c:648:gst_mini_object_unref: 0xc408e0 unref 3->2
0:00:00.004395879  2780 0xc22320 TRACE   GST_REFCOUNTING gstobject.c:294:gst_object_ref_sink: 0xc40960 ref_sink 1->2
0:00:00.004401815  2780 0xc22320 TRACE   GST_CAPS gstcaps.c:263:gst_caps_new_empty: created caps 0xc401e0
0:00:00.004407693  2780 0xc22320 TRACE   GST_CAPS gstcaps.c:443:gst_static_caps_get: created 0x7f4790de4fb0 from string ANY
0:00:00.004413435  2780 0xc22320 TRACE   GST_REFCOUNTING gstminiobject.c:466:gst_mini_object_ref: 0xc401e0 ref 1->2
0:00:00.004420474  2780 0xc22320 TRACE   GST_REFCOUNTING gstobject.c:208:gst_object_init: 0xc40c60 new
0:00:00.004431003  2780 0xc22320 TRACE   GST_REFCOUNTING gstminiobject.c:466:gst_mini_object_ref: 0xc401e0 ref 2->3
0:00:00.004439764  2780 0xc22320 TRACE   GST_REFCOUNTING gstminiobject.c:648:gst_mini_object_unref: 0xc401e0 unref 3->2
0:00:00.004446950  2780 0xc22320 TRACE   GST_REFCOUNTING gstobject.c:294:gst_object_ref_sink: 0xc40c60 ref_sink 1->2
0:00:00.004454109  2780 0xc22320 TRACE   structure gststructure.c:287:gst_structure_new_id_empty_with_size: created structure 0xc40d00
0:00:00.004460453  2780 0xc22320 TRACE   GST_PERFORMANCE gststructure.c:509:gst_structure_copy: doing copy 0xc40720 -> 0xc40d00
0:00:00.004471762  2780 0xc22320 DEBUG   GST_REGISTRY gstregistry.c:590:gst_registry_add_feature: adding feature 0xc402f0 (clocksync)
0:00:00.004477316  2780 0xc22320 DEBUG   GST_REFCOUNTING gstobject.c:709:gst_object_set_parent: set parent (ref and sink)
0:00:00.004486821  2780 0xc22320 TRACE   GST_REFCOUNTING gstobject.c:294:gst_object_ref_sink: 0xc402f0 ref_sink 1->2
0:00:00.004499436  2780 0xc22320 LOG   GST_REGISTRY gstregistry.c:608:gst_registry_add_feature: emitting feature-added for clocksync
0:00:00.004511204  2780 0xc22320 TRACE   GST_REFCOUNTING gstobject.c:208:gst_object_init: 0xc41090 new
0:00:00.004520312  2780 0xc22320 LOG   GST_ELEMENT_FACTORY gstelementfactory.c:238:gst_element_register: Created new elementfactory for type GstConcat
0:00:00.004527156  2780 0xc22320 TRACE   structure gststructure.c:287:gst_structure_new_id_empty_with_size: created structure 0xc414c0
0:00:00.004532589  2780 0xc22320 TRACE   GST_PERFORMANCE gststructure.c:509:gst_structure_copy: doing copy 0xc289c0 -> 0xc414c0
0:00:00.004539095  2780 0xc22320 DEBUG   GST_ELEMENT_PADS gstelement.c:312:gst_element_base_class_init: type GstConcat : factory 0xc41090
0:00:00.004553405  2780 0xc22320 TRACE   GST_CAPS gstcaps.c:263:gst_caps_new_empty: created caps 0xc41620
0:00:00.004560792  2780 0xc22320 TRACE   GST_CAPS gstcaps.c:443:gst_static_caps_get: created 0x7f4790de5030 from string ANY
0:00:00.004566688  2780 0xc22320 TRACE   GST_REFCOUNTING gstminiobject.c:466:gst_mini_object_ref: 0xc41620 ref 1->2
0:00:00.004574022  2780 0xc22320 TRACE   GST_REFCOUNTING gstobject.c:208:gst_object_init: 0xc417a0 new
0:00:00.004581204  2780 0xc22320 TRACE   GST_REFCOUNTING gstminiobject.c:466:gst_mini_object_ref: 0xc41620 ref 2->3
0:00:00.004588544  2780 0xc22320 TRACE   GST_REFCOUNTING gstminiobject.c:648:gst_mini_object_unref: 0xc41620 unref 3->2
0:00:00.004595200  2780 0xc22320 TRACE   GST_REFCOUNTING gstobject.c:294:gst_object_ref_sink: 0xc417a0 ref_sink 1->2
0:00:00.004600846  2780 0xc22320 TRACE   GST_CAPS gstcaps.c:263:gst_caps_new_empty: created caps 0xc41710
0:00:00.004610643  2780 0xc22320 TRACE   GST_CAPS gstcaps.c:443:gst_static_caps_get: created 0x7f4790de4ff0 from string ANY
0:00:00.004621063  2780 0xc22320 TRACE   GST_REFCOUNTING gstminiobject.c:466:gst_mini_object_ref: 0xc41710 ref 1->2
0:00:00.004649066  2780 0xc22320 TRACE   GST_REFCOUNTING gstobject.c:208:gst_object_init: 0xc41840 new
0:00:00.004661603  2780 0xc22320 TRACE   GST_REFCOUNTING gstminiobject.c:466:gst_mini_object_ref: 0xc41710 ref 2->3
0:00:00.004672500  2780 0xc22320 TRACE   GST_REFCOUNTING gstminiobject.c:648:gst_mini_object_unref: 0xc41710 unref 3->2
0:00:00.004680336  2780 0xc22320 TRACE   GST_REFCOUNTING gstobject.c:294:gst_object_ref_sink: 0xc41840 ref_sink 1->2
0:00:00.004688217  2780 0xc22320 TRACE   structure gststructure.c:287:gst_structure_new_id_empty_with_size: created structure 0xc419d0
0:00:00.004697572  2780 0xc22320 TRACE   GST_PERFORMANCE gststructure.c:509:gst_structure_copy: doing copy 0xc414c0 -> 0xc419d0
0:00:00.004707700  2780 0xc22320 DEBUG   GST_REGISTRY gstregistry.c:590:gst_registry_add_feature: adding feature 0xc41090 (concat)
0:00:00.004719742  2780 0xc22320 DEBUG   GST_REFCOUNTING gstobject.c:709:gst_object_set_parent: set parent (ref and sink)
0:00:00.004726615  2780 0xc22320 TRACE   GST_REFCOUNTING gstobject.c:294:gst_object_ref_sink: 0xc41090 ref_sink 1->2
0:00:00.004732878  2780 0xc22320 LOG   GST_REGISTRY gstregistry.c:608:gst_registry_add_feature: emitting feature-added for concat
0:00:00.004753653  2780 0xc22320 TRACE   GST_REFCOUNTING gstobject.c:208:gst_object_init: 0xc41f60 new
0:00:00.004765416  2780 0xc22320 LOG   GST_ELEMENT_FACTORY gstelementfactory.c:238:gst_element_register: Created new elementfactory for type GstDataURISrc
0:00:00.004773087  2780 0xc22320 TRACE   structure gststructure.c:287:gst_structure_new_id_empty_with_size: created structure 0xc42500
0:00:00.004778573  2780 0xc22320 TRACE   GST_PERFORMANCE gststructure.c:509:gst_structure_copy: doing copy 0xc289c0 -> 0xc42500
0:00:00.004785227  2780 0xc22320 DEBUG   GST_ELEMENT_PADS gstelement.c:312:gst_element_base_class_init: type GstBaseSrc : factory (nil)
0:00:00.004809252  2780 0xc22320 TRACE   structure gststructure.c:287:gst_structure_new_id_empty_with_size: created structure 0xc3b1f0
0:00:00.004815219  2780 0xc22320 TRACE   GST_PERFORMANCE gststructure.c:509:gst_structure_copy: doing copy 0xc42500 -> 0xc3b1f0
0:00:00.004824061  2780 0xc22320 DEBUG   GST_ELEMENT_PADS gstelement.c:312:gst_element_base_class_init: type GstDataURISrc : factory 0xc41f60
0:00:00.004834757  2780 0xc22320 TRACE   GST_CAPS gstcaps.c:263:gst_caps_new_empty: created caps 0xc43390
0:00:00.004841219  2780 0xc22320 TRACE   GST_CAPS gstcaps.c:443:gst_static_caps_get: created 0x7f4790de5090 from string ANY
0:00:00.004847112  2780 0xc22320 TRACE   GST_REFCOUNTING gstminiobject.c:466:gst_mini_object_ref: 0xc43390 ref 1->2
0:00:00.004854601  2780 0xc22320 TRACE   GST_REFCOUNTING gstobject.c:208:gst_object_init: 0xc433e0 new
0:00:00.004861727  2780 0xc22320 TRACE   GST_REFCOUNTING gstminiobject.c:466:gst_mini_object_ref: 0xc43390 ref 2->3
0:00:00.004869022  2780 0xc22320 TRACE   GST_REFCOUNTING gstminiobject.c:648:gst_mini_object_unref: 0xc43390 unref 3->2
0:00:00.004875684  2780 0xc22320 TRACE   GST_REFCOUNTING gstobject.c:294:gst_object_ref_sink: 0xc433e0 ref_sink 1->2
0:00:00.004891166  2780 0xc22320 TRACE   structure gststructure.c:287:gst_structure_new_id_empty_with_size: created structure 0xc43590
0:00:00.004898420  2780 0xc22320 TRACE   GST_PERFORMANCE gststructure.c:509:gst_structure_copy: doing copy 0xc3b1f0 -> 0xc43590
0:00:00.004910579  2780 0xc22320 DEBUG   GST_REGISTRY gstregistry.c:590:gst_registry_add_feature: adding feature 0xc41f60 (dataurisrc)
0:00:00.004916481  2780 0xc22320 DEBUG   GST_REFCOUNTING gstobject.c:709:gst_object_set_parent: set parent (ref and sink)
0:00:00.004922889  2780 0xc22320 TRACE   GST_REFCOUNTING gstobject.c:294:gst_object_ref_sink: 0xc41f60 ref_sink 1->2
0:00:00.004934292  2780 0xc22320 LOG   GST_REGISTRY gstregistry.c:608:gst_registry_add_feature: emitting feature-added for dataurisrc
0:00:00.004945876  2780 0xc22320 TRACE   GST_REFCOUNTING gstobject.c:208:gst_object_init: 0xc43a10 new
0:00:00.004957693  2780 0xc22320 LOG   GST_ELEMENT_FACTORY gstelementfactory.c:238:gst_element_register: Created new elementfactory for type GstDownloadBuffer
0:00:00.004971082  2780 0xc22320 TRACE   structure gststructure.c:287:gst_structure_new_id_empty_with_size: created structure 0xc43f40
0:00:00.004976976  2780 0xc22320 TRACE   GST_PERFORMANCE gststructure.c:509:gst_structure_copy: doing copy 0xc289c0 -> 0xc43f40
0:00:00.004983387  2780 0xc22320 DEBUG   GST_ELEMENT_PADS gstelement.c:312:gst_element_base_class_init: type GstDownloadBuffer : factory 0xc43a10
0:00:00.004998582  2780 0xc22320 TRACE   GST_CAPS gstcaps.c:263:gst_caps_new_empty: created caps 0xc43d00
0:00:00.005004448  2780 0xc22320 TRACE   GST_CAPS gstcaps.c:443:gst_static_caps_get: created 0x7f4790de50d0 from string ANY
0:00:00.005010369  2780 0xc22320 TRACE   GST_REFCOUNTING gstminiobject.c:466:gst_mini_object_ref: 0xc43d00 ref 1->2
0:00:00.005020844  2780 0xc22320 TRACE   GST_REFCOUNTING gstobject.c:208:gst_object_init: 0xc43b80 new
0:00:00.005035850  2780 0xc22320 TRACE   GST_REFCOUNTING gstminiobject.c:466:gst_mini_object_ref: 0xc43d00 ref 2->3
0:00:00.005044016  2780 0xc22320 TRACE   GST_REFCOUNTING gstminiobject.c:648:gst_mini_object_unref: 0xc43d00 unref 3->2
0:00:00.005050504  2780 0xc22320 TRACE   GST_REFCOUNTING gstobject.c:294:gst_object_ref_sink: 0xc43b80 ref_sink 1->2
0:00:00.005056667  2780 0xc22320 TRACE   GST_CAPS gstcaps.c:263:gst_caps_new_empty: created caps 0xc444a0
0:00:00.005062550  2780 0xc22320 TRACE   GST_CAPS gstcaps.c:443:gst_static_caps_get: created 0x7f4790de5110 from string ANY
0:00:00.005068161  2780 0xc22320 TRACE   GST_REFCOUNTING gstminiobject.c:466:gst_mini_object_ref: 0xc444a0 ref 1->2
0:00:00.005075176  2780 0xc22320 TRACE   GST_REFCOUNTING gstobject.c:208:gst_object_init: 0xc443d0 new
0:00:00.005085420  2780 0xc22320 TRACE   GST_REFCOUNTING gstminiobject.c:466:gst_mini_object_ref: 0xc444a0 ref 2->3
0:00:00.005094081  2780 0xc22320 TRACE   GST_REFCOUNTING gstminiobject.c:648:gst_mini_object_unref: 0xc444a0 unref 3->2
0:00:00.005100850  2780 0xc22320 TRACE   GST_REFCOUNTING gstobject.c:294:gst_object_ref_sink: 0xc443d0 ref_sink 1->2
0:00:00.005109584  2780 0xc22320 TRACE   structure gststructure.c:287:gst_structure_new_id_empty_with_size: created structure 0xc44660
0:00:00.005115706  2780 0xc22320 TRACE   GST_PERFORMANCE gststructure.c:509:gst_structure_copy: doing copy 0xc43f40 -> 0xc44660
0:00:00.005123992  2780 0xc22320 DEBUG   GST_REGISTRY gstregistry.c:590:gst_registry_add_feature: adding feature 0xc43a10 (downloadbuffer)
0:00:00.005134890  2780 0xc22320 DEBUG   GST_REFCOUNTING gstobject.c:709:gst_object_set_parent: set parent (ref and sink)
0:00:00.005141334  2780 0xc22320 TRACE   GST_REFCOUNTING gstobject.c:294:gst_object_ref_sink: 0xc43a10 ref_sink 1->2
0:00:00.005150414  2780 0xc22320 LOG   GST_REGISTRY gstregistry.c:608:gst_registry_add_feature: emitting feature-added for downloadbuffer
0:00:00.005168051  2780 0xc22320 TRACE   GST_REFCOUNTING gstobject.c:208:gst_object_init: 0xc44a50 new
0:00:00.005177496  2780 0xc22320 LOG   GST_ELEMENT_FACTORY gstelementfactory.c:238:gst_element_register: Created new elementfactory for type GstFakeSrc
0:00:00.005187504  2780 0xc22320 TRACE   structure gststructure.c:287:gst_structure_new_id_empty_with_size: created structure 0xc450f0
0:00:00.005193211  2780 0xc22320 TRACE   GST_PERFORMANCE gststructure.c:509:gst_structure_copy: doing copy 0xc42500 -> 0xc450f0
0:00:00.005202075  2780 0xc22320 DEBUG   GST_ELEMENT_PADS gstelement.c:312:gst_element_base_class_init: type GstFakeSrc : factory 0xc44a50
0:00:00.005240083  2780 0xc22320 TRACE   GST_CAPS gstcaps.c:263:gst_caps_new_empty: created caps 0xc45e60
0:00:00.005250003  2780 0xc22320 TRACE   GST_CAPS gstcaps.c:443:gst_static_caps_get: created 0x7f4790de5190 from string ANY
0:00:00.005256053  2780 0xc22320 TRACE   GST_REFCOUNTING gstminiobject.c:466:gst_mini_object_ref: 0xc45e60 ref 1->2
0:00:00.005263776  2780 0xc22320 TRACE   GST_REFCOUNTING gstobject.c:208:gst_object_init: 0xc45fe0 new
0:00:00.005271336  2780 0xc22320 TRACE   GST_REFCOUNTING gstminiobject.c:466:gst_mini_object_ref: 0xc45e60 ref 2->3
0:00:00.005278652  2780 0xc22320 TRACE   GST_REFCOUNTING gstminiobject.c:648:gst_mini_object_unref: 0xc45e60 unref 3->2
0:00:00.005288286  2780 0xc22320 TRACE   GST_REFCOUNTING gstobject.c:294:gst_object_ref_sink: 0xc45fe0 ref_sink 1->2
0:00:00.005299554  2780 0xc22320 TRACE   structure gststructure.c:287:gst_structure_new_id_empty_with_size: created structure 0xc46240
0:00:00.005305991  2780 0xc22320 TRACE   GST_PERFORMANCE gststructure.c:509:gst_structure_copy: doing copy 0xc450f0 -> 0xc46240
0:00:00.005314123  2780 0xc22320 DEBUG   GST_REGISTRY gstregistry.c:590:gst_registry_add_feature: adding feature 0xc44a50 (fakesrc)
0:00:00.005319871  2780 0xc22320 DEBUG   GST_REFCOUNTING gstobject.c:709:gst_object_set_parent: set parent (ref and sink)
0:00:00.005326282  2780 0xc22320 TRACE   GST_REFCOUNTING gstobject.c:294:gst_object_ref_sink: 0xc44a50 ref_sink 1->2
0:00:00.005332267  2780 0xc22320 LOG   GST_REGISTRY gstregistry.c:608:gst_registry_add_feature: emitting feature-added for fakesrc
0:00:00.005352667  2780 0xc22320 TRACE   GST_REFCOUNTING gstobject.c:208:gst_object_init: 0xc465a0 new
0:00:00.005364146  2780 0xc22320 LOG   GST_ELEMENT_FACTORY gstelementfactory.c:238:gst_element_register: Created new elementfactory for type GstFakeSink
0:00:00.005377460  2780 0xc22320 TRACE   structure gststructure.c:287:gst_structure_new_id_empty_with_size: created structure 0xc46c30
0:00:00.005383487  2780 0xc22320 TRACE   GST_PERFORMANCE gststructure.c:509:gst_structure_copy: doing copy 0xc289c0 -> 0xc46c30
0:00:00.005389858  2780 0xc22320 DEBUG   GST_ELEMENT_PADS gstelement.c:312:gst_element_base_class_init: type GstBaseSink : factory (nil)
0:00:00.005421570  2780 0xc22320 TRACE   structure gststructure.c:287:gst_structure_new_id_empty_with_size: created structure 0xc478e0
0:00:00.005429390  2780 0xc22320 TRACE   GST_PERFORMANCE gststructure.c:509:gst_structure_copy: doing copy 0xc46c30 -> 0xc478e0
0:00:00.005436181  2780 0xc22320 DEBUG   GST_ELEMENT_PADS gstelement.c:312:gst_element_base_class_init: type GstFakeSink : factory 0xc465a0
0:00:00.005463334  2780 0xc22320 TRACE   GST_CAPS gstcaps.c:263:gst_caps_new_empty: created caps 0xc481b0
0:00:00.005469422  2780 0xc22320 TRACE   GST_CAPS gstcaps.c:443:gst_static_caps_get: created 0x7f4790de5150 from string ANY
0:00:00.005474742  2780 0xc22320 TRACE   GST_REFCOUNTING gstminiobject.c:466:gst_mini_object_ref: 0xc481b0 ref 1->2
0:00:00.005482016  2780 0xc22320 TRACE   GST_REFCOUNTING gstobject.c:208:gst_object_init: 0xc484a0 new
0:00:00.005492564  2780 0xc22320 TRACE   GST_REFCOUNTING gstminiobject.c:466:gst_mini_object_ref: 0xc481b0 ref 2->3
0:00:00.005500745  2780 0xc22320 TRACE   GST_REFCOUNTING gstminiobject.c:648:gst_mini_object_unref: 0xc481b0 unref 3->2
0:00:00.005507200  2780 0xc22320 TRACE   GST_REFCOUNTING gstobject.c:294:gst_object_ref_sink: 0xc484a0 ref_sink 1->2
0:00:00.005515350  2780 0xc22320 TRACE   structure gststructure.c:287:gst_structure_new_id_empty_with_size: created structure 0xc48630
0:00:00.005521296  2780 0xc22320 TRACE   GST_PERFORMANCE gststructure.c:509:gst_structure_copy: doing copy 0xc478e0 -> 0xc48630
0:00:00.005528775  2780 0xc22320 DEBUG   GST_REGISTRY gstregistry.c:590:gst_registry_add_feature: adding feature 0xc465a0 (fakesink)
0:00:00.005534149  2780 0xc22320 DEBUG   GST_REFCOUNTING gstobject.c:709:gst_object_set_parent: set parent (ref and sink)
0:00:00.005539792  2780 0xc22320 TRACE   GST_REFCOUNTING gstobject.c:294:gst_object_ref_sink: 0xc465a0 ref_sink 1->2
0:00:00.005548114  2780 0xc22320 LOG   GST_REGISTRY gstregistry.c:608:gst_registry_add_feature: emitting feature-added for fakesink
0:00:00.005565754  2780 0xc22320 TRACE   GST_REFCOUNTING gstobject.c:208:gst_object_init: 0xc48bd0 new
0:00:00.005574965  2780 0xc22320 LOG   GST_ELEMENT_FACTORY gstelementfactory.c:238:gst_element_register: Created new elementfactory for type GstFdSrc
0:00:00.005584830  2780 0xc22320 TRACE   structure gststructure.c:287:gst_structure_new_id_empty_with_size: created structure 0xc49190
0:00:00.005595920  2780 0xc22320 TRACE   GST_PERFORMANCE gststructure.c:509:gst_structure_copy: doing copy 0xc42500 -> 0xc49190
0:00:00.005604786  2780 0xc22320 DEBUG   GST_ELEMENT_PADS gstelement.c:312:gst_element_base_class_init: type GstPushSrc : factory (nil)
0:00:00.005612804  2780 0xc22320 TRACE   structure gststructure.c:287:gst_structure_new_id_empty_with_size: created structure 0xc49630
0:00:00.005618274  2780 0xc22320 TRACE   GST_PERFORMANCE gststructure.c:509:gst_structure_copy: doing copy 0xc49190 -> 0xc49630
0:00:00.005623901  2780 0xc22320 DEBUG   GST_ELEMENT_PADS gstelement.c:312:gst_element_base_class_init: type GstFdSrc : factory 0xc48bd0
0:00:00.005651155  2780 0xc22320 TRACE   GST_CAPS gstcaps.c:263:gst_caps_new_empty: created caps 0xc48d60
0:00:00.005662014  2780 0xc22320 TRACE   GST_CAPS gstcaps.c:443:gst_static_caps_get: created 0x7f4790de5250 from string ANY
0:00:00.005670609  2780 0xc22320 TRACE   GST_REFCOUNTING gstminiobject.c:466:gst_mini_object_ref: 0xc48d60 ref 1->2
0:00:00.005683696  2780 0xc22320 TRACE   GST_REFCOUNTING gstobject.c:208:gst_object_init: 0xc49950 new
0:00:00.005692477  2780 0xc22320 TRACE   GST_REFCOUNTING gstminiobject.c:466:gst_mini_object_ref: 0xc48d60 ref 2->3
0:00:00.005699984  2780 0xc22320 TRACE   GST_REFCOUNTING gstminiobject.c:648:gst_mini_object_unref: 0xc48d60 unref 3->2
0:00:00.005706067  2780 0xc22320 TRACE   GST_REFCOUNTING gstobject.c:294:gst_object_ref_sink: 0xc49950 ref_sink 1->2
0:00:00.005725978  2780 0xc22320 TRACE   structure gststructure.c:287:gst_structure_new_id_empty_with_size: created structure 0xc42940
0:00:00.005733198  2780 0xc22320 TRACE   GST_PERFORMANCE gststructure.c:509:gst_structure_copy: doing copy 0xc49630 -> 0xc42940
0:00:00.005742305  2780 0xc22320 DEBUG   GST_REGISTRY gstregistry.c:590:gst_registry_add_feature: adding feature 0xc48bd0 (fdsrc)
0:00:00.005750587  2780 0xc22320 DEBUG   GST_REFCOUNTING gstobject.c:709:gst_object_set_parent: set parent (ref and sink)
0:00:00.005758585  2780 0xc22320 TRACE   GST_REFCOUNTING gstobject.c:294:gst_object_ref_sink: 0xc48bd0 ref_sink 1->2
0:00:00.005765020  2780 0xc22320 LOG   GST_REGISTRY gstregistry.c:608:gst_registry_add_feature: emitting feature-added for fdsrc
0:00:00.005778067  2780 0xc22320 TRACE   GST_REFCOUNTING gstobject.c:208:gst_object_init: 0xc42d20 new
0:00:00.005787248  2780 0xc22320 LOG   GST_ELEMENT_FACTORY gstelementfactory.c:238:gst_element_register: Created new elementfactory for type GstFdSink
0:00:00.005797494  2780 0xc22320 TRACE   structure gststructure.c:287:gst_structure_new_id_empty_with_size: created structure 0xc430b0
0:00:00.005805720  2780 0xc22320 TRACE   GST_PERFORMANCE gststructure.c:509:gst_structure_copy: doing copy 0xc46c30 -> 0xc430b0
0:00:00.005813202  2780 0xc22320 DEBUG   GST_ELEMENT_PADS gstelement.c:312:gst_element_base_class_init: type GstFdSink : factory 0xc42d20
0:00:00.005826156  2780 0xc22320 TRACE   GST_CAPS gstcaps.c:263:gst_caps_new_empty: created caps 0xc43060
0:00:00.005831745  2780 0xc22320 TRACE   GST_CAPS gstcaps.c:443:gst_static_caps_get: created 0x7f4790de51f0 from string ANY
0:00:00.005837227  2780 0xc22320 TRACE   GST_REFCOUNTING gstminiobject.c:466:gst_mini_object_ref: 0xc43060 ref 1->2
0:00:00.005844713  2780 0xc22320 TRACE   GST_REFCOUNTING gstobject.c:208:gst_object_init: 0xc4b140 new
0:00:00.005852123  2780 0xc22320 TRACE   GST_REFCOUNTING gstminiobject.c:466:gst_mini_object_ref: 0xc43060 ref 2->3
0:00:00.005859173  2780 0xc22320 TRACE   GST_REFCOUNTING gstminiobject.c:648:gst_mini_object_unref: 0xc43060 unref 3->2
0:00:00.005867967  2780 0xc22320 TRACE   GST_REFCOUNTING gstobject.c:294:gst_object_ref_sink: 0xc4b140 ref_sink 1->2
0:00:00.005880543  2780 0xc22320 TRACE   structure gststructure.c:287:gst_structure_new_id_empty_with_size: created structure 0xc4b260
0:00:00.005887042  2780 0xc22320 TRACE   GST_PERFORMANCE gststructure.c:509:gst_structure_copy: doing copy 0xc430b0 -> 0xc4b260
0:00:00.005895232  2780 0xc22320 DEBUG   GST_REGISTRY gstregistry.c:590:gst_registry_add_feature: adding feature 0xc42d20 (fdsink)
0:00:00.005901794  2780 0xc22320 DEBUG   GST_REFCOUNTING gstobject.c:709:gst_object_set_parent: set parent (ref and sink)
0:00:00.005907522  2780 0xc22320 TRACE   GST_REFCOUNTING gstobject.c:294:gst_object_ref_sink: 0xc42d20 ref_sink 1->2
0:00:00.005913213  2780 0xc22320 LOG   GST_REGISTRY gstregistry.c:608:gst_registry_add_feature: emitting feature-added for fdsink
0:00:00.005927167  2780 0xc22320 TRACE   GST_REFCOUNTING gstobject.c:208:gst_object_init: 0xc4b7d0 new
0:00:00.005938214  2780 0xc22320 LOG   GST_ELEMENT_FACTORY gstelementfactory.c:238:gst_element_register: Created new elementfactory for type GstFileSrc
