0:00:00.020278839  2779 0x1a32390 DEBUG   GST_REGISTRY gstregistrychunks.c:626:gst_registry_chunks_load_feature: Element factory : npadtemplates=2
0:00:00.015742862  2780 0xc22320 DEBUG   GST_POLL gstpoll.c:980:gst_poll_fd_ctl_write: 0xc2a810: fd (fd:0, idx:1), active : 1
0:00:00.020284939  2779 0x1a32390 DEBUG   GST_REGISTRY gstregistrychunks.c:526:gst_registry_chunks_load_pad_template: Reading/casting for GstRegistryChunkPadTemplate at address 0x1a4e780
0:00:00.015749863  2780 0xc22320 LOG   GST_POLL gstpoll.c:994:gst_poll_fd_ctl_write: 0xc2a810: pfd->events now 60 (POLLOUT:4)
0:00:00.020293007  2779 0x1a32390 DEBUG   GST_REGISTRY gstregistrychunks.c:539:gst_registry_chunks_load_pad_template: Added pad_template sink
0:00:00.015756992  2780 0xc22320 DEBUG   GST_POLL gstpoll.c:980:gst_poll_fd_ctl_write: 0xc2a810: fd (fd:0, idx:1), active : 1
0:00:00.020300151  2779 0x1a32390 DEBUG   GST_REGISTRY gstregistrychunks.c:526:gst_registry_chunks_load_pad_template: Reading/casting for GstRegistryChunkPadTemplate at address 0x1a4e798
0:00:00.015767046  2780 0xc22320 LOG   GST_POLL gstpoll.c:994:gst_poll_fd_ctl_write: 0xc2a810: pfd->events now 60 (POLLOUT:4)
0:00:00.020306244  2779 0x1a32390 DEBUG   GST_REGISTRY gstregistrychunks.c:539:gst_registry_chunks_load_pad_template: Added pad_template src
0:00:00.015774384  2780 0xc22320 DEBUG   GST_POLL gstpoll.c:980:gst_poll_fd_ctl_write: 0xc2a810: fd (fd:0, idx:1), active : 1
0:00:00.020315842  2779 0x1a32390 DEBUG   GST_REGISTRY gstregistry.c:590:gst_registry_add_feature: adding feature 0x1a51890 (identity)
0:00:00.015780523  2780 0xc22320 LOG   GST_POLL gstpoll.c:994:gst_poll_fd_ctl_write: 0xc2a810: pfd->events now 60 (POLLOUT:4)
0:00:00.020322195  2779 0x1a32390 DEBUG   GST_REFCOUNTING gstobject.c:709:gst_object_set_parent: set parent (ref and sink)
0:00:00.015786980  2780 0xc22320 DEBUG   GST_POLL gstpoll.c:980:gst_poll_fd_ctl_write: 0xc2a810: fd (fd:0, idx:1), active : 1
0:00:00.020330392  2779 0x1a32390 TRACE   GST_REFCOUNTING gstobject.c:294:gst_object_ref_sink: 0x1a51890 ref_sink 1->2
0:00:00.015793902  2780 0xc22320 LOG   GST_POLL gstpoll.c:994:gst_poll_fd_ctl_write: 0xc2a810: pfd->events now 60 (POLLOUT:4)
0:00:00.020337576  2779 0x1a32390 LOG   GST_REGISTRY gstregistry.c:608:gst_registry_add_feature: emitting feature-added for identity
0:00:00.015802040  2780 0xc22320 DEBUG   GST_POLL gstpoll.c:980:gst_poll_fd_ctl_write: 0xc2a810: fd (fd:0, idx:1), active : 1
0:00:00.020345214  2779 0x1a32390 DEBUG   GST_REGISTRY gstregistrychunks.c:741:gst_registry_chunks_load_feature: Added feature identity, plugin 0x1a4c090 coreelements
0:00:00.015808835  2780 0xc22320 LOG   GST_POLL gstpoll.c:994:gst_poll_fd_ctl_write: 0xc2a810: pfd->events now 60 (POLLOUT:4)
0:00:00.020354460  2779 0x1a32390 DEBUG   GST_REGISTRY gstregistrychunks.c:583:gst_registry_chunks_load_feature: Plugin 'coreelements' feature 'funnel' typename : 'GstElementFactory'
0:00:00.015817753  2780 0xc22320 DEBUG   GST_POLL gstpoll.c:980:gst_poll_fd_ctl_write: 0xc2a810: fd (fd:0, idx:1), active : 1
0:00:00.020369544  2779 0x1a32390 TRACE   GST_REFCOUNTING gstobject.c:208:gst_object_init: 0x1a51c40 new
0:00:00.015833272  2780 0xc22320 LOG   GST_POLL gstpoll.c:994:gst_poll_fd_ctl_write: 0xc2a810: pfd->events now 60 (POLLOUT:4)
0:00:00.020378244  2779 0x1a32390 LOG   GST_REGISTRY gstregistrychunks.c:610:gst_registry_chunks_load_feature: Reading/casting for GstRegistryChunkElementFactory at address 0x1a4e7c8
0:00:00.015841893  2780 0xc22320 DEBUG   GST_POLL gstpoll.c:980:gst_poll_fd_ctl_write: 0xc2a810: fd (fd:0, idx:1), active : 1
0:00:00.020385291  2779 0x1a32390 TRACE   structure gststructure.c:287:gst_structure_new_id_empty_with_size: created structure 0x1a51e90
0:00:00.015850045  2780 0xc22320 LOG   GST_POLL gstpoll.c:994:gst_poll_fd_ctl_write: 0xc2a810: pfd->events now 60 (POLLOUT:4)
0:00:00.020391772  2779 0x1a32390 DEBUG   structure gststructure.c:2203:gst_structure_parse_field: trying field name 'long-name'
0:00:00.015857010  2780 0xc22320 DEBUG   GST_POLL gstpoll.c:980:gst_poll_fd_ctl_write: 0xc2a810: fd (fd:0, idx:1), active : 1
0:00:00.020397908  2779 0x1a32390 DEBUG   default gstvalue.c:2676:_priv_gst_value_parse_value: trying type name 'string'
0:00:00.015863294  2780 0xc22320 LOG   GST_POLL gstpoll.c:994:gst_poll_fd_ctl_write: 0xc2a810: pfd->events now 60 (POLLOUT:4)
0:00:00.020404581  2779 0x1a32390 DEBUG   structure gststructure.c:2203:gst_structure_parse_field: trying field name 'klass'
0:00:00.015869560  2780 0xc22320 DEBUG   GST_POLL gstpoll.c:980:gst_poll_fd_ctl_write: 0xc2a810: fd (fd:0, idx:1), active : 1
0:00:00.020410495  2779 0x1a32390 DEBUG   default gstvalue.c:2676:_priv_gst_value_parse_value: trying type name 'string'
0:00:00.015875576  2780 0xc22320 LOG   GST_POLL gstpoll.c:994:gst_poll_fd_ctl_write: 0xc2a810: pfd->events now 60 (POLLOUT:4)
0:00:00.015882601  2780 0xc22320 DEBUG   GST_POLL gstpoll.c:980:gst_poll_fd_ctl_write: 0xc2a810: fd (fd:0, idx:1), active : 1
0:00:00.020423410  2779 0x1a32390 DEBUG   structure gststructure.c:2203:gst_structure_parse_field: trying field name 'description'
0:00:00.015890523  2780 0xc22320 LOG   GST_POLL gstpoll.c:994:gst_poll_fd_ctl_write: 0xc2a810: pfd->events now 60 (POLLOUT:4)
0:00:00.020432338  2779 0x1a32390 DEBUG   default gstvalue.c:2676:_priv_gst_value_parse_value: trying type name 'string'
0:00:00.015897512  2780 0xc22320 DEBUG   GST_POLL gstpoll.c:980:gst_poll_fd_ctl_write: 0xc2a810: fd (fd:0, idx:1), active : 1
0:00:00.020439537  2779 0x1a32390 DEBUG   structure gststructure.c:2203:gst_structure_parse_field: trying field name 'author'
0:00:00.015904053  2780 0xc22320 LOG   GST_POLL gstpoll.c:994:gst_poll_fd_ctl_write: 0xc2a810: pfd->events now 60 (POLLOUT:4)
0:00:00.020445732  2779 0x1a32390 DEBUG   default gstvalue.c:2676:_priv_gst_value_parse_value: trying type name 'string'
0:00:00.015915833  2780 0xc22320 DEBUG   GST_POLL gstpoll.c:980:gst_poll_fd_ctl_write: 0xc2a810: fd (fd:0, idx:1), active : 1
0:00:00.020456941  2779 0x1a32390 DEBUG   GST_REGISTRY gstregistrychunks.c:626:gst_registry_chunks_load_feature: Element factory : npadtemplates=2
0:00:00.015922032  2780 0xc22320 LOG   GST_POLL gstpoll.c:994:gst_poll_fd_ctl_write: 0xc2a810: pfd->events now 60 (POLLOUT:4)
0:00:00.020463532  2779 0x1a32390 DEBUG   GST_REGISTRY gstregistrychunks.c:526:gst_registry_chunks_load_pad_template: Reading/casting for GstRegistryChunkPadTemplate at address 0x1a4e8a0
0:00:00.015928963  2780 0xc22320 DEBUG   GST_POLL gstpoll.c:980:gst_poll_fd_ctl_write: 0xc2a810: fd (fd:0, idx:1), active : 1
0:00:00.020469900  2779 0x1a32390 DEBUG   GST_REGISTRY gstregistrychunks.c:539:gst_registry_chunks_load_pad_template: Added pad_template src
0:00:00.015934901  2780 0xc22320 LOG   GST_POLL gstpoll.c:994:gst_poll_fd_ctl_write: 0xc2a810: pfd->events now 60 (POLLOUT:4)
0:00:00.020478876  2779 0x1a32390 DEBUG   GST_REGISTRY gstregistrychunks.c:526:gst_registry_chunks_load_pad_template: Reading/casting for GstRegistryChunkPadTemplate at address 0x1a4e8b0
0:00:00.015942878  2780 0xc22320 DEBUG   GST_POLL gstpoll.c:980:gst_poll_fd_ctl_write: 0xc2a810: fd (fd:0, idx:1), active : 1
0:00:00.020486283  2779 0x1a32390 DEBUG   GST_REGISTRY gstregistrychunks.c:539:gst_registry_chunks_load_pad_template: Added pad_template sink_%u
0:00:00.015952981  2780 0xc22320 LOG   GST_POLL gstpoll.c:994:gst_poll_fd_ctl_write: 0xc2a810: pfd->events now 60 (POLLOUT:4)
0:00:00.020494998  2779 0x1a32390 DEBUG   GST_REGISTRY gstregistry.c:590:gst_registry_add_feature: adding feature 0x1a51c40 (funnel)
0:00:00.015960552  2780 0xc22320 DEBUG   GST_POLL gstpoll.c:980:gst_poll_fd_ctl_write: 0xc2a810: fd (fd:0, idx:1), active : 1
0:00:00.020501828  2779 0x1a32390 DEBUG   GST_REFCOUNTING gstobject.c:709:gst_object_set_parent: set parent (ref and sink)
0:00:00.015966489  2780 0xc22320 LOG   GST_POLL gstpoll.c:994:gst_poll_fd_ctl_write: 0xc2a810: pfd->events now 60 (POLLOUT:4)
0:00:00.020509758  2779 0x1a32390 TRACE   GST_REFCOUNTING gstobject.c:294:gst_object_ref_sink: 0x1a51c40 ref_sink 1->2
0:00:00.015973527  2780 0xc22320 DEBUG   GST_POLL gstpoll.c:980:gst_poll_fd_ctl_write: 0xc2a810: fd (fd:0, idx:1), active : 1
0:00:00.020517262  2779 0x1a32390 LOG   GST_REGISTRY gstregistry.c:608:gst_registry_add_feature: emitting feature-added for funnel
0:00:00.015981665  2780 0xc22320 LOG   GST_POLL gstpoll.c:994:gst_poll_fd_ctl_write: 0xc2a810: pfd->events now 60 (POLLOUT:4)
0:00:00.020524520  2779 0x1a32390 DEBUG   GST_REGISTRY gstregistrychunks.c:741:gst_registry_chunks_load_feature: Added feature funnel, plugin 0x1a4c090 coreelements
0:00:00.015989758  2780 0xc22320 DEBUG   GST_POLL gstpoll.c:980:gst_poll_fd_ctl_write: 0xc2a810: fd (fd:0, idx:1), active : 1
0:00:00.020531797  2779 0x1a32390 DEBUG   GST_REGISTRY gstregistrychunks.c:583:gst_registry_chunks_load_feature: Plugin 'coreelements' feature 'filesrc' typename : 'GstElementFactory'
0:00:00.015995717  2780 0xc22320 LOG   GST_POLL gstpoll.c:994:gst_poll_fd_ctl_write: 0xc2a810: pfd->events now 60 (POLLOUT:4)
0:00:00.016010186  2780 0xc22320 DEBUG   GST_POLL gstpoll.c:980:gst_poll_fd_ctl_write: 0xc2a810: fd (fd:0, idx:1), active : 1
0:00:00.020548752  2779 0x1a32390 TRACE   GST_REFCOUNTING gstobject.c:208:gst_object_init: 0x1a52120 new
0:00:00.016018296  2780 0xc22320 LOG   GST_POLL gstpoll.c:994:gst_poll_fd_ctl_write: 0xc2a810: pfd->events now 60 (POLLOUT:4)
0:00:00.020558984  2779 0x1a32390 LOG   GST_REGISTRY gstregistrychunks.c:610:gst_registry_chunks_load_feature: Reading/casting for GstRegistryChunkElementFactory at address 0x1a4e8e0
0:00:00.016025534  2780 0xc22320 DEBUG   GST_POLL gstpoll.c:980:gst_poll_fd_ctl_write: 0xc2a810: fd (fd:0, idx:1), active : 1
0:00:00.020566743  2779 0x1a32390 TRACE   structure gststructure.c:287:gst_structure_new_id_empty_with_size: created structure 0x1a522e0
0:00:00.016031709  2780 0xc22320 LOG   GST_POLL gstpoll.c:994:gst_poll_fd_ctl_write: 0xc2a810: pfd->events now 60 (POLLOUT:4)
0:00:00.020573189  2779 0x1a32390 DEBUG   structure gststructure.c:2203:gst_structure_parse_field: trying field name 'long-name'
0:00:00.016038747  2780 0xc22320 DEBUG   GST_POLL gstpoll.c:980:gst_poll_fd_ctl_write: 0xc2a810: fd (fd:0, idx:1), active : 1
0:00:00.020579107  2779 0x1a32390 DEBUG   default gstvalue.c:2676:_priv_gst_value_parse_value: trying type name 'string'
0:00:00.016044661  2780 0xc22320 LOG   GST_POLL gstpoll.c:994:gst_poll_fd_ctl_write: 0xc2a810: pfd->events now 60 (POLLOUT:4)
0:00:00.020586116  2779 0x1a32390 DEBUG   structure gststructure.c:2203:gst_structure_parse_field: trying field name 'klass'
0:00:00.016050840  2780 0xc22320 DEBUG   GST_POLL gstpoll.c:980:gst_poll_fd_ctl_write: 0xc2a810: fd (fd:0, idx:1), active : 1
0:00:00.020592153  2779 0x1a32390 DEBUG   default gstvalue.c:2676:_priv_gst_value_parse_value: trying type name 'string'
0:00:00.016056982  2780 0xc22320 LOG   GST_POLL gstpoll.c:994:gst_poll_fd_ctl_write: 0xc2a810: pfd->events now 60 (POLLOUT:4)
0:00:00.020598811  2779 0x1a32390 DEBUG   structure gststructure.c:2203:gst_structure_parse_field: trying field name 'description'
0:00:00.016063184  2780 0xc22320 DEBUG   GST_POLL gstpoll.c:980:gst_poll_fd_ctl_write: 0xc2a810: fd (fd:0, idx:1), active : 1
0:00:00.020606613  2779 0x1a32390 DEBUG   default gstvalue.c:2676:_priv_gst_value_parse_value: trying type name 'string'
0:00:00.016072823  2780 0xc22320 LOG   GST_POLL gstpoll.c:994:gst_poll_fd_ctl_write: 0xc2a810: pfd->events now 60 (POLLOUT:4)
0:00:00.020615069  2779 0x1a32390 DEBUG   structure gststructure.c:2203:gst_structure_parse_field: trying field name 'author'
0:00:00.016080009  2780 0xc22320 DEBUG   GST_POLL gstpoll.c:980:gst_poll_fd_ctl_write: 0xc2a810: fd (fd:0, idx:1), active : 1
0:00:00.020620941  2779 0x1a32390 DEBUG   default gstvalue.c:2676:_priv_gst_value_parse_value: trying type name 'string'
0:00:00.016092173  2780 0xc22320 LOG   GST_POLL gstpoll.c:994:gst_poll_fd_ctl_write: 0xc2a810: pfd->events now 60 (POLLOUT:4)
0:00:00.020632797  2779 0x1a32390 DEBUG   GST_REGISTRY gstregistrychunks.c:626:gst_registry_chunks_load_feature: Element factory : npadtemplates=1
0:00:00.016098491  2780 0xc22320 DEBUG   GST_POLL gstpoll.c:980:gst_poll_fd_ctl_write: 0xc2a810: fd (fd:0, idx:1), active : 1
0:00:00.020638758  2779 0x1a32390 DEBUG   GST_REGISTRY gstregistrychunks.c:526:gst_registry_chunks_load_pad_template: Reading/casting for GstRegistryChunkPadTemplate at address 0x1a4e9c0
0:00:00.016104542  2780 0xc22320 LOG   GST_POLL gstpoll.c:994:gst_poll_fd_ctl_write: 0xc2a810: pfd->events now 60 (POLLOUT:4)
0:00:00.020645075  2779 0x1a32390 DEBUG   GST_REGISTRY gstregistrychunks.c:539:gst_registry_chunks_load_pad_template: Added pad_template src
0:00:00.016110577  2780 0xc22320 DEBUG   GST_POLL gstpoll.c:980:gst_poll_fd_ctl_write: 0xc2a810: fd (fd:0, idx:1), active : 1
0:00:00.020651676  2779 0x1a32390 DEBUG   GST_REGISTRY gstregistrychunks.c:639:gst_registry_chunks_load_feature: Reading 1 UriTypes at address 0x1a4e9d0
0:00:00.016116562  2780 0xc22320 LOG   GST_POLL gstpoll.c:994:gst_poll_fd_ctl_write: 0xc2a810: pfd->events now 60 (POLLOUT:4)
0:00:00.020658941  2779 0x1a32390 DEBUG   GST_REGISTRY gstregistrychunks.c:654:gst_registry_chunks_load_feature: Reading 1 Interfaces at address 0x1a4e9d9
0:00:00.016123145  2780 0xc22320 DEBUG   GST_POLL gstpoll.c:980:gst_poll_fd_ctl_write: 0xc2a810: fd (fd:0, idx:1), active : 1
0:00:00.020669460  2779 0x1a32390 DEBUG   GST_REGISTRY gstregistry.c:590:gst_registry_add_feature: adding feature 0x1a52120 (filesrc)
0:00:00.016132753  2780 0xc22320 LOG   GST_POLL gstpoll.c:994:gst_poll_fd_ctl_write: 0xc2a810: pfd->events now 60 (POLLOUT:4)
0:00:00.020676896  2779 0x1a32390 DEBUG   GST_REFCOUNTING gstobject.c:709:gst_object_set_parent: set parent (ref and sink)
0:00:00.016141925  2780 0xc22320 DEBUG   GST_POLL gstpoll.c:980:gst_poll_fd_ctl_write: 0xc2a810: fd (fd:0, idx:1), active : 1
0:00:00.020685124  2779 0x1a32390 TRACE   GST_REFCOUNTING gstobject.c:294:gst_object_ref_sink: 0x1a52120 ref_sink 1->2
0:00:00.016149037  2780 0xc22320 LOG   GST_POLL gstpoll.c:994:gst_poll_fd_ctl_write: 0xc2a810: pfd->events now 60 (POLLOUT:4)
0:00:00.020692392  2779 0x1a32390 LOG   GST_REGISTRY gstregistry.c:608:gst_registry_add_feature: emitting feature-added for filesrc
0:00:00.016157064  2780 0xc22320 DEBUG   GST_POLL gstpoll.c:980:gst_poll_fd_ctl_write: 0xc2a810: fd (fd:0, idx:1), active : 1
0:00:00.020699511  2779 0x1a32390 DEBUG   GST_REGISTRY gstregistrychunks.c:741:gst_registry_chunks_load_feature: Added feature filesrc, plugin 0x1a4c090 coreelements
0:00:00.016163313  2780 0xc22320 LOG   GST_POLL gstpoll.c:994:gst_poll_fd_ctl_write: 0xc2a810: pfd->events now 60 (POLLOUT:4)
0:00:00.020706899  2779 0x1a32390 DEBUG   GST_REGISTRY gstregistrychunks.c:583:gst_registry_chunks_load_feature: Plugin 'coreelements' feature 'fdsink' typename : 'GstElementFactory'
0:00:00.016171259  2780 0xc22320 DEBUG   GST_POLL gstpoll.c:980:gst_poll_fd_ctl_write: 0xc2a810: fd (fd:0, idx:1), active : 1
0:00:00.020718382  2779 0x1a32390 TRACE   GST_REFCOUNTING gstobject.c:208:gst_object_init: 0x1a52500 new
0:00:00.016181764  2780 0xc22320 LOG   GST_POLL gstpoll.c:994:gst_poll_fd_ctl_write: 0xc2a810: pfd->events now 60 (POLLOUT:4)
0:00:00.016190262  2780 0xc22320 DEBUG   GST_POLL gstpoll.c:980:gst_poll_fd_ctl_write: 0xc2a810: fd (fd:0, idx:1), active : 1
0:00:00.020727441  2779 0x1a32390 LOG   GST_REGISTRY gstregistrychunks.c:610:gst_registry_chunks_load_feature: Reading/casting for GstRegistryChunkElementFactory at address 0x1a4ea00
0:00:00.016198413  2780 0xc22320 LOG   GST_POLL gstpoll.c:994:gst_poll_fd_ctl_write: 0xc2a810: pfd->events now 60 (POLLOUT:4)
0:00:00.020739425  2779 0x1a32390 TRACE   structure gststructure.c:287:gst_structure_new_id_empty_with_size: created structure 0x1a525f0
0:00:00.016205772  2780 0xc22320 DEBUG   GST_POLL gstpoll.c:980:gst_poll_fd_ctl_write: 0xc2a810: fd (fd:0, idx:1), active : 1
0:00:00.020746786  2779 0x1a32390 DEBUG   structure gststructure.c:2203:gst_structure_parse_field: trying field name 'long-name'
0:00:00.016212053  2780 0xc22320 LOG   GST_POLL gstpoll.c:994:gst_poll_fd_ctl_write: 0xc2a810: pfd->events now 60 (POLLOUT:4)
0:00:00.020753230  2779 0x1a32390 DEBUG   default gstvalue.c:2676:_priv_gst_value_parse_value: trying type name 'string'
0:00:00.016218765  2780 0xc22320 DEBUG   GST_POLL gstpoll.c:980:gst_poll_fd_ctl_write: 0xc2a810: fd (fd:0, idx:1), active : 1
0:00:00.020760783  2779 0x1a32390 DEBUG   structure gststructure.c:2203:gst_structure_parse_field: trying field name 'klass'
0:00:00.016224890  2780 0xc22320 LOG   GST_POLL gstpoll.c:994:gst_poll_fd_ctl_write: 0xc2a810: pfd->events now 60 (POLLOUT:4)
0:00:00.020766563  2779 0x1a32390 DEBUG   default gstvalue.c:2676:_priv_gst_value_parse_value: trying type name 'string'
0:00:00.016231803  2780 0xc22320 DEBUG   GST_POLL gstpoll.c:980:gst_poll_fd_ctl_write: 0xc2a810: fd (fd:0, idx:1), active : 1
0:00:00.020773108  2779 0x1a32390 DEBUG   structure gststructure.c:2203:gst_structure_parse_field: trying field name 'description'
0:00:00.016237739  2780 0xc22320 LOG   GST_POLL gstpoll.c:994:gst_poll_fd_ctl_write: 0xc2a810: pfd->events now 60 (POLLOUT:4)
0:00:00.020778846  2779 0x1a32390 DEBUG   default gstvalue.c:2676:_priv_gst_value_parse_value: trying type name 'string'
0:00:00.016244337  2780 0xc22320 DEBUG   GST_POLL gstpoll.c:980:gst_poll_fd_ctl_write: 0xc2a810: fd (fd:0, idx:1), active : 1
0:00:00.020785174  2779 0x1a32390 DEBUG   structure gststructure.c:2203:gst_structure_parse_field: trying field name 'author'
0:00:00.016252482  2780 0xc22320 LOG   GST_POLL gstpoll.c:994:gst_poll_fd_ctl_write: 0xc2a810: pfd->events now 60 (POLLOUT:4)
0:00:00.020792892  2779 0x1a32390 DEBUG   default gstvalue.c:2676:_priv_gst_value_parse_value: trying type name 'string'
0:00:00.016265015  2780 0xc22320 DEBUG   GST_POLL gstpoll.c:980:gst_poll_fd_ctl_write: 0xc2a810: fd (fd:0, idx:1), active : 1
0:00:00.020806299  2779 0x1a32390 DEBUG   GST_REGISTRY gstregistrychunks.c:626:gst_registry_chunks_load_feature: Element factory : npadtemplates=1
0:00:00.016271420  2780 0xc22320 LOG   GST_POLL gstpoll.c:994:gst_poll_fd_ctl_write: 0xc2a810: pfd->events now 60 (POLLOUT:4)
0:00:00.020812548  2779 0x1a32390 DEBUG   GST_REGISTRY gstregistrychunks.c:526:gst_registry_chunks_load_pad_template: Reading/casting for GstRegistryChunkPadTemplate at address 0x1a4eae0
0:00:00.016277804  2780 0xc22320 DEBUG   GST_POLL gstpoll.c:980:gst_poll_fd_ctl_write: 0xc2a810: fd (fd:0, idx:1), active : 1
0:00:00.020818750  2779 0x1a32390 DEBUG   GST_REGISTRY gstregistrychunks.c:539:gst_registry_chunks_load_pad_template: Added pad_template sink
0:00:00.016283779  2780 0xc22320 LOG   GST_POLL gstpoll.c:994:gst_poll_fd_ctl_write: 0xc2a810: pfd->events now 60 (POLLOUT:4)
0:00:00.020825571  2779 0x1a32390 DEBUG   GST_REGISTRY gstregistrychunks.c:639:gst_registry_chunks_load_feature: Reading 1 UriTypes at address 0x1a4eaf1
0:00:00.016289877  2780 0xc22320 DEBUG   GST_POLL gstpoll.c:980:gst_poll_fd_ctl_write: 0xc2a810: fd (fd:0, idx:1), active : 1
0:00:00.020832363  2779 0x1a32390 DEBUG   GST_REGISTRY gstregistrychunks.c:654:gst_registry_chunks_load_feature: Reading 1 Interfaces at address 0x1a4eaff
0:00:00.016296712  2780 0xc22320 LOG   GST_POLL gstpoll.c:994:gst_poll_fd_ctl_write: 0xc2a810: pfd->events now 60 (POLLOUT:4)
0:00:00.020840828  2779 0x1a32390 DEBUG   GST_REGISTRY gstregistry.c:590:gst_registry_add_feature: adding feature 0x1a52500 (fdsink)
0:00:00.016303742  2780 0xc22320 DEBUG   GST_POLL gstpoll.c:980:gst_poll_fd_ctl_write: 0xc2a810: fd (fd:0, idx:1), active : 1
0:00:00.020847501  2779 0x1a32390 DEBUG   GST_REFCOUNTING gstobject.c:709:gst_object_set_parent: set parent (ref and sink)
0:00:00.016314188  2780 0xc22320 LOG   GST_POLL gstpoll.c:994:gst_poll_fd_ctl_write: 0xc2a810: pfd->events now 60 (POLLOUT:4)
0:00:00.020857480  2779 0x1a32390 TRACE   GST_REFCOUNTING gstobject.c:294:gst_object_ref_sink: 0x1a52500 ref_sink 1->2
0:00:00.016321498  2780 0xc22320 DEBUG   GST_POLL gstpoll.c:980:gst_poll_fd_ctl_write: 0xc2a810: fd (fd:0, idx:1), active : 1
0:00:00.020865557  2779 0x1a32390 LOG   GST_REGISTRY gstregistry.c:608:gst_registry_add_feature: emitting feature-added for fdsink
0:00:00.016329656  2780 0xc22320 LOG   GST_POLL gstpoll.c:994:gst_poll_fd_ctl_write: 0xc2a810: pfd->events now 60 (POLLOUT:4)
0:00:00.020873187  2779 0x1a32390 DEBUG   GST_REGISTRY gstregistrychunks.c:741:gst_registry_chunks_load_feature: Added feature fdsink, plugin 0x1a4c090 coreelements
0:00:00.016337417  2780 0xc22320 DEBUG   GST_POLL gstpoll.c:980:gst_poll_fd_ctl_write: 0xc2a810: fd (fd:0, idx:1), active : 1
0:00:00.020880429  2779 0x1a32390 DEBUG   GST_REGISTRY gstregistrychunks.c:583:gst_registry_chunks_load_feature: Plugin 'coreelements' feature 'fdsrc' typename : 'GstElementFactory'
0:00:00.016348921  2780 0xc22320 LOG   GST_POLL gstpoll.c:994:gst_poll_fd_ctl_write: 0xc2a810: pfd->events now 60 (POLLOUT:4)
0:00:00.020891033  2779 0x1a32390 TRACE   GST_REFCOUNTING gstobject.c:208:gst_object_init: 0x1a52410 new
0:00:00.016355293  2780 0xc22320 DEBUG   GST_POLL gstpoll.c:980:gst_poll_fd_ctl_write: 0xc2a810: fd (fd:0, idx:1), active : 1
0:00:00.020899265  2779 0x1a32390 LOG   GST_REGISTRY gstregistrychunks.c:610:gst_registry_chunks_load_feature: Reading/casting for GstRegistryChunkElementFactory at address 0x1a4eb28
0:00:00.016362761  2780 0xc22320 LOG   GST_POLL gstpoll.c:994:gst_poll_fd_ctl_write: 0xc2a810: pfd->events now 60 (POLLOUT:4)
0:00:00.020906268  2779 0x1a32390 TRACE   structure gststructure.c:287:gst_structure_new_id_empty_with_size: created structure 0x1a52970
0:00:00.016370765  2780 0xc22320 DEBUG   GST_POLL gstpoll.c:980:gst_poll_fd_ctl_write: 0xc2a810: fd (fd:0, idx:1), active : 1
0:00:00.020912586  2779 0x1a32390 DEBUG   structure gststructure.c:2203:gst_structure_parse_field: trying field name 'long-name'
0:00:00.016379512  2780 0xc22320 LOG   GST_POLL gstpoll.c:994:gst_poll_fd_ctl_write: 0xc2a810: pfd->events now 60 (POLLOUT:4)
0:00:00.020920540  2779 0x1a32390 DEBUG   default gstvalue.c:2676:_priv_gst_value_parse_value: trying type name 'string'
0:00:00.016386840  2780 0xc22320 DEBUG   GST_POLL gstpoll.c:980:gst_poll_fd_ctl_write: 0xc2a810: fd (fd:0, idx:1), active : 1
0:00:00.020928621  2779 0x1a32390 DEBUG   structure gststructure.c:2203:gst_structure_parse_field: trying field name 'klass'
0:00:00.016393037  2780 0xc22320 LOG   GST_POLL gstpoll.c:994:gst_poll_fd_ctl_write: 0xc2a810: pfd->events now 60 (POLLOUT:4)
0:00:00.020934971  2779 0x1a32390 DEBUG   default gstvalue.c:2676:_priv_gst_value_parse_value: trying type name 'string'
0:00:00.016400611  2780 0xc22320 DEBUG   GST_POLL gstpoll.c:980:gst_poll_fd_ctl_write: 0xc2a810: fd (fd:0, idx:1), active : 1
0:00:00.020941599  2779 0x1a32390 DEBUG   structure gststructure.c:2203:gst_structure_parse_field: trying field name 'description'
0:00:00.016406734  2780 0xc22320 LOG   GST_POLL gstpoll.c:994:gst_poll_fd_ctl_write: 0xc2a810: pfd->events now 60 (POLLOUT:4)
0:00:00.016413228  2780 0xc22320 DEBUG   GST_POLL gstpoll.c:980:gst_poll_fd_ctl_write: 0xc2a810: fd (fd:0, idx:1), active : 1
0:00:00.020952900  2779 0x1a32390 DEBUG   default gstvalue.c:2676:_priv_gst_value_parse_value: trying type name 'string'
0:00:00.016418711  2780 0xc22320 LOG   GST_POLL gstpoll.c:994:gst_poll_fd_ctl_write: 0xc2a810: pfd->events now 60 (POLLOUT:4)
0:00:00.020959619  2779 0x1a32390 DEBUG   structure gststructure.c:2203:gst_structure_parse_field: trying field name 'author'
0:00:00.016424971  2780 0xc22320 DEBUG   GST_POLL gstpoll.c:980:gst_poll_fd_ctl_write: 0xc2a810: fd (fd:0, idx:1), active : 1
0:00:00.020965309  2779 0x1a32390 DEBUG   default gstvalue.c:2676:_priv_gst_value_parse_value: trying type name 'string'
0:00:00.016445333  2780 0xc22320 LOG   GST_POLL gstpoll.c:994:gst_poll_fd_ctl_write: 0xc2a810: pfd->events now 60 (POLLOUT:4)
0:00:00.020984523  2779 0x1a32390 DEBUG   GST_REGISTRY gstregistrychunks.c:626:gst_registry_chunks_load_feature: Element factory : npadtemplates=1
0:00:00.016452742  2780 0xc22320 DEBUG   GST_POLL gstpoll.c:980:gst_poll_fd_ctl_write: 0xc2a810: fd (fd:0, idx:1), active : 1
0:00:00.020993821  2779 0x1a32390 DEBUG   GST_REGISTRY gstregistrychunks.c:526:gst_registry_chunks_load_pad_template: Reading/casting for GstRegistryChunkPadTemplate at address 0x1a4ec08
0:00:00.016458720  2780 0xc22320 LOG   GST_POLL gstpoll.c:994:gst_poll_fd_ctl_write: 0xc2a810: pfd->events now 60 (POLLOUT:4)
0:00:00.021001199  2779 0x1a32390 DEBUG   GST_REGISTRY gstregistrychunks.c:539:gst_registry_chunks_load_pad_template: Added pad_template src
0:00:00.016466170  2780 0xc22320 DEBUG   GST_POLL gstpoll.c:980:gst_poll_fd_ctl_write: 0xc2a810: fd (fd:0, idx:1), active : 1
0:00:00.021008086  2779 0x1a32390 DEBUG   GST_REGISTRY gstregistrychunks.c:639:gst_registry_chunks_load_feature: Reading 1 UriTypes at address 0x1a4ec18
0:00:00.016472447  2780 0xc22320 LOG   GST_POLL gstpoll.c:994:gst_poll_fd_ctl_write: 0xc2a810: pfd->events now 60 (POLLOUT:4)
0:00:00.021015985  2779 0x1a32390 DEBUG   GST_REGISTRY gstregistrychunks.c:654:gst_registry_chunks_load_feature: Reading 1 Interfaces at address 0x1a4ec1f
0:00:00.016480390  2780 0xc22320 DEBUG   GST_POLL gstpoll.c:980:gst_poll_fd_ctl_write: 0xc2a810: fd (fd:0, idx:1), active : 1
0:00:00.016487369  2780 0xc22320 LOG   GST_POLL gstpoll.c:994:gst_poll_fd_ctl_write: 0xc2a810: pfd->events now 60 (POLLOUT:4)
0:00:00.021024844  2779 0x1a32390 DEBUG   GST_REGISTRY gstregistry.c:590:gst_registry_add_feature: adding feature 0x1a52410 (fdsrc)
0:00:00.016493091  2780 0xc22320 DEBUG   GST_POLL gstpoll.c:980:gst_poll_fd_ctl_write: 0xc2a810: fd (fd:0, idx:1), active : 1
0:00:00.021032906  2779 0x1a32390 DEBUG   GST_REFCOUNTING gstobject.c:709:gst_object_set_parent: set parent (ref and sink)
0:00:00.016501213  2780 0xc22320 LOG   GST_POLL gstpoll.c:994:gst_poll_fd_ctl_write: 0xc2a810: pfd->events now 60 (POLLOUT:4)
0:00:00.021040887  2779 0x1a32390 TRACE   GST_REFCOUNTING gstobject.c:294:gst_object_ref_sink: 0x1a52410 ref_sink 1->2
0:00:00.016508767  2780 0xc22320 DEBUG   GST_POLL gstpoll.c:980:gst_poll_fd_ctl_write: 0xc2a810: fd (fd:0, idx:1), active : 1
0:00:00.021048667  2779 0x1a32390 LOG   GST_REGISTRY gstregistry.c:608:gst_registry_add_feature: emitting feature-added for fdsrc
0:00:00.016515285  2780 0xc22320 LOG   GST_POLL gstpoll.c:994:gst_poll_fd_ctl_write: 0xc2a810: pfd->events now 60 (POLLOUT:4)
0:00:00.016521773  2780 0xc22320 DEBUG   GST_POLL gstpoll.c:980:gst_poll_fd_ctl_write: 0xc2a810: fd (fd:0, idx:1), active : 1
0:00:00.021058537  2779 0x1a32390 DEBUG   GST_REGISTRY gstregistrychunks.c:741:gst_registry_chunks_load_feature: Added feature fdsrc, plugin 0x1a4c090 coreelements
0:00:00.016532435  2780 0xc22320 LOG   GST_POLL gstpoll.c:994:gst_poll_fd_ctl_write: 0xc2a810: pfd->events now 60 (POLLOUT:4)
0:00:00.021084029  2779 0x1a32390 DEBUG   GST_REGISTRY gstregistrychunks.c:583:gst_registry_chunks_load_feature: Plugin 'coreelements' feature 'fakesink' typename : 'GstElementFactory'
0:00:00.016548541  2780 0xc22320 DEBUG   GST_POLL gstpoll.c:980:gst_poll_fd_ctl_write: 0xc2a810: fd (fd:0, idx:1), active : 1
0:00:00.016555453  2780 0xc22320 LOG   GST_POLL gstpoll.c:994:gst_poll_fd_ctl_write: 0xc2a810: pfd->events now 60 (POLLOUT:4)
0:00:00.021093283  2779 0x1a32390 TRACE   GST_REFCOUNTING gstobject.c:208:gst_object_init: 0x1a527e0 new
0:00:00.016560652  2780 0xc22320 DEBUG   GST_POLL gstpoll.c:980:gst_poll_fd_ctl_write: 0xc2a810: fd (fd:0, idx:1), active : 1
0:00:00.021101888  2779 0x1a32390 LOG   GST_REGISTRY gstregistrychunks.c:610:gst_registry_chunks_load_feature: Reading/casting for GstRegistryChunkElementFactory at address 0x1a4ec48
0:00:00.016569207  2780 0xc22320 LOG   GST_POLL gstpoll.c:994:gst_poll_fd_ctl_write: 0xc2a810: pfd->events now 60 (POLLOUT:4)
0:00:00.021108634  2779 0x1a32390 TRACE   structure gststructure.c:287:gst_structure_new_id_empty_with_size: created structure 0x1a52e80
0:00:00.016576468  2780 0xc22320 DEBUG   GST_POLL gstpoll.c:980:gst_poll_fd_ctl_write: 0xc2a810: fd (fd:0, idx:1), active : 1
0:00:00.021115594  2779 0x1a32390 DEBUG   structure gststructure.c:2203:gst_structure_parse_field: trying field name 'long-name'
0:00:00.016582949  2780 0xc22320 LOG   GST_POLL gstpoll.c:994:gst_poll_fd_ctl_write: 0xc2a810: pfd->events now 60 (POLLOUT:4)
0:00:00.021122610  2779 0x1a32390 DEBUG   default gstvalue.c:2676:_priv_gst_value_parse_value: trying type name 'string'
0:00:00.016589040  2780 0xc22320 DEBUG   GST_POLL gstpoll.c:980:gst_poll_fd_ctl_write: 0xc2a810: fd (fd:0, idx:1), active : 1
0:00:00.021129371  2779 0x1a32390 DEBUG   structure gststructure.c:2203:gst_structure_parse_field: trying field name 'klass'
0:00:00.016595052  2780 0xc22320 LOG   GST_POLL gstpoll.c:994:gst_poll_fd_ctl_write: 0xc2a810: pfd->events now 60 (POLLOUT:4)
0:00:00.021137118  2779 0x1a32390 DEBUG   default gstvalue.c:2676:_priv_gst_value_parse_value: trying type name 'string'
0:00:00.016601453  2780 0xc22320 DEBUG   GST_POLL gstpoll.c:980:gst_poll_fd_ctl_write: 0xc2a810: fd (fd:0, idx:1), active : 1
0:00:00.021145143  2779 0x1a32390 DEBUG   structure gststructure.c:2203:gst_structure_parse_field: trying field name 'description'
0:00:00.016609023  2780 0xc22320 LOG   GST_POLL gstpoll.c:994:gst_poll_fd_ctl_write: 0xc2a810: pfd->events now 60 (POLLOUT:4)
0:00:00.021151289  2779 0x1a32390 DEBUG   default gstvalue.c:2676:_priv_gst_value_parse_value: trying type name 'string'
0:00:00.016616735  2780 0xc22320 LOG   GST_PLUGIN_LOADING gstpluginloader.c:646:put_chunk: Expanding tx buf from 13209 to 17023 for chunk of size 229
0:00:00.021157890  2779 0x1a32390 DEBUG   structure gststructure.c:2203:gst_structure_parse_field: trying field name 'author'
0:00:00.021181759  2779 0x1a32390 DEBUG   default gstvalue.c:2676:_priv_gst_value_parse_value: trying type name 'string'
0:00:00.016645319  2780 0xc22320 DEBUG   GST_POLL gstpoll.c:980:gst_poll_fd_ctl_write: 0xc2a810: fd (fd:0, idx:1), active : 1
0:00:00.016652382  2780 0xc22320 LOG   GST_POLL gstpoll.c:994:gst_poll_fd_ctl_write: 0xc2a810: pfd->events now 60 (POLLOUT:4)
0:00:00.021192571  2779 0x1a32390 DEBUG   GST_REGISTRY gstregistrychunks.c:626:gst_registry_chunks_load_feature: Element factory : npadtemplates=1
0:00:00.016657952  2780 0xc22320 DEBUG   GST_POLL gstpoll.c:980:gst_poll_fd_ctl_write: 0xc2a810: fd (fd:0, idx:1), active : 1
0:00:00.021200652  2779 0x1a32390 DEBUG   GST_REGISTRY gstregistrychunks.c:526:gst_registry_chunks_load_pad_template: Reading/casting for GstRegistryChunkPadTemplate at address 0x1a4ed70
0:00:00.016664578  2780 0xc22320 LOG   GST_POLL gstpoll.c:994:gst_poll_fd_ctl_write: 0xc2a810: pfd->events now 60 (POLLOUT:4)
0:00:00.021208108  2779 0x1a32390 DEBUG   GST_REGISTRY gstregistrychunks.c:539:gst_registry_chunks_load_pad_template: Added pad_template sink
0:00:00.016672805  2780 0xc22320 DEBUG   GST_POLL gstpoll.c:980:gst_poll_fd_ctl_write: 0xc2a810: fd (fd:0, idx:1), active : 1
0:00:00.016679179  2780 0xc22320 LOG   GST_POLL gstpoll.c:994:gst_poll_fd_ctl_write: 0xc2a810: pfd->events now 60 (POLLOUT:4)
0:00:00.021217005  2779 0x1a32390 DEBUG   GST_REGISTRY gstregistry.c:590:gst_registry_add_feature: adding feature 0x1a527e0 (fakesink)
0:00:00.016687719  2780 0xc22320 DEBUG   GST_POLL gstpoll.c:980:gst_poll_fd_ctl_write: 0xc2a810: fd (fd:0, idx:1), active : 1
0:00:00.021226296  2779 0x1a32390 DEBUG   GST_REFCOUNTING gstobject.c:709:gst_object_set_parent: set parent (ref and sink)
0:00:00.016694650  2780 0xc22320 LOG   GST_POLL gstpoll.c:994:gst_poll_fd_ctl_write: 0xc2a810: pfd->events now 60 (POLLOUT:4)
0:00:00.021234802  2779 0x1a32390 TRACE   GST_REFCOUNTING gstobject.c:294:gst_object_ref_sink: 0x1a527e0 ref_sink 1->2
0:00:00.016701133  2780 0xc22320 DEBUG   GST_POLL gstpoll.c:980:gst_poll_fd_ctl_write: 0xc2a810: fd (fd:0, idx:1), active : 1
0:00:00.021241998  2779 0x1a32390 LOG   GST_REGISTRY gstregistry.c:608:gst_registry_add_feature: emitting feature-added for fakesink
0:00:00.016707197  2780 0xc22320 LOG   GST_POLL gstpoll.c:994:gst_poll_fd_ctl_write: 0xc2a810: pfd->events now 60 (POLLOUT:4)
0:00:00.021248895  2779 0x1a32390 DEBUG   GST_REGISTRY gstregistrychunks.c:741:gst_registry_chunks_load_feature: Added feature fakesink, plugin 0x1a4c090 coreelements
0:00:00.016713249  2780 0xc22320 DEBUG   GST_POLL gstpoll.c:980:gst_poll_fd_ctl_write: 0xc2a810: fd (fd:0, idx:1), active : 1
0:00:00.021256309  2779 0x1a32390 DEBUG   GST_REGISTRY gstregistrychunks.c:583:gst_registry_chunks_load_feature: Plugin 'coreelements' feature 'fakesrc' typename : 'GstElementFactory'
0:00:00.016720128  2780 0xc22320 LOG   GST_POLL gstpoll.c:994:gst_poll_fd_ctl_write: 0xc2a810: pfd->events now 60 (POLLOUT:4)
0:00:00.016733548  2780 0xc22320 DEBUG   GST_POLL gstpoll.c:980:gst_poll_fd_ctl_write: 0xc2a810: fd (fd:0, idx:1), active : 1
0:00:00.021271427  2779 0x1a32390 TRACE   GST_REFCOUNTING gstobject.c:208:gst_object_init: 0x1a52bd0 new
0:00:00.016738701  2780 0xc22320 LOG   GST_POLL gstpoll.c:994:gst_poll_fd_ctl_write: 0xc2a810: pfd->events now 60 (POLLOUT:4)
0:00:00.021280606  2779 0x1a32390 LOG   GST_REGISTRY gstregistrychunks.c:610:gst_registry_chunks_load_feature: Reading/casting for GstRegistryChunkElementFactory at address 0x1a4eda0
0:00:00.016747436  2780 0xc22320 DEBUG   GST_POLL gstpoll.c:980:gst_poll_fd_ctl_write: 0xc2a810: fd (fd:0, idx:1), active : 1
0:00:00.021287714  2779 0x1a32390 TRACE   structure gststructure.c:287:gst_structure_new_id_empty_with_size: created structure 0x1a53260
0:00:00.016754249  2780 0xc22320 LOG   GST_POLL gstpoll.c:994:gst_poll_fd_ctl_write: 0xc2a810: pfd->events now 60 (POLLOUT:4)
0:00:00.021293748  2779 0x1a32390 DEBUG   structure gststructure.c:2203:gst_structure_parse_field: trying field name 'long-name'
0:00:00.016760988  2780 0xc22320 DEBUG   GST_POLL gstpoll.c:980:gst_poll_fd_ctl_write: 0xc2a810: fd (fd:0, idx:1), active : 1
0:00:00.021300172  2779 0x1a32390 DEBUG   default gstvalue.c:2676:_priv_gst_value_parse_value: trying type name 'string'
0:00:00.016767734  2780 0xc22320 LOG   GST_POLL gstpoll.c:994:gst_poll_fd_ctl_write: 0xc2a810: pfd->events now 60 (POLLOUT:4)
0:00:00.021308202  2779 0x1a32390 DEBUG   structure gststructure.c:2203:gst_structure_parse_field: trying field name 'klass'
0:00:00.016774278  2780 0xc22320 DEBUG   GST_POLL gstpoll.c:980:gst_poll_fd_ctl_write: 0xc2a810: fd (fd:0, idx:1), active : 1
0:00:00.021313866  2779 0x1a32390 DEBUG   default gstvalue.c:2676:_priv_gst_value_parse_value: trying type name 'string'
0:00:00.016780296  2780 0xc22320 LOG   GST_POLL gstpoll.c:994:gst_poll_fd_ctl_write: 0xc2a810: pfd->events now 60 (POLLOUT:4)
0:00:00.021320356  2779 0x1a32390 DEBUG   structure gststructure.c:2203:gst_structure_parse_field: trying field name 'description'
0:00:00.016786769  2780 0xc22320 DEBUG   GST_POLL gstpoll.c:980:gst_poll_fd_ctl_write: 0xc2a810: fd (fd:0, idx:1), active : 1
0:00:00.021328118  2779 0x1a32390 DEBUG   default gstvalue.c:2676:_priv_gst_value_parse_value: trying type name 'string'
0:00:00.016792701  2780 0xc22320 LOG   GST_POLL gstpoll.c:994:gst_poll_fd_ctl_write: 0xc2a810: pfd->events now 60 (POLLOUT:4)
0:00:00.021336739  2779 0x1a32390 DEBUG   structure gststructure.c:2203:gst_structure_parse_field: trying field name 'author'
0:00:00.016802404  2780 0xc22320 DEBUG   GST_POLL gstpoll.c:980:gst_poll_fd_ctl_write: 0xc2a810: fd (fd:0, idx:1), active : 1
0:00:00.021343045  2779 0x1a32390 DEBUG   default gstvalue.c:2676:_priv_gst_value_parse_value: trying type name 'string'
0:00:00.016809659  2780 0xc22320 LOG   GST_POLL gstpoll.c:994:gst_poll_fd_ctl_write: 0xc2a810: pfd->events now 60 (POLLOUT:4)
0:00:00.021356898  2779 0x1a32390 DEBUG   GST_REGISTRY gstregistrychunks.c:626:gst_registry_chunks_load_feature: Element factory : npadtemplates=1
0:00:00.016821149  2780 0xc22320 DEBUG   GST_POLL gstpoll.c:980:gst_poll_fd_ctl_write: 0xc2a810: fd (fd:0, idx:1), active : 1
0:00:00.021363279  2779 0x1a32390 DEBUG   GST_REGISTRY gstregistrychunks.c:526:gst_registry_chunks_load_pad_template: Reading/casting for GstRegistryChunkPadTemplate at address 0x1a4eea0
0:00:00.016828277  2780 0xc22320 LOG   GST_POLL gstpoll.c:994:gst_poll_fd_ctl_write: 0xc2a810: pfd->events now 60 (POLLOUT:4)
0:00:00.021369546  2779 0x1a32390 DEBUG   GST_REGISTRY gstregistrychunks.c:539:gst_registry_chunks_load_pad_template: Added pad_template src
0:00:00.016834595  2780 0xc22320 DEBUG   GST_POLL gstpoll.c:980:gst_poll_fd_ctl_write: 0xc2a810: fd (fd:0, idx:1), active : 1
0:00:00.021377436  2779 0x1a32390 DEBUG   GST_REGISTRY gstregistry.c:590:gst_registry_add_feature: adding feature 0x1a52bd0 (fakesrc)
0:00:00.016840725  2780 0xc22320 LOG   GST_POLL gstpoll.c:994:gst_poll_fd_ctl_write: 0xc2a810: pfd->events now 60 (POLLOUT:4)
0:00:00.021383956  2779 0x1a32390 DEBUG   GST_REFCOUNTING gstobject.c:709:gst_object_set_parent: set parent (ref and sink)
0:00:00.016848833  2780 0xc22320 DEBUG   GST_POLL gstpoll.c:980:gst_poll_fd_ctl_write: 0xc2a810: fd (fd:0, idx:1), active : 1
0:00:00.016856275  2780 0xc22320 LOG   GST_POLL gstpoll.c:994:gst_poll_fd_ctl_write: 0xc2a810: pfd->events now 60 (POLLOUT:4)
0:00:00.021394012  2779 0x1a32390 TRACE   GST_REFCOUNTING gstobject.c:294:gst_object_ref_sink: 0x1a52bd0 ref_sink 1->2
0:00:00.016864593  2780 0xc22320 DEBUG   GST_POLL gstpoll.c:980:gst_poll_fd_ctl_write: 0xc2a810: fd (fd:0, idx:1), active : 1
0:00:00.021404091  2779 0x1a32390 LOG   GST_REGISTRY gstregistry.c:608:gst_registry_add_feature: emitting feature-added for fakesrc
0:00:00.016871615  2780 0xc22320 LOG   GST_POLL gstpoll.c:994:gst_poll_fd_ctl_write: 0xc2a810: pfd->events now 60 (POLLOUT:4)
0:00:00.021412475  2779 0x1a32390 DEBUG   GST_REGISTRY gstregistrychunks.c:741:gst_registry_chunks_load_feature: Added feature fakesrc, plugin 0x1a4c090 coreelements
0:00:00.016878249  2780 0xc22320 DEBUG   GST_POLL gstpoll.c:980:gst_poll_fd_ctl_write: 0xc2a810: fd (fd:0, idx:1), active : 1
0:00:00.021419533  2779 0x1a32390 DEBUG   GST_REGISTRY gstregistrychunks.c:583:gst_registry_chunks_load_feature: Plugin 'coreelements' feature 'downloadbuffer' typename : 'GstElementFactory'
0:00:00.016884164  2780 0xc22320 LOG   GST_POLL gstpoll.c:994:gst_poll_fd_ctl_write: 0xc2a810: pfd->events now 60 (POLLOUT:4)
0:00:00.016890940  2780 0xc22320 DEBUG   GST_POLL gstpoll.c:980:gst_poll_fd_ctl_write: 0xc2a810: fd (fd:0, idx:1), active : 1
0:00:00.021427817  2779 0x1a32390 TRACE   GST_REFCOUNTING gstobject.c:208:gst_object_init: 0x1a53050 new
0:00:00.016895937  2780 0xc22320 LOG   GST_POLL gstpoll.c:994:gst_poll_fd_ctl_write: 0xc2a810: pfd->events now 60 (POLLOUT:4)
0:00:00.021442603  2779 0x1a32390 LOG   GST_REGISTRY gstregistrychunks.c:610:gst_registry_chunks_load_feature: Reading/casting for GstRegistryChunkElementFactory at address 0x1a4eed8
0:00:00.016906660  2780 0xc22320 DEBUG   GST_POLL gstpoll.c:980:gst_poll_fd_ctl_write: 0xc2a810: fd (fd:0, idx:1), active : 1
0:00:00.021450363  2779 0x1a32390 TRACE   structure gststructure.c:287:gst_structure_new_id_empty_with_size: created structure 0x1a53580
0:00:00.016914364  2780 0xc22320 LOG   GST_POLL gstpoll.c:994:gst_poll_fd_ctl_write: 0xc2a810: pfd->events now 60 (POLLOUT:4)
0:00:00.021456770  2779 0x1a32390 DEBUG   structure gststructure.c:2203:gst_structure_parse_field: trying field name 'long-name'
0:00:00.016924094  2780 0xc22320 DEBUG   GST_POLL gstpoll.c:980:gst_poll_fd_ctl_write: 0xc2a810: fd (fd:0, idx:1), active : 1
0:00:00.021464583  2779 0x1a32390 DEBUG   default gstvalue.c:2676:_priv_gst_value_parse_value: trying type name 'string'
0:00:00.016930934  2780 0xc22320 LOG   GST_POLL gstpoll.c:994:gst_poll_fd_ctl_write: 0xc2a810: pfd->events now 60 (POLLOUT:4)
0:00:00.021472692  2779 0x1a32390 DEBUG   structure gststructure.c:2203:gst_structure_parse_field: trying field name 'klass'
0:00:00.016937595  2780 0xc22320 DEBUG   GST_POLL gstpoll.c:980:gst_poll_fd_ctl_write: 0xc2a810: fd (fd:0, idx:1), active : 1
0:00:00.021479239  2779 0x1a32390 DEBUG   default gstvalue.c:2676:_priv_gst_value_parse_value: trying type name 'string'
0:00:00.016944218  2780 0xc22320 LOG   GST_POLL gstpoll.c:994:gst_poll_fd_ctl_write: 0xc2a810: pfd->events now 60 (POLLOUT:4)
0:00:00.021486092  2779 0x1a32390 DEBUG   structure gststructure.c:2203:gst_structure_parse_field: trying field name 'description'
0:00:00.016951064  2780 0xc22320 DEBUG   GST_POLL gstpoll.c:980:gst_poll_fd_ctl_write: 0xc2a810: fd (fd:0, idx:1), active : 1
0:00:00.021492376  2779 0x1a32390 DEBUG   default gstvalue.c:2676:_priv_gst_value_parse_value: trying type name 'string'
0:00:00.016957575  2780 0xc22320 LOG   GST_POLL gstpoll.c:994:gst_poll_fd_ctl_write: 0xc2a810: pfd->events now 60 (POLLOUT:4)
0:00:00.021498770  2779 0x1a32390 DEBUG   structure gststructure.c:2203:gst_structure_parse_field: trying field name 'author'
0:00:00.016963809  2780 0xc22320 DEBUG   GST_POLL gstpoll.c:980:gst_poll_fd_ctl_write: 0xc2a810: fd (fd:0, idx:1), active : 1
0:00:00.021504539  2779 0x1a32390 DEBUG   default gstvalue.c:2676:_priv_gst_value_parse_value: trying type name 'string'
0:00:00.016969850  2780 0xc22320 LOG   GST_POLL gstpoll.c:994:gst_poll_fd_ctl_write: 0xc2a810: pfd->events now 60 (POLLOUT:4)
0:00:00.021511187  2779 0x1a32390 DEBUG   GST_REGISTRY gstregistrychunks.c:626:gst_registry_chunks_load_feature: Element factory : npadtemplates=2
0:00:00.016978187  2780 0xc22320 DEBUG   GST_POLL gstpoll.c:980:gst_poll_fd_ctl_write: 0xc2a810: fd (fd:0, idx:1), active : 1
0:00:00.021519032  2779 0x1a32390 DEBUG   GST_REGISTRY gstregistrychunks.c:526:gst_registry_chunks_load_pad_template: Reading/casting for GstRegistryChunkPadTemplate at address 0x1a4efa0
0:00:00.016991162  2780 0xc22320 LOG   GST_POLL gstpoll.c:994:gst_poll_fd_ctl_write: 0xc2a810: pfd->events now 60 (POLLOUT:4)
0:00:00.021531865  2779 0x1a32390 DEBUG   GST_REGISTRY gstregistrychunks.c:539:gst_registry_chunks_load_pad_template: Added pad_template sink
0:00:00.016998374  2780 0xc22320 DEBUG   GST_POLL gstpoll.c:980:gst_poll_fd_ctl_write: 0xc2a810: fd (fd:0, idx:1), active : 1
0:00:00.021538016  2779 0x1a32390 DEBUG   GST_REGISTRY gstregistrychunks.c:526:gst_registry_chunks_load_pad_template: Reading/casting for GstRegistryChunkPadTemplate at address 0x1a4efb8
0:00:00.017004552  2780 0xc22320 LOG   GST_POLL gstpoll.c:994:gst_poll_fd_ctl_write: 0xc2a810: pfd->events now 60 (POLLOUT:4)
0:00:00.021544792  2779 0x1a32390 DEBUG   GST_REGISTRY gstregistrychunks.c:539:gst_registry_chunks_load_pad_template: Added pad_template src
0:00:00.017010892  2780 0xc22320 DEBUG   GST_POLL gstpoll.c:980:gst_poll_fd_ctl_write: 0xc2a810: fd (fd:0, idx:1), active : 1
0:00:00.021552763  2779 0x1a32390 DEBUG   GST_REGISTRY gstregistry.c:590:gst_registry_add_feature: adding feature 0x1a53050 (downloadbuffer)
0:00:00.017017071  2780 0xc22320 LOG   GST_POLL gstpoll.c:994:gst_poll_fd_ctl_write: 0xc2a810: pfd->events now 60 (POLLOUT:4)
0:00:00.021559406  2779 0x1a32390 DEBUG   GST_REFCOUNTING gstobject.c:709:gst_object_set_parent: set parent (ref and sink)
0:00:00.017024282  2780 0xc22320 DEBUG   GST_POLL gstpoll.c:980:gst_poll_fd_ctl_write: 0xc2a810: fd (fd:0, idx:1), active : 1
0:00:00.021567047  2779 0x1a32390 TRACE   GST_REFCOUNTING gstobject.c:294:gst_object_ref_sink: 0x1a53050 ref_sink 1->2
0:00:00.017030709  2780 0xc22320 LOG   GST_POLL gstpoll.c:994:gst_poll_fd_ctl_write: 0xc2a810: pfd->events now 60 (POLLOUT:4)
0:00:00.021574019  2779 0x1a32390 LOG   GST_REGISTRY gstregistry.c:608:gst_registry_add_feature: emitting feature-added for downloadbuffer
0:00:00.017040796  2780 0xc22320 DEBUG   GST_POLL gstpoll.c:980:gst_poll_fd_ctl_write: 0xc2a810: fd (fd:0, idx:1), active : 1
0:00:00.021583262  2779 0x1a32390 DEBUG   GST_REGISTRY gstregistrychunks.c:741:gst_registry_chunks_load_feature: Added feature downloadbuffer, plugin 0x1a4c090 coreelements
0:00:00.017047833  2780 0xc22320 LOG   GST_POLL gstpoll.c:994:gst_poll_fd_ctl_write: 0xc2a810: pfd->events now 60 (POLLOUT:4)
0:00:00.021591507  2779 0x1a32390 DEBUG   GST_REGISTRY gstregistrychunks.c:583:gst_registry_chunks_load_feature: Plugin 'coreelements' feature 'dataurisrc' typename : 'GstElementFactory'
0:00:00.017055596  2780 0xc22320 DEBUG   GST_POLL gstpoll.c:980:gst_poll_fd_ctl_write: 0xc2a810: fd (fd:0, idx:1), active : 1
0:00:00.017062990  2780 0xc22320 LOG   GST_POLL gstpoll.c:994:gst_poll_fd_ctl_write: 0xc2a810: pfd->events now 60 (POLLOUT:4)
0:00:00.021600221  2779 0x1a32390 TRACE   GST_REFCOUNTING gstobject.c:208:gst_object_init: 0x1a53860 new
0:00:00.017068533  2780 0xc22320 DEBUG   GST_POLL gstpoll.c:980:gst_poll_fd_ctl_write: 0xc2a810: fd (fd:0, idx:1), active : 1
0:00:00.021614904  2779 0x1a32390 LOG   GST_REGISTRY gstregistrychunks.c:610:gst_registry_chunks_load_feature: Reading/casting for GstRegistryChunkElementFactory at address 0x1a4efe8
0:00:00.017077963  2780 0xc22320 LOG   GST_POLL gstpoll.c:994:gst_poll_fd_ctl_write: 0xc2a810: pfd->events now 60 (POLLOUT:4)
0:00:00.021622344  2779 0x1a32390 TRACE   structure gststructure.c:287:gst_structure_new_id_empty_with_size: created structure 0x1a53a60
0:00:00.017086844  2780 0xc22320 DEBUG   GST_POLL gstpoll.c:980:gst_poll_fd_ctl_write: 0xc2a810: fd (fd:0, idx:1), active : 1
0:00:00.021628846  2779 0x1a32390 DEBUG   structure gststructure.c:2203:gst_structure_parse_field: trying field name 'long-name'
0:00:00.017093734  2780 0xc22320 LOG   GST_POLL gstpoll.c:994:gst_poll_fd_ctl_write: 0xc2a810: pfd->events now 60 (POLLOUT:4)
0:00:00.021635039  2779 0x1a32390 DEBUG   default gstvalue.c:2676:_priv_gst_value_parse_value: trying type name 'string'
0:00:00.017102474  2780 0xc22320 DEBUG   GST_POLL gstpoll.c:980:gst_poll_fd_ctl_write: 0xc2a810: fd (fd:0, idx:1), active : 1
0:00:00.021642180  2779 0x1a32390 DEBUG   structure gststructure.c:2203:gst_structure_parse_field: trying field name 'klass'
0:00:00.017109354  2780 0xc22320 LOG   GST_POLL gstpoll.c:994:gst_poll_fd_ctl_write: 0xc2a810: pfd->events now 60 (POLLOUT:4)
0:00:00.021650898  2779 0x1a32390 DEBUG   default gstvalue.c:2676:_priv_gst_value_parse_value: trying type name 'string'
0:00:00.017115857  2780 0xc22320 DEBUG   GST_POLL gstpoll.c:980:gst_poll_fd_ctl_write: 0xc2a810: fd (fd:0, idx:1), active : 1
0:00:00.021658833  2779 0x1a32390 DEBUG   structure gststructure.c:2203:gst_structure_parse_field: trying field name 'description'
0:00:00.017122526  2780 0xc22320 LOG   GST_POLL gstpoll.c:994:gst_poll_fd_ctl_write: 0xc2a810: pfd->events now 60 (POLLOUT:4)
0:00:00.021665965  2779 0x1a32390 DEBUG   default gstvalue.c:2676:_priv_gst_value_parse_value: trying type name 'string'
0:00:00.017131020  2780 0xc22320 DEBUG   GST_POLL gstpoll.c:980:gst_poll_fd_ctl_write: 0xc2a810: fd (fd:0, idx:1), active : 1
0:00:00.021672722  2779 0x1a32390 DEBUG   structure gststructure.c:2203:gst_structure_parse_field: trying field name 'author'
0:00:00.017136714  2780 0xc22320 LOG   GST_POLL gstpoll.c:994:gst_poll_fd_ctl_write: 0xc2a810: pfd->events now 60 (POLLOUT:4)
0:00:00.021678835  2779 0x1a32390 DEBUG   default gstvalue.c:2676:_priv_gst_value_parse_value: trying type name 'string'
0:00:00.017144277  2780 0xc22320 DEBUG   GST_POLL gstpoll.c:980:gst_poll_fd_ctl_write: 0xc2a810: fd (fd:0, idx:1), active : 1
0:00:00.021686735  2779 0x1a32390 DEBUG   GST_REGISTRY gstregistrychunks.c:626:gst_registry_chunks_load_feature: Element factory : npadtemplates=1
0:00:00.017150117  2780 0xc22320 LOG   GST_POLL gstpoll.c:994:gst_poll_fd_ctl_write: 0xc2a810: pfd->events now 60 (POLLOUT:4)
0:00:00.021692852  2779 0x1a32390 DEBUG   GST_REGISTRY gstregistrychunks.c:526:gst_registry_chunks_load_pad_template: Reading/casting for GstRegistryChunkPadTemplate at address 0x1a4f100
0:00:00.017165517  2780 0xc22320 DEBUG   GST_POLL gstpoll.c:980:gst_poll_fd_ctl_write: 0xc2a810: fd (fd:0, idx:1), active : 1
0:00:00.021703702  2779 0x1a32390 DEBUG   GST_REGISTRY gstregistrychunks.c:539:gst_registry_chunks_load_pad_template: Added pad_template src
0:00:00.017172349  2780 0xc22320 LOG   GST_POLL gstpoll.c:994:gst_poll_fd_ctl_write: 0xc2a810: pfd->events now 60 (POLLOUT:4)
0:00:00.021714439  2779 0x1a32390 DEBUG   GST_REGISTRY gstregistrychunks.c:639:gst_registry_chunks_load_feature: Reading 1 UriTypes at address 0x1a4f110
0:00:00.017178909  2780 0xc22320 DEBUG   GST_POLL gstpoll.c:980:gst_poll_fd_ctl_write: 0xc2a810: fd (fd:0, idx:1), active : 1
0:00:00.021722313  2779 0x1a32390 DEBUG   GST_REGISTRY gstregistrychunks.c:654:gst_registry_chunks_load_feature: Reading 1 Interfaces at address 0x1a4f119
0:00:00.017186040  2780 0xc22320 LOG   GST_POLL gstpoll.c:994:gst_poll_fd_ctl_write: 0xc2a810: pfd->events now 60 (POLLOUT:4)
0:00:00.021730736  2779 0x1a32390 DEBUG   GST_REGISTRY gstregistry.c:590:gst_registry_add_feature: adding feature 0x1a53860 (dataurisrc)
0:00:00.017193886  2780 0xc22320 DEBUG   GST_POLL gstpoll.c:980:gst_poll_fd_ctl_write: 0xc2a810: fd (fd:0, idx:1), active : 1
0:00:00.021738088  2779 0x1a32390 DEBUG   GST_REFCOUNTING gstobject.c:709:gst_object_set_parent: set parent (ref and sink)
0:00:00.017202169  2780 0xc22320 LOG   GST_POLL gstpoll.c:994:gst_poll_fd_ctl_write: 0xc2a810: pfd->events now 60 (POLLOUT:4)
0:00:00.021745682  2779 0x1a32390 TRACE   GST_REFCOUNTING gstobject.c:294:gst_object_ref_sink: 0x1a53860 ref_sink 1->2
0:00:00.017209886  2780 0xc22320 DEBUG   GST_POLL gstpoll.c:980:gst_poll_fd_ctl_write: 0xc2a810: fd (fd:0, idx:1), active : 1
0:00:00.021752878  2779 0x1a32390 LOG   GST_REGISTRY gstregistry.c:608:gst_registry_add_feature: emitting feature-added for dataurisrc
0:00:00.017216698  2780 0xc22320 LOG   GST_POLL gstpoll.c:994:gst_poll_fd_ctl_write: 0xc2a810: pfd->events now 60 (POLLOUT:4)
0:00:00.021759824  2779 0x1a32390 DEBUG   GST_REGISTRY gstregistrychunks.c:741:gst_registry_chunks_load_feature: Added feature dataurisrc, plugin 0x1a4c090 coreelements
0:00:00.017226429  2780 0xc22320 DEBUG   GST_POLL gstpoll.c:980:gst_poll_fd_ctl_write: 0xc2a810: fd (fd:0, idx:1), active : 1
