0:00:00.013010800  2788 0x559c4161a360 TRACE   GST_REFCOUNTING gstobject.c:237:gst_object_ref: 0x559c41643d40 ref 1->2
0:00:00.017268335  2787 0x564da00ad360 DEBUG   default gstvalue.c:2676:_priv_gst_value_parse_value: trying type name 'string'
0:00:00.013023502  2788 0x559c4161a360 DEBUG   GST_REGISTRY gstregistrychunks.c:264:gst_registry_chunks_save_feature: saved 0 interfaces 0 pad templates
0:00:00.017284350  2787 0x564da00ad360 DEBUG   structure gststructure.c:2203:gst_structure_parse_field: trying field name 'klass'
0:00:00.013041877  2788 0x559c4161a360 DEBUG   GST_REGISTRY gstregistrychunks.c:264:gst_registry_chunks_save_feature: saved 0 interfaces 0 pad templates
0:00:00.017294672  2787 0x564da00ad360 DEBUG   default gstvalue.c:2676:_priv_gst_value_parse_value: trying type name 'string'
0:00:00.013056970  2788 0x559c4161a360 DEBUG   GST_REGISTRY gstregistrychunks.c:264:gst_registry_chunks_save_feature: saved 0 interfaces 0 pad templates
0:00:00.017306284  2787 0x564da00ad360 DEBUG   structure gststructure.c:2203:gst_structure_parse_field: trying field name 'description'
0:00:00.017319715  2787 0x564da00ad360 DEBUG   default gstvalue.c:2676:_priv_gst_value_parse_value: trying type name 'string'
0:00:00.013073775  2788 0x559c4161a360 DEBUG   GST_REGISTRY gstregistrychunks.c:264:gst_registry_chunks_save_feature: saved 1 interfaces 0 pad templates
0:00:00.017331260  2787 0x564da00ad360 DEBUG   structure gststructure.c:2203:gst_structure_parse_field: trying field name 'author'
0:00:00.013085382  2788 0x559c4161a360 DEBUG   GST_REGISTRY gstregistrychunks.c:284:gst_registry_chunks_save_feature: Saved 1 UriTypes
0:00:00.017342178  2787 0x564da00ad360 DEBUG   default gstvalue.c:2676:_priv_gst_value_parse_value: trying type name 'string'
0:00:00.013102376  2788 0x559c4161a360 DEBUG   GST_REGISTRY gstregistrychunks.c:264:gst_registry_chunks_save_feature: saved 0 interfaces 0 pad templates
0:00:00.017353355  2787 0x564da00ad360 DEBUG   GST_REGISTRY gstregistrychunks.c:626:gst_registry_chunks_load_feature: Element factory : npadtemplates=2
0:00:00.017370627  2787 0x564da00ad360 DEBUG   GST_REGISTRY gstregistrychunks.c:525:gst_registry_chunks_load_pad_template: Reading/casting for GstRegistryChunkPadTemplate at address 0x564da00d3730
0:00:00.013123710  2788 0x559c4161a360 DEBUG   GST_REGISTRY gstregistrychunks.c:264:gst_registry_chunks_save_feature: saved 0 interfaces 0 pad templates
0:00:00.017381970  2787 0x564da00ad360 DEBUG   GST_REGISTRY gstregistrychunks.c:539:gst_registry_chunks_load_pad_template: Added pad_template src_%u
0:00:00.013140487  2788 0x559c4161a360 DEBUG   GST_REGISTRY gstregistrychunks.c:264:gst_registry_chunks_save_feature: saved 0 interfaces 0 pad templates
0:00:00.017402481  2787 0x564da00ad360 DEBUG   GST_REGISTRY gstregistrychunks.c:525:gst_registry_chunks_load_pad_template: Reading/casting for GstRegistryChunkPadTemplate at address 0x564da00d3748
0:00:00.017412727  2787 0x564da00ad360 DEBUG   GST_REGISTRY gstregistrychunks.c:539:gst_registry_chunks_load_pad_template: Added pad_template sink
0:00:00.013166158  2788 0x559c4161a360 DEBUG   GST_REGISTRY gstregistrychunks.c:264:gst_registry_chunks_save_feature: saved 1 interfaces 0 pad templates
0:00:00.017424076  2787 0x564da00ad360 DEBUG   GST_REGISTRY gstregistry.c:589:gst_registry_add_feature: adding feature 0x564da00dda40 (streamiddemux)
0:00:00.013176285  2788 0x559c4161a360 DEBUG   GST_REGISTRY gstregistrychunks.c:284:gst_registry_chunks_save_feature: Saved 1 UriTypes
0:00:00.017435408  2787 0x564da00ad360 DEBUG   GST_REFCOUNTING gstobject.c:708:gst_object_set_parent: set parent (ref and sink)
0:00:00.013190510  2788 0x559c4161a360 DEBUG   GST_REGISTRY gstregistrychunks.c:264:gst_registry_chunks_save_feature: saved 1 interfaces 0 pad templates
0:00:00.017447205  2787 0x564da00ad360 TRACE   GST_REFCOUNTING gstobject.c:292:gst_object_ref_sink: 0x564da00dda40 ref_sink 1->2
0:00:00.013200783  2788 0x559c4161a360 DEBUG   GST_REGISTRY gstregistrychunks.c:284:gst_registry_chunks_save_feature: Saved 1 UriTypes
0:00:00.017458324  2787 0x564da00ad360 LOG   GST_REGISTRY gstregistry.c:607:gst_registry_add_feature: emitting feature-added for streamiddemux
0:00:00.013214818  2788 0x559c4161a360 DEBUG   GST_REGISTRY gstregistrychunks.c:264:gst_registry_chunks_save_feature: saved 1 interfaces 0 pad templates
0:00:00.017468422  2787 0x564da00ad360 DEBUG   GST_REGISTRY gstregistrychunks.c:740:gst_registry_chunks_load_feature: Added feature streamiddemux, plugin 0x564da00dbea0 coreelements
0:00:00.013224394  2788 0x559c4161a360 DEBUG   GST_REGISTRY gstregistrychunks.c:284:gst_registry_chunks_save_feature: Saved 1 UriTypes
0:00:00.017479622  2787 0x564da00ad360 DEBUG   GST_REGISTRY gstregistrychunks.c:582:gst_registry_chunks_load_feature: Plugin 'coreelements' feature 'valve' typename : 'GstElementFactory'
0:00:00.013237916  2788 0x559c4161a360 DEBUG   GST_REGISTRY gstregistrychunks.c:264:gst_registry_chunks_save_feature: saved 0 interfaces 0 pad templates
0:00:00.017491315  2787 0x564da00ad360 TRACE   GST_REFCOUNTING gstobject.c:208:gst_object_init: 0x564da00dcae0 new
0:00:00.017505366  2787 0x564da00ad360 LOG   GST_REGISTRY gstregistrychunks.c:609:gst_registry_chunks_load_feature: Reading/casting for GstRegistryChunkElementFactory at address 0x564da00d3778
0:00:00.013257178  2788 0x559c4161a360 DEBUG   GST_REGISTRY gstregistrychunks.c:264:gst_registry_chunks_save_feature: saved 0 interfaces 0 pad templates
0:00:00.017515402  2787 0x564da00ad360 TRACE   structure gststructure.c:287:gst_structure_new_id_empty_with_size: created structure 0x564da00d5380
0:00:00.013272052  2788 0x559c4161a360 DEBUG   GST_REGISTRY gstregistrychunks.c:264:gst_registry_chunks_save_feature: saved 0 interfaces 0 pad templates
0:00:00.017524245  2787 0x564da00ad360 DEBUG   structure gststructure.c:2203:gst_structure_parse_field: trying field name 'long-name'
0:00:00.017534120  2787 0x564da00ad360 DEBUG   default gstvalue.c:2676:_priv_gst_value_parse_value: trying type name 'string'
0:00:00.013286927  2788 0x559c4161a360 DEBUG   GST_REGISTRY gstregistrychunks.c:264:gst_registry_chunks_save_feature: saved 0 interfaces 0 pad templates
0:00:00.017544317  2787 0x564da00ad360 DEBUG   structure gststructure.c:2203:gst_structure_parse_field: trying field name 'klass'
0:00:00.013301215  2788 0x559c4161a360 DEBUG   GST_REGISTRY gstregistrychunks.c:264:gst_registry_chunks_save_feature: saved 0 interfaces 0 pad templates
0:00:00.017552913  2787 0x564da00ad360 DEBUG   default gstvalue.c:2676:_priv_gst_value_parse_value: trying type name 'string'
0:00:00.017562872  2787 0x564da00ad360 DEBUG   structure gststructure.c:2203:gst_structure_parse_field: trying field name 'description'
0:00:00.013315021  2788 0x559c4161a360 DEBUG   GST_REGISTRY gstregistrychunks.c:264:gst_registry_chunks_save_feature: saved 0 interfaces 0 pad templates
0:00:00.017572002  2787 0x564da00ad360 DEBUG   default gstvalue.c:2676:_priv_gst_value_parse_value: trying type name 'string'
0:00:00.013330397  2788 0x559c4161a360 DEBUG   GST_REGISTRY gstregistrychunks.c:264:gst_registry_chunks_save_feature: saved 1 interfaces 0 pad templates
0:00:00.017581957  2787 0x564da00ad360 DEBUG   structure gststructure.c:2203:gst_structure_parse_field: trying field name 'author'
0:00:00.017591764  2787 0x564da00ad360 DEBUG   default gstvalue.c:2676:_priv_gst_value_parse_value: trying type name 'string'
0:00:00.013340745  2788 0x559c4161a360 DEBUG   GST_REGISTRY gstregistrychunks.c:284:gst_registry_chunks_save_feature: Saved 1 UriTypes
0:00:00.017603263  2787 0x564da00ad360 DEBUG   GST_REGISTRY gstregistrychunks.c:626:gst_registry_chunks_load_feature: Element factory : npadtemplates=2
0:00:00.013361598  2788 0x559c4161a360 DEBUG   GST_REGISTRY gstregistrychunks.c:264:gst_registry_chunks_save_feature: saved 0 interfaces 0 pad templates
0:00:00.017612349  2787 0x564da00ad360 DEBUG   GST_REGISTRY gstregistrychunks.c:525:gst_registry_chunks_load_pad_template: Reading/casting for GstRegistryChunkPadTemplate at address 0x564da00d3868
0:00:00.013376712  2788 0x559c4161a360 DEBUG   GST_REGISTRY gstregistrychunks.c:264:gst_registry_chunks_save_feature: saved 0 interfaces 0 pad templates
0:00:00.017628603  2787 0x564da00ad360 DEBUG   GST_REGISTRY gstregistrychunks.c:539:gst_registry_chunks_load_pad_template: Added pad_template sink
0:00:00.017638246  2787 0x564da00ad360 DEBUG   GST_REGISTRY gstregistrychunks.c:525:gst_registry_chunks_load_pad_template: Reading/casting for GstRegistryChunkPadTemplate at address 0x564da00d3880
0:00:00.013406549  2788 0x559c4161a360 DEBUG   GST_REGISTRY gstregistrychunks.c:264:gst_registry_chunks_save_feature: saved 0 interfaces 0 pad templates
0:00:00.017647490  2787 0x564da00ad360 DEBUG   GST_REGISTRY gstregistrychunks.c:539:gst_registry_chunks_load_pad_template: Added pad_template src
0:00:00.013422785  2788 0x559c4161a360 DEBUG   GST_REGISTRY gstregistrychunks.c:264:gst_registry_chunks_save_feature: saved 0 interfaces 0 pad templates
0:00:00.017673003  2787 0x564da00ad360 DEBUG   GST_REGISTRY gstregistry.c:589:gst_registry_add_feature: adding feature 0x564da00dcae0 (valve)
0:00:00.017683822  2787 0x564da00ad360 DEBUG   GST_REFCOUNTING gstobject.c:708:gst_object_set_parent: set parent (ref and sink)
0:00:00.013437231  2788 0x559c4161a360 DEBUG   GST_REGISTRY gstregistrychunks.c:264:gst_registry_chunks_save_feature: saved 0 interfaces 0 pad templates
0:00:00.017695472  2787 0x564da00ad360 TRACE   GST_REFCOUNTING gstobject.c:292:gst_object_ref_sink: 0x564da00dcae0 ref_sink 1->2
0:00:00.013453807  2788 0x559c4161a360 TRACE   GST_REFCOUNTING gstobject.c:264:gst_object_unref: 0x559c41643d40 unref 2->1
0:00:00.017705214  2787 0x564da00ad360 LOG   GST_REGISTRY gstregistry.c:607:gst_registry_add_feature: emitting feature-added for valve
0:00:00.013465915  2788 0x559c4161a360 TRACE   GST_REFCOUNTING gstobject.c:264:gst_object_unref: 0x559c41645d90 unref 2->1
0:00:00.017717228  2787 0x564da00ad360 DEBUG   GST_REGISTRY gstregistrychunks.c:740:gst_registry_chunks_load_feature: Added feature valve, plugin 0x564da00dbea0 coreelements
0:00:00.013477196  2788 0x559c4161a360 TRACE   GST_REFCOUNTING gstobject.c:264:gst_object_unref: 0x559c41646a60 unref 2->1
0:00:00.017728613  2787 0x564da00ad360 DEBUG   GST_REGISTRY gstregistrychunks.c:582:gst_registry_chunks_load_feature: Plugin 'coreelements' feature 'multiqueue' typename : 'GstElementFactory'
0:00:00.013488565  2788 0x559c4161a360 TRACE   GST_REFCOUNTING gstobject.c:264:gst_object_unref: 0x559c416478a0 unref 2->1
0:00:00.017741481  2787 0x564da00ad360 TRACE   GST_REFCOUNTING gstobject.c:208:gst_object_init: 0x564da00d55d0 new
0:00:00.013498977  2788 0x559c4161a360 TRACE   GST_REFCOUNTING gstobject.c:264:gst_object_unref: 0x559c41649830 unref 2->1
0:00:00.017754487  2787 0x564da00ad360 LOG   GST_REGISTRY gstregistrychunks.c:609:gst_registry_chunks_load_feature: Reading/casting for GstRegistryChunkElementFactory at address 0x564da00d38b0
0:00:00.013509525  2788 0x559c4161a360 TRACE   GST_REFCOUNTING gstobject.c:264:gst_object_unref: 0x559c4164a9d0 unref 2->1
0:00:00.017764809  2787 0x564da00ad360 TRACE   structure gststructure.c:287:gst_structure_new_id_empty_with_size: created structure 0x564da00d5800
0:00:00.013520805  2788 0x559c4161a360 TRACE   GST_REFCOUNTING gstobject.c:264:gst_object_unref: 0x559c4164c650 unref 2->1
0:00:00.017781434  2787 0x564da00ad360 DEBUG   structure gststructure.c:2203:gst_structure_parse_field: trying field name 'long-name'
0:00:00.013535338  2788 0x559c4161a360 TRACE   GST_REFCOUNTING gstobject.c:264:gst_object_unref: 0x559c4164ec30 unref 2->1
0:00:00.017790905  2787 0x564da00ad360 DEBUG   default gstvalue.c:2676:_priv_gst_value_parse_value: trying type name 'string'
0:00:00.013547271  2788 0x559c4161a360 TRACE   GST_REFCOUNTING gstobject.c:264:gst_object_unref: 0x559c416510e0 unref 2->1
0:00:00.017801255  2787 0x564da00ad360 DEBUG   structure gststructure.c:2203:gst_structure_parse_field: trying field name 'klass'
0:00:00.013558679  2788 0x559c4161a360 TRACE   GST_REFCOUNTING gstobject.c:264:gst_object_unref: 0x559c41651f60 unref 2->1
0:00:00.017810756  2787 0x564da00ad360 DEBUG   default gstvalue.c:2676:_priv_gst_value_parse_value: trying type name 'string'
0:00:00.013570163  2788 0x559c4161a360 TRACE   GST_REFCOUNTING gstobject.c:264:gst_object_unref: 0x559c41652d40 unref 2->1
0:00:00.017821279  2787 0x564da00ad360 DEBUG   structure gststructure.c:2203:gst_structure_parse_field: trying field name 'description'
0:00:00.013581236  2788 0x559c4161a360 TRACE   GST_REFCOUNTING gstobject.c:264:gst_object_unref: 0x559c41653a00 unref 2->1
0:00:00.017831680  2787 0x564da00ad360 DEBUG   default gstvalue.c:2676:_priv_gst_value_parse_value: trying type name 'string'
0:00:00.013592219  2788 0x559c4161a360 TRACE   GST_REFCOUNTING gstobject.c:264:gst_object_unref: 0x559c41654ff0 unref 2->1
0:00:00.017843549  2787 0x564da00ad360 DEBUG   structure gststructure.c:2203:gst_structure_parse_field: trying field name 'author'
0:00:00.017853607  2787 0x564da00ad360 DEBUG   default gstvalue.c:2676:_priv_gst_value_parse_value: trying type name 'string'
0:00:00.013603380  2788 0x559c4161a360 TRACE   GST_REFCOUNTING gstobject.c:264:gst_object_unref: 0x559c41656280 unref 2->1
0:00:00.017863240  2787 0x564da00ad360 DEBUG   GST_REGISTRY gstregistrychunks.c:626:gst_registry_chunks_load_feature: Element factory : npadtemplates=2
0:00:00.013616339  2788 0x559c4161a360 TRACE   GST_REFCOUNTING gstobject.c:264:gst_object_unref: 0x559c416573a0 unref 2->1
0:00:00.017872503  2787 0x564da00ad360 DEBUG   GST_REGISTRY gstregistrychunks.c:525:gst_registry_chunks_load_pad_template: Reading/casting for GstRegistryChunkPadTemplate at address 0x564da00d3970
0:00:00.013627952  2788 0x559c4161a360 TRACE   GST_REFCOUNTING gstobject.c:264:gst_object_unref: 0x559c41659750 unref 2->1
0:00:00.017881602  2787 0x564da00ad360 DEBUG   GST_REGISTRY gstregistrychunks.c:539:gst_registry_chunks_load_pad_template: Added pad_template src_%u
0:00:00.013639728  2788 0x559c4161a360 TRACE   GST_REFCOUNTING gstobject.c:264:gst_object_unref: 0x559c4165af00 unref 2->1
0:00:00.017891456  2787 0x564da00ad360 DEBUG   GST_REGISTRY gstregistrychunks.c:525:gst_registry_chunks_load_pad_template: Reading/casting for GstRegistryChunkPadTemplate at address 0x564da00d3988
0:00:00.013656064  2788 0x559c4161a360 TRACE   GST_REFCOUNTING gstobject.c:264:gst_object_unref: 0x559c4165c380 unref 2->1
0:00:00.017906790  2787 0x564da00ad360 DEBUG   GST_REGISTRY gstregistrychunks.c:539:gst_registry_chunks_load_pad_template: Added pad_template sink_%u
0:00:00.013667400  2788 0x559c4161a360 TRACE   GST_REFCOUNTING gstobject.c:264:gst_object_unref: 0x559c4165d760 unref 2->1
0:00:00.017919775  2787 0x564da00ad360 DEBUG   GST_REGISTRY gstregistry.c:589:gst_registry_add_feature: adding feature 0x564da00d55d0 (multiqueue)
0:00:00.013678922  2788 0x559c4161a360 TRACE   GST_REFCOUNTING gstobject.c:264:gst_object_unref: 0x559c4165e750 unref 2->1
0:00:00.017930291  2787 0x564da00ad360 DEBUG   GST_REFCOUNTING gstobject.c:708:gst_object_set_parent: set parent (ref and sink)
0:00:00.013689958  2788 0x559c4161a360 TRACE   GST_REFCOUNTING gstobject.c:264:gst_object_unref: 0x559c41660230 unref 2->1
0:00:00.017943045  2787 0x564da00ad360 TRACE   GST_REFCOUNTING gstobject.c:292:gst_object_ref_sink: 0x564da00d55d0 ref_sink 1->2
0:00:00.013700703  2788 0x559c4161a360 TRACE   GST_REFCOUNTING gstobject.c:264:gst_object_unref: 0x559c41660f20 unref 2->1
0:00:00.017954133  2787 0x564da00ad360 LOG   GST_REGISTRY gstregistry.c:607:gst_registry_add_feature: emitting feature-added for multiqueue
0:00:00.013714453  2788 0x559c4161a360 DEBUG   GST_REGISTRY gstregistrychunks.c:497:_priv_gst_registry_chunks_save_plugin: Found 22 features in plugin 0x559c416436e0 (coreelements)
0:00:00.017965439  2787 0x564da00ad360 DEBUG   GST_REGISTRY gstregistrychunks.c:740:gst_registry_chunks_load_feature: Added feature multiqueue, plugin 0x564da00dbea0 coreelements
0:00:00.013725407  2788 0x559c4161a360 DEBUG   GST_POLL gstpoll.c:979:gst_poll_fd_ctl_write: 0x559c4163e910: fd (fd:0, idx:1), active : 1
0:00:00.017976551  2787 0x564da00ad360 DEBUG   GST_REGISTRY gstregistrychunks.c:582:gst_registry_chunks_load_feature: Plugin 'coreelements' feature 'typefind' typename : 'GstElementFactory'
0:00:00.013736002  2788 0x559c4161a360 LOG   GST_POLL gstpoll.c:994:gst_poll_fd_ctl_write: 0x559c4163e910: pfd->events now 60 (POLLOUT:4)
0:00:00.017988463  2787 0x564da00ad360 TRACE   GST_REFCOUNTING gstobject.c:208:gst_object_init: 0x564da00d5ab0 new
0:00:00.013745957  2788 0x559c4161a360 DEBUG   GST_POLL gstpoll.c:979:gst_poll_fd_ctl_write: 0x559c4163e910: fd (fd:0, idx:1), active : 1
0:00:00.018001083  2787 0x564da00ad360 LOG   GST_REGISTRY gstregistrychunks.c:609:gst_registry_chunks_load_feature: Reading/casting for GstRegistryChunkElementFactory at address 0x564da00d39b8
0:00:00.013755383  2788 0x559c4161a360 LOG   GST_POLL gstpoll.c:994:gst_poll_fd_ctl_write: 0x559c4163e910: pfd->events now 60 (POLLOUT:4)
0:00:00.018011362  2787 0x564da00ad360 TRACE   structure gststructure.c:287:gst_structure_new_id_empty_with_size: created structure 0x564da00d5ce0
0:00:00.013766035  2788 0x559c4161a360 DEBUG   GST_POLL gstpoll.c:979:gst_poll_fd_ctl_write: 0x559c4163e910: fd (fd:0, idx:1), active : 1
0:00:00.018020808  2787 0x564da00ad360 DEBUG   structure gststructure.c:2203:gst_structure_parse_field: trying field name 'long-name'
0:00:00.013782128  2788 0x559c4161a360 LOG   GST_POLL gstpoll.c:994:gst_poll_fd_ctl_write: 0x559c4163e910: pfd->events now 60 (POLLOUT:4)
0:00:00.018032985  2787 0x564da00ad360 DEBUG   default gstvalue.c:2676:_priv_gst_value_parse_value: trying type name 'string'
0:00:00.013792557  2788 0x559c4161a360 DEBUG   GST_POLL gstpoll.c:979:gst_poll_fd_ctl_write: 0x559c4163e910: fd (fd:0, idx:1), active : 1
0:00:00.018043699  2787 0x564da00ad360 DEBUG   structure gststructure.c:2203:gst_structure_parse_field: trying field name 'klass'
0:00:00.013802657  2788 0x559c4161a360 LOG   GST_POLL gstpoll.c:994:gst_poll_fd_ctl_write: 0x559c4163e910: pfd->events now 60 (POLLOUT:4)
0:00:00.018053363  2787 0x564da00ad360 DEBUG   default gstvalue.c:2676:_priv_gst_value_parse_value: trying type name 'string'
0:00:00.013812995  2788 0x559c4161a360 DEBUG   GST_POLL gstpoll.c:979:gst_poll_fd_ctl_write: 0x559c4163e910: fd (fd:0, idx:1), active : 1
0:00:00.018063954  2787 0x564da00ad360 DEBUG   structure gststructure.c:2203:gst_structure_parse_field: trying field name 'description'
0:00:00.013823015  2788 0x559c4161a360 LOG   GST_POLL gstpoll.c:994:gst_poll_fd_ctl_write: 0x559c4163e910: pfd->events now 60 (POLLOUT:4)
0:00:00.018073911  2787 0x564da00ad360 DEBUG   default gstvalue.c:2676:_priv_gst_value_parse_value: trying type name 'string'
0:00:00.013833323  2788 0x559c4161a360 DEBUG   GST_POLL gstpoll.c:979:gst_poll_fd_ctl_write: 0x559c4163e910: fd (fd:0, idx:1), active : 1
0:00:00.018084701  2787 0x564da00ad360 DEBUG   structure gststructure.c:2203:gst_structure_parse_field: trying field name 'author'
0:00:00.013843106  2788 0x559c4161a360 LOG   GST_POLL gstpoll.c:994:gst_poll_fd_ctl_write: 0x559c4163e910: pfd->events now 60 (POLLOUT:4)
0:00:00.018102238  2787 0x564da00ad360 DEBUG   default gstvalue.c:2676:_priv_gst_value_parse_value: trying type name 'string'
0:00:00.013855621  2788 0x559c4161a360 DEBUG   GST_POLL gstpoll.c:979:gst_poll_fd_ctl_write: 0x559c4163e910: fd (fd:0, idx:1), active : 1
0:00:00.018113373  2787 0x564da00ad360 DEBUG   GST_REGISTRY gstregistrychunks.c:626:gst_registry_chunks_load_feature: Element factory : npadtemplates=2
0:00:00.013865904  2788 0x559c4161a360 LOG   GST_POLL gstpoll.c:994:gst_poll_fd_ctl_write: 0x559c4163e910: pfd->events now 60 (POLLOUT:4)
0:00:00.018122645  2787 0x564da00ad360 DEBUG   GST_REGISTRY gstregistrychunks.c:525:gst_registry_chunks_load_pad_template: Reading/casting for GstRegistryChunkPadTemplate at address 0x564da00d3a90
0:00:00.013876875  2788 0x559c4161a360 DEBUG   GST_POLL gstpoll.c:979:gst_poll_fd_ctl_write: 0x559c4163e910: fd (fd:0, idx:1), active : 1
0:00:00.018132063  2787 0x564da00ad360 DEBUG   GST_REGISTRY gstregistrychunks.c:539:gst_registry_chunks_load_pad_template: Added pad_template sink
0:00:00.013887100  2788 0x559c4161a360 LOG   GST_POLL gstpoll.c:994:gst_poll_fd_ctl_write: 0x559c4163e910: pfd->events now 60 (POLLOUT:4)
0:00:00.018141107  2787 0x564da00ad360 DEBUG   GST_REGISTRY gstregistrychunks.c:525:gst_registry_chunks_load_pad_template: Reading/casting for GstRegistryChunkPadTemplate at address 0x564da00d3aa8
0:00:00.013903160  2788 0x559c4161a360 DEBUG   GST_POLL gstpoll.c:979:gst_poll_fd_ctl_write: 0x559c4163e910: fd (fd:0, idx:1), active : 1
0:00:00.018153580  2787 0x564da00ad360 DEBUG   GST_REGISTRY gstregistrychunks.c:539:gst_registry_chunks_load_pad_template: Added pad_template src
0:00:00.013913370  2788 0x559c4161a360 LOG   GST_POLL gstpoll.c:994:gst_poll_fd_ctl_write: 0x559c4163e910: pfd->events now 60 (POLLOUT:4)
0:00:00.018170954  2787 0x564da00ad360 DEBUG   GST_REGISTRY gstregistry.c:589:gst_registry_add_feature: adding feature 0x564da00d5ab0 (typefind)
0:00:00.013923599  2788 0x559c4161a360 DEBUG   GST_POLL gstpoll.c:979:gst_poll_fd_ctl_write: 0x559c4163e910: fd (fd:0, idx:1), active : 1
0:00:00.018180877  2787 0x564da00ad360 DEBUG   GST_REFCOUNTING gstobject.c:708:gst_object_set_parent: set parent (ref and sink)
0:00:00.013934565  2788 0x559c4161a360 LOG   GST_POLL gstpoll.c:994:gst_poll_fd_ctl_write: 0x559c4163e910: pfd->events now 60 (POLLOUT:4)
0:00:00.018193032  2787 0x564da00ad360 TRACE   GST_REFCOUNTING gstobject.c:292:gst_object_ref_sink: 0x564da00d5ab0 ref_sink 1->2
0:00:00.013945431  2788 0x559c4161a360 DEBUG   GST_POLL gstpoll.c:979:gst_poll_fd_ctl_write: 0x559c4163e910: fd (fd:0, idx:1), active : 1
0:00:00.018203753  2787 0x564da00ad360 LOG   GST_REGISTRY gstregistry.c:607:gst_registry_add_feature: emitting feature-added for typefind
0:00:00.013956580  2788 0x559c4161a360 LOG   GST_POLL gstpoll.c:994:gst_poll_fd_ctl_write: 0x559c4163e910: pfd->events now 60 (POLLOUT:4)
0:00:00.018214783  2787 0x564da00ad360 DEBUG   GST_REGISTRY gstregistrychunks.c:740:gst_registry_chunks_load_feature: Added feature typefind, plugin 0x564da00dbea0 coreelements
0:00:00.013967100  2788 0x559c4161a360 DEBUG   GST_POLL gstpoll.c:979:gst_poll_fd_ctl_write: 0x559c4163e910: fd (fd:0, idx:1), active : 1
0:00:00.018225371  2787 0x564da00ad360 DEBUG   GST_REGISTRY gstregistrychunks.c:582:gst_registry_chunks_load_feature: Plugin 'coreelements' feature 'tee' typename : 'GstElementFactory'
0:00:00.013977595  2788 0x559c4161a360 LOG   GST_POLL gstpoll.c:994:gst_poll_fd_ctl_write: 0x559c4163e910: pfd->events now 60 (POLLOUT:4)
0:00:00.013988650  2788 0x559c4161a360 DEBUG   GST_POLL gstpoll.c:979:gst_poll_fd_ctl_write: 0x559c4163e910: fd (fd:0, idx:1), active : 1
0:00:00.018236755  2787 0x564da00ad360 TRACE   GST_REFCOUNTING gstobject.c:208:gst_object_init: 0x564da00d5f80 new
0:00:00.013998056  2788 0x559c4161a360 LOG   GST_POLL gstpoll.c:994:gst_poll_fd_ctl_write: 0x559c4163e910: pfd->events now 60 (POLLOUT:4)
0:00:00.018250455  2787 0x564da00ad360 LOG   GST_REGISTRY gstregistrychunks.c:609:gst_registry_chunks_load_feature: Reading/casting for GstRegistryChunkElementFactory at address 0x564da00d3ad0
0:00:00.014008029  2788 0x559c4161a360 DEBUG   GST_POLL gstpoll.c:979:gst_poll_fd_ctl_write: 0x559c4163e910: fd (fd:0, idx:1), active : 1
0:00:00.018260770  2787 0x564da00ad360 TRACE   structure gststructure.c:287:gst_structure_new_id_empty_with_size: created structure 0x564da00d61c0
0:00:00.014023022  2788 0x559c4161a360 LOG   GST_POLL gstpoll.c:994:gst_poll_fd_ctl_write: 0x559c4163e910: pfd->events now 60 (POLLOUT:4)
0:00:00.018274138  2787 0x564da00ad360 DEBUG   structure gststructure.c:2203:gst_structure_parse_field: trying field name 'long-name'
0:00:00.014033552  2788 0x559c4161a360 DEBUG   GST_POLL gstpoll.c:979:gst_poll_fd_ctl_write: 0x559c4163e910: fd (fd:0, idx:1), active : 1
0:00:00.018284333  2787 0x564da00ad360 DEBUG   default gstvalue.c:2676:_priv_gst_value_parse_value: trying type name 'string'
0:00:00.014043658  2788 0x559c4161a360 LOG   GST_POLL gstpoll.c:994:gst_poll_fd_ctl_write: 0x559c4163e910: pfd->events now 60 (POLLOUT:4)
0:00:00.018295259  2787 0x564da00ad360 DEBUG   structure gststructure.c:2203:gst_structure_parse_field: trying field name 'klass'
0:00:00.014054363  2788 0x559c4161a360 DEBUG   GST_POLL gstpoll.c:979:gst_poll_fd_ctl_write: 0x559c4163e910: fd (fd:0, idx:1), active : 1
0:00:00.018305583  2787 0x564da00ad360 DEBUG   default gstvalue.c:2676:_priv_gst_value_parse_value: trying type name 'string'
0:00:00.014064546  2788 0x559c4161a360 LOG   GST_POLL gstpoll.c:994:gst_poll_fd_ctl_write: 0x559c4163e910: pfd->events now 60 (POLLOUT:4)
0:00:00.018315971  2787 0x564da00ad360 DEBUG   structure gststructure.c:2203:gst_structure_parse_field: trying field name 'description'
0:00:00.014075491  2788 0x559c4161a360 DEBUG   GST_POLL gstpoll.c:979:gst_poll_fd_ctl_write: 0x559c4163e910: fd (fd:0, idx:1), active : 1
0:00:00.018325985  2787 0x564da00ad360 DEBUG   default gstvalue.c:2676:_priv_gst_value_parse_value: trying type name 'string'
0:00:00.014085658  2788 0x559c4161a360 LOG   GST_POLL gstpoll.c:994:gst_poll_fd_ctl_write: 0x559c4163e910: pfd->events now 60 (POLLOUT:4)
0:00:00.018337205  2787 0x564da00ad360 DEBUG   structure gststructure.c:2203:gst_structure_parse_field: trying field name 'author'
0:00:00.014096361  2788 0x559c4161a360 DEBUG   GST_POLL gstpoll.c:979:gst_poll_fd_ctl_write: 0x559c4163e910: fd (fd:0, idx:1), active : 1
0:00:00.018347239  2787 0x564da00ad360 DEBUG   default gstvalue.c:2676:_priv_gst_value_parse_value: trying type name 'string'
0:00:00.014106557  2788 0x559c4161a360 LOG   GST_POLL gstpoll.c:994:gst_poll_fd_ctl_write: 0x559c4163e910: pfd->events now 60 (POLLOUT:4)
0:00:00.018358853  2787 0x564da00ad360 DEBUG   GST_REGISTRY gstregistrychunks.c:626:gst_registry_chunks_load_feature: Element factory : npadtemplates=2
0:00:00.014116600  2788 0x559c4161a360 DEBUG   GST_POLL gstpoll.c:979:gst_poll_fd_ctl_write: 0x559c4163e910: fd (fd:0, idx:1), active : 1
0:00:00.018368645  2787 0x564da00ad360 DEBUG   GST_REGISTRY gstregistrychunks.c:525:gst_registry_chunks_load_pad_template: Reading/casting for GstRegistryChunkPadTemplate at address 0x564da00d3bc0
0:00:00.014126920  2788 0x559c4161a360 LOG   GST_POLL gstpoll.c:994:gst_poll_fd_ctl_write: 0x559c4163e910: pfd->events now 60 (POLLOUT:4)
0:00:00.018378685  2787 0x564da00ad360 DEBUG   GST_REGISTRY gstregistrychunks.c:539:gst_registry_chunks_load_pad_template: Added pad_template src_%u
0:00:00.014137878  2788 0x559c4161a360 DEBUG   GST_POLL gstpoll.c:979:gst_poll_fd_ctl_write: 0x559c4163e910: fd (fd:0, idx:1), active : 1
0:00:00.018394665  2787 0x564da00ad360 DEBUG   GST_REGISTRY gstregistrychunks.c:525:gst_registry_chunks_load_pad_template: Reading/casting for GstRegistryChunkPadTemplate at address 0x564da00d3bd8
0:00:00.014148660  2788 0x559c4161a360 LOG   GST_POLL gstpoll.c:994:gst_poll_fd_ctl_write: 0x559c4163e910: pfd->events now 60 (POLLOUT:4)
0:00:00.018404593  2787 0x564da00ad360 DEBUG   GST_REGISTRY gstregistrychunks.c:539:gst_registry_chunks_load_pad_template: Added pad_template sink
0:00:00.014159685  2788 0x559c4161a360 DEBUG   GST_POLL gstpoll.c:979:gst_poll_fd_ctl_write: 0x559c4163e910: fd (fd:0, idx:1), active : 1
0:00:00.018415930  2787 0x564da00ad360 DEBUG   GST_REGISTRY gstregistry.c:589:gst_registry_add_feature: adding feature 0x564da00d5f80 (tee)
0:00:00.014169777  2788 0x559c4161a360 LOG   GST_POLL gstpoll.c:994:gst_poll_fd_ctl_write: 0x559c4163e910: pfd->events now 60 (POLLOUT:4)
0:00:00.018425763  2787 0x564da00ad360 DEBUG   GST_REFCOUNTING gstobject.c:708:gst_object_set_parent: set parent (ref and sink)
0:00:00.014180548  2788 0x559c4161a360 DEBUG   GST_POLL gstpoll.c:979:gst_poll_fd_ctl_write: 0x559c4163e910: fd (fd:0, idx:1), active : 1
0:00:00.018438281  2787 0x564da00ad360 TRACE   GST_REFCOUNTING gstobject.c:292:gst_object_ref_sink: 0x564da00d5f80 ref_sink 1->2
0:00:00.014190947  2788 0x559c4161a360 LOG   GST_POLL gstpoll.c:994:gst_poll_fd_ctl_write: 0x559c4163e910: pfd->events now 60 (POLLOUT:4)
0:00:00.018448974  2787 0x564da00ad360 LOG   GST_REGISTRY gstregistry.c:607:gst_registry_add_feature: emitting feature-added for tee
0:00:00.014202308  2788 0x559c4161a360 DEBUG   GST_POLL gstpoll.c:979:gst_poll_fd_ctl_write: 0x559c4163e910: fd (fd:0, idx:1), active : 1
0:00:00.018459788  2787 0x564da00ad360 DEBUG   GST_REGISTRY gstregistrychunks.c:740:gst_registry_chunks_load_feature: Added feature tee, plugin 0x564da00dbea0 coreelements
0:00:00.014212667  2788 0x559c4161a360 LOG   GST_POLL gstpoll.c:994:gst_poll_fd_ctl_write: 0x559c4163e910: pfd->events now 60 (POLLOUT:4)
0:00:00.018470606  2787 0x564da00ad360 DEBUG   GST_REGISTRY gstregistrychunks.c:582:gst_registry_chunks_load_feature: Plugin 'coreelements' feature 'filesink' typename : 'GstElementFactory'
0:00:00.014223234  2788 0x559c4161a360 DEBUG   GST_POLL gstpoll.c:979:gst_poll_fd_ctl_write: 0x559c4163e910: fd (fd:0, idx:1), active : 1
0:00:00.014233407  2788 0x559c4161a360 LOG   GST_POLL gstpoll.c:994:gst_poll_fd_ctl_write: 0x559c4163e910: pfd->events now 60 (POLLOUT:4)
0:00:00.018482040  2787 0x564da00ad360 TRACE   GST_REFCOUNTING gstobject.c:208:gst_object_init: 0x564da00d64f0 new
0:00:00.014243521  2788 0x559c4161a360 DEBUG   GST_POLL gstpoll.c:979:gst_poll_fd_ctl_write: 0x559c4163e910: fd (fd:0, idx:1), active : 1
0:00:00.018495424  2787 0x564da00ad360 LOG   GST_REGISTRY gstregistrychunks.c:609:gst_registry_chunks_load_feature: Reading/casting for GstRegistryChunkElementFactory at address 0x564da00d3c08
0:00:00.014253341  2788 0x559c4161a360 LOG   GST_POLL gstpoll.c:994:gst_poll_fd_ctl_write: 0x559c4163e910: pfd->events now 60 (POLLOUT:4)
0:00:00.018511644  2787 0x564da00ad360 TRACE   structure gststructure.c:287:gst_structure_new_id_empty_with_size: created structure 0x564da00d67f0
0:00:00.014265257  2788 0x559c4161a360 DEBUG   GST_POLL gstpoll.c:979:gst_poll_fd_ctl_write: 0x559c4163e910: fd (fd:0, idx:1), active : 1
0:00:00.018521421  2787 0x564da00ad360 DEBUG   structure gststructure.c:2203:gst_structure_parse_field: trying field name 'long-name'
0:00:00.014275750  2788 0x559c4161a360 LOG   GST_POLL gstpoll.c:994:gst_poll_fd_ctl_write: 0x559c4163e910: pfd->events now 60 (POLLOUT:4)
0:00:00.018530872  2787 0x564da00ad360 DEBUG   default gstvalue.c:2676:_priv_gst_value_parse_value: trying type name 'string'
0:00:00.014287160  2788 0x559c4161a360 DEBUG   GST_POLL gstpoll.c:979:gst_poll_fd_ctl_write: 0x559c4163e910: fd (fd:0, idx:1), active : 1
0:00:00.018540825  2787 0x564da00ad360 DEBUG   structure gststructure.c:2203:gst_structure_parse_field: trying field name 'klass'
0:00:00.014297254  2788 0x559c4161a360 LOG   GST_POLL gstpoll.c:994:gst_poll_fd_ctl_write: 0x559c4163e910: pfd->events now 60 (POLLOUT:4)
0:00:00.018550194  2787 0x564da00ad360 DEBUG   default gstvalue.c:2676:_priv_gst_value_parse_value: trying type name 'string'
0:00:00.014308203  2788 0x559c4161a360 DEBUG   GST_POLL gstpoll.c:979:gst_poll_fd_ctl_write: 0x559c4163e910: fd (fd:0, idx:1), active : 1
0:00:00.018560658  2787 0x564da00ad360 DEBUG   structure gststructure.c:2203:gst_structure_parse_field: trying field name 'description'
0:00:00.014318234  2788 0x559c4161a360 LOG   GST_POLL gstpoll.c:994:gst_poll_fd_ctl_write: 0x559c4163e910: pfd->events now 60 (POLLOUT:4)
0:00:00.018570575  2787 0x564da00ad360 DEBUG   default gstvalue.c:2676:_priv_gst_value_parse_value: trying type name 'string'
0:00:00.014328851  2788 0x559c4161a360 DEBUG   GST_POLL gstpoll.c:979:gst_poll_fd_ctl_write: 0x559c4163e910: fd (fd:0, idx:1), active : 1
0:00:00.018581141  2787 0x564da00ad360 DEBUG   structure gststructure.c:2203:gst_structure_parse_field: trying field name 'author'
0:00:00.018590947  2787 0x564da00ad360 DEBUG   default gstvalue.c:2676:_priv_gst_value_parse_value: trying type name 'string'
0:00:00.014338774  2788 0x559c4161a360 LOG   GST_POLL gstpoll.c:994:gst_poll_fd_ctl_write: 0x559c4163e910: pfd->events now 60 (POLLOUT:4)
0:00:00.018600367  2787 0x564da00ad360 DEBUG   GST_REGISTRY gstregistrychunks.c:626:gst_registry_chunks_load_feature: Element factory : npadtemplates=1
0:00:00.014355054  2788 0x559c4161a360 DEBUG   GST_POLL gstpoll.c:979:gst_poll_fd_ctl_write: 0x559c4163e910: fd (fd:0, idx:1), active : 1
0:00:00.018609946  2787 0x564da00ad360 DEBUG   GST_REGISTRY gstregistrychunks.c:525:gst_registry_chunks_load_pad_template: Reading/casting for GstRegistryChunkPadTemplate at address 0x564da00d3ce8
0:00:00.014365660  2788 0x559c4161a360 LOG   GST_POLL gstpoll.c:994:gst_poll_fd_ctl_write: 0x559c4163e910: pfd->events now 60 (POLLOUT:4)
0:00:00.018619488  2787 0x564da00ad360 DEBUG   GST_REGISTRY gstregistrychunks.c:539:gst_registry_chunks_load_pad_template: Added pad_template sink
0:00:00.014376456  2788 0x559c4161a360 DEBUG   GST_POLL gstpoll.c:979:gst_poll_fd_ctl_write: 0x559c4163e910: fd (fd:0, idx:1), active : 1
0:00:00.018636042  2787 0x564da00ad360 DEBUG   GST_REGISTRY gstregistrychunks.c:639:gst_registry_chunks_load_feature: Reading 1 UriTypes at address 0x564da00d3cf9
0:00:00.014388808  2788 0x559c4161a360 LOG   GST_POLL gstpoll.c:994:gst_poll_fd_ctl_write: 0x559c4163e910: pfd->events now 60 (POLLOUT:4)
0:00:00.018665391  2787 0x564da00ad360 DEBUG   GST_REGISTRY gstregistrychunks.c:654:gst_registry_chunks_load_feature: Reading 1 Interfaces at address 0x564da00d3d09
0:00:00.014417442  2788 0x559c4161a360 DEBUG   GST_POLL gstpoll.c:979:gst_poll_fd_ctl_write: 0x559c4163e910: fd (fd:0, idx:1), active : 1
0:00:00.018677554  2787 0x564da00ad360 DEBUG   GST_REGISTRY gstregistry.c:589:gst_registry_add_feature: adding feature 0x564da00d64f0 (filesink)
0:00:00.014428500  2788 0x559c4161a360 LOG   GST_POLL gstpoll.c:994:gst_poll_fd_ctl_write: 0x559c4163e910: pfd->events now 60 (POLLOUT:4)
0:00:00.018686977  2787 0x564da00ad360 DEBUG   GST_REFCOUNTING gstobject.c:708:gst_object_set_parent: set parent (ref and sink)
0:00:00.014441201  2788 0x559c4161a360 DEBUG   GST_POLL gstpoll.c:979:gst_poll_fd_ctl_write: 0x559c4163e910: fd (fd:0, idx:1), active : 1
0:00:00.018699221  2787 0x564da00ad360 TRACE   GST_REFCOUNTING gstobject.c:292:gst_object_ref_sink: 0x564da00d64f0 ref_sink 1->2
0:00:00.014451518  2788 0x559c4161a360 LOG   GST_POLL gstpoll.c:994:gst_poll_fd_ctl_write: 0x559c4163e910: pfd->events now 60 (POLLOUT:4)
0:00:00.018709949  2787 0x564da00ad360 LOG   GST_REGISTRY gstregistry.c:607:gst_registry_add_feature: emitting feature-added for filesink
0:00:00.014463485  2788 0x559c4161a360 DEBUG   GST_POLL gstpoll.c:979:gst_poll_fd_ctl_write: 0x559c4163e910: fd (fd:0, idx:1), active : 1
0:00:00.018721055  2787 0x564da00ad360 DEBUG   GST_REGISTRY gstregistrychunks.c:740:gst_registry_chunks_load_feature: Added feature filesink, plugin 0x564da00dbea0 coreelements
0:00:00.014473982  2788 0x559c4161a360 LOG   GST_POLL gstpoll.c:994:gst_poll_fd_ctl_write: 0x559c4163e910: pfd->events now 60 (POLLOUT:4)
0:00:00.018731669  2787 0x564da00ad360 DEBUG   GST_REGISTRY gstregistrychunks.c:582:gst_registry_chunks_load_feature: Plugin 'coreelements' feature 'queue2' typename : 'GstElementFactory'
0:00:00.014484777  2788 0x559c4161a360 DEBUG   GST_POLL gstpoll.c:979:gst_poll_fd_ctl_write: 0x559c4163e910: fd (fd:0, idx:1), active : 1
0:00:00.014494554  2788 0x559c4161a360 LOG   GST_POLL gstpoll.c:994:gst_poll_fd_ctl_write: 0x559c4163e910: pfd->events now 60 (POLLOUT:4)
0:00:00.018743519  2787 0x564da00ad360 TRACE   GST_REFCOUNTING gstobject.c:208:gst_object_init: 0x564da00d6a20 new
0:00:00.014522021  2788 0x559c4161a360 DEBUG   GST_POLL gstpoll.c:979:gst_poll_fd_ctl_write: 0x559c4163e910: fd (fd:0, idx:1), active : 1
0:00:00.018774449  2787 0x564da00ad360 LOG   GST_REGISTRY gstregistrychunks.c:609:gst_registry_chunks_load_feature: Reading/casting for GstRegistryChunkElementFactory at address 0x564da00d3d30
0:00:00.014532420  2788 0x559c4161a360 LOG   GST_POLL gstpoll.c:994:gst_poll_fd_ctl_write: 0x559c4163e910: pfd->events now 60 (POLLOUT:4)
0:00:00.018792454  2787 0x564da00ad360 TRACE   structure gststructure.c:287:gst_structure_new_id_empty_with_size: created structure 0x564da00d6d80
0:00:00.014546006  2788 0x559c4161a360 DEBUG   GST_POLL gstpoll.c:979:gst_poll_fd_ctl_write: 0x559c4163e910: fd (fd:0, idx:1), active : 1
0:00:00.018803084  2787 0x564da00ad360 DEBUG   structure gststructure.c:2203:gst_structure_parse_field: trying field name 'long-name'
0:00:00.014557226  2788 0x559c4161a360 LOG   GST_POLL gstpoll.c:994:gst_poll_fd_ctl_write: 0x559c4163e910: pfd->events now 60 (POLLOUT:4)
0:00:00.018813774  2787 0x564da00ad360 DEBUG   default gstvalue.c:2676:_priv_gst_value_parse_value: trying type name 'string'
0:00:00.014568771  2788 0x559c4161a360 DEBUG   GST_POLL gstpoll.c:979:gst_poll_fd_ctl_write: 0x559c4163e910: fd (fd:0, idx:1), active : 1
0:00:00.018824863  2787 0x564da00ad360 DEBUG   structure gststructure.c:2203:gst_structure_parse_field: trying field name 'klass'
0:00:00.014579591  2788 0x559c4161a360 LOG   GST_POLL gstpoll.c:994:gst_poll_fd_ctl_write: 0x559c4163e910: pfd->events now 60 (POLLOUT:4)
0:00:00.018835504  2787 0x564da00ad360 DEBUG   default gstvalue.c:2676:_priv_gst_value_parse_value: trying type name 'string'
0:00:00.014590924  2788 0x559c4161a360 DEBUG   GST_POLL gstpoll.c:979:gst_poll_fd_ctl_write: 0x559c4163e910: fd (fd:0, idx:1), active : 1
0:00:00.018846814  2787 0x564da00ad360 DEBUG   structure gststructure.c:2203:gst_structure_parse_field: trying field name 'description'
0:00:00.014601668  2788 0x559c4161a360 LOG   GST_POLL gstpoll.c:994:gst_poll_fd_ctl_write: 0x559c4163e910: pfd->events now 60 (POLLOUT:4)
0:00:00.018857294  2787 0x564da00ad360 DEBUG   default gstvalue.c:2676:_priv_gst_value_parse_value: trying type name 'string'
0:00:00.014613502  2788 0x559c4161a360 DEBUG   GST_POLL gstpoll.c:979:gst_poll_fd_ctl_write: 0x559c4163e910: fd (fd:0, idx:1), active : 1
0:00:00.018872203  2787 0x564da00ad360 DEBUG   structure gststructure.c:2203:gst_structure_parse_field: trying field name 'author'
0:00:00.014624368  2788 0x559c4161a360 LOG   GST_POLL gstpoll.c:994:gst_poll_fd_ctl_write: 0x559c4163e910: pfd->events now 60 (POLLOUT:4)
0:00:00.018882653  2787 0x564da00ad360 DEBUG   default gstvalue.c:2676:_priv_gst_value_parse_value: trying type name 'string'
0:00:00.014636736  2788 0x559c4161a360 DEBUG   GST_POLL gstpoll.c:979:gst_poll_fd_ctl_write: 0x559c4163e910: fd (fd:0, idx:1), active : 1
0:00:00.018894703  2787 0x564da00ad360 DEBUG   GST_REGISTRY gstregistrychunks.c:626:gst_registry_chunks_load_feature: Element factory : npadtemplates=2
0:00:00.014647940  2788 0x559c4161a360 LOG   GST_POLL gstpoll.c:994:gst_poll_fd_ctl_write: 0x559c4163e910: pfd->events now 60 (POLLOUT:4)
0:00:00.018904884  2787 0x564da00ad360 DEBUG   GST_REGISTRY gstregistrychunks.c:525:gst_registry_chunks_load_pad_template: Reading/casting for GstRegistryChunkPadTemplate at address 0x564da00d3e20
0:00:00.014659324  2788 0x559c4161a360 DEBUG   GST_POLL gstpoll.c:979:gst_poll_fd_ctl_write: 0x559c4163e910: fd (fd:0, idx:1), active : 1
0:00:00.018915192  2787 0x564da00ad360 DEBUG   GST_REGISTRY gstregistrychunks.c:539:gst_registry_chunks_load_pad_template: Added pad_template sink
0:00:00.014677941  2788 0x559c4161a360 LOG   GST_POLL gstpoll.c:994:gst_poll_fd_ctl_write: 0x559c4163e910: pfd->events now 60 (POLLOUT:4)
0:00:00.018928574  2787 0x564da00ad360 DEBUG   GST_REGISTRY gstregistrychunks.c:525:gst_registry_chunks_load_pad_template: Reading/casting for GstRegistryChunkPadTemplate at address 0x564da00d3e38
0:00:00.014700457  2788 0x559c4161a360 DEBUG   GST_POLL gstpoll.c:979:gst_poll_fd_ctl_write: 0x559c4163e910: fd (fd:0, idx:1), active : 1
0:00:00.018951059  2787 0x564da00ad360 DEBUG   GST_REGISTRY gstregistrychunks.c:539:gst_registry_chunks_load_pad_template: Added pad_template src
0:00:00.014710893  2788 0x559c4161a360 LOG   GST_POLL gstpoll.c:994:gst_poll_fd_ctl_write: 0x559c4163e910: pfd->events now 60 (POLLOUT:4)
0:00:00.018963614  2787 0x564da00ad360 DEBUG   GST_REGISTRY gstregistry.c:589:gst_registry_add_feature: adding feature 0x564da00d6a20 (queue2)
0:00:00.014721365  2788 0x559c4161a360 DEBUG   GST_POLL gstpoll.c:979:gst_poll_fd_ctl_write: 0x559c4163e910: fd (fd:0, idx:1), active : 1
0:00:00.018973537  2787 0x564da00ad360 DEBUG   GST_REFCOUNTING gstobject.c:708:gst_object_set_parent: set parent (ref and sink)
0:00:00.014731243  2788 0x559c4161a360 LOG   GST_POLL gstpoll.c:994:gst_poll_fd_ctl_write: 0x559c4163e910: pfd->events now 60 (POLLOUT:4)
0:00:00.018986351  2787 0x564da00ad360 TRACE   GST_REFCOUNTING gstobject.c:292:gst_object_ref_sink: 0x564da00d6a20 ref_sink 1->2
0:00:00.014741406  2788 0x559c4161a360 DEBUG   GST_POLL gstpoll.c:979:gst_poll_fd_ctl_write: 0x559c4163e910: fd (fd:0, idx:1), active : 1
0:00:00.018997434  2787 0x564da00ad360 LOG   GST_REGISTRY gstregistry.c:607:gst_registry_add_feature: emitting feature-added for queue2
0:00:00.014751822  2788 0x559c4161a360 LOG   GST_POLL gstpoll.c:994:gst_poll_fd_ctl_write: 0x559c4163e910: pfd->events now 60 (POLLOUT:4)
0:00:00.019008926  2787 0x564da00ad360 DEBUG   GST_REGISTRY gstregistrychunks.c:740:gst_registry_chunks_load_feature: Added feature queue2, plugin 0x564da00dbea0 coreelements
0:00:00.014762505  2788 0x559c4161a360 DEBUG   GST_POLL gstpoll.c:979:gst_poll_fd_ctl_write: 0x559c4163e910: fd (fd:0, idx:1), active : 1
0:00:00.019019853  2787 0x564da00ad360 DEBUG   GST_REGISTRY gstregistrychunks.c:582:gst_registry_chunks_load_feature: Plugin 'coreelements' feature 'queue' typename : 'GstElementFactory'
0:00:00.014772972  2788 0x559c4161a360 LOG   GST_POLL gstpoll.c:994:gst_poll_fd_ctl_write: 0x559c4163e910: pfd->events now 60 (POLLOUT:4)
0:00:00.019031319  2787 0x564da00ad360 TRACE   GST_REFCOUNTING gstobject.c:208:gst_object_init: 0x564da00d7170 new
0:00:00.014783241  2788 0x559c4161a360 DEBUG   GST_POLL gstpoll.c:979:gst_poll_fd_ctl_write: 0x559c4163e910: fd (fd:0, idx:1), active : 1
0:00:00.019042905  2787 0x564da00ad360 LOG   GST_REGISTRY gstregistrychunks.c:609:gst_registry_chunks_load_feature: Reading/casting for GstRegistryChunkElementFactory at address 0x564da00d3e60
0:00:00.014795179  2788 0x559c4161a360 LOG   GST_POLL gstpoll.c:994:gst_poll_fd_ctl_write: 0x559c4163e910: pfd->events now 60 (POLLOUT:4)
0:00:00.019057893  2787 0x564da00ad360 TRACE   structure gststructure.c:287:gst_structure_new_id_empty_with_size: created structure 0x564da00d7540
0:00:00.014811513  2788 0x559c4161a360 DEBUG   GST_POLL gstpoll.c:979:gst_poll_fd_ctl_write: 0x559c4163e910: fd (fd:0, idx:1), active : 1
0:00:00.019067412  2787 0x564da00ad360 DEBUG   structure gststructure.c:2203:gst_structure_parse_field: trying field name 'long-name'
0:00:00.014822088  2788 0x559c4161a360 LOG   GST_POLL gstpoll.c:994:gst_poll_fd_ctl_write: 0x559c4163e910: pfd->events now 60 (POLLOUT:4)
0:00:00.019077531  2787 0x564da00ad360 DEBUG   default gstvalue.c:2676:_priv_gst_value_parse_value: trying type name 'string'
0:00:00.014832963  2788 0x559c4161a360 DEBUG   GST_POLL gstpoll.c:979:gst_poll_fd_ctl_write: 0x559c4163e910: fd (fd:0, idx:1), active : 1
0:00:00.014842861  2788 0x559c4161a360 LOG   GST_POLL gstpoll.c:994:gst_poll_fd_ctl_write: 0x559c4163e910: pfd->events now 60 (POLLOUT:4)
0:00:00.019087680  2787 0x564da00ad360 DEBUG   structure gststructure.c:2203:gst_structure_parse_field: trying field name 'klass'
0:00:00.014853906  2788 0x559c4161a360 DEBUG   GST_POLL gstpoll.c:979:gst_poll_fd_ctl_write: 0x559c4163e910: fd (fd:0, idx:1), active : 1
0:00:00.019105482  2787 0x564da00ad360 DEBUG   default gstvalue.c:2676:_priv_gst_value_parse_value: trying type name 'string'
0:00:00.014863975  2788 0x559c4161a360 LOG   GST_POLL gstpoll.c:994:gst_poll_fd_ctl_write: 0x559c4163e910: pfd->events now 60 (POLLOUT:4)
0:00:00.019116098  2787 0x564da00ad360 DEBUG   structure gststructure.c:2203:gst_structure_parse_field: trying field name 'description'
0:00:00.014874749  2788 0x559c4161a360 DEBUG   GST_POLL gstpoll.c:979:gst_poll_fd_ctl_write: 0x559c4163e910: fd (fd:0, idx:1), active : 1
0:00:00.019126444  2787 0x564da00ad360 DEBUG   default gstvalue.c:2676:_priv_gst_value_parse_value: trying type name 'string'
0:00:00.014885539  2788 0x559c4161a360 LOG   GST_POLL gstpoll.c:994:gst_poll_fd_ctl_write: 0x559c4163e910: pfd->events now 60 (POLLOUT:4)
0:00:00.019137205  2787 0x564da00ad360 DEBUG   structure gststructure.c:2203:gst_structure_parse_field: trying field name 'author'
0:00:00.014896286  2788 0x559c4161a360 DEBUG   GST_POLL gstpoll.c:979:gst_poll_fd_ctl_write: 0x559c4163e910: fd (fd:0, idx:1), active : 1
0:00:00.019147327  2787 0x564da00ad360 DEBUG   default gstvalue.c:2676:_priv_gst_value_parse_value: trying type name 'string'
0:00:00.014906445  2788 0x559c4161a360 LOG   GST_POLL gstpoll.c:994:gst_poll_fd_ctl_write: 0x559c4163e910: pfd->events now 60 (POLLOUT:4)
0:00:00.019157945  2787 0x564da00ad360 DEBUG   GST_REGISTRY gstregistrychunks.c:626:gst_registry_chunks_load_feature: Element factory : npadtemplates=2
0:00:00.014917229  2788 0x559c4161a360 DEBUG   GST_POLL gstpoll.c:979:gst_poll_fd_ctl_write: 0x559c4163e910: fd (fd:0, idx:1), active : 1
0:00:00.019167938  2787 0x564da00ad360 DEBUG   GST_REGISTRY gstregistrychunks.c:525:gst_registry_chunks_load_pad_template: Reading/casting for GstRegistryChunkPadTemplate at address 0x564da00d3f18
0:00:00.014927428  2788 0x559c4161a360 LOG   GST_POLL gstpoll.c:994:gst_poll_fd_ctl_write: 0x559c4163e910: pfd->events now 60 (POLLOUT:4)
0:00:00.019183660  2787 0x564da00ad360 DEBUG   GST_REGISTRY gstregistrychunks.c:539:gst_registry_chunks_load_pad_template: Added pad_template sink
0:00:00.014938398  2788 0x559c4161a360 DEBUG   GST_POLL gstpoll.c:979:gst_poll_fd_ctl_write: 0x559c4163e910: fd (fd:0, idx:1), active : 1
0:00:00.019193036  2787 0x564da00ad360 DEBUG   GST_REGISTRY gstregistrychunks.c:525:gst_registry_chunks_load_pad_template: Reading/casting for GstRegistryChunkPadTemplate at address 0x564da00d3f30
0:00:00.014948970  2788 0x559c4161a360 LOG   GST_POLL gstpoll.c:994:gst_poll_fd_ctl_write: 0x559c4163e910: pfd->events now 60 (POLLOUT:4)
0:00:00.019202774  2787 0x564da00ad360 DEBUG   GST_REGISTRY gstregistrychunks.c:539:gst_registry_chunks_load_pad_template: Added pad_template src
0:00:00.014960008  2788 0x559c4161a360 DEBUG   GST_POLL gstpoll.c:979:gst_poll_fd_ctl_write: 0x559c4163e910: fd (fd:0, idx:1), active : 1
0:00:00.019214655  2787 0x564da00ad360 DEBUG   GST_REGISTRY gstregistry.c:589:gst_registry_add_feature: adding feature 0x564da00d7170 (queue)
0:00:00.014969403  2788 0x559c4161a360 LOG   GST_POLL gstpoll.c:994:gst_poll_fd_ctl_write: 0x559c4163e910: pfd->events now 60 (POLLOUT:4)
0:00:00.019224282  2787 0x564da00ad360 DEBUG   GST_REFCOUNTING gstobject.c:708:gst_object_set_parent: set parent (ref and sink)
0:00:00.014979874  2788 0x559c4161a360 DEBUG   GST_POLL gstpoll.c:979:gst_poll_fd_ctl_write: 0x559c4163e910: fd (fd:0, idx:1), active : 1
0:00:00.019237048  2787 0x564da00ad360 TRACE   GST_REFCOUNTING gstobject.c:292:gst_object_ref_sink: 0x564da00d7170 ref_sink 1->2
0:00:00.014990364  2788 0x559c4161a360 LOG   GST_POLL gstpoll.c:994:gst_poll_fd_ctl_write: 0x559c4163e910: pfd->events now 60 (POLLOUT:4)
0:00:00.019247870  2787 0x564da00ad360 LOG   GST_REGISTRY gstregistry.c:607:gst_registry_add_feature: emitting feature-added for queue
0:00:00.015001244  2788 0x559c4161a360 DEBUG   GST_POLL gstpoll.c:979:gst_poll_fd_ctl_write: 0x559c4163e910: fd (fd:0, idx:1), active : 1
0:00:00.019258835  2787 0x564da00ad360 DEBUG   GST_REGISTRY gstregistrychunks.c:740:gst_registry_chunks_load_feature: Added feature queue, plugin 0x564da00dbea0 coreelements
0:00:00.015011684  2788 0x559c4161a360 LOG   GST_POLL gstpoll.c:994:gst_poll_fd_ctl_write: 0x559c4163e910: pfd->events now 60 (POLLOUT:4)
0:00:00.019269512  2787 0x564da00ad360 DEBUG   GST_REGISTRY gstregistrychunks.c:582:gst_registry_chunks_load_feature: Plugin 'coreelements' feature 'output-selector' typename : 'GstElementFactory'
0:00:00.015022359  2788 0x559c4161a360 DEBUG   GST_POLL gstpoll.c:979:gst_poll_fd_ctl_write: 0x559c4163e910: fd (fd:0, idx:1), active : 1
0:00:00.015032164  2788 0x559c4161a360 LOG   GST_POLL gstpoll.c:994:gst_poll_fd_ctl_write: 0x559c4163e910: pfd->events now 60 (POLLOUT:4)
0:00:00.019280950  2787 0x564da00ad360 TRACE   GST_REFCOUNTING gstobject.c:208:gst_object_init: 0x564da00d7970 new
0:00:00.015042554  2788 0x559c4161a360 DEBUG   GST_POLL gstpoll.c:979:gst_poll_fd_ctl_write: 0x559c4163e910: fd (fd:0, idx:1), active : 1
0:00:00.019299922  2787 0x564da00ad360 LOG   GST_REGISTRY gstregistrychunks.c:609:gst_registry_chunks_load_feature: Reading/casting for GstRegistryChunkElementFactory at address 0x564da00d3f68
0:00:00.015052852  2788 0x559c4161a360 LOG   GST_POLL gstpoll.c:994:gst_poll_fd_ctl_write: 0x559c4163e910: pfd->events now 60 (POLLOUT:4)
0:00:00.019310356  2787 0x564da00ad360 TRACE   structure gststructure.c:287:gst_structure_new_id_empty_with_size: created structure 0x564da00d7c70
0:00:00.015063786  2788 0x559c4161a360 DEBUG   GST_POLL gstpoll.c:979:gst_poll_fd_ctl_write: 0x559c4163e910: fd (fd:0, idx:1), active : 1
0:00:00.019320048  2787 0x564da00ad360 DEBUG   structure gststructure.c:2203:gst_structure_parse_field: trying field name 'long-name'
0:00:00.015073964  2788 0x559c4161a360 LOG   GST_POLL gstpoll.c:994:gst_poll_fd_ctl_write: 0x559c4163e910: pfd->events now 60 (POLLOUT:4)
0:00:00.019329831  2787 0x564da00ad360 DEBUG   default gstvalue.c:2676:_priv_gst_value_parse_value: trying type name 'string'
0:00:00.015084940  2788 0x559c4161a360 DEBUG   GST_POLL gstpoll.c:979:gst_poll_fd_ctl_write: 0x559c4163e910: fd (fd:0, idx:1), active : 1
0:00:00.019340181  2787 0x564da00ad360 DEBUG   structure gststructure.c:2203:gst_structure_parse_field: trying field name 'klass'
