0:00:00.010655612  2788 0x559c4161a360 DEBUG   GST_POLL gstpoll.c:979:gst_poll_fd_ctl_write: 0x559c4163e910: fd (fd:0, idx:1), active : 1
0:00:00.010661307  2788 0x559c4161a360 LOG   GST_POLL gstpoll.c:994:gst_poll_fd_ctl_write: 0x559c4163e910: pfd->events now 60 (POLLOUT:4)
0:00:00.010667215  2788 0x559c4161a360 DEBUG   GST_POLL gstpoll.c:979:gst_poll_fd_ctl_write: 0x559c4163e910: fd (fd:0, idx:1), active : 1
0:00:00.010685137  2788 0x559c4161a360 LOG   GST_POLL gstpoll.c:994:gst_poll_fd_ctl_write: 0x559c4163e910: pfd->events now 60 (POLLOUT:4)
0:00:00.010691430  2788 0x559c4161a360 DEBUG   GST_POLL gstpoll.c:979:gst_poll_fd_ctl_write: 0x559c4163e910: fd (fd:0, idx:1), active : 1
0:00:00.010696986  2788 0x559c4161a360 LOG   GST_POLL gstpoll.c:994:gst_poll_fd_ctl_write: 0x559c4163e910: pfd->events now 60 (POLLOUT:4)
0:00:00.010702870  2788 0x559c4161a360 DEBUG   GST_POLL gstpoll.c:979:gst_poll_fd_ctl_write: 0x559c4163e910: fd (fd:0, idx:1), active : 1
0:00:00.010708357  2788 0x559c4161a360 LOG   GST_POLL gstpoll.c:994:gst_poll_fd_ctl_write: 0x559c4163e910: pfd->events now 60 (POLLOUT:4)
0:00:00.010714181  2788 0x559c4161a360 DEBUG   GST_POLL gstpoll.c:979:gst_poll_fd_ctl_write: 0x559c4163e910: fd (fd:0, idx:1), active : 1
0:00:00.010719668  2788 0x559c4161a360 LOG   GST_POLL gstpoll.c:994:gst_poll_fd_ctl_write: 0x559c4163e910: pfd->events now 60 (POLLOUT:4)
0:00:00.010725351  2788 0x559c4161a360 DEBUG   GST_POLL gstpoll.c:979:gst_poll_fd_ctl_write: 0x559c4163e910: fd (fd:0, idx:1), active : 1
0:00:00.010730825  2788 0x559c4161a360 LOG   GST_POLL gstpoll.c:994:gst_poll_fd_ctl_write: 0x559c4163e910: pfd->events now 60 (POLLOUT:4)
0:00:00.010736501  2788 0x559c4161a360 DEBUG   GST_POLL gstpoll.c:979:gst_poll_fd_ctl_write: 0x559c4163e910: fd (fd:0, idx:1), active : 1
0:00:00.010741996  2788 0x559c4161a360 LOG   GST_POLL gstpoll.c:994:gst_poll_fd_ctl_write: 0x559c4163e910: pfd->events now 60 (POLLOUT:4)
0:00:00.010747719  2788 0x559c4161a360 DEBUG   GST_POLL gstpoll.c:979:gst_poll_fd_ctl_write: 0x559c4163e910: fd (fd:0, idx:1), active : 1
0:00:00.010753295  2788 0x559c4161a360 LOG   GST_POLL gstpoll.c:994:gst_poll_fd_ctl_write: 0x559c4163e910: pfd->events now 60 (POLLOUT:4)
0:00:00.010762767  2788 0x559c4161a360 DEBUG   GST_POLL gstpoll.c:979:gst_poll_fd_ctl_write: 0x559c4163e910: fd (fd:0, idx:1), active : 1
0:00:00.010768438  2788 0x559c4161a360 LOG   GST_POLL gstpoll.c:994:gst_poll_fd_ctl_write: 0x559c4163e910: pfd->events now 60 (POLLOUT:4)
0:00:00.010774138  2788 0x559c4161a360 DEBUG   GST_POLL gstpoll.c:979:gst_poll_fd_ctl_write: 0x559c4163e910: fd (fd:0, idx:1), active : 1
0:00:00.010779631  2788 0x559c4161a360 LOG   GST_POLL gstpoll.c:994:gst_poll_fd_ctl_write: 0x559c4163e910: pfd->events now 60 (POLLOUT:4)
0:00:00.010785371  2788 0x559c4161a360 DEBUG   GST_POLL gstpoll.c:979:gst_poll_fd_ctl_write: 0x559c4163e910: fd (fd:0, idx:1), active : 1
0:00:00.010790840  2788 0x559c4161a360 LOG   GST_POLL gstpoll.c:994:gst_poll_fd_ctl_write: 0x559c4163e910: pfd->events now 60 (POLLOUT:4)
0:00:00.010796553  2788 0x559c4161a360 DEBUG   GST_POLL gstpoll.c:979:gst_poll_fd_ctl_write: 0x559c4163e910: fd (fd:0, idx:1), active : 1
0:00:00.010802059  2788 0x559c4161a360 LOG   GST_POLL gstpoll.c:994:gst_poll_fd_ctl_write: 0x559c4163e910: pfd->events now 60 (POLLOUT:4)
0:00:00.010807745  2788 0x559c4161a360 DEBUG   GST_POLL gstpoll.c:979:gst_poll_fd_ctl_write: 0x559c4163e910: fd (fd:0, idx:1), active : 1
0:00:00.010813269  2788 0x559c4161a360 LOG   GST_POLL gstpoll.c:994:gst_poll_fd_ctl_write: 0x559c4163e910: pfd->events now 60 (POLLOUT:4)
0:00:00.010819000  2788 0x559c4161a360 DEBUG   GST_POLL gstpoll.c:979:gst_poll_fd_ctl_write: 0x559c4163e910: fd (fd:0, idx:1), active : 1
0:00:00.010824490  2788 0x559c4161a360 LOG   GST_POLL gstpoll.c:994:gst_poll_fd_ctl_write: 0x559c4163e910: pfd->events now 60 (POLLOUT:4)
0:00:00.010830313  2788 0x559c4161a360 DEBUG   GST_POLL gstpoll.c:979:gst_poll_fd_ctl_write: 0x559c4163e910: fd (fd:0, idx:1), active : 1
0:00:00.010835804  2788 0x559c4161a360 LOG   GST_POLL gstpoll.c:994:gst_poll_fd_ctl_write: 0x559c4163e910: pfd->events now 60 (POLLOUT:4)
0:00:00.010841517  2788 0x559c4161a360 DEBUG   GST_POLL gstpoll.c:979:gst_poll_fd_ctl_write: 0x559c4163e910: fd (fd:0, idx:1), active : 1
0:00:00.010846974  2788 0x559c4161a360 LOG   GST_POLL gstpoll.c:994:gst_poll_fd_ctl_write: 0x559c4163e910: pfd->events now 60 (POLLOUT:4)
0:00:00.010852741  2788 0x559c4161a360 DEBUG   GST_POLL gstpoll.c:979:gst_poll_fd_ctl_write: 0x559c4163e910: fd (fd:0, idx:1), active : 1
0:00:00.010858270  2788 0x559c4161a360 LOG   GST_POLL gstpoll.c:994:gst_poll_fd_ctl_write: 0x559c4163e910: pfd->events now 60 (POLLOUT:4)
0:00:00.010864031  2788 0x559c4161a360 DEBUG   GST_POLL gstpoll.c:979:gst_poll_fd_ctl_write: 0x559c4163e910: fd (fd:0, idx:1), active : 1
0:00:00.010869537  2788 0x559c4161a360 LOG   GST_POLL gstpoll.c:994:gst_poll_fd_ctl_write: 0x559c4163e910: pfd->events now 60 (POLLOUT:4)
0:00:00.010875315  2788 0x559c4161a360 DEBUG   GST_POLL gstpoll.c:979:gst_poll_fd_ctl_write: 0x559c4163e910: fd (fd:0, idx:1), active : 1
0:00:00.010880809  2788 0x559c4161a360 LOG   GST_POLL gstpoll.c:994:gst_poll_fd_ctl_write: 0x559c4163e910: pfd->events now 60 (POLLOUT:4)
0:00:00.010890447  2788 0x559c4161a360 DEBUG   GST_POLL gstpoll.c:979:gst_poll_fd_ctl_write: 0x559c4163e910: fd (fd:0, idx:1), active : 1
0:00:00.010896135  2788 0x559c4161a360 LOG   GST_POLL gstpoll.c:994:gst_poll_fd_ctl_write: 0x559c4163e910: pfd->events now 60 (POLLOUT:4)
0:00:00.010901876  2788 0x559c4161a360 DEBUG   GST_POLL gstpoll.c:979:gst_poll_fd_ctl_write: 0x559c4163e910: fd (fd:0, idx:1), active : 1
0:00:00.010907359  2788 0x559c4161a360 LOG   GST_POLL gstpoll.c:994:gst_poll_fd_ctl_write: 0x559c4163e910: pfd->events now 60 (POLLOUT:4)
0:00:00.010913058  2788 0x559c4161a360 DEBUG   GST_POLL gstpoll.c:979:gst_poll_fd_ctl_write: 0x559c4163e910: fd (fd:0, idx:1), active : 1
0:00:00.010918528  2788 0x559c4161a360 LOG   GST_POLL gstpoll.c:994:gst_poll_fd_ctl_write: 0x559c4163e910: pfd->events now 60 (POLLOUT:4)
0:00:00.010924419  2788 0x559c4161a360 DEBUG   GST_POLL gstpoll.c:979:gst_poll_fd_ctl_write: 0x559c4163e910: fd (fd:0, idx:1), active : 1
0:00:00.010929995  2788 0x559c4161a360 LOG   GST_POLL gstpoll.c:994:gst_poll_fd_ctl_write: 0x559c4163e910: pfd->events now 60 (POLLOUT:4)
0:00:00.010935636  2788 0x559c4161a360 LOG   GST_PLUGIN_LOADING gstpluginloader.c:645:put_chunk: Expanding tx buf from 5764 to 7717 for chunk of size 229
0:00:00.010941814  2788 0x559c4161a360 DEBUG   GST_POLL gstpoll.c:979:gst_poll_fd_ctl_write: 0x559c4163e910: fd (fd:0, idx:1), active : 1
0:00:00.010947379  2788 0x559c4161a360 LOG   GST_POLL gstpoll.c:994:gst_poll_fd_ctl_write: 0x559c4163e910: pfd->events now 60 (POLLOUT:4)
0:00:00.010953290  2788 0x559c4161a360 DEBUG   GST_POLL gstpoll.c:979:gst_poll_fd_ctl_write: 0x559c4163e910: fd (fd:0, idx:1), active : 1
0:00:00.010958787  2788 0x559c4161a360 LOG   GST_POLL gstpoll.c:994:gst_poll_fd_ctl_write: 0x559c4163e910: pfd->events now 60 (POLLOUT:4)
0:00:00.010964468  2788 0x559c4161a360 DEBUG   GST_POLL gstpoll.c:979:gst_poll_fd_ctl_write: 0x559c4163e910: fd (fd:0, idx:1), active : 1
0:00:00.010969931  2788 0x559c4161a360 LOG   GST_POLL gstpoll.c:994:gst_poll_fd_ctl_write: 0x559c4163e910: pfd->events now 60 (POLLOUT:4)
0:00:00.010975608  2788 0x559c4161a360 DEBUG   GST_POLL gstpoll.c:979:gst_poll_fd_ctl_write: 0x559c4163e910: fd (fd:0, idx:1), active : 1
0:00:00.010981080  2788 0x559c4161a360 LOG   GST_POLL gstpoll.c:994:gst_poll_fd_ctl_write: 0x559c4163e910: pfd->events now 60 (POLLOUT:4)
0:00:00.010986785  2788 0x559c4161a360 DEBUG   GST_POLL gstpoll.c:979:gst_poll_fd_ctl_write: 0x559c4163e910: fd (fd:0, idx:1), active : 1
0:00:00.010992259  2788 0x559c4161a360 LOG   GST_POLL gstpoll.c:994:gst_poll_fd_ctl_write: 0x559c4163e910: pfd->events now 60 (POLLOUT:4)
0:00:00.010998115  2788 0x559c4161a360 DEBUG   GST_POLL gstpoll.c:979:gst_poll_fd_ctl_write: 0x559c4163e910: fd (fd:0, idx:1), active : 1
0:00:00.011003729  2788 0x559c4161a360 LOG   GST_POLL gstpoll.c:994:gst_poll_fd_ctl_write: 0x559c4163e910: pfd->events now 60 (POLLOUT:4)
0:00:00.011009532  2788 0x559c4161a360 DEBUG   GST_POLL gstpoll.c:979:gst_poll_fd_ctl_write: 0x559c4163e910: fd (fd:0, idx:1), active : 1
0:00:00.011018582  2788 0x559c4161a360 LOG   GST_POLL gstpoll.c:994:gst_poll_fd_ctl_write: 0x559c4163e910: pfd->events now 60 (POLLOUT:4)
0:00:00.011024459  2788 0x559c4161a360 DEBUG   GST_POLL gstpoll.c:979:gst_poll_fd_ctl_write: 0x559c4163e910: fd (fd:0, idx:1), active : 1
0:00:00.011029975  2788 0x559c4161a360 LOG   GST_POLL gstpoll.c:994:gst_poll_fd_ctl_write: 0x559c4163e910: pfd->events now 60 (POLLOUT:4)
0:00:00.011035719  2788 0x559c4161a360 DEBUG   GST_POLL gstpoll.c:979:gst_poll_fd_ctl_write: 0x559c4163e910: fd (fd:0, idx:1), active : 1
0:00:00.011041186  2788 0x559c4161a360 LOG   GST_POLL gstpoll.c:994:gst_poll_fd_ctl_write: 0x559c4163e910: pfd->events now 60 (POLLOUT:4)
0:00:00.011046849  2788 0x559c4161a360 DEBUG   GST_POLL gstpoll.c:979:gst_poll_fd_ctl_write: 0x559c4163e910: fd (fd:0, idx:1), active : 1
0:00:00.011052356  2788 0x559c4161a360 LOG   GST_POLL gstpoll.c:994:gst_poll_fd_ctl_write: 0x559c4163e910: pfd->events now 60 (POLLOUT:4)
0:00:00.011058039  2788 0x559c4161a360 DEBUG   GST_POLL gstpoll.c:979:gst_poll_fd_ctl_write: 0x559c4163e910: fd (fd:0, idx:1), active : 1
0:00:00.011063539  2788 0x559c4161a360 LOG   GST_POLL gstpoll.c:994:gst_poll_fd_ctl_write: 0x559c4163e910: pfd->events now 60 (POLLOUT:4)
0:00:00.011069253  2788 0x559c4161a360 DEBUG   GST_POLL gstpoll.c:979:gst_poll_fd_ctl_write: 0x559c4163e910: fd (fd:0, idx:1), active : 1
0:00:00.011074736  2788 0x559c4161a360 LOG   GST_POLL gstpoll.c:994:gst_poll_fd_ctl_write: 0x559c4163e910: pfd->events now 60 (POLLOUT:4)
0:00:00.011080447  2788 0x559c4161a360 DEBUG   GST_POLL gstpoll.c:979:gst_poll_fd_ctl_write: 0x559c4163e910: fd (fd:0, idx:1), active : 1
0:00:00.011085934  2788 0x559c4161a360 LOG   GST_POLL gstpoll.c:994:gst_poll_fd_ctl_write: 0x559c4163e910: pfd->events now 60 (POLLOUT:4)
0:00:00.011091720  2788 0x559c4161a360 DEBUG   GST_POLL gstpoll.c:979:gst_poll_fd_ctl_write: 0x559c4163e910: fd (fd:0, idx:1), active : 1
0:00:00.011097211  2788 0x559c4161a360 LOG   GST_POLL gstpoll.c:994:gst_poll_fd_ctl_write: 0x559c4163e910: pfd->events now 60 (POLLOUT:4)
0:00:00.011102937  2788 0x559c4161a360 DEBUG   GST_POLL gstpoll.c:979:gst_poll_fd_ctl_write: 0x559c4163e910: fd (fd:0, idx:1), active : 1
0:00:00.011108508  2788 0x559c4161a360 LOG   GST_POLL gstpoll.c:994:gst_poll_fd_ctl_write: 0x559c4163e910: pfd->events now 60 (POLLOUT:4)
0:00:00.011114205  2788 0x559c4161a360 DEBUG   GST_POLL gstpoll.c:979:gst_poll_fd_ctl_write: 0x559c4163e910: fd (fd:0, idx:1), active : 1
0:00:00.011119765  2788 0x559c4161a360 LOG   GST_POLL gstpoll.c:994:gst_poll_fd_ctl_write: 0x559c4163e910: pfd->events now 60 (POLLOUT:4)
0:00:00.011125488  2788 0x559c4161a360 DEBUG   GST_POLL gstpoll.c:979:gst_poll_fd_ctl_write: 0x559c4163e910: fd (fd:0, idx:1), active : 1
0:00:00.011130978  2788 0x559c4161a360 LOG   GST_POLL gstpoll.c:994:gst_poll_fd_ctl_write: 0x559c4163e910: pfd->events now 60 (POLLOUT:4)
0:00:00.011136746  2788 0x559c4161a360 DEBUG   GST_POLL gstpoll.c:979:gst_poll_fd_ctl_write: 0x559c4163e910: fd (fd:0, idx:1), active : 1
0:00:00.011142225  2788 0x559c4161a360 LOG   GST_POLL gstpoll.c:994:gst_poll_fd_ctl_write: 0x559c4163e910: pfd->events now 60 (POLLOUT:4)
0:00:00.011153446  2788 0x559c4161a360 DEBUG   GST_POLL gstpoll.c:979:gst_poll_fd_ctl_write: 0x559c4163e910: fd (fd:0, idx:1), active : 1
0:00:00.011159136  2788 0x559c4161a360 LOG   GST_POLL gstpoll.c:994:gst_poll_fd_ctl_write: 0x559c4163e910: pfd->events now 60 (POLLOUT:4)
0:00:00.011164900  2788 0x559c4161a360 DEBUG   GST_POLL gstpoll.c:979:gst_poll_fd_ctl_write: 0x559c4163e910: fd (fd:0, idx:1), active : 1
0:00:00.011170392  2788 0x559c4161a360 LOG   GST_POLL gstpoll.c:994:gst_poll_fd_ctl_write: 0x559c4163e910: pfd->events now 60 (POLLOUT:4)
0:00:00.011176047  2788 0x559c4161a360 DEBUG   GST_POLL gstpoll.c:979:gst_poll_fd_ctl_write: 0x559c4163e910: fd (fd:0, idx:1), active : 1
0:00:00.011181567  2788 0x559c4161a360 LOG   GST_POLL gstpoll.c:994:gst_poll_fd_ctl_write: 0x559c4163e910: pfd->events now 60 (POLLOUT:4)
0:00:00.011187316  2788 0x559c4161a360 DEBUG   GST_POLL gstpoll.c:979:gst_poll_fd_ctl_write: 0x559c4163e910: fd (fd:0, idx:1), active : 1
0:00:00.011192810  2788 0x559c4161a360 LOG   GST_POLL gstpoll.c:994:gst_poll_fd_ctl_write: 0x559c4163e910: pfd->events now 60 (POLLOUT:4)
0:00:00.011198613  2788 0x559c4161a360 DEBUG   GST_POLL gstpoll.c:979:gst_poll_fd_ctl_write: 0x559c4163e910: fd (fd:0, idx:1), active : 1
0:00:00.011204094  2788 0x559c4161a360 LOG   GST_POLL gstpoll.c:994:gst_poll_fd_ctl_write: 0x559c4163e910: pfd->events now 60 (POLLOUT:4)
0:00:00.011209811  2788 0x559c4161a360 DEBUG   GST_POLL gstpoll.c:979:gst_poll_fd_ctl_write: 0x559c4163e910: fd (fd:0, idx:1), active : 1
0:00:00.011215305  2788 0x559c4161a360 LOG   GST_POLL gstpoll.c:994:gst_poll_fd_ctl_write: 0x559c4163e910: pfd->events now 60 (POLLOUT:4)
0:00:00.011220945  2788 0x559c4161a360 DEBUG   GST_POLL gstpoll.c:979:gst_poll_fd_ctl_write: 0x559c4163e910: fd (fd:0, idx:1), active : 1
0:00:00.011226412  2788 0x559c4161a360 LOG   GST_POLL gstpoll.c:994:gst_poll_fd_ctl_write: 0x559c4163e910: pfd->events now 60 (POLLOUT:4)
0:00:00.011232225  2788 0x559c4161a360 DEBUG   GST_POLL gstpoll.c:979:gst_poll_fd_ctl_write: 0x559c4163e910: fd (fd:0, idx:1), active : 1
0:00:00.011237721  2788 0x559c4161a360 LOG   GST_POLL gstpoll.c:994:gst_poll_fd_ctl_write: 0x559c4163e910: pfd->events now 60 (POLLOUT:4)
0:00:00.011243412  2788 0x559c4161a360 DEBUG   GST_POLL gstpoll.c:979:gst_poll_fd_ctl_write: 0x559c4163e910: fd (fd:0, idx:1), active : 1
0:00:00.011248959  2788 0x559c4161a360 LOG   GST_POLL gstpoll.c:994:gst_poll_fd_ctl_write: 0x559c4163e910: pfd->events now 60 (POLLOUT:4)
0:00:00.011254745  2788 0x559c4161a360 DEBUG   GST_POLL gstpoll.c:979:gst_poll_fd_ctl_write: 0x559c4163e910: fd (fd:0, idx:1), active : 1
0:00:00.011260322  2788 0x559c4161a360 LOG   GST_POLL gstpoll.c:994:gst_poll_fd_ctl_write: 0x559c4163e910: pfd->events now 60 (POLLOUT:4)
0:00:00.011266026  2788 0x559c4161a360 DEBUG   GST_POLL gstpoll.c:979:gst_poll_fd_ctl_write: 0x559c4163e910: fd (fd:0, idx:1), active : 1
0:00:00.011271512  2788 0x559c4161a360 LOG   GST_POLL gstpoll.c:994:gst_poll_fd_ctl_write: 0x559c4163e910: pfd->events now 60 (POLLOUT:4)
0:00:00.011280899  2788 0x559c4161a360 DEBUG   GST_POLL gstpoll.c:979:gst_poll_fd_ctl_write: 0x559c4163e910: fd (fd:0, idx:1), active : 1
0:00:00.011286578  2788 0x559c4161a360 LOG   GST_POLL gstpoll.c:994:gst_poll_fd_ctl_write: 0x559c4163e910: pfd->events now 60 (POLLOUT:4)
0:00:00.011292253  2788 0x559c4161a360 DEBUG   GST_POLL gstpoll.c:979:gst_poll_fd_ctl_write: 0x559c4163e910: fd (fd:0, idx:1), active : 1
0:00:00.011297766  2788 0x559c4161a360 LOG   GST_POLL gstpoll.c:994:gst_poll_fd_ctl_write: 0x559c4163e910: pfd->events now 60 (POLLOUT:4)
0:00:00.011303468  2788 0x559c4161a360 DEBUG   GST_POLL gstpoll.c:979:gst_poll_fd_ctl_write: 0x559c4163e910: fd (fd:0, idx:1), active : 1
0:00:00.011309087  2788 0x559c4161a360 LOG   GST_POLL gstpoll.c:994:gst_poll_fd_ctl_write: 0x559c4163e910: pfd->events now 60 (POLLOUT:4)
0:00:00.011314817  2788 0x559c4161a360 DEBUG   GST_POLL gstpoll.c:979:gst_poll_fd_ctl_write: 0x559c4163e910: fd (fd:0, idx:1), active : 1
0:00:00.011320302  2788 0x559c4161a360 LOG   GST_POLL gstpoll.c:994:gst_poll_fd_ctl_write: 0x559c4163e910: pfd->events now 60 (POLLOUT:4)
0:00:00.011326039  2788 0x559c4161a360 DEBUG   GST_POLL gstpoll.c:979:gst_poll_fd_ctl_write: 0x559c4163e910: fd (fd:0, idx:1), active : 1
0:00:00.011331513  2788 0x559c4161a360 LOG   GST_POLL gstpoll.c:994:gst_poll_fd_ctl_write: 0x559c4163e910: pfd->events now 60 (POLLOUT:4)
0:00:00.011337280  2788 0x559c4161a360 DEBUG   GST_POLL gstpoll.c:979:gst_poll_fd_ctl_write: 0x559c4163e910: fd (fd:0, idx:1), active : 1
0:00:00.011347182  2788 0x559c4161a360 LOG   GST_POLL gstpoll.c:994:gst_poll_fd_ctl_write: 0x559c4163e910: pfd->events now 60 (POLLOUT:4)
0:00:00.011353308  2788 0x559c4161a360 DEBUG   GST_POLL gstpoll.c:979:gst_poll_fd_ctl_write: 0x559c4163e910: fd (fd:0, idx:1), active : 1
0:00:00.011358963  2788 0x559c4161a360 LOG   GST_POLL gstpoll.c:994:gst_poll_fd_ctl_write: 0x559c4163e910: pfd->events now 60 (POLLOUT:4)
0:00:00.011364694  2788 0x559c4161a360 DEBUG   GST_POLL gstpoll.c:979:gst_poll_fd_ctl_write: 0x559c4163e910: fd (fd:0, idx:1), active : 1
0:00:00.011370187  2788 0x559c4161a360 LOG   GST_POLL gstpoll.c:994:gst_poll_fd_ctl_write: 0x559c4163e910: pfd->events now 60 (POLLOUT:4)
0:00:00.011375935  2788 0x559c4161a360 DEBUG   GST_POLL gstpoll.c:979:gst_poll_fd_ctl_write: 0x559c4163e910: fd (fd:0, idx:1), active : 1
0:00:00.011381515  2788 0x559c4161a360 LOG   GST_POLL gstpoll.c:994:gst_poll_fd_ctl_write: 0x559c4163e910: pfd->events now 60 (POLLOUT:4)
0:00:00.011387309  2788 0x559c4161a360 DEBUG   GST_POLL gstpoll.c:979:gst_poll_fd_ctl_write: 0x559c4163e910: fd (fd:0, idx:1), active : 1
0:00:00.011413380  2788 0x559c4161a360 LOG   GST_POLL gstpoll.c:994:gst_poll_fd_ctl_write: 0x559c4163e910: pfd->events now 60 (POLLOUT:4)
0:00:00.011420933  2788 0x559c4161a360 DEBUG   GST_POLL gstpoll.c:979:gst_poll_fd_ctl_write: 0x559c4163e910: fd (fd:0, idx:1), active : 1
0:00:00.011426576  2788 0x559c4161a360 LOG   GST_POLL gstpoll.c:994:gst_poll_fd_ctl_write: 0x559c4163e910: pfd->events now 60 (POLLOUT:4)
0:00:00.011432320  2788 0x559c4161a360 DEBUG   GST_POLL gstpoll.c:979:gst_poll_fd_ctl_write: 0x559c4163e910: fd (fd:0, idx:1), active : 1
0:00:00.011442480  2788 0x559c4161a360 LOG   GST_POLL gstpoll.c:994:gst_poll_fd_ctl_write: 0x559c4163e910: pfd->events now 60 (POLLOUT:4)
0:00:00.011448402  2788 0x559c4161a360 DEBUG   GST_POLL gstpoll.c:979:gst_poll_fd_ctl_write: 0x559c4163e910: fd (fd:0, idx:1), active : 1
0:00:00.011454026  2788 0x559c4161a360 LOG   GST_POLL gstpoll.c:994:gst_poll_fd_ctl_write: 0x559c4163e910: pfd->events now 60 (POLLOUT:4)
0:00:00.011459811  2788 0x559c4161a360 DEBUG   GST_POLL gstpoll.c:979:gst_poll_fd_ctl_write: 0x559c4163e910: fd (fd:0, idx:1), active : 1
0:00:00.011465398  2788 0x559c4161a360 LOG   GST_POLL gstpoll.c:994:gst_poll_fd_ctl_write: 0x559c4163e910: pfd->events now 60 (POLLOUT:4)
0:00:00.011471118  2788 0x559c4161a360 DEBUG   GST_POLL gstpoll.c:979:gst_poll_fd_ctl_write: 0x559c4163e910: fd (fd:0, idx:1), active : 1
0:00:00.011476688  2788 0x559c4161a360 LOG   GST_POLL gstpoll.c:994:gst_poll_fd_ctl_write: 0x559c4163e910: pfd->events now 60 (POLLOUT:4)
0:00:00.011482442  2788 0x559c4161a360 DEBUG   GST_POLL gstpoll.c:979:gst_poll_fd_ctl_write: 0x559c4163e910: fd (fd:0, idx:1), active : 1
0:00:00.011488018  2788 0x559c4161a360 LOG   GST_POLL gstpoll.c:994:gst_poll_fd_ctl_write: 0x559c4163e910: pfd->events now 60 (POLLOUT:4)
0:00:00.011493748  2788 0x559c4161a360 DEBUG   GST_POLL gstpoll.c:979:gst_poll_fd_ctl_write: 0x559c4163e910: fd (fd:0, idx:1), active : 1
0:00:00.011499356  2788 0x559c4161a360 LOG   GST_POLL gstpoll.c:994:gst_poll_fd_ctl_write: 0x559c4163e910: pfd->events now 60 (POLLOUT:4)
0:00:00.011505163  2788 0x559c4161a360 DEBUG   GST_POLL gstpoll.c:979:gst_poll_fd_ctl_write: 0x559c4163e910: fd (fd:0, idx:1), active : 1
0:00:00.011510723  2788 0x559c4161a360 LOG   GST_POLL gstpoll.c:994:gst_poll_fd_ctl_write: 0x559c4163e910: pfd->events now 60 (POLLOUT:4)
0:00:00.011516545  2788 0x559c4161a360 DEBUG   GST_POLL gstpoll.c:979:gst_poll_fd_ctl_write: 0x559c4163e910: fd (fd:0, idx:1), active : 1
0:00:00.011522104  2788 0x559c4161a360 LOG   GST_POLL gstpoll.c:994:gst_poll_fd_ctl_write: 0x559c4163e910: pfd->events now 60 (POLLOUT:4)
0:00:00.011527902  2788 0x559c4161a360 DEBUG   GST_POLL gstpoll.c:979:gst_poll_fd_ctl_write: 0x559c4163e910: fd (fd:0, idx:1), active : 1
0:00:00.011533520  2788 0x559c4161a360 LOG   GST_POLL gstpoll.c:994:gst_poll_fd_ctl_write: 0x559c4163e910: pfd->events now 60 (POLLOUT:4)
0:00:00.011539391  2788 0x559c4161a360 DEBUG   GST_POLL gstpoll.c:979:gst_poll_fd_ctl_write: 0x559c4163e910: fd (fd:0, idx:1), active : 1
0:00:00.011545080  2788 0x559c4161a360 LOG   GST_POLL gstpoll.c:994:gst_poll_fd_ctl_write: 0x559c4163e910: pfd->events now 60 (POLLOUT:4)
0:00:00.011550820  2788 0x559c4161a360 DEBUG   GST_POLL gstpoll.c:979:gst_poll_fd_ctl_write: 0x559c4163e910: fd (fd:0, idx:1), active : 1
0:00:00.011556342  2788 0x559c4161a360 LOG   GST_POLL gstpoll.c:994:gst_poll_fd_ctl_write: 0x559c4163e910: pfd->events now 60 (POLLOUT:4)
0:00:00.011562065  2788 0x559c4161a360 DEBUG   GST_POLL gstpoll.c:979:gst_poll_fd_ctl_write: 0x559c4163e910: fd (fd:0, idx:1), active : 1
0:00:00.011571415  2788 0x559c4161a360 LOG   GST_POLL gstpoll.c:994:gst_poll_fd_ctl_write: 0x559c4163e910: pfd->events now 60 (POLLOUT:4)
0:00:00.011577318  2788 0x559c4161a360 DEBUG   GST_POLL gstpoll.c:979:gst_poll_fd_ctl_write: 0x559c4163e910: fd (fd:0, idx:1), active : 1
0:00:00.011582905  2788 0x559c4161a360 LOG   GST_POLL gstpoll.c:994:gst_poll_fd_ctl_write: 0x559c4163e910: pfd->events now 60 (POLLOUT:4)
0:00:00.011588627  2788 0x559c4161a360 DEBUG   GST_POLL gstpoll.c:979:gst_poll_fd_ctl_write: 0x559c4163e910: fd (fd:0, idx:1), active : 1
0:00:00.011594166  2788 0x559c4161a360 LOG   GST_POLL gstpoll.c:994:gst_poll_fd_ctl_write: 0x559c4163e910: pfd->events now 60 (POLLOUT:4)
0:00:00.011603696  2788 0x559c4161a360 TRACE   GST_REFCOUNTING gstobject.c:264:gst_object_unref: 0x559c416436e0 unref 2->1
0:00:00.011610882  2788 0x559c4161a360 DEBUG   GST_POLL gstpoll.c:1241:gst_poll_fd_has_error: 0x559c4163e910: fd (fd:0, idx:1) 0
0:00:00.011616930  2788 0x559c4161a360 DEBUG   GST_POLL gstpoll.c:1335:gst_poll_fd_can_write: 0x559c4163e910: fd (fd:0, idx:1) 1
0:00:00.011622672  2788 0x559c4161a360 LOG   GST_PLUGIN_LOADING gstpluginloader.c:690:write_one: Writing packet of size 488 bytes to fd 0
0:00:00.011643932  2788 0x559c4161a360 DEBUG   GST_POLL gstpoll.c:1414:gst_poll_wait: 0x559c4163e910: timeout :0:00:01.000000000
0:00:00.011658249  2788 0x559c4161a360 LOG   GST_PLUGIN_LOADING gstpluginloader.c:1027:exchange_packets: Poll res = 2. 6872 bytes pending for write
0:00:00.011668347  2788 0x559c4161a360 DEBUG   GST_POLL gstpoll.c:1241:gst_poll_fd_has_error: 0x559c4163e910: fd (fd:5, idx:2) 0
0:00:00.015915732  2787 0x564da00ad360 LOG   GST_PLUGIN_LOADING gstpluginloader.c:1027:exchange_packets: Poll res = 1. 0 bytes pending for write
0:00:00.011677088  2788 0x559c4161a360 DEBUG   GST_POLL gstpoll.c:1266:gst_poll_fd_can_read_unlocked: 0x559c4163e910: fd (fd:5, idx:2) 1
0:00:00.015940204  2787 0x564da00ad360 DEBUG   GST_POLL gstpoll.c:1241:gst_poll_fd_has_error: 0x564da00d23d0: fd (fd:8, idx:2) 0
0:00:00.011695042  2788 0x559c4161a360 DEBUG   GST_PLUGIN_LOADING gstpluginloader.c:722:do_plugin_load: Plugin scanner loading file /home/conan/w/prod/BuildSingleReference/.conan/data/gstreamer/1.18.3/_/_/package/5a2a240dc39d481eff30f147f0e2f01ae047b26f/lib/gstreamer-1.0/libgstcoretracers.so. tag 2
0:00:00.015954100  2787 0x564da00ad360 DEBUG   GST_POLL gstpoll.c:1266:gst_poll_fd_can_read_unlocked: 0x564da00d23d0: fd (fd:8, idx:2) 1
0:00:00.011709221  2788 0x559c4161a360 TRACE   GST_REFCOUNTING gstobject.c:237:gst_object_ref: 0x559c416400d0 ref 1->2
0:00:00.015970784  2787 0x564da00ad360 DEBUG   GST_PLUGIN_LOADING gstpluginloader.c:848:handle_rx_packet: Received plugin details from child w/ tag 0. 476 bytes info
0:00:00.011723484  2788 0x559c4161a360 TRACE   GST_REFCOUNTING gstobject.c:237:gst_object_ref: 0x559c41641c30 ref 1->2
0:00:00.015994436  2787 0x564da00ad360 LOG   GST_REGISTRY gstregistrychunks.c:836:_priv_gst_registry_chunks_load_plugin: Reading/casting for GstRegistryChunkPluginElement at address 0x564da00cdda0
0:00:00.011748001  2788 0x559c4161a360 TRACE   GST_REFCOUNTING gstobject.c:237:gst_object_ref: 0x559c41641af0 ref 1->2
0:00:00.011765061  2788 0x559c4161a360 TRACE   GST_REFCOUNTING gstobject.c:237:gst_object_ref: 0x559c41641720 ref 1->2
0:00:00.016015827  2787 0x564da00ad360 TRACE   GST_REFCOUNTING gstobject.c:208:gst_object_init: 0x564da00d2a80 new
0:00:00.011776410  2788 0x559c4161a360 TRACE   GST_REFCOUNTING gstobject.c:237:gst_object_ref: 0x559c41641330 ref 1->2
0:00:00.011786796  2788 0x559c4161a360 TRACE   GST_REFCOUNTING gstobject.c:237:gst_object_ref: 0x559c41641050 ref 1->2
0:00:00.011801971  2788 0x559c4161a360 TRACE   GST_REFCOUNTING gstobject.c:264:gst_object_unref: 0x559c41641050 unref 2->1
0:00:00.016055357  2787 0x564da00ad360 LOG   GST_REGISTRY gstregistrychunks.c:858:_priv_gst_registry_chunks_load_plugin: read strings for name='coretracers'
0:00:00.011812949  2788 0x559c4161a360 TRACE   GST_REFCOUNTING gstobject.c:264:gst_object_unref: 0x559c41641330 unref 2->1
0:00:00.016066019  2787 0x564da00ad360 LOG   GST_REGISTRY gstregistrychunks.c:859:_priv_gst_registry_chunks_load_plugin: desc.description='GStreamer core tracers'
0:00:00.011824427  2788 0x559c4161a360 TRACE   GST_REFCOUNTING gstobject.c:264:gst_object_unref: 0x559c41641720 unref 2->1
0:00:00.016076411  2787 0x564da00ad360 LOG   GST_REGISTRY gstregistrychunks.c:860:_priv_gst_registry_chunks_load_plugin: filename='/home/conan/w/prod/BuildSingleReference/.conan/data/gstreamer/1.18.3/_/_/package/5a2a240dc39d481eff30f147f0e2f01ae047b26f/lib/gstreamer-1.0/libgstcoretracers.so'
0:00:00.011835684  2788 0x559c4161a360 TRACE   GST_REFCOUNTING gstobject.c:264:gst_object_unref: 0x559c41641af0 unref 2->1
0:00:00.016086067  2787 0x564da00ad360 LOG   GST_REGISTRY gstregistrychunks.c:861:_priv_gst_registry_chunks_load_plugin: desc.version='1.18.3'
0:00:00.011845571  2788 0x559c4161a360 TRACE   GST_REFCOUNTING gstobject.c:264:gst_object_unref: 0x559c41641c30 unref 2->1
0:00:00.016105828  2787 0x564da00ad360 LOG   GST_REGISTRY gstregistrychunks.c:862:_priv_gst_registry_chunks_load_plugin: desc.license='LGPL'
0:00:00.011862033  2788 0x559c4161a360 DEBUG   GST_REGISTRY gstregistrychunks.c:497:_priv_gst_registry_chunks_save_plugin: Found 5 features in plugin 0x559c416400d0 (coretracers)
0:00:00.016114573  2787 0x564da00ad360 LOG   GST_REGISTRY gstregistrychunks.c:863:_priv_gst_registry_chunks_load_plugin: desc.source='gstreamer'
0:00:00.011873854  2788 0x559c4161a360 DEBUG   GST_POLL gstpoll.c:979:gst_poll_fd_ctl_write: 0x559c4163e910: fd (fd:0, idx:1), active : 1
0:00:00.016124453  2787 0x564da00ad360 LOG   GST_REGISTRY gstregistrychunks.c:864:_priv_gst_registry_chunks_load_plugin: desc.package='GStreamer source release'
0:00:00.011884151  2788 0x559c4161a360 LOG   GST_POLL gstpoll.c:994:gst_poll_fd_ctl_write: 0x559c4163e910: pfd->events now 60 (POLLOUT:4)
0:00:00.016134831  2787 0x564da00ad360 LOG   GST_REGISTRY gstregistrychunks.c:865:_priv_gst_registry_chunks_load_plugin: desc.origin='Unknown package origin'
0:00:00.011894640  2788 0x559c4161a360 DEBUG   GST_POLL gstpoll.c:979:gst_poll_fd_ctl_write: 0x559c4163e910: fd (fd:0, idx:1), active : 1
0:00:00.016144570  2787 0x564da00ad360 LOG   GST_REGISTRY gstregistrychunks.c:866:_priv_gst_registry_chunks_load_plugin: desc.datetime=2021-01-13
0:00:00.011910394  2788 0x559c4161a360 LOG   GST_POLL gstpoll.c:994:gst_poll_fd_ctl_write: 0x559c4163e910: pfd->events now 60 (POLLOUT:4)
0:00:00.011920744  2788 0x559c4161a360 DEBUG   GST_POLL gstpoll.c:979:gst_poll_fd_ctl_write: 0x559c4163e910: fd (fd:0, idx:1), active : 1
0:00:00.016170629  2787 0x564da00ad360 DEBUG   GST_REGISTRY gstregistry.c:473:gst_registry_add_plugin: adding plugin 0x564da00d2a80 for filename "/home/conan/w/prod/BuildSingleReference/.conan/data/gstreamer/1.18.3/_/_/package/5a2a240dc39d481eff30f147f0e2f01ae047b26f/lib/gstreamer-1.0/libgstcoretracers.so"
0:00:00.011930843  2788 0x559c4161a360 LOG   GST_POLL gstpoll.c:994:gst_poll_fd_ctl_write: 0x559c4163e910: pfd->events now 60 (POLLOUT:4)
0:00:00.016184648  2787 0x564da00ad360 TRACE   GST_REFCOUNTING gstobject.c:292:gst_object_ref_sink: 0x564da00d2a80 ref_sink 1->2
0:00:00.011940277  2788 0x559c4161a360 DEBUG   GST_POLL gstpoll.c:979:gst_poll_fd_ctl_write: 0x559c4163e910: fd (fd:0, idx:1), active : 1
0:00:00.016196773  2787 0x564da00ad360 LOG   GST_REGISTRY gstregistry.c:486:gst_registry_add_plugin: emitting plugin-added for filename "/home/conan/w/prod/BuildSingleReference/.conan/data/gstreamer/1.18.3/_/_/package/5a2a240dc39d481eff30f147f0e2f01ae047b26f/lib/gstreamer-1.0/libgstcoretracers.so"
0:00:00.011968494  2788 0x559c4161a360 LOG   GST_POLL gstpoll.c:994:gst_poll_fd_ctl_write: 0x559c4163e910: pfd->events now 60 (POLLOUT:4)
0:00:00.016227355  2787 0x564da00ad360 DEBUG   GST_REGISTRY gstregistrychunks.c:886:_priv_gst_registry_chunks_load_plugin: Added plugin 'coretracers' plugin with 5 features from binary registry
0:00:00.011980740  2788 0x559c4161a360 DEBUG   GST_POLL gstpoll.c:979:gst_poll_fd_ctl_write: 0x559c4163e910: fd (fd:0, idx:1), active : 1
0:00:00.016239422  2787 0x564da00ad360 DEBUG   GST_REGISTRY gstregistrychunks.c:582:gst_registry_chunks_load_feature: Plugin 'coretracers' feature 'leaks' typename : 'GstTracerFactory'
0:00:00.011991919  2788 0x559c4161a360 LOG   GST_POLL gstpoll.c:994:gst_poll_fd_ctl_write: 0x559c4163e910: pfd->events now 60 (POLLOUT:4)
0:00:00.012004014  2788 0x559c4161a360 DEBUG   GST_POLL gstpoll.c:979:gst_poll_fd_ctl_write: 0x559c4163e910: fd (fd:0, idx:1), active : 1
0:00:00.016258135  2787 0x564da00ad360 TRACE   GST_REFCOUNTING gstobject.c:208:gst_object_init: 0x564da00d2e10 new
0:00:00.012013871  2788 0x559c4161a360 LOG   GST_POLL gstpoll.c:994:gst_poll_fd_ctl_write: 0x559c4163e910: pfd->events now 60 (POLLOUT:4)
0:00:00.016274049  2787 0x564da00ad360 DEBUG   GST_REGISTRY gstregistrychunks.c:716:gst_registry_chunks_load_feature: Reading/casting for GstRegistryChunkPluginFeature at address 0x564da00cdee8
0:00:00.012025932  2788 0x559c4161a360 DEBUG   GST_POLL gstpoll.c:979:gst_poll_fd_ctl_write: 0x559c4163e910: fd (fd:0, idx:1), active : 1
0:00:00.016286707  2787 0x564da00ad360 DEBUG   GST_REGISTRY gstregistry.c:589:gst_registry_add_feature: adding feature 0x564da00d2e10 (leaks)
0:00:00.012038015  2788 0x559c4161a360 LOG   GST_POLL gstpoll.c:994:gst_poll_fd_ctl_write: 0x559c4163e910: pfd->events now 60 (POLLOUT:4)
0:00:00.016299189  2787 0x564da00ad360 DEBUG   GST_REFCOUNTING gstobject.c:708:gst_object_set_parent: set parent (ref and sink)
0:00:00.012059342  2788 0x559c4161a360 DEBUG   GST_POLL gstpoll.c:979:gst_poll_fd_ctl_write: 0x559c4163e910: fd (fd:0, idx:1), active : 1
0:00:00.016313432  2787 0x564da00ad360 TRACE   GST_REFCOUNTING gstobject.c:292:gst_object_ref_sink: 0x564da00d2e10 ref_sink 1->2
0:00:00.012070079  2788 0x559c4161a360 LOG   GST_POLL gstpoll.c:994:gst_poll_fd_ctl_write: 0x559c4163e910: pfd->events now 60 (POLLOUT:4)
0:00:00.016326160  2787 0x564da00ad360 LOG   GST_REGISTRY gstregistry.c:607:gst_registry_add_feature: emitting feature-added for leaks
0:00:00.012081830  2788 0x559c4161a360 DEBUG   GST_POLL gstpoll.c:979:gst_poll_fd_ctl_write: 0x559c4163e910: fd (fd:0, idx:1), active : 1
0:00:00.016338554  2787 0x564da00ad360 DEBUG   GST_REGISTRY gstregistrychunks.c:740:gst_registry_chunks_load_feature: Added feature leaks, plugin 0x564da00d2a80 coretracers
0:00:00.012092719  2788 0x559c4161a360 LOG   GST_POLL gstpoll.c:994:gst_poll_fd_ctl_write: 0x559c4163e910: pfd->events now 60 (POLLOUT:4)
0:00:00.016350971  2787 0x564da00ad360 DEBUG   GST_REGISTRY gstregistrychunks.c:582:gst_registry_chunks_load_feature: Plugin 'coretracers' feature 'stats' typename : 'GstTracerFactory'
0:00:00.012104842  2788 0x559c4161a360 DEBUG   GST_POLL gstpoll.c:979:gst_poll_fd_ctl_write: 0x559c4163e910: fd (fd:0, idx:1), active : 1
0:00:00.016363944  2787 0x564da00ad360 TRACE   GST_REFCOUNTING gstobject.c:208:gst_object_init: 0x564da00d3020 new
0:00:00.012116366  2788 0x559c4161a360 LOG   GST_POLL gstpoll.c:994:gst_poll_fd_ctl_write: 0x559c4163e910: pfd->events now 60 (POLLOUT:4)
0:00:00.016376903  2787 0x564da00ad360 DEBUG   GST_REGISTRY gstregistrychunks.c:716:gst_registry_chunks_load_feature: Reading/casting for GstRegistryChunkPluginFeature at address 0x564da00cdf08
0:00:00.012129331  2788 0x559c4161a360 DEBUG   GST_POLL gstpoll.c:979:gst_poll_fd_ctl_write: 0x559c4163e910: fd (fd:0, idx:1), active : 1
0:00:00.016389260  2787 0x564da00ad360 DEBUG   GST_REGISTRY gstregistry.c:589:gst_registry_add_feature: adding feature 0x564da00d3020 (stats)
0:00:00.012141104  2788 0x559c4161a360 LOG   GST_POLL gstpoll.c:994:gst_poll_fd_ctl_write: 0x559c4163e910: pfd->events now 60 (POLLOUT:4)
0:00:00.016399500  2787 0x564da00ad360 DEBUG   GST_REFCOUNTING gstobject.c:708:gst_object_set_parent: set parent (ref and sink)
0:00:00.012154174  2788 0x559c4161a360 DEBUG   GST_POLL gstpoll.c:979:gst_poll_fd_ctl_write: 0x559c4163e910: fd (fd:0, idx:1), active : 1
0:00:00.016412892  2787 0x564da00ad360 TRACE   GST_REFCOUNTING gstobject.c:292:gst_object_ref_sink: 0x564da00d3020 ref_sink 1->2
0:00:00.012165684  2788 0x559c4161a360 LOG   GST_POLL gstpoll.c:994:gst_poll_fd_ctl_write: 0x559c4163e910: pfd->events now 60 (POLLOUT:4)
0:00:00.016424690  2787 0x564da00ad360 LOG   GST_REGISTRY gstregistry.c:607:gst_registry_add_feature: emitting feature-added for stats
0:00:00.012178547  2788 0x559c4161a360 DEBUG   GST_POLL gstpoll.c:979:gst_poll_fd_ctl_write: 0x559c4163e910: fd (fd:0, idx:1), active : 1
0:00:00.016443284  2787 0x564da00ad360 DEBUG   GST_REGISTRY gstregistrychunks.c:740:gst_registry_chunks_load_feature: Added feature stats, plugin 0x564da00d2a80 coretracers
0:00:00.012195882  2788 0x559c4161a360 LOG   GST_POLL gstpoll.c:994:gst_poll_fd_ctl_write: 0x559c4163e910: pfd->events now 60 (POLLOUT:4)
0:00:00.016454973  2787 0x564da00ad360 DEBUG   GST_REGISTRY gstregistrychunks.c:582:gst_registry_chunks_load_feature: Plugin 'coretracers' feature 'rusage' typename : 'GstTracerFactory'
0:00:00.012208174  2788 0x559c4161a360 DEBUG   GST_POLL gstpoll.c:979:gst_poll_fd_ctl_write: 0x559c4163e910: fd (fd:0, idx:1), active : 1
0:00:00.012219223  2788 0x559c4161a360 LOG   GST_POLL gstpoll.c:994:gst_poll_fd_ctl_write: 0x559c4163e910: pfd->events now 60 (POLLOUT:4)
0:00:00.016467506  2787 0x564da00ad360 TRACE   GST_REFCOUNTING gstobject.c:208:gst_object_init: 0x564da00d3170 new
0:00:00.012230273  2788 0x559c4161a360 DEBUG   GST_POLL gstpoll.c:979:gst_poll_fd_ctl_write: 0x559c4163e910: fd (fd:0, idx:1), active : 1
0:00:00.016482446  2787 0x564da00ad360 DEBUG   GST_REGISTRY gstregistrychunks.c:716:gst_registry_chunks_load_feature: Reading/casting for GstRegistryChunkPluginFeature at address 0x564da00cdf28
0:00:00.012241234  2788 0x559c4161a360 LOG   GST_POLL gstpoll.c:994:gst_poll_fd_ctl_write: 0x559c4163e910: pfd->events now 60 (POLLOUT:4)
0:00:00.016495692  2787 0x564da00ad360 DEBUG   GST_REGISTRY gstregistry.c:589:gst_registry_add_feature: adding feature 0x564da00d3170 (rusage)
0:00:00.012252263  2788 0x559c4161a360 LOG   GST_PLUGIN_LOADING gstpluginloader.c:645:put_chunk: Expanding tx buf from 7717 to 10158 for chunk of size 17
0:00:00.016506197  2787 0x564da00ad360 DEBUG   GST_REFCOUNTING gstobject.c:708:gst_object_set_parent: set parent (ref and sink)
0:00:00.012269159  2788 0x559c4161a360 DEBUG   GST_POLL gstpoll.c:979:gst_poll_fd_ctl_write: 0x559c4163e910: fd (fd:0, idx:1), active : 1
0:00:00.016519784  2787 0x564da00ad360 TRACE   GST_REFCOUNTING gstobject.c:292:gst_object_ref_sink: 0x564da00d3170 ref_sink 1->2
0:00:00.012280882  2788 0x559c4161a360 LOG   GST_POLL gstpoll.c:994:gst_poll_fd_ctl_write: 0x559c4163e910: pfd->events now 60 (POLLOUT:4)
0:00:00.016532323  2787 0x564da00ad360 LOG   GST_REGISTRY gstregistry.c:607:gst_registry_add_feature: emitting feature-added for rusage
0:00:00.012292579  2788 0x559c4161a360 DEBUG   GST_POLL gstpoll.c:979:gst_poll_fd_ctl_write: 0x559c4163e910: fd (fd:0, idx:1), active : 1
0:00:00.016544292  2787 0x564da00ad360 DEBUG   GST_REGISTRY gstregistrychunks.c:740:gst_registry_chunks_load_feature: Added feature rusage, plugin 0x564da00d2a80 coretracers
0:00:00.012304189  2788 0x559c4161a360 LOG   GST_POLL gstpoll.c:994:gst_poll_fd_ctl_write: 0x559c4163e910: pfd->events now 60 (POLLOUT:4)
0:00:00.016556361  2787 0x564da00ad360 DEBUG   GST_REGISTRY gstregistrychunks.c:582:gst_registry_chunks_load_feature: Plugin 'coretracers' feature 'log' typename : 'GstTracerFactory'
0:00:00.012316230  2788 0x559c4161a360 DEBUG   GST_POLL gstpoll.c:979:gst_poll_fd_ctl_write: 0x559c4163e910: fd (fd:0, idx:1), active : 1
0:00:00.016569600  2787 0x564da00ad360 TRACE   GST_REFCOUNTING gstobject.c:208:gst_object_init: 0x564da00d32d0 new
0:00:00.012335491  2788 0x559c4161a360 LOG   GST_POLL gstpoll.c:994:gst_poll_fd_ctl_write: 0x559c4163e910: pfd->events now 60 (POLLOUT:4)
0:00:00.016587955  2787 0x564da00ad360 DEBUG   GST_REGISTRY gstregistrychunks.c:716:gst_registry_chunks_load_feature: Reading/casting for GstRegistryChunkPluginFeature at address 0x564da00cdf48
0:00:00.012353908  2788 0x559c4161a360 DEBUG   GST_POLL gstpoll.c:979:gst_poll_fd_ctl_write: 0x559c4163e910: fd (fd:0, idx:1), active : 1
0:00:00.016606004  2787 0x564da00ad360 DEBUG   GST_REGISTRY gstregistry.c:589:gst_registry_add_feature: adding feature 0x564da00d32d0 (log)
0:00:00.012365242  2788 0x559c4161a360 LOG   GST_POLL gstpoll.c:994:gst_poll_fd_ctl_write: 0x559c4163e910: pfd->events now 60 (POLLOUT:4)
0:00:00.016617426  2787 0x564da00ad360 DEBUG   GST_REFCOUNTING gstobject.c:708:gst_object_set_parent: set parent (ref and sink)
0:00:00.012377062  2788 0x559c4161a360 DEBUG   GST_POLL gstpoll.c:979:gst_poll_fd_ctl_write: 0x559c4163e910: fd (fd:0, idx:1), active : 1
0:00:00.016630780  2787 0x564da00ad360 TRACE   GST_REFCOUNTING gstobject.c:292:gst_object_ref_sink: 0x564da00d32d0 ref_sink 1->2
0:00:00.016643569  2787 0x564da00ad360 LOG   GST_REGISTRY gstregistry.c:607:gst_registry_add_feature: emitting feature-added for log
0:00:00.012387400  2788 0x559c4161a360 LOG   GST_POLL gstpoll.c:994:gst_poll_fd_ctl_write: 0x559c4163e910: pfd->events now 60 (POLLOUT:4)
0:00:00.012417658  2788 0x559c4161a360 DEBUG   GST_POLL gstpoll.c:979:gst_poll_fd_ctl_write: 0x559c4163e910: fd (fd:0, idx:1), active : 1
0:00:00.016670877  2787 0x564da00ad360 DEBUG   GST_REGISTRY gstregistrychunks.c:740:gst_registry_chunks_load_feature: Added feature log, plugin 0x564da00d2a80 coretracers
0:00:00.012427899  2788 0x559c4161a360 LOG   GST_POLL gstpoll.c:994:gst_poll_fd_ctl_write: 0x559c4163e910: pfd->events now 60 (POLLOUT:4)
0:00:00.016683915  2787 0x564da00ad360 DEBUG   GST_REGISTRY gstregistrychunks.c:582:gst_registry_chunks_load_feature: Plugin 'coretracers' feature 'latency' typename : 'GstTracerFactory'
0:00:00.012439716  2788 0x559c4161a360 DEBUG   GST_POLL gstpoll.c:979:gst_poll_fd_ctl_write: 0x559c4163e910: fd (fd:0, idx:1), active : 1
0:00:00.016697610  2787 0x564da00ad360 TRACE   GST_REFCOUNTING gstobject.c:208:gst_object_init: 0x564da00d3430 new
0:00:00.012450876  2788 0x559c4161a360 LOG   GST_POLL gstpoll.c:994:gst_poll_fd_ctl_write: 0x559c4163e910: pfd->events now 60 (POLLOUT:4)
0:00:00.016710899  2787 0x564da00ad360 DEBUG   GST_REGISTRY gstregistrychunks.c:716:gst_registry_chunks_load_feature: Reading/casting for GstRegistryChunkPluginFeature at address 0x564da00cdf70
0:00:00.012463299  2788 0x559c4161a360 DEBUG   GST_POLL gstpoll.c:979:gst_poll_fd_ctl_write: 0x559c4163e910: fd (fd:0, idx:1), active : 1
0:00:00.016723402  2787 0x564da00ad360 DEBUG   GST_REGISTRY gstregistry.c:589:gst_registry_add_feature: adding feature 0x564da00d3430 (latency)
0:00:00.012475247  2788 0x559c4161a360 LOG   GST_POLL gstpoll.c:994:gst_poll_fd_ctl_write: 0x559c4163e910: pfd->events now 60 (POLLOUT:4)
0:00:00.016739401  2787 0x564da00ad360 DEBUG   GST_REFCOUNTING gstobject.c:708:gst_object_set_parent: set parent (ref and sink)
0:00:00.012494149  2788 0x559c4161a360 DEBUG   GST_POLL gstpoll.c:979:gst_poll_fd_ctl_write: 0x559c4163e910: fd (fd:0, idx:1), active : 1
0:00:00.016752875  2787 0x564da00ad360 TRACE   GST_REFCOUNTING gstobject.c:292:gst_object_ref_sink: 0x564da00d3430 ref_sink 1->2
0:00:00.012505641  2788 0x559c4161a360 LOG   GST_POLL gstpoll.c:994:gst_poll_fd_ctl_write: 0x559c4163e910: pfd->events now 60 (POLLOUT:4)
0:00:00.016764697  2787 0x564da00ad360 LOG   GST_REGISTRY gstregistry.c:607:gst_registry_add_feature: emitting feature-added for latency
0:00:00.012518533  2788 0x559c4161a360 DEBUG   GST_POLL gstpoll.c:979:gst_poll_fd_ctl_write: 0x559c4163e910: fd (fd:0, idx:1), active : 1
0:00:00.016777107  2787 0x564da00ad360 DEBUG   GST_REGISTRY gstregistrychunks.c:740:gst_registry_chunks_load_feature: Added feature latency, plugin 0x564da00d2a80 coretracers
0:00:00.012530341  2788 0x559c4161a360 LOG   GST_POLL gstpoll.c:994:gst_poll_fd_ctl_write: 0x559c4163e910: pfd->events now 60 (POLLOUT:4)
0:00:00.016790339  2787 0x564da00ad360 LOG   GST_PLUGIN_LOADING gstpluginloader.c:887:handle_rx_packet: marking plugin 0x564da00d2a80 as registered as /home/conan/w/prod/BuildSingleReference/.conan/data/gstreamer/1.18.3/_/_/package/5a2a240dc39d481eff30f147f0e2f01ae047b26f/lib/gstreamer-1.0/libgstcoretracers.so
0:00:00.012542539  2788 0x559c4161a360 DEBUG   GST_POLL gstpoll.c:979:gst_poll_fd_ctl_write: 0x559c4163e910: fd (fd:0, idx:1), active : 1
0:00:00.012554441  2788 0x559c4161a360 LOG   GST_POLL gstpoll.c:994:gst_poll_fd_ctl_write: 0x559c4163e910: pfd->events now 60 (POLLOUT:4)
0:00:00.016807787  2787 0x564da00ad360 DEBUG   GST_POLL gstpoll.c:1414:gst_poll_wait: 0x564da00d23d0: timeout :0:00:01.000000000
0:00:00.012564831  2788 0x559c4161a360 DEBUG   GST_POLL gstpoll.c:979:gst_poll_fd_ctl_write: 0x559c4163e910: fd (fd:0, idx:1), active : 1
0:00:00.012576800  2788 0x559c4161a360 LOG   GST_POLL gstpoll.c:994:gst_poll_fd_ctl_write: 0x559c4163e910: pfd->events now 60 (POLLOUT:4)
0:00:00.012589459  2788 0x559c4161a360 TRACE   GST_REFCOUNTING gstobject.c:264:gst_object_unref: 0x559c416400d0 unref 2->1
0:00:00.012599727  2788 0x559c4161a360 DEBUG   GST_POLL gstpoll.c:1241:gst_poll_fd_has_error: 0x559c4163e910: fd (fd:0, idx:1) 0
0:00:00.012606290  2788 0x559c4161a360 DEBUG   GST_POLL gstpoll.c:1335:gst_poll_fd_can_write: 0x559c4163e910: fd (fd:0, idx:1) 1
0:00:00.012612236  2788 0x559c4161a360 LOG   GST_PLUGIN_LOADING gstpluginloader.c:690:write_one: Writing packet of size 6872 bytes to fd 0
0:00:00.012632152  2788 0x559c4161a360 DEBUG   GST_POLL gstpoll.c:1414:gst_poll_wait: 0x559c4163e910: timeout :0:00:01.000000000
0:00:00.012646153  2788 0x559c4161a360 LOG   GST_PLUGIN_LOADING gstpluginloader.c:1027:exchange_packets: Poll res = 2. 488 bytes pending for write
0:00:00.016903122  2787 0x564da00ad360 LOG   GST_PLUGIN_LOADING gstpluginloader.c:1027:exchange_packets: Poll res = 1. 0 bytes pending for write
0:00:00.012657783  2788 0x559c4161a360 DEBUG   GST_POLL gstpoll.c:1241:gst_poll_fd_has_error: 0x559c4163e910: fd (fd:5, idx:2) 0
0:00:00.016928154  2787 0x564da00ad360 DEBUG   GST_POLL gstpoll.c:1241:gst_poll_fd_has_error: 0x564da00d23d0: fd (fd:8, idx:2) 0
0:00:00.012680856  2788 0x559c4161a360 DEBUG   GST_POLL gstpoll.c:1266:gst_poll_fd_can_read_unlocked: 0x559c4163e910: fd (fd:5, idx:2) 1
0:00:00.016940707  2787 0x564da00ad360 DEBUG   GST_POLL gstpoll.c:1266:gst_poll_fd_can_read_unlocked: 0x564da00d23d0: fd (fd:8, idx:2) 1
0:00:00.012697950  2788 0x559c4161a360 DEBUG   GST_PLUGIN_LOADING gstpluginloader.c:722:do_plugin_load: Plugin scanner loading file /home/conan/w/prod/BuildSingleReference/.conan/data/gstreamer/1.18.3/_/_/package/5a2a240dc39d481eff30f147f0e2f01ae047b26f/lib/gstreamer-1.0/libgstcoreelements.so. tag 3
0:00:00.016954623  2787 0x564da00ad360 LOG   GST_PLUGIN_LOADING gstpluginloader.c:985:read_one: Expanding rx buf from 512 to 7384
0:00:00.012712432  2788 0x559c4161a360 TRACE   GST_REFCOUNTING gstobject.c:237:gst_object_ref: 0x559c416436e0 ref 1->2
0:00:00.012726145  2788 0x559c4161a360 TRACE   GST_REFCOUNTING gstobject.c:237:gst_object_ref: 0x559c41660f20 ref 1->2
0:00:00.016981716  2787 0x564da00ad360 DEBUG   GST_PLUGIN_LOADING gstpluginloader.c:848:handle_rx_packet: Received plugin details from child w/ tag 1. 6860 bytes info
0:00:00.012738362  2788 0x559c4161a360 TRACE   GST_REFCOUNTING gstobject.c:237:gst_object_ref: 0x559c41660230 ref 1->2
0:00:00.016992991  2787 0x564da00ad360 LOG   GST_REGISTRY gstregistrychunks.c:836:_priv_gst_registry_chunks_load_plugin: Reading/casting for GstRegistryChunkPluginElement at address 0x564da00d3500
0:00:00.012751812  2788 0x559c4161a360 TRACE   GST_REFCOUNTING gstobject.c:237:gst_object_ref: 0x559c4165e750 ref 1->2
0:00:00.017006764  2787 0x564da00ad360 TRACE   GST_REFCOUNTING gstobject.c:208:gst_object_init: 0x564da00dbea0 new
0:00:00.012763779  2788 0x559c4161a360 TRACE   GST_REFCOUNTING gstobject.c:237:gst_object_ref: 0x559c4165d760 ref 1->2
0:00:00.017024734  2787 0x564da00ad360 LOG   GST_REGISTRY gstregistrychunks.c:858:_priv_gst_registry_chunks_load_plugin: read strings for name='coreelements'
0:00:00.012775633  2788 0x559c4161a360 TRACE   GST_REFCOUNTING gstobject.c:237:gst_object_ref: 0x559c4165c380 ref 1->2
0:00:00.017035261  2787 0x564da00ad360 LOG   GST_REGISTRY gstregistrychunks.c:859:_priv_gst_registry_chunks_load_plugin: desc.description='GStreamer core elements'
0:00:00.012790050  2788 0x559c4161a360 TRACE   GST_REFCOUNTING gstobject.c:237:gst_object_ref: 0x559c4165af00 ref 1->2
0:00:00.017045427  2787 0x564da00ad360 LOG   GST_REGISTRY gstregistrychunks.c:860:_priv_gst_registry_chunks_load_plugin: filename='/home/conan/w/prod/BuildSingleReference/.conan/data/gstreamer/1.18.3/_/_/package/5a2a240dc39d481eff30f147f0e2f01ae047b26f/lib/gstreamer-1.0/libgstcoreelements.so'
0:00:00.012803341  2788 0x559c4161a360 TRACE   GST_REFCOUNTING gstobject.c:237:gst_object_ref: 0x559c41659750 ref 1->2
0:00:00.017055855  2787 0x564da00ad360 LOG   GST_REGISTRY gstregistrychunks.c:861:_priv_gst_registry_chunks_load_plugin: desc.version='1.18.3'
0:00:00.012822720  2788 0x559c4161a360 TRACE   GST_REFCOUNTING gstobject.c:237:gst_object_ref: 0x559c416573a0 ref 1->2
0:00:00.017073078  2787 0x564da00ad360 LOG   GST_REGISTRY gstregistrychunks.c:862:_priv_gst_registry_chunks_load_plugin: desc.license='LGPL'
0:00:00.017085498  2787 0x564da00ad360 LOG   GST_REGISTRY gstregistrychunks.c:863:_priv_gst_registry_chunks_load_plugin: desc.source='gstreamer'
0:00:00.012835216  2788 0x559c4161a360 TRACE   GST_REFCOUNTING gstobject.c:237:gst_object_ref: 0x559c41656280 ref 1->2
0:00:00.017101578  2787 0x564da00ad360 LOG   GST_REGISTRY gstregistrychunks.c:864:_priv_gst_registry_chunks_load_plugin: desc.package='GStreamer source release'
0:00:00.012856721  2788 0x559c4161a360 TRACE   GST_REFCOUNTING gstobject.c:237:gst_object_ref: 0x559c41654ff0 ref 1->2
0:00:00.017112236  2787 0x564da00ad360 LOG   GST_REGISTRY gstregistrychunks.c:865:_priv_gst_registry_chunks_load_plugin: desc.origin='Unknown package origin'
0:00:00.012870745  2788 0x559c4161a360 TRACE   GST_REFCOUNTING gstobject.c:237:gst_object_ref: 0x559c41653a00 ref 1->2
0:00:00.017122501  2787 0x564da00ad360 LOG   GST_REGISTRY gstregistrychunks.c:866:_priv_gst_registry_chunks_load_plugin: desc.datetime=2021-01-13
0:00:00.012883510  2788 0x559c4161a360 TRACE   GST_REFCOUNTING gstobject.c:237:gst_object_ref: 0x559c41652d40 ref 1->2
0:00:00.017136273  2787 0x564da00ad360 DEBUG   GST_REGISTRY gstregistry.c:473:gst_registry_add_plugin: adding plugin 0x564da00dbea0 for filename "/home/conan/w/prod/BuildSingleReference/.conan/data/gstreamer/1.18.3/_/_/package/5a2a240dc39d481eff30f147f0e2f01ae047b26f/lib/gstreamer-1.0/libgstcoreelements.so"
0:00:00.012896104  2788 0x559c4161a360 TRACE   GST_REFCOUNTING gstobject.c:237:gst_object_ref: 0x559c41651f60 ref 1->2
0:00:00.017149917  2787 0x564da00ad360 TRACE   GST_REFCOUNTING gstobject.c:292:gst_object_ref_sink: 0x564da00dbea0 ref_sink 1->2
0:00:00.012907976  2788 0x559c4161a360 TRACE   GST_REFCOUNTING gstobject.c:237:gst_object_ref: 0x559c416510e0 ref 1->2
0:00:00.017162752  2787 0x564da00ad360 LOG   GST_REGISTRY gstregistry.c:486:gst_registry_add_plugin: emitting plugin-added for filename "/home/conan/w/prod/BuildSingleReference/.conan/data/gstreamer/1.18.3/_/_/package/5a2a240dc39d481eff30f147f0e2f01ae047b26f/lib/gstreamer-1.0/libgstcoreelements.so"
0:00:00.012920649  2788 0x559c4161a360 TRACE   GST_REFCOUNTING gstobject.c:237:gst_object_ref: 0x559c4164ec30 ref 1->2
0:00:00.017174477  2787 0x564da00ad360 DEBUG   GST_REGISTRY gstregistrychunks.c:886:_priv_gst_registry_chunks_load_plugin: Added plugin 'coreelements' plugin with 22 features from binary registry
0:00:00.012932980  2788 0x559c4161a360 TRACE   GST_REFCOUNTING gstobject.c:237:gst_object_ref: 0x559c4164c650 ref 1->2
0:00:00.017186591  2787 0x564da00ad360 DEBUG   GST_REGISTRY gstregistrychunks.c:582:gst_registry_chunks_load_feature: Plugin 'coreelements' feature 'streamiddemux' typename : 'GstElementFactory'
0:00:00.012945015  2788 0x559c4161a360 TRACE   GST_REFCOUNTING gstobject.c:237:gst_object_ref: 0x559c4164a9d0 ref 1->2
0:00:00.012959995  2788 0x559c4161a360 TRACE   GST_REFCOUNTING gstobject.c:237:gst_object_ref: 0x559c41649830 ref 1->2
0:00:00.017210538  2787 0x564da00ad360 TRACE   GST_REFCOUNTING gstobject.c:208:gst_object_init: 0x564da00dda40 new
0:00:00.012972909  2788 0x559c4161a360 TRACE   GST_REFCOUNTING gstobject.c:237:gst_object_ref: 0x559c416478a0 ref 1->2
0:00:00.017225271  2787 0x564da00ad360 LOG   GST_REGISTRY gstregistrychunks.c:609:gst_registry_chunks_load_feature: Reading/casting for GstRegistryChunkElementFactory at address 0x564da00d3658
0:00:00.012985976  2788 0x559c4161a360 TRACE   GST_REFCOUNTING gstobject.c:237:gst_object_ref: 0x559c41646a60 ref 1->2
0:00:00.017237985  2787 0x564da00ad360 TRACE   structure gststructure.c:287:gst_structure_new_id_empty_with_size: created structure 0x564da00d2ed0
0:00:00.012998410  2788 0x559c4161a360 TRACE   GST_REFCOUNTING gstobject.c:237:gst_object_ref: 0x559c41645d90 ref 1->2
0:00:00.017249791  2787 0x564da00ad360 DEBUG   structure gststructure.c:2203:gst_structure_parse_field: trying field name 'long-name'
