0:00:00.015094978  2788 0x559c4161a360 LOG   GST_POLL gstpoll.c:994:gst_poll_fd_ctl_write: 0x559c4163e910: pfd->events now 60 (POLLOUT:4)
0:00:00.019349735  2787 0x564da00ad360 DEBUG   default gstvalue.c:2676:_priv_gst_value_parse_value: trying type name 'string'
0:00:00.015105817  2788 0x559c4161a360 DEBUG   GST_POLL gstpoll.c:979:gst_poll_fd_ctl_write: 0x559c4163e910: fd (fd:0, idx:1), active : 1
0:00:00.019360120  2787 0x564da00ad360 DEBUG   structure gststructure.c:2203:gst_structure_parse_field: trying field name 'description'
0:00:00.015115618  2788 0x559c4161a360 LOG   GST_POLL gstpoll.c:994:gst_poll_fd_ctl_write: 0x559c4163e910: pfd->events now 60 (POLLOUT:4)
0:00:00.019369367  2787 0x564da00ad360 DEBUG   default gstvalue.c:2676:_priv_gst_value_parse_value: trying type name 'string'
0:00:00.015126528  2788 0x559c4161a360 DEBUG   GST_POLL gstpoll.c:979:gst_poll_fd_ctl_write: 0x559c4163e910: fd (fd:0, idx:1), active : 1
0:00:00.019379686  2787 0x564da00ad360 DEBUG   structure gststructure.c:2203:gst_structure_parse_field: trying field name 'author'
0:00:00.015136532  2788 0x559c4161a360 LOG   GST_POLL gstpoll.c:994:gst_poll_fd_ctl_write: 0x559c4163e910: pfd->events now 60 (POLLOUT:4)
0:00:00.019389382  2787 0x564da00ad360 DEBUG   default gstvalue.c:2676:_priv_gst_value_parse_value: trying type name 'string'
0:00:00.015147293  2788 0x559c4161a360 DEBUG   GST_POLL gstpoll.c:979:gst_poll_fd_ctl_write: 0x559c4163e910: fd (fd:0, idx:1), active : 1
0:00:00.019399893  2787 0x564da00ad360 DEBUG   GST_REGISTRY gstregistrychunks.c:626:gst_registry_chunks_load_feature: Element factory : npadtemplates=2
0:00:00.015157282  2788 0x559c4161a360 LOG   GST_POLL gstpoll.c:994:gst_poll_fd_ctl_write: 0x559c4163e910: pfd->events now 60 (POLLOUT:4)
0:00:00.019409674  2787 0x564da00ad360 DEBUG   GST_REGISTRY gstregistrychunks.c:525:gst_registry_chunks_load_pad_template: Reading/casting for GstRegistryChunkPadTemplate at address 0x564da00d4040
0:00:00.015173570  2788 0x559c4161a360 DEBUG   GST_POLL gstpoll.c:979:gst_poll_fd_ctl_write: 0x559c4163e910: fd (fd:0, idx:1), active : 1
0:00:00.019424051  2787 0x564da00ad360 DEBUG   GST_REGISTRY gstregistrychunks.c:539:gst_registry_chunks_load_pad_template: Added pad_template src_%u
0:00:00.015183883  2788 0x559c4161a360 LOG   GST_POLL gstpoll.c:994:gst_poll_fd_ctl_write: 0x559c4163e910: pfd->events now 60 (POLLOUT:4)
0:00:00.019441422  2787 0x564da00ad360 DEBUG   GST_REGISTRY gstregistrychunks.c:525:gst_registry_chunks_load_pad_template: Reading/casting for GstRegistryChunkPadTemplate at address 0x564da00d4058
0:00:00.015194574  2788 0x559c4161a360 DEBUG   GST_POLL gstpoll.c:979:gst_poll_fd_ctl_write: 0x559c4163e910: fd (fd:0, idx:1), active : 1
0:00:00.019451614  2787 0x564da00ad360 DEBUG   GST_REGISTRY gstregistrychunks.c:539:gst_registry_chunks_load_pad_template: Added pad_template sink
0:00:00.015204878  2788 0x559c4161a360 LOG   GST_POLL gstpoll.c:994:gst_poll_fd_ctl_write: 0x559c4163e910: pfd->events now 60 (POLLOUT:4)
0:00:00.019463176  2787 0x564da00ad360 DEBUG   GST_REGISTRY gstregistry.c:589:gst_registry_add_feature: adding feature 0x564da00d7970 (output-selector)
0:00:00.015215514  2788 0x559c4161a360 DEBUG   GST_POLL gstpoll.c:979:gst_poll_fd_ctl_write: 0x559c4163e910: fd (fd:0, idx:1), active : 1
0:00:00.015226493  2788 0x559c4161a360 LOG   GST_POLL gstpoll.c:994:gst_poll_fd_ctl_write: 0x559c4163e910: pfd->events now 60 (POLLOUT:4)
0:00:00.019474251  2787 0x564da00ad360 DEBUG   GST_REFCOUNTING gstobject.c:708:gst_object_set_parent: set parent (ref and sink)
0:00:00.015236233  2788 0x559c4161a360 DEBUG   GST_POLL gstpoll.c:979:gst_poll_fd_ctl_write: 0x559c4163e910: fd (fd:0, idx:1), active : 1
0:00:00.019487964  2787 0x564da00ad360 TRACE   GST_REFCOUNTING gstobject.c:292:gst_object_ref_sink: 0x564da00d7970 ref_sink 1->2
0:00:00.015245792  2788 0x559c4161a360 LOG   GST_POLL gstpoll.c:994:gst_poll_fd_ctl_write: 0x559c4163e910: pfd->events now 60 (POLLOUT:4)
0:00:00.019499409  2787 0x564da00ad360 LOG   GST_REGISTRY gstregistry.c:607:gst_registry_add_feature: emitting feature-added for output-selector
0:00:00.015256246  2788 0x559c4161a360 DEBUG   GST_POLL gstpoll.c:979:gst_poll_fd_ctl_write: 0x559c4163e910: fd (fd:0, idx:1), active : 1
0:00:00.019510655  2787 0x564da00ad360 DEBUG   GST_REGISTRY gstregistrychunks.c:740:gst_registry_chunks_load_feature: Added feature output-selector, plugin 0x564da00dbea0 coreelements
0:00:00.015265801  2788 0x559c4161a360 LOG   GST_POLL gstpoll.c:994:gst_poll_fd_ctl_write: 0x559c4163e910: pfd->events now 60 (POLLOUT:4)
0:00:00.019521523  2787 0x564da00ad360 DEBUG   GST_REGISTRY gstregistrychunks.c:582:gst_registry_chunks_load_feature: Plugin 'coreelements' feature 'input-selector' typename : 'GstElementFactory'
0:00:00.015276122  2788 0x559c4161a360 DEBUG   GST_POLL gstpoll.c:979:gst_poll_fd_ctl_write: 0x559c4163e910: fd (fd:0, idx:1), active : 1
0:00:00.019533338  2787 0x564da00ad360 TRACE   GST_REFCOUNTING gstobject.c:208:gst_object_init: 0x564da00d8330 new
0:00:00.015291919  2788 0x559c4161a360 LOG   GST_POLL gstpoll.c:994:gst_poll_fd_ctl_write: 0x559c4163e910: pfd->events now 60 (POLLOUT:4)
0:00:00.019546230  2787 0x564da00ad360 LOG   GST_REGISTRY gstregistrychunks.c:609:gst_registry_chunks_load_feature: Reading/casting for GstRegistryChunkElementFactory at address 0x564da00d4090
0:00:00.015301980  2788 0x559c4161a360 DEBUG   GST_POLL gstpoll.c:979:gst_poll_fd_ctl_write: 0x559c4163e910: fd (fd:0, idx:1), active : 1
0:00:00.019558928  2787 0x564da00ad360 TRACE   structure gststructure.c:287:gst_structure_new_id_empty_with_size: created structure 0x564da00d8420
0:00:00.015312194  2788 0x559c4161a360 LOG   GST_POLL gstpoll.c:994:gst_poll_fd_ctl_write: 0x559c4163e910: pfd->events now 60 (POLLOUT:4)
0:00:00.019568952  2787 0x564da00ad360 DEBUG   structure gststructure.c:2203:gst_structure_parse_field: trying field name 'long-name'
0:00:00.015322570  2788 0x559c4161a360 DEBUG   GST_POLL gstpoll.c:979:gst_poll_fd_ctl_write: 0x559c4163e910: fd (fd:0, idx:1), active : 1
0:00:00.019578521  2787 0x564da00ad360 DEBUG   default gstvalue.c:2676:_priv_gst_value_parse_value: trying type name 'string'
0:00:00.015332973  2788 0x559c4161a360 LOG   GST_POLL gstpoll.c:994:gst_poll_fd_ctl_write: 0x559c4163e910: pfd->events now 60 (POLLOUT:4)
0:00:00.019588886  2787 0x564da00ad360 DEBUG   structure gststructure.c:2203:gst_structure_parse_field: trying field name 'klass'
0:00:00.019597467  2787 0x564da00ad360 DEBUG   default gstvalue.c:2676:_priv_gst_value_parse_value: trying type name 'string'
0:00:00.015349460  2788 0x559c4161a360 DEBUG   GST_POLL gstpoll.c:979:gst_poll_fd_ctl_write: 0x559c4163e910: fd (fd:0, idx:1), active : 1
0:00:00.019607378  2787 0x564da00ad360 DEBUG   structure gststructure.c:2203:gst_structure_parse_field: trying field name 'description'
0:00:00.015360470  2788 0x559c4161a360 LOG   GST_POLL gstpoll.c:994:gst_poll_fd_ctl_write: 0x559c4163e910: pfd->events now 60 (POLLOUT:4)
0:00:00.019617232  2787 0x564da00ad360 DEBUG   default gstvalue.c:2676:_priv_gst_value_parse_value: trying type name 'string'
0:00:00.015371156  2788 0x559c4161a360 DEBUG   GST_POLL gstpoll.c:979:gst_poll_fd_ctl_write: 0x559c4163e910: fd (fd:0, idx:1), active : 1
0:00:00.019627729  2787 0x564da00ad360 DEBUG   structure gststructure.c:2203:gst_structure_parse_field: trying field name 'author'
0:00:00.015381756  2788 0x559c4161a360 LOG   GST_POLL gstpoll.c:994:gst_poll_fd_ctl_write: 0x559c4163e910: pfd->events now 60 (POLLOUT:4)
0:00:00.019637464  2787 0x564da00ad360 DEBUG   default gstvalue.c:2676:_priv_gst_value_parse_value: trying type name 'string'
0:00:00.015411584  2788 0x559c4161a360 DEBUG   GST_POLL gstpoll.c:979:gst_poll_fd_ctl_write: 0x559c4163e910: fd (fd:0, idx:1), active : 1
0:00:00.019664640  2787 0x564da00ad360 DEBUG   GST_REGISTRY gstregistrychunks.c:626:gst_registry_chunks_load_feature: Element factory : npadtemplates=2
0:00:00.015421568  2788 0x559c4161a360 LOG   GST_POLL gstpoll.c:994:gst_poll_fd_ctl_write: 0x559c4163e910: pfd->events now 60 (POLLOUT:4)
0:00:00.019680752  2787 0x564da00ad360 DEBUG   GST_REGISTRY gstregistrychunks.c:525:gst_registry_chunks_load_pad_template: Reading/casting for GstRegistryChunkPadTemplate at address 0x564da00d41c0
0:00:00.015435298  2788 0x559c4161a360 LOG   GST_PLUGIN_LOADING gstpluginloader.c:645:put_chunk: Expanding tx buf from 10158 to 13209 for chunk of size 209
0:00:00.019690156  2787 0x564da00ad360 DEBUG   GST_REGISTRY gstregistrychunks.c:539:gst_registry_chunks_load_pad_template: Added pad_template src
0:00:00.019700213  2787 0x564da00ad360 DEBUG   GST_REGISTRY gstregistrychunks.c:525:gst_registry_chunks_load_pad_template: Reading/casting for GstRegistryChunkPadTemplate at address 0x564da00d41d0
0:00:00.019709771  2787 0x564da00ad360 DEBUG   GST_REGISTRY gstregistrychunks.c:539:gst_registry_chunks_load_pad_template: Added pad_template sink_%u
0:00:00.015462901  2788 0x559c4161a360 DEBUG   GST_POLL gstpoll.c:979:gst_poll_fd_ctl_write: 0x559c4163e910: fd (fd:0, idx:1), active : 1
0:00:00.019721152  2787 0x564da00ad360 DEBUG   GST_REGISTRY gstregistry.c:589:gst_registry_add_feature: adding feature 0x564da00d8330 (input-selector)
0:00:00.015474091  2788 0x559c4161a360 LOG   GST_POLL gstpoll.c:994:gst_poll_fd_ctl_write: 0x559c4163e910: pfd->events now 60 (POLLOUT:4)
0:00:00.019730800  2787 0x564da00ad360 DEBUG   GST_REFCOUNTING gstobject.c:708:gst_object_set_parent: set parent (ref and sink)
0:00:00.015485580  2788 0x559c4161a360 DEBUG   GST_POLL gstpoll.c:979:gst_poll_fd_ctl_write: 0x559c4163e910: fd (fd:0, idx:1), active : 1
0:00:00.019743380  2787 0x564da00ad360 TRACE   GST_REFCOUNTING gstobject.c:292:gst_object_ref_sink: 0x564da00d8330 ref_sink 1->2
0:00:00.015496178  2788 0x559c4161a360 LOG   GST_POLL gstpoll.c:994:gst_poll_fd_ctl_write: 0x559c4163e910: pfd->events now 60 (POLLOUT:4)
0:00:00.019754340  2787 0x564da00ad360 LOG   GST_REGISTRY gstregistry.c:607:gst_registry_add_feature: emitting feature-added for input-selector
0:00:00.015507814  2788 0x559c4161a360 DEBUG   GST_POLL gstpoll.c:979:gst_poll_fd_ctl_write: 0x559c4163e910: fd (fd:0, idx:1), active : 1
0:00:00.019765553  2787 0x564da00ad360 DEBUG   GST_REGISTRY gstregistrychunks.c:740:gst_registry_chunks_load_feature: Added feature input-selector, plugin 0x564da00dbea0 coreelements
0:00:00.015518485  2788 0x559c4161a360 LOG   GST_POLL gstpoll.c:994:gst_poll_fd_ctl_write: 0x559c4163e910: pfd->events now 60 (POLLOUT:4)
0:00:00.019776178  2787 0x564da00ad360 DEBUG   GST_REGISTRY gstregistrychunks.c:582:gst_registry_chunks_load_feature: Plugin 'coreelements' feature 'identity' typename : 'GstElementFactory'
0:00:00.015529408  2788 0x559c4161a360 DEBUG   GST_POLL gstpoll.c:979:gst_poll_fd_ctl_write: 0x559c4163e910: fd (fd:0, idx:1), active : 1
0:00:00.015539801  2788 0x559c4161a360 LOG   GST_POLL gstpoll.c:994:gst_poll_fd_ctl_write: 0x559c4163e910: pfd->events now 60 (POLLOUT:4)
0:00:00.019788040  2787 0x564da00ad360 TRACE   GST_REFCOUNTING gstobject.c:208:gst_object_init: 0x564da00d89b0 new
0:00:00.015550062  2788 0x559c4161a360 DEBUG   GST_POLL gstpoll.c:979:gst_poll_fd_ctl_write: 0x559c4163e910: fd (fd:0, idx:1), active : 1
0:00:00.019808158  2787 0x564da00ad360 LOG   GST_REGISTRY gstregistrychunks.c:609:gst_registry_chunks_load_feature: Reading/casting for GstRegistryChunkElementFactory at address 0x564da00d4200
0:00:00.015560646  2788 0x559c4161a360 LOG   GST_POLL gstpoll.c:994:gst_poll_fd_ctl_write: 0x559c4163e910: pfd->events now 60 (POLLOUT:4)
0:00:00.019818381  2787 0x564da00ad360 TRACE   structure gststructure.c:287:gst_structure_new_id_empty_with_size: created structure 0x564da00d8be0
0:00:00.015571779  2788 0x559c4161a360 DEBUG   GST_POLL gstpoll.c:979:gst_poll_fd_ctl_write: 0x559c4163e910: fd (fd:0, idx:1), active : 1
0:00:00.019828297  2787 0x564da00ad360 DEBUG   structure gststructure.c:2203:gst_structure_parse_field: trying field name 'long-name'
0:00:00.015582343  2788 0x559c4161a360 LOG   GST_POLL gstpoll.c:994:gst_poll_fd_ctl_write: 0x559c4163e910: pfd->events now 60 (POLLOUT:4)
0:00:00.019838158  2787 0x564da00ad360 DEBUG   default gstvalue.c:2676:_priv_gst_value_parse_value: trying type name 'string'
0:00:00.015593379  2788 0x559c4161a360 DEBUG   GST_POLL gstpoll.c:979:gst_poll_fd_ctl_write: 0x559c4163e910: fd (fd:0, idx:1), active : 1
0:00:00.019848110  2787 0x564da00ad360 DEBUG   structure gststructure.c:2203:gst_structure_parse_field: trying field name 'klass'
0:00:00.015603501  2788 0x559c4161a360 LOG   GST_POLL gstpoll.c:994:gst_poll_fd_ctl_write: 0x559c4163e910: pfd->events now 60 (POLLOUT:4)
0:00:00.019857866  2787 0x564da00ad360 DEBUG   default gstvalue.c:2676:_priv_gst_value_parse_value: trying type name 'string'
0:00:00.015614754  2788 0x559c4161a360 DEBUG   GST_POLL gstpoll.c:979:gst_poll_fd_ctl_write: 0x559c4163e910: fd (fd:0, idx:1), active : 1
0:00:00.019868362  2787 0x564da00ad360 DEBUG   structure gststructure.c:2203:gst_structure_parse_field: trying field name 'description'
0:00:00.015625066  2788 0x559c4161a360 LOG   GST_POLL gstpoll.c:994:gst_poll_fd_ctl_write: 0x559c4163e910: pfd->events now 60 (POLLOUT:4)
0:00:00.019877916  2787 0x564da00ad360 DEBUG   default gstvalue.c:2676:_priv_gst_value_parse_value: trying type name 'string'
0:00:00.015635996  2788 0x559c4161a360 DEBUG   GST_POLL gstpoll.c:979:gst_poll_fd_ctl_write: 0x559c4163e910: fd (fd:0, idx:1), active : 1
0:00:00.019888485  2787 0x564da00ad360 DEBUG   structure gststructure.c:2203:gst_structure_parse_field: trying field name 'author'
0:00:00.015662821  2788 0x559c4161a360 LOG   GST_POLL gstpoll.c:994:gst_poll_fd_ctl_write: 0x559c4163e910: pfd->events now 60 (POLLOUT:4)
0:00:00.019915663  2787 0x564da00ad360 DEBUG   default gstvalue.c:2676:_priv_gst_value_parse_value: trying type name 'string'
0:00:00.015674677  2788 0x559c4161a360 DEBUG   GST_POLL gstpoll.c:979:gst_poll_fd_ctl_write: 0x559c4163e910: fd (fd:0, idx:1), active : 1
0:00:00.019927313  2787 0x564da00ad360 DEBUG   GST_REGISTRY gstregistrychunks.c:626:gst_registry_chunks_load_feature: Element factory : npadtemplates=2
0:00:00.015685668  2788 0x559c4161a360 LOG   GST_POLL gstpoll.c:994:gst_poll_fd_ctl_write: 0x559c4163e910: pfd->events now 60 (POLLOUT:4)
0:00:00.019937890  2787 0x564da00ad360 DEBUG   GST_REGISTRY gstregistrychunks.c:525:gst_registry_chunks_load_pad_template: Reading/casting for GstRegistryChunkPadTemplate at address 0x564da00d42d0
0:00:00.015702922  2788 0x559c4161a360 DEBUG   GST_POLL gstpoll.c:979:gst_poll_fd_ctl_write: 0x559c4163e910: fd (fd:0, idx:1), active : 1
0:00:00.019953448  2787 0x564da00ad360 DEBUG   GST_REGISTRY gstregistrychunks.c:539:gst_registry_chunks_load_pad_template: Added pad_template sink
0:00:00.015714137  2788 0x559c4161a360 LOG   GST_POLL gstpoll.c:994:gst_poll_fd_ctl_write: 0x559c4163e910: pfd->events now 60 (POLLOUT:4)
0:00:00.019964880  2787 0x564da00ad360 DEBUG   GST_REGISTRY gstregistrychunks.c:525:gst_registry_chunks_load_pad_template: Reading/casting for GstRegistryChunkPadTemplate at address 0x564da00d42e8
0:00:00.015725440  2788 0x559c4161a360 DEBUG   GST_POLL gstpoll.c:979:gst_poll_fd_ctl_write: 0x559c4163e910: fd (fd:0, idx:1), active : 1
0:00:00.019975749  2787 0x564da00ad360 DEBUG   GST_REGISTRY gstregistrychunks.c:539:gst_registry_chunks_load_pad_template: Added pad_template src
0:00:00.015736311  2788 0x559c4161a360 LOG   GST_POLL gstpoll.c:994:gst_poll_fd_ctl_write: 0x559c4163e910: pfd->events now 60 (POLLOUT:4)
0:00:00.019994050  2787 0x564da00ad360 DEBUG   GST_REGISTRY gstregistry.c:589:gst_registry_add_feature: adding feature 0x564da00d89b0 (identity)
0:00:00.015748065  2788 0x559c4161a360 DEBUG   GST_POLL gstpoll.c:979:gst_poll_fd_ctl_write: 0x559c4163e910: fd (fd:0, idx:1), active : 1
0:00:00.020004426  2787 0x564da00ad360 DEBUG   GST_REFCOUNTING gstobject.c:708:gst_object_set_parent: set parent (ref and sink)
0:00:00.015759470  2788 0x559c4161a360 LOG   GST_POLL gstpoll.c:994:gst_poll_fd_ctl_write: 0x559c4163e910: pfd->events now 60 (POLLOUT:4)
0:00:00.020017835  2787 0x564da00ad360 TRACE   GST_REFCOUNTING gstobject.c:292:gst_object_ref_sink: 0x564da00d89b0 ref_sink 1->2
0:00:00.015771167  2788 0x559c4161a360 DEBUG   GST_POLL gstpoll.c:979:gst_poll_fd_ctl_write: 0x559c4163e910: fd (fd:0, idx:1), active : 1
0:00:00.020029569  2787 0x564da00ad360 LOG   GST_REGISTRY gstregistry.c:607:gst_registry_add_feature: emitting feature-added for identity
0:00:00.015782837  2788 0x559c4161a360 LOG   GST_POLL gstpoll.c:994:gst_poll_fd_ctl_write: 0x559c4163e910: pfd->events now 60 (POLLOUT:4)
0:00:00.020041507  2787 0x564da00ad360 DEBUG   GST_REGISTRY gstregistrychunks.c:740:gst_registry_chunks_load_feature: Added feature identity, plugin 0x564da00dbea0 coreelements
0:00:00.015794171  2788 0x559c4161a360 DEBUG   GST_POLL gstpoll.c:979:gst_poll_fd_ctl_write: 0x559c4163e910: fd (fd:0, idx:1), active : 1
0:00:00.020052933  2787 0x564da00ad360 DEBUG   GST_REGISTRY gstregistrychunks.c:582:gst_registry_chunks_load_feature: Plugin 'coreelements' feature 'funnel' typename : 'GstElementFactory'
0:00:00.015805641  2788 0x559c4161a360 LOG   GST_POLL gstpoll.c:994:gst_poll_fd_ctl_write: 0x559c4163e910: pfd->events now 60 (POLLOUT:4)
0:00:00.020065275  2787 0x564da00ad360 TRACE   GST_REFCOUNTING gstobject.c:208:gst_object_init: 0x564da00d9020 new
0:00:00.015817361  2788 0x559c4161a360 DEBUG   GST_POLL gstpoll.c:979:gst_poll_fd_ctl_write: 0x559c4163e910: fd (fd:0, idx:1), active : 1
0:00:00.020082372  2787 0x564da00ad360 LOG   GST_REGISTRY gstregistrychunks.c:609:gst_registry_chunks_load_feature: Reading/casting for GstRegistryChunkElementFactory at address 0x564da00d4318
0:00:00.015834653  2788 0x559c4161a360 LOG   GST_POLL gstpoll.c:994:gst_poll_fd_ctl_write: 0x559c4163e910: pfd->events now 60 (POLLOUT:4)
0:00:00.015846400  2788 0x559c4161a360 DEBUG   GST_POLL gstpoll.c:979:gst_poll_fd_ctl_write: 0x559c4163e910: fd (fd:0, idx:1), active : 1
0:00:00.020098792  2787 0x564da00ad360 TRACE   structure gststructure.c:287:gst_structure_new_id_empty_with_size: created structure 0x564da00d9320
0:00:00.015856405  2788 0x559c4161a360 LOG   GST_POLL gstpoll.c:994:gst_poll_fd_ctl_write: 0x559c4163e910: pfd->events now 60 (POLLOUT:4)
0:00:00.020109870  2787 0x564da00ad360 DEBUG   structure gststructure.c:2203:gst_structure_parse_field: trying field name 'long-name'
0:00:00.015867790  2788 0x559c4161a360 DEBUG   GST_POLL gstpoll.c:979:gst_poll_fd_ctl_write: 0x559c4163e910: fd (fd:0, idx:1), active : 1
0:00:00.020120174  2787 0x564da00ad360 DEBUG   default gstvalue.c:2676:_priv_gst_value_parse_value: trying type name 'string'
0:00:00.015879007  2788 0x559c4161a360 LOG   GST_POLL gstpoll.c:994:gst_poll_fd_ctl_write: 0x559c4163e910: pfd->events now 60 (POLLOUT:4)
0:00:00.020131468  2787 0x564da00ad360 DEBUG   structure gststructure.c:2203:gst_structure_parse_field: trying field name 'klass'
0:00:00.015890386  2788 0x559c4161a360 DEBUG   GST_POLL gstpoll.c:979:gst_poll_fd_ctl_write: 0x559c4163e910: fd (fd:0, idx:1), active : 1
0:00:00.020142203  2787 0x564da00ad360 DEBUG   default gstvalue.c:2676:_priv_gst_value_parse_value: trying type name 'string'
0:00:00.015901680  2788 0x559c4161a360 LOG   GST_POLL gstpoll.c:994:gst_poll_fd_ctl_write: 0x559c4163e910: pfd->events now 60 (POLLOUT:4)
0:00:00.020153125  2787 0x564da00ad360 DEBUG   structure gststructure.c:2203:gst_structure_parse_field: trying field name 'description'
0:00:00.015913166  2788 0x559c4161a360 DEBUG   GST_POLL gstpoll.c:979:gst_poll_fd_ctl_write: 0x559c4163e910: fd (fd:0, idx:1), active : 1
0:00:00.020163742  2787 0x564da00ad360 DEBUG   default gstvalue.c:2676:_priv_gst_value_parse_value: trying type name 'string'
0:00:00.015924084  2788 0x559c4161a360 LOG   GST_POLL gstpoll.c:994:gst_poll_fd_ctl_write: 0x559c4163e910: pfd->events now 60 (POLLOUT:4)
0:00:00.020175620  2787 0x564da00ad360 DEBUG   structure gststructure.c:2203:gst_structure_parse_field: trying field name 'author'
0:00:00.015935831  2788 0x559c4161a360 DEBUG   GST_POLL gstpoll.c:979:gst_poll_fd_ctl_write: 0x559c4163e910: fd (fd:0, idx:1), active : 1
0:00:00.020186379  2787 0x564da00ad360 DEBUG   default gstvalue.c:2676:_priv_gst_value_parse_value: trying type name 'string'
0:00:00.015946744  2788 0x559c4161a360 LOG   GST_POLL gstpoll.c:994:gst_poll_fd_ctl_write: 0x559c4163e910: pfd->events now 60 (POLLOUT:4)
0:00:00.020198478  2787 0x564da00ad360 DEBUG   GST_REGISTRY gstregistrychunks.c:626:gst_registry_chunks_load_feature: Element factory : npadtemplates=2
0:00:00.015958215  2788 0x559c4161a360 DEBUG   GST_POLL gstpoll.c:979:gst_poll_fd_ctl_write: 0x559c4163e910: fd (fd:0, idx:1), active : 1
0:00:00.020214895  2787 0x564da00ad360 DEBUG   GST_REGISTRY gstregistrychunks.c:525:gst_registry_chunks_load_pad_template: Reading/casting for GstRegistryChunkPadTemplate at address 0x564da00d43f0
0:00:00.015969831  2788 0x559c4161a360 LOG   GST_POLL gstpoll.c:994:gst_poll_fd_ctl_write: 0x559c4163e910: pfd->events now 60 (POLLOUT:4)
0:00:00.020225059  2787 0x564da00ad360 DEBUG   GST_REGISTRY gstregistrychunks.c:539:gst_registry_chunks_load_pad_template: Added pad_template src
0:00:00.015981776  2788 0x559c4161a360 DEBUG   GST_POLL gstpoll.c:979:gst_poll_fd_ctl_write: 0x559c4163e910: fd (fd:0, idx:1), active : 1
0:00:00.020235029  2787 0x564da00ad360 DEBUG   GST_REGISTRY gstregistrychunks.c:525:gst_registry_chunks_load_pad_template: Reading/casting for GstRegistryChunkPadTemplate at address 0x564da00d4400
0:00:00.015993038  2788 0x559c4161a360 LOG   GST_POLL gstpoll.c:994:gst_poll_fd_ctl_write: 0x559c4163e910: pfd->events now 60 (POLLOUT:4)
0:00:00.020245488  2787 0x564da00ad360 DEBUG   GST_REGISTRY gstregistrychunks.c:539:gst_registry_chunks_load_pad_template: Added pad_template sink_%u
0:00:00.016004890  2788 0x559c4161a360 DEBUG   GST_POLL gstpoll.c:979:gst_poll_fd_ctl_write: 0x559c4163e910: fd (fd:0, idx:1), active : 1
0:00:00.020258450  2787 0x564da00ad360 DEBUG   GST_REGISTRY gstregistry.c:589:gst_registry_add_feature: adding feature 0x564da00d9020 (funnel)
0:00:00.016015277  2788 0x559c4161a360 LOG   GST_POLL gstpoll.c:994:gst_poll_fd_ctl_write: 0x559c4163e910: pfd->events now 60 (POLLOUT:4)
0:00:00.020268672  2787 0x564da00ad360 DEBUG   GST_REFCOUNTING gstobject.c:708:gst_object_set_parent: set parent (ref and sink)
0:00:00.016026438  2788 0x559c4161a360 DEBUG   GST_POLL gstpoll.c:979:gst_poll_fd_ctl_write: 0x559c4163e910: fd (fd:0, idx:1), active : 1
0:00:00.020282610  2787 0x564da00ad360 TRACE   GST_REFCOUNTING gstobject.c:292:gst_object_ref_sink: 0x564da00d9020 ref_sink 1->2
0:00:00.016037115  2788 0x559c4161a360 LOG   GST_POLL gstpoll.c:994:gst_poll_fd_ctl_write: 0x559c4163e910: pfd->events now 60 (POLLOUT:4)
0:00:00.020294730  2787 0x564da00ad360 LOG   GST_REGISTRY gstregistry.c:607:gst_registry_add_feature: emitting feature-added for funnel
0:00:00.016048914  2788 0x559c4161a360 DEBUG   GST_POLL gstpoll.c:979:gst_poll_fd_ctl_write: 0x559c4163e910: fd (fd:0, idx:1), active : 1
0:00:00.020306877  2787 0x564da00ad360 DEBUG   GST_REGISTRY gstregistrychunks.c:740:gst_registry_chunks_load_feature: Added feature funnel, plugin 0x564da00dbea0 coreelements
0:00:00.016060136  2788 0x559c4161a360 LOG   GST_POLL gstpoll.c:994:gst_poll_fd_ctl_write: 0x559c4163e910: pfd->events now 60 (POLLOUT:4)
0:00:00.020318569  2787 0x564da00ad360 DEBUG   GST_REGISTRY gstregistrychunks.c:582:gst_registry_chunks_load_feature: Plugin 'coreelements' feature 'filesrc' typename : 'GstElementFactory'
0:00:00.016071602  2788 0x559c4161a360 DEBUG   GST_POLL gstpoll.c:979:gst_poll_fd_ctl_write: 0x559c4163e910: fd (fd:0, idx:1), active : 1
0:00:00.020331255  2787 0x564da00ad360 TRACE   GST_REFCOUNTING gstobject.c:208:gst_object_init: 0x564da00d9740 new
0:00:00.016092675  2788 0x559c4161a360 LOG   GST_POLL gstpoll.c:994:gst_poll_fd_ctl_write: 0x559c4163e910: pfd->events now 60 (POLLOUT:4)
0:00:00.020345023  2787 0x564da00ad360 LOG   GST_REGISTRY gstregistrychunks.c:609:gst_registry_chunks_load_feature: Reading/casting for GstRegistryChunkElementFactory at address 0x564da00d4430
0:00:00.016104166  2788 0x559c4161a360 DEBUG   GST_POLL gstpoll.c:979:gst_poll_fd_ctl_write: 0x559c4163e910: fd (fd:0, idx:1), active : 1
0:00:00.020356429  2787 0x564da00ad360 TRACE   structure gststructure.c:287:gst_structure_new_id_empty_with_size: created structure 0x564da00d9a40
0:00:00.016115291  2788 0x559c4161a360 LOG   GST_POLL gstpoll.c:994:gst_poll_fd_ctl_write: 0x559c4163e910: pfd->events now 60 (POLLOUT:4)
0:00:00.020367179  2787 0x564da00ad360 DEBUG   structure gststructure.c:2203:gst_structure_parse_field: trying field name 'long-name'
0:00:00.016127189  2788 0x559c4161a360 DEBUG   GST_POLL gstpoll.c:979:gst_poll_fd_ctl_write: 0x559c4163e910: fd (fd:0, idx:1), active : 1
0:00:00.020377963  2787 0x564da00ad360 DEBUG   default gstvalue.c:2676:_priv_gst_value_parse_value: trying type name 'string'
0:00:00.016138088  2788 0x559c4161a360 LOG   GST_POLL gstpoll.c:994:gst_poll_fd_ctl_write: 0x559c4163e910: pfd->events now 60 (POLLOUT:4)
0:00:00.020389453  2787 0x564da00ad360 DEBUG   structure gststructure.c:2203:gst_structure_parse_field: trying field name 'klass'
0:00:00.016149519  2788 0x559c4161a360 DEBUG   GST_POLL gstpoll.c:979:gst_poll_fd_ctl_write: 0x559c4163e910: fd (fd:0, idx:1), active : 1
0:00:00.020399895  2787 0x564da00ad360 DEBUG   default gstvalue.c:2676:_priv_gst_value_parse_value: trying type name 'string'
0:00:00.020411783  2787 0x564da00ad360 DEBUG   structure gststructure.c:2203:gst_structure_parse_field: trying field name 'description'
0:00:00.020422474  2787 0x564da00ad360 DEBUG   default gstvalue.c:2676:_priv_gst_value_parse_value: trying type name 'string'
0:00:00.016179451  2788 0x559c4161a360 LOG   GST_POLL gstpoll.c:994:gst_poll_fd_ctl_write: 0x559c4163e910: pfd->events now 60 (POLLOUT:4)
0:00:00.020432877  2787 0x564da00ad360 DEBUG   structure gststructure.c:2203:gst_structure_parse_field: trying field name 'author'
0:00:00.016192430  2788 0x559c4161a360 DEBUG   GST_POLL gstpoll.c:979:gst_poll_fd_ctl_write: 0x559c4163e910: fd (fd:0, idx:1), active : 1
0:00:00.020443648  2787 0x564da00ad360 DEBUG   default gstvalue.c:2676:_priv_gst_value_parse_value: trying type name 'string'
0:00:00.016203861  2788 0x559c4161a360 LOG   GST_POLL gstpoll.c:994:gst_poll_fd_ctl_write: 0x559c4163e910: pfd->events now 60 (POLLOUT:4)
0:00:00.020455489  2787 0x564da00ad360 DEBUG   GST_REGISTRY gstregistrychunks.c:626:gst_registry_chunks_load_feature: Element factory : npadtemplates=1
0:00:00.016215666  2788 0x559c4161a360 DEBUG   GST_POLL gstpoll.c:979:gst_poll_fd_ctl_write: 0x559c4163e910: fd (fd:0, idx:1), active : 1
0:00:00.020466180  2787 0x564da00ad360 DEBUG   GST_REGISTRY gstregistrychunks.c:525:gst_registry_chunks_load_pad_template: Reading/casting for GstRegistryChunkPadTemplate at address 0x564da00d4510
0:00:00.016231758  2788 0x559c4161a360 LOG   GST_POLL gstpoll.c:994:gst_poll_fd_ctl_write: 0x559c4163e910: pfd->events now 60 (POLLOUT:4)
0:00:00.020482648  2787 0x564da00ad360 DEBUG   GST_REGISTRY gstregistrychunks.c:539:gst_registry_chunks_load_pad_template: Added pad_template src
0:00:00.016243334  2788 0x559c4161a360 DEBUG   GST_POLL gstpoll.c:979:gst_poll_fd_ctl_write: 0x559c4163e910: fd (fd:0, idx:1), active : 1
0:00:00.020494493  2787 0x564da00ad360 DEBUG   GST_REGISTRY gstregistrychunks.c:639:gst_registry_chunks_load_feature: Reading 1 UriTypes at address 0x564da00d4520
0:00:00.016254498  2788 0x559c4161a360 LOG   GST_POLL gstpoll.c:994:gst_poll_fd_ctl_write: 0x559c4163e910: pfd->events now 60 (POLLOUT:4)
0:00:00.020506582  2787 0x564da00ad360 DEBUG   GST_REGISTRY gstregistrychunks.c:654:gst_registry_chunks_load_feature: Reading 1 Interfaces at address 0x564da00d4529
0:00:00.016265818  2788 0x559c4161a360 DEBUG   GST_POLL gstpoll.c:979:gst_poll_fd_ctl_write: 0x559c4163e910: fd (fd:0, idx:1), active : 1
0:00:00.020520779  2787 0x564da00ad360 DEBUG   GST_REGISTRY gstregistry.c:589:gst_registry_add_feature: adding feature 0x564da00d9740 (filesrc)
0:00:00.016275818  2788 0x559c4161a360 LOG   GST_POLL gstpoll.c:994:gst_poll_fd_ctl_write: 0x559c4163e910: pfd->events now 60 (POLLOUT:4)
0:00:00.020531654  2787 0x564da00ad360 DEBUG   GST_REFCOUNTING gstobject.c:708:gst_object_set_parent: set parent (ref and sink)
0:00:00.016287364  2788 0x559c4161a360 DEBUG   GST_POLL gstpoll.c:979:gst_poll_fd_ctl_write: 0x559c4163e910: fd (fd:0, idx:1), active : 1
0:00:00.020545126  2787 0x564da00ad360 TRACE   GST_REFCOUNTING gstobject.c:292:gst_object_ref_sink: 0x564da00d9740 ref_sink 1->2
0:00:00.016298617  2788 0x559c4161a360 LOG   GST_POLL gstpoll.c:994:gst_poll_fd_ctl_write: 0x559c4163e910: pfd->events now 60 (POLLOUT:4)
0:00:00.020556899  2787 0x564da00ad360 LOG   GST_REGISTRY gstregistry.c:607:gst_registry_add_feature: emitting feature-added for filesrc
0:00:00.016310611  2788 0x559c4161a360 DEBUG   GST_POLL gstpoll.c:979:gst_poll_fd_ctl_write: 0x559c4163e910: fd (fd:0, idx:1), active : 1
0:00:00.020568700  2787 0x564da00ad360 DEBUG   GST_REGISTRY gstregistrychunks.c:740:gst_registry_chunks_load_feature: Added feature filesrc, plugin 0x564da00dbea0 coreelements
0:00:00.016321626  2788 0x559c4161a360 LOG   GST_POLL gstpoll.c:994:gst_poll_fd_ctl_write: 0x559c4163e910: pfd->events now 60 (POLLOUT:4)
0:00:00.020580170  2787 0x564da00ad360 DEBUG   GST_REGISTRY gstregistrychunks.c:582:gst_registry_chunks_load_feature: Plugin 'coreelements' feature 'fdsink' typename : 'GstElementFactory'
0:00:00.016333251  2788 0x559c4161a360 DEBUG   GST_POLL gstpoll.c:979:gst_poll_fd_ctl_write: 0x559c4163e910: fd (fd:0, idx:1), active : 1
0:00:00.020592665  2787 0x564da00ad360 TRACE   GST_REFCOUNTING gstobject.c:208:gst_object_init: 0x564da00d9ef0 new
0:00:00.016349686  2788 0x559c4161a360 LOG   GST_POLL gstpoll.c:994:gst_poll_fd_ctl_write: 0x559c4163e910: pfd->events now 60 (POLLOUT:4)
0:00:00.020604800  2787 0x564da00ad360 LOG   GST_REGISTRY gstregistrychunks.c:609:gst_registry_chunks_load_feature: Reading/casting for GstRegistryChunkElementFactory at address 0x564da00d4550
0:00:00.016367543  2788 0x559c4161a360 DEBUG   GST_POLL gstpoll.c:979:gst_poll_fd_ctl_write: 0x559c4163e910: fd (fd:0, idx:1), active : 1
0:00:00.020618413  2787 0x564da00ad360 TRACE   structure gststructure.c:287:gst_structure_new_id_empty_with_size: created structure 0x564da00da270
0:00:00.016378713  2788 0x559c4161a360 LOG   GST_POLL gstpoll.c:994:gst_poll_fd_ctl_write: 0x559c4163e910: pfd->events now 60 (POLLOUT:4)
0:00:00.020629556  2787 0x564da00ad360 DEBUG   structure gststructure.c:2203:gst_structure_parse_field: trying field name 'long-name'
0:00:00.016403081  2788 0x559c4161a360 DEBUG   GST_POLL gstpoll.c:979:gst_poll_fd_ctl_write: 0x559c4163e910: fd (fd:0, idx:1), active : 1
0:00:00.020657032  2787 0x564da00ad360 DEBUG   default gstvalue.c:2676:_priv_gst_value_parse_value: trying type name 'string'
0:00:00.016416643  2788 0x559c4161a360 LOG   GST_POLL gstpoll.c:994:gst_poll_fd_ctl_write: 0x559c4163e910: pfd->events now 60 (POLLOUT:4)
0:00:00.020669598  2787 0x564da00ad360 DEBUG   structure gststructure.c:2203:gst_structure_parse_field: trying field name 'klass'
0:00:00.016428155  2788 0x559c4161a360 DEBUG   GST_POLL gstpoll.c:979:gst_poll_fd_ctl_write: 0x559c4163e910: fd (fd:0, idx:1), active : 1
0:00:00.020680128  2787 0x564da00ad360 DEBUG   default gstvalue.c:2676:_priv_gst_value_parse_value: trying type name 'string'
0:00:00.016439768  2788 0x559c4161a360 LOG   GST_POLL gstpoll.c:994:gst_poll_fd_ctl_write: 0x559c4163e910: pfd->events now 60 (POLLOUT:4)
0:00:00.020691311  2787 0x564da00ad360 DEBUG   structure gststructure.c:2203:gst_structure_parse_field: trying field name 'description'
0:00:00.016451403  2788 0x559c4161a360 DEBUG   GST_POLL gstpoll.c:979:gst_poll_fd_ctl_write: 0x559c4163e910: fd (fd:0, idx:1), active : 1
0:00:00.020702252  2787 0x564da00ad360 DEBUG   default gstvalue.c:2676:_priv_gst_value_parse_value: trying type name 'string'
0:00:00.016462389  2788 0x559c4161a360 LOG   GST_POLL gstpoll.c:994:gst_poll_fd_ctl_write: 0x559c4163e910: pfd->events now 60 (POLLOUT:4)
0:00:00.020714362  2787 0x564da00ad360 DEBUG   structure gststructure.c:2203:gst_structure_parse_field: trying field name 'author'
0:00:00.016474451  2788 0x559c4161a360 DEBUG   GST_POLL gstpoll.c:979:gst_poll_fd_ctl_write: 0x559c4163e910: fd (fd:0, idx:1), active : 1
0:00:00.020725405  2787 0x564da00ad360 DEBUG   default gstvalue.c:2676:_priv_gst_value_parse_value: trying type name 'string'
0:00:00.016485370  2788 0x559c4161a360 LOG   GST_POLL gstpoll.c:994:gst_poll_fd_ctl_write: 0x559c4163e910: pfd->events now 60 (POLLOUT:4)
0:00:00.020736990  2787 0x564da00ad360 DEBUG   GST_REGISTRY gstregistrychunks.c:626:gst_registry_chunks_load_feature: Element factory : npadtemplates=1
0:00:00.016496971  2788 0x559c4161a360 DEBUG   GST_POLL gstpoll.c:979:gst_poll_fd_ctl_write: 0x559c4163e910: fd (fd:0, idx:1), active : 1
0:00:00.020747604  2787 0x564da00ad360 DEBUG   GST_REGISTRY gstregistrychunks.c:525:gst_registry_chunks_load_pad_template: Reading/casting for GstRegistryChunkPadTemplate at address 0x564da00d4630
0:00:00.016512898  2788 0x559c4161a360 LOG   GST_POLL gstpoll.c:994:gst_poll_fd_ctl_write: 0x559c4163e910: pfd->events now 60 (POLLOUT:4)
0:00:00.020763805  2787 0x564da00ad360 DEBUG   GST_REGISTRY gstregistrychunks.c:539:gst_registry_chunks_load_pad_template: Added pad_template sink
0:00:00.016524450  2788 0x559c4161a360 DEBUG   GST_POLL gstpoll.c:979:gst_poll_fd_ctl_write: 0x559c4163e910: fd (fd:0, idx:1), active : 1
0:00:00.020775395  2787 0x564da00ad360 DEBUG   GST_REGISTRY gstregistrychunks.c:639:gst_registry_chunks_load_feature: Reading 1 UriTypes at address 0x564da00d4641
0:00:00.016535624  2788 0x559c4161a360 LOG   GST_POLL gstpoll.c:994:gst_poll_fd_ctl_write: 0x559c4163e910: pfd->events now 60 (POLLOUT:4)
0:00:00.020787364  2787 0x564da00ad360 DEBUG   GST_REGISTRY gstregistrychunks.c:654:gst_registry_chunks_load_feature: Reading 1 Interfaces at address 0x564da00d464f
0:00:00.016547387  2788 0x559c4161a360 DEBUG   GST_POLL gstpoll.c:979:gst_poll_fd_ctl_write: 0x559c4163e910: fd (fd:0, idx:1), active : 1
0:00:00.020800764  2787 0x564da00ad360 DEBUG   GST_REGISTRY gstregistry.c:589:gst_registry_add_feature: adding feature 0x564da00d9ef0 (fdsink)
0:00:00.016557413  2788 0x559c4161a360 LOG   GST_POLL gstpoll.c:994:gst_poll_fd_ctl_write: 0x559c4163e910: pfd->events now 60 (POLLOUT:4)
0:00:00.020811488  2787 0x564da00ad360 DEBUG   GST_REFCOUNTING gstobject.c:708:gst_object_set_parent: set parent (ref and sink)
0:00:00.016568631  2788 0x559c4161a360 DEBUG   GST_POLL gstpoll.c:979:gst_poll_fd_ctl_write: 0x559c4163e910: fd (fd:0, idx:1), active : 1
0:00:00.020825011  2787 0x564da00ad360 TRACE   GST_REFCOUNTING gstobject.c:292:gst_object_ref_sink: 0x564da00d9ef0 ref_sink 1->2
0:00:00.016579292  2788 0x559c4161a360 LOG   GST_POLL gstpoll.c:994:gst_poll_fd_ctl_write: 0x559c4163e910: pfd->events now 60 (POLLOUT:4)
0:00:00.020837280  2787 0x564da00ad360 LOG   GST_REGISTRY gstregistry.c:607:gst_registry_add_feature: emitting feature-added for fdsink
0:00:00.016590921  2788 0x559c4161a360 DEBUG   GST_POLL gstpoll.c:979:gst_poll_fd_ctl_write: 0x559c4163e910: fd (fd:0, idx:1), active : 1
0:00:00.020849310  2787 0x564da00ad360 DEBUG   GST_REGISTRY gstregistrychunks.c:740:gst_registry_chunks_load_feature: Added feature fdsink, plugin 0x564da00dbea0 coreelements
0:00:00.016602106  2788 0x559c4161a360 LOG   GST_POLL gstpoll.c:994:gst_poll_fd_ctl_write: 0x559c4163e910: pfd->events now 60 (POLLOUT:4)
0:00:00.020860658  2787 0x564da00ad360 DEBUG   GST_REGISTRY gstregistrychunks.c:582:gst_registry_chunks_load_feature: Plugin 'coreelements' feature 'fdsrc' typename : 'GstElementFactory'
0:00:00.016614099  2788 0x559c4161a360 DEBUG   GST_POLL gstpoll.c:979:gst_poll_fd_ctl_write: 0x559c4163e910: fd (fd:0, idx:1), active : 1
0:00:00.016624384  2788 0x559c4161a360 LOG   GST_POLL gstpoll.c:994:gst_poll_fd_ctl_write: 0x559c4163e910: pfd->events now 60 (POLLOUT:4)
0:00:00.020873369  2787 0x564da00ad360 TRACE   GST_REFCOUNTING gstobject.c:208:gst_object_init: 0x564da00de4b0 new
0:00:00.016635888  2788 0x559c4161a360 DEBUG   GST_POLL gstpoll.c:979:gst_poll_fd_ctl_write: 0x559c4163e910: fd (fd:0, idx:1), active : 1
0:00:00.020894626  2787 0x564da00ad360 LOG   GST_REGISTRY gstregistrychunks.c:609:gst_registry_chunks_load_feature: Reading/casting for GstRegistryChunkElementFactory at address 0x564da00d4678
0:00:00.016647150  2788 0x559c4161a360 LOG   GST_POLL gstpoll.c:994:gst_poll_fd_ctl_write: 0x559c4163e910: pfd->events now 60 (POLLOUT:4)
0:00:00.020905634  2787 0x564da00ad360 TRACE   structure gststructure.c:287:gst_structure_new_id_empty_with_size: created structure 0x564da00de6e0
0:00:00.016659538  2788 0x559c4161a360 DEBUG   GST_POLL gstpoll.c:979:gst_poll_fd_ctl_write: 0x559c4163e910: fd (fd:0, idx:1), active : 1
0:00:00.020915658  2787 0x564da00ad360 DEBUG   structure gststructure.c:2203:gst_structure_parse_field: trying field name 'long-name'
0:00:00.016670742  2788 0x559c4161a360 LOG   GST_POLL gstpoll.c:994:gst_poll_fd_ctl_write: 0x559c4163e910: pfd->events now 60 (POLLOUT:4)
0:00:00.020925944  2787 0x564da00ad360 DEBUG   default gstvalue.c:2676:_priv_gst_value_parse_value: trying type name 'string'
0:00:00.016682872  2788 0x559c4161a360 DEBUG   GST_POLL gstpoll.c:979:gst_poll_fd_ctl_write: 0x559c4163e910: fd (fd:0, idx:1), active : 1
0:00:00.020936893  2787 0x564da00ad360 DEBUG   structure gststructure.c:2203:gst_structure_parse_field: trying field name 'klass'
0:00:00.016693731  2788 0x559c4161a360 LOG   GST_POLL gstpoll.c:994:gst_poll_fd_ctl_write: 0x559c4163e910: pfd->events now 60 (POLLOUT:4)
0:00:00.020947010  2787 0x564da00ad360 DEBUG   default gstvalue.c:2676:_priv_gst_value_parse_value: trying type name 'string'
0:00:00.016706036  2788 0x559c4161a360 DEBUG   GST_POLL gstpoll.c:979:gst_poll_fd_ctl_write: 0x559c4163e910: fd (fd:0, idx:1), active : 1
0:00:00.020958142  2787 0x564da00ad360 DEBUG   structure gststructure.c:2203:gst_structure_parse_field: trying field name 'description'
0:00:00.016716933  2788 0x559c4161a360 LOG   GST_POLL gstpoll.c:994:gst_poll_fd_ctl_write: 0x559c4163e910: pfd->events now 60 (POLLOUT:4)
0:00:00.020968692  2787 0x564da00ad360 DEBUG   default gstvalue.c:2676:_priv_gst_value_parse_value: trying type name 'string'
0:00:00.016728739  2788 0x559c4161a360 DEBUG   GST_POLL gstpoll.c:979:gst_poll_fd_ctl_write: 0x559c4163e910: fd (fd:0, idx:1), active : 1
0:00:00.020979645  2787 0x564da00ad360 DEBUG   structure gststructure.c:2203:gst_structure_parse_field: trying field name 'author'
0:00:00.016739992  2788 0x559c4161a360 LOG   GST_POLL gstpoll.c:994:gst_poll_fd_ctl_write: 0x559c4163e910: pfd->events now 60 (POLLOUT:4)
0:00:00.020990733  2787 0x564da00ad360 DEBUG   default gstvalue.c:2676:_priv_gst_value_parse_value: trying type name 'string'
0:00:00.016751674  2788 0x559c4161a360 DEBUG   GST_POLL gstpoll.c:979:gst_poll_fd_ctl_write: 0x559c4163e910: fd (fd:0, idx:1), active : 1
0:00:00.021002537  2787 0x564da00ad360 DEBUG   GST_REGISTRY gstregistrychunks.c:626:gst_registry_chunks_load_feature: Element factory : npadtemplates=1
0:00:00.016762698  2788 0x559c4161a360 LOG   GST_POLL gstpoll.c:994:gst_poll_fd_ctl_write: 0x559c4163e910: pfd->events now 60 (POLLOUT:4)
0:00:00.021019214  2787 0x564da00ad360 DEBUG   GST_REGISTRY gstregistrychunks.c:525:gst_registry_chunks_load_pad_template: Reading/casting for GstRegistryChunkPadTemplate at address 0x564da00d4758
0:00:00.016774983  2788 0x559c4161a360 DEBUG   GST_POLL gstpoll.c:979:gst_poll_fd_ctl_write: 0x559c4163e910: fd (fd:0, idx:1), active : 1
0:00:00.021028960  2787 0x564da00ad360 DEBUG   GST_REGISTRY gstregistrychunks.c:539:gst_registry_chunks_load_pad_template: Added pad_template src
0:00:00.016786387  2788 0x559c4161a360 LOG   GST_POLL gstpoll.c:994:gst_poll_fd_ctl_write: 0x559c4163e910: pfd->events now 60 (POLLOUT:4)
0:00:00.021039983  2787 0x564da00ad360 DEBUG   GST_REGISTRY gstregistrychunks.c:639:gst_registry_chunks_load_feature: Reading 1 UriTypes at address 0x564da00d4768
0:00:00.016797999  2788 0x559c4161a360 DEBUG   GST_POLL gstpoll.c:979:gst_poll_fd_ctl_write: 0x559c4163e910: fd (fd:0, idx:1), active : 1
0:00:00.021050973  2787 0x564da00ad360 DEBUG   GST_REGISTRY gstregistrychunks.c:654:gst_registry_chunks_load_feature: Reading 1 Interfaces at address 0x564da00d476f
0:00:00.016808805  2788 0x559c4161a360 LOG   GST_POLL gstpoll.c:994:gst_poll_fd_ctl_write: 0x559c4163e910: pfd->events now 60 (POLLOUT:4)
0:00:00.021064433  2787 0x564da00ad360 DEBUG   GST_REGISTRY gstregistry.c:589:gst_registry_add_feature: adding feature 0x564da00de4b0 (fdsrc)
0:00:00.016819568  2788 0x559c4161a360 DEBUG   GST_POLL gstpoll.c:979:gst_poll_fd_ctl_write: 0x559c4163e910: fd (fd:0, idx:1), active : 1
0:00:00.021075017  2787 0x564da00ad360 DEBUG   GST_REFCOUNTING gstobject.c:708:gst_object_set_parent: set parent (ref and sink)
0:00:00.016831060  2788 0x559c4161a360 LOG   GST_POLL gstpoll.c:994:gst_poll_fd_ctl_write: 0x559c4163e910: pfd->events now 60 (POLLOUT:4)
0:00:00.016842738  2788 0x559c4161a360 DEBUG   GST_POLL gstpoll.c:979:gst_poll_fd_ctl_write: 0x559c4163e910: fd (fd:0, idx:1), active : 1
0:00:00.021088621  2787 0x564da00ad360 TRACE   GST_REFCOUNTING gstobject.c:292:gst_object_ref_sink: 0x564da00de4b0 ref_sink 1->2
0:00:00.016852487  2788 0x559c4161a360 LOG   GST_POLL gstpoll.c:994:gst_poll_fd_ctl_write: 0x559c4163e910: pfd->events now 60 (POLLOUT:4)
0:00:00.021105970  2787 0x564da00ad360 LOG   GST_REGISTRY gstregistry.c:607:gst_registry_add_feature: emitting feature-added for fdsrc
0:00:00.016864195  2788 0x559c4161a360 DEBUG   GST_POLL gstpoll.c:979:gst_poll_fd_ctl_write: 0x559c4163e910: fd (fd:0, idx:1), active : 1
0:00:00.021118343  2787 0x564da00ad360 DEBUG   GST_REGISTRY gstregistrychunks.c:740:gst_registry_chunks_load_feature: Added feature fdsrc, plugin 0x564da00dbea0 coreelements
0:00:00.016874913  2788 0x559c4161a360 LOG   GST_POLL gstpoll.c:994:gst_poll_fd_ctl_write: 0x559c4163e910: pfd->events now 60 (POLLOUT:4)
0:00:00.021130171  2787 0x564da00ad360 DEBUG   GST_REGISTRY gstregistrychunks.c:582:gst_registry_chunks_load_feature: Plugin 'coreelements' feature 'fakesink' typename : 'GstElementFactory'
0:00:00.016886041  2788 0x559c4161a360 DEBUG   GST_POLL gstpoll.c:979:gst_poll_fd_ctl_write: 0x559c4163e910: fd (fd:0, idx:1), active : 1
0:00:00.021143118  2787 0x564da00ad360 TRACE   GST_REFCOUNTING gstobject.c:208:gst_object_init: 0x564da00deb60 new
0:00:00.016902957  2788 0x559c4161a360 LOG   GST_POLL gstpoll.c:994:gst_poll_fd_ctl_write: 0x559c4163e910: pfd->events now 60 (POLLOUT:4)
0:00:00.021162491  2787 0x564da00ad360 LOG   GST_REGISTRY gstregistrychunks.c:609:gst_registry_chunks_load_feature: Reading/casting for GstRegistryChunkElementFactory at address 0x564da00d4798
0:00:00.016915308  2788 0x559c4161a360 DEBUG   GST_POLL gstpoll.c:979:gst_poll_fd_ctl_write: 0x559c4163e910: fd (fd:0, idx:1), active : 1
0:00:00.021173695  2787 0x564da00ad360 TRACE   structure gststructure.c:287:gst_structure_new_id_empty_with_size: created structure 0x564da00ded90
0:00:00.016927021  2788 0x559c4161a360 LOG   GST_POLL gstpoll.c:994:gst_poll_fd_ctl_write: 0x559c4163e910: pfd->events now 60 (POLLOUT:4)
0:00:00.021183978  2787 0x564da00ad360 DEBUG   structure gststructure.c:2203:gst_structure_parse_field: trying field name 'long-name'
0:00:00.016938907  2788 0x559c4161a360 DEBUG   GST_POLL gstpoll.c:979:gst_poll_fd_ctl_write: 0x559c4163e910: fd (fd:0, idx:1), active : 1
0:00:00.021211308  2787 0x564da00ad360 DEBUG   default gstvalue.c:2676:_priv_gst_value_parse_value: trying type name 'string'
0:00:00.016967794  2788 0x559c4161a360 LOG   GST_POLL gstpoll.c:994:gst_poll_fd_ctl_write: 0x559c4163e910: pfd->events now 60 (POLLOUT:4)
0:00:00.021223430  2787 0x564da00ad360 DEBUG   structure gststructure.c:2203:gst_structure_parse_field: trying field name 'klass'
0:00:00.016980343  2788 0x559c4161a360 DEBUG   GST_POLL gstpoll.c:979:gst_poll_fd_ctl_write: 0x559c4163e910: fd (fd:0, idx:1), active : 1
0:00:00.021233509  2787 0x564da00ad360 DEBUG   default gstvalue.c:2676:_priv_gst_value_parse_value: trying type name 'string'
0:00:00.016991821  2788 0x559c4161a360 LOG   GST_POLL gstpoll.c:994:gst_poll_fd_ctl_write: 0x559c4163e910: pfd->events now 60 (POLLOUT:4)
0:00:00.021245326  2787 0x564da00ad360 DEBUG   structure gststructure.c:2203:gst_structure_parse_field: trying field name 'description'
0:00:00.017003574  2788 0x559c4161a360 DEBUG   GST_POLL gstpoll.c:979:gst_poll_fd_ctl_write: 0x559c4163e910: fd (fd:0, idx:1), active : 1
0:00:00.021256074  2787 0x564da00ad360 DEBUG   default gstvalue.c:2676:_priv_gst_value_parse_value: trying type name 'string'
0:00:00.017015976  2788 0x559c4161a360 LOG   GST_POLL gstpoll.c:994:gst_poll_fd_ctl_write: 0x559c4163e910: pfd->events now 60 (POLLOUT:4)
0:00:00.021267903  2787 0x564da00ad360 DEBUG   structure gststructure.c:2203:gst_structure_parse_field: trying field name 'author'
0:00:00.017028687  2788 0x559c4161a360 DEBUG   GST_POLL gstpoll.c:979:gst_poll_fd_ctl_write: 0x559c4163e910: fd (fd:0, idx:1), active : 1
0:00:00.021279411  2787 0x564da00ad360 DEBUG   default gstvalue.c:2676:_priv_gst_value_parse_value: trying type name 'string'
0:00:00.017040683  2788 0x559c4161a360 LOG   GST_POLL gstpoll.c:994:gst_poll_fd_ctl_write: 0x559c4163e910: pfd->events now 60 (POLLOUT:4)
0:00:00.021296683  2787 0x564da00ad360 DEBUG   GST_REGISTRY gstregistrychunks.c:626:gst_registry_chunks_load_feature: Element factory : npadtemplates=1
0:00:00.017059601  2788 0x559c4161a360 DEBUG   GST_POLL gstpoll.c:979:gst_poll_fd_ctl_write: 0x559c4163e910: fd (fd:0, idx:1), active : 1
0:00:00.021310018  2787 0x564da00ad360 DEBUG   GST_REGISTRY gstregistrychunks.c:525:gst_registry_chunks_load_pad_template: Reading/casting for GstRegistryChunkPadTemplate at address 0x564da00d48c0
0:00:00.017071214  2788 0x559c4161a360 LOG   GST_POLL gstpoll.c:994:gst_poll_fd_ctl_write: 0x559c4163e910: pfd->events now 60 (POLLOUT:4)
0:00:00.021322401  2787 0x564da00ad360 DEBUG   GST_REGISTRY gstregistrychunks.c:539:gst_registry_chunks_load_pad_template: Added pad_template sink
0:00:00.017083269  2788 0x559c4161a360 DEBUG   GST_POLL gstpoll.c:979:gst_poll_fd_ctl_write: 0x559c4163e910: fd (fd:0, idx:1), active : 1
0:00:00.021340219  2787 0x564da00ad360 DEBUG   GST_REGISTRY gstregistry.c:589:gst_registry_add_feature: adding feature 0x564da00deb60 (fakesink)
0:00:00.017094767  2788 0x559c4161a360 LOG   GST_POLL gstpoll.c:994:gst_poll_fd_ctl_write: 0x559c4163e910: pfd->events now 60 (POLLOUT:4)
0:00:00.021351387  2787 0x564da00ad360 DEBUG   GST_REFCOUNTING gstobject.c:708:gst_object_set_parent: set parent (ref and sink)
0:00:00.017107011  2788 0x559c4161a360 DEBUG   GST_POLL gstpoll.c:979:gst_poll_fd_ctl_write: 0x559c4163e910: fd (fd:0, idx:1), active : 1
0:00:00.021365322  2787 0x564da00ad360 TRACE   GST_REFCOUNTING gstobject.c:292:gst_object_ref_sink: 0x564da00deb60 ref_sink 1->2
0:00:00.017118837  2788 0x559c4161a360 LOG   GST_POLL gstpoll.c:994:gst_poll_fd_ctl_write: 0x559c4163e910: pfd->events now 60 (POLLOUT:4)
0:00:00.021378219  2787 0x564da00ad360 LOG   GST_REGISTRY gstregistry.c:607:gst_registry_add_feature: emitting feature-added for fakesink
0:00:00.017132282  2788 0x559c4161a360 DEBUG   GST_POLL gstpoll.c:979:gst_poll_fd_ctl_write: 0x559c4163e910: fd (fd:0, idx:1), active : 1
0:00:00.021390686  2787 0x564da00ad360 DEBUG   GST_REGISTRY gstregistrychunks.c:740:gst_registry_chunks_load_feature: Added feature fakesink, plugin 0x564da00dbea0 coreelements
0:00:00.017144183  2788 0x559c4161a360 LOG   GST_POLL gstpoll.c:994:gst_poll_fd_ctl_write: 0x559c4163e910: pfd->events now 60 (POLLOUT:4)
0:00:00.021402641  2787 0x564da00ad360 DEBUG   GST_REGISTRY gstregistrychunks.c:582:gst_registry_chunks_load_feature: Plugin 'coreelements' feature 'fakesrc' typename : 'GstElementFactory'
0:00:00.017156000  2788 0x559c4161a360 DEBUG   GST_POLL gstpoll.c:979:gst_poll_fd_ctl_write: 0x559c4163e910: fd (fd:0, idx:1), active : 1
0:00:00.021415532  2787 0x564da00ad360 TRACE   GST_REFCOUNTING gstobject.c:208:gst_object_init: 0x564da00df0f0 new
0:00:00.017167452  2788 0x559c4161a360 LOG   GST_POLL gstpoll.c:994:gst_poll_fd_ctl_write: 0x559c4163e910: pfd->events now 60 (POLLOUT:4)
0:00:00.021428190  2787 0x564da00ad360 LOG   GST_REGISTRY gstregistrychunks.c:609:gst_registry_chunks_load_feature: Reading/casting for GstRegistryChunkElementFactory at address 0x564da00d48f0
0:00:00.017181346  2788 0x559c4161a360 DEBUG   GST_POLL gstpoll.c:979:gst_poll_fd_ctl_write: 0x559c4163e910: fd (fd:0, idx:1), active : 1
0:00:00.021445101  2787 0x564da00ad360 TRACE   structure gststructure.c:287:gst_structure_new_id_empty_with_size: created structure 0x564da00df1e0
0:00:00.017198257  2788 0x559c4161a360 LOG   GST_POLL gstpoll.c:994:gst_poll_fd_ctl_write: 0x559c4163e910: pfd->events now 60 (POLLOUT:4)
0:00:00.021455781  2787 0x564da00ad360 DEBUG   structure gststructure.c:2203:gst_structure_parse_field: trying field name 'long-name'
0:00:00.017210766  2788 0x559c4161a360 DEBUG   GST_POLL gstpoll.c:979:gst_poll_fd_ctl_write: 0x559c4163e910: fd (fd:0, idx:1), active : 1
0:00:00.021466601  2787 0x564da00ad360 DEBUG   default gstvalue.c:2676:_priv_gst_value_parse_value: trying type name 'string'
0:00:00.017222712  2788 0x559c4161a360 LOG   GST_POLL gstpoll.c:994:gst_poll_fd_ctl_write: 0x559c4163e910: pfd->events now 60 (POLLOUT:4)
0:00:00.021478161  2787 0x564da00ad360 DEBUG   structure gststructure.c:2203:gst_structure_parse_field: trying field name 'klass'
0:00:00.017234804  2788 0x559c4161a360 DEBUG   GST_POLL gstpoll.c:979:gst_poll_fd_ctl_write: 0x559c4163e910: fd (fd:0, idx:1), active : 1
0:00:00.021488362  2787 0x564da00ad360 DEBUG   default gstvalue.c:2676:_priv_gst_value_parse_value: trying type name 'string'
0:00:00.017246632  2788 0x559c4161a360 LOG   GST_POLL gstpoll.c:994:gst_poll_fd_ctl_write: 0x559c4163e910: pfd->events now 60 (POLLOUT:4)
