0:00:00.021499875  2787 0x564da00ad360 DEBUG   structure gststructure.c:2203:gst_structure_parse_field: trying field name 'description'
0:00:00.017258878  2788 0x559c4161a360 DEBUG   GST_POLL gstpoll.c:979:gst_poll_fd_ctl_write: 0x559c4163e910: fd (fd:0, idx:1), active : 1
0:00:00.021510709  2787 0x564da00ad360 DEBUG   default gstvalue.c:2676:_priv_gst_value_parse_value: trying type name 'string'
0:00:00.017270792  2788 0x559c4161a360 LOG   GST_POLL gstpoll.c:994:gst_poll_fd_ctl_write: 0x559c4163e910: pfd->events now 60 (POLLOUT:4)
0:00:00.021522462  2787 0x564da00ad360 DEBUG   structure gststructure.c:2203:gst_structure_parse_field: trying field name 'author'
0:00:00.017282816  2788 0x559c4161a360 DEBUG   GST_POLL gstpoll.c:979:gst_poll_fd_ctl_write: 0x559c4163e910: fd (fd:0, idx:1), active : 1
0:00:00.021533793  2787 0x564da00ad360 DEBUG   default gstvalue.c:2676:_priv_gst_value_parse_value: trying type name 'string'
0:00:00.017294353  2788 0x559c4161a360 LOG   GST_POLL gstpoll.c:994:gst_poll_fd_ctl_write: 0x559c4163e910: pfd->events now 60 (POLLOUT:4)
0:00:00.021546599  2787 0x564da00ad360 DEBUG   GST_REGISTRY gstregistrychunks.c:626:gst_registry_chunks_load_feature: Element factory : npadtemplates=1
0:00:00.017305784  2788 0x559c4161a360 DEBUG   GST_POLL gstpoll.c:979:gst_poll_fd_ctl_write: 0x559c4163e910: fd (fd:0, idx:1), active : 1
0:00:00.021557602  2787 0x564da00ad360 DEBUG   GST_REGISTRY gstregistrychunks.c:525:gst_registry_chunks_load_pad_template: Reading/casting for GstRegistryChunkPadTemplate at address 0x564da00d49f0
0:00:00.017317841  2788 0x559c4161a360 LOG   GST_POLL gstpoll.c:994:gst_poll_fd_ctl_write: 0x559c4163e910: pfd->events now 60 (POLLOUT:4)
0:00:00.021568554  2787 0x564da00ad360 DEBUG   GST_REGISTRY gstregistrychunks.c:539:gst_registry_chunks_load_pad_template: Added pad_template src
0:00:00.017334943  2788 0x559c4161a360 DEBUG   GST_POLL gstpoll.c:979:gst_poll_fd_ctl_write: 0x559c4163e910: fd (fd:0, idx:1), active : 1
0:00:00.021587086  2787 0x564da00ad360 DEBUG   GST_REGISTRY gstregistry.c:589:gst_registry_add_feature: adding feature 0x564da00df0f0 (fakesrc)
0:00:00.021599100  2787 0x564da00ad360 DEBUG   GST_REFCOUNTING gstobject.c:708:gst_object_set_parent: set parent (ref and sink)
0:00:00.017352477  2788 0x559c4161a360 LOG   GST_POLL gstpoll.c:994:gst_poll_fd_ctl_write: 0x559c4163e910: pfd->events now 60 (POLLOUT:4)
0:00:00.021612386  2787 0x564da00ad360 TRACE   GST_REFCOUNTING gstobject.c:292:gst_object_ref_sink: 0x564da00df0f0 ref_sink 1->2
0:00:00.017365685  2788 0x559c4161a360 DEBUG   GST_POLL gstpoll.c:979:gst_poll_fd_ctl_write: 0x559c4163e910: fd (fd:0, idx:1), active : 1
0:00:00.021624443  2787 0x564da00ad360 LOG   GST_REGISTRY gstregistry.c:607:gst_registry_add_feature: emitting feature-added for fakesrc
0:00:00.017377814  2788 0x559c4161a360 LOG   GST_POLL gstpoll.c:994:gst_poll_fd_ctl_write: 0x559c4163e910: pfd->events now 60 (POLLOUT:4)
0:00:00.021636611  2787 0x564da00ad360 DEBUG   GST_REGISTRY gstregistrychunks.c:740:gst_registry_chunks_load_feature: Added feature fakesrc, plugin 0x564da00dbea0 coreelements
0:00:00.021647278  2787 0x564da00ad360 DEBUG   GST_REGISTRY gstregistrychunks.c:582:gst_registry_chunks_load_feature: Plugin 'coreelements' feature 'downloadbuffer' typename : 'GstElementFactory'
0:00:00.017407407  2788 0x559c4161a360 DEBUG   GST_POLL gstpoll.c:979:gst_poll_fd_ctl_write: 0x559c4163e910: fd (fd:0, idx:1), active : 1
0:00:00.017425917  2788 0x559c4161a360 LOG   GST_POLL gstpoll.c:994:gst_poll_fd_ctl_write: 0x559c4163e910: pfd->events now 60 (POLLOUT:4)
0:00:00.021673874  2787 0x564da00ad360 TRACE   GST_REFCOUNTING gstobject.c:208:gst_object_init: 0x564da00df630 new
0:00:00.017437210  2788 0x559c4161a360 DEBUG   GST_POLL gstpoll.c:979:gst_poll_fd_ctl_write: 0x559c4163e910: fd (fd:0, idx:1), active : 1
0:00:00.021689394  2787 0x564da00ad360 LOG   GST_REGISTRY gstregistrychunks.c:609:gst_registry_chunks_load_feature: Reading/casting for GstRegistryChunkElementFactory at address 0x564da00d4a28
0:00:00.017448487  2788 0x559c4161a360 LOG   GST_POLL gstpoll.c:994:gst_poll_fd_ctl_write: 0x559c4163e910: pfd->events now 60 (POLLOUT:4)
0:00:00.021701351  2787 0x564da00ad360 TRACE   structure gststructure.c:287:gst_structure_new_id_empty_with_size: created structure 0x564da00df930
0:00:00.017460207  2788 0x559c4161a360 DEBUG   GST_POLL gstpoll.c:979:gst_poll_fd_ctl_write: 0x559c4163e910: fd (fd:0, idx:1), active : 1
0:00:00.021712678  2787 0x564da00ad360 DEBUG   structure gststructure.c:2203:gst_structure_parse_field: trying field name 'long-name'
0:00:00.017471214  2788 0x559c4161a360 LOG   GST_POLL gstpoll.c:994:gst_poll_fd_ctl_write: 0x559c4163e910: pfd->events now 60 (POLLOUT:4)
0:00:00.021723725  2787 0x564da00ad360 DEBUG   default gstvalue.c:2676:_priv_gst_value_parse_value: trying type name 'string'
0:00:00.017483493  2788 0x559c4161a360 DEBUG   GST_POLL gstpoll.c:979:gst_poll_fd_ctl_write: 0x559c4163e910: fd (fd:0, idx:1), active : 1
0:00:00.021743302  2787 0x564da00ad360 DEBUG   structure gststructure.c:2203:gst_structure_parse_field: trying field name 'klass'
0:00:00.017496430  2788 0x559c4161a360 LOG   GST_POLL gstpoll.c:994:gst_poll_fd_ctl_write: 0x559c4163e910: pfd->events now 60 (POLLOUT:4)
0:00:00.021754048  2787 0x564da00ad360 DEBUG   default gstvalue.c:2676:_priv_gst_value_parse_value: trying type name 'string'
0:00:00.017508721  2788 0x559c4161a360 DEBUG   GST_POLL gstpoll.c:979:gst_poll_fd_ctl_write: 0x559c4163e910: fd (fd:0, idx:1), active : 1
0:00:00.021765489  2787 0x564da00ad360 DEBUG   structure gststructure.c:2203:gst_structure_parse_field: trying field name 'description'
0:00:00.017520201  2788 0x559c4161a360 LOG   GST_POLL gstpoll.c:994:gst_poll_fd_ctl_write: 0x559c4163e910: pfd->events now 60 (POLLOUT:4)
0:00:00.021775771  2787 0x564da00ad360 DEBUG   default gstvalue.c:2676:_priv_gst_value_parse_value: trying type name 'string'
0:00:00.017532603  2788 0x559c4161a360 DEBUG   GST_POLL gstpoll.c:979:gst_poll_fd_ctl_write: 0x559c4163e910: fd (fd:0, idx:1), active : 1
0:00:00.021787034  2787 0x564da00ad360 DEBUG   structure gststructure.c:2203:gst_structure_parse_field: trying field name 'author'
0:00:00.017543720  2788 0x559c4161a360 LOG   GST_POLL gstpoll.c:994:gst_poll_fd_ctl_write: 0x559c4163e910: pfd->events now 60 (POLLOUT:4)
0:00:00.021797368  2787 0x564da00ad360 DEBUG   default gstvalue.c:2676:_priv_gst_value_parse_value: trying type name 'string'
0:00:00.017556288  2788 0x559c4161a360 DEBUG   GST_POLL gstpoll.c:979:gst_poll_fd_ctl_write: 0x559c4163e910: fd (fd:0, idx:1), active : 1
0:00:00.021810213  2787 0x564da00ad360 DEBUG   GST_REGISTRY gstregistrychunks.c:626:gst_registry_chunks_load_feature: Element factory : npadtemplates=2
0:00:00.017567534  2788 0x559c4161a360 LOG   GST_POLL gstpoll.c:994:gst_poll_fd_ctl_write: 0x559c4163e910: pfd->events now 60 (POLLOUT:4)
0:00:00.021820806  2787 0x564da00ad360 DEBUG   GST_REGISTRY gstregistrychunks.c:525:gst_registry_chunks_load_pad_template: Reading/casting for GstRegistryChunkPadTemplate at address 0x564da00d4af0
0:00:00.017579900  2788 0x559c4161a360 DEBUG   GST_POLL gstpoll.c:979:gst_poll_fd_ctl_write: 0x559c4163e910: fd (fd:0, idx:1), active : 1
0:00:00.021832439  2787 0x564da00ad360 DEBUG   GST_REGISTRY gstregistrychunks.c:539:gst_registry_chunks_load_pad_template: Added pad_template sink
0:00:00.017591669  2788 0x559c4161a360 LOG   GST_POLL gstpoll.c:994:gst_poll_fd_ctl_write: 0x559c4163e910: pfd->events now 60 (POLLOUT:4)
0:00:00.021843606  2787 0x564da00ad360 DEBUG   GST_REGISTRY gstregistrychunks.c:525:gst_registry_chunks_load_pad_template: Reading/casting for GstRegistryChunkPadTemplate at address 0x564da00d4b08
0:00:00.017604010  2788 0x559c4161a360 DEBUG   GST_POLL gstpoll.c:979:gst_poll_fd_ctl_write: 0x559c4163e910: fd (fd:0, idx:1), active : 1
0:00:00.021854334  2787 0x564da00ad360 DEBUG   GST_REGISTRY gstregistrychunks.c:539:gst_registry_chunks_load_pad_template: Added pad_template src
0:00:00.017615389  2788 0x559c4161a360 LOG   GST_POLL gstpoll.c:994:gst_poll_fd_ctl_write: 0x559c4163e910: pfd->events now 60 (POLLOUT:4)
0:00:00.021874707  2787 0x564da00ad360 DEBUG   GST_REGISTRY gstregistry.c:589:gst_registry_add_feature: adding feature 0x564da00df630 (downloadbuffer)
0:00:00.017627672  2788 0x559c4161a360 DEBUG   GST_POLL gstpoll.c:979:gst_poll_fd_ctl_write: 0x559c4163e910: fd (fd:0, idx:1), active : 1
0:00:00.021885564  2787 0x564da00ad360 DEBUG   GST_REFCOUNTING gstobject.c:708:gst_object_set_parent: set parent (ref and sink)
0:00:00.017639740  2788 0x559c4161a360 LOG   GST_POLL gstpoll.c:994:gst_poll_fd_ctl_write: 0x559c4163e910: pfd->events now 60 (POLLOUT:4)
0:00:00.021899042  2787 0x564da00ad360 TRACE   GST_REFCOUNTING gstobject.c:292:gst_object_ref_sink: 0x564da00df630 ref_sink 1->2
0:00:00.017652031  2788 0x559c4161a360 DEBUG   GST_POLL gstpoll.c:979:gst_poll_fd_ctl_write: 0x559c4163e910: fd (fd:0, idx:1), active : 1
0:00:00.021911216  2787 0x564da00ad360 LOG   GST_REGISTRY gstregistry.c:607:gst_registry_add_feature: emitting feature-added for downloadbuffer
0:00:00.017664316  2788 0x559c4161a360 LOG   GST_POLL gstpoll.c:994:gst_poll_fd_ctl_write: 0x559c4163e910: pfd->events now 60 (POLLOUT:4)
0:00:00.021923209  2787 0x564da00ad360 DEBUG   GST_REGISTRY gstregistrychunks.c:740:gst_registry_chunks_load_feature: Added feature downloadbuffer, plugin 0x564da00dbea0 coreelements
0:00:00.017676473  2788 0x559c4161a360 DEBUG   GST_POLL gstpoll.c:979:gst_poll_fd_ctl_write: 0x559c4163e910: fd (fd:0, idx:1), active : 1
0:00:00.021934951  2787 0x564da00ad360 DEBUG   GST_REGISTRY gstregistrychunks.c:582:gst_registry_chunks_load_feature: Plugin 'coreelements' feature 'dataurisrc' typename : 'GstElementFactory'
0:00:00.017687954  2788 0x559c4161a360 LOG   GST_POLL gstpoll.c:994:gst_poll_fd_ctl_write: 0x559c4163e910: pfd->events now 60 (POLLOUT:4)
0:00:00.017700922  2788 0x559c4161a360 DEBUG   GST_POLL gstpoll.c:979:gst_poll_fd_ctl_write: 0x559c4163e910: fd (fd:0, idx:1), active : 1
0:00:00.021951698  2787 0x564da00ad360 TRACE   GST_REFCOUNTING gstobject.c:208:gst_object_init: 0x564da00dfe10 new
0:00:00.017712592  2788 0x559c4161a360 LOG   GST_POLL gstpoll.c:994:gst_poll_fd_ctl_write: 0x559c4163e910: pfd->events now 60 (POLLOUT:4)
0:00:00.021964973  2787 0x564da00ad360 LOG   GST_REGISTRY gstregistrychunks.c:609:gst_registry_chunks_load_feature: Reading/casting for GstRegistryChunkElementFactory at address 0x564da00d4b38
0:00:00.017724767  2788 0x559c4161a360 DEBUG   GST_POLL gstpoll.c:979:gst_poll_fd_ctl_write: 0x559c4163e910: fd (fd:0, idx:1), active : 1
0:00:00.021976564  2787 0x564da00ad360 TRACE   structure gststructure.c:287:gst_structure_new_id_empty_with_size: created structure 0x564da00e0120
0:00:00.017736226  2788 0x559c4161a360 LOG   GST_POLL gstpoll.c:994:gst_poll_fd_ctl_write: 0x559c4163e910: pfd->events now 60 (POLLOUT:4)
0:00:00.021988448  2787 0x564da00ad360 DEBUG   structure gststructure.c:2203:gst_structure_parse_field: trying field name 'long-name'
0:00:00.017749082  2788 0x559c4161a360 DEBUG   GST_POLL gstpoll.c:979:gst_poll_fd_ctl_write: 0x559c4163e910: fd (fd:0, idx:1), active : 1
0:00:00.022006903  2787 0x564da00ad360 DEBUG   default gstvalue.c:2676:_priv_gst_value_parse_value: trying type name 'string'
0:00:00.017761220  2788 0x559c4161a360 LOG   GST_POLL gstpoll.c:994:gst_poll_fd_ctl_write: 0x559c4163e910: pfd->events now 60 (POLLOUT:4)
0:00:00.022019380  2787 0x564da00ad360 DEBUG   structure gststructure.c:2203:gst_structure_parse_field: trying field name 'klass'
0:00:00.017773424  2788 0x559c4161a360 DEBUG   GST_POLL gstpoll.c:979:gst_poll_fd_ctl_write: 0x559c4163e910: fd (fd:0, idx:1), active : 1
0:00:00.022029764  2787 0x564da00ad360 DEBUG   default gstvalue.c:2676:_priv_gst_value_parse_value: trying type name 'string'
0:00:00.017784973  2788 0x559c4161a360 LOG   GST_POLL gstpoll.c:994:gst_poll_fd_ctl_write: 0x559c4163e910: pfd->events now 60 (POLLOUT:4)
0:00:00.022041336  2787 0x564da00ad360 DEBUG   structure gststructure.c:2203:gst_structure_parse_field: trying field name 'description'
0:00:00.017797185  2788 0x559c4161a360 DEBUG   GST_POLL gstpoll.c:979:gst_poll_fd_ctl_write: 0x559c4163e910: fd (fd:0, idx:1), active : 1
0:00:00.022051771  2787 0x564da00ad360 DEBUG   default gstvalue.c:2676:_priv_gst_value_parse_value: trying type name 'string'
0:00:00.017808973  2788 0x559c4161a360 LOG   GST_POLL gstpoll.c:994:gst_poll_fd_ctl_write: 0x559c4163e910: pfd->events now 60 (POLLOUT:4)
0:00:00.022063264  2787 0x564da00ad360 DEBUG   structure gststructure.c:2203:gst_structure_parse_field: trying field name 'author'
0:00:00.017820912  2788 0x559c4161a360 DEBUG   GST_POLL gstpoll.c:979:gst_poll_fd_ctl_write: 0x559c4163e910: fd (fd:0, idx:1), active : 1
0:00:00.022073735  2787 0x564da00ad360 DEBUG   default gstvalue.c:2676:_priv_gst_value_parse_value: trying type name 'string'
0:00:00.017832177  2788 0x559c4161a360 LOG   GST_POLL gstpoll.c:994:gst_poll_fd_ctl_write: 0x559c4163e910: pfd->events now 60 (POLLOUT:4)
0:00:00.022086843  2787 0x564da00ad360 DEBUG   GST_REGISTRY gstregistrychunks.c:626:gst_registry_chunks_load_feature: Element factory : npadtemplates=1
0:00:00.017843444  2788 0x559c4161a360 DEBUG   GST_POLL gstpoll.c:979:gst_poll_fd_ctl_write: 0x559c4163e910: fd (fd:0, idx:1), active : 1
0:00:00.022103593  2787 0x564da00ad360 DEBUG   GST_REGISTRY gstregistrychunks.c:525:gst_registry_chunks_load_pad_template: Reading/casting for GstRegistryChunkPadTemplate at address 0x564da00d4c50
0:00:00.017857832  2788 0x559c4161a360 LOG   GST_POLL gstpoll.c:994:gst_poll_fd_ctl_write: 0x559c4163e910: pfd->events now 60 (POLLOUT:4)
0:00:00.022114530  2787 0x564da00ad360 DEBUG   GST_REGISTRY gstregistrychunks.c:539:gst_registry_chunks_load_pad_template: Added pad_template src
0:00:00.017870411  2788 0x559c4161a360 LOG   GST_PLUGIN_LOADING gstpluginloader.c:645:put_chunk: Expanding tx buf from 13209 to 17023 for chunk of size 229
0:00:00.022125169  2787 0x564da00ad360 DEBUG   GST_REGISTRY gstregistrychunks.c:639:gst_registry_chunks_load_feature: Reading 1 UriTypes at address 0x564da00d4c60
0:00:00.022136820  2787 0x564da00ad360 DEBUG   GST_REGISTRY gstregistrychunks.c:654:gst_registry_chunks_load_feature: Reading 1 Interfaces at address 0x564da00d4c69
0:00:00.017888232  2788 0x559c4161a360 DEBUG   GST_POLL gstpoll.c:979:gst_poll_fd_ctl_write: 0x559c4163e910: fd (fd:0, idx:1), active : 1
0:00:00.017904866  2788 0x559c4161a360 LOG   GST_POLL gstpoll.c:994:gst_poll_fd_ctl_write: 0x559c4163e910: pfd->events now 60 (POLLOUT:4)
0:00:00.022153892  2787 0x564da00ad360 DEBUG   GST_REGISTRY gstregistry.c:589:gst_registry_add_feature: adding feature 0x564da00dfe10 (dataurisrc)
0:00:00.017916674  2788 0x559c4161a360 DEBUG   GST_POLL gstpoll.c:979:gst_poll_fd_ctl_write: 0x559c4163e910: fd (fd:0, idx:1), active : 1
0:00:00.022167183  2787 0x564da00ad360 DEBUG   GST_REFCOUNTING gstobject.c:708:gst_object_set_parent: set parent (ref and sink)
0:00:00.017928077  2788 0x559c4161a360 LOG   GST_POLL gstpoll.c:994:gst_poll_fd_ctl_write: 0x559c4163e910: pfd->events now 60 (POLLOUT:4)
0:00:00.022180370  2787 0x564da00ad360 TRACE   GST_REFCOUNTING gstobject.c:292:gst_object_ref_sink: 0x564da00dfe10 ref_sink 1->2
0:00:00.017939501  2788 0x559c4161a360 DEBUG   GST_POLL gstpoll.c:979:gst_poll_fd_ctl_write: 0x559c4163e910: fd (fd:0, idx:1), active : 1
0:00:00.022192789  2787 0x564da00ad360 LOG   GST_REGISTRY gstregistry.c:607:gst_registry_add_feature: emitting feature-added for dataurisrc
0:00:00.017950615  2788 0x559c4161a360 LOG   GST_POLL gstpoll.c:994:gst_poll_fd_ctl_write: 0x559c4163e910: pfd->events now 60 (POLLOUT:4)
0:00:00.022205757  2787 0x564da00ad360 DEBUG   GST_REGISTRY gstregistrychunks.c:740:gst_registry_chunks_load_feature: Added feature dataurisrc, plugin 0x564da00dbea0 coreelements
0:00:00.017961999  2788 0x559c4161a360 DEBUG   GST_POLL gstpoll.c:979:gst_poll_fd_ctl_write: 0x559c4163e910: fd (fd:0, idx:1), active : 1
0:00:00.022217261  2787 0x564da00ad360 DEBUG   GST_REGISTRY gstregistrychunks.c:582:gst_registry_chunks_load_feature: Plugin 'coreelements' feature 'concat' typename : 'GstElementFactory'
0:00:00.017973096  2788 0x559c4161a360 LOG   GST_POLL gstpoll.c:994:gst_poll_fd_ctl_write: 0x559c4163e910: pfd->events now 60 (POLLOUT:4)
0:00:00.022230788  2787 0x564da00ad360 TRACE   GST_REFCOUNTING gstobject.c:208:gst_object_init: 0x564da00e0860 new
0:00:00.017985258  2788 0x559c4161a360 DEBUG   GST_POLL gstpoll.c:979:gst_poll_fd_ctl_write: 0x559c4163e910: fd (fd:0, idx:1), active : 1
0:00:00.022244334  2787 0x564da00ad360 LOG   GST_REGISTRY gstregistrychunks.c:609:gst_registry_chunks_load_feature: Reading/casting for GstRegistryChunkElementFactory at address 0x564da00d4c90
0:00:00.017996839  2788 0x559c4161a360 LOG   GST_POLL gstpoll.c:994:gst_poll_fd_ctl_write: 0x559c4163e910: pfd->events now 60 (POLLOUT:4)
0:00:00.022255567  2787 0x564da00ad360 TRACE   structure gststructure.c:287:gst_structure_new_id_empty_with_size: created structure 0x564da00e0a90
0:00:00.018009741  2788 0x559c4161a360 DEBUG   GST_POLL gstpoll.c:979:gst_poll_fd_ctl_write: 0x559c4163e910: fd (fd:0, idx:1), active : 1
0:00:00.022267126  2787 0x564da00ad360 DEBUG   structure gststructure.c:2203:gst_structure_parse_field: trying field name 'long-name'
0:00:00.018021961  2788 0x559c4161a360 LOG   GST_POLL gstpoll.c:994:gst_poll_fd_ctl_write: 0x559c4163e910: pfd->events now 60 (POLLOUT:4)
0:00:00.022286922  2787 0x564da00ad360 DEBUG   default gstvalue.c:2676:_priv_gst_value_parse_value: trying type name 'string'
0:00:00.018041332  2788 0x559c4161a360 DEBUG   GST_POLL gstpoll.c:979:gst_poll_fd_ctl_write: 0x559c4163e910: fd (fd:0, idx:1), active : 1
0:00:00.022298606  2787 0x564da00ad360 DEBUG   structure gststructure.c:2203:gst_structure_parse_field: trying field name 'klass'
0:00:00.018053286  2788 0x559c4161a360 LOG   GST_POLL gstpoll.c:994:gst_poll_fd_ctl_write: 0x559c4163e910: pfd->events now 60 (POLLOUT:4)
0:00:00.022308879  2787 0x564da00ad360 DEBUG   default gstvalue.c:2676:_priv_gst_value_parse_value: trying type name 'string'
0:00:00.018066173  2788 0x559c4161a360 DEBUG   GST_POLL gstpoll.c:979:gst_poll_fd_ctl_write: 0x559c4163e910: fd (fd:0, idx:1), active : 1
0:00:00.022319837  2787 0x564da00ad360 DEBUG   structure gststructure.c:2203:gst_structure_parse_field: trying field name 'description'
0:00:00.018077467  2788 0x559c4161a360 LOG   GST_POLL gstpoll.c:994:gst_poll_fd_ctl_write: 0x559c4163e910: pfd->events now 60 (POLLOUT:4)
0:00:00.022330469  2787 0x564da00ad360 DEBUG   default gstvalue.c:2676:_priv_gst_value_parse_value: trying type name 'string'
0:00:00.018090379  2788 0x559c4161a360 DEBUG   GST_POLL gstpoll.c:979:gst_poll_fd_ctl_write: 0x559c4163e910: fd (fd:0, idx:1), active : 1
0:00:00.022342218  2787 0x564da00ad360 DEBUG   structure gststructure.c:2203:gst_structure_parse_field: trying field name 'author'
0:00:00.018101666  2788 0x559c4161a360 LOG   GST_POLL gstpoll.c:994:gst_poll_fd_ctl_write: 0x559c4163e910: pfd->events now 60 (POLLOUT:4)
0:00:00.022353466  2787 0x564da00ad360 DEBUG   default gstvalue.c:2676:_priv_gst_value_parse_value: trying type name 'string'
0:00:00.018113943  2788 0x559c4161a360 DEBUG   GST_POLL gstpoll.c:979:gst_poll_fd_ctl_write: 0x559c4163e910: fd (fd:0, idx:1), active : 1
0:00:00.022365349  2787 0x564da00ad360 DEBUG   GST_REGISTRY gstregistrychunks.c:626:gst_registry_chunks_load_feature: Element factory : npadtemplates=2
0:00:00.018125415  2788 0x559c4161a360 LOG   GST_POLL gstpoll.c:994:gst_poll_fd_ctl_write: 0x559c4163e910: pfd->events now 60 (POLLOUT:4)
0:00:00.022376191  2787 0x564da00ad360 DEBUG   GST_REGISTRY gstregistrychunks.c:525:gst_registry_chunks_load_pad_template: Reading/casting for GstRegistryChunkPadTemplate at address 0x564da00d4d68
0:00:00.018137005  2788 0x559c4161a360 DEBUG   GST_POLL gstpoll.c:979:gst_poll_fd_ctl_write: 0x559c4163e910: fd (fd:0, idx:1), active : 1
0:00:00.022387460  2787 0x564da00ad360 DEBUG   GST_REGISTRY gstregistrychunks.c:539:gst_registry_chunks_load_pad_template: Added pad_template src
0:00:00.018148092  2788 0x559c4161a360 LOG   GST_POLL gstpoll.c:994:gst_poll_fd_ctl_write: 0x559c4163e910: pfd->events now 60 (POLLOUT:4)
0:00:00.022398890  2787 0x564da00ad360 DEBUG   GST_REGISTRY gstregistrychunks.c:525:gst_registry_chunks_load_pad_template: Reading/casting for GstRegistryChunkPadTemplate at address 0x564da00d4d78
0:00:00.018160492  2788 0x559c4161a360 DEBUG   GST_POLL gstpoll.c:979:gst_poll_fd_ctl_write: 0x559c4163e910: fd (fd:0, idx:1), active : 1
0:00:00.022416104  2787 0x564da00ad360 DEBUG   GST_REGISTRY gstregistrychunks.c:539:gst_registry_chunks_load_pad_template: Added pad_template sink_%u
0:00:00.018172127  2788 0x559c4161a360 LOG   GST_POLL gstpoll.c:994:gst_poll_fd_ctl_write: 0x559c4163e910: pfd->events now 60 (POLLOUT:4)
0:00:00.022429946  2787 0x564da00ad360 DEBUG   GST_REGISTRY gstregistry.c:589:gst_registry_add_feature: adding feature 0x564da00e0860 (concat)
0:00:00.018184233  2788 0x559c4161a360 DEBUG   GST_POLL gstpoll.c:979:gst_poll_fd_ctl_write: 0x559c4163e910: fd (fd:0, idx:1), active : 1
0:00:00.022440353  2787 0x564da00ad360 DEBUG   GST_REFCOUNTING gstobject.c:708:gst_object_set_parent: set parent (ref and sink)
0:00:00.018195943  2788 0x559c4161a360 LOG   GST_POLL gstpoll.c:994:gst_poll_fd_ctl_write: 0x559c4163e910: pfd->events now 60 (POLLOUT:4)
0:00:00.022454138  2787 0x564da00ad360 TRACE   GST_REFCOUNTING gstobject.c:292:gst_object_ref_sink: 0x564da00e0860 ref_sink 1->2
0:00:00.018208194  2788 0x559c4161a360 DEBUG   GST_POLL gstpoll.c:979:gst_poll_fd_ctl_write: 0x559c4163e910: fd (fd:0, idx:1), active : 1
0:00:00.022466255  2787 0x564da00ad360 LOG   GST_REGISTRY gstregistry.c:607:gst_registry_add_feature: emitting feature-added for concat
0:00:00.018219418  2788 0x559c4161a360 LOG   GST_POLL gstpoll.c:994:gst_poll_fd_ctl_write: 0x559c4163e910: pfd->events now 60 (POLLOUT:4)
0:00:00.022478483  2787 0x564da00ad360 DEBUG   GST_REGISTRY gstregistrychunks.c:740:gst_registry_chunks_load_feature: Added feature concat, plugin 0x564da00dbea0 coreelements
0:00:00.018231358  2788 0x559c4161a360 DEBUG   GST_POLL gstpoll.c:979:gst_poll_fd_ctl_write: 0x559c4163e910: fd (fd:0, idx:1), active : 1
0:00:00.022490502  2787 0x564da00ad360 DEBUG   GST_REGISTRY gstregistrychunks.c:582:gst_registry_chunks_load_feature: Plugin 'coreelements' feature 'clocksync' typename : 'GstElementFactory'
0:00:00.018243108  2788 0x559c4161a360 LOG   GST_POLL gstpoll.c:994:gst_poll_fd_ctl_write: 0x559c4163e910: pfd->events now 60 (POLLOUT:4)
0:00:00.022503202  2787 0x564da00ad360 TRACE   GST_REFCOUNTING gstobject.c:208:gst_object_init: 0x564da00e0710 new
0:00:00.018255372  2788 0x559c4161a360 DEBUG   GST_POLL gstpoll.c:979:gst_poll_fd_ctl_write: 0x559c4163e910: fd (fd:0, idx:1), active : 1
0:00:00.018268960  2788 0x559c4161a360 LOG   GST_POLL gstpoll.c:994:gst_poll_fd_ctl_write: 0x559c4163e910: pfd->events now 60 (POLLOUT:4)
0:00:00.022520328  2787 0x564da00ad360 LOG   GST_REGISTRY gstregistrychunks.c:609:gst_registry_chunks_load_feature: Reading/casting for GstRegistryChunkElementFactory at address 0x564da00d4da8
0:00:00.018281174  2788 0x559c4161a360 DEBUG   GST_POLL gstpoll.c:979:gst_poll_fd_ctl_write: 0x559c4163e910: fd (fd:0, idx:1), active : 1
0:00:00.022532083  2787 0x564da00ad360 TRACE   structure gststructure.c:287:gst_structure_new_id_empty_with_size: created structure 0x564da00e1060
0:00:00.018292565  2788 0x559c4161a360 LOG   GST_POLL gstpoll.c:994:gst_poll_fd_ctl_write: 0x559c4163e910: pfd->events now 60 (POLLOUT:4)
0:00:00.022543580  2787 0x564da00ad360 DEBUG   structure gststructure.c:2203:gst_structure_parse_field: trying field name 'long-name'
0:00:00.018310226  2788 0x559c4161a360 DEBUG   GST_POLL gstpoll.c:979:gst_poll_fd_ctl_write: 0x559c4163e910: fd (fd:0, idx:1), active : 1
0:00:00.022560606  2787 0x564da00ad360 DEBUG   default gstvalue.c:2676:_priv_gst_value_parse_value: trying type name 'string'
0:00:00.018321684  2788 0x559c4161a360 LOG   GST_POLL gstpoll.c:994:gst_poll_fd_ctl_write: 0x559c4163e910: pfd->events now 60 (POLLOUT:4)
0:00:00.022573380  2787 0x564da00ad360 DEBUG   structure gststructure.c:2203:gst_structure_parse_field: trying field name 'klass'
0:00:00.018333768  2788 0x559c4161a360 DEBUG   GST_POLL gstpoll.c:979:gst_poll_fd_ctl_write: 0x559c4163e910: fd (fd:0, idx:1), active : 1
0:00:00.022584524  2787 0x564da00ad360 DEBUG   default gstvalue.c:2676:_priv_gst_value_parse_value: trying type name 'string'
0:00:00.022596055  2787 0x564da00ad360 DEBUG   structure gststructure.c:2203:gst_structure_parse_field: trying field name 'description'
0:00:00.018350398  2788 0x559c4161a360 LOG   GST_POLL gstpoll.c:994:gst_poll_fd_ctl_write: 0x559c4163e910: pfd->events now 60 (POLLOUT:4)
0:00:00.022605776  2787 0x564da00ad360 DEBUG   default gstvalue.c:2676:_priv_gst_value_parse_value: trying type name 'string'
0:00:00.018363644  2788 0x559c4161a360 DEBUG   GST_POLL gstpoll.c:979:gst_poll_fd_ctl_write: 0x559c4163e910: fd (fd:0, idx:1), active : 1
0:00:00.022616987  2787 0x564da00ad360 DEBUG   structure gststructure.c:2203:gst_structure_parse_field: trying field name 'author'
0:00:00.018374760  2788 0x559c4161a360 LOG   GST_POLL gstpoll.c:994:gst_poll_fd_ctl_write: 0x559c4163e910: pfd->events now 60 (POLLOUT:4)
0:00:00.022627688  2787 0x564da00ad360 DEBUG   default gstvalue.c:2676:_priv_gst_value_parse_value: trying type name 'string'
0:00:00.022651525  2787 0x564da00ad360 DEBUG   GST_REGISTRY gstregistrychunks.c:626:gst_registry_chunks_load_feature: Element factory : npadtemplates=2
0:00:00.018386867  2788 0x559c4161a360 DEBUG   GST_POLL gstpoll.c:979:gst_poll_fd_ctl_write: 0x559c4163e910: fd (fd:0, idx:1), active : 1
0:00:00.022663714  2787 0x564da00ad360 DEBUG   GST_REGISTRY gstregistrychunks.c:525:gst_registry_chunks_load_pad_template: Reading/casting for GstRegistryChunkPadTemplate at address 0x564da00d4e78
0:00:00.018419473  2788 0x559c4161a360 LOG   GST_POLL gstpoll.c:994:gst_poll_fd_ctl_write: 0x559c4163e910: pfd->events now 60 (POLLOUT:4)
0:00:00.022674137  2787 0x564da00ad360 DEBUG   GST_REGISTRY gstregistrychunks.c:539:gst_registry_chunks_load_pad_template: Added pad_template sink
0:00:00.018431927  2788 0x559c4161a360 DEBUG   GST_POLL gstpoll.c:979:gst_poll_fd_ctl_write: 0x559c4163e910: fd (fd:0, idx:1), active : 1
0:00:00.022684306  2787 0x564da00ad360 DEBUG   GST_REGISTRY gstregistrychunks.c:525:gst_registry_chunks_load_pad_template: Reading/casting for GstRegistryChunkPadTemplate at address 0x564da00d4e90
0:00:00.018443906  2788 0x559c4161a360 LOG   GST_POLL gstpoll.c:994:gst_poll_fd_ctl_write: 0x559c4163e910: pfd->events now 60 (POLLOUT:4)
0:00:00.022695543  2787 0x564da00ad360 DEBUG   GST_REGISTRY gstregistrychunks.c:539:gst_registry_chunks_load_pad_template: Added pad_template src
0:00:00.018461171  2788 0x559c4161a360 DEBUG   GST_POLL gstpoll.c:979:gst_poll_fd_ctl_write: 0x559c4163e910: fd (fd:0, idx:1), active : 1
0:00:00.022713888  2787 0x564da00ad360 DEBUG   GST_REGISTRY gstregistry.c:589:gst_registry_add_feature: adding feature 0x564da00e0710 (clocksync)
0:00:00.018472449  2788 0x559c4161a360 LOG   GST_POLL gstpoll.c:994:gst_poll_fd_ctl_write: 0x559c4163e910: pfd->events now 60 (POLLOUT:4)
0:00:00.022725432  2787 0x564da00ad360 DEBUG   GST_REFCOUNTING gstobject.c:708:gst_object_set_parent: set parent (ref and sink)
0:00:00.018483867  2788 0x559c4161a360 DEBUG   GST_POLL gstpoll.c:979:gst_poll_fd_ctl_write: 0x559c4163e910: fd (fd:0, idx:1), active : 1
0:00:00.022739367  2787 0x564da00ad360 TRACE   GST_REFCOUNTING gstobject.c:292:gst_object_ref_sink: 0x564da00e0710 ref_sink 1->2
0:00:00.018494784  2788 0x559c4161a360 LOG   GST_POLL gstpoll.c:994:gst_poll_fd_ctl_write: 0x559c4163e910: pfd->events now 60 (POLLOUT:4)
0:00:00.022751699  2787 0x564da00ad360 LOG   GST_REGISTRY gstregistry.c:607:gst_registry_add_feature: emitting feature-added for clocksync
0:00:00.018507249  2788 0x559c4161a360 DEBUG   GST_POLL gstpoll.c:979:gst_poll_fd_ctl_write: 0x559c4163e910: fd (fd:0, idx:1), active : 1
0:00:00.022776263  2787 0x564da00ad360 DEBUG   GST_REGISTRY gstregistrychunks.c:740:gst_registry_chunks_load_feature: Added feature clocksync, plugin 0x564da00dbea0 coreelements
0:00:00.018530288  2788 0x559c4161a360 LOG   GST_POLL gstpoll.c:994:gst_poll_fd_ctl_write: 0x559c4163e910: pfd->events now 60 (POLLOUT:4)
0:00:00.022788209  2787 0x564da00ad360 DEBUG   GST_REGISTRY gstregistrychunks.c:582:gst_registry_chunks_load_feature: Plugin 'coreelements' feature 'capsfilter' typename : 'GstElementFactory'
0:00:00.018541918  2788 0x559c4161a360 DEBUG   GST_POLL gstpoll.c:979:gst_poll_fd_ctl_write: 0x559c4163e910: fd (fd:0, idx:1), active : 1
0:00:00.022800765  2787 0x564da00ad360 TRACE   GST_REFCOUNTING gstobject.c:208:gst_object_init: 0x564da00e15c0 new
0:00:00.018553017  2788 0x559c4161a360 LOG   GST_POLL gstpoll.c:994:gst_poll_fd_ctl_write: 0x559c4163e910: pfd->events now 60 (POLLOUT:4)
0:00:00.022813350  2787 0x564da00ad360 LOG   GST_REGISTRY gstregistrychunks.c:609:gst_registry_chunks_load_feature: Reading/casting for GstRegistryChunkElementFactory at address 0x564da00d4ec0
0:00:00.018566185  2788 0x559c4161a360 DEBUG   GST_POLL gstpoll.c:979:gst_poll_fd_ctl_write: 0x559c4163e910: fd (fd:0, idx:1), active : 1
0:00:00.022824389  2787 0x564da00ad360 TRACE   structure gststructure.c:287:gst_structure_new_id_empty_with_size: created structure 0x564da00e18d0
0:00:00.018577602  2788 0x559c4161a360 LOG   GST_POLL gstpoll.c:994:gst_poll_fd_ctl_write: 0x559c4163e910: pfd->events now 60 (POLLOUT:4)
0:00:00.022834865  2787 0x564da00ad360 DEBUG   structure gststructure.c:2203:gst_structure_parse_field: trying field name 'long-name'
0:00:00.018589129  2788 0x559c4161a360 DEBUG   GST_POLL gstpoll.c:979:gst_poll_fd_ctl_write: 0x559c4163e910: fd (fd:0, idx:1), active : 1
0:00:00.022844759  2787 0x564da00ad360 DEBUG   default gstvalue.c:2676:_priv_gst_value_parse_value: trying type name 'string'
0:00:00.018606750  2788 0x559c4161a360 LOG   GST_POLL gstpoll.c:994:gst_poll_fd_ctl_write: 0x559c4163e910: pfd->events now 60 (POLLOUT:4)
0:00:00.022858120  2787 0x564da00ad360 DEBUG   structure gststructure.c:2203:gst_structure_parse_field: trying field name 'klass'
0:00:00.018618475  2788 0x559c4161a360 DEBUG   GST_POLL gstpoll.c:979:gst_poll_fd_ctl_write: 0x559c4163e910: fd (fd:0, idx:1), active : 1
0:00:00.022868111  2787 0x564da00ad360 DEBUG   default gstvalue.c:2676:_priv_gst_value_parse_value: trying type name 'string'
0:00:00.018629908  2788 0x559c4161a360 LOG   GST_POLL gstpoll.c:994:gst_poll_fd_ctl_write: 0x559c4163e910: pfd->events now 60 (POLLOUT:4)
0:00:00.022881179  2787 0x564da00ad360 DEBUG   structure gststructure.c:2203:gst_structure_parse_field: trying field name 'description'
0:00:00.018641579  2788 0x559c4161a360 DEBUG   GST_POLL gstpoll.c:979:gst_poll_fd_ctl_write: 0x559c4163e910: fd (fd:0, idx:1), active : 1
0:00:00.022891909  2787 0x564da00ad360 DEBUG   default gstvalue.c:2676:_priv_gst_value_parse_value: trying type name 'string'
0:00:00.018652412  2788 0x559c4161a360 LOG   GST_POLL gstpoll.c:994:gst_poll_fd_ctl_write: 0x559c4163e910: pfd->events now 60 (POLLOUT:4)
0:00:00.022904368  2787 0x564da00ad360 DEBUG   structure gststructure.c:2203:gst_structure_parse_field: trying field name 'author'
0:00:00.018664027  2788 0x559c4161a360 DEBUG   GST_POLL gstpoll.c:979:gst_poll_fd_ctl_write: 0x559c4163e910: fd (fd:0, idx:1), active : 1
0:00:00.022915142  2787 0x564da00ad360 DEBUG   default gstvalue.c:2676:_priv_gst_value_parse_value: trying type name 'string'
0:00:00.018674942  2788 0x559c4161a360 LOG   GST_POLL gstpoll.c:994:gst_poll_fd_ctl_write: 0x559c4163e910: pfd->events now 60 (POLLOUT:4)
0:00:00.022926608  2787 0x564da00ad360 DEBUG   GST_REGISTRY gstregistrychunks.c:626:gst_registry_chunks_load_feature: Element factory : npadtemplates=2
0:00:00.018686639  2788 0x559c4161a360 DEBUG   GST_POLL gstpoll.c:979:gst_poll_fd_ctl_write: 0x559c4163e910: fd (fd:0, idx:1), active : 1
0:00:00.022937331  2787 0x564da00ad360 DEBUG   GST_REGISTRY gstregistrychunks.c:525:gst_registry_chunks_load_pad_template: Reading/casting for GstRegistryChunkPadTemplate at address 0x564da00d4fa0
0:00:00.018697664  2788 0x559c4161a360 LOG   GST_POLL gstpoll.c:994:gst_poll_fd_ctl_write: 0x559c4163e910: pfd->events now 60 (POLLOUT:4)
0:00:00.022948549  2787 0x564da00ad360 DEBUG   GST_REGISTRY gstregistrychunks.c:539:gst_registry_chunks_load_pad_template: Added pad_template sink
0:00:00.018709145  2788 0x559c4161a360 DEBUG   GST_POLL gstpoll.c:979:gst_poll_fd_ctl_write: 0x559c4163e910: fd (fd:0, idx:1), active : 1
0:00:00.022958413  2787 0x564da00ad360 DEBUG   GST_REGISTRY gstregistrychunks.c:525:gst_registry_chunks_load_pad_template: Reading/casting for GstRegistryChunkPadTemplate at address 0x564da00d4fb8
0:00:00.018719794  2788 0x559c4161a360 LOG   GST_POLL gstpoll.c:994:gst_poll_fd_ctl_write: 0x559c4163e910: pfd->events now 60 (POLLOUT:4)
0:00:00.022970640  2787 0x564da00ad360 DEBUG   GST_REGISTRY gstregistrychunks.c:539:gst_registry_chunks_load_pad_template: Added pad_template src
0:00:00.018735917  2788 0x559c4161a360 DEBUG   GST_POLL gstpoll.c:979:gst_poll_fd_ctl_write: 0x559c4163e910: fd (fd:0, idx:1), active : 1
0:00:00.022988209  2787 0x564da00ad360 DEBUG   GST_REGISTRY gstregistry.c:589:gst_registry_add_feature: adding feature 0x564da00e15c0 (capsfilter)
0:00:00.018746440  2788 0x559c4161a360 LOG   GST_POLL gstpoll.c:994:gst_poll_fd_ctl_write: 0x559c4163e910: pfd->events now 60 (POLLOUT:4)
0:00:00.022999207  2787 0x564da00ad360 DEBUG   GST_REFCOUNTING gstobject.c:708:gst_object_set_parent: set parent (ref and sink)
0:00:00.018757677  2788 0x559c4161a360 DEBUG   GST_POLL gstpoll.c:979:gst_poll_fd_ctl_write: 0x559c4163e910: fd (fd:0, idx:1), active : 1
0:00:00.023012827  2787 0x564da00ad360 TRACE   GST_REFCOUNTING gstobject.c:292:gst_object_ref_sink: 0x564da00e15c0 ref_sink 1->2
0:00:00.018768110  2788 0x559c4161a360 LOG   GST_POLL gstpoll.c:994:gst_poll_fd_ctl_write: 0x559c4163e910: pfd->events now 60 (POLLOUT:4)
0:00:00.023024452  2787 0x564da00ad360 LOG   GST_REGISTRY gstregistry.c:607:gst_registry_add_feature: emitting feature-added for capsfilter
0:00:00.018779943  2788 0x559c4161a360 DEBUG   GST_POLL gstpoll.c:979:gst_poll_fd_ctl_write: 0x559c4163e910: fd (fd:0, idx:1), active : 1
0:00:00.023036304  2787 0x564da00ad360 DEBUG   GST_REGISTRY gstregistrychunks.c:740:gst_registry_chunks_load_feature: Added feature capsfilter, plugin 0x564da00dbea0 coreelements
0:00:00.018790889  2788 0x559c4161a360 LOG   GST_POLL gstpoll.c:994:gst_poll_fd_ctl_write: 0x559c4163e910: pfd->events now 60 (POLLOUT:4)
0:00:00.018803188  2788 0x559c4161a360 DEBUG   GST_POLL gstpoll.c:979:gst_poll_fd_ctl_write: 0x559c4163e910: fd (fd:0, idx:1), active : 1
0:00:00.023052514  2787 0x564da00ad360 LOG   GST_PLUGIN_LOADING gstpluginloader.c:887:handle_rx_packet: marking plugin 0x564da00dbea0 as registered as /home/conan/w/prod/BuildSingleReference/.conan/data/gstreamer/1.18.3/_/_/package/5a2a240dc39d481eff30f147f0e2f01ae047b26f/lib/gstreamer-1.0/libgstcoreelements.so
0:00:00.018814752  2788 0x559c4161a360 LOG   GST_POLL gstpoll.c:994:gst_poll_fd_ctl_write: 0x559c4163e910: pfd->events now 60 (POLLOUT:4)
0:00:00.023069881  2787 0x564da00ad360 DEBUG   GST_POLL gstpoll.c:1414:gst_poll_wait: 0x564da00d23d0: timeout :0:00:01.000000000
0:00:00.018824940  2788 0x559c4161a360 DEBUG   GST_POLL gstpoll.c:979:gst_poll_fd_ctl_write: 0x559c4163e910: fd (fd:0, idx:1), active : 1
0:00:00.018836976  2788 0x559c4161a360 LOG   GST_POLL gstpoll.c:994:gst_poll_fd_ctl_write: 0x559c4163e910: pfd->events now 60 (POLLOUT:4)
0:00:00.018848040  2788 0x559c4161a360 DEBUG   GST_POLL gstpoll.c:979:gst_poll_fd_ctl_write: 0x559c4163e910: fd (fd:0, idx:1), active : 1
0:00:00.018857909  2788 0x559c4161a360 LOG   GST_POLL gstpoll.c:994:gst_poll_fd_ctl_write: 0x559c4163e910: pfd->events now 60 (POLLOUT:4)
0:00:00.018884818  2788 0x559c4161a360 DEBUG   GST_POLL gstpoll.c:979:gst_poll_fd_ctl_write: 0x559c4163e910: fd (fd:0, idx:1), active : 1
0:00:00.018899062  2788 0x559c4161a360 LOG   GST_POLL gstpoll.c:994:gst_poll_fd_ctl_write: 0x559c4163e910: pfd->events now 60 (POLLOUT:4)
0:00:00.018905618  2788 0x559c4161a360 DEBUG   GST_POLL gstpoll.c:979:gst_poll_fd_ctl_write: 0x559c4163e910: fd (fd:0, idx:1), active : 1
0:00:00.018911482  2788 0x559c4161a360 LOG   GST_POLL gstpoll.c:994:gst_poll_fd_ctl_write: 0x559c4163e910: pfd->events now 60 (POLLOUT:4)
0:00:00.018917598  2788 0x559c4161a360 DEBUG   GST_POLL gstpoll.c:979:gst_poll_fd_ctl_write: 0x559c4163e910: fd (fd:0, idx:1), active : 1
0:00:00.018923386  2788 0x559c4161a360 LOG   GST_POLL gstpoll.c:994:gst_poll_fd_ctl_write: 0x559c4163e910: pfd->events now 60 (POLLOUT:4)
0:00:00.018929444  2788 0x559c4161a360 DEBUG   GST_POLL gstpoll.c:979:gst_poll_fd_ctl_write: 0x559c4163e910: fd (fd:0, idx:1), active : 1
0:00:00.018935440  2788 0x559c4161a360 LOG   GST_POLL gstpoll.c:994:gst_poll_fd_ctl_write: 0x559c4163e910: pfd->events now 60 (POLLOUT:4)
0:00:00.018941507  2788 0x559c4161a360 DEBUG   GST_POLL gstpoll.c:979:gst_poll_fd_ctl_write: 0x559c4163e910: fd (fd:0, idx:1), active : 1
0:00:00.018947461  2788 0x559c4161a360 LOG   GST_POLL gstpoll.c:994:gst_poll_fd_ctl_write: 0x559c4163e910: pfd->events now 60 (POLLOUT:4)
0:00:00.018953765  2788 0x559c4161a360 DEBUG   GST_POLL gstpoll.c:979:gst_poll_fd_ctl_write: 0x559c4163e910: fd (fd:0, idx:1), active : 1
0:00:00.018984245  2788 0x559c4161a360 LOG   GST_POLL gstpoll.c:994:gst_poll_fd_ctl_write: 0x559c4163e910: pfd->events now 60 (POLLOUT:4)
0:00:00.018990128  2788 0x559c4161a360 DEBUG   GST_POLL gstpoll.c:979:gst_poll_fd_ctl_write: 0x559c4163e910: fd (fd:0, idx:1), active : 1
0:00:00.018995922  2788 0x559c4161a360 LOG   GST_POLL gstpoll.c:994:gst_poll_fd_ctl_write: 0x559c4163e910: pfd->events now 60 (POLLOUT:4)
0:00:00.019001919  2788 0x559c4161a360 DEBUG   GST_POLL gstpoll.c:979:gst_poll_fd_ctl_write: 0x559c4163e910: fd (fd:0, idx:1), active : 1
0:00:00.019007587  2788 0x559c4161a360 LOG   GST_POLL gstpoll.c:994:gst_poll_fd_ctl_write: 0x559c4163e910: pfd->events now 60 (POLLOUT:4)
0:00:00.019013540  2788 0x559c4161a360 DEBUG   GST_POLL gstpoll.c:979:gst_poll_fd_ctl_write: 0x559c4163e910: fd (fd:0, idx:1), active : 1
0:00:00.019019328  2788 0x559c4161a360 LOG   GST_POLL gstpoll.c:994:gst_poll_fd_ctl_write: 0x559c4163e910: pfd->events now 60 (POLLOUT:4)
0:00:00.019025524  2788 0x559c4161a360 DEBUG   GST_POLL gstpoll.c:979:gst_poll_fd_ctl_write: 0x559c4163e910: fd (fd:0, idx:1), active : 1
0:00:00.019031189  2788 0x559c4161a360 LOG   GST_POLL gstpoll.c:994:gst_poll_fd_ctl_write: 0x559c4163e910: pfd->events now 60 (POLLOUT:4)
0:00:00.019037089  2788 0x559c4161a360 DEBUG   GST_POLL gstpoll.c:979:gst_poll_fd_ctl_write: 0x559c4163e910: fd (fd:0, idx:1), active : 1
0:00:00.019042730  2788 0x559c4161a360 LOG   GST_POLL gstpoll.c:994:gst_poll_fd_ctl_write: 0x559c4163e910: pfd->events now 60 (POLLOUT:4)
0:00:00.019048550  2788 0x559c4161a360 DEBUG   GST_POLL gstpoll.c:979:gst_poll_fd_ctl_write: 0x559c4163e910: fd (fd:0, idx:1), active : 1
0:00:00.019058115  2788 0x559c4161a360 LOG   GST_POLL gstpoll.c:994:gst_poll_fd_ctl_write: 0x559c4163e910: pfd->events now 60 (POLLOUT:4)
0:00:00.019064202  2788 0x559c4161a360 DEBUG   GST_POLL gstpoll.c:979:gst_poll_fd_ctl_write: 0x559c4163e910: fd (fd:0, idx:1), active : 1
0:00:00.019069811  2788 0x559c4161a360 LOG   GST_POLL gstpoll.c:994:gst_poll_fd_ctl_write: 0x559c4163e910: pfd->events now 60 (POLLOUT:4)
0:00:00.019075683  2788 0x559c4161a360 DEBUG   GST_POLL gstpoll.c:979:gst_poll_fd_ctl_write: 0x559c4163e910: fd (fd:0, idx:1), active : 1
0:00:00.019081284  2788 0x559c4161a360 LOG   GST_POLL gstpoll.c:994:gst_poll_fd_ctl_write: 0x559c4163e910: pfd->events now 60 (POLLOUT:4)
0:00:00.019087071  2788 0x559c4161a360 DEBUG   GST_POLL gstpoll.c:979:gst_poll_fd_ctl_write: 0x559c4163e910: fd (fd:0, idx:1), active : 1
0:00:00.019092739  2788 0x559c4161a360 LOG   GST_POLL gstpoll.c:994:gst_poll_fd_ctl_write: 0x559c4163e910: pfd->events now 60 (POLLOUT:4)
0:00:00.019103182  2788 0x559c4161a360 TRACE   GST_REFCOUNTING gstobject.c:264:gst_object_unref: 0x559c416436e0 unref 2->1
0:00:00.019111070  2788 0x559c4161a360 DEBUG   GST_POLL gstpoll.c:1241:gst_poll_fd_has_error: 0x559c4163e910: fd (fd:0, idx:1) 0
0:00:00.019117552  2788 0x559c4161a360 DEBUG   GST_POLL gstpoll.c:1335:gst_poll_fd_can_write: 0x559c4163e910: fd (fd:0, idx:1) 1
0:00:00.019123687  2788 0x559c4161a360 LOG   GST_PLUGIN_LOADING gstpluginloader.c:690:write_one: Writing packet of size 488 bytes to fd 0
0:00:00.019142105  2788 0x559c4161a360 DEBUG   GST_POLL gstpoll.c:1414:gst_poll_wait: 0x559c4163e910: timeout :0:00:01.000000000
0:00:00.019155592  2788 0x559c4161a360 LOG   GST_PLUGIN_LOADING gstpluginloader.c:1027:exchange_packets: Poll res = 2. 6872 bytes pending for write
0:00:00.023415227  2787 0x564da00ad360 LOG   GST_PLUGIN_LOADING gstpluginloader.c:1027:exchange_packets: Poll res = 1. 0 bytes pending for write
0:00:00.019168798  2788 0x559c4161a360 DEBUG   GST_POLL gstpoll.c:1241:gst_poll_fd_has_error: 0x559c4163e910: fd (fd:5, idx:2) 0
0:00:00.023430409  2787 0x564da00ad360 DEBUG   GST_POLL gstpoll.c:1241:gst_poll_fd_has_error: 0x564da00d23d0: fd (fd:8, idx:2) 0
0:00:00.019183093  2788 0x559c4161a360 DEBUG   GST_POLL gstpoll.c:1266:gst_poll_fd_can_read_unlocked: 0x559c4163e910: fd (fd:5, idx:2) 1
0:00:00.023442096  2787 0x564da00ad360 DEBUG   GST_POLL gstpoll.c:1266:gst_poll_fd_can_read_unlocked: 0x564da00d23d0: fd (fd:8, idx:2) 1
0:00:00.019197187  2788 0x559c4161a360 LOG   GST_PLUGIN_LOADING gstpluginloader.c:1005:read_one: No payload to read for 0 length packet type 1 tag 0
0:00:00.023458196  2787 0x564da00ad360 DEBUG   GST_PLUGIN_LOADING gstpluginloader.c:848:handle_rx_packet: Received plugin details from child w/ tag 2. 476 bytes info
0:00:00.019210293  2788 0x559c4161a360 DEBUG   GST_POLL gstpoll.c:1014:gst_poll_fd_ctl_read_unlocked: 0x559c4163e910: fd (fd:5, idx:2), active : 0
0:00:00.023468749  2787 0x564da00ad360 LOG   GST_REGISTRY gstregistrychunks.c:836:_priv_gst_registry_chunks_load_plugin: Reading/casting for GstRegistryChunkPluginElement at address 0x564da00d3500
0:00:00.019223568  2788 0x559c4161a360 DEBUG   GST_POLL gstpoll.c:979:gst_poll_fd_ctl_write: 0x559c4163e910: fd (fd:0, idx:1), active : 1
0:00:00.019239937  2788 0x559c4161a360 LOG   GST_POLL gstpoll.c:994:gst_poll_fd_ctl_write: 0x559c4163e910: pfd->events now 60 (POLLOUT:4)
0:00:00.023488081  2787 0x564da00ad360 TRACE   GST_REFCOUNTING gstobject.c:208:gst_object_init: 0x564da00e1d70 new
0:00:00.019250604  2788 0x559c4161a360 DEBUG   GST_POLL gstpoll.c:1241:gst_poll_fd_has_error: 0x559c4163e910: fd (fd:0, idx:1) 0
0:00:00.023507216  2787 0x564da00ad360 LOG   GST_REGISTRY gstregistrychunks.c:858:_priv_gst_registry_chunks_load_plugin: read strings for name='coretracers'
0:00:00.019260336  2788 0x559c4161a360 DEBUG   GST_POLL gstpoll.c:1335:gst_poll_fd_can_write: 0x559c4163e910: fd (fd:0, idx:1) 1
0:00:00.023518023  2787 0x564da00ad360 LOG   GST_REGISTRY gstregistrychunks.c:859:_priv_gst_registry_chunks_load_plugin: desc.description='GStreamer core tracers'
0:00:00.019271484  2788 0x559c4161a360 LOG   GST_PLUGIN_LOADING gstpluginloader.c:690:write_one: Writing packet of size 6872 bytes to fd 0
0:00:00.023527851  2787 0x564da00ad360 LOG   GST_REGISTRY gstregistrychunks.c:860:_priv_gst_registry_chunks_load_plugin: filename='/home/conan/w/prod/BuildSingleReference/.conan/data/gstreamer/1.18.3/_/_/package/5a2a240dc39d481eff30f147f0e2f01ae047b26f/lib/gstreamer-1.0/libgstcoretracers.so'
0:00:00.023538331  2787 0x564da00ad360 LOG   GST_REGISTRY gstregistrychunks.c:861:_priv_gst_registry_chunks_load_plugin: desc.version='1.18.3'
0:00:00.019289406  2788 0x559c4161a360 DEBUG   GST_POLL gstpoll.c:1414:gst_poll_wait: 0x559c4163e910: timeout :0:00:01.000000000
0:00:00.023547652  2787 0x564da00ad360 LOG   GST_REGISTRY gstregistrychunks.c:862:_priv_gst_registry_chunks_load_plugin: desc.license='LGPL'
0:00:00.019305143  2788 0x559c4161a360 LOG   GST_PLUGIN_LOADING gstpluginloader.c:1027:exchange_packets: Poll res = 1. 12 bytes pending for write
0:00:00.023558030  2787 0x564da00ad360 LOG   GST_REGISTRY gstregistrychunks.c:863:_priv_gst_registry_chunks_load_plugin: desc.source='gstreamer'
0:00:00.019317822  2788 0x559c4161a360 DEBUG   GST_POLL gstpoll.c:1241:gst_poll_fd_has_error: 0x559c4163e910: fd (fd:0, idx:1) 0
0:00:00.023568525  2787 0x564da00ad360 LOG   GST_REGISTRY gstregistrychunks.c:864:_priv_gst_registry_chunks_load_plugin: desc.package='GStreamer source release'
0:00:00.019329454  2788 0x559c4161a360 DEBUG   GST_POLL gstpoll.c:1335:gst_poll_fd_can_write: 0x559c4163e910: fd (fd:0, idx:1) 1
0:00:00.023579851  2787 0x564da00ad360 LOG   GST_REGISTRY gstregistrychunks.c:865:_priv_gst_registry_chunks_load_plugin: desc.origin='Unknown package origin'
0:00:00.023590871  2787 0x564da00ad360 LOG   GST_REGISTRY gstregistrychunks.c:866:_priv_gst_registry_chunks_load_plugin: desc.datetime=2021-01-13
0:00:00.019339967  2788 0x559c4161a360 LOG   GST_PLUGIN_LOADING gstpluginloader.c:690:write_one: Writing packet of size 12 bytes to fd 0
0:00:00.023604310  2787 0x564da00ad360 DEBUG   GST_REGISTRY gstregistry.c:446:gst_registry_add_plugin: Replacing existing plugin "/home/conan/w/prod/BuildSingleReference/.conan/data/gstreamer/1.18.3/_/_/package/5a2a240dc39d481eff30f147f0e2f01ae047b26f/lib/gstreamer-1.0/libgstcoretracers.so" 0x564da00d2a80 with new plugin 0x564da00e1d70 for filename "/home/conan/w/prod/BuildSingleReference/.conan/data/gstreamer/1.18.3/_/_/package/5a2a240dc39d481eff30f147f0e2f01ae047b26f/lib/gstreamer-1.0/libgstcoretracers.so"
0:00:00.019358662  2788 0x559c4161a360 DEBUG   GST_POLL gstpoll.c:979:gst_poll_fd_ctl_write: 0x559c4163e910: fd (fd:0, idx:1), active : 0
0:00:00.019374550  2788 0x559c4161a360 LOG   GST_POLL gstpoll.c:994:gst_poll_fd_ctl_write: 0x559c4163e910: pfd->events now 56 (POLLOUT:4)
0:00:00.023626559  2787 0x564da00ad360 TRACE   GST_REFCOUNTING gstobject.c:264:gst_object_unref: 0x564da00d2a80 unref 1->0
0:00:00.019410082  2788 0x559c4161a360 DEBUG   GST_POLL gstpoll.c:772:gst_poll_free: 0x559c4163e910: freeing
0:00:00.023661885  2787 0x564da00ad360 TRACE   GST_REFCOUNTING gstobject.c:381:gst_object_dispose: 0x564da00d2a80 dispose
0:00:00.023678426  2787 0x564da00ad360 DEBUG   GST_PLUGIN_LOADING gstplugin.c:136:gst_plugin_finalize: finalizing plugin
0:00:00.023692350  2787 0x564da00ad360 TRACE   GST_REFCOUNTING gstobject.c:423:gst_object_finalize: 0x564da00d2a80 finalize
0:00:00.023708279  2787 0x564da00ad360 DEBUG   GST_REGISTRY gstregistry.c:473:gst_registry_add_plugin: adding plugin 0x564da00e1d70 for filename "/home/conan/w/prod/BuildSingleReference/.conan/data/gstreamer/1.18.3/_/_/package/5a2a240dc39d481eff30f147f0e2f01ae047b26f/lib/gstreamer-1.0/libgstcoretracers.so"
0:00:00.023718996  2787 0x564da00ad360 TRACE   GST_REFCOUNTING gstobject.c:292:gst_object_ref_sink: 0x564da00e1d70 ref_sink 1->2
0:00:00.023731579  2787 0x564da00ad360 LOG   GST_REGISTRY gstregistry.c:486:gst_registry_add_plugin: emitting plugin-added for filename "/home/conan/w/prod/BuildSingleReference/.conan/data/gstreamer/1.18.3/_/_/package/5a2a240dc39d481eff30f147f0e2f01ae047b26f/lib/gstreamer-1.0/libgstcoretracers.so"
0:00:00.023743962  2787 0x564da00ad360 DEBUG   GST_REGISTRY gstregistrychunks.c:886:_priv_gst_registry_chunks_load_plugin: Added plugin 'coretracers' plugin with 5 features from binary registry
0:00:00.023756354  2787 0x564da00ad360 DEBUG   GST_REGISTRY gstregistrychunks.c:582:gst_registry_chunks_load_feature: Plugin 'coretracers' feature 'leaks' typename : 'GstTracerFactory'
0:00:00.023771179  2787 0x564da00ad360 TRACE   GST_REFCOUNTING gstobject.c:208:gst_object_init: 0x564da00d2a70 new
0:00:00.023785656  2787 0x564da00ad360 DEBUG   GST_REGISTRY gstregistrychunks.c:716:gst_registry_chunks_load_feature: Reading/casting for GstRegistryChunkPluginFeature at address 0x564da00d3648
0:00:00.023798176  2787 0x564da00ad360 DEBUG   GST_REGISTRY gstregistry.c:580:gst_registry_add_feature: replacing existing feature 0x564da00d2e10 (leaks)
0:00:00.023811495  2787 0x564da00ad360 DEBUG   GST_REGISTRY gstregistry.c:589:gst_registry_add_feature: adding feature 0x564da00d2a70 (leaks)
0:00:00.023822220  2787 0x564da00ad360 TRACE   GST_REFCOUNTING gstobject.c:788:gst_object_unparent: unparent
0:00:00.023835762  2787 0x564da00ad360 TRACE   GST_REFCOUNTING gstobject.c:264:gst_object_unref: 0x564da00d2e10 unref 1->0
0:00:00.023848425  2787 0x564da00ad360 TRACE   GST_REFCOUNTING gstobject.c:381:gst_object_dispose: 0x564da00d2e10 dispose
0:00:00.023869578  2787 0x564da00ad360 DEBUG   GST_PLUGIN_LOADING gstpluginfeature.c:67:gst_plugin_feature_finalize: finalizing feature 0x564da00d2e10: 'leaks'
0:00:00.023881780  2787 0x564da00ad360 TRACE   GST_REFCOUNTING gstobject.c:423:gst_object_finalize: 0x564da00d2e10 finalize
0:00:00.023894719  2787 0x564da00ad360 DEBUG   GST_REFCOUNTING gstobject.c:708:gst_object_set_parent: set parent (ref and sink)
0:00:00.023908656  2787 0x564da00ad360 TRACE   GST_REFCOUNTING gstobject.c:292:gst_object_ref_sink: 0x564da00d2a70 ref_sink 1->2
0:00:00.023920955  2787 0x564da00ad360 LOG   GST_REGISTRY gstregistry.c:607:gst_registry_add_feature: emitting feature-added for leaks
0:00:00.023933559  2787 0x564da00ad360 DEBUG   GST_REGISTRY gstregistrychunks.c:740:gst_registry_chunks_load_feature: Added feature leaks, plugin 0x564da00e1d70 coretracers
0:00:00.023945986  2787 0x564da00ad360 DEBUG   GST_REGISTRY gstregistrychunks.c:582:gst_registry_chunks_load_feature: Plugin 'coretracers' feature 'stats' typename : 'GstTracerFactory'
0:00:00.023959436  2787 0x564da00ad360 TRACE   GST_REFCOUNTING gstobject.c:208:gst_object_init: 0x564da00d2e10 new
0:00:00.023973128  2787 0x564da00ad360 DEBUG   GST_REGISTRY gstregistrychunks.c:716:gst_registry_chunks_load_feature: Reading/casting for GstRegistryChunkPluginFeature at address 0x564da00d3668
