0:00:00.006157003  2787 0x564da00ad360 LOG   GST_PLUGIN_LOADING gstpluginloader.c:690:write_one: Writing packet of size 174 bytes to fd 7
0:00:00.006164702  2787 0x564da00ad360 DEBUG   GST_POLL gstpoll.c:979:gst_poll_fd_ctl_write: 0x564da00d23d0: fd (fd:7, idx:1), active : 0
0:00:00.006170626  2787 0x564da00ad360 LOG   GST_POLL gstpoll.c:994:gst_poll_fd_ctl_write: 0x564da00d23d0: pfd->events now 56 (POLLOUT:4)
0:00:00.006187252  2787 0x564da00ad360 DEBUG   GST_REGISTRY gstregistry.c:1383:gst_registry_scan_path_internal: registry changed in path /home/conan/w/prod/BuildSingleReference/.conan/data/gstreamer/1.18.3/_/_/package/5a2a240dc39d481eff30f147f0e2f01ae047b26f/lib/gstreamer-1.0: 0
0:00:00.006213315  2787 0x564da00ad360 DEBUG   GST_REGISTRY gstregistry.c:1659:scan_and_update_registry: GST_PLUGIN_SYSTEM_PATH not set
0:00:00.006224201  2787 0x564da00ad360 DEBUG   GST_REGISTRY gstregistry.c:1666:scan_and_update_registry: scanning home plugins /home/conan/.local/share/gstreamer-1.0/plugins
0:00:00.006230554  2787 0x564da00ad360 DEBUG   GST_REGISTRY gstregistry.c:1380:gst_registry_scan_path_internal: scanning path /home/conan/.local/share/gstreamer-1.0/plugins
0:00:00.006247298  2787 0x564da00ad360 DEBUG   GST_REGISTRY gstregistry.c:1383:gst_registry_scan_path_internal: registry changed in path /home/conan/.local/share/gstreamer-1.0/plugins: 0
0:00:00.006254011  2787 0x564da00ad360 DEBUG   GST_REGISTRY gstregistry.c:1691:scan_and_update_registry: scanning main plugins /home/conan/w/prod/BuildSingleReference/.conan/data/gstreamer/1.18.3/_/_/package/5a2a240dc39d481eff30f147f0e2f01ae047b26f/lib/gstreamer-1.0
0:00:00.006260282  2787 0x564da00ad360 DEBUG   GST_REGISTRY gstregistry.c:1380:gst_registry_scan_path_internal: scanning path /home/conan/w/prod/BuildSingleReference/.conan/data/gstreamer/1.18.3/_/_/package/5a2a240dc39d481eff30f147f0e2f01ae047b26f/lib/gstreamer-1.0
0:00:00.006294900  2787 0x564da00ad360 LOG   GST_REGISTRY gstregistry.c:1299:gst_registry_scan_path_level: file /home/conan/w/prod/BuildSingleReference/.conan/data/gstreamer/1.18.3/_/_/package/5a2a240dc39d481eff30f147f0e2f01ae047b26f/lib/gstreamer-1.0/libgstcoretracers.so looks like a possible module
0:00:00.002046465  2788 0x559c4161a360 TRACE   GST_REFCOUNTING gstobject.c:208:gst_object_init: 0x559c416400d0 new
0:00:00.006302128  2787 0x564da00ad360 DEBUG   GST_REGISTRY gstregistry.c:1360:gst_registry_scan_path_level: file /home/conan/w/prod/BuildSingleReference/.conan/data/gstreamer/1.18.3/_/_/package/5a2a240dc39d481eff30f147f0e2f01ae047b26f/lib/gstreamer-1.0/libgstcoretracers.so not yet in registry
0:00:00.006309025  2787 0x564da00ad360 DEBUG   GST_REGISTRY gstregistry.c:1172:gst_registry_scan_plugin_file: Using scan-helper to load plugin /home/conan/w/prod/BuildSingleReference/.conan/data/gstreamer/1.18.3/_/_/package/5a2a240dc39d481eff30f147f0e2f01ae047b26f/lib/gstreamer-1.0/libgstcoretracers.so
0:00:00.002069570  2788 0x559c4161a360 LOG   GST_PLUGIN_LOADING gstplugin.c:889:_priv_gst_plugin_load_file_for_registry: Plugin 0x559c416400d0 for file "/home/conan/w/prod/BuildSingleReference/.conan/data/gstreamer/1.18.3/_/_/package/5a2a240dc39d481eff30f147f0e2f01ae047b26f/lib/gstreamer-1.0/libgstcoretracers.so" prepared, calling entry function...
0:00:00.006320161  2787 0x564da00ad360 LOG   GST_PLUGIN_LOADING gstpluginloader.c:235:plugin_loader_load: Sending file /home/conan/w/prod/BuildSingleReference/.conan/data/gstreamer/1.18.3/_/_/package/5a2a240dc39d481eff30f147f0e2f01ae047b26f/lib/gstreamer-1.0/libgstcoretracers.so to child. tag 2
0:00:00.002080290  2788 0x559c4161a360 LOG   GST_PLUGIN_LOADING gstplugin.c:896:_priv_gst_plugin_load_file_for_registry: Plugin 0x559c416400d0 for file "/home/conan/w/prod/BuildSingleReference/.conan/data/gstreamer/1.18.3/_/_/package/5a2a240dc39d481eff30f147f0e2f01ae047b26f/lib/gstreamer-1.0/libgstcoretracers.so" prepared, registering...
0:00:00.006329969  2787 0x564da00ad360 DEBUG   GST_POLL gstpoll.c:979:gst_poll_fd_ctl_write: 0x564da00d23d0: fd (fd:7, idx:1), active : 1
0:00:00.002087547  2788 0x559c4161a360 LOG   GST_PLUGIN_LOADING gstplugin.c:514:gst_plugin_register_func: plugin "/home/conan/w/prod/BuildSingleReference/.conan/data/gstreamer/1.18.3/_/_/package/5a2a240dc39d481eff30f147f0e2f01ae047b26f/lib/gstreamer-1.0/libgstcoretracers.so" looks good
0:00:00.006339074  2787 0x564da00ad360 LOG   GST_POLL gstpoll.c:994:gst_poll_fd_ctl_write: 0x564da00d23d0: pfd->events now 60 (POLLOUT:4)
0:00:00.006347213  2787 0x564da00ad360 DEBUG   GST_POLL gstpoll.c:1414:gst_poll_wait: 0x564da00d23d0: timeout :0:00:01.000000000
0:00:00.006355321  2787 0x564da00ad360 LOG   GST_PLUGIN_LOADING gstpluginloader.c:1027:exchange_packets: Poll res = 1. 173 bytes pending for write
0:00:00.002110410  2788 0x559c4161a360 TRACE   GST_REFCOUNTING gstobject.c:208:gst_object_init: 0x559c41641050 new
0:00:00.006362159  2787 0x564da00ad360 DEBUG   GST_POLL gstpoll.c:1241:gst_poll_fd_has_error: 0x564da00d23d0: fd (fd:8, idx:2) 0
0:00:00.006369748  2787 0x564da00ad360 DEBUG   GST_POLL gstpoll.c:1266:gst_poll_fd_can_read_unlocked: 0x564da00d23d0: fd (fd:8, idx:2) 0
0:00:00.002119974  2788 0x559c4161a360 DEBUG   GST_TRACER gsttracer.c:169:gst_tracer_register: new tracer factory for latency
0:00:00.006375998  2787 0x564da00ad360 DEBUG   GST_POLL gstpoll.c:1195:gst_poll_fd_has_closed: 0x564da00d23d0: fd (fd:8, idx:2) 0
0:00:00.002130740  2788 0x559c4161a360 DEBUG   GST_TRACER gsttracer.c:176:gst_tracer_register: tracer factory for 1097076688:GstLatencyTracer
0:00:00.006382738  2787 0x564da00ad360 DEBUG   GST_POLL gstpoll.c:1241:gst_poll_fd_has_error: 0x564da00d23d0: fd (fd:7, idx:1) 0
0:00:00.002139180  2788 0x559c4161a360 DEBUG   GST_REGISTRY gstregistry.c:589:gst_registry_add_feature: adding feature 0x559c41641050 (latency)
0:00:00.006389729  2787 0x564da00ad360 DEBUG   GST_POLL gstpoll.c:1335:gst_poll_fd_can_write: 0x564da00d23d0: fd (fd:7, idx:1) 1
0:00:00.002146006  2788 0x559c4161a360 DEBUG   GST_REFCOUNTING gstobject.c:708:gst_object_set_parent: set parent (ref and sink)
0:00:00.006397465  2787 0x564da00ad360 LOG   GST_PLUGIN_LOADING gstpluginloader.c:690:write_one: Writing packet of size 173 bytes to fd 7
0:00:00.002160166  2788 0x559c4161a360 TRACE   GST_REFCOUNTING gstobject.c:292:gst_object_ref_sink: 0x559c41641050 ref_sink 1->2
0:00:00.006412941  2787 0x564da00ad360 DEBUG   GST_POLL gstpoll.c:979:gst_poll_fd_ctl_write: 0x564da00d23d0: fd (fd:7, idx:1), active : 0
0:00:00.002167503  2788 0x559c4161a360 LOG   GST_REGISTRY gstregistry.c:607:gst_registry_add_feature: emitting feature-added for latency
0:00:00.006419606  2787 0x564da00ad360 LOG   GST_POLL gstpoll.c:994:gst_poll_fd_ctl_write: 0x564da00d23d0: pfd->events now 56 (POLLOUT:4)
0:00:00.006432709  2787 0x564da00ad360 LOG   GST_REGISTRY gstregistry.c:1299:gst_registry_scan_path_level: file /home/conan/w/prod/BuildSingleReference/.conan/data/gstreamer/1.18.3/_/_/package/5a2a240dc39d481eff30f147f0e2f01ae047b26f/lib/gstreamer-1.0/libgstcoreelements.so looks like a possible module
0:00:00.006439189  2787 0x564da00ad360 DEBUG   GST_REGISTRY gstregistry.c:1360:gst_registry_scan_path_level: file /home/conan/w/prod/BuildSingleReference/.conan/data/gstreamer/1.18.3/_/_/package/5a2a240dc39d481eff30f147f0e2f01ae047b26f/lib/gstreamer-1.0/libgstcoreelements.so not yet in registry
0:00:00.006445001  2787 0x564da00ad360 DEBUG   GST_REGISTRY gstregistry.c:1172:gst_registry_scan_plugin_file: Using scan-helper to load plugin /home/conan/w/prod/BuildSingleReference/.conan/data/gstreamer/1.18.3/_/_/package/5a2a240dc39d481eff30f147f0e2f01ae047b26f/lib/gstreamer-1.0/libgstcoreelements.so
0:00:00.002196038  2788 0x559c4161a360 TRACE   GST_REFCOUNTING gstobject.c:208:gst_object_init: 0x559c41641330 new
0:00:00.006451304  2787 0x564da00ad360 LOG   GST_PLUGIN_LOADING gstpluginloader.c:235:plugin_loader_load: Sending file /home/conan/w/prod/BuildSingleReference/.conan/data/gstreamer/1.18.3/_/_/package/5a2a240dc39d481eff30f147f0e2f01ae047b26f/lib/gstreamer-1.0/libgstcoreelements.so to child. tag 3
0:00:00.002206153  2788 0x559c4161a360 DEBUG   GST_TRACER gsttracer.c:169:gst_tracer_register: new tracer factory for log
0:00:00.006458783  2787 0x564da00ad360 DEBUG   GST_POLL gstpoll.c:979:gst_poll_fd_ctl_write: 0x564da00d23d0: fd (fd:7, idx:1), active : 1
0:00:00.002214728  2788 0x559c4161a360 DEBUG   GST_TRACER gsttracer.c:176:gst_tracer_register: tracer factory for 1097077392:GstLogTracer
0:00:00.006465610  2787 0x564da00ad360 LOG   GST_POLL gstpoll.c:994:gst_poll_fd_ctl_write: 0x564da00d23d0: pfd->events now 60 (POLLOUT:4)
0:00:00.002222253  2788 0x559c4161a360 DEBUG   GST_REGISTRY gstregistry.c:589:gst_registry_add_feature: adding feature 0x559c41641330 (log)
0:00:00.006473780  2787 0x564da00ad360 DEBUG   GST_POLL gstpoll.c:1414:gst_poll_wait: 0x564da00d23d0: timeout :0:00:01.000000000
0:00:00.002228784  2788 0x559c4161a360 DEBUG   GST_REFCOUNTING gstobject.c:708:gst_object_set_parent: set parent (ref and sink)
0:00:00.006481945  2787 0x564da00ad360 LOG   GST_PLUGIN_LOADING gstpluginloader.c:1027:exchange_packets: Poll res = 1. 174 bytes pending for write
0:00:00.002236276  2788 0x559c4161a360 TRACE   GST_REFCOUNTING gstobject.c:292:gst_object_ref_sink: 0x559c41641330 ref_sink 1->2
0:00:00.006493313  2787 0x564da00ad360 DEBUG   GST_POLL gstpoll.c:1241:gst_poll_fd_has_error: 0x564da00d23d0: fd (fd:8, idx:2) 0
0:00:00.002245848  2788 0x559c4161a360 LOG   GST_REGISTRY gstregistry.c:607:gst_registry_add_feature: emitting feature-added for log
0:00:00.006500346  2787 0x564da00ad360 DEBUG   GST_POLL gstpoll.c:1266:gst_poll_fd_can_read_unlocked: 0x564da00d23d0: fd (fd:8, idx:2) 0
0:00:00.006507173  2787 0x564da00ad360 DEBUG   GST_POLL gstpoll.c:1195:gst_poll_fd_has_closed: 0x564da00d23d0: fd (fd:8, idx:2) 0
0:00:00.002257537  2788 0x559c4161a360 TRACE   GST_REFCOUNTING gstobject.c:208:gst_object_init: 0x559c41641720 new
0:00:00.006513791  2787 0x564da00ad360 DEBUG   GST_POLL gstpoll.c:1241:gst_poll_fd_has_error: 0x564da00d23d0: fd (fd:7, idx:1) 0
0:00:00.002267857  2788 0x559c4161a360 DEBUG   GST_TRACER gsttracer.c:169:gst_tracer_register: new tracer factory for rusage
0:00:00.006520649  2787 0x564da00ad360 DEBUG   GST_POLL gstpoll.c:1335:gst_poll_fd_can_write: 0x564da00d23d0: fd (fd:7, idx:1) 1
0:00:00.002276219  2788 0x559c4161a360 DEBUG   GST_TRACER gsttracer.c:176:gst_tracer_register: tracer factory for 1097078000:GstRUsageTracer
0:00:00.006527235  2787 0x564da00ad360 LOG   GST_PLUGIN_LOADING gstpluginloader.c:690:write_one: Writing packet of size 174 bytes to fd 7
0:00:00.002283825  2788 0x559c4161a360 DEBUG   GST_REGISTRY gstregistry.c:589:gst_registry_add_feature: adding feature 0x559c41641720 (rusage)
0:00:00.006536475  2787 0x564da00ad360 DEBUG   GST_POLL gstpoll.c:979:gst_poll_fd_ctl_write: 0x564da00d23d0: fd (fd:7, idx:1), active : 0
0:00:00.002289990  2788 0x559c4161a360 DEBUG   GST_REFCOUNTING gstobject.c:708:gst_object_set_parent: set parent (ref and sink)
0:00:00.006543220  2787 0x564da00ad360 LOG   GST_POLL gstpoll.c:994:gst_poll_fd_ctl_write: 0x564da00d23d0: pfd->events now 56 (POLLOUT:4)
0:00:00.002297468  2788 0x559c4161a360 TRACE   GST_REFCOUNTING gstobject.c:292:gst_object_ref_sink: 0x559c41641720 ref_sink 1->2
0:00:00.002304173  2788 0x559c4161a360 LOG   GST_REGISTRY gstregistry.c:607:gst_registry_add_feature: emitting feature-added for rusage
0:00:00.006553757  2787 0x564da00ad360 DEBUG   GST_REGISTRY gstregistry.c:1383:gst_registry_scan_path_internal: registry changed in path /home/conan/w/prod/BuildSingleReference/.conan/data/gstreamer/1.18.3/_/_/package/5a2a240dc39d481eff30f147f0e2f01ae047b26f/lib/gstreamer-1.0: 0
0:00:00.002314890  2788 0x559c4161a360 TRACE   GST_REFCOUNTING gstobject.c:208:gst_object_init: 0x559c41641af0 new
0:00:00.006565378  2787 0x564da00ad360 DEBUG   GST_POLL gstpoll.c:979:gst_poll_fd_ctl_write: 0x564da00d23d0: fd (fd:7, idx:1), active : 1
0:00:00.002323548  2788 0x559c4161a360 DEBUG   GST_TRACER gsttracer.c:169:gst_tracer_register: new tracer factory for stats
0:00:00.006573889  2787 0x564da00ad360 LOG   GST_POLL gstpoll.c:994:gst_poll_fd_ctl_write: 0x564da00d23d0: pfd->events now 60 (POLLOUT:4)
0:00:00.002331583  2788 0x559c4161a360 DEBUG   GST_TRACER gsttracer.c:176:gst_tracer_register: tracer factory for 1097079008:GstStatsTracer
0:00:00.006587329  2787 0x564da00ad360 DEBUG   GST_POLL gstpoll.c:1414:gst_poll_wait: 0x564da00d23d0: timeout :0:00:01.000000000
0:00:00.002340402  2788 0x559c4161a360 DEBUG   GST_REGISTRY gstregistry.c:589:gst_registry_add_feature: adding feature 0x559c41641af0 (stats)
0:00:00.006595961  2787 0x564da00ad360 LOG   GST_PLUGIN_LOADING gstpluginloader.c:1027:exchange_packets: Poll res = 1. 12 bytes pending for write
0:00:00.002353355  2788 0x559c4161a360 DEBUG   GST_REFCOUNTING gstobject.c:708:gst_object_set_parent: set parent (ref and sink)
0:00:00.006605604  2787 0x564da00ad360 DEBUG   GST_POLL gstpoll.c:1241:gst_poll_fd_has_error: 0x564da00d23d0: fd (fd:8, idx:2) 0
0:00:00.002360962  2788 0x559c4161a360 TRACE   GST_REFCOUNTING gstobject.c:292:gst_object_ref_sink: 0x559c41641af0 ref_sink 1->2
0:00:00.006612581  2787 0x564da00ad360 DEBUG   GST_POLL gstpoll.c:1266:gst_poll_fd_can_read_unlocked: 0x564da00d23d0: fd (fd:8, idx:2) 0
0:00:00.002368284  2788 0x559c4161a360 LOG   GST_REGISTRY gstregistry.c:607:gst_registry_add_feature: emitting feature-added for stats
0:00:00.006619984  2787 0x564da00ad360 DEBUG   GST_POLL gstpoll.c:1195:gst_poll_fd_has_closed: 0x564da00d23d0: fd (fd:8, idx:2) 0
0:00:00.006626872  2787 0x564da00ad360 DEBUG   GST_POLL gstpoll.c:1241:gst_poll_fd_has_error: 0x564da00d23d0: fd (fd:7, idx:1) 0
0:00:00.002379382  2788 0x559c4161a360 TRACE   GST_REFCOUNTING gstobject.c:208:gst_object_init: 0x559c41641c30 new
0:00:00.006633295  2787 0x564da00ad360 DEBUG   GST_POLL gstpoll.c:1335:gst_poll_fd_can_write: 0x564da00d23d0: fd (fd:7, idx:1) 1
0:00:00.006639635  2787 0x564da00ad360 LOG   GST_PLUGIN_LOADING gstpluginloader.c:690:write_one: Writing packet of size 12 bytes to fd 7
0:00:00.006647425  2787 0x564da00ad360 DEBUG   GST_POLL gstpoll.c:979:gst_poll_fd_ctl_write: 0x564da00d23d0: fd (fd:7, idx:1), active : 0
0:00:00.002387741  2788 0x559c4161a360 DEBUG   GST_TRACER gsttracer.c:169:gst_tracer_register: new tracer factory for leaks
0:00:00.002429010  2788 0x559c4161a360 DEBUG   GST_TRACER gsttracer.c:176:gst_tracer_register: tracer factory for 1097078784:GstLeaksTracer
0:00:00.006679188  2787 0x564da00ad360 LOG   GST_POLL gstpoll.c:994:gst_poll_fd_ctl_write: 0x564da00d23d0: pfd->events now 56 (POLLOUT:4)
0:00:00.002438676  2788 0x559c4161a360 DEBUG   GST_REGISTRY gstregistry.c:589:gst_registry_add_feature: adding feature 0x559c41641c30 (leaks)
0:00:00.002445059  2788 0x559c4161a360 DEBUG   GST_REFCOUNTING gstobject.c:708:gst_object_set_parent: set parent (ref and sink)
0:00:00.006695281  2787 0x564da00ad360 DEBUG   GST_POLL gstpoll.c:1414:gst_poll_wait: 0x564da00d23d0: timeout :0:00:01.000000000
0:00:00.002452025  2788 0x559c4161a360 TRACE   GST_REFCOUNTING gstobject.c:292:gst_object_ref_sink: 0x559c41641c30 ref_sink 1->2
0:00:00.002458733  2788 0x559c4161a360 LOG   GST_REGISTRY gstregistry.c:607:gst_registry_add_feature: emitting feature-added for leaks
0:00:00.002475062  2788 0x559c4161a360 LOG   GST_PLUGIN_LOADING gstplugin.c:541:gst_plugin_register_func: plugin "/home/conan/w/prod/BuildSingleReference/.conan/data/gstreamer/1.18.3/_/_/package/5a2a240dc39d481eff30f147f0e2f01ae047b26f/lib/gstreamer-1.0/libgstcoretracers.so" initialised
0:00:00.002483362  2788 0x559c4161a360 INFO   GST_PLUGIN_LOADING gstplugin.c:915:_priv_gst_plugin_load_file_for_registry: plugin "/home/conan/w/prod/BuildSingleReference/.conan/data/gstreamer/1.18.3/_/_/package/5a2a240dc39d481eff30f147f0e2f01ae047b26f/lib/gstreamer-1.0/libgstcoretracers.so" loaded
0:00:00.002490673  2788 0x559c4161a360 TRACE   GST_REFCOUNTING gstobject.c:237:gst_object_ref: 0x559c416400d0 ref 1->2
0:00:00.002498496  2788 0x559c4161a360 DEBUG   GST_REGISTRY gstregistry.c:473:gst_registry_add_plugin: adding plugin 0x559c416400d0 for filename "/home/conan/w/prod/BuildSingleReference/.conan/data/gstreamer/1.18.3/_/_/package/5a2a240dc39d481eff30f147f0e2f01ae047b26f/lib/gstreamer-1.0/libgstcoretracers.so"
0:00:00.002505631  2788 0x559c4161a360 TRACE   GST_REFCOUNTING gstobject.c:292:gst_object_ref_sink: 0x559c416400d0 ref_sink 2->3
0:00:00.002512541  2788 0x559c4161a360 LOG   GST_REGISTRY gstregistry.c:486:gst_registry_add_plugin: emitting plugin-added for filename "/home/conan/w/prod/BuildSingleReference/.conan/data/gstreamer/1.18.3/_/_/package/5a2a240dc39d481eff30f147f0e2f01ae047b26f/lib/gstreamer-1.0/libgstcoretracers.so"
0:00:00.002519822  2788 0x559c4161a360 TRACE   GST_REFCOUNTING gstobject.c:237:gst_object_ref: 0x559c41641c30 ref 1->2
0:00:00.002526830  2788 0x559c4161a360 TRACE   GST_REFCOUNTING gstobject.c:237:gst_object_ref: 0x559c41641af0 ref 1->2
0:00:00.002533580  2788 0x559c4161a360 TRACE   GST_REFCOUNTING gstobject.c:237:gst_object_ref: 0x559c41641720 ref 1->2
0:00:00.002540151  2788 0x559c4161a360 TRACE   GST_REFCOUNTING gstobject.c:237:gst_object_ref: 0x559c41641330 ref 1->2
0:00:00.002547024  2788 0x559c4161a360 TRACE   GST_REFCOUNTING gstobject.c:237:gst_object_ref: 0x559c41641050 ref 1->2
0:00:00.002560766  2788 0x559c4161a360 TRACE   GST_REFCOUNTING gstobject.c:264:gst_object_unref: 0x559c41641050 unref 2->1
0:00:00.002569743  2788 0x559c4161a360 TRACE   GST_REFCOUNTING gstobject.c:264:gst_object_unref: 0x559c41641330 unref 2->1
0:00:00.002576707  2788 0x559c4161a360 TRACE   GST_REFCOUNTING gstobject.c:264:gst_object_unref: 0x559c41641720 unref 2->1
0:00:00.002583176  2788 0x559c4161a360 TRACE   GST_REFCOUNTING gstobject.c:264:gst_object_unref: 0x559c41641af0 unref 2->1
0:00:00.002589526  2788 0x559c4161a360 TRACE   GST_REFCOUNTING gstobject.c:264:gst_object_unref: 0x559c41641c30 unref 2->1
0:00:00.002598511  2788 0x559c4161a360 DEBUG   GST_REGISTRY gstregistrychunks.c:497:_priv_gst_registry_chunks_save_plugin: Found 5 features in plugin 0x559c416400d0 (coretracers)
0:00:00.002605762  2788 0x559c4161a360 DEBUG   GST_POLL gstpoll.c:979:gst_poll_fd_ctl_write: 0x559c4163e910: fd (fd:0, idx:1), active : 1
0:00:00.002612742  2788 0x559c4161a360 LOG   GST_POLL gstpoll.c:994:gst_poll_fd_ctl_write: 0x559c4163e910: pfd->events now 60 (POLLOUT:4)
0:00:00.002624679  2788 0x559c4161a360 DEBUG   GST_POLL gstpoll.c:979:gst_poll_fd_ctl_write: 0x559c4163e910: fd (fd:0, idx:1), active : 1
0:00:00.002631378  2788 0x559c4161a360 LOG   GST_POLL gstpoll.c:994:gst_poll_fd_ctl_write: 0x559c4163e910: pfd->events now 60 (POLLOUT:4)
0:00:00.002638687  2788 0x559c4161a360 DEBUG   GST_POLL gstpoll.c:979:gst_poll_fd_ctl_write: 0x559c4163e910: fd (fd:0, idx:1), active : 1
0:00:00.002644996  2788 0x559c4161a360 LOG   GST_POLL gstpoll.c:994:gst_poll_fd_ctl_write: 0x559c4163e910: pfd->events now 60 (POLLOUT:4)
0:00:00.002651294  2788 0x559c4161a360 DEBUG   GST_POLL gstpoll.c:979:gst_poll_fd_ctl_write: 0x559c4163e910: fd (fd:0, idx:1), active : 1
0:00:00.002657353  2788 0x559c4161a360 LOG   GST_POLL gstpoll.c:994:gst_poll_fd_ctl_write: 0x559c4163e910: pfd->events now 60 (POLLOUT:4)
0:00:00.002663579  2788 0x559c4161a360 DEBUG   GST_POLL gstpoll.c:979:gst_poll_fd_ctl_write: 0x559c4163e910: fd (fd:0, idx:1), active : 1
0:00:00.002669580  2788 0x559c4161a360 LOG   GST_POLL gstpoll.c:994:gst_poll_fd_ctl_write: 0x559c4163e910: pfd->events now 60 (POLLOUT:4)
0:00:00.002675657  2788 0x559c4161a360 DEBUG   GST_POLL gstpoll.c:979:gst_poll_fd_ctl_write: 0x559c4163e910: fd (fd:0, idx:1), active : 1
0:00:00.002681521  2788 0x559c4161a360 LOG   GST_POLL gstpoll.c:994:gst_poll_fd_ctl_write: 0x559c4163e910: pfd->events now 60 (POLLOUT:4)
0:00:00.002687539  2788 0x559c4161a360 DEBUG   GST_POLL gstpoll.c:979:gst_poll_fd_ctl_write: 0x559c4163e910: fd (fd:0, idx:1), active : 1
0:00:00.002693402  2788 0x559c4161a360 LOG   GST_POLL gstpoll.c:994:gst_poll_fd_ctl_write: 0x559c4163e910: pfd->events now 60 (POLLOUT:4)
0:00:00.002699565  2788 0x559c4161a360 DEBUG   GST_POLL gstpoll.c:979:gst_poll_fd_ctl_write: 0x559c4163e910: fd (fd:0, idx:1), active : 1
0:00:00.002705490  2788 0x559c4161a360 LOG   GST_POLL gstpoll.c:994:gst_poll_fd_ctl_write: 0x559c4163e910: pfd->events now 60 (POLLOUT:4)
0:00:00.002711546  2788 0x559c4161a360 DEBUG   GST_POLL gstpoll.c:979:gst_poll_fd_ctl_write: 0x559c4163e910: fd (fd:0, idx:1), active : 1
0:00:00.002717590  2788 0x559c4161a360 LOG   GST_POLL gstpoll.c:994:gst_poll_fd_ctl_write: 0x559c4163e910: pfd->events now 60 (POLLOUT:4)
0:00:00.002723960  2788 0x559c4161a360 DEBUG   GST_POLL gstpoll.c:979:gst_poll_fd_ctl_write: 0x559c4163e910: fd (fd:0, idx:1), active : 1
0:00:00.002730193  2788 0x559c4161a360 LOG   GST_POLL gstpoll.c:994:gst_poll_fd_ctl_write: 0x559c4163e910: pfd->events now 60 (POLLOUT:4)
0:00:00.002736497  2788 0x559c4161a360 DEBUG   GST_POLL gstpoll.c:979:gst_poll_fd_ctl_write: 0x559c4163e910: fd (fd:0, idx:1), active : 1
0:00:00.002742672  2788 0x559c4161a360 LOG   GST_POLL gstpoll.c:994:gst_poll_fd_ctl_write: 0x559c4163e910: pfd->events now 60 (POLLOUT:4)
0:00:00.002748798  2788 0x559c4161a360 DEBUG   GST_POLL gstpoll.c:979:gst_poll_fd_ctl_write: 0x559c4163e910: fd (fd:0, idx:1), active : 1
0:00:00.002754754  2788 0x559c4161a360 LOG   GST_POLL gstpoll.c:994:gst_poll_fd_ctl_write: 0x559c4163e910: pfd->events now 60 (POLLOUT:4)
0:00:00.002760853  2788 0x559c4161a360 DEBUG   GST_POLL gstpoll.c:979:gst_poll_fd_ctl_write: 0x559c4163e910: fd (fd:0, idx:1), active : 1
0:00:00.002771031  2788 0x559c4161a360 LOG   GST_POLL gstpoll.c:994:gst_poll_fd_ctl_write: 0x559c4163e910: pfd->events now 60 (POLLOUT:4)
0:00:00.002777269  2788 0x559c4161a360 DEBUG   GST_POLL gstpoll.c:979:gst_poll_fd_ctl_write: 0x559c4163e910: fd (fd:0, idx:1), active : 1
0:00:00.002783182  2788 0x559c4161a360 LOG   GST_POLL gstpoll.c:994:gst_poll_fd_ctl_write: 0x559c4163e910: pfd->events now 60 (POLLOUT:4)
0:00:00.002789294  2788 0x559c4161a360 DEBUG   GST_POLL gstpoll.c:979:gst_poll_fd_ctl_write: 0x559c4163e910: fd (fd:0, idx:1), active : 1
0:00:00.002795202  2788 0x559c4161a360 LOG   GST_POLL gstpoll.c:994:gst_poll_fd_ctl_write: 0x559c4163e910: pfd->events now 60 (POLLOUT:4)
0:00:00.002801427  2788 0x559c4161a360 DEBUG   GST_POLL gstpoll.c:979:gst_poll_fd_ctl_write: 0x559c4163e910: fd (fd:0, idx:1), active : 1
0:00:00.002807352  2788 0x559c4161a360 LOG   GST_POLL gstpoll.c:994:gst_poll_fd_ctl_write: 0x559c4163e910: pfd->events now 60 (POLLOUT:4)
0:00:00.002813498  2788 0x559c4161a360 DEBUG   GST_POLL gstpoll.c:979:gst_poll_fd_ctl_write: 0x559c4163e910: fd (fd:0, idx:1), active : 1
0:00:00.002819495  2788 0x559c4161a360 LOG   GST_POLL gstpoll.c:994:gst_poll_fd_ctl_write: 0x559c4163e910: pfd->events now 60 (POLLOUT:4)
0:00:00.002825619  2788 0x559c4161a360 DEBUG   GST_POLL gstpoll.c:979:gst_poll_fd_ctl_write: 0x559c4163e910: fd (fd:0, idx:1), active : 1
0:00:00.002831570  2788 0x559c4161a360 LOG   GST_POLL gstpoll.c:994:gst_poll_fd_ctl_write: 0x559c4163e910: pfd->events now 60 (POLLOUT:4)
0:00:00.002837642  2788 0x559c4161a360 DEBUG   GST_POLL gstpoll.c:979:gst_poll_fd_ctl_write: 0x559c4163e910: fd (fd:0, idx:1), active : 1
0:00:00.002843572  2788 0x559c4161a360 LOG   GST_POLL gstpoll.c:994:gst_poll_fd_ctl_write: 0x559c4163e910: pfd->events now 60 (POLLOUT:4)
0:00:00.002849582  2788 0x559c4161a360 DEBUG   GST_POLL gstpoll.c:979:gst_poll_fd_ctl_write: 0x559c4163e910: fd (fd:0, idx:1), active : 1
0:00:00.002855494  2788 0x559c4161a360 LOG   GST_POLL gstpoll.c:994:gst_poll_fd_ctl_write: 0x559c4163e910: pfd->events now 60 (POLLOUT:4)
0:00:00.002861530  2788 0x559c4161a360 DEBUG   GST_POLL gstpoll.c:979:gst_poll_fd_ctl_write: 0x559c4163e910: fd (fd:0, idx:1), active : 1
0:00:00.002867441  2788 0x559c4161a360 LOG   GST_POLL gstpoll.c:994:gst_poll_fd_ctl_write: 0x559c4163e910: pfd->events now 60 (POLLOUT:4)
0:00:00.002873484  2788 0x559c4161a360 DEBUG   GST_POLL gstpoll.c:979:gst_poll_fd_ctl_write: 0x559c4163e910: fd (fd:0, idx:1), active : 1
0:00:00.002879370  2788 0x559c4161a360 LOG   GST_POLL gstpoll.c:994:gst_poll_fd_ctl_write: 0x559c4163e910: pfd->events now 60 (POLLOUT:4)
0:00:00.002885519  2788 0x559c4161a360 DEBUG   GST_POLL gstpoll.c:979:gst_poll_fd_ctl_write: 0x559c4163e910: fd (fd:0, idx:1), active : 1
0:00:00.002891402  2788 0x559c4161a360 LOG   GST_POLL gstpoll.c:994:gst_poll_fd_ctl_write: 0x559c4163e910: pfd->events now 60 (POLLOUT:4)
0:00:00.002897470  2788 0x559c4161a360 DEBUG   GST_POLL gstpoll.c:979:gst_poll_fd_ctl_write: 0x559c4163e910: fd (fd:0, idx:1), active : 1
0:00:00.002907330  2788 0x559c4161a360 LOG   GST_POLL gstpoll.c:994:gst_poll_fd_ctl_write: 0x559c4163e910: pfd->events now 60 (POLLOUT:4)
0:00:00.002913490  2788 0x559c4161a360 DEBUG   GST_POLL gstpoll.c:979:gst_poll_fd_ctl_write: 0x559c4163e910: fd (fd:0, idx:1), active : 1
0:00:00.002919402  2788 0x559c4161a360 LOG   GST_POLL gstpoll.c:994:gst_poll_fd_ctl_write: 0x559c4163e910: pfd->events now 60 (POLLOUT:4)
0:00:00.002925410  2788 0x559c4161a360 DEBUG   GST_POLL gstpoll.c:979:gst_poll_fd_ctl_write: 0x559c4163e910: fd (fd:0, idx:1), active : 1
0:00:00.002931307  2788 0x559c4161a360 LOG   GST_POLL gstpoll.c:994:gst_poll_fd_ctl_write: 0x559c4163e910: pfd->events now 60 (POLLOUT:4)
0:00:00.002937342  2788 0x559c4161a360 DEBUG   GST_POLL gstpoll.c:979:gst_poll_fd_ctl_write: 0x559c4163e910: fd (fd:0, idx:1), active : 1
0:00:00.002943225  2788 0x559c4161a360 LOG   GST_POLL gstpoll.c:994:gst_poll_fd_ctl_write: 0x559c4163e910: pfd->events now 60 (POLLOUT:4)
0:00:00.002950524  2788 0x559c4161a360 TRACE   GST_REFCOUNTING gstobject.c:264:gst_object_unref: 0x559c416400d0 unref 2->1
0:00:00.002957794  2788 0x559c4161a360 DEBUG   GST_POLL gstpoll.c:1241:gst_poll_fd_has_error: 0x559c4163e910: fd (fd:0, idx:1) 0
0:00:00.002964496  2788 0x559c4161a360 DEBUG   GST_POLL gstpoll.c:1335:gst_poll_fd_can_write: 0x559c4163e910: fd (fd:0, idx:1) 0
0:00:00.002970779  2788 0x559c4161a360 DEBUG   GST_POLL gstpoll.c:1195:gst_poll_fd_has_closed: 0x559c4163e910: fd (fd:0, idx:1) 0
0:00:00.002978304  2788 0x559c4161a360 DEBUG   GST_POLL gstpoll.c:1414:gst_poll_wait: 0x559c4163e910: timeout :0:00:01.000000000
0:00:00.002988392  2788 0x559c4161a360 LOG   GST_PLUGIN_LOADING gstpluginloader.c:1027:exchange_packets: Poll res = 2. 488 bytes pending for write
0:00:00.002995606  2788 0x559c4161a360 DEBUG   GST_POLL gstpoll.c:1241:gst_poll_fd_has_error: 0x559c4163e910: fd (fd:5, idx:2) 0
0:00:00.003002110  2788 0x559c4161a360 DEBUG   GST_POLL gstpoll.c:1266:gst_poll_fd_can_read_unlocked: 0x559c4163e910: fd (fd:5, idx:2) 1
0:00:00.003012360  2788 0x559c4161a360 DEBUG   GST_PLUGIN_LOADING gstpluginloader.c:722:do_plugin_load: Plugin scanner loading file /home/conan/w/prod/BuildSingleReference/.conan/data/gstreamer/1.18.3/_/_/package/5a2a240dc39d481eff30f147f0e2f01ae047b26f/lib/gstreamer-1.0/libgstcoreelements.so. tag 1
0:00:00.003019624  2788 0x559c4161a360 DEBUG   GST_PLUGIN_LOADING gstplugin.c:767:_priv_gst_plugin_load_file_for_registry: attempt to load plugin "/home/conan/w/prod/BuildSingleReference/.conan/data/gstreamer/1.18.3/_/_/package/5a2a240dc39d481eff30f147f0e2f01ae047b26f/lib/gstreamer-1.0/libgstcoreelements.so"
0:00:00.003518146  2788 0x559c4161a360 TRACE   GST_REFCOUNTING gstobject.c:208:gst_object_init: 0x559c416436e0 new
0:00:00.003543639  2788 0x559c4161a360 LOG   GST_PLUGIN_LOADING gstplugin.c:889:_priv_gst_plugin_load_file_for_registry: Plugin 0x559c416436e0 for file "/home/conan/w/prod/BuildSingleReference/.conan/data/gstreamer/1.18.3/_/_/package/5a2a240dc39d481eff30f147f0e2f01ae047b26f/lib/gstreamer-1.0/libgstcoreelements.so" prepared, calling entry function...
0:00:00.003552637  2788 0x559c4161a360 LOG   GST_PLUGIN_LOADING gstplugin.c:896:_priv_gst_plugin_load_file_for_registry: Plugin 0x559c416436e0 for file "/home/conan/w/prod/BuildSingleReference/.conan/data/gstreamer/1.18.3/_/_/package/5a2a240dc39d481eff30f147f0e2f01ae047b26f/lib/gstreamer-1.0/libgstcoreelements.so" prepared, registering...
0:00:00.003566069  2788 0x559c4161a360 LOG   GST_PLUGIN_LOADING gstplugin.c:514:gst_plugin_register_func: plugin "/home/conan/w/prod/BuildSingleReference/.conan/data/gstreamer/1.18.3/_/_/package/5a2a240dc39d481eff30f147f0e2f01ae047b26f/lib/gstreamer-1.0/libgstcoreelements.so" looks good
0:00:00.003606082  2788 0x559c4161a360 TRACE   GST_REFCOUNTING gstobject.c:208:gst_object_init: 0x559c41643d40 new
0:00:00.003631589  2788 0x559c4161a360 LOG   GST_ELEMENT_FACTORY gstelementfactory.c:237:gst_element_register: Created new elementfactory for type GstCapsFilter
0:00:00.003639322  2788 0x559c4161a360 TRACE   structure gststructure.c:287:gst_structure_new_id_empty_with_size: created structure 0x559c416443e0
0:00:00.003645590  2788 0x559c4161a360 TRACE   GST_PERFORMANCE gststructure.c:508:gst_structure_copy: doing copy 0x559c416290d0 -> 0x559c416443e0
0:00:00.003652368  2788 0x559c4161a360 DEBUG   GST_ELEMENT_PADS gstelement.c:311:gst_element_base_class_init: type GstBaseTransform : factory (nil)
0:00:00.003664177  2788 0x559c4161a360 DEBUG   basetransform gstbasetransform.c:333:gst_base_transform_class_init: gst_base_transform_class_init
0:00:00.003678032  2788 0x559c4161a360 TRACE   structure gststructure.c:287:gst_structure_new_id_empty_with_size: created structure 0x559c416449f0
0:00:00.003683799  2788 0x559c4161a360 TRACE   GST_PERFORMANCE gststructure.c:508:gst_structure_copy: doing copy 0x559c416443e0 -> 0x559c416449f0
0:00:00.003690008  2788 0x559c4161a360 DEBUG   GST_ELEMENT_PADS gstelement.c:311:gst_element_base_class_init: type GstCapsFilter : factory 0x559c41643d40
0:00:00.003705460  2788 0x559c4161a360 TRACE   GST_CAPS gstcaps.c:263:gst_caps_new_empty: created caps 0x559c41642ae0
0:00:00.003715075  2788 0x559c4161a360 TRACE   GST_CAPS gstcaps.c:442:gst_static_caps_get: created 0x7fc2383d6ef0 from string ANY
0:00:00.003721584  2788 0x559c4161a360 TRACE   GST_REFCOUNTING gstminiobject.c:465:gst_mini_object_ref: 0x559c41642ae0 ref 1->2
0:00:00.003740089  2788 0x559c4161a360 TRACE   GST_REFCOUNTING gstobject.c:208:gst_object_init: 0x559c41645390 new
0:00:00.003750571  2788 0x559c4161a360 TRACE   GST_REFCOUNTING gstminiobject.c:465:gst_mini_object_ref: 0x559c41642ae0 ref 2->3
0:00:00.003760504  2788 0x559c4161a360 TRACE   GST_REFCOUNTING gstminiobject.c:647:gst_mini_object_unref: 0x559c41642ae0 unref 3->2
0:00:00.003767406  2788 0x559c4161a360 TRACE   GST_REFCOUNTING gstobject.c:292:gst_object_ref_sink: 0x559c41645390 ref_sink 1->2
0:00:00.003773368  2788 0x559c4161a360 TRACE   GST_CAPS gstcaps.c:263:gst_caps_new_empty: created caps 0x559c41642c70
0:00:00.003779055  2788 0x559c4161a360 TRACE   GST_CAPS gstcaps.c:442:gst_static_caps_get: created 0x7fc2383d6f30 from string ANY
0:00:00.003784634  2788 0x559c4161a360 TRACE   GST_REFCOUNTING gstminiobject.c:465:gst_mini_object_ref: 0x559c41642c70 ref 1->2
0:00:00.003796302  2788 0x559c4161a360 TRACE   GST_REFCOUNTING gstobject.c:208:gst_object_init: 0x559c41645730 new
0:00:00.003803320  2788 0x559c4161a360 TRACE   GST_REFCOUNTING gstminiobject.c:465:gst_mini_object_ref: 0x559c41642c70 ref 2->3
0:00:00.003810243  2788 0x559c4161a360 TRACE   GST_REFCOUNTING gstminiobject.c:647:gst_mini_object_unref: 0x559c41642c70 unref 3->2
0:00:00.003816349  2788 0x559c4161a360 TRACE   GST_REFCOUNTING gstobject.c:292:gst_object_ref_sink: 0x559c41645730 ref_sink 1->2
0:00:00.003824122  2788 0x559c4161a360 TRACE   structure gststructure.c:287:gst_structure_new_id_empty_with_size: created structure 0x559c41645850
0:00:00.003830409  2788 0x559c4161a360 TRACE   GST_PERFORMANCE gststructure.c:508:gst_structure_copy: doing copy 0x559c416449f0 -> 0x559c41645850
0:00:00.003838656  2788 0x559c4161a360 DEBUG   GST_REGISTRY gstregistry.c:589:gst_registry_add_feature: adding feature 0x559c41643d40 (capsfilter)
0:00:00.003845544  2788 0x559c4161a360 DEBUG   GST_REFCOUNTING gstobject.c:708:gst_object_set_parent: set parent (ref and sink)
0:00:00.003851681  2788 0x559c4161a360 TRACE   GST_REFCOUNTING gstobject.c:292:gst_object_ref_sink: 0x559c41643d40 ref_sink 1->2
0:00:00.003857546  2788 0x559c4161a360 LOG   GST_REGISTRY gstregistry.c:607:gst_registry_add_feature: emitting feature-added for capsfilter
0:00:00.003867914  2788 0x559c4161a360 TRACE   GST_REFCOUNTING gstobject.c:208:gst_object_init: 0x559c41645d90 new
0:00:00.003878739  2788 0x559c4161a360 LOG   GST_ELEMENT_FACTORY gstelementfactory.c:237:gst_element_register: Created new elementfactory for type GstClockSync
0:00:00.003885448  2788 0x559c4161a360 TRACE   structure gststructure.c:287:gst_structure_new_id_empty_with_size: created structure 0x559c41646170
0:00:00.003891048  2788 0x559c4161a360 TRACE   GST_PERFORMANCE gststructure.c:508:gst_structure_copy: doing copy 0x559c416290d0 -> 0x559c41646170
0:00:00.003896876  2788 0x559c4161a360 DEBUG   GST_ELEMENT_PADS gstelement.c:311:gst_element_base_class_init: type GstClockSync : factory 0x559c41645d90
0:00:00.003906421  2788 0x559c4161a360 TRACE   GST_CAPS gstcaps.c:263:gst_caps_new_empty: created caps 0x559c416296f0
0:00:00.003912270  2788 0x559c4161a360 TRACE   GST_CAPS gstcaps.c:442:gst_static_caps_get: created 0x7fc2383d6f70 from string ANY
0:00:00.003917935  2788 0x559c4161a360 TRACE   GST_REFCOUNTING gstminiobject.c:465:gst_mini_object_ref: 0x559c416296f0 ref 1->2
0:00:00.003924750  2788 0x559c4161a360 TRACE   GST_REFCOUNTING gstobject.c:208:gst_object_init: 0x559c41646410 new
0:00:00.003931828  2788 0x559c4161a360 TRACE   GST_REFCOUNTING gstminiobject.c:465:gst_mini_object_ref: 0x559c416296f0 ref 2->3
0:00:00.003938843  2788 0x559c4161a360 TRACE   GST_REFCOUNTING gstminiobject.c:647:gst_mini_object_unref: 0x559c416296f0 unref 3->2
0:00:00.003945106  2788 0x559c4161a360 TRACE   GST_REFCOUNTING gstobject.c:292:gst_object_ref_sink: 0x559c41646410 ref_sink 1->2
0:00:00.003950930  2788 0x559c4161a360 TRACE   GST_CAPS gstcaps.c:263:gst_caps_new_empty: created caps 0x559c4162d2d0
0:00:00.003960566  2788 0x559c4161a360 TRACE   GST_CAPS gstcaps.c:442:gst_static_caps_get: created 0x7fc2383d6fb0 from string ANY
0:00:00.003966269  2788 0x559c4161a360 TRACE   GST_REFCOUNTING gstminiobject.c:465:gst_mini_object_ref: 0x559c4162d2d0 ref 1->2
0:00:00.003972798  2788 0x559c4161a360 TRACE   GST_REFCOUNTING gstobject.c:208:gst_object_init: 0x559c416465d0 new
0:00:00.003979665  2788 0x559c4161a360 TRACE   GST_REFCOUNTING gstminiobject.c:465:gst_mini_object_ref: 0x559c4162d2d0 ref 2->3
0:00:00.003986612  2788 0x559c4161a360 TRACE   GST_REFCOUNTING gstminiobject.c:647:gst_mini_object_unref: 0x559c4162d2d0 unref 3->2
0:00:00.003992867  2788 0x559c4161a360 TRACE   GST_REFCOUNTING gstobject.c:292:gst_object_ref_sink: 0x559c416465d0 ref_sink 1->2
0:00:00.003999336  2788 0x559c4161a360 TRACE   structure gststructure.c:287:gst_structure_new_id_empty_with_size: created structure 0x559c416468b0
0:00:00.004005348  2788 0x559c4161a360 TRACE   GST_PERFORMANCE gststructure.c:508:gst_structure_copy: doing copy 0x559c41646170 -> 0x559c416468b0
0:00:00.004012552  2788 0x559c4161a360 DEBUG   GST_REGISTRY gstregistry.c:589:gst_registry_add_feature: adding feature 0x559c41645d90 (clocksync)
0:00:00.004017921  2788 0x559c4161a360 DEBUG   GST_REFCOUNTING gstobject.c:708:gst_object_set_parent: set parent (ref and sink)
0:00:00.004024095  2788 0x559c4161a360 TRACE   GST_REFCOUNTING gstobject.c:292:gst_object_ref_sink: 0x559c41645d90 ref_sink 1->2
0:00:00.004029796  2788 0x559c4161a360 LOG   GST_REGISTRY gstregistry.c:607:gst_registry_add_feature: emitting feature-added for clocksync
0:00:00.004039188  2788 0x559c4161a360 TRACE   GST_REFCOUNTING gstobject.c:208:gst_object_init: 0x559c41646a60 new
0:00:00.004046657  2788 0x559c4161a360 LOG   GST_ELEMENT_FACTORY gstelementfactory.c:237:gst_element_register: Created new elementfactory for type GstConcat
0:00:00.004056042  2788 0x559c4161a360 TRACE   structure gststructure.c:287:gst_structure_new_id_empty_with_size: created structure 0x559c41646e40
0:00:00.004061625  2788 0x559c4161a360 TRACE   GST_PERFORMANCE gststructure.c:508:gst_structure_copy: doing copy 0x559c416290d0 -> 0x559c41646e40
0:00:00.004067353  2788 0x559c4161a360 DEBUG   GST_ELEMENT_PADS gstelement.c:311:gst_element_base_class_init: type GstConcat : factory 0x559c41646a60
0:00:00.004077230  2788 0x559c4161a360 TRACE   GST_CAPS gstcaps.c:263:gst_caps_new_empty: created caps 0x559c41646b90
0:00:00.004083035  2788 0x559c4161a360 TRACE   GST_CAPS gstcaps.c:442:gst_static_caps_get: created 0x7fc2383d7030 from string ANY
0:00:00.004088877  2788 0x559c4161a360 TRACE   GST_REFCOUNTING gstminiobject.c:465:gst_mini_object_ref: 0x559c41646b90 ref 1->2
0:00:00.004095451  2788 0x559c4161a360 TRACE   GST_REFCOUNTING gstobject.c:208:gst_object_init: 0x559c41647020 new
0:00:00.004102616  2788 0x559c4161a360 TRACE   GST_REFCOUNTING gstminiobject.c:465:gst_mini_object_ref: 0x559c41646b90 ref 2->3
0:00:00.004113376  2788 0x559c4161a360 TRACE   GST_REFCOUNTING gstminiobject.c:647:gst_mini_object_unref: 0x559c41646b90 unref 3->2
0:00:00.004119636  2788 0x559c4161a360 TRACE   GST_REFCOUNTING gstobject.c:292:gst_object_ref_sink: 0x559c41647020 ref_sink 1->2
0:00:00.004125562  2788 0x559c4161a360 TRACE   GST_CAPS gstcaps.c:263:gst_caps_new_empty: created caps 0x559c41645ec0
0:00:00.004131116  2788 0x559c4161a360 TRACE   GST_CAPS gstcaps.c:442:gst_static_caps_get: created 0x7fc2383d6ff0 from string ANY
0:00:00.004136647  2788 0x559c4161a360 TRACE   GST_REFCOUNTING gstminiobject.c:465:gst_mini_object_ref: 0x559c41645ec0 ref 1->2
0:00:00.004143168  2788 0x559c4161a360 TRACE   GST_REFCOUNTING gstobject.c:208:gst_object_init: 0x559c41647220 new
0:00:00.004149861  2788 0x559c4161a360 TRACE   GST_REFCOUNTING gstminiobject.c:465:gst_mini_object_ref: 0x559c41645ec0 ref 2->3
0:00:00.004156783  2788 0x559c4161a360 TRACE   GST_REFCOUNTING gstminiobject.c:647:gst_mini_object_unref: 0x559c41645ec0 unref 3->2
0:00:00.004163050  2788 0x559c4161a360 TRACE   GST_REFCOUNTING gstobject.c:292:gst_object_ref_sink: 0x559c41647220 ref_sink 1->2
0:00:00.004169840  2788 0x559c4161a360 TRACE   structure gststructure.c:287:gst_structure_new_id_empty_with_size: created structure 0x559c41647500
0:00:00.004175814  2788 0x559c4161a360 TRACE   GST_PERFORMANCE gststructure.c:508:gst_structure_copy: doing copy 0x559c41646e40 -> 0x559c41647500
0:00:00.004183341  2788 0x559c4161a360 DEBUG   GST_REGISTRY gstregistry.c:589:gst_registry_add_feature: adding feature 0x559c41646a60 (concat)
0:00:00.004188588  2788 0x559c4161a360 DEBUG   GST_REFCOUNTING gstobject.c:708:gst_object_set_parent: set parent (ref and sink)
0:00:00.004194788  2788 0x559c4161a360 TRACE   GST_REFCOUNTING gstobject.c:292:gst_object_ref_sink: 0x559c41646a60 ref_sink 1->2
0:00:00.004200609  2788 0x559c4161a360 LOG   GST_REGISTRY gstregistry.c:607:gst_registry_add_feature: emitting feature-added for concat
0:00:00.004212918  2788 0x559c4161a360 TRACE   GST_REFCOUNTING gstobject.c:208:gst_object_init: 0x559c416478a0 new
0:00:00.004220388  2788 0x559c4161a360 LOG   GST_ELEMENT_FACTORY gstelementfactory.c:237:gst_element_register: Created new elementfactory for type GstDataURISrc
0:00:00.004226802  2788 0x559c4161a360 TRACE   structure gststructure.c:287:gst_structure_new_id_empty_with_size: created structure 0x559c41647dc0
0:00:00.004235061  2788 0x559c4161a360 TRACE   GST_PERFORMANCE gststructure.c:508:gst_structure_copy: doing copy 0x559c416290d0 -> 0x559c41647dc0
0:00:00.004240899  2788 0x559c4161a360 DEBUG   GST_ELEMENT_PADS gstelement.c:311:gst_element_base_class_init: type GstBaseSrc : factory (nil)
0:00:00.004260600  2788 0x559c4161a360 TRACE   structure gststructure.c:287:gst_structure_new_id_empty_with_size: created structure 0x559c4163e320
0:00:00.004266153  2788 0x559c4161a360 TRACE   GST_PERFORMANCE gststructure.c:508:gst_structure_copy: doing copy 0x559c41647dc0 -> 0x559c4163e320
0:00:00.004275936  2788 0x559c4161a360 DEBUG   GST_ELEMENT_PADS gstelement.c:311:gst_element_base_class_init: type GstDataURISrc : factory 0x559c416478a0
0:00:00.004283564  2788 0x559c4161a360 TRACE   GST_CAPS gstcaps.c:263:gst_caps_new_empty: created caps 0x559c416479d0
0:00:00.004289502  2788 0x559c4161a360 TRACE   GST_CAPS gstcaps.c:442:gst_static_caps_get: created 0x7fc2383d7090 from string ANY
0:00:00.004295373  2788 0x559c4161a360 TRACE   GST_REFCOUNTING gstminiobject.c:465:gst_mini_object_ref: 0x559c416479d0 ref 1->2
0:00:00.004302107  2788 0x559c4161a360 TRACE   GST_REFCOUNTING gstobject.c:208:gst_object_init: 0x559c41649100 new
0:00:00.004309058  2788 0x559c4161a360 TRACE   GST_REFCOUNTING gstminiobject.c:465:gst_mini_object_ref: 0x559c416479d0 ref 2->3
0:00:00.004316068  2788 0x559c4161a360 TRACE   GST_REFCOUNTING gstminiobject.c:647:gst_mini_object_unref: 0x559c416479d0 unref 3->2
0:00:00.004322236  2788 0x559c4161a360 TRACE   GST_REFCOUNTING gstobject.c:292:gst_object_ref_sink: 0x559c41649100 ref_sink 1->2
0:00:00.004332245  2788 0x559c4161a360 TRACE   structure gststructure.c:287:gst_structure_new_id_empty_with_size: created structure 0x559c41649440
0:00:00.004338526  2788 0x559c4161a360 TRACE   GST_PERFORMANCE gststructure.c:508:gst_structure_copy: doing copy 0x559c4163e320 -> 0x559c41649440
0:00:00.004354205  2788 0x559c4161a360 DEBUG   GST_REGISTRY gstregistry.c:589:gst_registry_add_feature: adding feature 0x559c416478a0 (dataurisrc)
0:00:00.004359929  2788 0x559c4161a360 DEBUG   GST_REFCOUNTING gstobject.c:708:gst_object_set_parent: set parent (ref and sink)
0:00:00.004366229  2788 0x559c4161a360 TRACE   GST_REFCOUNTING gstobject.c:292:gst_object_ref_sink: 0x559c416478a0 ref_sink 1->2
0:00:00.004371976  2788 0x559c4161a360 LOG   GST_REGISTRY gstregistry.c:607:gst_registry_add_feature: emitting feature-added for dataurisrc
0:00:00.004381725  2788 0x559c4161a360 TRACE   GST_REFCOUNTING gstobject.c:208:gst_object_init: 0x559c41649830 new
0:00:00.004410517  2788 0x559c4161a360 LOG   GST_ELEMENT_FACTORY gstelementfactory.c:237:gst_element_register: Created new elementfactory for type GstDownloadBuffer
0:00:00.004424130  2788 0x559c4161a360 TRACE   structure gststructure.c:287:gst_structure_new_id_empty_with_size: created structure 0x559c41649c10
0:00:00.004473123  2788 0x559c4161a360 TRACE   GST_PERFORMANCE gststructure.c:508:gst_structure_copy: doing copy 0x559c416290d0 -> 0x559c41649c10
0:00:00.004479427  2788 0x559c4161a360 DEBUG   GST_ELEMENT_PADS gstelement.c:311:gst_element_base_class_init: type GstDownloadBuffer : factory 0x559c41649830
0:00:00.004500083  2788 0x559c4161a360 TRACE   GST_CAPS gstcaps.c:263:gst_caps_new_empty: created caps 0x559c41649960
0:00:00.004509623  2788 0x559c4161a360 TRACE   GST_CAPS gstcaps.c:442:gst_static_caps_get: created 0x7fc2383d70d0 from string ANY
0:00:00.004523285  2788 0x559c4161a360 TRACE   GST_REFCOUNTING gstminiobject.c:465:gst_mini_object_ref: 0x559c41649960 ref 1->2
0:00:00.004535789  2788 0x559c4161a360 TRACE   GST_REFCOUNTING gstobject.c:208:gst_object_init: 0x559c4164a0f0 new
0:00:00.004543454  2788 0x559c4161a360 TRACE   GST_REFCOUNTING gstminiobject.c:465:gst_mini_object_ref: 0x559c41649960 ref 2->3
0:00:00.004551312  2788 0x559c4161a360 TRACE   GST_REFCOUNTING gstminiobject.c:647:gst_mini_object_unref: 0x559c41649960 unref 3->2
0:00:00.004558095  2788 0x559c4161a360 TRACE   GST_REFCOUNTING gstobject.c:292:gst_object_ref_sink: 0x559c4164a0f0 ref_sink 1->2
0:00:00.004564359  2788 0x559c4161a360 TRACE   GST_CAPS gstcaps.c:263:gst_caps_new_empty: created caps 0x559c4164a260
0:00:00.004590422  2788 0x559c4161a360 TRACE   GST_CAPS gstcaps.c:442:gst_static_caps_get: created 0x7fc2383d7110 from string ANY
0:00:00.004596624  2788 0x559c4161a360 TRACE   GST_REFCOUNTING gstminiobject.c:465:gst_mini_object_ref: 0x559c4164a260 ref 1->2
0:00:00.004603697  2788 0x559c4161a360 TRACE   GST_REFCOUNTING gstobject.c:208:gst_object_init: 0x559c4164a2f0 new
0:00:00.004611017  2788 0x559c4161a360 TRACE   GST_REFCOUNTING gstminiobject.c:465:gst_mini_object_ref: 0x559c4164a260 ref 2->3
0:00:00.004618414  2788 0x559c4161a360 TRACE   GST_REFCOUNTING gstminiobject.c:647:gst_mini_object_unref: 0x559c4164a260 unref 3->2
0:00:00.004625175  2788 0x559c4161a360 TRACE   GST_REFCOUNTING gstobject.c:292:gst_object_ref_sink: 0x559c4164a2f0 ref_sink 1->2
0:00:00.004633410  2788 0x559c4161a360 TRACE   structure gststructure.c:287:gst_structure_new_id_empty_with_size: created structure 0x559c4164a5b0
0:00:00.004640080  2788 0x559c4161a360 TRACE   GST_PERFORMANCE gststructure.c:508:gst_structure_copy: doing copy 0x559c41649c10 -> 0x559c4164a5b0
0:00:00.004648375  2788 0x559c4161a360 DEBUG   GST_REGISTRY gstregistry.c:589:gst_registry_add_feature: adding feature 0x559c41649830 (downloadbuffer)
0:00:00.004654483  2788 0x559c4161a360 DEBUG   GST_REFCOUNTING gstobject.c:708:gst_object_set_parent: set parent (ref and sink)
0:00:00.004661265  2788 0x559c4161a360 TRACE   GST_REFCOUNTING gstobject.c:292:gst_object_ref_sink: 0x559c41649830 ref_sink 1->2
0:00:00.004667642  2788 0x559c4161a360 LOG   GST_REGISTRY gstregistry.c:607:gst_registry_add_feature: emitting feature-added for downloadbuffer
0:00:00.004684556  2788 0x559c4161a360 TRACE   GST_REFCOUNTING gstobject.c:208:gst_object_init: 0x559c4164a9d0 new
0:00:00.004693181  2788 0x559c4161a360 LOG   GST_ELEMENT_FACTORY gstelementfactory.c:237:gst_element_register: Created new elementfactory for type GstFakeSrc
0:00:00.004703550  2788 0x559c4161a360 TRACE   structure gststructure.c:287:gst_structure_new_id_empty_with_size: created structure 0x559c4164aef0
0:00:00.004709678  2788 0x559c4161a360 TRACE   GST_PERFORMANCE gststructure.c:508:gst_structure_copy: doing copy 0x559c41647dc0 -> 0x559c4164aef0
0:00:00.004716006  2788 0x559c4161a360 DEBUG   GST_ELEMENT_PADS gstelement.c:311:gst_element_base_class_init: type GstFakeSrc : factory 0x559c4164a9d0
0:00:00.004749079  2788 0x559c4161a360 TRACE   GST_CAPS gstcaps.c:263:gst_caps_new_empty: created caps 0x559c4164ab00
0:00:00.004761097  2788 0x559c4161a360 TRACE   GST_CAPS gstcaps.c:442:gst_static_caps_get: created 0x7fc2383d7190 from string ANY
0:00:00.004770081  2788 0x559c4161a360 TRACE   GST_REFCOUNTING gstminiobject.c:465:gst_mini_object_ref: 0x559c4164ab00 ref 1->2
0:00:00.004777823  2788 0x559c4161a360 TRACE   GST_REFCOUNTING gstobject.c:208:gst_object_init: 0x559c4164be20 new
0:00:00.004785405  2788 0x559c4161a360 TRACE   GST_REFCOUNTING gstminiobject.c:465:gst_mini_object_ref: 0x559c4164ab00 ref 2->3
0:00:00.004793213  2788 0x559c4161a360 TRACE   GST_REFCOUNTING gstminiobject.c:647:gst_mini_object_unref: 0x559c4164ab00 unref 3->2
0:00:00.004800078  2788 0x559c4161a360 TRACE   GST_REFCOUNTING gstobject.c:292:gst_object_ref_sink: 0x559c4164be20 ref_sink 1->2
0:00:00.004808642  2788 0x559c4161a360 TRACE   structure gststructure.c:287:gst_structure_new_id_empty_with_size: created structure 0x559c4164c250
0:00:00.004815531  2788 0x559c4161a360 TRACE   GST_PERFORMANCE gststructure.c:508:gst_structure_copy: doing copy 0x559c4164aef0 -> 0x559c4164c250
0:00:00.004823350  2788 0x559c4161a360 DEBUG   GST_REGISTRY gstregistry.c:589:gst_registry_add_feature: adding feature 0x559c4164a9d0 (fakesrc)
0:00:00.004829264  2788 0x559c4161a360 DEBUG   GST_REFCOUNTING gstobject.c:708:gst_object_set_parent: set parent (ref and sink)
0:00:00.004835979  2788 0x559c4161a360 TRACE   GST_REFCOUNTING gstobject.c:292:gst_object_ref_sink: 0x559c4164a9d0 ref_sink 1->2
0:00:00.004842234  2788 0x559c4161a360 LOG   GST_REGISTRY gstregistry.c:607:gst_registry_add_feature: emitting feature-added for fakesrc
0:00:00.004860364  2788 0x559c4161a360 TRACE   GST_REFCOUNTING gstobject.c:208:gst_object_init: 0x559c4164c650 new
0:00:00.004868763  2788 0x559c4161a360 LOG   GST_ELEMENT_FACTORY gstelementfactory.c:237:gst_element_register: Created new elementfactory for type GstFakeSink
0:00:00.004875981  2788 0x559c4161a360 TRACE   structure gststructure.c:287:gst_structure_new_id_empty_with_size: created structure 0x559c4164cb60
0:00:00.004881966  2788 0x559c4161a360 TRACE   GST_PERFORMANCE gststructure.c:508:gst_structure_copy: doing copy 0x559c416290d0 -> 0x559c4164cb60
0:00:00.004888535  2788 0x559c4161a360 DEBUG   GST_ELEMENT_PADS gstelement.c:311:gst_element_base_class_init: type GstBaseSink : factory (nil)
0:00:00.004927159  2788 0x559c4161a360 TRACE   structure gststructure.c:287:gst_structure_new_id_empty_with_size: created structure 0x559c4164d890
0:00:00.004933926  2788 0x559c4161a360 TRACE   GST_PERFORMANCE gststructure.c:508:gst_structure_copy: doing copy 0x559c4164cb60 -> 0x559c4164d890
0:00:00.004940251  2788 0x559c4161a360 DEBUG   GST_ELEMENT_PADS gstelement.c:311:gst_element_base_class_init: type GstFakeSink : factory 0x559c4164c650
0:00:00.004964826  2788 0x559c4161a360 TRACE   GST_CAPS gstcaps.c:263:gst_caps_new_empty: created caps 0x559c4164c780
0:00:00.004971623  2788 0x559c4161a360 TRACE   GST_CAPS gstcaps.c:442:gst_static_caps_get: created 0x7fc2383d7150 from string ANY
0:00:00.004982494  2788 0x559c4161a360 TRACE   GST_REFCOUNTING gstminiobject.c:465:gst_mini_object_ref: 0x559c4164c780 ref 1->2
0:00:00.004990562  2788 0x559c4161a360 TRACE   GST_REFCOUNTING gstobject.c:208:gst_object_init: 0x559c4164e2d0 new
0:00:00.004998180  2788 0x559c4161a360 TRACE   GST_REFCOUNTING gstminiobject.c:465:gst_mini_object_ref: 0x559c4164c780 ref 2->3
0:00:00.005006144  2788 0x559c4161a360 TRACE   GST_REFCOUNTING gstminiobject.c:647:gst_mini_object_unref: 0x559c4164c780 unref 3->2
0:00:00.005013131  2788 0x559c4161a360 TRACE   GST_REFCOUNTING gstobject.c:292:gst_object_ref_sink: 0x559c4164e2d0 ref_sink 1->2
0:00:00.005021008  2788 0x559c4161a360 TRACE   structure gststructure.c:287:gst_structure_new_id_empty_with_size: created structure 0x559c4164e6d0
0:00:00.005027711  2788 0x559c4161a360 TRACE   GST_PERFORMANCE gststructure.c:508:gst_structure_copy: doing copy 0x559c4164d890 -> 0x559c4164e6d0
0:00:00.005035331  2788 0x559c4161a360 DEBUG   GST_REGISTRY gstregistry.c:589:gst_registry_add_feature: adding feature 0x559c4164c650 (fakesink)
