0:00:00.015036210  2752 0x555ef1d47360 LOG   GST_POLL gstpoll.c:994:gst_poll_fd_ctl_write: 0x555ef1d6b970: pfd->events now 60 (POLLOUT:4)
0:00:00.019545779  2751 0x556b9faa4360 LOG   GST_REGISTRY gstregistrychunks.c:609:gst_registry_chunks_load_feature: Reading/casting for GstRegistryChunkElementFactory at address 0x556b9facb960
0:00:00.015042675  2752 0x555ef1d47360 DEBUG   GST_POLL gstpoll.c:979:gst_poll_fd_ctl_write: 0x555ef1d6b970: fd (fd:0, idx:1), active : 1
0:00:00.019551972  2751 0x556b9faa4360 TRACE   structure gststructure.c:287:gst_structure_new_id_empty_with_size: created structure 0x556b9fad65d0
0:00:00.015048939  2752 0x555ef1d47360 LOG   GST_POLL gstpoll.c:994:gst_poll_fd_ctl_write: 0x555ef1d6b970: pfd->events now 60 (POLLOUT:4)
0:00:00.019557900  2751 0x556b9faa4360 DEBUG   structure gststructure.c:2203:gst_structure_parse_field: trying field name 'long-name'
0:00:00.015055357  2752 0x555ef1d47360 DEBUG   GST_POLL gstpoll.c:979:gst_poll_fd_ctl_write: 0x555ef1d6b970: fd (fd:0, idx:1), active : 1
0:00:00.019563691  2751 0x556b9faa4360 DEBUG   default gstvalue.c:2676:_priv_gst_value_parse_value: trying type name 'string'
0:00:00.015061495  2752 0x555ef1d47360 LOG   GST_POLL gstpoll.c:994:gst_poll_fd_ctl_write: 0x555ef1d6b970: pfd->events now 60 (POLLOUT:4)
0:00:00.019569850  2751 0x556b9faa4360 DEBUG   structure gststructure.c:2203:gst_structure_parse_field: trying field name 'klass'
0:00:00.015068067  2752 0x555ef1d47360 DEBUG   GST_POLL gstpoll.c:979:gst_poll_fd_ctl_write: 0x555ef1d6b970: fd (fd:0, idx:1), active : 1
0:00:00.019575799  2751 0x556b9faa4360 DEBUG   default gstvalue.c:2676:_priv_gst_value_parse_value: trying type name 'string'
0:00:00.015078080  2752 0x555ef1d47360 LOG   GST_POLL gstpoll.c:994:gst_poll_fd_ctl_write: 0x555ef1d6b970: pfd->events now 60 (POLLOUT:4)
0:00:00.019586293  2751 0x556b9faa4360 DEBUG   structure gststructure.c:2203:gst_structure_parse_field: trying field name 'description'
0:00:00.015084659  2752 0x555ef1d47360 DEBUG   GST_POLL gstpoll.c:979:gst_poll_fd_ctl_write: 0x555ef1d6b970: fd (fd:0, idx:1), active : 1
0:00:00.019592195  2751 0x556b9faa4360 DEBUG   default gstvalue.c:2676:_priv_gst_value_parse_value: trying type name 'string'
0:00:00.015090693  2752 0x555ef1d47360 LOG   GST_POLL gstpoll.c:994:gst_poll_fd_ctl_write: 0x555ef1d6b970: pfd->events now 60 (POLLOUT:4)
0:00:00.019598684  2751 0x556b9faa4360 DEBUG   structure gststructure.c:2203:gst_structure_parse_field: trying field name 'author'
0:00:00.015097218  2752 0x555ef1d47360 DEBUG   GST_POLL gstpoll.c:979:gst_poll_fd_ctl_write: 0x555ef1d6b970: fd (fd:0, idx:1), active : 1
0:00:00.019604470  2751 0x556b9faa4360 DEBUG   default gstvalue.c:2676:_priv_gst_value_parse_value: trying type name 'string'
0:00:00.015103252  2752 0x555ef1d47360 LOG   GST_POLL gstpoll.c:994:gst_poll_fd_ctl_write: 0x555ef1d6b970: pfd->events now 60 (POLLOUT:4)
0:00:00.019611593  2751 0x556b9faa4360 DEBUG   GST_REGISTRY gstregistrychunks.c:626:gst_registry_chunks_load_feature: Element factory : npadtemplates=1
0:00:00.015109684  2752 0x555ef1d47360 DEBUG   GST_POLL gstpoll.c:979:gst_poll_fd_ctl_write: 0x555ef1d6b970: fd (fd:0, idx:1), active : 1
0:00:00.019617466  2751 0x556b9faa4360 DEBUG   GST_REGISTRY gstregistrychunks.c:525:gst_registry_chunks_load_pad_template: Reading/casting for GstRegistryChunkPadTemplate at address 0x556b9facba60
0:00:00.015115927  2752 0x555ef1d47360 LOG   GST_POLL gstpoll.c:994:gst_poll_fd_ctl_write: 0x555ef1d6b970: pfd->events now 60 (POLLOUT:4)
0:00:00.019623527  2751 0x556b9faa4360 DEBUG   GST_REGISTRY gstregistrychunks.c:539:gst_registry_chunks_load_pad_template: Added pad_template src
0:00:00.015122219  2752 0x555ef1d47360 DEBUG   GST_POLL gstpoll.c:979:gst_poll_fd_ctl_write: 0x555ef1d6b970: fd (fd:0, idx:1), active : 1
0:00:00.019630270  2751 0x556b9faa4360 DEBUG   GST_REGISTRY gstregistry.c:589:gst_registry_add_feature: adding feature 0x556b9fad64e0 (fakesrc)
0:00:00.015128423  2752 0x555ef1d47360 LOG   GST_POLL gstpoll.c:994:gst_poll_fd_ctl_write: 0x555ef1d6b970: pfd->events now 60 (POLLOUT:4)
0:00:00.019636087  2751 0x556b9faa4360 DEBUG   GST_REFCOUNTING gstobject.c:708:gst_object_set_parent: set parent (ref and sink)
0:00:00.015134772  2752 0x555ef1d47360 DEBUG   GST_POLL gstpoll.c:979:gst_poll_fd_ctl_write: 0x555ef1d6b970: fd (fd:0, idx:1), active : 1
0:00:00.019643141  2751 0x556b9faa4360 TRACE   GST_REFCOUNTING gstobject.c:292:gst_object_ref_sink: 0x556b9fad64e0 ref_sink 1->2
0:00:00.015140855  2752 0x555ef1d47360 LOG   GST_POLL gstpoll.c:994:gst_poll_fd_ctl_write: 0x555ef1d6b970: pfd->events now 60 (POLLOUT:4)
0:00:00.019649530  2751 0x556b9faa4360 LOG   GST_REGISTRY gstregistry.c:607:gst_registry_add_feature: emitting feature-added for fakesrc
0:00:00.015151043  2752 0x555ef1d47360 DEBUG   GST_POLL gstpoll.c:979:gst_poll_fd_ctl_write: 0x555ef1d6b970: fd (fd:0, idx:1), active : 1
0:00:00.019658866  2751 0x556b9faa4360 DEBUG   GST_REGISTRY gstregistrychunks.c:740:gst_registry_chunks_load_feature: Added feature fakesrc, plugin 0x556b9facc250 coreelements
0:00:00.015157423  2752 0x555ef1d47360 LOG   GST_POLL gstpoll.c:994:gst_poll_fd_ctl_write: 0x555ef1d6b970: pfd->events now 60 (POLLOUT:4)
0:00:00.019665411  2751 0x556b9faa4360 DEBUG   GST_REGISTRY gstregistrychunks.c:582:gst_registry_chunks_load_feature: Plugin 'coreelements' feature 'downloadbuffer' typename : 'GstElementFactory'
0:00:00.015163791  2752 0x555ef1d47360 DEBUG   GST_POLL gstpoll.c:979:gst_poll_fd_ctl_write: 0x555ef1d6b970: fd (fd:0, idx:1), active : 1
0:00:00.019672272  2751 0x556b9faa4360 TRACE   GST_REFCOUNTING gstobject.c:208:gst_object_init: 0x556b9fad6a20 new
0:00:00.015169759  2752 0x555ef1d47360 LOG   GST_POLL gstpoll.c:994:gst_poll_fd_ctl_write: 0x555ef1d6b970: pfd->events now 60 (POLLOUT:4)
0:00:00.019679127  2751 0x556b9faa4360 LOG   GST_REGISTRY gstregistrychunks.c:609:gst_registry_chunks_load_feature: Reading/casting for GstRegistryChunkElementFactory at address 0x556b9facba98
0:00:00.019685221  2751 0x556b9faa4360 TRACE   structure gststructure.c:287:gst_structure_new_id_empty_with_size: created structure 0x556b9fad6d20
0:00:00.015176307  2752 0x555ef1d47360 DEBUG   GST_POLL gstpoll.c:979:gst_poll_fd_ctl_write: 0x555ef1d6b970: fd (fd:0, idx:1), active : 1
0:00:00.019690622  2751 0x556b9faa4360 DEBUG   structure gststructure.c:2203:gst_structure_parse_field: trying field name 'long-name'
0:00:00.015187600  2752 0x555ef1d47360 LOG   GST_POLL gstpoll.c:994:gst_poll_fd_ctl_write: 0x555ef1d6b970: pfd->events now 60 (POLLOUT:4)
0:00:00.019696397  2751 0x556b9faa4360 DEBUG   default gstvalue.c:2676:_priv_gst_value_parse_value: trying type name 'string'
0:00:00.015194210  2752 0x555ef1d47360 DEBUG   GST_POLL gstpoll.c:979:gst_poll_fd_ctl_write: 0x555ef1d6b970: fd (fd:0, idx:1), active : 1
0:00:00.019702781  2751 0x556b9faa4360 DEBUG   structure gststructure.c:2203:gst_structure_parse_field: trying field name 'klass'
0:00:00.015200234  2752 0x555ef1d47360 LOG   GST_POLL gstpoll.c:994:gst_poll_fd_ctl_write: 0x555ef1d6b970: pfd->events now 60 (POLLOUT:4)
0:00:00.019708585  2751 0x556b9faa4360 DEBUG   default gstvalue.c:2676:_priv_gst_value_parse_value: trying type name 'string'
0:00:00.015206546  2752 0x555ef1d47360 DEBUG   GST_POLL gstpoll.c:979:gst_poll_fd_ctl_write: 0x555ef1d6b970: fd (fd:0, idx:1), active : 1
0:00:00.019714977  2751 0x556b9faa4360 DEBUG   structure gststructure.c:2203:gst_structure_parse_field: trying field name 'description'
0:00:00.015212654  2752 0x555ef1d47360 LOG   GST_POLL gstpoll.c:994:gst_poll_fd_ctl_write: 0x555ef1d6b970: pfd->events now 60 (POLLOUT:4)
0:00:00.019720761  2751 0x556b9faa4360 DEBUG   default gstvalue.c:2676:_priv_gst_value_parse_value: trying type name 'string'
0:00:00.015219084  2752 0x555ef1d47360 DEBUG   GST_POLL gstpoll.c:979:gst_poll_fd_ctl_write: 0x555ef1d6b970: fd (fd:0, idx:1), active : 1
0:00:00.019731312  2751 0x556b9faa4360 DEBUG   structure gststructure.c:2203:gst_structure_parse_field: trying field name 'author'
0:00:00.015227588  2752 0x555ef1d47360 LOG   GST_POLL gstpoll.c:994:gst_poll_fd_ctl_write: 0x555ef1d6b970: pfd->events now 60 (POLLOUT:4)
0:00:00.019737416  2751 0x556b9faa4360 DEBUG   default gstvalue.c:2676:_priv_gst_value_parse_value: trying type name 'string'
0:00:00.015234680  2752 0x555ef1d47360 DEBUG   GST_POLL gstpoll.c:979:gst_poll_fd_ctl_write: 0x555ef1d6b970: fd (fd:0, idx:1), active : 1
0:00:00.019743987  2751 0x556b9faa4360 DEBUG   GST_REGISTRY gstregistrychunks.c:626:gst_registry_chunks_load_feature: Element factory : npadtemplates=2
0:00:00.015240850  2752 0x555ef1d47360 LOG   GST_POLL gstpoll.c:994:gst_poll_fd_ctl_write: 0x555ef1d6b970: pfd->events now 60 (POLLOUT:4)
0:00:00.015247241  2752 0x555ef1d47360 DEBUG   GST_POLL gstpoll.c:979:gst_poll_fd_ctl_write: 0x555ef1d6b970: fd (fd:0, idx:1), active : 1
0:00:00.019753060  2751 0x556b9faa4360 DEBUG   GST_REGISTRY gstregistrychunks.c:525:gst_registry_chunks_load_pad_template: Reading/casting for GstRegistryChunkPadTemplate at address 0x556b9facbb60
0:00:00.015253010  2752 0x555ef1d47360 LOG   GST_POLL gstpoll.c:994:gst_poll_fd_ctl_write: 0x555ef1d6b970: pfd->events now 60 (POLLOUT:4)
0:00:00.019760636  2751 0x556b9faa4360 DEBUG   GST_REGISTRY gstregistrychunks.c:539:gst_registry_chunks_load_pad_template: Added pad_template sink
0:00:00.015259494  2752 0x555ef1d47360 DEBUG   GST_POLL gstpoll.c:979:gst_poll_fd_ctl_write: 0x555ef1d6b970: fd (fd:0, idx:1), active : 1
0:00:00.019766756  2751 0x556b9faa4360 DEBUG   GST_REGISTRY gstregistrychunks.c:525:gst_registry_chunks_load_pad_template: Reading/casting for GstRegistryChunkPadTemplate at address 0x556b9facbb78
0:00:00.015265695  2752 0x555ef1d47360 LOG   GST_POLL gstpoll.c:994:gst_poll_fd_ctl_write: 0x555ef1d6b970: pfd->events now 60 (POLLOUT:4)
0:00:00.019773381  2751 0x556b9faa4360 DEBUG   GST_REGISTRY gstregistrychunks.c:539:gst_registry_chunks_load_pad_template: Added pad_template src
0:00:00.015272366  2752 0x555ef1d47360 DEBUG   GST_POLL gstpoll.c:979:gst_poll_fd_ctl_write: 0x555ef1d6b970: fd (fd:0, idx:1), active : 1
0:00:00.019780529  2751 0x556b9faa4360 DEBUG   GST_REGISTRY gstregistry.c:589:gst_registry_add_feature: adding feature 0x556b9fad6a20 (downloadbuffer)
0:00:00.015278511  2752 0x555ef1d47360 LOG   GST_POLL gstpoll.c:994:gst_poll_fd_ctl_write: 0x555ef1d6b970: pfd->events now 60 (POLLOUT:4)
0:00:00.019786455  2751 0x556b9faa4360 DEBUG   GST_REFCOUNTING gstobject.c:708:gst_object_set_parent: set parent (ref and sink)
0:00:00.015284848  2752 0x555ef1d47360 DEBUG   GST_POLL gstpoll.c:979:gst_poll_fd_ctl_write: 0x555ef1d6b970: fd (fd:0, idx:1), active : 1
0:00:00.019793436  2751 0x556b9faa4360 TRACE   GST_REFCOUNTING gstobject.c:292:gst_object_ref_sink: 0x556b9fad6a20 ref_sink 1->2
0:00:00.015290870  2752 0x555ef1d47360 LOG   GST_POLL gstpoll.c:994:gst_poll_fd_ctl_write: 0x555ef1d6b970: pfd->events now 60 (POLLOUT:4)
0:00:00.019799858  2751 0x556b9faa4360 LOG   GST_REGISTRY gstregistry.c:607:gst_registry_add_feature: emitting feature-added for downloadbuffer
0:00:00.015300776  2752 0x555ef1d47360 DEBUG   GST_POLL gstpoll.c:979:gst_poll_fd_ctl_write: 0x555ef1d6b970: fd (fd:0, idx:1), active : 1
0:00:00.019808691  2751 0x556b9faa4360 DEBUG   GST_REGISTRY gstregistrychunks.c:740:gst_registry_chunks_load_feature: Added feature downloadbuffer, plugin 0x556b9facc250 coreelements
0:00:00.015307152  2752 0x555ef1d47360 LOG   GST_POLL gstpoll.c:994:gst_poll_fd_ctl_write: 0x555ef1d6b970: pfd->events now 60 (POLLOUT:4)
0:00:00.019815128  2751 0x556b9faa4360 DEBUG   GST_REGISTRY gstregistrychunks.c:582:gst_registry_chunks_load_feature: Plugin 'coreelements' feature 'dataurisrc' typename : 'GstElementFactory'
0:00:00.015313672  2752 0x555ef1d47360 LOG   GST_PLUGIN_LOADING gstpluginloader.c:645:put_chunk: Expanding tx buf from 13209 to 17023 for chunk of size 229
0:00:00.019822140  2751 0x556b9faa4360 TRACE   GST_REFCOUNTING gstobject.c:208:gst_object_init: 0x556b9fad7200 new
0:00:00.019829274  2751 0x556b9faa4360 LOG   GST_REGISTRY gstregistrychunks.c:609:gst_registry_chunks_load_feature: Reading/casting for GstRegistryChunkElementFactory at address 0x556b9facbba8
0:00:00.015325761  2752 0x555ef1d47360 DEBUG   GST_POLL gstpoll.c:979:gst_poll_fd_ctl_write: 0x555ef1d6b970: fd (fd:0, idx:1), active : 1
0:00:00.019834968  2751 0x556b9faa4360 TRACE   structure gststructure.c:287:gst_structure_new_id_empty_with_size: created structure 0x556b9fad7510
0:00:00.015332193  2752 0x555ef1d47360 LOG   GST_POLL gstpoll.c:994:gst_poll_fd_ctl_write: 0x555ef1d6b970: pfd->events now 60 (POLLOUT:4)
0:00:00.019840880  2751 0x556b9faa4360 DEBUG   structure gststructure.c:2203:gst_structure_parse_field: trying field name 'long-name'
0:00:00.015338883  2752 0x555ef1d47360 DEBUG   GST_POLL gstpoll.c:979:gst_poll_fd_ctl_write: 0x555ef1d6b970: fd (fd:0, idx:1), active : 1
0:00:00.019851103  2751 0x556b9faa4360 DEBUG   default gstvalue.c:2676:_priv_gst_value_parse_value: trying type name 'string'
0:00:00.015347771  2752 0x555ef1d47360 LOG   GST_POLL gstpoll.c:994:gst_poll_fd_ctl_write: 0x555ef1d6b970: pfd->events now 60 (POLLOUT:4)
0:00:00.019857728  2751 0x556b9faa4360 DEBUG   structure gststructure.c:2203:gst_structure_parse_field: trying field name 'klass'
0:00:00.015354338  2752 0x555ef1d47360 DEBUG   GST_POLL gstpoll.c:979:gst_poll_fd_ctl_write: 0x555ef1d6b970: fd (fd:0, idx:1), active : 1
0:00:00.019863727  2751 0x556b9faa4360 DEBUG   default gstvalue.c:2676:_priv_gst_value_parse_value: trying type name 'string'
0:00:00.015360450  2752 0x555ef1d47360 LOG   GST_POLL gstpoll.c:994:gst_poll_fd_ctl_write: 0x555ef1d6b970: pfd->events now 60 (POLLOUT:4)
0:00:00.019870111  2751 0x556b9faa4360 DEBUG   structure gststructure.c:2203:gst_structure_parse_field: trying field name 'description'
0:00:00.015367027  2752 0x555ef1d47360 DEBUG   GST_POLL gstpoll.c:979:gst_poll_fd_ctl_write: 0x555ef1d6b970: fd (fd:0, idx:1), active : 1
0:00:00.019876318  2751 0x556b9faa4360 DEBUG   default gstvalue.c:2676:_priv_gst_value_parse_value: trying type name 'string'
0:00:00.015373158  2752 0x555ef1d47360 LOG   GST_POLL gstpoll.c:994:gst_poll_fd_ctl_write: 0x555ef1d6b970: pfd->events now 60 (POLLOUT:4)
0:00:00.019886994  2751 0x556b9faa4360 DEBUG   structure gststructure.c:2203:gst_structure_parse_field: trying field name 'author'
0:00:00.015383530  2752 0x555ef1d47360 DEBUG   GST_POLL gstpoll.c:979:gst_poll_fd_ctl_write: 0x555ef1d6b970: fd (fd:0, idx:1), active : 1
0:00:00.019893111  2751 0x556b9faa4360 DEBUG   default gstvalue.c:2676:_priv_gst_value_parse_value: trying type name 'string'
0:00:00.015389613  2752 0x555ef1d47360 LOG   GST_POLL gstpoll.c:994:gst_poll_fd_ctl_write: 0x555ef1d6b970: pfd->events now 60 (POLLOUT:4)
0:00:00.019900060  2751 0x556b9faa4360 DEBUG   GST_REGISTRY gstregistrychunks.c:626:gst_registry_chunks_load_feature: Element factory : npadtemplates=1
0:00:00.015396015  2752 0x555ef1d47360 DEBUG   GST_POLL gstpoll.c:979:gst_poll_fd_ctl_write: 0x555ef1d6b970: fd (fd:0, idx:1), active : 1
0:00:00.019905847  2751 0x556b9faa4360 DEBUG   GST_REGISTRY gstregistrychunks.c:525:gst_registry_chunks_load_pad_template: Reading/casting for GstRegistryChunkPadTemplate at address 0x556b9facbcc0
0:00:00.015402770  2752 0x555ef1d47360 LOG   GST_POLL gstpoll.c:994:gst_poll_fd_ctl_write: 0x555ef1d6b970: pfd->events now 60 (POLLOUT:4)
0:00:00.019911630  2751 0x556b9faa4360 DEBUG   GST_REGISTRY gstregistrychunks.c:539:gst_registry_chunks_load_pad_template: Added pad_template src
0:00:00.015409125  2752 0x555ef1d47360 DEBUG   GST_POLL gstpoll.c:979:gst_poll_fd_ctl_write: 0x555ef1d6b970: fd (fd:0, idx:1), active : 1
0:00:00.019917698  2751 0x556b9faa4360 DEBUG   GST_REGISTRY gstregistrychunks.c:639:gst_registry_chunks_load_feature: Reading 1 UriTypes at address 0x556b9facbcd0
0:00:00.015415243  2752 0x555ef1d47360 LOG   GST_POLL gstpoll.c:994:gst_poll_fd_ctl_write: 0x555ef1d6b970: pfd->events now 60 (POLLOUT:4)
0:00:00.019923903  2751 0x556b9faa4360 DEBUG   GST_REGISTRY gstregistrychunks.c:654:gst_registry_chunks_load_feature: Reading 1 Interfaces at address 0x556b9facbcd9
0:00:00.015421676  2752 0x555ef1d47360 DEBUG   GST_POLL gstpoll.c:979:gst_poll_fd_ctl_write: 0x555ef1d6b970: fd (fd:0, idx:1), active : 1
0:00:00.019931291  2751 0x556b9faa4360 DEBUG   GST_REGISTRY gstregistry.c:589:gst_registry_add_feature: adding feature 0x556b9fad7200 (dataurisrc)
0:00:00.015427965  2752 0x555ef1d47360 LOG   GST_POLL gstpoll.c:994:gst_poll_fd_ctl_write: 0x555ef1d6b970: pfd->events now 60 (POLLOUT:4)
0:00:00.019937406  2751 0x556b9faa4360 DEBUG   GST_REFCOUNTING gstobject.c:708:gst_object_set_parent: set parent (ref and sink)
0:00:00.015434396  2752 0x555ef1d47360 DEBUG   GST_POLL gstpoll.c:979:gst_poll_fd_ctl_write: 0x555ef1d6b970: fd (fd:0, idx:1), active : 1
0:00:00.019944495  2751 0x556b9faa4360 TRACE   GST_REFCOUNTING gstobject.c:292:gst_object_ref_sink: 0x556b9fad7200 ref_sink 1->2
0:00:00.015440624  2752 0x555ef1d47360 LOG   GST_POLL gstpoll.c:994:gst_poll_fd_ctl_write: 0x555ef1d6b970: pfd->events now 60 (POLLOUT:4)
0:00:00.019950988  2751 0x556b9faa4360 LOG   GST_REGISTRY gstregistry.c:607:gst_registry_add_feature: emitting feature-added for dataurisrc
0:00:00.015447628  2752 0x555ef1d47360 DEBUG   GST_POLL gstpoll.c:979:gst_poll_fd_ctl_write: 0x555ef1d6b970: fd (fd:0, idx:1), active : 1
0:00:00.019961477  2751 0x556b9faa4360 DEBUG   GST_REGISTRY gstregistrychunks.c:740:gst_registry_chunks_load_feature: Added feature dataurisrc, plugin 0x556b9facc250 coreelements
0:00:00.015457637  2752 0x555ef1d47360 LOG   GST_POLL gstpoll.c:994:gst_poll_fd_ctl_write: 0x555ef1d6b970: pfd->events now 60 (POLLOUT:4)
0:00:00.019967891  2751 0x556b9faa4360 DEBUG   GST_REGISTRY gstregistrychunks.c:582:gst_registry_chunks_load_feature: Plugin 'coreelements' feature 'concat' typename : 'GstElementFactory'
0:00:00.015464435  2752 0x555ef1d47360 DEBUG   GST_POLL gstpoll.c:979:gst_poll_fd_ctl_write: 0x555ef1d6b970: fd (fd:0, idx:1), active : 1
0:00:00.019974766  2751 0x556b9faa4360 TRACE   GST_REFCOUNTING gstobject.c:208:gst_object_init: 0x556b9fad7c50 new
0:00:00.015470568  2752 0x555ef1d47360 LOG   GST_POLL gstpoll.c:994:gst_poll_fd_ctl_write: 0x555ef1d6b970: pfd->events now 60 (POLLOUT:4)
0:00:00.019981698  2751 0x556b9faa4360 LOG   GST_REGISTRY gstregistrychunks.c:609:gst_registry_chunks_load_feature: Reading/casting for GstRegistryChunkElementFactory at address 0x556b9facbd00
0:00:00.015478033  2752 0x555ef1d47360 DEBUG   GST_POLL gstpoll.c:979:gst_poll_fd_ctl_write: 0x555ef1d6b970: fd (fd:0, idx:1), active : 1
0:00:00.019987871  2751 0x556b9faa4360 TRACE   structure gststructure.c:287:gst_structure_new_id_empty_with_size: created structure 0x556b9fad7e80
0:00:00.015484391  2752 0x555ef1d47360 LOG   GST_POLL gstpoll.c:994:gst_poll_fd_ctl_write: 0x555ef1d6b970: pfd->events now 60 (POLLOUT:4)
0:00:00.019993695  2751 0x556b9faa4360 DEBUG   structure gststructure.c:2203:gst_structure_parse_field: trying field name 'long-name'
0:00:00.015490756  2752 0x555ef1d47360 DEBUG   GST_POLL gstpoll.c:979:gst_poll_fd_ctl_write: 0x555ef1d6b970: fd (fd:0, idx:1), active : 1
0:00:00.019999583  2751 0x556b9faa4360 DEBUG   default gstvalue.c:2676:_priv_gst_value_parse_value: trying type name 'string'
0:00:00.015496971  2752 0x555ef1d47360 LOG   GST_POLL gstpoll.c:994:gst_poll_fd_ctl_write: 0x555ef1d6b970: pfd->events now 60 (POLLOUT:4)
0:00:00.020005758  2751 0x556b9faa4360 DEBUG   structure gststructure.c:2203:gst_structure_parse_field: trying field name 'klass'
0:00:00.015503369  2752 0x555ef1d47360 DEBUG   GST_POLL gstpoll.c:979:gst_poll_fd_ctl_write: 0x555ef1d6b970: fd (fd:0, idx:1), active : 1
0:00:00.020011786  2751 0x556b9faa4360 DEBUG   default gstvalue.c:2676:_priv_gst_value_parse_value: trying type name 'string'
0:00:00.015509486  2752 0x555ef1d47360 LOG   GST_POLL gstpoll.c:994:gst_poll_fd_ctl_write: 0x555ef1d6b970: pfd->events now 60 (POLLOUT:4)
0:00:00.020017989  2751 0x556b9faa4360 DEBUG   structure gststructure.c:2203:gst_structure_parse_field: trying field name 'description'
0:00:00.015515791  2752 0x555ef1d47360 DEBUG   GST_POLL gstpoll.c:979:gst_poll_fd_ctl_write: 0x555ef1d6b970: fd (fd:0, idx:1), active : 1
0:00:00.020024041  2751 0x556b9faa4360 DEBUG   default gstvalue.c:2676:_priv_gst_value_parse_value: trying type name 'string'
0:00:00.015521916  2752 0x555ef1d47360 LOG   GST_POLL gstpoll.c:994:gst_poll_fd_ctl_write: 0x555ef1d6b970: pfd->events now 60 (POLLOUT:4)
0:00:00.015531486  2752 0x555ef1d47360 DEBUG   GST_POLL gstpoll.c:979:gst_poll_fd_ctl_write: 0x555ef1d6b970: fd (fd:0, idx:1), active : 1
0:00:00.020037818  2751 0x556b9faa4360 DEBUG   structure gststructure.c:2203:gst_structure_parse_field: trying field name 'author'
0:00:00.015537216  2752 0x555ef1d47360 LOG   GST_POLL gstpoll.c:994:gst_poll_fd_ctl_write: 0x555ef1d6b970: pfd->events now 60 (POLLOUT:4)
0:00:00.020044842  2751 0x556b9faa4360 DEBUG   default gstvalue.c:2676:_priv_gst_value_parse_value: trying type name 'string'
0:00:00.015543782  2752 0x555ef1d47360 DEBUG   GST_POLL gstpoll.c:979:gst_poll_fd_ctl_write: 0x555ef1d6b970: fd (fd:0, idx:1), active : 1
0:00:00.020051888  2751 0x556b9faa4360 DEBUG   GST_REGISTRY gstregistrychunks.c:626:gst_registry_chunks_load_feature: Element factory : npadtemplates=2
0:00:00.015550145  2752 0x555ef1d47360 LOG   GST_POLL gstpoll.c:994:gst_poll_fd_ctl_write: 0x555ef1d6b970: pfd->events now 60 (POLLOUT:4)
0:00:00.020057716  2751 0x556b9faa4360 DEBUG   GST_REGISTRY gstregistrychunks.c:525:gst_registry_chunks_load_pad_template: Reading/casting for GstRegistryChunkPadTemplate at address 0x556b9facbdd8
0:00:00.015556654  2752 0x555ef1d47360 DEBUG   GST_POLL gstpoll.c:979:gst_poll_fd_ctl_write: 0x555ef1d6b970: fd (fd:0, idx:1), active : 1
0:00:00.020063837  2751 0x556b9faa4360 DEBUG   GST_REGISTRY gstregistrychunks.c:539:gst_registry_chunks_load_pad_template: Added pad_template src
0:00:00.015562828  2752 0x555ef1d47360 LOG   GST_POLL gstpoll.c:994:gst_poll_fd_ctl_write: 0x555ef1d6b970: pfd->events now 60 (POLLOUT:4)
0:00:00.020070128  2751 0x556b9faa4360 DEBUG   GST_REGISTRY gstregistrychunks.c:525:gst_registry_chunks_load_pad_template: Reading/casting for GstRegistryChunkPadTemplate at address 0x556b9facbde8
0:00:00.015569226  2752 0x555ef1d47360 DEBUG   GST_POLL gstpoll.c:979:gst_poll_fd_ctl_write: 0x555ef1d6b970: fd (fd:0, idx:1), active : 1
0:00:00.020076463  2751 0x556b9faa4360 DEBUG   GST_REGISTRY gstregistrychunks.c:539:gst_registry_chunks_load_pad_template: Added pad_template sink_%u
0:00:00.015575517  2752 0x555ef1d47360 LOG   GST_POLL gstpoll.c:994:gst_poll_fd_ctl_write: 0x555ef1d6b970: pfd->events now 60 (POLLOUT:4)
0:00:00.020083991  2751 0x556b9faa4360 DEBUG   GST_REGISTRY gstregistry.c:589:gst_registry_add_feature: adding feature 0x556b9fad7c50 (concat)
0:00:00.015581781  2752 0x555ef1d47360 DEBUG   GST_POLL gstpoll.c:979:gst_poll_fd_ctl_write: 0x555ef1d6b970: fd (fd:0, idx:1), active : 1
0:00:00.020090069  2751 0x556b9faa4360 DEBUG   GST_REFCOUNTING gstobject.c:708:gst_object_set_parent: set parent (ref and sink)
0:00:00.015587929  2752 0x555ef1d47360 LOG   GST_POLL gstpoll.c:994:gst_poll_fd_ctl_write: 0x555ef1d6b970: pfd->events now 60 (POLLOUT:4)
0:00:00.020097009  2751 0x556b9faa4360 TRACE   GST_REFCOUNTING gstobject.c:292:gst_object_ref_sink: 0x556b9fad7c50 ref_sink 1->2
0:00:00.015594216  2752 0x555ef1d47360 DEBUG   GST_POLL gstpoll.c:979:gst_poll_fd_ctl_write: 0x555ef1d6b970: fd (fd:0, idx:1), active : 1
0:00:00.020103531  2751 0x556b9faa4360 LOG   GST_REGISTRY gstregistry.c:607:gst_registry_add_feature: emitting feature-added for concat
0:00:00.015604709  2752 0x555ef1d47360 LOG   GST_POLL gstpoll.c:994:gst_poll_fd_ctl_write: 0x555ef1d6b970: pfd->events now 60 (POLLOUT:4)
0:00:00.020113061  2751 0x556b9faa4360 DEBUG   GST_REGISTRY gstregistrychunks.c:740:gst_registry_chunks_load_feature: Added feature concat, plugin 0x556b9facc250 coreelements
0:00:00.015611347  2752 0x555ef1d47360 DEBUG   GST_POLL gstpoll.c:979:gst_poll_fd_ctl_write: 0x555ef1d6b970: fd (fd:0, idx:1), active : 1
0:00:00.020119427  2751 0x556b9faa4360 DEBUG   GST_REGISTRY gstregistrychunks.c:582:gst_registry_chunks_load_feature: Plugin 'coreelements' feature 'clocksync' typename : 'GstElementFactory'
0:00:00.015617426  2752 0x555ef1d47360 LOG   GST_POLL gstpoll.c:994:gst_poll_fd_ctl_write: 0x555ef1d6b970: pfd->events now 60 (POLLOUT:4)
0:00:00.020126215  2751 0x556b9faa4360 TRACE   GST_REFCOUNTING gstobject.c:208:gst_object_init: 0x556b9fad7b00 new
0:00:00.015623876  2752 0x555ef1d47360 DEBUG   GST_POLL gstpoll.c:979:gst_poll_fd_ctl_write: 0x555ef1d6b970: fd (fd:0, idx:1), active : 1
0:00:00.020133106  2751 0x556b9faa4360 LOG   GST_REGISTRY gstregistrychunks.c:609:gst_registry_chunks_load_feature: Reading/casting for GstRegistryChunkElementFactory at address 0x556b9facbe18
0:00:00.015630027  2752 0x555ef1d47360 LOG   GST_POLL gstpoll.c:994:gst_poll_fd_ctl_write: 0x555ef1d6b970: pfd->events now 60 (POLLOUT:4)
0:00:00.020139227  2751 0x556b9faa4360 TRACE   structure gststructure.c:287:gst_structure_new_id_empty_with_size: created structure 0x556b9fad8450
0:00:00.015636393  2752 0x555ef1d47360 DEBUG   GST_POLL gstpoll.c:979:gst_poll_fd_ctl_write: 0x555ef1d6b970: fd (fd:0, idx:1), active : 1
0:00:00.020145097  2751 0x556b9faa4360 DEBUG   structure gststructure.c:2203:gst_structure_parse_field: trying field name 'long-name'
0:00:00.015642559  2752 0x555ef1d47360 LOG   GST_POLL gstpoll.c:994:gst_poll_fd_ctl_write: 0x555ef1d6b970: pfd->events now 60 (POLLOUT:4)
0:00:00.020150901  2751 0x556b9faa4360 DEBUG   default gstvalue.c:2676:_priv_gst_value_parse_value: trying type name 'string'
0:00:00.015648957  2752 0x555ef1d47360 DEBUG   GST_POLL gstpoll.c:979:gst_poll_fd_ctl_write: 0x555ef1d6b970: fd (fd:0, idx:1), active : 1
0:00:00.020157263  2751 0x556b9faa4360 DEBUG   structure gststructure.c:2203:gst_structure_parse_field: trying field name 'klass'
0:00:00.015655151  2752 0x555ef1d47360 LOG   GST_POLL gstpoll.c:994:gst_poll_fd_ctl_write: 0x555ef1d6b970: pfd->events now 60 (POLLOUT:4)
0:00:00.020163118  2751 0x556b9faa4360 DEBUG   default gstvalue.c:2676:_priv_gst_value_parse_value: trying type name 'string'
0:00:00.015661645  2752 0x555ef1d47360 DEBUG   GST_POLL gstpoll.c:979:gst_poll_fd_ctl_write: 0x555ef1d6b970: fd (fd:0, idx:1), active : 1
0:00:00.020169425  2751 0x556b9faa4360 DEBUG   structure gststructure.c:2203:gst_structure_parse_field: trying field name 'description'
0:00:00.015667876  2752 0x555ef1d47360 LOG   GST_POLL gstpoll.c:994:gst_poll_fd_ctl_write: 0x555ef1d6b970: pfd->events now 60 (POLLOUT:4)
0:00:00.020180260  2751 0x556b9faa4360 DEBUG   default gstvalue.c:2676:_priv_gst_value_parse_value: trying type name 'string'
0:00:00.015677854  2752 0x555ef1d47360 DEBUG   GST_POLL gstpoll.c:979:gst_poll_fd_ctl_write: 0x555ef1d6b970: fd (fd:0, idx:1), active : 1
0:00:00.020186798  2751 0x556b9faa4360 DEBUG   structure gststructure.c:2203:gst_structure_parse_field: trying field name 'author'
0:00:00.015684081  2752 0x555ef1d47360 LOG   GST_POLL gstpoll.c:994:gst_poll_fd_ctl_write: 0x555ef1d6b970: pfd->events now 60 (POLLOUT:4)
0:00:00.020192666  2751 0x556b9faa4360 DEBUG   default gstvalue.c:2676:_priv_gst_value_parse_value: trying type name 'string'
0:00:00.015690526  2752 0x555ef1d47360 DEBUG   GST_POLL gstpoll.c:979:gst_poll_fd_ctl_write: 0x555ef1d6b970: fd (fd:0, idx:1), active : 1
0:00:00.020199139  2751 0x556b9faa4360 DEBUG   GST_REGISTRY gstregistrychunks.c:626:gst_registry_chunks_load_feature: Element factory : npadtemplates=2
0:00:00.015696723  2752 0x555ef1d47360 LOG   GST_POLL gstpoll.c:994:gst_poll_fd_ctl_write: 0x555ef1d6b970: pfd->events now 60 (POLLOUT:4)
0:00:00.020204927  2751 0x556b9faa4360 DEBUG   GST_REGISTRY gstregistrychunks.c:525:gst_registry_chunks_load_pad_template: Reading/casting for GstRegistryChunkPadTemplate at address 0x556b9facbee8
0:00:00.015703159  2752 0x555ef1d47360 DEBUG   GST_POLL gstpoll.c:979:gst_poll_fd_ctl_write: 0x555ef1d6b970: fd (fd:0, idx:1), active : 1
0:00:00.020210638  2751 0x556b9faa4360 DEBUG   GST_REGISTRY gstregistrychunks.c:539:gst_registry_chunks_load_pad_template: Added pad_template sink
0:00:00.015709430  2752 0x555ef1d47360 LOG   GST_POLL gstpoll.c:994:gst_poll_fd_ctl_write: 0x555ef1d6b970: pfd->events now 60 (POLLOUT:4)
0:00:00.020216787  2751 0x556b9faa4360 DEBUG   GST_REGISTRY gstregistrychunks.c:525:gst_registry_chunks_load_pad_template: Reading/casting for GstRegistryChunkPadTemplate at address 0x556b9facbf00
0:00:00.015715821  2752 0x555ef1d47360 DEBUG   GST_POLL gstpoll.c:979:gst_poll_fd_ctl_write: 0x555ef1d6b970: fd (fd:0, idx:1), active : 1
0:00:00.020222988  2751 0x556b9faa4360 DEBUG   GST_REGISTRY gstregistrychunks.c:539:gst_registry_chunks_load_pad_template: Added pad_template src
0:00:00.015721976  2752 0x555ef1d47360 LOG   GST_POLL gstpoll.c:994:gst_poll_fd_ctl_write: 0x555ef1d6b970: pfd->events now 60 (POLLOUT:4)
0:00:00.020230499  2751 0x556b9faa4360 DEBUG   GST_REGISTRY gstregistry.c:589:gst_registry_add_feature: adding feature 0x556b9fad7b00 (clocksync)
0:00:00.015728437  2752 0x555ef1d47360 DEBUG   GST_POLL gstpoll.c:979:gst_poll_fd_ctl_write: 0x555ef1d6b970: fd (fd:0, idx:1), active : 1
0:00:00.020236326  2751 0x556b9faa4360 DEBUG   GST_REFCOUNTING gstobject.c:708:gst_object_set_parent: set parent (ref and sink)
0:00:00.015734625  2752 0x555ef1d47360 LOG   GST_POLL gstpoll.c:994:gst_poll_fd_ctl_write: 0x555ef1d6b970: pfd->events now 60 (POLLOUT:4)
0:00:00.020243234  2751 0x556b9faa4360 TRACE   GST_REFCOUNTING gstobject.c:292:gst_object_ref_sink: 0x556b9fad7b00 ref_sink 1->2
0:00:00.015741108  2752 0x555ef1d47360 DEBUG   GST_POLL gstpoll.c:979:gst_poll_fd_ctl_write: 0x555ef1d6b970: fd (fd:0, idx:1), active : 1
0:00:00.020253525  2751 0x556b9faa4360 LOG   GST_REGISTRY gstregistry.c:607:gst_registry_add_feature: emitting feature-added for clocksync
0:00:00.015750379  2752 0x555ef1d47360 LOG   GST_POLL gstpoll.c:994:gst_poll_fd_ctl_write: 0x555ef1d6b970: pfd->events now 60 (POLLOUT:4)
0:00:00.020260104  2751 0x556b9faa4360 DEBUG   GST_REGISTRY gstregistrychunks.c:740:gst_registry_chunks_load_feature: Added feature clocksync, plugin 0x556b9facc250 coreelements
0:00:00.015756963  2752 0x555ef1d47360 DEBUG   GST_POLL gstpoll.c:979:gst_poll_fd_ctl_write: 0x555ef1d6b970: fd (fd:0, idx:1), active : 1
0:00:00.020266231  2751 0x556b9faa4360 DEBUG   GST_REGISTRY gstregistrychunks.c:582:gst_registry_chunks_load_feature: Plugin 'coreelements' feature 'capsfilter' typename : 'GstElementFactory'
0:00:00.015763039  2752 0x555ef1d47360 LOG   GST_POLL gstpoll.c:994:gst_poll_fd_ctl_write: 0x555ef1d6b970: pfd->events now 60 (POLLOUT:4)
0:00:00.020273003  2751 0x556b9faa4360 TRACE   GST_REFCOUNTING gstobject.c:208:gst_object_init: 0x556b9fad89b0 new
0:00:00.015769550  2752 0x555ef1d47360 DEBUG   GST_POLL gstpoll.c:979:gst_poll_fd_ctl_write: 0x555ef1d6b970: fd (fd:0, idx:1), active : 1
0:00:00.020279857  2751 0x556b9faa4360 LOG   GST_REGISTRY gstregistrychunks.c:609:gst_registry_chunks_load_feature: Reading/casting for GstRegistryChunkElementFactory at address 0x556b9facbf30
0:00:00.015776142  2752 0x555ef1d47360 LOG   GST_POLL gstpoll.c:994:gst_poll_fd_ctl_write: 0x555ef1d6b970: pfd->events now 60 (POLLOUT:4)
0:00:00.020286186  2751 0x556b9faa4360 TRACE   structure gststructure.c:287:gst_structure_new_id_empty_with_size: created structure 0x556b9fad8cc0
0:00:00.015783032  2752 0x555ef1d47360 DEBUG   GST_POLL gstpoll.c:979:gst_poll_fd_ctl_write: 0x555ef1d6b970: fd (fd:0, idx:1), active : 1
0:00:00.020292077  2751 0x556b9faa4360 DEBUG   structure gststructure.c:2203:gst_structure_parse_field: trying field name 'long-name'
0:00:00.015789168  2752 0x555ef1d47360 LOG   GST_POLL gstpoll.c:994:gst_poll_fd_ctl_write: 0x555ef1d6b970: pfd->events now 60 (POLLOUT:4)
0:00:00.020297938  2751 0x556b9faa4360 DEBUG   default gstvalue.c:2676:_priv_gst_value_parse_value: trying type name 'string'
0:00:00.015795592  2752 0x555ef1d47360 DEBUG   GST_POLL gstpoll.c:979:gst_poll_fd_ctl_write: 0x555ef1d6b970: fd (fd:0, idx:1), active : 1
0:00:00.020303978  2751 0x556b9faa4360 DEBUG   structure gststructure.c:2203:gst_structure_parse_field: trying field name 'klass'
0:00:00.015801743  2752 0x555ef1d47360 LOG   GST_POLL gstpoll.c:994:gst_poll_fd_ctl_write: 0x555ef1d6b970: pfd->events now 60 (POLLOUT:4)
0:00:00.020309915  2751 0x556b9faa4360 DEBUG   default gstvalue.c:2676:_priv_gst_value_parse_value: trying type name 'string'
0:00:00.015808231  2752 0x555ef1d47360 DEBUG   GST_POLL gstpoll.c:979:gst_poll_fd_ctl_write: 0x555ef1d6b970: fd (fd:0, idx:1), active : 1
0:00:00.020316017  2751 0x556b9faa4360 DEBUG   structure gststructure.c:2203:gst_structure_parse_field: trying field name 'description'
0:00:00.015814265  2752 0x555ef1d47360 LOG   GST_POLL gstpoll.c:994:gst_poll_fd_ctl_write: 0x555ef1d6b970: pfd->events now 60 (POLLOUT:4)
0:00:00.020325660  2751 0x556b9faa4360 DEBUG   default gstvalue.c:2676:_priv_gst_value_parse_value: trying type name 'string'
0:00:00.015823060  2752 0x555ef1d47360 DEBUG   GST_POLL gstpoll.c:979:gst_poll_fd_ctl_write: 0x555ef1d6b970: fd (fd:0, idx:1), active : 1
0:00:00.020332179  2751 0x556b9faa4360 DEBUG   structure gststructure.c:2203:gst_structure_parse_field: trying field name 'author'
0:00:00.015829163  2752 0x555ef1d47360 LOG   GST_POLL gstpoll.c:994:gst_poll_fd_ctl_write: 0x555ef1d6b970: pfd->events now 60 (POLLOUT:4)
0:00:00.020337950  2751 0x556b9faa4360 DEBUG   default gstvalue.c:2676:_priv_gst_value_parse_value: trying type name 'string'
0:00:00.015835641  2752 0x555ef1d47360 DEBUG   GST_POLL gstpoll.c:979:gst_poll_fd_ctl_write: 0x555ef1d6b970: fd (fd:0, idx:1), active : 1
0:00:00.020344265  2751 0x556b9faa4360 DEBUG   GST_REGISTRY gstregistrychunks.c:626:gst_registry_chunks_load_feature: Element factory : npadtemplates=2
0:00:00.015848956  2752 0x555ef1d47360 LOG   GST_POLL gstpoll.c:994:gst_poll_fd_ctl_write: 0x555ef1d6b970: pfd->events now 60 (POLLOUT:4)
0:00:00.020359228  2751 0x556b9faa4360 DEBUG   GST_REGISTRY gstregistrychunks.c:525:gst_registry_chunks_load_pad_template: Reading/casting for GstRegistryChunkPadTemplate at address 0x556b9facc010
0:00:00.015856508  2752 0x555ef1d47360 DEBUG   GST_POLL gstpoll.c:979:gst_poll_fd_ctl_write: 0x555ef1d6b970: fd (fd:0, idx:1), active : 1
0:00:00.020365133  2751 0x556b9faa4360 DEBUG   GST_REGISTRY gstregistrychunks.c:539:gst_registry_chunks_load_pad_template: Added pad_template sink
0:00:00.015862620  2752 0x555ef1d47360 LOG   GST_POLL gstpoll.c:994:gst_poll_fd_ctl_write: 0x555ef1d6b970: pfd->events now 60 (POLLOUT:4)
0:00:00.020370904  2751 0x556b9faa4360 DEBUG   GST_REGISTRY gstregistrychunks.c:525:gst_registry_chunks_load_pad_template: Reading/casting for GstRegistryChunkPadTemplate at address 0x556b9facc028
0:00:00.015869224  2752 0x555ef1d47360 DEBUG   GST_POLL gstpoll.c:979:gst_poll_fd_ctl_write: 0x555ef1d6b970: fd (fd:0, idx:1), active : 1
0:00:00.020376518  2751 0x556b9faa4360 DEBUG   GST_REGISTRY gstregistrychunks.c:539:gst_registry_chunks_load_pad_template: Added pad_template src
0:00:00.015875933  2752 0x555ef1d47360 LOG   GST_POLL gstpoll.c:994:gst_poll_fd_ctl_write: 0x555ef1d6b970: pfd->events now 60 (POLLOUT:4)
0:00:00.020389022  2751 0x556b9faa4360 DEBUG   GST_REGISTRY gstregistry.c:589:gst_registry_add_feature: adding feature 0x556b9fad89b0 (capsfilter)
0:00:00.015885228  2752 0x555ef1d47360 DEBUG   GST_POLL gstpoll.c:979:gst_poll_fd_ctl_write: 0x555ef1d6b970: fd (fd:0, idx:1), active : 1
0:00:00.020395136  2751 0x556b9faa4360 DEBUG   GST_REFCOUNTING gstobject.c:708:gst_object_set_parent: set parent (ref and sink)
0:00:00.015891963  2752 0x555ef1d47360 LOG   GST_POLL gstpoll.c:994:gst_poll_fd_ctl_write: 0x555ef1d6b970: pfd->events now 60 (POLLOUT:4)
0:00:00.020401976  2751 0x556b9faa4360 TRACE   GST_REFCOUNTING gstobject.c:292:gst_object_ref_sink: 0x556b9fad89b0 ref_sink 1->2
0:00:00.015898323  2752 0x555ef1d47360 DEBUG   GST_POLL gstpoll.c:979:gst_poll_fd_ctl_write: 0x555ef1d6b970: fd (fd:0, idx:1), active : 1
0:00:00.020412150  2751 0x556b9faa4360 LOG   GST_REGISTRY gstregistry.c:607:gst_registry_add_feature: emitting feature-added for capsfilter
0:00:00.015908929  2752 0x555ef1d47360 LOG   GST_POLL gstpoll.c:994:gst_poll_fd_ctl_write: 0x555ef1d6b970: pfd->events now 60 (POLLOUT:4)
0:00:00.020418815  2751 0x556b9faa4360 DEBUG   GST_REGISTRY gstregistrychunks.c:740:gst_registry_chunks_load_feature: Added feature capsfilter, plugin 0x556b9facc250 coreelements
0:00:00.015915365  2752 0x555ef1d47360 DEBUG   GST_POLL gstpoll.c:979:gst_poll_fd_ctl_write: 0x555ef1d6b970: fd (fd:0, idx:1), active : 1
0:00:00.020425470  2751 0x556b9faa4360 LOG   GST_PLUGIN_LOADING gstpluginloader.c:887:handle_rx_packet: marking plugin 0x556b9facc250 as registered as /home/conan/w/prod/BuildSingleReference/.conan/data/gstreamer/1.18.3/_/_/package/62e0ab6106dfea3ec3ecb5db13d8d55a63451b50/lib/gstreamer-1.0/libgstcoreelements.so
0:00:00.015921446  2752 0x555ef1d47360 LOG   GST_POLL gstpoll.c:994:gst_poll_fd_ctl_write: 0x555ef1d6b970: pfd->events now 60 (POLLOUT:4)
0:00:00.020434201  2751 0x556b9faa4360 DEBUG   GST_POLL gstpoll.c:1414:gst_poll_wait: 0x556b9fac9530: timeout :0:00:01.000000000
0:00:00.015929205  2752 0x555ef1d47360 DEBUG   GST_POLL gstpoll.c:979:gst_poll_fd_ctl_write: 0x555ef1d6b970: fd (fd:0, idx:1), active : 1
0:00:00.015937120  2752 0x555ef1d47360 LOG   GST_POLL gstpoll.c:994:gst_poll_fd_ctl_write: 0x555ef1d6b970: pfd->events now 60 (POLLOUT:4)
0:00:00.015943055  2752 0x555ef1d47360 DEBUG   GST_POLL gstpoll.c:979:gst_poll_fd_ctl_write: 0x555ef1d6b970: fd (fd:0, idx:1), active : 1
0:00:00.015948695  2752 0x555ef1d47360 LOG   GST_POLL gstpoll.c:994:gst_poll_fd_ctl_write: 0x555ef1d6b970: pfd->events now 60 (POLLOUT:4)
0:00:00.015954676  2752 0x555ef1d47360 DEBUG   GST_POLL gstpoll.c:979:gst_poll_fd_ctl_write: 0x555ef1d6b970: fd (fd:0, idx:1), active : 1
0:00:00.015960333  2752 0x555ef1d47360 LOG   GST_POLL gstpoll.c:994:gst_poll_fd_ctl_write: 0x555ef1d6b970: pfd->events now 60 (POLLOUT:4)
0:00:00.015966451  2752 0x555ef1d47360 DEBUG   GST_POLL gstpoll.c:979:gst_poll_fd_ctl_write: 0x555ef1d6b970: fd (fd:0, idx:1), active : 1
0:00:00.015972101  2752 0x555ef1d47360 LOG   GST_POLL gstpoll.c:994:gst_poll_fd_ctl_write: 0x555ef1d6b970: pfd->events now 60 (POLLOUT:4)
0:00:00.015978112  2752 0x555ef1d47360 DEBUG   GST_POLL gstpoll.c:979:gst_poll_fd_ctl_write: 0x555ef1d6b970: fd (fd:0, idx:1), active : 1
0:00:00.015983801  2752 0x555ef1d47360 LOG   GST_POLL gstpoll.c:994:gst_poll_fd_ctl_write: 0x555ef1d6b970: pfd->events now 60 (POLLOUT:4)
0:00:00.015989803  2752 0x555ef1d47360 DEBUG   GST_POLL gstpoll.c:979:gst_poll_fd_ctl_write: 0x555ef1d6b970: fd (fd:0, idx:1), active : 1
0:00:00.015995459  2752 0x555ef1d47360 LOG   GST_POLL gstpoll.c:994:gst_poll_fd_ctl_write: 0x555ef1d6b970: pfd->events now 60 (POLLOUT:4)
0:00:00.016001408  2752 0x555ef1d47360 DEBUG   GST_POLL gstpoll.c:979:gst_poll_fd_ctl_write: 0x555ef1d6b970: fd (fd:0, idx:1), active : 1
0:00:00.016010912  2752 0x555ef1d47360 LOG   GST_POLL gstpoll.c:994:gst_poll_fd_ctl_write: 0x555ef1d6b970: pfd->events now 60 (POLLOUT:4)
0:00:00.016017040  2752 0x555ef1d47360 DEBUG   GST_POLL gstpoll.c:979:gst_poll_fd_ctl_write: 0x555ef1d6b970: fd (fd:0, idx:1), active : 1
0:00:00.016022742  2752 0x555ef1d47360 LOG   GST_POLL gstpoll.c:994:gst_poll_fd_ctl_write: 0x555ef1d6b970: pfd->events now 60 (POLLOUT:4)
0:00:00.016028723  2752 0x555ef1d47360 DEBUG   GST_POLL gstpoll.c:979:gst_poll_fd_ctl_write: 0x555ef1d6b970: fd (fd:0, idx:1), active : 1
0:00:00.016034387  2752 0x555ef1d47360 LOG   GST_POLL gstpoll.c:994:gst_poll_fd_ctl_write: 0x555ef1d6b970: pfd->events now 60 (POLLOUT:4)
0:00:00.016040321  2752 0x555ef1d47360 DEBUG   GST_POLL gstpoll.c:979:gst_poll_fd_ctl_write: 0x555ef1d6b970: fd (fd:0, idx:1), active : 1
0:00:00.016045984  2752 0x555ef1d47360 LOG   GST_POLL gstpoll.c:994:gst_poll_fd_ctl_write: 0x555ef1d6b970: pfd->events now 60 (POLLOUT:4)
0:00:00.016055070  2752 0x555ef1d47360 TRACE   GST_REFCOUNTING gstobject.c:264:gst_object_unref: 0x555ef1d6f670 unref 2->1
0:00:00.016062007  2752 0x555ef1d47360 DEBUG   GST_POLL gstpoll.c:1241:gst_poll_fd_has_error: 0x555ef1d6b970: fd (fd:0, idx:1) 0
0:00:00.016068420  2752 0x555ef1d47360 DEBUG   GST_POLL gstpoll.c:1335:gst_poll_fd_can_write: 0x555ef1d6b970: fd (fd:0, idx:1) 1
0:00:00.016074259  2752 0x555ef1d47360 LOG   GST_PLUGIN_LOADING gstpluginloader.c:690:write_one: Writing packet of size 488 bytes to fd 0
0:00:00.016090187  2752 0x555ef1d47360 DEBUG   GST_POLL gstpoll.c:1414:gst_poll_wait: 0x555ef1d6b970: timeout :0:00:01.000000000
0:00:00.016098503  2752 0x555ef1d47360 LOG   GST_PLUGIN_LOADING gstpluginloader.c:1027:exchange_packets: Poll res = 2. 6872 bytes pending for write
0:00:00.016105108  2752 0x555ef1d47360 DEBUG   GST_POLL gstpoll.c:1241:gst_poll_fd_has_error: 0x555ef1d6b970: fd (fd:5, idx:2) 0
0:00:00.020612255  2751 0x556b9faa4360 LOG   GST_PLUGIN_LOADING gstpluginloader.c:1027:exchange_packets: Poll res = 1. 0 bytes pending for write
0:00:00.016111249  2752 0x555ef1d47360 DEBUG   GST_POLL gstpoll.c:1266:gst_poll_fd_can_read_unlocked: 0x555ef1d6b970: fd (fd:5, idx:2) 1
0:00:00.020621387  2751 0x556b9faa4360 DEBUG   GST_POLL gstpoll.c:1241:gst_poll_fd_has_error: 0x556b9fac9530: fd (fd:8, idx:2) 0
0:00:00.016119594  2752 0x555ef1d47360 LOG   GST_PLUGIN_LOADING gstpluginloader.c:1005:read_one: No payload to read for 0 length packet type 1 tag 0
0:00:00.020627898  2751 0x556b9faa4360 DEBUG   GST_POLL gstpoll.c:1266:gst_poll_fd_can_read_unlocked: 0x556b9fac9530: fd (fd:8, idx:2) 1
0:00:00.016126752  2752 0x555ef1d47360 DEBUG   GST_POLL gstpoll.c:1014:gst_poll_fd_ctl_read_unlocked: 0x555ef1d6b970: fd (fd:5, idx:2), active : 0
0:00:00.020638062  2751 0x556b9faa4360 DEBUG   GST_PLUGIN_LOADING gstpluginloader.c:848:handle_rx_packet: Received plugin details from child w/ tag 2. 476 bytes info
0:00:00.016133378  2752 0x555ef1d47360 DEBUG   GST_POLL gstpoll.c:979:gst_poll_fd_ctl_write: 0x555ef1d6b970: fd (fd:0, idx:1), active : 1
0:00:00.020644233  2751 0x556b9faa4360 LOG   GST_REGISTRY gstregistrychunks.c:836:_priv_gst_registry_chunks_load_plugin: Reading/casting for GstRegistryChunkPluginElement at address 0x556b9faca570
0:00:00.016141179  2752 0x555ef1d47360 LOG   GST_POLL gstpoll.c:994:gst_poll_fd_ctl_write: 0x555ef1d6b970: pfd->events now 60 (POLLOUT:4)
0:00:00.020656528  2751 0x556b9faa4360 TRACE   GST_REFCOUNTING gstobject.c:208:gst_object_init: 0x556b9fad9160 new
0:00:00.016152384  2752 0x555ef1d47360 DEBUG   GST_POLL gstpoll.c:1241:gst_poll_fd_has_error: 0x555ef1d6b970: fd (fd:0, idx:1) 0
0:00:00.016160359  2752 0x555ef1d47360 DEBUG   GST_POLL gstpoll.c:1335:gst_poll_fd_can_write: 0x555ef1d6b970: fd (fd:0, idx:1) 1
0:00:00.020666578  2751 0x556b9faa4360 LOG   GST_REGISTRY gstregistrychunks.c:858:_priv_gst_registry_chunks_load_plugin: read strings for name='coretracers'
0:00:00.016166187  2752 0x555ef1d47360 LOG   GST_PLUGIN_LOADING gstpluginloader.c:690:write_one: Writing packet of size 6872 bytes to fd 0
0:00:00.020674031  2751 0x556b9faa4360 LOG   GST_REGISTRY gstregistrychunks.c:859:_priv_gst_registry_chunks_load_plugin: desc.description='GStreamer core tracers'
0:00:00.020680336  2751 0x556b9faa4360 LOG   GST_REGISTRY gstregistrychunks.c:860:_priv_gst_registry_chunks_load_plugin: filename='/home/conan/w/prod/BuildSingleReference/.conan/data/gstreamer/1.18.3/_/_/package/62e0ab6106dfea3ec3ecb5db13d8d55a63451b50/lib/gstreamer-1.0/libgstcoretracers.so'
0:00:00.020685623  2751 0x556b9faa4360 LOG   GST_REGISTRY gstregistrychunks.c:861:_priv_gst_registry_chunks_load_plugin: desc.version='1.18.3'
0:00:00.016176788  2752 0x555ef1d47360 DEBUG   GST_POLL gstpoll.c:1414:gst_poll_wait: 0x555ef1d6b970: timeout :0:00:01.000000000
0:00:00.020690806  2751 0x556b9faa4360 LOG   GST_REGISTRY gstregistrychunks.c:862:_priv_gst_registry_chunks_load_plugin: desc.license='LGPL'
0:00:00.016189865  2752 0x555ef1d47360 LOG   GST_PLUGIN_LOADING gstpluginloader.c:1027:exchange_packets: Poll res = 1. 12 bytes pending for write
0:00:00.020696294  2751 0x556b9faa4360 LOG   GST_REGISTRY gstregistrychunks.c:863:_priv_gst_registry_chunks_load_plugin: desc.source='gstreamer'
0:00:00.016196686  2752 0x555ef1d47360 DEBUG   GST_POLL gstpoll.c:1241:gst_poll_fd_has_error: 0x555ef1d6b970: fd (fd:0, idx:1) 0
0:00:00.020703931  2751 0x556b9faa4360 LOG   GST_REGISTRY gstregistrychunks.c:864:_priv_gst_registry_chunks_load_plugin: desc.package='GStreamer source release'
0:00:00.016203125  2752 0x555ef1d47360 DEBUG   GST_POLL gstpoll.c:1335:gst_poll_fd_can_write: 0x555ef1d6b970: fd (fd:0, idx:1) 1
0:00:00.020710351  2751 0x556b9faa4360 LOG   GST_REGISTRY gstregistrychunks.c:865:_priv_gst_registry_chunks_load_plugin: desc.origin='Unknown package origin'
0:00:00.016209138  2752 0x555ef1d47360 LOG   GST_PLUGIN_LOADING gstpluginloader.c:690:write_one: Writing packet of size 12 bytes to fd 0
0:00:00.020716565  2751 0x556b9faa4360 LOG   GST_REGISTRY gstregistrychunks.c:866:_priv_gst_registry_chunks_load_plugin: desc.datetime=2021-01-13
0:00:00.016217243  2752 0x555ef1d47360 DEBUG   GST_POLL gstpoll.c:979:gst_poll_fd_ctl_write: 0x555ef1d6b970: fd (fd:0, idx:1), active : 0
0:00:00.020725585  2751 0x556b9faa4360 DEBUG   GST_REGISTRY gstregistry.c:446:gst_registry_add_plugin: Replacing existing plugin "/home/conan/w/prod/BuildSingleReference/.conan/data/gstreamer/1.18.3/_/_/package/62e0ab6106dfea3ec3ecb5db13d8d55a63451b50/lib/gstreamer-1.0/libgstcoretracers.so" 0x556b9fac9b90 with new plugin 0x556b9fad9160 for filename "/home/conan/w/prod/BuildSingleReference/.conan/data/gstreamer/1.18.3/_/_/package/62e0ab6106dfea3ec3ecb5db13d8d55a63451b50/lib/gstreamer-1.0/libgstcoretracers.so"
0:00:00.016223506  2752 0x555ef1d47360 LOG   GST_POLL gstpoll.c:994:gst_poll_fd_ctl_write: 0x555ef1d6b970: pfd->events now 56 (POLLOUT:4)
0:00:00.020745946  2751 0x556b9faa4360 TRACE   GST_REFCOUNTING gstobject.c:264:gst_object_unref: 0x556b9fac9b90 unref 1->0
0:00:00.016247708  2752 0x555ef1d47360 DEBUG   GST_POLL gstpoll.c:772:gst_poll_free: 0x555ef1d6b970: freeing
0:00:00.020753977  2751 0x556b9faa4360 TRACE   GST_REFCOUNTING gstobject.c:381:gst_object_dispose: 0x556b9fac9b90 dispose
0:00:00.020763722  2751 0x556b9faa4360 DEBUG   GST_PLUGIN_LOADING gstplugin.c:136:gst_plugin_finalize: finalizing plugin
0:00:00.020771298  2751 0x556b9faa4360 TRACE   GST_REFCOUNTING gstobject.c:423:gst_object_finalize: 0x556b9fac9b90 finalize
0:00:00.020781668  2751 0x556b9faa4360 DEBUG   GST_REGISTRY gstregistry.c:473:gst_registry_add_plugin: adding plugin 0x556b9fad9160 for filename "/home/conan/w/prod/BuildSingleReference/.conan/data/gstreamer/1.18.3/_/_/package/62e0ab6106dfea3ec3ecb5db13d8d55a63451b50/lib/gstreamer-1.0/libgstcoretracers.so"
0:00:00.020788199  2751 0x556b9faa4360 TRACE   GST_REFCOUNTING gstobject.c:292:gst_object_ref_sink: 0x556b9fad9160 ref_sink 1->2
0:00:00.020794643  2751 0x556b9faa4360 LOG   GST_REGISTRY gstregistry.c:486:gst_registry_add_plugin: emitting plugin-added for filename "/home/conan/w/prod/BuildSingleReference/.conan/data/gstreamer/1.18.3/_/_/package/62e0ab6106dfea3ec3ecb5db13d8d55a63451b50/lib/gstreamer-1.0/libgstcoretracers.so"
0:00:00.020800807  2751 0x556b9faa4360 DEBUG   GST_REGISTRY gstregistrychunks.c:886:_priv_gst_registry_chunks_load_plugin: Added plugin 'coretracers' plugin with 5 features from binary registry
0:00:00.020806859  2751 0x556b9faa4360 DEBUG   GST_REGISTRY gstregistrychunks.c:582:gst_registry_chunks_load_feature: Plugin 'coretracers' feature 'leaks' typename : 'GstTracerFactory'
0:00:00.020813793  2751 0x556b9faa4360 TRACE   GST_REFCOUNTING gstobject.c:208:gst_object_init: 0x556b9fac9b80 new
0:00:00.020820885  2751 0x556b9faa4360 DEBUG   GST_REGISTRY gstregistrychunks.c:716:gst_registry_chunks_load_feature: Reading/casting for GstRegistryChunkPluginFeature at address 0x556b9faca6b8
0:00:00.020827321  2751 0x556b9faa4360 DEBUG   GST_REGISTRY gstregistry.c:580:gst_registry_add_feature: replacing existing feature 0x556b9fac9f40 (leaks)
0:00:00.020834191  2751 0x556b9faa4360 DEBUG   GST_REGISTRY gstregistry.c:589:gst_registry_add_feature: adding feature 0x556b9fac9b80 (leaks)
0:00:00.020839785  2751 0x556b9faa4360 TRACE   GST_REFCOUNTING gstobject.c:788:gst_object_unparent: unparent
0:00:00.020851896  2751 0x556b9faa4360 TRACE   GST_REFCOUNTING gstobject.c:264:gst_object_unref: 0x556b9fac9f40 unref 1->0
0:00:00.020858413  2751 0x556b9faa4360 TRACE   GST_REFCOUNTING gstobject.c:381:gst_object_dispose: 0x556b9fac9f40 dispose
0:00:00.020869096  2751 0x556b9faa4360 DEBUG   GST_PLUGIN_LOADING gstpluginfeature.c:67:gst_plugin_feature_finalize: finalizing feature 0x556b9fac9f40: 'leaks'
0:00:00.020875166  2751 0x556b9faa4360 TRACE   GST_REFCOUNTING gstobject.c:423:gst_object_finalize: 0x556b9fac9f40 finalize
0:00:00.020881303  2751 0x556b9faa4360 DEBUG   GST_REFCOUNTING gstobject.c:708:gst_object_set_parent: set parent (ref and sink)
0:00:00.020887912  2751 0x556b9faa4360 TRACE   GST_REFCOUNTING gstobject.c:292:gst_object_ref_sink: 0x556b9fac9b80 ref_sink 1->2
0:00:00.020893925  2751 0x556b9faa4360 LOG   GST_REGISTRY gstregistry.c:607:gst_registry_add_feature: emitting feature-added for leaks
0:00:00.020900108  2751 0x556b9faa4360 DEBUG   GST_REGISTRY gstregistrychunks.c:740:gst_registry_chunks_load_feature: Added feature leaks, plugin 0x556b9fad9160 coretracers
0:00:00.020906076  2751 0x556b9faa4360 DEBUG   GST_REGISTRY gstregistrychunks.c:582:gst_registry_chunks_load_feature: Plugin 'coretracers' feature 'stats' typename : 'GstTracerFactory'
0:00:00.020912451  2751 0x556b9faa4360 TRACE   GST_REFCOUNTING gstobject.c:208:gst_object_init: 0x556b9fac9f40 new
0:00:00.020919203  2751 0x556b9faa4360 DEBUG   GST_REGISTRY gstregistrychunks.c:716:gst_registry_chunks_load_feature: Reading/casting for GstRegistryChunkPluginFeature at address 0x556b9faca6d8
