0:00:00.010654880  2752 0x555ef1d47360 DEBUG   GST_POLL gstpoll.c:979:gst_poll_fd_ctl_write: 0x555ef1d6b970: fd (fd:0, idx:1), active : 1
0:00:00.010660464  2752 0x555ef1d47360 LOG   GST_POLL gstpoll.c:994:gst_poll_fd_ctl_write: 0x555ef1d6b970: pfd->events now 60 (POLLOUT:4)
0:00:00.010666337  2752 0x555ef1d47360 DEBUG   GST_POLL gstpoll.c:979:gst_poll_fd_ctl_write: 0x555ef1d6b970: fd (fd:0, idx:1), active : 1
0:00:00.010671910  2752 0x555ef1d47360 LOG   GST_POLL gstpoll.c:994:gst_poll_fd_ctl_write: 0x555ef1d6b970: pfd->events now 60 (POLLOUT:4)
0:00:00.010677778  2752 0x555ef1d47360 DEBUG   GST_POLL gstpoll.c:979:gst_poll_fd_ctl_write: 0x555ef1d6b970: fd (fd:0, idx:1), active : 1
0:00:00.010683399  2752 0x555ef1d47360 LOG   GST_POLL gstpoll.c:994:gst_poll_fd_ctl_write: 0x555ef1d6b970: pfd->events now 60 (POLLOUT:4)
0:00:00.010689286  2752 0x555ef1d47360 DEBUG   GST_POLL gstpoll.c:979:gst_poll_fd_ctl_write: 0x555ef1d6b970: fd (fd:0, idx:1), active : 1
0:00:00.010694883  2752 0x555ef1d47360 LOG   GST_POLL gstpoll.c:994:gst_poll_fd_ctl_write: 0x555ef1d6b970: pfd->events now 60 (POLLOUT:4)
0:00:00.010700750  2752 0x555ef1d47360 DEBUG   GST_POLL gstpoll.c:979:gst_poll_fd_ctl_write: 0x555ef1d6b970: fd (fd:0, idx:1), active : 1
0:00:00.010706343  2752 0x555ef1d47360 LOG   GST_POLL gstpoll.c:994:gst_poll_fd_ctl_write: 0x555ef1d6b970: pfd->events now 60 (POLLOUT:4)
0:00:00.010712299  2752 0x555ef1d47360 DEBUG   GST_POLL gstpoll.c:979:gst_poll_fd_ctl_write: 0x555ef1d6b970: fd (fd:0, idx:1), active : 1
0:00:00.010717884  2752 0x555ef1d47360 LOG   GST_POLL gstpoll.c:994:gst_poll_fd_ctl_write: 0x555ef1d6b970: pfd->events now 60 (POLLOUT:4)
0:00:00.010723802  2752 0x555ef1d47360 DEBUG   GST_POLL gstpoll.c:979:gst_poll_fd_ctl_write: 0x555ef1d6b970: fd (fd:0, idx:1), active : 1
0:00:00.010729403  2752 0x555ef1d47360 LOG   GST_POLL gstpoll.c:994:gst_poll_fd_ctl_write: 0x555ef1d6b970: pfd->events now 60 (POLLOUT:4)
0:00:00.010735328  2752 0x555ef1d47360 DEBUG   GST_POLL gstpoll.c:979:gst_poll_fd_ctl_write: 0x555ef1d6b970: fd (fd:0, idx:1), active : 1
0:00:00.010740915  2752 0x555ef1d47360 LOG   GST_POLL gstpoll.c:994:gst_poll_fd_ctl_write: 0x555ef1d6b970: pfd->events now 60 (POLLOUT:4)
0:00:00.010750662  2752 0x555ef1d47360 DEBUG   GST_POLL gstpoll.c:979:gst_poll_fd_ctl_write: 0x555ef1d6b970: fd (fd:0, idx:1), active : 1
0:00:00.010756441  2752 0x555ef1d47360 LOG   GST_POLL gstpoll.c:994:gst_poll_fd_ctl_write: 0x555ef1d6b970: pfd->events now 60 (POLLOUT:4)
0:00:00.010762317  2752 0x555ef1d47360 DEBUG   GST_POLL gstpoll.c:979:gst_poll_fd_ctl_write: 0x555ef1d6b970: fd (fd:0, idx:1), active : 1
0:00:00.010767950  2752 0x555ef1d47360 LOG   GST_POLL gstpoll.c:994:gst_poll_fd_ctl_write: 0x555ef1d6b970: pfd->events now 60 (POLLOUT:4)
0:00:00.010773851  2752 0x555ef1d47360 DEBUG   GST_POLL gstpoll.c:979:gst_poll_fd_ctl_write: 0x555ef1d6b970: fd (fd:0, idx:1), active : 1
0:00:00.010779441  2752 0x555ef1d47360 LOG   GST_POLL gstpoll.c:994:gst_poll_fd_ctl_write: 0x555ef1d6b970: pfd->events now 60 (POLLOUT:4)
0:00:00.010785287  2752 0x555ef1d47360 DEBUG   GST_POLL gstpoll.c:979:gst_poll_fd_ctl_write: 0x555ef1d6b970: fd (fd:0, idx:1), active : 1
0:00:00.010790868  2752 0x555ef1d47360 LOG   GST_POLL gstpoll.c:994:gst_poll_fd_ctl_write: 0x555ef1d6b970: pfd->events now 60 (POLLOUT:4)
0:00:00.010796733  2752 0x555ef1d47360 DEBUG   GST_POLL gstpoll.c:979:gst_poll_fd_ctl_write: 0x555ef1d6b970: fd (fd:0, idx:1), active : 1
0:00:00.010802327  2752 0x555ef1d47360 LOG   GST_POLL gstpoll.c:994:gst_poll_fd_ctl_write: 0x555ef1d6b970: pfd->events now 60 (POLLOUT:4)
0:00:00.010808209  2752 0x555ef1d47360 DEBUG   GST_POLL gstpoll.c:979:gst_poll_fd_ctl_write: 0x555ef1d6b970: fd (fd:0, idx:1), active : 1
0:00:00.010813825  2752 0x555ef1d47360 LOG   GST_POLL gstpoll.c:994:gst_poll_fd_ctl_write: 0x555ef1d6b970: pfd->events now 60 (POLLOUT:4)
0:00:00.010819805  2752 0x555ef1d47360 DEBUG   GST_POLL gstpoll.c:979:gst_poll_fd_ctl_write: 0x555ef1d6b970: fd (fd:0, idx:1), active : 1
0:00:00.010825440  2752 0x555ef1d47360 LOG   GST_POLL gstpoll.c:994:gst_poll_fd_ctl_write: 0x555ef1d6b970: pfd->events now 60 (POLLOUT:4)
0:00:00.010831310  2752 0x555ef1d47360 DEBUG   GST_POLL gstpoll.c:979:gst_poll_fd_ctl_write: 0x555ef1d6b970: fd (fd:0, idx:1), active : 1
0:00:00.010836913  2752 0x555ef1d47360 LOG   GST_POLL gstpoll.c:994:gst_poll_fd_ctl_write: 0x555ef1d6b970: pfd->events now 60 (POLLOUT:4)
0:00:00.010855272  2752 0x555ef1d47360 DEBUG   GST_POLL gstpoll.c:979:gst_poll_fd_ctl_write: 0x555ef1d6b970: fd (fd:0, idx:1), active : 1
0:00:00.010862077  2752 0x555ef1d47360 LOG   GST_POLL gstpoll.c:994:gst_poll_fd_ctl_write: 0x555ef1d6b970: pfd->events now 60 (POLLOUT:4)
0:00:00.010868037  2752 0x555ef1d47360 DEBUG   GST_POLL gstpoll.c:979:gst_poll_fd_ctl_write: 0x555ef1d6b970: fd (fd:0, idx:1), active : 1
0:00:00.010873652  2752 0x555ef1d47360 LOG   GST_POLL gstpoll.c:994:gst_poll_fd_ctl_write: 0x555ef1d6b970: pfd->events now 60 (POLLOUT:4)
0:00:00.010879568  2752 0x555ef1d47360 DEBUG   GST_POLL gstpoll.c:979:gst_poll_fd_ctl_write: 0x555ef1d6b970: fd (fd:0, idx:1), active : 1
0:00:00.010885192  2752 0x555ef1d47360 LOG   GST_POLL gstpoll.c:994:gst_poll_fd_ctl_write: 0x555ef1d6b970: pfd->events now 60 (POLLOUT:4)
0:00:00.010894774  2752 0x555ef1d47360 DEBUG   GST_POLL gstpoll.c:979:gst_poll_fd_ctl_write: 0x555ef1d6b970: fd (fd:0, idx:1), active : 1
0:00:00.010900530  2752 0x555ef1d47360 LOG   GST_POLL gstpoll.c:994:gst_poll_fd_ctl_write: 0x555ef1d6b970: pfd->events now 60 (POLLOUT:4)
0:00:00.010906483  2752 0x555ef1d47360 DEBUG   GST_POLL gstpoll.c:979:gst_poll_fd_ctl_write: 0x555ef1d6b970: fd (fd:0, idx:1), active : 1
0:00:00.010912167  2752 0x555ef1d47360 LOG   GST_POLL gstpoll.c:994:gst_poll_fd_ctl_write: 0x555ef1d6b970: pfd->events now 60 (POLLOUT:4)
0:00:00.010918141  2752 0x555ef1d47360 DEBUG   GST_POLL gstpoll.c:979:gst_poll_fd_ctl_write: 0x555ef1d6b970: fd (fd:0, idx:1), active : 1
0:00:00.010923929  2752 0x555ef1d47360 LOG   GST_POLL gstpoll.c:994:gst_poll_fd_ctl_write: 0x555ef1d6b970: pfd->events now 60 (POLLOUT:4)
0:00:00.010929902  2752 0x555ef1d47360 DEBUG   GST_POLL gstpoll.c:979:gst_poll_fd_ctl_write: 0x555ef1d6b970: fd (fd:0, idx:1), active : 1
0:00:00.010935535  2752 0x555ef1d47360 LOG   GST_POLL gstpoll.c:994:gst_poll_fd_ctl_write: 0x555ef1d6b970: pfd->events now 60 (POLLOUT:4)
0:00:00.010941377  2752 0x555ef1d47360 LOG   GST_PLUGIN_LOADING gstpluginloader.c:645:put_chunk: Expanding tx buf from 5764 to 7717 for chunk of size 229
0:00:00.010947623  2752 0x555ef1d47360 DEBUG   GST_POLL gstpoll.c:979:gst_poll_fd_ctl_write: 0x555ef1d6b970: fd (fd:0, idx:1), active : 1
0:00:00.010953327  2752 0x555ef1d47360 LOG   GST_POLL gstpoll.c:994:gst_poll_fd_ctl_write: 0x555ef1d6b970: pfd->events now 60 (POLLOUT:4)
0:00:00.010959311  2752 0x555ef1d47360 DEBUG   GST_POLL gstpoll.c:979:gst_poll_fd_ctl_write: 0x555ef1d6b970: fd (fd:0, idx:1), active : 1
0:00:00.010964980  2752 0x555ef1d47360 LOG   GST_POLL gstpoll.c:994:gst_poll_fd_ctl_write: 0x555ef1d6b970: pfd->events now 60 (POLLOUT:4)
0:00:00.010970930  2752 0x555ef1d47360 DEBUG   GST_POLL gstpoll.c:979:gst_poll_fd_ctl_write: 0x555ef1d6b970: fd (fd:0, idx:1), active : 1
0:00:00.010976590  2752 0x555ef1d47360 LOG   GST_POLL gstpoll.c:994:gst_poll_fd_ctl_write: 0x555ef1d6b970: pfd->events now 60 (POLLOUT:4)
0:00:00.010982500  2752 0x555ef1d47360 DEBUG   GST_POLL gstpoll.c:979:gst_poll_fd_ctl_write: 0x555ef1d6b970: fd (fd:0, idx:1), active : 1
0:00:00.010988170  2752 0x555ef1d47360 LOG   GST_POLL gstpoll.c:994:gst_poll_fd_ctl_write: 0x555ef1d6b970: pfd->events now 60 (POLLOUT:4)
0:00:00.010994081  2752 0x555ef1d47360 DEBUG   GST_POLL gstpoll.c:979:gst_poll_fd_ctl_write: 0x555ef1d6b970: fd (fd:0, idx:1), active : 1
0:00:00.010999830  2752 0x555ef1d47360 LOG   GST_POLL gstpoll.c:994:gst_poll_fd_ctl_write: 0x555ef1d6b970: pfd->events now 60 (POLLOUT:4)
0:00:00.011005810  2752 0x555ef1d47360 DEBUG   GST_POLL gstpoll.c:979:gst_poll_fd_ctl_write: 0x555ef1d6b970: fd (fd:0, idx:1), active : 1
0:00:00.011011446  2752 0x555ef1d47360 LOG   GST_POLL gstpoll.c:994:gst_poll_fd_ctl_write: 0x555ef1d6b970: pfd->events now 60 (POLLOUT:4)
0:00:00.011017397  2752 0x555ef1d47360 DEBUG   GST_POLL gstpoll.c:979:gst_poll_fd_ctl_write: 0x555ef1d6b970: fd (fd:0, idx:1), active : 1
0:00:00.011026772  2752 0x555ef1d47360 LOG   GST_POLL gstpoll.c:994:gst_poll_fd_ctl_write: 0x555ef1d6b970: pfd->events now 60 (POLLOUT:4)
0:00:00.011032848  2752 0x555ef1d47360 DEBUG   GST_POLL gstpoll.c:979:gst_poll_fd_ctl_write: 0x555ef1d6b970: fd (fd:0, idx:1), active : 1
0:00:00.011038575  2752 0x555ef1d47360 LOG   GST_POLL gstpoll.c:994:gst_poll_fd_ctl_write: 0x555ef1d6b970: pfd->events now 60 (POLLOUT:4)
0:00:00.011044621  2752 0x555ef1d47360 DEBUG   GST_POLL gstpoll.c:979:gst_poll_fd_ctl_write: 0x555ef1d6b970: fd (fd:0, idx:1), active : 1
0:00:00.011050290  2752 0x555ef1d47360 LOG   GST_POLL gstpoll.c:994:gst_poll_fd_ctl_write: 0x555ef1d6b970: pfd->events now 60 (POLLOUT:4)
0:00:00.011056192  2752 0x555ef1d47360 DEBUG   GST_POLL gstpoll.c:979:gst_poll_fd_ctl_write: 0x555ef1d6b970: fd (fd:0, idx:1), active : 1
0:00:00.011061829  2752 0x555ef1d47360 LOG   GST_POLL gstpoll.c:994:gst_poll_fd_ctl_write: 0x555ef1d6b970: pfd->events now 60 (POLLOUT:4)
0:00:00.011067746  2752 0x555ef1d47360 DEBUG   GST_POLL gstpoll.c:979:gst_poll_fd_ctl_write: 0x555ef1d6b970: fd (fd:0, idx:1), active : 1
0:00:00.011073403  2752 0x555ef1d47360 LOG   GST_POLL gstpoll.c:994:gst_poll_fd_ctl_write: 0x555ef1d6b970: pfd->events now 60 (POLLOUT:4)
0:00:00.011079442  2752 0x555ef1d47360 DEBUG   GST_POLL gstpoll.c:979:gst_poll_fd_ctl_write: 0x555ef1d6b970: fd (fd:0, idx:1), active : 1
0:00:00.011085115  2752 0x555ef1d47360 LOG   GST_POLL gstpoll.c:994:gst_poll_fd_ctl_write: 0x555ef1d6b970: pfd->events now 60 (POLLOUT:4)
0:00:00.011091100  2752 0x555ef1d47360 DEBUG   GST_POLL gstpoll.c:979:gst_poll_fd_ctl_write: 0x555ef1d6b970: fd (fd:0, idx:1), active : 1
0:00:00.011096779  2752 0x555ef1d47360 LOG   GST_POLL gstpoll.c:994:gst_poll_fd_ctl_write: 0x555ef1d6b970: pfd->events now 60 (POLLOUT:4)
0:00:00.011102732  2752 0x555ef1d47360 DEBUG   GST_POLL gstpoll.c:979:gst_poll_fd_ctl_write: 0x555ef1d6b970: fd (fd:0, idx:1), active : 1
0:00:00.011108407  2752 0x555ef1d47360 LOG   GST_POLL gstpoll.c:994:gst_poll_fd_ctl_write: 0x555ef1d6b970: pfd->events now 60 (POLLOUT:4)
0:00:00.011114290  2752 0x555ef1d47360 DEBUG   GST_POLL gstpoll.c:979:gst_poll_fd_ctl_write: 0x555ef1d6b970: fd (fd:0, idx:1), active : 1
0:00:00.011119901  2752 0x555ef1d47360 LOG   GST_POLL gstpoll.c:994:gst_poll_fd_ctl_write: 0x555ef1d6b970: pfd->events now 60 (POLLOUT:4)
0:00:00.011125807  2752 0x555ef1d47360 DEBUG   GST_POLL gstpoll.c:979:gst_poll_fd_ctl_write: 0x555ef1d6b970: fd (fd:0, idx:1), active : 1
0:00:00.011131424  2752 0x555ef1d47360 LOG   GST_POLL gstpoll.c:994:gst_poll_fd_ctl_write: 0x555ef1d6b970: pfd->events now 60 (POLLOUT:4)
0:00:00.011137415  2752 0x555ef1d47360 DEBUG   GST_POLL gstpoll.c:979:gst_poll_fd_ctl_write: 0x555ef1d6b970: fd (fd:0, idx:1), active : 1
0:00:00.011143157  2752 0x555ef1d47360 LOG   GST_POLL gstpoll.c:994:gst_poll_fd_ctl_write: 0x555ef1d6b970: pfd->events now 60 (POLLOUT:4)
0:00:00.011149162  2752 0x555ef1d47360 DEBUG   GST_POLL gstpoll.c:979:gst_poll_fd_ctl_write: 0x555ef1d6b970: fd (fd:0, idx:1), active : 1
0:00:00.011155020  2752 0x555ef1d47360 LOG   GST_POLL gstpoll.c:994:gst_poll_fd_ctl_write: 0x555ef1d6b970: pfd->events now 60 (POLLOUT:4)
0:00:00.011166677  2752 0x555ef1d47360 DEBUG   GST_POLL gstpoll.c:979:gst_poll_fd_ctl_write: 0x555ef1d6b970: fd (fd:0, idx:1), active : 1
0:00:00.011172520  2752 0x555ef1d47360 LOG   GST_POLL gstpoll.c:994:gst_poll_fd_ctl_write: 0x555ef1d6b970: pfd->events now 60 (POLLOUT:4)
0:00:00.011182967  2752 0x555ef1d47360 DEBUG   GST_POLL gstpoll.c:979:gst_poll_fd_ctl_write: 0x555ef1d6b970: fd (fd:0, idx:1), active : 1
0:00:00.011188880  2752 0x555ef1d47360 LOG   GST_POLL gstpoll.c:994:gst_poll_fd_ctl_write: 0x555ef1d6b970: pfd->events now 60 (POLLOUT:4)
0:00:00.011194719  2752 0x555ef1d47360 DEBUG   GST_POLL gstpoll.c:979:gst_poll_fd_ctl_write: 0x555ef1d6b970: fd (fd:0, idx:1), active : 1
0:00:00.011200316  2752 0x555ef1d47360 LOG   GST_POLL gstpoll.c:994:gst_poll_fd_ctl_write: 0x555ef1d6b970: pfd->events now 60 (POLLOUT:4)
0:00:00.011206195  2752 0x555ef1d47360 DEBUG   GST_POLL gstpoll.c:979:gst_poll_fd_ctl_write: 0x555ef1d6b970: fd (fd:0, idx:1), active : 1
0:00:00.011211835  2752 0x555ef1d47360 LOG   GST_POLL gstpoll.c:994:gst_poll_fd_ctl_write: 0x555ef1d6b970: pfd->events now 60 (POLLOUT:4)
0:00:00.011217714  2752 0x555ef1d47360 DEBUG   GST_POLL gstpoll.c:979:gst_poll_fd_ctl_write: 0x555ef1d6b970: fd (fd:0, idx:1), active : 1
0:00:00.011223327  2752 0x555ef1d47360 LOG   GST_POLL gstpoll.c:994:gst_poll_fd_ctl_write: 0x555ef1d6b970: pfd->events now 60 (POLLOUT:4)
0:00:00.011229192  2752 0x555ef1d47360 DEBUG   GST_POLL gstpoll.c:979:gst_poll_fd_ctl_write: 0x555ef1d6b970: fd (fd:0, idx:1), active : 1
0:00:00.011234822  2752 0x555ef1d47360 LOG   GST_POLL gstpoll.c:994:gst_poll_fd_ctl_write: 0x555ef1d6b970: pfd->events now 60 (POLLOUT:4)
0:00:00.011240695  2752 0x555ef1d47360 DEBUG   GST_POLL gstpoll.c:979:gst_poll_fd_ctl_write: 0x555ef1d6b970: fd (fd:0, idx:1), active : 1
0:00:00.011246272  2752 0x555ef1d47360 LOG   GST_POLL gstpoll.c:994:gst_poll_fd_ctl_write: 0x555ef1d6b970: pfd->events now 60 (POLLOUT:4)
0:00:00.011252160  2752 0x555ef1d47360 DEBUG   GST_POLL gstpoll.c:979:gst_poll_fd_ctl_write: 0x555ef1d6b970: fd (fd:0, idx:1), active : 1
0:00:00.011257750  2752 0x555ef1d47360 LOG   GST_POLL gstpoll.c:994:gst_poll_fd_ctl_write: 0x555ef1d6b970: pfd->events now 60 (POLLOUT:4)
0:00:00.011263664  2752 0x555ef1d47360 DEBUG   GST_POLL gstpoll.c:979:gst_poll_fd_ctl_write: 0x555ef1d6b970: fd (fd:0, idx:1), active : 1
0:00:00.011269272  2752 0x555ef1d47360 LOG   GST_POLL gstpoll.c:994:gst_poll_fd_ctl_write: 0x555ef1d6b970: pfd->events now 60 (POLLOUT:4)
0:00:00.011275235  2752 0x555ef1d47360 DEBUG   GST_POLL gstpoll.c:979:gst_poll_fd_ctl_write: 0x555ef1d6b970: fd (fd:0, idx:1), active : 1
0:00:00.011280826  2752 0x555ef1d47360 LOG   GST_POLL gstpoll.c:994:gst_poll_fd_ctl_write: 0x555ef1d6b970: pfd->events now 60 (POLLOUT:4)
0:00:00.011286787  2752 0x555ef1d47360 DEBUG   GST_POLL gstpoll.c:979:gst_poll_fd_ctl_write: 0x555ef1d6b970: fd (fd:0, idx:1), active : 1
0:00:00.011292430  2752 0x555ef1d47360 LOG   GST_POLL gstpoll.c:994:gst_poll_fd_ctl_write: 0x555ef1d6b970: pfd->events now 60 (POLLOUT:4)
0:00:00.011302440  2752 0x555ef1d47360 DEBUG   GST_POLL gstpoll.c:979:gst_poll_fd_ctl_write: 0x555ef1d6b970: fd (fd:0, idx:1), active : 1
0:00:00.011308215  2752 0x555ef1d47360 LOG   GST_POLL gstpoll.c:994:gst_poll_fd_ctl_write: 0x555ef1d6b970: pfd->events now 60 (POLLOUT:4)
0:00:00.011314168  2752 0x555ef1d47360 DEBUG   GST_POLL gstpoll.c:979:gst_poll_fd_ctl_write: 0x555ef1d6b970: fd (fd:0, idx:1), active : 1
0:00:00.011319785  2752 0x555ef1d47360 LOG   GST_POLL gstpoll.c:994:gst_poll_fd_ctl_write: 0x555ef1d6b970: pfd->events now 60 (POLLOUT:4)
0:00:00.011325691  2752 0x555ef1d47360 DEBUG   GST_POLL gstpoll.c:979:gst_poll_fd_ctl_write: 0x555ef1d6b970: fd (fd:0, idx:1), active : 1
0:00:00.011331285  2752 0x555ef1d47360 LOG   GST_POLL gstpoll.c:994:gst_poll_fd_ctl_write: 0x555ef1d6b970: pfd->events now 60 (POLLOUT:4)
0:00:00.011337216  2752 0x555ef1d47360 DEBUG   GST_POLL gstpoll.c:979:gst_poll_fd_ctl_write: 0x555ef1d6b970: fd (fd:0, idx:1), active : 1
0:00:00.011342865  2752 0x555ef1d47360 LOG   GST_POLL gstpoll.c:994:gst_poll_fd_ctl_write: 0x555ef1d6b970: pfd->events now 60 (POLLOUT:4)
0:00:00.011348787  2752 0x555ef1d47360 DEBUG   GST_POLL gstpoll.c:979:gst_poll_fd_ctl_write: 0x555ef1d6b970: fd (fd:0, idx:1), active : 1
0:00:00.011354396  2752 0x555ef1d47360 LOG   GST_POLL gstpoll.c:994:gst_poll_fd_ctl_write: 0x555ef1d6b970: pfd->events now 60 (POLLOUT:4)
0:00:00.011360272  2752 0x555ef1d47360 DEBUG   GST_POLL gstpoll.c:979:gst_poll_fd_ctl_write: 0x555ef1d6b970: fd (fd:0, idx:1), active : 1
0:00:00.011365885  2752 0x555ef1d47360 LOG   GST_POLL gstpoll.c:994:gst_poll_fd_ctl_write: 0x555ef1d6b970: pfd->events now 60 (POLLOUT:4)
0:00:00.011371744  2752 0x555ef1d47360 DEBUG   GST_POLL gstpoll.c:979:gst_poll_fd_ctl_write: 0x555ef1d6b970: fd (fd:0, idx:1), active : 1
0:00:00.011377346  2752 0x555ef1d47360 LOG   GST_POLL gstpoll.c:994:gst_poll_fd_ctl_write: 0x555ef1d6b970: pfd->events now 60 (POLLOUT:4)
0:00:00.011383371  2752 0x555ef1d47360 DEBUG   GST_POLL gstpoll.c:979:gst_poll_fd_ctl_write: 0x555ef1d6b970: fd (fd:0, idx:1), active : 1
0:00:00.011388987  2752 0x555ef1d47360 LOG   GST_POLL gstpoll.c:994:gst_poll_fd_ctl_write: 0x555ef1d6b970: pfd->events now 60 (POLLOUT:4)
0:00:00.011412660  2752 0x555ef1d47360 DEBUG   GST_POLL gstpoll.c:979:gst_poll_fd_ctl_write: 0x555ef1d6b970: fd (fd:0, idx:1), active : 1
0:00:00.011418525  2752 0x555ef1d47360 LOG   GST_POLL gstpoll.c:994:gst_poll_fd_ctl_write: 0x555ef1d6b970: pfd->events now 60 (POLLOUT:4)
0:00:00.011424668  2752 0x555ef1d47360 DEBUG   GST_POLL gstpoll.c:979:gst_poll_fd_ctl_write: 0x555ef1d6b970: fd (fd:0, idx:1), active : 1
0:00:00.011430460  2752 0x555ef1d47360 LOG   GST_POLL gstpoll.c:994:gst_poll_fd_ctl_write: 0x555ef1d6b970: pfd->events now 60 (POLLOUT:4)
0:00:00.011436548  2752 0x555ef1d47360 DEBUG   GST_POLL gstpoll.c:979:gst_poll_fd_ctl_write: 0x555ef1d6b970: fd (fd:0, idx:1), active : 1
0:00:00.011442334  2752 0x555ef1d47360 LOG   GST_POLL gstpoll.c:994:gst_poll_fd_ctl_write: 0x555ef1d6b970: pfd->events now 60 (POLLOUT:4)
0:00:00.011448342  2752 0x555ef1d47360 DEBUG   GST_POLL gstpoll.c:979:gst_poll_fd_ctl_write: 0x555ef1d6b970: fd (fd:0, idx:1), active : 1
0:00:00.011457727  2752 0x555ef1d47360 LOG   GST_POLL gstpoll.c:994:gst_poll_fd_ctl_write: 0x555ef1d6b970: pfd->events now 60 (POLLOUT:4)
0:00:00.011463957  2752 0x555ef1d47360 DEBUG   GST_POLL gstpoll.c:979:gst_poll_fd_ctl_write: 0x555ef1d6b970: fd (fd:0, idx:1), active : 1
0:00:00.011469840  2752 0x555ef1d47360 LOG   GST_POLL gstpoll.c:994:gst_poll_fd_ctl_write: 0x555ef1d6b970: pfd->events now 60 (POLLOUT:4)
0:00:00.011475960  2752 0x555ef1d47360 DEBUG   GST_POLL gstpoll.c:979:gst_poll_fd_ctl_write: 0x555ef1d6b970: fd (fd:0, idx:1), active : 1
0:00:00.011481815  2752 0x555ef1d47360 LOG   GST_POLL gstpoll.c:994:gst_poll_fd_ctl_write: 0x555ef1d6b970: pfd->events now 60 (POLLOUT:4)
0:00:00.011487854  2752 0x555ef1d47360 DEBUG   GST_POLL gstpoll.c:979:gst_poll_fd_ctl_write: 0x555ef1d6b970: fd (fd:0, idx:1), active : 1
0:00:00.011493637  2752 0x555ef1d47360 LOG   GST_POLL gstpoll.c:994:gst_poll_fd_ctl_write: 0x555ef1d6b970: pfd->events now 60 (POLLOUT:4)
0:00:00.011499674  2752 0x555ef1d47360 DEBUG   GST_POLL gstpoll.c:979:gst_poll_fd_ctl_write: 0x555ef1d6b970: fd (fd:0, idx:1), active : 1
0:00:00.011506502  2752 0x555ef1d47360 LOG   GST_POLL gstpoll.c:994:gst_poll_fd_ctl_write: 0x555ef1d6b970: pfd->events now 60 (POLLOUT:4)
0:00:00.011515892  2752 0x555ef1d47360 DEBUG   GST_POLL gstpoll.c:979:gst_poll_fd_ctl_write: 0x555ef1d6b970: fd (fd:0, idx:1), active : 1
0:00:00.011526215  2752 0x555ef1d47360 LOG   GST_POLL gstpoll.c:994:gst_poll_fd_ctl_write: 0x555ef1d6b970: pfd->events now 60 (POLLOUT:4)
0:00:00.011537716  2752 0x555ef1d47360 DEBUG   GST_POLL gstpoll.c:979:gst_poll_fd_ctl_write: 0x555ef1d6b970: fd (fd:0, idx:1), active : 1
0:00:00.011548714  2752 0x555ef1d47360 LOG   GST_POLL gstpoll.c:994:gst_poll_fd_ctl_write: 0x555ef1d6b970: pfd->events now 60 (POLLOUT:4)
0:00:00.011559188  2752 0x555ef1d47360 DEBUG   GST_POLL gstpoll.c:979:gst_poll_fd_ctl_write: 0x555ef1d6b970: fd (fd:0, idx:1), active : 1
0:00:00.011567199  2752 0x555ef1d47360 LOG   GST_POLL gstpoll.c:994:gst_poll_fd_ctl_write: 0x555ef1d6b970: pfd->events now 60 (POLLOUT:4)
0:00:00.011573478  2752 0x555ef1d47360 DEBUG   GST_POLL gstpoll.c:979:gst_poll_fd_ctl_write: 0x555ef1d6b970: fd (fd:0, idx:1), active : 1
0:00:00.011583482  2752 0x555ef1d47360 LOG   GST_POLL gstpoll.c:994:gst_poll_fd_ctl_write: 0x555ef1d6b970: pfd->events now 60 (POLLOUT:4)
0:00:00.011589776  2752 0x555ef1d47360 DEBUG   GST_POLL gstpoll.c:979:gst_poll_fd_ctl_write: 0x555ef1d6b970: fd (fd:0, idx:1), active : 1
0:00:00.011595629  2752 0x555ef1d47360 LOG   GST_POLL gstpoll.c:994:gst_poll_fd_ctl_write: 0x555ef1d6b970: pfd->events now 60 (POLLOUT:4)
0:00:00.011601755  2752 0x555ef1d47360 DEBUG   GST_POLL gstpoll.c:979:gst_poll_fd_ctl_write: 0x555ef1d6b970: fd (fd:0, idx:1), active : 1
0:00:00.011607600  2752 0x555ef1d47360 LOG   GST_POLL gstpoll.c:994:gst_poll_fd_ctl_write: 0x555ef1d6b970: pfd->events now 60 (POLLOUT:4)
0:00:00.011613763  2752 0x555ef1d47360 DEBUG   GST_POLL gstpoll.c:979:gst_poll_fd_ctl_write: 0x555ef1d6b970: fd (fd:0, idx:1), active : 1
0:00:00.011624017  2752 0x555ef1d47360 LOG   GST_POLL gstpoll.c:994:gst_poll_fd_ctl_write: 0x555ef1d6b970: pfd->events now 60 (POLLOUT:4)
0:00:00.011630285  2752 0x555ef1d47360 DEBUG   GST_POLL gstpoll.c:979:gst_poll_fd_ctl_write: 0x555ef1d6b970: fd (fd:0, idx:1), active : 1
0:00:00.011636156  2752 0x555ef1d47360 LOG   GST_POLL gstpoll.c:994:gst_poll_fd_ctl_write: 0x555ef1d6b970: pfd->events now 60 (POLLOUT:4)
0:00:00.011642318  2752 0x555ef1d47360 DEBUG   GST_POLL gstpoll.c:979:gst_poll_fd_ctl_write: 0x555ef1d6b970: fd (fd:0, idx:1), active : 1
0:00:00.011648155  2752 0x555ef1d47360 LOG   GST_POLL gstpoll.c:994:gst_poll_fd_ctl_write: 0x555ef1d6b970: pfd->events now 60 (POLLOUT:4)
0:00:00.011657937  2752 0x555ef1d47360 TRACE   GST_REFCOUNTING gstobject.c:264:gst_object_unref: 0x555ef1d6f670 unref 2->1
0:00:00.011665271  2752 0x555ef1d47360 DEBUG   GST_POLL gstpoll.c:1241:gst_poll_fd_has_error: 0x555ef1d6b970: fd (fd:0, idx:1) 0
0:00:00.011671617  2752 0x555ef1d47360 DEBUG   GST_POLL gstpoll.c:1335:gst_poll_fd_can_write: 0x555ef1d6b970: fd (fd:0, idx:1) 1
0:00:00.011677706  2752 0x555ef1d47360 LOG   GST_PLUGIN_LOADING gstpluginloader.c:690:write_one: Writing packet of size 488 bytes to fd 0
0:00:00.011695212  2752 0x555ef1d47360 DEBUG   GST_POLL gstpoll.c:1414:gst_poll_wait: 0x555ef1d6b970: timeout :0:00:01.000000000
0:00:00.011705655  2752 0x555ef1d47360 LOG   GST_PLUGIN_LOADING gstpluginloader.c:1027:exchange_packets: Poll res = 2. 6872 bytes pending for write
0:00:00.011712505  2752 0x555ef1d47360 DEBUG   GST_POLL gstpoll.c:1241:gst_poll_fd_has_error: 0x555ef1d6b970: fd (fd:5, idx:2) 0
0:00:00.011718688  2752 0x555ef1d47360 DEBUG   GST_POLL gstpoll.c:1266:gst_poll_fd_can_read_unlocked: 0x555ef1d6b970: fd (fd:5, idx:2) 1
0:00:00.016221323  2751 0x556b9faa4360 LOG   GST_PLUGIN_LOADING gstpluginloader.c:1027:exchange_packets: Poll res = 1. 0 bytes pending for write
0:00:00.011728651  2752 0x555ef1d47360 DEBUG   GST_PLUGIN_LOADING gstpluginloader.c:722:do_plugin_load: Plugin scanner loading file /home/conan/w/prod/BuildSingleReference/.conan/data/gstreamer/1.18.3/_/_/package/62e0ab6106dfea3ec3ecb5db13d8d55a63451b50/lib/gstreamer-1.0/libgstcoretracers.so. tag 2
0:00:00.016241117  2751 0x556b9faa4360 DEBUG   GST_POLL gstpoll.c:1241:gst_poll_fd_has_error: 0x556b9fac9530: fd (fd:8, idx:2) 0
0:00:00.011737160  2752 0x555ef1d47360 TRACE   GST_REFCOUNTING gstobject.c:237:gst_object_ref: 0x555ef1d6d2f0 ref 1->2
0:00:00.016249346  2751 0x556b9faa4360 DEBUG   GST_POLL gstpoll.c:1266:gst_poll_fd_can_read_unlocked: 0x556b9fac9530: fd (fd:8, idx:2) 1
0:00:00.011746849  2752 0x555ef1d47360 TRACE   GST_REFCOUNTING gstobject.c:237:gst_object_ref: 0x555ef1d6ee90 ref 1->2
0:00:00.011754397  2752 0x555ef1d47360 TRACE   GST_REFCOUNTING gstobject.c:237:gst_object_ref: 0x555ef1d6ebf0 ref 1->2
0:00:00.016260951  2751 0x556b9faa4360 DEBUG   GST_PLUGIN_LOADING gstpluginloader.c:848:handle_rx_packet: Received plugin details from child w/ tag 0. 476 bytes info
0:00:00.011760981  2752 0x555ef1d47360 TRACE   GST_REFCOUNTING gstobject.c:237:gst_object_ref: 0x555ef1d6e7f0 ref 1->2
0:00:00.016269031  2751 0x556b9faa4360 LOG   GST_REGISTRY gstregistrychunks.c:836:_priv_gst_registry_chunks_load_plugin: Reading/casting for GstRegistryChunkPluginElement at address 0x556b9fac4e00
0:00:00.011772479  2752 0x555ef1d47360 TRACE   GST_REFCOUNTING gstobject.c:237:gst_object_ref: 0x555ef1d6e5d0 ref 1->2
0:00:00.011779700  2752 0x555ef1d47360 TRACE   GST_REFCOUNTING gstobject.c:237:gst_object_ref: 0x555ef1d6e060 ref 1->2
0:00:00.016289342  2751 0x556b9faa4360 TRACE   GST_REFCOUNTING gstobject.c:208:gst_object_init: 0x556b9fac9b90 new
0:00:00.011788164  2752 0x555ef1d47360 TRACE   GST_REFCOUNTING gstobject.c:264:gst_object_unref: 0x555ef1d6e060 unref 2->1
0:00:00.011795490  2752 0x555ef1d47360 TRACE   GST_REFCOUNTING gstobject.c:264:gst_object_unref: 0x555ef1d6e5d0 unref 2->1
0:00:00.011801897  2752 0x555ef1d47360 TRACE   GST_REFCOUNTING gstobject.c:264:gst_object_unref: 0x555ef1d6e7f0 unref 2->1
0:00:00.011808268  2752 0x555ef1d47360 TRACE   GST_REFCOUNTING gstobject.c:264:gst_object_unref: 0x555ef1d6ebf0 unref 2->1
0:00:00.016318757  2751 0x556b9faa4360 LOG   GST_REGISTRY gstregistrychunks.c:858:_priv_gst_registry_chunks_load_plugin: read strings for name='coretracers'
0:00:00.011814625  2752 0x555ef1d47360 TRACE   GST_REFCOUNTING gstobject.c:264:gst_object_unref: 0x555ef1d6ee90 unref 2->1
0:00:00.016325546  2751 0x556b9faa4360 LOG   GST_REGISTRY gstregistrychunks.c:859:_priv_gst_registry_chunks_load_plugin: desc.description='GStreamer core tracers'
0:00:00.011823875  2752 0x555ef1d47360 DEBUG   GST_REGISTRY gstregistrychunks.c:497:_priv_gst_registry_chunks_save_plugin: Found 5 features in plugin 0x555ef1d6d2f0 (coretracers)
0:00:00.016331917  2751 0x556b9faa4360 LOG   GST_REGISTRY gstregistrychunks.c:860:_priv_gst_registry_chunks_load_plugin: filename='/home/conan/w/prod/BuildSingleReference/.conan/data/gstreamer/1.18.3/_/_/package/62e0ab6106dfea3ec3ecb5db13d8d55a63451b50/lib/gstreamer-1.0/libgstcoretracers.so'
0:00:00.011831208  2752 0x555ef1d47360 DEBUG   GST_POLL gstpoll.c:979:gst_poll_fd_ctl_write: 0x555ef1d6b970: fd (fd:0, idx:1), active : 1
0:00:00.016338164  2751 0x556b9faa4360 LOG   GST_REGISTRY gstregistrychunks.c:861:_priv_gst_registry_chunks_load_plugin: desc.version='1.18.3'
0:00:00.011837810  2752 0x555ef1d47360 LOG   GST_POLL gstpoll.c:994:gst_poll_fd_ctl_write: 0x555ef1d6b970: pfd->events now 60 (POLLOUT:4)
0:00:00.016345089  2751 0x556b9faa4360 LOG   GST_REGISTRY gstregistrychunks.c:862:_priv_gst_registry_chunks_load_plugin: desc.license='LGPL'
0:00:00.011855059  2752 0x555ef1d47360 DEBUG   GST_POLL gstpoll.c:979:gst_poll_fd_ctl_write: 0x555ef1d6b970: fd (fd:0, idx:1), active : 1
0:00:00.016363423  2751 0x556b9faa4360 LOG   GST_REGISTRY gstregistrychunks.c:863:_priv_gst_registry_chunks_load_plugin: desc.source='gstreamer'
0:00:00.011861481  2752 0x555ef1d47360 LOG   GST_POLL gstpoll.c:994:gst_poll_fd_ctl_write: 0x555ef1d6b970: pfd->events now 60 (POLLOUT:4)
0:00:00.016369654  2751 0x556b9faa4360 LOG   GST_REGISTRY gstregistrychunks.c:864:_priv_gst_registry_chunks_load_plugin: desc.package='GStreamer source release'
0:00:00.011868137  2752 0x555ef1d47360 DEBUG   GST_POLL gstpoll.c:979:gst_poll_fd_ctl_write: 0x555ef1d6b970: fd (fd:0, idx:1), active : 1
0:00:00.016383724  2751 0x556b9faa4360 LOG   GST_REGISTRY gstregistrychunks.c:865:_priv_gst_registry_chunks_load_plugin: desc.origin='Unknown package origin'
0:00:00.011880591  2752 0x555ef1d47360 LOG   GST_POLL gstpoll.c:994:gst_poll_fd_ctl_write: 0x555ef1d6b970: pfd->events now 60 (POLLOUT:4)
0:00:00.016389883  2751 0x556b9faa4360 LOG   GST_REGISTRY gstregistrychunks.c:866:_priv_gst_registry_chunks_load_plugin: desc.datetime=2021-01-13
0:00:00.011887145  2752 0x555ef1d47360 DEBUG   GST_POLL gstpoll.c:979:gst_poll_fd_ctl_write: 0x555ef1d6b970: fd (fd:0, idx:1), active : 1
0:00:00.011893406  2752 0x555ef1d47360 LOG   GST_POLL gstpoll.c:994:gst_poll_fd_ctl_write: 0x555ef1d6b970: pfd->events now 60 (POLLOUT:4)
0:00:00.011899886  2752 0x555ef1d47360 DEBUG   GST_POLL gstpoll.c:979:gst_poll_fd_ctl_write: 0x555ef1d6b970: fd (fd:0, idx:1), active : 1
0:00:00.016405589  2751 0x556b9faa4360 DEBUG   GST_REGISTRY gstregistry.c:473:gst_registry_add_plugin: adding plugin 0x556b9fac9b90 for filename "/home/conan/w/prod/BuildSingleReference/.conan/data/gstreamer/1.18.3/_/_/package/62e0ab6106dfea3ec3ecb5db13d8d55a63451b50/lib/gstreamer-1.0/libgstcoretracers.so"
0:00:00.011905963  2752 0x555ef1d47360 LOG   GST_POLL gstpoll.c:994:gst_poll_fd_ctl_write: 0x555ef1d6b970: pfd->events now 60 (POLLOUT:4)
0:00:00.016415777  2751 0x556b9faa4360 TRACE   GST_REFCOUNTING gstobject.c:292:gst_object_ref_sink: 0x556b9fac9b90 ref_sink 1->2
0:00:00.011912599  2752 0x555ef1d47360 DEBUG   GST_POLL gstpoll.c:979:gst_poll_fd_ctl_write: 0x555ef1d6b970: fd (fd:0, idx:1), active : 1
0:00:00.016423654  2751 0x556b9faa4360 LOG   GST_REGISTRY gstregistry.c:486:gst_registry_add_plugin: emitting plugin-added for filename "/home/conan/w/prod/BuildSingleReference/.conan/data/gstreamer/1.18.3/_/_/package/62e0ab6106dfea3ec3ecb5db13d8d55a63451b50/lib/gstreamer-1.0/libgstcoretracers.so"
0:00:00.011919497  2752 0x555ef1d47360 LOG   GST_POLL gstpoll.c:994:gst_poll_fd_ctl_write: 0x555ef1d6b970: pfd->events now 60 (POLLOUT:4)
0:00:00.016430875  2751 0x556b9faa4360 DEBUG   GST_REGISTRY gstregistrychunks.c:886:_priv_gst_registry_chunks_load_plugin: Added plugin 'coretracers' plugin with 5 features from binary registry
0:00:00.011926952  2752 0x555ef1d47360 DEBUG   GST_POLL gstpoll.c:979:gst_poll_fd_ctl_write: 0x555ef1d6b970: fd (fd:0, idx:1), active : 1
0:00:00.016438059  2751 0x556b9faa4360 DEBUG   GST_REGISTRY gstregistrychunks.c:582:gst_registry_chunks_load_feature: Plugin 'coretracers' feature 'leaks' typename : 'GstTracerFactory'
0:00:00.011933817  2752 0x555ef1d47360 LOG   GST_POLL gstpoll.c:994:gst_poll_fd_ctl_write: 0x555ef1d6b970: pfd->events now 60 (POLLOUT:4)
0:00:00.011941055  2752 0x555ef1d47360 DEBUG   GST_POLL gstpoll.c:979:gst_poll_fd_ctl_write: 0x555ef1d6b970: fd (fd:0, idx:1), active : 1
0:00:00.016449836  2751 0x556b9faa4360 TRACE   GST_REFCOUNTING gstobject.c:208:gst_object_init: 0x556b9fac9f40 new
0:00:00.011946931  2752 0x555ef1d47360 LOG   GST_POLL gstpoll.c:994:gst_poll_fd_ctl_write: 0x555ef1d6b970: pfd->events now 60 (POLLOUT:4)
0:00:00.016459266  2751 0x556b9faa4360 DEBUG   GST_REGISTRY gstregistrychunks.c:716:gst_registry_chunks_load_feature: Reading/casting for GstRegistryChunkPluginFeature at address 0x556b9fac4f48
0:00:00.011958051  2752 0x555ef1d47360 DEBUG   GST_POLL gstpoll.c:979:gst_poll_fd_ctl_write: 0x555ef1d6b970: fd (fd:0, idx:1), active : 1
0:00:00.016467095  2751 0x556b9faa4360 DEBUG   GST_REGISTRY gstregistry.c:589:gst_registry_add_feature: adding feature 0x556b9fac9f40 (leaks)
0:00:00.011964379  2752 0x555ef1d47360 LOG   GST_POLL gstpoll.c:994:gst_poll_fd_ctl_write: 0x555ef1d6b970: pfd->events now 60 (POLLOUT:4)
0:00:00.016475115  2751 0x556b9faa4360 DEBUG   GST_REFCOUNTING gstobject.c:708:gst_object_set_parent: set parent (ref and sink)
0:00:00.011970877  2752 0x555ef1d47360 DEBUG   GST_POLL gstpoll.c:979:gst_poll_fd_ctl_write: 0x555ef1d6b970: fd (fd:0, idx:1), active : 1
0:00:00.016482677  2751 0x556b9faa4360 TRACE   GST_REFCOUNTING gstobject.c:292:gst_object_ref_sink: 0x556b9fac9f40 ref_sink 1->2
0:00:00.011978468  2752 0x555ef1d47360 LOG   GST_POLL gstpoll.c:994:gst_poll_fd_ctl_write: 0x555ef1d6b970: pfd->events now 60 (POLLOUT:4)
0:00:00.016489550  2751 0x556b9faa4360 LOG   GST_REGISTRY gstregistry.c:607:gst_registry_add_feature: emitting feature-added for leaks
0:00:00.011986358  2752 0x555ef1d47360 DEBUG   GST_POLL gstpoll.c:979:gst_poll_fd_ctl_write: 0x555ef1d6b970: fd (fd:0, idx:1), active : 1
0:00:00.016496599  2751 0x556b9faa4360 DEBUG   GST_REGISTRY gstregistrychunks.c:740:gst_registry_chunks_load_feature: Added feature leaks, plugin 0x556b9fac9b90 coretracers
0:00:00.011992629  2752 0x555ef1d47360 LOG   GST_POLL gstpoll.c:994:gst_poll_fd_ctl_write: 0x555ef1d6b970: pfd->events now 60 (POLLOUT:4)
0:00:00.016503299  2751 0x556b9faa4360 DEBUG   GST_REGISTRY gstregistrychunks.c:582:gst_registry_chunks_load_feature: Plugin 'coretracers' feature 'stats' typename : 'GstTracerFactory'
0:00:00.011999757  2752 0x555ef1d47360 DEBUG   GST_POLL gstpoll.c:979:gst_poll_fd_ctl_write: 0x555ef1d6b970: fd (fd:0, idx:1), active : 1
0:00:00.016510726  2751 0x556b9faa4360 TRACE   GST_REFCOUNTING gstobject.c:208:gst_object_init: 0x556b9faca090 new
0:00:00.012006091  2752 0x555ef1d47360 LOG   GST_POLL gstpoll.c:994:gst_poll_fd_ctl_write: 0x555ef1d6b970: pfd->events now 60 (POLLOUT:4)
0:00:00.016518043  2751 0x556b9faa4360 DEBUG   GST_REGISTRY gstregistrychunks.c:716:gst_registry_chunks_load_feature: Reading/casting for GstRegistryChunkPluginFeature at address 0x556b9fac4f68
0:00:00.012014346  2752 0x555ef1d47360 DEBUG   GST_POLL gstpoll.c:979:gst_poll_fd_ctl_write: 0x555ef1d6b970: fd (fd:0, idx:1), active : 1
0:00:00.016525366  2751 0x556b9faa4360 DEBUG   GST_REGISTRY gstregistry.c:589:gst_registry_add_feature: adding feature 0x556b9faca090 (stats)
0:00:00.012021064  2752 0x555ef1d47360 LOG   GST_POLL gstpoll.c:994:gst_poll_fd_ctl_write: 0x555ef1d6b970: pfd->events now 60 (POLLOUT:4)
0:00:00.016531546  2751 0x556b9faa4360 DEBUG   GST_REFCOUNTING gstobject.c:708:gst_object_set_parent: set parent (ref and sink)
0:00:00.012028650  2752 0x555ef1d47360 DEBUG   GST_POLL gstpoll.c:979:gst_poll_fd_ctl_write: 0x555ef1d6b970: fd (fd:0, idx:1), active : 1
0:00:00.016543115  2751 0x556b9faa4360 TRACE   GST_REFCOUNTING gstobject.c:292:gst_object_ref_sink: 0x556b9faca090 ref_sink 1->2
0:00:00.012039262  2752 0x555ef1d47360 LOG   GST_POLL gstpoll.c:994:gst_poll_fd_ctl_write: 0x555ef1d6b970: pfd->events now 60 (POLLOUT:4)
0:00:00.016549963  2751 0x556b9faa4360 LOG   GST_REGISTRY gstregistry.c:607:gst_registry_add_feature: emitting feature-added for stats
0:00:00.012047014  2752 0x555ef1d47360 DEBUG   GST_POLL gstpoll.c:979:gst_poll_fd_ctl_write: 0x555ef1d6b970: fd (fd:0, idx:1), active : 1
0:00:00.016556672  2751 0x556b9faa4360 DEBUG   GST_REGISTRY gstregistrychunks.c:740:gst_registry_chunks_load_feature: Added feature stats, plugin 0x556b9fac9b90 coretracers
0:00:00.012053290  2752 0x555ef1d47360 LOG   GST_POLL gstpoll.c:994:gst_poll_fd_ctl_write: 0x555ef1d6b970: pfd->events now 60 (POLLOUT:4)
0:00:00.016563342  2751 0x556b9faa4360 DEBUG   GST_REGISTRY gstregistrychunks.c:582:gst_registry_chunks_load_feature: Plugin 'coretracers' feature 'rusage' typename : 'GstTracerFactory'
0:00:00.012060054  2752 0x555ef1d47360 LOG   GST_PLUGIN_LOADING gstpluginloader.c:645:put_chunk: Expanding tx buf from 7717 to 10158 for chunk of size 17
0:00:00.016570325  2751 0x556b9faa4360 TRACE   GST_REFCOUNTING gstobject.c:208:gst_object_init: 0x556b9faca1e0 new
0:00:00.012070441  2752 0x555ef1d47360 DEBUG   GST_POLL gstpoll.c:979:gst_poll_fd_ctl_write: 0x555ef1d6b970: fd (fd:0, idx:1), active : 1
0:00:00.016577529  2751 0x556b9faa4360 DEBUG   GST_REGISTRY gstregistrychunks.c:716:gst_registry_chunks_load_feature: Reading/casting for GstRegistryChunkPluginFeature at address 0x556b9fac4f88
0:00:00.012077032  2752 0x555ef1d47360 LOG   GST_POLL gstpoll.c:994:gst_poll_fd_ctl_write: 0x555ef1d6b970: pfd->events now 60 (POLLOUT:4)
0:00:00.016585701  2751 0x556b9faa4360 DEBUG   GST_REGISTRY gstregistry.c:589:gst_registry_add_feature: adding feature 0x556b9faca1e0 (rusage)
0:00:00.012083582  2752 0x555ef1d47360 DEBUG   GST_POLL gstpoll.c:979:gst_poll_fd_ctl_write: 0x555ef1d6b970: fd (fd:0, idx:1), active : 1
0:00:00.016592031  2751 0x556b9faa4360 DEBUG   GST_REFCOUNTING gstobject.c:708:gst_object_set_parent: set parent (ref and sink)
0:00:00.012089829  2752 0x555ef1d47360 LOG   GST_POLL gstpoll.c:994:gst_poll_fd_ctl_write: 0x555ef1d6b970: pfd->events now 60 (POLLOUT:4)
0:00:00.016599073  2751 0x556b9faa4360 TRACE   GST_REFCOUNTING gstobject.c:292:gst_object_ref_sink: 0x556b9faca1e0 ref_sink 1->2
0:00:00.012096396  2752 0x555ef1d47360 DEBUG   GST_POLL gstpoll.c:979:gst_poll_fd_ctl_write: 0x555ef1d6b970: fd (fd:0, idx:1), active : 1
0:00:00.016605723  2751 0x556b9faa4360 LOG   GST_REGISTRY gstregistry.c:607:gst_registry_add_feature: emitting feature-added for rusage
0:00:00.012102547  2752 0x555ef1d47360 LOG   GST_POLL gstpoll.c:994:gst_poll_fd_ctl_write: 0x555ef1d6b970: pfd->events now 60 (POLLOUT:4)
0:00:00.016612446  2751 0x556b9faa4360 DEBUG   GST_REGISTRY gstregistrychunks.c:740:gst_registry_chunks_load_feature: Added feature rusage, plugin 0x556b9fac9b90 coretracers
0:00:00.012109317  2752 0x555ef1d47360 DEBUG   GST_POLL gstpoll.c:979:gst_poll_fd_ctl_write: 0x555ef1d6b970: fd (fd:0, idx:1), active : 1
0:00:00.016623071  2751 0x556b9faa4360 DEBUG   GST_REGISTRY gstregistrychunks.c:582:gst_registry_chunks_load_feature: Plugin 'coretracers' feature 'log' typename : 'GstTracerFactory'
0:00:00.012119457  2752 0x555ef1d47360 LOG   GST_POLL gstpoll.c:994:gst_poll_fd_ctl_write: 0x555ef1d6b970: pfd->events now 60 (POLLOUT:4)
0:00:00.016630232  2751 0x556b9faa4360 TRACE   GST_REFCOUNTING gstobject.c:208:gst_object_init: 0x556b9faca340 new
0:00:00.012126602  2752 0x555ef1d47360 DEBUG   GST_POLL gstpoll.c:979:gst_poll_fd_ctl_write: 0x555ef1d6b970: fd (fd:0, idx:1), active : 1
0:00:00.016637280  2751 0x556b9faa4360 DEBUG   GST_REGISTRY gstregistrychunks.c:716:gst_registry_chunks_load_feature: Reading/casting for GstRegistryChunkPluginFeature at address 0x556b9fac4fa8
0:00:00.012133436  2752 0x555ef1d47360 LOG   GST_POLL gstpoll.c:994:gst_poll_fd_ctl_write: 0x555ef1d6b970: pfd->events now 60 (POLLOUT:4)
0:00:00.016644463  2751 0x556b9faa4360 DEBUG   GST_REGISTRY gstregistry.c:589:gst_registry_add_feature: adding feature 0x556b9faca340 (log)
0:00:00.012140772  2752 0x555ef1d47360 DEBUG   GST_POLL gstpoll.c:979:gst_poll_fd_ctl_write: 0x555ef1d6b970: fd (fd:0, idx:1), active : 1
0:00:00.016650610  2751 0x556b9faa4360 DEBUG   GST_REFCOUNTING gstobject.c:708:gst_object_set_parent: set parent (ref and sink)
0:00:00.012147309  2752 0x555ef1d47360 LOG   GST_POLL gstpoll.c:994:gst_poll_fd_ctl_write: 0x555ef1d6b970: pfd->events now 60 (POLLOUT:4)
0:00:00.016657521  2751 0x556b9faa4360 TRACE   GST_REFCOUNTING gstobject.c:292:gst_object_ref_sink: 0x556b9faca340 ref_sink 1->2
0:00:00.012154011  2752 0x555ef1d47360 DEBUG   GST_POLL gstpoll.c:979:gst_poll_fd_ctl_write: 0x555ef1d6b970: fd (fd:0, idx:1), active : 1
0:00:00.016664094  2751 0x556b9faa4360 LOG   GST_REGISTRY gstregistry.c:607:gst_registry_add_feature: emitting feature-added for log
0:00:00.012160661  2752 0x555ef1d47360 LOG   GST_POLL gstpoll.c:994:gst_poll_fd_ctl_write: 0x555ef1d6b970: pfd->events now 60 (POLLOUT:4)
0:00:00.016670666  2751 0x556b9faa4360 DEBUG   GST_REGISTRY gstregistrychunks.c:740:gst_registry_chunks_load_feature: Added feature log, plugin 0x556b9fac9b90 coretracers
0:00:00.012167217  2752 0x555ef1d47360 DEBUG   GST_POLL gstpoll.c:979:gst_poll_fd_ctl_write: 0x555ef1d6b970: fd (fd:0, idx:1), active : 1
0:00:00.016677301  2751 0x556b9faa4360 DEBUG   GST_REGISTRY gstregistrychunks.c:582:gst_registry_chunks_load_feature: Plugin 'coretracers' feature 'latency' typename : 'GstTracerFactory'
0:00:00.012173494  2752 0x555ef1d47360 LOG   GST_POLL gstpoll.c:994:gst_poll_fd_ctl_write: 0x555ef1d6b970: pfd->events now 60 (POLLOUT:4)
0:00:00.016684204  2751 0x556b9faa4360 TRACE   GST_REFCOUNTING gstobject.c:208:gst_object_init: 0x556b9faca4a0 new
0:00:00.012186010  2752 0x555ef1d47360 DEBUG   GST_POLL gstpoll.c:979:gst_poll_fd_ctl_write: 0x555ef1d6b970: fd (fd:0, idx:1), active : 1
0:00:00.016693857  2751 0x556b9faa4360 DEBUG   GST_REGISTRY gstregistrychunks.c:716:gst_registry_chunks_load_feature: Reading/casting for GstRegistryChunkPluginFeature at address 0x556b9fac4fd0
0:00:00.012199208  2752 0x555ef1d47360 LOG   GST_POLL gstpoll.c:994:gst_poll_fd_ctl_write: 0x555ef1d6b970: pfd->events now 60 (POLLOUT:4)
0:00:00.016707800  2751 0x556b9faa4360 DEBUG   GST_REGISTRY gstregistry.c:589:gst_registry_add_feature: adding feature 0x556b9faca4a0 (latency)
0:00:00.012206096  2752 0x555ef1d47360 DEBUG   GST_POLL gstpoll.c:979:gst_poll_fd_ctl_write: 0x555ef1d6b970: fd (fd:0, idx:1), active : 1
0:00:00.016713742  2751 0x556b9faa4360 DEBUG   GST_REFCOUNTING gstobject.c:708:gst_object_set_parent: set parent (ref and sink)
0:00:00.012212454  2752 0x555ef1d47360 LOG   GST_POLL gstpoll.c:994:gst_poll_fd_ctl_write: 0x555ef1d6b970: pfd->events now 60 (POLLOUT:4)
0:00:00.016720727  2751 0x556b9faa4360 TRACE   GST_REFCOUNTING gstobject.c:292:gst_object_ref_sink: 0x556b9faca4a0 ref_sink 1->2
0:00:00.012219027  2752 0x555ef1d47360 DEBUG   GST_POLL gstpoll.c:979:gst_poll_fd_ctl_write: 0x555ef1d6b970: fd (fd:0, idx:1), active : 1
0:00:00.016727200  2751 0x556b9faa4360 LOG   GST_REGISTRY gstregistry.c:607:gst_registry_add_feature: emitting feature-added for latency
0:00:00.012225273  2752 0x555ef1d47360 LOG   GST_POLL gstpoll.c:994:gst_poll_fd_ctl_write: 0x555ef1d6b970: pfd->events now 60 (POLLOUT:4)
0:00:00.016733953  2751 0x556b9faa4360 DEBUG   GST_REGISTRY gstregistrychunks.c:740:gst_registry_chunks_load_feature: Added feature latency, plugin 0x556b9fac9b90 coretracers
0:00:00.012231798  2752 0x555ef1d47360 DEBUG   GST_POLL gstpoll.c:979:gst_poll_fd_ctl_write: 0x555ef1d6b970: fd (fd:0, idx:1), active : 1
0:00:00.016740797  2751 0x556b9faa4360 LOG   GST_PLUGIN_LOADING gstpluginloader.c:887:handle_rx_packet: marking plugin 0x556b9fac9b90 as registered as /home/conan/w/prod/BuildSingleReference/.conan/data/gstreamer/1.18.3/_/_/package/62e0ab6106dfea3ec3ecb5db13d8d55a63451b50/lib/gstreamer-1.0/libgstcoretracers.so
0:00:00.012238079  2752 0x555ef1d47360 LOG   GST_POLL gstpoll.c:994:gst_poll_fd_ctl_write: 0x555ef1d6b970: pfd->events now 60 (POLLOUT:4)
0:00:00.012245239  2752 0x555ef1d47360 TRACE   GST_REFCOUNTING gstobject.c:264:gst_object_unref: 0x555ef1d6d2f0 unref 2->1
0:00:00.016751223  2751 0x556b9faa4360 DEBUG   GST_POLL gstpoll.c:1414:gst_poll_wait: 0x556b9fac9530: timeout :0:00:01.000000000
0:00:00.012252218  2752 0x555ef1d47360 DEBUG   GST_POLL gstpoll.c:1241:gst_poll_fd_has_error: 0x555ef1d6b970: fd (fd:0, idx:1) 0
0:00:00.012258947  2752 0x555ef1d47360 DEBUG   GST_POLL gstpoll.c:1335:gst_poll_fd_can_write: 0x555ef1d6b970: fd (fd:0, idx:1) 1
0:00:00.012264838  2752 0x555ef1d47360 LOG   GST_PLUGIN_LOADING gstpluginloader.c:690:write_one: Writing packet of size 6872 bytes to fd 0
0:00:00.012281422  2752 0x555ef1d47360 DEBUG   GST_POLL gstpoll.c:1414:gst_poll_wait: 0x555ef1d6b970: timeout :0:00:01.000000000
0:00:00.012290118  2752 0x555ef1d47360 LOG   GST_PLUGIN_LOADING gstpluginloader.c:1027:exchange_packets: Poll res = 2. 488 bytes pending for write
0:00:00.016800689  2751 0x556b9faa4360 LOG   GST_PLUGIN_LOADING gstpluginloader.c:1027:exchange_packets: Poll res = 1. 0 bytes pending for write
0:00:00.012296766  2752 0x555ef1d47360 DEBUG   GST_POLL gstpoll.c:1241:gst_poll_fd_has_error: 0x555ef1d6b970: fd (fd:5, idx:2) 0
0:00:00.016814666  2751 0x556b9faa4360 DEBUG   GST_POLL gstpoll.c:1241:gst_poll_fd_has_error: 0x556b9fac9530: fd (fd:8, idx:2) 0
0:00:00.012310908  2752 0x555ef1d47360 DEBUG   GST_POLL gstpoll.c:1266:gst_poll_fd_can_read_unlocked: 0x555ef1d6b970: fd (fd:5, idx:2) 1
0:00:00.016821471  2751 0x556b9faa4360 DEBUG   GST_POLL gstpoll.c:1266:gst_poll_fd_can_read_unlocked: 0x556b9fac9530: fd (fd:8, idx:2) 1
0:00:00.012320725  2752 0x555ef1d47360 DEBUG   GST_PLUGIN_LOADING gstpluginloader.c:722:do_plugin_load: Plugin scanner loading file /home/conan/w/prod/BuildSingleReference/.conan/data/gstreamer/1.18.3/_/_/package/62e0ab6106dfea3ec3ecb5db13d8d55a63451b50/lib/gstreamer-1.0/libgstcoreelements.so. tag 3
0:00:00.016829633  2751 0x556b9faa4360 LOG   GST_PLUGIN_LOADING gstpluginloader.c:985:read_one: Expanding rx buf from 512 to 7384
0:00:00.012328262  2752 0x555ef1d47360 TRACE   GST_REFCOUNTING gstobject.c:237:gst_object_ref: 0x555ef1d6f670 ref 1->2
0:00:00.012335724  2752 0x555ef1d47360 TRACE   GST_REFCOUNTING gstobject.c:237:gst_object_ref: 0x555ef1d8e1d0 ref 1->2
0:00:00.012342399  2752 0x555ef1d47360 TRACE   GST_REFCOUNTING gstobject.c:237:gst_object_ref: 0x555ef1d8d4e0 ref 1->2
0:00:00.016854389  2751 0x556b9faa4360 DEBUG   GST_PLUGIN_LOADING gstpluginloader.c:848:handle_rx_packet: Received plugin details from child w/ tag 1. 6860 bytes info
0:00:00.012349145  2752 0x555ef1d47360 TRACE   GST_REFCOUNTING gstobject.c:237:gst_object_ref: 0x555ef1d8ba00 ref 1->2
0:00:00.016861316  2751 0x556b9faa4360 LOG   GST_REGISTRY gstregistrychunks.c:836:_priv_gst_registry_chunks_load_plugin: Reading/casting for GstRegistryChunkPluginElement at address 0x556b9faca570
0:00:00.012358416  2752 0x555ef1d47360 TRACE   GST_REFCOUNTING gstobject.c:237:gst_object_ref: 0x555ef1d8aa10 ref 1->2
0:00:00.016868955  2751 0x556b9faa4360 TRACE   GST_REFCOUNTING gstobject.c:208:gst_object_init: 0x556b9facc250 new
0:00:00.012365599  2752 0x555ef1d47360 TRACE   GST_REFCOUNTING gstobject.c:237:gst_object_ref: 0x555ef1d89630 ref 1->2
0:00:00.012372483  2752 0x555ef1d47360 TRACE   GST_REFCOUNTING gstobject.c:237:gst_object_ref: 0x555ef1d881b0 ref 1->2
0:00:00.016879143  2751 0x556b9faa4360 LOG   GST_REGISTRY gstregistrychunks.c:858:_priv_gst_registry_chunks_load_plugin: read strings for name='coreelements'
0:00:00.012378992  2752 0x555ef1d47360 TRACE   GST_REFCOUNTING gstobject.c:237:gst_object_ref: 0x555ef1d86a00 ref 1->2
0:00:00.016886416  2751 0x556b9faa4360 LOG   GST_REGISTRY gstregistrychunks.c:859:_priv_gst_registry_chunks_load_plugin: desc.description='GStreamer core elements'
0:00:00.012386091  2752 0x555ef1d47360 TRACE   GST_REFCOUNTING gstobject.c:237:gst_object_ref: 0x555ef1d84650 ref 1->2
0:00:00.016893827  2751 0x556b9faa4360 LOG   GST_REGISTRY gstregistrychunks.c:860:_priv_gst_registry_chunks_load_plugin: filename='/home/conan/w/prod/BuildSingleReference/.conan/data/gstreamer/1.18.3/_/_/package/62e0ab6106dfea3ec3ecb5db13d8d55a63451b50/lib/gstreamer-1.0/libgstcoreelements.so'
0:00:00.012393109  2752 0x555ef1d47360 TRACE   GST_REFCOUNTING gstobject.c:237:gst_object_ref: 0x555ef1d83530 ref 1->2
0:00:00.016905135  2751 0x556b9faa4360 LOG   GST_REGISTRY gstregistrychunks.c:861:_priv_gst_registry_chunks_load_plugin: desc.version='1.18.3'
0:00:00.012402664  2752 0x555ef1d47360 TRACE   GST_REFCOUNTING gstobject.c:237:gst_object_ref: 0x555ef1d821c0 ref 1->2
0:00:00.016911139  2751 0x556b9faa4360 LOG   GST_REGISTRY gstregistrychunks.c:862:_priv_gst_registry_chunks_load_plugin: desc.license='LGPL'
0:00:00.012409665  2752 0x555ef1d47360 TRACE   GST_REFCOUNTING gstobject.c:237:gst_object_ref: 0x555ef1d80ca0 ref 1->2
0:00:00.016916886  2751 0x556b9faa4360 LOG   GST_REGISTRY gstregistrychunks.c:863:_priv_gst_registry_chunks_load_plugin: desc.source='gstreamer'
0:00:00.012416565  2752 0x555ef1d47360 TRACE   GST_REFCOUNTING gstobject.c:237:gst_object_ref: 0x555ef1d7ff90 ref 1->2
0:00:00.016923852  2751 0x556b9faa4360 LOG   GST_REGISTRY gstregistrychunks.c:864:_priv_gst_registry_chunks_load_plugin: desc.package='GStreamer source release'
0:00:00.012423463  2752 0x555ef1d47360 TRACE   GST_REFCOUNTING gstobject.c:237:gst_object_ref: 0x555ef1d7f1b0 ref 1->2
0:00:00.016930850  2751 0x556b9faa4360 LOG   GST_REGISTRY gstregistrychunks.c:865:_priv_gst_registry_chunks_load_plugin: desc.origin='Unknown package origin'
0:00:00.012430425  2752 0x555ef1d47360 TRACE   GST_REFCOUNTING gstobject.c:237:gst_object_ref: 0x555ef1d7e350 ref 1->2
0:00:00.016937618  2751 0x556b9faa4360 LOG   GST_REGISTRY gstregistrychunks.c:866:_priv_gst_registry_chunks_load_plugin: desc.datetime=2021-01-13
0:00:00.012437397  2752 0x555ef1d47360 TRACE   GST_REFCOUNTING gstobject.c:237:gst_object_ref: 0x555ef1d7bea0 ref 1->2
0:00:00.016946498  2751 0x556b9faa4360 DEBUG   GST_REGISTRY gstregistry.c:473:gst_registry_add_plugin: adding plugin 0x556b9facc250 for filename "/home/conan/w/prod/BuildSingleReference/.conan/data/gstreamer/1.18.3/_/_/package/62e0ab6106dfea3ec3ecb5db13d8d55a63451b50/lib/gstreamer-1.0/libgstcoreelements.so"
0:00:00.012444280  2752 0x555ef1d47360 TRACE   GST_REFCOUNTING gstobject.c:237:gst_object_ref: 0x555ef1d798b0 ref 1->2
0:00:00.016953957  2751 0x556b9faa4360 TRACE   GST_REFCOUNTING gstobject.c:292:gst_object_ref_sink: 0x556b9facc250 ref_sink 1->2
0:00:00.012451277  2752 0x555ef1d47360 TRACE   GST_REFCOUNTING gstobject.c:237:gst_object_ref: 0x555ef1d77c40 ref 1->2
0:00:00.016961292  2751 0x556b9faa4360 LOG   GST_REGISTRY gstregistry.c:486:gst_registry_add_plugin: emitting plugin-added for filename "/home/conan/w/prod/BuildSingleReference/.conan/data/gstreamer/1.18.3/_/_/package/62e0ab6106dfea3ec3ecb5db13d8d55a63451b50/lib/gstreamer-1.0/libgstcoreelements.so"
0:00:00.012458311  2752 0x555ef1d47360 TRACE   GST_REFCOUNTING gstobject.c:237:gst_object_ref: 0x555ef1d76a70 ref 1->2
0:00:00.016968311  2751 0x556b9faa4360 DEBUG   GST_REGISTRY gstregistrychunks.c:886:_priv_gst_registry_chunks_load_plugin: Added plugin 'coreelements' plugin with 22 features from binary registry
0:00:00.012465242  2752 0x555ef1d47360 TRACE   GST_REFCOUNTING gstobject.c:237:gst_object_ref: 0x555ef1d74ad0 ref 1->2
0:00:00.016978886  2751 0x556b9faa4360 DEBUG   GST_REGISTRY gstregistrychunks.c:582:gst_registry_chunks_load_feature: Plugin 'coreelements' feature 'streamiddemux' typename : 'GstElementFactory'
0:00:00.012475120  2752 0x555ef1d47360 TRACE   GST_REFCOUNTING gstobject.c:237:gst_object_ref: 0x555ef1d73c90 ref 1->2
0:00:00.012482376  2752 0x555ef1d47360 TRACE   GST_REFCOUNTING gstobject.c:237:gst_object_ref: 0x555ef1d72fb0 ref 1->2
0:00:00.016988122  2751 0x556b9faa4360 TRACE   GST_REFCOUNTING gstobject.c:208:gst_object_init: 0x556b9fac98c0 new
0:00:00.012489077  2752 0x555ef1d47360 TRACE   GST_REFCOUNTING gstobject.c:237:gst_object_ref: 0x555ef1d710b0 ref 1->2
0:00:00.016997591  2751 0x556b9faa4360 LOG   GST_REGISTRY gstregistrychunks.c:609:gst_registry_chunks_load_feature: Reading/casting for GstRegistryChunkElementFactory at address 0x556b9faca6c8
0:00:00.012496430  2752 0x555ef1d47360 DEBUG   GST_REGISTRY gstregistrychunks.c:264:gst_registry_chunks_save_feature: saved 0 interfaces 0 pad templates
