0:00:00.017005411  2751 0x556b9faa4360 TRACE   structure gststructure.c:287:gst_structure_new_id_empty_with_size: created structure 0x556b9facc380
0:00:00.017012377  2751 0x556b9faa4360 DEBUG   structure gststructure.c:2203:gst_structure_parse_field: trying field name 'long-name'
0:00:00.012507200  2752 0x555ef1d47360 DEBUG   GST_REGISTRY gstregistrychunks.c:264:gst_registry_chunks_save_feature: saved 0 interfaces 0 pad templates
0:00:00.012517398  2752 0x555ef1d47360 DEBUG   GST_REGISTRY gstregistrychunks.c:264:gst_registry_chunks_save_feature: saved 0 interfaces 0 pad templates
0:00:00.017023556  2751 0x556b9faa4360 DEBUG   default gstvalue.c:2676:_priv_gst_value_parse_value: trying type name 'string'
0:00:00.012526157  2752 0x555ef1d47360 DEBUG   GST_REGISTRY gstregistrychunks.c:264:gst_registry_chunks_save_feature: saved 1 interfaces 0 pad templates
0:00:00.017034961  2751 0x556b9faa4360 DEBUG   structure gststructure.c:2203:gst_structure_parse_field: trying field name 'klass'
0:00:00.012532729  2752 0x555ef1d47360 DEBUG   GST_REGISTRY gstregistrychunks.c:284:gst_registry_chunks_save_feature: Saved 1 UriTypes
0:00:00.017042503  2751 0x556b9faa4360 DEBUG   default gstvalue.c:2676:_priv_gst_value_parse_value: trying type name 'string'
0:00:00.012541856  2752 0x555ef1d47360 DEBUG   GST_REGISTRY gstregistrychunks.c:264:gst_registry_chunks_save_feature: saved 0 interfaces 0 pad templates
0:00:00.017049807  2751 0x556b9faa4360 DEBUG   structure gststructure.c:2203:gst_structure_parse_field: trying field name 'description'
0:00:00.012550545  2752 0x555ef1d47360 DEBUG   GST_REGISTRY gstregistrychunks.c:264:gst_registry_chunks_save_feature: saved 0 interfaces 0 pad templates
0:00:00.017056595  2751 0x556b9faa4360 DEBUG   default gstvalue.c:2676:_priv_gst_value_parse_value: trying type name 'string'
0:00:00.012559482  2752 0x555ef1d47360 DEBUG   GST_REGISTRY gstregistrychunks.c:264:gst_registry_chunks_save_feature: saved 0 interfaces 0 pad templates
0:00:00.017070155  2751 0x556b9faa4360 DEBUG   structure gststructure.c:2203:gst_structure_parse_field: trying field name 'author'
0:00:00.012568942  2752 0x555ef1d47360 DEBUG   GST_REGISTRY gstregistrychunks.c:264:gst_registry_chunks_save_feature: saved 1 interfaces 0 pad templates
0:00:00.017077005  2751 0x556b9faa4360 DEBUG   default gstvalue.c:2676:_priv_gst_value_parse_value: trying type name 'string'
0:00:00.012575441  2752 0x555ef1d47360 DEBUG   GST_REGISTRY gstregistrychunks.c:284:gst_registry_chunks_save_feature: Saved 1 UriTypes
0:00:00.017084580  2751 0x556b9faa4360 DEBUG   GST_REGISTRY gstregistrychunks.c:626:gst_registry_chunks_load_feature: Element factory : npadtemplates=2
0:00:00.012583999  2752 0x555ef1d47360 DEBUG   GST_REGISTRY gstregistrychunks.c:264:gst_registry_chunks_save_feature: saved 1 interfaces 0 pad templates
0:00:00.017091126  2751 0x556b9faa4360 DEBUG   GST_REGISTRY gstregistrychunks.c:525:gst_registry_chunks_load_pad_template: Reading/casting for GstRegistryChunkPadTemplate at address 0x556b9faca7a0
0:00:00.012590536  2752 0x555ef1d47360 DEBUG   GST_REGISTRY gstregistrychunks.c:284:gst_registry_chunks_save_feature: Saved 1 UriTypes
0:00:00.017099207  2751 0x556b9faa4360 DEBUG   GST_REGISTRY gstregistrychunks.c:539:gst_registry_chunks_load_pad_template: Added pad_template src_%u
0:00:00.012598858  2752 0x555ef1d47360 DEBUG   GST_REGISTRY gstregistrychunks.c:264:gst_registry_chunks_save_feature: saved 1 interfaces 0 pad templates
0:00:00.017105795  2751 0x556b9faa4360 DEBUG   GST_REGISTRY gstregistrychunks.c:525:gst_registry_chunks_load_pad_template: Reading/casting for GstRegistryChunkPadTemplate at address 0x556b9faca7b8
0:00:00.012605247  2752 0x555ef1d47360 DEBUG   GST_REGISTRY gstregistrychunks.c:284:gst_registry_chunks_save_feature: Saved 1 UriTypes
0:00:00.017113518  2751 0x556b9faa4360 DEBUG   GST_REGISTRY gstregistrychunks.c:539:gst_registry_chunks_load_pad_template: Added pad_template sink
0:00:00.012613504  2752 0x555ef1d47360 DEBUG   GST_REGISTRY gstregistrychunks.c:264:gst_registry_chunks_save_feature: saved 0 interfaces 0 pad templates
0:00:00.017121660  2751 0x556b9faa4360 DEBUG   GST_REGISTRY gstregistry.c:589:gst_registry_add_feature: adding feature 0x556b9fac98c0 (streamiddemux)
0:00:00.012622215  2752 0x555ef1d47360 DEBUG   GST_REGISTRY gstregistrychunks.c:264:gst_registry_chunks_save_feature: saved 0 interfaces 0 pad templates
0:00:00.017129692  2751 0x556b9faa4360 DEBUG   GST_REFCOUNTING gstobject.c:708:gst_object_set_parent: set parent (ref and sink)
0:00:00.012630660  2752 0x555ef1d47360 DEBUG   GST_REGISTRY gstregistrychunks.c:264:gst_registry_chunks_save_feature: saved 0 interfaces 0 pad templates
0:00:00.017138017  2751 0x556b9faa4360 TRACE   GST_REFCOUNTING gstobject.c:292:gst_object_ref_sink: 0x556b9fac98c0 ref_sink 1->2
0:00:00.017145481  2751 0x556b9faa4360 LOG   GST_REGISTRY gstregistry.c:607:gst_registry_add_feature: emitting feature-added for streamiddemux
0:00:00.012639989  2752 0x555ef1d47360 DEBUG   GST_REGISTRY gstregistrychunks.c:264:gst_registry_chunks_save_feature: saved 0 interfaces 0 pad templates
0:00:00.017156281  2751 0x556b9faa4360 DEBUG   GST_REGISTRY gstregistrychunks.c:740:gst_registry_chunks_load_feature: Added feature streamiddemux, plugin 0x556b9facc250 coreelements
0:00:00.012653928  2752 0x555ef1d47360 DEBUG   GST_REGISTRY gstregistrychunks.c:264:gst_registry_chunks_save_feature: saved 0 interfaces 0 pad templates
0:00:00.017163243  2751 0x556b9faa4360 DEBUG   GST_REGISTRY gstregistrychunks.c:582:gst_registry_chunks_load_feature: Plugin 'coreelements' feature 'valve' typename : 'GstElementFactory'
0:00:00.012662264  2752 0x555ef1d47360 DEBUG   GST_REGISTRY gstregistrychunks.c:264:gst_registry_chunks_save_feature: saved 0 interfaces 0 pad templates
0:00:00.017170449  2751 0x556b9faa4360 TRACE   GST_REFCOUNTING gstobject.c:208:gst_object_init: 0x556b9fad41f0 new
0:00:00.012670983  2752 0x555ef1d47360 DEBUG   GST_REGISTRY gstregistrychunks.c:264:gst_registry_chunks_save_feature: saved 1 interfaces 0 pad templates
0:00:00.017178023  2751 0x556b9faa4360 LOG   GST_REGISTRY gstregistrychunks.c:609:gst_registry_chunks_load_feature: Reading/casting for GstRegistryChunkElementFactory at address 0x556b9faca7e8
0:00:00.012677442  2752 0x555ef1d47360 DEBUG   GST_REGISTRY gstregistrychunks.c:284:gst_registry_chunks_save_feature: Saved 1 UriTypes
0:00:00.017186085  2751 0x556b9faa4360 TRACE   structure gststructure.c:287:gst_structure_new_id_empty_with_size: created structure 0x556b9facc660
0:00:00.012685968  2752 0x555ef1d47360 DEBUG   GST_REGISTRY gstregistrychunks.c:264:gst_registry_chunks_save_feature: saved 0 interfaces 0 pad templates
0:00:00.017192332  2751 0x556b9faa4360 DEBUG   structure gststructure.c:2203:gst_structure_parse_field: trying field name 'long-name'
0:00:00.012694674  2752 0x555ef1d47360 DEBUG   GST_REGISTRY gstregistrychunks.c:264:gst_registry_chunks_save_feature: saved 0 interfaces 0 pad templates
0:00:00.017200706  2751 0x556b9faa4360 DEBUG   default gstvalue.c:2676:_priv_gst_value_parse_value: trying type name 'string'
0:00:00.012703895  2752 0x555ef1d47360 DEBUG   GST_REGISTRY gstregistrychunks.c:264:gst_registry_chunks_save_feature: saved 0 interfaces 0 pad templates
0:00:00.017209963  2751 0x556b9faa4360 DEBUG   structure gststructure.c:2203:gst_structure_parse_field: trying field name 'klass'
0:00:00.017218140  2751 0x556b9faa4360 DEBUG   default gstvalue.c:2676:_priv_gst_value_parse_value: trying type name 'string'
0:00:00.012712480  2752 0x555ef1d47360 DEBUG   GST_REGISTRY gstregistrychunks.c:264:gst_registry_chunks_save_feature: saved 0 interfaces 0 pad templates
0:00:00.017224226  2751 0x556b9faa4360 DEBUG   structure gststructure.c:2203:gst_structure_parse_field: trying field name 'description'
0:00:00.012723161  2752 0x555ef1d47360 DEBUG   GST_REGISTRY gstregistrychunks.c:264:gst_registry_chunks_save_feature: saved 0 interfaces 0 pad templates
0:00:00.017230251  2751 0x556b9faa4360 DEBUG   default gstvalue.c:2676:_priv_gst_value_parse_value: trying type name 'string'
0:00:00.012733295  2752 0x555ef1d47360 TRACE   GST_REFCOUNTING gstobject.c:264:gst_object_unref: 0x555ef1d710b0 unref 2->1
0:00:00.017242730  2751 0x556b9faa4360 DEBUG   structure gststructure.c:2203:gst_structure_parse_field: trying field name 'author'
0:00:00.012741319  2752 0x555ef1d47360 TRACE   GST_REFCOUNTING gstobject.c:264:gst_object_unref: 0x555ef1d72fb0 unref 2->1
0:00:00.017248961  2751 0x556b9faa4360 DEBUG   default gstvalue.c:2676:_priv_gst_value_parse_value: trying type name 'string'
0:00:00.012748592  2752 0x555ef1d47360 TRACE   GST_REFCOUNTING gstobject.c:264:gst_object_unref: 0x555ef1d73c90 unref 2->1
0:00:00.017258804  2751 0x556b9faa4360 DEBUG   GST_REGISTRY gstregistrychunks.c:626:gst_registry_chunks_load_feature: Element factory : npadtemplates=2
0:00:00.012755585  2752 0x555ef1d47360 TRACE   GST_REFCOUNTING gstobject.c:264:gst_object_unref: 0x555ef1d74ad0 unref 2->1
0:00:00.017264960  2751 0x556b9faa4360 DEBUG   GST_REGISTRY gstregistrychunks.c:525:gst_registry_chunks_load_pad_template: Reading/casting for GstRegistryChunkPadTemplate at address 0x556b9faca8d8
0:00:00.012774203  2752 0x555ef1d47360 TRACE   GST_REFCOUNTING gstobject.c:264:gst_object_unref: 0x555ef1d76a70 unref 2->1
0:00:00.017284108  2751 0x556b9faa4360 DEBUG   GST_REGISTRY gstregistrychunks.c:539:gst_registry_chunks_load_pad_template: Added pad_template sink
0:00:00.012780982  2752 0x555ef1d47360 TRACE   GST_REFCOUNTING gstobject.c:264:gst_object_unref: 0x555ef1d77c40 unref 2->1
0:00:00.017289872  2751 0x556b9faa4360 DEBUG   GST_REGISTRY gstregistrychunks.c:525:gst_registry_chunks_load_pad_template: Reading/casting for GstRegistryChunkPadTemplate at address 0x556b9faca8f0
0:00:00.012787666  2752 0x555ef1d47360 TRACE   GST_REFCOUNTING gstobject.c:264:gst_object_unref: 0x555ef1d798b0 unref 2->1
0:00:00.017295822  2751 0x556b9faa4360 DEBUG   GST_REGISTRY gstregistrychunks.c:539:gst_registry_chunks_load_pad_template: Added pad_template src
0:00:00.012794394  2752 0x555ef1d47360 TRACE   GST_REFCOUNTING gstobject.c:264:gst_object_unref: 0x555ef1d7bea0 unref 2->1
0:00:00.017303108  2751 0x556b9faa4360 DEBUG   GST_REGISTRY gstregistry.c:589:gst_registry_add_feature: adding feature 0x556b9fad41f0 (valve)
0:00:00.012801085  2752 0x555ef1d47360 TRACE   GST_REFCOUNTING gstobject.c:264:gst_object_unref: 0x555ef1d7e350 unref 2->1
0:00:00.017309247  2751 0x556b9faa4360 DEBUG   GST_REFCOUNTING gstobject.c:708:gst_object_set_parent: set parent (ref and sink)
0:00:00.012807785  2752 0x555ef1d47360 TRACE   GST_REFCOUNTING gstobject.c:264:gst_object_unref: 0x555ef1d7f1b0 unref 2->1
0:00:00.017316405  2751 0x556b9faa4360 TRACE   GST_REFCOUNTING gstobject.c:292:gst_object_ref_sink: 0x556b9fad41f0 ref_sink 1->2
0:00:00.012814570  2752 0x555ef1d47360 TRACE   GST_REFCOUNTING gstobject.c:264:gst_object_unref: 0x555ef1d7ff90 unref 2->1
0:00:00.017323016  2751 0x556b9faa4360 LOG   GST_REGISTRY gstregistry.c:607:gst_registry_add_feature: emitting feature-added for valve
0:00:00.012821222  2752 0x555ef1d47360 TRACE   GST_REFCOUNTING gstobject.c:264:gst_object_unref: 0x555ef1d80ca0 unref 2->1
0:00:00.017333732  2751 0x556b9faa4360 DEBUG   GST_REGISTRY gstregistrychunks.c:740:gst_registry_chunks_load_feature: Added feature valve, plugin 0x556b9facc250 coreelements
0:00:00.012829962  2752 0x555ef1d47360 TRACE   GST_REFCOUNTING gstobject.c:264:gst_object_unref: 0x555ef1d821c0 unref 2->1
0:00:00.017340250  2751 0x556b9faa4360 DEBUG   GST_REGISTRY gstregistrychunks.c:582:gst_registry_chunks_load_feature: Plugin 'coreelements' feature 'multiqueue' typename : 'GstElementFactory'
0:00:00.012836867  2752 0x555ef1d47360 TRACE   GST_REFCOUNTING gstobject.c:264:gst_object_unref: 0x555ef1d83530 unref 2->1
0:00:00.017347140  2751 0x556b9faa4360 TRACE   GST_REFCOUNTING gstobject.c:208:gst_object_init: 0x556b9facc8b0 new
0:00:00.012843520  2752 0x555ef1d47360 TRACE   GST_REFCOUNTING gstobject.c:264:gst_object_unref: 0x555ef1d84650 unref 2->1
0:00:00.017354360  2751 0x556b9faa4360 LOG   GST_REGISTRY gstregistrychunks.c:609:gst_registry_chunks_load_feature: Reading/casting for GstRegistryChunkElementFactory at address 0x556b9faca920
0:00:00.012850707  2752 0x555ef1d47360 TRACE   GST_REFCOUNTING gstobject.c:264:gst_object_unref: 0x555ef1d86a00 unref 2->1
0:00:00.017374220  2751 0x556b9faa4360 TRACE   structure gststructure.c:287:gst_structure_new_id_empty_with_size: created structure 0x556b9facca30
0:00:00.012870777  2752 0x555ef1d47360 TRACE   GST_REFCOUNTING gstobject.c:264:gst_object_unref: 0x555ef1d881b0 unref 2->1
0:00:00.012879297  2752 0x555ef1d47360 TRACE   GST_REFCOUNTING gstobject.c:264:gst_object_unref: 0x555ef1d89630 unref 2->1
0:00:00.017383767  2751 0x556b9faa4360 DEBUG   structure gststructure.c:2203:gst_structure_parse_field: trying field name 'long-name'
0:00:00.012885507  2752 0x555ef1d47360 TRACE   GST_REFCOUNTING gstobject.c:264:gst_object_unref: 0x555ef1d8aa10 unref 2->1
0:00:00.017395711  2751 0x556b9faa4360 DEBUG   default gstvalue.c:2676:_priv_gst_value_parse_value: trying type name 'string'
0:00:00.012892168  2752 0x555ef1d47360 TRACE   GST_REFCOUNTING gstobject.c:264:gst_object_unref: 0x555ef1d8ba00 unref 2->1
0:00:00.017405450  2751 0x556b9faa4360 DEBUG   structure gststructure.c:2203:gst_structure_parse_field: trying field name 'klass'
0:00:00.012901086  2752 0x555ef1d47360 TRACE   GST_REFCOUNTING gstobject.c:264:gst_object_unref: 0x555ef1d8d4e0 unref 2->1
0:00:00.017412545  2751 0x556b9faa4360 DEBUG   default gstvalue.c:2676:_priv_gst_value_parse_value: trying type name 'string'
0:00:00.012909507  2752 0x555ef1d47360 TRACE   GST_REFCOUNTING gstobject.c:264:gst_object_unref: 0x555ef1d8e1d0 unref 2->1
0:00:00.017419047  2751 0x556b9faa4360 DEBUG   structure gststructure.c:2203:gst_structure_parse_field: trying field name 'description'
0:00:00.012917785  2752 0x555ef1d47360 DEBUG   GST_REGISTRY gstregistrychunks.c:497:_priv_gst_registry_chunks_save_plugin: Found 22 features in plugin 0x555ef1d6f670 (coreelements)
0:00:00.017425219  2751 0x556b9faa4360 DEBUG   default gstvalue.c:2676:_priv_gst_value_parse_value: trying type name 'string'
0:00:00.012924632  2752 0x555ef1d47360 DEBUG   GST_POLL gstpoll.c:979:gst_poll_fd_ctl_write: 0x555ef1d6b970: fd (fd:0, idx:1), active : 1
0:00:00.017437301  2751 0x556b9faa4360 DEBUG   structure gststructure.c:2203:gst_structure_parse_field: trying field name 'author'
0:00:00.012933822  2752 0x555ef1d47360 LOG   GST_POLL gstpoll.c:994:gst_poll_fd_ctl_write: 0x555ef1d6b970: pfd->events now 60 (POLLOUT:4)
0:00:00.017443531  2751 0x556b9faa4360 DEBUG   default gstvalue.c:2676:_priv_gst_value_parse_value: trying type name 'string'
0:00:00.012940480  2752 0x555ef1d47360 DEBUG   GST_POLL gstpoll.c:979:gst_poll_fd_ctl_write: 0x555ef1d6b970: fd (fd:0, idx:1), active : 1
0:00:00.017450485  2751 0x556b9faa4360 DEBUG   GST_REGISTRY gstregistrychunks.c:626:gst_registry_chunks_load_feature: Element factory : npadtemplates=2
0:00:00.012946511  2752 0x555ef1d47360 LOG   GST_POLL gstpoll.c:994:gst_poll_fd_ctl_write: 0x555ef1d6b970: pfd->events now 60 (POLLOUT:4)
0:00:00.017456515  2751 0x556b9faa4360 DEBUG   GST_REGISTRY gstregistrychunks.c:525:gst_registry_chunks_load_pad_template: Reading/casting for GstRegistryChunkPadTemplate at address 0x556b9faca9e0
0:00:00.012954020  2752 0x555ef1d47360 DEBUG   GST_POLL gstpoll.c:979:gst_poll_fd_ctl_write: 0x555ef1d6b970: fd (fd:0, idx:1), active : 1
0:00:00.017462581  2751 0x556b9faa4360 DEBUG   GST_REGISTRY gstregistrychunks.c:539:gst_registry_chunks_load_pad_template: Added pad_template src_%u
0:00:00.012959989  2752 0x555ef1d47360 LOG   GST_POLL gstpoll.c:994:gst_poll_fd_ctl_write: 0x555ef1d6b970: pfd->events now 60 (POLLOUT:4)
0:00:00.017468313  2751 0x556b9faa4360 DEBUG   GST_REGISTRY gstregistrychunks.c:525:gst_registry_chunks_load_pad_template: Reading/casting for GstRegistryChunkPadTemplate at address 0x556b9faca9f8
0:00:00.012966242  2752 0x555ef1d47360 DEBUG   GST_POLL gstpoll.c:979:gst_poll_fd_ctl_write: 0x555ef1d6b970: fd (fd:0, idx:1), active : 1
0:00:00.017474482  2751 0x556b9faa4360 DEBUG   GST_REGISTRY gstregistrychunks.c:539:gst_registry_chunks_load_pad_template: Added pad_template sink_%u
0:00:00.012972240  2752 0x555ef1d47360 LOG   GST_POLL gstpoll.c:994:gst_poll_fd_ctl_write: 0x555ef1d6b970: pfd->events now 60 (POLLOUT:4)
0:00:00.017481898  2751 0x556b9faa4360 DEBUG   GST_REGISTRY gstregistry.c:589:gst_registry_add_feature: adding feature 0x556b9facc8b0 (multiqueue)
0:00:00.012978442  2752 0x555ef1d47360 DEBUG   GST_POLL gstpoll.c:979:gst_poll_fd_ctl_write: 0x555ef1d6b970: fd (fd:0, idx:1), active : 1
0:00:00.017488012  2751 0x556b9faa4360 DEBUG   GST_REFCOUNTING gstobject.c:708:gst_object_set_parent: set parent (ref and sink)
0:00:00.012984350  2752 0x555ef1d47360 LOG   GST_POLL gstpoll.c:994:gst_poll_fd_ctl_write: 0x555ef1d6b970: pfd->events now 60 (POLLOUT:4)
0:00:00.017495612  2751 0x556b9faa4360 TRACE   GST_REFCOUNTING gstobject.c:292:gst_object_ref_sink: 0x556b9facc8b0 ref_sink 1->2
0:00:00.012991557  2752 0x555ef1d47360 DEBUG   GST_POLL gstpoll.c:979:gst_poll_fd_ctl_write: 0x555ef1d6b970: fd (fd:0, idx:1), active : 1
0:00:00.017502197  2751 0x556b9faa4360 LOG   GST_REGISTRY gstregistry.c:607:gst_registry_add_feature: emitting feature-added for multiqueue
0:00:00.013003035  2752 0x555ef1d47360 LOG   GST_POLL gstpoll.c:994:gst_poll_fd_ctl_write: 0x555ef1d6b970: pfd->events now 60 (POLLOUT:4)
0:00:00.017511955  2751 0x556b9faa4360 DEBUG   GST_REGISTRY gstregistrychunks.c:740:gst_registry_chunks_load_feature: Added feature multiqueue, plugin 0x556b9facc250 coreelements
0:00:00.013009260  2752 0x555ef1d47360 DEBUG   GST_POLL gstpoll.c:979:gst_poll_fd_ctl_write: 0x555ef1d6b970: fd (fd:0, idx:1), active : 1
0:00:00.017518511  2751 0x556b9faa4360 DEBUG   GST_REGISTRY gstregistrychunks.c:582:gst_registry_chunks_load_feature: Plugin 'coreelements' feature 'typefind' typename : 'GstElementFactory'
0:00:00.013015214  2752 0x555ef1d47360 LOG   GST_POLL gstpoll.c:994:gst_poll_fd_ctl_write: 0x555ef1d6b970: pfd->events now 60 (POLLOUT:4)
0:00:00.017525837  2751 0x556b9faa4360 TRACE   GST_REFCOUNTING gstobject.c:208:gst_object_init: 0x556b9facccb0 new
0:00:00.013021505  2752 0x555ef1d47360 DEBUG   GST_POLL gstpoll.c:979:gst_poll_fd_ctl_write: 0x555ef1d6b970: fd (fd:0, idx:1), active : 1
0:00:00.017533377  2751 0x556b9faa4360 LOG   GST_REGISTRY gstregistrychunks.c:609:gst_registry_chunks_load_feature: Reading/casting for GstRegistryChunkElementFactory at address 0x556b9facaa28
0:00:00.013028949  2752 0x555ef1d47360 LOG   GST_POLL gstpoll.c:994:gst_poll_fd_ctl_write: 0x555ef1d6b970: pfd->events now 60 (POLLOUT:4)
0:00:00.013036333  2752 0x555ef1d47360 DEBUG   GST_POLL gstpoll.c:979:gst_poll_fd_ctl_write: 0x555ef1d6b970: fd (fd:0, idx:1), active : 1
0:00:00.017542803  2751 0x556b9faa4360 TRACE   structure gststructure.c:287:gst_structure_new_id_empty_with_size: created structure 0x556b9faccee0
0:00:00.013041992  2752 0x555ef1d47360 LOG   GST_POLL gstpoll.c:994:gst_poll_fd_ctl_write: 0x555ef1d6b970: pfd->events now 60 (POLLOUT:4)
0:00:00.017549906  2751 0x556b9faa4360 DEBUG   structure gststructure.c:2203:gst_structure_parse_field: trying field name 'long-name'
0:00:00.013048177  2752 0x555ef1d47360 DEBUG   GST_POLL gstpoll.c:979:gst_poll_fd_ctl_write: 0x555ef1d6b970: fd (fd:0, idx:1), active : 1
0:00:00.017556022  2751 0x556b9faa4360 DEBUG   default gstvalue.c:2676:_priv_gst_value_parse_value: trying type name 'string'
0:00:00.013054247  2752 0x555ef1d47360 LOG   GST_POLL gstpoll.c:994:gst_poll_fd_ctl_write: 0x555ef1d6b970: pfd->events now 60 (POLLOUT:4)
0:00:00.017562379  2751 0x556b9faa4360 DEBUG   structure gststructure.c:2203:gst_structure_parse_field: trying field name 'klass'
0:00:00.013060428  2752 0x555ef1d47360 DEBUG   GST_POLL gstpoll.c:979:gst_poll_fd_ctl_write: 0x555ef1d6b970: fd (fd:0, idx:1), active : 1
0:00:00.017568425  2751 0x556b9faa4360 DEBUG   default gstvalue.c:2676:_priv_gst_value_parse_value: trying type name 'string'
0:00:00.013066379  2752 0x555ef1d47360 LOG   GST_POLL gstpoll.c:994:gst_poll_fd_ctl_write: 0x555ef1d6b970: pfd->events now 60 (POLLOUT:4)
0:00:00.017574943  2751 0x556b9faa4360 DEBUG   structure gststructure.c:2203:gst_structure_parse_field: trying field name 'description'
0:00:00.013072627  2752 0x555ef1d47360 DEBUG   GST_POLL gstpoll.c:979:gst_poll_fd_ctl_write: 0x555ef1d6b970: fd (fd:0, idx:1), active : 1
0:00:00.017584722  2751 0x556b9faa4360 DEBUG   default gstvalue.c:2676:_priv_gst_value_parse_value: trying type name 'string'
0:00:00.013081585  2752 0x555ef1d47360 LOG   GST_POLL gstpoll.c:994:gst_poll_fd_ctl_write: 0x555ef1d6b970: pfd->events now 60 (POLLOUT:4)
0:00:00.017591385  2751 0x556b9faa4360 DEBUG   structure gststructure.c:2203:gst_structure_parse_field: trying field name 'author'
0:00:00.013087947  2752 0x555ef1d47360 DEBUG   GST_POLL gstpoll.c:979:gst_poll_fd_ctl_write: 0x555ef1d6b970: fd (fd:0, idx:1), active : 1
0:00:00.017597300  2751 0x556b9faa4360 DEBUG   default gstvalue.c:2676:_priv_gst_value_parse_value: trying type name 'string'
0:00:00.013094066  2752 0x555ef1d47360 LOG   GST_POLL gstpoll.c:994:gst_poll_fd_ctl_write: 0x555ef1d6b970: pfd->events now 60 (POLLOUT:4)
0:00:00.017604187  2751 0x556b9faa4360 DEBUG   GST_REGISTRY gstregistrychunks.c:626:gst_registry_chunks_load_feature: Element factory : npadtemplates=2
0:00:00.013100245  2752 0x555ef1d47360 DEBUG   GST_POLL gstpoll.c:979:gst_poll_fd_ctl_write: 0x555ef1d6b970: fd (fd:0, idx:1), active : 1
0:00:00.017610294  2751 0x556b9faa4360 DEBUG   GST_REGISTRY gstregistrychunks.c:525:gst_registry_chunks_load_pad_template: Reading/casting for GstRegistryChunkPadTemplate at address 0x556b9facab00
0:00:00.013106885  2752 0x555ef1d47360 LOG   GST_POLL gstpoll.c:994:gst_poll_fd_ctl_write: 0x555ef1d6b970: pfd->events now 60 (POLLOUT:4)
0:00:00.017616081  2751 0x556b9faa4360 DEBUG   GST_REGISTRY gstregistrychunks.c:539:gst_registry_chunks_load_pad_template: Added pad_template sink
0:00:00.013113202  2752 0x555ef1d47360 DEBUG   GST_POLL gstpoll.c:979:gst_poll_fd_ctl_write: 0x555ef1d6b970: fd (fd:0, idx:1), active : 1
0:00:00.017621775  2751 0x556b9faa4360 DEBUG   GST_REGISTRY gstregistrychunks.c:525:gst_registry_chunks_load_pad_template: Reading/casting for GstRegistryChunkPadTemplate at address 0x556b9facab18
0:00:00.013119148  2752 0x555ef1d47360 LOG   GST_POLL gstpoll.c:994:gst_poll_fd_ctl_write: 0x555ef1d6b970: pfd->events now 60 (POLLOUT:4)
0:00:00.017627503  2751 0x556b9faa4360 DEBUG   GST_REGISTRY gstregistrychunks.c:539:gst_registry_chunks_load_pad_template: Added pad_template src
0:00:00.013125449  2752 0x555ef1d47360 DEBUG   GST_POLL gstpoll.c:979:gst_poll_fd_ctl_write: 0x555ef1d6b970: fd (fd:0, idx:1), active : 1
0:00:00.017634672  2751 0x556b9faa4360 DEBUG   GST_REGISTRY gstregistry.c:589:gst_registry_add_feature: adding feature 0x556b9facccb0 (typefind)
0:00:00.013131450  2752 0x555ef1d47360 LOG   GST_POLL gstpoll.c:994:gst_poll_fd_ctl_write: 0x555ef1d6b970: pfd->events now 60 (POLLOUT:4)
0:00:00.017640710  2751 0x556b9faa4360 DEBUG   GST_REFCOUNTING gstobject.c:708:gst_object_set_parent: set parent (ref and sink)
0:00:00.013138007  2752 0x555ef1d47360 DEBUG   GST_POLL gstpoll.c:979:gst_poll_fd_ctl_write: 0x555ef1d6b970: fd (fd:0, idx:1), active : 1
0:00:00.017647976  2751 0x556b9faa4360 TRACE   GST_REFCOUNTING gstobject.c:292:gst_object_ref_sink: 0x556b9facccb0 ref_sink 1->2
0:00:00.013144109  2752 0x555ef1d47360 LOG   GST_POLL gstpoll.c:994:gst_poll_fd_ctl_write: 0x555ef1d6b970: pfd->events now 60 (POLLOUT:4)
0:00:00.017661693  2751 0x556b9faa4360 LOG   GST_REGISTRY gstregistry.c:607:gst_registry_add_feature: emitting feature-added for typefind
0:00:00.013158508  2752 0x555ef1d47360 DEBUG   GST_POLL gstpoll.c:979:gst_poll_fd_ctl_write: 0x555ef1d6b970: fd (fd:0, idx:1), active : 1
0:00:00.017668706  2751 0x556b9faa4360 DEBUG   GST_REGISTRY gstregistrychunks.c:740:gst_registry_chunks_load_feature: Added feature typefind, plugin 0x556b9facc250 coreelements
0:00:00.013164682  2752 0x555ef1d47360 LOG   GST_POLL gstpoll.c:994:gst_poll_fd_ctl_write: 0x555ef1d6b970: pfd->events now 60 (POLLOUT:4)
0:00:00.017675352  2751 0x556b9faa4360 DEBUG   GST_REGISTRY gstregistrychunks.c:582:gst_registry_chunks_load_feature: Plugin 'coreelements' feature 'tee' typename : 'GstElementFactory'
0:00:00.013171625  2752 0x555ef1d47360 DEBUG   GST_POLL gstpoll.c:979:gst_poll_fd_ctl_write: 0x555ef1d6b970: fd (fd:0, idx:1), active : 1
0:00:00.017682375  2751 0x556b9faa4360 TRACE   GST_REFCOUNTING gstobject.c:208:gst_object_init: 0x556b9facd180 new
0:00:00.013181793  2752 0x555ef1d47360 LOG   GST_POLL gstpoll.c:994:gst_poll_fd_ctl_write: 0x555ef1d6b970: pfd->events now 60 (POLLOUT:4)
0:00:00.017689375  2751 0x556b9faa4360 LOG   GST_REGISTRY gstregistrychunks.c:609:gst_registry_chunks_load_feature: Reading/casting for GstRegistryChunkElementFactory at address 0x556b9facab40
0:00:00.013188311  2752 0x555ef1d47360 DEBUG   GST_POLL gstpoll.c:979:gst_poll_fd_ctl_write: 0x555ef1d6b970: fd (fd:0, idx:1), active : 1
0:00:00.017695940  2751 0x556b9faa4360 TRACE   structure gststructure.c:287:gst_structure_new_id_empty_with_size: created structure 0x556b9facd3c0
0:00:00.013194658  2752 0x555ef1d47360 LOG   GST_POLL gstpoll.c:994:gst_poll_fd_ctl_write: 0x555ef1d6b970: pfd->events now 60 (POLLOUT:4)
0:00:00.017702322  2751 0x556b9faa4360 DEBUG   structure gststructure.c:2203:gst_structure_parse_field: trying field name 'long-name'
0:00:00.013201097  2752 0x555ef1d47360 DEBUG   GST_POLL gstpoll.c:979:gst_poll_fd_ctl_write: 0x555ef1d6b970: fd (fd:0, idx:1), active : 1
0:00:00.017708342  2751 0x556b9faa4360 DEBUG   default gstvalue.c:2676:_priv_gst_value_parse_value: trying type name 'string'
0:00:00.013207270  2752 0x555ef1d47360 LOG   GST_POLL gstpoll.c:994:gst_poll_fd_ctl_write: 0x555ef1d6b970: pfd->events now 60 (POLLOUT:4)
0:00:00.017715440  2751 0x556b9faa4360 DEBUG   structure gststructure.c:2203:gst_structure_parse_field: trying field name 'klass'
0:00:00.013213675  2752 0x555ef1d47360 DEBUG   GST_POLL gstpoll.c:979:gst_poll_fd_ctl_write: 0x555ef1d6b970: fd (fd:0, idx:1), active : 1
0:00:00.017721384  2751 0x556b9faa4360 DEBUG   default gstvalue.c:2676:_priv_gst_value_parse_value: trying type name 'string'
0:00:00.013219726  2752 0x555ef1d47360 LOG   GST_POLL gstpoll.c:994:gst_poll_fd_ctl_write: 0x555ef1d6b970: pfd->events now 60 (POLLOUT:4)
0:00:00.017727675  2751 0x556b9faa4360 DEBUG   structure gststructure.c:2203:gst_structure_parse_field: trying field name 'description'
0:00:00.013226043  2752 0x555ef1d47360 DEBUG   GST_POLL gstpoll.c:979:gst_poll_fd_ctl_write: 0x555ef1d6b970: fd (fd:0, idx:1), active : 1
0:00:00.017737338  2751 0x556b9faa4360 DEBUG   default gstvalue.c:2676:_priv_gst_value_parse_value: trying type name 'string'
0:00:00.013234375  2752 0x555ef1d47360 LOG   GST_POLL gstpoll.c:994:gst_poll_fd_ctl_write: 0x555ef1d6b970: pfd->events now 60 (POLLOUT:4)
0:00:00.017743931  2751 0x556b9faa4360 DEBUG   structure gststructure.c:2203:gst_structure_parse_field: trying field name 'author'
0:00:00.013240792  2752 0x555ef1d47360 DEBUG   GST_POLL gstpoll.c:979:gst_poll_fd_ctl_write: 0x555ef1d6b970: fd (fd:0, idx:1), active : 1
0:00:00.017749967  2751 0x556b9faa4360 DEBUG   default gstvalue.c:2676:_priv_gst_value_parse_value: trying type name 'string'
0:00:00.013246849  2752 0x555ef1d47360 LOG   GST_POLL gstpoll.c:994:gst_poll_fd_ctl_write: 0x555ef1d6b970: pfd->events now 60 (POLLOUT:4)
0:00:00.017756873  2751 0x556b9faa4360 DEBUG   GST_REGISTRY gstregistrychunks.c:626:gst_registry_chunks_load_feature: Element factory : npadtemplates=2
0:00:00.013253322  2752 0x555ef1d47360 DEBUG   GST_POLL gstpoll.c:979:gst_poll_fd_ctl_write: 0x555ef1d6b970: fd (fd:0, idx:1), active : 1
0:00:00.017762774  2751 0x556b9faa4360 DEBUG   GST_REGISTRY gstregistrychunks.c:525:gst_registry_chunks_load_pad_template: Reading/casting for GstRegistryChunkPadTemplate at address 0x556b9facac30
0:00:00.013259533  2752 0x555ef1d47360 LOG   GST_POLL gstpoll.c:994:gst_poll_fd_ctl_write: 0x555ef1d6b970: pfd->events now 60 (POLLOUT:4)
0:00:00.017768682  2751 0x556b9faa4360 DEBUG   GST_REGISTRY gstregistrychunks.c:539:gst_registry_chunks_load_pad_template: Added pad_template src_%u
0:00:00.013266007  2752 0x555ef1d47360 DEBUG   GST_POLL gstpoll.c:979:gst_poll_fd_ctl_write: 0x555ef1d6b970: fd (fd:0, idx:1), active : 1
0:00:00.017774420  2751 0x556b9faa4360 DEBUG   GST_REGISTRY gstregistrychunks.c:525:gst_registry_chunks_load_pad_template: Reading/casting for GstRegistryChunkPadTemplate at address 0x556b9facac48
0:00:00.013272161  2752 0x555ef1d47360 LOG   GST_POLL gstpoll.c:994:gst_poll_fd_ctl_write: 0x555ef1d6b970: pfd->events now 60 (POLLOUT:4)
0:00:00.017780076  2751 0x556b9faa4360 DEBUG   GST_REGISTRY gstregistrychunks.c:539:gst_registry_chunks_load_pad_template: Added pad_template sink
0:00:00.013278644  2752 0x555ef1d47360 DEBUG   GST_POLL gstpoll.c:979:gst_poll_fd_ctl_write: 0x555ef1d6b970: fd (fd:0, idx:1), active : 1
0:00:00.017787075  2751 0x556b9faa4360 DEBUG   GST_REGISTRY gstregistry.c:589:gst_registry_add_feature: adding feature 0x556b9facd180 (tee)
0:00:00.013284776  2752 0x555ef1d47360 LOG   GST_POLL gstpoll.c:994:gst_poll_fd_ctl_write: 0x555ef1d6b970: pfd->events now 60 (POLLOUT:4)
0:00:00.017793369  2751 0x556b9faa4360 DEBUG   GST_REFCOUNTING gstobject.c:708:gst_object_set_parent: set parent (ref and sink)
0:00:00.013291151  2752 0x555ef1d47360 DEBUG   GST_POLL gstpoll.c:979:gst_poll_fd_ctl_write: 0x555ef1d6b970: fd (fd:0, idx:1), active : 1
0:00:00.017800435  2751 0x556b9faa4360 TRACE   GST_REFCOUNTING gstobject.c:292:gst_object_ref_sink: 0x556b9facd180 ref_sink 1->2
0:00:00.013297340  2752 0x555ef1d47360 LOG   GST_POLL gstpoll.c:994:gst_poll_fd_ctl_write: 0x555ef1d6b970: pfd->events now 60 (POLLOUT:4)
0:00:00.017811245  2751 0x556b9faa4360 LOG   GST_REGISTRY gstregistry.c:607:gst_registry_add_feature: emitting feature-added for tee
0:00:00.013308101  2752 0x555ef1d47360 DEBUG   GST_POLL gstpoll.c:979:gst_poll_fd_ctl_write: 0x555ef1d6b970: fd (fd:0, idx:1), active : 1
0:00:00.017818100  2751 0x556b9faa4360 DEBUG   GST_REGISTRY gstregistrychunks.c:740:gst_registry_chunks_load_feature: Added feature tee, plugin 0x556b9facc250 coreelements
0:00:00.013314248  2752 0x555ef1d47360 LOG   GST_POLL gstpoll.c:994:gst_poll_fd_ctl_write: 0x555ef1d6b970: pfd->events now 60 (POLLOUT:4)
0:00:00.017824541  2751 0x556b9faa4360 DEBUG   GST_REGISTRY gstregistrychunks.c:582:gst_registry_chunks_load_feature: Plugin 'coreelements' feature 'filesink' typename : 'GstElementFactory'
0:00:00.013320965  2752 0x555ef1d47360 DEBUG   GST_POLL gstpoll.c:979:gst_poll_fd_ctl_write: 0x555ef1d6b970: fd (fd:0, idx:1), active : 1
0:00:00.017831383  2751 0x556b9faa4360 TRACE   GST_REFCOUNTING gstobject.c:208:gst_object_init: 0x556b9facd6f0 new
0:00:00.013327104  2752 0x555ef1d47360 LOG   GST_POLL gstpoll.c:994:gst_poll_fd_ctl_write: 0x555ef1d6b970: pfd->events now 60 (POLLOUT:4)
0:00:00.017838436  2751 0x556b9faa4360 LOG   GST_REGISTRY gstregistrychunks.c:609:gst_registry_chunks_load_feature: Reading/casting for GstRegistryChunkElementFactory at address 0x556b9facac78
0:00:00.013334875  2752 0x555ef1d47360 DEBUG   GST_POLL gstpoll.c:979:gst_poll_fd_ctl_write: 0x555ef1d6b970: fd (fd:0, idx:1), active : 1
0:00:00.013341133  2752 0x555ef1d47360 LOG   GST_POLL gstpoll.c:994:gst_poll_fd_ctl_write: 0x555ef1d6b970: pfd->events now 60 (POLLOUT:4)
0:00:00.017850997  2751 0x556b9faa4360 TRACE   structure gststructure.c:287:gst_structure_new_id_empty_with_size: created structure 0x556b9facd9f0
0:00:00.013347027  2752 0x555ef1d47360 DEBUG   GST_POLL gstpoll.c:979:gst_poll_fd_ctl_write: 0x555ef1d6b970: fd (fd:0, idx:1), active : 1
0:00:00.017857382  2751 0x556b9faa4360 DEBUG   structure gststructure.c:2203:gst_structure_parse_field: trying field name 'long-name'
0:00:00.013354036  2752 0x555ef1d47360 LOG   GST_POLL gstpoll.c:994:gst_poll_fd_ctl_write: 0x555ef1d6b970: pfd->events now 60 (POLLOUT:4)
0:00:00.017863307  2751 0x556b9faa4360 DEBUG   default gstvalue.c:2676:_priv_gst_value_parse_value: trying type name 'string'
0:00:00.013360353  2752 0x555ef1d47360 DEBUG   GST_POLL gstpoll.c:979:gst_poll_fd_ctl_write: 0x555ef1d6b970: fd (fd:0, idx:1), active : 1
0:00:00.017869660  2751 0x556b9faa4360 DEBUG   structure gststructure.c:2203:gst_structure_parse_field: trying field name 'klass'
0:00:00.013366395  2752 0x555ef1d47360 LOG   GST_POLL gstpoll.c:994:gst_poll_fd_ctl_write: 0x555ef1d6b970: pfd->events now 60 (POLLOUT:4)
0:00:00.017875777  2751 0x556b9faa4360 DEBUG   default gstvalue.c:2676:_priv_gst_value_parse_value: trying type name 'string'
0:00:00.013372707  2752 0x555ef1d47360 DEBUG   GST_POLL gstpoll.c:979:gst_poll_fd_ctl_write: 0x555ef1d6b970: fd (fd:0, idx:1), active : 1
0:00:00.017882239  2751 0x556b9faa4360 DEBUG   structure gststructure.c:2203:gst_structure_parse_field: trying field name 'description'
0:00:00.013382638  2752 0x555ef1d47360 LOG   GST_POLL gstpoll.c:994:gst_poll_fd_ctl_write: 0x555ef1d6b970: pfd->events now 60 (POLLOUT:4)
0:00:00.017890245  2751 0x556b9faa4360 DEBUG   default gstvalue.c:2676:_priv_gst_value_parse_value: trying type name 'string'
0:00:00.013389167  2752 0x555ef1d47360 DEBUG   GST_POLL gstpoll.c:979:gst_poll_fd_ctl_write: 0x555ef1d6b970: fd (fd:0, idx:1), active : 1
0:00:00.017897047  2751 0x556b9faa4360 DEBUG   structure gststructure.c:2203:gst_structure_parse_field: trying field name 'author'
0:00:00.013395362  2752 0x555ef1d47360 LOG   GST_POLL gstpoll.c:994:gst_poll_fd_ctl_write: 0x555ef1d6b970: pfd->events now 60 (POLLOUT:4)
0:00:00.017902777  2751 0x556b9faa4360 DEBUG   default gstvalue.c:2676:_priv_gst_value_parse_value: trying type name 'string'
0:00:00.013401862  2752 0x555ef1d47360 DEBUG   GST_POLL gstpoll.c:979:gst_poll_fd_ctl_write: 0x555ef1d6b970: fd (fd:0, idx:1), active : 1
0:00:00.017909905  2751 0x556b9faa4360 DEBUG   GST_REGISTRY gstregistrychunks.c:626:gst_registry_chunks_load_feature: Element factory : npadtemplates=1
0:00:00.013408040  2752 0x555ef1d47360 LOG   GST_POLL gstpoll.c:994:gst_poll_fd_ctl_write: 0x555ef1d6b970: pfd->events now 60 (POLLOUT:4)
0:00:00.017915820  2751 0x556b9faa4360 DEBUG   GST_REGISTRY gstregistrychunks.c:525:gst_registry_chunks_load_pad_template: Reading/casting for GstRegistryChunkPadTemplate at address 0x556b9facad58
0:00:00.013414546  2752 0x555ef1d47360 DEBUG   GST_POLL gstpoll.c:979:gst_poll_fd_ctl_write: 0x555ef1d6b970: fd (fd:0, idx:1), active : 1
0:00:00.017921556  2751 0x556b9faa4360 DEBUG   GST_REGISTRY gstregistrychunks.c:539:gst_registry_chunks_load_pad_template: Added pad_template sink
0:00:00.013420870  2752 0x555ef1d47360 LOG   GST_POLL gstpoll.c:994:gst_poll_fd_ctl_write: 0x555ef1d6b970: pfd->events now 60 (POLLOUT:4)
0:00:00.017929035  2751 0x556b9faa4360 DEBUG   GST_REGISTRY gstregistrychunks.c:639:gst_registry_chunks_load_feature: Reading 1 UriTypes at address 0x556b9facad69
0:00:00.013427347  2752 0x555ef1d47360 DEBUG   GST_POLL gstpoll.c:979:gst_poll_fd_ctl_write: 0x555ef1d6b970: fd (fd:0, idx:1), active : 1
0:00:00.017936435  2751 0x556b9faa4360 DEBUG   GST_REGISTRY gstregistrychunks.c:654:gst_registry_chunks_load_feature: Reading 1 Interfaces at address 0x556b9facad79
0:00:00.013433455  2752 0x555ef1d47360 LOG   GST_POLL gstpoll.c:994:gst_poll_fd_ctl_write: 0x555ef1d6b970: pfd->events now 60 (POLLOUT:4)
0:00:00.017943680  2751 0x556b9faa4360 DEBUG   GST_REGISTRY gstregistry.c:589:gst_registry_add_feature: adding feature 0x556b9facd6f0 (filesink)
0:00:00.013439857  2752 0x555ef1d47360 DEBUG   GST_POLL gstpoll.c:979:gst_poll_fd_ctl_write: 0x555ef1d6b970: fd (fd:0, idx:1), active : 1
0:00:00.017949746  2751 0x556b9faa4360 DEBUG   GST_REFCOUNTING gstobject.c:708:gst_object_set_parent: set parent (ref and sink)
0:00:00.013446513  2752 0x555ef1d47360 LOG   GST_POLL gstpoll.c:994:gst_poll_fd_ctl_write: 0x555ef1d6b970: pfd->events now 60 (POLLOUT:4)
0:00:00.017957102  2751 0x556b9faa4360 TRACE   GST_REFCOUNTING gstobject.c:292:gst_object_ref_sink: 0x556b9facd6f0 ref_sink 1->2
0:00:00.013456998  2752 0x555ef1d47360 DEBUG   GST_POLL gstpoll.c:979:gst_poll_fd_ctl_write: 0x555ef1d6b970: fd (fd:0, idx:1), active : 1
0:00:00.017964641  2751 0x556b9faa4360 LOG   GST_REGISTRY gstregistry.c:607:gst_registry_add_feature: emitting feature-added for filesink
0:00:00.013463586  2752 0x555ef1d47360 LOG   GST_POLL gstpoll.c:994:gst_poll_fd_ctl_write: 0x555ef1d6b970: pfd->events now 60 (POLLOUT:4)
0:00:00.017972131  2751 0x556b9faa4360 DEBUG   GST_REGISTRY gstregistrychunks.c:740:gst_registry_chunks_load_feature: Added feature filesink, plugin 0x556b9facc250 coreelements
0:00:00.013470062  2752 0x555ef1d47360 DEBUG   GST_POLL gstpoll.c:979:gst_poll_fd_ctl_write: 0x555ef1d6b970: fd (fd:0, idx:1), active : 1
0:00:00.017978349  2751 0x556b9faa4360 DEBUG   GST_REGISTRY gstregistrychunks.c:582:gst_registry_chunks_load_feature: Plugin 'coreelements' feature 'queue2' typename : 'GstElementFactory'
0:00:00.013476268  2752 0x555ef1d47360 LOG   GST_POLL gstpoll.c:994:gst_poll_fd_ctl_write: 0x555ef1d6b970: pfd->events now 60 (POLLOUT:4)
0:00:00.017985258  2751 0x556b9faa4360 TRACE   GST_REFCOUNTING gstobject.c:208:gst_object_init: 0x556b9facdde0 new
0:00:00.013482680  2752 0x555ef1d47360 DEBUG   GST_POLL gstpoll.c:979:gst_poll_fd_ctl_write: 0x555ef1d6b970: fd (fd:0, idx:1), active : 1
0:00:00.017992332  2751 0x556b9faa4360 LOG   GST_REGISTRY gstregistrychunks.c:609:gst_registry_chunks_load_feature: Reading/casting for GstRegistryChunkElementFactory at address 0x556b9facada0
0:00:00.013488717  2752 0x555ef1d47360 LOG   GST_POLL gstpoll.c:994:gst_poll_fd_ctl_write: 0x555ef1d6b970: pfd->events now 60 (POLLOUT:4)
0:00:00.013495251  2752 0x555ef1d47360 DEBUG   GST_POLL gstpoll.c:979:gst_poll_fd_ctl_write: 0x555ef1d6b970: fd (fd:0, idx:1), active : 1
0:00:00.018001545  2751 0x556b9faa4360 TRACE   structure gststructure.c:287:gst_structure_new_id_empty_with_size: created structure 0x556b9facdf60
0:00:00.013500964  2752 0x555ef1d47360 LOG   GST_POLL gstpoll.c:994:gst_poll_fd_ctl_write: 0x555ef1d6b970: pfd->events now 60 (POLLOUT:4)
0:00:00.018008623  2751 0x556b9faa4360 DEBUG   structure gststructure.c:2203:gst_structure_parse_field: trying field name 'long-name'
0:00:00.013507296  2752 0x555ef1d47360 DEBUG   GST_POLL gstpoll.c:979:gst_poll_fd_ctl_write: 0x555ef1d6b970: fd (fd:0, idx:1), active : 1
0:00:00.018014502  2751 0x556b9faa4360 DEBUG   default gstvalue.c:2676:_priv_gst_value_parse_value: trying type name 'string'
0:00:00.013513427  2752 0x555ef1d47360 LOG   GST_POLL gstpoll.c:994:gst_poll_fd_ctl_write: 0x555ef1d6b970: pfd->events now 60 (POLLOUT:4)
0:00:00.018021283  2751 0x556b9faa4360 DEBUG   structure gststructure.c:2203:gst_structure_parse_field: trying field name 'klass'
0:00:00.013519781  2752 0x555ef1d47360 DEBUG   GST_POLL gstpoll.c:979:gst_poll_fd_ctl_write: 0x555ef1d6b970: fd (fd:0, idx:1), active : 1
0:00:00.018027097  2751 0x556b9faa4360 DEBUG   default gstvalue.c:2676:_priv_gst_value_parse_value: trying type name 'string'
0:00:00.013526027  2752 0x555ef1d47360 LOG   GST_POLL gstpoll.c:994:gst_poll_fd_ctl_write: 0x555ef1d6b970: pfd->events now 60 (POLLOUT:4)
0:00:00.018037918  2751 0x556b9faa4360 DEBUG   structure gststructure.c:2203:gst_structure_parse_field: trying field name 'description'
0:00:00.013534557  2752 0x555ef1d47360 DEBUG   GST_POLL gstpoll.c:979:gst_poll_fd_ctl_write: 0x555ef1d6b970: fd (fd:0, idx:1), active : 1
0:00:00.018043886  2751 0x556b9faa4360 DEBUG   default gstvalue.c:2676:_priv_gst_value_parse_value: trying type name 'string'
0:00:00.013540800  2752 0x555ef1d47360 LOG   GST_POLL gstpoll.c:994:gst_poll_fd_ctl_write: 0x555ef1d6b970: pfd->events now 60 (POLLOUT:4)
0:00:00.018050438  2751 0x556b9faa4360 DEBUG   structure gststructure.c:2203:gst_structure_parse_field: trying field name 'author'
0:00:00.013547289  2752 0x555ef1d47360 DEBUG   GST_POLL gstpoll.c:979:gst_poll_fd_ctl_write: 0x555ef1d6b970: fd (fd:0, idx:1), active : 1
0:00:00.018056332  2751 0x556b9faa4360 DEBUG   default gstvalue.c:2676:_priv_gst_value_parse_value: trying type name 'string'
0:00:00.013553389  2752 0x555ef1d47360 LOG   GST_POLL gstpoll.c:994:gst_poll_fd_ctl_write: 0x555ef1d6b970: pfd->events now 60 (POLLOUT:4)
0:00:00.018063223  2751 0x556b9faa4360 DEBUG   GST_REGISTRY gstregistrychunks.c:626:gst_registry_chunks_load_feature: Element factory : npadtemplates=2
0:00:00.013559777  2752 0x555ef1d47360 DEBUG   GST_POLL gstpoll.c:979:gst_poll_fd_ctl_write: 0x555ef1d6b970: fd (fd:0, idx:1), active : 1
0:00:00.018069003  2751 0x556b9faa4360 DEBUG   GST_REGISTRY gstregistrychunks.c:525:gst_registry_chunks_load_pad_template: Reading/casting for GstRegistryChunkPadTemplate at address 0x556b9facae90
0:00:00.013565886  2752 0x555ef1d47360 LOG   GST_POLL gstpoll.c:994:gst_poll_fd_ctl_write: 0x555ef1d6b970: pfd->events now 60 (POLLOUT:4)
0:00:00.018074772  2751 0x556b9faa4360 DEBUG   GST_REGISTRY gstregistrychunks.c:539:gst_registry_chunks_load_pad_template: Added pad_template sink
0:00:00.013572193  2752 0x555ef1d47360 DEBUG   GST_POLL gstpoll.c:979:gst_poll_fd_ctl_write: 0x555ef1d6b970: fd (fd:0, idx:1), active : 1
0:00:00.018080420  2751 0x556b9faa4360 DEBUG   GST_REGISTRY gstregistrychunks.c:525:gst_registry_chunks_load_pad_template: Reading/casting for GstRegistryChunkPadTemplate at address 0x556b9facaea8
0:00:00.013578273  2752 0x555ef1d47360 LOG   GST_POLL gstpoll.c:994:gst_poll_fd_ctl_write: 0x555ef1d6b970: pfd->events now 60 (POLLOUT:4)
0:00:00.018086089  2751 0x556b9faa4360 DEBUG   GST_REGISTRY gstregistrychunks.c:539:gst_registry_chunks_load_pad_template: Added pad_template src
0:00:00.013584670  2752 0x555ef1d47360 DEBUG   GST_POLL gstpoll.c:979:gst_poll_fd_ctl_write: 0x555ef1d6b970: fd (fd:0, idx:1), active : 1
0:00:00.018093009  2751 0x556b9faa4360 DEBUG   GST_REGISTRY gstregistry.c:589:gst_registry_add_feature: adding feature 0x556b9facdde0 (queue2)
0:00:00.013590796  2752 0x555ef1d47360 LOG   GST_POLL gstpoll.c:994:gst_poll_fd_ctl_write: 0x555ef1d6b970: pfd->events now 60 (POLLOUT:4)
0:00:00.018098780  2751 0x556b9faa4360 DEBUG   GST_REFCOUNTING gstobject.c:708:gst_object_set_parent: set parent (ref and sink)
0:00:00.013597255  2752 0x555ef1d47360 DEBUG   GST_POLL gstpoll.c:979:gst_poll_fd_ctl_write: 0x555ef1d6b970: fd (fd:0, idx:1), active : 1
0:00:00.018109623  2751 0x556b9faa4360 TRACE   GST_REFCOUNTING gstobject.c:292:gst_object_ref_sink: 0x556b9facdde0 ref_sink 1->2
0:00:00.013605636  2752 0x555ef1d47360 LOG   GST_POLL gstpoll.c:994:gst_poll_fd_ctl_write: 0x555ef1d6b970: pfd->events now 60 (POLLOUT:4)
0:00:00.018116471  2751 0x556b9faa4360 LOG   GST_REGISTRY gstregistry.c:607:gst_registry_add_feature: emitting feature-added for queue2
0:00:00.013613153  2752 0x555ef1d47360 DEBUG   GST_POLL gstpoll.c:979:gst_poll_fd_ctl_write: 0x555ef1d6b970: fd (fd:0, idx:1), active : 1
0:00:00.018123165  2751 0x556b9faa4360 DEBUG   GST_REGISTRY gstregistrychunks.c:740:gst_registry_chunks_load_feature: Added feature queue2, plugin 0x556b9facc250 coreelements
0:00:00.013619270  2752 0x555ef1d47360 LOG   GST_POLL gstpoll.c:994:gst_poll_fd_ctl_write: 0x555ef1d6b970: pfd->events now 60 (POLLOUT:4)
0:00:00.018129785  2751 0x556b9faa4360 DEBUG   GST_REGISTRY gstregistrychunks.c:582:gst_registry_chunks_load_feature: Plugin 'coreelements' feature 'queue' typename : 'GstElementFactory'
0:00:00.013626222  2752 0x555ef1d47360 DEBUG   GST_POLL gstpoll.c:979:gst_poll_fd_ctl_write: 0x555ef1d6b970: fd (fd:0, idx:1), active : 1
0:00:00.018136813  2751 0x556b9faa4360 TRACE   GST_REFCOUNTING gstobject.c:208:gst_object_init: 0x556b9face2d0 new
0:00:00.013632487  2752 0x555ef1d47360 LOG   GST_POLL gstpoll.c:994:gst_poll_fd_ctl_write: 0x555ef1d6b970: pfd->events now 60 (POLLOUT:4)
0:00:00.018143942  2751 0x556b9faa4360 LOG   GST_REGISTRY gstregistrychunks.c:609:gst_registry_chunks_load_feature: Reading/casting for GstRegistryChunkElementFactory at address 0x556b9facaed0
0:00:00.013640272  2752 0x555ef1d47360 DEBUG   GST_POLL gstpoll.c:979:gst_poll_fd_ctl_write: 0x555ef1d6b970: fd (fd:0, idx:1), active : 1
0:00:00.018150291  2751 0x556b9faa4360 TRACE   structure gststructure.c:287:gst_structure_new_id_empty_with_size: created structure 0x556b9face620
0:00:00.013646710  2752 0x555ef1d47360 LOG   GST_POLL gstpoll.c:994:gst_poll_fd_ctl_write: 0x555ef1d6b970: pfd->events now 60 (POLLOUT:4)
0:00:00.018156463  2751 0x556b9faa4360 DEBUG   structure gststructure.c:2203:gst_structure_parse_field: trying field name 'long-name'
0:00:00.013653578  2752 0x555ef1d47360 DEBUG   GST_POLL gstpoll.c:979:gst_poll_fd_ctl_write: 0x555ef1d6b970: fd (fd:0, idx:1), active : 1
0:00:00.018162520  2751 0x556b9faa4360 DEBUG   default gstvalue.c:2676:_priv_gst_value_parse_value: trying type name 'string'
0:00:00.013659797  2752 0x555ef1d47360 LOG   GST_POLL gstpoll.c:994:gst_poll_fd_ctl_write: 0x555ef1d6b970: pfd->events now 60 (POLLOUT:4)
0:00:00.018169036  2751 0x556b9faa4360 DEBUG   structure gststructure.c:2203:gst_structure_parse_field: trying field name 'klass'
0:00:00.013666381  2752 0x555ef1d47360 DEBUG   GST_POLL gstpoll.c:979:gst_poll_fd_ctl_write: 0x555ef1d6b970: fd (fd:0, idx:1), active : 1
0:00:00.018174933  2751 0x556b9faa4360 DEBUG   default gstvalue.c:2676:_priv_gst_value_parse_value: trying type name 'string'
0:00:00.013672555  2752 0x555ef1d47360 LOG   GST_POLL gstpoll.c:994:gst_poll_fd_ctl_write: 0x555ef1d6b970: pfd->events now 60 (POLLOUT:4)
0:00:00.018185256  2751 0x556b9faa4360 DEBUG   structure gststructure.c:2203:gst_structure_parse_field: trying field name 'description'
0:00:00.013682155  2752 0x555ef1d47360 DEBUG   GST_POLL gstpoll.c:979:gst_poll_fd_ctl_write: 0x555ef1d6b970: fd (fd:0, idx:1), active : 1
0:00:00.018191359  2751 0x556b9faa4360 DEBUG   default gstvalue.c:2676:_priv_gst_value_parse_value: trying type name 'string'
0:00:00.013688385  2752 0x555ef1d47360 LOG   GST_POLL gstpoll.c:994:gst_poll_fd_ctl_write: 0x555ef1d6b970: pfd->events now 60 (POLLOUT:4)
0:00:00.018197939  2751 0x556b9faa4360 DEBUG   structure gststructure.c:2203:gst_structure_parse_field: trying field name 'author'
0:00:00.013694786  2752 0x555ef1d47360 DEBUG   GST_POLL gstpoll.c:979:gst_poll_fd_ctl_write: 0x555ef1d6b970: fd (fd:0, idx:1), active : 1
0:00:00.018203744  2751 0x556b9faa4360 DEBUG   default gstvalue.c:2676:_priv_gst_value_parse_value: trying type name 'string'
0:00:00.013701051  2752 0x555ef1d47360 LOG   GST_POLL gstpoll.c:994:gst_poll_fd_ctl_write: 0x555ef1d6b970: pfd->events now 60 (POLLOUT:4)
0:00:00.018210548  2751 0x556b9faa4360 DEBUG   GST_REGISTRY gstregistrychunks.c:626:gst_registry_chunks_load_feature: Element factory : npadtemplates=2
0:00:00.013707491  2752 0x555ef1d47360 DEBUG   GST_POLL gstpoll.c:979:gst_poll_fd_ctl_write: 0x555ef1d6b970: fd (fd:0, idx:1), active : 1
0:00:00.018216697  2751 0x556b9faa4360 DEBUG   GST_REGISTRY gstregistrychunks.c:525:gst_registry_chunks_load_pad_template: Reading/casting for GstRegistryChunkPadTemplate at address 0x556b9facaf88
0:00:00.013713812  2752 0x555ef1d47360 LOG   GST_POLL gstpoll.c:994:gst_poll_fd_ctl_write: 0x555ef1d6b970: pfd->events now 60 (POLLOUT:4)
0:00:00.018222697  2751 0x556b9faa4360 DEBUG   GST_REGISTRY gstregistrychunks.c:539:gst_registry_chunks_load_pad_template: Added pad_template sink
0:00:00.013720217  2752 0x555ef1d47360 DEBUG   GST_POLL gstpoll.c:979:gst_poll_fd_ctl_write: 0x555ef1d6b970: fd (fd:0, idx:1), active : 1
0:00:00.018228562  2751 0x556b9faa4360 DEBUG   GST_REGISTRY gstregistrychunks.c:525:gst_registry_chunks_load_pad_template: Reading/casting for GstRegistryChunkPadTemplate at address 0x556b9facafa0
0:00:00.013726392  2752 0x555ef1d47360 LOG   GST_POLL gstpoll.c:994:gst_poll_fd_ctl_write: 0x555ef1d6b970: pfd->events now 60 (POLLOUT:4)
0:00:00.018234594  2751 0x556b9faa4360 DEBUG   GST_REGISTRY gstregistrychunks.c:539:gst_registry_chunks_load_pad_template: Added pad_template src
0:00:00.013732774  2752 0x555ef1d47360 DEBUG   GST_POLL gstpoll.c:979:gst_poll_fd_ctl_write: 0x555ef1d6b970: fd (fd:0, idx:1), active : 1
0:00:00.018241602  2751 0x556b9faa4360 DEBUG   GST_REGISTRY gstregistry.c:589:gst_registry_add_feature: adding feature 0x556b9face2d0 (queue)
0:00:00.013738908  2752 0x555ef1d47360 LOG   GST_POLL gstpoll.c:994:gst_poll_fd_ctl_write: 0x555ef1d6b970: pfd->events now 60 (POLLOUT:4)
0:00:00.018247674  2751 0x556b9faa4360 DEBUG   GST_REFCOUNTING gstobject.c:708:gst_object_set_parent: set parent (ref and sink)
0:00:00.013745372  2752 0x555ef1d47360 DEBUG   GST_POLL gstpoll.c:979:gst_poll_fd_ctl_write: 0x555ef1d6b970: fd (fd:0, idx:1), active : 1
0:00:00.018258852  2751 0x556b9faa4360 TRACE   GST_REFCOUNTING gstobject.c:292:gst_object_ref_sink: 0x556b9face2d0 ref_sink 1->2
0:00:00.013754991  2752 0x555ef1d47360 LOG   GST_POLL gstpoll.c:994:gst_poll_fd_ctl_write: 0x555ef1d6b970: pfd->events now 60 (POLLOUT:4)
0:00:00.018265615  2751 0x556b9faa4360 LOG   GST_REGISTRY gstregistry.c:607:gst_registry_add_feature: emitting feature-added for queue
0:00:00.013762397  2752 0x555ef1d47360 DEBUG   GST_POLL gstpoll.c:979:gst_poll_fd_ctl_write: 0x555ef1d6b970: fd (fd:0, idx:1), active : 1
0:00:00.018272274  2751 0x556b9faa4360 DEBUG   GST_REGISTRY gstregistrychunks.c:740:gst_registry_chunks_load_feature: Added feature queue, plugin 0x556b9facc250 coreelements
0:00:00.013768473  2752 0x555ef1d47360 LOG   GST_POLL gstpoll.c:994:gst_poll_fd_ctl_write: 0x555ef1d6b970: pfd->events now 60 (POLLOUT:4)
0:00:00.018278707  2751 0x556b9faa4360 DEBUG   GST_REGISTRY gstregistrychunks.c:582:gst_registry_chunks_load_feature: Plugin 'coreelements' feature 'output-selector' typename : 'GstElementFactory'
0:00:00.013775375  2752 0x555ef1d47360 DEBUG   GST_POLL gstpoll.c:979:gst_poll_fd_ctl_write: 0x555ef1d6b970: fd (fd:0, idx:1), active : 1
0:00:00.018285635  2751 0x556b9faa4360 TRACE   GST_REFCOUNTING gstobject.c:208:gst_object_init: 0x556b9facea50 new
