0:00:00.013781626  2752 0x555ef1d47360 LOG   GST_POLL gstpoll.c:994:gst_poll_fd_ctl_write: 0x555ef1d6b970: pfd->events now 60 (POLLOUT:4)
0:00:00.018292759  2751 0x556b9faa4360 LOG   GST_REGISTRY gstregistrychunks.c:609:gst_registry_chunks_load_feature: Reading/casting for GstRegistryChunkElementFactory at address 0x556b9facafd8
0:00:00.013789215  2752 0x555ef1d47360 DEBUG   GST_POLL gstpoll.c:979:gst_poll_fd_ctl_write: 0x555ef1d6b970: fd (fd:0, idx:1), active : 1
0:00:00.018299132  2751 0x556b9faa4360 TRACE   structure gststructure.c:287:gst_structure_new_id_empty_with_size: created structure 0x556b9faced50
0:00:00.013795422  2752 0x555ef1d47360 LOG   GST_POLL gstpoll.c:994:gst_poll_fd_ctl_write: 0x555ef1d6b970: pfd->events now 60 (POLLOUT:4)
0:00:00.018305077  2751 0x556b9faa4360 DEBUG   structure gststructure.c:2203:gst_structure_parse_field: trying field name 'long-name'
0:00:00.013802311  2752 0x555ef1d47360 DEBUG   GST_POLL gstpoll.c:979:gst_poll_fd_ctl_write: 0x555ef1d6b970: fd (fd:0, idx:1), active : 1
0:00:00.018310990  2751 0x556b9faa4360 DEBUG   default gstvalue.c:2676:_priv_gst_value_parse_value: trying type name 'string'
0:00:00.013808458  2752 0x555ef1d47360 LOG   GST_POLL gstpoll.c:994:gst_poll_fd_ctl_write: 0x555ef1d6b970: pfd->events now 60 (POLLOUT:4)
0:00:00.018317647  2751 0x556b9faa4360 DEBUG   structure gststructure.c:2203:gst_structure_parse_field: trying field name 'klass'
0:00:00.013814953  2752 0x555ef1d47360 DEBUG   GST_POLL gstpoll.c:979:gst_poll_fd_ctl_write: 0x555ef1d6b970: fd (fd:0, idx:1), active : 1
0:00:00.018324035  2751 0x556b9faa4360 DEBUG   default gstvalue.c:2676:_priv_gst_value_parse_value: trying type name 'string'
0:00:00.013825280  2752 0x555ef1d47360 LOG   GST_POLL gstpoll.c:994:gst_poll_fd_ctl_write: 0x555ef1d6b970: pfd->events now 60 (POLLOUT:4)
0:00:00.018333669  2751 0x556b9faa4360 DEBUG   structure gststructure.c:2203:gst_structure_parse_field: trying field name 'description'
0:00:00.013831840  2752 0x555ef1d47360 DEBUG   GST_POLL gstpoll.c:979:gst_poll_fd_ctl_write: 0x555ef1d6b970: fd (fd:0, idx:1), active : 1
0:00:00.018339761  2751 0x556b9faa4360 DEBUG   default gstvalue.c:2676:_priv_gst_value_parse_value: trying type name 'string'
0:00:00.013837955  2752 0x555ef1d47360 LOG   GST_POLL gstpoll.c:994:gst_poll_fd_ctl_write: 0x555ef1d6b970: pfd->events now 60 (POLLOUT:4)
0:00:00.018346368  2751 0x556b9faa4360 DEBUG   structure gststructure.c:2203:gst_structure_parse_field: trying field name 'author'
0:00:00.013857442  2752 0x555ef1d47360 DEBUG   GST_POLL gstpoll.c:979:gst_poll_fd_ctl_write: 0x555ef1d6b970: fd (fd:0, idx:1), active : 1
0:00:00.013863631  2752 0x555ef1d47360 LOG   GST_POLL gstpoll.c:994:gst_poll_fd_ctl_write: 0x555ef1d6b970: pfd->events now 60 (POLLOUT:4)
0:00:00.018370612  2751 0x556b9faa4360 DEBUG   default gstvalue.c:2676:_priv_gst_value_parse_value: trying type name 'string'
0:00:00.013869518  2752 0x555ef1d47360 DEBUG   GST_POLL gstpoll.c:979:gst_poll_fd_ctl_write: 0x555ef1d6b970: fd (fd:0, idx:1), active : 1
0:00:00.013877886  2752 0x555ef1d47360 LOG   GST_POLL gstpoll.c:994:gst_poll_fd_ctl_write: 0x555ef1d6b970: pfd->events now 60 (POLLOUT:4)
0:00:00.018383085  2751 0x556b9faa4360 DEBUG   GST_REGISTRY gstregistrychunks.c:626:gst_registry_chunks_load_feature: Element factory : npadtemplates=2
0:00:00.013883793  2752 0x555ef1d47360 DEBUG   GST_POLL gstpoll.c:979:gst_poll_fd_ctl_write: 0x555ef1d6b970: fd (fd:0, idx:1), active : 1
0:00:00.018392245  2751 0x556b9faa4360 DEBUG   GST_REGISTRY gstregistrychunks.c:525:gst_registry_chunks_load_pad_template: Reading/casting for GstRegistryChunkPadTemplate at address 0x556b9facb0b0
0:00:00.013889857  2752 0x555ef1d47360 LOG   GST_POLL gstpoll.c:994:gst_poll_fd_ctl_write: 0x555ef1d6b970: pfd->events now 60 (POLLOUT:4)
0:00:00.018398516  2751 0x556b9faa4360 DEBUG   GST_REGISTRY gstregistrychunks.c:539:gst_registry_chunks_load_pad_template: Added pad_template src_%u
0:00:00.013896158  2752 0x555ef1d47360 DEBUG   GST_POLL gstpoll.c:979:gst_poll_fd_ctl_write: 0x555ef1d6b970: fd (fd:0, idx:1), active : 1
0:00:00.018404283  2751 0x556b9faa4360 DEBUG   GST_REGISTRY gstregistrychunks.c:525:gst_registry_chunks_load_pad_template: Reading/casting for GstRegistryChunkPadTemplate at address 0x556b9facb0c8
0:00:00.013902163  2752 0x555ef1d47360 LOG   GST_POLL gstpoll.c:994:gst_poll_fd_ctl_write: 0x555ef1d6b970: pfd->events now 60 (POLLOUT:4)
0:00:00.018410015  2751 0x556b9faa4360 DEBUG   GST_REGISTRY gstregistrychunks.c:539:gst_registry_chunks_load_pad_template: Added pad_template sink
0:00:00.013908492  2752 0x555ef1d47360 DEBUG   GST_POLL gstpoll.c:979:gst_poll_fd_ctl_write: 0x555ef1d6b970: fd (fd:0, idx:1), active : 1
0:00:00.018417017  2751 0x556b9faa4360 DEBUG   GST_REGISTRY gstregistry.c:589:gst_registry_add_feature: adding feature 0x556b9facea50 (output-selector)
0:00:00.013914514  2752 0x555ef1d47360 LOG   GST_POLL gstpoll.c:994:gst_poll_fd_ctl_write: 0x555ef1d6b970: pfd->events now 60 (POLLOUT:4)
0:00:00.018429191  2751 0x556b9faa4360 DEBUG   GST_REFCOUNTING gstobject.c:708:gst_object_set_parent: set parent (ref and sink)
0:00:00.013925024  2752 0x555ef1d47360 DEBUG   GST_POLL gstpoll.c:979:gst_poll_fd_ctl_write: 0x555ef1d6b970: fd (fd:0, idx:1), active : 1
0:00:00.018436505  2751 0x556b9faa4360 TRACE   GST_REFCOUNTING gstobject.c:292:gst_object_ref_sink: 0x556b9facea50 ref_sink 1->2
0:00:00.013932358  2752 0x555ef1d47360 LOG   GST_POLL gstpoll.c:994:gst_poll_fd_ctl_write: 0x555ef1d6b970: pfd->events now 60 (POLLOUT:4)
0:00:00.018443221  2751 0x556b9faa4360 LOG   GST_REGISTRY gstregistry.c:607:gst_registry_add_feature: emitting feature-added for output-selector
0:00:00.013939813  2752 0x555ef1d47360 DEBUG   GST_POLL gstpoll.c:979:gst_poll_fd_ctl_write: 0x555ef1d6b970: fd (fd:0, idx:1), active : 1
0:00:00.018449868  2751 0x556b9faa4360 DEBUG   GST_REGISTRY gstregistrychunks.c:740:gst_registry_chunks_load_feature: Added feature output-selector, plugin 0x556b9facc250 coreelements
0:00:00.013945807  2752 0x555ef1d47360 LOG   GST_POLL gstpoll.c:994:gst_poll_fd_ctl_write: 0x555ef1d6b970: pfd->events now 60 (POLLOUT:4)
0:00:00.018456311  2751 0x556b9faa4360 DEBUG   GST_REGISTRY gstregistrychunks.c:582:gst_registry_chunks_load_feature: Plugin 'coreelements' feature 'input-selector' typename : 'GstElementFactory'
0:00:00.013953170  2752 0x555ef1d47360 LOG   GST_PLUGIN_LOADING gstpluginloader.c:645:put_chunk: Expanding tx buf from 10158 to 13209 for chunk of size 209
0:00:00.018463448  2751 0x556b9faa4360 TRACE   GST_REFCOUNTING gstobject.c:208:gst_object_init: 0x556b9facf410 new
0:00:00.018470838  2751 0x556b9faa4360 LOG   GST_REGISTRY gstregistrychunks.c:609:gst_registry_chunks_load_feature: Reading/casting for GstRegistryChunkElementFactory at address 0x556b9facb100
0:00:00.013971472  2752 0x555ef1d47360 DEBUG   GST_POLL gstpoll.c:979:gst_poll_fd_ctl_write: 0x555ef1d6b970: fd (fd:0, idx:1), active : 1
0:00:00.018478759  2751 0x556b9faa4360 TRACE   structure gststructure.c:287:gst_structure_new_id_empty_with_size: created structure 0x556b9facf500
0:00:00.013978230  2752 0x555ef1d47360 LOG   GST_POLL gstpoll.c:994:gst_poll_fd_ctl_write: 0x555ef1d6b970: pfd->events now 60 (POLLOUT:4)
0:00:00.018485564  2751 0x556b9faa4360 DEBUG   structure gststructure.c:2203:gst_structure_parse_field: trying field name 'long-name'
0:00:00.013985100  2752 0x555ef1d47360 DEBUG   GST_POLL gstpoll.c:979:gst_poll_fd_ctl_write: 0x555ef1d6b970: fd (fd:0, idx:1), active : 1
0:00:00.018492225  2751 0x556b9faa4360 DEBUG   default gstvalue.c:2676:_priv_gst_value_parse_value: trying type name 'string'
0:00:00.013991417  2752 0x555ef1d47360 LOG   GST_POLL gstpoll.c:994:gst_poll_fd_ctl_write: 0x555ef1d6b970: pfd->events now 60 (POLLOUT:4)
0:00:00.018499530  2751 0x556b9faa4360 DEBUG   structure gststructure.c:2203:gst_structure_parse_field: trying field name 'klass'
0:00:00.013997924  2752 0x555ef1d47360 DEBUG   GST_POLL gstpoll.c:979:gst_poll_fd_ctl_write: 0x555ef1d6b970: fd (fd:0, idx:1), active : 1
0:00:00.018509622  2751 0x556b9faa4360 DEBUG   default gstvalue.c:2676:_priv_gst_value_parse_value: trying type name 'string'
0:00:00.014006370  2752 0x555ef1d47360 LOG   GST_POLL gstpoll.c:994:gst_poll_fd_ctl_write: 0x555ef1d6b970: pfd->events now 60 (POLLOUT:4)
0:00:00.018516078  2751 0x556b9faa4360 DEBUG   structure gststructure.c:2203:gst_structure_parse_field: trying field name 'description'
0:00:00.014012873  2752 0x555ef1d47360 DEBUG   GST_POLL gstpoll.c:979:gst_poll_fd_ctl_write: 0x555ef1d6b970: fd (fd:0, idx:1), active : 1
0:00:00.018521947  2751 0x556b9faa4360 DEBUG   default gstvalue.c:2676:_priv_gst_value_parse_value: trying type name 'string'
0:00:00.014018917  2752 0x555ef1d47360 LOG   GST_POLL gstpoll.c:994:gst_poll_fd_ctl_write: 0x555ef1d6b970: pfd->events now 60 (POLLOUT:4)
0:00:00.018528340  2751 0x556b9faa4360 DEBUG   structure gststructure.c:2203:gst_structure_parse_field: trying field name 'author'
0:00:00.014025310  2752 0x555ef1d47360 DEBUG   GST_POLL gstpoll.c:979:gst_poll_fd_ctl_write: 0x555ef1d6b970: fd (fd:0, idx:1), active : 1
0:00:00.018534319  2751 0x556b9faa4360 DEBUG   default gstvalue.c:2676:_priv_gst_value_parse_value: trying type name 'string'
0:00:00.014031420  2752 0x555ef1d47360 LOG   GST_POLL gstpoll.c:994:gst_poll_fd_ctl_write: 0x555ef1d6b970: pfd->events now 60 (POLLOUT:4)
0:00:00.018541559  2751 0x556b9faa4360 DEBUG   GST_REGISTRY gstregistrychunks.c:626:gst_registry_chunks_load_feature: Element factory : npadtemplates=2
0:00:00.014037857  2752 0x555ef1d47360 DEBUG   GST_POLL gstpoll.c:979:gst_poll_fd_ctl_write: 0x555ef1d6b970: fd (fd:0, idx:1), active : 1
0:00:00.018547429  2751 0x556b9faa4360 DEBUG   GST_REGISTRY gstregistrychunks.c:525:gst_registry_chunks_load_pad_template: Reading/casting for GstRegistryChunkPadTemplate at address 0x556b9facb230
0:00:00.014044042  2752 0x555ef1d47360 LOG   GST_POLL gstpoll.c:994:gst_poll_fd_ctl_write: 0x555ef1d6b970: pfd->events now 60 (POLLOUT:4)
0:00:00.018553097  2751 0x556b9faa4360 DEBUG   GST_REGISTRY gstregistrychunks.c:539:gst_registry_chunks_load_pad_template: Added pad_template src
0:00:00.014050364  2752 0x555ef1d47360 DEBUG   GST_POLL gstpoll.c:979:gst_poll_fd_ctl_write: 0x555ef1d6b970: fd (fd:0, idx:1), active : 1
0:00:00.018558743  2751 0x556b9faa4360 DEBUG   GST_REGISTRY gstregistrychunks.c:525:gst_registry_chunks_load_pad_template: Reading/casting for GstRegistryChunkPadTemplate at address 0x556b9facb240
0:00:00.014056342  2752 0x555ef1d47360 LOG   GST_POLL gstpoll.c:994:gst_poll_fd_ctl_write: 0x555ef1d6b970: pfd->events now 60 (POLLOUT:4)
0:00:00.018564348  2751 0x556b9faa4360 DEBUG   GST_REGISTRY gstregistrychunks.c:539:gst_registry_chunks_load_pad_template: Added pad_template sink_%u
0:00:00.014062755  2752 0x555ef1d47360 DEBUG   GST_POLL gstpoll.c:979:gst_poll_fd_ctl_write: 0x555ef1d6b970: fd (fd:0, idx:1), active : 1
0:00:00.018571186  2751 0x556b9faa4360 DEBUG   GST_REGISTRY gstregistry.c:589:gst_registry_add_feature: adding feature 0x556b9facf410 (input-selector)
0:00:00.014068693  2752 0x555ef1d47360 LOG   GST_POLL gstpoll.c:994:gst_poll_fd_ctl_write: 0x555ef1d6b970: pfd->events now 60 (POLLOUT:4)
0:00:00.018581883  2751 0x556b9faa4360 DEBUG   GST_REFCOUNTING gstobject.c:708:gst_object_set_parent: set parent (ref and sink)
0:00:00.014078841  2752 0x555ef1d47360 DEBUG   GST_POLL gstpoll.c:979:gst_poll_fd_ctl_write: 0x555ef1d6b970: fd (fd:0, idx:1), active : 1
0:00:00.018589293  2751 0x556b9faa4360 TRACE   GST_REFCOUNTING gstobject.c:292:gst_object_ref_sink: 0x556b9facf410 ref_sink 1->2
0:00:00.014085127  2752 0x555ef1d47360 LOG   GST_POLL gstpoll.c:994:gst_poll_fd_ctl_write: 0x555ef1d6b970: pfd->events now 60 (POLLOUT:4)
0:00:00.018595888  2751 0x556b9faa4360 LOG   GST_REGISTRY gstregistry.c:607:gst_registry_add_feature: emitting feature-added for input-selector
0:00:00.014092675  2752 0x555ef1d47360 DEBUG   GST_POLL gstpoll.c:979:gst_poll_fd_ctl_write: 0x555ef1d6b970: fd (fd:0, idx:1), active : 1
0:00:00.018602582  2751 0x556b9faa4360 DEBUG   GST_REGISTRY gstregistrychunks.c:740:gst_registry_chunks_load_feature: Added feature input-selector, plugin 0x556b9facc250 coreelements
0:00:00.014098778  2752 0x555ef1d47360 LOG   GST_POLL gstpoll.c:994:gst_poll_fd_ctl_write: 0x555ef1d6b970: pfd->events now 60 (POLLOUT:4)
0:00:00.018609002  2751 0x556b9faa4360 DEBUG   GST_REGISTRY gstregistrychunks.c:582:gst_registry_chunks_load_feature: Plugin 'coreelements' feature 'identity' typename : 'GstElementFactory'
0:00:00.014105536  2752 0x555ef1d47360 DEBUG   GST_POLL gstpoll.c:979:gst_poll_fd_ctl_write: 0x555ef1d6b970: fd (fd:0, idx:1), active : 1
0:00:00.018615688  2751 0x556b9faa4360 TRACE   GST_REFCOUNTING gstobject.c:208:gst_object_init: 0x556b9facfa90 new
0:00:00.014111605  2752 0x555ef1d47360 LOG   GST_POLL gstpoll.c:994:gst_poll_fd_ctl_write: 0x555ef1d6b970: pfd->events now 60 (POLLOUT:4)
0:00:00.018622713  2751 0x556b9faa4360 LOG   GST_REGISTRY gstregistrychunks.c:609:gst_registry_chunks_load_feature: Reading/casting for GstRegistryChunkElementFactory at address 0x556b9facb270
0:00:00.014119202  2752 0x555ef1d47360 DEBUG   GST_POLL gstpoll.c:979:gst_poll_fd_ctl_write: 0x555ef1d6b970: fd (fd:0, idx:1), active : 1
0:00:00.018629042  2751 0x556b9faa4360 TRACE   structure gststructure.c:287:gst_structure_new_id_empty_with_size: created structure 0x556b9facfcc0
0:00:00.014125350  2752 0x555ef1d47360 LOG   GST_POLL gstpoll.c:994:gst_poll_fd_ctl_write: 0x555ef1d6b970: pfd->events now 60 (POLLOUT:4)
0:00:00.018635006  2751 0x556b9faa4360 DEBUG   structure gststructure.c:2203:gst_structure_parse_field: trying field name 'long-name'
0:00:00.014132154  2752 0x555ef1d47360 DEBUG   GST_POLL gstpoll.c:979:gst_poll_fd_ctl_write: 0x555ef1d6b970: fd (fd:0, idx:1), active : 1
0:00:00.018640637  2751 0x556b9faa4360 DEBUG   default gstvalue.c:2676:_priv_gst_value_parse_value: trying type name 'string'
0:00:00.014138287  2752 0x555ef1d47360 LOG   GST_POLL gstpoll.c:994:gst_poll_fd_ctl_write: 0x555ef1d6b970: pfd->events now 60 (POLLOUT:4)
0:00:00.018646880  2751 0x556b9faa4360 DEBUG   structure gststructure.c:2203:gst_structure_parse_field: trying field name 'klass'
0:00:00.014148840  2752 0x555ef1d47360 DEBUG   GST_POLL gstpoll.c:979:gst_poll_fd_ctl_write: 0x555ef1d6b970: fd (fd:0, idx:1), active : 1
0:00:00.018656321  2751 0x556b9faa4360 DEBUG   default gstvalue.c:2676:_priv_gst_value_parse_value: trying type name 'string'
0:00:00.014155148  2752 0x555ef1d47360 LOG   GST_POLL gstpoll.c:994:gst_poll_fd_ctl_write: 0x555ef1d6b970: pfd->events now 60 (POLLOUT:4)
0:00:00.018663338  2751 0x556b9faa4360 DEBUG   structure gststructure.c:2203:gst_structure_parse_field: trying field name 'description'
0:00:00.014161563  2752 0x555ef1d47360 DEBUG   GST_POLL gstpoll.c:979:gst_poll_fd_ctl_write: 0x555ef1d6b970: fd (fd:0, idx:1), active : 1
0:00:00.018669226  2751 0x556b9faa4360 DEBUG   default gstvalue.c:2676:_priv_gst_value_parse_value: trying type name 'string'
0:00:00.014167528  2752 0x555ef1d47360 LOG   GST_POLL gstpoll.c:994:gst_poll_fd_ctl_write: 0x555ef1d6b970: pfd->events now 60 (POLLOUT:4)
0:00:00.018675668  2751 0x556b9faa4360 DEBUG   structure gststructure.c:2203:gst_structure_parse_field: trying field name 'author'
0:00:00.014173941  2752 0x555ef1d47360 DEBUG   GST_POLL gstpoll.c:979:gst_poll_fd_ctl_write: 0x555ef1d6b970: fd (fd:0, idx:1), active : 1
0:00:00.018681552  2751 0x556b9faa4360 DEBUG   default gstvalue.c:2676:_priv_gst_value_parse_value: trying type name 'string'
0:00:00.014184689  2752 0x555ef1d47360 LOG   GST_POLL gstpoll.c:994:gst_poll_fd_ctl_write: 0x555ef1d6b970: pfd->events now 60 (POLLOUT:4)
0:00:00.018692674  2751 0x556b9faa4360 DEBUG   GST_REGISTRY gstregistrychunks.c:626:gst_registry_chunks_load_feature: Element factory : npadtemplates=2
0:00:00.014191278  2752 0x555ef1d47360 DEBUG   GST_POLL gstpoll.c:979:gst_poll_fd_ctl_write: 0x555ef1d6b970: fd (fd:0, idx:1), active : 1
0:00:00.018700736  2751 0x556b9faa4360 DEBUG   GST_REGISTRY gstregistrychunks.c:525:gst_registry_chunks_load_pad_template: Reading/casting for GstRegistryChunkPadTemplate at address 0x556b9facb340
0:00:00.014197408  2752 0x555ef1d47360 LOG   GST_POLL gstpoll.c:994:gst_poll_fd_ctl_write: 0x555ef1d6b970: pfd->events now 60 (POLLOUT:4)
0:00:00.018706466  2751 0x556b9faa4360 DEBUG   GST_REGISTRY gstregistrychunks.c:539:gst_registry_chunks_load_pad_template: Added pad_template sink
0:00:00.014203780  2752 0x555ef1d47360 DEBUG   GST_POLL gstpoll.c:979:gst_poll_fd_ctl_write: 0x555ef1d6b970: fd (fd:0, idx:1), active : 1
0:00:00.018712163  2751 0x556b9faa4360 DEBUG   GST_REGISTRY gstregistrychunks.c:525:gst_registry_chunks_load_pad_template: Reading/casting for GstRegistryChunkPadTemplate at address 0x556b9facb358
0:00:00.014209842  2752 0x555ef1d47360 LOG   GST_POLL gstpoll.c:994:gst_poll_fd_ctl_write: 0x555ef1d6b970: pfd->events now 60 (POLLOUT:4)
0:00:00.018717829  2751 0x556b9faa4360 DEBUG   GST_REGISTRY gstregistrychunks.c:539:gst_registry_chunks_load_pad_template: Added pad_template src
0:00:00.014216245  2752 0x555ef1d47360 DEBUG   GST_POLL gstpoll.c:979:gst_poll_fd_ctl_write: 0x555ef1d6b970: fd (fd:0, idx:1), active : 1
0:00:00.018724802  2751 0x556b9faa4360 DEBUG   GST_REGISTRY gstregistry.c:589:gst_registry_add_feature: adding feature 0x556b9facfa90 (identity)
0:00:00.014222302  2752 0x555ef1d47360 LOG   GST_POLL gstpoll.c:994:gst_poll_fd_ctl_write: 0x555ef1d6b970: pfd->events now 60 (POLLOUT:4)
0:00:00.018735073  2751 0x556b9faa4360 DEBUG   GST_REFCOUNTING gstobject.c:708:gst_object_set_parent: set parent (ref and sink)
0:00:00.014232145  2752 0x555ef1d47360 DEBUG   GST_POLL gstpoll.c:979:gst_poll_fd_ctl_write: 0x555ef1d6b970: fd (fd:0, idx:1), active : 1
0:00:00.018742135  2751 0x556b9faa4360 TRACE   GST_REFCOUNTING gstobject.c:292:gst_object_ref_sink: 0x556b9facfa90 ref_sink 1->2
0:00:00.014238287  2752 0x555ef1d47360 LOG   GST_POLL gstpoll.c:994:gst_poll_fd_ctl_write: 0x555ef1d6b970: pfd->events now 60 (POLLOUT:4)
0:00:00.018748540  2751 0x556b9faa4360 LOG   GST_REGISTRY gstregistry.c:607:gst_registry_add_feature: emitting feature-added for identity
0:00:00.014245262  2752 0x555ef1d47360 DEBUG   GST_POLL gstpoll.c:979:gst_poll_fd_ctl_write: 0x555ef1d6b970: fd (fd:0, idx:1), active : 1
0:00:00.018755226  2751 0x556b9faa4360 DEBUG   GST_REGISTRY gstregistrychunks.c:740:gst_registry_chunks_load_feature: Added feature identity, plugin 0x556b9facc250 coreelements
0:00:00.014251377  2752 0x555ef1d47360 LOG   GST_POLL gstpoll.c:994:gst_poll_fd_ctl_write: 0x555ef1d6b970: pfd->events now 60 (POLLOUT:4)
0:00:00.018761637  2751 0x556b9faa4360 DEBUG   GST_REGISTRY gstregistrychunks.c:582:gst_registry_chunks_load_feature: Plugin 'coreelements' feature 'funnel' typename : 'GstElementFactory'
0:00:00.014257951  2752 0x555ef1d47360 DEBUG   GST_POLL gstpoll.c:979:gst_poll_fd_ctl_write: 0x555ef1d6b970: fd (fd:0, idx:1), active : 1
0:00:00.018768550  2751 0x556b9faa4360 TRACE   GST_REFCOUNTING gstobject.c:208:gst_object_init: 0x556b9fad0150 new
0:00:00.014264193  2752 0x555ef1d47360 LOG   GST_POLL gstpoll.c:994:gst_poll_fd_ctl_write: 0x555ef1d6b970: pfd->events now 60 (POLLOUT:4)
0:00:00.018775372  2751 0x556b9faa4360 LOG   GST_REGISTRY gstregistrychunks.c:609:gst_registry_chunks_load_feature: Reading/casting for GstRegistryChunkElementFactory at address 0x556b9facb388
0:00:00.014271659  2752 0x555ef1d47360 DEBUG   GST_POLL gstpoll.c:979:gst_poll_fd_ctl_write: 0x555ef1d6b970: fd (fd:0, idx:1), active : 1
0:00:00.018781689  2751 0x556b9faa4360 TRACE   structure gststructure.c:287:gst_structure_new_id_empty_with_size: created structure 0x556b9fad0450
0:00:00.014278084  2752 0x555ef1d47360 LOG   GST_POLL gstpoll.c:994:gst_poll_fd_ctl_write: 0x555ef1d6b970: pfd->events now 60 (POLLOUT:4)
0:00:00.018799960  2751 0x556b9faa4360 DEBUG   structure gststructure.c:2203:gst_structure_parse_field: trying field name 'long-name'
0:00:00.014296936  2752 0x555ef1d47360 DEBUG   GST_POLL gstpoll.c:979:gst_poll_fd_ctl_write: 0x555ef1d6b970: fd (fd:0, idx:1), active : 1
0:00:00.018805396  2751 0x556b9faa4360 DEBUG   default gstvalue.c:2676:_priv_gst_value_parse_value: trying type name 'string'
0:00:00.014302634  2752 0x555ef1d47360 LOG   GST_POLL gstpoll.c:994:gst_poll_fd_ctl_write: 0x555ef1d6b970: pfd->events now 60 (POLLOUT:4)
0:00:00.018811307  2751 0x556b9faa4360 DEBUG   structure gststructure.c:2203:gst_structure_parse_field: trying field name 'klass'
0:00:00.014312274  2752 0x555ef1d47360 DEBUG   GST_POLL gstpoll.c:979:gst_poll_fd_ctl_write: 0x555ef1d6b970: fd (fd:0, idx:1), active : 1
0:00:00.018819734  2751 0x556b9faa4360 DEBUG   default gstvalue.c:2676:_priv_gst_value_parse_value: trying type name 'string'
0:00:00.014318153  2752 0x555ef1d47360 LOG   GST_POLL gstpoll.c:994:gst_poll_fd_ctl_write: 0x555ef1d6b970: pfd->events now 60 (POLLOUT:4)
0:00:00.018825956  2751 0x556b9faa4360 DEBUG   structure gststructure.c:2203:gst_structure_parse_field: trying field name 'description'
0:00:00.014324104  2752 0x555ef1d47360 DEBUG   GST_POLL gstpoll.c:979:gst_poll_fd_ctl_write: 0x555ef1d6b970: fd (fd:0, idx:1), active : 1
0:00:00.018831694  2751 0x556b9faa4360 DEBUG   default gstvalue.c:2676:_priv_gst_value_parse_value: trying type name 'string'
0:00:00.014329795  2752 0x555ef1d47360 LOG   GST_POLL gstpoll.c:994:gst_poll_fd_ctl_write: 0x555ef1d6b970: pfd->events now 60 (POLLOUT:4)
0:00:00.018837775  2751 0x556b9faa4360 DEBUG   structure gststructure.c:2203:gst_structure_parse_field: trying field name 'author'
0:00:00.014335734  2752 0x555ef1d47360 DEBUG   GST_POLL gstpoll.c:979:gst_poll_fd_ctl_write: 0x555ef1d6b970: fd (fd:0, idx:1), active : 1
0:00:00.014341382  2752 0x555ef1d47360 LOG   GST_POLL gstpoll.c:994:gst_poll_fd_ctl_write: 0x555ef1d6b970: pfd->events now 60 (POLLOUT:4)
0:00:00.018843311  2751 0x556b9faa4360 DEBUG   default gstvalue.c:2676:_priv_gst_value_parse_value: trying type name 'string'
0:00:00.014346882  2752 0x555ef1d47360 DEBUG   GST_POLL gstpoll.c:979:gst_poll_fd_ctl_write: 0x555ef1d6b970: fd (fd:0, idx:1), active : 1
0:00:00.018854793  2751 0x556b9faa4360 DEBUG   GST_REGISTRY gstregistrychunks.c:626:gst_registry_chunks_load_feature: Element factory : npadtemplates=2
0:00:00.014352553  2752 0x555ef1d47360 LOG   GST_POLL gstpoll.c:994:gst_poll_fd_ctl_write: 0x555ef1d6b970: pfd->events now 60 (POLLOUT:4)
0:00:00.018860473  2751 0x556b9faa4360 DEBUG   GST_REGISTRY gstregistrychunks.c:525:gst_registry_chunks_load_pad_template: Reading/casting for GstRegistryChunkPadTemplate at address 0x556b9facb460
0:00:00.014358578  2752 0x555ef1d47360 DEBUG   GST_POLL gstpoll.c:979:gst_poll_fd_ctl_write: 0x555ef1d6b970: fd (fd:0, idx:1), active : 1
0:00:00.018865817  2751 0x556b9faa4360 DEBUG   GST_REGISTRY gstregistrychunks.c:539:gst_registry_chunks_load_pad_template: Added pad_template src
0:00:00.014364356  2752 0x555ef1d47360 LOG   GST_POLL gstpoll.c:994:gst_poll_fd_ctl_write: 0x555ef1d6b970: pfd->events now 60 (POLLOUT:4)
0:00:00.018871861  2751 0x556b9faa4360 DEBUG   GST_REGISTRY gstregistrychunks.c:525:gst_registry_chunks_load_pad_template: Reading/casting for GstRegistryChunkPadTemplate at address 0x556b9facb470
0:00:00.014370376  2752 0x555ef1d47360 DEBUG   GST_POLL gstpoll.c:979:gst_poll_fd_ctl_write: 0x555ef1d6b970: fd (fd:0, idx:1), active : 1
0:00:00.018878033  2751 0x556b9faa4360 DEBUG   GST_REGISTRY gstregistrychunks.c:539:gst_registry_chunks_load_pad_template: Added pad_template sink_%u
0:00:00.014376086  2752 0x555ef1d47360 LOG   GST_POLL gstpoll.c:994:gst_poll_fd_ctl_write: 0x555ef1d6b970: pfd->events now 60 (POLLOUT:4)
0:00:00.018888421  2751 0x556b9faa4360 DEBUG   GST_REGISTRY gstregistry.c:589:gst_registry_add_feature: adding feature 0x556b9fad0150 (funnel)
0:00:00.014384403  2752 0x555ef1d47360 DEBUG   GST_POLL gstpoll.c:979:gst_poll_fd_ctl_write: 0x555ef1d6b970: fd (fd:0, idx:1), active : 1
0:00:00.018894107  2751 0x556b9faa4360 DEBUG   GST_REFCOUNTING gstobject.c:708:gst_object_set_parent: set parent (ref and sink)
0:00:00.014390620  2752 0x555ef1d47360 LOG   GST_POLL gstpoll.c:994:gst_poll_fd_ctl_write: 0x555ef1d6b970: pfd->events now 60 (POLLOUT:4)
0:00:00.018900932  2751 0x556b9faa4360 TRACE   GST_REFCOUNTING gstobject.c:292:gst_object_ref_sink: 0x556b9fad0150 ref_sink 1->2
0:00:00.014397267  2752 0x555ef1d47360 DEBUG   GST_POLL gstpoll.c:979:gst_poll_fd_ctl_write: 0x555ef1d6b970: fd (fd:0, idx:1), active : 1
0:00:00.018907208  2751 0x556b9faa4360 LOG   GST_REGISTRY gstregistry.c:607:gst_registry_add_feature: emitting feature-added for funnel
0:00:00.014403598  2752 0x555ef1d47360 LOG   GST_POLL gstpoll.c:994:gst_poll_fd_ctl_write: 0x555ef1d6b970: pfd->events now 60 (POLLOUT:4)
0:00:00.018913554  2751 0x556b9faa4360 DEBUG   GST_REGISTRY gstregistrychunks.c:740:gst_registry_chunks_load_feature: Added feature funnel, plugin 0x556b9facc250 coreelements
0:00:00.014409779  2752 0x555ef1d47360 DEBUG   GST_POLL gstpoll.c:979:gst_poll_fd_ctl_write: 0x555ef1d6b970: fd (fd:0, idx:1), active : 1
0:00:00.018919478  2751 0x556b9faa4360 DEBUG   GST_REGISTRY gstregistrychunks.c:582:gst_registry_chunks_load_feature: Plugin 'coreelements' feature 'filesrc' typename : 'GstElementFactory'
0:00:00.014415472  2752 0x555ef1d47360 LOG   GST_POLL gstpoll.c:994:gst_poll_fd_ctl_write: 0x555ef1d6b970: pfd->events now 60 (POLLOUT:4)
0:00:00.018926087  2751 0x556b9faa4360 TRACE   GST_REFCOUNTING gstobject.c:208:gst_object_init: 0x556b9fad0870 new
0:00:00.014421976  2752 0x555ef1d47360 DEBUG   GST_POLL gstpoll.c:979:gst_poll_fd_ctl_write: 0x555ef1d6b970: fd (fd:0, idx:1), active : 1
0:00:00.018932693  2751 0x556b9faa4360 LOG   GST_REGISTRY gstregistrychunks.c:609:gst_registry_chunks_load_feature: Reading/casting for GstRegistryChunkElementFactory at address 0x556b9facb4a0
0:00:00.014428624  2752 0x555ef1d47360 LOG   GST_POLL gstpoll.c:994:gst_poll_fd_ctl_write: 0x555ef1d6b970: pfd->events now 60 (POLLOUT:4)
0:00:00.018938699  2751 0x556b9faa4360 TRACE   structure gststructure.c:287:gst_structure_new_id_empty_with_size: created structure 0x556b9fad0b70
0:00:00.014435212  2752 0x555ef1d47360 DEBUG   GST_POLL gstpoll.c:979:gst_poll_fd_ctl_write: 0x555ef1d6b970: fd (fd:0, idx:1), active : 1
0:00:00.018944253  2751 0x556b9faa4360 DEBUG   structure gststructure.c:2203:gst_structure_parse_field: trying field name 'long-name'
0:00:00.014440884  2752 0x555ef1d47360 LOG   GST_POLL gstpoll.c:994:gst_poll_fd_ctl_write: 0x555ef1d6b970: pfd->events now 60 (POLLOUT:4)
0:00:00.018968042  2751 0x556b9faa4360 DEBUG   default gstvalue.c:2676:_priv_gst_value_parse_value: trying type name 'string'
0:00:00.014465130  2752 0x555ef1d47360 DEBUG   GST_POLL gstpoll.c:979:gst_poll_fd_ctl_write: 0x555ef1d6b970: fd (fd:0, idx:1), active : 1
0:00:00.018978422  2751 0x556b9faa4360 DEBUG   structure gststructure.c:2203:gst_structure_parse_field: trying field name 'klass'
0:00:00.014474730  2752 0x555ef1d47360 LOG   GST_POLL gstpoll.c:994:gst_poll_fd_ctl_write: 0x555ef1d6b970: pfd->events now 60 (POLLOUT:4)
0:00:00.018984563  2751 0x556b9faa4360 DEBUG   default gstvalue.c:2676:_priv_gst_value_parse_value: trying type name 'string'
0:00:00.014481432  2752 0x555ef1d47360 DEBUG   GST_POLL gstpoll.c:979:gst_poll_fd_ctl_write: 0x555ef1d6b970: fd (fd:0, idx:1), active : 1
0:00:00.018990947  2751 0x556b9faa4360 DEBUG   structure gststructure.c:2203:gst_structure_parse_field: trying field name 'description'
0:00:00.014487590  2752 0x555ef1d47360 LOG   GST_POLL gstpoll.c:994:gst_poll_fd_ctl_write: 0x555ef1d6b970: pfd->events now 60 (POLLOUT:4)
0:00:00.018997309  2751 0x556b9faa4360 DEBUG   default gstvalue.c:2676:_priv_gst_value_parse_value: trying type name 'string'
0:00:00.014494099  2752 0x555ef1d47360 DEBUG   GST_POLL gstpoll.c:979:gst_poll_fd_ctl_write: 0x555ef1d6b970: fd (fd:0, idx:1), active : 1
0:00:00.019004192  2751 0x556b9faa4360 DEBUG   structure gststructure.c:2203:gst_structure_parse_field: trying field name 'author'
0:00:00.014500095  2752 0x555ef1d47360 LOG   GST_POLL gstpoll.c:994:gst_poll_fd_ctl_write: 0x555ef1d6b970: pfd->events now 60 (POLLOUT:4)
0:00:00.019010173  2751 0x556b9faa4360 DEBUG   default gstvalue.c:2676:_priv_gst_value_parse_value: trying type name 'string'
0:00:00.014507295  2752 0x555ef1d47360 DEBUG   GST_POLL gstpoll.c:979:gst_poll_fd_ctl_write: 0x555ef1d6b970: fd (fd:0, idx:1), active : 1
0:00:00.019016765  2751 0x556b9faa4360 DEBUG   GST_REGISTRY gstregistrychunks.c:626:gst_registry_chunks_load_feature: Element factory : npadtemplates=1
0:00:00.014513395  2752 0x555ef1d47360 LOG   GST_POLL gstpoll.c:994:gst_poll_fd_ctl_write: 0x555ef1d6b970: pfd->events now 60 (POLLOUT:4)
0:00:00.019022670  2751 0x556b9faa4360 DEBUG   GST_REGISTRY gstregistrychunks.c:525:gst_registry_chunks_load_pad_template: Reading/casting for GstRegistryChunkPadTemplate at address 0x556b9facb580
0:00:00.014519698  2752 0x555ef1d47360 DEBUG   GST_POLL gstpoll.c:979:gst_poll_fd_ctl_write: 0x555ef1d6b970: fd (fd:0, idx:1), active : 1
0:00:00.019028682  2751 0x556b9faa4360 DEBUG   GST_REGISTRY gstregistrychunks.c:539:gst_registry_chunks_load_pad_template: Added pad_template src
0:00:00.014525719  2752 0x555ef1d47360 LOG   GST_POLL gstpoll.c:994:gst_poll_fd_ctl_write: 0x555ef1d6b970: pfd->events now 60 (POLLOUT:4)
0:00:00.019035068  2751 0x556b9faa4360 DEBUG   GST_REGISTRY gstregistrychunks.c:639:gst_registry_chunks_load_feature: Reading 1 UriTypes at address 0x556b9facb590
0:00:00.014532125  2752 0x555ef1d47360 DEBUG   GST_POLL gstpoll.c:979:gst_poll_fd_ctl_write: 0x555ef1d6b970: fd (fd:0, idx:1), active : 1
0:00:00.019041867  2751 0x556b9faa4360 DEBUG   GST_REGISTRY gstregistrychunks.c:654:gst_registry_chunks_load_feature: Reading 1 Interfaces at address 0x556b9facb599
0:00:00.014538250  2752 0x555ef1d47360 LOG   GST_POLL gstpoll.c:994:gst_poll_fd_ctl_write: 0x555ef1d6b970: pfd->events now 60 (POLLOUT:4)
0:00:00.019055264  2751 0x556b9faa4360 DEBUG   GST_REGISTRY gstregistry.c:589:gst_registry_add_feature: adding feature 0x556b9fad0870 (filesrc)
0:00:00.014550925  2752 0x555ef1d47360 DEBUG   GST_POLL gstpoll.c:979:gst_poll_fd_ctl_write: 0x555ef1d6b970: fd (fd:0, idx:1), active : 1
0:00:00.019061665  2751 0x556b9faa4360 DEBUG   GST_REFCOUNTING gstobject.c:708:gst_object_set_parent: set parent (ref and sink)
0:00:00.014558377  2752 0x555ef1d47360 LOG   GST_POLL gstpoll.c:994:gst_poll_fd_ctl_write: 0x555ef1d6b970: pfd->events now 60 (POLLOUT:4)
0:00:00.019068752  2751 0x556b9faa4360 TRACE   GST_REFCOUNTING gstobject.c:292:gst_object_ref_sink: 0x556b9fad0870 ref_sink 1->2
0:00:00.014565212  2752 0x555ef1d47360 DEBUG   GST_POLL gstpoll.c:979:gst_poll_fd_ctl_write: 0x555ef1d6b970: fd (fd:0, idx:1), active : 1
0:00:00.019075467  2751 0x556b9faa4360 LOG   GST_REGISTRY gstregistry.c:607:gst_registry_add_feature: emitting feature-added for filesrc
0:00:00.014571705  2752 0x555ef1d47360 LOG   GST_POLL gstpoll.c:994:gst_poll_fd_ctl_write: 0x555ef1d6b970: pfd->events now 60 (POLLOUT:4)
0:00:00.019082247  2751 0x556b9faa4360 DEBUG   GST_REGISTRY gstregistrychunks.c:740:gst_registry_chunks_load_feature: Added feature filesrc, plugin 0x556b9facc250 coreelements
0:00:00.014578637  2752 0x555ef1d47360 DEBUG   GST_POLL gstpoll.c:979:gst_poll_fd_ctl_write: 0x555ef1d6b970: fd (fd:0, idx:1), active : 1
0:00:00.019088823  2751 0x556b9faa4360 DEBUG   GST_REGISTRY gstregistrychunks.c:582:gst_registry_chunks_load_feature: Plugin 'coreelements' feature 'fdsink' typename : 'GstElementFactory'
0:00:00.014584960  2752 0x555ef1d47360 LOG   GST_POLL gstpoll.c:994:gst_poll_fd_ctl_write: 0x555ef1d6b970: pfd->events now 60 (POLLOUT:4)
0:00:00.019095748  2751 0x556b9faa4360 TRACE   GST_REFCOUNTING gstobject.c:208:gst_object_init: 0x556b9fad1020 new
0:00:00.014591775  2752 0x555ef1d47360 DEBUG   GST_POLL gstpoll.c:979:gst_poll_fd_ctl_write: 0x555ef1d6b970: fd (fd:0, idx:1), active : 1
0:00:00.019102825  2751 0x556b9faa4360 LOG   GST_REGISTRY gstregistrychunks.c:609:gst_registry_chunks_load_feature: Reading/casting for GstRegistryChunkElementFactory at address 0x556b9facb5c0
0:00:00.014598687  2752 0x555ef1d47360 LOG   GST_POLL gstpoll.c:994:gst_poll_fd_ctl_write: 0x555ef1d6b970: pfd->events now 60 (POLLOUT:4)
0:00:00.019109298  2751 0x556b9faa4360 TRACE   structure gststructure.c:287:gst_structure_new_id_empty_with_size: created structure 0x556b9fad13a0
0:00:00.014606085  2752 0x555ef1d47360 DEBUG   GST_POLL gstpoll.c:979:gst_poll_fd_ctl_write: 0x555ef1d6b970: fd (fd:0, idx:1), active : 1
0:00:00.019115344  2751 0x556b9faa4360 DEBUG   structure gststructure.c:2203:gst_structure_parse_field: trying field name 'long-name'
0:00:00.014612147  2752 0x555ef1d47360 LOG   GST_POLL gstpoll.c:994:gst_poll_fd_ctl_write: 0x555ef1d6b970: pfd->events now 60 (POLLOUT:4)
0:00:00.019121231  2751 0x556b9faa4360 DEBUG   default gstvalue.c:2676:_priv_gst_value_parse_value: trying type name 'string'
0:00:00.014618507  2752 0x555ef1d47360 DEBUG   GST_POLL gstpoll.c:979:gst_poll_fd_ctl_write: 0x555ef1d6b970: fd (fd:0, idx:1), active : 1
0:00:00.019131257  2751 0x556b9faa4360 DEBUG   structure gststructure.c:2203:gst_structure_parse_field: trying field name 'klass'
0:00:00.014627347  2752 0x555ef1d47360 LOG   GST_POLL gstpoll.c:994:gst_poll_fd_ctl_write: 0x555ef1d6b970: pfd->events now 60 (POLLOUT:4)
0:00:00.019137432  2751 0x556b9faa4360 DEBUG   default gstvalue.c:2676:_priv_gst_value_parse_value: trying type name 'string'
0:00:00.014634602  2752 0x555ef1d47360 DEBUG   GST_POLL gstpoll.c:979:gst_poll_fd_ctl_write: 0x555ef1d6b970: fd (fd:0, idx:1), active : 1
0:00:00.019143727  2751 0x556b9faa4360 DEBUG   structure gststructure.c:2203:gst_structure_parse_field: trying field name 'description'
0:00:00.014640611  2752 0x555ef1d47360 LOG   GST_POLL gstpoll.c:994:gst_poll_fd_ctl_write: 0x555ef1d6b970: pfd->events now 60 (POLLOUT:4)
0:00:00.019149862  2751 0x556b9faa4360 DEBUG   default gstvalue.c:2676:_priv_gst_value_parse_value: trying type name 'string'
0:00:00.014647036  2752 0x555ef1d47360 DEBUG   GST_POLL gstpoll.c:979:gst_poll_fd_ctl_write: 0x555ef1d6b970: fd (fd:0, idx:1), active : 1
0:00:00.019156609  2751 0x556b9faa4360 DEBUG   structure gststructure.c:2203:gst_structure_parse_field: trying field name 'author'
0:00:00.014653000  2752 0x555ef1d47360 LOG   GST_POLL gstpoll.c:994:gst_poll_fd_ctl_write: 0x555ef1d6b970: pfd->events now 60 (POLLOUT:4)
0:00:00.019162706  2751 0x556b9faa4360 DEBUG   default gstvalue.c:2676:_priv_gst_value_parse_value: trying type name 'string'
0:00:00.014659803  2752 0x555ef1d47360 DEBUG   GST_POLL gstpoll.c:979:gst_poll_fd_ctl_write: 0x555ef1d6b970: fd (fd:0, idx:1), active : 1
0:00:00.019169109  2751 0x556b9faa4360 DEBUG   GST_REGISTRY gstregistrychunks.c:626:gst_registry_chunks_load_feature: Element factory : npadtemplates=1
0:00:00.014665764  2752 0x555ef1d47360 LOG   GST_POLL gstpoll.c:994:gst_poll_fd_ctl_write: 0x555ef1d6b970: pfd->events now 60 (POLLOUT:4)
0:00:00.019175063  2751 0x556b9faa4360 DEBUG   GST_REGISTRY gstregistrychunks.c:525:gst_registry_chunks_load_pad_template: Reading/casting for GstRegistryChunkPadTemplate at address 0x556b9facb6a0
0:00:00.014672216  2752 0x555ef1d47360 DEBUG   GST_POLL gstpoll.c:979:gst_poll_fd_ctl_write: 0x555ef1d6b970: fd (fd:0, idx:1), active : 1
0:00:00.019180933  2751 0x556b9faa4360 DEBUG   GST_REGISTRY gstregistrychunks.c:539:gst_registry_chunks_load_pad_template: Added pad_template sink
0:00:00.014678145  2752 0x555ef1d47360 LOG   GST_POLL gstpoll.c:994:gst_poll_fd_ctl_write: 0x555ef1d6b970: pfd->events now 60 (POLLOUT:4)
0:00:00.019187224  2751 0x556b9faa4360 DEBUG   GST_REGISTRY gstregistrychunks.c:639:gst_registry_chunks_load_feature: Reading 1 UriTypes at address 0x556b9facb6b1
0:00:00.014684591  2752 0x555ef1d47360 DEBUG   GST_POLL gstpoll.c:979:gst_poll_fd_ctl_write: 0x555ef1d6b970: fd (fd:0, idx:1), active : 1
0:00:00.019193795  2751 0x556b9faa4360 DEBUG   GST_REGISTRY gstregistrychunks.c:654:gst_registry_chunks_load_feature: Reading 1 Interfaces at address 0x556b9facb6bf
0:00:00.014690602  2752 0x555ef1d47360 LOG   GST_POLL gstpoll.c:994:gst_poll_fd_ctl_write: 0x555ef1d6b970: pfd->events now 60 (POLLOUT:4)
0:00:00.019204813  2751 0x556b9faa4360 DEBUG   GST_REGISTRY gstregistry.c:589:gst_registry_add_feature: adding feature 0x556b9fad1020 (fdsink)
0:00:00.014700607  2752 0x555ef1d47360 DEBUG   GST_POLL gstpoll.c:979:gst_poll_fd_ctl_write: 0x555ef1d6b970: fd (fd:0, idx:1), active : 1
0:00:00.019210881  2751 0x556b9faa4360 DEBUG   GST_REFCOUNTING gstobject.c:708:gst_object_set_parent: set parent (ref and sink)
0:00:00.014707674  2752 0x555ef1d47360 LOG   GST_POLL gstpoll.c:994:gst_poll_fd_ctl_write: 0x555ef1d6b970: pfd->events now 60 (POLLOUT:4)
0:00:00.019218047  2751 0x556b9faa4360 TRACE   GST_REFCOUNTING gstobject.c:292:gst_object_ref_sink: 0x556b9fad1020 ref_sink 1->2
0:00:00.014714319  2752 0x555ef1d47360 DEBUG   GST_POLL gstpoll.c:979:gst_poll_fd_ctl_write: 0x555ef1d6b970: fd (fd:0, idx:1), active : 1
0:00:00.019224561  2751 0x556b9faa4360 LOG   GST_REGISTRY gstregistry.c:607:gst_registry_add_feature: emitting feature-added for fdsink
0:00:00.014720909  2752 0x555ef1d47360 LOG   GST_POLL gstpoll.c:994:gst_poll_fd_ctl_write: 0x555ef1d6b970: pfd->events now 60 (POLLOUT:4)
0:00:00.019231326  2751 0x556b9faa4360 DEBUG   GST_REGISTRY gstregistrychunks.c:740:gst_registry_chunks_load_feature: Added feature fdsink, plugin 0x556b9facc250 coreelements
0:00:00.014727695  2752 0x555ef1d47360 DEBUG   GST_POLL gstpoll.c:979:gst_poll_fd_ctl_write: 0x555ef1d6b970: fd (fd:0, idx:1), active : 1
0:00:00.019237515  2751 0x556b9faa4360 DEBUG   GST_REGISTRY gstregistrychunks.c:582:gst_registry_chunks_load_feature: Plugin 'coreelements' feature 'fdsrc' typename : 'GstElementFactory'
0:00:00.014733714  2752 0x555ef1d47360 LOG   GST_POLL gstpoll.c:994:gst_poll_fd_ctl_write: 0x555ef1d6b970: pfd->events now 60 (POLLOUT:4)
0:00:00.019244300  2751 0x556b9faa4360 TRACE   GST_REFCOUNTING gstobject.c:208:gst_object_init: 0x556b9fad58a0 new
0:00:00.014740301  2752 0x555ef1d47360 DEBUG   GST_POLL gstpoll.c:979:gst_poll_fd_ctl_write: 0x555ef1d6b970: fd (fd:0, idx:1), active : 1
0:00:00.019251245  2751 0x556b9faa4360 LOG   GST_REGISTRY gstregistrychunks.c:609:gst_registry_chunks_load_feature: Reading/casting for GstRegistryChunkElementFactory at address 0x556b9facb6e8
0:00:00.014747399  2752 0x555ef1d47360 LOG   GST_POLL gstpoll.c:994:gst_poll_fd_ctl_write: 0x555ef1d6b970: pfd->events now 60 (POLLOUT:4)
0:00:00.019257441  2751 0x556b9faa4360 TRACE   structure gststructure.c:287:gst_structure_new_id_empty_with_size: created structure 0x556b9fad5ad0
0:00:00.014754234  2752 0x555ef1d47360 DEBUG   GST_POLL gstpoll.c:979:gst_poll_fd_ctl_write: 0x555ef1d6b970: fd (fd:0, idx:1), active : 1
0:00:00.019263233  2751 0x556b9faa4360 DEBUG   structure gststructure.c:2203:gst_structure_parse_field: trying field name 'long-name'
0:00:00.014760252  2752 0x555ef1d47360 LOG   GST_POLL gstpoll.c:994:gst_poll_fd_ctl_write: 0x555ef1d6b970: pfd->events now 60 (POLLOUT:4)
0:00:00.019268977  2751 0x556b9faa4360 DEBUG   default gstvalue.c:2676:_priv_gst_value_parse_value: trying type name 'string'
0:00:00.014766591  2752 0x555ef1d47360 DEBUG   GST_POLL gstpoll.c:979:gst_poll_fd_ctl_write: 0x555ef1d6b970: fd (fd:0, idx:1), active : 1
0:00:00.019279163  2751 0x556b9faa4360 DEBUG   structure gststructure.c:2203:gst_structure_parse_field: trying field name 'klass'
0:00:00.014775466  2752 0x555ef1d47360 LOG   GST_POLL gstpoll.c:994:gst_poll_fd_ctl_write: 0x555ef1d6b970: pfd->events now 60 (POLLOUT:4)
0:00:00.019285079  2751 0x556b9faa4360 DEBUG   default gstvalue.c:2676:_priv_gst_value_parse_value: trying type name 'string'
0:00:00.014782011  2752 0x555ef1d47360 DEBUG   GST_POLL gstpoll.c:979:gst_poll_fd_ctl_write: 0x555ef1d6b970: fd (fd:0, idx:1), active : 1
0:00:00.019291313  2751 0x556b9faa4360 DEBUG   structure gststructure.c:2203:gst_structure_parse_field: trying field name 'description'
0:00:00.014787977  2752 0x555ef1d47360 LOG   GST_POLL gstpoll.c:994:gst_poll_fd_ctl_write: 0x555ef1d6b970: pfd->events now 60 (POLLOUT:4)
0:00:00.019297050  2751 0x556b9faa4360 DEBUG   default gstvalue.c:2676:_priv_gst_value_parse_value: trying type name 'string'
0:00:00.014794373  2752 0x555ef1d47360 DEBUG   GST_POLL gstpoll.c:979:gst_poll_fd_ctl_write: 0x555ef1d6b970: fd (fd:0, idx:1), active : 1
0:00:00.019303245  2751 0x556b9faa4360 DEBUG   structure gststructure.c:2203:gst_structure_parse_field: trying field name 'author'
0:00:00.014800362  2752 0x555ef1d47360 LOG   GST_POLL gstpoll.c:994:gst_poll_fd_ctl_write: 0x555ef1d6b970: pfd->events now 60 (POLLOUT:4)
0:00:00.019308968  2751 0x556b9faa4360 DEBUG   default gstvalue.c:2676:_priv_gst_value_parse_value: trying type name 'string'
0:00:00.014806795  2752 0x555ef1d47360 DEBUG   GST_POLL gstpoll.c:979:gst_poll_fd_ctl_write: 0x555ef1d6b970: fd (fd:0, idx:1), active : 1
0:00:00.019315323  2751 0x556b9faa4360 DEBUG   GST_REGISTRY gstregistrychunks.c:626:gst_registry_chunks_load_feature: Element factory : npadtemplates=1
0:00:00.014812790  2752 0x555ef1d47360 LOG   GST_POLL gstpoll.c:994:gst_poll_fd_ctl_write: 0x555ef1d6b970: pfd->events now 60 (POLLOUT:4)
0:00:00.019321134  2751 0x556b9faa4360 DEBUG   GST_REGISTRY gstregistrychunks.c:525:gst_registry_chunks_load_pad_template: Reading/casting for GstRegistryChunkPadTemplate at address 0x556b9facb7c8
0:00:00.014819281  2752 0x555ef1d47360 DEBUG   GST_POLL gstpoll.c:979:gst_poll_fd_ctl_write: 0x555ef1d6b970: fd (fd:0, idx:1), active : 1
0:00:00.019326759  2751 0x556b9faa4360 DEBUG   GST_REGISTRY gstregistrychunks.c:539:gst_registry_chunks_load_pad_template: Added pad_template src
0:00:00.014825245  2752 0x555ef1d47360 LOG   GST_POLL gstpoll.c:994:gst_poll_fd_ctl_write: 0x555ef1d6b970: pfd->events now 60 (POLLOUT:4)
0:00:00.019332852  2751 0x556b9faa4360 DEBUG   GST_REGISTRY gstregistrychunks.c:639:gst_registry_chunks_load_feature: Reading 1 UriTypes at address 0x556b9facb7d8
0:00:00.014831753  2752 0x555ef1d47360 DEBUG   GST_POLL gstpoll.c:979:gst_poll_fd_ctl_write: 0x555ef1d6b970: fd (fd:0, idx:1), active : 1
0:00:00.019339254  2751 0x556b9faa4360 DEBUG   GST_REGISTRY gstregistrychunks.c:654:gst_registry_chunks_load_feature: Reading 1 Interfaces at address 0x556b9facb7df
0:00:00.014837721  2752 0x555ef1d47360 LOG   GST_POLL gstpoll.c:994:gst_poll_fd_ctl_write: 0x555ef1d6b970: pfd->events now 60 (POLLOUT:4)
0:00:00.019350378  2751 0x556b9faa4360 DEBUG   GST_REGISTRY gstregistry.c:589:gst_registry_add_feature: adding feature 0x556b9fad58a0 (fdsrc)
0:00:00.014846307  2752 0x555ef1d47360 DEBUG   GST_POLL gstpoll.c:979:gst_poll_fd_ctl_write: 0x555ef1d6b970: fd (fd:0, idx:1), active : 1
0:00:00.019356575  2751 0x556b9faa4360 DEBUG   GST_REFCOUNTING gstobject.c:708:gst_object_set_parent: set parent (ref and sink)
0:00:00.014853549  2752 0x555ef1d47360 LOG   GST_POLL gstpoll.c:994:gst_poll_fd_ctl_write: 0x555ef1d6b970: pfd->events now 60 (POLLOUT:4)
0:00:00.014859977  2752 0x555ef1d47360 DEBUG   GST_POLL gstpoll.c:979:gst_poll_fd_ctl_write: 0x555ef1d6b970: fd (fd:0, idx:1), active : 1
0:00:00.019375727  2751 0x556b9faa4360 TRACE   GST_REFCOUNTING gstobject.c:292:gst_object_ref_sink: 0x556b9fad58a0 ref_sink 1->2
0:00:00.014865644  2752 0x555ef1d47360 LOG   GST_POLL gstpoll.c:994:gst_poll_fd_ctl_write: 0x555ef1d6b970: pfd->events now 60 (POLLOUT:4)
0:00:00.019383792  2751 0x556b9faa4360 LOG   GST_REGISTRY gstregistry.c:607:gst_registry_add_feature: emitting feature-added for fdsrc
0:00:00.014880882  2752 0x555ef1d47360 DEBUG   GST_POLL gstpoll.c:979:gst_poll_fd_ctl_write: 0x555ef1d6b970: fd (fd:0, idx:1), active : 1
0:00:00.019390360  2751 0x556b9faa4360 DEBUG   GST_REGISTRY gstregistrychunks.c:740:gst_registry_chunks_load_feature: Added feature fdsrc, plugin 0x556b9facc250 coreelements
0:00:00.014886973  2752 0x555ef1d47360 LOG   GST_POLL gstpoll.c:994:gst_poll_fd_ctl_write: 0x555ef1d6b970: pfd->events now 60 (POLLOUT:4)
0:00:00.019396755  2751 0x556b9faa4360 DEBUG   GST_REGISTRY gstregistrychunks.c:582:gst_registry_chunks_load_feature: Plugin 'coreelements' feature 'fakesink' typename : 'GstElementFactory'
0:00:00.014893402  2752 0x555ef1d47360 DEBUG   GST_POLL gstpoll.c:979:gst_poll_fd_ctl_write: 0x555ef1d6b970: fd (fd:0, idx:1), active : 1
0:00:00.019403634  2751 0x556b9faa4360 TRACE   GST_REFCOUNTING gstobject.c:208:gst_object_init: 0x556b9fad5f50 new
0:00:00.014899587  2752 0x555ef1d47360 LOG   GST_POLL gstpoll.c:994:gst_poll_fd_ctl_write: 0x555ef1d6b970: pfd->events now 60 (POLLOUT:4)
0:00:00.019410751  2751 0x556b9faa4360 LOG   GST_REGISTRY gstregistrychunks.c:609:gst_registry_chunks_load_feature: Reading/casting for GstRegistryChunkElementFactory at address 0x556b9facb808
0:00:00.014907061  2752 0x555ef1d47360 DEBUG   GST_POLL gstpoll.c:979:gst_poll_fd_ctl_write: 0x555ef1d6b970: fd (fd:0, idx:1), active : 1
0:00:00.019417069  2751 0x556b9faa4360 TRACE   structure gststructure.c:287:gst_structure_new_id_empty_with_size: created structure 0x556b9fad6180
0:00:00.014913490  2752 0x555ef1d47360 LOG   GST_POLL gstpoll.c:994:gst_poll_fd_ctl_write: 0x555ef1d6b970: pfd->events now 60 (POLLOUT:4)
0:00:00.019422800  2751 0x556b9faa4360 DEBUG   structure gststructure.c:2203:gst_structure_parse_field: trying field name 'long-name'
0:00:00.014919911  2752 0x555ef1d47360 DEBUG   GST_POLL gstpoll.c:979:gst_poll_fd_ctl_write: 0x555ef1d6b970: fd (fd:0, idx:1), active : 1
0:00:00.019428577  2751 0x556b9faa4360 DEBUG   default gstvalue.c:2676:_priv_gst_value_parse_value: trying type name 'string'
0:00:00.014930778  2752 0x555ef1d47360 LOG   GST_POLL gstpoll.c:994:gst_poll_fd_ctl_write: 0x555ef1d6b970: pfd->events now 60 (POLLOUT:4)
0:00:00.019438821  2751 0x556b9faa4360 DEBUG   structure gststructure.c:2203:gst_structure_parse_field: trying field name 'klass'
0:00:00.014937257  2752 0x555ef1d47360 DEBUG   GST_POLL gstpoll.c:979:gst_poll_fd_ctl_write: 0x555ef1d6b970: fd (fd:0, idx:1), active : 1
0:00:00.019444699  2751 0x556b9faa4360 DEBUG   default gstvalue.c:2676:_priv_gst_value_parse_value: trying type name 'string'
0:00:00.014943400  2752 0x555ef1d47360 LOG   GST_POLL gstpoll.c:994:gst_poll_fd_ctl_write: 0x555ef1d6b970: pfd->events now 60 (POLLOUT:4)
0:00:00.019451348  2751 0x556b9faa4360 DEBUG   structure gststructure.c:2203:gst_structure_parse_field: trying field name 'description'
0:00:00.014949883  2752 0x555ef1d47360 DEBUG   GST_POLL gstpoll.c:979:gst_poll_fd_ctl_write: 0x555ef1d6b970: fd (fd:0, idx:1), active : 1
0:00:00.019457238  2751 0x556b9faa4360 DEBUG   default gstvalue.c:2676:_priv_gst_value_parse_value: trying type name 'string'
0:00:00.014956066  2752 0x555ef1d47360 LOG   GST_POLL gstpoll.c:994:gst_poll_fd_ctl_write: 0x555ef1d6b970: pfd->events now 60 (POLLOUT:4)
0:00:00.019464183  2751 0x556b9faa4360 DEBUG   structure gststructure.c:2203:gst_structure_parse_field: trying field name 'author'
0:00:00.014962524  2752 0x555ef1d47360 DEBUG   GST_POLL gstpoll.c:979:gst_poll_fd_ctl_write: 0x555ef1d6b970: fd (fd:0, idx:1), active : 1
0:00:00.019469978  2751 0x556b9faa4360 DEBUG   default gstvalue.c:2676:_priv_gst_value_parse_value: trying type name 'string'
0:00:00.014968808  2752 0x555ef1d47360 LOG   GST_POLL gstpoll.c:994:gst_poll_fd_ctl_write: 0x555ef1d6b970: pfd->events now 60 (POLLOUT:4)
0:00:00.019479503  2751 0x556b9faa4360 DEBUG   GST_REGISTRY gstregistrychunks.c:626:gst_registry_chunks_load_feature: Element factory : npadtemplates=1
0:00:00.014975203  2752 0x555ef1d47360 DEBUG   GST_POLL gstpoll.c:979:gst_poll_fd_ctl_write: 0x555ef1d6b970: fd (fd:0, idx:1), active : 1
0:00:00.019485175  2751 0x556b9faa4360 DEBUG   GST_REGISTRY gstregistrychunks.c:525:gst_registry_chunks_load_pad_template: Reading/casting for GstRegistryChunkPadTemplate at address 0x556b9facb930
0:00:00.014982228  2752 0x555ef1d47360 LOG   GST_POLL gstpoll.c:994:gst_poll_fd_ctl_write: 0x555ef1d6b970: pfd->events now 60 (POLLOUT:4)
0:00:00.019491119  2751 0x556b9faa4360 DEBUG   GST_REGISTRY gstregistrychunks.c:539:gst_registry_chunks_load_pad_template: Added pad_template sink
0:00:00.014988556  2752 0x555ef1d47360 DEBUG   GST_POLL gstpoll.c:979:gst_poll_fd_ctl_write: 0x555ef1d6b970: fd (fd:0, idx:1), active : 1
0:00:00.019498014  2751 0x556b9faa4360 DEBUG   GST_REGISTRY gstregistry.c:589:gst_registry_add_feature: adding feature 0x556b9fad5f50 (fakesink)
0:00:00.014994707  2752 0x555ef1d47360 LOG   GST_POLL gstpoll.c:994:gst_poll_fd_ctl_write: 0x555ef1d6b970: pfd->events now 60 (POLLOUT:4)
0:00:00.019504014  2751 0x556b9faa4360 DEBUG   GST_REFCOUNTING gstobject.c:708:gst_object_set_parent: set parent (ref and sink)
0:00:00.015004717  2752 0x555ef1d47360 DEBUG   GST_POLL gstpoll.c:979:gst_poll_fd_ctl_write: 0x555ef1d6b970: fd (fd:0, idx:1), active : 1
0:00:00.019512674  2751 0x556b9faa4360 TRACE   GST_REFCOUNTING gstobject.c:292:gst_object_ref_sink: 0x556b9fad5f50 ref_sink 1->2
0:00:00.015011039  2752 0x555ef1d47360 LOG   GST_POLL gstpoll.c:994:gst_poll_fd_ctl_write: 0x555ef1d6b970: pfd->events now 60 (POLLOUT:4)
0:00:00.019519326  2751 0x556b9faa4360 LOG   GST_REGISTRY gstregistry.c:607:gst_registry_add_feature: emitting feature-added for fakesink
0:00:00.015017450  2752 0x555ef1d47360 DEBUG   GST_POLL gstpoll.c:979:gst_poll_fd_ctl_write: 0x555ef1d6b970: fd (fd:0, idx:1), active : 1
0:00:00.019525990  2751 0x556b9faa4360 DEBUG   GST_REGISTRY gstregistrychunks.c:740:gst_registry_chunks_load_feature: Added feature fakesink, plugin 0x556b9facc250 coreelements
0:00:00.015023607  2752 0x555ef1d47360 LOG   GST_POLL gstpoll.c:994:gst_poll_fd_ctl_write: 0x555ef1d6b970: pfd->events now 60 (POLLOUT:4)
0:00:00.019532248  2751 0x556b9faa4360 DEBUG   GST_REGISTRY gstregistrychunks.c:582:gst_registry_chunks_load_feature: Plugin 'coreelements' feature 'fakesrc' typename : 'GstElementFactory'
0:00:00.015030103  2752 0x555ef1d47360 DEBUG   GST_POLL gstpoll.c:979:gst_poll_fd_ctl_write: 0x555ef1d6b970: fd (fd:0, idx:1), active : 1
0:00:00.019538977  2751 0x556b9faa4360 TRACE   GST_REFCOUNTING gstobject.c:208:gst_object_init: 0x556b9fad64e0 new
