0:00:00.006603414  2751 0x556b9faa4360 LOG   GST_PLUGIN_LOADING gstpluginloader.c:690:write_one: Writing packet of size 174 bytes to fd 7
0:00:00.006611234  2751 0x556b9faa4360 DEBUG   GST_POLL gstpoll.c:979:gst_poll_fd_ctl_write: 0x556b9fac9530: fd (fd:7, idx:1), active : 0
0:00:00.006617144  2751 0x556b9faa4360 LOG   GST_POLL gstpoll.c:994:gst_poll_fd_ctl_write: 0x556b9fac9530: pfd->events now 56 (POLLOUT:4)
0:00:00.006632687  2751 0x556b9faa4360 DEBUG   GST_REGISTRY gstregistry.c:1383:gst_registry_scan_path_internal: registry changed in path /home/conan/w/prod/BuildSingleReference/.conan/data/gstreamer/1.18.3/_/_/package/62e0ab6106dfea3ec3ecb5db13d8d55a63451b50/lib/gstreamer-1.0: 0
0:00:00.006640757  2751 0x556b9faa4360 DEBUG   GST_REGISTRY gstregistry.c:1659:scan_and_update_registry: GST_PLUGIN_SYSTEM_PATH not set
0:00:00.006651136  2751 0x556b9faa4360 DEBUG   GST_REGISTRY gstregistry.c:1666:scan_and_update_registry: scanning home plugins /home/conan/.local/share/gstreamer-1.0/plugins
0:00:00.006657290  2751 0x556b9faa4360 DEBUG   GST_REGISTRY gstregistry.c:1380:gst_registry_scan_path_internal: scanning path /home/conan/.local/share/gstreamer-1.0/plugins
0:00:00.006675533  2751 0x556b9faa4360 DEBUG   GST_REGISTRY gstregistry.c:1383:gst_registry_scan_path_internal: registry changed in path /home/conan/.local/share/gstreamer-1.0/plugins: 0
0:00:00.006682064  2751 0x556b9faa4360 DEBUG   GST_REGISTRY gstregistry.c:1691:scan_and_update_registry: scanning main plugins /home/conan/w/prod/BuildSingleReference/.conan/data/gstreamer/1.18.3/_/_/package/62e0ab6106dfea3ec3ecb5db13d8d55a63451b50/lib/gstreamer-1.0
0:00:00.006688121  2751 0x556b9faa4360 DEBUG   GST_REGISTRY gstregistry.c:1380:gst_registry_scan_path_internal: scanning path /home/conan/w/prod/BuildSingleReference/.conan/data/gstreamer/1.18.3/_/_/package/62e0ab6106dfea3ec3ecb5db13d8d55a63451b50/lib/gstreamer-1.0
0:00:00.006722227  2751 0x556b9faa4360 LOG   GST_REGISTRY gstregistry.c:1299:gst_registry_scan_path_level: file /home/conan/w/prod/BuildSingleReference/.conan/data/gstreamer/1.18.3/_/_/package/62e0ab6106dfea3ec3ecb5db13d8d55a63451b50/lib/gstreamer-1.0/libgstcoretracers.so looks like a possible module
0:00:00.006729396  2751 0x556b9faa4360 DEBUG   GST_REGISTRY gstregistry.c:1360:gst_registry_scan_path_level: file /home/conan/w/prod/BuildSingleReference/.conan/data/gstreamer/1.18.3/_/_/package/62e0ab6106dfea3ec3ecb5db13d8d55a63451b50/lib/gstreamer-1.0/libgstcoretracers.so not yet in registry
0:00:00.006735335  2751 0x556b9faa4360 DEBUG   GST_REGISTRY gstregistry.c:1172:gst_registry_scan_plugin_file: Using scan-helper to load plugin /home/conan/w/prod/BuildSingleReference/.conan/data/gstreamer/1.18.3/_/_/package/62e0ab6106dfea3ec3ecb5db13d8d55a63451b50/lib/gstreamer-1.0/libgstcoretracers.so
0:00:00.006746523  2751 0x556b9faa4360 LOG   GST_PLUGIN_LOADING gstpluginloader.c:235:plugin_loader_load: Sending file /home/conan/w/prod/BuildSingleReference/.conan/data/gstreamer/1.18.3/_/_/package/62e0ab6106dfea3ec3ecb5db13d8d55a63451b50/lib/gstreamer-1.0/libgstcoretracers.so to child. tag 2
0:00:00.002241174  2752 0x555ef1d47360 TRACE   GST_REFCOUNTING gstobject.c:208:gst_object_init: 0x555ef1d6d2f0 new
0:00:00.006754073  2751 0x556b9faa4360 DEBUG   GST_POLL gstpoll.c:979:gst_poll_fd_ctl_write: 0x556b9fac9530: fd (fd:7, idx:1), active : 1
0:00:00.006761392  2751 0x556b9faa4360 LOG   GST_POLL gstpoll.c:994:gst_poll_fd_ctl_write: 0x556b9fac9530: pfd->events now 60 (POLLOUT:4)
0:00:00.006768374  2751 0x556b9faa4360 DEBUG   GST_POLL gstpoll.c:1414:gst_poll_wait: 0x556b9fac9530: timeout :0:00:01.000000000
0:00:00.002264298  2752 0x555ef1d47360 LOG   GST_PLUGIN_LOADING gstplugin.c:889:_priv_gst_plugin_load_file_for_registry: Plugin 0x555ef1d6d2f0 for file "/home/conan/w/prod/BuildSingleReference/.conan/data/gstreamer/1.18.3/_/_/package/62e0ab6106dfea3ec3ecb5db13d8d55a63451b50/lib/gstreamer-1.0/libgstcoretracers.so" prepared, calling entry function...
0:00:00.006776179  2751 0x556b9faa4360 LOG   GST_PLUGIN_LOADING gstpluginloader.c:1027:exchange_packets: Poll res = 1. 173 bytes pending for write
0:00:00.002275249  2752 0x555ef1d47360 LOG   GST_PLUGIN_LOADING gstplugin.c:896:_priv_gst_plugin_load_file_for_registry: Plugin 0x555ef1d6d2f0 for file "/home/conan/w/prod/BuildSingleReference/.conan/data/gstreamer/1.18.3/_/_/package/62e0ab6106dfea3ec3ecb5db13d8d55a63451b50/lib/gstreamer-1.0/libgstcoretracers.so" prepared, registering...
0:00:00.006783352  2751 0x556b9faa4360 DEBUG   GST_POLL gstpoll.c:1241:gst_poll_fd_has_error: 0x556b9fac9530: fd (fd:8, idx:2) 0
0:00:00.002282519  2752 0x555ef1d47360 LOG   GST_PLUGIN_LOADING gstplugin.c:514:gst_plugin_register_func: plugin "/home/conan/w/prod/BuildSingleReference/.conan/data/gstreamer/1.18.3/_/_/package/62e0ab6106dfea3ec3ecb5db13d8d55a63451b50/lib/gstreamer-1.0/libgstcoretracers.so" looks good
0:00:00.006790378  2751 0x556b9faa4360 DEBUG   GST_POLL gstpoll.c:1266:gst_poll_fd_can_read_unlocked: 0x556b9fac9530: fd (fd:8, idx:2) 0
0:00:00.006797565  2751 0x556b9faa4360 DEBUG   GST_POLL gstpoll.c:1195:gst_poll_fd_has_closed: 0x556b9fac9530: fd (fd:8, idx:2) 0
0:00:00.006803612  2751 0x556b9faa4360 DEBUG   GST_POLL gstpoll.c:1241:gst_poll_fd_has_error: 0x556b9fac9530: fd (fd:7, idx:1) 0
0:00:00.006809797  2751 0x556b9faa4360 DEBUG   GST_POLL gstpoll.c:1335:gst_poll_fd_can_write: 0x556b9fac9530: fd (fd:7, idx:1) 1
0:00:00.002306149  2752 0x555ef1d47360 TRACE   GST_REFCOUNTING gstobject.c:208:gst_object_init: 0x555ef1d6e060 new
0:00:00.006815557  2751 0x556b9faa4360 LOG   GST_PLUGIN_LOADING gstpluginloader.c:690:write_one: Writing packet of size 173 bytes to fd 7
0:00:00.002315795  2752 0x555ef1d47360 DEBUG   GST_TRACER gsttracer.c:169:gst_tracer_register: new tracer factory for latency
0:00:00.006824393  2751 0x556b9faa4360 DEBUG   GST_POLL gstpoll.c:979:gst_poll_fd_ctl_write: 0x556b9fac9530: fd (fd:7, idx:1), active : 0
0:00:00.002324733  2752 0x555ef1d47360 DEBUG   GST_TRACER gsttracer.c:176:gst_tracer_register: tracer factory for 4057391072:GstLatencyTracer
0:00:00.006830906  2751 0x556b9faa4360 LOG   GST_POLL gstpoll.c:994:gst_poll_fd_ctl_write: 0x556b9fac9530: pfd->events now 56 (POLLOUT:4)
0:00:00.002340341  2752 0x555ef1d47360 DEBUG   GST_REGISTRY gstregistry.c:589:gst_registry_add_feature: adding feature 0x555ef1d6e060 (latency)
0:00:00.002347369  2752 0x555ef1d47360 DEBUG   GST_REFCOUNTING gstobject.c:708:gst_object_set_parent: set parent (ref and sink)
0:00:00.006853579  2751 0x556b9faa4360 LOG   GST_REGISTRY gstregistry.c:1299:gst_registry_scan_path_level: file /home/conan/w/prod/BuildSingleReference/.conan/data/gstreamer/1.18.3/_/_/package/62e0ab6106dfea3ec3ecb5db13d8d55a63451b50/lib/gstreamer-1.0/libgstcoreelements.so looks like a possible module
0:00:00.002354720  2752 0x555ef1d47360 TRACE   GST_REFCOUNTING gstobject.c:292:gst_object_ref_sink: 0x555ef1d6e060 ref_sink 1->2
0:00:00.006862271  2751 0x556b9faa4360 DEBUG   GST_REGISTRY gstregistry.c:1360:gst_registry_scan_path_level: file /home/conan/w/prod/BuildSingleReference/.conan/data/gstreamer/1.18.3/_/_/package/62e0ab6106dfea3ec3ecb5db13d8d55a63451b50/lib/gstreamer-1.0/libgstcoreelements.so not yet in registry
0:00:00.002361820  2752 0x555ef1d47360 LOG   GST_REGISTRY gstregistry.c:607:gst_registry_add_feature: emitting feature-added for latency
0:00:00.006869578  2751 0x556b9faa4360 DEBUG   GST_REGISTRY gstregistry.c:1172:gst_registry_scan_plugin_file: Using scan-helper to load plugin /home/conan/w/prod/BuildSingleReference/.conan/data/gstreamer/1.18.3/_/_/package/62e0ab6106dfea3ec3ecb5db13d8d55a63451b50/lib/gstreamer-1.0/libgstcoreelements.so
0:00:00.006876790  2751 0x556b9faa4360 LOG   GST_PLUGIN_LOADING gstpluginloader.c:235:plugin_loader_load: Sending file /home/conan/w/prod/BuildSingleReference/.conan/data/gstreamer/1.18.3/_/_/package/62e0ab6106dfea3ec3ecb5db13d8d55a63451b50/lib/gstreamer-1.0/libgstcoreelements.so to child. tag 3
0:00:00.002376847  2752 0x555ef1d47360 TRACE   GST_REFCOUNTING gstobject.c:208:gst_object_init: 0x555ef1d6e5d0 new
0:00:00.006883538  2751 0x556b9faa4360 DEBUG   GST_POLL gstpoll.c:979:gst_poll_fd_ctl_write: 0x556b9fac9530: fd (fd:7, idx:1), active : 1
0:00:00.006892257  2751 0x556b9faa4360 LOG   GST_POLL gstpoll.c:994:gst_poll_fd_ctl_write: 0x556b9fac9530: pfd->events now 60 (POLLOUT:4)
0:00:00.002390911  2752 0x555ef1d47360 DEBUG   GST_TRACER gsttracer.c:169:gst_tracer_register: new tracer factory for log
0:00:00.006898940  2751 0x556b9faa4360 DEBUG   GST_POLL gstpoll.c:1414:gst_poll_wait: 0x556b9fac9530: timeout :0:00:01.000000000
0:00:00.002399506  2752 0x555ef1d47360 DEBUG   GST_TRACER gsttracer.c:176:gst_tracer_register: tracer factory for 4057391952:GstLogTracer
0:00:00.006907835  2751 0x556b9faa4360 LOG   GST_PLUGIN_LOADING gstpluginloader.c:1027:exchange_packets: Poll res = 1. 174 bytes pending for write
0:00:00.002407263  2752 0x555ef1d47360 DEBUG   GST_REGISTRY gstregistry.c:589:gst_registry_add_feature: adding feature 0x555ef1d6e5d0 (log)
0:00:00.006914863  2751 0x556b9faa4360 DEBUG   GST_POLL gstpoll.c:1241:gst_poll_fd_has_error: 0x556b9fac9530: fd (fd:8, idx:2) 0
0:00:00.002413510  2752 0x555ef1d47360 DEBUG   GST_REFCOUNTING gstobject.c:708:gst_object_set_parent: set parent (ref and sink)
0:00:00.006926544  2751 0x556b9faa4360 DEBUG   GST_POLL gstpoll.c:1266:gst_poll_fd_can_read_unlocked: 0x556b9fac9530: fd (fd:8, idx:2) 0
0:00:00.002423652  2752 0x555ef1d47360 TRACE   GST_REFCOUNTING gstobject.c:292:gst_object_ref_sink: 0x555ef1d6e5d0 ref_sink 1->2
0:00:00.006933061  2751 0x556b9faa4360 DEBUG   GST_POLL gstpoll.c:1195:gst_poll_fd_has_closed: 0x556b9fac9530: fd (fd:8, idx:2) 0
0:00:00.002430617  2752 0x555ef1d47360 LOG   GST_REGISTRY gstregistry.c:607:gst_registry_add_feature: emitting feature-added for log
0:00:00.006939684  2751 0x556b9faa4360 DEBUG   GST_POLL gstpoll.c:1241:gst_poll_fd_has_error: 0x556b9fac9530: fd (fd:7, idx:1) 0
0:00:00.006946051  2751 0x556b9faa4360 DEBUG   GST_POLL gstpoll.c:1335:gst_poll_fd_can_write: 0x556b9fac9530: fd (fd:7, idx:1) 1
0:00:00.002441635  2752 0x555ef1d47360 TRACE   GST_REFCOUNTING gstobject.c:208:gst_object_init: 0x555ef1d6e7f0 new
0:00:00.006951708  2751 0x556b9faa4360 LOG   GST_PLUGIN_LOADING gstpluginloader.c:690:write_one: Writing packet of size 174 bytes to fd 7
0:00:00.002449856  2752 0x555ef1d47360 DEBUG   GST_TRACER gsttracer.c:169:gst_tracer_register: new tracer factory for rusage
0:00:00.006959976  2751 0x556b9faa4360 DEBUG   GST_POLL gstpoll.c:979:gst_poll_fd_ctl_write: 0x556b9fac9530: fd (fd:7, idx:1), active : 0
0:00:00.002457685  2752 0x555ef1d47360 DEBUG   GST_TRACER gsttracer.c:176:gst_tracer_register: tracer factory for 4057392288:GstRUsageTracer
0:00:00.006966413  2751 0x556b9faa4360 LOG   GST_POLL gstpoll.c:994:gst_poll_fd_ctl_write: 0x556b9fac9530: pfd->events now 56 (POLLOUT:4)
0:00:00.002465287  2752 0x555ef1d47360 DEBUG   GST_REGISTRY gstregistry.c:589:gst_registry_add_feature: adding feature 0x555ef1d6e7f0 (rusage)
0:00:00.006976776  2751 0x556b9faa4360 DEBUG   GST_REGISTRY gstregistry.c:1383:gst_registry_scan_path_internal: registry changed in path /home/conan/w/prod/BuildSingleReference/.conan/data/gstreamer/1.18.3/_/_/package/62e0ab6106dfea3ec3ecb5db13d8d55a63451b50/lib/gstreamer-1.0: 0
0:00:00.002471409  2752 0x555ef1d47360 DEBUG   GST_REFCOUNTING gstobject.c:708:gst_object_set_parent: set parent (ref and sink)
0:00:00.002480675  2752 0x555ef1d47360 TRACE   GST_REFCOUNTING gstobject.c:292:gst_object_ref_sink: 0x555ef1d6e7f0 ref_sink 1->2
0:00:00.006986818  2751 0x556b9faa4360 DEBUG   GST_POLL gstpoll.c:979:gst_poll_fd_ctl_write: 0x556b9fac9530: fd (fd:7, idx:1), active : 1
0:00:00.002487063  2752 0x555ef1d47360 LOG   GST_REGISTRY gstregistry.c:607:gst_registry_add_feature: emitting feature-added for rusage
0:00:00.006995287  2751 0x556b9faa4360 LOG   GST_POLL gstpoll.c:994:gst_poll_fd_ctl_write: 0x556b9fac9530: pfd->events now 60 (POLLOUT:4)
0:00:00.007002423  2751 0x556b9faa4360 DEBUG   GST_POLL gstpoll.c:1414:gst_poll_wait: 0x556b9fac9530: timeout :0:00:01.000000000
0:00:00.002498671  2752 0x555ef1d47360 TRACE   GST_REFCOUNTING gstobject.c:208:gst_object_init: 0x555ef1d6ebf0 new
0:00:00.007010202  2751 0x556b9faa4360 LOG   GST_PLUGIN_LOADING gstpluginloader.c:1027:exchange_packets: Poll res = 1. 12 bytes pending for write
0:00:00.002511945  2752 0x555ef1d47360 DEBUG   GST_TRACER gsttracer.c:169:gst_tracer_register: new tracer factory for stats
0:00:00.007019210  2751 0x556b9faa4360 DEBUG   GST_POLL gstpoll.c:1241:gst_poll_fd_has_error: 0x556b9fac9530: fd (fd:8, idx:2) 0
0:00:00.002519880  2752 0x555ef1d47360 DEBUG   GST_TRACER gsttracer.c:176:gst_tracer_register: tracer factory for 4057393632:GstStatsTracer
0:00:00.007027300  2751 0x556b9faa4360 DEBUG   GST_POLL gstpoll.c:1266:gst_poll_fd_can_read_unlocked: 0x556b9fac9530: fd (fd:8, idx:2) 0
0:00:00.002527310  2752 0x555ef1d47360 DEBUG   GST_REGISTRY gstregistry.c:589:gst_registry_add_feature: adding feature 0x555ef1d6ebf0 (stats)
0:00:00.007034816  2751 0x556b9faa4360 DEBUG   GST_POLL gstpoll.c:1195:gst_poll_fd_has_closed: 0x556b9fac9530: fd (fd:8, idx:2) 0
0:00:00.002533536  2752 0x555ef1d47360 DEBUG   GST_REFCOUNTING gstobject.c:708:gst_object_set_parent: set parent (ref and sink)
0:00:00.007042104  2751 0x556b9faa4360 DEBUG   GST_POLL gstpoll.c:1241:gst_poll_fd_has_error: 0x556b9fac9530: fd (fd:7, idx:1) 0
0:00:00.002540948  2752 0x555ef1d47360 TRACE   GST_REFCOUNTING gstobject.c:292:gst_object_ref_sink: 0x555ef1d6ebf0 ref_sink 1->2
0:00:00.007048822  2751 0x556b9faa4360 DEBUG   GST_POLL gstpoll.c:1335:gst_poll_fd_can_write: 0x556b9fac9530: fd (fd:7, idx:1) 1
0:00:00.002547983  2752 0x555ef1d47360 LOG   GST_REGISTRY gstregistry.c:607:gst_registry_add_feature: emitting feature-added for stats
0:00:00.007055667  2751 0x556b9faa4360 LOG   GST_PLUGIN_LOADING gstpluginloader.c:690:write_one: Writing packet of size 12 bytes to fd 7
0:00:00.007063899  2751 0x556b9faa4360 DEBUG   GST_POLL gstpoll.c:979:gst_poll_fd_ctl_write: 0x556b9fac9530: fd (fd:7, idx:1), active : 0
0:00:00.002558674  2752 0x555ef1d47360 TRACE   GST_REFCOUNTING gstobject.c:208:gst_object_init: 0x555ef1d6ee90 new
0:00:00.007069984  2751 0x556b9faa4360 LOG   GST_POLL gstpoll.c:994:gst_poll_fd_ctl_write: 0x556b9fac9530: pfd->events now 56 (POLLOUT:4)
0:00:00.002567569  2752 0x555ef1d47360 DEBUG   GST_TRACER gsttracer.c:169:gst_tracer_register: new tracer factory for leaks
0:00:00.007077225  2751 0x556b9faa4360 DEBUG   GST_POLL gstpoll.c:1414:gst_poll_wait: 0x556b9fac9530: timeout :0:00:01.000000000
0:00:00.002578293  2752 0x555ef1d47360 DEBUG   GST_TRACER gsttracer.c:176:gst_tracer_register: tracer factory for 4057394384:GstLeaksTracer
0:00:00.002586101  2752 0x555ef1d47360 DEBUG   GST_REGISTRY gstregistry.c:589:gst_registry_add_feature: adding feature 0x555ef1d6ee90 (leaks)
0:00:00.002591779  2752 0x555ef1d47360 DEBUG   GST_REFCOUNTING gstobject.c:708:gst_object_set_parent: set parent (ref and sink)
0:00:00.002599194  2752 0x555ef1d47360 TRACE   GST_REFCOUNTING gstobject.c:292:gst_object_ref_sink: 0x555ef1d6ee90 ref_sink 1->2
0:00:00.002605551  2752 0x555ef1d47360 LOG   GST_REGISTRY gstregistry.c:607:gst_registry_add_feature: emitting feature-added for leaks
0:00:00.002615985  2752 0x555ef1d47360 LOG   GST_PLUGIN_LOADING gstplugin.c:541:gst_plugin_register_func: plugin "/home/conan/w/prod/BuildSingleReference/.conan/data/gstreamer/1.18.3/_/_/package/62e0ab6106dfea3ec3ecb5db13d8d55a63451b50/lib/gstreamer-1.0/libgstcoretracers.so" initialised
0:00:00.002623554  2752 0x555ef1d47360 INFO   GST_PLUGIN_LOADING gstplugin.c:915:_priv_gst_plugin_load_file_for_registry: plugin "/home/conan/w/prod/BuildSingleReference/.conan/data/gstreamer/1.18.3/_/_/package/62e0ab6106dfea3ec3ecb5db13d8d55a63451b50/lib/gstreamer-1.0/libgstcoretracers.so" loaded
0:00:00.002630432  2752 0x555ef1d47360 TRACE   GST_REFCOUNTING gstobject.c:237:gst_object_ref: 0x555ef1d6d2f0 ref 1->2
0:00:00.002637798  2752 0x555ef1d47360 DEBUG   GST_REGISTRY gstregistry.c:473:gst_registry_add_plugin: adding plugin 0x555ef1d6d2f0 for filename "/home/conan/w/prod/BuildSingleReference/.conan/data/gstreamer/1.18.3/_/_/package/62e0ab6106dfea3ec3ecb5db13d8d55a63451b50/lib/gstreamer-1.0/libgstcoretracers.so"
0:00:00.002644967  2752 0x555ef1d47360 TRACE   GST_REFCOUNTING gstobject.c:292:gst_object_ref_sink: 0x555ef1d6d2f0 ref_sink 2->3
0:00:00.002652166  2752 0x555ef1d47360 LOG   GST_REGISTRY gstregistry.c:486:gst_registry_add_plugin: emitting plugin-added for filename "/home/conan/w/prod/BuildSingleReference/.conan/data/gstreamer/1.18.3/_/_/package/62e0ab6106dfea3ec3ecb5db13d8d55a63451b50/lib/gstreamer-1.0/libgstcoretracers.so"
0:00:00.002659256  2752 0x555ef1d47360 TRACE   GST_REFCOUNTING gstobject.c:237:gst_object_ref: 0x555ef1d6ee90 ref 1->2
0:00:00.002666832  2752 0x555ef1d47360 TRACE   GST_REFCOUNTING gstobject.c:237:gst_object_ref: 0x555ef1d6ebf0 ref 1->2
0:00:00.002674007  2752 0x555ef1d47360 TRACE   GST_REFCOUNTING gstobject.c:237:gst_object_ref: 0x555ef1d6e7f0 ref 1->2
0:00:00.002681323  2752 0x555ef1d47360 TRACE   GST_REFCOUNTING gstobject.c:237:gst_object_ref: 0x555ef1d6e5d0 ref 1->2
0:00:00.002688307  2752 0x555ef1d47360 TRACE   GST_REFCOUNTING gstobject.c:237:gst_object_ref: 0x555ef1d6e060 ref 1->2
0:00:00.002701373  2752 0x555ef1d47360 TRACE   GST_REFCOUNTING gstobject.c:264:gst_object_unref: 0x555ef1d6e060 unref 2->1
0:00:00.002709136  2752 0x555ef1d47360 TRACE   GST_REFCOUNTING gstobject.c:264:gst_object_unref: 0x555ef1d6e5d0 unref 2->1
0:00:00.002715890  2752 0x555ef1d47360 TRACE   GST_REFCOUNTING gstobject.c:264:gst_object_unref: 0x555ef1d6e7f0 unref 2->1
0:00:00.002722686  2752 0x555ef1d47360 TRACE   GST_REFCOUNTING gstobject.c:264:gst_object_unref: 0x555ef1d6ebf0 unref 2->1
0:00:00.002729383  2752 0x555ef1d47360 TRACE   GST_REFCOUNTING gstobject.c:264:gst_object_unref: 0x555ef1d6ee90 unref 2->1
0:00:00.002738324  2752 0x555ef1d47360 DEBUG   GST_REGISTRY gstregistrychunks.c:497:_priv_gst_registry_chunks_save_plugin: Found 5 features in plugin 0x555ef1d6d2f0 (coretracers)
0:00:00.002748758  2752 0x555ef1d47360 DEBUG   GST_POLL gstpoll.c:979:gst_poll_fd_ctl_write: 0x555ef1d6b970: fd (fd:0, idx:1), active : 1
0:00:00.002755860  2752 0x555ef1d47360 LOG   GST_POLL gstpoll.c:994:gst_poll_fd_ctl_write: 0x555ef1d6b970: pfd->events now 60 (POLLOUT:4)
0:00:00.002766700  2752 0x555ef1d47360 DEBUG   GST_POLL gstpoll.c:979:gst_poll_fd_ctl_write: 0x555ef1d6b970: fd (fd:0, idx:1), active : 1
0:00:00.002773079  2752 0x555ef1d47360 LOG   GST_POLL gstpoll.c:994:gst_poll_fd_ctl_write: 0x555ef1d6b970: pfd->events now 60 (POLLOUT:4)
0:00:00.002780300  2752 0x555ef1d47360 DEBUG   GST_POLL gstpoll.c:979:gst_poll_fd_ctl_write: 0x555ef1d6b970: fd (fd:0, idx:1), active : 1
0:00:00.002786458  2752 0x555ef1d47360 LOG   GST_POLL gstpoll.c:994:gst_poll_fd_ctl_write: 0x555ef1d6b970: pfd->events now 60 (POLLOUT:4)
0:00:00.002792793  2752 0x555ef1d47360 DEBUG   GST_POLL gstpoll.c:979:gst_poll_fd_ctl_write: 0x555ef1d6b970: fd (fd:0, idx:1), active : 1
0:00:00.002798793  2752 0x555ef1d47360 LOG   GST_POLL gstpoll.c:994:gst_poll_fd_ctl_write: 0x555ef1d6b970: pfd->events now 60 (POLLOUT:4)
0:00:00.002805048  2752 0x555ef1d47360 DEBUG   GST_POLL gstpoll.c:979:gst_poll_fd_ctl_write: 0x555ef1d6b970: fd (fd:0, idx:1), active : 1
0:00:00.002810918  2752 0x555ef1d47360 LOG   GST_POLL gstpoll.c:994:gst_poll_fd_ctl_write: 0x555ef1d6b970: pfd->events now 60 (POLLOUT:4)
0:00:00.002817146  2752 0x555ef1d47360 DEBUG   GST_POLL gstpoll.c:979:gst_poll_fd_ctl_write: 0x555ef1d6b970: fd (fd:0, idx:1), active : 1
0:00:00.002822950  2752 0x555ef1d47360 LOG   GST_POLL gstpoll.c:994:gst_poll_fd_ctl_write: 0x555ef1d6b970: pfd->events now 60 (POLLOUT:4)
0:00:00.002840915  2752 0x555ef1d47360 DEBUG   GST_POLL gstpoll.c:979:gst_poll_fd_ctl_write: 0x555ef1d6b970: fd (fd:0, idx:1), active : 1
0:00:00.002846595  2752 0x555ef1d47360 LOG   GST_POLL gstpoll.c:994:gst_poll_fd_ctl_write: 0x555ef1d6b970: pfd->events now 60 (POLLOUT:4)
0:00:00.002873026  2752 0x555ef1d47360 DEBUG   GST_POLL gstpoll.c:979:gst_poll_fd_ctl_write: 0x555ef1d6b970: fd (fd:0, idx:1), active : 1
0:00:00.002880669  2752 0x555ef1d47360 LOG   GST_POLL gstpoll.c:994:gst_poll_fd_ctl_write: 0x555ef1d6b970: pfd->events now 60 (POLLOUT:4)
0:00:00.002886689  2752 0x555ef1d47360 DEBUG   GST_POLL gstpoll.c:979:gst_poll_fd_ctl_write: 0x555ef1d6b970: fd (fd:0, idx:1), active : 1
0:00:00.002892374  2752 0x555ef1d47360 LOG   GST_POLL gstpoll.c:994:gst_poll_fd_ctl_write: 0x555ef1d6b970: pfd->events now 60 (POLLOUT:4)
0:00:00.002898245  2752 0x555ef1d47360 DEBUG   GST_POLL gstpoll.c:979:gst_poll_fd_ctl_write: 0x555ef1d6b970: fd (fd:0, idx:1), active : 1
0:00:00.002903895  2752 0x555ef1d47360 LOG   GST_POLL gstpoll.c:994:gst_poll_fd_ctl_write: 0x555ef1d6b970: pfd->events now 60 (POLLOUT:4)
0:00:00.002909841  2752 0x555ef1d47360 DEBUG   GST_POLL gstpoll.c:979:gst_poll_fd_ctl_write: 0x555ef1d6b970: fd (fd:0, idx:1), active : 1
0:00:00.002915470  2752 0x555ef1d47360 LOG   GST_POLL gstpoll.c:994:gst_poll_fd_ctl_write: 0x555ef1d6b970: pfd->events now 60 (POLLOUT:4)
0:00:00.002921409  2752 0x555ef1d47360 DEBUG   GST_POLL gstpoll.c:979:gst_poll_fd_ctl_write: 0x555ef1d6b970: fd (fd:0, idx:1), active : 1
0:00:00.002927029  2752 0x555ef1d47360 LOG   GST_POLL gstpoll.c:994:gst_poll_fd_ctl_write: 0x555ef1d6b970: pfd->events now 60 (POLLOUT:4)
0:00:00.002933037  2752 0x555ef1d47360 DEBUG   GST_POLL gstpoll.c:979:gst_poll_fd_ctl_write: 0x555ef1d6b970: fd (fd:0, idx:1), active : 1
0:00:00.002943140  2752 0x555ef1d47360 LOG   GST_POLL gstpoll.c:994:gst_poll_fd_ctl_write: 0x555ef1d6b970: pfd->events now 60 (POLLOUT:4)
0:00:00.002949284  2752 0x555ef1d47360 DEBUG   GST_POLL gstpoll.c:979:gst_poll_fd_ctl_write: 0x555ef1d6b970: fd (fd:0, idx:1), active : 1
0:00:00.002955086  2752 0x555ef1d47360 LOG   GST_POLL gstpoll.c:994:gst_poll_fd_ctl_write: 0x555ef1d6b970: pfd->events now 60 (POLLOUT:4)
0:00:00.002961036  2752 0x555ef1d47360 DEBUG   GST_POLL gstpoll.c:979:gst_poll_fd_ctl_write: 0x555ef1d6b970: fd (fd:0, idx:1), active : 1
0:00:00.002966687  2752 0x555ef1d47360 LOG   GST_POLL gstpoll.c:994:gst_poll_fd_ctl_write: 0x555ef1d6b970: pfd->events now 60 (POLLOUT:4)
0:00:00.002972714  2752 0x555ef1d47360 DEBUG   GST_POLL gstpoll.c:979:gst_poll_fd_ctl_write: 0x555ef1d6b970: fd (fd:0, idx:1), active : 1
0:00:00.002978336  2752 0x555ef1d47360 LOG   GST_POLL gstpoll.c:994:gst_poll_fd_ctl_write: 0x555ef1d6b970: pfd->events now 60 (POLLOUT:4)
0:00:00.002984296  2752 0x555ef1d47360 DEBUG   GST_POLL gstpoll.c:979:gst_poll_fd_ctl_write: 0x555ef1d6b970: fd (fd:0, idx:1), active : 1
0:00:00.002989930  2752 0x555ef1d47360 LOG   GST_POLL gstpoll.c:994:gst_poll_fd_ctl_write: 0x555ef1d6b970: pfd->events now 60 (POLLOUT:4)
0:00:00.002995861  2752 0x555ef1d47360 DEBUG   GST_POLL gstpoll.c:979:gst_poll_fd_ctl_write: 0x555ef1d6b970: fd (fd:0, idx:1), active : 1
0:00:00.003001479  2752 0x555ef1d47360 LOG   GST_POLL gstpoll.c:994:gst_poll_fd_ctl_write: 0x555ef1d6b970: pfd->events now 60 (POLLOUT:4)
0:00:00.003007476  2752 0x555ef1d47360 DEBUG   GST_POLL gstpoll.c:979:gst_poll_fd_ctl_write: 0x555ef1d6b970: fd (fd:0, idx:1), active : 1
0:00:00.003013080  2752 0x555ef1d47360 LOG   GST_POLL gstpoll.c:994:gst_poll_fd_ctl_write: 0x555ef1d6b970: pfd->events now 60 (POLLOUT:4)
0:00:00.003019051  2752 0x555ef1d47360 DEBUG   GST_POLL gstpoll.c:979:gst_poll_fd_ctl_write: 0x555ef1d6b970: fd (fd:0, idx:1), active : 1
0:00:00.003024679  2752 0x555ef1d47360 LOG   GST_POLL gstpoll.c:994:gst_poll_fd_ctl_write: 0x555ef1d6b970: pfd->events now 60 (POLLOUT:4)
0:00:00.003030629  2752 0x555ef1d47360 DEBUG   GST_POLL gstpoll.c:979:gst_poll_fd_ctl_write: 0x555ef1d6b970: fd (fd:0, idx:1), active : 1
0:00:00.003036290  2752 0x555ef1d47360 LOG   GST_POLL gstpoll.c:994:gst_poll_fd_ctl_write: 0x555ef1d6b970: pfd->events now 60 (POLLOUT:4)
0:00:00.003042276  2752 0x555ef1d47360 DEBUG   GST_POLL gstpoll.c:979:gst_poll_fd_ctl_write: 0x555ef1d6b970: fd (fd:0, idx:1), active : 1
0:00:00.003047895  2752 0x555ef1d47360 LOG   GST_POLL gstpoll.c:994:gst_poll_fd_ctl_write: 0x555ef1d6b970: pfd->events now 60 (POLLOUT:4)
0:00:00.003053791  2752 0x555ef1d47360 DEBUG   GST_POLL gstpoll.c:979:gst_poll_fd_ctl_write: 0x555ef1d6b970: fd (fd:0, idx:1), active : 1
0:00:00.003059440  2752 0x555ef1d47360 LOG   GST_POLL gstpoll.c:994:gst_poll_fd_ctl_write: 0x555ef1d6b970: pfd->events now 60 (POLLOUT:4)
0:00:00.003065341  2752 0x555ef1d47360 DEBUG   GST_POLL gstpoll.c:979:gst_poll_fd_ctl_write: 0x555ef1d6b970: fd (fd:0, idx:1), active : 1
0:00:00.003074594  2752 0x555ef1d47360 LOG   GST_POLL gstpoll.c:994:gst_poll_fd_ctl_write: 0x555ef1d6b970: pfd->events now 60 (POLLOUT:4)
0:00:00.003080719  2752 0x555ef1d47360 DEBUG   GST_POLL gstpoll.c:979:gst_poll_fd_ctl_write: 0x555ef1d6b970: fd (fd:0, idx:1), active : 1
0:00:00.003086363  2752 0x555ef1d47360 LOG   GST_POLL gstpoll.c:994:gst_poll_fd_ctl_write: 0x555ef1d6b970: pfd->events now 60 (POLLOUT:4)
0:00:00.003092364  2752 0x555ef1d47360 DEBUG   GST_POLL gstpoll.c:979:gst_poll_fd_ctl_write: 0x555ef1d6b970: fd (fd:0, idx:1), active : 1
0:00:00.003098413  2752 0x555ef1d47360 LOG   GST_POLL gstpoll.c:994:gst_poll_fd_ctl_write: 0x555ef1d6b970: pfd->events now 60 (POLLOUT:4)
0:00:00.003104503  2752 0x555ef1d47360 DEBUG   GST_POLL gstpoll.c:979:gst_poll_fd_ctl_write: 0x555ef1d6b970: fd (fd:0, idx:1), active : 1
0:00:00.003110148  2752 0x555ef1d47360 LOG   GST_POLL gstpoll.c:994:gst_poll_fd_ctl_write: 0x555ef1d6b970: pfd->events now 60 (POLLOUT:4)
0:00:00.003116835  2752 0x555ef1d47360 TRACE   GST_REFCOUNTING gstobject.c:264:gst_object_unref: 0x555ef1d6d2f0 unref 2->1
0:00:00.003124174  2752 0x555ef1d47360 DEBUG   GST_POLL gstpoll.c:1241:gst_poll_fd_has_error: 0x555ef1d6b970: fd (fd:0, idx:1) 0
0:00:00.003130761  2752 0x555ef1d47360 DEBUG   GST_POLL gstpoll.c:1335:gst_poll_fd_can_write: 0x555ef1d6b970: fd (fd:0, idx:1) 0
0:00:00.003136999  2752 0x555ef1d47360 DEBUG   GST_POLL gstpoll.c:1195:gst_poll_fd_has_closed: 0x555ef1d6b970: fd (fd:0, idx:1) 0
0:00:00.003144142  2752 0x555ef1d47360 DEBUG   GST_POLL gstpoll.c:1414:gst_poll_wait: 0x555ef1d6b970: timeout :0:00:01.000000000
0:00:00.003153755  2752 0x555ef1d47360 LOG   GST_PLUGIN_LOADING gstpluginloader.c:1027:exchange_packets: Poll res = 2. 488 bytes pending for write
0:00:00.003160323  2752 0x555ef1d47360 DEBUG   GST_POLL gstpoll.c:1241:gst_poll_fd_has_error: 0x555ef1d6b970: fd (fd:5, idx:2) 0
0:00:00.003166323  2752 0x555ef1d47360 DEBUG   GST_POLL gstpoll.c:1266:gst_poll_fd_can_read_unlocked: 0x555ef1d6b970: fd (fd:5, idx:2) 1
0:00:00.003175827  2752 0x555ef1d47360 DEBUG   GST_PLUGIN_LOADING gstpluginloader.c:722:do_plugin_load: Plugin scanner loading file /home/conan/w/prod/BuildSingleReference/.conan/data/gstreamer/1.18.3/_/_/package/62e0ab6106dfea3ec3ecb5db13d8d55a63451b50/lib/gstreamer-1.0/libgstcoreelements.so. tag 1
0:00:00.003189106  2752 0x555ef1d47360 DEBUG   GST_PLUGIN_LOADING gstplugin.c:767:_priv_gst_plugin_load_file_for_registry: attempt to load plugin "/home/conan/w/prod/BuildSingleReference/.conan/data/gstreamer/1.18.3/_/_/package/62e0ab6106dfea3ec3ecb5db13d8d55a63451b50/lib/gstreamer-1.0/libgstcoreelements.so"
0:00:00.003586198  2752 0x555ef1d47360 TRACE   GST_REFCOUNTING gstobject.c:208:gst_object_init: 0x555ef1d6f670 new
0:00:00.003606177  2752 0x555ef1d47360 LOG   GST_PLUGIN_LOADING gstplugin.c:889:_priv_gst_plugin_load_file_for_registry: Plugin 0x555ef1d6f670 for file "/home/conan/w/prod/BuildSingleReference/.conan/data/gstreamer/1.18.3/_/_/package/62e0ab6106dfea3ec3ecb5db13d8d55a63451b50/lib/gstreamer-1.0/libgstcoreelements.so" prepared, calling entry function...
0:00:00.003615379  2752 0x555ef1d47360 LOG   GST_PLUGIN_LOADING gstplugin.c:896:_priv_gst_plugin_load_file_for_registry: Plugin 0x555ef1d6f670 for file "/home/conan/w/prod/BuildSingleReference/.conan/data/gstreamer/1.18.3/_/_/package/62e0ab6106dfea3ec3ecb5db13d8d55a63451b50/lib/gstreamer-1.0/libgstcoreelements.so" prepared, registering...
0:00:00.003631037  2752 0x555ef1d47360 LOG   GST_PLUGIN_LOADING gstplugin.c:514:gst_plugin_register_func: plugin "/home/conan/w/prod/BuildSingleReference/.conan/data/gstreamer/1.18.3/_/_/package/62e0ab6106dfea3ec3ecb5db13d8d55a63451b50/lib/gstreamer-1.0/libgstcoreelements.so" looks good
0:00:00.003659665  2752 0x555ef1d47360 TRACE   GST_REFCOUNTING gstobject.c:208:gst_object_init: 0x555ef1d710b0 new
0:00:00.003669052  2752 0x555ef1d47360 LOG   GST_ELEMENT_FACTORY gstelementfactory.c:237:gst_element_register: Created new elementfactory for type GstCapsFilter
0:00:00.003677026  2752 0x555ef1d47360 TRACE   structure gststructure.c:287:gst_structure_new_id_empty_with_size: created structure 0x555ef1d716d0
0:00:00.003683645  2752 0x555ef1d47360 TRACE   GST_PERFORMANCE gststructure.c:508:gst_structure_copy: doing copy 0x555ef1d56130 -> 0x555ef1d716d0
0:00:00.003690780  2752 0x555ef1d47360 DEBUG   GST_ELEMENT_PADS gstelement.c:311:gst_element_base_class_init: type GstBaseTransform : factory (nil)
0:00:00.003698201  2752 0x555ef1d47360 DEBUG   basetransform gstbasetransform.c:333:gst_base_transform_class_init: gst_base_transform_class_init
0:00:00.003712405  2752 0x555ef1d47360 TRACE   structure gststructure.c:287:gst_structure_new_id_empty_with_size: created structure 0x555ef1d71ce0
0:00:00.003718954  2752 0x555ef1d47360 TRACE   GST_PERFORMANCE gststructure.c:508:gst_structure_copy: doing copy 0x555ef1d716d0 -> 0x555ef1d71ce0
0:00:00.003725445  2752 0x555ef1d47360 DEBUG   GST_ELEMENT_PADS gstelement.c:311:gst_element_base_class_init: type GstCapsFilter : factory 0x555ef1d710b0
0:00:00.003744065  2752 0x555ef1d47360 TRACE   GST_CAPS gstcaps.c:263:gst_caps_new_empty: created caps 0x555ef1d700c0
0:00:00.003751456  2752 0x555ef1d47360 TRACE   GST_CAPS gstcaps.c:442:gst_static_caps_get: created 0x7f3fe884aef0 from string ANY
0:00:00.003758188  2752 0x555ef1d47360 TRACE   GST_REFCOUNTING gstminiobject.c:465:gst_mini_object_ref: 0x555ef1d700c0 ref 1->2
0:00:00.003777776  2752 0x555ef1d47360 TRACE   GST_REFCOUNTING gstobject.c:208:gst_object_init: 0x555ef1d72690 new
0:00:00.003788560  2752 0x555ef1d47360 TRACE   GST_REFCOUNTING gstminiobject.c:465:gst_mini_object_ref: 0x555ef1d700c0 ref 2->3
0:00:00.003798888  2752 0x555ef1d47360 TRACE   GST_REFCOUNTING gstminiobject.c:647:gst_mini_object_unref: 0x555ef1d700c0 unref 3->2
0:00:00.003806053  2752 0x555ef1d47360 TRACE   GST_REFCOUNTING gstobject.c:292:gst_object_ref_sink: 0x555ef1d72690 ref_sink 1->2
0:00:00.003812574  2752 0x555ef1d47360 TRACE   GST_CAPS gstcaps.c:263:gst_caps_new_empty: created caps 0x555ef1d6fde0
0:00:00.003818614  2752 0x555ef1d47360 TRACE   GST_CAPS gstcaps.c:442:gst_static_caps_get: created 0x7f3fe884af30 from string ANY
0:00:00.003824626  2752 0x555ef1d47360 TRACE   GST_REFCOUNTING gstminiobject.c:465:gst_mini_object_ref: 0x555ef1d6fde0 ref 1->2
0:00:00.003836944  2752 0x555ef1d47360 TRACE   GST_REFCOUNTING gstobject.c:208:gst_object_init: 0x555ef1d72900 new
0:00:00.003859424  2752 0x555ef1d47360 TRACE   GST_REFCOUNTING gstminiobject.c:465:gst_mini_object_ref: 0x555ef1d6fde0 ref 2->3
0:00:00.003866990  2752 0x555ef1d47360 TRACE   GST_REFCOUNTING gstminiobject.c:647:gst_mini_object_unref: 0x555ef1d6fde0 unref 3->2
0:00:00.003873778  2752 0x555ef1d47360 TRACE   GST_REFCOUNTING gstobject.c:292:gst_object_ref_sink: 0x555ef1d72900 ref_sink 1->2
0:00:00.003882298  2752 0x555ef1d47360 TRACE   structure gststructure.c:287:gst_structure_new_id_empty_with_size: created structure 0x555ef1d72a90
0:00:00.003888962  2752 0x555ef1d47360 TRACE   GST_PERFORMANCE gststructure.c:508:gst_structure_copy: doing copy 0x555ef1d71ce0 -> 0x555ef1d72a90
0:00:00.003897939  2752 0x555ef1d47360 DEBUG   GST_REGISTRY gstregistry.c:589:gst_registry_add_feature: adding feature 0x555ef1d710b0 (capsfilter)
0:00:00.003905396  2752 0x555ef1d47360 DEBUG   GST_REFCOUNTING gstobject.c:708:gst_object_set_parent: set parent (ref and sink)
0:00:00.003911954  2752 0x555ef1d47360 TRACE   GST_REFCOUNTING gstobject.c:292:gst_object_ref_sink: 0x555ef1d710b0 ref_sink 1->2
0:00:00.003918247  2752 0x555ef1d47360 LOG   GST_REGISTRY gstregistry.c:607:gst_registry_add_feature: emitting feature-added for capsfilter
0:00:00.003931749  2752 0x555ef1d47360 TRACE   GST_REFCOUNTING gstobject.c:208:gst_object_init: 0x555ef1d72fb0 new
0:00:00.003940256  2752 0x555ef1d47360 LOG   GST_ELEMENT_FACTORY gstelementfactory.c:237:gst_element_register: Created new elementfactory for type GstClockSync
0:00:00.003947128  2752 0x555ef1d47360 TRACE   structure gststructure.c:287:gst_structure_new_id_empty_with_size: created structure 0x555ef1d73390
0:00:00.003952891  2752 0x555ef1d47360 TRACE   GST_PERFORMANCE gststructure.c:508:gst_structure_copy: doing copy 0x555ef1d56130 -> 0x555ef1d73390
0:00:00.003959172  2752 0x555ef1d47360 DEBUG   GST_ELEMENT_PADS gstelement.c:311:gst_element_base_class_init: type GstClockSync : factory 0x555ef1d72fb0
0:00:00.003969871  2752 0x555ef1d47360 TRACE   GST_CAPS gstcaps.c:263:gst_caps_new_empty: created caps 0x555ef1d730e0
0:00:00.003976227  2752 0x555ef1d47360 TRACE   GST_CAPS gstcaps.c:442:gst_static_caps_get: created 0x7f3fe884af70 from string ANY
0:00:00.003982426  2752 0x555ef1d47360 TRACE   GST_REFCOUNTING gstminiobject.c:465:gst_mini_object_ref: 0x555ef1d730e0 ref 1->2
0:00:00.003989925  2752 0x555ef1d47360 TRACE   GST_REFCOUNTING gstobject.c:208:gst_object_init: 0x555ef1d735d0 new
0:00:00.003997447  2752 0x555ef1d47360 TRACE   GST_REFCOUNTING gstminiobject.c:465:gst_mini_object_ref: 0x555ef1d730e0 ref 2->3
0:00:00.004004849  2752 0x555ef1d47360 TRACE   GST_REFCOUNTING gstminiobject.c:647:gst_mini_object_unref: 0x555ef1d730e0 unref 3->2
0:00:00.004011509  2752 0x555ef1d47360 TRACE   GST_REFCOUNTING gstobject.c:292:gst_object_ref_sink: 0x555ef1d735d0 ref_sink 1->2
0:00:00.004017728  2752 0x555ef1d47360 TRACE   GST_CAPS gstcaps.c:263:gst_caps_new_empty: created caps 0x555ef1d56750
0:00:00.004028215  2752 0x555ef1d47360 TRACE   GST_CAPS gstcaps.c:442:gst_static_caps_get: created 0x7f3fe884afb0 from string ANY
0:00:00.004034359  2752 0x555ef1d47360 TRACE   GST_REFCOUNTING gstminiobject.c:465:gst_mini_object_ref: 0x555ef1d56750 ref 1->2
0:00:00.004041505  2752 0x555ef1d47360 TRACE   GST_REFCOUNTING gstobject.c:208:gst_object_init: 0x555ef1d737c0 new
0:00:00.004049231  2752 0x555ef1d47360 TRACE   GST_REFCOUNTING gstminiobject.c:465:gst_mini_object_ref: 0x555ef1d56750 ref 2->3
0:00:00.004056595  2752 0x555ef1d47360 TRACE   GST_REFCOUNTING gstminiobject.c:647:gst_mini_object_unref: 0x555ef1d56750 unref 3->2
0:00:00.004063158  2752 0x555ef1d47360 TRACE   GST_REFCOUNTING gstobject.c:292:gst_object_ref_sink: 0x555ef1d737c0 ref_sink 1->2
0:00:00.004070023  2752 0x555ef1d47360 TRACE   structure gststructure.c:287:gst_structure_new_id_empty_with_size: created structure 0x555ef1d73aa0
0:00:00.004076297  2752 0x555ef1d47360 TRACE   GST_PERFORMANCE gststructure.c:508:gst_structure_copy: doing copy 0x555ef1d73390 -> 0x555ef1d73aa0
0:00:00.004083988  2752 0x555ef1d47360 DEBUG   GST_REGISTRY gstregistry.c:589:gst_registry_add_feature: adding feature 0x555ef1d72fb0 (clocksync)
0:00:00.004089753  2752 0x555ef1d47360 DEBUG   GST_REFCOUNTING gstobject.c:708:gst_object_set_parent: set parent (ref and sink)
0:00:00.004096291  2752 0x555ef1d47360 TRACE   GST_REFCOUNTING gstobject.c:292:gst_object_ref_sink: 0x555ef1d72fb0 ref_sink 1->2
0:00:00.004102345  2752 0x555ef1d47360 LOG   GST_REGISTRY gstregistry.c:607:gst_registry_add_feature: emitting feature-added for clocksync
0:00:00.004112578  2752 0x555ef1d47360 TRACE   GST_REFCOUNTING gstobject.c:208:gst_object_init: 0x555ef1d73c90 new
0:00:00.004120411  2752 0x555ef1d47360 LOG   GST_ELEMENT_FACTORY gstelementfactory.c:237:gst_element_register: Created new elementfactory for type GstConcat
0:00:00.004129936  2752 0x555ef1d47360 TRACE   structure gststructure.c:287:gst_structure_new_id_empty_with_size: created structure 0x555ef1d74070
0:00:00.004135980  2752 0x555ef1d47360 TRACE   GST_PERFORMANCE gststructure.c:508:gst_structure_copy: doing copy 0x555ef1d56130 -> 0x555ef1d74070
0:00:00.004142314  2752 0x555ef1d47360 DEBUG   GST_ELEMENT_PADS gstelement.c:311:gst_element_base_class_init: type GstConcat : factory 0x555ef1d73c90
0:00:00.004152949  2752 0x555ef1d47360 TRACE   GST_CAPS gstcaps.c:263:gst_caps_new_empty: created caps 0x555ef1d73dc0
0:00:00.004159266  2752 0x555ef1d47360 TRACE   GST_CAPS gstcaps.c:442:gst_static_caps_get: created 0x7f3fe884b030 from string ANY
0:00:00.004165380  2752 0x555ef1d47360 TRACE   GST_REFCOUNTING gstminiobject.c:465:gst_mini_object_ref: 0x555ef1d73dc0 ref 1->2
0:00:00.004172439  2752 0x555ef1d47360 TRACE   GST_REFCOUNTING gstobject.c:208:gst_object_init: 0x555ef1d74330 new
0:00:00.004187709  2752 0x555ef1d47360 TRACE   GST_REFCOUNTING gstminiobject.c:465:gst_mini_object_ref: 0x555ef1d73dc0 ref 2->3
0:00:00.004199919  2752 0x555ef1d47360 TRACE   GST_REFCOUNTING gstminiobject.c:647:gst_mini_object_unref: 0x555ef1d73dc0 unref 3->2
0:00:00.004206733  2752 0x555ef1d47360 TRACE   GST_REFCOUNTING gstobject.c:292:gst_object_ref_sink: 0x555ef1d74330 ref_sink 1->2
0:00:00.004212988  2752 0x555ef1d47360 TRACE   GST_CAPS gstcaps.c:263:gst_caps_new_empty: created caps 0x555ef1d73960
0:00:00.004218856  2752 0x555ef1d47360 TRACE   GST_CAPS gstcaps.c:442:gst_static_caps_get: created 0x7f3fe884aff0 from string ANY
0:00:00.004224767  2752 0x555ef1d47360 TRACE   GST_REFCOUNTING gstminiobject.c:465:gst_mini_object_ref: 0x555ef1d73960 ref 1->2
0:00:00.004231769  2752 0x555ef1d47360 TRACE   GST_REFCOUNTING gstobject.c:208:gst_object_init: 0x555ef1d744b0 new
0:00:00.004238946  2752 0x555ef1d47360 TRACE   GST_REFCOUNTING gstminiobject.c:465:gst_mini_object_ref: 0x555ef1d73960 ref 2->3
0:00:00.004246079  2752 0x555ef1d47360 TRACE   GST_REFCOUNTING gstminiobject.c:647:gst_mini_object_unref: 0x555ef1d73960 unref 3->2
0:00:00.004252605  2752 0x555ef1d47360 TRACE   GST_REFCOUNTING gstobject.c:292:gst_object_ref_sink: 0x555ef1d744b0 ref_sink 1->2
0:00:00.004259849  2752 0x555ef1d47360 TRACE   structure gststructure.c:287:gst_structure_new_id_empty_with_size: created structure 0x555ef1d74790
0:00:00.004266051  2752 0x555ef1d47360 TRACE   GST_PERFORMANCE gststructure.c:508:gst_structure_copy: doing copy 0x555ef1d74070 -> 0x555ef1d74790
0:00:00.004273851  2752 0x555ef1d47360 DEBUG   GST_REGISTRY gstregistry.c:589:gst_registry_add_feature: adding feature 0x555ef1d73c90 (concat)
0:00:00.004279678  2752 0x555ef1d47360 DEBUG   GST_REFCOUNTING gstobject.c:708:gst_object_set_parent: set parent (ref and sink)
0:00:00.004286177  2752 0x555ef1d47360 TRACE   GST_REFCOUNTING gstobject.c:292:gst_object_ref_sink: 0x555ef1d73c90 ref_sink 1->2
0:00:00.004292221  2752 0x555ef1d47360 LOG   GST_REGISTRY gstregistry.c:607:gst_registry_add_feature: emitting feature-added for concat
0:00:00.004310194  2752 0x555ef1d47360 TRACE   GST_REFCOUNTING gstobject.c:208:gst_object_init: 0x555ef1d74ad0 new
0:00:00.004318416  2752 0x555ef1d47360 LOG   GST_ELEMENT_FACTORY gstelementfactory.c:237:gst_element_register: Created new elementfactory for type GstDataURISrc
0:00:00.004328151  2752 0x555ef1d47360 TRACE   structure gststructure.c:287:gst_structure_new_id_empty_with_size: created structure 0x555ef1d74ff0
0:00:00.004334105  2752 0x555ef1d47360 TRACE   GST_PERFORMANCE gststructure.c:508:gst_structure_copy: doing copy 0x555ef1d56130 -> 0x555ef1d74ff0
0:00:00.004340426  2752 0x555ef1d47360 DEBUG   GST_ELEMENT_PADS gstelement.c:311:gst_element_base_class_init: type GstBaseSrc : factory (nil)
0:00:00.004361721  2752 0x555ef1d47360 TRACE   structure gststructure.c:287:gst_structure_new_id_empty_with_size: created structure 0x555ef1d6b360
0:00:00.004367841  2752 0x555ef1d47360 TRACE   GST_PERFORMANCE gststructure.c:508:gst_structure_copy: doing copy 0x555ef1d74ff0 -> 0x555ef1d6b360
0:00:00.004380768  2752 0x555ef1d47360 DEBUG   GST_ELEMENT_PADS gstelement.c:311:gst_element_base_class_init: type GstDataURISrc : factory 0x555ef1d74ad0
0:00:00.004389417  2752 0x555ef1d47360 TRACE   GST_CAPS gstcaps.c:263:gst_caps_new_empty: created caps 0x555ef1d74c00
0:00:00.004395581  2752 0x555ef1d47360 TRACE   GST_CAPS gstcaps.c:442:gst_static_caps_get: created 0x7f3fe884b090 from string ANY
0:00:00.004401797  2752 0x555ef1d47360 TRACE   GST_REFCOUNTING gstminiobject.c:465:gst_mini_object_ref: 0x555ef1d74c00 ref 1->2
0:00:00.004408953  2752 0x555ef1d47360 TRACE   GST_REFCOUNTING gstobject.c:208:gst_object_init: 0x555ef1d76390 new
0:00:00.004416350  2752 0x555ef1d47360 TRACE   GST_REFCOUNTING gstminiobject.c:465:gst_mini_object_ref: 0x555ef1d74c00 ref 2->3
0:00:00.004423719  2752 0x555ef1d47360 TRACE   GST_REFCOUNTING gstminiobject.c:647:gst_mini_object_unref: 0x555ef1d74c00 unref 3->2
0:00:00.004430351  2752 0x555ef1d47360 TRACE   GST_REFCOUNTING gstobject.c:292:gst_object_ref_sink: 0x555ef1d76390 ref_sink 1->2
0:00:00.004441432  2752 0x555ef1d47360 TRACE   structure gststructure.c:287:gst_structure_new_id_empty_with_size: created structure 0x555ef1d76700
0:00:00.004448000  2752 0x555ef1d47360 TRACE   GST_PERFORMANCE gststructure.c:508:gst_structure_copy: doing copy 0x555ef1d6b360 -> 0x555ef1d76700
0:00:00.004457719  2752 0x555ef1d47360 DEBUG   GST_REGISTRY gstregistry.c:589:gst_registry_add_feature: adding feature 0x555ef1d74ad0 (dataurisrc)
0:00:00.004463688  2752 0x555ef1d47360 DEBUG   GST_REFCOUNTING gstobject.c:708:gst_object_set_parent: set parent (ref and sink)
0:00:00.004470462  2752 0x555ef1d47360 TRACE   GST_REFCOUNTING gstobject.c:292:gst_object_ref_sink: 0x555ef1d74ad0 ref_sink 1->2
0:00:00.004476649  2752 0x555ef1d47360 LOG   GST_REGISTRY gstregistry.c:607:gst_registry_add_feature: emitting feature-added for dataurisrc
0:00:00.004486899  2752 0x555ef1d47360 TRACE   GST_REFCOUNTING gstobject.c:208:gst_object_init: 0x555ef1d76a70 new
0:00:00.004494962  2752 0x555ef1d47360 LOG   GST_ELEMENT_FACTORY gstelementfactory.c:237:gst_element_register: Created new elementfactory for type GstDownloadBuffer
0:00:00.004506926  2752 0x555ef1d47360 TRACE   structure gststructure.c:287:gst_structure_new_id_empty_with_size: created structure 0x555ef1d76e50
0:00:00.004512879  2752 0x555ef1d47360 TRACE   GST_PERFORMANCE gststructure.c:508:gst_structure_copy: doing copy 0x555ef1d56130 -> 0x555ef1d76e50
0:00:00.004519072  2752 0x555ef1d47360 DEBUG   GST_ELEMENT_PADS gstelement.c:311:gst_element_base_class_init: type GstDownloadBuffer : factory 0x555ef1d76a70
0:00:00.004533659  2752 0x555ef1d47360 TRACE   GST_CAPS gstcaps.c:263:gst_caps_new_empty: created caps 0x555ef1d76ba0
0:00:00.004539766  2752 0x555ef1d47360 TRACE   GST_CAPS gstcaps.c:442:gst_static_caps_get: created 0x7f3fe884b0d0 from string ANY
0:00:00.004545750  2752 0x555ef1d47360 TRACE   GST_REFCOUNTING gstminiobject.c:465:gst_mini_object_ref: 0x555ef1d76ba0 ref 1->2
0:00:00.004557251  2752 0x555ef1d47360 TRACE   GST_REFCOUNTING gstobject.c:208:gst_object_init: 0x555ef1d773b0 new
0:00:00.004564651  2752 0x555ef1d47360 TRACE   GST_REFCOUNTING gstminiobject.c:465:gst_mini_object_ref: 0x555ef1d76ba0 ref 2->3
0:00:00.004571827  2752 0x555ef1d47360 TRACE   GST_REFCOUNTING gstminiobject.c:647:gst_mini_object_unref: 0x555ef1d76ba0 unref 3->2
0:00:00.004578266  2752 0x555ef1d47360 TRACE   GST_REFCOUNTING gstobject.c:292:gst_object_ref_sink: 0x555ef1d773b0 ref_sink 1->2
0:00:00.004584396  2752 0x555ef1d47360 TRACE   GST_CAPS gstcaps.c:263:gst_caps_new_empty: created caps 0x555ef1d77520
0:00:00.004590303  2752 0x555ef1d47360 TRACE   GST_CAPS gstcaps.c:442:gst_static_caps_get: created 0x7f3fe884b110 from string ANY
0:00:00.004596224  2752 0x555ef1d47360 TRACE   GST_REFCOUNTING gstminiobject.c:465:gst_mini_object_ref: 0x555ef1d77520 ref 1->2
0:00:00.004603043  2752 0x555ef1d47360 TRACE   GST_REFCOUNTING gstobject.c:208:gst_object_init: 0x555ef1d77590 new
0:00:00.004610256  2752 0x555ef1d47360 TRACE   GST_REFCOUNTING gstminiobject.c:465:gst_mini_object_ref: 0x555ef1d77520 ref 2->3
0:00:00.004617496  2752 0x555ef1d47360 TRACE   GST_REFCOUNTING gstminiobject.c:647:gst_mini_object_unref: 0x555ef1d77520 unref 3->2
0:00:00.004624088  2752 0x555ef1d47360 TRACE   GST_REFCOUNTING gstobject.c:292:gst_object_ref_sink: 0x555ef1d77590 ref_sink 1->2
0:00:00.004632030  2752 0x555ef1d47360 TRACE   structure gststructure.c:287:gst_structure_new_id_empty_with_size: created structure 0x555ef1d77890
0:00:00.004638366  2752 0x555ef1d47360 TRACE   GST_PERFORMANCE gststructure.c:508:gst_structure_copy: doing copy 0x555ef1d76e50 -> 0x555ef1d77890
0:00:00.004646134  2752 0x555ef1d47360 DEBUG   GST_REGISTRY gstregistry.c:589:gst_registry_add_feature: adding feature 0x555ef1d76a70 (downloadbuffer)
0:00:00.004652059  2752 0x555ef1d47360 DEBUG   GST_REFCOUNTING gstobject.c:708:gst_object_set_parent: set parent (ref and sink)
0:00:00.004658658  2752 0x555ef1d47360 TRACE   GST_REFCOUNTING gstobject.c:292:gst_object_ref_sink: 0x555ef1d76a70 ref_sink 1->2
0:00:00.004664714  2752 0x555ef1d47360 LOG   GST_REGISTRY gstregistry.c:607:gst_registry_add_feature: emitting feature-added for downloadbuffer
0:00:00.004679127  2752 0x555ef1d47360 TRACE   GST_REFCOUNTING gstobject.c:208:gst_object_init: 0x555ef1d77c40 new
0:00:00.004687168  2752 0x555ef1d47360 LOG   GST_ELEMENT_FACTORY gstelementfactory.c:237:gst_element_register: Created new elementfactory for type GstFakeSrc
0:00:00.004696856  2752 0x555ef1d47360 TRACE   structure gststructure.c:287:gst_structure_new_id_empty_with_size: created structure 0x555ef1d78160
0:00:00.004702720  2752 0x555ef1d47360 TRACE   GST_PERFORMANCE gststructure.c:508:gst_structure_copy: doing copy 0x555ef1d74ff0 -> 0x555ef1d78160
0:00:00.004708826  2752 0x555ef1d47360 DEBUG   GST_ELEMENT_PADS gstelement.c:311:gst_element_base_class_init: type GstFakeSrc : factory 0x555ef1d77c40
0:00:00.004743880  2752 0x555ef1d47360 TRACE   GST_CAPS gstcaps.c:263:gst_caps_new_empty: created caps 0x555ef1d77d70
0:00:00.004754806  2752 0x555ef1d47360 TRACE   GST_CAPS gstcaps.c:442:gst_static_caps_get: created 0x7f3fe884b190 from string ANY
0:00:00.004761053  2752 0x555ef1d47360 TRACE   GST_REFCOUNTING gstminiobject.c:465:gst_mini_object_ref: 0x555ef1d77d70 ref 1->2
0:00:00.004768356  2752 0x555ef1d47360 TRACE   GST_REFCOUNTING gstobject.c:208:gst_object_init: 0x555ef1d790c0 new
0:00:00.004775848  2752 0x555ef1d47360 TRACE   GST_REFCOUNTING gstminiobject.c:465:gst_mini_object_ref: 0x555ef1d77d70 ref 2->3
0:00:00.004783197  2752 0x555ef1d47360 TRACE   GST_REFCOUNTING gstminiobject.c:647:gst_mini_object_unref: 0x555ef1d77d70 unref 3->2
0:00:00.004789796  2752 0x555ef1d47360 TRACE   GST_REFCOUNTING gstobject.c:292:gst_object_ref_sink: 0x555ef1d790c0 ref_sink 1->2
0:00:00.004797974  2752 0x555ef1d47360 TRACE   structure gststructure.c:287:gst_structure_new_id_empty_with_size: created structure 0x555ef1d79320
0:00:00.004804390  2752 0x555ef1d47360 TRACE   GST_PERFORMANCE gststructure.c:508:gst_structure_copy: doing copy 0x555ef1d78160 -> 0x555ef1d79320
0:00:00.004811810  2752 0x555ef1d47360 DEBUG   GST_REGISTRY gstregistry.c:589:gst_registry_add_feature: adding feature 0x555ef1d77c40 (fakesrc)
0:00:00.004817701  2752 0x555ef1d47360 DEBUG   GST_REFCOUNTING gstobject.c:708:gst_object_set_parent: set parent (ref and sink)
0:00:00.004824325  2752 0x555ef1d47360 TRACE   GST_REFCOUNTING gstobject.c:292:gst_object_ref_sink: 0x555ef1d77c40 ref_sink 1->2
0:00:00.004830410  2752 0x555ef1d47360 LOG   GST_REGISTRY gstregistry.c:607:gst_registry_add_feature: emitting feature-added for fakesrc
0:00:00.004859037  2752 0x555ef1d47360 TRACE   GST_REFCOUNTING gstobject.c:208:gst_object_init: 0x555ef1d798b0 new
0:00:00.004868824  2752 0x555ef1d47360 LOG   GST_ELEMENT_FACTORY gstelementfactory.c:237:gst_element_register: Created new elementfactory for type GstFakeSink
0:00:00.004875809  2752 0x555ef1d47360 TRACE   structure gststructure.c:287:gst_structure_new_id_empty_with_size: created structure 0x555ef1d79dc0
0:00:00.004884676  2752 0x555ef1d47360 TRACE   GST_PERFORMANCE gststructure.c:508:gst_structure_copy: doing copy 0x555ef1d56130 -> 0x555ef1d79dc0
0:00:00.004891228  2752 0x555ef1d47360 DEBUG   GST_ELEMENT_PADS gstelement.c:311:gst_element_base_class_init: type GstBaseSink : factory (nil)
0:00:00.004921706  2752 0x555ef1d47360 TRACE   structure gststructure.c:287:gst_structure_new_id_empty_with_size: created structure 0x555ef1d7aa80
0:00:00.004927931  2752 0x555ef1d47360 TRACE   GST_PERFORMANCE gststructure.c:508:gst_structure_copy: doing copy 0x555ef1d79dc0 -> 0x555ef1d7aa80
0:00:00.004934189  2752 0x555ef1d47360 DEBUG   GST_ELEMENT_PADS gstelement.c:311:gst_element_base_class_init: type GstFakeSink : factory 0x555ef1d798b0
0:00:00.004958779  2752 0x555ef1d47360 TRACE   GST_CAPS gstcaps.c:263:gst_caps_new_empty: created caps 0x555ef1d799e0
0:00:00.004965497  2752 0x555ef1d47360 TRACE   GST_CAPS gstcaps.c:442:gst_static_caps_get: created 0x7f3fe884b150 from string ANY
0:00:00.004976642  2752 0x555ef1d47360 TRACE   GST_REFCOUNTING gstminiobject.c:465:gst_mini_object_ref: 0x555ef1d799e0 ref 1->2
0:00:00.004984269  2752 0x555ef1d47360 TRACE   GST_REFCOUNTING gstobject.c:208:gst_object_init: 0x555ef1d7b580 new
0:00:00.004991799  2752 0x555ef1d47360 TRACE   GST_REFCOUNTING gstminiobject.c:465:gst_mini_object_ref: 0x555ef1d799e0 ref 2->3
0:00:00.004999320  2752 0x555ef1d47360 TRACE   GST_REFCOUNTING gstminiobject.c:647:gst_mini_object_unref: 0x555ef1d799e0 unref 3->2
0:00:00.005006217  2752 0x555ef1d47360 TRACE   GST_REFCOUNTING gstobject.c:292:gst_object_ref_sink: 0x555ef1d7b580 ref_sink 1->2
0:00:00.005014216  2752 0x555ef1d47360 TRACE   structure gststructure.c:287:gst_structure_new_id_empty_with_size: created structure 0x555ef1d7b980
0:00:00.005020553  2752 0x555ef1d47360 TRACE   GST_PERFORMANCE gststructure.c:508:gst_structure_copy: doing copy 0x555ef1d7aa80 -> 0x555ef1d7b980
0:00:00.005027926  2752 0x555ef1d47360 DEBUG   GST_REGISTRY gstregistry.c:589:gst_registry_add_feature: adding feature 0x555ef1d798b0 (fakesink)
