0:00:00.020362024  2725 0x55747945d320 DEBUG   GST_REGISTRY gstregistrychunks.c:583:gst_registry_chunks_load_feature: Plugin 'coreelements' feature 'output-selector' typename : 'GstElementFactory'
0:00:00.015818492  2726 0x55de0d435320 LOG   GST_POLL gstpoll.c:994:gst_poll_fd_ctl_write: 0x55de0d459930: pfd->events now 60 (POLLOUT:4)
0:00:00.020370251  2725 0x55747945d320 TRACE   GST_REFCOUNTING gstobject.c:208:gst_object_init: 0x557479487a50 new
0:00:00.015826082  2726 0x55de0d435320 DEBUG   GST_POLL gstpoll.c:980:gst_poll_fd_ctl_write: 0x55de0d459930: fd (fd:0, idx:1), active : 1
0:00:00.020378828  2725 0x55747945d320 LOG   GST_REGISTRY gstregistrychunks.c:610:gst_registry_chunks_load_feature: Reading/casting for GstRegistryChunkElementFactory at address 0x557479483fd8
0:00:00.015834531  2726 0x55de0d435320 LOG   GST_POLL gstpoll.c:994:gst_poll_fd_ctl_write: 0x55de0d459930: pfd->events now 60 (POLLOUT:4)
0:00:00.020385873  2725 0x55747945d320 TRACE   structure gststructure.c:287:gst_structure_new_id_empty_with_size: created structure 0x557479487d50
0:00:00.015843193  2726 0x55de0d435320 DEBUG   GST_POLL gstpoll.c:980:gst_poll_fd_ctl_write: 0x55de0d459930: fd (fd:0, idx:1), active : 1
0:00:00.020392894  2725 0x55747945d320 DEBUG   structure gststructure.c:2203:gst_structure_parse_field: trying field name 'long-name'
0:00:00.015850272  2726 0x55de0d435320 LOG   GST_POLL gstpoll.c:994:gst_poll_fd_ctl_write: 0x55de0d459930: pfd->events now 60 (POLLOUT:4)
0:00:00.020399439  2725 0x55747945d320 DEBUG   default gstvalue.c:2676:_priv_gst_value_parse_value: trying type name 'string'
0:00:00.015857510  2726 0x55de0d435320 DEBUG   GST_POLL gstpoll.c:980:gst_poll_fd_ctl_write: 0x55de0d459930: fd (fd:0, idx:1), active : 1
0:00:00.020412273  2725 0x55747945d320 DEBUG   structure gststructure.c:2203:gst_structure_parse_field: trying field name 'klass'
0:00:00.015868897  2726 0x55de0d435320 LOG   GST_POLL gstpoll.c:994:gst_poll_fd_ctl_write: 0x55de0d459930: pfd->events now 60 (POLLOUT:4)
0:00:00.020419516  2725 0x55747945d320 DEBUG   default gstvalue.c:2676:_priv_gst_value_parse_value: trying type name 'string'
0:00:00.015876606  2726 0x55de0d435320 DEBUG   GST_POLL gstpoll.c:980:gst_poll_fd_ctl_write: 0x55de0d459930: fd (fd:0, idx:1), active : 1
0:00:00.020426634  2725 0x55747945d320 DEBUG   structure gststructure.c:2203:gst_structure_parse_field: trying field name 'description'
0:00:00.015883397  2726 0x55de0d435320 LOG   GST_POLL gstpoll.c:994:gst_poll_fd_ctl_write: 0x55de0d459930: pfd->events now 60 (POLLOUT:4)
0:00:00.020433411  2725 0x55747945d320 DEBUG   default gstvalue.c:2676:_priv_gst_value_parse_value: trying type name 'string'
0:00:00.015890972  2726 0x55de0d435320 DEBUG   GST_POLL gstpoll.c:980:gst_poll_fd_ctl_write: 0x55de0d459930: fd (fd:0, idx:1), active : 1
0:00:00.020440889  2725 0x55747945d320 DEBUG   structure gststructure.c:2203:gst_structure_parse_field: trying field name 'author'
0:00:00.015897773  2726 0x55de0d435320 LOG   GST_POLL gstpoll.c:994:gst_poll_fd_ctl_write: 0x55de0d459930: pfd->events now 60 (POLLOUT:4)
0:00:00.015905169  2726 0x55de0d435320 DEBUG   GST_POLL gstpoll.c:980:gst_poll_fd_ctl_write: 0x55de0d459930: fd (fd:0, idx:1), active : 1
0:00:00.020451407  2725 0x55747945d320 DEBUG   default gstvalue.c:2676:_priv_gst_value_parse_value: trying type name 'string'
0:00:00.015912137  2726 0x55de0d435320 LOG   GST_POLL gstpoll.c:994:gst_poll_fd_ctl_write: 0x55de0d459930: pfd->events now 60 (POLLOUT:4)
0:00:00.020460869  2725 0x55747945d320 DEBUG   GST_REGISTRY gstregistrychunks.c:626:gst_registry_chunks_load_feature: Element factory : npadtemplates=2
0:00:00.015919148  2726 0x55de0d435320 DEBUG   GST_POLL gstpoll.c:980:gst_poll_fd_ctl_write: 0x55de0d459930: fd (fd:0, idx:1), active : 1
0:00:00.020467444  2725 0x55747945d320 DEBUG   GST_REGISTRY gstregistrychunks.c:526:gst_registry_chunks_load_pad_template: Reading/casting for GstRegistryChunkPadTemplate at address 0x5574794840b0
0:00:00.015925906  2726 0x55de0d435320 LOG   GST_POLL gstpoll.c:994:gst_poll_fd_ctl_write: 0x55de0d459930: pfd->events now 60 (POLLOUT:4)
0:00:00.020474413  2725 0x55747945d320 DEBUG   GST_REGISTRY gstregistrychunks.c:539:gst_registry_chunks_load_pad_template: Added pad_template src_%u
0:00:00.015933417  2726 0x55de0d435320 DEBUG   GST_POLL gstpoll.c:980:gst_poll_fd_ctl_write: 0x55de0d459930: fd (fd:0, idx:1), active : 1
0:00:00.020481016  2725 0x55747945d320 DEBUG   GST_REGISTRY gstregistrychunks.c:526:gst_registry_chunks_load_pad_template: Reading/casting for GstRegistryChunkPadTemplate at address 0x5574794840c8
0:00:00.015940513  2726 0x55de0d435320 LOG   GST_POLL gstpoll.c:994:gst_poll_fd_ctl_write: 0x55de0d459930: pfd->events now 60 (POLLOUT:4)
0:00:00.020487914  2725 0x55747945d320 DEBUG   GST_REGISTRY gstregistrychunks.c:539:gst_registry_chunks_load_pad_template: Added pad_template sink
0:00:00.015947434  2726 0x55de0d435320 DEBUG   GST_POLL gstpoll.c:980:gst_poll_fd_ctl_write: 0x55de0d459930: fd (fd:0, idx:1), active : 1
0:00:00.020501016  2725 0x55747945d320 DEBUG   GST_REGISTRY gstregistry.c:590:gst_registry_add_feature: adding feature 0x557479487a50 (output-selector)
0:00:00.015956553  2726 0x55de0d435320 LOG   GST_POLL gstpoll.c:994:gst_poll_fd_ctl_write: 0x55de0d459930: pfd->events now 60 (POLLOUT:4)
0:00:00.015965602  2726 0x55de0d435320 DEBUG   GST_POLL gstpoll.c:980:gst_poll_fd_ctl_write: 0x55de0d459930: fd (fd:0, idx:1), active : 1
0:00:00.020510391  2725 0x55747945d320 DEBUG   GST_REFCOUNTING gstobject.c:709:gst_object_set_parent: set parent (ref and sink)
0:00:00.015971927  2726 0x55de0d435320 LOG   GST_POLL gstpoll.c:994:gst_poll_fd_ctl_write: 0x55de0d459930: pfd->events now 60 (POLLOUT:4)
0:00:00.020520458  2725 0x55747945d320 TRACE   GST_REFCOUNTING gstobject.c:294:gst_object_ref_sink: 0x557479487a50 ref_sink 1->2
0:00:00.015979808  2726 0x55de0d435320 LOG   GST_PLUGIN_LOADING gstpluginloader.c:646:put_chunk: Expanding tx buf from 10158 to 13209 for chunk of size 209
0:00:00.020528041  2725 0x55747945d320 LOG   GST_REGISTRY gstregistry.c:608:gst_registry_add_feature: emitting feature-added for output-selector
0:00:00.020536020  2725 0x55747945d320 DEBUG   GST_REGISTRY gstregistrychunks.c:741:gst_registry_chunks_load_feature: Added feature output-selector, plugin 0x557479485250 coreelements
0:00:00.020542563  2725 0x55747945d320 DEBUG   GST_REGISTRY gstregistrychunks.c:583:gst_registry_chunks_load_feature: Plugin 'coreelements' feature 'input-selector' typename : 'GstElementFactory'
0:00:00.016001992  2726 0x55de0d435320 DEBUG   GST_POLL gstpoll.c:980:gst_poll_fd_ctl_write: 0x55de0d459930: fd (fd:0, idx:1), active : 1
0:00:00.020550113  2725 0x55747945d320 TRACE   GST_REFCOUNTING gstobject.c:208:gst_object_init: 0x557479488410 new
0:00:00.016009322  2726 0x55de0d435320 LOG   GST_POLL gstpoll.c:994:gst_poll_fd_ctl_write: 0x55de0d459930: pfd->events now 60 (POLLOUT:4)
0:00:00.020561218  2725 0x55747945d320 LOG   GST_REGISTRY gstregistrychunks.c:610:gst_registry_chunks_load_feature: Reading/casting for GstRegistryChunkElementFactory at address 0x557479484100
0:00:00.016018333  2726 0x55de0d435320 DEBUG   GST_POLL gstpoll.c:980:gst_poll_fd_ctl_write: 0x55de0d459930: fd (fd:0, idx:1), active : 1
0:00:00.016027267  2726 0x55de0d435320 LOG   GST_POLL gstpoll.c:994:gst_poll_fd_ctl_write: 0x55de0d459930: pfd->events now 60 (POLLOUT:4)
0:00:00.020572413  2725 0x55747945d320 TRACE   structure gststructure.c:287:gst_structure_new_id_empty_with_size: created structure 0x557479488500
0:00:00.016034238  2726 0x55de0d435320 DEBUG   GST_POLL gstpoll.c:980:gst_poll_fd_ctl_write: 0x55de0d459930: fd (fd:0, idx:1), active : 1
0:00:00.020581189  2725 0x55747945d320 DEBUG   structure gststructure.c:2203:gst_structure_parse_field: trying field name 'long-name'
0:00:00.016041554  2726 0x55de0d435320 LOG   GST_POLL gstpoll.c:994:gst_poll_fd_ctl_write: 0x55de0d459930: pfd->events now 60 (POLLOUT:4)
0:00:00.020588996  2725 0x55747945d320 DEBUG   default gstvalue.c:2676:_priv_gst_value_parse_value: trying type name 'string'
0:00:00.016053345  2726 0x55de0d435320 DEBUG   GST_POLL gstpoll.c:980:gst_poll_fd_ctl_write: 0x55de0d459930: fd (fd:0, idx:1), active : 1
0:00:00.020601852  2725 0x55747945d320 DEBUG   structure gststructure.c:2203:gst_structure_parse_field: trying field name 'klass'
0:00:00.016060243  2726 0x55de0d435320 LOG   GST_POLL gstpoll.c:994:gst_poll_fd_ctl_write: 0x55de0d459930: pfd->events now 60 (POLLOUT:4)
0:00:00.020608796  2725 0x55747945d320 DEBUG   default gstvalue.c:2676:_priv_gst_value_parse_value: trying type name 'string'
0:00:00.016067499  2726 0x55de0d435320 DEBUG   GST_POLL gstpoll.c:980:gst_poll_fd_ctl_write: 0x55de0d459930: fd (fd:0, idx:1), active : 1
0:00:00.020616154  2725 0x55747945d320 DEBUG   structure gststructure.c:2203:gst_structure_parse_field: trying field name 'description'
0:00:00.016074320  2726 0x55de0d435320 LOG   GST_POLL gstpoll.c:994:gst_poll_fd_ctl_write: 0x55de0d459930: pfd->events now 60 (POLLOUT:4)
0:00:00.020622813  2725 0x55747945d320 DEBUG   default gstvalue.c:2676:_priv_gst_value_parse_value: trying type name 'string'
0:00:00.016081373  2726 0x55de0d435320 DEBUG   GST_POLL gstpoll.c:980:gst_poll_fd_ctl_write: 0x55de0d459930: fd (fd:0, idx:1), active : 1
0:00:00.020630750  2725 0x55747945d320 DEBUG   structure gststructure.c:2203:gst_structure_parse_field: trying field name 'author'
0:00:00.016088456  2726 0x55de0d435320 LOG   GST_POLL gstpoll.c:994:gst_poll_fd_ctl_write: 0x55de0d459930: pfd->events now 60 (POLLOUT:4)
0:00:00.020637402  2725 0x55747945d320 DEBUG   default gstvalue.c:2676:_priv_gst_value_parse_value: trying type name 'string'
0:00:00.016095383  2726 0x55de0d435320 DEBUG   GST_POLL gstpoll.c:980:gst_poll_fd_ctl_write: 0x55de0d459930: fd (fd:0, idx:1), active : 1
0:00:00.020646582  2725 0x55747945d320 DEBUG   GST_REGISTRY gstregistrychunks.c:626:gst_registry_chunks_load_feature: Element factory : npadtemplates=2
0:00:00.016102273  2726 0x55de0d435320 LOG   GST_POLL gstpoll.c:994:gst_poll_fd_ctl_write: 0x55de0d459930: pfd->events now 60 (POLLOUT:4)
0:00:00.020653196  2725 0x55747945d320 DEBUG   GST_REGISTRY gstregistrychunks.c:526:gst_registry_chunks_load_pad_template: Reading/casting for GstRegistryChunkPadTemplate at address 0x557479484230
0:00:00.016110990  2726 0x55de0d435320 DEBUG   GST_POLL gstpoll.c:980:gst_poll_fd_ctl_write: 0x55de0d459930: fd (fd:0, idx:1), active : 1
0:00:00.020660011  2725 0x55747945d320 DEBUG   GST_REGISTRY gstregistrychunks.c:539:gst_registry_chunks_load_pad_template: Added pad_template src
0:00:00.016117587  2726 0x55de0d435320 LOG   GST_POLL gstpoll.c:994:gst_poll_fd_ctl_write: 0x55de0d459930: pfd->events now 60 (POLLOUT:4)
0:00:00.020666242  2725 0x55747945d320 DEBUG   GST_REGISTRY gstregistrychunks.c:526:gst_registry_chunks_load_pad_template: Reading/casting for GstRegistryChunkPadTemplate at address 0x557479484240
0:00:00.016124736  2726 0x55de0d435320 DEBUG   GST_POLL gstpoll.c:980:gst_poll_fd_ctl_write: 0x55de0d459930: fd (fd:0, idx:1), active : 1
0:00:00.020672667  2725 0x55747945d320 DEBUG   GST_REGISTRY gstregistrychunks.c:539:gst_registry_chunks_load_pad_template: Added pad_template sink_%u
0:00:00.016136278  2726 0x55de0d435320 LOG   GST_POLL gstpoll.c:994:gst_poll_fd_ctl_write: 0x55de0d459930: pfd->events now 60 (POLLOUT:4)
0:00:00.016143639  2726 0x55de0d435320 DEBUG   GST_POLL gstpoll.c:980:gst_poll_fd_ctl_write: 0x55de0d459930: fd (fd:0, idx:1), active : 1
0:00:00.020690616  2725 0x55747945d320 DEBUG   GST_REGISTRY gstregistry.c:590:gst_registry_add_feature: adding feature 0x557479488410 (input-selector)
0:00:00.016149942  2726 0x55de0d435320 LOG   GST_POLL gstpoll.c:994:gst_poll_fd_ctl_write: 0x55de0d459930: pfd->events now 60 (POLLOUT:4)
0:00:00.020697531  2725 0x55747945d320 DEBUG   GST_REFCOUNTING gstobject.c:709:gst_object_set_parent: set parent (ref and sink)
0:00:00.016157219  2726 0x55de0d435320 DEBUG   GST_POLL gstpoll.c:980:gst_poll_fd_ctl_write: 0x55de0d459930: fd (fd:0, idx:1), active : 1
0:00:00.020709674  2725 0x55747945d320 TRACE   GST_REFCOUNTING gstobject.c:294:gst_object_ref_sink: 0x557479488410 ref_sink 1->2
0:00:00.016166036  2726 0x55de0d435320 LOG   GST_POLL gstpoll.c:994:gst_poll_fd_ctl_write: 0x55de0d459930: pfd->events now 60 (POLLOUT:4)
0:00:00.020717239  2725 0x55747945d320 LOG   GST_REGISTRY gstregistry.c:608:gst_registry_add_feature: emitting feature-added for input-selector
0:00:00.016174519  2726 0x55de0d435320 DEBUG   GST_POLL gstpoll.c:980:gst_poll_fd_ctl_write: 0x55de0d459930: fd (fd:0, idx:1), active : 1
0:00:00.016181741  2726 0x55de0d435320 LOG   GST_POLL gstpoll.c:994:gst_poll_fd_ctl_write: 0x55de0d459930: pfd->events now 60 (POLLOUT:4)
0:00:00.020725434  2725 0x55747945d320 DEBUG   GST_REGISTRY gstregistrychunks.c:741:gst_registry_chunks_load_feature: Added feature input-selector, plugin 0x557479485250 coreelements
0:00:00.016188451  2726 0x55de0d435320 DEBUG   GST_POLL gstpoll.c:980:gst_poll_fd_ctl_write: 0x55de0d459930: fd (fd:0, idx:1), active : 1
0:00:00.020736909  2725 0x55747945d320 DEBUG   GST_REGISTRY gstregistrychunks.c:583:gst_registry_chunks_load_feature: Plugin 'coreelements' feature 'identity' typename : 'GstElementFactory'
0:00:00.016194927  2726 0x55de0d435320 LOG   GST_POLL gstpoll.c:994:gst_poll_fd_ctl_write: 0x55de0d459930: pfd->events now 60 (POLLOUT:4)
0:00:00.020745702  2725 0x55747945d320 TRACE   GST_REFCOUNTING gstobject.c:208:gst_object_init: 0x557479488a90 new
0:00:00.016202081  2726 0x55de0d435320 DEBUG   GST_POLL gstpoll.c:980:gst_poll_fd_ctl_write: 0x55de0d459930: fd (fd:0, idx:1), active : 1
0:00:00.020754413  2725 0x55747945d320 LOG   GST_REGISTRY gstregistrychunks.c:610:gst_registry_chunks_load_feature: Reading/casting for GstRegistryChunkElementFactory at address 0x557479484270
0:00:00.016210079  2726 0x55de0d435320 LOG   GST_POLL gstpoll.c:994:gst_poll_fd_ctl_write: 0x55de0d459930: pfd->events now 60 (POLLOUT:4)
0:00:00.020761765  2725 0x55747945d320 TRACE   structure gststructure.c:287:gst_structure_new_id_empty_with_size: created structure 0x557479488cc0
0:00:00.016218921  2726 0x55de0d435320 DEBUG   GST_POLL gstpoll.c:980:gst_poll_fd_ctl_write: 0x55de0d459930: fd (fd:0, idx:1), active : 1
0:00:00.020773477  2725 0x55747945d320 DEBUG   structure gststructure.c:2203:gst_structure_parse_field: trying field name 'long-name'
0:00:00.016236541  2726 0x55de0d435320 LOG   GST_POLL gstpoll.c:994:gst_poll_fd_ctl_write: 0x55de0d459930: pfd->events now 60 (POLLOUT:4)
0:00:00.020783741  2725 0x55747945d320 DEBUG   default gstvalue.c:2676:_priv_gst_value_parse_value: trying type name 'string'
0:00:00.016244019  2726 0x55de0d435320 DEBUG   GST_POLL gstpoll.c:980:gst_poll_fd_ctl_write: 0x55de0d459930: fd (fd:0, idx:1), active : 1
0:00:00.020791738  2725 0x55747945d320 DEBUG   structure gststructure.c:2203:gst_structure_parse_field: trying field name 'klass'
0:00:00.016250864  2726 0x55de0d435320 LOG   GST_POLL gstpoll.c:994:gst_poll_fd_ctl_write: 0x55de0d459930: pfd->events now 60 (POLLOUT:4)
0:00:00.020798333  2725 0x55747945d320 DEBUG   default gstvalue.c:2676:_priv_gst_value_parse_value: trying type name 'string'
0:00:00.016258156  2726 0x55de0d435320 DEBUG   GST_POLL gstpoll.c:980:gst_poll_fd_ctl_write: 0x55de0d459930: fd (fd:0, idx:1), active : 1
0:00:00.020805715  2725 0x55747945d320 DEBUG   structure gststructure.c:2203:gst_structure_parse_field: trying field name 'description'
0:00:00.016265205  2726 0x55de0d435320 LOG   GST_POLL gstpoll.c:994:gst_poll_fd_ctl_write: 0x55de0d459930: pfd->events now 60 (POLLOUT:4)
0:00:00.020812300  2725 0x55747945d320 DEBUG   default gstvalue.c:2676:_priv_gst_value_parse_value: trying type name 'string'
0:00:00.016272539  2726 0x55de0d435320 DEBUG   GST_POLL gstpoll.c:980:gst_poll_fd_ctl_write: 0x55de0d459930: fd (fd:0, idx:1), active : 1
0:00:00.020820502  2725 0x55747945d320 DEBUG   structure gststructure.c:2203:gst_structure_parse_field: trying field name 'author'
0:00:00.016279626  2726 0x55de0d435320 LOG   GST_POLL gstpoll.c:994:gst_poll_fd_ctl_write: 0x55de0d459930: pfd->events now 60 (POLLOUT:4)
0:00:00.020827973  2725 0x55747945d320 DEBUG   default gstvalue.c:2676:_priv_gst_value_parse_value: trying type name 'string'
0:00:00.016286908  2726 0x55de0d435320 DEBUG   GST_POLL gstpoll.c:980:gst_poll_fd_ctl_write: 0x55de0d459930: fd (fd:0, idx:1), active : 1
0:00:00.020835656  2725 0x55747945d320 DEBUG   GST_REGISTRY gstregistrychunks.c:626:gst_registry_chunks_load_feature: Element factory : npadtemplates=2
0:00:00.016293781  2726 0x55de0d435320 LOG   GST_POLL gstpoll.c:994:gst_poll_fd_ctl_write: 0x55de0d459930: pfd->events now 60 (POLLOUT:4)
0:00:00.020844420  2725 0x55747945d320 DEBUG   GST_REGISTRY gstregistrychunks.c:526:gst_registry_chunks_load_pad_template: Reading/casting for GstRegistryChunkPadTemplate at address 0x557479484340
0:00:00.016301022  2726 0x55de0d435320 DEBUG   GST_POLL gstpoll.c:980:gst_poll_fd_ctl_write: 0x55de0d459930: fd (fd:0, idx:1), active : 1
0:00:00.020851158  2725 0x55747945d320 DEBUG   GST_REGISTRY gstregistrychunks.c:539:gst_registry_chunks_load_pad_template: Added pad_template sink
0:00:00.016308054  2726 0x55de0d435320 LOG   GST_POLL gstpoll.c:994:gst_poll_fd_ctl_write: 0x55de0d459930: pfd->events now 60 (POLLOUT:4)
0:00:00.020857596  2725 0x55747945d320 DEBUG   GST_REGISTRY gstregistrychunks.c:526:gst_registry_chunks_load_pad_template: Reading/casting for GstRegistryChunkPadTemplate at address 0x557479484358
0:00:00.016320102  2726 0x55de0d435320 DEBUG   GST_POLL gstpoll.c:980:gst_poll_fd_ctl_write: 0x55de0d459930: fd (fd:0, idx:1), active : 1
0:00:00.020867200  2725 0x55747945d320 DEBUG   GST_REGISTRY gstregistrychunks.c:539:gst_registry_chunks_load_pad_template: Added pad_template src
0:00:00.016327176  2726 0x55de0d435320 LOG   GST_POLL gstpoll.c:994:gst_poll_fd_ctl_write: 0x55de0d459930: pfd->events now 60 (POLLOUT:4)
0:00:00.020876570  2725 0x55747945d320 DEBUG   GST_REGISTRY gstregistry.c:590:gst_registry_add_feature: adding feature 0x557479488a90 (identity)
0:00:00.016334443  2726 0x55de0d435320 DEBUG   GST_POLL gstpoll.c:980:gst_poll_fd_ctl_write: 0x55de0d459930: fd (fd:0, idx:1), active : 1
0:00:00.020883131  2725 0x55747945d320 DEBUG   GST_REFCOUNTING gstobject.c:709:gst_object_set_parent: set parent (ref and sink)
0:00:00.016341172  2726 0x55de0d435320 LOG   GST_POLL gstpoll.c:994:gst_poll_fd_ctl_write: 0x55de0d459930: pfd->events now 60 (POLLOUT:4)
0:00:00.020891473  2725 0x55747945d320 TRACE   GST_REFCOUNTING gstobject.c:294:gst_object_ref_sink: 0x557479488a90 ref_sink 1->2
0:00:00.016348377  2726 0x55de0d435320 DEBUG   GST_POLL gstpoll.c:980:gst_poll_fd_ctl_write: 0x55de0d459930: fd (fd:0, idx:1), active : 1
0:00:00.020899058  2725 0x55747945d320 LOG   GST_REGISTRY gstregistry.c:608:gst_registry_add_feature: emitting feature-added for identity
0:00:00.016355643  2726 0x55de0d435320 LOG   GST_POLL gstpoll.c:994:gst_poll_fd_ctl_write: 0x55de0d459930: pfd->events now 60 (POLLOUT:4)
0:00:00.020906742  2725 0x55747945d320 DEBUG   GST_REGISTRY gstregistrychunks.c:741:gst_registry_chunks_load_feature: Added feature identity, plugin 0x557479485250 coreelements
0:00:00.016363227  2726 0x55de0d435320 DEBUG   GST_POLL gstpoll.c:980:gst_poll_fd_ctl_write: 0x55de0d459930: fd (fd:0, idx:1), active : 1
0:00:00.020914257  2725 0x55747945d320 DEBUG   GST_REGISTRY gstregistrychunks.c:583:gst_registry_chunks_load_feature: Plugin 'coreelements' feature 'funnel' typename : 'GstElementFactory'
0:00:00.016370556  2726 0x55de0d435320 LOG   GST_POLL gstpoll.c:994:gst_poll_fd_ctl_write: 0x55de0d459930: pfd->events now 60 (POLLOUT:4)
0:00:00.020922678  2725 0x55747945d320 TRACE   GST_REFCOUNTING gstobject.c:208:gst_object_init: 0x557479489150 new
0:00:00.016378622  2726 0x55de0d435320 DEBUG   GST_POLL gstpoll.c:980:gst_poll_fd_ctl_write: 0x55de0d459930: fd (fd:0, idx:1), active : 1
0:00:00.020931388  2725 0x55747945d320 LOG   GST_REGISTRY gstregistrychunks.c:610:gst_registry_chunks_load_feature: Reading/casting for GstRegistryChunkElementFactory at address 0x557479484388
0:00:00.016387033  2726 0x55de0d435320 LOG   GST_POLL gstpoll.c:994:gst_poll_fd_ctl_write: 0x55de0d459930: pfd->events now 60 (POLLOUT:4)
0:00:00.020938440  2725 0x55747945d320 TRACE   structure gststructure.c:287:gst_structure_new_id_empty_with_size: created structure 0x557479489450
0:00:00.016395837  2726 0x55de0d435320 DEBUG   GST_POLL gstpoll.c:980:gst_poll_fd_ctl_write: 0x55de0d459930: fd (fd:0, idx:1), active : 1
0:00:00.020950358  2725 0x55747945d320 DEBUG   structure gststructure.c:2203:gst_structure_parse_field: trying field name 'long-name'
0:00:00.016407649  2726 0x55de0d435320 LOG   GST_POLL gstpoll.c:994:gst_poll_fd_ctl_write: 0x55de0d459930: pfd->events now 60 (POLLOUT:4)
0:00:00.020956850  2725 0x55747945d320 DEBUG   default gstvalue.c:2676:_priv_gst_value_parse_value: trying type name 'string'
0:00:00.016415213  2726 0x55de0d435320 DEBUG   GST_POLL gstpoll.c:980:gst_poll_fd_ctl_write: 0x55de0d459930: fd (fd:0, idx:1), active : 1
0:00:00.020964427  2725 0x55747945d320 DEBUG   structure gststructure.c:2203:gst_structure_parse_field: trying field name 'klass'
0:00:00.016422176  2726 0x55de0d435320 LOG   GST_POLL gstpoll.c:994:gst_poll_fd_ctl_write: 0x55de0d459930: pfd->events now 60 (POLLOUT:4)
0:00:00.020971470  2725 0x55747945d320 DEBUG   default gstvalue.c:2676:_priv_gst_value_parse_value: trying type name 'string'
0:00:00.016429308  2726 0x55de0d435320 DEBUG   GST_POLL gstpoll.c:980:gst_poll_fd_ctl_write: 0x55de0d459930: fd (fd:0, idx:1), active : 1
0:00:00.020978838  2725 0x55747945d320 DEBUG   structure gststructure.c:2203:gst_structure_parse_field: trying field name 'description'
0:00:00.016436251  2726 0x55de0d435320 LOG   GST_POLL gstpoll.c:994:gst_poll_fd_ctl_write: 0x55de0d459930: pfd->events now 60 (POLLOUT:4)
0:00:00.020985727  2725 0x55747945d320 DEBUG   default gstvalue.c:2676:_priv_gst_value_parse_value: trying type name 'string'
0:00:00.016443988  2726 0x55de0d435320 DEBUG   GST_POLL gstpoll.c:980:gst_poll_fd_ctl_write: 0x55de0d459930: fd (fd:0, idx:1), active : 1
0:00:00.020993371  2725 0x55747945d320 DEBUG   structure gststructure.c:2203:gst_structure_parse_field: trying field name 'author'
0:00:00.016451096  2726 0x55de0d435320 LOG   GST_POLL gstpoll.c:994:gst_poll_fd_ctl_write: 0x55de0d459930: pfd->events now 60 (POLLOUT:4)
0:00:00.021000362  2725 0x55747945d320 DEBUG   default gstvalue.c:2676:_priv_gst_value_parse_value: trying type name 'string'
0:00:00.016458615  2726 0x55de0d435320 DEBUG   GST_POLL gstpoll.c:980:gst_poll_fd_ctl_write: 0x55de0d459930: fd (fd:0, idx:1), active : 1
0:00:00.021008723  2725 0x55747945d320 DEBUG   GST_REGISTRY gstregistrychunks.c:626:gst_registry_chunks_load_feature: Element factory : npadtemplates=2
0:00:00.016465717  2726 0x55de0d435320 LOG   GST_POLL gstpoll.c:994:gst_poll_fd_ctl_write: 0x55de0d459930: pfd->events now 60 (POLLOUT:4)
0:00:00.021015928  2725 0x55747945d320 DEBUG   GST_REGISTRY gstregistrychunks.c:526:gst_registry_chunks_load_pad_template: Reading/casting for GstRegistryChunkPadTemplate at address 0x557479484460
0:00:00.016473799  2726 0x55de0d435320 DEBUG   GST_POLL gstpoll.c:980:gst_poll_fd_ctl_write: 0x55de0d459930: fd (fd:0, idx:1), active : 1
0:00:00.021023170  2725 0x55747945d320 DEBUG   GST_REGISTRY gstregistrychunks.c:539:gst_registry_chunks_load_pad_template: Added pad_template src
0:00:00.016480805  2726 0x55de0d435320 LOG   GST_POLL gstpoll.c:994:gst_poll_fd_ctl_write: 0x55de0d459930: pfd->events now 60 (POLLOUT:4)
0:00:00.021029504  2725 0x55747945d320 DEBUG   GST_REGISTRY gstregistrychunks.c:526:gst_registry_chunks_load_pad_template: Reading/casting for GstRegistryChunkPadTemplate at address 0x557479484470
0:00:00.016493340  2726 0x55de0d435320 DEBUG   GST_POLL gstpoll.c:980:gst_poll_fd_ctl_write: 0x55de0d459930: fd (fd:0, idx:1), active : 1
0:00:00.021040224  2725 0x55747945d320 DEBUG   GST_REGISTRY gstregistrychunks.c:539:gst_registry_chunks_load_pad_template: Added pad_template sink_%u
0:00:00.016500717  2726 0x55de0d435320 LOG   GST_POLL gstpoll.c:994:gst_poll_fd_ctl_write: 0x55de0d459930: pfd->events now 60 (POLLOUT:4)
0:00:00.021049312  2725 0x55747945d320 DEBUG   GST_REGISTRY gstregistry.c:590:gst_registry_add_feature: adding feature 0x557479489150 (funnel)
0:00:00.016507979  2726 0x55de0d435320 DEBUG   GST_POLL gstpoll.c:980:gst_poll_fd_ctl_write: 0x55de0d459930: fd (fd:0, idx:1), active : 1
0:00:00.021055838  2725 0x55747945d320 DEBUG   GST_REFCOUNTING gstobject.c:709:gst_object_set_parent: set parent (ref and sink)
0:00:00.016515154  2726 0x55de0d435320 LOG   GST_POLL gstpoll.c:994:gst_poll_fd_ctl_write: 0x55de0d459930: pfd->events now 60 (POLLOUT:4)
0:00:00.021064716  2725 0x55747945d320 TRACE   GST_REFCOUNTING gstobject.c:294:gst_object_ref_sink: 0x557479489150 ref_sink 1->2
0:00:00.016522502  2726 0x55de0d435320 DEBUG   GST_POLL gstpoll.c:980:gst_poll_fd_ctl_write: 0x55de0d459930: fd (fd:0, idx:1), active : 1
0:00:00.021072369  2725 0x55747945d320 LOG   GST_REGISTRY gstregistry.c:608:gst_registry_add_feature: emitting feature-added for funnel
0:00:00.016529369  2726 0x55de0d435320 LOG   GST_POLL gstpoll.c:994:gst_poll_fd_ctl_write: 0x55de0d459930: pfd->events now 60 (POLLOUT:4)
0:00:00.021080216  2725 0x55747945d320 DEBUG   GST_REGISTRY gstregistrychunks.c:741:gst_registry_chunks_load_feature: Added feature funnel, plugin 0x557479485250 coreelements
0:00:00.016536890  2726 0x55de0d435320 DEBUG   GST_POLL gstpoll.c:980:gst_poll_fd_ctl_write: 0x55de0d459930: fd (fd:0, idx:1), active : 1
0:00:00.021087410  2725 0x55747945d320 DEBUG   GST_REGISTRY gstregistrychunks.c:583:gst_registry_chunks_load_feature: Plugin 'coreelements' feature 'filesrc' typename : 'GstElementFactory'
0:00:00.016543919  2726 0x55de0d435320 LOG   GST_POLL gstpoll.c:994:gst_poll_fd_ctl_write: 0x55de0d459930: pfd->events now 60 (POLLOUT:4)
0:00:00.021095682  2725 0x55747945d320 TRACE   GST_REFCOUNTING gstobject.c:208:gst_object_init: 0x557479489870 new
0:00:00.016551567  2726 0x55de0d435320 DEBUG   GST_POLL gstpoll.c:980:gst_poll_fd_ctl_write: 0x55de0d459930: fd (fd:0, idx:1), active : 1
0:00:00.021104086  2725 0x55747945d320 LOG   GST_REGISTRY gstregistrychunks.c:610:gst_registry_chunks_load_feature: Reading/casting for GstRegistryChunkElementFactory at address 0x5574794844a0
0:00:00.016560082  2726 0x55de0d435320 LOG   GST_POLL gstpoll.c:994:gst_poll_fd_ctl_write: 0x55de0d459930: pfd->events now 60 (POLLOUT:4)
0:00:00.021111204  2725 0x55747945d320 TRACE   structure gststructure.c:287:gst_structure_new_id_empty_with_size: created structure 0x557479489b70
0:00:00.016568417  2726 0x55de0d435320 DEBUG   GST_POLL gstpoll.c:980:gst_poll_fd_ctl_write: 0x55de0d459930: fd (fd:0, idx:1), active : 1
0:00:00.021122758  2725 0x55747945d320 DEBUG   structure gststructure.c:2203:gst_structure_parse_field: trying field name 'long-name'
0:00:00.016580378  2726 0x55de0d435320 LOG   GST_POLL gstpoll.c:994:gst_poll_fd_ctl_write: 0x55de0d459930: pfd->events now 60 (POLLOUT:4)
0:00:00.021129076  2725 0x55747945d320 DEBUG   default gstvalue.c:2676:_priv_gst_value_parse_value: trying type name 'string'
0:00:00.016587723  2726 0x55de0d435320 DEBUG   GST_POLL gstpoll.c:980:gst_poll_fd_ctl_write: 0x55de0d459930: fd (fd:0, idx:1), active : 1
0:00:00.021136432  2725 0x55747945d320 DEBUG   structure gststructure.c:2203:gst_structure_parse_field: trying field name 'klass'
0:00:00.016594470  2726 0x55de0d435320 LOG   GST_POLL gstpoll.c:994:gst_poll_fd_ctl_write: 0x55de0d459930: pfd->events now 60 (POLLOUT:4)
0:00:00.021154436  2725 0x55747945d320 DEBUG   default gstvalue.c:2676:_priv_gst_value_parse_value: trying type name 'string'
0:00:00.021165579  2725 0x55747945d320 DEBUG   structure gststructure.c:2203:gst_structure_parse_field: trying field name 'description'
0:00:00.016620009  2726 0x55de0d435320 DEBUG   GST_POLL gstpoll.c:980:gst_poll_fd_ctl_write: 0x55de0d459930: fd (fd:0, idx:1), active : 1
0:00:00.021171896  2725 0x55747945d320 DEBUG   default gstvalue.c:2676:_priv_gst_value_parse_value: trying type name 'string'
0:00:00.016632439  2726 0x55de0d435320 LOG   GST_POLL gstpoll.c:994:gst_poll_fd_ctl_write: 0x55de0d459930: pfd->events now 60 (POLLOUT:4)
0:00:00.021179750  2725 0x55747945d320 DEBUG   structure gststructure.c:2203:gst_structure_parse_field: trying field name 'author'
0:00:00.016643079  2726 0x55de0d435320 DEBUG   GST_POLL gstpoll.c:980:gst_poll_fd_ctl_write: 0x55de0d459930: fd (fd:0, idx:1), active : 1
0:00:00.021188947  2725 0x55747945d320 DEBUG   default gstvalue.c:2676:_priv_gst_value_parse_value: trying type name 'string'
0:00:00.016650437  2726 0x55de0d435320 LOG   GST_POLL gstpoll.c:994:gst_poll_fd_ctl_write: 0x55de0d459930: pfd->events now 60 (POLLOUT:4)
0:00:00.021198919  2725 0x55747945d320 DEBUG   GST_REGISTRY gstregistrychunks.c:626:gst_registry_chunks_load_feature: Element factory : npadtemplates=1
0:00:00.016657439  2726 0x55de0d435320 DEBUG   GST_POLL gstpoll.c:980:gst_poll_fd_ctl_write: 0x55de0d459930: fd (fd:0, idx:1), active : 1
0:00:00.021205341  2725 0x55747945d320 DEBUG   GST_REGISTRY gstregistrychunks.c:526:gst_registry_chunks_load_pad_template: Reading/casting for GstRegistryChunkPadTemplate at address 0x557479484580
0:00:00.016664387  2726 0x55de0d435320 LOG   GST_POLL gstpoll.c:994:gst_poll_fd_ctl_write: 0x55de0d459930: pfd->events now 60 (POLLOUT:4)
0:00:00.021212630  2725 0x55747945d320 DEBUG   GST_REGISTRY gstregistrychunks.c:539:gst_registry_chunks_load_pad_template: Added pad_template src
0:00:00.016672045  2726 0x55de0d435320 DEBUG   GST_POLL gstpoll.c:980:gst_poll_fd_ctl_write: 0x55de0d459930: fd (fd:0, idx:1), active : 1
0:00:00.021219982  2725 0x55747945d320 DEBUG   GST_REGISTRY gstregistrychunks.c:639:gst_registry_chunks_load_feature: Reading 1 UriTypes at address 0x557479484590
0:00:00.016678977  2726 0x55de0d435320 LOG   GST_POLL gstpoll.c:994:gst_poll_fd_ctl_write: 0x55de0d459930: pfd->events now 60 (POLLOUT:4)
0:00:00.021233710  2725 0x55747945d320 DEBUG   GST_REGISTRY gstregistrychunks.c:654:gst_registry_chunks_load_feature: Reading 1 Interfaces at address 0x557479484599
0:00:00.016689779  2726 0x55de0d435320 DEBUG   GST_POLL gstpoll.c:980:gst_poll_fd_ctl_write: 0x55de0d459930: fd (fd:0, idx:1), active : 1
0:00:00.016698222  2726 0x55de0d435320 LOG   GST_POLL gstpoll.c:994:gst_poll_fd_ctl_write: 0x55de0d459930: pfd->events now 60 (POLLOUT:4)
0:00:00.021243709  2725 0x55747945d320 DEBUG   GST_REGISTRY gstregistry.c:590:gst_registry_add_feature: adding feature 0x557479489870 (filesrc)
0:00:00.016705044  2726 0x55de0d435320 DEBUG   GST_POLL gstpoll.c:980:gst_poll_fd_ctl_write: 0x55de0d459930: fd (fd:0, idx:1), active : 1
0:00:00.021252324  2725 0x55747945d320 DEBUG   GST_REFCOUNTING gstobject.c:709:gst_object_set_parent: set parent (ref and sink)
0:00:00.016711931  2726 0x55de0d435320 LOG   GST_POLL gstpoll.c:994:gst_poll_fd_ctl_write: 0x55de0d459930: pfd->events now 60 (POLLOUT:4)
0:00:00.021260797  2725 0x55747945d320 TRACE   GST_REFCOUNTING gstobject.c:294:gst_object_ref_sink: 0x557479489870 ref_sink 1->2
0:00:00.016719234  2726 0x55de0d435320 DEBUG   GST_POLL gstpoll.c:980:gst_poll_fd_ctl_write: 0x55de0d459930: fd (fd:0, idx:1), active : 1
0:00:00.021268402  2725 0x55747945d320 LOG   GST_REGISTRY gstregistry.c:608:gst_registry_add_feature: emitting feature-added for filesrc
0:00:00.016725948  2726 0x55de0d435320 LOG   GST_POLL gstpoll.c:994:gst_poll_fd_ctl_write: 0x55de0d459930: pfd->events now 60 (POLLOUT:4)
0:00:00.021276153  2725 0x55747945d320 DEBUG   GST_REGISTRY gstregistrychunks.c:741:gst_registry_chunks_load_feature: Added feature filesrc, plugin 0x557479485250 coreelements
0:00:00.016733069  2726 0x55de0d435320 DEBUG   GST_POLL gstpoll.c:980:gst_poll_fd_ctl_write: 0x55de0d459930: fd (fd:0, idx:1), active : 1
0:00:00.021283630  2725 0x55747945d320 DEBUG   GST_REGISTRY gstregistrychunks.c:583:gst_registry_chunks_load_feature: Plugin 'coreelements' feature 'fdsink' typename : 'GstElementFactory'
0:00:00.016740156  2726 0x55de0d435320 LOG   GST_POLL gstpoll.c:994:gst_poll_fd_ctl_write: 0x55de0d459930: pfd->events now 60 (POLLOUT:4)
0:00:00.021292383  2725 0x55747945d320 TRACE   GST_REFCOUNTING gstobject.c:208:gst_object_init: 0x55747948a020 new
0:00:00.016747897  2726 0x55de0d435320 DEBUG   GST_POLL gstpoll.c:980:gst_poll_fd_ctl_write: 0x55de0d459930: fd (fd:0, idx:1), active : 1
0:00:00.021301342  2725 0x55747945d320 LOG   GST_REGISTRY gstregistrychunks.c:610:gst_registry_chunks_load_feature: Reading/casting for GstRegistryChunkElementFactory at address 0x5574794845c0
0:00:00.016756883  2726 0x55de0d435320 LOG   GST_POLL gstpoll.c:994:gst_poll_fd_ctl_write: 0x55de0d459930: pfd->events now 60 (POLLOUT:4)
0:00:00.021308598  2725 0x55747945d320 TRACE   structure gststructure.c:287:gst_structure_new_id_empty_with_size: created structure 0x55747948a3a0
0:00:00.016765585  2726 0x55de0d435320 DEBUG   GST_POLL gstpoll.c:980:gst_poll_fd_ctl_write: 0x55de0d459930: fd (fd:0, idx:1), active : 1
0:00:00.021319673  2725 0x55747945d320 DEBUG   structure gststructure.c:2203:gst_structure_parse_field: trying field name 'long-name'
0:00:00.016777025  2726 0x55de0d435320 LOG   GST_POLL gstpoll.c:994:gst_poll_fd_ctl_write: 0x55de0d459930: pfd->events now 60 (POLLOUT:4)
0:00:00.021326387  2725 0x55747945d320 DEBUG   default gstvalue.c:2676:_priv_gst_value_parse_value: trying type name 'string'
0:00:00.016784189  2726 0x55de0d435320 DEBUG   GST_POLL gstpoll.c:980:gst_poll_fd_ctl_write: 0x55de0d459930: fd (fd:0, idx:1), active : 1
0:00:00.021333975  2725 0x55747945d320 DEBUG   structure gststructure.c:2203:gst_structure_parse_field: trying field name 'klass'
0:00:00.016790801  2726 0x55de0d435320 LOG   GST_POLL gstpoll.c:994:gst_poll_fd_ctl_write: 0x55de0d459930: pfd->events now 60 (POLLOUT:4)
0:00:00.021340803  2725 0x55747945d320 DEBUG   default gstvalue.c:2676:_priv_gst_value_parse_value: trying type name 'string'
0:00:00.016798193  2726 0x55de0d435320 DEBUG   GST_POLL gstpoll.c:980:gst_poll_fd_ctl_write: 0x55de0d459930: fd (fd:0, idx:1), active : 1
0:00:00.021348477  2725 0x55747945d320 DEBUG   structure gststructure.c:2203:gst_structure_parse_field: trying field name 'description'
0:00:00.016805053  2726 0x55de0d435320 LOG   GST_POLL gstpoll.c:994:gst_poll_fd_ctl_write: 0x55de0d459930: pfd->events now 60 (POLLOUT:4)
0:00:00.021354973  2725 0x55747945d320 DEBUG   default gstvalue.c:2676:_priv_gst_value_parse_value: trying type name 'string'
0:00:00.016812691  2726 0x55de0d435320 DEBUG   GST_POLL gstpoll.c:980:gst_poll_fd_ctl_write: 0x55de0d459930: fd (fd:0, idx:1), active : 1
0:00:00.021362738  2725 0x55747945d320 DEBUG   structure gststructure.c:2203:gst_structure_parse_field: trying field name 'author'
0:00:00.016819685  2726 0x55de0d435320 LOG   GST_POLL gstpoll.c:994:gst_poll_fd_ctl_write: 0x55de0d459930: pfd->events now 60 (POLLOUT:4)
0:00:00.021369301  2725 0x55747945d320 DEBUG   default gstvalue.c:2676:_priv_gst_value_parse_value: trying type name 'string'
0:00:00.016827208  2726 0x55de0d435320 DEBUG   GST_POLL gstpoll.c:980:gst_poll_fd_ctl_write: 0x55de0d459930: fd (fd:0, idx:1), active : 1
0:00:00.021376861  2725 0x55747945d320 DEBUG   GST_REGISTRY gstregistrychunks.c:626:gst_registry_chunks_load_feature: Element factory : npadtemplates=1
0:00:00.016834102  2726 0x55de0d435320 LOG   GST_POLL gstpoll.c:994:gst_poll_fd_ctl_write: 0x55de0d459930: pfd->events now 60 (POLLOUT:4)
0:00:00.021383210  2725 0x55747945d320 DEBUG   GST_REGISTRY gstregistrychunks.c:526:gst_registry_chunks_load_pad_template: Reading/casting for GstRegistryChunkPadTemplate at address 0x5574794846a0
0:00:00.016841132  2726 0x55de0d435320 DEBUG   GST_POLL gstpoll.c:980:gst_poll_fd_ctl_write: 0x55de0d459930: fd (fd:0, idx:1), active : 1
0:00:00.021389758  2725 0x55747945d320 DEBUG   GST_REGISTRY gstregistrychunks.c:539:gst_registry_chunks_load_pad_template: Added pad_template sink
0:00:00.016847836  2726 0x55de0d435320 LOG   GST_POLL gstpoll.c:994:gst_poll_fd_ctl_write: 0x55de0d459930: pfd->events now 60 (POLLOUT:4)
0:00:00.021403484  2725 0x55747945d320 DEBUG   GST_REGISTRY gstregistrychunks.c:639:gst_registry_chunks_load_feature: Reading 1 UriTypes at address 0x5574794846b1
0:00:00.016860878  2726 0x55de0d435320 DEBUG   GST_POLL gstpoll.c:980:gst_poll_fd_ctl_write: 0x55de0d459930: fd (fd:0, idx:1), active : 1
0:00:00.021411161  2725 0x55747945d320 DEBUG   GST_REGISTRY gstregistrychunks.c:654:gst_registry_chunks_load_feature: Reading 1 Interfaces at address 0x5574794846bf
0:00:00.016867693  2726 0x55de0d435320 LOG   GST_POLL gstpoll.c:994:gst_poll_fd_ctl_write: 0x55de0d459930: pfd->events now 60 (POLLOUT:4)
0:00:00.021419967  2725 0x55747945d320 DEBUG   GST_REGISTRY gstregistry.c:590:gst_registry_add_feature: adding feature 0x55747948a020 (fdsink)
0:00:00.016875614  2726 0x55de0d435320 DEBUG   GST_POLL gstpoll.c:980:gst_poll_fd_ctl_write: 0x55de0d459930: fd (fd:0, idx:1), active : 1
0:00:00.021426643  2725 0x55747945d320 DEBUG   GST_REFCOUNTING gstobject.c:709:gst_object_set_parent: set parent (ref and sink)
0:00:00.016884059  2726 0x55de0d435320 LOG   GST_POLL gstpoll.c:994:gst_poll_fd_ctl_write: 0x55de0d459930: pfd->events now 60 (POLLOUT:4)
0:00:00.021435036  2725 0x55747945d320 TRACE   GST_REFCOUNTING gstobject.c:294:gst_object_ref_sink: 0x55747948a020 ref_sink 1->2
0:00:00.016891736  2726 0x55de0d435320 DEBUG   GST_POLL gstpoll.c:980:gst_poll_fd_ctl_write: 0x55de0d459930: fd (fd:0, idx:1), active : 1
0:00:00.021442407  2725 0x55747945d320 LOG   GST_REGISTRY gstregistry.c:608:gst_registry_add_feature: emitting feature-added for fdsink
0:00:00.016899381  2726 0x55de0d435320 LOG   GST_POLL gstpoll.c:994:gst_poll_fd_ctl_write: 0x55de0d459930: pfd->events now 60 (POLLOUT:4)
0:00:00.021449899  2725 0x55747945d320 DEBUG   GST_REGISTRY gstregistrychunks.c:741:gst_registry_chunks_load_feature: Added feature fdsink, plugin 0x557479485250 coreelements
0:00:00.016906790  2726 0x55de0d435320 DEBUG   GST_POLL gstpoll.c:980:gst_poll_fd_ctl_write: 0x55de0d459930: fd (fd:0, idx:1), active : 1
0:00:00.021457136  2725 0x55747945d320 DEBUG   GST_REGISTRY gstregistrychunks.c:583:gst_registry_chunks_load_feature: Plugin 'coreelements' feature 'fdsrc' typename : 'GstElementFactory'
0:00:00.016913769  2726 0x55de0d435320 LOG   GST_POLL gstpoll.c:994:gst_poll_fd_ctl_write: 0x55de0d459930: pfd->events now 60 (POLLOUT:4)
0:00:00.021465370  2725 0x55747945d320 TRACE   GST_REFCOUNTING gstobject.c:208:gst_object_init: 0x55747948e8a0 new
0:00:00.016921394  2726 0x55de0d435320 DEBUG   GST_POLL gstpoll.c:980:gst_poll_fd_ctl_write: 0x55de0d459930: fd (fd:0, idx:1), active : 1
0:00:00.021473985  2725 0x55747945d320 LOG   GST_REGISTRY gstregistrychunks.c:610:gst_registry_chunks_load_feature: Reading/casting for GstRegistryChunkElementFactory at address 0x5574794846e8
0:00:00.016930105  2726 0x55de0d435320 LOG   GST_POLL gstpoll.c:994:gst_poll_fd_ctl_write: 0x55de0d459930: pfd->events now 60 (POLLOUT:4)
0:00:00.021480939  2725 0x55747945d320 TRACE   structure gststructure.c:287:gst_structure_new_id_empty_with_size: created structure 0x55747948ead0
0:00:00.016938250  2726 0x55de0d435320 DEBUG   GST_POLL gstpoll.c:980:gst_poll_fd_ctl_write: 0x55de0d459930: fd (fd:0, idx:1), active : 1
0:00:00.021492653  2725 0x55747945d320 DEBUG   structure gststructure.c:2203:gst_structure_parse_field: trying field name 'long-name'
0:00:00.016950087  2726 0x55de0d435320 LOG   GST_POLL gstpoll.c:994:gst_poll_fd_ctl_write: 0x55de0d459930: pfd->events now 60 (POLLOUT:4)
0:00:00.021498961  2725 0x55747945d320 DEBUG   default gstvalue.c:2676:_priv_gst_value_parse_value: trying type name 'string'
0:00:00.016957439  2726 0x55de0d435320 DEBUG   GST_POLL gstpoll.c:980:gst_poll_fd_ctl_write: 0x55de0d459930: fd (fd:0, idx:1), active : 1
0:00:00.021506477  2725 0x55747945d320 DEBUG   structure gststructure.c:2203:gst_structure_parse_field: trying field name 'klass'
0:00:00.016964433  2726 0x55de0d435320 LOG   GST_POLL gstpoll.c:994:gst_poll_fd_ctl_write: 0x55de0d459930: pfd->events now 60 (POLLOUT:4)
0:00:00.021513313  2725 0x55747945d320 DEBUG   default gstvalue.c:2676:_priv_gst_value_parse_value: trying type name 'string'
0:00:00.016972154  2726 0x55de0d435320 DEBUG   GST_POLL gstpoll.c:980:gst_poll_fd_ctl_write: 0x55de0d459930: fd (fd:0, idx:1), active : 1
0:00:00.021520682  2725 0x55747945d320 DEBUG   structure gststructure.c:2203:gst_structure_parse_field: trying field name 'description'
0:00:00.016979149  2726 0x55de0d435320 LOG   GST_POLL gstpoll.c:994:gst_poll_fd_ctl_write: 0x55de0d459930: pfd->events now 60 (POLLOUT:4)
0:00:00.021527066  2725 0x55747945d320 DEBUG   default gstvalue.c:2676:_priv_gst_value_parse_value: trying type name 'string'
0:00:00.016986421  2726 0x55de0d435320 DEBUG   GST_POLL gstpoll.c:980:gst_poll_fd_ctl_write: 0x55de0d459930: fd (fd:0, idx:1), active : 1
0:00:00.021534221  2725 0x55747945d320 DEBUG   structure gststructure.c:2203:gst_structure_parse_field: trying field name 'author'
0:00:00.016993207  2726 0x55de0d435320 LOG   GST_POLL gstpoll.c:994:gst_poll_fd_ctl_write: 0x55de0d459930: pfd->events now 60 (POLLOUT:4)
0:00:00.021540648  2725 0x55747945d320 DEBUG   default gstvalue.c:2676:_priv_gst_value_parse_value: trying type name 'string'
0:00:00.017000642  2726 0x55de0d435320 DEBUG   GST_POLL gstpoll.c:980:gst_poll_fd_ctl_write: 0x55de0d459930: fd (fd:0, idx:1), active : 1
0:00:00.021548326  2725 0x55747945d320 DEBUG   GST_REGISTRY gstregistrychunks.c:626:gst_registry_chunks_load_feature: Element factory : npadtemplates=1
0:00:00.017007362  2726 0x55de0d435320 LOG   GST_POLL gstpoll.c:994:gst_poll_fd_ctl_write: 0x55de0d459930: pfd->events now 60 (POLLOUT:4)
0:00:00.021554569  2725 0x55747945d320 DEBUG   GST_REGISTRY gstregistrychunks.c:526:gst_registry_chunks_load_pad_template: Reading/casting for GstRegistryChunkPadTemplate at address 0x5574794847c8
0:00:00.017014583  2726 0x55de0d435320 DEBUG   GST_POLL gstpoll.c:980:gst_poll_fd_ctl_write: 0x55de0d459930: fd (fd:0, idx:1), active : 1
0:00:00.021561630  2725 0x55747945d320 DEBUG   GST_REGISTRY gstregistrychunks.c:539:gst_registry_chunks_load_pad_template: Added pad_template src
0:00:00.017021376  2726 0x55de0d435320 LOG   GST_POLL gstpoll.c:994:gst_poll_fd_ctl_write: 0x55de0d459930: pfd->events now 60 (POLLOUT:4)
0:00:00.021573485  2725 0x55747945d320 DEBUG   GST_REGISTRY gstregistrychunks.c:639:gst_registry_chunks_load_feature: Reading 1 UriTypes at address 0x5574794847d8
0:00:00.017031110  2726 0x55de0d435320 DEBUG   GST_POLL gstpoll.c:980:gst_poll_fd_ctl_write: 0x55de0d459930: fd (fd:0, idx:1), active : 1
0:00:00.021580733  2725 0x55747945d320 DEBUG   GST_REGISTRY gstregistrychunks.c:654:gst_registry_chunks_load_feature: Reading 1 Interfaces at address 0x5574794847df
0:00:00.017038050  2726 0x55de0d435320 LOG   GST_POLL gstpoll.c:994:gst_poll_fd_ctl_write: 0x55de0d459930: pfd->events now 60 (POLLOUT:4)
0:00:00.021589067  2725 0x55747945d320 DEBUG   GST_REGISTRY gstregistry.c:590:gst_registry_add_feature: adding feature 0x55747948e8a0 (fdsrc)
0:00:00.017045091  2726 0x55de0d435320 DEBUG   GST_POLL gstpoll.c:980:gst_poll_fd_ctl_write: 0x55de0d459930: fd (fd:0, idx:1), active : 1
0:00:00.021595894  2725 0x55747945d320 DEBUG   GST_REFCOUNTING gstobject.c:709:gst_object_set_parent: set parent (ref and sink)
0:00:00.017053376  2726 0x55de0d435320 LOG   GST_POLL gstpoll.c:994:gst_poll_fd_ctl_write: 0x55de0d459930: pfd->events now 60 (POLLOUT:4)
0:00:00.017061042  2726 0x55de0d435320 DEBUG   GST_POLL gstpoll.c:980:gst_poll_fd_ctl_write: 0x55de0d459930: fd (fd:0, idx:1), active : 1
0:00:00.021608019  2725 0x55747945d320 TRACE   GST_REFCOUNTING gstobject.c:294:gst_object_ref_sink: 0x55747948e8a0 ref_sink 1->2
0:00:00.017067156  2726 0x55de0d435320 LOG   GST_POLL gstpoll.c:994:gst_poll_fd_ctl_write: 0x55de0d459930: pfd->events now 60 (POLLOUT:4)
0:00:00.021615430  2725 0x55747945d320 LOG   GST_REGISTRY gstregistry.c:608:gst_registry_add_feature: emitting feature-added for fdsrc
0:00:00.017074184  2726 0x55de0d435320 DEBUG   GST_POLL gstpoll.c:980:gst_poll_fd_ctl_write: 0x55de0d459930: fd (fd:0, idx:1), active : 1
0:00:00.021622822  2725 0x55747945d320 DEBUG   GST_REGISTRY gstregistrychunks.c:741:gst_registry_chunks_load_feature: Added feature fdsrc, plugin 0x557479485250 coreelements
0:00:00.017080779  2726 0x55de0d435320 LOG   GST_POLL gstpoll.c:994:gst_poll_fd_ctl_write: 0x55de0d459930: pfd->events now 60 (POLLOUT:4)
0:00:00.021630125  2725 0x55747945d320 DEBUG   GST_REGISTRY gstregistrychunks.c:583:gst_registry_chunks_load_feature: Plugin 'coreelements' feature 'fakesink' typename : 'GstElementFactory'
0:00:00.017087975  2726 0x55de0d435320 DEBUG   GST_POLL gstpoll.c:980:gst_poll_fd_ctl_write: 0x55de0d459930: fd (fd:0, idx:1), active : 1
0:00:00.021638998  2725 0x55747945d320 TRACE   GST_REFCOUNTING gstobject.c:208:gst_object_init: 0x55747948ef50 new
0:00:00.017095019  2726 0x55de0d435320 LOG   GST_POLL gstpoll.c:994:gst_poll_fd_ctl_write: 0x55de0d459930: pfd->events now 60 (POLLOUT:4)
0:00:00.021647508  2725 0x55747945d320 LOG   GST_REGISTRY gstregistrychunks.c:610:gst_registry_chunks_load_feature: Reading/casting for GstRegistryChunkElementFactory at address 0x557479484808
0:00:00.017103965  2726 0x55de0d435320 DEBUG   GST_POLL gstpoll.c:980:gst_poll_fd_ctl_write: 0x55de0d459930: fd (fd:0, idx:1), active : 1
0:00:00.021654528  2725 0x55747945d320 TRACE   structure gststructure.c:287:gst_structure_new_id_empty_with_size: created structure 0x55747948f180
0:00:00.017116923  2726 0x55de0d435320 LOG   GST_POLL gstpoll.c:994:gst_poll_fd_ctl_write: 0x55de0d459930: pfd->events now 60 (POLLOUT:4)
0:00:00.021664153  2725 0x55747945d320 DEBUG   structure gststructure.c:2203:gst_structure_parse_field: trying field name 'long-name'
0:00:00.017124357  2726 0x55de0d435320 DEBUG   GST_POLL gstpoll.c:980:gst_poll_fd_ctl_write: 0x55de0d459930: fd (fd:0, idx:1), active : 1
0:00:00.021671207  2725 0x55747945d320 DEBUG   default gstvalue.c:2676:_priv_gst_value_parse_value: trying type name 'string'
0:00:00.017131173  2726 0x55de0d435320 LOG   GST_POLL gstpoll.c:994:gst_poll_fd_ctl_write: 0x55de0d459930: pfd->events now 60 (POLLOUT:4)
0:00:00.021679002  2725 0x55747945d320 DEBUG   structure gststructure.c:2203:gst_structure_parse_field: trying field name 'klass'
0:00:00.017138434  2726 0x55de0d435320 DEBUG   GST_POLL gstpoll.c:980:gst_poll_fd_ctl_write: 0x55de0d459930: fd (fd:0, idx:1), active : 1
0:00:00.021685744  2725 0x55747945d320 DEBUG   default gstvalue.c:2676:_priv_gst_value_parse_value: trying type name 'string'
0:00:00.017145325  2726 0x55de0d435320 LOG   GST_POLL gstpoll.c:994:gst_poll_fd_ctl_write: 0x55de0d459930: pfd->events now 60 (POLLOUT:4)
0:00:00.021693478  2725 0x55747945d320 DEBUG   structure gststructure.c:2203:gst_structure_parse_field: trying field name 'description'
0:00:00.017152530  2726 0x55de0d435320 DEBUG   GST_POLL gstpoll.c:980:gst_poll_fd_ctl_write: 0x55de0d459930: fd (fd:0, idx:1), active : 1
0:00:00.021699939  2725 0x55747945d320 DEBUG   default gstvalue.c:2676:_priv_gst_value_parse_value: trying type name 'string'
0:00:00.017159241  2726 0x55de0d435320 LOG   GST_POLL gstpoll.c:994:gst_poll_fd_ctl_write: 0x55de0d459930: pfd->events now 60 (POLLOUT:4)
0:00:00.021707345  2725 0x55747945d320 DEBUG   structure gststructure.c:2203:gst_structure_parse_field: trying field name 'author'
0:00:00.017166424  2726 0x55de0d435320 DEBUG   GST_POLL gstpoll.c:980:gst_poll_fd_ctl_write: 0x55de0d459930: fd (fd:0, idx:1), active : 1
0:00:00.021714027  2725 0x55747945d320 DEBUG   default gstvalue.c:2676:_priv_gst_value_parse_value: trying type name 'string'
0:00:00.017173522  2726 0x55de0d435320 LOG   GST_POLL gstpoll.c:994:gst_poll_fd_ctl_write: 0x55de0d459930: pfd->events now 60 (POLLOUT:4)
0:00:00.017180782  2726 0x55de0d435320 DEBUG   GST_POLL gstpoll.c:980:gst_poll_fd_ctl_write: 0x55de0d459930: fd (fd:0, idx:1), active : 1
0:00:00.021725941  2725 0x55747945d320 DEBUG   GST_REGISTRY gstregistrychunks.c:626:gst_registry_chunks_load_feature: Element factory : npadtemplates=1
0:00:00.017186897  2726 0x55de0d435320 LOG   GST_POLL gstpoll.c:994:gst_poll_fd_ctl_write: 0x55de0d459930: pfd->events now 60 (POLLOUT:4)
0:00:00.021737809  2725 0x55747945d320 DEBUG   GST_REGISTRY gstregistrychunks.c:526:gst_registry_chunks_load_pad_template: Reading/casting for GstRegistryChunkPadTemplate at address 0x557479484930
0:00:00.017195486  2726 0x55de0d435320 DEBUG   GST_POLL gstpoll.c:980:gst_poll_fd_ctl_write: 0x55de0d459930: fd (fd:0, idx:1), active : 1
0:00:00.021749192  2725 0x55747945d320 DEBUG   GST_REGISTRY gstregistrychunks.c:539:gst_registry_chunks_load_pad_template: Added pad_template sink
0:00:00.017206398  2726 0x55de0d435320 LOG   GST_POLL gstpoll.c:994:gst_poll_fd_ctl_write: 0x55de0d459930: pfd->events now 60 (POLLOUT:4)
0:00:00.021757828  2725 0x55747945d320 DEBUG   GST_REGISTRY gstregistry.c:590:gst_registry_add_feature: adding feature 0x55747948ef50 (fakesink)
0:00:00.017213629  2726 0x55de0d435320 DEBUG   GST_POLL gstpoll.c:980:gst_poll_fd_ctl_write: 0x55de0d459930: fd (fd:0, idx:1), active : 1
0:00:00.021764690  2725 0x55747945d320 DEBUG   GST_REFCOUNTING gstobject.c:709:gst_object_set_parent: set parent (ref and sink)
0:00:00.017221711  2726 0x55de0d435320 LOG   GST_POLL gstpoll.c:994:gst_poll_fd_ctl_write: 0x55de0d459930: pfd->events now 60 (POLLOUT:4)
0:00:00.021772680  2725 0x55747945d320 TRACE   GST_REFCOUNTING gstobject.c:294:gst_object_ref_sink: 0x55747948ef50 ref_sink 1->2
0:00:00.017234690  2726 0x55de0d435320 DEBUG   GST_POLL gstpoll.c:980:gst_poll_fd_ctl_write: 0x55de0d459930: fd (fd:0, idx:1), active : 1
0:00:00.021781692  2725 0x55747945d320 LOG   GST_REGISTRY gstregistry.c:608:gst_registry_add_feature: emitting feature-added for fakesink
0:00:00.017241700  2726 0x55de0d435320 LOG   GST_POLL gstpoll.c:994:gst_poll_fd_ctl_write: 0x55de0d459930: pfd->events now 60 (POLLOUT:4)
