0:00:00.021790228  2725 0x55747945d320 DEBUG   GST_REGISTRY gstregistrychunks.c:741:gst_registry_chunks_load_feature: Added feature fakesink, plugin 0x557479485250 coreelements
0:00:00.017248975  2726 0x55de0d435320 DEBUG   GST_POLL gstpoll.c:980:gst_poll_fd_ctl_write: 0x55de0d459930: fd (fd:0, idx:1), active : 1
0:00:00.021797363  2725 0x55747945d320 DEBUG   GST_REGISTRY gstregistrychunks.c:583:gst_registry_chunks_load_feature: Plugin 'coreelements' feature 'fakesrc' typename : 'GstElementFactory'
0:00:00.017255918  2726 0x55de0d435320 LOG   GST_POLL gstpoll.c:994:gst_poll_fd_ctl_write: 0x55de0d459930: pfd->events now 60 (POLLOUT:4)
0:00:00.021805338  2725 0x55747945d320 TRACE   GST_REFCOUNTING gstobject.c:208:gst_object_init: 0x55747948f4e0 new
0:00:00.017263022  2726 0x55de0d435320 DEBUG   GST_POLL gstpoll.c:980:gst_poll_fd_ctl_write: 0x55de0d459930: fd (fd:0, idx:1), active : 1
0:00:00.021813734  2725 0x55747945d320 LOG   GST_REGISTRY gstregistrychunks.c:610:gst_registry_chunks_load_feature: Reading/casting for GstRegistryChunkElementFactory at address 0x557479484960
0:00:00.017269703  2726 0x55de0d435320 LOG   GST_POLL gstpoll.c:994:gst_poll_fd_ctl_write: 0x55de0d459930: pfd->events now 60 (POLLOUT:4)
0:00:00.021820612  2725 0x55747945d320 TRACE   structure gststructure.c:287:gst_structure_new_id_empty_with_size: created structure 0x55747948f5d0
0:00:00.017277825  2726 0x55de0d435320 DEBUG   GST_POLL gstpoll.c:980:gst_poll_fd_ctl_write: 0x55de0d459930: fd (fd:0, idx:1), active : 1
0:00:00.021827079  2725 0x55747945d320 DEBUG   structure gststructure.c:2203:gst_structure_parse_field: trying field name 'long-name'
0:00:00.017284494  2726 0x55de0d435320 LOG   GST_POLL gstpoll.c:994:gst_poll_fd_ctl_write: 0x55de0d459930: pfd->events now 60 (POLLOUT:4)
0:00:00.021837527  2725 0x55747945d320 DEBUG   default gstvalue.c:2676:_priv_gst_value_parse_value: trying type name 'string'
0:00:00.017295550  2726 0x55de0d435320 DEBUG   GST_POLL gstpoll.c:980:gst_poll_fd_ctl_write: 0x55de0d459930: fd (fd:0, idx:1), active : 1
0:00:00.021845029  2725 0x55747945d320 DEBUG   structure gststructure.c:2203:gst_structure_parse_field: trying field name 'klass'
0:00:00.017302586  2726 0x55de0d435320 LOG   GST_POLL gstpoll.c:994:gst_poll_fd_ctl_write: 0x55de0d459930: pfd->events now 60 (POLLOUT:4)
0:00:00.021851789  2725 0x55747945d320 DEBUG   default gstvalue.c:2676:_priv_gst_value_parse_value: trying type name 'string'
0:00:00.017310241  2726 0x55de0d435320 DEBUG   GST_POLL gstpoll.c:980:gst_poll_fd_ctl_write: 0x55de0d459930: fd (fd:0, idx:1), active : 1
0:00:00.021859118  2725 0x55747945d320 DEBUG   structure gststructure.c:2203:gst_structure_parse_field: trying field name 'description'
0:00:00.017317115  2726 0x55de0d435320 LOG   GST_POLL gstpoll.c:994:gst_poll_fd_ctl_write: 0x55de0d459930: pfd->events now 60 (POLLOUT:4)
0:00:00.021865538  2725 0x55747945d320 DEBUG   default gstvalue.c:2676:_priv_gst_value_parse_value: trying type name 'string'
0:00:00.017324291  2726 0x55de0d435320 DEBUG   GST_POLL gstpoll.c:980:gst_poll_fd_ctl_write: 0x55de0d459930: fd (fd:0, idx:1), active : 1
0:00:00.021873197  2725 0x55747945d320 DEBUG   structure gststructure.c:2203:gst_structure_parse_field: trying field name 'author'
0:00:00.017331245  2726 0x55de0d435320 LOG   GST_POLL gstpoll.c:994:gst_poll_fd_ctl_write: 0x55de0d459930: pfd->events now 60 (POLLOUT:4)
0:00:00.021879521  2725 0x55747945d320 DEBUG   default gstvalue.c:2676:_priv_gst_value_parse_value: trying type name 'string'
0:00:00.017338296  2726 0x55de0d435320 DEBUG   GST_POLL gstpoll.c:980:gst_poll_fd_ctl_write: 0x55de0d459930: fd (fd:0, idx:1), active : 1
0:00:00.021887824  2725 0x55747945d320 DEBUG   GST_REGISTRY gstregistrychunks.c:626:gst_registry_chunks_load_feature: Element factory : npadtemplates=1
0:00:00.017345117  2726 0x55de0d435320 LOG   GST_POLL gstpoll.c:994:gst_poll_fd_ctl_write: 0x55de0d459930: pfd->events now 60 (POLLOUT:4)
0:00:00.021894188  2725 0x55747945d320 DEBUG   GST_REGISTRY gstregistrychunks.c:526:gst_registry_chunks_load_pad_template: Reading/casting for GstRegistryChunkPadTemplate at address 0x557479484a60
0:00:00.017352696  2726 0x55de0d435320 DEBUG   GST_POLL gstpoll.c:980:gst_poll_fd_ctl_write: 0x55de0d459930: fd (fd:0, idx:1), active : 1
0:00:00.021901189  2725 0x55747945d320 DEBUG   GST_REGISTRY gstregistrychunks.c:539:gst_registry_chunks_load_pad_template: Added pad_template src
0:00:00.017359581  2726 0x55de0d435320 LOG   GST_POLL gstpoll.c:994:gst_poll_fd_ctl_write: 0x55de0d459930: pfd->events now 60 (POLLOUT:4)
0:00:00.021909422  2725 0x55747945d320 DEBUG   GST_REGISTRY gstregistry.c:590:gst_registry_add_feature: adding feature 0x55747948f4e0 (fakesrc)
0:00:00.017366776  2726 0x55de0d435320 DEBUG   GST_POLL gstpoll.c:980:gst_poll_fd_ctl_write: 0x55de0d459930: fd (fd:0, idx:1), active : 1
0:00:00.021920829  2725 0x55747945d320 DEBUG   GST_REFCOUNTING gstobject.c:709:gst_object_set_parent: set parent (ref and sink)
0:00:00.017378144  2726 0x55de0d435320 LOG   GST_POLL gstpoll.c:994:gst_poll_fd_ctl_write: 0x55de0d459930: pfd->events now 60 (POLLOUT:4)
0:00:00.021928808  2725 0x55747945d320 TRACE   GST_REFCOUNTING gstobject.c:294:gst_object_ref_sink: 0x55747948f4e0 ref_sink 1->2
0:00:00.017385613  2726 0x55de0d435320 DEBUG   GST_POLL gstpoll.c:980:gst_poll_fd_ctl_write: 0x55de0d459930: fd (fd:0, idx:1), active : 1
0:00:00.021936072  2725 0x55747945d320 LOG   GST_REGISTRY gstregistry.c:608:gst_registry_add_feature: emitting feature-added for fakesrc
0:00:00.017393044  2726 0x55de0d435320 LOG   GST_POLL gstpoll.c:994:gst_poll_fd_ctl_write: 0x55de0d459930: pfd->events now 60 (POLLOUT:4)
0:00:00.021944295  2725 0x55747945d320 DEBUG   GST_REGISTRY gstregistrychunks.c:741:gst_registry_chunks_load_feature: Added feature fakesrc, plugin 0x557479485250 coreelements
0:00:00.017401189  2726 0x55de0d435320 DEBUG   GST_POLL gstpoll.c:980:gst_poll_fd_ctl_write: 0x55de0d459930: fd (fd:0, idx:1), active : 1
0:00:00.021951603  2725 0x55747945d320 DEBUG   GST_REGISTRY gstregistrychunks.c:583:gst_registry_chunks_load_feature: Plugin 'coreelements' feature 'downloadbuffer' typename : 'GstElementFactory'
0:00:00.017408228  2726 0x55de0d435320 LOG   GST_POLL gstpoll.c:994:gst_poll_fd_ctl_write: 0x55de0d459930: pfd->events now 60 (POLLOUT:4)
0:00:00.021960086  2725 0x55747945d320 TRACE   GST_REFCOUNTING gstobject.c:208:gst_object_init: 0x55747948fa20 new
0:00:00.017416380  2726 0x55de0d435320 DEBUG   GST_POLL gstpoll.c:980:gst_poll_fd_ctl_write: 0x55de0d459930: fd (fd:0, idx:1), active : 1
0:00:00.021969092  2725 0x55747945d320 LOG   GST_REGISTRY gstregistrychunks.c:610:gst_registry_chunks_load_feature: Reading/casting for GstRegistryChunkElementFactory at address 0x557479484a98
0:00:00.017425395  2726 0x55de0d435320 LOG   GST_POLL gstpoll.c:994:gst_poll_fd_ctl_write: 0x55de0d459930: pfd->events now 60 (POLLOUT:4)
0:00:00.021976263  2725 0x55747945d320 TRACE   structure gststructure.c:287:gst_structure_new_id_empty_with_size: created structure 0x55747948fd20
0:00:00.017433661  2726 0x55de0d435320 DEBUG   GST_POLL gstpoll.c:980:gst_poll_fd_ctl_write: 0x55de0d459930: fd (fd:0, idx:1), active : 1
0:00:00.021983748  2725 0x55747945d320 DEBUG   structure gststructure.c:2203:gst_structure_parse_field: trying field name 'long-name'
0:00:00.017441599  2726 0x55de0d435320 LOG   GST_POLL gstpoll.c:994:gst_poll_fd_ctl_write: 0x55de0d459930: pfd->events now 60 (POLLOUT:4)
0:00:00.021990234  2725 0x55747945d320 DEBUG   default gstvalue.c:2676:_priv_gst_value_parse_value: trying type name 'string'
0:00:00.017449225  2726 0x55de0d435320 DEBUG   GST_POLL gstpoll.c:980:gst_poll_fd_ctl_write: 0x55de0d459930: fd (fd:0, idx:1), active : 1
0:00:00.021998426  2725 0x55747945d320 DEBUG   structure gststructure.c:2203:gst_structure_parse_field: trying field name 'klass'
0:00:00.017456606  2726 0x55de0d435320 LOG   GST_POLL gstpoll.c:994:gst_poll_fd_ctl_write: 0x55de0d459930: pfd->events now 60 (POLLOUT:4)
0:00:00.022009607  2725 0x55747945d320 DEBUG   default gstvalue.c:2676:_priv_gst_value_parse_value: trying type name 'string'
0:00:00.017467427  2726 0x55de0d435320 DEBUG   GST_POLL gstpoll.c:980:gst_poll_fd_ctl_write: 0x55de0d459930: fd (fd:0, idx:1), active : 1
0:00:00.022017241  2725 0x55747945d320 DEBUG   structure gststructure.c:2203:gst_structure_parse_field: trying field name 'description'
0:00:00.017474526  2726 0x55de0d435320 LOG   GST_POLL gstpoll.c:994:gst_poll_fd_ctl_write: 0x55de0d459930: pfd->events now 60 (POLLOUT:4)
0:00:00.022024082  2725 0x55747945d320 DEBUG   default gstvalue.c:2676:_priv_gst_value_parse_value: trying type name 'string'
0:00:00.017481935  2726 0x55de0d435320 DEBUG   GST_POLL gstpoll.c:980:gst_poll_fd_ctl_write: 0x55de0d459930: fd (fd:0, idx:1), active : 1
0:00:00.022031681  2725 0x55747945d320 DEBUG   structure gststructure.c:2203:gst_structure_parse_field: trying field name 'author'
0:00:00.017489095  2726 0x55de0d435320 LOG   GST_POLL gstpoll.c:994:gst_poll_fd_ctl_write: 0x55de0d459930: pfd->events now 60 (POLLOUT:4)
0:00:00.022039023  2725 0x55747945d320 DEBUG   default gstvalue.c:2676:_priv_gst_value_parse_value: trying type name 'string'
0:00:00.017496628  2726 0x55de0d435320 DEBUG   GST_POLL gstpoll.c:980:gst_poll_fd_ctl_write: 0x55de0d459930: fd (fd:0, idx:1), active : 1
0:00:00.022046721  2725 0x55747945d320 DEBUG   GST_REGISTRY gstregistrychunks.c:626:gst_registry_chunks_load_feature: Element factory : npadtemplates=2
0:00:00.017503606  2726 0x55de0d435320 LOG   GST_POLL gstpoll.c:994:gst_poll_fd_ctl_write: 0x55de0d459930: pfd->events now 60 (POLLOUT:4)
0:00:00.017511363  2726 0x55de0d435320 DEBUG   GST_POLL gstpoll.c:980:gst_poll_fd_ctl_write: 0x55de0d459930: fd (fd:0, idx:1), active : 1
0:00:00.022056798  2725 0x55747945d320 DEBUG   GST_REGISTRY gstregistrychunks.c:526:gst_registry_chunks_load_pad_template: Reading/casting for GstRegistryChunkPadTemplate at address 0x557479484b60
0:00:00.017517985  2726 0x55de0d435320 LOG   GST_POLL gstpoll.c:994:gst_poll_fd_ctl_write: 0x55de0d459930: pfd->events now 60 (POLLOUT:4)
0:00:00.022065550  2725 0x55747945d320 DEBUG   GST_REGISTRY gstregistrychunks.c:539:gst_registry_chunks_load_pad_template: Added pad_template sink
0:00:00.017525181  2726 0x55de0d435320 DEBUG   GST_POLL gstpoll.c:980:gst_poll_fd_ctl_write: 0x55de0d459930: fd (fd:0, idx:1), active : 1
0:00:00.022072258  2725 0x55747945d320 DEBUG   GST_REGISTRY gstregistrychunks.c:526:gst_registry_chunks_load_pad_template: Reading/casting for GstRegistryChunkPadTemplate at address 0x557479484b78
0:00:00.017532072  2726 0x55de0d435320 LOG   GST_POLL gstpoll.c:994:gst_poll_fd_ctl_write: 0x55de0d459930: pfd->events now 60 (POLLOUT:4)
0:00:00.022079570  2725 0x55747945d320 DEBUG   GST_REGISTRY gstregistrychunks.c:539:gst_registry_chunks_load_pad_template: Added pad_template src
0:00:00.017539610  2726 0x55de0d435320 LOG   GST_PLUGIN_LOADING gstpluginloader.c:646:put_chunk: Expanding tx buf from 13209 to 17023 for chunk of size 229
0:00:00.022088269  2725 0x55747945d320 DEBUG   GST_REGISTRY gstregistry.c:590:gst_registry_add_feature: adding feature 0x55747948fa20 (downloadbuffer)
0:00:00.022104593  2725 0x55747945d320 DEBUG   GST_REFCOUNTING gstobject.c:709:gst_object_set_parent: set parent (ref and sink)
0:00:00.017560516  2726 0x55de0d435320 DEBUG   GST_POLL gstpoll.c:980:gst_poll_fd_ctl_write: 0x55de0d459930: fd (fd:0, idx:1), active : 1
0:00:00.022112723  2725 0x55747945d320 TRACE   GST_REFCOUNTING gstobject.c:294:gst_object_ref_sink: 0x55747948fa20 ref_sink 1->2
0:00:00.017569306  2726 0x55de0d435320 LOG   GST_POLL gstpoll.c:994:gst_poll_fd_ctl_write: 0x55de0d459930: pfd->events now 60 (POLLOUT:4)
0:00:00.022120060  2725 0x55747945d320 LOG   GST_REGISTRY gstregistry.c:608:gst_registry_add_feature: emitting feature-added for downloadbuffer
0:00:00.017577486  2726 0x55de0d435320 DEBUG   GST_POLL gstpoll.c:980:gst_poll_fd_ctl_write: 0x55de0d459930: fd (fd:0, idx:1), active : 1
0:00:00.022127689  2725 0x55747945d320 DEBUG   GST_REGISTRY gstregistrychunks.c:741:gst_registry_chunks_load_feature: Added feature downloadbuffer, plugin 0x557479485250 coreelements
0:00:00.017584456  2726 0x55de0d435320 LOG   GST_POLL gstpoll.c:994:gst_poll_fd_ctl_write: 0x55de0d459930: pfd->events now 60 (POLLOUT:4)
0:00:00.022134837  2725 0x55747945d320 DEBUG   GST_REGISTRY gstregistrychunks.c:583:gst_registry_chunks_load_feature: Plugin 'coreelements' feature 'dataurisrc' typename : 'GstElementFactory'
0:00:00.017592192  2726 0x55de0d435320 DEBUG   GST_POLL gstpoll.c:980:gst_poll_fd_ctl_write: 0x55de0d459930: fd (fd:0, idx:1), active : 1
0:00:00.017608130  2726 0x55de0d435320 LOG   GST_POLL gstpoll.c:994:gst_poll_fd_ctl_write: 0x55de0d459930: pfd->events now 60 (POLLOUT:4)
0:00:00.022152886  2725 0x55747945d320 TRACE   GST_REFCOUNTING gstobject.c:208:gst_object_init: 0x557479490200 new
0:00:00.017616653  2726 0x55de0d435320 DEBUG   GST_POLL gstpoll.c:980:gst_poll_fd_ctl_write: 0x55de0d459930: fd (fd:0, idx:1), active : 1
0:00:00.022165862  2725 0x55747945d320 LOG   GST_REGISTRY gstregistrychunks.c:610:gst_registry_chunks_load_feature: Reading/casting for GstRegistryChunkElementFactory at address 0x557479484ba8
0:00:00.017623916  2726 0x55de0d435320 LOG   GST_POLL gstpoll.c:994:gst_poll_fd_ctl_write: 0x55de0d459930: pfd->events now 60 (POLLOUT:4)
0:00:00.022173361  2725 0x55747945d320 TRACE   structure gststructure.c:287:gst_structure_new_id_empty_with_size: created structure 0x557479490510
0:00:00.017631085  2726 0x55de0d435320 DEBUG   GST_POLL gstpoll.c:980:gst_poll_fd_ctl_write: 0x55de0d459930: fd (fd:0, idx:1), active : 1
0:00:00.022180282  2725 0x55747945d320 DEBUG   structure gststructure.c:2203:gst_structure_parse_field: trying field name 'long-name'
0:00:00.017637702  2726 0x55de0d435320 LOG   GST_POLL gstpoll.c:994:gst_poll_fd_ctl_write: 0x55de0d459930: pfd->events now 60 (POLLOUT:4)
0:00:00.022186886  2725 0x55747945d320 DEBUG   default gstvalue.c:2676:_priv_gst_value_parse_value: trying type name 'string'
0:00:00.017645201  2726 0x55de0d435320 DEBUG   GST_POLL gstpoll.c:980:gst_poll_fd_ctl_write: 0x55de0d459930: fd (fd:0, idx:1), active : 1
0:00:00.022194680  2725 0x55747945d320 DEBUG   structure gststructure.c:2203:gst_structure_parse_field: trying field name 'klass'
0:00:00.017656987  2726 0x55de0d435320 LOG   GST_POLL gstpoll.c:994:gst_poll_fd_ctl_write: 0x55de0d459930: pfd->events now 60 (POLLOUT:4)
0:00:00.022204262  2725 0x55747945d320 DEBUG   default gstvalue.c:2676:_priv_gst_value_parse_value: trying type name 'string'
0:00:00.017664458  2726 0x55de0d435320 DEBUG   GST_POLL gstpoll.c:980:gst_poll_fd_ctl_write: 0x55de0d459930: fd (fd:0, idx:1), active : 1
0:00:00.022212159  2725 0x55747945d320 DEBUG   structure gststructure.c:2203:gst_structure_parse_field: trying field name 'description'
0:00:00.017671098  2726 0x55de0d435320 LOG   GST_POLL gstpoll.c:994:gst_poll_fd_ctl_write: 0x55de0d459930: pfd->events now 60 (POLLOUT:4)
0:00:00.022218933  2725 0x55747945d320 DEBUG   default gstvalue.c:2676:_priv_gst_value_parse_value: trying type name 'string'
0:00:00.017678211  2726 0x55de0d435320 DEBUG   GST_POLL gstpoll.c:980:gst_poll_fd_ctl_write: 0x55de0d459930: fd (fd:0, idx:1), active : 1
0:00:00.022226447  2725 0x55747945d320 DEBUG   structure gststructure.c:2203:gst_structure_parse_field: trying field name 'author'
0:00:00.017685165  2726 0x55de0d435320 LOG   GST_POLL gstpoll.c:994:gst_poll_fd_ctl_write: 0x55de0d459930: pfd->events now 60 (POLLOUT:4)
0:00:00.022235567  2725 0x55747945d320 DEBUG   default gstvalue.c:2676:_priv_gst_value_parse_value: trying type name 'string'
0:00:00.017693448  2726 0x55de0d435320 DEBUG   GST_POLL gstpoll.c:980:gst_poll_fd_ctl_write: 0x55de0d459930: fd (fd:0, idx:1), active : 1
0:00:00.022244657  2725 0x55747945d320 DEBUG   GST_REGISTRY gstregistrychunks.c:626:gst_registry_chunks_load_feature: Element factory : npadtemplates=1
0:00:00.017700210  2726 0x55de0d435320 LOG   GST_POLL gstpoll.c:994:gst_poll_fd_ctl_write: 0x55de0d459930: pfd->events now 60 (POLLOUT:4)
0:00:00.022251321  2725 0x55747945d320 DEBUG   GST_REGISTRY gstregistrychunks.c:526:gst_registry_chunks_load_pad_template: Reading/casting for GstRegistryChunkPadTemplate at address 0x557479484cc0
0:00:00.017709053  2726 0x55de0d435320 DEBUG   GST_POLL gstpoll.c:980:gst_poll_fd_ctl_write: 0x55de0d459930: fd (fd:0, idx:1), active : 1
0:00:00.022258140  2725 0x55747945d320 DEBUG   GST_REGISTRY gstregistrychunks.c:539:gst_registry_chunks_load_pad_template: Added pad_template src
0:00:00.017715772  2726 0x55de0d435320 LOG   GST_POLL gstpoll.c:994:gst_poll_fd_ctl_write: 0x55de0d459930: pfd->events now 60 (POLLOUT:4)
0:00:00.022265070  2725 0x55747945d320 DEBUG   GST_REGISTRY gstregistrychunks.c:639:gst_registry_chunks_load_feature: Reading 1 UriTypes at address 0x557479484cd0
0:00:00.017722706  2726 0x55de0d435320 DEBUG   GST_POLL gstpoll.c:980:gst_poll_fd_ctl_write: 0x55de0d459930: fd (fd:0, idx:1), active : 1
0:00:00.022272565  2725 0x55747945d320 DEBUG   GST_REGISTRY gstregistrychunks.c:654:gst_registry_chunks_load_feature: Reading 1 Interfaces at address 0x557479484cd9
0:00:00.017729608  2726 0x55de0d435320 LOG   GST_POLL gstpoll.c:994:gst_poll_fd_ctl_write: 0x55de0d459930: pfd->events now 60 (POLLOUT:4)
0:00:00.022281893  2725 0x55747945d320 DEBUG   GST_REGISTRY gstregistry.c:590:gst_registry_add_feature: adding feature 0x557479490200 (dataurisrc)
0:00:00.017741557  2726 0x55de0d435320 DEBUG   GST_POLL gstpoll.c:980:gst_poll_fd_ctl_write: 0x55de0d459930: fd (fd:0, idx:1), active : 1
0:00:00.022288956  2725 0x55747945d320 DEBUG   GST_REFCOUNTING gstobject.c:709:gst_object_set_parent: set parent (ref and sink)
0:00:00.017748921  2726 0x55de0d435320 LOG   GST_POLL gstpoll.c:994:gst_poll_fd_ctl_write: 0x55de0d459930: pfd->events now 60 (POLLOUT:4)
0:00:00.022297071  2725 0x55747945d320 TRACE   GST_REFCOUNTING gstobject.c:294:gst_object_ref_sink: 0x557479490200 ref_sink 1->2
0:00:00.017755904  2726 0x55de0d435320 DEBUG   GST_POLL gstpoll.c:980:gst_poll_fd_ctl_write: 0x55de0d459930: fd (fd:0, idx:1), active : 1
0:00:00.022304696  2725 0x55747945d320 LOG   GST_REGISTRY gstregistry.c:608:gst_registry_add_feature: emitting feature-added for dataurisrc
0:00:00.017762755  2726 0x55de0d435320 LOG   GST_POLL gstpoll.c:994:gst_poll_fd_ctl_write: 0x55de0d459930: pfd->events now 60 (POLLOUT:4)
0:00:00.022313109  2725 0x55747945d320 DEBUG   GST_REGISTRY gstregistrychunks.c:741:gst_registry_chunks_load_feature: Added feature dataurisrc, plugin 0x557479485250 coreelements
0:00:00.017770131  2726 0x55de0d435320 DEBUG   GST_POLL gstpoll.c:980:gst_poll_fd_ctl_write: 0x55de0d459930: fd (fd:0, idx:1), active : 1
0:00:00.022320460  2725 0x55747945d320 DEBUG   GST_REGISTRY gstregistrychunks.c:583:gst_registry_chunks_load_feature: Plugin 'coreelements' feature 'concat' typename : 'GstElementFactory'
0:00:00.017776974  2726 0x55de0d435320 LOG   GST_POLL gstpoll.c:994:gst_poll_fd_ctl_write: 0x55de0d459930: pfd->events now 60 (POLLOUT:4)
0:00:00.022328910  2725 0x55747945d320 TRACE   GST_REFCOUNTING gstobject.c:208:gst_object_init: 0x557479490c50 new
0:00:00.017784545  2726 0x55de0d435320 DEBUG   GST_POLL gstpoll.c:980:gst_poll_fd_ctl_write: 0x55de0d459930: fd (fd:0, idx:1), active : 1
0:00:00.022337746  2725 0x55747945d320 LOG   GST_REGISTRY gstregistrychunks.c:610:gst_registry_chunks_load_feature: Reading/casting for GstRegistryChunkElementFactory at address 0x557479484d00
0:00:00.017793866  2726 0x55de0d435320 LOG   GST_POLL gstpoll.c:994:gst_poll_fd_ctl_write: 0x55de0d459930: pfd->events now 60 (POLLOUT:4)
0:00:00.022344949  2725 0x55747945d320 TRACE   structure gststructure.c:287:gst_structure_new_id_empty_with_size: created structure 0x557479490e80
0:00:00.017802312  2726 0x55de0d435320 DEBUG   GST_POLL gstpoll.c:980:gst_poll_fd_ctl_write: 0x55de0d459930: fd (fd:0, idx:1), active : 1
0:00:00.022351847  2725 0x55747945d320 DEBUG   structure gststructure.c:2203:gst_structure_parse_field: trying field name 'long-name'
0:00:00.017808951  2726 0x55de0d435320 LOG   GST_POLL gstpoll.c:994:gst_poll_fd_ctl_write: 0x55de0d459930: pfd->events now 60 (POLLOUT:4)
0:00:00.022358052  2725 0x55747945d320 DEBUG   default gstvalue.c:2676:_priv_gst_value_parse_value: trying type name 'string'
0:00:00.017816163  2726 0x55de0d435320 DEBUG   GST_POLL gstpoll.c:980:gst_poll_fd_ctl_write: 0x55de0d459930: fd (fd:0, idx:1), active : 1
0:00:00.022371193  2725 0x55747945d320 DEBUG   structure gststructure.c:2203:gst_structure_parse_field: trying field name 'klass'
0:00:00.017828162  2726 0x55de0d435320 LOG   GST_POLL gstpoll.c:994:gst_poll_fd_ctl_write: 0x55de0d459930: pfd->events now 60 (POLLOUT:4)
0:00:00.022378036  2725 0x55747945d320 DEBUG   default gstvalue.c:2676:_priv_gst_value_parse_value: trying type name 'string'
0:00:00.017835938  2726 0x55de0d435320 DEBUG   GST_POLL gstpoll.c:980:gst_poll_fd_ctl_write: 0x55de0d459930: fd (fd:0, idx:1), active : 1
0:00:00.022385110  2725 0x55747945d320 DEBUG   structure gststructure.c:2203:gst_structure_parse_field: trying field name 'description'
0:00:00.017842974  2726 0x55de0d435320 LOG   GST_POLL gstpoll.c:994:gst_poll_fd_ctl_write: 0x55de0d459930: pfd->events now 60 (POLLOUT:4)
0:00:00.022391680  2725 0x55747945d320 DEBUG   default gstvalue.c:2676:_priv_gst_value_parse_value: trying type name 'string'
0:00:00.017850576  2726 0x55de0d435320 DEBUG   GST_POLL gstpoll.c:980:gst_poll_fd_ctl_write: 0x55de0d459930: fd (fd:0, idx:1), active : 1
0:00:00.017857766  2726 0x55de0d435320 LOG   GST_POLL gstpoll.c:994:gst_poll_fd_ctl_write: 0x55de0d459930: pfd->events now 60 (POLLOUT:4)
0:00:00.022403374  2725 0x55747945d320 DEBUG   structure gststructure.c:2203:gst_structure_parse_field: trying field name 'author'
0:00:00.017864565  2726 0x55de0d435320 DEBUG   GST_POLL gstpoll.c:980:gst_poll_fd_ctl_write: 0x55de0d459930: fd (fd:0, idx:1), active : 1
0:00:00.022412102  2725 0x55747945d320 DEBUG   default gstvalue.c:2676:_priv_gst_value_parse_value: trying type name 'string'
0:00:00.017872009  2726 0x55de0d435320 LOG   GST_POLL gstpoll.c:994:gst_poll_fd_ctl_write: 0x55de0d459930: pfd->events now 60 (POLLOUT:4)
0:00:00.022420620  2725 0x55747945d320 DEBUG   GST_REGISTRY gstregistrychunks.c:626:gst_registry_chunks_load_feature: Element factory : npadtemplates=2
0:00:00.017880011  2726 0x55de0d435320 DEBUG   GST_POLL gstpoll.c:980:gst_poll_fd_ctl_write: 0x55de0d459930: fd (fd:0, idx:1), active : 1
0:00:00.022427249  2725 0x55747945d320 DEBUG   GST_REGISTRY gstregistrychunks.c:526:gst_registry_chunks_load_pad_template: Reading/casting for GstRegistryChunkPadTemplate at address 0x557479484dd8
0:00:00.017886889  2726 0x55de0d435320 LOG   GST_POLL gstpoll.c:994:gst_poll_fd_ctl_write: 0x55de0d459930: pfd->events now 60 (POLLOUT:4)
0:00:00.022434609  2725 0x55747945d320 DEBUG   GST_REGISTRY gstregistrychunks.c:539:gst_registry_chunks_load_pad_template: Added pad_template src
0:00:00.017894313  2726 0x55de0d435320 DEBUG   GST_POLL gstpoll.c:980:gst_poll_fd_ctl_write: 0x55de0d459930: fd (fd:0, idx:1), active : 1
0:00:00.022441370  2725 0x55747945d320 DEBUG   GST_REGISTRY gstregistrychunks.c:526:gst_registry_chunks_load_pad_template: Reading/casting for GstRegistryChunkPadTemplate at address 0x557479484de8
0:00:00.017901375  2726 0x55de0d435320 LOG   GST_POLL gstpoll.c:994:gst_poll_fd_ctl_write: 0x55de0d459930: pfd->events now 60 (POLLOUT:4)
0:00:00.022448832  2725 0x55747945d320 DEBUG   GST_REGISTRY gstregistrychunks.c:539:gst_registry_chunks_load_pad_template: Added pad_template sink_%u
0:00:00.017909246  2726 0x55de0d435320 DEBUG   GST_POLL gstpoll.c:980:gst_poll_fd_ctl_write: 0x55de0d459930: fd (fd:0, idx:1), active : 1
0:00:00.022463713  2725 0x55747945d320 DEBUG   GST_REGISTRY gstregistry.c:590:gst_registry_add_feature: adding feature 0x557479490c50 (concat)
0:00:00.017919193  2726 0x55de0d435320 LOG   GST_POLL gstpoll.c:994:gst_poll_fd_ctl_write: 0x55de0d459930: pfd->events now 60 (POLLOUT:4)
0:00:00.022470623  2725 0x55747945d320 DEBUG   GST_REFCOUNTING gstobject.c:709:gst_object_set_parent: set parent (ref and sink)
0:00:00.017928112  2726 0x55de0d435320 DEBUG   GST_POLL gstpoll.c:980:gst_poll_fd_ctl_write: 0x55de0d459930: fd (fd:0, idx:1), active : 1
0:00:00.022478807  2725 0x55747945d320 TRACE   GST_REFCOUNTING gstobject.c:294:gst_object_ref_sink: 0x557479490c50 ref_sink 1->2
0:00:00.017935140  2726 0x55de0d435320 LOG   GST_POLL gstpoll.c:994:gst_poll_fd_ctl_write: 0x55de0d459930: pfd->events now 60 (POLLOUT:4)
0:00:00.022486500  2725 0x55747945d320 LOG   GST_REGISTRY gstregistry.c:608:gst_registry_add_feature: emitting feature-added for concat
0:00:00.017943748  2726 0x55de0d435320 DEBUG   GST_POLL gstpoll.c:980:gst_poll_fd_ctl_write: 0x55de0d459930: fd (fd:0, idx:1), active : 1
0:00:00.022493955  2725 0x55747945d320 DEBUG   GST_REGISTRY gstregistrychunks.c:741:gst_registry_chunks_load_feature: Added feature concat, plugin 0x557479485250 coreelements
0:00:00.017950696  2726 0x55de0d435320 LOG   GST_POLL gstpoll.c:994:gst_poll_fd_ctl_write: 0x55de0d459930: pfd->events now 60 (POLLOUT:4)
0:00:00.022501458  2725 0x55747945d320 DEBUG   GST_REGISTRY gstregistrychunks.c:583:gst_registry_chunks_load_feature: Plugin 'coreelements' feature 'clocksync' typename : 'GstElementFactory'
0:00:00.017958342  2726 0x55de0d435320 DEBUG   GST_POLL gstpoll.c:980:gst_poll_fd_ctl_write: 0x55de0d459930: fd (fd:0, idx:1), active : 1
0:00:00.017965300  2726 0x55de0d435320 LOG   GST_POLL gstpoll.c:994:gst_poll_fd_ctl_write: 0x55de0d459930: pfd->events now 60 (POLLOUT:4)
0:00:00.022510148  2725 0x55747945d320 TRACE   GST_REFCOUNTING gstobject.c:208:gst_object_init: 0x557479490b00 new
0:00:00.017972555  2726 0x55de0d435320 DEBUG   GST_POLL gstpoll.c:980:gst_poll_fd_ctl_write: 0x55de0d459930: fd (fd:0, idx:1), active : 1
0:00:00.022521009  2725 0x55747945d320 LOG   GST_REGISTRY gstregistrychunks.c:610:gst_registry_chunks_load_feature: Reading/casting for GstRegistryChunkElementFactory at address 0x557479484e18
0:00:00.017979405  2726 0x55de0d435320 LOG   GST_POLL gstpoll.c:994:gst_poll_fd_ctl_write: 0x55de0d459930: pfd->events now 60 (POLLOUT:4)
0:00:00.022528159  2725 0x55747945d320 TRACE   structure gststructure.c:287:gst_structure_new_id_empty_with_size: created structure 0x557479491450
0:00:00.017986560  2726 0x55de0d435320 DEBUG   GST_POLL gstpoll.c:980:gst_poll_fd_ctl_write: 0x55de0d459930: fd (fd:0, idx:1), active : 1
0:00:00.022534672  2725 0x55747945d320 DEBUG   structure gststructure.c:2203:gst_structure_parse_field: trying field name 'long-name'
0:00:00.017993356  2726 0x55de0d435320 LOG   GST_POLL gstpoll.c:994:gst_poll_fd_ctl_write: 0x55de0d459930: pfd->events now 60 (POLLOUT:4)
0:00:00.022545735  2725 0x55747945d320 DEBUG   default gstvalue.c:2676:_priv_gst_value_parse_value: trying type name 'string'
0:00:00.018003846  2726 0x55de0d435320 DEBUG   GST_POLL gstpoll.c:980:gst_poll_fd_ctl_write: 0x55de0d459930: fd (fd:0, idx:1), active : 1
0:00:00.022553143  2725 0x55747945d320 DEBUG   structure gststructure.c:2203:gst_structure_parse_field: trying field name 'klass'
0:00:00.018010651  2726 0x55de0d435320 LOG   GST_POLL gstpoll.c:994:gst_poll_fd_ctl_write: 0x55de0d459930: pfd->events now 60 (POLLOUT:4)
0:00:00.022559684  2725 0x55747945d320 DEBUG   default gstvalue.c:2676:_priv_gst_value_parse_value: trying type name 'string'
0:00:00.018017775  2726 0x55de0d435320 DEBUG   GST_POLL gstpoll.c:980:gst_poll_fd_ctl_write: 0x55de0d459930: fd (fd:0, idx:1), active : 1
0:00:00.022567007  2725 0x55747945d320 DEBUG   structure gststructure.c:2203:gst_structure_parse_field: trying field name 'description'
0:00:00.018024544  2726 0x55de0d435320 LOG   GST_POLL gstpoll.c:994:gst_poll_fd_ctl_write: 0x55de0d459930: pfd->events now 60 (POLLOUT:4)
0:00:00.022573546  2725 0x55747945d320 DEBUG   default gstvalue.c:2676:_priv_gst_value_parse_value: trying type name 'string'
0:00:00.018031834  2726 0x55de0d435320 DEBUG   GST_POLL gstpoll.c:980:gst_poll_fd_ctl_write: 0x55de0d459930: fd (fd:0, idx:1), active : 1
0:00:00.022581106  2725 0x55747945d320 DEBUG   structure gststructure.c:2203:gst_structure_parse_field: trying field name 'author'
0:00:00.018038646  2726 0x55de0d435320 LOG   GST_POLL gstpoll.c:994:gst_poll_fd_ctl_write: 0x55de0d459930: pfd->events now 60 (POLLOUT:4)
0:00:00.022587602  2725 0x55747945d320 DEBUG   default gstvalue.c:2676:_priv_gst_value_parse_value: trying type name 'string'
0:00:00.018045977  2726 0x55de0d435320 DEBUG   GST_POLL gstpoll.c:980:gst_poll_fd_ctl_write: 0x55de0d459930: fd (fd:0, idx:1), active : 1
0:00:00.022594968  2725 0x55747945d320 DEBUG   GST_REGISTRY gstregistrychunks.c:626:gst_registry_chunks_load_feature: Element factory : npadtemplates=2
0:00:00.018052767  2726 0x55de0d435320 LOG   GST_POLL gstpoll.c:994:gst_poll_fd_ctl_write: 0x55de0d459930: pfd->events now 60 (POLLOUT:4)
0:00:00.022601830  2725 0x55747945d320 DEBUG   GST_REGISTRY gstregistrychunks.c:526:gst_registry_chunks_load_pad_template: Reading/casting for GstRegistryChunkPadTemplate at address 0x557479484ee8
0:00:00.018060309  2726 0x55de0d435320 DEBUG   GST_POLL gstpoll.c:980:gst_poll_fd_ctl_write: 0x55de0d459930: fd (fd:0, idx:1), active : 1
0:00:00.022608469  2725 0x55747945d320 DEBUG   GST_REGISTRY gstregistrychunks.c:539:gst_registry_chunks_load_pad_template: Added pad_template sink
0:00:00.018067032  2726 0x55de0d435320 LOG   GST_POLL gstpoll.c:994:gst_poll_fd_ctl_write: 0x55de0d459930: pfd->events now 60 (POLLOUT:4)
0:00:00.022614920  2725 0x55747945d320 DEBUG   GST_REGISTRY gstregistrychunks.c:526:gst_registry_chunks_load_pad_template: Reading/casting for GstRegistryChunkPadTemplate at address 0x557479484f00
0:00:00.018074266  2726 0x55de0d435320 DEBUG   GST_POLL gstpoll.c:980:gst_poll_fd_ctl_write: 0x55de0d459930: fd (fd:0, idx:1), active : 1
0:00:00.022625603  2725 0x55747945d320 DEBUG   GST_REGISTRY gstregistrychunks.c:539:gst_registry_chunks_load_pad_template: Added pad_template src
0:00:00.018082998  2726 0x55de0d435320 LOG   GST_POLL gstpoll.c:994:gst_poll_fd_ctl_write: 0x55de0d459930: pfd->events now 60 (POLLOUT:4)
0:00:00.022633654  2725 0x55747945d320 DEBUG   GST_REGISTRY gstregistry.c:590:gst_registry_add_feature: adding feature 0x557479490b00 (clocksync)
0:00:00.018090375  2726 0x55de0d435320 DEBUG   GST_POLL gstpoll.c:980:gst_poll_fd_ctl_write: 0x55de0d459930: fd (fd:0, idx:1), active : 1
0:00:00.022640267  2725 0x55747945d320 DEBUG   GST_REFCOUNTING gstobject.c:709:gst_object_set_parent: set parent (ref and sink)
0:00:00.018097417  2726 0x55de0d435320 LOG   GST_POLL gstpoll.c:994:gst_poll_fd_ctl_write: 0x55de0d459930: pfd->events now 60 (POLLOUT:4)
0:00:00.022647988  2725 0x55747945d320 TRACE   GST_REFCOUNTING gstobject.c:294:gst_object_ref_sink: 0x557479490b00 ref_sink 1->2
0:00:00.018105227  2726 0x55de0d435320 DEBUG   GST_POLL gstpoll.c:980:gst_poll_fd_ctl_write: 0x55de0d459930: fd (fd:0, idx:1), active : 1
0:00:00.022655376  2725 0x55747945d320 LOG   GST_REGISTRY gstregistry.c:608:gst_registry_add_feature: emitting feature-added for clocksync
0:00:00.018112109  2726 0x55de0d435320 LOG   GST_POLL gstpoll.c:994:gst_poll_fd_ctl_write: 0x55de0d459930: pfd->events now 60 (POLLOUT:4)
0:00:00.022662717  2725 0x55747945d320 DEBUG   GST_REGISTRY gstregistrychunks.c:741:gst_registry_chunks_load_feature: Added feature clocksync, plugin 0x557479485250 coreelements
0:00:00.018119664  2726 0x55de0d435320 DEBUG   GST_POLL gstpoll.c:980:gst_poll_fd_ctl_write: 0x55de0d459930: fd (fd:0, idx:1), active : 1
0:00:00.022669744  2725 0x55747945d320 DEBUG   GST_REGISTRY gstregistrychunks.c:583:gst_registry_chunks_load_feature: Plugin 'coreelements' feature 'capsfilter' typename : 'GstElementFactory'
0:00:00.018126309  2726 0x55de0d435320 LOG   GST_POLL gstpoll.c:994:gst_poll_fd_ctl_write: 0x55de0d459930: pfd->events now 60 (POLLOUT:4)
0:00:00.022678222  2725 0x55747945d320 TRACE   GST_REFCOUNTING gstobject.c:208:gst_object_init: 0x5574794919b0 new
0:00:00.018134269  2726 0x55de0d435320 DEBUG   GST_POLL gstpoll.c:980:gst_poll_fd_ctl_write: 0x55de0d459930: fd (fd:0, idx:1), active : 1
0:00:00.022686835  2725 0x55747945d320 LOG   GST_REGISTRY gstregistrychunks.c:610:gst_registry_chunks_load_feature: Reading/casting for GstRegistryChunkElementFactory at address 0x557479484f30
0:00:00.018143017  2726 0x55de0d435320 LOG   GST_POLL gstpoll.c:994:gst_poll_fd_ctl_write: 0x55de0d459930: pfd->events now 60 (POLLOUT:4)
0:00:00.022693940  2725 0x55747945d320 TRACE   structure gststructure.c:287:gst_structure_new_id_empty_with_size: created structure 0x557479491cc0
0:00:00.018151352  2726 0x55de0d435320 DEBUG   GST_POLL gstpoll.c:980:gst_poll_fd_ctl_write: 0x55de0d459930: fd (fd:0, idx:1), active : 1
0:00:00.022700572  2725 0x55747945d320 DEBUG   structure gststructure.c:2203:gst_structure_parse_field: trying field name 'long-name'
0:00:00.018158344  2726 0x55de0d435320 LOG   GST_POLL gstpoll.c:994:gst_poll_fd_ctl_write: 0x55de0d459930: pfd->events now 60 (POLLOUT:4)
0:00:00.022711857  2725 0x55747945d320 DEBUG   default gstvalue.c:2676:_priv_gst_value_parse_value: trying type name 'string'
0:00:00.018169953  2726 0x55de0d435320 DEBUG   GST_POLL gstpoll.c:980:gst_poll_fd_ctl_write: 0x55de0d459930: fd (fd:0, idx:1), active : 1
0:00:00.022719126  2725 0x55747945d320 DEBUG   structure gststructure.c:2203:gst_structure_parse_field: trying field name 'klass'
0:00:00.018176785  2726 0x55de0d435320 LOG   GST_POLL gstpoll.c:994:gst_poll_fd_ctl_write: 0x55de0d459930: pfd->events now 60 (POLLOUT:4)
0:00:00.018183912  2726 0x55de0d435320 DEBUG   GST_POLL gstpoll.c:980:gst_poll_fd_ctl_write: 0x55de0d459930: fd (fd:0, idx:1), active : 1
0:00:00.022725817  2725 0x55747945d320 DEBUG   default gstvalue.c:2676:_priv_gst_value_parse_value: trying type name 'string'
0:00:00.018190192  2726 0x55de0d435320 LOG   GST_POLL gstpoll.c:994:gst_poll_fd_ctl_write: 0x55de0d459930: pfd->events now 60 (POLLOUT:4)
0:00:00.022738847  2725 0x55747945d320 DEBUG   structure gststructure.c:2203:gst_structure_parse_field: trying field name 'description'
0:00:00.018197259  2726 0x55de0d435320 DEBUG   GST_POLL gstpoll.c:980:gst_poll_fd_ctl_write: 0x55de0d459930: fd (fd:0, idx:1), active : 1
0:00:00.022745153  2725 0x55747945d320 DEBUG   default gstvalue.c:2676:_priv_gst_value_parse_value: trying type name 'string'
0:00:00.018203845  2726 0x55de0d435320 LOG   GST_POLL gstpoll.c:994:gst_poll_fd_ctl_write: 0x55de0d459930: pfd->events now 60 (POLLOUT:4)
0:00:00.022752959  2725 0x55747945d320 DEBUG   structure gststructure.c:2203:gst_structure_parse_field: trying field name 'author'
0:00:00.018211121  2726 0x55de0d435320 DEBUG   GST_POLL gstpoll.c:980:gst_poll_fd_ctl_write: 0x55de0d459930: fd (fd:0, idx:1), active : 1
0:00:00.022759309  2725 0x55747945d320 DEBUG   default gstvalue.c:2676:_priv_gst_value_parse_value: trying type name 'string'
0:00:00.018217910  2726 0x55de0d435320 LOG   GST_POLL gstpoll.c:994:gst_poll_fd_ctl_write: 0x55de0d459930: pfd->events now 60 (POLLOUT:4)
0:00:00.022766769  2725 0x55747945d320 DEBUG   GST_REGISTRY gstregistrychunks.c:626:gst_registry_chunks_load_feature: Element factory : npadtemplates=2
0:00:00.022773618  2725 0x55747945d320 DEBUG   GST_REGISTRY gstregistrychunks.c:526:gst_registry_chunks_load_pad_template: Reading/casting for GstRegistryChunkPadTemplate at address 0x557479485010
0:00:00.018225168  2726 0x55de0d435320 DEBUG   GST_POLL gstpoll.c:980:gst_poll_fd_ctl_write: 0x55de0d459930: fd (fd:0, idx:1), active : 1
0:00:00.022779739  2725 0x55747945d320 DEBUG   GST_REGISTRY gstregistrychunks.c:539:gst_registry_chunks_load_pad_template: Added pad_template sink
0:00:00.018237026  2726 0x55de0d435320 LOG   GST_POLL gstpoll.c:994:gst_poll_fd_ctl_write: 0x55de0d459930: pfd->events now 60 (POLLOUT:4)
0:00:00.022786117  2725 0x55747945d320 DEBUG   GST_REGISTRY gstregistrychunks.c:526:gst_registry_chunks_load_pad_template: Reading/casting for GstRegistryChunkPadTemplate at address 0x557479485028
0:00:00.018244471  2726 0x55de0d435320 DEBUG   GST_POLL gstpoll.c:980:gst_poll_fd_ctl_write: 0x55de0d459930: fd (fd:0, idx:1), active : 1
0:00:00.022800022  2725 0x55747945d320 DEBUG   GST_REGISTRY gstregistrychunks.c:539:gst_registry_chunks_load_pad_template: Added pad_template src
0:00:00.018257498  2726 0x55de0d435320 LOG   GST_POLL gstpoll.c:994:gst_poll_fd_ctl_write: 0x55de0d459930: pfd->events now 60 (POLLOUT:4)
0:00:00.018264715  2726 0x55de0d435320 DEBUG   GST_POLL gstpoll.c:980:gst_poll_fd_ctl_write: 0x55de0d459930: fd (fd:0, idx:1), active : 1
0:00:00.022811849  2725 0x55747945d320 DEBUG   GST_REGISTRY gstregistry.c:590:gst_registry_add_feature: adding feature 0x5574794919b0 (capsfilter)
0:00:00.018270758  2726 0x55de0d435320 LOG   GST_POLL gstpoll.c:994:gst_poll_fd_ctl_write: 0x55de0d459930: pfd->events now 60 (POLLOUT:4)
0:00:00.022818647  2725 0x55747945d320 DEBUG   GST_REFCOUNTING gstobject.c:709:gst_object_set_parent: set parent (ref and sink)
0:00:00.018277641  2726 0x55de0d435320 DEBUG   GST_POLL gstpoll.c:980:gst_poll_fd_ctl_write: 0x55de0d459930: fd (fd:0, idx:1), active : 1
0:00:00.022826696  2725 0x55747945d320 TRACE   GST_REFCOUNTING gstobject.c:294:gst_object_ref_sink: 0x5574794919b0 ref_sink 1->2
0:00:00.018284178  2726 0x55de0d435320 LOG   GST_POLL gstpoll.c:994:gst_poll_fd_ctl_write: 0x55de0d459930: pfd->events now 60 (POLLOUT:4)
0:00:00.022833953  2725 0x55747945d320 LOG   GST_REGISTRY gstregistry.c:608:gst_registry_add_feature: emitting feature-added for capsfilter
0:00:00.018291365  2726 0x55de0d435320 DEBUG   GST_POLL gstpoll.c:980:gst_poll_fd_ctl_write: 0x55de0d459930: fd (fd:0, idx:1), active : 1
0:00:00.022841164  2725 0x55747945d320 DEBUG   GST_REGISTRY gstregistrychunks.c:741:gst_registry_chunks_load_feature: Added feature capsfilter, plugin 0x557479485250 coreelements
0:00:00.018298235  2726 0x55de0d435320 LOG   GST_POLL gstpoll.c:994:gst_poll_fd_ctl_write: 0x55de0d459930: pfd->events now 60 (POLLOUT:4)
0:00:00.022849396  2725 0x55747945d320 LOG   GST_PLUGIN_LOADING gstpluginloader.c:889:handle_rx_packet: marking plugin 0x557479485250 as registered as /home/conan/w/prod/BuildSingleReference/.conan/data/gstreamer/1.18.3/_/_/package/7087a3df2991f0089c7fdba3f9b2a18fafecf068/lib/gstreamer-1.0/libgstcoreelements.so
0:00:00.018305581  2726 0x55de0d435320 DEBUG   GST_POLL gstpoll.c:980:gst_poll_fd_ctl_write: 0x55de0d459930: fd (fd:0, idx:1), active : 1
0:00:00.018313832  2726 0x55de0d435320 LOG   GST_POLL gstpoll.c:994:gst_poll_fd_ctl_write: 0x55de0d459930: pfd->events now 60 (POLLOUT:4)
0:00:00.022859837  2725 0x55747945d320 DEBUG   GST_POLL gstpoll.c:1414:gst_poll_wait: 0x557479482530: timeout :0:00:01.000000000
0:00:00.018320412  2726 0x55de0d435320 DEBUG   GST_POLL gstpoll.c:980:gst_poll_fd_ctl_write: 0x55de0d459930: fd (fd:0, idx:1), active : 1
0:00:00.018327572  2726 0x55de0d435320 LOG   GST_POLL gstpoll.c:994:gst_poll_fd_ctl_write: 0x55de0d459930: pfd->events now 60 (POLLOUT:4)
0:00:00.018334495  2726 0x55de0d435320 DEBUG   GST_POLL gstpoll.c:980:gst_poll_fd_ctl_write: 0x55de0d459930: fd (fd:0, idx:1), active : 1
0:00:00.018346161  2726 0x55de0d435320 LOG   GST_POLL gstpoll.c:994:gst_poll_fd_ctl_write: 0x55de0d459930: pfd->events now 60 (POLLOUT:4)
0:00:00.018353096  2726 0x55de0d435320 DEBUG   GST_POLL gstpoll.c:980:gst_poll_fd_ctl_write: 0x55de0d459930: fd (fd:0, idx:1), active : 1
0:00:00.018359773  2726 0x55de0d435320 LOG   GST_POLL gstpoll.c:994:gst_poll_fd_ctl_write: 0x55de0d459930: pfd->events now 60 (POLLOUT:4)
0:00:00.018366678  2726 0x55de0d435320 DEBUG   GST_POLL gstpoll.c:980:gst_poll_fd_ctl_write: 0x55de0d459930: fd (fd:0, idx:1), active : 1
0:00:00.018373005  2726 0x55de0d435320 LOG   GST_POLL gstpoll.c:994:gst_poll_fd_ctl_write: 0x55de0d459930: pfd->events now 60 (POLLOUT:4)
0:00:00.018379652  2726 0x55de0d435320 DEBUG   GST_POLL gstpoll.c:980:gst_poll_fd_ctl_write: 0x55de0d459930: fd (fd:0, idx:1), active : 1
0:00:00.018386352  2726 0x55de0d435320 LOG   GST_POLL gstpoll.c:994:gst_poll_fd_ctl_write: 0x55de0d459930: pfd->events now 60 (POLLOUT:4)
0:00:00.018399005  2726 0x55de0d435320 TRACE   GST_REFCOUNTING gstobject.c:265:gst_object_unref: 0x55de0d45d450 unref 2->1
0:00:00.018407607  2726 0x55de0d435320 DEBUG   GST_POLL gstpoll.c:1241:gst_poll_fd_has_error: 0x55de0d459930: fd (fd:0, idx:1) 0
0:00:00.018415109  2726 0x55de0d435320 DEBUG   GST_POLL gstpoll.c:1335:gst_poll_fd_can_write: 0x55de0d459930: fd (fd:0, idx:1) 1
0:00:00.018422006  2726 0x55de0d435320 LOG   GST_PLUGIN_LOADING gstpluginloader.c:690:write_one: Writing packet of size 488 bytes to fd 0
0:00:00.018445812  2726 0x55de0d435320 DEBUG   GST_POLL gstpoll.c:1414:gst_poll_wait: 0x55de0d459930: timeout :0:00:01.000000000
0:00:00.018457896  2726 0x55de0d435320 LOG   GST_PLUGIN_LOADING gstpluginloader.c:1028:exchange_packets: Poll res = 2. 6872 bytes pending for write
0:00:00.018465531  2726 0x55de0d435320 DEBUG   GST_POLL gstpoll.c:1241:gst_poll_fd_has_error: 0x55de0d459930: fd (fd:5, idx:2) 0
0:00:00.018473022  2726 0x55de0d435320 DEBUG   GST_POLL gstpoll.c:1266:gst_poll_fd_can_read_unlocked: 0x55de0d459930: fd (fd:5, idx:2) 1
0:00:00.018482453  2726 0x55de0d435320 LOG   GST_PLUGIN_LOADING gstpluginloader.c:1006:read_one: No payload to read for 0 length packet type 1 tag 0
0:00:00.018490207  2726 0x55de0d435320 DEBUG   GST_POLL gstpoll.c:1015:gst_poll_fd_ctl_read_unlocked: 0x55de0d459930: fd (fd:5, idx:2), active : 0
0:00:00.018497198  2726 0x55de0d435320 DEBUG   GST_POLL gstpoll.c:980:gst_poll_fd_ctl_write: 0x55de0d459930: fd (fd:0, idx:1), active : 1
0:00:00.018503575  2726 0x55de0d435320 LOG   GST_POLL gstpoll.c:994:gst_poll_fd_ctl_write: 0x55de0d459930: pfd->events now 60 (POLLOUT:4)
0:00:00.023043632  2725 0x55747945d320 LOG   GST_PLUGIN_LOADING gstpluginloader.c:1028:exchange_packets: Poll res = 1. 0 bytes pending for write
0:00:00.018510305  2726 0x55de0d435320 DEBUG   GST_POLL gstpoll.c:1241:gst_poll_fd_has_error: 0x55de0d459930: fd (fd:0, idx:1) 0
0:00:00.023081660  2725 0x55747945d320 DEBUG   GST_POLL gstpoll.c:1241:gst_poll_fd_has_error: 0x557479482530: fd (fd:8, idx:2) 0
0:00:00.018540246  2726 0x55de0d435320 DEBUG   GST_POLL gstpoll.c:1335:gst_poll_fd_can_write: 0x55de0d459930: fd (fd:0, idx:1) 1
0:00:00.023094222  2725 0x55747945d320 DEBUG   GST_POLL gstpoll.c:1266:gst_poll_fd_can_read_unlocked: 0x557479482530: fd (fd:8, idx:2) 1
0:00:00.018557657  2726 0x55de0d435320 LOG   GST_PLUGIN_LOADING gstpluginloader.c:690:write_one: Writing packet of size 6872 bytes to fd 0
0:00:00.023114693  2725 0x55747945d320 DEBUG   GST_PLUGIN_LOADING gstpluginloader.c:850:handle_rx_packet: Received plugin details from child w/ tag 2. 476 bytes info
0:00:00.018570704  2726 0x55de0d435320 DEBUG   GST_POLL gstpoll.c:1414:gst_poll_wait: 0x55de0d459930: timeout :0:00:01.000000000
0:00:00.023123380  2725 0x55747945d320 LOG   GST_REGISTRY gstregistrychunks.c:837:_priv_gst_registry_chunks_load_plugin: Reading/casting for GstRegistryChunkPluginElement at address 0x557479483570
0:00:00.018582524  2726 0x55de0d435320 LOG   GST_PLUGIN_LOADING gstpluginloader.c:1028:exchange_packets: Poll res = 1. 12 bytes pending for write
0:00:00.018590062  2726 0x55de0d435320 DEBUG   GST_POLL gstpoll.c:1241:gst_poll_fd_has_error: 0x55de0d459930: fd (fd:0, idx:1) 0
0:00:00.018596496  2726 0x55de0d435320 DEBUG   GST_POLL gstpoll.c:1335:gst_poll_fd_can_write: 0x55de0d459930: fd (fd:0, idx:1) 1
0:00:00.023138766  2725 0x55747945d320 TRACE   GST_REFCOUNTING gstobject.c:208:gst_object_init: 0x557479492160 new
0:00:00.018617911  2726 0x55de0d435320 LOG   GST_PLUGIN_LOADING gstpluginloader.c:690:write_one: Writing packet of size 12 bytes to fd 0
0:00:00.018631672  2726 0x55de0d435320 DEBUG   GST_POLL gstpoll.c:980:gst_poll_fd_ctl_write: 0x55de0d459930: fd (fd:0, idx:1), active : 0
0:00:00.023180120  2725 0x55747945d320 LOG   GST_REGISTRY gstregistrychunks.c:858:_priv_gst_registry_chunks_load_plugin: read strings for name='coretracers'
0:00:00.023189627  2725 0x55747945d320 LOG   GST_REGISTRY gstregistrychunks.c:859:_priv_gst_registry_chunks_load_plugin: desc.description='GStreamer core tracers'
0:00:00.018643634  2726 0x55de0d435320 LOG   GST_POLL gstpoll.c:994:gst_poll_fd_ctl_write: 0x55de0d459930: pfd->events now 56 (POLLOUT:4)
0:00:00.023196060  2725 0x55747945d320 LOG   GST_REGISTRY gstregistrychunks.c:860:_priv_gst_registry_chunks_load_plugin: filename='/home/conan/w/prod/BuildSingleReference/.conan/data/gstreamer/1.18.3/_/_/package/7087a3df2991f0089c7fdba3f9b2a18fafecf068/lib/gstreamer-1.0/libgstcoretracers.so'
0:00:00.023203848  2725 0x55747945d320 LOG   GST_REGISTRY gstregistrychunks.c:861:_priv_gst_registry_chunks_load_plugin: desc.version='1.18.3'
0:00:00.023212025  2725 0x55747945d320 LOG   GST_REGISTRY gstregistrychunks.c:862:_priv_gst_registry_chunks_load_plugin: desc.license='LGPL'
0:00:00.018668504  2726 0x55de0d435320 DEBUG   GST_POLL gstpoll.c:772:gst_poll_free: 0x55de0d459930: freeing
0:00:00.023220353  2725 0x55747945d320 LOG   GST_REGISTRY gstregistrychunks.c:863:_priv_gst_registry_chunks_load_plugin: desc.source='gstreamer'
0:00:00.023229306  2725 0x55747945d320 LOG   GST_REGISTRY gstregistrychunks.c:864:_priv_gst_registry_chunks_load_plugin: desc.package='GStreamer source release'
0:00:00.023236745  2725 0x55747945d320 LOG   GST_REGISTRY gstregistrychunks.c:865:_priv_gst_registry_chunks_load_plugin: desc.origin='Unknown package origin'
0:00:00.023253212  2725 0x55747945d320 LOG   GST_REGISTRY gstregistrychunks.c:866:_priv_gst_registry_chunks_load_plugin: desc.datetime=2021-01-13
0:00:00.023264120  2725 0x55747945d320 DEBUG   GST_REGISTRY gstregistry.c:449:gst_registry_add_plugin: Replacing existing plugin "/home/conan/w/prod/BuildSingleReference/.conan/data/gstreamer/1.18.3/_/_/package/7087a3df2991f0089c7fdba3f9b2a18fafecf068/lib/gstreamer-1.0/libgstcoretracers.so" 0x557479482b90 with new plugin 0x557479492160 for filename "/home/conan/w/prod/BuildSingleReference/.conan/data/gstreamer/1.18.3/_/_/package/7087a3df2991f0089c7fdba3f9b2a18fafecf068/lib/gstreamer-1.0/libgstcoretracers.so"
0:00:00.023278023  2725 0x55747945d320 TRACE   GST_REFCOUNTING gstobject.c:265:gst_object_unref: 0x557479482b90 unref 1->0
0:00:00.023287463  2725 0x55747945d320 TRACE   GST_REFCOUNTING gstobject.c:381:gst_object_dispose: 0x557479482b90 dispose
0:00:00.023300161  2725 0x55747945d320 DEBUG   GST_PLUGIN_LOADING gstplugin.c:136:gst_plugin_finalize: finalizing plugin
0:00:00.023313159  2725 0x55747945d320 TRACE   GST_REFCOUNTING gstobject.c:423:gst_object_finalize: 0x557479482b90 finalize
0:00:00.023330255  2725 0x55747945d320 DEBUG   GST_REGISTRY gstregistry.c:474:gst_registry_add_plugin: adding plugin 0x557479492160 for filename "/home/conan/w/prod/BuildSingleReference/.conan/data/gstreamer/1.18.3/_/_/package/7087a3df2991f0089c7fdba3f9b2a18fafecf068/lib/gstreamer-1.0/libgstcoretracers.so"
0:00:00.023338486  2725 0x55747945d320 TRACE   GST_REFCOUNTING gstobject.c:294:gst_object_ref_sink: 0x557479492160 ref_sink 1->2
0:00:00.023346372  2725 0x55747945d320 LOG   GST_REGISTRY gstregistry.c:487:gst_registry_add_plugin: emitting plugin-added for filename "/home/conan/w/prod/BuildSingleReference/.conan/data/gstreamer/1.18.3/_/_/package/7087a3df2991f0089c7fdba3f9b2a18fafecf068/lib/gstreamer-1.0/libgstcoretracers.so"
0:00:00.023354200  2725 0x55747945d320 DEBUG   GST_REGISTRY gstregistrychunks.c:887:_priv_gst_registry_chunks_load_plugin: Added plugin 'coretracers' plugin with 5 features from binary registry
0:00:00.023361543  2725 0x55747945d320 DEBUG   GST_REGISTRY gstregistrychunks.c:583:gst_registry_chunks_load_feature: Plugin 'coretracers' feature 'leaks' typename : 'GstTracerFactory'
0:00:00.023373651  2725 0x55747945d320 TRACE   GST_REFCOUNTING gstobject.c:208:gst_object_init: 0x557479482b80 new
0:00:00.023385142  2725 0x55747945d320 DEBUG   GST_REGISTRY gstregistrychunks.c:718:gst_registry_chunks_load_feature: Reading/casting for GstRegistryChunkPluginFeature at address 0x5574794836b8
0:00:00.023393898  2725 0x55747945d320 DEBUG   GST_REGISTRY gstregistry.c:581:gst_registry_add_feature: replacing existing feature 0x557479482f40 (leaks)
0:00:00.023402914  2725 0x55747945d320 DEBUG   GST_REGISTRY gstregistry.c:590:gst_registry_add_feature: adding feature 0x557479482b80 (leaks)
0:00:00.023408968  2725 0x55747945d320 TRACE   GST_REFCOUNTING gstobject.c:788:gst_object_unparent: unparent
0:00:00.023416597  2725 0x55747945d320 TRACE   GST_REFCOUNTING gstobject.c:265:gst_object_unref: 0x557479482f40 unref 1->0
0:00:00.023423451  2725 0x55747945d320 TRACE   GST_REFCOUNTING gstobject.c:381:gst_object_dispose: 0x557479482f40 dispose
0:00:00.023437398  2725 0x55747945d320 DEBUG   GST_PLUGIN_LOADING gstpluginfeature.c:67:gst_plugin_feature_finalize: finalizing feature 0x557479482f40: 'leaks'
0:00:00.023444305  2725 0x55747945d320 TRACE   GST_REFCOUNTING gstobject.c:423:gst_object_finalize: 0x557479482f40 finalize
0:00:00.023451468  2725 0x55747945d320 DEBUG   GST_REFCOUNTING gstobject.c:709:gst_object_set_parent: set parent (ref and sink)
0:00:00.023459045  2725 0x55747945d320 TRACE   GST_REFCOUNTING gstobject.c:294:gst_object_ref_sink: 0x557479482b80 ref_sink 1->2
0:00:00.023465831  2725 0x55747945d320 LOG   GST_REGISTRY gstregistry.c:608:gst_registry_add_feature: emitting feature-added for leaks
0:00:00.023473455  2725 0x55747945d320 DEBUG   GST_REGISTRY gstregistrychunks.c:741:gst_registry_chunks_load_feature: Added feature leaks, plugin 0x557479492160 coretracers
0:00:00.023480312  2725 0x55747945d320 DEBUG   GST_REGISTRY gstregistrychunks.c:583:gst_registry_chunks_load_feature: Plugin 'coretracers' feature 'stats' typename : 'GstTracerFactory'
0:00:00.023488458  2725 0x55747945d320 TRACE   GST_REFCOUNTING gstobject.c:208:gst_object_init: 0x557479482f40 new
0:00:00.023496957  2725 0x55747945d320 DEBUG   GST_REGISTRY gstregistrychunks.c:718:gst_registry_chunks_load_feature: Reading/casting for GstRegistryChunkPluginFeature at address 0x5574794836d8
