0:00:00.018856602  2725 0x55747945d320 DEBUG   GST_REGISTRY gstregistrychunks.c:583:gst_registry_chunks_load_feature: Plugin 'coreelements' feature 'streamiddemux' typename : 'GstElementFactory'
0:00:00.014313339  2726 0x55de0d435320 DEBUG   GST_REGISTRY gstregistrychunks.c:284:gst_registry_chunks_save_feature: Saved 1 UriTypes
0:00:00.018867749  2725 0x55747945d320 TRACE   GST_REFCOUNTING gstobject.c:208:gst_object_init: 0x5574794828c0 new
0:00:00.014325431  2726 0x55de0d435320 DEBUG   GST_REGISTRY gstregistrychunks.c:265:gst_registry_chunks_save_feature: saved 0 interfaces 0 pad templates
0:00:00.018876943  2725 0x55747945d320 LOG   GST_REGISTRY gstregistrychunks.c:610:gst_registry_chunks_load_feature: Reading/casting for GstRegistryChunkElementFactory at address 0x5574794836c8
0:00:00.014335578  2726 0x55de0d435320 DEBUG   GST_REGISTRY gstregistrychunks.c:265:gst_registry_chunks_save_feature: saved 0 interfaces 0 pad templates
0:00:00.018886229  2725 0x55747945d320 TRACE   structure gststructure.c:287:gst_structure_new_id_empty_with_size: created structure 0x557479485380
0:00:00.014346383  2726 0x55de0d435320 DEBUG   GST_REGISTRY gstregistrychunks.c:265:gst_registry_chunks_save_feature: saved 0 interfaces 0 pad templates
0:00:00.018895829  2725 0x55747945d320 DEBUG   structure gststructure.c:2203:gst_structure_parse_field: trying field name 'long-name'
0:00:00.014358107  2726 0x55de0d435320 DEBUG   GST_REGISTRY gstregistrychunks.c:265:gst_registry_chunks_save_feature: saved 1 interfaces 0 pad templates
0:00:00.014366058  2726 0x55de0d435320 DEBUG   GST_REGISTRY gstregistrychunks.c:284:gst_registry_chunks_save_feature: Saved 1 UriTypes
0:00:00.018915949  2725 0x55747945d320 DEBUG   default gstvalue.c:2676:_priv_gst_value_parse_value: trying type name 'string'
0:00:00.014375871  2726 0x55de0d435320 DEBUG   GST_REGISTRY gstregistrychunks.c:265:gst_registry_chunks_save_feature: saved 1 interfaces 0 pad templates
0:00:00.018928628  2725 0x55747945d320 DEBUG   structure gststructure.c:2203:gst_structure_parse_field: trying field name 'klass'
0:00:00.014390368  2726 0x55de0d435320 DEBUG   GST_REGISTRY gstregistrychunks.c:284:gst_registry_chunks_save_feature: Saved 1 UriTypes
0:00:00.018938394  2725 0x55747945d320 DEBUG   default gstvalue.c:2676:_priv_gst_value_parse_value: trying type name 'string'
0:00:00.014400848  2726 0x55de0d435320 DEBUG   GST_REGISTRY gstregistrychunks.c:265:gst_registry_chunks_save_feature: saved 1 interfaces 0 pad templates
0:00:00.018946423  2725 0x55747945d320 DEBUG   structure gststructure.c:2203:gst_structure_parse_field: trying field name 'description'
0:00:00.014407750  2726 0x55de0d435320 DEBUG   GST_REGISTRY gstregistrychunks.c:284:gst_registry_chunks_save_feature: Saved 1 UriTypes
0:00:00.018955212  2725 0x55747945d320 DEBUG   default gstvalue.c:2676:_priv_gst_value_parse_value: trying type name 'string'
0:00:00.014418163  2726 0x55de0d435320 DEBUG   GST_REGISTRY gstregistrychunks.c:265:gst_registry_chunks_save_feature: saved 0 interfaces 0 pad templates
0:00:00.018964135  2725 0x55747945d320 DEBUG   structure gststructure.c:2203:gst_structure_parse_field: trying field name 'author'
0:00:00.018972867  2725 0x55747945d320 DEBUG   default gstvalue.c:2676:_priv_gst_value_parse_value: trying type name 'string'
0:00:00.014429328  2726 0x55de0d435320 DEBUG   GST_REGISTRY gstregistrychunks.c:265:gst_registry_chunks_save_feature: saved 0 interfaces 0 pad templates
0:00:00.018981384  2725 0x55747945d320 DEBUG   GST_REGISTRY gstregistrychunks.c:626:gst_registry_chunks_load_feature: Element factory : npadtemplates=2
0:00:00.014439638  2726 0x55de0d435320 DEBUG   GST_REGISTRY gstregistrychunks.c:265:gst_registry_chunks_save_feature: saved 0 interfaces 0 pad templates
0:00:00.018988728  2725 0x55747945d320 DEBUG   GST_REGISTRY gstregistrychunks.c:526:gst_registry_chunks_load_pad_template: Reading/casting for GstRegistryChunkPadTemplate at address 0x5574794837a0
0:00:00.018996083  2725 0x55747945d320 DEBUG   GST_REGISTRY gstregistrychunks.c:539:gst_registry_chunks_load_pad_template: Added pad_template src_%u
0:00:00.014451611  2726 0x55de0d435320 DEBUG   GST_REGISTRY gstregistrychunks.c:265:gst_registry_chunks_save_feature: saved 0 interfaces 0 pad templates
0:00:00.019002282  2725 0x55747945d320 DEBUG   GST_REGISTRY gstregistrychunks.c:526:gst_registry_chunks_load_pad_template: Reading/casting for GstRegistryChunkPadTemplate at address 0x5574794837b8
0:00:00.014463185  2726 0x55de0d435320 DEBUG   GST_REGISTRY gstregistrychunks.c:265:gst_registry_chunks_save_feature: saved 0 interfaces 0 pad templates
0:00:00.019009168  2725 0x55747945d320 DEBUG   GST_REGISTRY gstregistrychunks.c:539:gst_registry_chunks_load_pad_template: Added pad_template sink
0:00:00.014473364  2726 0x55de0d435320 DEBUG   GST_REGISTRY gstregistrychunks.c:265:gst_registry_chunks_save_feature: saved 0 interfaces 0 pad templates
0:00:00.019020436  2725 0x55747945d320 DEBUG   GST_REGISTRY gstregistry.c:590:gst_registry_add_feature: adding feature 0x5574794828c0 (streamiddemux)
0:00:00.014484088  2726 0x55de0d435320 DEBUG   GST_REGISTRY gstregistrychunks.c:265:gst_registry_chunks_save_feature: saved 1 interfaces 0 pad templates
0:00:00.019035554  2725 0x55747945d320 DEBUG   GST_REFCOUNTING gstobject.c:709:gst_object_set_parent: set parent (ref and sink)
0:00:00.014491263  2726 0x55de0d435320 DEBUG   GST_REGISTRY gstregistrychunks.c:284:gst_registry_chunks_save_feature: Saved 1 UriTypes
0:00:00.019044567  2725 0x55747945d320 TRACE   GST_REFCOUNTING gstobject.c:294:gst_object_ref_sink: 0x5574794828c0 ref_sink 1->2
0:00:00.014503980  2726 0x55de0d435320 DEBUG   GST_REGISTRY gstregistrychunks.c:265:gst_registry_chunks_save_feature: saved 0 interfaces 0 pad templates
0:00:00.019052565  2725 0x55747945d320 LOG   GST_REGISTRY gstregistry.c:608:gst_registry_add_feature: emitting feature-added for streamiddemux
0:00:00.014514188  2726 0x55de0d435320 DEBUG   GST_REGISTRY gstregistrychunks.c:265:gst_registry_chunks_save_feature: saved 0 interfaces 0 pad templates
0:00:00.019060725  2725 0x55747945d320 DEBUG   GST_REGISTRY gstregistrychunks.c:741:gst_registry_chunks_load_feature: Added feature streamiddemux, plugin 0x557479485250 coreelements
0:00:00.019069642  2725 0x55747945d320 DEBUG   GST_REGISTRY gstregistrychunks.c:583:gst_registry_chunks_load_feature: Plugin 'coreelements' feature 'valve' typename : 'GstElementFactory'
0:00:00.014524569  2726 0x55de0d435320 DEBUG   GST_REGISTRY gstregistrychunks.c:265:gst_registry_chunks_save_feature: saved 0 interfaces 0 pad templates
0:00:00.019077655  2725 0x55747945d320 TRACE   GST_REFCOUNTING gstobject.c:208:gst_object_init: 0x55747948d1f0 new
0:00:00.014536534  2726 0x55de0d435320 DEBUG   GST_REGISTRY gstregistrychunks.c:265:gst_registry_chunks_save_feature: saved 0 interfaces 0 pad templates
0:00:00.019087017  2725 0x55747945d320 LOG   GST_REGISTRY gstregistrychunks.c:610:gst_registry_chunks_load_feature: Reading/casting for GstRegistryChunkElementFactory at address 0x5574794837e8
0:00:00.014547802  2726 0x55de0d435320 DEBUG   GST_REGISTRY gstregistrychunks.c:265:gst_registry_chunks_save_feature: saved 0 interfaces 0 pad templates
0:00:00.019094608  2725 0x55747945d320 TRACE   structure gststructure.c:287:gst_structure_new_id_empty_with_size: created structure 0x557479485660
0:00:00.019102137  2725 0x55747945d320 DEBUG   structure gststructure.c:2203:gst_structure_parse_field: trying field name 'long-name'
0:00:00.014559816  2726 0x55de0d435320 TRACE   GST_REFCOUNTING gstobject.c:265:gst_object_unref: 0x55de0d45ee10 unref 2->1
0:00:00.019108482  2725 0x55747945d320 DEBUG   default gstvalue.c:2676:_priv_gst_value_parse_value: trying type name 'string'
0:00:00.014568136  2726 0x55de0d435320 TRACE   GST_REFCOUNTING gstobject.c:265:gst_object_unref: 0x55de0d460d40 unref 2->1
0:00:00.019116058  2725 0x55747945d320 DEBUG   structure gststructure.c:2203:gst_structure_parse_field: trying field name 'klass'
0:00:00.014576266  2726 0x55de0d435320 TRACE   GST_REFCOUNTING gstobject.c:265:gst_object_unref: 0x55de0d461a40 unref 2->1
0:00:00.019123076  2725 0x55747945d320 DEBUG   default gstvalue.c:2676:_priv_gst_value_parse_value: trying type name 'string'
0:00:00.014589124  2726 0x55de0d435320 TRACE   GST_REFCOUNTING gstobject.c:265:gst_object_unref: 0x55de0d462920 unref 2->1
0:00:00.019136773  2725 0x55747945d320 DEBUG   structure gststructure.c:2203:gst_structure_parse_field: trying field name 'description'
0:00:00.019157302  2725 0x55747945d320 DEBUG   default gstvalue.c:2676:_priv_gst_value_parse_value: trying type name 'string'
0:00:00.014614744  2726 0x55de0d435320 TRACE   GST_REFCOUNTING gstobject.c:265:gst_object_unref: 0x55de0d4647c0 unref 2->1
0:00:00.019167045  2725 0x55747945d320 DEBUG   structure gststructure.c:2203:gst_structure_parse_field: trying field name 'author'
0:00:00.019173813  2725 0x55747945d320 DEBUG   default gstvalue.c:2676:_priv_gst_value_parse_value: trying type name 'string'
0:00:00.014626583  2726 0x55de0d435320 TRACE   GST_REFCOUNTING gstobject.c:265:gst_object_unref: 0x55de0d465990 unref 2->1
0:00:00.019183762  2725 0x55747945d320 DEBUG   GST_REGISTRY gstregistrychunks.c:626:gst_registry_chunks_load_feature: Element factory : npadtemplates=2
0:00:00.014641720  2726 0x55de0d435320 TRACE   GST_REFCOUNTING gstobject.c:265:gst_object_unref: 0x55de0d467640 unref 2->1
0:00:00.019190444  2725 0x55747945d320 DEBUG   GST_REGISTRY gstregistrychunks.c:526:gst_registry_chunks_load_pad_template: Reading/casting for GstRegistryChunkPadTemplate at address 0x5574794838d8
0:00:00.019200028  2725 0x55747945d320 DEBUG   GST_REGISTRY gstregistrychunks.c:539:gst_registry_chunks_load_pad_template: Added pad_template sink
0:00:00.014654225  2726 0x55de0d435320 TRACE   GST_REFCOUNTING gstobject.c:265:gst_object_unref: 0x55de0d469c20 unref 2->1
0:00:00.019205965  2725 0x55747945d320 DEBUG   GST_REGISTRY gstregistrychunks.c:526:gst_registry_chunks_load_pad_template: Reading/casting for GstRegistryChunkPadTemplate at address 0x5574794838f0
0:00:00.014664046  2726 0x55de0d435320 TRACE   GST_REFCOUNTING gstobject.c:265:gst_object_unref: 0x55de0d46c0d0 unref 2->1
0:00:00.019212751  2725 0x55747945d320 DEBUG   GST_REGISTRY gstregistrychunks.c:539:gst_registry_chunks_load_pad_template: Added pad_template src
0:00:00.014671421  2726 0x55de0d435320 TRACE   GST_REFCOUNTING gstobject.c:265:gst_object_unref: 0x55de0d46cf50 unref 2->1
0:00:00.019221477  2725 0x55747945d320 DEBUG   GST_REGISTRY gstregistry.c:590:gst_registry_add_feature: adding feature 0x55747948d1f0 (valve)
0:00:00.014678752  2726 0x55de0d435320 TRACE   GST_REFCOUNTING gstobject.c:265:gst_object_unref: 0x55de0d46dd30 unref 2->1
0:00:00.019228842  2725 0x55747945d320 DEBUG   GST_REFCOUNTING gstobject.c:709:gst_object_set_parent: set parent (ref and sink)
0:00:00.014685957  2726 0x55de0d435320 TRACE   GST_REFCOUNTING gstobject.c:265:gst_object_unref: 0x55de0d46e9a0 unref 2->1
0:00:00.014696454  2726 0x55de0d435320 TRACE   GST_REFCOUNTING gstobject.c:265:gst_object_unref: 0x55de0d46ff90 unref 2->1
0:00:00.019241137  2725 0x55747945d320 TRACE   GST_REFCOUNTING gstobject.c:294:gst_object_ref_sink: 0x55747948d1f0 ref_sink 1->2
0:00:00.014703576  2726 0x55de0d435320 TRACE   GST_REFCOUNTING gstobject.c:265:gst_object_unref: 0x55de0d471220 unref 2->1
0:00:00.019261837  2725 0x55747945d320 LOG   GST_REGISTRY gstregistry.c:608:gst_registry_add_feature: emitting feature-added for valve
0:00:00.014718686  2726 0x55de0d435320 TRACE   GST_REFCOUNTING gstobject.c:265:gst_object_unref: 0x55de0d472340 unref 2->1
0:00:00.019269797  2725 0x55747945d320 DEBUG   GST_REGISTRY gstregistrychunks.c:741:gst_registry_chunks_load_feature: Added feature valve, plugin 0x557479485250 coreelements
0:00:00.014726568  2726 0x55de0d435320 TRACE   GST_REFCOUNTING gstobject.c:265:gst_object_unref: 0x55de0d4746f0 unref 2->1
0:00:00.019277260  2725 0x55747945d320 DEBUG   GST_REGISTRY gstregistrychunks.c:583:gst_registry_chunks_load_feature: Plugin 'coreelements' feature 'multiqueue' typename : 'GstElementFactory'
0:00:00.014733994  2726 0x55de0d435320 TRACE   GST_REFCOUNTING gstobject.c:265:gst_object_unref: 0x55de0d475ea0 unref 2->1
0:00:00.014741338  2726 0x55de0d435320 TRACE   GST_REFCOUNTING gstobject.c:265:gst_object_unref: 0x55de0d477320 unref 2->1
0:00:00.019286414  2725 0x55747945d320 TRACE   GST_REFCOUNTING gstobject.c:208:gst_object_init: 0x5574794858b0 new
0:00:00.014748304  2726 0x55de0d435320 TRACE   GST_REFCOUNTING gstobject.c:265:gst_object_unref: 0x55de0d478700 unref 2->1
0:00:00.019297266  2725 0x55747945d320 LOG   GST_REGISTRY gstregistrychunks.c:610:gst_registry_chunks_load_feature: Reading/casting for GstRegistryChunkElementFactory at address 0x557479483920
0:00:00.014755468  2726 0x55de0d435320 TRACE   GST_REFCOUNTING gstobject.c:265:gst_object_unref: 0x55de0d4796f0 unref 2->1
0:00:00.019304751  2725 0x55747945d320 TRACE   structure gststructure.c:287:gst_structure_new_id_empty_with_size: created structure 0x557479485a30
0:00:00.014762991  2726 0x55de0d435320 TRACE   GST_REFCOUNTING gstobject.c:265:gst_object_unref: 0x55de0d47b1d0 unref 2->1
0:00:00.019311552  2725 0x55747945d320 DEBUG   structure gststructure.c:2203:gst_structure_parse_field: trying field name 'long-name'
0:00:00.014770240  2726 0x55de0d435320 TRACE   GST_REFCOUNTING gstobject.c:265:gst_object_unref: 0x55de0d47bec0 unref 2->1
0:00:00.019318079  2725 0x55747945d320 DEBUG   default gstvalue.c:2676:_priv_gst_value_parse_value: trying type name 'string'
0:00:00.014779932  2726 0x55de0d435320 DEBUG   GST_REGISTRY gstregistrychunks.c:498:_priv_gst_registry_chunks_save_plugin: Found 22 features in plugin 0x55de0d45d450 (coreelements)
0:00:00.019325852  2725 0x55747945d320 DEBUG   structure gststructure.c:2203:gst_structure_parse_field: trying field name 'klass'
0:00:00.014788145  2726 0x55de0d435320 DEBUG   GST_POLL gstpoll.c:980:gst_poll_fd_ctl_write: 0x55de0d459930: fd (fd:0, idx:1), active : 1
0:00:00.019334640  2725 0x55747945d320 DEBUG   default gstvalue.c:2676:_priv_gst_value_parse_value: trying type name 'string'
0:00:00.014795606  2726 0x55de0d435320 LOG   GST_POLL gstpoll.c:994:gst_poll_fd_ctl_write: 0x55de0d459930: pfd->events now 60 (POLLOUT:4)
0:00:00.019343138  2725 0x55747945d320 DEBUG   structure gststructure.c:2203:gst_structure_parse_field: trying field name 'description'
0:00:00.014808041  2726 0x55de0d435320 DEBUG   GST_POLL gstpoll.c:980:gst_poll_fd_ctl_write: 0x55de0d459930: fd (fd:0, idx:1), active : 1
0:00:00.019355057  2725 0x55747945d320 DEBUG   default gstvalue.c:2676:_priv_gst_value_parse_value: trying type name 'string'
0:00:00.014815203  2726 0x55de0d435320 LOG   GST_POLL gstpoll.c:994:gst_poll_fd_ctl_write: 0x55de0d459930: pfd->events now 60 (POLLOUT:4)
0:00:00.019363325  2725 0x55747945d320 DEBUG   structure gststructure.c:2203:gst_structure_parse_field: trying field name 'author'
0:00:00.014822738  2726 0x55de0d435320 DEBUG   GST_POLL gstpoll.c:980:gst_poll_fd_ctl_write: 0x55de0d459930: fd (fd:0, idx:1), active : 1
0:00:00.019369963  2725 0x55747945d320 DEBUG   default gstvalue.c:2676:_priv_gst_value_parse_value: trying type name 'string'
0:00:00.014829542  2726 0x55de0d435320 LOG   GST_POLL gstpoll.c:994:gst_poll_fd_ctl_write: 0x55de0d459930: pfd->events now 60 (POLLOUT:4)
0:00:00.019378192  2725 0x55747945d320 DEBUG   GST_REGISTRY gstregistrychunks.c:626:gst_registry_chunks_load_feature: Element factory : npadtemplates=2
0:00:00.014836680  2726 0x55de0d435320 DEBUG   GST_POLL gstpoll.c:980:gst_poll_fd_ctl_write: 0x55de0d459930: fd (fd:0, idx:1), active : 1
0:00:00.019384533  2725 0x55747945d320 DEBUG   GST_REGISTRY gstregistrychunks.c:526:gst_registry_chunks_load_pad_template: Reading/casting for GstRegistryChunkPadTemplate at address 0x5574794839e0
0:00:00.014843436  2726 0x55de0d435320 LOG   GST_POLL gstpoll.c:994:gst_poll_fd_ctl_write: 0x55de0d459930: pfd->events now 60 (POLLOUT:4)
0:00:00.019391339  2725 0x55747945d320 DEBUG   GST_REGISTRY gstregistrychunks.c:539:gst_registry_chunks_load_pad_template: Added pad_template src_%u
0:00:00.014850472  2726 0x55de0d435320 DEBUG   GST_POLL gstpoll.c:980:gst_poll_fd_ctl_write: 0x55de0d459930: fd (fd:0, idx:1), active : 1
0:00:00.019397871  2725 0x55747945d320 DEBUG   GST_REGISTRY gstregistrychunks.c:526:gst_registry_chunks_load_pad_template: Reading/casting for GstRegistryChunkPadTemplate at address 0x5574794839f8
0:00:00.014857235  2726 0x55de0d435320 LOG   GST_POLL gstpoll.c:994:gst_poll_fd_ctl_write: 0x55de0d459930: pfd->events now 60 (POLLOUT:4)
0:00:00.019405181  2725 0x55747945d320 DEBUG   GST_REGISTRY gstregistrychunks.c:539:gst_registry_chunks_load_pad_template: Added pad_template sink_%u
0:00:00.014864126  2726 0x55de0d435320 DEBUG   GST_POLL gstpoll.c:980:gst_poll_fd_ctl_write: 0x55de0d459930: fd (fd:0, idx:1), active : 1
0:00:00.019413618  2725 0x55747945d320 DEBUG   GST_REGISTRY gstregistry.c:590:gst_registry_add_feature: adding feature 0x5574794858b0 (multiqueue)
0:00:00.014870486  2726 0x55de0d435320 LOG   GST_POLL gstpoll.c:994:gst_poll_fd_ctl_write: 0x55de0d459930: pfd->events now 60 (POLLOUT:4)
0:00:00.019420269  2725 0x55747945d320 DEBUG   GST_REFCOUNTING gstobject.c:709:gst_object_set_parent: set parent (ref and sink)
0:00:00.014877678  2726 0x55de0d435320 DEBUG   GST_POLL gstpoll.c:980:gst_poll_fd_ctl_write: 0x55de0d459930: fd (fd:0, idx:1), active : 1
0:00:00.019433622  2725 0x55747945d320 TRACE   GST_REFCOUNTING gstobject.c:294:gst_object_ref_sink: 0x5574794858b0 ref_sink 1->2
0:00:00.014890291  2726 0x55de0d435320 LOG   GST_POLL gstpoll.c:994:gst_poll_fd_ctl_write: 0x55de0d459930: pfd->events now 60 (POLLOUT:4)
0:00:00.019441151  2725 0x55747945d320 LOG   GST_REGISTRY gstregistry.c:608:gst_registry_add_feature: emitting feature-added for multiqueue
0:00:00.014898714  2726 0x55de0d435320 DEBUG   GST_POLL gstpoll.c:980:gst_poll_fd_ctl_write: 0x55de0d459930: fd (fd:0, idx:1), active : 1
0:00:00.019448775  2725 0x55747945d320 DEBUG   GST_REGISTRY gstregistrychunks.c:741:gst_registry_chunks_load_feature: Added feature multiqueue, plugin 0x557479485250 coreelements
0:00:00.014905431  2726 0x55de0d435320 LOG   GST_POLL gstpoll.c:994:gst_poll_fd_ctl_write: 0x55de0d459930: pfd->events now 60 (POLLOUT:4)
0:00:00.019456084  2725 0x55747945d320 DEBUG   GST_REGISTRY gstregistrychunks.c:583:gst_registry_chunks_load_feature: Plugin 'coreelements' feature 'typefind' typename : 'GstElementFactory'
0:00:00.014912685  2726 0x55de0d435320 DEBUG   GST_POLL gstpoll.c:980:gst_poll_fd_ctl_write: 0x55de0d459930: fd (fd:0, idx:1), active : 1
0:00:00.019464928  2725 0x55747945d320 TRACE   GST_REFCOUNTING gstobject.c:208:gst_object_init: 0x557479485cb0 new
0:00:00.014920219  2726 0x55de0d435320 LOG   GST_POLL gstpoll.c:994:gst_poll_fd_ctl_write: 0x55de0d459930: pfd->events now 60 (POLLOUT:4)
0:00:00.019473732  2725 0x55747945d320 LOG   GST_REGISTRY gstregistrychunks.c:610:gst_registry_chunks_load_feature: Reading/casting for GstRegistryChunkElementFactory at address 0x557479483a28
0:00:00.014929905  2726 0x55de0d435320 DEBUG   GST_POLL gstpoll.c:980:gst_poll_fd_ctl_write: 0x55de0d459930: fd (fd:0, idx:1), active : 1
0:00:00.014937777  2726 0x55de0d435320 LOG   GST_POLL gstpoll.c:994:gst_poll_fd_ctl_write: 0x55de0d459930: pfd->events now 60 (POLLOUT:4)
0:00:00.019484748  2725 0x55747945d320 TRACE   structure gststructure.c:287:gst_structure_new_id_empty_with_size: created structure 0x557479485ee0
0:00:00.014944813  2726 0x55de0d435320 DEBUG   GST_POLL gstpoll.c:980:gst_poll_fd_ctl_write: 0x55de0d459930: fd (fd:0, idx:1), active : 1
0:00:00.019492227  2725 0x55747945d320 DEBUG   structure gststructure.c:2203:gst_structure_parse_field: trying field name 'long-name'
0:00:00.014951332  2726 0x55de0d435320 LOG   GST_POLL gstpoll.c:994:gst_poll_fd_ctl_write: 0x55de0d459930: pfd->events now 60 (POLLOUT:4)
0:00:00.019498925  2725 0x55747945d320 DEBUG   default gstvalue.c:2676:_priv_gst_value_parse_value: trying type name 'string'
0:00:00.014958493  2726 0x55de0d435320 DEBUG   GST_POLL gstpoll.c:980:gst_poll_fd_ctl_write: 0x55de0d459930: fd (fd:0, idx:1), active : 1
0:00:00.019506124  2725 0x55747945d320 DEBUG   structure gststructure.c:2203:gst_structure_parse_field: trying field name 'klass'
0:00:00.014965330  2726 0x55de0d435320 LOG   GST_POLL gstpoll.c:994:gst_poll_fd_ctl_write: 0x55de0d459930: pfd->events now 60 (POLLOUT:4)
0:00:00.019512688  2725 0x55747945d320 DEBUG   default gstvalue.c:2676:_priv_gst_value_parse_value: trying type name 'string'
0:00:00.014983967  2726 0x55de0d435320 DEBUG   GST_POLL gstpoll.c:980:gst_poll_fd_ctl_write: 0x55de0d459930: fd (fd:0, idx:1), active : 1
0:00:00.019531857  2725 0x55747945d320 DEBUG   structure gststructure.c:2203:gst_structure_parse_field: trying field name 'description'
0:00:00.014991095  2726 0x55de0d435320 LOG   GST_POLL gstpoll.c:994:gst_poll_fd_ctl_write: 0x55de0d459930: pfd->events now 60 (POLLOUT:4)
0:00:00.019538414  2725 0x55747945d320 DEBUG   default gstvalue.c:2676:_priv_gst_value_parse_value: trying type name 'string'
0:00:00.014998200  2726 0x55de0d435320 DEBUG   GST_POLL gstpoll.c:980:gst_poll_fd_ctl_write: 0x55de0d459930: fd (fd:0, idx:1), active : 1
0:00:00.019546359  2725 0x55747945d320 DEBUG   structure gststructure.c:2203:gst_structure_parse_field: trying field name 'author'
0:00:00.015004867  2726 0x55de0d435320 LOG   GST_POLL gstpoll.c:994:gst_poll_fd_ctl_write: 0x55de0d459930: pfd->events now 60 (POLLOUT:4)
0:00:00.019552928  2725 0x55747945d320 DEBUG   default gstvalue.c:2676:_priv_gst_value_parse_value: trying type name 'string'
0:00:00.015012317  2726 0x55de0d435320 DEBUG   GST_POLL gstpoll.c:980:gst_poll_fd_ctl_write: 0x55de0d459930: fd (fd:0, idx:1), active : 1
0:00:00.019560873  2725 0x55747945d320 DEBUG   GST_REGISTRY gstregistrychunks.c:626:gst_registry_chunks_load_feature: Element factory : npadtemplates=2
0:00:00.015019280  2726 0x55de0d435320 LOG   GST_POLL gstpoll.c:994:gst_poll_fd_ctl_write: 0x55de0d459930: pfd->events now 60 (POLLOUT:4)
0:00:00.019567448  2725 0x55747945d320 DEBUG   GST_REGISTRY gstregistrychunks.c:526:gst_registry_chunks_load_pad_template: Reading/casting for GstRegistryChunkPadTemplate at address 0x557479483b00
0:00:00.015026548  2726 0x55de0d435320 DEBUG   GST_POLL gstpoll.c:980:gst_poll_fd_ctl_write: 0x55de0d459930: fd (fd:0, idx:1), active : 1
0:00:00.019574292  2725 0x55747945d320 DEBUG   GST_REGISTRY gstregistrychunks.c:539:gst_registry_chunks_load_pad_template: Added pad_template sink
0:00:00.015033500  2726 0x55de0d435320 LOG   GST_POLL gstpoll.c:994:gst_poll_fd_ctl_write: 0x55de0d459930: pfd->events now 60 (POLLOUT:4)
0:00:00.019581119  2725 0x55747945d320 DEBUG   GST_REGISTRY gstregistrychunks.c:526:gst_registry_chunks_load_pad_template: Reading/casting for GstRegistryChunkPadTemplate at address 0x557479483b18
0:00:00.015040863  2726 0x55de0d435320 DEBUG   GST_POLL gstpoll.c:980:gst_poll_fd_ctl_write: 0x55de0d459930: fd (fd:0, idx:1), active : 1
0:00:00.019587810  2725 0x55747945d320 DEBUG   GST_REGISTRY gstregistrychunks.c:539:gst_registry_chunks_load_pad_template: Added pad_template src
0:00:00.015047757  2726 0x55de0d435320 LOG   GST_POLL gstpoll.c:994:gst_poll_fd_ctl_write: 0x55de0d459930: pfd->events now 60 (POLLOUT:4)
0:00:00.019597119  2725 0x55747945d320 DEBUG   GST_REGISTRY gstregistry.c:590:gst_registry_add_feature: adding feature 0x557479485cb0 (typefind)
0:00:00.015054906  2726 0x55de0d435320 DEBUG   GST_POLL gstpoll.c:980:gst_poll_fd_ctl_write: 0x55de0d459930: fd (fd:0, idx:1), active : 1
0:00:00.019603962  2725 0x55747945d320 DEBUG   GST_REFCOUNTING gstobject.c:709:gst_object_set_parent: set parent (ref and sink)
0:00:00.015065900  2726 0x55de0d435320 LOG   GST_POLL gstpoll.c:994:gst_poll_fd_ctl_write: 0x55de0d459930: pfd->events now 60 (POLLOUT:4)
0:00:00.019614277  2725 0x55747945d320 TRACE   GST_REFCOUNTING gstobject.c:294:gst_object_ref_sink: 0x557479485cb0 ref_sink 1->2
0:00:00.015073512  2726 0x55de0d435320 DEBUG   GST_POLL gstpoll.c:980:gst_poll_fd_ctl_write: 0x55de0d459930: fd (fd:0, idx:1), active : 1
0:00:00.019621867  2725 0x55747945d320 LOG   GST_REGISTRY gstregistry.c:608:gst_registry_add_feature: emitting feature-added for typefind
0:00:00.015080471  2726 0x55de0d435320 LOG   GST_POLL gstpoll.c:994:gst_poll_fd_ctl_write: 0x55de0d459930: pfd->events now 60 (POLLOUT:4)
0:00:00.019629777  2725 0x55747945d320 DEBUG   GST_REGISTRY gstregistrychunks.c:741:gst_registry_chunks_load_feature: Added feature typefind, plugin 0x557479485250 coreelements
0:00:00.015087838  2726 0x55de0d435320 DEBUG   GST_POLL gstpoll.c:980:gst_poll_fd_ctl_write: 0x55de0d459930: fd (fd:0, idx:1), active : 1
0:00:00.019637582  2725 0x55747945d320 DEBUG   GST_REGISTRY gstregistrychunks.c:583:gst_registry_chunks_load_feature: Plugin 'coreelements' feature 'tee' typename : 'GstElementFactory'
0:00:00.015094816  2726 0x55de0d435320 LOG   GST_POLL gstpoll.c:994:gst_poll_fd_ctl_write: 0x55de0d459930: pfd->events now 60 (POLLOUT:4)
0:00:00.019646055  2725 0x55747945d320 TRACE   GST_REFCOUNTING gstobject.c:208:gst_object_init: 0x557479486180 new
0:00:00.015101935  2726 0x55de0d435320 DEBUG   GST_POLL gstpoll.c:980:gst_poll_fd_ctl_write: 0x55de0d459930: fd (fd:0, idx:1), active : 1
0:00:00.019654928  2725 0x55747945d320 LOG   GST_REGISTRY gstregistrychunks.c:610:gst_registry_chunks_load_feature: Reading/casting for GstRegistryChunkElementFactory at address 0x557479483b40
0:00:00.015110739  2726 0x55de0d435320 LOG   GST_POLL gstpoll.c:994:gst_poll_fd_ctl_write: 0x55de0d459930: pfd->events now 60 (POLLOUT:4)
0:00:00.019662409  2725 0x55747945d320 TRACE   structure gststructure.c:287:gst_structure_new_id_empty_with_size: created structure 0x5574794863c0
0:00:00.015119343  2726 0x55de0d435320 DEBUG   GST_POLL gstpoll.c:980:gst_poll_fd_ctl_write: 0x55de0d459930: fd (fd:0, idx:1), active : 1
0:00:00.019669079  2725 0x55747945d320 DEBUG   structure gststructure.c:2203:gst_structure_parse_field: trying field name 'long-name'
0:00:00.015126262  2726 0x55de0d435320 LOG   GST_POLL gstpoll.c:994:gst_poll_fd_ctl_write: 0x55de0d459930: pfd->events now 60 (POLLOUT:4)
0:00:00.019675837  2725 0x55747945d320 DEBUG   default gstvalue.c:2676:_priv_gst_value_parse_value: trying type name 'string'
0:00:00.015133371  2726 0x55de0d435320 DEBUG   GST_POLL gstpoll.c:980:gst_poll_fd_ctl_write: 0x55de0d459930: fd (fd:0, idx:1), active : 1
0:00:00.019683515  2725 0x55747945d320 DEBUG   structure gststructure.c:2203:gst_structure_parse_field: trying field name 'klass'
0:00:00.015140421  2726 0x55de0d435320 LOG   GST_POLL gstpoll.c:994:gst_poll_fd_ctl_write: 0x55de0d459930: pfd->events now 60 (POLLOUT:4)
0:00:00.019690093  2725 0x55747945d320 DEBUG   default gstvalue.c:2676:_priv_gst_value_parse_value: trying type name 'string'
0:00:00.015152283  2726 0x55de0d435320 DEBUG   GST_POLL gstpoll.c:980:gst_poll_fd_ctl_write: 0x55de0d459930: fd (fd:0, idx:1), active : 1
0:00:00.019700059  2725 0x55747945d320 DEBUG   structure gststructure.c:2203:gst_structure_parse_field: trying field name 'description'
0:00:00.015159419  2726 0x55de0d435320 LOG   GST_POLL gstpoll.c:994:gst_poll_fd_ctl_write: 0x55de0d459930: pfd->events now 60 (POLLOUT:4)
0:00:00.019707080  2725 0x55747945d320 DEBUG   default gstvalue.c:2676:_priv_gst_value_parse_value: trying type name 'string'
0:00:00.015166762  2726 0x55de0d435320 DEBUG   GST_POLL gstpoll.c:980:gst_poll_fd_ctl_write: 0x55de0d459930: fd (fd:0, idx:1), active : 1
0:00:00.019714928  2725 0x55747945d320 DEBUG   structure gststructure.c:2203:gst_structure_parse_field: trying field name 'author'
0:00:00.015173694  2726 0x55de0d435320 LOG   GST_POLL gstpoll.c:994:gst_poll_fd_ctl_write: 0x55de0d459930: pfd->events now 60 (POLLOUT:4)
0:00:00.019722067  2725 0x55747945d320 DEBUG   default gstvalue.c:2676:_priv_gst_value_parse_value: trying type name 'string'
0:00:00.015181002  2726 0x55de0d435320 DEBUG   GST_POLL gstpoll.c:980:gst_poll_fd_ctl_write: 0x55de0d459930: fd (fd:0, idx:1), active : 1
0:00:00.015195223  2726 0x55de0d435320 LOG   GST_POLL gstpoll.c:994:gst_poll_fd_ctl_write: 0x55de0d459930: pfd->events now 60 (POLLOUT:4)
0:00:00.019740331  2725 0x55747945d320 DEBUG   GST_REGISTRY gstregistrychunks.c:626:gst_registry_chunks_load_feature: Element factory : npadtemplates=2
0:00:00.015201974  2726 0x55de0d435320 DEBUG   GST_POLL gstpoll.c:980:gst_poll_fd_ctl_write: 0x55de0d459930: fd (fd:0, idx:1), active : 1
0:00:00.019748892  2725 0x55747945d320 DEBUG   GST_REGISTRY gstregistrychunks.c:526:gst_registry_chunks_load_pad_template: Reading/casting for GstRegistryChunkPadTemplate at address 0x557479483c30
0:00:00.015208897  2726 0x55de0d435320 LOG   GST_POLL gstpoll.c:994:gst_poll_fd_ctl_write: 0x55de0d459930: pfd->events now 60 (POLLOUT:4)
0:00:00.019756593  2725 0x55747945d320 DEBUG   GST_REGISTRY gstregistrychunks.c:539:gst_registry_chunks_load_pad_template: Added pad_template src_%u
0:00:00.015216274  2726 0x55de0d435320 DEBUG   GST_POLL gstpoll.c:980:gst_poll_fd_ctl_write: 0x55de0d459930: fd (fd:0, idx:1), active : 1
0:00:00.019763454  2725 0x55747945d320 DEBUG   GST_REGISTRY gstregistrychunks.c:526:gst_registry_chunks_load_pad_template: Reading/casting for GstRegistryChunkPadTemplate at address 0x557479483c48
0:00:00.015223383  2726 0x55de0d435320 LOG   GST_POLL gstpoll.c:994:gst_poll_fd_ctl_write: 0x55de0d459930: pfd->events now 60 (POLLOUT:4)
0:00:00.019770896  2725 0x55747945d320 DEBUG   GST_REGISTRY gstregistrychunks.c:539:gst_registry_chunks_load_pad_template: Added pad_template sink
0:00:00.015236009  2726 0x55de0d435320 DEBUG   GST_POLL gstpoll.c:980:gst_poll_fd_ctl_write: 0x55de0d459930: fd (fd:0, idx:1), active : 1
0:00:00.019785639  2725 0x55747945d320 DEBUG   GST_REGISTRY gstregistry.c:590:gst_registry_add_feature: adding feature 0x557479486180 (tee)
0:00:00.015242980  2726 0x55de0d435320 LOG   GST_POLL gstpoll.c:994:gst_poll_fd_ctl_write: 0x55de0d459930: pfd->events now 60 (POLLOUT:4)
0:00:00.019798401  2725 0x55747945d320 DEBUG   GST_REFCOUNTING gstobject.c:709:gst_object_set_parent: set parent (ref and sink)
0:00:00.015256255  2726 0x55de0d435320 DEBUG   GST_POLL gstpoll.c:980:gst_poll_fd_ctl_write: 0x55de0d459930: fd (fd:0, idx:1), active : 1
0:00:00.019806926  2725 0x55747945d320 TRACE   GST_REFCOUNTING gstobject.c:294:gst_object_ref_sink: 0x557479486180 ref_sink 1->2
0:00:00.015263194  2726 0x55de0d435320 LOG   GST_POLL gstpoll.c:994:gst_poll_fd_ctl_write: 0x55de0d459930: pfd->events now 60 (POLLOUT:4)
0:00:00.019814505  2725 0x55747945d320 LOG   GST_REGISTRY gstregistry.c:608:gst_registry_add_feature: emitting feature-added for tee
0:00:00.015271648  2726 0x55de0d435320 DEBUG   GST_POLL gstpoll.c:980:gst_poll_fd_ctl_write: 0x55de0d459930: fd (fd:0, idx:1), active : 1
0:00:00.019822242  2725 0x55747945d320 DEBUG   GST_REGISTRY gstregistrychunks.c:741:gst_registry_chunks_load_feature: Added feature tee, plugin 0x557479485250 coreelements
0:00:00.015278505  2726 0x55de0d435320 LOG   GST_POLL gstpoll.c:994:gst_poll_fd_ctl_write: 0x55de0d459930: pfd->events now 60 (POLLOUT:4)
0:00:00.019829765  2725 0x55747945d320 DEBUG   GST_REGISTRY gstregistrychunks.c:583:gst_registry_chunks_load_feature: Plugin 'coreelements' feature 'filesink' typename : 'GstElementFactory'
0:00:00.015286585  2726 0x55de0d435320 DEBUG   GST_POLL gstpoll.c:980:gst_poll_fd_ctl_write: 0x55de0d459930: fd (fd:0, idx:1), active : 1
0:00:00.015293583  2726 0x55de0d435320 LOG   GST_POLL gstpoll.c:994:gst_poll_fd_ctl_write: 0x55de0d459930: pfd->events now 60 (POLLOUT:4)
0:00:00.019838390  2725 0x55747945d320 TRACE   GST_REFCOUNTING gstobject.c:208:gst_object_init: 0x5574794866f0 new
0:00:00.015300730  2726 0x55de0d435320 DEBUG   GST_POLL gstpoll.c:980:gst_poll_fd_ctl_write: 0x55de0d459930: fd (fd:0, idx:1), active : 1
0:00:00.019849621  2725 0x55747945d320 LOG   GST_REGISTRY gstregistrychunks.c:610:gst_registry_chunks_load_feature: Reading/casting for GstRegistryChunkElementFactory at address 0x557479483c78
0:00:00.015307769  2726 0x55de0d435320 LOG   GST_POLL gstpoll.c:994:gst_poll_fd_ctl_write: 0x55de0d459930: pfd->events now 60 (POLLOUT:4)
0:00:00.019857152  2725 0x55747945d320 TRACE   structure gststructure.c:287:gst_structure_new_id_empty_with_size: created structure 0x5574794869f0
0:00:00.015314920  2726 0x55de0d435320 DEBUG   GST_POLL gstpoll.c:980:gst_poll_fd_ctl_write: 0x55de0d459930: fd (fd:0, idx:1), active : 1
0:00:00.019863977  2725 0x55747945d320 DEBUG   structure gststructure.c:2203:gst_structure_parse_field: trying field name 'long-name'
0:00:00.015321605  2726 0x55de0d435320 LOG   GST_POLL gstpoll.c:994:gst_poll_fd_ctl_write: 0x55de0d459930: pfd->events now 60 (POLLOUT:4)
0:00:00.019870606  2725 0x55747945d320 DEBUG   default gstvalue.c:2676:_priv_gst_value_parse_value: trying type name 'string'
0:00:00.015328564  2726 0x55de0d435320 DEBUG   GST_POLL gstpoll.c:980:gst_poll_fd_ctl_write: 0x55de0d459930: fd (fd:0, idx:1), active : 1
0:00:00.019878667  2725 0x55747945d320 DEBUG   structure gststructure.c:2203:gst_structure_parse_field: trying field name 'klass'
0:00:00.015340968  2726 0x55de0d435320 LOG   GST_POLL gstpoll.c:994:gst_poll_fd_ctl_write: 0x55de0d459930: pfd->events now 60 (POLLOUT:4)
0:00:00.019888527  2725 0x55747945d320 DEBUG   default gstvalue.c:2676:_priv_gst_value_parse_value: trying type name 'string'
0:00:00.015348217  2726 0x55de0d435320 DEBUG   GST_POLL gstpoll.c:980:gst_poll_fd_ctl_write: 0x55de0d459930: fd (fd:0, idx:1), active : 1
0:00:00.019896150  2725 0x55747945d320 DEBUG   structure gststructure.c:2203:gst_structure_parse_field: trying field name 'description'
0:00:00.015355297  2726 0x55de0d435320 LOG   GST_POLL gstpoll.c:994:gst_poll_fd_ctl_write: 0x55de0d459930: pfd->events now 60 (POLLOUT:4)
0:00:00.019902826  2725 0x55747945d320 DEBUG   default gstvalue.c:2676:_priv_gst_value_parse_value: trying type name 'string'
0:00:00.015362674  2726 0x55de0d435320 DEBUG   GST_POLL gstpoll.c:980:gst_poll_fd_ctl_write: 0x55de0d459930: fd (fd:0, idx:1), active : 1
0:00:00.019910397  2725 0x55747945d320 DEBUG   structure gststructure.c:2203:gst_structure_parse_field: trying field name 'author'
0:00:00.015369504  2726 0x55de0d435320 LOG   GST_POLL gstpoll.c:994:gst_poll_fd_ctl_write: 0x55de0d459930: pfd->events now 60 (POLLOUT:4)
0:00:00.019917003  2725 0x55747945d320 DEBUG   default gstvalue.c:2676:_priv_gst_value_parse_value: trying type name 'string'
0:00:00.015376486  2726 0x55de0d435320 DEBUG   GST_POLL gstpoll.c:980:gst_poll_fd_ctl_write: 0x55de0d459930: fd (fd:0, idx:1), active : 1
0:00:00.019924871  2725 0x55747945d320 DEBUG   GST_REGISTRY gstregistrychunks.c:626:gst_registry_chunks_load_feature: Element factory : npadtemplates=1
0:00:00.015383234  2726 0x55de0d435320 LOG   GST_POLL gstpoll.c:994:gst_poll_fd_ctl_write: 0x55de0d459930: pfd->events now 60 (POLLOUT:4)
0:00:00.019931347  2725 0x55747945d320 DEBUG   GST_REGISTRY gstregistrychunks.c:526:gst_registry_chunks_load_pad_template: Reading/casting for GstRegistryChunkPadTemplate at address 0x557479483d58
0:00:00.015390186  2726 0x55de0d435320 DEBUG   GST_POLL gstpoll.c:980:gst_poll_fd_ctl_write: 0x55de0d459930: fd (fd:0, idx:1), active : 1
0:00:00.019937973  2725 0x55747945d320 DEBUG   GST_REGISTRY gstregistrychunks.c:539:gst_registry_chunks_load_pad_template: Added pad_template sink
0:00:00.015397083  2726 0x55de0d435320 LOG   GST_POLL gstpoll.c:994:gst_poll_fd_ctl_write: 0x55de0d459930: pfd->events now 60 (POLLOUT:4)
0:00:00.019945125  2725 0x55747945d320 DEBUG   GST_REGISTRY gstregistrychunks.c:639:gst_registry_chunks_load_feature: Reading 1 UriTypes at address 0x557479483d69
0:00:00.015404083  2726 0x55de0d435320 DEBUG   GST_POLL gstpoll.c:980:gst_poll_fd_ctl_write: 0x55de0d459930: fd (fd:0, idx:1), active : 1
0:00:00.019952637  2725 0x55747945d320 DEBUG   GST_REGISTRY gstregistrychunks.c:654:gst_registry_chunks_load_feature: Reading 1 Interfaces at address 0x557479483d79
0:00:00.015410897  2726 0x55de0d435320 LOG   GST_POLL gstpoll.c:994:gst_poll_fd_ctl_write: 0x55de0d459930: pfd->events now 60 (POLLOUT:4)
0:00:00.019961291  2725 0x55747945d320 DEBUG   GST_REGISTRY gstregistry.c:590:gst_registry_add_feature: adding feature 0x5574794866f0 (filesink)
0:00:00.015422586  2726 0x55de0d435320 DEBUG   GST_POLL gstpoll.c:980:gst_poll_fd_ctl_write: 0x55de0d459930: fd (fd:0, idx:1), active : 1
0:00:00.019969679  2725 0x55747945d320 DEBUG   GST_REFCOUNTING gstobject.c:709:gst_object_set_parent: set parent (ref and sink)
0:00:00.015429944  2726 0x55de0d435320 LOG   GST_POLL gstpoll.c:994:gst_poll_fd_ctl_write: 0x55de0d459930: pfd->events now 60 (POLLOUT:4)
0:00:00.019978137  2725 0x55747945d320 TRACE   GST_REFCOUNTING gstobject.c:294:gst_object_ref_sink: 0x5574794866f0 ref_sink 1->2
0:00:00.015437069  2726 0x55de0d435320 DEBUG   GST_POLL gstpoll.c:980:gst_poll_fd_ctl_write: 0x55de0d459930: fd (fd:0, idx:1), active : 1
0:00:00.019985937  2725 0x55747945d320 LOG   GST_REGISTRY gstregistry.c:608:gst_registry_add_feature: emitting feature-added for filesink
0:00:00.015444222  2726 0x55de0d435320 LOG   GST_POLL gstpoll.c:994:gst_poll_fd_ctl_write: 0x55de0d459930: pfd->events now 60 (POLLOUT:4)
0:00:00.019993617  2725 0x55747945d320 DEBUG   GST_REGISTRY gstregistrychunks.c:741:gst_registry_chunks_load_feature: Added feature filesink, plugin 0x557479485250 coreelements
0:00:00.015451495  2726 0x55de0d435320 DEBUG   GST_POLL gstpoll.c:980:gst_poll_fd_ctl_write: 0x55de0d459930: fd (fd:0, idx:1), active : 1
0:00:00.020001082  2725 0x55747945d320 DEBUG   GST_REGISTRY gstregistrychunks.c:583:gst_registry_chunks_load_feature: Plugin 'coreelements' feature 'queue2' typename : 'GstElementFactory'
0:00:00.015458426  2726 0x55de0d435320 LOG   GST_POLL gstpoll.c:994:gst_poll_fd_ctl_write: 0x55de0d459930: pfd->events now 60 (POLLOUT:4)
0:00:00.020009492  2725 0x55747945d320 TRACE   GST_REFCOUNTING gstobject.c:208:gst_object_init: 0x557479486de0 new
0:00:00.015465961  2726 0x55de0d435320 DEBUG   GST_POLL gstpoll.c:980:gst_poll_fd_ctl_write: 0x55de0d459930: fd (fd:0, idx:1), active : 1
0:00:00.020017985  2725 0x55747945d320 LOG   GST_REGISTRY gstregistrychunks.c:610:gst_registry_chunks_load_feature: Reading/casting for GstRegistryChunkElementFactory at address 0x557479483da0
0:00:00.015474011  2726 0x55de0d435320 LOG   GST_POLL gstpoll.c:994:gst_poll_fd_ctl_write: 0x55de0d459930: pfd->events now 60 (POLLOUT:4)
0:00:00.015482243  2726 0x55de0d435320 DEBUG   GST_POLL gstpoll.c:980:gst_poll_fd_ctl_write: 0x55de0d459930: fd (fd:0, idx:1), active : 1
0:00:00.020029611  2725 0x55747945d320 TRACE   structure gststructure.c:287:gst_structure_new_id_empty_with_size: created structure 0x557479486f60
0:00:00.015488402  2726 0x55de0d435320 LOG   GST_POLL gstpoll.c:994:gst_poll_fd_ctl_write: 0x55de0d459930: pfd->events now 60 (POLLOUT:4)
0:00:00.020036128  2725 0x55747945d320 DEBUG   structure gststructure.c:2203:gst_structure_parse_field: trying field name 'long-name'
0:00:00.015495691  2726 0x55de0d435320 DEBUG   GST_POLL gstpoll.c:980:gst_poll_fd_ctl_write: 0x55de0d459930: fd (fd:0, idx:1), active : 1
0:00:00.020043150  2725 0x55747945d320 DEBUG   default gstvalue.c:2676:_priv_gst_value_parse_value: trying type name 'string'
0:00:00.015502729  2726 0x55de0d435320 LOG   GST_POLL gstpoll.c:994:gst_poll_fd_ctl_write: 0x55de0d459930: pfd->events now 60 (POLLOUT:4)
0:00:00.020056059  2725 0x55747945d320 DEBUG   structure gststructure.c:2203:gst_structure_parse_field: trying field name 'klass'
0:00:00.015513290  2726 0x55de0d435320 DEBUG   GST_POLL gstpoll.c:980:gst_poll_fd_ctl_write: 0x55de0d459930: fd (fd:0, idx:1), active : 1
0:00:00.020062733  2725 0x55747945d320 DEBUG   default gstvalue.c:2676:_priv_gst_value_parse_value: trying type name 'string'
0:00:00.015520067  2726 0x55de0d435320 LOG   GST_POLL gstpoll.c:994:gst_poll_fd_ctl_write: 0x55de0d459930: pfd->events now 60 (POLLOUT:4)
0:00:00.020070065  2725 0x55747945d320 DEBUG   structure gststructure.c:2203:gst_structure_parse_field: trying field name 'description'
0:00:00.015527118  2726 0x55de0d435320 DEBUG   GST_POLL gstpoll.c:980:gst_poll_fd_ctl_write: 0x55de0d459930: fd (fd:0, idx:1), active : 1
0:00:00.020076509  2725 0x55747945d320 DEBUG   default gstvalue.c:2676:_priv_gst_value_parse_value: trying type name 'string'
0:00:00.015533873  2726 0x55de0d435320 LOG   GST_POLL gstpoll.c:994:gst_poll_fd_ctl_write: 0x55de0d459930: pfd->events now 60 (POLLOUT:4)
0:00:00.020084285  2725 0x55747945d320 DEBUG   structure gststructure.c:2203:gst_structure_parse_field: trying field name 'author'
0:00:00.015541240  2726 0x55de0d435320 DEBUG   GST_POLL gstpoll.c:980:gst_poll_fd_ctl_write: 0x55de0d459930: fd (fd:0, idx:1), active : 1
0:00:00.020090990  2725 0x55747945d320 DEBUG   default gstvalue.c:2676:_priv_gst_value_parse_value: trying type name 'string'
0:00:00.015548013  2726 0x55de0d435320 LOG   GST_POLL gstpoll.c:994:gst_poll_fd_ctl_write: 0x55de0d459930: pfd->events now 60 (POLLOUT:4)
0:00:00.020099374  2725 0x55747945d320 DEBUG   GST_REGISTRY gstregistrychunks.c:626:gst_registry_chunks_load_feature: Element factory : npadtemplates=2
0:00:00.015555036  2726 0x55de0d435320 DEBUG   GST_POLL gstpoll.c:980:gst_poll_fd_ctl_write: 0x55de0d459930: fd (fd:0, idx:1), active : 1
0:00:00.020106022  2725 0x55747945d320 DEBUG   GST_REGISTRY gstregistrychunks.c:526:gst_registry_chunks_load_pad_template: Reading/casting for GstRegistryChunkPadTemplate at address 0x557479483e90
0:00:00.015563122  2726 0x55de0d435320 LOG   GST_POLL gstpoll.c:994:gst_poll_fd_ctl_write: 0x55de0d459930: pfd->events now 60 (POLLOUT:4)
0:00:00.020112434  2725 0x55747945d320 DEBUG   GST_REGISTRY gstregistrychunks.c:539:gst_registry_chunks_load_pad_template: Added pad_template sink
0:00:00.015569994  2726 0x55de0d435320 DEBUG   GST_POLL gstpoll.c:980:gst_poll_fd_ctl_write: 0x55de0d459930: fd (fd:0, idx:1), active : 1
0:00:00.020118799  2725 0x55747945d320 DEBUG   GST_REGISTRY gstregistrychunks.c:526:gst_registry_chunks_load_pad_template: Reading/casting for GstRegistryChunkPadTemplate at address 0x557479483ea8
0:00:00.015576778  2726 0x55de0d435320 LOG   GST_POLL gstpoll.c:994:gst_poll_fd_ctl_write: 0x55de0d459930: pfd->events now 60 (POLLOUT:4)
0:00:00.020125517  2725 0x55747945d320 DEBUG   GST_REGISTRY gstregistrychunks.c:539:gst_registry_chunks_load_pad_template: Added pad_template src
0:00:00.015583678  2726 0x55de0d435320 DEBUG   GST_POLL gstpoll.c:980:gst_poll_fd_ctl_write: 0x55de0d459930: fd (fd:0, idx:1), active : 1
0:00:00.020137605  2725 0x55747945d320 DEBUG   GST_REGISTRY gstregistry.c:590:gst_registry_add_feature: adding feature 0x557479486de0 (queue2)
0:00:00.015593228  2726 0x55de0d435320 LOG   GST_POLL gstpoll.c:994:gst_poll_fd_ctl_write: 0x55de0d459930: pfd->events now 60 (POLLOUT:4)
0:00:00.020159666  2725 0x55747945d320 DEBUG   GST_REFCOUNTING gstobject.c:709:gst_object_set_parent: set parent (ref and sink)
0:00:00.020168402  2725 0x55747945d320 TRACE   GST_REFCOUNTING gstobject.c:294:gst_object_ref_sink: 0x557479486de0 ref_sink 1->2
0:00:00.015621443  2726 0x55de0d435320 DEBUG   GST_POLL gstpoll.c:980:gst_poll_fd_ctl_write: 0x55de0d459930: fd (fd:0, idx:1), active : 1
0:00:00.020175459  2725 0x55747945d320 LOG   GST_REGISTRY gstregistry.c:608:gst_registry_add_feature: emitting feature-added for queue2
0:00:00.015634936  2726 0x55de0d435320 LOG   GST_POLL gstpoll.c:994:gst_poll_fd_ctl_write: 0x55de0d459930: pfd->events now 60 (POLLOUT:4)
0:00:00.020182965  2725 0x55747945d320 DEBUG   GST_REGISTRY gstregistrychunks.c:741:gst_registry_chunks_load_feature: Added feature queue2, plugin 0x557479485250 coreelements
0:00:00.015644392  2726 0x55de0d435320 DEBUG   GST_POLL gstpoll.c:980:gst_poll_fd_ctl_write: 0x55de0d459930: fd (fd:0, idx:1), active : 1
0:00:00.020192017  2725 0x55747945d320 DEBUG   GST_REGISTRY gstregistrychunks.c:583:gst_registry_chunks_load_feature: Plugin 'coreelements' feature 'queue' typename : 'GstElementFactory'
0:00:00.015651293  2726 0x55de0d435320 LOG   GST_POLL gstpoll.c:994:gst_poll_fd_ctl_write: 0x55de0d459930: pfd->events now 60 (POLLOUT:4)
0:00:00.020201067  2725 0x55747945d320 TRACE   GST_REFCOUNTING gstobject.c:208:gst_object_init: 0x5574794872d0 new
0:00:00.015658368  2726 0x55de0d435320 DEBUG   GST_POLL gstpoll.c:980:gst_poll_fd_ctl_write: 0x55de0d459930: fd (fd:0, idx:1), active : 1
0:00:00.020209927  2725 0x55747945d320 LOG   GST_REGISTRY gstregistrychunks.c:610:gst_registry_chunks_load_feature: Reading/casting for GstRegistryChunkElementFactory at address 0x557479483ed0
0:00:00.015665740  2726 0x55de0d435320 LOG   GST_POLL gstpoll.c:994:gst_poll_fd_ctl_write: 0x55de0d459930: pfd->events now 60 (POLLOUT:4)
0:00:00.020217495  2725 0x55747945d320 TRACE   structure gststructure.c:287:gst_structure_new_id_empty_with_size: created structure 0x557479487620
0:00:00.015674341  2726 0x55de0d435320 DEBUG   GST_POLL gstpoll.c:980:gst_poll_fd_ctl_write: 0x55de0d459930: fd (fd:0, idx:1), active : 1
0:00:00.020224190  2725 0x55747945d320 DEBUG   structure gststructure.c:2203:gst_structure_parse_field: trying field name 'long-name'
0:00:00.015681586  2726 0x55de0d435320 LOG   GST_POLL gstpoll.c:994:gst_poll_fd_ctl_write: 0x55de0d459930: pfd->events now 60 (POLLOUT:4)
0:00:00.020232993  2725 0x55747945d320 DEBUG   default gstvalue.c:2676:_priv_gst_value_parse_value: trying type name 'string'
0:00:00.015689176  2726 0x55de0d435320 DEBUG   GST_POLL gstpoll.c:980:gst_poll_fd_ctl_write: 0x55de0d459930: fd (fd:0, idx:1), active : 1
0:00:00.020241182  2725 0x55747945d320 DEBUG   structure gststructure.c:2203:gst_structure_parse_field: trying field name 'klass'
0:00:00.015702819  2726 0x55de0d435320 LOG   GST_POLL gstpoll.c:994:gst_poll_fd_ctl_write: 0x55de0d459930: pfd->events now 60 (POLLOUT:4)
0:00:00.020250308  2725 0x55747945d320 DEBUG   default gstvalue.c:2676:_priv_gst_value_parse_value: trying type name 'string'
0:00:00.015710045  2726 0x55de0d435320 DEBUG   GST_POLL gstpoll.c:980:gst_poll_fd_ctl_write: 0x55de0d459930: fd (fd:0, idx:1), active : 1
0:00:00.020257743  2725 0x55747945d320 DEBUG   structure gststructure.c:2203:gst_structure_parse_field: trying field name 'description'
0:00:00.015717288  2726 0x55de0d435320 LOG   GST_POLL gstpoll.c:994:gst_poll_fd_ctl_write: 0x55de0d459930: pfd->events now 60 (POLLOUT:4)
0:00:00.020264836  2725 0x55747945d320 DEBUG   default gstvalue.c:2676:_priv_gst_value_parse_value: trying type name 'string'
0:00:00.015724442  2726 0x55de0d435320 DEBUG   GST_POLL gstpoll.c:980:gst_poll_fd_ctl_write: 0x55de0d459930: fd (fd:0, idx:1), active : 1
0:00:00.020272429  2725 0x55747945d320 DEBUG   structure gststructure.c:2203:gst_structure_parse_field: trying field name 'author'
0:00:00.015731227  2726 0x55de0d435320 LOG   GST_POLL gstpoll.c:994:gst_poll_fd_ctl_write: 0x55de0d459930: pfd->events now 60 (POLLOUT:4)
0:00:00.020279050  2725 0x55747945d320 DEBUG   default gstvalue.c:2676:_priv_gst_value_parse_value: trying type name 'string'
0:00:00.015738316  2726 0x55de0d435320 DEBUG   GST_POLL gstpoll.c:980:gst_poll_fd_ctl_write: 0x55de0d459930: fd (fd:0, idx:1), active : 1
0:00:00.020286856  2725 0x55747945d320 DEBUG   GST_REGISTRY gstregistrychunks.c:626:gst_registry_chunks_load_feature: Element factory : npadtemplates=2
0:00:00.015745046  2726 0x55de0d435320 LOG   GST_POLL gstpoll.c:994:gst_poll_fd_ctl_write: 0x55de0d459930: pfd->events now 60 (POLLOUT:4)
0:00:00.020293140  2725 0x55747945d320 DEBUG   GST_REGISTRY gstregistrychunks.c:526:gst_registry_chunks_load_pad_template: Reading/casting for GstRegistryChunkPadTemplate at address 0x557479483f88
0:00:00.015752227  2726 0x55de0d435320 DEBUG   GST_POLL gstpoll.c:980:gst_poll_fd_ctl_write: 0x55de0d459930: fd (fd:0, idx:1), active : 1
0:00:00.020299841  2725 0x55747945d320 DEBUG   GST_REGISTRY gstregistrychunks.c:539:gst_registry_chunks_load_pad_template: Added pad_template sink
0:00:00.015758930  2726 0x55de0d435320 LOG   GST_POLL gstpoll.c:994:gst_poll_fd_ctl_write: 0x55de0d459930: pfd->events now 60 (POLLOUT:4)
0:00:00.020306159  2725 0x55747945d320 DEBUG   GST_REGISTRY gstregistrychunks.c:526:gst_registry_chunks_load_pad_template: Reading/casting for GstRegistryChunkPadTemplate at address 0x557479483fa0
0:00:00.015765983  2726 0x55de0d435320 DEBUG   GST_POLL gstpoll.c:980:gst_poll_fd_ctl_write: 0x55de0d459930: fd (fd:0, idx:1), active : 1
0:00:00.020313257  2725 0x55747945d320 DEBUG   GST_REGISTRY gstregistrychunks.c:539:gst_registry_chunks_load_pad_template: Added pad_template src
0:00:00.015772911  2726 0x55de0d435320 LOG   GST_POLL gstpoll.c:994:gst_poll_fd_ctl_write: 0x55de0d459930: pfd->events now 60 (POLLOUT:4)
0:00:00.020322210  2725 0x55747945d320 DEBUG   GST_REGISTRY gstregistry.c:590:gst_registry_add_feature: adding feature 0x5574794872d0 (queue)
0:00:00.015783996  2726 0x55de0d435320 DEBUG   GST_POLL gstpoll.c:980:gst_poll_fd_ctl_write: 0x55de0d459930: fd (fd:0, idx:1), active : 1
0:00:00.020331418  2725 0x55747945d320 DEBUG   GST_REFCOUNTING gstobject.c:709:gst_object_set_parent: set parent (ref and sink)
0:00:00.015790944  2726 0x55de0d435320 LOG   GST_POLL gstpoll.c:994:gst_poll_fd_ctl_write: 0x55de0d459930: pfd->events now 60 (POLLOUT:4)
0:00:00.020339600  2725 0x55747945d320 TRACE   GST_REFCOUNTING gstobject.c:294:gst_object_ref_sink: 0x5574794872d0 ref_sink 1->2
0:00:00.015797868  2726 0x55de0d435320 DEBUG   GST_POLL gstpoll.c:980:gst_poll_fd_ctl_write: 0x55de0d459930: fd (fd:0, idx:1), active : 1
0:00:00.020346909  2725 0x55747945d320 LOG   GST_REGISTRY gstregistry.c:608:gst_registry_add_feature: emitting feature-added for queue
0:00:00.015804500  2726 0x55de0d435320 LOG   GST_POLL gstpoll.c:994:gst_poll_fd_ctl_write: 0x55de0d459930: pfd->events now 60 (POLLOUT:4)
0:00:00.020354631  2725 0x55747945d320 DEBUG   GST_REGISTRY gstregistrychunks.c:741:gst_registry_chunks_load_feature: Added feature queue, plugin 0x557479485250 coreelements
0:00:00.015811892  2726 0x55de0d435320 DEBUG   GST_POLL gstpoll.c:980:gst_poll_fd_ctl_write: 0x55de0d459930: fd (fd:0, idx:1), active : 1
