0:00:00.007062711  2725 0x55747945d320 LOG   GST_PLUGIN_LOADING gstpluginloader.c:690:write_one: Writing packet of size 174 bytes to fd 7
0:00:00.007071183  2725 0x55747945d320 DEBUG   GST_POLL gstpoll.c:980:gst_poll_fd_ctl_write: 0x557479482530: fd (fd:7, idx:1), active : 0
0:00:00.007077667  2725 0x55747945d320 LOG   GST_POLL gstpoll.c:994:gst_poll_fd_ctl_write: 0x557479482530: pfd->events now 56 (POLLOUT:4)
0:00:00.007095988  2725 0x55747945d320 DEBUG   GST_REGISTRY gstregistry.c:1384:gst_registry_scan_path_internal: registry changed in path /home/conan/w/prod/BuildSingleReference/.conan/data/gstreamer/1.18.3/_/_/package/7087a3df2991f0089c7fdba3f9b2a18fafecf068/lib/gstreamer-1.0: 0
0:00:00.007105083  2725 0x55747945d320 DEBUG   GST_REGISTRY gstregistry.c:1659:scan_and_update_registry: GST_PLUGIN_SYSTEM_PATH not set
0:00:00.007117649  2725 0x55747945d320 DEBUG   GST_REGISTRY gstregistry.c:1666:scan_and_update_registry: scanning home plugins /home/conan/.local/share/gstreamer-1.0/plugins
0:00:00.007124432  2725 0x55747945d320 DEBUG   GST_REGISTRY gstregistry.c:1380:gst_registry_scan_path_internal: scanning path /home/conan/.local/share/gstreamer-1.0/plugins
0:00:00.007172101  2725 0x55747945d320 DEBUG   GST_REGISTRY gstregistry.c:1384:gst_registry_scan_path_internal: registry changed in path /home/conan/.local/share/gstreamer-1.0/plugins: 0
0:00:00.007189462  2725 0x55747945d320 DEBUG   GST_REGISTRY gstregistry.c:1691:scan_and_update_registry: scanning main plugins /home/conan/w/prod/BuildSingleReference/.conan/data/gstreamer/1.18.3/_/_/package/7087a3df2991f0089c7fdba3f9b2a18fafecf068/lib/gstreamer-1.0
0:00:00.002669361  2726 0x55de0d435320 TRACE   GST_REFCOUNTING gstobject.c:208:gst_object_init: 0x55de0d45af50 new
0:00:00.007229630  2725 0x55747945d320 DEBUG   GST_REGISTRY gstregistry.c:1380:gst_registry_scan_path_internal: scanning path /home/conan/w/prod/BuildSingleReference/.conan/data/gstreamer/1.18.3/_/_/package/7087a3df2991f0089c7fdba3f9b2a18fafecf068/lib/gstreamer-1.0
0:00:00.002696936  2726 0x55de0d435320 LOG   GST_PLUGIN_LOADING gstplugin.c:890:_priv_gst_plugin_load_file_for_registry: Plugin 0x55de0d45af50 for file "/home/conan/w/prod/BuildSingleReference/.conan/data/gstreamer/1.18.3/_/_/package/7087a3df2991f0089c7fdba3f9b2a18fafecf068/lib/gstreamer-1.0/libgstcoretracers.so" prepared, calling entry function...
0:00:00.002708299  2726 0x55de0d435320 LOG   GST_PLUGIN_LOADING gstplugin.c:897:_priv_gst_plugin_load_file_for_registry: Plugin 0x55de0d45af50 for file "/home/conan/w/prod/BuildSingleReference/.conan/data/gstreamer/1.18.3/_/_/package/7087a3df2991f0089c7fdba3f9b2a18fafecf068/lib/gstreamer-1.0/libgstcoretracers.so" prepared, registering...
0:00:00.002715601  2726 0x55de0d435320 LOG   GST_PLUGIN_LOADING gstplugin.c:514:gst_plugin_register_func: plugin "/home/conan/w/prod/BuildSingleReference/.conan/data/gstreamer/1.18.3/_/_/package/7087a3df2991f0089c7fdba3f9b2a18fafecf068/lib/gstreamer-1.0/libgstcoretracers.so" looks good
0:00:00.007274522  2725 0x55747945d320 LOG   GST_REGISTRY gstregistry.c:1300:gst_registry_scan_path_level: file /home/conan/w/prod/BuildSingleReference/.conan/data/gstreamer/1.18.3/_/_/package/7087a3df2991f0089c7fdba3f9b2a18fafecf068/lib/gstreamer-1.0/libgstcoretracers.so looks like a possible module
0:00:00.007283409  2725 0x55747945d320 DEBUG   GST_REGISTRY gstregistry.c:1361:gst_registry_scan_path_level: file /home/conan/w/prod/BuildSingleReference/.conan/data/gstreamer/1.18.3/_/_/package/7087a3df2991f0089c7fdba3f9b2a18fafecf068/lib/gstreamer-1.0/libgstcoretracers.so not yet in registry
0:00:00.007289686  2725 0x55747945d320 DEBUG   GST_REGISTRY gstregistry.c:1172:gst_registry_scan_plugin_file: Using scan-helper to load plugin /home/conan/w/prod/BuildSingleReference/.conan/data/gstreamer/1.18.3/_/_/package/7087a3df2991f0089c7fdba3f9b2a18fafecf068/lib/gstreamer-1.0/libgstcoretracers.so
0:00:00.002751085  2726 0x55de0d435320 TRACE   GST_REFCOUNTING gstobject.c:208:gst_object_init: 0x55de0d45c010 new
0:00:00.007297034  2725 0x55747945d320 LOG   GST_PLUGIN_LOADING gstpluginloader.c:236:plugin_loader_load: Sending file /home/conan/w/prod/BuildSingleReference/.conan/data/gstreamer/1.18.3/_/_/package/7087a3df2991f0089c7fdba3f9b2a18fafecf068/lib/gstreamer-1.0/libgstcoretracers.so to child. tag 2
0:00:00.002761874  2726 0x55de0d435320 DEBUG   GST_TRACER gsttracer.c:169:gst_tracer_register: new tracer factory for latency
0:00:00.007308802  2725 0x55747945d320 DEBUG   GST_POLL gstpoll.c:980:gst_poll_fd_ctl_write: 0x557479482530: fd (fd:7, idx:1), active : 1
0:00:00.007317653  2725 0x55747945d320 LOG   GST_POLL gstpoll.c:994:gst_poll_fd_ctl_write: 0x557479482530: pfd->events now 60 (POLLOUT:4)
0:00:00.002771998  2726 0x55de0d435320 DEBUG   GST_TRACER gsttracer.c:177:gst_tracer_register: tracer factory for 222674832:GstLatencyTracer
0:00:00.007325776  2725 0x55747945d320 DEBUG   GST_POLL gstpoll.c:1414:gst_poll_wait: 0x557479482530: timeout :0:00:01.000000000
0:00:00.002782953  2726 0x55de0d435320 DEBUG   GST_REGISTRY gstregistry.c:590:gst_registry_add_feature: adding feature 0x55de0d45c010 (latency)
0:00:00.002790291  2726 0x55de0d435320 DEBUG   GST_REFCOUNTING gstobject.c:709:gst_object_set_parent: set parent (ref and sink)
0:00:00.007335853  2725 0x55747945d320 LOG   GST_PLUGIN_LOADING gstpluginloader.c:1028:exchange_packets: Poll res = 1. 173 bytes pending for write
0:00:00.002798265  2726 0x55de0d435320 TRACE   GST_REFCOUNTING gstobject.c:294:gst_object_ref_sink: 0x55de0d45c010 ref_sink 1->2
0:00:00.007345542  2725 0x55747945d320 DEBUG   GST_POLL gstpoll.c:1241:gst_poll_fd_has_error: 0x557479482530: fd (fd:8, idx:2) 0
0:00:00.002805916  2726 0x55de0d435320 LOG   GST_REGISTRY gstregistry.c:608:gst_registry_add_feature: emitting feature-added for latency
0:00:00.007353518  2725 0x55747945d320 DEBUG   GST_POLL gstpoll.c:1266:gst_poll_fd_can_read_unlocked: 0x557479482530: fd (fd:8, idx:2) 0
0:00:00.007366991  2725 0x55747945d320 DEBUG   GST_POLL gstpoll.c:1195:gst_poll_fd_has_closed: 0x557479482530: fd (fd:8, idx:2) 0
0:00:00.002821568  2726 0x55de0d435320 TRACE   GST_REFCOUNTING gstobject.c:208:gst_object_init: 0x55de0d45c570 new
0:00:00.007373728  2725 0x55747945d320 DEBUG   GST_POLL gstpoll.c:1241:gst_poll_fd_has_error: 0x557479482530: fd (fd:7, idx:1) 0
0:00:00.002832682  2726 0x55de0d435320 DEBUG   GST_TRACER gsttracer.c:169:gst_tracer_register: new tracer factory for log
0:00:00.007380899  2725 0x55747945d320 DEBUG   GST_POLL gstpoll.c:1335:gst_poll_fd_can_write: 0x557479482530: fd (fd:7, idx:1) 1
0:00:00.002841295  2726 0x55de0d435320 DEBUG   GST_TRACER gsttracer.c:177:gst_tracer_register: tracer factory for 222675888:GstLogTracer
0:00:00.007387649  2725 0x55747945d320 LOG   GST_PLUGIN_LOADING gstpluginloader.c:690:write_one: Writing packet of size 173 bytes to fd 7
0:00:00.002849759  2726 0x55de0d435320 DEBUG   GST_REGISTRY gstregistry.c:590:gst_registry_add_feature: adding feature 0x55de0d45c570 (log)
0:00:00.007398756  2725 0x55747945d320 DEBUG   GST_POLL gstpoll.c:980:gst_poll_fd_ctl_write: 0x557479482530: fd (fd:7, idx:1), active : 0
0:00:00.002856361  2726 0x55de0d435320 DEBUG   GST_REFCOUNTING gstobject.c:709:gst_object_set_parent: set parent (ref and sink)
0:00:00.007405748  2725 0x55747945d320 LOG   GST_POLL gstpoll.c:994:gst_poll_fd_ctl_write: 0x557479482530: pfd->events now 56 (POLLOUT:4)
0:00:00.002864439  2726 0x55de0d435320 TRACE   GST_REFCOUNTING gstobject.c:294:gst_object_ref_sink: 0x55de0d45c570 ref_sink 1->2
0:00:00.002871641  2726 0x55de0d435320 LOG   GST_REGISTRY gstregistry.c:608:gst_registry_add_feature: emitting feature-added for log
0:00:00.007420592  2725 0x55747945d320 LOG   GST_REGISTRY gstregistry.c:1300:gst_registry_scan_path_level: file /home/conan/w/prod/BuildSingleReference/.conan/data/gstreamer/1.18.3/_/_/package/7087a3df2991f0089c7fdba3f9b2a18fafecf068/lib/gstreamer-1.0/libgstcoreelements.so looks like a possible module
0:00:00.007428094  2725 0x55747945d320 DEBUG   GST_REGISTRY gstregistry.c:1361:gst_registry_scan_path_level: file /home/conan/w/prod/BuildSingleReference/.conan/data/gstreamer/1.18.3/_/_/package/7087a3df2991f0089c7fdba3f9b2a18fafecf068/lib/gstreamer-1.0/libgstcoreelements.so not yet in registry
0:00:00.002883606  2726 0x55de0d435320 TRACE   GST_REFCOUNTING gstobject.c:208:gst_object_init: 0x55de0d45c900 new
0:00:00.007434236  2725 0x55747945d320 DEBUG   GST_REGISTRY gstregistry.c:1172:gst_registry_scan_plugin_file: Using scan-helper to load plugin /home/conan/w/prod/BuildSingleReference/.conan/data/gstreamer/1.18.3/_/_/package/7087a3df2991f0089c7fdba3f9b2a18fafecf068/lib/gstreamer-1.0/libgstcoreelements.so
0:00:00.002893679  2726 0x55de0d435320 DEBUG   GST_TRACER gsttracer.c:169:gst_tracer_register: new tracer factory for rusage
0:00:00.007441545  2725 0x55747945d320 LOG   GST_PLUGIN_LOADING gstpluginloader.c:236:plugin_loader_load: Sending file /home/conan/w/prod/BuildSingleReference/.conan/data/gstreamer/1.18.3/_/_/package/7087a3df2991f0089c7fdba3f9b2a18fafecf068/lib/gstreamer-1.0/libgstcoreelements.so to child. tag 3
0:00:00.002902548  2726 0x55de0d435320 DEBUG   GST_TRACER gsttracer.c:177:gst_tracer_register: tracer factory for 222676560:GstRUsageTracer
0:00:00.007453199  2725 0x55747945d320 DEBUG   GST_POLL gstpoll.c:980:gst_poll_fd_ctl_write: 0x557479482530: fd (fd:7, idx:1), active : 1
0:00:00.002910957  2726 0x55de0d435320 DEBUG   GST_REGISTRY gstregistry.c:590:gst_registry_add_feature: adding feature 0x55de0d45c900 (rusage)
0:00:00.007460519  2725 0x55747945d320 LOG   GST_POLL gstpoll.c:994:gst_poll_fd_ctl_write: 0x557479482530: pfd->events now 60 (POLLOUT:4)
0:00:00.002917434  2726 0x55de0d435320 DEBUG   GST_REFCOUNTING gstobject.c:709:gst_object_set_parent: set parent (ref and sink)
0:00:00.007468728  2725 0x55747945d320 DEBUG   GST_POLL gstpoll.c:1414:gst_poll_wait: 0x557479482530: timeout :0:00:01.000000000
0:00:00.002925494  2726 0x55de0d435320 TRACE   GST_REFCOUNTING gstobject.c:294:gst_object_ref_sink: 0x55de0d45c900 ref_sink 1->2
0:00:00.007477379  2725 0x55747945d320 LOG   GST_PLUGIN_LOADING gstpluginloader.c:1028:exchange_packets: Poll res = 1. 174 bytes pending for write
0:00:00.002932927  2726 0x55de0d435320 LOG   GST_REGISTRY gstregistry.c:608:gst_registry_add_feature: emitting feature-added for rusage
0:00:00.007485281  2725 0x55747945d320 DEBUG   GST_POLL gstpoll.c:1241:gst_poll_fd_has_error: 0x557479482530: fd (fd:8, idx:2) 0
0:00:00.007492366  2725 0x55747945d320 DEBUG   GST_POLL gstpoll.c:1266:gst_poll_fd_can_read_unlocked: 0x557479482530: fd (fd:8, idx:2) 0
0:00:00.002947533  2726 0x55de0d435320 TRACE   GST_REFCOUNTING gstobject.c:208:gst_object_init: 0x55de0d45cb40 new
0:00:00.007499018  2725 0x55747945d320 DEBUG   GST_POLL gstpoll.c:1195:gst_poll_fd_has_closed: 0x557479482530: fd (fd:8, idx:2) 0
0:00:00.002957180  2726 0x55de0d435320 DEBUG   GST_TRACER gsttracer.c:169:gst_tracer_register: new tracer factory for stats
0:00:00.007506222  2725 0x55747945d320 DEBUG   GST_POLL gstpoll.c:1241:gst_poll_fd_has_error: 0x557479482530: fd (fd:7, idx:1) 0
0:00:00.002965552  2726 0x55de0d435320 DEBUG   GST_TRACER gsttracer.c:177:gst_tracer_register: tracer factory for 222677696:GstStatsTracer
0:00:00.007513167  2725 0x55747945d320 DEBUG   GST_POLL gstpoll.c:1335:gst_poll_fd_can_write: 0x557479482530: fd (fd:7, idx:1) 1
0:00:00.002973982  2726 0x55de0d435320 DEBUG   GST_REGISTRY gstregistry.c:590:gst_registry_add_feature: adding feature 0x55de0d45cb40 (stats)
0:00:00.007520045  2725 0x55747945d320 LOG   GST_PLUGIN_LOADING gstpluginloader.c:690:write_one: Writing packet of size 174 bytes to fd 7
0:00:00.002980519  2726 0x55de0d435320 DEBUG   GST_REFCOUNTING gstobject.c:709:gst_object_set_parent: set parent (ref and sink)
0:00:00.007530305  2725 0x55747945d320 DEBUG   GST_POLL gstpoll.c:980:gst_poll_fd_ctl_write: 0x557479482530: fd (fd:7, idx:1), active : 0
0:00:00.002988562  2726 0x55de0d435320 TRACE   GST_REFCOUNTING gstobject.c:294:gst_object_ref_sink: 0x55de0d45cb40 ref_sink 1->2
0:00:00.007537110  2725 0x55747945d320 LOG   GST_POLL gstpoll.c:994:gst_poll_fd_ctl_write: 0x557479482530: pfd->events now 56 (POLLOUT:4)
0:00:00.002995841  2726 0x55de0d435320 LOG   GST_REGISTRY gstregistry.c:608:gst_registry_add_feature: emitting feature-added for stats
0:00:00.007557627  2725 0x55747945d320 DEBUG   GST_REGISTRY gstregistry.c:1384:gst_registry_scan_path_internal: registry changed in path /home/conan/w/prod/BuildSingleReference/.conan/data/gstreamer/1.18.3/_/_/package/7087a3df2991f0089c7fdba3f9b2a18fafecf068/lib/gstreamer-1.0: 0
0:00:00.003018336  2726 0x55de0d435320 TRACE   GST_REFCOUNTING gstobject.c:208:gst_object_init: 0x55de0d45ceb0 new
0:00:00.007569811  2725 0x55747945d320 DEBUG   GST_POLL gstpoll.c:980:gst_poll_fd_ctl_write: 0x557479482530: fd (fd:7, idx:1), active : 1
0:00:00.003027885  2726 0x55de0d435320 DEBUG   GST_TRACER gsttracer.c:169:gst_tracer_register: new tracer factory for leaks
0:00:00.007577333  2725 0x55747945d320 LOG   GST_POLL gstpoll.c:994:gst_poll_fd_ctl_write: 0x557479482530: pfd->events now 60 (POLLOUT:4)
0:00:00.003036508  2726 0x55de0d435320 DEBUG   GST_TRACER gsttracer.c:177:gst_tracer_register: tracer factory for 222678480:GstLeaksTracer
0:00:00.007585365  2725 0x55747945d320 DEBUG   GST_POLL gstpoll.c:1414:gst_poll_wait: 0x557479482530: timeout :0:00:01.000000000
0:00:00.003044630  2726 0x55de0d435320 DEBUG   GST_REGISTRY gstregistry.c:590:gst_registry_add_feature: adding feature 0x55de0d45ceb0 (leaks)
0:00:00.007594245  2725 0x55747945d320 LOG   GST_PLUGIN_LOADING gstpluginloader.c:1028:exchange_packets: Poll res = 1. 12 bytes pending for write
0:00:00.003051164  2726 0x55de0d435320 DEBUG   GST_REFCOUNTING gstobject.c:709:gst_object_set_parent: set parent (ref and sink)
0:00:00.007601702  2725 0x55747945d320 DEBUG   GST_POLL gstpoll.c:1241:gst_poll_fd_has_error: 0x557479482530: fd (fd:8, idx:2) 0
0:00:00.003058634  2726 0x55de0d435320 TRACE   GST_REFCOUNTING gstobject.c:294:gst_object_ref_sink: 0x55de0d45ceb0 ref_sink 1->2
0:00:00.007608748  2725 0x55747945d320 DEBUG   GST_POLL gstpoll.c:1266:gst_poll_fd_can_read_unlocked: 0x557479482530: fd (fd:8, idx:2) 0
0:00:00.003065836  2726 0x55de0d435320 LOG   GST_REGISTRY gstregistry.c:608:gst_registry_add_feature: emitting feature-added for leaks
0:00:00.007615764  2725 0x55747945d320 DEBUG   GST_POLL gstpoll.c:1195:gst_poll_fd_has_closed: 0x557479482530: fd (fd:8, idx:2) 0
0:00:00.003073018  2726 0x55de0d435320 LOG   GST_PLUGIN_LOADING gstplugin.c:541:gst_plugin_register_func: plugin "/home/conan/w/prod/BuildSingleReference/.conan/data/gstreamer/1.18.3/_/_/package/7087a3df2991f0089c7fdba3f9b2a18fafecf068/lib/gstreamer-1.0/libgstcoretracers.so" initialised
0:00:00.007622773  2725 0x55747945d320 DEBUG   GST_POLL gstpoll.c:1241:gst_poll_fd_has_error: 0x557479482530: fd (fd:7, idx:1) 0
0:00:00.003081769  2726 0x55de0d435320 INFO   GST_PLUGIN_LOADING gstplugin.c:915:_priv_gst_plugin_load_file_for_registry: plugin "/home/conan/w/prod/BuildSingleReference/.conan/data/gstreamer/1.18.3/_/_/package/7087a3df2991f0089c7fdba3f9b2a18fafecf068/lib/gstreamer-1.0/libgstcoretracers.so" loaded
0:00:00.007629976  2725 0x55747945d320 DEBUG   GST_POLL gstpoll.c:1335:gst_poll_fd_can_write: 0x557479482530: fd (fd:7, idx:1) 1
0:00:00.003089886  2726 0x55de0d435320 TRACE   GST_REFCOUNTING gstobject.c:238:gst_object_ref: 0x55de0d45af50 ref 1->2
0:00:00.007640625  2725 0x55747945d320 LOG   GST_PLUGIN_LOADING gstpluginloader.c:690:write_one: Writing packet of size 12 bytes to fd 7
0:00:00.003099657  2726 0x55de0d435320 DEBUG   GST_REGISTRY gstregistry.c:474:gst_registry_add_plugin: adding plugin 0x55de0d45af50 for filename "/home/conan/w/prod/BuildSingleReference/.conan/data/gstreamer/1.18.3/_/_/package/7087a3df2991f0089c7fdba3f9b2a18fafecf068/lib/gstreamer-1.0/libgstcoretracers.so"
0:00:00.007649348  2725 0x55747945d320 DEBUG   GST_POLL gstpoll.c:980:gst_poll_fd_ctl_write: 0x557479482530: fd (fd:7, idx:1), active : 0
0:00:00.003108095  2726 0x55de0d435320 TRACE   GST_REFCOUNTING gstobject.c:294:gst_object_ref_sink: 0x55de0d45af50 ref_sink 2->3
0:00:00.007656318  2725 0x55747945d320 LOG   GST_POLL gstpoll.c:994:gst_poll_fd_ctl_write: 0x557479482530: pfd->events now 56 (POLLOUT:4)
0:00:00.003115767  2726 0x55de0d435320 LOG   GST_REGISTRY gstregistry.c:487:gst_registry_add_plugin: emitting plugin-added for filename "/home/conan/w/prod/BuildSingleReference/.conan/data/gstreamer/1.18.3/_/_/package/7087a3df2991f0089c7fdba3f9b2a18fafecf068/lib/gstreamer-1.0/libgstcoretracers.so"
0:00:00.007664470  2725 0x55747945d320 DEBUG   GST_POLL gstpoll.c:1414:gst_poll_wait: 0x557479482530: timeout :0:00:01.000000000
0:00:00.003124244  2726 0x55de0d435320 TRACE   GST_REFCOUNTING gstobject.c:238:gst_object_ref: 0x55de0d45ceb0 ref 1->2
0:00:00.003132619  2726 0x55de0d435320 TRACE   GST_REFCOUNTING gstobject.c:238:gst_object_ref: 0x55de0d45cb40 ref 1->2
0:00:00.003139731  2726 0x55de0d435320 TRACE   GST_REFCOUNTING gstobject.c:238:gst_object_ref: 0x55de0d45c900 ref 1->2
0:00:00.003147191  2726 0x55de0d435320 TRACE   GST_REFCOUNTING gstobject.c:238:gst_object_ref: 0x55de0d45c570 ref 1->2
0:00:00.003154662  2726 0x55de0d435320 TRACE   GST_REFCOUNTING gstobject.c:238:gst_object_ref: 0x55de0d45c010 ref 1->2
0:00:00.003170677  2726 0x55de0d435320 TRACE   GST_REFCOUNTING gstobject.c:265:gst_object_unref: 0x55de0d45c010 unref 2->1
0:00:00.003178896  2726 0x55de0d435320 TRACE   GST_REFCOUNTING gstobject.c:265:gst_object_unref: 0x55de0d45c570 unref 2->1
0:00:00.003185979  2726 0x55de0d435320 TRACE   GST_REFCOUNTING gstobject.c:265:gst_object_unref: 0x55de0d45c900 unref 2->1
0:00:00.003192871  2726 0x55de0d435320 TRACE   GST_REFCOUNTING gstobject.c:265:gst_object_unref: 0x55de0d45cb40 unref 2->1
0:00:00.003199729  2726 0x55de0d435320 TRACE   GST_REFCOUNTING gstobject.c:265:gst_object_unref: 0x55de0d45ceb0 unref 2->1
0:00:00.003209259  2726 0x55de0d435320 DEBUG   GST_REGISTRY gstregistrychunks.c:498:_priv_gst_registry_chunks_save_plugin: Found 5 features in plugin 0x55de0d45af50 (coretracers)
0:00:00.003220551  2726 0x55de0d435320 DEBUG   GST_POLL gstpoll.c:980:gst_poll_fd_ctl_write: 0x55de0d459930: fd (fd:0, idx:1), active : 1
0:00:00.003245637  2726 0x55de0d435320 LOG   GST_POLL gstpoll.c:994:gst_poll_fd_ctl_write: 0x55de0d459930: pfd->events now 60 (POLLOUT:4)
0:00:00.003258288  2726 0x55de0d435320 DEBUG   GST_POLL gstpoll.c:980:gst_poll_fd_ctl_write: 0x55de0d459930: fd (fd:0, idx:1), active : 1
0:00:00.003265416  2726 0x55de0d435320 LOG   GST_POLL gstpoll.c:994:gst_poll_fd_ctl_write: 0x55de0d459930: pfd->events now 60 (POLLOUT:4)
0:00:00.003272904  2726 0x55de0d435320 DEBUG   GST_POLL gstpoll.c:980:gst_poll_fd_ctl_write: 0x55de0d459930: fd (fd:0, idx:1), active : 1
0:00:00.003279491  2726 0x55de0d435320 LOG   GST_POLL gstpoll.c:994:gst_poll_fd_ctl_write: 0x55de0d459930: pfd->events now 60 (POLLOUT:4)
0:00:00.003286333  2726 0x55de0d435320 DEBUG   GST_POLL gstpoll.c:980:gst_poll_fd_ctl_write: 0x55de0d459930: fd (fd:0, idx:1), active : 1
0:00:00.003292584  2726 0x55de0d435320 LOG   GST_POLL gstpoll.c:994:gst_poll_fd_ctl_write: 0x55de0d459930: pfd->events now 60 (POLLOUT:4)
0:00:00.003299064  2726 0x55de0d435320 DEBUG   GST_POLL gstpoll.c:980:gst_poll_fd_ctl_write: 0x55de0d459930: fd (fd:0, idx:1), active : 1
0:00:00.003305219  2726 0x55de0d435320 LOG   GST_POLL gstpoll.c:994:gst_poll_fd_ctl_write: 0x55de0d459930: pfd->events now 60 (POLLOUT:4)
0:00:00.003311669  2726 0x55de0d435320 DEBUG   GST_POLL gstpoll.c:980:gst_poll_fd_ctl_write: 0x55de0d459930: fd (fd:0, idx:1), active : 1
0:00:00.003317828  2726 0x55de0d435320 LOG   GST_POLL gstpoll.c:994:gst_poll_fd_ctl_write: 0x55de0d459930: pfd->events now 60 (POLLOUT:4)
0:00:00.003324234  2726 0x55de0d435320 DEBUG   GST_POLL gstpoll.c:980:gst_poll_fd_ctl_write: 0x55de0d459930: fd (fd:0, idx:1), active : 1
0:00:00.003330535  2726 0x55de0d435320 LOG   GST_POLL gstpoll.c:994:gst_poll_fd_ctl_write: 0x55de0d459930: pfd->events now 60 (POLLOUT:4)
0:00:00.003337039  2726 0x55de0d435320 DEBUG   GST_POLL gstpoll.c:980:gst_poll_fd_ctl_write: 0x55de0d459930: fd (fd:0, idx:1), active : 1
0:00:00.003343230  2726 0x55de0d435320 LOG   GST_POLL gstpoll.c:994:gst_poll_fd_ctl_write: 0x55de0d459930: pfd->events now 60 (POLLOUT:4)
0:00:00.003349706  2726 0x55de0d435320 DEBUG   GST_POLL gstpoll.c:980:gst_poll_fd_ctl_write: 0x55de0d459930: fd (fd:0, idx:1), active : 1
0:00:00.003355887  2726 0x55de0d435320 LOG   GST_POLL gstpoll.c:994:gst_poll_fd_ctl_write: 0x55de0d459930: pfd->events now 60 (POLLOUT:4)
0:00:00.003362418  2726 0x55de0d435320 DEBUG   GST_POLL gstpoll.c:980:gst_poll_fd_ctl_write: 0x55de0d459930: fd (fd:0, idx:1), active : 1
0:00:00.003368629  2726 0x55de0d435320 LOG   GST_POLL gstpoll.c:994:gst_poll_fd_ctl_write: 0x55de0d459930: pfd->events now 60 (POLLOUT:4)
0:00:00.003375153  2726 0x55de0d435320 DEBUG   GST_POLL gstpoll.c:980:gst_poll_fd_ctl_write: 0x55de0d459930: fd (fd:0, idx:1), active : 1
0:00:00.003381407  2726 0x55de0d435320 LOG   GST_POLL gstpoll.c:994:gst_poll_fd_ctl_write: 0x55de0d459930: pfd->events now 60 (POLLOUT:4)
0:00:00.003388028  2726 0x55de0d435320 DEBUG   GST_POLL gstpoll.c:980:gst_poll_fd_ctl_write: 0x55de0d459930: fd (fd:0, idx:1), active : 1
0:00:00.003394326  2726 0x55de0d435320 LOG   GST_POLL gstpoll.c:994:gst_poll_fd_ctl_write: 0x55de0d459930: pfd->events now 60 (POLLOUT:4)
0:00:00.003400864  2726 0x55de0d435320 DEBUG   GST_POLL gstpoll.c:980:gst_poll_fd_ctl_write: 0x55de0d459930: fd (fd:0, idx:1), active : 1
0:00:00.003411634  2726 0x55de0d435320 LOG   GST_POLL gstpoll.c:994:gst_poll_fd_ctl_write: 0x55de0d459930: pfd->events now 60 (POLLOUT:4)
0:00:00.003418084  2726 0x55de0d435320 DEBUG   GST_POLL gstpoll.c:980:gst_poll_fd_ctl_write: 0x55de0d459930: fd (fd:0, idx:1), active : 1
0:00:00.003424308  2726 0x55de0d435320 LOG   GST_POLL gstpoll.c:994:gst_poll_fd_ctl_write: 0x55de0d459930: pfd->events now 60 (POLLOUT:4)
0:00:00.003430734  2726 0x55de0d435320 DEBUG   GST_POLL gstpoll.c:980:gst_poll_fd_ctl_write: 0x55de0d459930: fd (fd:0, idx:1), active : 1
0:00:00.003436902  2726 0x55de0d435320 LOG   GST_POLL gstpoll.c:994:gst_poll_fd_ctl_write: 0x55de0d459930: pfd->events now 60 (POLLOUT:4)
0:00:00.003443513  2726 0x55de0d435320 DEBUG   GST_POLL gstpoll.c:980:gst_poll_fd_ctl_write: 0x55de0d459930: fd (fd:0, idx:1), active : 1
0:00:00.003449590  2726 0x55de0d435320 LOG   GST_POLL gstpoll.c:994:gst_poll_fd_ctl_write: 0x55de0d459930: pfd->events now 60 (POLLOUT:4)
0:00:00.003455946  2726 0x55de0d435320 DEBUG   GST_POLL gstpoll.c:980:gst_poll_fd_ctl_write: 0x55de0d459930: fd (fd:0, idx:1), active : 1
0:00:00.003462048  2726 0x55de0d435320 LOG   GST_POLL gstpoll.c:994:gst_poll_fd_ctl_write: 0x55de0d459930: pfd->events now 60 (POLLOUT:4)
0:00:00.003468502  2726 0x55de0d435320 DEBUG   GST_POLL gstpoll.c:980:gst_poll_fd_ctl_write: 0x55de0d459930: fd (fd:0, idx:1), active : 1
0:00:00.003474627  2726 0x55de0d435320 LOG   GST_POLL gstpoll.c:994:gst_poll_fd_ctl_write: 0x55de0d459930: pfd->events now 60 (POLLOUT:4)
0:00:00.003481025  2726 0x55de0d435320 DEBUG   GST_POLL gstpoll.c:980:gst_poll_fd_ctl_write: 0x55de0d459930: fd (fd:0, idx:1), active : 1
0:00:00.003487159  2726 0x55de0d435320 LOG   GST_POLL gstpoll.c:994:gst_poll_fd_ctl_write: 0x55de0d459930: pfd->events now 60 (POLLOUT:4)
0:00:00.003493536  2726 0x55de0d435320 DEBUG   GST_POLL gstpoll.c:980:gst_poll_fd_ctl_write: 0x55de0d459930: fd (fd:0, idx:1), active : 1
0:00:00.003499677  2726 0x55de0d435320 LOG   GST_POLL gstpoll.c:994:gst_poll_fd_ctl_write: 0x55de0d459930: pfd->events now 60 (POLLOUT:4)
0:00:00.003506080  2726 0x55de0d435320 DEBUG   GST_POLL gstpoll.c:980:gst_poll_fd_ctl_write: 0x55de0d459930: fd (fd:0, idx:1), active : 1
0:00:00.003512312  2726 0x55de0d435320 LOG   GST_POLL gstpoll.c:994:gst_poll_fd_ctl_write: 0x55de0d459930: pfd->events now 60 (POLLOUT:4)
0:00:00.003518712  2726 0x55de0d435320 DEBUG   GST_POLL gstpoll.c:980:gst_poll_fd_ctl_write: 0x55de0d459930: fd (fd:0, idx:1), active : 1
0:00:00.003524825  2726 0x55de0d435320 LOG   GST_POLL gstpoll.c:994:gst_poll_fd_ctl_write: 0x55de0d459930: pfd->events now 60 (POLLOUT:4)
0:00:00.003531194  2726 0x55de0d435320 DEBUG   GST_POLL gstpoll.c:980:gst_poll_fd_ctl_write: 0x55de0d459930: fd (fd:0, idx:1), active : 1
0:00:00.003537375  2726 0x55de0d435320 LOG   GST_POLL gstpoll.c:994:gst_poll_fd_ctl_write: 0x55de0d459930: pfd->events now 60 (POLLOUT:4)
0:00:00.003543859  2726 0x55de0d435320 DEBUG   GST_POLL gstpoll.c:980:gst_poll_fd_ctl_write: 0x55de0d459930: fd (fd:0, idx:1), active : 1
0:00:00.003553954  2726 0x55de0d435320 LOG   GST_POLL gstpoll.c:994:gst_poll_fd_ctl_write: 0x55de0d459930: pfd->events now 60 (POLLOUT:4)
0:00:00.003560569  2726 0x55de0d435320 DEBUG   GST_POLL gstpoll.c:980:gst_poll_fd_ctl_write: 0x55de0d459930: fd (fd:0, idx:1), active : 1
0:00:00.003566633  2726 0x55de0d435320 LOG   GST_POLL gstpoll.c:994:gst_poll_fd_ctl_write: 0x55de0d459930: pfd->events now 60 (POLLOUT:4)
0:00:00.003572999  2726 0x55de0d435320 DEBUG   GST_POLL gstpoll.c:980:gst_poll_fd_ctl_write: 0x55de0d459930: fd (fd:0, idx:1), active : 1
0:00:00.003579080  2726 0x55de0d435320 LOG   GST_POLL gstpoll.c:994:gst_poll_fd_ctl_write: 0x55de0d459930: pfd->events now 60 (POLLOUT:4)
0:00:00.003585616  2726 0x55de0d435320 DEBUG   GST_POLL gstpoll.c:980:gst_poll_fd_ctl_write: 0x55de0d459930: fd (fd:0, idx:1), active : 1
0:00:00.003591830  2726 0x55de0d435320 LOG   GST_POLL gstpoll.c:994:gst_poll_fd_ctl_write: 0x55de0d459930: pfd->events now 60 (POLLOUT:4)
0:00:00.003622886  2726 0x55de0d435320 TRACE   GST_REFCOUNTING gstobject.c:265:gst_object_unref: 0x55de0d45af50 unref 2->1
0:00:00.003640290  2726 0x55de0d435320 DEBUG   GST_POLL gstpoll.c:1241:gst_poll_fd_has_error: 0x55de0d459930: fd (fd:0, idx:1) 0
0:00:00.003649899  2726 0x55de0d435320 DEBUG   GST_POLL gstpoll.c:1335:gst_poll_fd_can_write: 0x55de0d459930: fd (fd:0, idx:1) 0
0:00:00.003656807  2726 0x55de0d435320 DEBUG   GST_POLL gstpoll.c:1195:gst_poll_fd_has_closed: 0x55de0d459930: fd (fd:0, idx:1) 0
0:00:00.003664641  2726 0x55de0d435320 DEBUG   GST_POLL gstpoll.c:1414:gst_poll_wait: 0x55de0d459930: timeout :0:00:01.000000000
0:00:00.003675398  2726 0x55de0d435320 LOG   GST_PLUGIN_LOADING gstpluginloader.c:1028:exchange_packets: Poll res = 2. 488 bytes pending for write
0:00:00.003682672  2726 0x55de0d435320 DEBUG   GST_POLL gstpoll.c:1241:gst_poll_fd_has_error: 0x55de0d459930: fd (fd:5, idx:2) 0
0:00:00.003689268  2726 0x55de0d435320 DEBUG   GST_POLL gstpoll.c:1266:gst_poll_fd_can_read_unlocked: 0x55de0d459930: fd (fd:5, idx:2) 1
0:00:00.003700053  2726 0x55de0d435320 DEBUG   GST_PLUGIN_LOADING gstpluginloader.c:722:do_plugin_load: Plugin scanner loading file /home/conan/w/prod/BuildSingleReference/.conan/data/gstreamer/1.18.3/_/_/package/7087a3df2991f0089c7fdba3f9b2a18fafecf068/lib/gstreamer-1.0/libgstcoreelements.so. tag 1
0:00:00.003707855  2726 0x55de0d435320 DEBUG   GST_PLUGIN_LOADING gstplugin.c:768:_priv_gst_plugin_load_file_for_registry: attempt to load plugin "/home/conan/w/prod/BuildSingleReference/.conan/data/gstreamer/1.18.3/_/_/package/7087a3df2991f0089c7fdba3f9b2a18fafecf068/lib/gstreamer-1.0/libgstcoreelements.so"
0:00:00.004114415  2726 0x55de0d435320 TRACE   GST_REFCOUNTING gstobject.c:208:gst_object_init: 0x55de0d45d450 new
0:00:00.004137370  2726 0x55de0d435320 LOG   GST_PLUGIN_LOADING gstplugin.c:890:_priv_gst_plugin_load_file_for_registry: Plugin 0x55de0d45d450 for file "/home/conan/w/prod/BuildSingleReference/.conan/data/gstreamer/1.18.3/_/_/package/7087a3df2991f0089c7fdba3f9b2a18fafecf068/lib/gstreamer-1.0/libgstcoreelements.so" prepared, calling entry function...
0:00:00.004147469  2726 0x55de0d435320 LOG   GST_PLUGIN_LOADING gstplugin.c:897:_priv_gst_plugin_load_file_for_registry: Plugin 0x55de0d45d450 for file "/home/conan/w/prod/BuildSingleReference/.conan/data/gstreamer/1.18.3/_/_/package/7087a3df2991f0089c7fdba3f9b2a18fafecf068/lib/gstreamer-1.0/libgstcoreelements.so" prepared, registering...
0:00:00.004161286  2726 0x55de0d435320 LOG   GST_PLUGIN_LOADING gstplugin.c:514:gst_plugin_register_func: plugin "/home/conan/w/prod/BuildSingleReference/.conan/data/gstreamer/1.18.3/_/_/package/7087a3df2991f0089c7fdba3f9b2a18fafecf068/lib/gstreamer-1.0/libgstcoreelements.so" looks good
0:00:00.004191728  2726 0x55de0d435320 TRACE   GST_REFCOUNTING gstobject.c:208:gst_object_init: 0x55de0d45ee10 new
0:00:00.004206897  2726 0x55de0d435320 LOG   GST_ELEMENT_FACTORY gstelementfactory.c:238:gst_element_register: Created new elementfactory for type GstCapsFilter
0:00:00.004216690  2726 0x55de0d435320 TRACE   structure gststructure.c:287:gst_structure_new_id_empty_with_size: created structure 0x55de0d45f420
0:00:00.004223947  2726 0x55de0d435320 TRACE   GST_PERFORMANCE gststructure.c:509:gst_structure_copy: doing copy 0x55de0d4440f0 -> 0x55de0d45f420
0:00:00.004240766  2726 0x55de0d435320 DEBUG   GST_ELEMENT_PADS gstelement.c:312:gst_element_base_class_init: type GstBaseTransform : factory (nil)
0:00:00.004248357  2726 0x55de0d435320 DEBUG   basetransform gstbasetransform.c:333:gst_base_transform_class_init: gst_base_transform_class_init
0:00:00.004262656  2726 0x55de0d435320 TRACE   structure gststructure.c:287:gst_structure_new_id_empty_with_size: created structure 0x55de0d45f970
0:00:00.004269541  2726 0x55de0d435320 TRACE   GST_PERFORMANCE gststructure.c:509:gst_structure_copy: doing copy 0x55de0d45f420 -> 0x55de0d45f970
0:00:00.004276839  2726 0x55de0d435320 DEBUG   GST_ELEMENT_PADS gstelement.c:312:gst_element_base_class_init: type GstCapsFilter : factory 0x55de0d45ee10
0:00:00.004299005  2726 0x55de0d435320 TRACE   GST_CAPS gstcaps.c:263:gst_caps_new_empty: created caps 0x55de0d45dd10
0:00:00.004310410  2726 0x55de0d435320 TRACE   GST_CAPS gstcaps.c:443:gst_static_caps_get: created 0x7fc37a9c8f50 from string ANY
0:00:00.004318108  2726 0x55de0d435320 TRACE   GST_REFCOUNTING gstminiobject.c:466:gst_mini_object_ref: 0x55de0d45dd10 ref 1->2
0:00:00.004349617  2726 0x55de0d435320 TRACE   GST_REFCOUNTING gstobject.c:208:gst_object_init: 0x55de0d460330 new
0:00:00.004362957  2726 0x55de0d435320 TRACE   GST_REFCOUNTING gstminiobject.c:466:gst_mini_object_ref: 0x55de0d45dd10 ref 2->3
0:00:00.004376449  2726 0x55de0d435320 TRACE   GST_REFCOUNTING gstminiobject.c:648:gst_mini_object_unref: 0x55de0d45dd10 unref 3->2
0:00:00.004384699  2726 0x55de0d435320 TRACE   GST_REFCOUNTING gstobject.c:294:gst_object_ref_sink: 0x55de0d460330 ref_sink 1->2
0:00:00.004391861  2726 0x55de0d435320 TRACE   GST_CAPS gstcaps.c:263:gst_caps_new_empty: created caps 0x55de0d45dea0
0:00:00.004398601  2726 0x55de0d435320 TRACE   GST_CAPS gstcaps.c:443:gst_static_caps_get: created 0x7fc37a9c8f10 from string ANY
0:00:00.004405088  2726 0x55de0d435320 TRACE   GST_REFCOUNTING gstminiobject.c:466:gst_mini_object_ref: 0x55de0d45dea0 ref 1->2
0:00:00.004419738  2726 0x55de0d435320 TRACE   GST_REFCOUNTING gstobject.c:208:gst_object_init: 0x55de0d4605c0 new
0:00:00.004429121  2726 0x55de0d435320 TRACE   GST_REFCOUNTING gstminiobject.c:466:gst_mini_object_ref: 0x55de0d45dea0 ref 2->3
0:00:00.004438334  2726 0x55de0d435320 TRACE   GST_REFCOUNTING gstminiobject.c:648:gst_mini_object_unref: 0x55de0d45dea0 unref 3->2
0:00:00.004446249  2726 0x55de0d435320 TRACE   GST_REFCOUNTING gstobject.c:294:gst_object_ref_sink: 0x55de0d4605c0 ref_sink 1->2
0:00:00.004457015  2726 0x55de0d435320 TRACE   structure gststructure.c:287:gst_structure_new_id_empty_with_size: created structure 0x55de0d460970
0:00:00.004464876  2726 0x55de0d435320 TRACE   GST_PERFORMANCE gststructure.c:509:gst_structure_copy: doing copy 0x55de0d45f970 -> 0x55de0d460970
0:00:00.004475684  2726 0x55de0d435320 DEBUG   GST_REGISTRY gstregistry.c:590:gst_registry_add_feature: adding feature 0x55de0d45ee10 (capsfilter)
0:00:00.004483966  2726 0x55de0d435320 DEBUG   GST_REFCOUNTING gstobject.c:709:gst_object_set_parent: set parent (ref and sink)
0:00:00.004491481  2726 0x55de0d435320 TRACE   GST_REFCOUNTING gstobject.c:294:gst_object_ref_sink: 0x55de0d45ee10 ref_sink 1->2
0:00:00.004498444  2726 0x55de0d435320 LOG   GST_REGISTRY gstregistry.c:608:gst_registry_add_feature: emitting feature-added for capsfilter
0:00:00.004511481  2726 0x55de0d435320 TRACE   GST_REFCOUNTING gstobject.c:208:gst_object_init: 0x55de0d460d40 new
0:00:00.004521641  2726 0x55de0d435320 LOG   GST_ELEMENT_FACTORY gstelementfactory.c:238:gst_element_register: Created new elementfactory for type GstClockSync
0:00:00.004532516  2726 0x55de0d435320 TRACE   structure gststructure.c:287:gst_structure_new_id_empty_with_size: created structure 0x55de0d461120
0:00:00.004539161  2726 0x55de0d435320 TRACE   GST_PERFORMANCE gststructure.c:509:gst_structure_copy: doing copy 0x55de0d4440f0 -> 0x55de0d461120
0:00:00.004546009  2726 0x55de0d435320 DEBUG   GST_ELEMENT_PADS gstelement.c:312:gst_element_base_class_init: type GstClockSync : factory 0x55de0d460d40
0:00:00.004559818  2726 0x55de0d435320 TRACE   GST_CAPS gstcaps.c:263:gst_caps_new_empty: created caps 0x55de0d460e70
0:00:00.004566808  2726 0x55de0d435320 TRACE   GST_CAPS gstcaps.c:443:gst_static_caps_get: created 0x7fc37a9c8fd0 from string ANY
0:00:00.004573411  2726 0x55de0d435320 TRACE   GST_REFCOUNTING gstminiobject.c:466:gst_mini_object_ref: 0x55de0d460e70 ref 1->2
0:00:00.004582510  2726 0x55de0d435320 TRACE   GST_REFCOUNTING gstobject.c:208:gst_object_init: 0x55de0d4613e0 new
0:00:00.004591627  2726 0x55de0d435320 TRACE   GST_REFCOUNTING gstminiobject.c:466:gst_mini_object_ref: 0x55de0d460e70 ref 2->3
0:00:00.004624561  2726 0x55de0d435320 TRACE   GST_REFCOUNTING gstminiobject.c:648:gst_mini_object_unref: 0x55de0d460e70 unref 3->2
0:00:00.004639950  2726 0x55de0d435320 TRACE   GST_REFCOUNTING gstobject.c:294:gst_object_ref_sink: 0x55de0d4613e0 ref_sink 1->2
0:00:00.004649482  2726 0x55de0d435320 TRACE   GST_CAPS gstcaps.c:263:gst_caps_new_empty: created caps 0x55de0d4614e0
0:00:00.004661867  2726 0x55de0d435320 TRACE   GST_CAPS gstcaps.c:443:gst_static_caps_get: created 0x7fc37a9c8f90 from string ANY
0:00:00.004668602  2726 0x55de0d435320 TRACE   GST_REFCOUNTING gstminiobject.c:466:gst_mini_object_ref: 0x55de0d4614e0 ref 1->2
0:00:00.004678201  2726 0x55de0d435320 TRACE   GST_REFCOUNTING gstobject.c:208:gst_object_init: 0x55de0d4615d0 new
0:00:00.004686967  2726 0x55de0d435320 TRACE   GST_REFCOUNTING gstminiobject.c:466:gst_mini_object_ref: 0x55de0d4614e0 ref 2->3
0:00:00.004695631  2726 0x55de0d435320 TRACE   GST_REFCOUNTING gstminiobject.c:648:gst_mini_object_unref: 0x55de0d4614e0 unref 3->2
0:00:00.004702918  2726 0x55de0d435320 TRACE   GST_REFCOUNTING gstobject.c:294:gst_object_ref_sink: 0x55de0d4615d0 ref_sink 1->2
0:00:00.004711427  2726 0x55de0d435320 TRACE   structure gststructure.c:287:gst_structure_new_id_empty_with_size: created structure 0x55de0d461700
0:00:00.004718659  2726 0x55de0d435320 TRACE   GST_PERFORMANCE gststructure.c:509:gst_structure_copy: doing copy 0x55de0d461120 -> 0x55de0d461700
0:00:00.004728382  2726 0x55de0d435320 DEBUG   GST_REGISTRY gstregistry.c:590:gst_registry_add_feature: adding feature 0x55de0d460d40 (clocksync)
0:00:00.004734749  2726 0x55de0d435320 DEBUG   GST_REFCOUNTING gstobject.c:709:gst_object_set_parent: set parent (ref and sink)
0:00:00.004741977  2726 0x55de0d435320 TRACE   GST_REFCOUNTING gstobject.c:294:gst_object_ref_sink: 0x55de0d460d40 ref_sink 1->2
0:00:00.004748628  2726 0x55de0d435320 LOG   GST_REGISTRY gstregistry.c:608:gst_registry_add_feature: emitting feature-added for clocksync
0:00:00.004761358  2726 0x55de0d435320 TRACE   GST_REFCOUNTING gstobject.c:208:gst_object_init: 0x55de0d461a40 new
0:00:00.004771238  2726 0x55de0d435320 LOG   GST_ELEMENT_FACTORY gstelementfactory.c:238:gst_element_register: Created new elementfactory for type GstConcat
0:00:00.004782533  2726 0x55de0d435320 TRACE   structure gststructure.c:287:gst_structure_new_id_empty_with_size: created structure 0x55de0d461e20
0:00:00.004789134  2726 0x55de0d435320 TRACE   GST_PERFORMANCE gststructure.c:509:gst_structure_copy: doing copy 0x55de0d4440f0 -> 0x55de0d461e20
0:00:00.004795908  2726 0x55de0d435320 DEBUG   GST_ELEMENT_PADS gstelement.c:312:gst_element_base_class_init: type GstConcat : factory 0x55de0d461a40
0:00:00.004811037  2726 0x55de0d435320 TRACE   GST_CAPS gstcaps.c:263:gst_caps_new_empty: created caps 0x55de0d461b70
0:00:00.004817937  2726 0x55de0d435320 TRACE   GST_CAPS gstcaps.c:443:gst_static_caps_get: created 0x7fc37a9c9010 from string ANY
0:00:00.004824433  2726 0x55de0d435320 TRACE   GST_REFCOUNTING gstminiobject.c:466:gst_mini_object_ref: 0x55de0d461b70 ref 1->2
0:00:00.004833632  2726 0x55de0d435320 TRACE   GST_REFCOUNTING gstobject.c:208:gst_object_init: 0x55de0d4620b0 new
0:00:00.004842608  2726 0x55de0d435320 TRACE   GST_REFCOUNTING gstminiobject.c:466:gst_mini_object_ref: 0x55de0d461b70 ref 2->3
0:00:00.004855960  2726 0x55de0d435320 TRACE   GST_REFCOUNTING gstminiobject.c:648:gst_mini_object_unref: 0x55de0d461b70 unref 3->2
0:00:00.004863415  2726 0x55de0d435320 TRACE   GST_REFCOUNTING gstobject.c:294:gst_object_ref_sink: 0x55de0d4620b0 ref_sink 1->2
0:00:00.004870212  2726 0x55de0d435320 TRACE   GST_CAPS gstcaps.c:263:gst_caps_new_empty: created caps 0x55de0d4619b0
0:00:00.004876767  2726 0x55de0d435320 TRACE   GST_CAPS gstcaps.c:443:gst_static_caps_get: created 0x7fc37a9c9050 from string ANY
0:00:00.004883101  2726 0x55de0d435320 TRACE   GST_REFCOUNTING gstminiobject.c:466:gst_mini_object_ref: 0x55de0d4619b0 ref 1->2
0:00:00.004891587  2726 0x55de0d435320 TRACE   GST_REFCOUNTING gstobject.c:208:gst_object_init: 0x55de0d4622a0 new
0:00:00.004900263  2726 0x55de0d435320 TRACE   GST_REFCOUNTING gstminiobject.c:466:gst_mini_object_ref: 0x55de0d4619b0 ref 2->3
0:00:00.004908489  2726 0x55de0d435320 TRACE   GST_REFCOUNTING gstminiobject.c:648:gst_mini_object_unref: 0x55de0d4619b0 unref 3->2
0:00:00.004915800  2726 0x55de0d435320 TRACE   GST_REFCOUNTING gstobject.c:294:gst_object_ref_sink: 0x55de0d4622a0 ref_sink 1->2
0:00:00.004924555  2726 0x55de0d435320 TRACE   structure gststructure.c:287:gst_structure_new_id_empty_with_size: created structure 0x55de0d462580
0:00:00.004932007  2726 0x55de0d435320 TRACE   GST_PERFORMANCE gststructure.c:509:gst_structure_copy: doing copy 0x55de0d461e20 -> 0x55de0d462580
0:00:00.004941278  2726 0x55de0d435320 DEBUG   GST_REGISTRY gstregistry.c:590:gst_registry_add_feature: adding feature 0x55de0d461a40 (concat)
0:00:00.004947449  2726 0x55de0d435320 DEBUG   GST_REFCOUNTING gstobject.c:709:gst_object_set_parent: set parent (ref and sink)
0:00:00.004954503  2726 0x55de0d435320 TRACE   GST_REFCOUNTING gstobject.c:294:gst_object_ref_sink: 0x55de0d461a40 ref_sink 1->2
0:00:00.004961235  2726 0x55de0d435320 LOG   GST_REGISTRY gstregistry.c:608:gst_registry_add_feature: emitting feature-added for concat
0:00:00.004984717  2726 0x55de0d435320 TRACE   GST_REFCOUNTING gstobject.c:208:gst_object_init: 0x55de0d462920 new
0:00:00.004994653  2726 0x55de0d435320 LOG   GST_ELEMENT_FACTORY gstelementfactory.c:238:gst_element_register: Created new elementfactory for type GstDataURISrc
0:00:00.005005821  2726 0x55de0d435320 TRACE   structure gststructure.c:287:gst_structure_new_id_empty_with_size: created structure 0x55de0d462e40
0:00:00.005012203  2726 0x55de0d435320 TRACE   GST_PERFORMANCE gststructure.c:509:gst_structure_copy: doing copy 0x55de0d4440f0 -> 0x55de0d462e40
0:00:00.005019170  2726 0x55de0d435320 DEBUG   GST_ELEMENT_PADS gstelement.c:312:gst_element_base_class_init: type GstBaseSrc : factory (nil)
0:00:00.005051195  2726 0x55de0d435320 TRACE   structure gststructure.c:287:gst_structure_new_id_empty_with_size: created structure 0x55de0d459340
0:00:00.005058233  2726 0x55de0d435320 TRACE   GST_PERFORMANCE gststructure.c:509:gst_structure_copy: doing copy 0x55de0d462e40 -> 0x55de0d459340
0:00:00.005069454  2726 0x55de0d435320 DEBUG   GST_ELEMENT_PADS gstelement.c:312:gst_element_base_class_init: type GstDataURISrc : factory 0x55de0d462920
0:00:00.005079864  2726 0x55de0d435320 TRACE   GST_CAPS gstcaps.c:263:gst_caps_new_empty: created caps 0x55de0d462a50
0:00:00.005086902  2726 0x55de0d435320 TRACE   GST_CAPS gstcaps.c:443:gst_static_caps_get: created 0x7fc37a9c9090 from string ANY
0:00:00.005093284  2726 0x55de0d435320 TRACE   GST_REFCOUNTING gstminiobject.c:466:gst_mini_object_ref: 0x55de0d462a50 ref 1->2
0:00:00.005102203  2726 0x55de0d435320 TRACE   GST_REFCOUNTING gstobject.c:208:gst_object_init: 0x55de0d4640f0 new
0:00:00.005111346  2726 0x55de0d435320 TRACE   GST_REFCOUNTING gstminiobject.c:466:gst_mini_object_ref: 0x55de0d462a50 ref 2->3
0:00:00.005120195  2726 0x55de0d435320 TRACE   GST_REFCOUNTING gstminiobject.c:648:gst_mini_object_unref: 0x55de0d462a50 unref 3->2
0:00:00.005127466  2726 0x55de0d435320 TRACE   GST_REFCOUNTING gstobject.c:294:gst_object_ref_sink: 0x55de0d4640f0 ref_sink 1->2
0:00:00.005142060  2726 0x55de0d435320 TRACE   structure gststructure.c:287:gst_structure_new_id_empty_with_size: created structure 0x55de0d464330
0:00:00.005149559  2726 0x55de0d435320 TRACE   GST_PERFORMANCE gststructure.c:509:gst_structure_copy: doing copy 0x55de0d459340 -> 0x55de0d464330
0:00:00.005161580  2726 0x55de0d435320 DEBUG   GST_REGISTRY gstregistry.c:590:gst_registry_add_feature: adding feature 0x55de0d462920 (dataurisrc)
0:00:00.005168211  2726 0x55de0d435320 DEBUG   GST_REFCOUNTING gstobject.c:709:gst_object_set_parent: set parent (ref and sink)
0:00:00.005175994  2726 0x55de0d435320 TRACE   GST_REFCOUNTING gstobject.c:294:gst_object_ref_sink: 0x55de0d462920 ref_sink 1->2
0:00:00.005182610  2726 0x55de0d435320 LOG   GST_REGISTRY gstregistry.c:608:gst_registry_add_feature: emitting feature-added for dataurisrc
0:00:00.005195175  2726 0x55de0d435320 TRACE   GST_REFCOUNTING gstobject.c:208:gst_object_init: 0x55de0d4647c0 new
0:00:00.005205035  2726 0x55de0d435320 LOG   GST_ELEMENT_FACTORY gstelementfactory.c:238:gst_element_register: Created new elementfactory for type GstDownloadBuffer
0:00:00.005212628  2726 0x55de0d435320 TRACE   structure gststructure.c:287:gst_structure_new_id_empty_with_size: created structure 0x55de0d464ba0
0:00:00.005218731  2726 0x55de0d435320 TRACE   GST_PERFORMANCE gststructure.c:509:gst_structure_copy: doing copy 0x55de0d4440f0 -> 0x55de0d464ba0
0:00:00.005225366  2726 0x55de0d435320 DEBUG   GST_ELEMENT_PADS gstelement.c:312:gst_element_base_class_init: type GstDownloadBuffer : factory 0x55de0d4647c0
0:00:00.005260866  2726 0x55de0d435320 TRACE   GST_CAPS gstcaps.c:263:gst_caps_new_empty: created caps 0x55de0d4648f0
0:00:00.005267814  2726 0x55de0d435320 TRACE   GST_CAPS gstcaps.c:443:gst_static_caps_get: created 0x7fc37a9c9130 from string ANY
0:00:00.005274483  2726 0x55de0d435320 TRACE   GST_REFCOUNTING gstminiobject.c:466:gst_mini_object_ref: 0x55de0d4648f0 ref 1->2
0:00:00.005288285  2726 0x55de0d435320 TRACE   GST_REFCOUNTING gstobject.c:208:gst_object_init: 0x55de0d465080 new
0:00:00.005299392  2726 0x55de0d435320 TRACE   GST_REFCOUNTING gstminiobject.c:466:gst_mini_object_ref: 0x55de0d4648f0 ref 2->3
0:00:00.005308409  2726 0x55de0d435320 TRACE   GST_REFCOUNTING gstminiobject.c:648:gst_mini_object_unref: 0x55de0d4648f0 unref 3->2
0:00:00.005315799  2726 0x55de0d435320 TRACE   GST_REFCOUNTING gstobject.c:294:gst_object_ref_sink: 0x55de0d465080 ref_sink 1->2
0:00:00.005322660  2726 0x55de0d435320 TRACE   GST_CAPS gstcaps.c:263:gst_caps_new_empty: created caps 0x55de0d4651f0
0:00:00.005329347  2726 0x55de0d435320 TRACE   GST_CAPS gstcaps.c:443:gst_static_caps_get: created 0x7fc37a9c90f0 from string ANY
0:00:00.005335569  2726 0x55de0d435320 TRACE   GST_REFCOUNTING gstminiobject.c:466:gst_mini_object_ref: 0x55de0d4651f0 ref 1->2
0:00:00.005344079  2726 0x55de0d435320 TRACE   GST_REFCOUNTING gstobject.c:208:gst_object_init: 0x55de0d4652b0 new
0:00:00.005352877  2726 0x55de0d435320 TRACE   GST_REFCOUNTING gstminiobject.c:466:gst_mini_object_ref: 0x55de0d4651f0 ref 2->3
0:00:00.005361043  2726 0x55de0d435320 TRACE   GST_REFCOUNTING gstminiobject.c:648:gst_mini_object_unref: 0x55de0d4651f0 unref 3->2
0:00:00.005368289  2726 0x55de0d435320 TRACE   GST_REFCOUNTING gstobject.c:294:gst_object_ref_sink: 0x55de0d4652b0 ref_sink 1->2
0:00:00.005378567  2726 0x55de0d435320 TRACE   structure gststructure.c:287:gst_structure_new_id_empty_with_size: created structure 0x55de0d465570
0:00:00.005386008  2726 0x55de0d435320 TRACE   GST_PERFORMANCE gststructure.c:509:gst_structure_copy: doing copy 0x55de0d464ba0 -> 0x55de0d465570
0:00:00.005395483  2726 0x55de0d435320 DEBUG   GST_REGISTRY gstregistry.c:590:gst_registry_add_feature: adding feature 0x55de0d4647c0 (downloadbuffer)
0:00:00.005401896  2726 0x55de0d435320 DEBUG   GST_REFCOUNTING gstobject.c:709:gst_object_set_parent: set parent (ref and sink)
0:00:00.005409120  2726 0x55de0d435320 TRACE   GST_REFCOUNTING gstobject.c:294:gst_object_ref_sink: 0x55de0d4647c0 ref_sink 1->2
0:00:00.005415838  2726 0x55de0d435320 LOG   GST_REGISTRY gstregistry.c:608:gst_registry_add_feature: emitting feature-added for downloadbuffer
0:00:00.005428697  2726 0x55de0d435320 TRACE   GST_REFCOUNTING gstobject.c:208:gst_object_init: 0x55de0d465990 new
0:00:00.005438191  2726 0x55de0d435320 LOG   GST_ELEMENT_FACTORY gstelementfactory.c:238:gst_element_register: Created new elementfactory for type GstFakeSrc
0:00:00.005449122  2726 0x55de0d435320 TRACE   structure gststructure.c:287:gst_structure_new_id_empty_with_size: created structure 0x55de0d465eb0
0:00:00.005455350  2726 0x55de0d435320 TRACE   GST_PERFORMANCE gststructure.c:509:gst_structure_copy: doing copy 0x55de0d462e40 -> 0x55de0d465eb0
0:00:00.005461928  2726 0x55de0d435320 DEBUG   GST_ELEMENT_PADS gstelement.c:312:gst_element_base_class_init: type GstFakeSrc : factory 0x55de0d465990
0:00:00.005518983  2726 0x55de0d435320 TRACE   GST_CAPS gstcaps.c:263:gst_caps_new_empty: created caps 0x55de0d465ac0
0:00:00.005530983  2726 0x55de0d435320 TRACE   GST_CAPS gstcaps.c:443:gst_static_caps_get: created 0x7fc37a9c91b0 from string ANY
0:00:00.005537789  2726 0x55de0d435320 TRACE   GST_REFCOUNTING gstminiobject.c:466:gst_mini_object_ref: 0x55de0d465ac0 ref 1->2
0:00:00.005549741  2726 0x55de0d435320 TRACE   GST_REFCOUNTING gstobject.c:208:gst_object_init: 0x55de0d466e10 new
0:00:00.005558574  2726 0x55de0d435320 TRACE   GST_REFCOUNTING gstminiobject.c:466:gst_mini_object_ref: 0x55de0d465ac0 ref 2->3
0:00:00.005567432  2726 0x55de0d435320 TRACE   GST_REFCOUNTING gstminiobject.c:648:gst_mini_object_unref: 0x55de0d465ac0 unref 3->2
0:00:00.005574914  2726 0x55de0d435320 TRACE   GST_REFCOUNTING gstobject.c:294:gst_object_ref_sink: 0x55de0d466e10 ref_sink 1->2
0:00:00.005585484  2726 0x55de0d435320 TRACE   structure gststructure.c:287:gst_structure_new_id_empty_with_size: created structure 0x55de0d467240
0:00:00.005592995  2726 0x55de0d435320 TRACE   GST_PERFORMANCE gststructure.c:509:gst_structure_copy: doing copy 0x55de0d465eb0 -> 0x55de0d467240
0:00:00.005668649  2726 0x55de0d435320 DEBUG   GST_REGISTRY gstregistry.c:590:gst_registry_add_feature: adding feature 0x55de0d465990 (fakesrc)
0:00:00.005677723  2726 0x55de0d435320 DEBUG   GST_REFCOUNTING gstobject.c:709:gst_object_set_parent: set parent (ref and sink)
0:00:00.005685238  2726 0x55de0d435320 TRACE   GST_REFCOUNTING gstobject.c:294:gst_object_ref_sink: 0x55de0d465990 ref_sink 1->2
0:00:00.005692165  2726 0x55de0d435320 LOG   GST_REGISTRY gstregistry.c:608:gst_registry_add_feature: emitting feature-added for fakesrc
0:00:00.005713660  2726 0x55de0d435320 TRACE   GST_REFCOUNTING gstobject.c:208:gst_object_init: 0x55de0d467640 new
0:00:00.005724217  2726 0x55de0d435320 LOG   GST_ELEMENT_FACTORY gstelementfactory.c:238:gst_element_register: Created new elementfactory for type GstFakeSink
0:00:00.005731980  2726 0x55de0d435320 TRACE   structure gststructure.c:287:gst_structure_new_id_empty_with_size: created structure 0x55de0d467b50
0:00:00.005738148  2726 0x55de0d435320 TRACE   GST_PERFORMANCE gststructure.c:509:gst_structure_copy: doing copy 0x55de0d4440f0 -> 0x55de0d467b50
0:00:00.005745043  2726 0x55de0d435320 DEBUG   GST_ELEMENT_PADS gstelement.c:312:gst_element_base_class_init: type GstBaseSink : factory (nil)
0:00:00.005791989  2726 0x55de0d435320 TRACE   structure gststructure.c:287:gst_structure_new_id_empty_with_size: created structure 0x55de0d468880
0:00:00.005798773  2726 0x55de0d435320 TRACE   GST_PERFORMANCE gststructure.c:509:gst_structure_copy: doing copy 0x55de0d467b50 -> 0x55de0d468880
0:00:00.005805352  2726 0x55de0d435320 DEBUG   GST_ELEMENT_PADS gstelement.c:312:gst_element_base_class_init: type GstFakeSink : factory 0x55de0d467640
0:00:00.005845402  2726 0x55de0d435320 TRACE   GST_CAPS gstcaps.c:263:gst_caps_new_empty: created caps 0x55de0d467770
0:00:00.005852803  2726 0x55de0d435320 TRACE   GST_CAPS gstcaps.c:443:gst_static_caps_get: created 0x7fc37a9c9170 from string ANY
0:00:00.005865078  2726 0x55de0d435320 TRACE   GST_REFCOUNTING gstminiobject.c:466:gst_mini_object_ref: 0x55de0d467770 ref 1->2
0:00:00.005874911  2726 0x55de0d435320 TRACE   GST_REFCOUNTING gstobject.c:208:gst_object_init: 0x55de0d4692c0 new
0:00:00.005884562  2726 0x55de0d435320 TRACE   GST_REFCOUNTING gstminiobject.c:466:gst_mini_object_ref: 0x55de0d467770 ref 2->3
0:00:00.005893940  2726 0x55de0d435320 TRACE   GST_REFCOUNTING gstminiobject.c:648:gst_mini_object_unref: 0x55de0d467770 unref 3->2
0:00:00.005901489  2726 0x55de0d435320 TRACE   GST_REFCOUNTING gstobject.c:294:gst_object_ref_sink: 0x55de0d4692c0 ref_sink 1->2
0:00:00.005911389  2726 0x55de0d435320 TRACE   structure gststructure.c:287:gst_structure_new_id_empty_with_size: created structure 0x55de0d4696c0
0:00:00.005919006  2726 0x55de0d435320 TRACE   GST_PERFORMANCE gststructure.c:509:gst_structure_copy: doing copy 0x55de0d468880 -> 0x55de0d4696c0
0:00:00.005927921  2726 0x55de0d435320 DEBUG   GST_REGISTRY gstregistry.c:590:gst_registry_add_feature: adding feature 0x55de0d467640 (fakesink)
