0:00:00.012257750  2726 0x55de0d435320 DEBUG   GST_POLL gstpoll.c:980:gst_poll_fd_ctl_write: 0x55de0d459930: fd (fd:0, idx:1), active : 1
0:00:00.012263732  2726 0x55de0d435320 LOG   GST_POLL gstpoll.c:994:gst_poll_fd_ctl_write: 0x55de0d459930: pfd->events now 60 (POLLOUT:4)
0:00:00.012270129  2726 0x55de0d435320 DEBUG   GST_POLL gstpoll.c:980:gst_poll_fd_ctl_write: 0x55de0d459930: fd (fd:0, idx:1), active : 1
0:00:00.012276115  2726 0x55de0d435320 LOG   GST_POLL gstpoll.c:994:gst_poll_fd_ctl_write: 0x55de0d459930: pfd->events now 60 (POLLOUT:4)
0:00:00.012282533  2726 0x55de0d435320 DEBUG   GST_POLL gstpoll.c:980:gst_poll_fd_ctl_write: 0x55de0d459930: fd (fd:0, idx:1), active : 1
0:00:00.012288653  2726 0x55de0d435320 LOG   GST_POLL gstpoll.c:994:gst_poll_fd_ctl_write: 0x55de0d459930: pfd->events now 60 (POLLOUT:4)
0:00:00.012295154  2726 0x55de0d435320 DEBUG   GST_POLL gstpoll.c:980:gst_poll_fd_ctl_write: 0x55de0d459930: fd (fd:0, idx:1), active : 1
0:00:00.012301184  2726 0x55de0d435320 LOG   GST_POLL gstpoll.c:994:gst_poll_fd_ctl_write: 0x55de0d459930: pfd->events now 60 (POLLOUT:4)
0:00:00.012307591  2726 0x55de0d435320 DEBUG   GST_POLL gstpoll.c:980:gst_poll_fd_ctl_write: 0x55de0d459930: fd (fd:0, idx:1), active : 1
0:00:00.012313565  2726 0x55de0d435320 LOG   GST_POLL gstpoll.c:994:gst_poll_fd_ctl_write: 0x55de0d459930: pfd->events now 60 (POLLOUT:4)
0:00:00.012320067  2726 0x55de0d435320 DEBUG   GST_POLL gstpoll.c:980:gst_poll_fd_ctl_write: 0x55de0d459930: fd (fd:0, idx:1), active : 1
0:00:00.012326053  2726 0x55de0d435320 LOG   GST_POLL gstpoll.c:994:gst_poll_fd_ctl_write: 0x55de0d459930: pfd->events now 60 (POLLOUT:4)
0:00:00.012332567  2726 0x55de0d435320 DEBUG   GST_POLL gstpoll.c:980:gst_poll_fd_ctl_write: 0x55de0d459930: fd (fd:0, idx:1), active : 1
0:00:00.012338509  2726 0x55de0d435320 LOG   GST_POLL gstpoll.c:994:gst_poll_fd_ctl_write: 0x55de0d459930: pfd->events now 60 (POLLOUT:4)
0:00:00.012345145  2726 0x55de0d435320 DEBUG   GST_POLL gstpoll.c:980:gst_poll_fd_ctl_write: 0x55de0d459930: fd (fd:0, idx:1), active : 1
0:00:00.012351145  2726 0x55de0d435320 LOG   GST_POLL gstpoll.c:994:gst_poll_fd_ctl_write: 0x55de0d459930: pfd->events now 60 (POLLOUT:4)
0:00:00.012361468  2726 0x55de0d435320 DEBUG   GST_POLL gstpoll.c:980:gst_poll_fd_ctl_write: 0x55de0d459930: fd (fd:0, idx:1), active : 1
0:00:00.012367583  2726 0x55de0d435320 LOG   GST_POLL gstpoll.c:994:gst_poll_fd_ctl_write: 0x55de0d459930: pfd->events now 60 (POLLOUT:4)
0:00:00.012374005  2726 0x55de0d435320 DEBUG   GST_POLL gstpoll.c:980:gst_poll_fd_ctl_write: 0x55de0d459930: fd (fd:0, idx:1), active : 1
0:00:00.012380025  2726 0x55de0d435320 LOG   GST_POLL gstpoll.c:994:gst_poll_fd_ctl_write: 0x55de0d459930: pfd->events now 60 (POLLOUT:4)
0:00:00.012386513  2726 0x55de0d435320 DEBUG   GST_POLL gstpoll.c:980:gst_poll_fd_ctl_write: 0x55de0d459930: fd (fd:0, idx:1), active : 1
0:00:00.012392686  2726 0x55de0d435320 LOG   GST_POLL gstpoll.c:994:gst_poll_fd_ctl_write: 0x55de0d459930: pfd->events now 60 (POLLOUT:4)
0:00:00.012399045  2726 0x55de0d435320 DEBUG   GST_POLL gstpoll.c:980:gst_poll_fd_ctl_write: 0x55de0d459930: fd (fd:0, idx:1), active : 1
0:00:00.012405021  2726 0x55de0d435320 LOG   GST_POLL gstpoll.c:994:gst_poll_fd_ctl_write: 0x55de0d459930: pfd->events now 60 (POLLOUT:4)
0:00:00.012411503  2726 0x55de0d435320 DEBUG   GST_POLL gstpoll.c:980:gst_poll_fd_ctl_write: 0x55de0d459930: fd (fd:0, idx:1), active : 1
0:00:00.012417653  2726 0x55de0d435320 LOG   GST_POLL gstpoll.c:994:gst_poll_fd_ctl_write: 0x55de0d459930: pfd->events now 60 (POLLOUT:4)
0:00:00.012424212  2726 0x55de0d435320 DEBUG   GST_POLL gstpoll.c:980:gst_poll_fd_ctl_write: 0x55de0d459930: fd (fd:0, idx:1), active : 1
0:00:00.012430273  2726 0x55de0d435320 LOG   GST_POLL gstpoll.c:994:gst_poll_fd_ctl_write: 0x55de0d459930: pfd->events now 60 (POLLOUT:4)
0:00:00.012436925  2726 0x55de0d435320 DEBUG   GST_POLL gstpoll.c:980:gst_poll_fd_ctl_write: 0x55de0d459930: fd (fd:0, idx:1), active : 1
0:00:00.012442924  2726 0x55de0d435320 LOG   GST_POLL gstpoll.c:994:gst_poll_fd_ctl_write: 0x55de0d459930: pfd->events now 60 (POLLOUT:4)
0:00:00.012449445  2726 0x55de0d435320 DEBUG   GST_POLL gstpoll.c:980:gst_poll_fd_ctl_write: 0x55de0d459930: fd (fd:0, idx:1), active : 1
0:00:00.012455467  2726 0x55de0d435320 LOG   GST_POLL gstpoll.c:994:gst_poll_fd_ctl_write: 0x55de0d459930: pfd->events now 60 (POLLOUT:4)
0:00:00.012461994  2726 0x55de0d435320 DEBUG   GST_POLL gstpoll.c:980:gst_poll_fd_ctl_write: 0x55de0d459930: fd (fd:0, idx:1), active : 1
0:00:00.012468028  2726 0x55de0d435320 LOG   GST_POLL gstpoll.c:994:gst_poll_fd_ctl_write: 0x55de0d459930: pfd->events now 60 (POLLOUT:4)
0:00:00.012474544  2726 0x55de0d435320 DEBUG   GST_POLL gstpoll.c:980:gst_poll_fd_ctl_write: 0x55de0d459930: fd (fd:0, idx:1), active : 1
0:00:00.012480614  2726 0x55de0d435320 LOG   GST_POLL gstpoll.c:994:gst_poll_fd_ctl_write: 0x55de0d459930: pfd->events now 60 (POLLOUT:4)
0:00:00.012487039  2726 0x55de0d435320 DEBUG   GST_POLL gstpoll.c:980:gst_poll_fd_ctl_write: 0x55de0d459930: fd (fd:0, idx:1), active : 1
0:00:00.012493048  2726 0x55de0d435320 LOG   GST_POLL gstpoll.c:994:gst_poll_fd_ctl_write: 0x55de0d459930: pfd->events now 60 (POLLOUT:4)
0:00:00.012503559  2726 0x55de0d435320 DEBUG   GST_POLL gstpoll.c:980:gst_poll_fd_ctl_write: 0x55de0d459930: fd (fd:0, idx:1), active : 1
0:00:00.012509666  2726 0x55de0d435320 LOG   GST_POLL gstpoll.c:994:gst_poll_fd_ctl_write: 0x55de0d459930: pfd->events now 60 (POLLOUT:4)
0:00:00.012516207  2726 0x55de0d435320 DEBUG   GST_POLL gstpoll.c:980:gst_poll_fd_ctl_write: 0x55de0d459930: fd (fd:0, idx:1), active : 1
0:00:00.012522325  2726 0x55de0d435320 LOG   GST_POLL gstpoll.c:994:gst_poll_fd_ctl_write: 0x55de0d459930: pfd->events now 60 (POLLOUT:4)
0:00:00.012528956  2726 0x55de0d435320 DEBUG   GST_POLL gstpoll.c:980:gst_poll_fd_ctl_write: 0x55de0d459930: fd (fd:0, idx:1), active : 1
0:00:00.012534890  2726 0x55de0d435320 LOG   GST_POLL gstpoll.c:994:gst_poll_fd_ctl_write: 0x55de0d459930: pfd->events now 60 (POLLOUT:4)
0:00:00.012541371  2726 0x55de0d435320 DEBUG   GST_POLL gstpoll.c:980:gst_poll_fd_ctl_write: 0x55de0d459930: fd (fd:0, idx:1), active : 1
0:00:00.012547328  2726 0x55de0d435320 LOG   GST_POLL gstpoll.c:994:gst_poll_fd_ctl_write: 0x55de0d459930: pfd->events now 60 (POLLOUT:4)
0:00:00.012553791  2726 0x55de0d435320 LOG   GST_PLUGIN_LOADING gstpluginloader.c:646:put_chunk: Expanding tx buf from 5764 to 7717 for chunk of size 229
0:00:00.012560455  2726 0x55de0d435320 DEBUG   GST_POLL gstpoll.c:980:gst_poll_fd_ctl_write: 0x55de0d459930: fd (fd:0, idx:1), active : 1
0:00:00.012566452  2726 0x55de0d435320 LOG   GST_POLL gstpoll.c:994:gst_poll_fd_ctl_write: 0x55de0d459930: pfd->events now 60 (POLLOUT:4)
0:00:00.012572954  2726 0x55de0d435320 DEBUG   GST_POLL gstpoll.c:980:gst_poll_fd_ctl_write: 0x55de0d459930: fd (fd:0, idx:1), active : 1
0:00:00.012578940  2726 0x55de0d435320 LOG   GST_POLL gstpoll.c:994:gst_poll_fd_ctl_write: 0x55de0d459930: pfd->events now 60 (POLLOUT:4)
0:00:00.012585402  2726 0x55de0d435320 DEBUG   GST_POLL gstpoll.c:980:gst_poll_fd_ctl_write: 0x55de0d459930: fd (fd:0, idx:1), active : 1
0:00:00.012591399  2726 0x55de0d435320 LOG   GST_POLL gstpoll.c:994:gst_poll_fd_ctl_write: 0x55de0d459930: pfd->events now 60 (POLLOUT:4)
0:00:00.012607596  2726 0x55de0d435320 DEBUG   GST_POLL gstpoll.c:980:gst_poll_fd_ctl_write: 0x55de0d459930: fd (fd:0, idx:1), active : 1
0:00:00.012615292  2726 0x55de0d435320 LOG   GST_POLL gstpoll.c:994:gst_poll_fd_ctl_write: 0x55de0d459930: pfd->events now 60 (POLLOUT:4)
0:00:00.012621733  2726 0x55de0d435320 DEBUG   GST_POLL gstpoll.c:980:gst_poll_fd_ctl_write: 0x55de0d459930: fd (fd:0, idx:1), active : 1
0:00:00.012627888  2726 0x55de0d435320 LOG   GST_POLL gstpoll.c:994:gst_poll_fd_ctl_write: 0x55de0d459930: pfd->events now 60 (POLLOUT:4)
0:00:00.012634245  2726 0x55de0d435320 DEBUG   GST_POLL gstpoll.c:980:gst_poll_fd_ctl_write: 0x55de0d459930: fd (fd:0, idx:1), active : 1
0:00:00.012640273  2726 0x55de0d435320 LOG   GST_POLL gstpoll.c:994:gst_poll_fd_ctl_write: 0x55de0d459930: pfd->events now 60 (POLLOUT:4)
0:00:00.012646779  2726 0x55de0d435320 DEBUG   GST_POLL gstpoll.c:980:gst_poll_fd_ctl_write: 0x55de0d459930: fd (fd:0, idx:1), active : 1
0:00:00.012657654  2726 0x55de0d435320 LOG   GST_POLL gstpoll.c:994:gst_poll_fd_ctl_write: 0x55de0d459930: pfd->events now 60 (POLLOUT:4)
0:00:00.012664362  2726 0x55de0d435320 DEBUG   GST_POLL gstpoll.c:980:gst_poll_fd_ctl_write: 0x55de0d459930: fd (fd:0, idx:1), active : 1
0:00:00.012670400  2726 0x55de0d435320 LOG   GST_POLL gstpoll.c:994:gst_poll_fd_ctl_write: 0x55de0d459930: pfd->events now 60 (POLLOUT:4)
0:00:00.012676870  2726 0x55de0d435320 DEBUG   GST_POLL gstpoll.c:980:gst_poll_fd_ctl_write: 0x55de0d459930: fd (fd:0, idx:1), active : 1
0:00:00.012682834  2726 0x55de0d435320 LOG   GST_POLL gstpoll.c:994:gst_poll_fd_ctl_write: 0x55de0d459930: pfd->events now 60 (POLLOUT:4)
0:00:00.012689395  2726 0x55de0d435320 DEBUG   GST_POLL gstpoll.c:980:gst_poll_fd_ctl_write: 0x55de0d459930: fd (fd:0, idx:1), active : 1
0:00:00.012695420  2726 0x55de0d435320 LOG   GST_POLL gstpoll.c:994:gst_poll_fd_ctl_write: 0x55de0d459930: pfd->events now 60 (POLLOUT:4)
0:00:00.012701850  2726 0x55de0d435320 DEBUG   GST_POLL gstpoll.c:980:gst_poll_fd_ctl_write: 0x55de0d459930: fd (fd:0, idx:1), active : 1
0:00:00.012708395  2726 0x55de0d435320 LOG   GST_POLL gstpoll.c:994:gst_poll_fd_ctl_write: 0x55de0d459930: pfd->events now 60 (POLLOUT:4)
0:00:00.012714793  2726 0x55de0d435320 DEBUG   GST_POLL gstpoll.c:980:gst_poll_fd_ctl_write: 0x55de0d459930: fd (fd:0, idx:1), active : 1
0:00:00.012720783  2726 0x55de0d435320 LOG   GST_POLL gstpoll.c:994:gst_poll_fd_ctl_write: 0x55de0d459930: pfd->events now 60 (POLLOUT:4)
0:00:00.012727341  2726 0x55de0d435320 DEBUG   GST_POLL gstpoll.c:980:gst_poll_fd_ctl_write: 0x55de0d459930: fd (fd:0, idx:1), active : 1
0:00:00.012733311  2726 0x55de0d435320 LOG   GST_POLL gstpoll.c:994:gst_poll_fd_ctl_write: 0x55de0d459930: pfd->events now 60 (POLLOUT:4)
0:00:00.012739816  2726 0x55de0d435320 DEBUG   GST_POLL gstpoll.c:980:gst_poll_fd_ctl_write: 0x55de0d459930: fd (fd:0, idx:1), active : 1
0:00:00.012746034  2726 0x55de0d435320 LOG   GST_POLL gstpoll.c:994:gst_poll_fd_ctl_write: 0x55de0d459930: pfd->events now 60 (POLLOUT:4)
0:00:00.012752389  2726 0x55de0d435320 DEBUG   GST_POLL gstpoll.c:980:gst_poll_fd_ctl_write: 0x55de0d459930: fd (fd:0, idx:1), active : 1
0:00:00.012758328  2726 0x55de0d435320 LOG   GST_POLL gstpoll.c:994:gst_poll_fd_ctl_write: 0x55de0d459930: pfd->events now 60 (POLLOUT:4)
0:00:00.012765130  2726 0x55de0d435320 DEBUG   GST_POLL gstpoll.c:980:gst_poll_fd_ctl_write: 0x55de0d459930: fd (fd:0, idx:1), active : 1
0:00:00.012771340  2726 0x55de0d435320 LOG   GST_POLL gstpoll.c:994:gst_poll_fd_ctl_write: 0x55de0d459930: pfd->events now 60 (POLLOUT:4)
0:00:00.012777832  2726 0x55de0d435320 DEBUG   GST_POLL gstpoll.c:980:gst_poll_fd_ctl_write: 0x55de0d459930: fd (fd:0, idx:1), active : 1
0:00:00.012783804  2726 0x55de0d435320 LOG   GST_POLL gstpoll.c:994:gst_poll_fd_ctl_write: 0x55de0d459930: pfd->events now 60 (POLLOUT:4)
0:00:00.012790275  2726 0x55de0d435320 DEBUG   GST_POLL gstpoll.c:980:gst_poll_fd_ctl_write: 0x55de0d459930: fd (fd:0, idx:1), active : 1
0:00:00.012796258  2726 0x55de0d435320 LOG   GST_POLL gstpoll.c:994:gst_poll_fd_ctl_write: 0x55de0d459930: pfd->events now 60 (POLLOUT:4)
0:00:00.012809366  2726 0x55de0d435320 DEBUG   GST_POLL gstpoll.c:980:gst_poll_fd_ctl_write: 0x55de0d459930: fd (fd:0, idx:1), active : 1
0:00:00.012815527  2726 0x55de0d435320 LOG   GST_POLL gstpoll.c:994:gst_poll_fd_ctl_write: 0x55de0d459930: pfd->events now 60 (POLLOUT:4)
0:00:00.012822149  2726 0x55de0d435320 DEBUG   GST_POLL gstpoll.c:980:gst_poll_fd_ctl_write: 0x55de0d459930: fd (fd:0, idx:1), active : 1
0:00:00.012828169  2726 0x55de0d435320 LOG   GST_POLL gstpoll.c:994:gst_poll_fd_ctl_write: 0x55de0d459930: pfd->events now 60 (POLLOUT:4)
0:00:00.012834758  2726 0x55de0d435320 DEBUG   GST_POLL gstpoll.c:980:gst_poll_fd_ctl_write: 0x55de0d459930: fd (fd:0, idx:1), active : 1
0:00:00.012840654  2726 0x55de0d435320 LOG   GST_POLL gstpoll.c:994:gst_poll_fd_ctl_write: 0x55de0d459930: pfd->events now 60 (POLLOUT:4)
0:00:00.012847063  2726 0x55de0d435320 DEBUG   GST_POLL gstpoll.c:980:gst_poll_fd_ctl_write: 0x55de0d459930: fd (fd:0, idx:1), active : 1
0:00:00.012853022  2726 0x55de0d435320 LOG   GST_POLL gstpoll.c:994:gst_poll_fd_ctl_write: 0x55de0d459930: pfd->events now 60 (POLLOUT:4)
0:00:00.012859441  2726 0x55de0d435320 DEBUG   GST_POLL gstpoll.c:980:gst_poll_fd_ctl_write: 0x55de0d459930: fd (fd:0, idx:1), active : 1
0:00:00.012865461  2726 0x55de0d435320 LOG   GST_POLL gstpoll.c:994:gst_poll_fd_ctl_write: 0x55de0d459930: pfd->events now 60 (POLLOUT:4)
0:00:00.012872242  2726 0x55de0d435320 DEBUG   GST_POLL gstpoll.c:980:gst_poll_fd_ctl_write: 0x55de0d459930: fd (fd:0, idx:1), active : 1
0:00:00.012878196  2726 0x55de0d435320 LOG   GST_POLL gstpoll.c:994:gst_poll_fd_ctl_write: 0x55de0d459930: pfd->events now 60 (POLLOUT:4)
0:00:00.012884641  2726 0x55de0d435320 DEBUG   GST_POLL gstpoll.c:980:gst_poll_fd_ctl_write: 0x55de0d459930: fd (fd:0, idx:1), active : 1
0:00:00.012890868  2726 0x55de0d435320 LOG   GST_POLL gstpoll.c:994:gst_poll_fd_ctl_write: 0x55de0d459930: pfd->events now 60 (POLLOUT:4)
0:00:00.012897311  2726 0x55de0d435320 DEBUG   GST_POLL gstpoll.c:980:gst_poll_fd_ctl_write: 0x55de0d459930: fd (fd:0, idx:1), active : 1
0:00:00.012903385  2726 0x55de0d435320 LOG   GST_POLL gstpoll.c:994:gst_poll_fd_ctl_write: 0x55de0d459930: pfd->events now 60 (POLLOUT:4)
0:00:00.012909801  2726 0x55de0d435320 DEBUG   GST_POLL gstpoll.c:980:gst_poll_fd_ctl_write: 0x55de0d459930: fd (fd:0, idx:1), active : 1
0:00:00.012915945  2726 0x55de0d435320 LOG   GST_POLL gstpoll.c:994:gst_poll_fd_ctl_write: 0x55de0d459930: pfd->events now 60 (POLLOUT:4)
0:00:00.012922423  2726 0x55de0d435320 DEBUG   GST_POLL gstpoll.c:980:gst_poll_fd_ctl_write: 0x55de0d459930: fd (fd:0, idx:1), active : 1
0:00:00.012928374  2726 0x55de0d435320 LOG   GST_POLL gstpoll.c:994:gst_poll_fd_ctl_write: 0x55de0d459930: pfd->events now 60 (POLLOUT:4)
0:00:00.012934821  2726 0x55de0d435320 DEBUG   GST_POLL gstpoll.c:980:gst_poll_fd_ctl_write: 0x55de0d459930: fd (fd:0, idx:1), active : 1
0:00:00.012940852  2726 0x55de0d435320 LOG   GST_POLL gstpoll.c:994:gst_poll_fd_ctl_write: 0x55de0d459930: pfd->events now 60 (POLLOUT:4)
0:00:00.012951361  2726 0x55de0d435320 DEBUG   GST_POLL gstpoll.c:980:gst_poll_fd_ctl_write: 0x55de0d459930: fd (fd:0, idx:1), active : 1
0:00:00.012957456  2726 0x55de0d435320 LOG   GST_POLL gstpoll.c:994:gst_poll_fd_ctl_write: 0x55de0d459930: pfd->events now 60 (POLLOUT:4)
0:00:00.012963822  2726 0x55de0d435320 DEBUG   GST_POLL gstpoll.c:980:gst_poll_fd_ctl_write: 0x55de0d459930: fd (fd:0, idx:1), active : 1
0:00:00.012969826  2726 0x55de0d435320 LOG   GST_POLL gstpoll.c:994:gst_poll_fd_ctl_write: 0x55de0d459930: pfd->events now 60 (POLLOUT:4)
0:00:00.012976256  2726 0x55de0d435320 DEBUG   GST_POLL gstpoll.c:980:gst_poll_fd_ctl_write: 0x55de0d459930: fd (fd:0, idx:1), active : 1
0:00:00.012982390  2726 0x55de0d435320 LOG   GST_POLL gstpoll.c:994:gst_poll_fd_ctl_write: 0x55de0d459930: pfd->events now 60 (POLLOUT:4)
0:00:00.012988932  2726 0x55de0d435320 DEBUG   GST_POLL gstpoll.c:980:gst_poll_fd_ctl_write: 0x55de0d459930: fd (fd:0, idx:1), active : 1
0:00:00.012994955  2726 0x55de0d435320 LOG   GST_POLL gstpoll.c:994:gst_poll_fd_ctl_write: 0x55de0d459930: pfd->events now 60 (POLLOUT:4)
0:00:00.013001371  2726 0x55de0d435320 DEBUG   GST_POLL gstpoll.c:980:gst_poll_fd_ctl_write: 0x55de0d459930: fd (fd:0, idx:1), active : 1
0:00:00.013007347  2726 0x55de0d435320 LOG   GST_POLL gstpoll.c:994:gst_poll_fd_ctl_write: 0x55de0d459930: pfd->events now 60 (POLLOUT:4)
0:00:00.013013770  2726 0x55de0d435320 DEBUG   GST_POLL gstpoll.c:980:gst_poll_fd_ctl_write: 0x55de0d459930: fd (fd:0, idx:1), active : 1
0:00:00.013019758  2726 0x55de0d435320 LOG   GST_POLL gstpoll.c:994:gst_poll_fd_ctl_write: 0x55de0d459930: pfd->events now 60 (POLLOUT:4)
0:00:00.013026224  2726 0x55de0d435320 DEBUG   GST_POLL gstpoll.c:980:gst_poll_fd_ctl_write: 0x55de0d459930: fd (fd:0, idx:1), active : 1
0:00:00.013032201  2726 0x55de0d435320 LOG   GST_POLL gstpoll.c:994:gst_poll_fd_ctl_write: 0x55de0d459930: pfd->events now 60 (POLLOUT:4)
0:00:00.013038588  2726 0x55de0d435320 DEBUG   GST_POLL gstpoll.c:980:gst_poll_fd_ctl_write: 0x55de0d459930: fd (fd:0, idx:1), active : 1
0:00:00.013044518  2726 0x55de0d435320 LOG   GST_POLL gstpoll.c:994:gst_poll_fd_ctl_write: 0x55de0d459930: pfd->events now 60 (POLLOUT:4)
0:00:00.013050927  2726 0x55de0d435320 DEBUG   GST_POLL gstpoll.c:980:gst_poll_fd_ctl_write: 0x55de0d459930: fd (fd:0, idx:1), active : 1
0:00:00.013056925  2726 0x55de0d435320 LOG   GST_POLL gstpoll.c:994:gst_poll_fd_ctl_write: 0x55de0d459930: pfd->events now 60 (POLLOUT:4)
0:00:00.013063455  2726 0x55de0d435320 DEBUG   GST_POLL gstpoll.c:980:gst_poll_fd_ctl_write: 0x55de0d459930: fd (fd:0, idx:1), active : 1
0:00:00.013069399  2726 0x55de0d435320 LOG   GST_POLL gstpoll.c:994:gst_poll_fd_ctl_write: 0x55de0d459930: pfd->events now 60 (POLLOUT:4)
0:00:00.013075901  2726 0x55de0d435320 DEBUG   GST_POLL gstpoll.c:980:gst_poll_fd_ctl_write: 0x55de0d459930: fd (fd:0, idx:1), active : 1
0:00:00.013081954  2726 0x55de0d435320 LOG   GST_POLL gstpoll.c:994:gst_poll_fd_ctl_write: 0x55de0d459930: pfd->events now 60 (POLLOUT:4)
0:00:00.013088388  2726 0x55de0d435320 DEBUG   GST_POLL gstpoll.c:980:gst_poll_fd_ctl_write: 0x55de0d459930: fd (fd:0, idx:1), active : 1
0:00:00.013098365  2726 0x55de0d435320 LOG   GST_POLL gstpoll.c:994:gst_poll_fd_ctl_write: 0x55de0d459930: pfd->events now 60 (POLLOUT:4)
0:00:00.013104862  2726 0x55de0d435320 DEBUG   GST_POLL gstpoll.c:980:gst_poll_fd_ctl_write: 0x55de0d459930: fd (fd:0, idx:1), active : 1
0:00:00.013110910  2726 0x55de0d435320 LOG   GST_POLL gstpoll.c:994:gst_poll_fd_ctl_write: 0x55de0d459930: pfd->events now 60 (POLLOUT:4)
0:00:00.013117387  2726 0x55de0d435320 DEBUG   GST_POLL gstpoll.c:980:gst_poll_fd_ctl_write: 0x55de0d459930: fd (fd:0, idx:1), active : 1
0:00:00.013123369  2726 0x55de0d435320 LOG   GST_POLL gstpoll.c:994:gst_poll_fd_ctl_write: 0x55de0d459930: pfd->events now 60 (POLLOUT:4)
0:00:00.013129727  2726 0x55de0d435320 DEBUG   GST_POLL gstpoll.c:980:gst_poll_fd_ctl_write: 0x55de0d459930: fd (fd:0, idx:1), active : 1
0:00:00.013135675  2726 0x55de0d435320 LOG   GST_POLL gstpoll.c:994:gst_poll_fd_ctl_write: 0x55de0d459930: pfd->events now 60 (POLLOUT:4)
0:00:00.013142039  2726 0x55de0d435320 DEBUG   GST_POLL gstpoll.c:980:gst_poll_fd_ctl_write: 0x55de0d459930: fd (fd:0, idx:1), active : 1
0:00:00.013147999  2726 0x55de0d435320 LOG   GST_POLL gstpoll.c:994:gst_poll_fd_ctl_write: 0x55de0d459930: pfd->events now 60 (POLLOUT:4)
0:00:00.013154426  2726 0x55de0d435320 DEBUG   GST_POLL gstpoll.c:980:gst_poll_fd_ctl_write: 0x55de0d459930: fd (fd:0, idx:1), active : 1
0:00:00.013160335  2726 0x55de0d435320 LOG   GST_POLL gstpoll.c:994:gst_poll_fd_ctl_write: 0x55de0d459930: pfd->events now 60 (POLLOUT:4)
0:00:00.013166865  2726 0x55de0d435320 DEBUG   GST_POLL gstpoll.c:980:gst_poll_fd_ctl_write: 0x55de0d459930: fd (fd:0, idx:1), active : 1
0:00:00.013172776  2726 0x55de0d435320 LOG   GST_POLL gstpoll.c:994:gst_poll_fd_ctl_write: 0x55de0d459930: pfd->events now 60 (POLLOUT:4)
0:00:00.013179247  2726 0x55de0d435320 DEBUG   GST_POLL gstpoll.c:980:gst_poll_fd_ctl_write: 0x55de0d459930: fd (fd:0, idx:1), active : 1
0:00:00.013185177  2726 0x55de0d435320 LOG   GST_POLL gstpoll.c:994:gst_poll_fd_ctl_write: 0x55de0d459930: pfd->events now 60 (POLLOUT:4)
0:00:00.013191635  2726 0x55de0d435320 DEBUG   GST_POLL gstpoll.c:980:gst_poll_fd_ctl_write: 0x55de0d459930: fd (fd:0, idx:1), active : 1
0:00:00.013197663  2726 0x55de0d435320 LOG   GST_POLL gstpoll.c:994:gst_poll_fd_ctl_write: 0x55de0d459930: pfd->events now 60 (POLLOUT:4)
0:00:00.013204304  2726 0x55de0d435320 DEBUG   GST_POLL gstpoll.c:980:gst_poll_fd_ctl_write: 0x55de0d459930: fd (fd:0, idx:1), active : 1
0:00:00.013210308  2726 0x55de0d435320 LOG   GST_POLL gstpoll.c:994:gst_poll_fd_ctl_write: 0x55de0d459930: pfd->events now 60 (POLLOUT:4)
0:00:00.013216764  2726 0x55de0d435320 DEBUG   GST_POLL gstpoll.c:980:gst_poll_fd_ctl_write: 0x55de0d459930: fd (fd:0, idx:1), active : 1
0:00:00.013222745  2726 0x55de0d435320 LOG   GST_POLL gstpoll.c:994:gst_poll_fd_ctl_write: 0x55de0d459930: pfd->events now 60 (POLLOUT:4)
0:00:00.013233881  2726 0x55de0d435320 DEBUG   GST_POLL gstpoll.c:980:gst_poll_fd_ctl_write: 0x55de0d459930: fd (fd:0, idx:1), active : 1
0:00:00.013244283  2726 0x55de0d435320 LOG   GST_POLL gstpoll.c:994:gst_poll_fd_ctl_write: 0x55de0d459930: pfd->events now 60 (POLLOUT:4)
0:00:00.013250851  2726 0x55de0d435320 DEBUG   GST_POLL gstpoll.c:980:gst_poll_fd_ctl_write: 0x55de0d459930: fd (fd:0, idx:1), active : 1
0:00:00.013256939  2726 0x55de0d435320 LOG   GST_POLL gstpoll.c:994:gst_poll_fd_ctl_write: 0x55de0d459930: pfd->events now 60 (POLLOUT:4)
0:00:00.013263393  2726 0x55de0d435320 DEBUG   GST_POLL gstpoll.c:980:gst_poll_fd_ctl_write: 0x55de0d459930: fd (fd:0, idx:1), active : 1
0:00:00.013269442  2726 0x55de0d435320 LOG   GST_POLL gstpoll.c:994:gst_poll_fd_ctl_write: 0x55de0d459930: pfd->events now 60 (POLLOUT:4)
0:00:00.013282833  2726 0x55de0d435320 TRACE   GST_REFCOUNTING gstobject.c:265:gst_object_unref: 0x55de0d45d450 unref 2->1
0:00:00.013291117  2726 0x55de0d435320 DEBUG   GST_POLL gstpoll.c:1241:gst_poll_fd_has_error: 0x55de0d459930: fd (fd:0, idx:1) 0
0:00:00.013297927  2726 0x55de0d435320 DEBUG   GST_POLL gstpoll.c:1335:gst_poll_fd_can_write: 0x55de0d459930: fd (fd:0, idx:1) 1
0:00:00.013304392  2726 0x55de0d435320 LOG   GST_PLUGIN_LOADING gstpluginloader.c:690:write_one: Writing packet of size 488 bytes to fd 0
0:00:00.013325890  2726 0x55de0d435320 DEBUG   GST_POLL gstpoll.c:1414:gst_poll_wait: 0x55de0d459930: timeout :0:00:01.000000000
0:00:00.013337912  2726 0x55de0d435320 LOG   GST_PLUGIN_LOADING gstpluginloader.c:1028:exchange_packets: Poll res = 2. 6872 bytes pending for write
0:00:00.013345217  2726 0x55de0d435320 DEBUG   GST_POLL gstpoll.c:1241:gst_poll_fd_has_error: 0x55de0d459930: fd (fd:5, idx:2) 0
0:00:00.013351820  2726 0x55de0d435320 DEBUG   GST_POLL gstpoll.c:1266:gst_poll_fd_can_read_unlocked: 0x55de0d459930: fd (fd:5, idx:2) 1
0:00:00.013363452  2726 0x55de0d435320 DEBUG   GST_PLUGIN_LOADING gstpluginloader.c:722:do_plugin_load: Plugin scanner loading file /home/conan/w/prod/BuildSingleReference/.conan/data/gstreamer/1.18.3/_/_/package/7087a3df2991f0089c7fdba3f9b2a18fafecf068/lib/gstreamer-1.0/libgstcoretracers.so. tag 2
0:00:00.013388384  2726 0x55de0d435320 TRACE   GST_REFCOUNTING gstobject.c:238:gst_object_ref: 0x55de0d45af50 ref 1->2
0:00:00.013398374  2726 0x55de0d435320 TRACE   GST_REFCOUNTING gstobject.c:238:gst_object_ref: 0x55de0d45ceb0 ref 1->2
0:00:00.017933878  2725 0x55747945d320 LOG   GST_PLUGIN_LOADING gstpluginloader.c:1028:exchange_packets: Poll res = 1. 0 bytes pending for write
0:00:00.013405832  2726 0x55de0d435320 TRACE   GST_REFCOUNTING gstobject.c:238:gst_object_ref: 0x55de0d45cb40 ref 1->2
0:00:00.013423309  2726 0x55de0d435320 TRACE   GST_REFCOUNTING gstobject.c:238:gst_object_ref: 0x55de0d45c900 ref 1->2
0:00:00.017969513  2725 0x55747945d320 DEBUG   GST_POLL gstpoll.c:1241:gst_poll_fd_has_error: 0x557479482530: fd (fd:8, idx:2) 0
0:00:00.013430347  2726 0x55de0d435320 TRACE   GST_REFCOUNTING gstobject.c:238:gst_object_ref: 0x55de0d45c570 ref 1->2
0:00:00.017979955  2725 0x55747945d320 DEBUG   GST_POLL gstpoll.c:1266:gst_poll_fd_can_read_unlocked: 0x557479482530: fd (fd:8, idx:2) 1
0:00:00.013437946  2726 0x55de0d435320 TRACE   GST_REFCOUNTING gstobject.c:238:gst_object_ref: 0x55de0d45c010 ref 1->2
0:00:00.013475252  2726 0x55de0d435320 TRACE   GST_REFCOUNTING gstobject.c:265:gst_object_unref: 0x55de0d45c010 unref 2->1
0:00:00.013482512  2726 0x55de0d435320 TRACE   GST_REFCOUNTING gstobject.c:265:gst_object_unref: 0x55de0d45c570 unref 2->1
0:00:00.018030786  2725 0x55747945d320 DEBUG   GST_PLUGIN_LOADING gstpluginloader.c:850:handle_rx_packet: Received plugin details from child w/ tag 0. 476 bytes info
0:00:00.013489456  2726 0x55de0d435320 TRACE   GST_REFCOUNTING gstobject.c:265:gst_object_unref: 0x55de0d45c900 unref 2->1
0:00:00.018039929  2725 0x55747945d320 LOG   GST_REGISTRY gstregistrychunks.c:837:_priv_gst_registry_chunks_load_plugin: Reading/casting for GstRegistryChunkPluginElement at address 0x55747947ddc0
0:00:00.013496673  2726 0x55de0d435320 TRACE   GST_REFCOUNTING gstobject.c:265:gst_object_unref: 0x55de0d45cb40 unref 2->1
0:00:00.013504868  2726 0x55de0d435320 TRACE   GST_REFCOUNTING gstobject.c:265:gst_object_unref: 0x55de0d45ceb0 unref 2->1
0:00:00.013513542  2726 0x55de0d435320 DEBUG   GST_REGISTRY gstregistrychunks.c:498:_priv_gst_registry_chunks_save_plugin: Found 5 features in plugin 0x55de0d45af50 (coretracers)
0:00:00.013520776  2726 0x55de0d435320 DEBUG   GST_POLL gstpoll.c:980:gst_poll_fd_ctl_write: 0x55de0d459930: fd (fd:0, idx:1), active : 1
0:00:00.018064712  2725 0x55747945d320 TRACE   GST_REFCOUNTING gstobject.c:208:gst_object_init: 0x557479482b90 new
0:00:00.013527443  2726 0x55de0d435320 LOG   GST_POLL gstpoll.c:994:gst_poll_fd_ctl_write: 0x55de0d459930: pfd->events now 60 (POLLOUT:4)
0:00:00.013534492  2726 0x55de0d435320 DEBUG   GST_POLL gstpoll.c:980:gst_poll_fd_ctl_write: 0x55de0d459930: fd (fd:0, idx:1), active : 1
0:00:00.013540711  2726 0x55de0d435320 LOG   GST_POLL gstpoll.c:994:gst_poll_fd_ctl_write: 0x55de0d459930: pfd->events now 60 (POLLOUT:4)
0:00:00.013547257  2726 0x55de0d435320 DEBUG   GST_POLL gstpoll.c:980:gst_poll_fd_ctl_write: 0x55de0d459930: fd (fd:0, idx:1), active : 1
0:00:00.013553352  2726 0x55de0d435320 LOG   GST_POLL gstpoll.c:994:gst_poll_fd_ctl_write: 0x55de0d459930: pfd->events now 60 (POLLOUT:4)
0:00:00.013559886  2726 0x55de0d435320 DEBUG   GST_POLL gstpoll.c:980:gst_poll_fd_ctl_write: 0x55de0d459930: fd (fd:0, idx:1), active : 1
0:00:00.018108984  2725 0x55747945d320 LOG   GST_REGISTRY gstregistrychunks.c:858:_priv_gst_registry_chunks_load_plugin: read strings for name='coretracers'
0:00:00.013565941  2726 0x55de0d435320 LOG   GST_POLL gstpoll.c:994:gst_poll_fd_ctl_write: 0x55de0d459930: pfd->events now 60 (POLLOUT:4)
0:00:00.018116354  2725 0x55747945d320 LOG   GST_REGISTRY gstregistrychunks.c:859:_priv_gst_registry_chunks_load_plugin: desc.description='GStreamer core tracers'
0:00:00.013574007  2726 0x55de0d435320 DEBUG   GST_POLL gstpoll.c:980:gst_poll_fd_ctl_write: 0x55de0d459930: fd (fd:0, idx:1), active : 1
0:00:00.018123334  2725 0x55747945d320 LOG   GST_REGISTRY gstregistrychunks.c:860:_priv_gst_registry_chunks_load_plugin: filename='/home/conan/w/prod/BuildSingleReference/.conan/data/gstreamer/1.18.3/_/_/package/7087a3df2991f0089c7fdba3f9b2a18fafecf068/lib/gstreamer-1.0/libgstcoretracers.so'
0:00:00.013580657  2726 0x55de0d435320 LOG   GST_POLL gstpoll.c:994:gst_poll_fd_ctl_write: 0x55de0d459930: pfd->events now 60 (POLLOUT:4)
0:00:00.018137786  2725 0x55747945d320 LOG   GST_REGISTRY gstregistrychunks.c:861:_priv_gst_registry_chunks_load_plugin: desc.version='1.18.3'
0:00:00.013595057  2726 0x55de0d435320 DEBUG   GST_POLL gstpoll.c:980:gst_poll_fd_ctl_write: 0x55de0d459930: fd (fd:0, idx:1), active : 1
0:00:00.018161172  2725 0x55747945d320 LOG   GST_REGISTRY gstregistrychunks.c:862:_priv_gst_registry_chunks_load_plugin: desc.license='LGPL'
0:00:00.013619304  2726 0x55de0d435320 LOG   GST_POLL gstpoll.c:994:gst_poll_fd_ctl_write: 0x55de0d459930: pfd->events now 60 (POLLOUT:4)
0:00:00.018169303  2725 0x55747945d320 LOG   GST_REGISTRY gstregistrychunks.c:863:_priv_gst_registry_chunks_load_plugin: desc.source='gstreamer'
0:00:00.013627129  2726 0x55de0d435320 DEBUG   GST_POLL gstpoll.c:980:gst_poll_fd_ctl_write: 0x55de0d459930: fd (fd:0, idx:1), active : 1
0:00:00.018175809  2725 0x55747945d320 LOG   GST_REGISTRY gstregistrychunks.c:864:_priv_gst_registry_chunks_load_plugin: desc.package='GStreamer source release'
0:00:00.013633852  2726 0x55de0d435320 LOG   GST_POLL gstpoll.c:994:gst_poll_fd_ctl_write: 0x55de0d459930: pfd->events now 60 (POLLOUT:4)
0:00:00.018183273  2725 0x55747945d320 LOG   GST_REGISTRY gstregistrychunks.c:865:_priv_gst_registry_chunks_load_plugin: desc.origin='Unknown package origin'
0:00:00.013640909  2726 0x55de0d435320 DEBUG   GST_POLL gstpoll.c:980:gst_poll_fd_ctl_write: 0x55de0d459930: fd (fd:0, idx:1), active : 1
0:00:00.018189775  2725 0x55747945d320 LOG   GST_REGISTRY gstregistrychunks.c:866:_priv_gst_registry_chunks_load_plugin: desc.datetime=2021-01-13
0:00:00.013647487  2726 0x55de0d435320 LOG   GST_POLL gstpoll.c:994:gst_poll_fd_ctl_write: 0x55de0d459930: pfd->events now 60 (POLLOUT:4)
0:00:00.013654604  2726 0x55de0d435320 DEBUG   GST_POLL gstpoll.c:980:gst_poll_fd_ctl_write: 0x55de0d459930: fd (fd:0, idx:1), active : 1
0:00:00.018204932  2725 0x55747945d320 DEBUG   GST_REGISTRY gstregistry.c:474:gst_registry_add_plugin: adding plugin 0x557479482b90 for filename "/home/conan/w/prod/BuildSingleReference/.conan/data/gstreamer/1.18.3/_/_/package/7087a3df2991f0089c7fdba3f9b2a18fafecf068/lib/gstreamer-1.0/libgstcoretracers.so"
0:00:00.013660818  2726 0x55de0d435320 LOG   GST_POLL gstpoll.c:994:gst_poll_fd_ctl_write: 0x55de0d459930: pfd->events now 60 (POLLOUT:4)
0:00:00.013669804  2726 0x55de0d435320 DEBUG   GST_POLL gstpoll.c:980:gst_poll_fd_ctl_write: 0x55de0d459930: fd (fd:0, idx:1), active : 1
0:00:00.018215592  2725 0x55747945d320 TRACE   GST_REFCOUNTING gstobject.c:294:gst_object_ref_sink: 0x557479482b90 ref_sink 1->2
0:00:00.013675903  2726 0x55de0d435320 LOG   GST_POLL gstpoll.c:994:gst_poll_fd_ctl_write: 0x55de0d459930: pfd->events now 60 (POLLOUT:4)
0:00:00.018224703  2725 0x55747945d320 LOG   GST_REGISTRY gstregistry.c:487:gst_registry_add_plugin: emitting plugin-added for filename "/home/conan/w/prod/BuildSingleReference/.conan/data/gstreamer/1.18.3/_/_/package/7087a3df2991f0089c7fdba3f9b2a18fafecf068/lib/gstreamer-1.0/libgstcoretracers.so"
0:00:00.013682923  2726 0x55de0d435320 DEBUG   GST_POLL gstpoll.c:980:gst_poll_fd_ctl_write: 0x55de0d459930: fd (fd:0, idx:1), active : 1
0:00:00.018240434  2725 0x55747945d320 DEBUG   GST_REGISTRY gstregistrychunks.c:887:_priv_gst_registry_chunks_load_plugin: Added plugin 'coretracers' plugin with 5 features from binary registry
0:00:00.013696334  2726 0x55de0d435320 LOG   GST_POLL gstpoll.c:994:gst_poll_fd_ctl_write: 0x55de0d459930: pfd->events now 60 (POLLOUT:4)
0:00:00.018248995  2725 0x55747945d320 DEBUG   GST_REGISTRY gstregistrychunks.c:583:gst_registry_chunks_load_feature: Plugin 'coretracers' feature 'leaks' typename : 'GstTracerFactory'
0:00:00.013705181  2726 0x55de0d435320 DEBUG   GST_POLL gstpoll.c:980:gst_poll_fd_ctl_write: 0x55de0d459930: fd (fd:0, idx:1), active : 1
0:00:00.013712852  2726 0x55de0d435320 LOG   GST_POLL gstpoll.c:994:gst_poll_fd_ctl_write: 0x55de0d459930: pfd->events now 60 (POLLOUT:4)
0:00:00.013719261  2726 0x55de0d435320 DEBUG   GST_POLL gstpoll.c:980:gst_poll_fd_ctl_write: 0x55de0d459930: fd (fd:0, idx:1), active : 1
0:00:00.018264286  2725 0x55747945d320 TRACE   GST_REFCOUNTING gstobject.c:208:gst_object_init: 0x557479482f40 new
0:00:00.013725394  2726 0x55de0d435320 LOG   GST_POLL gstpoll.c:994:gst_poll_fd_ctl_write: 0x55de0d459930: pfd->events now 60 (POLLOUT:4)
0:00:00.013732350  2726 0x55de0d435320 DEBUG   GST_POLL gstpoll.c:980:gst_poll_fd_ctl_write: 0x55de0d459930: fd (fd:0, idx:1), active : 1
0:00:00.018278195  2725 0x55747945d320 DEBUG   GST_REGISTRY gstregistrychunks.c:718:gst_registry_chunks_load_feature: Reading/casting for GstRegistryChunkPluginFeature at address 0x55747947df08
0:00:00.013738410  2726 0x55de0d435320 LOG   GST_POLL gstpoll.c:994:gst_poll_fd_ctl_write: 0x55de0d459930: pfd->events now 60 (POLLOUT:4)
0:00:00.018288523  2725 0x55747945d320 DEBUG   GST_REGISTRY gstregistry.c:590:gst_registry_add_feature: adding feature 0x557479482f40 (leaks)
0:00:00.013745370  2726 0x55de0d435320 DEBUG   GST_POLL gstpoll.c:980:gst_poll_fd_ctl_write: 0x55de0d459930: fd (fd:0, idx:1), active : 1
0:00:00.013752403  2726 0x55de0d435320 LOG   GST_POLL gstpoll.c:994:gst_poll_fd_ctl_write: 0x55de0d459930: pfd->events now 60 (POLLOUT:4)
0:00:00.018297445  2725 0x55747945d320 DEBUG   GST_REFCOUNTING gstobject.c:709:gst_object_set_parent: set parent (ref and sink)
0:00:00.013759155  2726 0x55de0d435320 LOG   GST_PLUGIN_LOADING gstpluginloader.c:646:put_chunk: Expanding tx buf from 7717 to 10158 for chunk of size 17
0:00:00.018307194  2725 0x55747945d320 TRACE   GST_REFCOUNTING gstobject.c:294:gst_object_ref_sink: 0x557479482f40 ref_sink 1->2
0:00:00.018314755  2725 0x55747945d320 LOG   GST_REGISTRY gstregistry.c:608:gst_registry_add_feature: emitting feature-added for leaks
0:00:00.013770194  2726 0x55de0d435320 DEBUG   GST_POLL gstpoll.c:980:gst_poll_fd_ctl_write: 0x55de0d459930: fd (fd:0, idx:1), active : 1
0:00:00.018322241  2725 0x55747945d320 DEBUG   GST_REGISTRY gstregistrychunks.c:741:gst_registry_chunks_load_feature: Added feature leaks, plugin 0x557479482b90 coretracers
0:00:00.013778162  2726 0x55de0d435320 LOG   GST_POLL gstpoll.c:994:gst_poll_fd_ctl_write: 0x55de0d459930: pfd->events now 60 (POLLOUT:4)
0:00:00.018334840  2725 0x55747945d320 DEBUG   GST_REGISTRY gstregistrychunks.c:583:gst_registry_chunks_load_feature: Plugin 'coretracers' feature 'stats' typename : 'GstTracerFactory'
0:00:00.013791756  2726 0x55de0d435320 DEBUG   GST_POLL gstpoll.c:980:gst_poll_fd_ctl_write: 0x55de0d459930: fd (fd:0, idx:1), active : 1
0:00:00.013798831  2726 0x55de0d435320 LOG   GST_POLL gstpoll.c:994:gst_poll_fd_ctl_write: 0x55de0d459930: pfd->events now 60 (POLLOUT:4)
0:00:00.018343667  2725 0x55747945d320 TRACE   GST_REFCOUNTING gstobject.c:208:gst_object_init: 0x557479483090 new
0:00:00.013805374  2726 0x55de0d435320 DEBUG   GST_POLL gstpoll.c:980:gst_poll_fd_ctl_write: 0x55de0d459930: fd (fd:0, idx:1), active : 1
0:00:00.018354516  2725 0x55747945d320 DEBUG   GST_REGISTRY gstregistrychunks.c:718:gst_registry_chunks_load_feature: Reading/casting for GstRegistryChunkPluginFeature at address 0x55747947df28
0:00:00.013812069  2726 0x55de0d435320 LOG   GST_POLL gstpoll.c:994:gst_poll_fd_ctl_write: 0x55de0d459930: pfd->events now 60 (POLLOUT:4)
0:00:00.018362415  2725 0x55747945d320 DEBUG   GST_REGISTRY gstregistry.c:590:gst_registry_add_feature: adding feature 0x557479483090 (stats)
0:00:00.013819050  2726 0x55de0d435320 DEBUG   GST_POLL gstpoll.c:980:gst_poll_fd_ctl_write: 0x55de0d459930: fd (fd:0, idx:1), active : 1
0:00:00.018369083  2725 0x55747945d320 DEBUG   GST_REFCOUNTING gstobject.c:709:gst_object_set_parent: set parent (ref and sink)
0:00:00.013826096  2726 0x55de0d435320 LOG   GST_POLL gstpoll.c:994:gst_poll_fd_ctl_write: 0x55de0d459930: pfd->events now 60 (POLLOUT:4)
0:00:00.018376843  2725 0x55747945d320 TRACE   GST_REFCOUNTING gstobject.c:294:gst_object_ref_sink: 0x557479483090 ref_sink 1->2
0:00:00.013833547  2726 0x55de0d435320 DEBUG   GST_POLL gstpoll.c:980:gst_poll_fd_ctl_write: 0x55de0d459930: fd (fd:0, idx:1), active : 1
0:00:00.018384152  2725 0x55747945d320 LOG   GST_REGISTRY gstregistry.c:608:gst_registry_add_feature: emitting feature-added for stats
0:00:00.013841139  2726 0x55de0d435320 LOG   GST_POLL gstpoll.c:994:gst_poll_fd_ctl_write: 0x55de0d459930: pfd->events now 60 (POLLOUT:4)
0:00:00.018391301  2725 0x55747945d320 DEBUG   GST_REGISTRY gstregistrychunks.c:741:gst_registry_chunks_load_feature: Added feature stats, plugin 0x557479482b90 coretracers
0:00:00.013848135  2726 0x55de0d435320 DEBUG   GST_POLL gstpoll.c:980:gst_poll_fd_ctl_write: 0x55de0d459930: fd (fd:0, idx:1), active : 1
0:00:00.018398551  2725 0x55747945d320 DEBUG   GST_REGISTRY gstregistrychunks.c:583:gst_registry_chunks_load_feature: Plugin 'coretracers' feature 'rusage' typename : 'GstTracerFactory'
0:00:00.013854865  2726 0x55de0d435320 LOG   GST_POLL gstpoll.c:994:gst_poll_fd_ctl_write: 0x55de0d459930: pfd->events now 60 (POLLOUT:4)
0:00:00.018406418  2725 0x55747945d320 TRACE   GST_REFCOUNTING gstobject.c:208:gst_object_init: 0x5574794831e0 new
0:00:00.013862518  2726 0x55de0d435320 DEBUG   GST_POLL gstpoll.c:980:gst_poll_fd_ctl_write: 0x55de0d459930: fd (fd:0, idx:1), active : 1
0:00:00.018419843  2725 0x55747945d320 DEBUG   GST_REGISTRY gstregistrychunks.c:718:gst_registry_chunks_load_feature: Reading/casting for GstRegistryChunkPluginFeature at address 0x55747947df48
0:00:00.013875686  2726 0x55de0d435320 LOG   GST_POLL gstpoll.c:994:gst_poll_fd_ctl_write: 0x55de0d459930: pfd->events now 60 (POLLOUT:4)
0:00:00.018427894  2725 0x55747945d320 DEBUG   GST_REGISTRY gstregistry.c:590:gst_registry_add_feature: adding feature 0x5574794831e0 (rusage)
0:00:00.013884096  2726 0x55de0d435320 DEBUG   GST_POLL gstpoll.c:980:gst_poll_fd_ctl_write: 0x55de0d459930: fd (fd:0, idx:1), active : 1
0:00:00.018434623  2725 0x55747945d320 DEBUG   GST_REFCOUNTING gstobject.c:709:gst_object_set_parent: set parent (ref and sink)
0:00:00.013891687  2726 0x55de0d435320 LOG   GST_POLL gstpoll.c:994:gst_poll_fd_ctl_write: 0x55de0d459930: pfd->events now 60 (POLLOUT:4)
0:00:00.018442495  2725 0x55747945d320 TRACE   GST_REFCOUNTING gstobject.c:294:gst_object_ref_sink: 0x5574794831e0 ref_sink 1->2
0:00:00.013899352  2726 0x55de0d435320 DEBUG   GST_POLL gstpoll.c:980:gst_poll_fd_ctl_write: 0x55de0d459930: fd (fd:0, idx:1), active : 1
0:00:00.018450551  2725 0x55747945d320 LOG   GST_REGISTRY gstregistry.c:608:gst_registry_add_feature: emitting feature-added for rusage
0:00:00.013907123  2726 0x55de0d435320 LOG   GST_POLL gstpoll.c:994:gst_poll_fd_ctl_write: 0x55de0d459930: pfd->events now 60 (POLLOUT:4)
0:00:00.018458229  2725 0x55747945d320 DEBUG   GST_REGISTRY gstregistrychunks.c:741:gst_registry_chunks_load_feature: Added feature rusage, plugin 0x557479482b90 coretracers
0:00:00.013914947  2726 0x55de0d435320 DEBUG   GST_POLL gstpoll.c:980:gst_poll_fd_ctl_write: 0x55de0d459930: fd (fd:0, idx:1), active : 1
0:00:00.018465370  2725 0x55747945d320 DEBUG   GST_REGISTRY gstregistrychunks.c:583:gst_registry_chunks_load_feature: Plugin 'coretracers' feature 'log' typename : 'GstTracerFactory'
0:00:00.013921935  2726 0x55de0d435320 LOG   GST_POLL gstpoll.c:994:gst_poll_fd_ctl_write: 0x55de0d459930: pfd->events now 60 (POLLOUT:4)
0:00:00.018473450  2725 0x55747945d320 TRACE   GST_REFCOUNTING gstobject.c:208:gst_object_init: 0x557479483340 new
0:00:00.013929582  2726 0x55de0d435320 DEBUG   GST_POLL gstpoll.c:980:gst_poll_fd_ctl_write: 0x55de0d459930: fd (fd:0, idx:1), active : 1
0:00:00.018481974  2725 0x55747945d320 DEBUG   GST_REGISTRY gstregistrychunks.c:718:gst_registry_chunks_load_feature: Reading/casting for GstRegistryChunkPluginFeature at address 0x55747947df68
0:00:00.013937650  2726 0x55de0d435320 LOG   GST_POLL gstpoll.c:994:gst_poll_fd_ctl_write: 0x55de0d459930: pfd->events now 60 (POLLOUT:4)
0:00:00.018489920  2725 0x55747945d320 DEBUG   GST_REGISTRY gstregistry.c:590:gst_registry_add_feature: adding feature 0x557479483340 (log)
0:00:00.013946229  2726 0x55de0d435320 DEBUG   GST_POLL gstpoll.c:980:gst_poll_fd_ctl_write: 0x55de0d459930: fd (fd:0, idx:1), active : 1
0:00:00.018496552  2725 0x55747945d320 DEBUG   GST_REFCOUNTING gstobject.c:709:gst_object_set_parent: set parent (ref and sink)
0:00:00.013953826  2726 0x55de0d435320 LOG   GST_POLL gstpoll.c:994:gst_poll_fd_ctl_write: 0x55de0d459930: pfd->events now 60 (POLLOUT:4)
0:00:00.018508858  2725 0x55747945d320 TRACE   GST_REFCOUNTING gstobject.c:294:gst_object_ref_sink: 0x557479483340 ref_sink 1->2
0:00:00.013966679  2726 0x55de0d435320 TRACE   GST_REFCOUNTING gstobject.c:265:gst_object_unref: 0x55de0d45af50 unref 2->1
0:00:00.018516370  2725 0x55747945d320 LOG   GST_REGISTRY gstregistry.c:608:gst_registry_add_feature: emitting feature-added for log
0:00:00.013974581  2726 0x55de0d435320 DEBUG   GST_POLL gstpoll.c:1241:gst_poll_fd_has_error: 0x55de0d459930: fd (fd:0, idx:1) 0
0:00:00.018523461  2725 0x55747945d320 DEBUG   GST_REGISTRY gstregistrychunks.c:741:gst_registry_chunks_load_feature: Added feature log, plugin 0x557479482b90 coretracers
0:00:00.013981779  2726 0x55de0d435320 DEBUG   GST_POLL gstpoll.c:1335:gst_poll_fd_can_write: 0x55de0d459930: fd (fd:0, idx:1) 1
0:00:00.018530531  2725 0x55747945d320 DEBUG   GST_REGISTRY gstregistrychunks.c:583:gst_registry_chunks_load_feature: Plugin 'coretracers' feature 'latency' typename : 'GstTracerFactory'
0:00:00.013988735  2726 0x55de0d435320 LOG   GST_PLUGIN_LOADING gstpluginloader.c:690:write_one: Writing packet of size 6872 bytes to fd 0
0:00:00.018538500  2725 0x55747945d320 TRACE   GST_REFCOUNTING gstobject.c:208:gst_object_init: 0x5574794834a0 new
0:00:00.014001197  2726 0x55de0d435320 DEBUG   GST_POLL gstpoll.c:1414:gst_poll_wait: 0x55de0d459930: timeout :0:00:01.000000000
0:00:00.018546633  2725 0x55747945d320 DEBUG   GST_REGISTRY gstregistrychunks.c:718:gst_registry_chunks_load_feature: Reading/casting for GstRegistryChunkPluginFeature at address 0x55747947df90
0:00:00.018556812  2725 0x55747945d320 DEBUG   GST_REGISTRY gstregistry.c:590:gst_registry_add_feature: adding feature 0x5574794834a0 (latency)
0:00:00.014011552  2726 0x55de0d435320 LOG   GST_PLUGIN_LOADING gstpluginloader.c:1028:exchange_packets: Poll res = 2. 488 bytes pending for write
0:00:00.018562896  2725 0x55747945d320 DEBUG   GST_REFCOUNTING gstobject.c:709:gst_object_set_parent: set parent (ref and sink)
0:00:00.014020792  2726 0x55de0d435320 DEBUG   GST_POLL gstpoll.c:1241:gst_poll_fd_has_error: 0x55de0d459930: fd (fd:5, idx:2) 0
0:00:00.018570506  2725 0x55747945d320 TRACE   GST_REFCOUNTING gstobject.c:294:gst_object_ref_sink: 0x5574794834a0 ref_sink 1->2
0:00:00.014027916  2726 0x55de0d435320 DEBUG   GST_POLL gstpoll.c:1266:gst_poll_fd_can_read_unlocked: 0x55de0d459930: fd (fd:5, idx:2) 1
0:00:00.018577716  2725 0x55747945d320 LOG   GST_REGISTRY gstregistry.c:608:gst_registry_add_feature: emitting feature-added for latency
0:00:00.014038021  2726 0x55de0d435320 DEBUG   GST_PLUGIN_LOADING gstpluginloader.c:722:do_plugin_load: Plugin scanner loading file /home/conan/w/prod/BuildSingleReference/.conan/data/gstreamer/1.18.3/_/_/package/7087a3df2991f0089c7fdba3f9b2a18fafecf068/lib/gstreamer-1.0/libgstcoreelements.so. tag 3
0:00:00.018585220  2725 0x55747945d320 DEBUG   GST_REGISTRY gstregistrychunks.c:741:gst_registry_chunks_load_feature: Added feature latency, plugin 0x557479482b90 coretracers
0:00:00.014054028  2726 0x55de0d435320 TRACE   GST_REFCOUNTING gstobject.c:238:gst_object_ref: 0x55de0d45d450 ref 1->2
0:00:00.018608070  2725 0x55747945d320 LOG   GST_PLUGIN_LOADING gstpluginloader.c:889:handle_rx_packet: marking plugin 0x557479482b90 as registered as /home/conan/w/prod/BuildSingleReference/.conan/data/gstreamer/1.18.3/_/_/package/7087a3df2991f0089c7fdba3f9b2a18fafecf068/lib/gstreamer-1.0/libgstcoretracers.so
0:00:00.014075869  2726 0x55de0d435320 TRACE   GST_REFCOUNTING gstobject.c:238:gst_object_ref: 0x55de0d47bec0 ref 1->2
0:00:00.014084740  2726 0x55de0d435320 TRACE   GST_REFCOUNTING gstobject.c:238:gst_object_ref: 0x55de0d47b1d0 ref 1->2
0:00:00.018630413  2725 0x55747945d320 DEBUG   GST_POLL gstpoll.c:1414:gst_poll_wait: 0x557479482530: timeout :0:00:01.000000000
0:00:00.014092196  2726 0x55de0d435320 TRACE   GST_REFCOUNTING gstobject.c:238:gst_object_ref: 0x55de0d4796f0 ref 1->2
0:00:00.018644571  2725 0x55747945d320 LOG   GST_PLUGIN_LOADING gstpluginloader.c:1028:exchange_packets: Poll res = 1. 0 bytes pending for write
0:00:00.014100009  2726 0x55de0d435320 TRACE   GST_REFCOUNTING gstobject.c:238:gst_object_ref: 0x55de0d478700 ref 1->2
0:00:00.018653189  2725 0x55747945d320 DEBUG   GST_POLL gstpoll.c:1241:gst_poll_fd_has_error: 0x557479482530: fd (fd:8, idx:2) 0
0:00:00.014110069  2726 0x55de0d435320 TRACE   GST_REFCOUNTING gstobject.c:238:gst_object_ref: 0x55de0d477320 ref 1->2
0:00:00.018661024  2725 0x55747945d320 DEBUG   GST_POLL gstpoll.c:1266:gst_poll_fd_can_read_unlocked: 0x557479482530: fd (fd:8, idx:2) 1
0:00:00.014118031  2726 0x55de0d435320 TRACE   GST_REFCOUNTING gstobject.c:238:gst_object_ref: 0x55de0d475ea0 ref 1->2
0:00:00.018670254  2725 0x55747945d320 LOG   GST_PLUGIN_LOADING gstpluginloader.c:986:read_one: Expanding rx buf from 512 to 7384
0:00:00.014125238  2726 0x55de0d435320 TRACE   GST_REFCOUNTING gstobject.c:238:gst_object_ref: 0x55de0d4746f0 ref 1->2
0:00:00.014135133  2726 0x55de0d435320 TRACE   GST_REFCOUNTING gstobject.c:238:gst_object_ref: 0x55de0d472340 ref 1->2
0:00:00.014142294  2726 0x55de0d435320 TRACE   GST_REFCOUNTING gstobject.c:238:gst_object_ref: 0x55de0d471220 ref 1->2
0:00:00.018691764  2725 0x55747945d320 DEBUG   GST_PLUGIN_LOADING gstpluginloader.c:850:handle_rx_packet: Received plugin details from child w/ tag 1. 6860 bytes info
0:00:00.014149578  2726 0x55de0d435320 TRACE   GST_REFCOUNTING gstobject.c:238:gst_object_ref: 0x55de0d46ff90 ref 1->2
0:00:00.018698935  2725 0x55747945d320 LOG   GST_REGISTRY gstregistrychunks.c:837:_priv_gst_registry_chunks_load_plugin: Reading/casting for GstRegistryChunkPluginElement at address 0x557479483570
0:00:00.014157071  2726 0x55de0d435320 TRACE   GST_REFCOUNTING gstobject.c:238:gst_object_ref: 0x55de0d46e9a0 ref 1->2
0:00:00.018707565  2725 0x55747945d320 TRACE   GST_REFCOUNTING gstobject.c:208:gst_object_init: 0x557479485250 new
0:00:00.014164858  2726 0x55de0d435320 TRACE   GST_REFCOUNTING gstobject.c:238:gst_object_ref: 0x55de0d46dd30 ref 1->2
0:00:00.014183878  2726 0x55de0d435320 TRACE   GST_REFCOUNTING gstobject.c:238:gst_object_ref: 0x55de0d46cf50 ref 1->2
0:00:00.014191191  2726 0x55de0d435320 TRACE   GST_REFCOUNTING gstobject.c:238:gst_object_ref: 0x55de0d46c0d0 ref 1->2
0:00:00.014198219  2726 0x55de0d435320 TRACE   GST_REFCOUNTING gstobject.c:238:gst_object_ref: 0x55de0d469c20 ref 1->2
0:00:00.018745073  2725 0x55747945d320 LOG   GST_REGISTRY gstregistrychunks.c:858:_priv_gst_registry_chunks_load_plugin: read strings for name='coreelements'
0:00:00.014205429  2726 0x55de0d435320 TRACE   GST_REFCOUNTING gstobject.c:238:gst_object_ref: 0x55de0d467640 ref 1->2
0:00:00.018752706  2725 0x55747945d320 LOG   GST_REGISTRY gstregistrychunks.c:859:_priv_gst_registry_chunks_load_plugin: desc.description='GStreamer core elements'
0:00:00.014213106  2726 0x55de0d435320 TRACE   GST_REFCOUNTING gstobject.c:238:gst_object_ref: 0x55de0d465990 ref 1->2
0:00:00.018760183  2725 0x55747945d320 LOG   GST_REGISTRY gstregistrychunks.c:860:_priv_gst_registry_chunks_load_plugin: filename='/home/conan/w/prod/BuildSingleReference/.conan/data/gstreamer/1.18.3/_/_/package/7087a3df2991f0089c7fdba3f9b2a18fafecf068/lib/gstreamer-1.0/libgstcoreelements.so'
0:00:00.014220770  2726 0x55de0d435320 TRACE   GST_REFCOUNTING gstobject.c:238:gst_object_ref: 0x55de0d4647c0 ref 1->2
0:00:00.018767369  2725 0x55747945d320 LOG   GST_REGISTRY gstregistrychunks.c:861:_priv_gst_registry_chunks_load_plugin: desc.version='1.18.3'
0:00:00.018774791  2725 0x55747945d320 LOG   GST_REGISTRY gstregistrychunks.c:862:_priv_gst_registry_chunks_load_plugin: desc.license='LGPL'
0:00:00.014234392  2726 0x55de0d435320 TRACE   GST_REFCOUNTING gstobject.c:238:gst_object_ref: 0x55de0d462920 ref 1->2
0:00:00.018780291  2725 0x55747945d320 LOG   GST_REGISTRY gstregistrychunks.c:863:_priv_gst_registry_chunks_load_plugin: desc.source='gstreamer'
0:00:00.014242438  2726 0x55de0d435320 TRACE   GST_REFCOUNTING gstobject.c:238:gst_object_ref: 0x55de0d461a40 ref 1->2
0:00:00.014249647  2726 0x55de0d435320 TRACE   GST_REFCOUNTING gstobject.c:238:gst_object_ref: 0x55de0d460d40 ref 1->2
0:00:00.018795201  2725 0x55747945d320 LOG   GST_REGISTRY gstregistrychunks.c:864:_priv_gst_registry_chunks_load_plugin: desc.package='GStreamer source release'
0:00:00.014256828  2726 0x55de0d435320 TRACE   GST_REFCOUNTING gstobject.c:238:gst_object_ref: 0x55de0d45ee10 ref 1->2
0:00:00.018803492  2725 0x55747945d320 LOG   GST_REGISTRY gstregistrychunks.c:865:_priv_gst_registry_chunks_load_plugin: desc.origin='Unknown package origin'
0:00:00.018811059  2725 0x55747945d320 LOG   GST_REGISTRY gstregistrychunks.c:866:_priv_gst_registry_chunks_load_plugin: desc.datetime=2021-01-13
0:00:00.014265317  2726 0x55de0d435320 DEBUG   GST_REGISTRY gstregistrychunks.c:265:gst_registry_chunks_save_feature: saved 0 interfaces 0 pad templates
0:00:00.018819404  2725 0x55747945d320 DEBUG   GST_REGISTRY gstregistry.c:474:gst_registry_add_plugin: adding plugin 0x557479485250 for filename "/home/conan/w/prod/BuildSingleReference/.conan/data/gstreamer/1.18.3/_/_/package/7087a3df2991f0089c7fdba3f9b2a18fafecf068/lib/gstreamer-1.0/libgstcoreelements.so"
0:00:00.014281874  2726 0x55de0d435320 DEBUG   GST_REGISTRY gstregistrychunks.c:265:gst_registry_chunks_save_feature: saved 0 interfaces 0 pad templates
0:00:00.018832467  2725 0x55747945d320 TRACE   GST_REFCOUNTING gstobject.c:294:gst_object_ref_sink: 0x557479485250 ref_sink 1->2
0:00:00.014293367  2726 0x55de0d435320 DEBUG   GST_REGISTRY gstregistrychunks.c:265:gst_registry_chunks_save_feature: saved 0 interfaces 0 pad templates
0:00:00.018840308  2725 0x55747945d320 LOG   GST_REGISTRY gstregistry.c:487:gst_registry_add_plugin: emitting plugin-added for filename "/home/conan/w/prod/BuildSingleReference/.conan/data/gstreamer/1.18.3/_/_/package/7087a3df2991f0089c7fdba3f9b2a18fafecf068/lib/gstreamer-1.0/libgstcoreelements.so"
0:00:00.018849431  2725 0x55747945d320 DEBUG   GST_REGISTRY gstregistrychunks.c:887:_priv_gst_registry_chunks_load_plugin: Added plugin 'coreelements' plugin with 22 features from binary registry
0:00:00.014304320  2726 0x55de0d435320 DEBUG   GST_REGISTRY gstregistrychunks.c:265:gst_registry_chunks_save_feature: saved 1 interfaces 0 pad templates
