0:00:00.019495395  2465 0x14b4370 DEBUG   GST_REGISTRY gstregistrychunks.c:525:gst_registry_chunks_load_pad_template: Reading/casting for GstRegistryChunkPadTemplate at address 0x14cfe18
0:00:00.014845588  2466 0x19a5320 LOG   GST_POLL gstpoll.c:994:gst_poll_fd_ctl_write: 0x19ad820: pfd->events now 60 (POLLOUT:4)
0:00:00.019503145  2465 0x14b4370 DEBUG   GST_REGISTRY gstregistrychunks.c:539:gst_registry_chunks_load_pad_template: Added pad_template sink_%u
0:00:00.014852212  2466 0x19a5320 DEBUG   GST_POLL gstpoll.c:979:gst_poll_fd_ctl_write: 0x19ad820: fd (fd:0, idx:1), active : 1
0:00:00.019512618  2465 0x14b4370 DEBUG   GST_REGISTRY gstregistry.c:589:gst_registry_add_feature: adding feature 0x14d1960 (multiqueue)
0:00:00.014861264  2466 0x19a5320 LOG   GST_POLL gstpoll.c:994:gst_poll_fd_ctl_write: 0x19ad820: pfd->events now 60 (POLLOUT:4)
0:00:00.019519726  2465 0x14b4370 DEBUG   GST_REFCOUNTING gstobject.c:708:gst_object_set_parent: set parent (ref and sink)
0:00:00.014875604  2466 0x19a5320 DEBUG   GST_POLL gstpoll.c:979:gst_poll_fd_ctl_write: 0x19ad820: fd (fd:0, idx:1), active : 1
0:00:00.019531004  2465 0x14b4370 TRACE   GST_REFCOUNTING gstobject.c:292:gst_object_ref_sink: 0x14d1960 ref_sink 1->2
0:00:00.014882526  2466 0x19a5320 LOG   GST_POLL gstpoll.c:994:gst_poll_fd_ctl_write: 0x19ad820: pfd->events now 60 (POLLOUT:4)
0:00:00.019538659  2465 0x14b4370 LOG   GST_REGISTRY gstregistry.c:607:gst_registry_add_feature: emitting feature-added for multiqueue
0:00:00.014889128  2466 0x19a5320 DEBUG   GST_POLL gstpoll.c:979:gst_poll_fd_ctl_write: 0x19ad820: fd (fd:0, idx:1), active : 1
0:00:00.019545784  2465 0x14b4370 DEBUG   GST_REGISTRY gstregistrychunks.c:740:gst_registry_chunks_load_feature: Added feature multiqueue, plugin 0x14ce070 coreelements
0:00:00.014895593  2466 0x19a5320 LOG   GST_POLL gstpoll.c:994:gst_poll_fd_ctl_write: 0x19ad820: pfd->events now 60 (POLLOUT:4)
0:00:00.019553047  2465 0x14b4370 DEBUG   GST_REGISTRY gstregistrychunks.c:582:gst_registry_chunks_load_feature: Plugin 'coreelements' feature 'typefind' typename : 'GstElementFactory'
0:00:00.014902212  2466 0x19a5320 DEBUG   GST_POLL gstpoll.c:979:gst_poll_fd_ctl_write: 0x19ad820: fd (fd:0, idx:1), active : 1
0:00:00.014909684  2466 0x19a5320 LOG   GST_POLL gstpoll.c:994:gst_poll_fd_ctl_write: 0x19ad820: pfd->events now 60 (POLLOUT:4)
0:00:00.019564214  2465 0x14b4370 TRACE   GST_REFCOUNTING gstobject.c:208:gst_object_init: 0x14d1bd0 new
0:00:00.014915560  2466 0x19a5320 DEBUG   GST_POLL gstpoll.c:979:gst_poll_fd_ctl_write: 0x19ad820: fd (fd:0, idx:1), active : 1
0:00:00.019574404  2465 0x14b4370 LOG   GST_REGISTRY gstregistrychunks.c:609:gst_registry_chunks_load_feature: Reading/casting for GstRegistryChunkElementFactory at address 0x14cfe48
0:00:00.014923944  2466 0x19a5320 LOG   GST_POLL gstpoll.c:994:gst_poll_fd_ctl_write: 0x19ad820: pfd->events now 60 (POLLOUT:4)
0:00:00.019582090  2465 0x14b4370 TRACE   structure gststructure.c:287:gst_structure_new_id_empty_with_size: created structure 0x14d1d90
0:00:00.014931517  2466 0x19a5320 DEBUG   GST_POLL gstpoll.c:979:gst_poll_fd_ctl_write: 0x19ad820: fd (fd:0, idx:1), active : 1
0:00:00.019588603  2465 0x14b4370 DEBUG   structure gststructure.c:2203:gst_structure_parse_field: trying field name 'long-name'
0:00:00.014938083  2466 0x19a5320 LOG   GST_POLL gstpoll.c:994:gst_poll_fd_ctl_write: 0x19ad820: pfd->events now 60 (POLLOUT:4)
0:00:00.019594665  2465 0x14b4370 DEBUG   default gstvalue.c:2676:_priv_gst_value_parse_value: trying type name 'string'
0:00:00.014944841  2466 0x19a5320 DEBUG   GST_POLL gstpoll.c:979:gst_poll_fd_ctl_write: 0x19ad820: fd (fd:0, idx:1), active : 1
0:00:00.019602046  2465 0x14b4370 DEBUG   structure gststructure.c:2203:gst_structure_parse_field: trying field name 'klass'
0:00:00.014951176  2466 0x19a5320 LOG   GST_POLL gstpoll.c:994:gst_poll_fd_ctl_write: 0x19ad820: pfd->events now 60 (POLLOUT:4)
0:00:00.019615594  2465 0x14b4370 DEBUG   default gstvalue.c:2676:_priv_gst_value_parse_value: trying type name 'string'
0:00:00.014965381  2466 0x19a5320 DEBUG   GST_POLL gstpoll.c:979:gst_poll_fd_ctl_write: 0x19ad820: fd (fd:0, idx:1), active : 1
0:00:00.019622643  2465 0x14b4370 DEBUG   structure gststructure.c:2203:gst_structure_parse_field: trying field name 'description'
0:00:00.014971600  2466 0x19a5320 LOG   GST_POLL gstpoll.c:994:gst_poll_fd_ctl_write: 0x19ad820: pfd->events now 60 (POLLOUT:4)
0:00:00.019630883  2465 0x14b4370 DEBUG   default gstvalue.c:2676:_priv_gst_value_parse_value: trying type name 'string'
0:00:00.014979503  2466 0x19a5320 DEBUG   GST_POLL gstpoll.c:979:gst_poll_fd_ctl_write: 0x19ad820: fd (fd:0, idx:1), active : 1
0:00:00.019639720  2465 0x14b4370 DEBUG   structure gststructure.c:2203:gst_structure_parse_field: trying field name 'author'
0:00:00.014989201  2466 0x19a5320 LOG   GST_POLL gstpoll.c:994:gst_poll_fd_ctl_write: 0x19ad820: pfd->events now 60 (POLLOUT:4)
0:00:00.019645719  2465 0x14b4370 DEBUG   default gstvalue.c:2676:_priv_gst_value_parse_value: trying type name 'string'
0:00:00.014996638  2466 0x19a5320 DEBUG   GST_POLL gstpoll.c:979:gst_poll_fd_ctl_write: 0x19ad820: fd (fd:0, idx:1), active : 1
0:00:00.019653373  2465 0x14b4370 DEBUG   GST_REGISTRY gstregistrychunks.c:626:gst_registry_chunks_load_feature: Element factory : npadtemplates=2
0:00:00.015003183  2466 0x19a5320 LOG   GST_POLL gstpoll.c:994:gst_poll_fd_ctl_write: 0x19ad820: pfd->events now 60 (POLLOUT:4)
0:00:00.019659504  2465 0x14b4370 DEBUG   GST_REGISTRY gstregistrychunks.c:525:gst_registry_chunks_load_pad_template: Reading/casting for GstRegistryChunkPadTemplate at address 0x14cff20
0:00:00.015010234  2466 0x19a5320 DEBUG   GST_POLL gstpoll.c:979:gst_poll_fd_ctl_write: 0x19ad820: fd (fd:0, idx:1), active : 1
0:00:00.019665816  2465 0x14b4370 DEBUG   GST_REGISTRY gstregistrychunks.c:539:gst_registry_chunks_load_pad_template: Added pad_template sink
0:00:00.015016512  2466 0x19a5320 LOG   GST_POLL gstpoll.c:994:gst_poll_fd_ctl_write: 0x19ad820: pfd->events now 60 (POLLOUT:4)
0:00:00.019671761  2465 0x14b4370 DEBUG   GST_REGISTRY gstregistrychunks.c:525:gst_registry_chunks_load_pad_template: Reading/casting for GstRegistryChunkPadTemplate at address 0x14cff38
0:00:00.015023081  2466 0x19a5320 DEBUG   GST_POLL gstpoll.c:979:gst_poll_fd_ctl_write: 0x19ad820: fd (fd:0, idx:1), active : 1
0:00:00.019677874  2465 0x14b4370 DEBUG   GST_REGISTRY gstregistrychunks.c:539:gst_registry_chunks_load_pad_template: Added pad_template src
0:00:00.015029500  2466 0x19a5320 LOG   GST_POLL gstpoll.c:994:gst_poll_fd_ctl_write: 0x19ad820: pfd->events now 60 (POLLOUT:4)
0:00:00.015036632  2466 0x19a5320 DEBUG   GST_POLL gstpoll.c:979:gst_poll_fd_ctl_write: 0x19ad820: fd (fd:0, idx:1), active : 1
0:00:00.019692317  2465 0x14b4370 DEBUG   GST_REGISTRY gstregistry.c:589:gst_registry_add_feature: adding feature 0x14d1bd0 (typefind)
0:00:00.015044815  2466 0x19a5320 LOG   GST_POLL gstpoll.c:994:gst_poll_fd_ctl_write: 0x19ad820: pfd->events now 60 (POLLOUT:4)
0:00:00.019704933  2465 0x14b4370 DEBUG   GST_REFCOUNTING gstobject.c:708:gst_object_set_parent: set parent (ref and sink)
0:00:00.015054718  2466 0x19a5320 DEBUG   GST_POLL gstpoll.c:979:gst_poll_fd_ctl_write: 0x19ad820: fd (fd:0, idx:1), active : 1
0:00:00.015061559  2466 0x19a5320 LOG   GST_POLL gstpoll.c:994:gst_poll_fd_ctl_write: 0x19ad820: pfd->events now 60 (POLLOUT:4)
0:00:00.019713699  2465 0x14b4370 TRACE   GST_REFCOUNTING gstobject.c:292:gst_object_ref_sink: 0x14d1bd0 ref_sink 1->2
0:00:00.015067677  2466 0x19a5320 DEBUG   GST_POLL gstpoll.c:979:gst_poll_fd_ctl_write: 0x19ad820: fd (fd:0, idx:1), active : 1
0:00:00.019722687  2465 0x14b4370 LOG   GST_REGISTRY gstregistry.c:607:gst_registry_add_feature: emitting feature-added for typefind
0:00:00.015073992  2466 0x19a5320 LOG   GST_POLL gstpoll.c:994:gst_poll_fd_ctl_write: 0x19ad820: pfd->events now 60 (POLLOUT:4)
0:00:00.019729897  2465 0x14b4370 DEBUG   GST_REGISTRY gstregistrychunks.c:740:gst_registry_chunks_load_feature: Added feature typefind, plugin 0x14ce070 coreelements
0:00:00.015080500  2466 0x19a5320 DEBUG   GST_POLL gstpoll.c:979:gst_poll_fd_ctl_write: 0x19ad820: fd (fd:0, idx:1), active : 1
0:00:00.019737194  2465 0x14b4370 DEBUG   GST_REGISTRY gstregistrychunks.c:582:gst_registry_chunks_load_feature: Plugin 'coreelements' feature 'tee' typename : 'GstElementFactory'
0:00:00.015086720  2466 0x19a5320 LOG   GST_POLL gstpoll.c:994:gst_poll_fd_ctl_write: 0x19ad820: pfd->events now 60 (POLLOUT:4)
0:00:00.015093264  2466 0x19a5320 DEBUG   GST_POLL gstpoll.c:979:gst_poll_fd_ctl_write: 0x19ad820: fd (fd:0, idx:1), active : 1
0:00:00.019745790  2465 0x14b4370 TRACE   GST_REFCOUNTING gstobject.c:208:gst_object_init: 0x14d1f10 new
0:00:00.015101449  2466 0x19a5320 LOG   GST_POLL gstpoll.c:994:gst_poll_fd_ctl_write: 0x19ad820: pfd->events now 60 (POLLOUT:4)
0:00:00.019759305  2465 0x14b4370 LOG   GST_REGISTRY gstregistrychunks.c:609:gst_registry_chunks_load_feature: Reading/casting for GstRegistryChunkElementFactory at address 0x14cff60
0:00:00.015108933  2466 0x19a5320 DEBUG   GST_POLL gstpoll.c:979:gst_poll_fd_ctl_write: 0x19ad820: fd (fd:0, idx:1), active : 1
0:00:00.019767993  2465 0x14b4370 TRACE   structure gststructure.c:287:gst_structure_new_id_empty_with_size: created structure 0x14d20e0
0:00:00.015116398  2466 0x19a5320 LOG   GST_POLL gstpoll.c:994:gst_poll_fd_ctl_write: 0x19ad820: pfd->events now 60 (POLLOUT:4)
0:00:00.019774711  2465 0x14b4370 DEBUG   structure gststructure.c:2203:gst_structure_parse_field: trying field name 'long-name'
0:00:00.015124426  2466 0x19a5320 DEBUG   GST_POLL gstpoll.c:979:gst_poll_fd_ctl_write: 0x19ad820: fd (fd:0, idx:1), active : 1
0:00:00.019780743  2465 0x14b4370 DEBUG   default gstvalue.c:2676:_priv_gst_value_parse_value: trying type name 'string'
0:00:00.015130812  2466 0x19a5320 LOG   GST_POLL gstpoll.c:994:gst_poll_fd_ctl_write: 0x19ad820: pfd->events now 60 (POLLOUT:4)
0:00:00.019792638  2465 0x14b4370 DEBUG   structure gststructure.c:2203:gst_structure_parse_field: trying field name 'klass'
0:00:00.015141149  2466 0x19a5320 DEBUG   GST_POLL gstpoll.c:979:gst_poll_fd_ctl_write: 0x19ad820: fd (fd:0, idx:1), active : 1
0:00:00.019798885  2465 0x14b4370 DEBUG   default gstvalue.c:2676:_priv_gst_value_parse_value: trying type name 'string'
0:00:00.015148335  2466 0x19a5320 LOG   GST_POLL gstpoll.c:994:gst_poll_fd_ctl_write: 0x19ad820: pfd->events now 60 (POLLOUT:4)
0:00:00.019805992  2465 0x14b4370 DEBUG   structure gststructure.c:2203:gst_structure_parse_field: trying field name 'description'
0:00:00.015154977  2466 0x19a5320 DEBUG   GST_POLL gstpoll.c:979:gst_poll_fd_ctl_write: 0x19ad820: fd (fd:0, idx:1), active : 1
0:00:00.019812421  2465 0x14b4370 DEBUG   default gstvalue.c:2676:_priv_gst_value_parse_value: trying type name 'string'
0:00:00.015163851  2466 0x19a5320 LOG   GST_POLL gstpoll.c:994:gst_poll_fd_ctl_write: 0x19ad820: pfd->events now 60 (POLLOUT:4)
0:00:00.019821957  2465 0x14b4370 DEBUG   structure gststructure.c:2203:gst_structure_parse_field: trying field name 'author'
0:00:00.015171632  2466 0x19a5320 DEBUG   GST_POLL gstpoll.c:979:gst_poll_fd_ctl_write: 0x19ad820: fd (fd:0, idx:1), active : 1
0:00:00.019829087  2465 0x14b4370 DEBUG   default gstvalue.c:2676:_priv_gst_value_parse_value: trying type name 'string'
0:00:00.015178508  2466 0x19a5320 LOG   GST_POLL gstpoll.c:994:gst_poll_fd_ctl_write: 0x19ad820: pfd->events now 60 (POLLOUT:4)
0:00:00.019837522  2465 0x14b4370 DEBUG   GST_REGISTRY gstregistrychunks.c:626:gst_registry_chunks_load_feature: Element factory : npadtemplates=2
0:00:00.015185419  2466 0x19a5320 DEBUG   GST_POLL gstpoll.c:979:gst_poll_fd_ctl_write: 0x19ad820: fd (fd:0, idx:1), active : 1
0:00:00.019855048  2465 0x14b4370 DEBUG   GST_REGISTRY gstregistrychunks.c:525:gst_registry_chunks_load_pad_template: Reading/casting for GstRegistryChunkPadTemplate at address 0x14d0050
0:00:00.015204340  2466 0x19a5320 LOG   GST_POLL gstpoll.c:994:gst_poll_fd_ctl_write: 0x19ad820: pfd->events now 60 (POLLOUT:4)
0:00:00.019862894  2465 0x14b4370 DEBUG   GST_REGISTRY gstregistrychunks.c:539:gst_registry_chunks_load_pad_template: Added pad_template src_%u
0:00:00.015212575  2466 0x19a5320 DEBUG   GST_POLL gstpoll.c:979:gst_poll_fd_ctl_write: 0x19ad820: fd (fd:0, idx:1), active : 1
0:00:00.015218984  2466 0x19a5320 LOG   GST_POLL gstpoll.c:994:gst_poll_fd_ctl_write: 0x19ad820: pfd->events now 60 (POLLOUT:4)
0:00:00.019877638  2465 0x14b4370 DEBUG   GST_REGISTRY gstregistrychunks.c:525:gst_registry_chunks_load_pad_template: Reading/casting for GstRegistryChunkPadTemplate at address 0x14d0068
0:00:00.015227882  2466 0x19a5320 DEBUG   GST_POLL gstpoll.c:979:gst_poll_fd_ctl_write: 0x19ad820: fd (fd:0, idx:1), active : 1
0:00:00.019886428  2465 0x14b4370 DEBUG   GST_REGISTRY gstregistrychunks.c:539:gst_registry_chunks_load_pad_template: Added pad_template sink
0:00:00.015239887  2466 0x19a5320 LOG   GST_POLL gstpoll.c:994:gst_poll_fd_ctl_write: 0x19ad820: pfd->events now 60 (POLLOUT:4)
0:00:00.019897455  2465 0x14b4370 DEBUG   GST_REGISTRY gstregistry.c:589:gst_registry_add_feature: adding feature 0x14d1f10 (tee)
0:00:00.015246971  2466 0x19a5320 DEBUG   GST_POLL gstpoll.c:979:gst_poll_fd_ctl_write: 0x19ad820: fd (fd:0, idx:1), active : 1
0:00:00.019904790  2465 0x14b4370 DEBUG   GST_REFCOUNTING gstobject.c:708:gst_object_set_parent: set parent (ref and sink)
0:00:00.015253564  2466 0x19a5320 LOG   GST_POLL gstpoll.c:994:gst_poll_fd_ctl_write: 0x19ad820: pfd->events now 60 (POLLOUT:4)
0:00:00.019913177  2465 0x14b4370 TRACE   GST_REFCOUNTING gstobject.c:292:gst_object_ref_sink: 0x14d1f10 ref_sink 1->2
0:00:00.015261552  2466 0x19a5320 DEBUG   GST_POLL gstpoll.c:979:gst_poll_fd_ctl_write: 0x19ad820: fd (fd:0, idx:1), active : 1
0:00:00.019920744  2465 0x14b4370 LOG   GST_REGISTRY gstregistry.c:607:gst_registry_add_feature: emitting feature-added for tee
0:00:00.015269155  2466 0x19a5320 LOG   GST_POLL gstpoll.c:994:gst_poll_fd_ctl_write: 0x19ad820: pfd->events now 60 (POLLOUT:4)
0:00:00.019928491  2465 0x14b4370 DEBUG   GST_REGISTRY gstregistrychunks.c:740:gst_registry_chunks_load_feature: Added feature tee, plugin 0x14ce070 coreelements
0:00:00.015276846  2466 0x19a5320 DEBUG   GST_POLL gstpoll.c:979:gst_poll_fd_ctl_write: 0x19ad820: fd (fd:0, idx:1), active : 1
0:00:00.019935553  2465 0x14b4370 DEBUG   GST_REGISTRY gstregistrychunks.c:582:gst_registry_chunks_load_feature: Plugin 'coreelements' feature 'filesink' typename : 'GstElementFactory'
0:00:00.015283893  2466 0x19a5320 LOG   GST_POLL gstpoll.c:994:gst_poll_fd_ctl_write: 0x19ad820: pfd->events now 60 (POLLOUT:4)
0:00:00.019944287  2465 0x14b4370 TRACE   GST_REFCOUNTING gstobject.c:208:gst_object_init: 0x14d22e0 new
0:00:00.015293441  2466 0x19a5320 DEBUG   GST_POLL gstpoll.c:979:gst_poll_fd_ctl_write: 0x19ad820: fd (fd:0, idx:1), active : 1
0:00:00.015302091  2466 0x19a5320 LOG   GST_POLL gstpoll.c:994:gst_poll_fd_ctl_write: 0x19ad820: pfd->events now 60 (POLLOUT:4)
0:00:00.019956304  2465 0x14b4370 LOG   GST_REGISTRY gstregistrychunks.c:609:gst_registry_chunks_load_feature: Reading/casting for GstRegistryChunkElementFactory at address 0x14d0098
0:00:00.015308164  2466 0x19a5320 DEBUG   GST_POLL gstpoll.c:979:gst_poll_fd_ctl_write: 0x19ad820: fd (fd:0, idx:1), active : 1
0:00:00.019964552  2465 0x14b4370 TRACE   structure gststructure.c:287:gst_structure_new_id_empty_with_size: created structure 0x14d24a0
0:00:00.015314340  2466 0x19a5320 LOG   GST_POLL gstpoll.c:994:gst_poll_fd_ctl_write: 0x19ad820: pfd->events now 60 (POLLOUT:4)
0:00:00.019971293  2465 0x14b4370 DEBUG   structure gststructure.c:2203:gst_structure_parse_field: trying field name 'long-name'
0:00:00.015320822  2466 0x19a5320 DEBUG   GST_POLL gstpoll.c:979:gst_poll_fd_ctl_write: 0x19ad820: fd (fd:0, idx:1), active : 1
0:00:00.019977295  2465 0x14b4370 DEBUG   default gstvalue.c:2676:_priv_gst_value_parse_value: trying type name 'string'
0:00:00.015334233  2466 0x19a5320 LOG   GST_POLL gstpoll.c:994:gst_poll_fd_ctl_write: 0x19ad820: pfd->events now 60 (POLLOUT:4)
0:00:00.019992427  2465 0x14b4370 DEBUG   structure gststructure.c:2203:gst_structure_parse_field: trying field name 'klass'
0:00:00.015341196  2466 0x19a5320 DEBUG   GST_POLL gstpoll.c:979:gst_poll_fd_ctl_write: 0x19ad820: fd (fd:0, idx:1), active : 1
0:00:00.020000815  2465 0x14b4370 DEBUG   default gstvalue.c:2676:_priv_gst_value_parse_value: trying type name 'string'
0:00:00.015349882  2466 0x19a5320 LOG   GST_POLL gstpoll.c:994:gst_poll_fd_ctl_write: 0x19ad820: pfd->events now 60 (POLLOUT:4)
0:00:00.020007764  2465 0x14b4370 DEBUG   structure gststructure.c:2203:gst_structure_parse_field: trying field name 'description'
0:00:00.015359004  2466 0x19a5320 DEBUG   GST_POLL gstpoll.c:979:gst_poll_fd_ctl_write: 0x19ad820: fd (fd:0, idx:1), active : 1
0:00:00.020013961  2465 0x14b4370 DEBUG   default gstvalue.c:2676:_priv_gst_value_parse_value: trying type name 'string'
0:00:00.015366115  2466 0x19a5320 LOG   GST_POLL gstpoll.c:994:gst_poll_fd_ctl_write: 0x19ad820: pfd->events now 60 (POLLOUT:4)
0:00:00.020024040  2465 0x14b4370 DEBUG   structure gststructure.c:2203:gst_structure_parse_field: trying field name 'author'
0:00:00.015372734  2466 0x19a5320 DEBUG   GST_POLL gstpoll.c:979:gst_poll_fd_ctl_write: 0x19ad820: fd (fd:0, idx:1), active : 1
0:00:00.020031451  2465 0x14b4370 DEBUG   default gstvalue.c:2676:_priv_gst_value_parse_value: trying type name 'string'
0:00:00.015380722  2466 0x19a5320 LOG   GST_POLL gstpoll.c:994:gst_poll_fd_ctl_write: 0x19ad820: pfd->events now 60 (POLLOUT:4)
0:00:00.020039226  2465 0x14b4370 DEBUG   GST_REGISTRY gstregistrychunks.c:626:gst_registry_chunks_load_feature: Element factory : npadtemplates=1
0:00:00.015387152  2466 0x19a5320 DEBUG   GST_POLL gstpoll.c:979:gst_poll_fd_ctl_write: 0x19ad820: fd (fd:0, idx:1), active : 1
0:00:00.020045280  2465 0x14b4370 DEBUG   GST_REGISTRY gstregistrychunks.c:525:gst_registry_chunks_load_pad_template: Reading/casting for GstRegistryChunkPadTemplate at address 0x14d0178
0:00:00.015394533  2466 0x19a5320 LOG   GST_POLL gstpoll.c:994:gst_poll_fd_ctl_write: 0x19ad820: pfd->events now 60 (POLLOUT:4)
0:00:00.020051286  2465 0x14b4370 DEBUG   GST_REGISTRY gstregistrychunks.c:539:gst_registry_chunks_load_pad_template: Added pad_template sink
0:00:00.015401021  2466 0x19a5320 DEBUG   GST_POLL gstpoll.c:979:gst_poll_fd_ctl_write: 0x19ad820: fd (fd:0, idx:1), active : 1
0:00:00.020058071  2465 0x14b4370 DEBUG   GST_REGISTRY gstregistrychunks.c:639:gst_registry_chunks_load_feature: Reading 1 UriTypes at address 0x14d0189
0:00:00.015407159  2466 0x19a5320 LOG   GST_POLL gstpoll.c:994:gst_poll_fd_ctl_write: 0x19ad820: pfd->events now 60 (POLLOUT:4)
0:00:00.020065083  2465 0x14b4370 DEBUG   GST_REGISTRY gstregistrychunks.c:654:gst_registry_chunks_load_feature: Reading 1 Interfaces at address 0x14d0199
0:00:00.015420404  2466 0x19a5320 DEBUG   GST_POLL gstpoll.c:979:gst_poll_fd_ctl_write: 0x19ad820: fd (fd:0, idx:1), active : 1
0:00:00.020077106  2465 0x14b4370 DEBUG   GST_REGISTRY gstregistry.c:589:gst_registry_add_feature: adding feature 0x14d22e0 (filesink)
0:00:00.015427650  2466 0x19a5320 LOG   GST_POLL gstpoll.c:994:gst_poll_fd_ctl_write: 0x19ad820: pfd->events now 60 (POLLOUT:4)
0:00:00.020085903  2465 0x14b4370 DEBUG   GST_REFCOUNTING gstobject.c:708:gst_object_set_parent: set parent (ref and sink)
0:00:00.015434440  2466 0x19a5320 DEBUG   GST_POLL gstpoll.c:979:gst_poll_fd_ctl_write: 0x19ad820: fd (fd:0, idx:1), active : 1
0:00:00.015442922  2466 0x19a5320 LOG   GST_POLL gstpoll.c:994:gst_poll_fd_ctl_write: 0x19ad820: pfd->events now 60 (POLLOUT:4)
0:00:00.020095329  2465 0x14b4370 TRACE   GST_REFCOUNTING gstobject.c:292:gst_object_ref_sink: 0x14d22e0 ref_sink 1->2
0:00:00.015449044  2466 0x19a5320 DEBUG   GST_POLL gstpoll.c:979:gst_poll_fd_ctl_write: 0x19ad820: fd (fd:0, idx:1), active : 1
0:00:00.020104545  2465 0x14b4370 LOG   GST_REGISTRY gstregistry.c:607:gst_registry_add_feature: emitting feature-added for filesink
0:00:00.015455217  2466 0x19a5320 LOG   GST_POLL gstpoll.c:994:gst_poll_fd_ctl_write: 0x19ad820: pfd->events now 60 (POLLOUT:4)
0:00:00.020111841  2465 0x14b4370 DEBUG   GST_REGISTRY gstregistrychunks.c:740:gst_registry_chunks_load_feature: Added feature filesink, plugin 0x14ce070 coreelements
0:00:00.015461875  2466 0x19a5320 DEBUG   GST_POLL gstpoll.c:979:gst_poll_fd_ctl_write: 0x19ad820: fd (fd:0, idx:1), active : 1
0:00:00.020118971  2465 0x14b4370 DEBUG   GST_REGISTRY gstregistrychunks.c:582:gst_registry_chunks_load_feature: Plugin 'coreelements' feature 'queue2' typename : 'GstElementFactory'
0:00:00.015468212  2466 0x19a5320 LOG   GST_POLL gstpoll.c:994:gst_poll_fd_ctl_write: 0x19ad820: pfd->events now 60 (POLLOUT:4)
0:00:00.020127587  2465 0x14b4370 TRACE   GST_REFCOUNTING gstobject.c:208:gst_object_init: 0x14d2650 new
0:00:00.015477444  2466 0x19a5320 DEBUG   GST_POLL gstpoll.c:979:gst_poll_fd_ctl_write: 0x19ad820: fd (fd:0, idx:1), active : 1
0:00:00.020136396  2465 0x14b4370 LOG   GST_REGISTRY gstregistrychunks.c:609:gst_registry_chunks_load_feature: Reading/casting for GstRegistryChunkElementFactory at address 0x14d01c0
0:00:00.015484723  2466 0x19a5320 LOG   GST_POLL gstpoll.c:994:gst_poll_fd_ctl_write: 0x19ad820: pfd->events now 60 (POLLOUT:4)
0:00:00.020143412  2465 0x14b4370 TRACE   structure gststructure.c:287:gst_structure_new_id_empty_with_size: created structure 0x14d2820
0:00:00.015492872  2466 0x19a5320 DEBUG   GST_POLL gstpoll.c:979:gst_poll_fd_ctl_write: 0x19ad820: fd (fd:0, idx:1), active : 1
0:00:00.020151786  2465 0x14b4370 DEBUG   structure gststructure.c:2203:gst_structure_parse_field: trying field name 'long-name'
0:00:00.015500281  2466 0x19a5320 LOG   GST_POLL gstpoll.c:994:gst_poll_fd_ctl_write: 0x19ad820: pfd->events now 60 (POLLOUT:4)
0:00:00.020163655  2465 0x14b4370 DEBUG   default gstvalue.c:2676:_priv_gst_value_parse_value: trying type name 'string'
0:00:00.015513704  2466 0x19a5320 DEBUG   GST_POLL gstpoll.c:979:gst_poll_fd_ctl_write: 0x19ad820: fd (fd:0, idx:1), active : 1
0:00:00.020171308  2465 0x14b4370 DEBUG   structure gststructure.c:2203:gst_structure_parse_field: trying field name 'klass'
0:00:00.015520144  2466 0x19a5320 LOG   GST_POLL gstpoll.c:994:gst_poll_fd_ctl_write: 0x19ad820: pfd->events now 60 (POLLOUT:4)
0:00:00.020177097  2465 0x14b4370 DEBUG   default gstvalue.c:2676:_priv_gst_value_parse_value: trying type name 'string'
0:00:00.015527440  2466 0x19a5320 DEBUG   GST_POLL gstpoll.c:979:gst_poll_fd_ctl_write: 0x19ad820: fd (fd:0, idx:1), active : 1
0:00:00.020183740  2465 0x14b4370 DEBUG   structure gststructure.c:2203:gst_structure_parse_field: trying field name 'description'
0:00:00.015533591  2466 0x19a5320 LOG   GST_POLL gstpoll.c:994:gst_poll_fd_ctl_write: 0x19ad820: pfd->events now 60 (POLLOUT:4)
0:00:00.020189354  2465 0x14b4370 DEBUG   default gstvalue.c:2676:_priv_gst_value_parse_value: trying type name 'string'
0:00:00.015542383  2466 0x19a5320 DEBUG   GST_POLL gstpoll.c:979:gst_poll_fd_ctl_write: 0x19ad820: fd (fd:0, idx:1), active : 1
0:00:00.020196215  2465 0x14b4370 DEBUG   structure gststructure.c:2203:gst_structure_parse_field: trying field name 'author'
0:00:00.015549352  2466 0x19a5320 LOG   GST_POLL gstpoll.c:994:gst_poll_fd_ctl_write: 0x19ad820: pfd->events now 60 (POLLOUT:4)
0:00:00.020203527  2465 0x14b4370 DEBUG   default gstvalue.c:2676:_priv_gst_value_parse_value: trying type name 'string'
0:00:00.015556282  2466 0x19a5320 DEBUG   GST_POLL gstpoll.c:979:gst_poll_fd_ctl_write: 0x19ad820: fd (fd:0, idx:1), active : 1
0:00:00.015562399  2466 0x19a5320 LOG   GST_POLL gstpoll.c:994:gst_poll_fd_ctl_write: 0x19ad820: pfd->events now 60 (POLLOUT:4)
0:00:00.020214610  2465 0x14b4370 DEBUG   GST_REGISTRY gstregistrychunks.c:626:gst_registry_chunks_load_feature: Element factory : npadtemplates=2
0:00:00.015568465  2466 0x19a5320 DEBUG   GST_POLL gstpoll.c:979:gst_poll_fd_ctl_write: 0x19ad820: fd (fd:0, idx:1), active : 1
0:00:00.020223019  2465 0x14b4370 DEBUG   GST_REGISTRY gstregistrychunks.c:525:gst_registry_chunks_load_pad_template: Reading/casting for GstRegistryChunkPadTemplate at address 0x14d02b0
0:00:00.015574548  2466 0x19a5320 LOG   GST_POLL gstpoll.c:994:gst_poll_fd_ctl_write: 0x19ad820: pfd->events now 60 (POLLOUT:4)
0:00:00.020229562  2465 0x14b4370 DEBUG   GST_REGISTRY gstregistrychunks.c:539:gst_registry_chunks_load_pad_template: Added pad_template sink
0:00:00.015581444  2466 0x19a5320 DEBUG   GST_POLL gstpoll.c:979:gst_poll_fd_ctl_write: 0x19ad820: fd (fd:0, idx:1), active : 1
0:00:00.020235782  2465 0x14b4370 DEBUG   GST_REGISTRY gstregistrychunks.c:525:gst_registry_chunks_load_pad_template: Reading/casting for GstRegistryChunkPadTemplate at address 0x14d02c8
0:00:00.015587909  2466 0x19a5320 LOG   GST_POLL gstpoll.c:994:gst_poll_fd_ctl_write: 0x19ad820: pfd->events now 60 (POLLOUT:4)
0:00:00.020248136  2465 0x14b4370 DEBUG   GST_REGISTRY gstregistrychunks.c:539:gst_registry_chunks_load_pad_template: Added pad_template src
0:00:00.015599460  2466 0x19a5320 DEBUG   GST_POLL gstpoll.c:979:gst_poll_fd_ctl_write: 0x19ad820: fd (fd:0, idx:1), active : 1
0:00:00.020257089  2465 0x14b4370 DEBUG   GST_REGISTRY gstregistry.c:589:gst_registry_add_feature: adding feature 0x14d2650 (queue2)
0:00:00.015606250  2466 0x19a5320 LOG   GST_POLL gstpoll.c:994:gst_poll_fd_ctl_write: 0x19ad820: pfd->events now 60 (POLLOUT:4)
0:00:00.020263990  2465 0x14b4370 DEBUG   GST_REFCOUNTING gstobject.c:708:gst_object_set_parent: set parent (ref and sink)
0:00:00.015613308  2466 0x19a5320 DEBUG   GST_POLL gstpoll.c:979:gst_poll_fd_ctl_write: 0x19ad820: fd (fd:0, idx:1), active : 1
0:00:00.020272033  2465 0x14b4370 TRACE   GST_REFCOUNTING gstobject.c:292:gst_object_ref_sink: 0x14d2650 ref_sink 1->2
0:00:00.015619961  2466 0x19a5320 LOG   GST_POLL gstpoll.c:994:gst_poll_fd_ctl_write: 0x19ad820: pfd->events now 60 (POLLOUT:4)
0:00:00.015629318  2466 0x19a5320 DEBUG   GST_POLL gstpoll.c:979:gst_poll_fd_ctl_write: 0x19ad820: fd (fd:0, idx:1), active : 1
0:00:00.020281712  2465 0x14b4370 LOG   GST_REGISTRY gstregistry.c:607:gst_registry_add_feature: emitting feature-added for queue2
0:00:00.015634893  2466 0x19a5320 LOG   GST_POLL gstpoll.c:994:gst_poll_fd_ctl_write: 0x19ad820: pfd->events now 60 (POLLOUT:4)
0:00:00.020291315  2465 0x14b4370 DEBUG   GST_REGISTRY gstregistrychunks.c:740:gst_registry_chunks_load_feature: Added feature queue2, plugin 0x14ce070 coreelements
0:00:00.015642048  2466 0x19a5320 DEBUG   GST_POLL gstpoll.c:979:gst_poll_fd_ctl_write: 0x19ad820: fd (fd:0, idx:1), active : 1
0:00:00.020299136  2465 0x14b4370 DEBUG   GST_REGISTRY gstregistrychunks.c:582:gst_registry_chunks_load_feature: Plugin 'coreelements' feature 'queue' typename : 'GstElementFactory'
0:00:00.015648430  2466 0x19a5320 LOG   GST_POLL gstpoll.c:994:gst_poll_fd_ctl_write: 0x19ad820: pfd->events now 60 (POLLOUT:4)
0:00:00.020308128  2465 0x14b4370 TRACE   GST_REFCOUNTING gstobject.c:208:gst_object_init: 0x14d2aa0 new
0:00:00.015657297  2466 0x19a5320 DEBUG   GST_POLL gstpoll.c:979:gst_poll_fd_ctl_write: 0x19ad820: fd (fd:0, idx:1), active : 1
0:00:00.015664883  2466 0x19a5320 LOG   GST_POLL gstpoll.c:994:gst_poll_fd_ctl_write: 0x19ad820: pfd->events now 60 (POLLOUT:4)
0:00:00.020317539  2465 0x14b4370 LOG   GST_REGISTRY gstregistrychunks.c:609:gst_registry_chunks_load_feature: Reading/casting for GstRegistryChunkElementFactory at address 0x14d02f0
0:00:00.015671383  2466 0x19a5320 DEBUG   GST_POLL gstpoll.c:979:gst_poll_fd_ctl_write: 0x19ad820: fd (fd:0, idx:1), active : 1
0:00:00.020326384  2465 0x14b4370 TRACE   structure gststructure.c:287:gst_structure_new_id_empty_with_size: created structure 0x14d2cd0
0:00:00.015677644  2466 0x19a5320 LOG   GST_POLL gstpoll.c:994:gst_poll_fd_ctl_write: 0x19ad820: pfd->events now 60 (POLLOUT:4)
0:00:00.020337351  2465 0x14b4370 DEBUG   structure gststructure.c:2203:gst_structure_parse_field: trying field name 'long-name'
0:00:00.015686951  2466 0x19a5320 DEBUG   GST_POLL gstpoll.c:979:gst_poll_fd_ctl_write: 0x19ad820: fd (fd:0, idx:1), active : 1
0:00:00.020343563  2465 0x14b4370 DEBUG   default gstvalue.c:2676:_priv_gst_value_parse_value: trying type name 'string'
0:00:00.015693208  2466 0x19a5320 LOG   GST_POLL gstpoll.c:994:gst_poll_fd_ctl_write: 0x19ad820: pfd->events now 60 (POLLOUT:4)
0:00:00.015700590  2466 0x19a5320 DEBUG   GST_POLL gstpoll.c:979:gst_poll_fd_ctl_write: 0x19ad820: fd (fd:0, idx:1), active : 1
0:00:00.020353196  2465 0x14b4370 DEBUG   structure gststructure.c:2203:gst_structure_parse_field: trying field name 'klass'
0:00:00.020361519  2465 0x14b4370 DEBUG   default gstvalue.c:2676:_priv_gst_value_parse_value: trying type name 'string'
0:00:00.015712795  2466 0x19a5320 LOG   GST_POLL gstpoll.c:994:gst_poll_fd_ctl_write: 0x19ad820: pfd->events now 60 (POLLOUT:4)
0:00:00.020367840  2465 0x14b4370 DEBUG   structure gststructure.c:2203:gst_structure_parse_field: trying field name 'description'
0:00:00.015721384  2466 0x19a5320 DEBUG   GST_POLL gstpoll.c:979:gst_poll_fd_ctl_write: 0x19ad820: fd (fd:0, idx:1), active : 1
0:00:00.020375117  2465 0x14b4370 DEBUG   default gstvalue.c:2676:_priv_gst_value_parse_value: trying type name 'string'
0:00:00.015728145  2466 0x19a5320 LOG   GST_POLL gstpoll.c:994:gst_poll_fd_ctl_write: 0x19ad820: pfd->events now 60 (POLLOUT:4)
0:00:00.020383547  2465 0x14b4370 DEBUG   structure gststructure.c:2203:gst_structure_parse_field: trying field name 'author'
0:00:00.015735024  2466 0x19a5320 DEBUG   GST_POLL gstpoll.c:979:gst_poll_fd_ctl_write: 0x19ad820: fd (fd:0, idx:1), active : 1
0:00:00.020389416  2465 0x14b4370 DEBUG   default gstvalue.c:2676:_priv_gst_value_parse_value: trying type name 'string'
0:00:00.015741485  2466 0x19a5320 LOG   GST_POLL gstpoll.c:994:gst_poll_fd_ctl_write: 0x19ad820: pfd->events now 60 (POLLOUT:4)
0:00:00.020397362  2465 0x14b4370 DEBUG   GST_REGISTRY gstregistrychunks.c:626:gst_registry_chunks_load_feature: Element factory : npadtemplates=2
0:00:00.015748036  2466 0x19a5320 DEBUG   GST_POLL gstpoll.c:979:gst_poll_fd_ctl_write: 0x19ad820: fd (fd:0, idx:1), active : 1
0:00:00.020403281  2465 0x14b4370 DEBUG   GST_REGISTRY gstregistrychunks.c:525:gst_registry_chunks_load_pad_template: Reading/casting for GstRegistryChunkPadTemplate at address 0x14d03a8
0:00:00.015754135  2466 0x19a5320 LOG   GST_POLL gstpoll.c:994:gst_poll_fd_ctl_write: 0x19ad820: pfd->events now 60 (POLLOUT:4)
0:00:00.020411495  2465 0x14b4370 DEBUG   GST_REGISTRY gstregistrychunks.c:539:gst_registry_chunks_load_pad_template: Added pad_template sink
0:00:00.015760536  2466 0x19a5320 DEBUG   GST_POLL gstpoll.c:979:gst_poll_fd_ctl_write: 0x19ad820: fd (fd:0, idx:1), active : 1
0:00:00.020418807  2465 0x14b4370 DEBUG   GST_REGISTRY gstregistrychunks.c:525:gst_registry_chunks_load_pad_template: Reading/casting for GstRegistryChunkPadTemplate at address 0x14d03c0
0:00:00.015775365  2466 0x19a5320 LOG   GST_POLL gstpoll.c:994:gst_poll_fd_ctl_write: 0x19ad820: pfd->events now 60 (POLLOUT:4)
0:00:00.020429234  2465 0x14b4370 DEBUG   GST_REGISTRY gstregistrychunks.c:539:gst_registry_chunks_load_pad_template: Added pad_template src
0:00:00.015782735  2466 0x19a5320 DEBUG   GST_POLL gstpoll.c:979:gst_poll_fd_ctl_write: 0x19ad820: fd (fd:0, idx:1), active : 1
0:00:00.020439459  2465 0x14b4370 DEBUG   GST_REGISTRY gstregistry.c:589:gst_registry_add_feature: adding feature 0x14d2aa0 (queue)
0:00:00.015789291  2466 0x19a5320 LOG   GST_POLL gstpoll.c:994:gst_poll_fd_ctl_write: 0x19ad820: pfd->events now 60 (POLLOUT:4)
0:00:00.020446278  2465 0x14b4370 DEBUG   GST_REFCOUNTING gstobject.c:708:gst_object_set_parent: set parent (ref and sink)
0:00:00.015796128  2466 0x19a5320 DEBUG   GST_POLL gstpoll.c:979:gst_poll_fd_ctl_write: 0x19ad820: fd (fd:0, idx:1), active : 1
0:00:00.020454286  2465 0x14b4370 TRACE   GST_REFCOUNTING gstobject.c:292:gst_object_ref_sink: 0x14d2aa0 ref_sink 1->2
0:00:00.015802405  2466 0x19a5320 LOG   GST_POLL gstpoll.c:994:gst_poll_fd_ctl_write: 0x19ad820: pfd->events now 60 (POLLOUT:4)
0:00:00.020462273  2465 0x14b4370 LOG   GST_REGISTRY gstregistry.c:607:gst_registry_add_feature: emitting feature-added for queue
0:00:00.015811277  2466 0x19a5320 DEBUG   GST_POLL gstpoll.c:979:gst_poll_fd_ctl_write: 0x19ad820: fd (fd:0, idx:1), active : 1
0:00:00.020469578  2465 0x14b4370 DEBUG   GST_REGISTRY gstregistrychunks.c:740:gst_registry_chunks_load_feature: Added feature queue, plugin 0x14ce070 coreelements
0:00:00.015817983  2466 0x19a5320 LOG   GST_POLL gstpoll.c:994:gst_poll_fd_ctl_write: 0x19ad820: pfd->events now 60 (POLLOUT:4)
0:00:00.015826576  2466 0x19a5320 DEBUG   GST_POLL gstpoll.c:979:gst_poll_fd_ctl_write: 0x19ad820: fd (fd:0, idx:1), active : 1
0:00:00.020479009  2465 0x14b4370 DEBUG   GST_REGISTRY gstregistrychunks.c:582:gst_registry_chunks_load_feature: Plugin 'coreelements' feature 'output-selector' typename : 'GstElementFactory'
0:00:00.015834670  2466 0x19a5320 LOG   GST_POLL gstpoll.c:994:gst_poll_fd_ctl_write: 0x19ad820: pfd->events now 60 (POLLOUT:4)
0:00:00.020491713  2465 0x14b4370 TRACE   GST_REFCOUNTING gstobject.c:208:gst_object_init: 0x14d2e00 new
0:00:00.015842056  2466 0x19a5320 DEBUG   GST_POLL gstpoll.c:979:gst_poll_fd_ctl_write: 0x19ad820: fd (fd:0, idx:1), active : 1
0:00:00.015848420  2466 0x19a5320 LOG   GST_POLL gstpoll.c:994:gst_poll_fd_ctl_write: 0x19ad820: pfd->events now 60 (POLLOUT:4)
0:00:00.020504831  2465 0x14b4370 LOG   GST_REGISTRY gstregistrychunks.c:609:gst_registry_chunks_load_feature: Reading/casting for GstRegistryChunkElementFactory at address 0x14d03f8
0:00:00.015854444  2466 0x19a5320 DEBUG   GST_POLL gstpoll.c:979:gst_poll_fd_ctl_write: 0x19ad820: fd (fd:0, idx:1), active : 1
0:00:00.020512146  2465 0x14b4370 TRACE   structure gststructure.c:287:gst_structure_new_id_empty_with_size: created structure 0x14d3100
0:00:00.015866207  2466 0x19a5320 LOG   GST_POLL gstpoll.c:994:gst_poll_fd_ctl_write: 0x19ad820: pfd->events now 60 (POLLOUT:4)
0:00:00.020520977  2465 0x14b4370 DEBUG   structure gststructure.c:2203:gst_structure_parse_field: trying field name 'long-name'
0:00:00.015872764  2466 0x19a5320 DEBUG   GST_POLL gstpoll.c:979:gst_poll_fd_ctl_write: 0x19ad820: fd (fd:0, idx:1), active : 1
0:00:00.020526952  2465 0x14b4370 DEBUG   default gstvalue.c:2676:_priv_gst_value_parse_value: trying type name 'string'
0:00:00.015879032  2466 0x19a5320 LOG   GST_POLL gstpoll.c:994:gst_poll_fd_ctl_write: 0x19ad820: pfd->events now 60 (POLLOUT:4)
0:00:00.020535383  2465 0x14b4370 DEBUG   structure gststructure.c:2203:gst_structure_parse_field: trying field name 'klass'
0:00:00.015885631  2466 0x19a5320 DEBUG   GST_POLL gstpoll.c:979:gst_poll_fd_ctl_write: 0x19ad820: fd (fd:0, idx:1), active : 1
0:00:00.020543208  2465 0x14b4370 DEBUG   default gstvalue.c:2676:_priv_gst_value_parse_value: trying type name 'string'
0:00:00.015893765  2466 0x19a5320 LOG   GST_POLL gstpoll.c:994:gst_poll_fd_ctl_write: 0x19ad820: pfd->events now 60 (POLLOUT:4)
0:00:00.020551383  2465 0x14b4370 DEBUG   structure gststructure.c:2203:gst_structure_parse_field: trying field name 'description'
0:00:00.015901581  2466 0x19a5320 DEBUG   GST_POLL gstpoll.c:979:gst_poll_fd_ctl_write: 0x19ad820: fd (fd:0, idx:1), active : 1
0:00:00.020557468  2465 0x14b4370 DEBUG   default gstvalue.c:2676:_priv_gst_value_parse_value: trying type name 'string'
0:00:00.015908048  2466 0x19a5320 LOG   GST_POLL gstpoll.c:994:gst_poll_fd_ctl_write: 0x19ad820: pfd->events now 60 (POLLOUT:4)
0:00:00.020564578  2465 0x14b4370 DEBUG   structure gststructure.c:2203:gst_structure_parse_field: trying field name 'author'
0:00:00.015914719  2466 0x19a5320 DEBUG   GST_POLL gstpoll.c:979:gst_poll_fd_ctl_write: 0x19ad820: fd (fd:0, idx:1), active : 1
0:00:00.020570178  2465 0x14b4370 DEBUG   default gstvalue.c:2676:_priv_gst_value_parse_value: trying type name 'string'
0:00:00.015920733  2466 0x19a5320 LOG   GST_POLL gstpoll.c:994:gst_poll_fd_ctl_write: 0x19ad820: pfd->events now 60 (POLLOUT:4)
0:00:00.020577340  2465 0x14b4370 DEBUG   GST_REGISTRY gstregistrychunks.c:626:gst_registry_chunks_load_feature: Element factory : npadtemplates=2
0:00:00.015927391  2466 0x19a5320 DEBUG   GST_POLL gstpoll.c:979:gst_poll_fd_ctl_write: 0x19ad820: fd (fd:0, idx:1), active : 1
0:00:00.020583288  2465 0x14b4370 DEBUG   GST_REGISTRY gstregistrychunks.c:525:gst_registry_chunks_load_pad_template: Reading/casting for GstRegistryChunkPadTemplate at address 0x14d04d0
0:00:00.015933582  2466 0x19a5320 LOG   GST_POLL gstpoll.c:994:gst_poll_fd_ctl_write: 0x19ad820: pfd->events now 60 (POLLOUT:4)
0:00:00.020589826  2465 0x14b4370 DEBUG   GST_REGISTRY gstregistrychunks.c:539:gst_registry_chunks_load_pad_template: Added pad_template src_%u
0:00:00.015940942  2466 0x19a5320 LOG   GST_PLUGIN_LOADING gstpluginloader.c:645:put_chunk: Expanding tx buf from 10158 to 13209 for chunk of size 209
0:00:00.020602910  2465 0x14b4370 DEBUG   GST_REGISTRY gstregistrychunks.c:525:gst_registry_chunks_load_pad_template: Reading/casting for GstRegistryChunkPadTemplate at address 0x14d04e8
0:00:00.020610325  2465 0x14b4370 DEBUG   GST_REGISTRY gstregistrychunks.c:539:gst_registry_chunks_load_pad_template: Added pad_template sink
0:00:00.015964783  2466 0x19a5320 DEBUG   GST_POLL gstpoll.c:979:gst_poll_fd_ctl_write: 0x19ad820: fd (fd:0, idx:1), active : 1
0:00:00.020618694  2465 0x14b4370 DEBUG   GST_REGISTRY gstregistry.c:589:gst_registry_add_feature: adding feature 0x14d2e00 (output-selector)
0:00:00.015972328  2466 0x19a5320 LOG   GST_POLL gstpoll.c:994:gst_poll_fd_ctl_write: 0x19ad820: pfd->events now 60 (POLLOUT:4)
0:00:00.020629598  2465 0x14b4370 DEBUG   GST_REFCOUNTING gstobject.c:708:gst_object_set_parent: set parent (ref and sink)
0:00:00.015979598  2466 0x19a5320 DEBUG   GST_POLL gstpoll.c:979:gst_poll_fd_ctl_write: 0x19ad820: fd (fd:0, idx:1), active : 1
0:00:00.020637971  2465 0x14b4370 TRACE   GST_REFCOUNTING gstobject.c:292:gst_object_ref_sink: 0x14d2e00 ref_sink 1->2
0:00:00.015986080  2466 0x19a5320 LOG   GST_POLL gstpoll.c:994:gst_poll_fd_ctl_write: 0x19ad820: pfd->events now 60 (POLLOUT:4)
0:00:00.020645889  2465 0x14b4370 LOG   GST_REGISTRY gstregistry.c:607:gst_registry_add_feature: emitting feature-added for output-selector
0:00:00.015994952  2466 0x19a5320 DEBUG   GST_POLL gstpoll.c:979:gst_poll_fd_ctl_write: 0x19ad820: fd (fd:0, idx:1), active : 1
0:00:00.020653444  2465 0x14b4370 DEBUG   GST_REGISTRY gstregistrychunks.c:740:gst_registry_chunks_load_feature: Added feature output-selector, plugin 0x14ce070 coreelements
0:00:00.016003317  2466 0x19a5320 LOG   GST_POLL gstpoll.c:994:gst_poll_fd_ctl_write: 0x19ad820: pfd->events now 60 (POLLOUT:4)
0:00:00.020660813  2465 0x14b4370 DEBUG   GST_REGISTRY gstregistrychunks.c:582:gst_registry_chunks_load_feature: Plugin 'coreelements' feature 'input-selector' typename : 'GstElementFactory'
0:00:00.016010732  2466 0x19a5320 DEBUG   GST_POLL gstpoll.c:979:gst_poll_fd_ctl_write: 0x19ad820: fd (fd:0, idx:1), active : 1
0:00:00.016017580  2466 0x19a5320 LOG   GST_POLL gstpoll.c:994:gst_poll_fd_ctl_write: 0x19ad820: pfd->events now 60 (POLLOUT:4)
0:00:00.020672165  2465 0x14b4370 TRACE   GST_REFCOUNTING gstobject.c:208:gst_object_init: 0x14d3420 new
0:00:00.016023384  2466 0x19a5320 DEBUG   GST_POLL gstpoll.c:979:gst_poll_fd_ctl_write: 0x19ad820: fd (fd:0, idx:1), active : 1
0:00:00.016029807  2466 0x19a5320 LOG   GST_POLL gstpoll.c:994:gst_poll_fd_ctl_write: 0x19ad820: pfd->events now 60 (POLLOUT:4)
0:00:00.020682288  2465 0x14b4370 LOG   GST_REGISTRY gstregistrychunks.c:609:gst_registry_chunks_load_feature: Reading/casting for GstRegistryChunkElementFactory at address 0x14d0520
0:00:00.016035802  2466 0x19a5320 DEBUG   GST_POLL gstpoll.c:979:gst_poll_fd_ctl_write: 0x19ad820: fd (fd:0, idx:1), active : 1
0:00:00.020696643  2465 0x14b4370 TRACE   structure gststructure.c:287:gst_structure_new_id_empty_with_size: created structure 0x14d3630
0:00:00.016044968  2466 0x19a5320 LOG   GST_POLL gstpoll.c:994:gst_poll_fd_ctl_write: 0x19ad820: pfd->events now 60 (POLLOUT:4)
0:00:00.020703425  2465 0x14b4370 DEBUG   structure gststructure.c:2203:gst_structure_parse_field: trying field name 'long-name'
0:00:00.016053159  2466 0x19a5320 DEBUG   GST_POLL gstpoll.c:979:gst_poll_fd_ctl_write: 0x19ad820: fd (fd:0, idx:1), active : 1
0:00:00.020709231  2465 0x14b4370 DEBUG   default gstvalue.c:2676:_priv_gst_value_parse_value: trying type name 'string'
0:00:00.016061615  2466 0x19a5320 LOG   GST_POLL gstpoll.c:994:gst_poll_fd_ctl_write: 0x19ad820: pfd->events now 60 (POLLOUT:4)
0:00:00.020716184  2465 0x14b4370 DEBUG   structure gststructure.c:2203:gst_structure_parse_field: trying field name 'klass'
0:00:00.016069310  2466 0x19a5320 DEBUG   GST_POLL gstpoll.c:979:gst_poll_fd_ctl_write: 0x19ad820: fd (fd:0, idx:1), active : 1
0:00:00.020723105  2465 0x14b4370 DEBUG   default gstvalue.c:2676:_priv_gst_value_parse_value: trying type name 'string'
0:00:00.016076378  2466 0x19a5320 LOG   GST_POLL gstpoll.c:994:gst_poll_fd_ctl_write: 0x19ad820: pfd->events now 60 (POLLOUT:4)
0:00:00.020731286  2465 0x14b4370 DEBUG   structure gststructure.c:2203:gst_structure_parse_field: trying field name 'description'
0:00:00.016083087  2466 0x19a5320 DEBUG   GST_POLL gstpoll.c:979:gst_poll_fd_ctl_write: 0x19ad820: fd (fd:0, idx:1), active : 1
0:00:00.020739433  2465 0x14b4370 DEBUG   default gstvalue.c:2676:_priv_gst_value_parse_value: trying type name 'string'
0:00:00.016089532  2466 0x19a5320 LOG   GST_POLL gstpoll.c:994:gst_poll_fd_ctl_write: 0x19ad820: pfd->events now 60 (POLLOUT:4)
0:00:00.020748236  2465 0x14b4370 DEBUG   structure gststructure.c:2203:gst_structure_parse_field: trying field name 'author'
0:00:00.016096617  2466 0x19a5320 DEBUG   GST_POLL gstpoll.c:979:gst_poll_fd_ctl_write: 0x19ad820: fd (fd:0, idx:1), active : 1
0:00:00.020754571  2465 0x14b4370 DEBUG   default gstvalue.c:2676:_priv_gst_value_parse_value: trying type name 'string'
0:00:00.016104205  2466 0x19a5320 LOG   GST_POLL gstpoll.c:994:gst_poll_fd_ctl_write: 0x19ad820: pfd->events now 60 (POLLOUT:4)
0:00:00.020763991  2465 0x14b4370 DEBUG   GST_REGISTRY gstregistrychunks.c:626:gst_registry_chunks_load_feature: Element factory : npadtemplates=2
0:00:00.016111295  2466 0x19a5320 DEBUG   GST_POLL gstpoll.c:979:gst_poll_fd_ctl_write: 0x19ad820: fd (fd:0, idx:1), active : 1
0:00:00.020770100  2465 0x14b4370 DEBUG   GST_REGISTRY gstregistrychunks.c:525:gst_registry_chunks_load_pad_template: Reading/casting for GstRegistryChunkPadTemplate at address 0x14d0650
0:00:00.016121568  2466 0x19a5320 LOG   GST_POLL gstpoll.c:994:gst_poll_fd_ctl_write: 0x19ad820: pfd->events now 60 (POLLOUT:4)
0:00:00.020776386  2465 0x14b4370 DEBUG   GST_REGISTRY gstregistrychunks.c:539:gst_registry_chunks_load_pad_template: Added pad_template src
0:00:00.016134755  2466 0x19a5320 DEBUG   GST_POLL gstpoll.c:979:gst_poll_fd_ctl_write: 0x19ad820: fd (fd:0, idx:1), active : 1
0:00:00.020788812  2465 0x14b4370 DEBUG   GST_REGISTRY gstregistrychunks.c:525:gst_registry_chunks_load_pad_template: Reading/casting for GstRegistryChunkPadTemplate at address 0x14d0660
0:00:00.016141620  2466 0x19a5320 LOG   GST_POLL gstpoll.c:994:gst_poll_fd_ctl_write: 0x19ad820: pfd->events now 60 (POLLOUT:4)
0:00:00.020796903  2465 0x14b4370 DEBUG   GST_REGISTRY gstregistrychunks.c:539:gst_registry_chunks_load_pad_template: Added pad_template sink_%u
0:00:00.016148288  2466 0x19a5320 DEBUG   GST_POLL gstpoll.c:979:gst_poll_fd_ctl_write: 0x19ad820: fd (fd:0, idx:1), active : 1
0:00:00.016159022  2466 0x19a5320 LOG   GST_POLL gstpoll.c:994:gst_poll_fd_ctl_write: 0x19ad820: pfd->events now 60 (POLLOUT:4)
0:00:00.020812815  2465 0x14b4370 DEBUG   GST_REGISTRY gstregistry.c:589:gst_registry_add_feature: adding feature 0x14d3420 (input-selector)
0:00:00.016165084  2466 0x19a5320 DEBUG   GST_POLL gstpoll.c:979:gst_poll_fd_ctl_write: 0x19ad820: fd (fd:0, idx:1), active : 1
0:00:00.020820483  2465 0x14b4370 DEBUG   GST_REFCOUNTING gstobject.c:708:gst_object_set_parent: set parent (ref and sink)
0:00:00.016171349  2466 0x19a5320 LOG   GST_POLL gstpoll.c:994:gst_poll_fd_ctl_write: 0x19ad820: pfd->events now 60 (POLLOUT:4)
0:00:00.020829103  2465 0x14b4370 TRACE   GST_REFCOUNTING gstobject.c:292:gst_object_ref_sink: 0x14d3420 ref_sink 1->2
0:00:00.016180323  2466 0x19a5320 DEBUG   GST_POLL gstpoll.c:979:gst_poll_fd_ctl_write: 0x19ad820: fd (fd:0, idx:1), active : 1
0:00:00.020836497  2465 0x14b4370 LOG   GST_REGISTRY gstregistry.c:607:gst_registry_add_feature: emitting feature-added for input-selector
0:00:00.016187395  2466 0x19a5320 LOG   GST_POLL gstpoll.c:994:gst_poll_fd_ctl_write: 0x19ad820: pfd->events now 60 (POLLOUT:4)
0:00:00.020853810  2465 0x14b4370 DEBUG   GST_REGISTRY gstregistrychunks.c:740:gst_registry_chunks_load_feature: Added feature input-selector, plugin 0x14ce070 coreelements
0:00:00.016204160  2466 0x19a5320 DEBUG   GST_POLL gstpoll.c:979:gst_poll_fd_ctl_write: 0x19ad820: fd (fd:0, idx:1), active : 1
0:00:00.016212398  2466 0x19a5320 LOG   GST_POLL gstpoll.c:994:gst_poll_fd_ctl_write: 0x19ad820: pfd->events now 60 (POLLOUT:4)
0:00:00.016218520  2466 0x19a5320 DEBUG   GST_POLL gstpoll.c:979:gst_poll_fd_ctl_write: 0x19ad820: fd (fd:0, idx:1), active : 1
0:00:00.020874623  2465 0x14b4370 DEBUG   GST_REGISTRY gstregistrychunks.c:582:gst_registry_chunks_load_feature: Plugin 'coreelements' feature 'identity' typename : 'GstElementFactory'
0:00:00.016223963  2466 0x19a5320 LOG   GST_POLL gstpoll.c:994:gst_poll_fd_ctl_write: 0x19ad820: pfd->events now 60 (POLLOUT:4)
0:00:00.016231503  2466 0x19a5320 DEBUG   GST_POLL gstpoll.c:979:gst_poll_fd_ctl_write: 0x19ad820: fd (fd:0, idx:1), active : 1
0:00:00.020885211  2465 0x14b4370 TRACE   GST_REFCOUNTING gstobject.c:208:gst_object_init: 0x14d3870 new
0:00:00.016244814  2466 0x19a5320 LOG   GST_POLL gstpoll.c:994:gst_poll_fd_ctl_write: 0x19ad820: pfd->events now 60 (POLLOUT:4)
0:00:00.020900824  2465 0x14b4370 LOG   GST_REGISTRY gstregistrychunks.c:609:gst_registry_chunks_load_feature: Reading/casting for GstRegistryChunkElementFactory at address 0x14d0690
0:00:00.016252534  2466 0x19a5320 DEBUG   GST_POLL gstpoll.c:979:gst_poll_fd_ctl_write: 0x19ad820: fd (fd:0, idx:1), active : 1
0:00:00.020908127  2465 0x14b4370 TRACE   structure gststructure.c:287:gst_structure_new_id_empty_with_size: created structure 0x14d3a20
0:00:00.016259703  2466 0x19a5320 LOG   GST_POLL gstpoll.c:994:gst_poll_fd_ctl_write: 0x19ad820: pfd->events now 60 (POLLOUT:4)
0:00:00.020914681  2465 0x14b4370 DEBUG   structure gststructure.c:2203:gst_structure_parse_field: trying field name 'long-name'
0:00:00.016266350  2466 0x19a5320 DEBUG   GST_POLL gstpoll.c:979:gst_poll_fd_ctl_write: 0x19ad820: fd (fd:0, idx:1), active : 1
0:00:00.020920334  2465 0x14b4370 DEBUG   default gstvalue.c:2676:_priv_gst_value_parse_value: trying type name 'string'
0:00:00.016272941  2466 0x19a5320 LOG   GST_POLL gstpoll.c:994:gst_poll_fd_ctl_write: 0x19ad820: pfd->events now 60 (POLLOUT:4)
0:00:00.020931470  2465 0x14b4370 DEBUG   structure gststructure.c:2203:gst_structure_parse_field: trying field name 'klass'
0:00:00.016279650  2466 0x19a5320 DEBUG   GST_POLL gstpoll.c:979:gst_poll_fd_ctl_write: 0x19ad820: fd (fd:0, idx:1), active : 1
0:00:00.020939456  2465 0x14b4370 DEBUG   default gstvalue.c:2676:_priv_gst_value_parse_value: trying type name 'string'
0:00:00.016288660  2466 0x19a5320 LOG   GST_POLL gstpoll.c:994:gst_poll_fd_ctl_write: 0x19ad820: pfd->events now 60 (POLLOUT:4)
0:00:00.020946813  2465 0x14b4370 DEBUG   structure gststructure.c:2203:gst_structure_parse_field: trying field name 'description'
0:00:00.016295811  2466 0x19a5320 DEBUG   GST_POLL gstpoll.c:979:gst_poll_fd_ctl_write: 0x19ad820: fd (fd:0, idx:1), active : 1
0:00:00.020952654  2465 0x14b4370 DEBUG   default gstvalue.c:2676:_priv_gst_value_parse_value: trying type name 'string'
0:00:00.016304167  2466 0x19a5320 LOG   GST_POLL gstpoll.c:994:gst_poll_fd_ctl_write: 0x19ad820: pfd->events now 60 (POLLOUT:4)
0:00:00.020960106  2465 0x14b4370 DEBUG   structure gststructure.c:2203:gst_structure_parse_field: trying field name 'author'
0:00:00.016311894  2466 0x19a5320 DEBUG   GST_POLL gstpoll.c:979:gst_poll_fd_ctl_write: 0x19ad820: fd (fd:0, idx:1), active : 1
0:00:00.020965903  2465 0x14b4370 DEBUG   default gstvalue.c:2676:_priv_gst_value_parse_value: trying type name 'string'
0:00:00.016318979  2466 0x19a5320 LOG   GST_POLL gstpoll.c:994:gst_poll_fd_ctl_write: 0x19ad820: pfd->events now 60 (POLLOUT:4)
0:00:00.020974625  2465 0x14b4370 DEBUG   GST_REGISTRY gstregistrychunks.c:626:gst_registry_chunks_load_feature: Element factory : npadtemplates=2
0:00:00.016325631  2466 0x19a5320 DEBUG   GST_POLL gstpoll.c:979:gst_poll_fd_ctl_write: 0x19ad820: fd (fd:0, idx:1), active : 1
0:00:00.020986769  2465 0x14b4370 DEBUG   GST_REGISTRY gstregistrychunks.c:525:gst_registry_chunks_load_pad_template: Reading/casting for GstRegistryChunkPadTemplate at address 0x14d0760
0:00:00.016335974  2466 0x19a5320 LOG   GST_POLL gstpoll.c:994:gst_poll_fd_ctl_write: 0x19ad820: pfd->events now 60 (POLLOUT:4)
0:00:00.020995890  2465 0x14b4370 DEBUG   GST_REGISTRY gstregistrychunks.c:539:gst_registry_chunks_load_pad_template: Added pad_template sink
0:00:00.016343897  2466 0x19a5320 DEBUG   GST_POLL gstpoll.c:979:gst_poll_fd_ctl_write: 0x19ad820: fd (fd:0, idx:1), active : 1
0:00:00.021003878  2465 0x14b4370 DEBUG   GST_REGISTRY gstregistrychunks.c:525:gst_registry_chunks_load_pad_template: Reading/casting for GstRegistryChunkPadTemplate at address 0x14d0778
0:00:00.016353175  2466 0x19a5320 LOG   GST_POLL gstpoll.c:994:gst_poll_fd_ctl_write: 0x19ad820: pfd->events now 60 (POLLOUT:4)
0:00:00.021010615  2465 0x14b4370 DEBUG   GST_REGISTRY gstregistrychunks.c:539:gst_registry_chunks_load_pad_template: Added pad_template src
