0:00:00.012874345  2466 0x19a5320 LOG   GST_POLL gstpoll.c:994:gst_poll_fd_ctl_write: 0x19ad820: pfd->events now 60 (POLLOUT:4)
0:00:00.012880227  2466 0x19a5320 DEBUG   GST_POLL gstpoll.c:979:gst_poll_fd_ctl_write: 0x19ad820: fd (fd:0, idx:1), active : 1
0:00:00.012893733  2466 0x19a5320 LOG   GST_POLL gstpoll.c:994:gst_poll_fd_ctl_write: 0x19ad820: pfd->events now 60 (POLLOUT:4)
0:00:00.012899601  2466 0x19a5320 DEBUG   GST_POLL gstpoll.c:979:gst_poll_fd_ctl_write: 0x19ad820: fd (fd:0, idx:1), active : 1
0:00:00.012907692  2466 0x19a5320 LOG   GST_POLL gstpoll.c:994:gst_poll_fd_ctl_write: 0x19ad820: pfd->events now 60 (POLLOUT:4)
0:00:00.012914476  2466 0x19a5320 DEBUG   GST_POLL gstpoll.c:979:gst_poll_fd_ctl_write: 0x19ad820: fd (fd:0, idx:1), active : 1
0:00:00.012920192  2466 0x19a5320 LOG   GST_POLL gstpoll.c:994:gst_poll_fd_ctl_write: 0x19ad820: pfd->events now 60 (POLLOUT:4)
0:00:00.012925856  2466 0x19a5320 DEBUG   GST_POLL gstpoll.c:979:gst_poll_fd_ctl_write: 0x19ad820: fd (fd:0, idx:1), active : 1
0:00:00.012931012  2466 0x19a5320 LOG   GST_POLL gstpoll.c:994:gst_poll_fd_ctl_write: 0x19ad820: pfd->events now 60 (POLLOUT:4)
0:00:00.012936702  2466 0x19a5320 DEBUG   GST_POLL gstpoll.c:979:gst_poll_fd_ctl_write: 0x19ad820: fd (fd:0, idx:1), active : 1
0:00:00.012941948  2466 0x19a5320 LOG   GST_POLL gstpoll.c:994:gst_poll_fd_ctl_write: 0x19ad820: pfd->events now 60 (POLLOUT:4)
0:00:00.012947790  2466 0x19a5320 DEBUG   GST_POLL gstpoll.c:979:gst_poll_fd_ctl_write: 0x19ad820: fd (fd:0, idx:1), active : 1
0:00:00.012955936  2466 0x19a5320 LOG   GST_POLL gstpoll.c:994:gst_poll_fd_ctl_write: 0x19ad820: pfd->events now 60 (POLLOUT:4)
0:00:00.012962664  2466 0x19a5320 DEBUG   GST_POLL gstpoll.c:979:gst_poll_fd_ctl_write: 0x19ad820: fd (fd:0, idx:1), active : 1
0:00:00.012968182  2466 0x19a5320 LOG   GST_POLL gstpoll.c:994:gst_poll_fd_ctl_write: 0x19ad820: pfd->events now 60 (POLLOUT:4)
0:00:00.012974061  2466 0x19a5320 DEBUG   GST_POLL gstpoll.c:979:gst_poll_fd_ctl_write: 0x19ad820: fd (fd:0, idx:1), active : 1
0:00:00.012979226  2466 0x19a5320 LOG   GST_POLL gstpoll.c:994:gst_poll_fd_ctl_write: 0x19ad820: pfd->events now 60 (POLLOUT:4)
0:00:00.012985086  2466 0x19a5320 DEBUG   GST_POLL gstpoll.c:979:gst_poll_fd_ctl_write: 0x19ad820: fd (fd:0, idx:1), active : 1
0:00:00.012990323  2466 0x19a5320 LOG   GST_POLL gstpoll.c:994:gst_poll_fd_ctl_write: 0x19ad820: pfd->events now 60 (POLLOUT:4)
0:00:00.012996092  2466 0x19a5320 DEBUG   GST_POLL gstpoll.c:979:gst_poll_fd_ctl_write: 0x19ad820: fd (fd:0, idx:1), active : 1
0:00:00.013004380  2466 0x19a5320 LOG   GST_POLL gstpoll.c:994:gst_poll_fd_ctl_write: 0x19ad820: pfd->events now 60 (POLLOUT:4)
0:00:00.013011232  2466 0x19a5320 DEBUG   GST_POLL gstpoll.c:979:gst_poll_fd_ctl_write: 0x19ad820: fd (fd:0, idx:1), active : 1
0:00:00.013016896  2466 0x19a5320 LOG   GST_POLL gstpoll.c:994:gst_poll_fd_ctl_write: 0x19ad820: pfd->events now 60 (POLLOUT:4)
0:00:00.013025515  2466 0x19a5320 DEBUG   GST_POLL gstpoll.c:979:gst_poll_fd_ctl_write: 0x19ad820: fd (fd:0, idx:1), active : 1
0:00:00.013034243  2466 0x19a5320 LOG   GST_POLL gstpoll.c:994:gst_poll_fd_ctl_write: 0x19ad820: pfd->events now 60 (POLLOUT:4)
0:00:00.013042805  2466 0x19a5320 DEBUG   GST_POLL gstpoll.c:979:gst_poll_fd_ctl_write: 0x19ad820: fd (fd:0, idx:1), active : 1
0:00:00.013057663  2466 0x19a5320 LOG   GST_POLL gstpoll.c:994:gst_poll_fd_ctl_write: 0x19ad820: pfd->events now 60 (POLLOUT:4)
0:00:00.013067084  2466 0x19a5320 DEBUG   GST_POLL gstpoll.c:979:gst_poll_fd_ctl_write: 0x19ad820: fd (fd:0, idx:1), active : 1
0:00:00.013078512  2466 0x19a5320 LOG   GST_POLL gstpoll.c:994:gst_poll_fd_ctl_write: 0x19ad820: pfd->events now 60 (POLLOUT:4)
0:00:00.013086235  2466 0x19a5320 DEBUG   GST_POLL gstpoll.c:979:gst_poll_fd_ctl_write: 0x19ad820: fd (fd:0, idx:1), active : 1
0:00:00.013092072  2466 0x19a5320 LOG   GST_POLL gstpoll.c:994:gst_poll_fd_ctl_write: 0x19ad820: pfd->events now 60 (POLLOUT:4)
0:00:00.013097976  2466 0x19a5320 DEBUG   GST_POLL gstpoll.c:979:gst_poll_fd_ctl_write: 0x19ad820: fd (fd:0, idx:1), active : 1
0:00:00.013103236  2466 0x19a5320 LOG   GST_POLL gstpoll.c:994:gst_poll_fd_ctl_write: 0x19ad820: pfd->events now 60 (POLLOUT:4)
0:00:00.013108925  2466 0x19a5320 DEBUG   GST_POLL gstpoll.c:979:gst_poll_fd_ctl_write: 0x19ad820: fd (fd:0, idx:1), active : 1
0:00:00.013115119  2466 0x19a5320 LOG   GST_POLL gstpoll.c:994:gst_poll_fd_ctl_write: 0x19ad820: pfd->events now 60 (POLLOUT:4)
0:00:00.013123418  2466 0x19a5320 DEBUG   GST_POLL gstpoll.c:979:gst_poll_fd_ctl_write: 0x19ad820: fd (fd:0, idx:1), active : 1
0:00:00.013133254  2466 0x19a5320 LOG   GST_POLL gstpoll.c:994:gst_poll_fd_ctl_write: 0x19ad820: pfd->events now 60 (POLLOUT:4)
0:00:00.013142438  2466 0x19a5320 DEBUG   GST_POLL gstpoll.c:979:gst_poll_fd_ctl_write: 0x19ad820: fd (fd:0, idx:1), active : 1
0:00:00.013151107  2466 0x19a5320 LOG   GST_POLL gstpoll.c:994:gst_poll_fd_ctl_write: 0x19ad820: pfd->events now 60 (POLLOUT:4)
0:00:00.013160704  2466 0x19a5320 DEBUG   GST_POLL gstpoll.c:979:gst_poll_fd_ctl_write: 0x19ad820: fd (fd:0, idx:1), active : 1
0:00:00.013169552  2466 0x19a5320 LOG   GST_POLL gstpoll.c:994:gst_poll_fd_ctl_write: 0x19ad820: pfd->events now 60 (POLLOUT:4)
0:00:00.013178521  2466 0x19a5320 DEBUG   GST_POLL gstpoll.c:979:gst_poll_fd_ctl_write: 0x19ad820: fd (fd:0, idx:1), active : 1
0:00:00.013186584  2466 0x19a5320 LOG   GST_POLL gstpoll.c:994:gst_poll_fd_ctl_write: 0x19ad820: pfd->events now 60 (POLLOUT:4)
0:00:00.013207020  2466 0x19a5320 DEBUG   GST_POLL gstpoll.c:979:gst_poll_fd_ctl_write: 0x19ad820: fd (fd:0, idx:1), active : 1
0:00:00.013217701  2466 0x19a5320 LOG   GST_POLL gstpoll.c:994:gst_poll_fd_ctl_write: 0x19ad820: pfd->events now 60 (POLLOUT:4)
0:00:00.013226529  2466 0x19a5320 DEBUG   GST_POLL gstpoll.c:979:gst_poll_fd_ctl_write: 0x19ad820: fd (fd:0, idx:1), active : 1
0:00:00.013235109  2466 0x19a5320 LOG   GST_POLL gstpoll.c:994:gst_poll_fd_ctl_write: 0x19ad820: pfd->events now 60 (POLLOUT:4)
0:00:00.013244525  2466 0x19a5320 DEBUG   GST_POLL gstpoll.c:979:gst_poll_fd_ctl_write: 0x19ad820: fd (fd:0, idx:1), active : 1
0:00:00.013253064  2466 0x19a5320 LOG   GST_POLL gstpoll.c:994:gst_poll_fd_ctl_write: 0x19ad820: pfd->events now 60 (POLLOUT:4)
0:00:00.013268179  2466 0x19a5320 DEBUG   GST_POLL gstpoll.c:979:gst_poll_fd_ctl_write: 0x19ad820: fd (fd:0, idx:1), active : 1
0:00:00.013274050  2466 0x19a5320 LOG   GST_POLL gstpoll.c:994:gst_poll_fd_ctl_write: 0x19ad820: pfd->events now 60 (POLLOUT:4)
0:00:00.013282623  2466 0x19a5320 DEBUG   GST_POLL gstpoll.c:979:gst_poll_fd_ctl_write: 0x19ad820: fd (fd:0, idx:1), active : 1
0:00:00.013288893  2466 0x19a5320 LOG   GST_POLL gstpoll.c:994:gst_poll_fd_ctl_write: 0x19ad820: pfd->events now 60 (POLLOUT:4)
0:00:00.013294942  2466 0x19a5320 DEBUG   GST_POLL gstpoll.c:979:gst_poll_fd_ctl_write: 0x19ad820: fd (fd:0, idx:1), active : 1
0:00:00.013300658  2466 0x19a5320 LOG   GST_POLL gstpoll.c:994:gst_poll_fd_ctl_write: 0x19ad820: pfd->events now 60 (POLLOUT:4)
0:00:00.013306436  2466 0x19a5320 DEBUG   GST_POLL gstpoll.c:979:gst_poll_fd_ctl_write: 0x19ad820: fd (fd:0, idx:1), active : 1
0:00:00.013311700  2466 0x19a5320 LOG   GST_POLL gstpoll.c:994:gst_poll_fd_ctl_write: 0x19ad820: pfd->events now 60 (POLLOUT:4)
0:00:00.013317606  2466 0x19a5320 DEBUG   GST_POLL gstpoll.c:979:gst_poll_fd_ctl_write: 0x19ad820: fd (fd:0, idx:1), active : 1
0:00:00.013323355  2466 0x19a5320 LOG   GST_POLL gstpoll.c:994:gst_poll_fd_ctl_write: 0x19ad820: pfd->events now 60 (POLLOUT:4)
0:00:00.013331816  2466 0x19a5320 DEBUG   GST_POLL gstpoll.c:979:gst_poll_fd_ctl_write: 0x19ad820: fd (fd:0, idx:1), active : 1
0:00:00.013338150  2466 0x19a5320 LOG   GST_POLL gstpoll.c:994:gst_poll_fd_ctl_write: 0x19ad820: pfd->events now 60 (POLLOUT:4)
0:00:00.013344192  2466 0x19a5320 DEBUG   GST_POLL gstpoll.c:979:gst_poll_fd_ctl_write: 0x19ad820: fd (fd:0, idx:1), active : 1
0:00:00.013349866  2466 0x19a5320 LOG   GST_POLL gstpoll.c:994:gst_poll_fd_ctl_write: 0x19ad820: pfd->events now 60 (POLLOUT:4)
0:00:00.013362362  2466 0x19a5320 TRACE   GST_REFCOUNTING gstobject.c:264:gst_object_unref: 0x19c1140 unref 2->1
0:00:00.013370016  2466 0x19a5320 DEBUG   GST_POLL gstpoll.c:1241:gst_poll_fd_has_error: 0x19ad820: fd (fd:0, idx:1) 0
0:00:00.013376055  2466 0x19a5320 DEBUG   GST_POLL gstpoll.c:1335:gst_poll_fd_can_write: 0x19ad820: fd (fd:0, idx:1) 1
0:00:00.013381732  2466 0x19a5320 LOG   GST_PLUGIN_LOADING gstpluginloader.c:690:write_one: Writing packet of size 488 bytes to fd 0
0:00:00.013404000  2466 0x19a5320 DEBUG   GST_POLL gstpoll.c:1414:gst_poll_wait: 0x19ad820: timeout :0:00:01.000000000
0:00:00.013416379  2466 0x19a5320 LOG   GST_PLUGIN_LOADING gstpluginloader.c:1027:exchange_packets: Poll res = 2. 6872 bytes pending for write
0:00:00.013423037  2466 0x19a5320 DEBUG   GST_POLL gstpoll.c:1241:gst_poll_fd_has_error: 0x19ad820: fd (fd:5, idx:2) 0
0:00:00.013428794  2466 0x19a5320 DEBUG   GST_POLL gstpoll.c:1266:gst_poll_fd_can_read_unlocked: 0x19ad820: fd (fd:5, idx:2) 1
0:00:00.013440720  2466 0x19a5320 DEBUG   GST_PLUGIN_LOADING gstpluginloader.c:722:do_plugin_load: Plugin scanner loading file /home/conan/w/prod/BuildSingleReference/.conan/data/gstreamer/1.18.3/_/_/package/79b6a76dab3879a2afba8d14ba028b620dd3f25b/lib/gstreamer-1.0/libgstcoretracers.so. tag 2
0:00:00.018087676  2465 0x14b4370 LOG   GST_PLUGIN_LOADING gstpluginloader.c:1027:exchange_packets: Poll res = 1. 0 bytes pending for write
0:00:00.013457032  2466 0x19a5320 TRACE   GST_REFCOUNTING gstobject.c:237:gst_object_ref: 0x19bee90 ref 1->2
0:00:00.018121586  2465 0x14b4370 DEBUG   GST_POLL gstpoll.c:1241:gst_poll_fd_has_error: 0x14cdb40: fd (fd:8, idx:2) 0
0:00:00.013471192  2466 0x19a5320 TRACE   GST_REFCOUNTING gstobject.c:237:gst_object_ref: 0x19bfd90 ref 1->2
0:00:00.018129731  2465 0x14b4370 DEBUG   GST_POLL gstpoll.c:1266:gst_poll_fd_can_read_unlocked: 0x14cdb40: fd (fd:8, idx:2) 1
0:00:00.013478622  2466 0x19a5320 TRACE   GST_REFCOUNTING gstobject.c:237:gst_object_ref: 0x19bfb40 ref 1->2
0:00:00.013485735  2466 0x19a5320 TRACE   GST_REFCOUNTING gstobject.c:237:gst_object_ref: 0x19bf870 ref 1->2
0:00:00.013491926  2466 0x19a5320 TRACE   GST_REFCOUNTING gstobject.c:237:gst_object_ref: 0x19bf660 ref 1->2
0:00:00.018144276  2465 0x14b4370 DEBUG   GST_PLUGIN_LOADING gstpluginloader.c:848:handle_rx_packet: Received plugin details from child w/ tag 0. 476 bytes info
0:00:00.013498140  2466 0x19a5320 TRACE   GST_REFCOUNTING gstobject.c:237:gst_object_ref: 0x19bf170 ref 1->2
0:00:00.018155214  2465 0x14b4370 LOG   GST_REGISTRY gstregistrychunks.c:836:_priv_gst_registry_chunks_load_plugin: Reading/casting for GstRegistryChunkPluginElement at address 0x14ce070
0:00:00.013508925  2466 0x19a5320 TRACE   GST_REFCOUNTING gstobject.c:264:gst_object_unref: 0x19bf170 unref 2->1
0:00:00.013518654  2466 0x19a5320 TRACE   GST_REFCOUNTING gstobject.c:264:gst_object_unref: 0x19bf660 unref 2->1
0:00:00.013525835  2466 0x19a5320 TRACE   GST_REFCOUNTING gstobject.c:264:gst_object_unref: 0x19bf870 unref 2->1
0:00:00.018178834  2465 0x14b4370 TRACE   GST_REFCOUNTING gstobject.c:208:gst_object_init: 0x14ce6e0 new
0:00:00.013532198  2466 0x19a5320 TRACE   GST_REFCOUNTING gstobject.c:264:gst_object_unref: 0x19bfb40 unref 2->1
0:00:00.013539206  2466 0x19a5320 TRACE   GST_REFCOUNTING gstobject.c:264:gst_object_unref: 0x19bfd90 unref 2->1
0:00:00.013547354  2466 0x19a5320 DEBUG   GST_REGISTRY gstregistrychunks.c:497:_priv_gst_registry_chunks_save_plugin: Found 5 features in plugin 0x19bee90 (coretracers)
0:00:00.013553720  2466 0x19a5320 DEBUG   GST_POLL gstpoll.c:979:gst_poll_fd_ctl_write: 0x19ad820: fd (fd:0, idx:1), active : 1
0:00:00.013559415  2466 0x19a5320 LOG   GST_POLL gstpoll.c:994:gst_poll_fd_ctl_write: 0x19ad820: pfd->events now 60 (POLLOUT:4)
0:00:00.013565360  2466 0x19a5320 DEBUG   GST_POLL gstpoll.c:979:gst_poll_fd_ctl_write: 0x19ad820: fd (fd:0, idx:1), active : 1
0:00:00.013573518  2466 0x19a5320 LOG   GST_POLL gstpoll.c:994:gst_poll_fd_ctl_write: 0x19ad820: pfd->events now 60 (POLLOUT:4)
0:00:00.018227915  2465 0x14b4370 LOG   GST_REGISTRY gstregistrychunks.c:858:_priv_gst_registry_chunks_load_plugin: read strings for name='coretracers'
0:00:00.013584896  2466 0x19a5320 DEBUG   GST_POLL gstpoll.c:979:gst_poll_fd_ctl_write: 0x19ad820: fd (fd:0, idx:1), active : 1
0:00:00.018241347  2465 0x14b4370 LOG   GST_REGISTRY gstregistrychunks.c:859:_priv_gst_registry_chunks_load_plugin: desc.description='GStreamer core tracers'
0:00:00.013591508  2466 0x19a5320 LOG   GST_POLL gstpoll.c:994:gst_poll_fd_ctl_write: 0x19ad820: pfd->events now 60 (POLLOUT:4)
0:00:00.018249380  2465 0x14b4370 LOG   GST_REGISTRY gstregistrychunks.c:860:_priv_gst_registry_chunks_load_plugin: filename='/home/conan/w/prod/BuildSingleReference/.conan/data/gstreamer/1.18.3/_/_/package/79b6a76dab3879a2afba8d14ba028b620dd3f25b/lib/gstreamer-1.0/libgstcoretracers.so'
0:00:00.013598233  2466 0x19a5320 DEBUG   GST_POLL gstpoll.c:979:gst_poll_fd_ctl_write: 0x19ad820: fd (fd:0, idx:1), active : 1
0:00:00.018256117  2465 0x14b4370 LOG   GST_REGISTRY gstregistrychunks.c:861:_priv_gst_registry_chunks_load_plugin: desc.version='1.18.3'
0:00:00.013605252  2466 0x19a5320 LOG   GST_POLL gstpoll.c:994:gst_poll_fd_ctl_write: 0x19ad820: pfd->events now 60 (POLLOUT:4)
0:00:00.018262075  2465 0x14b4370 LOG   GST_REGISTRY gstregistrychunks.c:862:_priv_gst_registry_chunks_load_plugin: desc.license='LGPL'
0:00:00.013612104  2466 0x19a5320 DEBUG   GST_POLL gstpoll.c:979:gst_poll_fd_ctl_write: 0x19ad820: fd (fd:0, idx:1), active : 1
0:00:00.018267523  2465 0x14b4370 LOG   GST_REGISTRY gstregistrychunks.c:863:_priv_gst_registry_chunks_load_plugin: desc.source='gstreamer'
0:00:00.013618176  2466 0x19a5320 LOG   GST_POLL gstpoll.c:994:gst_poll_fd_ctl_write: 0x19ad820: pfd->events now 60 (POLLOUT:4)
0:00:00.018273186  2465 0x14b4370 LOG   GST_REGISTRY gstregistrychunks.c:864:_priv_gst_registry_chunks_load_plugin: desc.package='GStreamer source release'
0:00:00.013624549  2466 0x19a5320 DEBUG   GST_POLL gstpoll.c:979:gst_poll_fd_ctl_write: 0x19ad820: fd (fd:0, idx:1), active : 1
0:00:00.018279284  2465 0x14b4370 LOG   GST_REGISTRY gstregistrychunks.c:865:_priv_gst_registry_chunks_load_plugin: desc.origin='Unknown package origin'
0:00:00.013632939  2466 0x19a5320 LOG   GST_POLL gstpoll.c:994:gst_poll_fd_ctl_write: 0x19ad820: pfd->events now 60 (POLLOUT:4)
0:00:00.018286144  2465 0x14b4370 LOG   GST_REGISTRY gstregistrychunks.c:866:_priv_gst_registry_chunks_load_plugin: desc.datetime=2021-01-13
0:00:00.013640221  2466 0x19a5320 DEBUG   GST_POLL gstpoll.c:979:gst_poll_fd_ctl_write: 0x19ad820: fd (fd:0, idx:1), active : 1
0:00:00.013646584  2466 0x19a5320 LOG   GST_POLL gstpoll.c:994:gst_poll_fd_ctl_write: 0x19ad820: pfd->events now 60 (POLLOUT:4)
0:00:00.018302041  2465 0x14b4370 DEBUG   GST_REGISTRY gstregistry.c:473:gst_registry_add_plugin: adding plugin 0x14ce6e0 for filename "/home/conan/w/prod/BuildSingleReference/.conan/data/gstreamer/1.18.3/_/_/package/79b6a76dab3879a2afba8d14ba028b620dd3f25b/lib/gstreamer-1.0/libgstcoretracers.so"
0:00:00.013652411  2466 0x19a5320 DEBUG   GST_POLL gstpoll.c:979:gst_poll_fd_ctl_write: 0x19ad820: fd (fd:0, idx:1), active : 1
0:00:00.013668053  2466 0x19a5320 LOG   GST_POLL gstpoll.c:994:gst_poll_fd_ctl_write: 0x19ad820: pfd->events now 60 (POLLOUT:4)
0:00:00.018323183  2465 0x14b4370 TRACE   GST_REFCOUNTING gstobject.c:292:gst_object_ref_sink: 0x14ce6e0 ref_sink 1->2
0:00:00.013673704  2466 0x19a5320 DEBUG   GST_POLL gstpoll.c:979:gst_poll_fd_ctl_write: 0x19ad820: fd (fd:0, idx:1), active : 1
0:00:00.018331789  2465 0x14b4370 LOG   GST_REGISTRY gstregistry.c:486:gst_registry_add_plugin: emitting plugin-added for filename "/home/conan/w/prod/BuildSingleReference/.conan/data/gstreamer/1.18.3/_/_/package/79b6a76dab3879a2afba8d14ba028b620dd3f25b/lib/gstreamer-1.0/libgstcoretracers.so"
0:00:00.013679661  2466 0x19a5320 LOG   GST_POLL gstpoll.c:994:gst_poll_fd_ctl_write: 0x19ad820: pfd->events now 60 (POLLOUT:4)
0:00:00.018339600  2465 0x14b4370 DEBUG   GST_REGISTRY gstregistrychunks.c:886:_priv_gst_registry_chunks_load_plugin: Added plugin 'coretracers' plugin with 5 features from binary registry
0:00:00.013687908  2466 0x19a5320 DEBUG   GST_POLL gstpoll.c:979:gst_poll_fd_ctl_write: 0x19ad820: fd (fd:0, idx:1), active : 1
0:00:00.018347077  2465 0x14b4370 DEBUG   GST_REGISTRY gstregistrychunks.c:582:gst_registry_chunks_load_feature: Plugin 'coretracers' feature 'leaks' typename : 'GstTracerFactory'
0:00:00.013697165  2466 0x19a5320 LOG   GST_POLL gstpoll.c:994:gst_poll_fd_ctl_write: 0x19ad820: pfd->events now 60 (POLLOUT:4)
0:00:00.013704314  2466 0x19a5320 DEBUG   GST_POLL gstpoll.c:979:gst_poll_fd_ctl_write: 0x19ad820: fd (fd:0, idx:1), active : 1
0:00:00.018364481  2465 0x14b4370 TRACE   GST_REFCOUNTING gstobject.c:208:gst_object_init: 0x14ce9f0 new
0:00:00.013719543  2466 0x19a5320 LOG   GST_POLL gstpoll.c:994:gst_poll_fd_ctl_write: 0x19ad820: pfd->events now 60 (POLLOUT:4)
0:00:00.018378859  2465 0x14b4370 DEBUG   GST_REGISTRY gstregistrychunks.c:716:gst_registry_chunks_load_feature: Reading/casting for GstRegistryChunkPluginFeature at address 0x14ce1b8
0:00:00.013729661  2466 0x19a5320 DEBUG   GST_POLL gstpoll.c:979:gst_poll_fd_ctl_write: 0x19ad820: fd (fd:0, idx:1), active : 1
0:00:00.018388210  2465 0x14b4370 DEBUG   GST_REGISTRY gstregistry.c:589:gst_registry_add_feature: adding feature 0x14ce9f0 (leaks)
0:00:00.013739208  2466 0x19a5320 LOG   GST_POLL gstpoll.c:994:gst_poll_fd_ctl_write: 0x19ad820: pfd->events now 60 (POLLOUT:4)
0:00:00.018395249  2465 0x14b4370 DEBUG   GST_REFCOUNTING gstobject.c:708:gst_object_set_parent: set parent (ref and sink)
0:00:00.013749939  2466 0x19a5320 DEBUG   GST_POLL gstpoll.c:979:gst_poll_fd_ctl_write: 0x19ad820: fd (fd:0, idx:1), active : 1
0:00:00.018403589  2465 0x14b4370 TRACE   GST_REFCOUNTING gstobject.c:292:gst_object_ref_sink: 0x14ce9f0 ref_sink 1->2
0:00:00.013758232  2466 0x19a5320 LOG   GST_POLL gstpoll.c:994:gst_poll_fd_ctl_write: 0x19ad820: pfd->events now 60 (POLLOUT:4)
0:00:00.018412931  2465 0x14b4370 LOG   GST_REGISTRY gstregistry.c:607:gst_registry_add_feature: emitting feature-added for leaks
0:00:00.013766984  2466 0x19a5320 DEBUG   GST_POLL gstpoll.c:979:gst_poll_fd_ctl_write: 0x19ad820: fd (fd:0, idx:1), active : 1
0:00:00.018426833  2465 0x14b4370 DEBUG   GST_REGISTRY gstregistrychunks.c:740:gst_registry_chunks_load_feature: Added feature leaks, plugin 0x14ce6e0 coretracers
0:00:00.013775301  2466 0x19a5320 LOG   GST_POLL gstpoll.c:994:gst_poll_fd_ctl_write: 0x19ad820: pfd->events now 60 (POLLOUT:4)
0:00:00.018434326  2465 0x14b4370 DEBUG   GST_REGISTRY gstregistrychunks.c:582:gst_registry_chunks_load_feature: Plugin 'coretracers' feature 'stats' typename : 'GstTracerFactory'
0:00:00.013783023  2466 0x19a5320 DEBUG   GST_POLL gstpoll.c:979:gst_poll_fd_ctl_write: 0x19ad820: fd (fd:0, idx:1), active : 1
0:00:00.013790660  2466 0x19a5320 LOG   GST_POLL gstpoll.c:994:gst_poll_fd_ctl_write: 0x19ad820: pfd->events now 60 (POLLOUT:4)
0:00:00.018445539  2465 0x14b4370 TRACE   GST_REFCOUNTING gstobject.c:208:gst_object_init: 0x14cebf0 new
0:00:00.013796778  2466 0x19a5320 LOG   GST_PLUGIN_LOADING gstpluginloader.c:645:put_chunk: Expanding tx buf from 7717 to 10158 for chunk of size 17
0:00:00.018455731  2465 0x14b4370 DEBUG   GST_REGISTRY gstregistrychunks.c:716:gst_registry_chunks_load_feature: Reading/casting for GstRegistryChunkPluginFeature at address 0x14ce1d8
0:00:00.013808595  2466 0x19a5320 DEBUG   GST_POLL gstpoll.c:979:gst_poll_fd_ctl_write: 0x19ad820: fd (fd:0, idx:1), active : 1
0:00:00.018463971  2465 0x14b4370 DEBUG   GST_REGISTRY gstregistry.c:589:gst_registry_add_feature: adding feature 0x14cebf0 (stats)
0:00:00.013814876  2466 0x19a5320 LOG   GST_POLL gstpoll.c:994:gst_poll_fd_ctl_write: 0x19ad820: pfd->events now 60 (POLLOUT:4)
0:00:00.018470482  2465 0x14b4370 DEBUG   GST_REFCOUNTING gstobject.c:708:gst_object_set_parent: set parent (ref and sink)
0:00:00.013823371  2466 0x19a5320 DEBUG   GST_POLL gstpoll.c:979:gst_poll_fd_ctl_write: 0x19ad820: fd (fd:0, idx:1), active : 1
0:00:00.018477698  2465 0x14b4370 TRACE   GST_REFCOUNTING gstobject.c:292:gst_object_ref_sink: 0x14cebf0 ref_sink 1->2
0:00:00.013830245  2466 0x19a5320 LOG   GST_POLL gstpoll.c:994:gst_poll_fd_ctl_write: 0x19ad820: pfd->events now 60 (POLLOUT:4)
0:00:00.018485088  2465 0x14b4370 LOG   GST_REGISTRY gstregistry.c:607:gst_registry_add_feature: emitting feature-added for stats
0:00:00.013836944  2466 0x19a5320 DEBUG   GST_POLL gstpoll.c:979:gst_poll_fd_ctl_write: 0x19ad820: fd (fd:0, idx:1), active : 1
0:00:00.018491681  2465 0x14b4370 DEBUG   GST_REGISTRY gstregistrychunks.c:740:gst_registry_chunks_load_feature: Added feature stats, plugin 0x14ce6e0 coretracers
0:00:00.013843167  2466 0x19a5320 LOG   GST_POLL gstpoll.c:994:gst_poll_fd_ctl_write: 0x19ad820: pfd->events now 60 (POLLOUT:4)
0:00:00.018498538  2465 0x14b4370 DEBUG   GST_REGISTRY gstregistrychunks.c:582:gst_registry_chunks_load_feature: Plugin 'coretracers' feature 'rusage' typename : 'GstTracerFactory'
0:00:00.013849904  2466 0x19a5320 DEBUG   GST_POLL gstpoll.c:979:gst_poll_fd_ctl_write: 0x19ad820: fd (fd:0, idx:1), active : 1
0:00:00.013859356  2466 0x19a5320 LOG   GST_POLL gstpoll.c:994:gst_poll_fd_ctl_write: 0x19ad820: pfd->events now 60 (POLLOUT:4)
0:00:00.018514011  2465 0x14b4370 TRACE   GST_REFCOUNTING gstobject.c:208:gst_object_init: 0x14cedf0 new
0:00:00.013865134  2466 0x19a5320 DEBUG   GST_POLL gstpoll.c:979:gst_poll_fd_ctl_write: 0x19ad820: fd (fd:0, idx:1), active : 1
0:00:00.013871302  2466 0x19a5320 LOG   GST_POLL gstpoll.c:994:gst_poll_fd_ctl_write: 0x19ad820: pfd->events now 60 (POLLOUT:4)
0:00:00.018523978  2465 0x14b4370 DEBUG   GST_REGISTRY gstregistrychunks.c:716:gst_registry_chunks_load_feature: Reading/casting for GstRegistryChunkPluginFeature at address 0x14ce1f8
0:00:00.013879781  2466 0x19a5320 DEBUG   GST_POLL gstpoll.c:979:gst_poll_fd_ctl_write: 0x19ad820: fd (fd:0, idx:1), active : 1
0:00:00.018534611  2465 0x14b4370 DEBUG   GST_REGISTRY gstregistry.c:589:gst_registry_add_feature: adding feature 0x14cedf0 (rusage)
0:00:00.013886978  2466 0x19a5320 LOG   GST_POLL gstpoll.c:994:gst_poll_fd_ctl_write: 0x19ad820: pfd->events now 60 (POLLOUT:4)
0:00:00.018541728  2465 0x14b4370 DEBUG   GST_REFCOUNTING gstobject.c:708:gst_object_set_parent: set parent (ref and sink)
0:00:00.013893719  2466 0x19a5320 DEBUG   GST_POLL gstpoll.c:979:gst_poll_fd_ctl_write: 0x19ad820: fd (fd:0, idx:1), active : 1
0:00:00.018548879  2465 0x14b4370 TRACE   GST_REFCOUNTING gstobject.c:292:gst_object_ref_sink: 0x14cedf0 ref_sink 1->2
0:00:00.013900144  2466 0x19a5320 LOG   GST_POLL gstpoll.c:994:gst_poll_fd_ctl_write: 0x19ad820: pfd->events now 60 (POLLOUT:4)
0:00:00.018555800  2465 0x14b4370 LOG   GST_REGISTRY gstregistry.c:607:gst_registry_add_feature: emitting feature-added for rusage
0:00:00.013906963  2466 0x19a5320 DEBUG   GST_POLL gstpoll.c:979:gst_poll_fd_ctl_write: 0x19ad820: fd (fd:0, idx:1), active : 1
0:00:00.018562436  2465 0x14b4370 DEBUG   GST_REGISTRY gstregistrychunks.c:740:gst_registry_chunks_load_feature: Added feature rusage, plugin 0x14ce6e0 coretracers
0:00:00.013914747  2466 0x19a5320 LOG   GST_POLL gstpoll.c:994:gst_poll_fd_ctl_write: 0x19ad820: pfd->events now 60 (POLLOUT:4)
0:00:00.018569835  2465 0x14b4370 DEBUG   GST_REGISTRY gstregistrychunks.c:582:gst_registry_chunks_load_feature: Plugin 'coretracers' feature 'log' typename : 'GstTracerFactory'
0:00:00.013921099  2466 0x19a5320 DEBUG   GST_POLL gstpoll.c:979:gst_poll_fd_ctl_write: 0x19ad820: fd (fd:0, idx:1), active : 1
0:00:00.013927168  2466 0x19a5320 LOG   GST_POLL gstpoll.c:994:gst_poll_fd_ctl_write: 0x19ad820: pfd->events now 60 (POLLOUT:4)
0:00:00.018580537  2465 0x14b4370 TRACE   GST_REFCOUNTING gstobject.c:208:gst_object_init: 0x14ceff0 new
0:00:00.013935521  2466 0x19a5320 DEBUG   GST_POLL gstpoll.c:979:gst_poll_fd_ctl_write: 0x19ad820: fd (fd:0, idx:1), active : 1
0:00:00.018591163  2465 0x14b4370 DEBUG   GST_REGISTRY gstregistrychunks.c:716:gst_registry_chunks_load_feature: Reading/casting for GstRegistryChunkPluginFeature at address 0x14ce218
0:00:00.013942272  2466 0x19a5320 LOG   GST_POLL gstpoll.c:994:gst_poll_fd_ctl_write: 0x19ad820: pfd->events now 60 (POLLOUT:4)
0:00:00.018603933  2465 0x14b4370 DEBUG   GST_REGISTRY gstregistry.c:589:gst_registry_add_feature: adding feature 0x14ceff0 (log)
0:00:00.013951637  2466 0x19a5320 DEBUG   GST_POLL gstpoll.c:979:gst_poll_fd_ctl_write: 0x19ad820: fd (fd:0, idx:1), active : 1
0:00:00.018610791  2465 0x14b4370 DEBUG   GST_REFCOUNTING gstobject.c:708:gst_object_set_parent: set parent (ref and sink)
0:00:00.013959947  2466 0x19a5320 LOG   GST_POLL gstpoll.c:994:gst_poll_fd_ctl_write: 0x19ad820: pfd->events now 60 (POLLOUT:4)
0:00:00.018617898  2465 0x14b4370 TRACE   GST_REFCOUNTING gstobject.c:292:gst_object_ref_sink: 0x14ceff0 ref_sink 1->2
0:00:00.013967000  2466 0x19a5320 DEBUG   GST_POLL gstpoll.c:979:gst_poll_fd_ctl_write: 0x19ad820: fd (fd:0, idx:1), active : 1
0:00:00.018625102  2465 0x14b4370 LOG   GST_REGISTRY gstregistry.c:607:gst_registry_add_feature: emitting feature-added for log
0:00:00.013973991  2466 0x19a5320 LOG   GST_POLL gstpoll.c:994:gst_poll_fd_ctl_write: 0x19ad820: pfd->events now 60 (POLLOUT:4)
0:00:00.018632016  2465 0x14b4370 DEBUG   GST_REGISTRY gstregistrychunks.c:740:gst_registry_chunks_load_feature: Added feature log, plugin 0x14ce6e0 coretracers
0:00:00.013982379  2466 0x19a5320 TRACE   GST_REFCOUNTING gstobject.c:264:gst_object_unref: 0x19bee90 unref 2->1
0:00:00.018638848  2465 0x14b4370 DEBUG   GST_REGISTRY gstregistrychunks.c:582:gst_registry_chunks_load_feature: Plugin 'coretracers' feature 'latency' typename : 'GstTracerFactory'
0:00:00.013989932  2466 0x19a5320 DEBUG   GST_POLL gstpoll.c:1241:gst_poll_fd_has_error: 0x19ad820: fd (fd:0, idx:1) 0
0:00:00.018649821  2465 0x14b4370 TRACE   GST_REFCOUNTING gstobject.c:208:gst_object_init: 0x14cf1f0 new
0:00:00.013998580  2466 0x19a5320 DEBUG   GST_POLL gstpoll.c:1335:gst_poll_fd_can_write: 0x19ad820: fd (fd:0, idx:1) 1
0:00:00.018659882  2465 0x14b4370 DEBUG   GST_REGISTRY gstregistrychunks.c:716:gst_registry_chunks_load_feature: Reading/casting for GstRegistryChunkPluginFeature at address 0x14ce240
0:00:00.014006935  2466 0x19a5320 LOG   GST_PLUGIN_LOADING gstpluginloader.c:690:write_one: Writing packet of size 6872 bytes to fd 0
0:00:00.018668301  2465 0x14b4370 DEBUG   GST_REGISTRY gstregistry.c:589:gst_registry_add_feature: adding feature 0x14cf1f0 (latency)
0:00:00.014021673  2466 0x19a5320 DEBUG   GST_POLL gstpoll.c:1414:gst_poll_wait: 0x19ad820: timeout :0:00:01.000000000
0:00:00.018674716  2465 0x14b4370 DEBUG   GST_REFCOUNTING gstobject.c:708:gst_object_set_parent: set parent (ref and sink)
0:00:00.018683574  2465 0x14b4370 TRACE   GST_REFCOUNTING gstobject.c:292:gst_object_ref_sink: 0x14cf1f0 ref_sink 1->2
0:00:00.014030948  2466 0x19a5320 LOG   GST_PLUGIN_LOADING gstpluginloader.c:1027:exchange_packets: Poll res = 2. 488 bytes pending for write
0:00:00.018690329  2465 0x14b4370 LOG   GST_REGISTRY gstregistry.c:607:gst_registry_add_feature: emitting feature-added for latency
0:00:00.014044266  2466 0x19a5320 DEBUG   GST_POLL gstpoll.c:1241:gst_poll_fd_has_error: 0x19ad820: fd (fd:5, idx:2) 0
0:00:00.018698920  2465 0x14b4370 DEBUG   GST_REGISTRY gstregistrychunks.c:740:gst_registry_chunks_load_feature: Added feature latency, plugin 0x14ce6e0 coretracers
0:00:00.014050868  2466 0x19a5320 DEBUG   GST_POLL gstpoll.c:1266:gst_poll_fd_can_read_unlocked: 0x19ad820: fd (fd:5, idx:2) 1
0:00:00.018706714  2465 0x14b4370 LOG   GST_PLUGIN_LOADING gstpluginloader.c:887:handle_rx_packet: marking plugin 0x14ce6e0 as registered as /home/conan/w/prod/BuildSingleReference/.conan/data/gstreamer/1.18.3/_/_/package/79b6a76dab3879a2afba8d14ba028b620dd3f25b/lib/gstreamer-1.0/libgstcoretracers.so
0:00:00.014062750  2466 0x19a5320 DEBUG   GST_PLUGIN_LOADING gstpluginloader.c:722:do_plugin_load: Plugin scanner loading file /home/conan/w/prod/BuildSingleReference/.conan/data/gstreamer/1.18.3/_/_/package/79b6a76dab3879a2afba8d14ba028b620dd3f25b/lib/gstreamer-1.0/libgstcoreelements.so. tag 3
0:00:00.018724063  2465 0x14b4370 DEBUG   GST_POLL gstpoll.c:1414:gst_poll_wait: 0x14cdb40: timeout :0:00:01.000000000
0:00:00.014072130  2466 0x19a5320 TRACE   GST_REFCOUNTING gstobject.c:237:gst_object_ref: 0x19c1140 ref 1->2
0:00:00.014081481  2466 0x19a5320 TRACE   GST_REFCOUNTING gstobject.c:237:gst_object_ref: 0x19dc370 ref 1->2
0:00:00.018735228  2465 0x14b4370 LOG   GST_PLUGIN_LOADING gstpluginloader.c:1027:exchange_packets: Poll res = 1. 0 bytes pending for write
0:00:00.014088107  2466 0x19a5320 TRACE   GST_REFCOUNTING gstobject.c:237:gst_object_ref: 0x19db640 ref 1->2
0:00:00.018743251  2465 0x14b4370 DEBUG   GST_POLL gstpoll.c:1241:gst_poll_fd_has_error: 0x14cdb40: fd (fd:8, idx:2) 0
0:00:00.014094960  2466 0x19a5320 TRACE   GST_REFCOUNTING gstobject.c:237:gst_object_ref: 0x19d9e70 ref 1->2
0:00:00.018749852  2465 0x14b4370 DEBUG   GST_POLL gstpoll.c:1266:gst_poll_fd_can_read_unlocked: 0x14cdb40: fd (fd:8, idx:2) 1
0:00:00.014102061  2466 0x19a5320 TRACE   GST_REFCOUNTING gstobject.c:237:gst_object_ref: 0x19d90a0 ref 1->2
0:00:00.018758092  2465 0x14b4370 LOG   GST_PLUGIN_LOADING gstpluginloader.c:985:read_one: Expanding rx buf from 512 to 7384
0:00:00.014111441  2466 0x19a5320 TRACE   GST_REFCOUNTING gstobject.c:237:gst_object_ref: 0x19d7f00 ref 1->2
0:00:00.014119122  2466 0x19a5320 TRACE   GST_REFCOUNTING gstobject.c:237:gst_object_ref: 0x19d6e00 ref 1->2
0:00:00.014125595  2466 0x19a5320 TRACE   GST_REFCOUNTING gstobject.c:237:gst_object_ref: 0x19d54b0 ref 1->2
0:00:00.018780868  2465 0x14b4370 DEBUG   GST_PLUGIN_LOADING gstpluginloader.c:848:handle_rx_packet: Received plugin details from child w/ tag 1. 6860 bytes info
0:00:00.014131872  2466 0x19a5320 TRACE   GST_REFCOUNTING gstobject.c:237:gst_object_ref: 0x19d39a0 ref 1->2
0:00:00.018788765  2465 0x14b4370 LOG   GST_REGISTRY gstregistrychunks.c:836:_priv_gst_registry_chunks_load_plugin: Reading/casting for GstRegistryChunkPluginElement at address 0x14cf990
0:00:00.014143065  2466 0x19a5320 TRACE   GST_REFCOUNTING gstobject.c:237:gst_object_ref: 0x19d2890 ref 1->2
0:00:00.018799031  2465 0x14b4370 TRACE   GST_REFCOUNTING gstobject.c:208:gst_object_init: 0x14ce070 new
0:00:00.014150100  2466 0x19a5320 TRACE   GST_REFCOUNTING gstobject.c:237:gst_object_ref: 0x19d1670 ref 1->2
0:00:00.014156987  2466 0x19a5320 TRACE   GST_REFCOUNTING gstobject.c:237:gst_object_ref: 0x19d0040 ref 1->2
0:00:00.018811784  2465 0x14b4370 LOG   GST_REGISTRY gstregistrychunks.c:858:_priv_gst_registry_chunks_load_plugin: read strings for name='coreelements'
0:00:00.014163224  2466 0x19a5320 TRACE   GST_REFCOUNTING gstobject.c:237:gst_object_ref: 0x19cf390 ref 1->2
0:00:00.018818310  2465 0x14b4370 LOG   GST_REGISTRY gstregistrychunks.c:859:_priv_gst_registry_chunks_load_plugin: desc.description='GStreamer core elements'
0:00:00.014174259  2466 0x19a5320 TRACE   GST_REFCOUNTING gstobject.c:237:gst_object_ref: 0x19ce760 ref 1->2
0:00:00.018829129  2465 0x14b4370 LOG   GST_REGISTRY gstregistrychunks.c:860:_priv_gst_registry_chunks_load_plugin: filename='/home/conan/w/prod/BuildSingleReference/.conan/data/gstreamer/1.18.3/_/_/package/79b6a76dab3879a2afba8d14ba028b620dd3f25b/lib/gstreamer-1.0/libgstcoreelements.so'
0:00:00.014181835  2466 0x19a5320 TRACE   GST_REFCOUNTING gstobject.c:237:gst_object_ref: 0x19c5cb0 ref 1->2
0:00:00.018836463  2465 0x14b4370 LOG   GST_REGISTRY gstregistrychunks.c:861:_priv_gst_registry_chunks_load_plugin: desc.version='1.18.3'
0:00:00.014189061  2466 0x19a5320 TRACE   GST_REFCOUNTING gstobject.c:237:gst_object_ref: 0x19cbb60 ref 1->2
0:00:00.014210165  2466 0x19a5320 TRACE   GST_REFCOUNTING gstobject.c:237:gst_object_ref: 0x19c9530 ref 1->2
0:00:00.018873905  2465 0x14b4370 LOG   GST_REGISTRY gstregistrychunks.c:862:_priv_gst_registry_chunks_load_plugin: desc.license='LGPL'
0:00:00.014220338  2466 0x19a5320 TRACE   GST_REFCOUNTING gstobject.c:237:gst_object_ref: 0x19c79e0 ref 1->2
0:00:00.018880433  2465 0x14b4370 LOG   GST_REGISTRY gstregistrychunks.c:863:_priv_gst_registry_chunks_load_plugin: desc.source='gstreamer'
0:00:00.018886222  2465 0x14b4370 LOG   GST_REGISTRY gstregistrychunks.c:864:_priv_gst_registry_chunks_load_plugin: desc.package='GStreamer source release'
0:00:00.014232732  2466 0x19a5320 TRACE   GST_REFCOUNTING gstobject.c:237:gst_object_ref: 0x19c69a0 ref 1->2
0:00:00.018893905  2465 0x14b4370 LOG   GST_REGISTRY gstregistrychunks.c:865:_priv_gst_registry_chunks_load_plugin: desc.origin='Unknown package origin'
0:00:00.014246744  2466 0x19a5320 TRACE   GST_REFCOUNTING gstobject.c:237:gst_object_ref: 0x19c4ef0 ref 1->2
0:00:00.018900652  2465 0x14b4370 LOG   GST_REGISTRY gstregistrychunks.c:866:_priv_gst_registry_chunks_load_plugin: desc.datetime=2021-01-13
0:00:00.014254722  2466 0x19a5320 TRACE   GST_REFCOUNTING gstobject.c:237:gst_object_ref: 0x19c4020 ref 1->2
0:00:00.018922975  2465 0x14b4370 DEBUG   GST_REGISTRY gstregistry.c:473:gst_registry_add_plugin: adding plugin 0x14ce070 for filename "/home/conan/w/prod/BuildSingleReference/.conan/data/gstreamer/1.18.3/_/_/package/79b6a76dab3879a2afba8d14ba028b620dd3f25b/lib/gstreamer-1.0/libgstcoreelements.so"
0:00:00.014271653  2466 0x19a5320 TRACE   GST_REFCOUNTING gstobject.c:237:gst_object_ref: 0x19c3280 ref 1->2
0:00:00.018931069  2465 0x14b4370 TRACE   GST_REFCOUNTING gstobject.c:292:gst_object_ref_sink: 0x14ce070 ref_sink 1->2
0:00:00.014280188  2466 0x19a5320 TRACE   GST_REFCOUNTING gstobject.c:237:gst_object_ref: 0x19c1590 ref 1->2
0:00:00.018939007  2465 0x14b4370 LOG   GST_REGISTRY gstregistry.c:486:gst_registry_add_plugin: emitting plugin-added for filename "/home/conan/w/prod/BuildSingleReference/.conan/data/gstreamer/1.18.3/_/_/package/79b6a76dab3879a2afba8d14ba028b620dd3f25b/lib/gstreamer-1.0/libgstcoreelements.so"
0:00:00.014288481  2466 0x19a5320 DEBUG   GST_REGISTRY gstregistrychunks.c:264:gst_registry_chunks_save_feature: saved 0 interfaces 0 pad templates
0:00:00.018946526  2465 0x14b4370 DEBUG   GST_REGISTRY gstregistrychunks.c:886:_priv_gst_registry_chunks_load_plugin: Added plugin 'coreelements' plugin with 22 features from binary registry
0:00:00.018953719  2465 0x14b4370 DEBUG   GST_REGISTRY gstregistrychunks.c:582:gst_registry_chunks_load_feature: Plugin 'coreelements' feature 'streamiddemux' typename : 'GstElementFactory'
0:00:00.014301764  2466 0x19a5320 DEBUG   GST_REGISTRY gstregistrychunks.c:264:gst_registry_chunks_save_feature: saved 0 interfaces 0 pad templates
0:00:00.014313176  2466 0x19a5320 DEBUG   GST_REGISTRY gstregistrychunks.c:264:gst_registry_chunks_save_feature: saved 0 interfaces 0 pad templates
0:00:00.018965635  2465 0x14b4370 TRACE   GST_REFCOUNTING gstobject.c:208:gst_object_init: 0x14ce1a0 new
0:00:00.014323307  2466 0x19a5320 DEBUG   GST_REGISTRY gstregistrychunks.c:264:gst_registry_chunks_save_feature: saved 1 interfaces 0 pad templates
0:00:00.018977440  2465 0x14b4370 LOG   GST_REGISTRY gstregistrychunks.c:609:gst_registry_chunks_load_feature: Reading/casting for GstRegistryChunkElementFactory at address 0x14cfae8
0:00:00.014332374  2466 0x19a5320 DEBUG   GST_REGISTRY gstregistrychunks.c:284:gst_registry_chunks_save_feature: Saved 1 UriTypes
0:00:00.018988249  2465 0x14b4370 TRACE   structure gststructure.c:287:gst_structure_new_id_empty_with_size: created structure 0x14cf560
0:00:00.014344923  2466 0x19a5320 DEBUG   GST_REGISTRY gstregistrychunks.c:264:gst_registry_chunks_save_feature: saved 0 interfaces 0 pad templates
0:00:00.018998798  2465 0x14b4370 DEBUG   structure gststructure.c:2203:gst_structure_parse_field: trying field name 'long-name'
0:00:00.014354910  2466 0x19a5320 DEBUG   GST_REGISTRY gstregistrychunks.c:264:gst_registry_chunks_save_feature: saved 0 interfaces 0 pad templates
0:00:00.019012600  2465 0x14b4370 DEBUG   default gstvalue.c:2676:_priv_gst_value_parse_value: trying type name 'string'
0:00:00.014369892  2466 0x19a5320 DEBUG   GST_REGISTRY gstregistrychunks.c:264:gst_registry_chunks_save_feature: saved 0 interfaces 0 pad templates
0:00:00.019026545  2465 0x14b4370 DEBUG   structure gststructure.c:2203:gst_structure_parse_field: trying field name 'klass'
0:00:00.014381205  2466 0x19a5320 DEBUG   GST_REGISTRY gstregistrychunks.c:264:gst_registry_chunks_save_feature: saved 1 interfaces 0 pad templates
0:00:00.019034951  2465 0x14b4370 DEBUG   default gstvalue.c:2676:_priv_gst_value_parse_value: trying type name 'string'
0:00:00.014387522  2466 0x19a5320 DEBUG   GST_REGISTRY gstregistrychunks.c:284:gst_registry_chunks_save_feature: Saved 1 UriTypes
0:00:00.019044513  2465 0x14b4370 DEBUG   structure gststructure.c:2203:gst_structure_parse_field: trying field name 'description'
0:00:00.014397465  2466 0x19a5320 DEBUG   GST_REGISTRY gstregistrychunks.c:264:gst_registry_chunks_save_feature: saved 1 interfaces 0 pad templates
0:00:00.019050410  2465 0x14b4370 DEBUG   default gstvalue.c:2676:_priv_gst_value_parse_value: trying type name 'string'
0:00:00.014403796  2466 0x19a5320 DEBUG   GST_REGISTRY gstregistrychunks.c:284:gst_registry_chunks_save_feature: Saved 1 UriTypes
0:00:00.019060145  2465 0x14b4370 DEBUG   structure gststructure.c:2203:gst_structure_parse_field: trying field name 'author'
0:00:00.019065796  2465 0x14b4370 DEBUG   default gstvalue.c:2676:_priv_gst_value_parse_value: trying type name 'string'
0:00:00.014416599  2466 0x19a5320 DEBUG   GST_REGISTRY gstregistrychunks.c:264:gst_registry_chunks_save_feature: saved 1 interfaces 0 pad templates
0:00:00.014423356  2466 0x19a5320 DEBUG   GST_REGISTRY gstregistrychunks.c:284:gst_registry_chunks_save_feature: Saved 1 UriTypes
0:00:00.019083088  2465 0x14b4370 DEBUG   GST_REGISTRY gstregistrychunks.c:626:gst_registry_chunks_load_feature: Element factory : npadtemplates=2
0:00:00.014432609  2466 0x19a5320 DEBUG   GST_REGISTRY gstregistrychunks.c:264:gst_registry_chunks_save_feature: saved 0 interfaces 0 pad templates
0:00:00.019089657  2465 0x14b4370 DEBUG   GST_REGISTRY gstregistrychunks.c:525:gst_registry_chunks_load_pad_template: Reading/casting for GstRegistryChunkPadTemplate at address 0x14cfbc0
0:00:00.014442507  2466 0x19a5320 DEBUG   GST_REGISTRY gstregistrychunks.c:264:gst_registry_chunks_save_feature: saved 0 interfaces 0 pad templates
0:00:00.019099038  2465 0x14b4370 DEBUG   GST_REGISTRY gstregistrychunks.c:539:gst_registry_chunks_load_pad_template: Added pad_template src_%u
0:00:00.014451875  2466 0x19a5320 DEBUG   GST_REGISTRY gstregistrychunks.c:264:gst_registry_chunks_save_feature: saved 0 interfaces 0 pad templates
0:00:00.019106183  2465 0x14b4370 DEBUG   GST_REGISTRY gstregistrychunks.c:525:gst_registry_chunks_load_pad_template: Reading/casting for GstRegistryChunkPadTemplate at address 0x14cfbd8
0:00:00.019113582  2465 0x14b4370 DEBUG   GST_REGISTRY gstregistrychunks.c:539:gst_registry_chunks_load_pad_template: Added pad_template sink
0:00:00.014463269  2466 0x19a5320 DEBUG   GST_REGISTRY gstregistrychunks.c:264:gst_registry_chunks_save_feature: saved 0 interfaces 0 pad templates
0:00:00.019128576  2465 0x14b4370 DEBUG   GST_REGISTRY gstregistry.c:589:gst_registry_add_feature: adding feature 0x14ce1a0 (streamiddemux)
0:00:00.014478003  2466 0x19a5320 DEBUG   GST_REGISTRY gstregistrychunks.c:264:gst_registry_chunks_save_feature: saved 0 interfaces 0 pad templates
0:00:00.019137894  2465 0x14b4370 DEBUG   GST_REFCOUNTING gstobject.c:708:gst_object_set_parent: set parent (ref and sink)
0:00:00.014488040  2466 0x19a5320 DEBUG   GST_REGISTRY gstregistrychunks.c:264:gst_registry_chunks_save_feature: saved 0 interfaces 0 pad templates
0:00:00.019146468  2465 0x14b4370 TRACE   GST_REFCOUNTING gstobject.c:292:gst_object_ref_sink: 0x14ce1a0 ref_sink 1->2
0:00:00.019154158  2465 0x14b4370 LOG   GST_REGISTRY gstregistry.c:607:gst_registry_add_feature: emitting feature-added for streamiddemux
0:00:00.014501595  2466 0x19a5320 DEBUG   GST_REGISTRY gstregistrychunks.c:264:gst_registry_chunks_save_feature: saved 1 interfaces 0 pad templates
0:00:00.014509902  2466 0x19a5320 DEBUG   GST_REGISTRY gstregistrychunks.c:284:gst_registry_chunks_save_feature: Saved 1 UriTypes
0:00:00.019167686  2465 0x14b4370 DEBUG   GST_REGISTRY gstregistrychunks.c:740:gst_registry_chunks_load_feature: Added feature streamiddemux, plugin 0x14ce070 coreelements
0:00:00.014522035  2466 0x19a5320 DEBUG   GST_REGISTRY gstregistrychunks.c:264:gst_registry_chunks_save_feature: saved 0 interfaces 0 pad templates
0:00:00.019177437  2465 0x14b4370 DEBUG   GST_REGISTRY gstregistrychunks.c:582:gst_registry_chunks_load_feature: Plugin 'coreelements' feature 'valve' typename : 'GstElementFactory'
0:00:00.014533387  2466 0x19a5320 DEBUG   GST_REGISTRY gstregistrychunks.c:264:gst_registry_chunks_save_feature: saved 0 interfaces 0 pad templates
0:00:00.019191212  2465 0x14b4370 TRACE   GST_REFCOUNTING gstobject.c:208:gst_object_init: 0x14d1660 new
0:00:00.014544643  2466 0x19a5320 DEBUG   GST_REGISTRY gstregistrychunks.c:264:gst_registry_chunks_save_feature: saved 0 interfaces 0 pad templates
0:00:00.019200756  2465 0x14b4370 LOG   GST_REGISTRY gstregistrychunks.c:609:gst_registry_chunks_load_feature: Reading/casting for GstRegistryChunkElementFactory at address 0x14cfc08
0:00:00.014555893  2466 0x19a5320 DEBUG   GST_REGISTRY gstregistrychunks.c:264:gst_registry_chunks_save_feature: saved 0 interfaces 0 pad templates
0:00:00.019212417  2465 0x14b4370 TRACE   structure gststructure.c:287:gst_structure_new_id_empty_with_size: created structure 0x14d1830
0:00:00.019219227  2465 0x14b4370 DEBUG   structure gststructure.c:2203:gst_structure_parse_field: trying field name 'long-name'
0:00:00.014568001  2466 0x19a5320 DEBUG   GST_REGISTRY gstregistrychunks.c:264:gst_registry_chunks_save_feature: saved 0 interfaces 0 pad templates
0:00:00.019227347  2465 0x14b4370 DEBUG   default gstvalue.c:2676:_priv_gst_value_parse_value: trying type name 'string'
0:00:00.019237511  2465 0x14b4370 DEBUG   structure gststructure.c:2203:gst_structure_parse_field: trying field name 'klass'
0:00:00.014585447  2466 0x19a5320 TRACE   GST_REFCOUNTING gstobject.c:264:gst_object_unref: 0x19c1590 unref 2->1
0:00:00.019243096  2465 0x14b4370 DEBUG   default gstvalue.c:2676:_priv_gst_value_parse_value: trying type name 'string'
0:00:00.014596515  2466 0x19a5320 TRACE   GST_REFCOUNTING gstobject.c:264:gst_object_unref: 0x19c3280 unref 2->1
0:00:00.019250255  2465 0x14b4370 DEBUG   structure gststructure.c:2203:gst_structure_parse_field: trying field name 'description'
0:00:00.014605101  2466 0x19a5320 TRACE   GST_REFCOUNTING gstobject.c:264:gst_object_unref: 0x19c4020 unref 2->1
0:00:00.019258427  2465 0x14b4370 DEBUG   default gstvalue.c:2676:_priv_gst_value_parse_value: trying type name 'string'
0:00:00.014612600  2466 0x19a5320 TRACE   GST_REFCOUNTING gstobject.c:264:gst_object_unref: 0x19c4ef0 unref 2->1
0:00:00.019268066  2465 0x14b4370 DEBUG   structure gststructure.c:2203:gst_structure_parse_field: trying field name 'author'
0:00:00.014619916  2466 0x19a5320 TRACE   GST_REFCOUNTING gstobject.c:264:gst_object_unref: 0x19c69a0 unref 2->1
0:00:00.019273642  2465 0x14b4370 DEBUG   default gstvalue.c:2676:_priv_gst_value_parse_value: trying type name 'string'
0:00:00.014627387  2466 0x19a5320 TRACE   GST_REFCOUNTING gstobject.c:264:gst_object_unref: 0x19c79e0 unref 2->1
0:00:00.019282900  2465 0x14b4370 DEBUG   GST_REGISTRY gstregistrychunks.c:626:gst_registry_chunks_load_feature: Element factory : npadtemplates=2
0:00:00.014634528  2466 0x19a5320 TRACE   GST_REFCOUNTING gstobject.c:264:gst_object_unref: 0x19c9530 unref 2->1
0:00:00.019291001  2465 0x14b4370 DEBUG   GST_REGISTRY gstregistrychunks.c:525:gst_registry_chunks_load_pad_template: Reading/casting for GstRegistryChunkPadTemplate at address 0x14cfcf8
0:00:00.014641749  2466 0x19a5320 TRACE   GST_REFCOUNTING gstobject.c:264:gst_object_unref: 0x19cbb60 unref 2->1
0:00:00.019311139  2465 0x14b4370 DEBUG   GST_REGISTRY gstregistrychunks.c:539:gst_registry_chunks_load_pad_template: Added pad_template sink
0:00:00.014660460  2466 0x19a5320 TRACE   GST_REFCOUNTING gstobject.c:264:gst_object_unref: 0x19c5cb0 unref 2->1
0:00:00.019317323  2465 0x14b4370 DEBUG   GST_REGISTRY gstregistrychunks.c:525:gst_registry_chunks_load_pad_template: Reading/casting for GstRegistryChunkPadTemplate at address 0x14cfd10
0:00:00.014670149  2466 0x19a5320 TRACE   GST_REFCOUNTING gstobject.c:264:gst_object_unref: 0x19ce760 unref 2->1
0:00:00.019324122  2465 0x14b4370 DEBUG   GST_REGISTRY gstregistrychunks.c:539:gst_registry_chunks_load_pad_template: Added pad_template src
0:00:00.014678233  2466 0x19a5320 TRACE   GST_REFCOUNTING gstobject.c:264:gst_object_unref: 0x19cf390 unref 2->1
0:00:00.019334997  2465 0x14b4370 DEBUG   GST_REGISTRY gstregistry.c:589:gst_registry_add_feature: adding feature 0x14d1660 (valve)
0:00:00.014690338  2466 0x19a5320 TRACE   GST_REFCOUNTING gstobject.c:264:gst_object_unref: 0x19d0040 unref 2->1
0:00:00.019345193  2465 0x14b4370 DEBUG   GST_REFCOUNTING gstobject.c:708:gst_object_set_parent: set parent (ref and sink)
0:00:00.014697578  2466 0x19a5320 TRACE   GST_REFCOUNTING gstobject.c:264:gst_object_unref: 0x19d1670 unref 2->1
0:00:00.019353158  2465 0x14b4370 TRACE   GST_REFCOUNTING gstobject.c:292:gst_object_ref_sink: 0x14d1660 ref_sink 1->2
0:00:00.019360397  2465 0x14b4370 LOG   GST_REGISTRY gstregistry.c:607:gst_registry_add_feature: emitting feature-added for valve
0:00:00.014704652  2466 0x19a5320 TRACE   GST_REFCOUNTING gstobject.c:264:gst_object_unref: 0x19d2890 unref 2->1
0:00:00.019369870  2465 0x14b4370 DEBUG   GST_REGISTRY gstregistrychunks.c:740:gst_registry_chunks_load_feature: Added feature valve, plugin 0x14ce070 coreelements
0:00:00.014718220  2466 0x19a5320 TRACE   GST_REFCOUNTING gstobject.c:264:gst_object_unref: 0x19d39a0 unref 2->1
0:00:00.019378063  2465 0x14b4370 DEBUG   GST_REGISTRY gstregistrychunks.c:582:gst_registry_chunks_load_feature: Plugin 'coreelements' feature 'multiqueue' typename : 'GstElementFactory'
0:00:00.014726768  2466 0x19a5320 TRACE   GST_REFCOUNTING gstobject.c:264:gst_object_unref: 0x19d54b0 unref 2->1
0:00:00.019387298  2465 0x14b4370 TRACE   GST_REFCOUNTING gstobject.c:208:gst_object_init: 0x14d1960 new
0:00:00.014736498  2466 0x19a5320 TRACE   GST_REFCOUNTING gstobject.c:264:gst_object_unref: 0x19d6e00 unref 2->1
0:00:00.019396227  2465 0x14b4370 LOG   GST_REGISTRY gstregistrychunks.c:609:gst_registry_chunks_load_feature: Reading/casting for GstRegistryChunkElementFactory at address 0x14cfd40
0:00:00.014744439  2466 0x19a5320 TRACE   GST_REFCOUNTING gstobject.c:264:gst_object_unref: 0x19d7f00 unref 2->1
0:00:00.019403225  2465 0x14b4370 TRACE   structure gststructure.c:287:gst_structure_new_id_empty_with_size: created structure 0x14d1a50
0:00:00.014752501  2466 0x19a5320 TRACE   GST_REFCOUNTING gstobject.c:264:gst_object_unref: 0x19d90a0 unref 2->1
0:00:00.019409598  2465 0x14b4370 DEBUG   structure gststructure.c:2203:gst_structure_parse_field: trying field name 'long-name'
0:00:00.014759735  2466 0x19a5320 TRACE   GST_REFCOUNTING gstobject.c:264:gst_object_unref: 0x19d9e70 unref 2->1
0:00:00.019415701  2465 0x14b4370 DEBUG   default gstvalue.c:2676:_priv_gst_value_parse_value: trying type name 'string'
0:00:00.014766899  2466 0x19a5320 TRACE   GST_REFCOUNTING gstobject.c:264:gst_object_unref: 0x19db640 unref 2->1
0:00:00.019422564  2465 0x14b4370 DEBUG   structure gststructure.c:2203:gst_structure_parse_field: trying field name 'klass'
0:00:00.014773888  2466 0x19a5320 TRACE   GST_REFCOUNTING gstobject.c:264:gst_object_unref: 0x19dc370 unref 2->1
0:00:00.019430375  2465 0x14b4370 DEBUG   default gstvalue.c:2676:_priv_gst_value_parse_value: trying type name 'string'
0:00:00.014787446  2466 0x19a5320 DEBUG   GST_REGISTRY gstregistrychunks.c:497:_priv_gst_registry_chunks_save_plugin: Found 22 features in plugin 0x19c1140 (coreelements)
0:00:00.019441070  2465 0x14b4370 DEBUG   structure gststructure.c:2203:gst_structure_parse_field: trying field name 'description'
0:00:00.014795462  2466 0x19a5320 DEBUG   GST_POLL gstpoll.c:979:gst_poll_fd_ctl_write: 0x19ad820: fd (fd:0, idx:1), active : 1
0:00:00.019449091  2465 0x14b4370 DEBUG   default gstvalue.c:2676:_priv_gst_value_parse_value: trying type name 'string'
0:00:00.014804315  2466 0x19a5320 LOG   GST_POLL gstpoll.c:994:gst_poll_fd_ctl_write: 0x19ad820: pfd->events now 60 (POLLOUT:4)
0:00:00.019458405  2465 0x14b4370 DEBUG   structure gststructure.c:2203:gst_structure_parse_field: trying field name 'author'
0:00:00.014812252  2466 0x19a5320 DEBUG   GST_POLL gstpoll.c:979:gst_poll_fd_ctl_write: 0x19ad820: fd (fd:0, idx:1), active : 1
0:00:00.019465825  2465 0x14b4370 DEBUG   default gstvalue.c:2676:_priv_gst_value_parse_value: trying type name 'string'
0:00:00.014818786  2466 0x19a5320 LOG   GST_POLL gstpoll.c:994:gst_poll_fd_ctl_write: 0x19ad820: pfd->events now 60 (POLLOUT:4)
0:00:00.019474385  2465 0x14b4370 DEBUG   GST_REGISTRY gstregistrychunks.c:626:gst_registry_chunks_load_feature: Element factory : npadtemplates=2
0:00:00.014826054  2466 0x19a5320 DEBUG   GST_POLL gstpoll.c:979:gst_poll_fd_ctl_write: 0x19ad820: fd (fd:0, idx:1), active : 1
0:00:00.019480446  2465 0x14b4370 DEBUG   GST_REGISTRY gstregistrychunks.c:525:gst_registry_chunks_load_pad_template: Reading/casting for GstRegistryChunkPadTemplate at address 0x14cfe00
0:00:00.014832715  2466 0x19a5320 LOG   GST_POLL gstpoll.c:994:gst_poll_fd_ctl_write: 0x19ad820: pfd->events now 60 (POLLOUT:4)
0:00:00.019487222  2465 0x14b4370 DEBUG   GST_REGISTRY gstregistrychunks.c:539:gst_registry_chunks_load_pad_template: Added pad_template src_%u
0:00:00.014839411  2466 0x19a5320 DEBUG   GST_POLL gstpoll.c:979:gst_poll_fd_ctl_write: 0x19ad820: fd (fd:0, idx:1), active : 1
