0:00:00.016360398  2466 0x19a5320 DEBUG   GST_POLL gstpoll.c:979:gst_poll_fd_ctl_write: 0x19ad820: fd (fd:0, idx:1), active : 1
0:00:00.021020264  2465 0x14b4370 DEBUG   GST_REGISTRY gstregistry.c:589:gst_registry_add_feature: adding feature 0x14d3870 (identity)
0:00:00.016368766  2466 0x19a5320 LOG   GST_POLL gstpoll.c:994:gst_poll_fd_ctl_write: 0x19ad820: pfd->events now 60 (POLLOUT:4)
0:00:00.021027331  2465 0x14b4370 DEBUG   GST_REFCOUNTING gstobject.c:708:gst_object_set_parent: set parent (ref and sink)
0:00:00.016377220  2466 0x19a5320 DEBUG   GST_POLL gstpoll.c:979:gst_poll_fd_ctl_write: 0x19ad820: fd (fd:0, idx:1), active : 1
0:00:00.021035683  2465 0x14b4370 TRACE   GST_REFCOUNTING gstobject.c:292:gst_object_ref_sink: 0x14d3870 ref_sink 1->2
0:00:00.016383659  2466 0x19a5320 LOG   GST_POLL gstpoll.c:994:gst_poll_fd_ctl_write: 0x19ad820: pfd->events now 60 (POLLOUT:4)
0:00:00.021043666  2465 0x14b4370 LOG   GST_REGISTRY gstregistry.c:607:gst_registry_add_feature: emitting feature-added for identity
0:00:00.016392932  2466 0x19a5320 DEBUG   GST_POLL gstpoll.c:979:gst_poll_fd_ctl_write: 0x19ad820: fd (fd:0, idx:1), active : 1
0:00:00.021051276  2465 0x14b4370 DEBUG   GST_REGISTRY gstregistrychunks.c:740:gst_registry_chunks_load_feature: Added feature identity, plugin 0x14ce070 coreelements
0:00:00.016399439  2466 0x19a5320 LOG   GST_POLL gstpoll.c:994:gst_poll_fd_ctl_write: 0x19ad820: pfd->events now 60 (POLLOUT:4)
0:00:00.016408491  2466 0x19a5320 DEBUG   GST_POLL gstpoll.c:979:gst_poll_fd_ctl_write: 0x19ad820: fd (fd:0, idx:1), active : 1
0:00:00.021060868  2465 0x14b4370 DEBUG   GST_REGISTRY gstregistrychunks.c:582:gst_registry_chunks_load_feature: Plugin 'coreelements' feature 'funnel' typename : 'GstElementFactory'
0:00:00.016414263  2466 0x19a5320 LOG   GST_POLL gstpoll.c:994:gst_poll_fd_ctl_write: 0x19ad820: pfd->events now 60 (POLLOUT:4)
0:00:00.016424712  2466 0x19a5320 DEBUG   GST_POLL gstpoll.c:979:gst_poll_fd_ctl_write: 0x19ad820: fd (fd:0, idx:1), active : 1
0:00:00.021078192  2465 0x14b4370 TRACE   GST_REFCOUNTING gstobject.c:208:gst_object_init: 0x14d3c20 new
0:00:00.016433251  2466 0x19a5320 LOG   GST_POLL gstpoll.c:994:gst_poll_fd_ctl_write: 0x19ad820: pfd->events now 60 (POLLOUT:4)
0:00:00.021089348  2465 0x14b4370 LOG   GST_REGISTRY gstregistrychunks.c:609:gst_registry_chunks_load_feature: Reading/casting for GstRegistryChunkElementFactory at address 0x14d07a8
0:00:00.016440720  2466 0x19a5320 DEBUG   GST_POLL gstpoll.c:979:gst_poll_fd_ctl_write: 0x19ad820: fd (fd:0, idx:1), active : 1
0:00:00.021096171  2465 0x14b4370 TRACE   structure gststructure.c:287:gst_structure_new_id_empty_with_size: created structure 0x14d3e70
0:00:00.016447365  2466 0x19a5320 LOG   GST_POLL gstpoll.c:994:gst_poll_fd_ctl_write: 0x19ad820: pfd->events now 60 (POLLOUT:4)
0:00:00.021102274  2465 0x14b4370 DEBUG   structure gststructure.c:2203:gst_structure_parse_field: trying field name 'long-name'
0:00:00.016454296  2466 0x19a5320 DEBUG   GST_POLL gstpoll.c:979:gst_poll_fd_ctl_write: 0x19ad820: fd (fd:0, idx:1), active : 1
0:00:00.021108270  2465 0x14b4370 DEBUG   default gstvalue.c:2676:_priv_gst_value_parse_value: trying type name 'string'
0:00:00.016460719  2466 0x19a5320 LOG   GST_POLL gstpoll.c:994:gst_poll_fd_ctl_write: 0x19ad820: pfd->events now 60 (POLLOUT:4)
0:00:00.021116375  2465 0x14b4370 DEBUG   structure gststructure.c:2203:gst_structure_parse_field: trying field name 'klass'
0:00:00.016467766  2466 0x19a5320 DEBUG   GST_POLL gstpoll.c:979:gst_poll_fd_ctl_write: 0x19ad820: fd (fd:0, idx:1), active : 1
0:00:00.021122066  2465 0x14b4370 DEBUG   default gstvalue.c:2676:_priv_gst_value_parse_value: trying type name 'string'
0:00:00.016474252  2466 0x19a5320 LOG   GST_POLL gstpoll.c:994:gst_poll_fd_ctl_write: 0x19ad820: pfd->events now 60 (POLLOUT:4)
0:00:00.016480678  2466 0x19a5320 DEBUG   GST_POLL gstpoll.c:979:gst_poll_fd_ctl_write: 0x19ad820: fd (fd:0, idx:1), active : 1
0:00:00.021135614  2465 0x14b4370 DEBUG   structure gststructure.c:2203:gst_structure_parse_field: trying field name 'description'
0:00:00.016488792  2466 0x19a5320 LOG   GST_POLL gstpoll.c:994:gst_poll_fd_ctl_write: 0x19ad820: pfd->events now 60 (POLLOUT:4)
0:00:00.021143076  2465 0x14b4370 DEBUG   default gstvalue.c:2676:_priv_gst_value_parse_value: trying type name 'string'
0:00:00.016496263  2466 0x19a5320 DEBUG   GST_POLL gstpoll.c:979:gst_poll_fd_ctl_write: 0x19ad820: fd (fd:0, idx:1), active : 1
0:00:00.021151764  2465 0x14b4370 DEBUG   structure gststructure.c:2203:gst_structure_parse_field: trying field name 'author'
0:00:00.016502457  2466 0x19a5320 LOG   GST_POLL gstpoll.c:994:gst_poll_fd_ctl_write: 0x19ad820: pfd->events now 60 (POLLOUT:4)
0:00:00.021157487  2465 0x14b4370 DEBUG   default gstvalue.c:2676:_priv_gst_value_parse_value: trying type name 'string'
0:00:00.016514992  2466 0x19a5320 DEBUG   GST_POLL gstpoll.c:979:gst_poll_fd_ctl_write: 0x19ad820: fd (fd:0, idx:1), active : 1
0:00:00.021170798  2465 0x14b4370 DEBUG   GST_REGISTRY gstregistrychunks.c:626:gst_registry_chunks_load_feature: Element factory : npadtemplates=2
0:00:00.016521442  2466 0x19a5320 LOG   GST_POLL gstpoll.c:994:gst_poll_fd_ctl_write: 0x19ad820: pfd->events now 60 (POLLOUT:4)
0:00:00.021176781  2465 0x14b4370 DEBUG   GST_REGISTRY gstregistrychunks.c:525:gst_registry_chunks_load_pad_template: Reading/casting for GstRegistryChunkPadTemplate at address 0x14d0880
0:00:00.016527807  2466 0x19a5320 DEBUG   GST_POLL gstpoll.c:979:gst_poll_fd_ctl_write: 0x19ad820: fd (fd:0, idx:1), active : 1
0:00:00.021182948  2465 0x14b4370 DEBUG   GST_REGISTRY gstregistrychunks.c:539:gst_registry_chunks_load_pad_template: Added pad_template src
0:00:00.016534474  2466 0x19a5320 LOG   GST_POLL gstpoll.c:994:gst_poll_fd_ctl_write: 0x19ad820: pfd->events now 60 (POLLOUT:4)
0:00:00.021191367  2465 0x14b4370 DEBUG   GST_REGISTRY gstregistrychunks.c:525:gst_registry_chunks_load_pad_template: Reading/casting for GstRegistryChunkPadTemplate at address 0x14d0890
0:00:00.016541161  2466 0x19a5320 DEBUG   GST_POLL gstpoll.c:979:gst_poll_fd_ctl_write: 0x19ad820: fd (fd:0, idx:1), active : 1
0:00:00.021199347  2465 0x14b4370 DEBUG   GST_REGISTRY gstregistrychunks.c:539:gst_registry_chunks_load_pad_template: Added pad_template sink_%u
0:00:00.016550144  2466 0x19a5320 LOG   GST_POLL gstpoll.c:994:gst_poll_fd_ctl_write: 0x19ad820: pfd->events now 60 (POLLOUT:4)
0:00:00.021208470  2465 0x14b4370 DEBUG   GST_REGISTRY gstregistry.c:589:gst_registry_add_feature: adding feature 0x14d3c20 (funnel)
0:00:00.016558068  2466 0x19a5320 DEBUG   GST_POLL gstpoll.c:979:gst_poll_fd_ctl_write: 0x19ad820: fd (fd:0, idx:1), active : 1
0:00:00.021215186  2465 0x14b4370 DEBUG   GST_REFCOUNTING gstobject.c:708:gst_object_set_parent: set parent (ref and sink)
0:00:00.016564403  2466 0x19a5320 LOG   GST_POLL gstpoll.c:994:gst_poll_fd_ctl_write: 0x19ad820: pfd->events now 60 (POLLOUT:4)
0:00:00.021223507  2465 0x14b4370 TRACE   GST_REFCOUNTING gstobject.c:292:gst_object_ref_sink: 0x14d3c20 ref_sink 1->2
0:00:00.016572139  2466 0x19a5320 DEBUG   GST_POLL gstpoll.c:979:gst_poll_fd_ctl_write: 0x19ad820: fd (fd:0, idx:1), active : 1
0:00:00.021230869  2465 0x14b4370 LOG   GST_REGISTRY gstregistry.c:607:gst_registry_add_feature: emitting feature-added for funnel
0:00:00.016579372  2466 0x19a5320 LOG   GST_POLL gstpoll.c:994:gst_poll_fd_ctl_write: 0x19ad820: pfd->events now 60 (POLLOUT:4)
0:00:00.021237848  2465 0x14b4370 DEBUG   GST_REGISTRY gstregistrychunks.c:740:gst_registry_chunks_load_feature: Added feature funnel, plugin 0x14ce070 coreelements
0:00:00.016586435  2466 0x19a5320 DEBUG   GST_POLL gstpoll.c:979:gst_poll_fd_ctl_write: 0x19ad820: fd (fd:0, idx:1), active : 1
0:00:00.021244710  2465 0x14b4370 DEBUG   GST_REGISTRY gstregistrychunks.c:582:gst_registry_chunks_load_feature: Plugin 'coreelements' feature 'filesrc' typename : 'GstElementFactory'
0:00:00.016598077  2466 0x19a5320 LOG   GST_POLL gstpoll.c:994:gst_poll_fd_ctl_write: 0x19ad820: pfd->events now 60 (POLLOUT:4)
0:00:00.016605019  2466 0x19a5320 DEBUG   GST_POLL gstpoll.c:979:gst_poll_fd_ctl_write: 0x19ad820: fd (fd:0, idx:1), active : 1
0:00:00.021257463  2465 0x14b4370 TRACE   GST_REFCOUNTING gstobject.c:208:gst_object_init: 0x14d4100 new
0:00:00.016613215  2466 0x19a5320 LOG   GST_POLL gstpoll.c:994:gst_poll_fd_ctl_write: 0x19ad820: pfd->events now 60 (POLLOUT:4)
0:00:00.021269758  2465 0x14b4370 LOG   GST_REGISTRY gstregistrychunks.c:609:gst_registry_chunks_load_feature: Reading/casting for GstRegistryChunkElementFactory at address 0x14d08c0
0:00:00.016620781  2466 0x19a5320 DEBUG   GST_POLL gstpoll.c:979:gst_poll_fd_ctl_write: 0x19ad820: fd (fd:0, idx:1), active : 1
0:00:00.021277078  2465 0x14b4370 TRACE   structure gststructure.c:287:gst_structure_new_id_empty_with_size: created structure 0x14d42c0
0:00:00.016627103  2466 0x19a5320 LOG   GST_POLL gstpoll.c:994:gst_poll_fd_ctl_write: 0x19ad820: pfd->events now 60 (POLLOUT:4)
0:00:00.021283393  2465 0x14b4370 DEBUG   structure gststructure.c:2203:gst_structure_parse_field: trying field name 'long-name'
0:00:00.016633815  2466 0x19a5320 DEBUG   GST_POLL gstpoll.c:979:gst_poll_fd_ctl_write: 0x19ad820: fd (fd:0, idx:1), active : 1
0:00:00.021289243  2465 0x14b4370 DEBUG   default gstvalue.c:2676:_priv_gst_value_parse_value: trying type name 'string'
0:00:00.016640040  2466 0x19a5320 LOG   GST_POLL gstpoll.c:994:gst_poll_fd_ctl_write: 0x19ad820: pfd->events now 60 (POLLOUT:4)
0:00:00.021296620  2465 0x14b4370 DEBUG   structure gststructure.c:2203:gst_structure_parse_field: trying field name 'klass'
0:00:00.016646757  2466 0x19a5320 DEBUG   GST_POLL gstpoll.c:979:gst_poll_fd_ctl_write: 0x19ad820: fd (fd:0, idx:1), active : 1
0:00:00.021302234  2465 0x14b4370 DEBUG   default gstvalue.c:2676:_priv_gst_value_parse_value: trying type name 'string'
0:00:00.016652978  2466 0x19a5320 LOG   GST_POLL gstpoll.c:994:gst_poll_fd_ctl_write: 0x19ad820: pfd->events now 60 (POLLOUT:4)
0:00:00.021308872  2465 0x14b4370 DEBUG   structure gststructure.c:2203:gst_structure_parse_field: trying field name 'description'
0:00:00.016659780  2466 0x19a5320 DEBUG   GST_POLL gstpoll.c:979:gst_poll_fd_ctl_write: 0x19ad820: fd (fd:0, idx:1), active : 1
0:00:00.021316739  2465 0x14b4370 DEBUG   default gstvalue.c:2676:_priv_gst_value_parse_value: trying type name 'string'
0:00:00.016668050  2466 0x19a5320 LOG   GST_POLL gstpoll.c:994:gst_poll_fd_ctl_write: 0x19ad820: pfd->events now 60 (POLLOUT:4)
0:00:00.021325547  2465 0x14b4370 DEBUG   structure gststructure.c:2203:gst_structure_parse_field: trying field name 'author'
0:00:00.016675518  2466 0x19a5320 DEBUG   GST_POLL gstpoll.c:979:gst_poll_fd_ctl_write: 0x19ad820: fd (fd:0, idx:1), active : 1
0:00:00.021331447  2465 0x14b4370 DEBUG   default gstvalue.c:2676:_priv_gst_value_parse_value: trying type name 'string'
0:00:00.016686888  2466 0x19a5320 LOG   GST_POLL gstpoll.c:994:gst_poll_fd_ctl_write: 0x19ad820: pfd->events now 60 (POLLOUT:4)
0:00:00.021342741  2465 0x14b4370 DEBUG   GST_REGISTRY gstregistrychunks.c:626:gst_registry_chunks_load_feature: Element factory : npadtemplates=1
0:00:00.016693844  2466 0x19a5320 DEBUG   GST_POLL gstpoll.c:979:gst_poll_fd_ctl_write: 0x19ad820: fd (fd:0, idx:1), active : 1
0:00:00.021349015  2465 0x14b4370 DEBUG   GST_REGISTRY gstregistrychunks.c:525:gst_registry_chunks_load_pad_template: Reading/casting for GstRegistryChunkPadTemplate at address 0x14d09a0
0:00:00.016700275  2466 0x19a5320 LOG   GST_POLL gstpoll.c:994:gst_poll_fd_ctl_write: 0x19ad820: pfd->events now 60 (POLLOUT:4)
0:00:00.021355175  2465 0x14b4370 DEBUG   GST_REGISTRY gstregistrychunks.c:539:gst_registry_chunks_load_pad_template: Added pad_template src
0:00:00.021362266  2465 0x14b4370 DEBUG   GST_REGISTRY gstregistrychunks.c:639:gst_registry_chunks_load_feature: Reading 1 UriTypes at address 0x14d09b0
0:00:00.016712180  2466 0x19a5320 DEBUG   GST_POLL gstpoll.c:979:gst_poll_fd_ctl_write: 0x19ad820: fd (fd:0, idx:1), active : 1
0:00:00.021368800  2465 0x14b4370 DEBUG   GST_REGISTRY gstregistrychunks.c:654:gst_registry_chunks_load_feature: Reading 1 Interfaces at address 0x14d09b9
0:00:00.016718584  2466 0x19a5320 LOG   GST_POLL gstpoll.c:994:gst_poll_fd_ctl_write: 0x19ad820: pfd->events now 60 (POLLOUT:4)
0:00:00.021380378  2465 0x14b4370 DEBUG   GST_REGISTRY gstregistry.c:589:gst_registry_add_feature: adding feature 0x14d4100 (filesrc)
0:00:00.016727903  2466 0x19a5320 DEBUG   GST_POLL gstpoll.c:979:gst_poll_fd_ctl_write: 0x19ad820: fd (fd:0, idx:1), active : 1
0:00:00.021388051  2465 0x14b4370 DEBUG   GST_REFCOUNTING gstobject.c:708:gst_object_set_parent: set parent (ref and sink)
0:00:00.016737148  2466 0x19a5320 LOG   GST_POLL gstpoll.c:994:gst_poll_fd_ctl_write: 0x19ad820: pfd->events now 60 (POLLOUT:4)
0:00:00.021396702  2465 0x14b4370 TRACE   GST_REFCOUNTING gstobject.c:292:gst_object_ref_sink: 0x14d4100 ref_sink 1->2
0:00:00.016745256  2466 0x19a5320 DEBUG   GST_POLL gstpoll.c:979:gst_poll_fd_ctl_write: 0x19ad820: fd (fd:0, idx:1), active : 1
0:00:00.021404357  2465 0x14b4370 LOG   GST_REGISTRY gstregistry.c:607:gst_registry_add_feature: emitting feature-added for filesrc
0:00:00.016753179  2466 0x19a5320 LOG   GST_POLL gstpoll.c:994:gst_poll_fd_ctl_write: 0x19ad820: pfd->events now 60 (POLLOUT:4)
0:00:00.021412199  2465 0x14b4370 DEBUG   GST_REGISTRY gstregistrychunks.c:740:gst_registry_chunks_load_feature: Added feature filesrc, plugin 0x14ce070 coreelements
0:00:00.016761044  2466 0x19a5320 DEBUG   GST_POLL gstpoll.c:979:gst_poll_fd_ctl_write: 0x19ad820: fd (fd:0, idx:1), active : 1
0:00:00.021419548  2465 0x14b4370 DEBUG   GST_REGISTRY gstregistrychunks.c:582:gst_registry_chunks_load_feature: Plugin 'coreelements' feature 'fdsink' typename : 'GstElementFactory'
0:00:00.016767861  2466 0x19a5320 LOG   GST_POLL gstpoll.c:994:gst_poll_fd_ctl_write: 0x19ad820: pfd->events now 60 (POLLOUT:4)
0:00:00.016780715  2466 0x19a5320 DEBUG   GST_POLL gstpoll.c:979:gst_poll_fd_ctl_write: 0x19ad820: fd (fd:0, idx:1), active : 1
0:00:00.021433570  2465 0x14b4370 TRACE   GST_REFCOUNTING gstobject.c:208:gst_object_init: 0x14d44e0 new
0:00:00.016786626  2466 0x19a5320 LOG   GST_POLL gstpoll.c:994:gst_poll_fd_ctl_write: 0x19ad820: pfd->events now 60 (POLLOUT:4)
0:00:00.021443571  2465 0x14b4370 LOG   GST_REGISTRY gstregistrychunks.c:609:gst_registry_chunks_load_feature: Reading/casting for GstRegistryChunkElementFactory at address 0x14d09e0
0:00:00.016795411  2466 0x19a5320 DEBUG   GST_POLL gstpoll.c:979:gst_poll_fd_ctl_write: 0x19ad820: fd (fd:0, idx:1), active : 1
0:00:00.021453245  2465 0x14b4370 TRACE   structure gststructure.c:287:gst_structure_new_id_empty_with_size: created structure 0x14d45d0
0:00:00.016802791  2466 0x19a5320 LOG   GST_POLL gstpoll.c:994:gst_poll_fd_ctl_write: 0x19ad820: pfd->events now 60 (POLLOUT:4)
0:00:00.021460932  2465 0x14b4370 DEBUG   structure gststructure.c:2203:gst_structure_parse_field: trying field name 'long-name'
0:00:00.016810235  2466 0x19a5320 DEBUG   GST_POLL gstpoll.c:979:gst_poll_fd_ctl_write: 0x19ad820: fd (fd:0, idx:1), active : 1
0:00:00.021467111  2465 0x14b4370 DEBUG   default gstvalue.c:2676:_priv_gst_value_parse_value: trying type name 'string'
0:00:00.016816815  2466 0x19a5320 LOG   GST_POLL gstpoll.c:994:gst_poll_fd_ctl_write: 0x19ad820: pfd->events now 60 (POLLOUT:4)
0:00:00.021474425  2465 0x14b4370 DEBUG   structure gststructure.c:2203:gst_structure_parse_field: trying field name 'klass'
0:00:00.016823471  2466 0x19a5320 DEBUG   GST_POLL gstpoll.c:979:gst_poll_fd_ctl_write: 0x19ad820: fd (fd:0, idx:1), active : 1
0:00:00.021480067  2465 0x14b4370 DEBUG   default gstvalue.c:2676:_priv_gst_value_parse_value: trying type name 'string'
0:00:00.016829684  2466 0x19a5320 LOG   GST_POLL gstpoll.c:994:gst_poll_fd_ctl_write: 0x19ad820: pfd->events now 60 (POLLOUT:4)
0:00:00.021486868  2465 0x14b4370 DEBUG   structure gststructure.c:2203:gst_structure_parse_field: trying field name 'description'
0:00:00.016836237  2466 0x19a5320 DEBUG   GST_POLL gstpoll.c:979:gst_poll_fd_ctl_write: 0x19ad820: fd (fd:0, idx:1), active : 1
0:00:00.021492470  2465 0x14b4370 DEBUG   default gstvalue.c:2676:_priv_gst_value_parse_value: trying type name 'string'
0:00:00.016842349  2466 0x19a5320 LOG   GST_POLL gstpoll.c:994:gst_poll_fd_ctl_write: 0x19ad820: pfd->events now 60 (POLLOUT:4)
0:00:00.021499311  2465 0x14b4370 DEBUG   structure gststructure.c:2203:gst_structure_parse_field: trying field name 'author'
0:00:00.016850893  2466 0x19a5320 DEBUG   GST_POLL gstpoll.c:979:gst_poll_fd_ctl_write: 0x19ad820: fd (fd:0, idx:1), active : 1
0:00:00.021507494  2465 0x14b4370 DEBUG   default gstvalue.c:2676:_priv_gst_value_parse_value: trying type name 'string'
0:00:00.016857911  2466 0x19a5320 LOG   GST_POLL gstpoll.c:994:gst_poll_fd_ctl_write: 0x19ad820: pfd->events now 60 (POLLOUT:4)
0:00:00.021521120  2465 0x14b4370 DEBUG   GST_REGISTRY gstregistrychunks.c:626:gst_registry_chunks_load_feature: Element factory : npadtemplates=1
0:00:00.016869148  2466 0x19a5320 DEBUG   GST_POLL gstpoll.c:979:gst_poll_fd_ctl_write: 0x19ad820: fd (fd:0, idx:1), active : 1
0:00:00.021527862  2465 0x14b4370 DEBUG   GST_REGISTRY gstregistrychunks.c:525:gst_registry_chunks_load_pad_template: Reading/casting for GstRegistryChunkPadTemplate at address 0x14d0ac0
0:00:00.016877093  2466 0x19a5320 LOG   GST_POLL gstpoll.c:994:gst_poll_fd_ctl_write: 0x19ad820: pfd->events now 60 (POLLOUT:4)
0:00:00.021534167  2465 0x14b4370 DEBUG   GST_REGISTRY gstregistrychunks.c:539:gst_registry_chunks_load_pad_template: Added pad_template sink
0:00:00.016883885  2466 0x19a5320 DEBUG   GST_POLL gstpoll.c:979:gst_poll_fd_ctl_write: 0x19ad820: fd (fd:0, idx:1), active : 1
0:00:00.021541014  2465 0x14b4370 DEBUG   GST_REGISTRY gstregistrychunks.c:639:gst_registry_chunks_load_feature: Reading 1 UriTypes at address 0x14d0ad1
0:00:00.016890070  2466 0x19a5320 LOG   GST_POLL gstpoll.c:994:gst_poll_fd_ctl_write: 0x19ad820: pfd->events now 60 (POLLOUT:4)
0:00:00.021548199  2465 0x14b4370 DEBUG   GST_REGISTRY gstregistrychunks.c:654:gst_registry_chunks_load_feature: Reading 1 Interfaces at address 0x14d0adf
0:00:00.016897169  2466 0x19a5320 DEBUG   GST_POLL gstpoll.c:979:gst_poll_fd_ctl_write: 0x19ad820: fd (fd:0, idx:1), active : 1
0:00:00.016903748  2466 0x19a5320 LOG   GST_POLL gstpoll.c:994:gst_poll_fd_ctl_write: 0x19ad820: pfd->events now 60 (POLLOUT:4)
0:00:00.021557107  2465 0x14b4370 DEBUG   GST_REGISTRY gstregistry.c:589:gst_registry_add_feature: adding feature 0x14d44e0 (fdsink)
0:00:00.016912258  2466 0x19a5320 DEBUG   GST_POLL gstpoll.c:979:gst_poll_fd_ctl_write: 0x19ad820: fd (fd:0, idx:1), active : 1
0:00:00.021565610  2465 0x14b4370 DEBUG   GST_REFCOUNTING gstobject.c:708:gst_object_set_parent: set parent (ref and sink)
0:00:00.016919136  2466 0x19a5320 LOG   GST_POLL gstpoll.c:994:gst_poll_fd_ctl_write: 0x19ad820: pfd->events now 60 (POLLOUT:4)
0:00:00.021577302  2465 0x14b4370 TRACE   GST_REFCOUNTING gstobject.c:292:gst_object_ref_sink: 0x14d44e0 ref_sink 1->2
0:00:00.016925804  2466 0x19a5320 DEBUG   GST_POLL gstpoll.c:979:gst_poll_fd_ctl_write: 0x19ad820: fd (fd:0, idx:1), active : 1
0:00:00.021585822  2465 0x14b4370 LOG   GST_REGISTRY gstregistry.c:607:gst_registry_add_feature: emitting feature-added for fdsink
0:00:00.016934572  2466 0x19a5320 LOG   GST_POLL gstpoll.c:994:gst_poll_fd_ctl_write: 0x19ad820: pfd->events now 60 (POLLOUT:4)
0:00:00.021593792  2465 0x14b4370 DEBUG   GST_REGISTRY gstregistrychunks.c:740:gst_registry_chunks_load_feature: Added feature fdsink, plugin 0x14ce070 coreelements
0:00:00.016942222  2466 0x19a5320 DEBUG   GST_POLL gstpoll.c:979:gst_poll_fd_ctl_write: 0x19ad820: fd (fd:0, idx:1), active : 1
0:00:00.021600892  2465 0x14b4370 DEBUG   GST_REGISTRY gstregistrychunks.c:582:gst_registry_chunks_load_feature: Plugin 'coreelements' feature 'fdsrc' typename : 'GstElementFactory'
0:00:00.016954039  2466 0x19a5320 LOG   GST_POLL gstpoll.c:994:gst_poll_fd_ctl_write: 0x19ad820: pfd->events now 60 (POLLOUT:4)
0:00:00.021611474  2465 0x14b4370 TRACE   GST_REFCOUNTING gstobject.c:208:gst_object_init: 0x14d43f0 new
0:00:00.016961000  2466 0x19a5320 DEBUG   GST_POLL gstpoll.c:979:gst_poll_fd_ctl_write: 0x19ad820: fd (fd:0, idx:1), active : 1
0:00:00.016967520  2466 0x19a5320 LOG   GST_POLL gstpoll.c:994:gst_poll_fd_ctl_write: 0x19ad820: pfd->events now 60 (POLLOUT:4)
0:00:00.021620270  2465 0x14b4370 LOG   GST_REGISTRY gstregistrychunks.c:609:gst_registry_chunks_load_feature: Reading/casting for GstRegistryChunkElementFactory at address 0x14d0b08
0:00:00.016975915  2466 0x19a5320 DEBUG   GST_POLL gstpoll.c:979:gst_poll_fd_ctl_write: 0x19ad820: fd (fd:0, idx:1), active : 1
0:00:00.021629487  2465 0x14b4370 TRACE   structure gststructure.c:287:gst_structure_new_id_empty_with_size: created structure 0x14d4950
0:00:00.016982786  2466 0x19a5320 LOG   GST_POLL gstpoll.c:994:gst_poll_fd_ctl_write: 0x19ad820: pfd->events now 60 (POLLOUT:4)
0:00:00.021637411  2465 0x14b4370 DEBUG   structure gststructure.c:2203:gst_structure_parse_field: trying field name 'long-name'
0:00:00.016989543  2466 0x19a5320 DEBUG   GST_POLL gstpoll.c:979:gst_poll_fd_ctl_write: 0x19ad820: fd (fd:0, idx:1), active : 1
0:00:00.021645778  2465 0x14b4370 DEBUG   default gstvalue.c:2676:_priv_gst_value_parse_value: trying type name 'string'
0:00:00.016995971  2466 0x19a5320 LOG   GST_POLL gstpoll.c:994:gst_poll_fd_ctl_write: 0x19ad820: pfd->events now 60 (POLLOUT:4)
0:00:00.021655197  2465 0x14b4370 DEBUG   structure gststructure.c:2203:gst_structure_parse_field: trying field name 'klass'
0:00:00.017002739  2466 0x19a5320 DEBUG   GST_POLL gstpoll.c:979:gst_poll_fd_ctl_write: 0x19ad820: fd (fd:0, idx:1), active : 1
0:00:00.021661586  2465 0x14b4370 DEBUG   default gstvalue.c:2676:_priv_gst_value_parse_value: trying type name 'string'
0:00:00.017011004  2466 0x19a5320 LOG   GST_POLL gstpoll.c:994:gst_poll_fd_ctl_write: 0x19ad820: pfd->events now 60 (POLLOUT:4)
0:00:00.021668567  2465 0x14b4370 DEBUG   structure gststructure.c:2203:gst_structure_parse_field: trying field name 'description'
0:00:00.017017447  2466 0x19a5320 DEBUG   GST_POLL gstpoll.c:979:gst_poll_fd_ctl_write: 0x19ad820: fd (fd:0, idx:1), active : 1
0:00:00.021674342  2465 0x14b4370 DEBUG   default gstvalue.c:2676:_priv_gst_value_parse_value: trying type name 'string'
0:00:00.017023808  2466 0x19a5320 LOG   GST_POLL gstpoll.c:994:gst_poll_fd_ctl_write: 0x19ad820: pfd->events now 60 (POLLOUT:4)
0:00:00.021680998  2465 0x14b4370 DEBUG   structure gststructure.c:2203:gst_structure_parse_field: trying field name 'author'
0:00:00.017032392  2466 0x19a5320 DEBUG   GST_POLL gstpoll.c:979:gst_poll_fd_ctl_write: 0x19ad820: fd (fd:0, idx:1), active : 1
0:00:00.021686563  2465 0x14b4370 DEBUG   default gstvalue.c:2676:_priv_gst_value_parse_value: trying type name 'string'
0:00:00.017046688  2466 0x19a5320 LOG   GST_POLL gstpoll.c:994:gst_poll_fd_ctl_write: 0x19ad820: pfd->events now 60 (POLLOUT:4)
0:00:00.021702550  2465 0x14b4370 DEBUG   GST_REGISTRY gstregistrychunks.c:626:gst_registry_chunks_load_feature: Element factory : npadtemplates=1
0:00:00.017053703  2466 0x19a5320 DEBUG   GST_POLL gstpoll.c:979:gst_poll_fd_ctl_write: 0x19ad820: fd (fd:0, idx:1), active : 1
0:00:00.021710743  2465 0x14b4370 DEBUG   GST_REGISTRY gstregistrychunks.c:525:gst_registry_chunks_load_pad_template: Reading/casting for GstRegistryChunkPadTemplate at address 0x14d0be8
0:00:00.017060022  2466 0x19a5320 LOG   GST_POLL gstpoll.c:994:gst_poll_fd_ctl_write: 0x19ad820: pfd->events now 60 (POLLOUT:4)
0:00:00.021718302  2465 0x14b4370 DEBUG   GST_REGISTRY gstregistrychunks.c:539:gst_registry_chunks_load_pad_template: Added pad_template src
0:00:00.017067631  2466 0x19a5320 DEBUG   GST_POLL gstpoll.c:979:gst_poll_fd_ctl_write: 0x19ad820: fd (fd:0, idx:1), active : 1
0:00:00.021725421  2465 0x14b4370 DEBUG   GST_REGISTRY gstregistrychunks.c:639:gst_registry_chunks_load_feature: Reading 1 UriTypes at address 0x14d0bf8
0:00:00.017073860  2466 0x19a5320 LOG   GST_POLL gstpoll.c:994:gst_poll_fd_ctl_write: 0x19ad820: pfd->events now 60 (POLLOUT:4)
0:00:00.021732710  2465 0x14b4370 DEBUG   GST_REGISTRY gstregistrychunks.c:654:gst_registry_chunks_load_feature: Reading 1 Interfaces at address 0x14d0bff
0:00:00.017081481  2466 0x19a5320 DEBUG   GST_POLL gstpoll.c:979:gst_poll_fd_ctl_write: 0x19ad820: fd (fd:0, idx:1), active : 1
0:00:00.017088267  2466 0x19a5320 LOG   GST_POLL gstpoll.c:994:gst_poll_fd_ctl_write: 0x19ad820: pfd->events now 60 (POLLOUT:4)
0:00:00.021741835  2465 0x14b4370 DEBUG   GST_REGISTRY gstregistry.c:589:gst_registry_add_feature: adding feature 0x14d43f0 (fdsrc)
0:00:00.017096739  2466 0x19a5320 DEBUG   GST_POLL gstpoll.c:979:gst_poll_fd_ctl_write: 0x19ad820: fd (fd:0, idx:1), active : 1
0:00:00.021750434  2465 0x14b4370 DEBUG   GST_REFCOUNTING gstobject.c:708:gst_object_set_parent: set parent (ref and sink)
0:00:00.017103663  2466 0x19a5320 LOG   GST_POLL gstpoll.c:994:gst_poll_fd_ctl_write: 0x19ad820: pfd->events now 60 (POLLOUT:4)
0:00:00.021759719  2465 0x14b4370 TRACE   GST_REFCOUNTING gstobject.c:292:gst_object_ref_sink: 0x14d43f0 ref_sink 1->2
0:00:00.017110512  2466 0x19a5320 DEBUG   GST_POLL gstpoll.c:979:gst_poll_fd_ctl_write: 0x19ad820: fd (fd:0, idx:1), active : 1
0:00:00.021766873  2465 0x14b4370 LOG   GST_REGISTRY gstregistry.c:607:gst_registry_add_feature: emitting feature-added for fdsrc
0:00:00.017116745  2466 0x19a5320 LOG   GST_POLL gstpoll.c:994:gst_poll_fd_ctl_write: 0x19ad820: pfd->events now 60 (POLLOUT:4)
0:00:00.017123556  2466 0x19a5320 DEBUG   GST_POLL gstpoll.c:979:gst_poll_fd_ctl_write: 0x19ad820: fd (fd:0, idx:1), active : 1
0:00:00.021776659  2465 0x14b4370 DEBUG   GST_REGISTRY gstregistrychunks.c:740:gst_registry_chunks_load_feature: Added feature fdsrc, plugin 0x14ce070 coreelements
0:00:00.017133350  2466 0x19a5320 LOG   GST_POLL gstpoll.c:994:gst_poll_fd_ctl_write: 0x19ad820: pfd->events now 60 (POLLOUT:4)
0:00:00.021789630  2465 0x14b4370 DEBUG   GST_REGISTRY gstregistrychunks.c:582:gst_registry_chunks_load_feature: Plugin 'coreelements' feature 'fakesink' typename : 'GstElementFactory'
0:00:00.017139927  2466 0x19a5320 DEBUG   GST_POLL gstpoll.c:979:gst_poll_fd_ctl_write: 0x19ad820: fd (fd:0, idx:1), active : 1
0:00:00.017146104  2466 0x19a5320 LOG   GST_POLL gstpoll.c:994:gst_poll_fd_ctl_write: 0x19ad820: pfd->events now 60 (POLLOUT:4)
0:00:00.021798866  2465 0x14b4370 TRACE   GST_REFCOUNTING gstobject.c:208:gst_object_init: 0x14d47c0 new
0:00:00.017154656  2466 0x19a5320 DEBUG   GST_POLL gstpoll.c:979:gst_poll_fd_ctl_write: 0x19ad820: fd (fd:0, idx:1), active : 1
0:00:00.021810018  2465 0x14b4370 LOG   GST_REGISTRY gstregistrychunks.c:609:gst_registry_chunks_load_feature: Reading/casting for GstRegistryChunkElementFactory at address 0x14d0c28
0:00:00.017161469  2466 0x19a5320 LOG   GST_POLL gstpoll.c:994:gst_poll_fd_ctl_write: 0x19ad820: pfd->events now 60 (POLLOUT:4)
0:00:00.021816918  2465 0x14b4370 TRACE   structure gststructure.c:287:gst_structure_new_id_empty_with_size: created structure 0x14d4e60
0:00:00.017168164  2466 0x19a5320 DEBUG   GST_POLL gstpoll.c:979:gst_poll_fd_ctl_write: 0x19ad820: fd (fd:0, idx:1), active : 1
0:00:00.021823007  2465 0x14b4370 DEBUG   structure gststructure.c:2203:gst_structure_parse_field: trying field name 'long-name'
0:00:00.017174258  2466 0x19a5320 LOG   GST_POLL gstpoll.c:994:gst_poll_fd_ctl_write: 0x19ad820: pfd->events now 60 (POLLOUT:4)
0:00:00.021828712  2465 0x14b4370 DEBUG   default gstvalue.c:2676:_priv_gst_value_parse_value: trying type name 'string'
0:00:00.017180974  2466 0x19a5320 DEBUG   GST_POLL gstpoll.c:979:gst_poll_fd_ctl_write: 0x19ad820: fd (fd:0, idx:1), active : 1
0:00:00.021836115  2465 0x14b4370 DEBUG   structure gststructure.c:2203:gst_structure_parse_field: trying field name 'klass'
0:00:00.017187167  2466 0x19a5320 LOG   GST_POLL gstpoll.c:994:gst_poll_fd_ctl_write: 0x19ad820: pfd->events now 60 (POLLOUT:4)
0:00:00.021854582  2465 0x14b4370 DEBUG   default gstvalue.c:2676:_priv_gst_value_parse_value: trying type name 'string'
0:00:00.017210759  2466 0x19a5320 DEBUG   GST_POLL gstpoll.c:979:gst_poll_fd_ctl_write: 0x19ad820: fd (fd:0, idx:1), active : 1
0:00:00.021865403  2465 0x14b4370 DEBUG   structure gststructure.c:2203:gst_structure_parse_field: trying field name 'description'
0:00:00.021875864  2465 0x14b4370 DEBUG   default gstvalue.c:2676:_priv_gst_value_parse_value: trying type name 'string'
0:00:00.017222066  2466 0x19a5320 LOG   GST_POLL gstpoll.c:994:gst_poll_fd_ctl_write: 0x19ad820: pfd->events now 60 (POLLOUT:4)
0:00:00.021882310  2465 0x14b4370 DEBUG   structure gststructure.c:2203:gst_structure_parse_field: trying field name 'author'
0:00:00.017233541  2466 0x19a5320 DEBUG   GST_POLL gstpoll.c:979:gst_poll_fd_ctl_write: 0x19ad820: fd (fd:0, idx:1), active : 1
0:00:00.021895829  2465 0x14b4370 DEBUG   default gstvalue.c:2676:_priv_gst_value_parse_value: trying type name 'string'
0:00:00.017247228  2466 0x19a5320 LOG   GST_POLL gstpoll.c:994:gst_poll_fd_ctl_write: 0x19ad820: pfd->events now 60 (POLLOUT:4)
0:00:00.017254331  2466 0x19a5320 DEBUG   GST_POLL gstpoll.c:979:gst_poll_fd_ctl_write: 0x19ad820: fd (fd:0, idx:1), active : 1
0:00:00.021910463  2465 0x14b4370 DEBUG   GST_REGISTRY gstregistrychunks.c:626:gst_registry_chunks_load_feature: Element factory : npadtemplates=1
0:00:00.017259844  2466 0x19a5320 LOG   GST_POLL gstpoll.c:994:gst_poll_fd_ctl_write: 0x19ad820: pfd->events now 60 (POLLOUT:4)
0:00:00.021917759  2465 0x14b4370 DEBUG   GST_REGISTRY gstregistrychunks.c:525:gst_registry_chunks_load_pad_template: Reading/casting for GstRegistryChunkPadTemplate at address 0x14d0d50
0:00:00.017267348  2466 0x19a5320 DEBUG   GST_POLL gstpoll.c:979:gst_poll_fd_ctl_write: 0x19ad820: fd (fd:0, idx:1), active : 1
0:00:00.021924263  2465 0x14b4370 DEBUG   GST_REGISTRY gstregistrychunks.c:539:gst_registry_chunks_load_pad_template: Added pad_template sink
0:00:00.017273468  2466 0x19a5320 LOG   GST_POLL gstpoll.c:994:gst_poll_fd_ctl_write: 0x19ad820: pfd->events now 60 (POLLOUT:4)
0:00:00.017280437  2466 0x19a5320 DEBUG   GST_POLL gstpoll.c:979:gst_poll_fd_ctl_write: 0x19ad820: fd (fd:0, idx:1), active : 1
0:00:00.021933367  2465 0x14b4370 DEBUG   GST_REGISTRY gstregistry.c:589:gst_registry_add_feature: adding feature 0x14d47c0 (fakesink)
0:00:00.017288656  2466 0x19a5320 LOG   GST_POLL gstpoll.c:994:gst_poll_fd_ctl_write: 0x19ad820: pfd->events now 60 (POLLOUT:4)
0:00:00.021942622  2465 0x14b4370 DEBUG   GST_REFCOUNTING gstobject.c:708:gst_object_set_parent: set parent (ref and sink)
0:00:00.017296012  2466 0x19a5320 DEBUG   GST_POLL gstpoll.c:979:gst_poll_fd_ctl_write: 0x19ad820: fd (fd:0, idx:1), active : 1
0:00:00.021950949  2465 0x14b4370 TRACE   GST_REFCOUNTING gstobject.c:292:gst_object_ref_sink: 0x14d47c0 ref_sink 1->2
0:00:00.017302199  2466 0x19a5320 LOG   GST_POLL gstpoll.c:994:gst_poll_fd_ctl_write: 0x19ad820: pfd->events now 60 (POLLOUT:4)
0:00:00.021957942  2465 0x14b4370 LOG   GST_REGISTRY gstregistry.c:607:gst_registry_add_feature: emitting feature-added for fakesink
0:00:00.017308737  2466 0x19a5320 DEBUG   GST_POLL gstpoll.c:979:gst_poll_fd_ctl_write: 0x19ad820: fd (fd:0, idx:1), active : 1
0:00:00.017314763  2466 0x19a5320 LOG   GST_POLL gstpoll.c:994:gst_poll_fd_ctl_write: 0x19ad820: pfd->events now 60 (POLLOUT:4)
0:00:00.021967562  2465 0x14b4370 DEBUG   GST_REGISTRY gstregistrychunks.c:740:gst_registry_chunks_load_feature: Added feature fakesink, plugin 0x14ce070 coreelements
0:00:00.017320656  2466 0x19a5320 DEBUG   GST_POLL gstpoll.c:979:gst_poll_fd_ctl_write: 0x19ad820: fd (fd:0, idx:1), active : 1
0:00:00.021976612  2465 0x14b4370 DEBUG   GST_REGISTRY gstregistrychunks.c:582:gst_registry_chunks_load_feature: Plugin 'coreelements' feature 'fakesrc' typename : 'GstElementFactory'
0:00:00.017331900  2466 0x19a5320 LOG   GST_POLL gstpoll.c:994:gst_poll_fd_ctl_write: 0x19ad820: pfd->events now 60 (POLLOUT:4)
0:00:00.021989720  2465 0x14b4370 TRACE   GST_REFCOUNTING gstobject.c:208:gst_object_init: 0x14d4bb0 new
0:00:00.017338771  2466 0x19a5320 DEBUG   GST_POLL gstpoll.c:979:gst_poll_fd_ctl_write: 0x19ad820: fd (fd:0, idx:1), active : 1
0:00:00.021998646  2465 0x14b4370 LOG   GST_REGISTRY gstregistrychunks.c:609:gst_registry_chunks_load_feature: Reading/casting for GstRegistryChunkElementFactory at address 0x14d0d80
0:00:00.017347899  2466 0x19a5320 LOG   GST_POLL gstpoll.c:994:gst_poll_fd_ctl_write: 0x19ad820: pfd->events now 60 (POLLOUT:4)
0:00:00.022005560  2465 0x14b4370 TRACE   structure gststructure.c:287:gst_structure_new_id_empty_with_size: created structure 0x14d5240
0:00:00.017355282  2466 0x19a5320 DEBUG   GST_POLL gstpoll.c:979:gst_poll_fd_ctl_write: 0x19ad820: fd (fd:0, idx:1), active : 1
0:00:00.022011422  2465 0x14b4370 DEBUG   structure gststructure.c:2203:gst_structure_parse_field: trying field name 'long-name'
0:00:00.017361594  2466 0x19a5320 LOG   GST_POLL gstpoll.c:994:gst_poll_fd_ctl_write: 0x19ad820: pfd->events now 60 (POLLOUT:4)
0:00:00.022016960  2465 0x14b4370 DEBUG   default gstvalue.c:2676:_priv_gst_value_parse_value: trying type name 'string'
0:00:00.017368205  2466 0x19a5320 DEBUG   GST_POLL gstpoll.c:979:gst_poll_fd_ctl_write: 0x19ad820: fd (fd:0, idx:1), active : 1
0:00:00.022023776  2465 0x14b4370 DEBUG   structure gststructure.c:2203:gst_structure_parse_field: trying field name 'klass'
0:00:00.017374221  2466 0x19a5320 LOG   GST_POLL gstpoll.c:994:gst_poll_fd_ctl_write: 0x19ad820: pfd->events now 60 (POLLOUT:4)
0:00:00.022031621  2465 0x14b4370 DEBUG   default gstvalue.c:2676:_priv_gst_value_parse_value: trying type name 'string'
0:00:00.017380793  2466 0x19a5320 DEBUG   GST_POLL gstpoll.c:979:gst_poll_fd_ctl_write: 0x19ad820: fd (fd:0, idx:1), active : 1
0:00:00.022039644  2465 0x14b4370 DEBUG   structure gststructure.c:2203:gst_structure_parse_field: trying field name 'description'
0:00:00.017387629  2466 0x19a5320 LOG   GST_POLL gstpoll.c:994:gst_poll_fd_ctl_write: 0x19ad820: pfd->events now 60 (POLLOUT:4)
0:00:00.022045511  2465 0x14b4370 DEBUG   default gstvalue.c:2676:_priv_gst_value_parse_value: trying type name 'string'
0:00:00.017395431  2466 0x19a5320 DEBUG   GST_POLL gstpoll.c:979:gst_poll_fd_ctl_write: 0x19ad820: fd (fd:0, idx:1), active : 1
0:00:00.022053111  2465 0x14b4370 DEBUG   structure gststructure.c:2203:gst_structure_parse_field: trying field name 'author'
0:00:00.017403423  2466 0x19a5320 LOG   GST_POLL gstpoll.c:994:gst_poll_fd_ctl_write: 0x19ad820: pfd->events now 60 (POLLOUT:4)
0:00:00.022058782  2465 0x14b4370 DEBUG   default gstvalue.c:2676:_priv_gst_value_parse_value: trying type name 'string'
0:00:00.017410830  2466 0x19a5320 DEBUG   GST_POLL gstpoll.c:979:gst_poll_fd_ctl_write: 0x19ad820: fd (fd:0, idx:1), active : 1
0:00:00.022071424  2465 0x14b4370 DEBUG   GST_REGISTRY gstregistrychunks.c:626:gst_registry_chunks_load_feature: Element factory : npadtemplates=1
0:00:00.017419160  2466 0x19a5320 LOG   GST_POLL gstpoll.c:994:gst_poll_fd_ctl_write: 0x19ad820: pfd->events now 60 (POLLOUT:4)
0:00:00.022077922  2465 0x14b4370 DEBUG   GST_REGISTRY gstregistrychunks.c:525:gst_registry_chunks_load_pad_template: Reading/casting for GstRegistryChunkPadTemplate at address 0x14d0e80
0:00:00.017427787  2466 0x19a5320 DEBUG   GST_POLL gstpoll.c:979:gst_poll_fd_ctl_write: 0x19ad820: fd (fd:0, idx:1), active : 1
0:00:00.022084435  2465 0x14b4370 DEBUG   GST_REGISTRY gstregistrychunks.c:539:gst_registry_chunks_load_pad_template: Added pad_template src
0:00:00.017433937  2466 0x19a5320 LOG   GST_POLL gstpoll.c:994:gst_poll_fd_ctl_write: 0x19ad820: pfd->events now 60 (POLLOUT:4)
0:00:00.017441239  2466 0x19a5320 DEBUG   GST_POLL gstpoll.c:979:gst_poll_fd_ctl_write: 0x19ad820: fd (fd:0, idx:1), active : 1
0:00:00.022095144  2465 0x14b4370 DEBUG   GST_REGISTRY gstregistry.c:589:gst_registry_add_feature: adding feature 0x14d4bb0 (fakesrc)
0:00:00.017446462  2466 0x19a5320 LOG   GST_POLL gstpoll.c:994:gst_poll_fd_ctl_write: 0x19ad820: pfd->events now 60 (POLLOUT:4)
0:00:00.022102462  2465 0x14b4370 DEBUG   GST_REFCOUNTING gstobject.c:708:gst_object_set_parent: set parent (ref and sink)
0:00:00.017452880  2466 0x19a5320 DEBUG   GST_POLL gstpoll.c:979:gst_poll_fd_ctl_write: 0x19ad820: fd (fd:0, idx:1), active : 1
0:00:00.022110810  2465 0x14b4370 TRACE   GST_REFCOUNTING gstobject.c:292:gst_object_ref_sink: 0x14d4bb0 ref_sink 1->2
0:00:00.017460958  2466 0x19a5320 LOG   GST_POLL gstpoll.c:994:gst_poll_fd_ctl_write: 0x19ad820: pfd->events now 60 (POLLOUT:4)
0:00:00.022118353  2465 0x14b4370 LOG   GST_REGISTRY gstregistry.c:607:gst_registry_add_feature: emitting feature-added for fakesrc
0:00:00.017468600  2466 0x19a5320 LOG   GST_PLUGIN_LOADING gstpluginloader.c:645:put_chunk: Expanding tx buf from 13209 to 17023 for chunk of size 229
0:00:00.022125335  2465 0x14b4370 DEBUG   GST_REGISTRY gstregistrychunks.c:740:gst_registry_chunks_load_feature: Added feature fakesrc, plugin 0x14ce070 coreelements
0:00:00.022132506  2465 0x14b4370 DEBUG   GST_REGISTRY gstregistrychunks.c:582:gst_registry_chunks_load_feature: Plugin 'coreelements' feature 'downloadbuffer' typename : 'GstElementFactory'
0:00:00.017480049  2466 0x19a5320 DEBUG   GST_POLL gstpoll.c:979:gst_poll_fd_ctl_write: 0x19ad820: fd (fd:0, idx:1), active : 1
0:00:00.017487983  2466 0x19a5320 LOG   GST_POLL gstpoll.c:994:gst_poll_fd_ctl_write: 0x19ad820: pfd->events now 60 (POLLOUT:4)
0:00:00.022140926  2465 0x14b4370 TRACE   GST_REFCOUNTING gstobject.c:208:gst_object_init: 0x14d5030 new
0:00:00.017494032  2466 0x19a5320 DEBUG   GST_POLL gstpoll.c:979:gst_poll_fd_ctl_write: 0x19ad820: fd (fd:0, idx:1), active : 1
0:00:00.022150522  2465 0x14b4370 LOG   GST_REGISTRY gstregistrychunks.c:609:gst_registry_chunks_load_feature: Reading/casting for GstRegistryChunkElementFactory at address 0x14d0eb8
0:00:00.017506125  2466 0x19a5320 LOG   GST_POLL gstpoll.c:994:gst_poll_fd_ctl_write: 0x19ad820: pfd->events now 60 (POLLOUT:4)
0:00:00.022164215  2465 0x14b4370 TRACE   structure gststructure.c:287:gst_structure_new_id_empty_with_size: created structure 0x14d5560
0:00:00.017512728  2466 0x19a5320 DEBUG   GST_POLL gstpoll.c:979:gst_poll_fd_ctl_write: 0x19ad820: fd (fd:0, idx:1), active : 1
0:00:00.022171543  2465 0x14b4370 DEBUG   structure gststructure.c:2203:gst_structure_parse_field: trying field name 'long-name'
0:00:00.017522296  2466 0x19a5320 LOG   GST_POLL gstpoll.c:994:gst_poll_fd_ctl_write: 0x19ad820: pfd->events now 60 (POLLOUT:4)
0:00:00.022177648  2465 0x14b4370 DEBUG   default gstvalue.c:2676:_priv_gst_value_parse_value: trying type name 'string'
0:00:00.017529678  2466 0x19a5320 DEBUG   GST_POLL gstpoll.c:979:gst_poll_fd_ctl_write: 0x19ad820: fd (fd:0, idx:1), active : 1
0:00:00.022185222  2465 0x14b4370 DEBUG   structure gststructure.c:2203:gst_structure_parse_field: trying field name 'klass'
0:00:00.017536138  2466 0x19a5320 LOG   GST_POLL gstpoll.c:994:gst_poll_fd_ctl_write: 0x19ad820: pfd->events now 60 (POLLOUT:4)
0:00:00.022190754  2465 0x14b4370 DEBUG   default gstvalue.c:2676:_priv_gst_value_parse_value: trying type name 'string'
0:00:00.017542956  2466 0x19a5320 DEBUG   GST_POLL gstpoll.c:979:gst_poll_fd_ctl_write: 0x19ad820: fd (fd:0, idx:1), active : 1
0:00:00.022197790  2465 0x14b4370 DEBUG   structure gststructure.c:2203:gst_structure_parse_field: trying field name 'description'
0:00:00.017549370  2466 0x19a5320 LOG   GST_POLL gstpoll.c:994:gst_poll_fd_ctl_write: 0x19ad820: pfd->events now 60 (POLLOUT:4)
0:00:00.022203673  2465 0x14b4370 DEBUG   default gstvalue.c:2676:_priv_gst_value_parse_value: trying type name 'string'
0:00:00.017555971  2466 0x19a5320 DEBUG   GST_POLL gstpoll.c:979:gst_poll_fd_ctl_write: 0x19ad820: fd (fd:0, idx:1), active : 1
0:00:00.022210832  2465 0x14b4370 DEBUG   structure gststructure.c:2203:gst_structure_parse_field: trying field name 'author'
0:00:00.017562083  2466 0x19a5320 LOG   GST_POLL gstpoll.c:994:gst_poll_fd_ctl_write: 0x19ad820: pfd->events now 60 (POLLOUT:4)
0:00:00.022218601  2465 0x14b4370 DEBUG   default gstvalue.c:2676:_priv_gst_value_parse_value: trying type name 'string'
0:00:00.017568638  2466 0x19a5320 DEBUG   GST_POLL gstpoll.c:979:gst_poll_fd_ctl_write: 0x19ad820: fd (fd:0, idx:1), active : 1
0:00:00.022227225  2465 0x14b4370 DEBUG   GST_REGISTRY gstregistrychunks.c:626:gst_registry_chunks_load_feature: Element factory : npadtemplates=2
0:00:00.017576943  2466 0x19a5320 LOG   GST_POLL gstpoll.c:994:gst_poll_fd_ctl_write: 0x19ad820: pfd->events now 60 (POLLOUT:4)
0:00:00.022233327  2465 0x14b4370 DEBUG   GST_REGISTRY gstregistrychunks.c:525:gst_registry_chunks_load_pad_template: Reading/casting for GstRegistryChunkPadTemplate at address 0x14d0f80
0:00:00.017589321  2466 0x19a5320 DEBUG   GST_POLL gstpoll.c:979:gst_poll_fd_ctl_write: 0x19ad820: fd (fd:0, idx:1), active : 1
0:00:00.022243542  2465 0x14b4370 DEBUG   GST_REGISTRY gstregistrychunks.c:539:gst_registry_chunks_load_pad_template: Added pad_template sink
0:00:00.017596014  2466 0x19a5320 LOG   GST_POLL gstpoll.c:994:gst_poll_fd_ctl_write: 0x19ad820: pfd->events now 60 (POLLOUT:4)
0:00:00.022250405  2465 0x14b4370 DEBUG   GST_REGISTRY gstregistrychunks.c:525:gst_registry_chunks_load_pad_template: Reading/casting for GstRegistryChunkPadTemplate at address 0x14d0f98
0:00:00.017603046  2466 0x19a5320 DEBUG   GST_POLL gstpoll.c:979:gst_poll_fd_ctl_write: 0x19ad820: fd (fd:0, idx:1), active : 1
0:00:00.022258055  2465 0x14b4370 DEBUG   GST_REGISTRY gstregistrychunks.c:539:gst_registry_chunks_load_pad_template: Added pad_template src
0:00:00.017609109  2466 0x19a5320 LOG   GST_POLL gstpoll.c:994:gst_poll_fd_ctl_write: 0x19ad820: pfd->events now 60 (POLLOUT:4)
0:00:00.022266770  2465 0x14b4370 DEBUG   GST_REGISTRY gstregistry.c:589:gst_registry_add_feature: adding feature 0x14d5030 (downloadbuffer)
0:00:00.017615578  2466 0x19a5320 DEBUG   GST_POLL gstpoll.c:979:gst_poll_fd_ctl_write: 0x19ad820: fd (fd:0, idx:1), active : 1
0:00:00.022273618  2465 0x14b4370 DEBUG   GST_REFCOUNTING gstobject.c:708:gst_object_set_parent: set parent (ref and sink)
0:00:00.017622368  2466 0x19a5320 LOG   GST_POLL gstpoll.c:994:gst_poll_fd_ctl_write: 0x19ad820: pfd->events now 60 (POLLOUT:4)
0:00:00.017631122  2466 0x19a5320 DEBUG   GST_POLL gstpoll.c:979:gst_poll_fd_ctl_write: 0x19ad820: fd (fd:0, idx:1), active : 1
0:00:00.022284041  2465 0x14b4370 TRACE   GST_REFCOUNTING gstobject.c:292:gst_object_ref_sink: 0x14d5030 ref_sink 1->2
0:00:00.017639443  2466 0x19a5320 LOG   GST_POLL gstpoll.c:994:gst_poll_fd_ctl_write: 0x19ad820: pfd->events now 60 (POLLOUT:4)
0:00:00.022294037  2465 0x14b4370 LOG   GST_REGISTRY gstregistry.c:607:gst_registry_add_feature: emitting feature-added for downloadbuffer
0:00:00.017646813  2466 0x19a5320 DEBUG   GST_POLL gstpoll.c:979:gst_poll_fd_ctl_write: 0x19ad820: fd (fd:0, idx:1), active : 1
0:00:00.022302614  2465 0x14b4370 DEBUG   GST_REGISTRY gstregistrychunks.c:740:gst_registry_chunks_load_feature: Added feature downloadbuffer, plugin 0x14ce070 coreelements
0:00:00.017653556  2466 0x19a5320 LOG   GST_POLL gstpoll.c:994:gst_poll_fd_ctl_write: 0x19ad820: pfd->events now 60 (POLLOUT:4)
0:00:00.022309982  2465 0x14b4370 DEBUG   GST_REGISTRY gstregistrychunks.c:582:gst_registry_chunks_load_feature: Plugin 'coreelements' feature 'dataurisrc' typename : 'GstElementFactory'
0:00:00.017660227  2466 0x19a5320 DEBUG   GST_POLL gstpoll.c:979:gst_poll_fd_ctl_write: 0x19ad820: fd (fd:0, idx:1), active : 1
0:00:00.017666263  2466 0x19a5320 LOG   GST_POLL gstpoll.c:994:gst_poll_fd_ctl_write: 0x19ad820: pfd->events now 60 (POLLOUT:4)
0:00:00.022318715  2465 0x14b4370 TRACE   GST_REFCOUNTING gstobject.c:208:gst_object_init: 0x14d5840 new
0:00:00.017677411  2466 0x19a5320 DEBUG   GST_POLL gstpoll.c:979:gst_poll_fd_ctl_write: 0x19ad820: fd (fd:0, idx:1), active : 1
0:00:00.022334038  2465 0x14b4370 LOG   GST_REGISTRY gstregistrychunks.c:609:gst_registry_chunks_load_feature: Reading/casting for GstRegistryChunkElementFactory at address 0x14d0fc8
0:00:00.017683915  2466 0x19a5320 LOG   GST_POLL gstpoll.c:994:gst_poll_fd_ctl_write: 0x19ad820: pfd->events now 60 (POLLOUT:4)
0:00:00.022341139  2465 0x14b4370 TRACE   structure gststructure.c:287:gst_structure_new_id_empty_with_size: created structure 0x14d5a40
0:00:00.017690417  2466 0x19a5320 DEBUG   GST_POLL gstpoll.c:979:gst_poll_fd_ctl_write: 0x19ad820: fd (fd:0, idx:1), active : 1
0:00:00.022347362  2465 0x14b4370 DEBUG   structure gststructure.c:2203:gst_structure_parse_field: trying field name 'long-name'
0:00:00.017698533  2466 0x19a5320 LOG   GST_POLL gstpoll.c:994:gst_poll_fd_ctl_write: 0x19ad820: pfd->events now 60 (POLLOUT:4)
0:00:00.022355581  2465 0x14b4370 DEBUG   default gstvalue.c:2676:_priv_gst_value_parse_value: trying type name 'string'
0:00:00.022364109  2465 0x14b4370 DEBUG   structure gststructure.c:2203:gst_structure_parse_field: trying field name 'klass'
0:00:00.017711351  2466 0x19a5320 DEBUG   GST_POLL gstpoll.c:979:gst_poll_fd_ctl_write: 0x19ad820: fd (fd:0, idx:1), active : 1
0:00:00.022370019  2465 0x14b4370 DEBUG   default gstvalue.c:2676:_priv_gst_value_parse_value: trying type name 'string'
0:00:00.017719716  2466 0x19a5320 LOG   GST_POLL gstpoll.c:994:gst_poll_fd_ctl_write: 0x19ad820: pfd->events now 60 (POLLOUT:4)
0:00:00.022376975  2465 0x14b4370 DEBUG   structure gststructure.c:2203:gst_structure_parse_field: trying field name 'description'
0:00:00.017726503  2466 0x19a5320 DEBUG   GST_POLL gstpoll.c:979:gst_poll_fd_ctl_write: 0x19ad820: fd (fd:0, idx:1), active : 1
0:00:00.022382689  2465 0x14b4370 DEBUG   default gstvalue.c:2676:_priv_gst_value_parse_value: trying type name 'string'
0:00:00.017732773  2466 0x19a5320 LOG   GST_POLL gstpoll.c:994:gst_poll_fd_ctl_write: 0x19ad820: pfd->events now 60 (POLLOUT:4)
0:00:00.022389593  2465 0x14b4370 DEBUG   structure gststructure.c:2203:gst_structure_parse_field: trying field name 'author'
0:00:00.017739387  2466 0x19a5320 DEBUG   GST_POLL gstpoll.c:979:gst_poll_fd_ctl_write: 0x19ad820: fd (fd:0, idx:1), active : 1
0:00:00.022395327  2465 0x14b4370 DEBUG   default gstvalue.c:2676:_priv_gst_value_parse_value: trying type name 'string'
0:00:00.017745515  2466 0x19a5320 LOG   GST_POLL gstpoll.c:994:gst_poll_fd_ctl_write: 0x19ad820: pfd->events now 60 (POLLOUT:4)
0:00:00.022403759  2465 0x14b4370 DEBUG   GST_REGISTRY gstregistrychunks.c:626:gst_registry_chunks_load_feature: Element factory : npadtemplates=1
0:00:00.017754113  2466 0x19a5320 DEBUG   GST_POLL gstpoll.c:979:gst_poll_fd_ctl_write: 0x19ad820: fd (fd:0, idx:1), active : 1
0:00:00.022411929  2465 0x14b4370 DEBUG   GST_REGISTRY gstregistrychunks.c:525:gst_registry_chunks_load_pad_template: Reading/casting for GstRegistryChunkPadTemplate at address 0x14d10e0
0:00:00.017767244  2466 0x19a5320 LOG   GST_POLL gstpoll.c:994:gst_poll_fd_ctl_write: 0x19ad820: pfd->events now 60 (POLLOUT:4)
0:00:00.022422131  2465 0x14b4370 DEBUG   GST_REGISTRY gstregistrychunks.c:539:gst_registry_chunks_load_pad_template: Added pad_template src
0:00:00.017774263  2466 0x19a5320 DEBUG   GST_POLL gstpoll.c:979:gst_poll_fd_ctl_write: 0x19ad820: fd (fd:0, idx:1), active : 1
0:00:00.022429568  2465 0x14b4370 DEBUG   GST_REGISTRY gstregistrychunks.c:639:gst_registry_chunks_load_feature: Reading 1 UriTypes at address 0x14d10f0
0:00:00.017780394  2466 0x19a5320 LOG   GST_POLL gstpoll.c:994:gst_poll_fd_ctl_write: 0x19ad820: pfd->events now 60 (POLLOUT:4)
0:00:00.022436830  2465 0x14b4370 DEBUG   GST_REGISTRY gstregistrychunks.c:654:gst_registry_chunks_load_feature: Reading 1 Interfaces at address 0x14d10f9
0:00:00.017786805  2466 0x19a5320 DEBUG   GST_POLL gstpoll.c:979:gst_poll_fd_ctl_write: 0x19ad820: fd (fd:0, idx:1), active : 1
0:00:00.017792883  2466 0x19a5320 LOG   GST_POLL gstpoll.c:994:gst_poll_fd_ctl_write: 0x19ad820: pfd->events now 60 (POLLOUT:4)
0:00:00.022445595  2465 0x14b4370 DEBUG   GST_REGISTRY gstregistry.c:589:gst_registry_add_feature: adding feature 0x14d5840 (dataurisrc)
0:00:00.017798840  2466 0x19a5320 DEBUG   GST_POLL gstpoll.c:979:gst_poll_fd_ctl_write: 0x19ad820: fd (fd:0, idx:1), active : 1
0:00:00.022453540  2465 0x14b4370 DEBUG   GST_REFCOUNTING gstobject.c:708:gst_object_set_parent: set parent (ref and sink)
0:00:00.017804826  2466 0x19a5320 LOG   GST_POLL gstpoll.c:994:gst_poll_fd_ctl_write: 0x19ad820: pfd->events now 60 (POLLOUT:4)
0:00:00.022461659  2465 0x14b4370 TRACE   GST_REFCOUNTING gstobject.c:292:gst_object_ref_sink: 0x14d5840 ref_sink 1->2
0:00:00.017813407  2466 0x19a5320 DEBUG   GST_POLL gstpoll.c:979:gst_poll_fd_ctl_write: 0x19ad820: fd (fd:0, idx:1), active : 1
0:00:00.022469042  2465 0x14b4370 LOG   GST_REGISTRY gstregistry.c:607:gst_registry_add_feature: emitting feature-added for dataurisrc
0:00:00.017820305  2466 0x19a5320 LOG   GST_POLL gstpoll.c:994:gst_poll_fd_ctl_write: 0x19ad820: pfd->events now 60 (POLLOUT:4)
0:00:00.022478586  2465 0x14b4370 DEBUG   GST_REGISTRY gstregistrychunks.c:740:gst_registry_chunks_load_feature: Added feature dataurisrc, plugin 0x14ce070 coreelements
0:00:00.017827131  2466 0x19a5320 DEBUG   GST_POLL gstpoll.c:979:gst_poll_fd_ctl_write: 0x19ad820: fd (fd:0, idx:1), active : 1
0:00:00.022486490  2465 0x14b4370 DEBUG   GST_REGISTRY gstregistrychunks.c:582:gst_registry_chunks_load_feature: Plugin 'coreelements' feature 'concat' typename : 'GstElementFactory'
0:00:00.017834847  2466 0x19a5320 LOG   GST_POLL gstpoll.c:994:gst_poll_fd_ctl_write: 0x19ad820: pfd->events now 60 (POLLOUT:4)
0:00:00.017842659  2466 0x19a5320 DEBUG   GST_POLL gstpoll.c:979:gst_poll_fd_ctl_write: 0x19ad820: fd (fd:0, idx:1), active : 1
0:00:00.022495978  2465 0x14b4370 TRACE   GST_REFCOUNTING gstobject.c:208:gst_object_init: 0x14d5bf0 new
0:00:00.017852416  2466 0x19a5320 LOG   GST_POLL gstpoll.c:994:gst_poll_fd_ctl_write: 0x19ad820: pfd->events now 60 (POLLOUT:4)
