0:00:00.022509713  2465 0x14b4370 LOG   GST_REGISTRY gstregistrychunks.c:609:gst_registry_chunks_load_feature: Reading/casting for GstRegistryChunkElementFactory at address 0x14d1120
0:00:00.017858989  2466 0x19a5320 DEBUG   GST_POLL gstpoll.c:979:gst_poll_fd_ctl_write: 0x19ad820: fd (fd:0, idx:1), active : 1
0:00:00.022516345  2465 0x14b4370 TRACE   structure gststructure.c:287:gst_structure_new_id_empty_with_size: created structure 0x14d5e80
0:00:00.017865211  2466 0x19a5320 LOG   GST_POLL gstpoll.c:994:gst_poll_fd_ctl_write: 0x19ad820: pfd->events now 60 (POLLOUT:4)
0:00:00.022522635  2465 0x14b4370 DEBUG   structure gststructure.c:2203:gst_structure_parse_field: trying field name 'long-name'
0:00:00.017874415  2466 0x19a5320 DEBUG   GST_POLL gstpoll.c:979:gst_poll_fd_ctl_write: 0x19ad820: fd (fd:0, idx:1), active : 1
0:00:00.022528241  2465 0x14b4370 DEBUG   default gstvalue.c:2676:_priv_gst_value_parse_value: trying type name 'string'
0:00:00.017881487  2466 0x19a5320 LOG   GST_POLL gstpoll.c:994:gst_poll_fd_ctl_write: 0x19ad820: pfd->events now 60 (POLLOUT:4)
0:00:00.022536839  2465 0x14b4370 DEBUG   structure gststructure.c:2203:gst_structure_parse_field: trying field name 'klass'
0:00:00.017888307  2466 0x19a5320 DEBUG   GST_POLL gstpoll.c:979:gst_poll_fd_ctl_write: 0x19ad820: fd (fd:0, idx:1), active : 1
0:00:00.022544809  2465 0x14b4370 DEBUG   default gstvalue.c:2676:_priv_gst_value_parse_value: trying type name 'string'
0:00:00.017894452  2466 0x19a5320 LOG   GST_POLL gstpoll.c:994:gst_poll_fd_ctl_write: 0x19ad820: pfd->events now 60 (POLLOUT:4)
0:00:00.022552709  2465 0x14b4370 DEBUG   structure gststructure.c:2203:gst_structure_parse_field: trying field name 'description'
0:00:00.017901299  2466 0x19a5320 DEBUG   GST_POLL gstpoll.c:979:gst_poll_fd_ctl_write: 0x19ad820: fd (fd:0, idx:1), active : 1
0:00:00.022558662  2465 0x14b4370 DEBUG   default gstvalue.c:2676:_priv_gst_value_parse_value: trying type name 'string'
0:00:00.017908100  2466 0x19a5320 LOG   GST_POLL gstpoll.c:994:gst_poll_fd_ctl_write: 0x19ad820: pfd->events now 60 (POLLOUT:4)
0:00:00.022565872  2465 0x14b4370 DEBUG   structure gststructure.c:2203:gst_structure_parse_field: trying field name 'author'
0:00:00.017914860  2466 0x19a5320 DEBUG   GST_POLL gstpoll.c:979:gst_poll_fd_ctl_write: 0x19ad820: fd (fd:0, idx:1), active : 1
0:00:00.022571532  2465 0x14b4370 DEBUG   default gstvalue.c:2676:_priv_gst_value_parse_value: trying type name 'string'
0:00:00.017921515  2466 0x19a5320 LOG   GST_POLL gstpoll.c:994:gst_poll_fd_ctl_write: 0x19ad820: pfd->events now 60 (POLLOUT:4)
0:00:00.022578979  2465 0x14b4370 DEBUG   GST_REGISTRY gstregistrychunks.c:626:gst_registry_chunks_load_feature: Element factory : npadtemplates=2
0:00:00.017930051  2466 0x19a5320 DEBUG   GST_POLL gstpoll.c:979:gst_poll_fd_ctl_write: 0x19ad820: fd (fd:0, idx:1), active : 1
0:00:00.017940300  2466 0x19a5320 LOG   GST_POLL gstpoll.c:994:gst_poll_fd_ctl_write: 0x19ad820: pfd->events now 60 (POLLOUT:4)
0:00:00.022593804  2465 0x14b4370 DEBUG   GST_REGISTRY gstregistrychunks.c:525:gst_registry_chunks_load_pad_template: Reading/casting for GstRegistryChunkPadTemplate at address 0x14d11f8
0:00:00.017946517  2466 0x19a5320 DEBUG   GST_POLL gstpoll.c:979:gst_poll_fd_ctl_write: 0x19ad820: fd (fd:0, idx:1), active : 1
0:00:00.022603254  2465 0x14b4370 DEBUG   GST_REGISTRY gstregistrychunks.c:539:gst_registry_chunks_load_pad_template: Added pad_template src
0:00:00.017952671  2466 0x19a5320 LOG   GST_POLL gstpoll.c:994:gst_poll_fd_ctl_write: 0x19ad820: pfd->events now 60 (POLLOUT:4)
0:00:00.022610460  2465 0x14b4370 DEBUG   GST_REGISTRY gstregistrychunks.c:525:gst_registry_chunks_load_pad_template: Reading/casting for GstRegistryChunkPadTemplate at address 0x14d1208
0:00:00.017959862  2466 0x19a5320 DEBUG   GST_POLL gstpoll.c:979:gst_poll_fd_ctl_write: 0x19ad820: fd (fd:0, idx:1), active : 1
0:00:00.022617020  2465 0x14b4370 DEBUG   GST_REGISTRY gstregistrychunks.c:539:gst_registry_chunks_load_pad_template: Added pad_template sink_%u
0:00:00.017966239  2466 0x19a5320 LOG   GST_POLL gstpoll.c:994:gst_poll_fd_ctl_write: 0x19ad820: pfd->events now 60 (POLLOUT:4)
0:00:00.017972777  2466 0x19a5320 DEBUG   GST_POLL gstpoll.c:979:gst_poll_fd_ctl_write: 0x19ad820: fd (fd:0, idx:1), active : 1
0:00:00.022625799  2465 0x14b4370 DEBUG   GST_REGISTRY gstregistry.c:589:gst_registry_add_feature: adding feature 0x14d5bf0 (concat)
0:00:00.017978404  2466 0x19a5320 LOG   GST_POLL gstpoll.c:994:gst_poll_fd_ctl_write: 0x19ad820: pfd->events now 60 (POLLOUT:4)
0:00:00.022633871  2465 0x14b4370 DEBUG   GST_REFCOUNTING gstobject.c:708:gst_object_set_parent: set parent (ref and sink)
0:00:00.017987044  2466 0x19a5320 DEBUG   GST_POLL gstpoll.c:979:gst_poll_fd_ctl_write: 0x19ad820: fd (fd:0, idx:1), active : 1
0:00:00.022641462  2465 0x14b4370 TRACE   GST_REFCOUNTING gstobject.c:292:gst_object_ref_sink: 0x14d5bf0 ref_sink 1->2
0:00:00.017994187  2466 0x19a5320 LOG   GST_POLL gstpoll.c:994:gst_poll_fd_ctl_write: 0x19ad820: pfd->events now 60 (POLLOUT:4)
0:00:00.022649881  2465 0x14b4370 LOG   GST_REGISTRY gstregistry.c:607:gst_registry_add_feature: emitting feature-added for concat
0:00:00.018000908  2466 0x19a5320 DEBUG   GST_POLL gstpoll.c:979:gst_poll_fd_ctl_write: 0x19ad820: fd (fd:0, idx:1), active : 1
0:00:00.022656895  2465 0x14b4370 DEBUG   GST_REGISTRY gstregistrychunks.c:740:gst_registry_chunks_load_feature: Added feature concat, plugin 0x14ce070 coreelements
0:00:00.018007087  2466 0x19a5320 LOG   GST_POLL gstpoll.c:994:gst_poll_fd_ctl_write: 0x19ad820: pfd->events now 60 (POLLOUT:4)
0:00:00.018013745  2466 0x19a5320 DEBUG   GST_POLL gstpoll.c:979:gst_poll_fd_ctl_write: 0x19ad820: fd (fd:0, idx:1), active : 1
0:00:00.022666024  2465 0x14b4370 DEBUG   GST_REGISTRY gstregistrychunks.c:582:gst_registry_chunks_load_feature: Plugin 'coreelements' feature 'clocksync' typename : 'GstElementFactory'
0:00:00.018023555  2466 0x19a5320 LOG   GST_POLL gstpoll.c:994:gst_poll_fd_ctl_write: 0x19ad820: pfd->events now 60 (POLLOUT:4)
0:00:00.022681878  2465 0x14b4370 TRACE   GST_REFCOUNTING gstobject.c:208:gst_object_init: 0x14d5370 new
0:00:00.018030187  2466 0x19a5320 DEBUG   GST_POLL gstpoll.c:979:gst_poll_fd_ctl_write: 0x19ad820: fd (fd:0, idx:1), active : 1
0:00:00.018038526  2466 0x19a5320 LOG   GST_POLL gstpoll.c:994:gst_poll_fd_ctl_write: 0x19ad820: pfd->events now 60 (POLLOUT:4)
0:00:00.022691426  2465 0x14b4370 LOG   GST_REGISTRY gstregistrychunks.c:609:gst_registry_chunks_load_feature: Reading/casting for GstRegistryChunkElementFactory at address 0x14d1238
0:00:00.018047181  2466 0x19a5320 DEBUG   GST_POLL gstpoll.c:979:gst_poll_fd_ctl_write: 0x19ad820: fd (fd:0, idx:1), active : 1
0:00:00.022700694  2465 0x14b4370 TRACE   structure gststructure.c:287:gst_structure_new_id_empty_with_size: created structure 0x14d63b0
0:00:00.018054149  2466 0x19a5320 LOG   GST_POLL gstpoll.c:994:gst_poll_fd_ctl_write: 0x19ad820: pfd->events now 60 (POLLOUT:4)
0:00:00.022708775  2465 0x14b4370 DEBUG   structure gststructure.c:2203:gst_structure_parse_field: trying field name 'long-name'
0:00:00.018061126  2466 0x19a5320 DEBUG   GST_POLL gstpoll.c:979:gst_poll_fd_ctl_write: 0x19ad820: fd (fd:0, idx:1), active : 1
0:00:00.022714982  2465 0x14b4370 DEBUG   default gstvalue.c:2676:_priv_gst_value_parse_value: trying type name 'string'
0:00:00.018067509  2466 0x19a5320 LOG   GST_POLL gstpoll.c:994:gst_poll_fd_ctl_write: 0x19ad820: pfd->events now 60 (POLLOUT:4)
0:00:00.022723146  2465 0x14b4370 DEBUG   structure gststructure.c:2203:gst_structure_parse_field: trying field name 'klass'
0:00:00.018074288  2466 0x19a5320 DEBUG   GST_POLL gstpoll.c:979:gst_poll_fd_ctl_write: 0x19ad820: fd (fd:0, idx:1), active : 1
0:00:00.022728630  2465 0x14b4370 DEBUG   default gstvalue.c:2676:_priv_gst_value_parse_value: trying type name 'string'
0:00:00.018080236  2466 0x19a5320 LOG   GST_POLL gstpoll.c:994:gst_poll_fd_ctl_write: 0x19ad820: pfd->events now 60 (POLLOUT:4)
0:00:00.022737696  2465 0x14b4370 DEBUG   structure gststructure.c:2203:gst_structure_parse_field: trying field name 'description'
0:00:00.018086749  2466 0x19a5320 DEBUG   GST_POLL gstpoll.c:979:gst_poll_fd_ctl_write: 0x19ad820: fd (fd:0, idx:1), active : 1
0:00:00.022744571  2465 0x14b4370 DEBUG   default gstvalue.c:2676:_priv_gst_value_parse_value: trying type name 'string'
0:00:00.018093885  2466 0x19a5320 LOG   GST_POLL gstpoll.c:994:gst_poll_fd_ctl_write: 0x19ad820: pfd->events now 60 (POLLOUT:4)
0:00:00.022751743  2465 0x14b4370 DEBUG   structure gststructure.c:2203:gst_structure_parse_field: trying field name 'author'
0:00:00.018102515  2466 0x19a5320 DEBUG   GST_POLL gstpoll.c:979:gst_poll_fd_ctl_write: 0x19ad820: fd (fd:0, idx:1), active : 1
0:00:00.022762140  2465 0x14b4370 DEBUG   default gstvalue.c:2676:_priv_gst_value_parse_value: trying type name 'string'
0:00:00.018112463  2466 0x19a5320 LOG   GST_POLL gstpoll.c:994:gst_poll_fd_ctl_write: 0x19ad820: pfd->events now 60 (POLLOUT:4)
0:00:00.022769601  2465 0x14b4370 DEBUG   GST_REGISTRY gstregistrychunks.c:626:gst_registry_chunks_load_feature: Element factory : npadtemplates=2
0:00:00.018119787  2466 0x19a5320 DEBUG   GST_POLL gstpoll.c:979:gst_poll_fd_ctl_write: 0x19ad820: fd (fd:0, idx:1), active : 1
0:00:00.022775518  2465 0x14b4370 DEBUG   GST_REGISTRY gstregistrychunks.c:525:gst_registry_chunks_load_pad_template: Reading/casting for GstRegistryChunkPadTemplate at address 0x14d1308
0:00:00.018126117  2466 0x19a5320 LOG   GST_POLL gstpoll.c:994:gst_poll_fd_ctl_write: 0x19ad820: pfd->events now 60 (POLLOUT:4)
0:00:00.022781753  2465 0x14b4370 DEBUG   GST_REGISTRY gstregistrychunks.c:539:gst_registry_chunks_load_pad_template: Added pad_template sink
0:00:00.018132784  2466 0x19a5320 DEBUG   GST_POLL gstpoll.c:979:gst_poll_fd_ctl_write: 0x19ad820: fd (fd:0, idx:1), active : 1
0:00:00.022787511  2465 0x14b4370 DEBUG   GST_REGISTRY gstregistrychunks.c:525:gst_registry_chunks_load_pad_template: Reading/casting for GstRegistryChunkPadTemplate at address 0x14d1320
0:00:00.018138900  2466 0x19a5320 LOG   GST_POLL gstpoll.c:994:gst_poll_fd_ctl_write: 0x19ad820: pfd->events now 60 (POLLOUT:4)
0:00:00.022795533  2465 0x14b4370 DEBUG   GST_REGISTRY gstregistrychunks.c:539:gst_registry_chunks_load_pad_template: Added pad_template src
0:00:00.018145436  2466 0x19a5320 DEBUG   GST_POLL gstpoll.c:979:gst_poll_fd_ctl_write: 0x19ad820: fd (fd:0, idx:1), active : 1
0:00:00.018151499  2466 0x19a5320 LOG   GST_POLL gstpoll.c:994:gst_poll_fd_ctl_write: 0x19ad820: pfd->events now 60 (POLLOUT:4)
0:00:00.022804892  2465 0x14b4370 DEBUG   GST_REGISTRY gstregistry.c:589:gst_registry_add_feature: adding feature 0x14d5370 (clocksync)
0:00:00.018160401  2466 0x19a5320 DEBUG   GST_POLL gstpoll.c:979:gst_poll_fd_ctl_write: 0x19ad820: fd (fd:0, idx:1), active : 1
0:00:00.022814192  2465 0x14b4370 DEBUG   GST_REFCOUNTING gstobject.c:708:gst_object_set_parent: set parent (ref and sink)
0:00:00.018167860  2466 0x19a5320 LOG   GST_POLL gstpoll.c:994:gst_poll_fd_ctl_write: 0x19ad820: pfd->events now 60 (POLLOUT:4)
0:00:00.022823430  2465 0x14b4370 TRACE   GST_REFCOUNTING gstobject.c:292:gst_object_ref_sink: 0x14d5370 ref_sink 1->2
0:00:00.018174885  2466 0x19a5320 DEBUG   GST_POLL gstpoll.c:979:gst_poll_fd_ctl_write: 0x19ad820: fd (fd:0, idx:1), active : 1
0:00:00.022830598  2465 0x14b4370 LOG   GST_REGISTRY gstregistry.c:607:gst_registry_add_feature: emitting feature-added for clocksync
0:00:00.018181231  2466 0x19a5320 LOG   GST_POLL gstpoll.c:994:gst_poll_fd_ctl_write: 0x19ad820: pfd->events now 60 (POLLOUT:4)
0:00:00.022838236  2465 0x14b4370 DEBUG   GST_REGISTRY gstregistrychunks.c:740:gst_registry_chunks_load_feature: Added feature clocksync, plugin 0x14ce070 coreelements
0:00:00.018188039  2466 0x19a5320 DEBUG   GST_POLL gstpoll.c:979:gst_poll_fd_ctl_write: 0x19ad820: fd (fd:0, idx:1), active : 1
0:00:00.022863381  2465 0x14b4370 DEBUG   GST_REGISTRY gstregistrychunks.c:582:gst_registry_chunks_load_feature: Plugin 'coreelements' feature 'capsfilter' typename : 'GstElementFactory'
0:00:00.018215790  2466 0x19a5320 LOG   GST_POLL gstpoll.c:994:gst_poll_fd_ctl_write: 0x19ad820: pfd->events now 60 (POLLOUT:4)
0:00:00.022879622  2465 0x14b4370 TRACE   GST_REFCOUNTING gstobject.c:208:gst_object_init: 0x14d60d0 new
0:00:00.018229999  2466 0x19a5320 DEBUG   GST_POLL gstpoll.c:979:gst_poll_fd_ctl_write: 0x19ad820: fd (fd:0, idx:1), active : 1
0:00:00.022889708  2465 0x14b4370 LOG   GST_REGISTRY gstregistrychunks.c:609:gst_registry_chunks_load_feature: Reading/casting for GstRegistryChunkElementFactory at address 0x14d1350
0:00:00.018237863  2466 0x19a5320 LOG   GST_POLL gstpoll.c:994:gst_poll_fd_ctl_write: 0x19ad820: pfd->events now 60 (POLLOUT:4)
0:00:00.022897216  2465 0x14b4370 TRACE   structure gststructure.c:287:gst_structure_new_id_empty_with_size: created structure 0x14d6820
0:00:00.018246682  2466 0x19a5320 DEBUG   GST_POLL gstpoll.c:979:gst_poll_fd_ctl_write: 0x19ad820: fd (fd:0, idx:1), active : 1
0:00:00.022903867  2465 0x14b4370 DEBUG   structure gststructure.c:2203:gst_structure_parse_field: trying field name 'long-name'
0:00:00.018253025  2466 0x19a5320 LOG   GST_POLL gstpoll.c:994:gst_poll_fd_ctl_write: 0x19ad820: pfd->events now 60 (POLLOUT:4)
0:00:00.022909943  2465 0x14b4370 DEBUG   default gstvalue.c:2676:_priv_gst_value_parse_value: trying type name 'string'
0:00:00.018259847  2466 0x19a5320 DEBUG   GST_POLL gstpoll.c:979:gst_poll_fd_ctl_write: 0x19ad820: fd (fd:0, idx:1), active : 1
0:00:00.022916985  2465 0x14b4370 DEBUG   structure gststructure.c:2203:gst_structure_parse_field: trying field name 'klass'
0:00:00.018265923  2466 0x19a5320 LOG   GST_POLL gstpoll.c:994:gst_poll_fd_ctl_write: 0x19ad820: pfd->events now 60 (POLLOUT:4)
0:00:00.022923027  2465 0x14b4370 DEBUG   default gstvalue.c:2676:_priv_gst_value_parse_value: trying type name 'string'
0:00:00.018272986  2466 0x19a5320 DEBUG   GST_POLL gstpoll.c:979:gst_poll_fd_ctl_write: 0x19ad820: fd (fd:0, idx:1), active : 1
0:00:00.022929668  2465 0x14b4370 DEBUG   structure gststructure.c:2203:gst_structure_parse_field: trying field name 'description'
0:00:00.018279190  2466 0x19a5320 LOG   GST_POLL gstpoll.c:994:gst_poll_fd_ctl_write: 0x19ad820: pfd->events now 60 (POLLOUT:4)
0:00:00.022937670  2465 0x14b4370 DEBUG   default gstvalue.c:2676:_priv_gst_value_parse_value: trying type name 'string'
0:00:00.018288584  2466 0x19a5320 DEBUG   GST_POLL gstpoll.c:979:gst_poll_fd_ctl_write: 0x19ad820: fd (fd:0, idx:1), active : 1
0:00:00.022946464  2465 0x14b4370 DEBUG   structure gststructure.c:2203:gst_structure_parse_field: trying field name 'author'
0:00:00.018295606  2466 0x19a5320 LOG   GST_POLL gstpoll.c:994:gst_poll_fd_ctl_write: 0x19ad820: pfd->events now 60 (POLLOUT:4)
0:00:00.022958239  2465 0x14b4370 DEBUG   default gstvalue.c:2676:_priv_gst_value_parse_value: trying type name 'string'
0:00:00.022965536  2465 0x14b4370 DEBUG   GST_REGISTRY gstregistrychunks.c:626:gst_registry_chunks_load_feature: Element factory : npadtemplates=2
0:00:00.018314316  2466 0x19a5320 TRACE   GST_REFCOUNTING gstobject.c:264:gst_object_unref: 0x19c1140 unref 2->1
0:00:00.022970588  2465 0x14b4370 DEBUG   GST_REGISTRY gstregistrychunks.c:525:gst_registry_chunks_load_pad_template: Reading/casting for GstRegistryChunkPadTemplate at address 0x14d1430
0:00:00.018322579  2466 0x19a5320 DEBUG   GST_POLL gstpoll.c:1241:gst_poll_fd_has_error: 0x19ad820: fd (fd:0, idx:1) 0
0:00:00.022976859  2465 0x14b4370 DEBUG   GST_REGISTRY gstregistrychunks.c:539:gst_registry_chunks_load_pad_template: Added pad_template sink
0:00:00.018329342  2466 0x19a5320 DEBUG   GST_POLL gstpoll.c:1335:gst_poll_fd_can_write: 0x19ad820: fd (fd:0, idx:1) 1
0:00:00.022983688  2465 0x14b4370 DEBUG   GST_REGISTRY gstregistrychunks.c:525:gst_registry_chunks_load_pad_template: Reading/casting for GstRegistryChunkPadTemplate at address 0x14d1448
0:00:00.018335794  2466 0x19a5320 LOG   GST_PLUGIN_LOADING gstpluginloader.c:690:write_one: Writing packet of size 488 bytes to fd 0
0:00:00.022990165  2465 0x14b4370 DEBUG   GST_REGISTRY gstregistrychunks.c:539:gst_registry_chunks_load_pad_template: Added pad_template src
0:00:00.018347557  2466 0x19a5320 DEBUG   GST_POLL gstpoll.c:1414:gst_poll_wait: 0x19ad820: timeout :0:00:01.000000000
0:00:00.023001370  2465 0x14b4370 DEBUG   GST_REGISTRY gstregistry.c:589:gst_registry_add_feature: adding feature 0x14d60d0 (capsfilter)
0:00:00.023010167  2465 0x14b4370 DEBUG   GST_REFCOUNTING gstobject.c:708:gst_object_set_parent: set parent (ref and sink)
0:00:00.018360216  2466 0x19a5320 LOG   GST_PLUGIN_LOADING gstpluginloader.c:1027:exchange_packets: Poll res = 2. 6872 bytes pending for write
0:00:00.023018100  2465 0x14b4370 TRACE   GST_REFCOUNTING gstobject.c:292:gst_object_ref_sink: 0x14d60d0 ref_sink 1->2
0:00:00.018368396  2466 0x19a5320 DEBUG   GST_POLL gstpoll.c:1241:gst_poll_fd_has_error: 0x19ad820: fd (fd:5, idx:2) 0
0:00:00.023025350  2465 0x14b4370 LOG   GST_REGISTRY gstregistry.c:607:gst_registry_add_feature: emitting feature-added for capsfilter
0:00:00.018375208  2466 0x19a5320 DEBUG   GST_POLL gstpoll.c:1266:gst_poll_fd_can_read_unlocked: 0x19ad820: fd (fd:5, idx:2) 1
0:00:00.023032227  2465 0x14b4370 DEBUG   GST_REGISTRY gstregistrychunks.c:740:gst_registry_chunks_load_feature: Added feature capsfilter, plugin 0x14ce070 coreelements
0:00:00.018384267  2466 0x19a5320 LOG   GST_PLUGIN_LOADING gstpluginloader.c:1005:read_one: No payload to read for 0 length packet type 1 tag 0
0:00:00.023040731  2465 0x14b4370 LOG   GST_PLUGIN_LOADING gstpluginloader.c:887:handle_rx_packet: marking plugin 0x14ce070 as registered as /home/conan/w/prod/BuildSingleReference/.conan/data/gstreamer/1.18.3/_/_/package/79b6a76dab3879a2afba8d14ba028b620dd3f25b/lib/gstreamer-1.0/libgstcoreelements.so
0:00:00.018391454  2466 0x19a5320 DEBUG   GST_POLL gstpoll.c:1014:gst_poll_fd_ctl_read_unlocked: 0x19ad820: fd (fd:5, idx:2), active : 0
0:00:00.018402776  2466 0x19a5320 DEBUG   GST_POLL gstpoll.c:979:gst_poll_fd_ctl_write: 0x19ad820: fd (fd:0, idx:1), active : 1
0:00:00.023056697  2465 0x14b4370 DEBUG   GST_POLL gstpoll.c:1414:gst_poll_wait: 0x14cdb40: timeout :0:00:01.000000000
0:00:00.018410955  2466 0x19a5320 LOG   GST_POLL gstpoll.c:994:gst_poll_fd_ctl_write: 0x19ad820: pfd->events now 60 (POLLOUT:4)
0:00:00.023070382  2465 0x14b4370 LOG   GST_PLUGIN_LOADING gstpluginloader.c:1027:exchange_packets: Poll res = 1. 0 bytes pending for write
0:00:00.018418832  2466 0x19a5320 DEBUG   GST_POLL gstpoll.c:1241:gst_poll_fd_has_error: 0x19ad820: fd (fd:0, idx:1) 0
0:00:00.023080585  2465 0x14b4370 DEBUG   GST_POLL gstpoll.c:1241:gst_poll_fd_has_error: 0x14cdb40: fd (fd:8, idx:2) 0
0:00:00.018428666  2466 0x19a5320 DEBUG   GST_POLL gstpoll.c:1335:gst_poll_fd_can_write: 0x19ad820: fd (fd:0, idx:1) 1
0:00:00.023088710  2465 0x14b4370 DEBUG   GST_POLL gstpoll.c:1266:gst_poll_fd_can_read_unlocked: 0x14cdb40: fd (fd:8, idx:2) 1
0:00:00.018437292  2466 0x19a5320 LOG   GST_PLUGIN_LOADING gstpluginloader.c:690:write_one: Writing packet of size 6872 bytes to fd 0
0:00:00.018450102  2466 0x19a5320 DEBUG   GST_POLL gstpoll.c:1414:gst_poll_wait: 0x19ad820: timeout :0:00:01.000000000
0:00:00.023102695  2465 0x14b4370 DEBUG   GST_PLUGIN_LOADING gstpluginloader.c:848:handle_rx_packet: Received plugin details from child w/ tag 2. 476 bytes info
0:00:00.023110670  2465 0x14b4370 LOG   GST_REGISTRY gstregistrychunks.c:836:_priv_gst_registry_chunks_load_plugin: Reading/casting for GstRegistryChunkPluginElement at address 0x14cf990
0:00:00.018458203  2466 0x19a5320 LOG   GST_PLUGIN_LOADING gstpluginloader.c:1027:exchange_packets: Poll res = 1. 12 bytes pending for write
0:00:00.023118627  2465 0x14b4370 TRACE   GST_REFCOUNTING gstobject.c:208:gst_object_init: 0x14d65f0 new
0:00:00.018468186  2466 0x19a5320 DEBUG   GST_POLL gstpoll.c:1241:gst_poll_fd_has_error: 0x19ad820: fd (fd:0, idx:1) 0
0:00:00.018476725  2466 0x19a5320 DEBUG   GST_POLL gstpoll.c:1335:gst_poll_fd_can_write: 0x19ad820: fd (fd:0, idx:1) 1
0:00:00.018482236  2466 0x19a5320 LOG   GST_PLUGIN_LOADING gstpluginloader.c:690:write_one: Writing packet of size 12 bytes to fd 0
0:00:00.023134533  2465 0x14b4370 LOG   GST_REGISTRY gstregistrychunks.c:858:_priv_gst_registry_chunks_load_plugin: read strings for name='coretracers'
0:00:00.018491041  2466 0x19a5320 DEBUG   GST_POLL gstpoll.c:979:gst_poll_fd_ctl_write: 0x19ad820: fd (fd:0, idx:1), active : 0
0:00:00.023144188  2465 0x14b4370 LOG   GST_REGISTRY gstregistrychunks.c:859:_priv_gst_registry_chunks_load_plugin: desc.description='GStreamer core tracers'
0:00:00.018497682  2466 0x19a5320 LOG   GST_POLL gstpoll.c:994:gst_poll_fd_ctl_write: 0x19ad820: pfd->events now 56 (POLLOUT:4)
0:00:00.023153035  2465 0x14b4370 LOG   GST_REGISTRY gstregistrychunks.c:860:_priv_gst_registry_chunks_load_plugin: filename='/home/conan/w/prod/BuildSingleReference/.conan/data/gstreamer/1.18.3/_/_/package/79b6a76dab3879a2afba8d14ba028b620dd3f25b/lib/gstreamer-1.0/libgstcoretracers.so'
0:00:00.023164585  2465 0x14b4370 LOG   GST_REGISTRY gstregistrychunks.c:861:_priv_gst_registry_chunks_load_plugin: desc.version='1.18.3'
0:00:00.023169954  2465 0x14b4370 LOG   GST_REGISTRY gstregistrychunks.c:862:_priv_gst_registry_chunks_load_plugin: desc.license='LGPL'
0:00:00.023175290  2465 0x14b4370 LOG   GST_REGISTRY gstregistrychunks.c:863:_priv_gst_registry_chunks_load_plugin: desc.source='gstreamer'
0:00:00.018523369  2466 0x19a5320 DEBUG   GST_POLL gstpoll.c:772:gst_poll_free: 0x19ad820: freeing
0:00:00.023180494  2465 0x14b4370 LOG   GST_REGISTRY gstregistrychunks.c:864:_priv_gst_registry_chunks_load_plugin: desc.package='GStreamer source release'
0:00:00.023186090  2465 0x14b4370 LOG   GST_REGISTRY gstregistrychunks.c:865:_priv_gst_registry_chunks_load_plugin: desc.origin='Unknown package origin'
0:00:00.023193975  2465 0x14b4370 LOG   GST_REGISTRY gstregistrychunks.c:866:_priv_gst_registry_chunks_load_plugin: desc.datetime=2021-01-13
0:00:00.023205051  2465 0x14b4370 DEBUG   GST_REGISTRY gstregistry.c:446:gst_registry_add_plugin: Replacing existing plugin "/home/conan/w/prod/BuildSingleReference/.conan/data/gstreamer/1.18.3/_/_/package/79b6a76dab3879a2afba8d14ba028b620dd3f25b/lib/gstreamer-1.0/libgstcoretracers.so" 0x14ce6e0 with new plugin 0x14d65f0 for filename "/home/conan/w/prod/BuildSingleReference/.conan/data/gstreamer/1.18.3/_/_/package/79b6a76dab3879a2afba8d14ba028b620dd3f25b/lib/gstreamer-1.0/libgstcoretracers.so"
0:00:00.023218027  2465 0x14b4370 TRACE   GST_REFCOUNTING gstobject.c:264:gst_object_unref: 0x14ce6e0 unref 1->0
0:00:00.023227052  2465 0x14b4370 TRACE   GST_REFCOUNTING gstobject.c:381:gst_object_dispose: 0x14ce6e0 dispose
0:00:00.023236517  2465 0x14b4370 DEBUG   GST_PLUGIN_LOADING gstplugin.c:136:gst_plugin_finalize: finalizing plugin
0:00:00.023245489  2465 0x14b4370 TRACE   GST_REFCOUNTING gstobject.c:423:gst_object_finalize: 0x14ce6e0 finalize
0:00:00.023262059  2465 0x14b4370 DEBUG   GST_REGISTRY gstregistry.c:473:gst_registry_add_plugin: adding plugin 0x14d65f0 for filename "/home/conan/w/prod/BuildSingleReference/.conan/data/gstreamer/1.18.3/_/_/package/79b6a76dab3879a2afba8d14ba028b620dd3f25b/lib/gstreamer-1.0/libgstcoretracers.so"
0:00:00.023269987  2465 0x14b4370 TRACE   GST_REFCOUNTING gstobject.c:292:gst_object_ref_sink: 0x14d65f0 ref_sink 1->2
0:00:00.023280136  2465 0x14b4370 LOG   GST_REGISTRY gstregistry.c:486:gst_registry_add_plugin: emitting plugin-added for filename "/home/conan/w/prod/BuildSingleReference/.conan/data/gstreamer/1.18.3/_/_/package/79b6a76dab3879a2afba8d14ba028b620dd3f25b/lib/gstreamer-1.0/libgstcoretracers.so"
0:00:00.023289357  2465 0x14b4370 DEBUG   GST_REGISTRY gstregistrychunks.c:886:_priv_gst_registry_chunks_load_plugin: Added plugin 'coretracers' plugin with 5 features from binary registry
0:00:00.023303162  2465 0x14b4370 DEBUG   GST_REGISTRY gstregistrychunks.c:582:gst_registry_chunks_load_feature: Plugin 'coretracers' feature 'leaks' typename : 'GstTracerFactory'
0:00:00.023311943  2465 0x14b4370 TRACE   GST_REFCOUNTING gstobject.c:208:gst_object_init: 0x14ce580 new
0:00:00.023321867  2465 0x14b4370 DEBUG   GST_REGISTRY gstregistrychunks.c:716:gst_registry_chunks_load_feature: Reading/casting for GstRegistryChunkPluginFeature at address 0x14cfad8
0:00:00.023329706  2465 0x14b4370 DEBUG   GST_REGISTRY gstregistry.c:580:gst_registry_add_feature: replacing existing feature 0x14ce9f0 (leaks)
0:00:00.023336734  2465 0x14b4370 DEBUG   GST_REGISTRY gstregistry.c:589:gst_registry_add_feature: adding feature 0x14ce580 (leaks)
0:00:00.023342670  2465 0x14b4370 TRACE   GST_REFCOUNTING gstobject.c:788:gst_object_unparent: unparent
0:00:00.023352786  2465 0x14b4370 TRACE   GST_REFCOUNTING gstobject.c:264:gst_object_unref: 0x14ce9f0 unref 1->0
0:00:00.023360881  2465 0x14b4370 TRACE   GST_REFCOUNTING gstobject.c:381:gst_object_dispose: 0x14ce9f0 dispose
0:00:00.023368626  2465 0x14b4370 DEBUG   GST_PLUGIN_LOADING gstpluginfeature.c:67:gst_plugin_feature_finalize: finalizing feature 0x14ce9f0: 'leaks'
0:00:00.023374882  2465 0x14b4370 TRACE   GST_REFCOUNTING gstobject.c:423:gst_object_finalize: 0x14ce9f0 finalize
0:00:00.023381850  2465 0x14b4370 DEBUG   GST_REFCOUNTING gstobject.c:708:gst_object_set_parent: set parent (ref and sink)
0:00:00.023388818  2465 0x14b4370 TRACE   GST_REFCOUNTING gstobject.c:292:gst_object_ref_sink: 0x14ce580 ref_sink 1->2
0:00:00.023395258  2465 0x14b4370 LOG   GST_REGISTRY gstregistry.c:607:gst_registry_add_feature: emitting feature-added for leaks
0:00:00.023401983  2465 0x14b4370 DEBUG   GST_REGISTRY gstregistrychunks.c:740:gst_registry_chunks_load_feature: Added feature leaks, plugin 0x14d65f0 coretracers
0:00:00.023411570  2465 0x14b4370 DEBUG   GST_REGISTRY gstregistrychunks.c:582:gst_registry_chunks_load_feature: Plugin 'coretracers' feature 'stats' typename : 'GstTracerFactory'
0:00:00.023421050  2465 0x14b4370 TRACE   GST_REFCOUNTING gstobject.c:208:gst_object_init: 0x14ce9f0 new
0:00:00.023429925  2465 0x14b4370 DEBUG   GST_REGISTRY gstregistrychunks.c:716:gst_registry_chunks_load_feature: Reading/casting for GstRegistryChunkPluginFeature at address 0x14cfaf8
0:00:00.023437776  2465 0x14b4370 DEBUG   GST_REGISTRY gstregistry.c:580:gst_registry_add_feature: replacing existing feature 0x14cebf0 (stats)
0:00:00.023444228  2465 0x14b4370 DEBUG   GST_REGISTRY gstregistry.c:589:gst_registry_add_feature: adding feature 0x14ce9f0 (stats)
0:00:00.023449814  2465 0x14b4370 TRACE   GST_REFCOUNTING gstobject.c:788:gst_object_unparent: unparent
0:00:00.023456603  2465 0x14b4370 TRACE   GST_REFCOUNTING gstobject.c:264:gst_object_unref: 0x14cebf0 unref 1->0
0:00:00.023463368  2465 0x14b4370 TRACE   GST_REFCOUNTING gstobject.c:381:gst_object_dispose: 0x14cebf0 dispose
0:00:00.023478442  2465 0x14b4370 DEBUG   GST_PLUGIN_LOADING gstpluginfeature.c:67:gst_plugin_feature_finalize: finalizing feature 0x14cebf0: 'stats'
0:00:00.023485818  2465 0x14b4370 TRACE   GST_REFCOUNTING gstobject.c:423:gst_object_finalize: 0x14cebf0 finalize
0:00:00.023492542  2465 0x14b4370 DEBUG   GST_REFCOUNTING gstobject.c:708:gst_object_set_parent: set parent (ref and sink)
0:00:00.023499763  2465 0x14b4370 TRACE   GST_REFCOUNTING gstobject.c:292:gst_object_ref_sink: 0x14ce9f0 ref_sink 1->2
0:00:00.023506226  2465 0x14b4370 LOG   GST_REGISTRY gstregistry.c:607:gst_registry_add_feature: emitting feature-added for stats
0:00:00.023512687  2465 0x14b4370 DEBUG   GST_REGISTRY gstregistrychunks.c:740:gst_registry_chunks_load_feature: Added feature stats, plugin 0x14d65f0 coretracers
0:00:00.023519409  2465 0x14b4370 DEBUG   GST_REGISTRY gstregistrychunks.c:582:gst_registry_chunks_load_feature: Plugin 'coretracers' feature 'rusage' typename : 'GstTracerFactory'
0:00:00.023527638  2465 0x14b4370 TRACE   GST_REFCOUNTING gstobject.c:208:gst_object_init: 0x14cebf0 new
0:00:00.023538480  2465 0x14b4370 DEBUG   GST_REGISTRY gstregistrychunks.c:716:gst_registry_chunks_load_feature: Reading/casting for GstRegistryChunkPluginFeature at address 0x14cfb18
0:00:00.023547566  2465 0x14b4370 DEBUG   GST_REGISTRY gstregistry.c:580:gst_registry_add_feature: replacing existing feature 0x14cedf0 (rusage)
0:00:00.023554617  2465 0x14b4370 DEBUG   GST_REGISTRY gstregistry.c:589:gst_registry_add_feature: adding feature 0x14cebf0 (rusage)
0:00:00.023560534  2465 0x14b4370 TRACE   GST_REFCOUNTING gstobject.c:788:gst_object_unparent: unparent
0:00:00.023567538  2465 0x14b4370 TRACE   GST_REFCOUNTING gstobject.c:264:gst_object_unref: 0x14cedf0 unref 1->0
0:00:00.023573977  2465 0x14b4370 TRACE   GST_REFCOUNTING gstobject.c:381:gst_object_dispose: 0x14cedf0 dispose
0:00:00.023580997  2465 0x14b4370 DEBUG   GST_PLUGIN_LOADING gstpluginfeature.c:67:gst_plugin_feature_finalize: finalizing feature 0x14cedf0: 'rusage'
0:00:00.023586692  2465 0x14b4370 TRACE   GST_REFCOUNTING gstobject.c:423:gst_object_finalize: 0x14cedf0 finalize
0:00:00.023596019  2465 0x14b4370 DEBUG   GST_REFCOUNTING gstobject.c:708:gst_object_set_parent: set parent (ref and sink)
0:00:00.023604778  2465 0x14b4370 TRACE   GST_REFCOUNTING gstobject.c:292:gst_object_ref_sink: 0x14cebf0 ref_sink 1->2
0:00:00.023611660  2465 0x14b4370 LOG   GST_REGISTRY gstregistry.c:607:gst_registry_add_feature: emitting feature-added for rusage
0:00:00.023618228  2465 0x14b4370 DEBUG   GST_REGISTRY gstregistrychunks.c:740:gst_registry_chunks_load_feature: Added feature rusage, plugin 0x14d65f0 coretracers
0:00:00.023625063  2465 0x14b4370 DEBUG   GST_REGISTRY gstregistrychunks.c:582:gst_registry_chunks_load_feature: Plugin 'coretracers' feature 'log' typename : 'GstTracerFactory'
0:00:00.023632733  2465 0x14b4370 TRACE   GST_REFCOUNTING gstobject.c:208:gst_object_init: 0x14cedf0 new
0:00:00.023646030  2465 0x14b4370 DEBUG   GST_REGISTRY gstregistrychunks.c:716:gst_registry_chunks_load_feature: Reading/casting for GstRegistryChunkPluginFeature at address 0x14cfb38
0:00:00.023653474  2465 0x14b4370 DEBUG   GST_REGISTRY gstregistry.c:580:gst_registry_add_feature: replacing existing feature 0x14ceff0 (log)
0:00:00.023663191  2465 0x14b4370 DEBUG   GST_REGISTRY gstregistry.c:589:gst_registry_add_feature: adding feature 0x14cedf0 (log)
0:00:00.023670708  2465 0x14b4370 TRACE   GST_REFCOUNTING gstobject.c:788:gst_object_unparent: unparent
0:00:00.023678329  2465 0x14b4370 TRACE   GST_REFCOUNTING gstobject.c:264:gst_object_unref: 0x14ceff0 unref 1->0
0:00:00.023685015  2465 0x14b4370 TRACE   GST_REFCOUNTING gstobject.c:381:gst_object_dispose: 0x14ceff0 dispose
0:00:00.023691850  2465 0x14b4370 DEBUG   GST_PLUGIN_LOADING gstpluginfeature.c:67:gst_plugin_feature_finalize: finalizing feature 0x14ceff0: 'log'
0:00:00.023697749  2465 0x14b4370 TRACE   GST_REFCOUNTING gstobject.c:423:gst_object_finalize: 0x14ceff0 finalize
0:00:00.023703957  2465 0x14b4370 DEBUG   GST_REFCOUNTING gstobject.c:708:gst_object_set_parent: set parent (ref and sink)
0:00:00.023710694  2465 0x14b4370 TRACE   GST_REFCOUNTING gstobject.c:292:gst_object_ref_sink: 0x14cedf0 ref_sink 1->2
0:00:00.023719776  2465 0x14b4370 LOG   GST_REGISTRY gstregistry.c:607:gst_registry_add_feature: emitting feature-added for log
0:00:00.023727531  2465 0x14b4370 DEBUG   GST_REGISTRY gstregistrychunks.c:740:gst_registry_chunks_load_feature: Added feature log, plugin 0x14d65f0 coretracers
0:00:00.023734446  2465 0x14b4370 DEBUG   GST_REGISTRY gstregistrychunks.c:582:gst_registry_chunks_load_feature: Plugin 'coretracers' feature 'latency' typename : 'GstTracerFactory'
0:00:00.023742541  2465 0x14b4370 TRACE   GST_REFCOUNTING gstobject.c:208:gst_object_init: 0x14ceff0 new
0:00:00.023750695  2465 0x14b4370 DEBUG   GST_REGISTRY gstregistrychunks.c:716:gst_registry_chunks_load_feature: Reading/casting for GstRegistryChunkPluginFeature at address 0x14cfb60
0:00:00.023758052  2465 0x14b4370 DEBUG   GST_REGISTRY gstregistry.c:580:gst_registry_add_feature: replacing existing feature 0x14cf1f0 (latency)
0:00:00.023764786  2465 0x14b4370 DEBUG   GST_REGISTRY gstregistry.c:589:gst_registry_add_feature: adding feature 0x14ceff0 (latency)
0:00:00.023770542  2465 0x14b4370 TRACE   GST_REFCOUNTING gstobject.c:788:gst_object_unparent: unparent
0:00:00.023780465  2465 0x14b4370 TRACE   GST_REFCOUNTING gstobject.c:264:gst_object_unref: 0x14cf1f0 unref 1->0
0:00:00.023787910  2465 0x14b4370 TRACE   GST_REFCOUNTING gstobject.c:381:gst_object_dispose: 0x14cf1f0 dispose
0:00:00.023795357  2465 0x14b4370 DEBUG   GST_PLUGIN_LOADING gstpluginfeature.c:67:gst_plugin_feature_finalize: finalizing feature 0x14cf1f0: 'latency'
0:00:00.023801278  2465 0x14b4370 TRACE   GST_REFCOUNTING gstobject.c:423:gst_object_finalize: 0x14cf1f0 finalize
0:00:00.023813018  2465 0x14b4370 DEBUG   GST_REFCOUNTING gstobject.c:708:gst_object_set_parent: set parent (ref and sink)
0:00:00.023820014  2465 0x14b4370 TRACE   GST_REFCOUNTING gstobject.c:292:gst_object_ref_sink: 0x14ceff0 ref_sink 1->2
0:00:00.023826304  2465 0x14b4370 LOG   GST_REGISTRY gstregistry.c:607:gst_registry_add_feature: emitting feature-added for latency
0:00:00.023832467  2465 0x14b4370 DEBUG   GST_REGISTRY gstregistrychunks.c:740:gst_registry_chunks_load_feature: Added feature latency, plugin 0x14d65f0 coretracers
0:00:00.023853657  2465 0x14b4370 LOG   GST_PLUGIN_LOADING gstpluginloader.c:887:handle_rx_packet: marking plugin 0x14d65f0 as registered as /home/conan/w/prod/BuildSingleReference/.conan/data/gstreamer/1.18.3/_/_/package/79b6a76dab3879a2afba8d14ba028b620dd3f25b/lib/gstreamer-1.0/libgstcoretracers.so
0:00:00.023864313  2465 0x14b4370 DEBUG   GST_POLL gstpoll.c:1414:gst_poll_wait: 0x14cdb40: timeout :0:00:01.000000000
0:00:00.023879169  2465 0x14b4370 LOG   GST_PLUGIN_LOADING gstpluginloader.c:1027:exchange_packets: Poll res = 2. 0 bytes pending for write
0:00:00.023886288  2465 0x14b4370 DEBUG   GST_POLL gstpoll.c:1241:gst_poll_fd_has_error: 0x14cdb40: fd (fd:8, idx:2) 0
0:00:00.023892761  2465 0x14b4370 DEBUG   GST_POLL gstpoll.c:1266:gst_poll_fd_can_read_unlocked: 0x14cdb40: fd (fd:8, idx:2) 1
0:00:00.023908224  2465 0x14b4370 DEBUG   GST_PLUGIN_LOADING gstpluginloader.c:848:handle_rx_packet: Received plugin details from child w/ tag 3. 6860 bytes info
0:00:00.023915367  2465 0x14b4370 LOG   GST_REGISTRY gstregistrychunks.c:836:_priv_gst_registry_chunks_load_plugin: Reading/casting for GstRegistryChunkPluginElement at address 0x14cf990
0:00:00.023922881  2465 0x14b4370 TRACE   GST_REFCOUNTING gstobject.c:208:gst_object_init: 0x14d6ae0 new
0:00:00.023934576  2465 0x14b4370 LOG   GST_REGISTRY gstregistrychunks.c:858:_priv_gst_registry_chunks_load_plugin: read strings for name='coreelements'
0:00:00.023940521  2465 0x14b4370 LOG   GST_REGISTRY gstregistrychunks.c:859:_priv_gst_registry_chunks_load_plugin: desc.description='GStreamer core elements'
0:00:00.023946438  2465 0x14b4370 LOG   GST_REGISTRY gstregistrychunks.c:860:_priv_gst_registry_chunks_load_plugin: filename='/home/conan/w/prod/BuildSingleReference/.conan/data/gstreamer/1.18.3/_/_/package/79b6a76dab3879a2afba8d14ba028b620dd3f25b/lib/gstreamer-1.0/libgstcoreelements.so'
0:00:00.023954795  2465 0x14b4370 LOG   GST_REGISTRY gstregistrychunks.c:861:_priv_gst_registry_chunks_load_plugin: desc.version='1.18.3'
0:00:00.023961189  2465 0x14b4370 LOG   GST_REGISTRY gstregistrychunks.c:862:_priv_gst_registry_chunks_load_plugin: desc.license='LGPL'
0:00:00.023966478  2465 0x14b4370 LOG   GST_REGISTRY gstregistrychunks.c:863:_priv_gst_registry_chunks_load_plugin: desc.source='gstreamer'
0:00:00.023971509  2465 0x14b4370 LOG   GST_REGISTRY gstregistrychunks.c:864:_priv_gst_registry_chunks_load_plugin: desc.package='GStreamer source release'
0:00:00.023976469  2465 0x14b4370 LOG   GST_REGISTRY gstregistrychunks.c:865:_priv_gst_registry_chunks_load_plugin: desc.origin='Unknown package origin'
0:00:00.023986198  2465 0x14b4370 LOG   GST_REGISTRY gstregistrychunks.c:866:_priv_gst_registry_chunks_load_plugin: desc.datetime=2021-01-13
0:00:00.023995648  2465 0x14b4370 DEBUG   GST_REGISTRY gstregistry.c:446:gst_registry_add_plugin: Replacing existing plugin "/home/conan/w/prod/BuildSingleReference/.conan/data/gstreamer/1.18.3/_/_/package/79b6a76dab3879a2afba8d14ba028b620dd3f25b/lib/gstreamer-1.0/libgstcoreelements.so" 0x14ce070 with new plugin 0x14d6ae0 for filename "/home/conan/w/prod/BuildSingleReference/.conan/data/gstreamer/1.18.3/_/_/package/79b6a76dab3879a2afba8d14ba028b620dd3f25b/lib/gstreamer-1.0/libgstcoreelements.so"
0:00:00.024003609  2465 0x14b4370 TRACE   GST_REFCOUNTING gstobject.c:264:gst_object_unref: 0x14ce070 unref 1->0
0:00:00.024013466  2465 0x14b4370 TRACE   GST_REFCOUNTING gstobject.c:381:gst_object_dispose: 0x14ce070 dispose
0:00:00.024022356  2465 0x14b4370 DEBUG   GST_PLUGIN_LOADING gstplugin.c:136:gst_plugin_finalize: finalizing plugin
0:00:00.024028840  2465 0x14b4370 TRACE   GST_REFCOUNTING gstobject.c:423:gst_object_finalize: 0x14ce070 finalize
0:00:00.024037633  2465 0x14b4370 DEBUG   GST_REGISTRY gstregistry.c:473:gst_registry_add_plugin: adding plugin 0x14d6ae0 for filename "/home/conan/w/prod/BuildSingleReference/.conan/data/gstreamer/1.18.3/_/_/package/79b6a76dab3879a2afba8d14ba028b620dd3f25b/lib/gstreamer-1.0/libgstcoreelements.so"
0:00:00.024045147  2465 0x14b4370 TRACE   GST_REFCOUNTING gstobject.c:292:gst_object_ref_sink: 0x14d6ae0 ref_sink 1->2
0:00:00.024052862  2465 0x14b4370 LOG   GST_REGISTRY gstregistry.c:486:gst_registry_add_plugin: emitting plugin-added for filename "/home/conan/w/prod/BuildSingleReference/.conan/data/gstreamer/1.18.3/_/_/package/79b6a76dab3879a2afba8d14ba028b620dd3f25b/lib/gstreamer-1.0/libgstcoreelements.so"
0:00:00.024059708  2465 0x14b4370 DEBUG   GST_REGISTRY gstregistrychunks.c:886:_priv_gst_registry_chunks_load_plugin: Added plugin 'coreelements' plugin with 22 features from binary registry
0:00:00.024065998  2465 0x14b4370 DEBUG   GST_REGISTRY gstregistrychunks.c:582:gst_registry_chunks_load_feature: Plugin 'coreelements' feature 'streamiddemux' typename : 'GstElementFactory'
0:00:00.024076947  2465 0x14b4370 TRACE   GST_REFCOUNTING gstobject.c:208:gst_object_init: 0x14ce6d0 new
0:00:00.024086857  2465 0x14b4370 LOG   GST_REGISTRY gstregistrychunks.c:609:gst_registry_chunks_load_feature: Reading/casting for GstRegistryChunkElementFactory at address 0x14cfae8
0:00:00.024094174  2465 0x14b4370 TRACE   structure gststructure.c:287:gst_structure_new_id_empty_with_size: created structure 0x14d6950
0:00:00.024100261  2465 0x14b4370 DEBUG   structure gststructure.c:2203:gst_structure_parse_field: trying field name 'long-name'
0:00:00.024105690  2465 0x14b4370 DEBUG   default gstvalue.c:2676:_priv_gst_value_parse_value: trying type name 'string'
0:00:00.024112985  2465 0x14b4370 DEBUG   structure gststructure.c:2203:gst_structure_parse_field: trying field name 'klass'
0:00:00.024118360  2465 0x14b4370 DEBUG   default gstvalue.c:2676:_priv_gst_value_parse_value: trying type name 'string'
0:00:00.024130483  2465 0x14b4370 DEBUG   structure gststructure.c:2203:gst_structure_parse_field: trying field name 'description'
0:00:00.024138434  2465 0x14b4370 DEBUG   default gstvalue.c:2676:_priv_gst_value_parse_value: trying type name 'string'
0:00:00.024146778  2465 0x14b4370 DEBUG   structure gststructure.c:2203:gst_structure_parse_field: trying field name 'author'
0:00:00.024151964  2465 0x14b4370 DEBUG   default gstvalue.c:2676:_priv_gst_value_parse_value: trying type name 'string'
0:00:00.024158834  2465 0x14b4370 DEBUG   GST_REGISTRY gstregistrychunks.c:626:gst_registry_chunks_load_feature: Element factory : npadtemplates=2
0:00:00.024164884  2465 0x14b4370 DEBUG   GST_REGISTRY gstregistrychunks.c:525:gst_registry_chunks_load_pad_template: Reading/casting for GstRegistryChunkPadTemplate at address 0x14cfbc0
0:00:00.024170625  2465 0x14b4370 DEBUG   GST_REGISTRY gstregistrychunks.c:539:gst_registry_chunks_load_pad_template: Added pad_template src_%u
0:00:00.024175819  2465 0x14b4370 DEBUG   GST_REGISTRY gstregistrychunks.c:525:gst_registry_chunks_load_pad_template: Reading/casting for GstRegistryChunkPadTemplate at address 0x14cfbd8
0:00:00.024181094  2465 0x14b4370 DEBUG   GST_REGISTRY gstregistrychunks.c:539:gst_registry_chunks_load_pad_template: Added pad_template sink
0:00:00.024197817  2465 0x14b4370 DEBUG   GST_REGISTRY gstregistry.c:580:gst_registry_add_feature: replacing existing feature 0x14ce1a0 (streamiddemux)
0:00:00.024206154  2465 0x14b4370 DEBUG   GST_REGISTRY gstregistry.c:589:gst_registry_add_feature: adding feature 0x14ce6d0 (streamiddemux)
0:00:00.024212405  2465 0x14b4370 TRACE   GST_REFCOUNTING gstobject.c:788:gst_object_unparent: unparent
0:00:00.024220225  2465 0x14b4370 TRACE   GST_REFCOUNTING gstobject.c:264:gst_object_unref: 0x14ce1a0 unref 1->0
0:00:00.024226819  2465 0x14b4370 TRACE   GST_REFCOUNTING gstobject.c:381:gst_object_dispose: 0x14ce1a0 dispose
0:00:00.024233560  2465 0x14b4370 TRACE   structure gststructure.c:544:gst_structure_free: free structure 0x14cf560
0:00:00.024241335  2465 0x14b4370 TRACE   GST_REFCOUNTING gstminiobject.c:721:gst_mini_object_replace: replace (nil) (0) with (nil) (0)
0:00:00.024251382  2465 0x14b4370 TRACE   GST_REFCOUNTING gstminiobject.c:721:gst_mini_object_replace: replace (nil) (0) with (nil) (0)
0:00:00.024259397  2465 0x14b4370 DEBUG   GST_PLUGIN_LOADING gstpluginfeature.c:67:gst_plugin_feature_finalize: finalizing feature 0x14ce1a0: 'streamiddemux'
0:00:00.024265806  2465 0x14b4370 TRACE   GST_REFCOUNTING gstobject.c:423:gst_object_finalize: 0x14ce1a0 finalize
0:00:00.024272622  2465 0x14b4370 DEBUG   GST_REFCOUNTING gstobject.c:708:gst_object_set_parent: set parent (ref and sink)
0:00:00.024279762  2465 0x14b4370 TRACE   GST_REFCOUNTING gstobject.c:292:gst_object_ref_sink: 0x14ce6d0 ref_sink 1->2
0:00:00.024286450  2465 0x14b4370 LOG   GST_REGISTRY gstregistry.c:607:gst_registry_add_feature: emitting feature-added for streamiddemux
0:00:00.024299843  2465 0x14b4370 DEBUG   GST_REGISTRY gstregistrychunks.c:740:gst_registry_chunks_load_feature: Added feature streamiddemux, plugin 0x14d6ae0 coreelements
0:00:00.024306811  2465 0x14b4370 DEBUG   GST_REGISTRY gstregistrychunks.c:582:gst_registry_chunks_load_feature: Plugin 'coreelements' feature 'valve' typename : 'GstElementFactory'
0:00:00.024317973  2465 0x14b4370 TRACE   GST_REFCOUNTING gstobject.c:208:gst_object_init: 0x14cf120 new
0:00:00.024327854  2465 0x14b4370 LOG   GST_REGISTRY gstregistrychunks.c:609:gst_registry_chunks_load_feature: Reading/casting for GstRegistryChunkElementFactory at address 0x14cfc08
0:00:00.024334617  2465 0x14b4370 TRACE   structure gststructure.c:287:gst_structure_new_id_empty_with_size: created structure 0x14ce160
0:00:00.024340499  2465 0x14b4370 DEBUG   structure gststructure.c:2203:gst_structure_parse_field: trying field name 'long-name'
0:00:00.024345626  2465 0x14b4370 DEBUG   default gstvalue.c:2676:_priv_gst_value_parse_value: trying type name 'string'
0:00:00.024352174  2465 0x14b4370 DEBUG   structure gststructure.c:2203:gst_structure_parse_field: trying field name 'klass'
0:00:00.024357230  2465 0x14b4370 DEBUG   default gstvalue.c:2676:_priv_gst_value_parse_value: trying type name 'string'
0:00:00.024363196  2465 0x14b4370 DEBUG   structure gststructure.c:2203:gst_structure_parse_field: trying field name 'description'
0:00:00.024371001  2465 0x14b4370 DEBUG   default gstvalue.c:2676:_priv_gst_value_parse_value: trying type name 'string'
0:00:00.024379467  2465 0x14b4370 DEBUG   structure gststructure.c:2203:gst_structure_parse_field: trying field name 'author'
0:00:00.024385038  2465 0x14b4370 DEBUG   default gstvalue.c:2676:_priv_gst_value_parse_value: trying type name 'string'
0:00:00.024392193  2465 0x14b4370 DEBUG   GST_REGISTRY gstregistrychunks.c:626:gst_registry_chunks_load_feature: Element factory : npadtemplates=2
0:00:00.024397512  2465 0x14b4370 DEBUG   GST_REGISTRY gstregistrychunks.c:525:gst_registry_chunks_load_pad_template: Reading/casting for GstRegistryChunkPadTemplate at address 0x14cfcf8
0:00:00.024403221  2465 0x14b4370 DEBUG   GST_REGISTRY gstregistrychunks.c:539:gst_registry_chunks_load_pad_template: Added pad_template sink
0:00:00.024408889  2465 0x14b4370 DEBUG   GST_REGISTRY gstregistrychunks.c:525:gst_registry_chunks_load_pad_template: Reading/casting for GstRegistryChunkPadTemplate at address 0x14cfd10
0:00:00.024414259  2465 0x14b4370 DEBUG   GST_REGISTRY gstregistrychunks.c:539:gst_registry_chunks_load_pad_template: Added pad_template src
0:00:00.024424781  2465 0x14b4370 DEBUG   GST_REGISTRY gstregistry.c:580:gst_registry_add_feature: replacing existing feature 0x14d1660 (valve)
0:00:00.024432674  2465 0x14b4370 DEBUG   GST_REGISTRY gstregistry.c:589:gst_registry_add_feature: adding feature 0x14cf120 (valve)
0:00:00.024438296  2465 0x14b4370 TRACE   GST_REFCOUNTING gstobject.c:788:gst_object_unparent: unparent
0:00:00.024451334  2465 0x14b4370 TRACE   GST_REFCOUNTING gstobject.c:264:gst_object_unref: 0x14d1660 unref 1->0
0:00:00.024458084  2465 0x14b4370 TRACE   GST_REFCOUNTING gstobject.c:381:gst_object_dispose: 0x14d1660 dispose
0:00:00.024465019  2465 0x14b4370 TRACE   structure gststructure.c:544:gst_structure_free: free structure 0x14d1830
0:00:00.024471634  2465 0x14b4370 TRACE   GST_REFCOUNTING gstminiobject.c:721:gst_mini_object_replace: replace (nil) (0) with (nil) (0)
0:00:00.024478522  2465 0x14b4370 TRACE   GST_REFCOUNTING gstminiobject.c:721:gst_mini_object_replace: replace (nil) (0) with (nil) (0)
0:00:00.024488110  2465 0x14b4370 DEBUG   GST_PLUGIN_LOADING gstpluginfeature.c:67:gst_plugin_feature_finalize: finalizing feature 0x14d1660: 'valve'
0:00:00.024495524  2465 0x14b4370 TRACE   GST_REFCOUNTING gstobject.c:423:gst_object_finalize: 0x14d1660 finalize
0:00:00.024502884  2465 0x14b4370 DEBUG   GST_REFCOUNTING gstobject.c:708:gst_object_set_parent: set parent (ref and sink)
0:00:00.024510028  2465 0x14b4370 TRACE   GST_REFCOUNTING gstobject.c:292:gst_object_ref_sink: 0x14cf120 ref_sink 1->2
0:00:00.024516476  2465 0x14b4370 LOG   GST_REGISTRY gstregistry.c:607:gst_registry_add_feature: emitting feature-added for valve
0:00:00.024523093  2465 0x14b4370 DEBUG   GST_REGISTRY gstregistrychunks.c:740:gst_registry_chunks_load_feature: Added feature valve, plugin 0x14d6ae0 coreelements
0:00:00.024529687  2465 0x14b4370 DEBUG   GST_REGISTRY gstregistrychunks.c:582:gst_registry_chunks_load_feature: Plugin 'coreelements' feature 'multiqueue' typename : 'GstElementFactory'
0:00:00.024538017  2465 0x14b4370 TRACE   GST_REFCOUNTING gstobject.c:208:gst_object_init: 0x14cf840 new
0:00:00.024548779  2465 0x14b4370 LOG   GST_REGISTRY gstregistrychunks.c:609:gst_registry_chunks_load_feature: Reading/casting for GstRegistryChunkElementFactory at address 0x14cfd40
0:00:00.024556745  2465 0x14b4370 TRACE   structure gststructure.c:287:gst_structure_new_id_empty_with_size: created structure 0x14d6c10
0:00:00.024562774  2465 0x14b4370 DEBUG   structure gststructure.c:2203:gst_structure_parse_field: trying field name 'long-name'
0:00:00.024568052  2465 0x14b4370 DEBUG   default gstvalue.c:2676:_priv_gst_value_parse_value: trying type name 'string'
0:00:00.024574361  2465 0x14b4370 DEBUG   structure gststructure.c:2203:gst_structure_parse_field: trying field name 'klass'
0:00:00.024579281  2465 0x14b4370 DEBUG   default gstvalue.c:2676:_priv_gst_value_parse_value: trying type name 'string'
0:00:00.024585348  2465 0x14b4370 DEBUG   structure gststructure.c:2203:gst_structure_parse_field: trying field name 'description'
0:00:00.024590653  2465 0x14b4370 DEBUG   default gstvalue.c:2676:_priv_gst_value_parse_value: trying type name 'string'
0:00:00.024600153  2465 0x14b4370 DEBUG   structure gststructure.c:2203:gst_structure_parse_field: trying field name 'author'
0:00:00.024606625  2465 0x14b4370 DEBUG   default gstvalue.c:2676:_priv_gst_value_parse_value: trying type name 'string'
0:00:00.024618295  2465 0x14b4370 DEBUG   GST_REGISTRY gstregistrychunks.c:626:gst_registry_chunks_load_feature: Element factory : npadtemplates=2
0:00:00.024623931  2465 0x14b4370 DEBUG   GST_REGISTRY gstregistrychunks.c:525:gst_registry_chunks_load_pad_template: Reading/casting for GstRegistryChunkPadTemplate at address 0x14cfe00
0:00:00.024629574  2465 0x14b4370 DEBUG   GST_REGISTRY gstregistrychunks.c:539:gst_registry_chunks_load_pad_template: Added pad_template src_%u
0:00:00.024635025  2465 0x14b4370 DEBUG   GST_REGISTRY gstregistrychunks.c:525:gst_registry_chunks_load_pad_template: Reading/casting for GstRegistryChunkPadTemplate at address 0x14cfe18
0:00:00.024640522  2465 0x14b4370 DEBUG   GST_REGISTRY gstregistrychunks.c:539:gst_registry_chunks_load_pad_template: Added pad_template sink_%u
0:00:00.024648370  2465 0x14b4370 DEBUG   GST_REGISTRY gstregistry.c:580:gst_registry_add_feature: replacing existing feature 0x14d1960 (multiqueue)
0:00:00.024658711  2465 0x14b4370 DEBUG   GST_REGISTRY gstregistry.c:589:gst_registry_add_feature: adding feature 0x14cf840 (multiqueue)
0:00:00.024665549  2465 0x14b4370 TRACE   GST_REFCOUNTING gstobject.c:788:gst_object_unparent: unparent
0:00:00.024672991  2465 0x14b4370 TRACE   GST_REFCOUNTING gstobject.c:264:gst_object_unref: 0x14d1960 unref 1->0
0:00:00.024679694  2465 0x14b4370 TRACE   GST_REFCOUNTING gstobject.c:381:gst_object_dispose: 0x14d1960 dispose
0:00:00.024686310  2465 0x14b4370 TRACE   structure gststructure.c:544:gst_structure_free: free structure 0x14d1a50
0:00:00.024692968  2465 0x14b4370 TRACE   GST_REFCOUNTING gstminiobject.c:721:gst_mini_object_replace: replace (nil) (0) with (nil) (0)
0:00:00.024699683  2465 0x14b4370 TRACE   GST_REFCOUNTING gstminiobject.c:721:gst_mini_object_replace: replace (nil) (0) with (nil) (0)
0:00:00.024706440  2465 0x14b4370 DEBUG   GST_PLUGIN_LOADING gstpluginfeature.c:67:gst_plugin_feature_finalize: finalizing feature 0x14d1960: 'multiqueue'
0:00:00.024715535  2465 0x14b4370 TRACE   GST_REFCOUNTING gstobject.c:423:gst_object_finalize: 0x14d1960 finalize
