0:00:00.007306585  2465 0x14b4370 LOG   GST_REGISTRY gstregistry.c:1299:gst_registry_scan_path_level: file /home/conan/w/prod/BuildSingleReference/.conan/data/gstreamer/1.18.3/_/_/package/79b6a76dab3879a2afba8d14ba028b620dd3f25b/lib/gstreamer-1.0/libgstcoretracers.so looks like a possible module
0:00:00.007316421  2465 0x14b4370 DEBUG   GST_REGISTRY gstregistry.c:1360:gst_registry_scan_path_level: file /home/conan/w/prod/BuildSingleReference/.conan/data/gstreamer/1.18.3/_/_/package/79b6a76dab3879a2afba8d14ba028b620dd3f25b/lib/gstreamer-1.0/libgstcoretracers.so not yet in registry
0:00:00.007322951  2465 0x14b4370 DEBUG   GST_REGISTRY gstregistry.c:1172:gst_registry_scan_plugin_file: Using scan-helper to load plugin /home/conan/w/prod/BuildSingleReference/.conan/data/gstreamer/1.18.3/_/_/package/79b6a76dab3879a2afba8d14ba028b620dd3f25b/lib/gstreamer-1.0/libgstcoretracers.so
0:00:00.007330085  2465 0x14b4370 LOG   GST_PLUGIN_LOADING gstpluginloader.c:235:plugin_loader_load: Sending file /home/conan/w/prod/BuildSingleReference/.conan/data/gstreamer/1.18.3/_/_/package/79b6a76dab3879a2afba8d14ba028b620dd3f25b/lib/gstreamer-1.0/libgstcoretracers.so to child. tag 2
0:00:00.002682066  2466 0x19a5320 TRACE   GST_REFCOUNTING gstobject.c:208:gst_object_init: 0x19bee90 new
0:00:00.007340562  2465 0x14b4370 DEBUG   GST_POLL gstpoll.c:979:gst_poll_fd_ctl_write: 0x14cdb40: fd (fd:7, idx:1), active : 1
0:00:00.007348556  2465 0x14b4370 LOG   GST_POLL gstpoll.c:994:gst_poll_fd_ctl_write: 0x14cdb40: pfd->events now 60 (POLLOUT:4)
0:00:00.007360592  2465 0x14b4370 DEBUG   GST_POLL gstpoll.c:1414:gst_poll_wait: 0x14cdb40: timeout :0:00:01.000000000
0:00:00.007379334  2465 0x14b4370 LOG   GST_PLUGIN_LOADING gstpluginloader.c:1027:exchange_packets: Poll res = 1. 173 bytes pending for write
0:00:00.002727210  2466 0x19a5320 LOG   GST_PLUGIN_LOADING gstplugin.c:889:_priv_gst_plugin_load_file_for_registry: Plugin 0x19bee90 for file "/home/conan/w/prod/BuildSingleReference/.conan/data/gstreamer/1.18.3/_/_/package/79b6a76dab3879a2afba8d14ba028b620dd3f25b/lib/gstreamer-1.0/libgstcoretracers.so" prepared, calling entry function...
0:00:00.007385955  2465 0x14b4370 DEBUG   GST_POLL gstpoll.c:1241:gst_poll_fd_has_error: 0x14cdb40: fd (fd:8, idx:2) 0
0:00:00.007392264  2465 0x14b4370 DEBUG   GST_POLL gstpoll.c:1266:gst_poll_fd_can_read_unlocked: 0x14cdb40: fd (fd:8, idx:2) 0
0:00:00.002740627  2466 0x19a5320 LOG   GST_PLUGIN_LOADING gstplugin.c:896:_priv_gst_plugin_load_file_for_registry: Plugin 0x19bee90 for file "/home/conan/w/prod/BuildSingleReference/.conan/data/gstreamer/1.18.3/_/_/package/79b6a76dab3879a2afba8d14ba028b620dd3f25b/lib/gstreamer-1.0/libgstcoretracers.so" prepared, registering...
0:00:00.007401207  2465 0x14b4370 DEBUG   GST_POLL gstpoll.c:1195:gst_poll_fd_has_closed: 0x14cdb40: fd (fd:8, idx:2) 0
0:00:00.002750584  2466 0x19a5320 LOG   GST_PLUGIN_LOADING gstplugin.c:514:gst_plugin_register_func: plugin "/home/conan/w/prod/BuildSingleReference/.conan/data/gstreamer/1.18.3/_/_/package/79b6a76dab3879a2afba8d14ba028b620dd3f25b/lib/gstreamer-1.0/libgstcoretracers.so" looks good
0:00:00.007408250  2465 0x14b4370 DEBUG   GST_POLL gstpoll.c:1241:gst_poll_fd_has_error: 0x14cdb40: fd (fd:7, idx:1) 0
0:00:00.007414761  2465 0x14b4370 DEBUG   GST_POLL gstpoll.c:1335:gst_poll_fd_can_write: 0x14cdb40: fd (fd:7, idx:1) 1
0:00:00.007420377  2465 0x14b4370 LOG   GST_PLUGIN_LOADING gstpluginloader.c:690:write_one: Writing packet of size 173 bytes to fd 7
0:00:00.007428118  2465 0x14b4370 DEBUG   GST_POLL gstpoll.c:979:gst_poll_fd_ctl_write: 0x14cdb40: fd (fd:7, idx:1), active : 0
0:00:00.002775476  2466 0x19a5320 TRACE   GST_REFCOUNTING gstobject.c:208:gst_object_init: 0x19bf170 new
0:00:00.007433741  2465 0x14b4370 LOG   GST_POLL gstpoll.c:994:gst_poll_fd_ctl_write: 0x14cdb40: pfd->events now 56 (POLLOUT:4)
0:00:00.002787182  2466 0x19a5320 DEBUG   GST_TRACER gsttracer.c:169:gst_tracer_register: new tracer factory for latency
0:00:00.007449522  2465 0x14b4370 LOG   GST_REGISTRY gstregistry.c:1299:gst_registry_scan_path_level: file /home/conan/w/prod/BuildSingleReference/.conan/data/gstreamer/1.18.3/_/_/package/79b6a76dab3879a2afba8d14ba028b620dd3f25b/lib/gstreamer-1.0/libgstcoreelements.so looks like a possible module
0:00:00.002797224  2466 0x19a5320 DEBUG   GST_TRACER gsttracer.c:176:gst_tracer_register: tracer factory for 26986224:GstLatencyTracer
0:00:00.007459079  2465 0x14b4370 DEBUG   GST_REGISTRY gstregistry.c:1360:gst_registry_scan_path_level: file /home/conan/w/prod/BuildSingleReference/.conan/data/gstreamer/1.18.3/_/_/package/79b6a76dab3879a2afba8d14ba028b620dd3f25b/lib/gstreamer-1.0/libgstcoreelements.so not yet in registry
0:00:00.002809032  2466 0x19a5320 DEBUG   GST_REGISTRY gstregistry.c:589:gst_registry_add_feature: adding feature 0x19bf170 (latency)
0:00:00.007472117  2465 0x14b4370 DEBUG   GST_REGISTRY gstregistry.c:1172:gst_registry_scan_plugin_file: Using scan-helper to load plugin /home/conan/w/prod/BuildSingleReference/.conan/data/gstreamer/1.18.3/_/_/package/79b6a76dab3879a2afba8d14ba028b620dd3f25b/lib/gstreamer-1.0/libgstcoreelements.so
0:00:00.002823467  2466 0x19a5320 DEBUG   GST_REFCOUNTING gstobject.c:708:gst_object_set_parent: set parent (ref and sink)
0:00:00.007479978  2465 0x14b4370 LOG   GST_PLUGIN_LOADING gstpluginloader.c:235:plugin_loader_load: Sending file /home/conan/w/prod/BuildSingleReference/.conan/data/gstreamer/1.18.3/_/_/package/79b6a76dab3879a2afba8d14ba028b620dd3f25b/lib/gstreamer-1.0/libgstcoreelements.so to child. tag 3
0:00:00.002832861  2466 0x19a5320 TRACE   GST_REFCOUNTING gstobject.c:292:gst_object_ref_sink: 0x19bf170 ref_sink 1->2
0:00:00.007487556  2465 0x14b4370 DEBUG   GST_POLL gstpoll.c:979:gst_poll_fd_ctl_write: 0x14cdb40: fd (fd:7, idx:1), active : 1
0:00:00.002840706  2466 0x19a5320 LOG   GST_REGISTRY gstregistry.c:607:gst_registry_add_feature: emitting feature-added for latency
0:00:00.007495212  2465 0x14b4370 LOG   GST_POLL gstpoll.c:994:gst_poll_fd_ctl_write: 0x14cdb40: pfd->events now 60 (POLLOUT:4)
0:00:00.007502814  2465 0x14b4370 DEBUG   GST_POLL gstpoll.c:1414:gst_poll_wait: 0x14cdb40: timeout :0:00:01.000000000
0:00:00.002857183  2466 0x19a5320 TRACE   GST_REFCOUNTING gstobject.c:208:gst_object_init: 0x19bf660 new
0:00:00.007511847  2465 0x14b4370 LOG   GST_PLUGIN_LOADING gstpluginloader.c:1027:exchange_packets: Poll res = 1. 174 bytes pending for write
0:00:00.007520674  2465 0x14b4370 DEBUG   GST_POLL gstpoll.c:1241:gst_poll_fd_has_error: 0x14cdb40: fd (fd:8, idx:2) 0
0:00:00.002867554  2466 0x19a5320 DEBUG   GST_TRACER gsttracer.c:169:gst_tracer_register: new tracer factory for log
0:00:00.007526977  2465 0x14b4370 DEBUG   GST_POLL gstpoll.c:1266:gst_poll_fd_can_read_unlocked: 0x14cdb40: fd (fd:8, idx:2) 0
0:00:00.002878321  2466 0x19a5320 DEBUG   GST_TRACER gsttracer.c:176:gst_tracer_register: tracer factory for 26997952:GstLogTracer
0:00:00.007533263  2465 0x14b4370 DEBUG   GST_POLL gstpoll.c:1195:gst_poll_fd_has_closed: 0x14cdb40: fd (fd:8, idx:2) 0
0:00:00.007539783  2465 0x14b4370 DEBUG   GST_POLL gstpoll.c:1241:gst_poll_fd_has_error: 0x14cdb40: fd (fd:7, idx:1) 0
0:00:00.002886953  2466 0x19a5320 DEBUG   GST_REGISTRY gstregistry.c:589:gst_registry_add_feature: adding feature 0x19bf660 (log)
0:00:00.007545464  2465 0x14b4370 DEBUG   GST_POLL gstpoll.c:1335:gst_poll_fd_can_write: 0x14cdb40: fd (fd:7, idx:1) 1
0:00:00.002896967  2466 0x19a5320 DEBUG   GST_REFCOUNTING gstobject.c:708:gst_object_set_parent: set parent (ref and sink)
0:00:00.007551251  2465 0x14b4370 LOG   GST_PLUGIN_LOADING gstpluginloader.c:690:write_one: Writing packet of size 174 bytes to fd 7
0:00:00.002906211  2466 0x19a5320 TRACE   GST_REFCOUNTING gstobject.c:292:gst_object_ref_sink: 0x19bf660 ref_sink 1->2
0:00:00.002914322  2466 0x19a5320 LOG   GST_REGISTRY gstregistry.c:607:gst_registry_add_feature: emitting feature-added for log
0:00:00.007566773  2465 0x14b4370 DEBUG   GST_POLL gstpoll.c:979:gst_poll_fd_ctl_write: 0x14cdb40: fd (fd:7, idx:1), active : 0
0:00:00.007576749  2465 0x14b4370 LOG   GST_POLL gstpoll.c:994:gst_poll_fd_ctl_write: 0x14cdb40: pfd->events now 56 (POLLOUT:4)
0:00:00.002927677  2466 0x19a5320 TRACE   GST_REFCOUNTING gstobject.c:208:gst_object_init: 0x19bf870 new
0:00:00.007588699  2465 0x14b4370 DEBUG   GST_REGISTRY gstregistry.c:1383:gst_registry_scan_path_internal: registry changed in path /home/conan/w/prod/BuildSingleReference/.conan/data/gstreamer/1.18.3/_/_/package/79b6a76dab3879a2afba8d14ba028b620dd3f25b/lib/gstreamer-1.0: 0
0:00:00.002937121  2466 0x19a5320 DEBUG   GST_TRACER gsttracer.c:169:gst_tracer_register: new tracer factory for rusage
0:00:00.002946494  2466 0x19a5320 DEBUG   GST_TRACER gsttracer.c:176:gst_tracer_register: tracer factory for 26998560:GstRUsageTracer
0:00:00.007600992  2465 0x14b4370 DEBUG   GST_POLL gstpoll.c:979:gst_poll_fd_ctl_write: 0x14cdb40: fd (fd:7, idx:1), active : 1
0:00:00.002953800  2466 0x19a5320 DEBUG   GST_REGISTRY gstregistry.c:589:gst_registry_add_feature: adding feature 0x19bf870 (rusage)
0:00:00.007607626  2465 0x14b4370 LOG   GST_POLL gstpoll.c:994:gst_poll_fd_ctl_write: 0x14cdb40: pfd->events now 60 (POLLOUT:4)
0:00:00.002962334  2466 0x19a5320 DEBUG   GST_REFCOUNTING gstobject.c:708:gst_object_set_parent: set parent (ref and sink)
0:00:00.007619604  2465 0x14b4370 DEBUG   GST_POLL gstpoll.c:1414:gst_poll_wait: 0x14cdb40: timeout :0:00:01.000000000
0:00:00.002971589  2466 0x19a5320 TRACE   GST_REFCOUNTING gstobject.c:292:gst_object_ref_sink: 0x19bf870 ref_sink 1->2
0:00:00.007628265  2465 0x14b4370 LOG   GST_PLUGIN_LOADING gstpluginloader.c:1027:exchange_packets: Poll res = 1. 12 bytes pending for write
0:00:00.002978999  2466 0x19a5320 LOG   GST_REGISTRY gstregistry.c:607:gst_registry_add_feature: emitting feature-added for rusage
0:00:00.007635368  2465 0x14b4370 DEBUG   GST_POLL gstpoll.c:1241:gst_poll_fd_has_error: 0x14cdb40: fd (fd:8, idx:2) 0
0:00:00.007641675  2465 0x14b4370 DEBUG   GST_POLL gstpoll.c:1266:gst_poll_fd_can_read_unlocked: 0x14cdb40: fd (fd:8, idx:2) 0
0:00:00.002992734  2466 0x19a5320 TRACE   GST_REFCOUNTING gstobject.c:208:gst_object_init: 0x19bfb40 new
0:00:00.007647114  2465 0x14b4370 DEBUG   GST_POLL gstpoll.c:1195:gst_poll_fd_has_closed: 0x14cdb40: fd (fd:8, idx:2) 0
0:00:00.007654584  2465 0x14b4370 DEBUG   GST_POLL gstpoll.c:1241:gst_poll_fd_has_error: 0x14cdb40: fd (fd:7, idx:1) 0
0:00:00.003002555  2466 0x19a5320 DEBUG   GST_TRACER gsttracer.c:169:gst_tracer_register: new tracer factory for stats
0:00:00.007660145  2465 0x14b4370 DEBUG   GST_POLL gstpoll.c:1335:gst_poll_fd_can_write: 0x14cdb40: fd (fd:7, idx:1) 1
0:00:00.003017090  2466 0x19a5320 DEBUG   GST_TRACER gsttracer.c:176:gst_tracer_register: tracer factory for 26999168:GstStatsTracer
0:00:00.007671930  2465 0x14b4370 LOG   GST_PLUGIN_LOADING gstpluginloader.c:690:write_one: Writing packet of size 12 bytes to fd 7
0:00:00.003025546  2466 0x19a5320 DEBUG   GST_REGISTRY gstregistry.c:589:gst_registry_add_feature: adding feature 0x19bfb40 (stats)
0:00:00.007681201  2465 0x14b4370 DEBUG   GST_POLL gstpoll.c:979:gst_poll_fd_ctl_write: 0x14cdb40: fd (fd:7, idx:1), active : 0
0:00:00.007687883  2465 0x14b4370 LOG   GST_POLL gstpoll.c:994:gst_poll_fd_ctl_write: 0x14cdb40: pfd->events now 56 (POLLOUT:4)
0:00:00.003034324  2466 0x19a5320 DEBUG   GST_REFCOUNTING gstobject.c:708:gst_object_set_parent: set parent (ref and sink)
0:00:00.007694753  2465 0x14b4370 DEBUG   GST_POLL gstpoll.c:1414:gst_poll_wait: 0x14cdb40: timeout :0:00:01.000000000
0:00:00.003044818  2466 0x19a5320 TRACE   GST_REFCOUNTING gstobject.c:292:gst_object_ref_sink: 0x19bfb40 ref_sink 1->2
0:00:00.003052626  2466 0x19a5320 LOG   GST_REGISTRY gstregistry.c:607:gst_registry_add_feature: emitting feature-added for stats
0:00:00.003065540  2466 0x19a5320 TRACE   GST_REFCOUNTING gstobject.c:208:gst_object_init: 0x19bfd90 new
0:00:00.003078062  2466 0x19a5320 DEBUG   GST_TRACER gsttracer.c:169:gst_tracer_register: new tracer factory for leaks
0:00:00.003085972  2466 0x19a5320 DEBUG   GST_TRACER gsttracer.c:176:gst_tracer_register: tracer factory for 26999840:GstLeaksTracer
0:00:00.003096266  2466 0x19a5320 DEBUG   GST_REGISTRY gstregistry.c:589:gst_registry_add_feature: adding feature 0x19bfd90 (leaks)
0:00:00.003103047  2466 0x19a5320 DEBUG   GST_REFCOUNTING gstobject.c:708:gst_object_set_parent: set parent (ref and sink)
0:00:00.003110207  2466 0x19a5320 TRACE   GST_REFCOUNTING gstobject.c:292:gst_object_ref_sink: 0x19bfd90 ref_sink 1->2
0:00:00.003116949  2466 0x19a5320 LOG   GST_REGISTRY gstregistry.c:607:gst_registry_add_feature: emitting feature-added for leaks
0:00:00.003123491  2466 0x19a5320 LOG   GST_PLUGIN_LOADING gstplugin.c:541:gst_plugin_register_func: plugin "/home/conan/w/prod/BuildSingleReference/.conan/data/gstreamer/1.18.3/_/_/package/79b6a76dab3879a2afba8d14ba028b620dd3f25b/lib/gstreamer-1.0/libgstcoretracers.so" initialised
0:00:00.003131261  2466 0x19a5320 INFO   GST_PLUGIN_LOADING gstplugin.c:915:_priv_gst_plugin_load_file_for_registry: plugin "/home/conan/w/prod/BuildSingleReference/.conan/data/gstreamer/1.18.3/_/_/package/79b6a76dab3879a2afba8d14ba028b620dd3f25b/lib/gstreamer-1.0/libgstcoretracers.so" loaded
0:00:00.003138066  2466 0x19a5320 TRACE   GST_REFCOUNTING gstobject.c:237:gst_object_ref: 0x19bee90 ref 1->2
0:00:00.003149381  2466 0x19a5320 DEBUG   GST_REGISTRY gstregistry.c:473:gst_registry_add_plugin: adding plugin 0x19bee90 for filename "/home/conan/w/prod/BuildSingleReference/.conan/data/gstreamer/1.18.3/_/_/package/79b6a76dab3879a2afba8d14ba028b620dd3f25b/lib/gstreamer-1.0/libgstcoretracers.so"
0:00:00.003163327  2466 0x19a5320 TRACE   GST_REFCOUNTING gstobject.c:292:gst_object_ref_sink: 0x19bee90 ref_sink 2->3
0:00:00.003171087  2466 0x19a5320 LOG   GST_REGISTRY gstregistry.c:486:gst_registry_add_plugin: emitting plugin-added for filename "/home/conan/w/prod/BuildSingleReference/.conan/data/gstreamer/1.18.3/_/_/package/79b6a76dab3879a2afba8d14ba028b620dd3f25b/lib/gstreamer-1.0/libgstcoretracers.so"
0:00:00.003179248  2466 0x19a5320 TRACE   GST_REFCOUNTING gstobject.c:237:gst_object_ref: 0x19bfd90 ref 1->2
0:00:00.003186226  2466 0x19a5320 TRACE   GST_REFCOUNTING gstobject.c:237:gst_object_ref: 0x19bfb40 ref 1->2
0:00:00.003211934  2466 0x19a5320 TRACE   GST_REFCOUNTING gstobject.c:237:gst_object_ref: 0x19bf870 ref 1->2
0:00:00.003220294  2466 0x19a5320 TRACE   GST_REFCOUNTING gstobject.c:237:gst_object_ref: 0x19bf660 ref 1->2
0:00:00.003230338  2466 0x19a5320 TRACE   GST_REFCOUNTING gstobject.c:237:gst_object_ref: 0x19bf170 ref 1->2
0:00:00.003248094  2466 0x19a5320 TRACE   GST_REFCOUNTING gstobject.c:264:gst_object_unref: 0x19bf170 unref 2->1
0:00:00.003256010  2466 0x19a5320 TRACE   GST_REFCOUNTING gstobject.c:264:gst_object_unref: 0x19bf660 unref 2->1
0:00:00.003262668  2466 0x19a5320 TRACE   GST_REFCOUNTING gstobject.c:264:gst_object_unref: 0x19bf870 unref 2->1
0:00:00.003269085  2466 0x19a5320 TRACE   GST_REFCOUNTING gstobject.c:264:gst_object_unref: 0x19bfb40 unref 2->1
0:00:00.003275251  2466 0x19a5320 TRACE   GST_REFCOUNTING gstobject.c:264:gst_object_unref: 0x19bfd90 unref 2->1
0:00:00.003284960  2466 0x19a5320 DEBUG   GST_REGISTRY gstregistrychunks.c:497:_priv_gst_registry_chunks_save_plugin: Found 5 features in plugin 0x19bee90 (coretracers)
0:00:00.003295271  2466 0x19a5320 DEBUG   GST_POLL gstpoll.c:979:gst_poll_fd_ctl_write: 0x19ad820: fd (fd:0, idx:1), active : 1
0:00:00.003302694  2466 0x19a5320 LOG   GST_POLL gstpoll.c:994:gst_poll_fd_ctl_write: 0x19ad820: pfd->events now 60 (POLLOUT:4)
0:00:00.003309679  2466 0x19a5320 DEBUG   GST_POLL gstpoll.c:979:gst_poll_fd_ctl_write: 0x19ad820: fd (fd:0, idx:1), active : 1
0:00:00.003315607  2466 0x19a5320 LOG   GST_POLL gstpoll.c:994:gst_poll_fd_ctl_write: 0x19ad820: pfd->events now 60 (POLLOUT:4)
0:00:00.003322616  2466 0x19a5320 DEBUG   GST_POLL gstpoll.c:979:gst_poll_fd_ctl_write: 0x19ad820: fd (fd:0, idx:1), active : 1
0:00:00.003328535  2466 0x19a5320 LOG   GST_POLL gstpoll.c:994:gst_poll_fd_ctl_write: 0x19ad820: pfd->events now 60 (POLLOUT:4)
0:00:00.003357162  2466 0x19a5320 DEBUG   GST_POLL gstpoll.c:979:gst_poll_fd_ctl_write: 0x19ad820: fd (fd:0, idx:1), active : 1
0:00:00.003366392  2466 0x19a5320 LOG   GST_POLL gstpoll.c:994:gst_poll_fd_ctl_write: 0x19ad820: pfd->events now 60 (POLLOUT:4)
0:00:00.003373763  2466 0x19a5320 DEBUG   GST_POLL gstpoll.c:979:gst_poll_fd_ctl_write: 0x19ad820: fd (fd:0, idx:1), active : 1
0:00:00.003384866  2466 0x19a5320 LOG   GST_POLL gstpoll.c:994:gst_poll_fd_ctl_write: 0x19ad820: pfd->events now 60 (POLLOUT:4)
0:00:00.003391329  2466 0x19a5320 DEBUG   GST_POLL gstpoll.c:979:gst_poll_fd_ctl_write: 0x19ad820: fd (fd:0, idx:1), active : 1
0:00:00.003396988  2466 0x19a5320 LOG   GST_POLL gstpoll.c:994:gst_poll_fd_ctl_write: 0x19ad820: pfd->events now 60 (POLLOUT:4)
0:00:00.003402968  2466 0x19a5320 DEBUG   GST_POLL gstpoll.c:979:gst_poll_fd_ctl_write: 0x19ad820: fd (fd:0, idx:1), active : 1
0:00:00.003408577  2466 0x19a5320 LOG   GST_POLL gstpoll.c:994:gst_poll_fd_ctl_write: 0x19ad820: pfd->events now 60 (POLLOUT:4)
0:00:00.003414522  2466 0x19a5320 DEBUG   GST_POLL gstpoll.c:979:gst_poll_fd_ctl_write: 0x19ad820: fd (fd:0, idx:1), active : 1
0:00:00.003422983  2466 0x19a5320 LOG   GST_POLL gstpoll.c:994:gst_poll_fd_ctl_write: 0x19ad820: pfd->events now 60 (POLLOUT:4)
0:00:00.003429965  2466 0x19a5320 DEBUG   GST_POLL gstpoll.c:979:gst_poll_fd_ctl_write: 0x19ad820: fd (fd:0, idx:1), active : 1
0:00:00.003436445  2466 0x19a5320 LOG   GST_POLL gstpoll.c:994:gst_poll_fd_ctl_write: 0x19ad820: pfd->events now 60 (POLLOUT:4)
0:00:00.003444778  2466 0x19a5320 DEBUG   GST_POLL gstpoll.c:979:gst_poll_fd_ctl_write: 0x19ad820: fd (fd:0, idx:1), active : 1
0:00:00.003450443  2466 0x19a5320 LOG   GST_POLL gstpoll.c:994:gst_poll_fd_ctl_write: 0x19ad820: pfd->events now 60 (POLLOUT:4)
0:00:00.003456407  2466 0x19a5320 DEBUG   GST_POLL gstpoll.c:979:gst_poll_fd_ctl_write: 0x19ad820: fd (fd:0, idx:1), active : 1
0:00:00.003461825  2466 0x19a5320 LOG   GST_POLL gstpoll.c:994:gst_poll_fd_ctl_write: 0x19ad820: pfd->events now 60 (POLLOUT:4)
0:00:00.003467710  2466 0x19a5320 DEBUG   GST_POLL gstpoll.c:979:gst_poll_fd_ctl_write: 0x19ad820: fd (fd:0, idx:1), active : 1
0:00:00.003476138  2466 0x19a5320 LOG   GST_POLL gstpoll.c:994:gst_poll_fd_ctl_write: 0x19ad820: pfd->events now 60 (POLLOUT:4)
0:00:00.003483303  2466 0x19a5320 DEBUG   GST_POLL gstpoll.c:979:gst_poll_fd_ctl_write: 0x19ad820: fd (fd:0, idx:1), active : 1
0:00:00.003489282  2466 0x19a5320 LOG   GST_POLL gstpoll.c:994:gst_poll_fd_ctl_write: 0x19ad820: pfd->events now 60 (POLLOUT:4)
0:00:00.003495578  2466 0x19a5320 DEBUG   GST_POLL gstpoll.c:979:gst_poll_fd_ctl_write: 0x19ad820: fd (fd:0, idx:1), active : 1
0:00:00.003501218  2466 0x19a5320 LOG   GST_POLL gstpoll.c:994:gst_poll_fd_ctl_write: 0x19ad820: pfd->events now 60 (POLLOUT:4)
0:00:00.003507114  2466 0x19a5320 DEBUG   GST_POLL gstpoll.c:979:gst_poll_fd_ctl_write: 0x19ad820: fd (fd:0, idx:1), active : 1
0:00:00.003512677  2466 0x19a5320 LOG   GST_POLL gstpoll.c:994:gst_poll_fd_ctl_write: 0x19ad820: pfd->events now 60 (POLLOUT:4)
0:00:00.003518567  2466 0x19a5320 DEBUG   GST_POLL gstpoll.c:979:gst_poll_fd_ctl_write: 0x19ad820: fd (fd:0, idx:1), active : 1
0:00:00.003527049  2466 0x19a5320 LOG   GST_POLL gstpoll.c:994:gst_poll_fd_ctl_write: 0x19ad820: pfd->events now 60 (POLLOUT:4)
0:00:00.003538586  2466 0x19a5320 DEBUG   GST_POLL gstpoll.c:979:gst_poll_fd_ctl_write: 0x19ad820: fd (fd:0, idx:1), active : 1
0:00:00.003544477  2466 0x19a5320 LOG   GST_POLL gstpoll.c:994:gst_poll_fd_ctl_write: 0x19ad820: pfd->events now 60 (POLLOUT:4)
0:00:00.003550563  2466 0x19a5320 DEBUG   GST_POLL gstpoll.c:979:gst_poll_fd_ctl_write: 0x19ad820: fd (fd:0, idx:1), active : 1
0:00:00.003556256  2466 0x19a5320 LOG   GST_POLL gstpoll.c:994:gst_poll_fd_ctl_write: 0x19ad820: pfd->events now 60 (POLLOUT:4)
0:00:00.003562061  2466 0x19a5320 DEBUG   GST_POLL gstpoll.c:979:gst_poll_fd_ctl_write: 0x19ad820: fd (fd:0, idx:1), active : 1
0:00:00.003567537  2466 0x19a5320 LOG   GST_POLL gstpoll.c:994:gst_poll_fd_ctl_write: 0x19ad820: pfd->events now 60 (POLLOUT:4)
0:00:00.003573371  2466 0x19a5320 DEBUG   GST_POLL gstpoll.c:979:gst_poll_fd_ctl_write: 0x19ad820: fd (fd:0, idx:1), active : 1
0:00:00.003581574  2466 0x19a5320 LOG   GST_POLL gstpoll.c:994:gst_poll_fd_ctl_write: 0x19ad820: pfd->events now 60 (POLLOUT:4)
0:00:00.003588392  2466 0x19a5320 DEBUG   GST_POLL gstpoll.c:979:gst_poll_fd_ctl_write: 0x19ad820: fd (fd:0, idx:1), active : 1
0:00:00.003594068  2466 0x19a5320 LOG   GST_POLL gstpoll.c:994:gst_poll_fd_ctl_write: 0x19ad820: pfd->events now 60 (POLLOUT:4)
0:00:00.003600670  2466 0x19a5320 DEBUG   GST_POLL gstpoll.c:979:gst_poll_fd_ctl_write: 0x19ad820: fd (fd:0, idx:1), active : 1
0:00:00.003607351  2466 0x19a5320 LOG   GST_POLL gstpoll.c:994:gst_poll_fd_ctl_write: 0x19ad820: pfd->events now 60 (POLLOUT:4)
0:00:00.003613167  2466 0x19a5320 DEBUG   GST_POLL gstpoll.c:979:gst_poll_fd_ctl_write: 0x19ad820: fd (fd:0, idx:1), active : 1
0:00:00.003618414  2466 0x19a5320 LOG   GST_POLL gstpoll.c:994:gst_poll_fd_ctl_write: 0x19ad820: pfd->events now 60 (POLLOUT:4)
0:00:00.003624342  2466 0x19a5320 DEBUG   GST_POLL gstpoll.c:979:gst_poll_fd_ctl_write: 0x19ad820: fd (fd:0, idx:1), active : 1
0:00:00.003632394  2466 0x19a5320 LOG   GST_POLL gstpoll.c:994:gst_poll_fd_ctl_write: 0x19ad820: pfd->events now 60 (POLLOUT:4)
0:00:00.003639279  2466 0x19a5320 DEBUG   GST_POLL gstpoll.c:979:gst_poll_fd_ctl_write: 0x19ad820: fd (fd:0, idx:1), active : 1
0:00:00.003644812  2466 0x19a5320 LOG   GST_POLL gstpoll.c:994:gst_poll_fd_ctl_write: 0x19ad820: pfd->events now 60 (POLLOUT:4)
0:00:00.003650646  2466 0x19a5320 DEBUG   GST_POLL gstpoll.c:979:gst_poll_fd_ctl_write: 0x19ad820: fd (fd:0, idx:1), active : 1
0:00:00.003656012  2466 0x19a5320 LOG   GST_POLL gstpoll.c:994:gst_poll_fd_ctl_write: 0x19ad820: pfd->events now 60 (POLLOUT:4)
0:00:00.003661793  2466 0x19a5320 DEBUG   GST_POLL gstpoll.c:979:gst_poll_fd_ctl_write: 0x19ad820: fd (fd:0, idx:1), active : 1
0:00:00.003667000  2466 0x19a5320 LOG   GST_POLL gstpoll.c:994:gst_poll_fd_ctl_write: 0x19ad820: pfd->events now 60 (POLLOUT:4)
0:00:00.003674087  2466 0x19a5320 TRACE   GST_REFCOUNTING gstobject.c:264:gst_object_unref: 0x19bee90 unref 2->1
0:00:00.003689181  2466 0x19a5320 DEBUG   GST_POLL gstpoll.c:1241:gst_poll_fd_has_error: 0x19ad820: fd (fd:0, idx:1) 0
0:00:00.003696558  2466 0x19a5320 DEBUG   GST_POLL gstpoll.c:1335:gst_poll_fd_can_write: 0x19ad820: fd (fd:0, idx:1) 0
0:00:00.003702723  2466 0x19a5320 DEBUG   GST_POLL gstpoll.c:1195:gst_poll_fd_has_closed: 0x19ad820: fd (fd:0, idx:1) 0
0:00:00.003716150  2466 0x19a5320 DEBUG   GST_POLL gstpoll.c:1414:gst_poll_wait: 0x19ad820: timeout :0:00:01.000000000
0:00:00.003726249  2466 0x19a5320 LOG   GST_PLUGIN_LOADING gstpluginloader.c:1027:exchange_packets: Poll res = 2. 488 bytes pending for write
0:00:00.003733230  2466 0x19a5320 DEBUG   GST_POLL gstpoll.c:1241:gst_poll_fd_has_error: 0x19ad820: fd (fd:5, idx:2) 0
0:00:00.003739196  2466 0x19a5320 DEBUG   GST_POLL gstpoll.c:1266:gst_poll_fd_can_read_unlocked: 0x19ad820: fd (fd:5, idx:2) 1
0:00:00.003752444  2466 0x19a5320 DEBUG   GST_PLUGIN_LOADING gstpluginloader.c:722:do_plugin_load: Plugin scanner loading file /home/conan/w/prod/BuildSingleReference/.conan/data/gstreamer/1.18.3/_/_/package/79b6a76dab3879a2afba8d14ba028b620dd3f25b/lib/gstreamer-1.0/libgstcoreelements.so. tag 1
0:00:00.003761452  2466 0x19a5320 DEBUG   GST_PLUGIN_LOADING gstplugin.c:767:_priv_gst_plugin_load_file_for_registry: attempt to load plugin "/home/conan/w/prod/BuildSingleReference/.conan/data/gstreamer/1.18.3/_/_/package/79b6a76dab3879a2afba8d14ba028b620dd3f25b/lib/gstreamer-1.0/libgstcoreelements.so"
0:00:00.004170445  2466 0x19a5320 TRACE   GST_REFCOUNTING gstobject.c:208:gst_object_init: 0x19c1140 new
0:00:00.004209938  2466 0x19a5320 LOG   GST_PLUGIN_LOADING gstplugin.c:889:_priv_gst_plugin_load_file_for_registry: Plugin 0x19c1140 for file "/home/conan/w/prod/BuildSingleReference/.conan/data/gstreamer/1.18.3/_/_/package/79b6a76dab3879a2afba8d14ba028b620dd3f25b/lib/gstreamer-1.0/libgstcoreelements.so" prepared, calling entry function...
0:00:00.004223697  2466 0x19a5320 LOG   GST_PLUGIN_LOADING gstplugin.c:896:_priv_gst_plugin_load_file_for_registry: Plugin 0x19c1140 for file "/home/conan/w/prod/BuildSingleReference/.conan/data/gstreamer/1.18.3/_/_/package/79b6a76dab3879a2afba8d14ba028b620dd3f25b/lib/gstreamer-1.0/libgstcoreelements.so" prepared, registering...
0:00:00.004231147  2466 0x19a5320 LOG   GST_PLUGIN_LOADING gstplugin.c:514:gst_plugin_register_func: plugin "/home/conan/w/prod/BuildSingleReference/.conan/data/gstreamer/1.18.3/_/_/package/79b6a76dab3879a2afba8d14ba028b620dd3f25b/lib/gstreamer-1.0/libgstcoreelements.so" looks good
0:00:00.004263085  2466 0x19a5320 TRACE   GST_REFCOUNTING gstobject.c:208:gst_object_init: 0x19c1590 new
0:00:00.004276946  2466 0x19a5320 LOG   GST_ELEMENT_FACTORY gstelementfactory.c:237:gst_element_register: Created new elementfactory for type GstCapsFilter
0:00:00.004285957  2466 0x19a5320 TRACE   structure gststructure.c:287:gst_structure_new_id_empty_with_size: created structure 0x19c1c40
0:00:00.004292678  2466 0x19a5320 TRACE   GST_PERFORMANCE gststructure.c:508:gst_structure_copy: doing copy 0x19ab9d0 -> 0x19c1c40
0:00:00.004299976  2466 0x19a5320 DEBUG   GST_ELEMENT_PADS gstelement.c:311:gst_element_base_class_init: type GstBaseTransform : factory (nil)
0:00:00.004313398  2466 0x19a5320 DEBUG   basetransform gstbasetransform.c:333:gst_base_transform_class_init: gst_base_transform_class_init
0:00:00.004334150  2466 0x19a5320 TRACE   structure gststructure.c:287:gst_structure_new_id_empty_with_size: created structure 0x19c20b0
0:00:00.004341758  2466 0x19a5320 TRACE   GST_PERFORMANCE gststructure.c:508:gst_structure_copy: doing copy 0x19c1c40 -> 0x19c20b0
0:00:00.004348767  2466 0x19a5320 DEBUG   GST_ELEMENT_PADS gstelement.c:311:gst_element_base_class_init: type GstCapsFilter : factory 0x19c1590
0:00:00.004369953  2466 0x19a5320 TRACE   GST_CAPS gstcaps.c:263:gst_caps_new_empty: created caps 0x19b4990
0:00:00.004376928  2466 0x19a5320 TRACE   GST_CAPS gstcaps.c:442:gst_static_caps_get: created 0x7f99fc993f50 from string ANY
0:00:00.004383722  2466 0x19a5320 TRACE   GST_REFCOUNTING gstminiobject.c:465:gst_mini_object_ref: 0x19b4990 ref 1->2
0:00:00.004412117  2466 0x19a5320 TRACE   GST_REFCOUNTING gstobject.c:208:gst_object_init: 0x19c2a40 new
0:00:00.004427694  2466 0x19a5320 TRACE   GST_REFCOUNTING gstminiobject.c:465:gst_mini_object_ref: 0x19b4990 ref 2->3
0:00:00.004441542  2466 0x19a5320 TRACE   GST_REFCOUNTING gstminiobject.c:647:gst_mini_object_unref: 0x19b4990 unref 3->2
0:00:00.004449681  2466 0x19a5320 TRACE   GST_REFCOUNTING gstobject.c:292:gst_object_ref_sink: 0x19c2a40 ref_sink 1->2
0:00:00.004456545  2466 0x19a5320 TRACE   GST_CAPS gstcaps.c:263:gst_caps_new_empty: created caps 0x19c2480
0:00:00.004462974  2466 0x19a5320 TRACE   GST_CAPS gstcaps.c:442:gst_static_caps_get: created 0x7f99fc993f10 from string ANY
0:00:00.004469422  2466 0x19a5320 TRACE   GST_REFCOUNTING gstminiobject.c:465:gst_mini_object_ref: 0x19c2480 ref 1->2
0:00:00.004478274  2466 0x19a5320 TRACE   GST_REFCOUNTING gstobject.c:208:gst_object_init: 0x19c2c80 new
0:00:00.004490582  2466 0x19a5320 TRACE   GST_REFCOUNTING gstminiobject.c:465:gst_mini_object_ref: 0x19c2480 ref 2->3
0:00:00.004500908  2466 0x19a5320 TRACE   GST_REFCOUNTING gstminiobject.c:647:gst_mini_object_unref: 0x19c2480 unref 3->2
0:00:00.004508589  2466 0x19a5320 TRACE   GST_REFCOUNTING gstobject.c:292:gst_object_ref_sink: 0x19c2c80 ref_sink 1->2
0:00:00.004522359  2466 0x19a5320 TRACE   structure gststructure.c:287:gst_structure_new_id_empty_with_size: created structure 0x19c2ee0
0:00:00.004530223  2466 0x19a5320 TRACE   GST_PERFORMANCE gststructure.c:508:gst_structure_copy: doing copy 0x19c20b0 -> 0x19c2ee0
0:00:00.004540866  2466 0x19a5320 DEBUG   GST_REGISTRY gstregistry.c:589:gst_registry_add_feature: adding feature 0x19c1590 (capsfilter)
0:00:00.004548772  2466 0x19a5320 DEBUG   GST_REFCOUNTING gstobject.c:708:gst_object_set_parent: set parent (ref and sink)
0:00:00.004559120  2466 0x19a5320 TRACE   GST_REFCOUNTING gstobject.c:292:gst_object_ref_sink: 0x19c1590 ref_sink 1->2
0:00:00.004572204  2466 0x19a5320 LOG   GST_REGISTRY gstregistry.c:607:gst_registry_add_feature: emitting feature-added for capsfilter
0:00:00.004586198  2466 0x19a5320 TRACE   GST_REFCOUNTING gstobject.c:208:gst_object_init: 0x19c3280 new
0:00:00.004596616  2466 0x19a5320 LOG   GST_ELEMENT_FACTORY gstelementfactory.c:237:gst_element_register: Created new elementfactory for type GstClockSync
0:00:00.004604130  2466 0x19a5320 TRACE   structure gststructure.c:287:gst_structure_new_id_empty_with_size: created structure 0x19c36b0
0:00:00.004610248  2466 0x19a5320 TRACE   GST_PERFORMANCE gststructure.c:508:gst_structure_copy: doing copy 0x19ab9d0 -> 0x19c36b0
0:00:00.004616902  2466 0x19a5320 DEBUG   GST_ELEMENT_PADS gstelement.c:311:gst_element_base_class_init: type GstClockSync : factory 0x19c3280
0:00:00.004633841  2466 0x19a5320 TRACE   GST_CAPS gstcaps.c:263:gst_caps_new_empty: created caps 0x19c3870
0:00:00.004641756  2466 0x19a5320 TRACE   GST_CAPS gstcaps.c:442:gst_static_caps_get: created 0x7f99fc993fd0 from string ANY
0:00:00.004648250  2466 0x19a5320 TRACE   GST_REFCOUNTING gstminiobject.c:465:gst_mini_object_ref: 0x19c3870 ref 1->2
0:00:00.004657717  2466 0x19a5320 TRACE   GST_REFCOUNTING gstobject.c:208:gst_object_init: 0x19c38f0 new
0:00:00.004666374  2466 0x19a5320 TRACE   GST_REFCOUNTING gstminiobject.c:465:gst_mini_object_ref: 0x19c3870 ref 2->3
0:00:00.004675208  2466 0x19a5320 TRACE   GST_REFCOUNTING gstminiobject.c:647:gst_mini_object_unref: 0x19c3870 unref 3->2
0:00:00.004682699  2466 0x19a5320 TRACE   GST_REFCOUNTING gstobject.c:292:gst_object_ref_sink: 0x19c38f0 ref_sink 1->2
0:00:00.004689167  2466 0x19a5320 TRACE   GST_CAPS gstcaps.c:263:gst_caps_new_empty: created caps 0x19c3170
0:00:00.004698210  2466 0x19a5320 TRACE   GST_CAPS gstcaps.c:442:gst_static_caps_get: created 0x7f99fc993f90 from string ANY
0:00:00.004712901  2466 0x19a5320 TRACE   GST_REFCOUNTING gstminiobject.c:465:gst_mini_object_ref: 0x19c3170 ref 1->2
0:00:00.004722974  2466 0x19a5320 TRACE   GST_REFCOUNTING gstobject.c:208:gst_object_init: 0x19c3bf0 new
0:00:00.004732002  2466 0x19a5320 TRACE   GST_REFCOUNTING gstminiobject.c:465:gst_mini_object_ref: 0x19c3170 ref 2->3
0:00:00.004740774  2466 0x19a5320 TRACE   GST_REFCOUNTING gstminiobject.c:647:gst_mini_object_unref: 0x19c3170 unref 3->2
0:00:00.004748025  2466 0x19a5320 TRACE   GST_REFCOUNTING gstobject.c:292:gst_object_ref_sink: 0x19c3bf0 ref_sink 1->2
0:00:00.004756116  2466 0x19a5320 TRACE   structure gststructure.c:287:gst_structure_new_id_empty_with_size: created structure 0x19c3c90
0:00:00.004766094  2466 0x19a5320 TRACE   GST_PERFORMANCE gststructure.c:508:gst_structure_copy: doing copy 0x19c36b0 -> 0x19c3c90
0:00:00.004780022  2466 0x19a5320 DEBUG   GST_REGISTRY gstregistry.c:589:gst_registry_add_feature: adding feature 0x19c3280 (clocksync)
0:00:00.004791063  2466 0x19a5320 DEBUG   GST_REFCOUNTING gstobject.c:708:gst_object_set_parent: set parent (ref and sink)
0:00:00.004798399  2466 0x19a5320 TRACE   GST_REFCOUNTING gstobject.c:292:gst_object_ref_sink: 0x19c3280 ref_sink 1->2
0:00:00.004804733  2466 0x19a5320 LOG   GST_REGISTRY gstregistry.c:607:gst_registry_add_feature: emitting feature-added for clocksync
0:00:00.004817022  2466 0x19a5320 TRACE   GST_REFCOUNTING gstobject.c:208:gst_object_init: 0x19c4020 new
0:00:00.004830163  2466 0x19a5320 LOG   GST_ELEMENT_FACTORY gstelementfactory.c:237:gst_element_register: Created new elementfactory for type GstConcat
0:00:00.004838786  2466 0x19a5320 TRACE   structure gststructure.c:287:gst_structure_new_id_empty_with_size: created structure 0x19c4450
0:00:00.004844771  2466 0x19a5320 TRACE   GST_PERFORMANCE gststructure.c:508:gst_structure_copy: doing copy 0x19ab9d0 -> 0x19c4450
0:00:00.004851210  2466 0x19a5320 DEBUG   GST_ELEMENT_PADS gstelement.c:311:gst_element_base_class_init: type GstConcat : factory 0x19c4020
0:00:00.004865659  2466 0x19a5320 TRACE   GST_CAPS gstcaps.c:263:gst_caps_new_empty: created caps 0x19c45b0
0:00:00.004871919  2466 0x19a5320 TRACE   GST_CAPS gstcaps.c:442:gst_static_caps_get: created 0x7f99fc994010 from string ANY
0:00:00.004877996  2466 0x19a5320 TRACE   GST_REFCOUNTING gstminiobject.c:465:gst_mini_object_ref: 0x19c45b0 ref 1->2
0:00:00.004886419  2466 0x19a5320 TRACE   GST_REFCOUNTING gstobject.c:208:gst_object_init: 0x19c4730 new
0:00:00.004897875  2466 0x19a5320 TRACE   GST_REFCOUNTING gstminiobject.c:465:gst_mini_object_ref: 0x19c45b0 ref 2->3
0:00:00.004907745  2466 0x19a5320 TRACE   GST_REFCOUNTING gstminiobject.c:647:gst_mini_object_unref: 0x19c45b0 unref 3->2
0:00:00.004915269  2466 0x19a5320 TRACE   GST_REFCOUNTING gstobject.c:292:gst_object_ref_sink: 0x19c4730 ref_sink 1->2
0:00:00.004921586  2466 0x19a5320 TRACE   GST_CAPS gstcaps.c:263:gst_caps_new_empty: created caps 0x19c46a0
0:00:00.004927562  2466 0x19a5320 TRACE   GST_CAPS gstcaps.c:442:gst_static_caps_get: created 0x7f99fc994050 from string ANY
0:00:00.004933545  2466 0x19a5320 TRACE   GST_REFCOUNTING gstminiobject.c:465:gst_mini_object_ref: 0x19c46a0 ref 1->2
0:00:00.004942143  2466 0x19a5320 TRACE   GST_REFCOUNTING gstobject.c:208:gst_object_init: 0x19c47d0 new
0:00:00.004949879  2466 0x19a5320 TRACE   GST_REFCOUNTING gstminiobject.c:465:gst_mini_object_ref: 0x19c46a0 ref 2->3
0:00:00.004961185  2466 0x19a5320 TRACE   GST_REFCOUNTING gstminiobject.c:647:gst_mini_object_unref: 0x19c46a0 unref 3->2
0:00:00.004969514  2466 0x19a5320 TRACE   GST_REFCOUNTING gstobject.c:292:gst_object_ref_sink: 0x19c47d0 ref_sink 1->2
0:00:00.004978774  2466 0x19a5320 TRACE   structure gststructure.c:287:gst_structure_new_id_empty_with_size: created structure 0x19c4960
0:00:00.004990650  2466 0x19a5320 TRACE   GST_PERFORMANCE gststructure.c:508:gst_structure_copy: doing copy 0x19c4450 -> 0x19c4960
0:00:00.005000000  2466 0x19a5320 DEBUG   GST_REGISTRY gstregistry.c:589:gst_registry_add_feature: adding feature 0x19c4020 (concat)
0:00:00.005005742  2466 0x19a5320 DEBUG   GST_REFCOUNTING gstobject.c:708:gst_object_set_parent: set parent (ref and sink)
0:00:00.005012874  2466 0x19a5320 TRACE   GST_REFCOUNTING gstobject.c:292:gst_object_ref_sink: 0x19c4020 ref_sink 1->2
0:00:00.005019694  2466 0x19a5320 LOG   GST_REGISTRY gstregistry.c:607:gst_registry_add_feature: emitting feature-added for concat
0:00:00.005048711  2466 0x19a5320 TRACE   GST_REFCOUNTING gstobject.c:208:gst_object_init: 0x19c4ef0 new
0:00:00.005060260  2466 0x19a5320 LOG   GST_ELEMENT_FACTORY gstelementfactory.c:237:gst_element_register: Created new elementfactory for type GstDataURISrc
0:00:00.005067751  2466 0x19a5320 TRACE   structure gststructure.c:287:gst_structure_new_id_empty_with_size: created structure 0x19c5490
0:00:00.005076166  2466 0x19a5320 TRACE   GST_PERFORMANCE gststructure.c:508:gst_structure_copy: doing copy 0x19ab9d0 -> 0x19c5490
0:00:00.005084026  2466 0x19a5320 DEBUG   GST_ELEMENT_PADS gstelement.c:311:gst_element_base_class_init: type GstBaseSrc : factory (nil)
0:00:00.005116970  2466 0x19a5320 TRACE   structure gststructure.c:287:gst_structure_new_id_empty_with_size: created structure 0x19be210
0:00:00.005123577  2466 0x19a5320 TRACE   GST_PERFORMANCE gststructure.c:508:gst_structure_copy: doing copy 0x19c5490 -> 0x19be210
0:00:00.005130255  2466 0x19a5320 DEBUG   GST_ELEMENT_PADS gstelement.c:311:gst_element_base_class_init: type GstDataURISrc : factory 0x19c4ef0
0:00:00.005139038  2466 0x19a5320 TRACE   GST_CAPS gstcaps.c:263:gst_caps_new_empty: created caps 0x19c6320
0:00:00.005145452  2466 0x19a5320 TRACE   GST_CAPS gstcaps.c:442:gst_static_caps_get: created 0x7f99fc994090 from string ANY
0:00:00.005154260  2466 0x19a5320 TRACE   GST_REFCOUNTING gstminiobject.c:465:gst_mini_object_ref: 0x19c6320 ref 1->2
0:00:00.005164735  2466 0x19a5320 TRACE   GST_REFCOUNTING gstobject.c:208:gst_object_init: 0x19c6370 new
0:00:00.005173487  2466 0x19a5320 TRACE   GST_REFCOUNTING gstminiobject.c:465:gst_mini_object_ref: 0x19c6320 ref 2->3
0:00:00.005182275  2466 0x19a5320 TRACE   GST_REFCOUNTING gstminiobject.c:647:gst_mini_object_unref: 0x19c6320 unref 3->2
0:00:00.005189429  2466 0x19a5320 TRACE   GST_REFCOUNTING gstobject.c:292:gst_object_ref_sink: 0x19c6370 ref_sink 1->2
0:00:00.005230094  2466 0x19a5320 TRACE   structure gststructure.c:287:gst_structure_new_id_empty_with_size: created structure 0x19c6520
0:00:00.005241914  2466 0x19a5320 TRACE   GST_PERFORMANCE gststructure.c:508:gst_structure_copy: doing copy 0x19be210 -> 0x19c6520
0:00:00.005259775  2466 0x19a5320 DEBUG   GST_REGISTRY gstregistry.c:589:gst_registry_add_feature: adding feature 0x19c4ef0 (dataurisrc)
0:00:00.005273327  2466 0x19a5320 DEBUG   GST_REFCOUNTING gstobject.c:708:gst_object_set_parent: set parent (ref and sink)
0:00:00.005280514  2466 0x19a5320 TRACE   GST_REFCOUNTING gstobject.c:292:gst_object_ref_sink: 0x19c4ef0 ref_sink 1->2
0:00:00.005287138  2466 0x19a5320 LOG   GST_REGISTRY gstregistry.c:607:gst_registry_add_feature: emitting feature-added for dataurisrc
0:00:00.005300785  2466 0x19a5320 TRACE   GST_REFCOUNTING gstobject.c:208:gst_object_init: 0x19c69a0 new
0:00:00.005311314  2466 0x19a5320 LOG   GST_ELEMENT_FACTORY gstelementfactory.c:237:gst_element_register: Created new elementfactory for type GstDownloadBuffer
0:00:00.005327882  2466 0x19a5320 TRACE   structure gststructure.c:287:gst_structure_new_id_empty_with_size: created structure 0x19c6ed0
0:00:00.005335102  2466 0x19a5320 TRACE   GST_PERFORMANCE gststructure.c:508:gst_structure_copy: doing copy 0x19ab9d0 -> 0x19c6ed0
0:00:00.005342352  2466 0x19a5320 DEBUG   GST_ELEMENT_PADS gstelement.c:311:gst_element_base_class_init: type GstDownloadBuffer : factory 0x19c69a0
0:00:00.005364828  2466 0x19a5320 TRACE   GST_CAPS gstcaps.c:263:gst_caps_new_empty: created caps 0x19c6c90
0:00:00.005371110  2466 0x19a5320 TRACE   GST_CAPS gstcaps.c:442:gst_static_caps_get: created 0x7f99fc994130 from string ANY
0:00:00.005377631  2466 0x19a5320 TRACE   GST_REFCOUNTING gstminiobject.c:465:gst_mini_object_ref: 0x19c6c90 ref 1->2
0:00:00.005386698  2466 0x19a5320 TRACE   GST_REFCOUNTING gstobject.c:208:gst_object_init: 0x19c6b10 new
0:00:00.005398449  2466 0x19a5320 TRACE   GST_REFCOUNTING gstminiobject.c:465:gst_mini_object_ref: 0x19c6c90 ref 2->3
0:00:00.005408434  2466 0x19a5320 TRACE   GST_REFCOUNTING gstminiobject.c:647:gst_mini_object_unref: 0x19c6c90 unref 3->2
0:00:00.005415988  2466 0x19a5320 TRACE   GST_REFCOUNTING gstobject.c:292:gst_object_ref_sink: 0x19c6b10 ref_sink 1->2
0:00:00.005422621  2466 0x19a5320 TRACE   GST_CAPS gstcaps.c:263:gst_caps_new_empty: created caps 0x19c7430
0:00:00.005428920  2466 0x19a5320 TRACE   GST_CAPS gstcaps.c:442:gst_static_caps_get: created 0x7f99fc9940f0 from string ANY
0:00:00.005434961  2466 0x19a5320 TRACE   GST_REFCOUNTING gstminiobject.c:465:gst_mini_object_ref: 0x19c7430 ref 1->2
0:00:00.005443842  2466 0x19a5320 TRACE   GST_REFCOUNTING gstobject.c:208:gst_object_init: 0x19c7360 new
0:00:00.005451774  2466 0x19a5320 TRACE   GST_REFCOUNTING gstminiobject.c:465:gst_mini_object_ref: 0x19c7430 ref 2->3
0:00:00.005463274  2466 0x19a5320 TRACE   GST_REFCOUNTING gstminiobject.c:647:gst_mini_object_unref: 0x19c7430 unref 3->2
0:00:00.005472362  2466 0x19a5320 TRACE   GST_REFCOUNTING gstobject.c:292:gst_object_ref_sink: 0x19c7360 ref_sink 1->2
0:00:00.005482987  2466 0x19a5320 TRACE   structure gststructure.c:287:gst_structure_new_id_empty_with_size: created structure 0x19c75f0
0:00:00.005494274  2466 0x19a5320 TRACE   GST_PERFORMANCE gststructure.c:508:gst_structure_copy: doing copy 0x19c6ed0 -> 0x19c75f0
0:00:00.005503638  2466 0x19a5320 DEBUG   GST_REGISTRY gstregistry.c:589:gst_registry_add_feature: adding feature 0x19c69a0 (downloadbuffer)
0:00:00.005510042  2466 0x19a5320 DEBUG   GST_REFCOUNTING gstobject.c:708:gst_object_set_parent: set parent (ref and sink)
0:00:00.005516920  2466 0x19a5320 TRACE   GST_REFCOUNTING gstobject.c:292:gst_object_ref_sink: 0x19c69a0 ref_sink 1->2
0:00:00.005523428  2466 0x19a5320 LOG   GST_REGISTRY gstregistry.c:607:gst_registry_add_feature: emitting feature-added for downloadbuffer
0:00:00.005546241  2466 0x19a5320 TRACE   GST_REFCOUNTING gstobject.c:208:gst_object_init: 0x19c79e0 new
0:00:00.005557754  2466 0x19a5320 LOG   GST_ELEMENT_FACTORY gstelementfactory.c:237:gst_element_register: Created new elementfactory for type GstFakeSrc
0:00:00.005568694  2466 0x19a5320 TRACE   structure gststructure.c:287:gst_structure_new_id_empty_with_size: created structure 0x19c8080
0:00:00.005574995  2466 0x19a5320 TRACE   GST_PERFORMANCE gststructure.c:508:gst_structure_copy: doing copy 0x19c5490 -> 0x19c8080
0:00:00.005581794  2466 0x19a5320 DEBUG   GST_ELEMENT_PADS gstelement.c:311:gst_element_base_class_init: type GstFakeSrc : factory 0x19c79e0
0:00:00.005637396  2466 0x19a5320 TRACE   GST_CAPS gstcaps.c:263:gst_caps_new_empty: created caps 0x19c8df0
0:00:00.005650102  2466 0x19a5320 TRACE   GST_CAPS gstcaps.c:442:gst_static_caps_get: created 0x7f99fc9941b0 from string ANY
0:00:00.005657409  2466 0x19a5320 TRACE   GST_REFCOUNTING gstminiobject.c:465:gst_mini_object_ref: 0x19c8df0 ref 1->2
0:00:00.005666839  2466 0x19a5320 TRACE   GST_REFCOUNTING gstobject.c:208:gst_object_init: 0x19c8f70 new
0:00:00.005676130  2466 0x19a5320 TRACE   GST_REFCOUNTING gstminiobject.c:465:gst_mini_object_ref: 0x19c8df0 ref 2->3
0:00:00.005684771  2466 0x19a5320 TRACE   GST_REFCOUNTING gstminiobject.c:647:gst_mini_object_unref: 0x19c8df0 unref 3->2
0:00:00.005691682  2466 0x19a5320 TRACE   GST_REFCOUNTING gstobject.c:292:gst_object_ref_sink: 0x19c8f70 ref_sink 1->2
0:00:00.005702148  2466 0x19a5320 TRACE   structure gststructure.c:287:gst_structure_new_id_empty_with_size: created structure 0x19c91d0
0:00:00.005716996  2466 0x19a5320 TRACE   GST_PERFORMANCE gststructure.c:508:gst_structure_copy: doing copy 0x19c8080 -> 0x19c91d0
0:00:00.005727925  2466 0x19a5320 DEBUG   GST_REGISTRY gstregistry.c:589:gst_registry_add_feature: adding feature 0x19c79e0 (fakesrc)
0:00:00.005734394  2466 0x19a5320 DEBUG   GST_REFCOUNTING gstobject.c:708:gst_object_set_parent: set parent (ref and sink)
0:00:00.005741682  2466 0x19a5320 TRACE   GST_REFCOUNTING gstobject.c:292:gst_object_ref_sink: 0x19c79e0 ref_sink 1->2
0:00:00.005748389  2466 0x19a5320 LOG   GST_REGISTRY gstregistry.c:607:gst_registry_add_feature: emitting feature-added for fakesrc
0:00:00.005775880  2466 0x19a5320 TRACE   GST_REFCOUNTING gstobject.c:208:gst_object_init: 0x19c9530 new
0:00:00.005788377  2466 0x19a5320 LOG   GST_ELEMENT_FACTORY gstelementfactory.c:237:gst_element_register: Created new elementfactory for type GstFakeSink
0:00:00.005796658  2466 0x19a5320 TRACE   structure gststructure.c:287:gst_structure_new_id_empty_with_size: created structure 0x19c9bc0
0:00:00.005802736  2466 0x19a5320 TRACE   GST_PERFORMANCE gststructure.c:508:gst_structure_copy: doing copy 0x19ab9d0 -> 0x19c9bc0
0:00:00.005809630  2466 0x19a5320 DEBUG   GST_ELEMENT_PADS gstelement.c:311:gst_element_base_class_init: type GstBaseSink : factory (nil)
0:00:00.005855579  2466 0x19a5320 TRACE   structure gststructure.c:287:gst_structure_new_id_empty_with_size: created structure 0x19ca870
0:00:00.005861902  2466 0x19a5320 TRACE   GST_PERFORMANCE gststructure.c:508:gst_structure_copy: doing copy 0x19c9bc0 -> 0x19ca870
0:00:00.005871102  2466 0x19a5320 DEBUG   GST_ELEMENT_PADS gstelement.c:311:gst_element_base_class_init: type GstFakeSink : factory 0x19c9530
0:00:00.005912375  2466 0x19a5320 TRACE   GST_CAPS gstcaps.c:263:gst_caps_new_empty: created caps 0x19cb140
0:00:00.005919355  2466 0x19a5320 TRACE   GST_CAPS gstcaps.c:442:gst_static_caps_get: created 0x7f99fc994170 from string ANY
0:00:00.005925508  2466 0x19a5320 TRACE   GST_REFCOUNTING gstminiobject.c:465:gst_mini_object_ref: 0x19cb140 ref 1->2
0:00:00.005934376  2466 0x19a5320 TRACE   GST_REFCOUNTING gstobject.c:208:gst_object_init: 0x19cb430 new
0:00:00.005942881  2466 0x19a5320 TRACE   GST_REFCOUNTING gstminiobject.c:465:gst_mini_object_ref: 0x19cb140 ref 2->3
0:00:00.005951097  2466 0x19a5320 TRACE   GST_REFCOUNTING gstminiobject.c:647:gst_mini_object_unref: 0x19cb140 unref 3->2
0:00:00.005960827  2466 0x19a5320 TRACE   GST_REFCOUNTING gstobject.c:292:gst_object_ref_sink: 0x19cb430 ref_sink 1->2
0:00:00.005971330  2466 0x19a5320 TRACE   structure gststructure.c:287:gst_structure_new_id_empty_with_size: created structure 0x19cb5c0
0:00:00.005978381  2466 0x19a5320 TRACE   GST_PERFORMANCE gststructure.c:508:gst_structure_copy: doing copy 0x19ca870 -> 0x19cb5c0
0:00:00.005987137  2466 0x19a5320 DEBUG   GST_REGISTRY gstregistry.c:589:gst_registry_add_feature: adding feature 0x19c9530 (fakesink)
0:00:00.005993031  2466 0x19a5320 DEBUG   GST_REFCOUNTING gstobject.c:708:gst_object_set_parent: set parent (ref and sink)
0:00:00.005999410  2466 0x19a5320 TRACE   GST_REFCOUNTING gstobject.c:292:gst_object_ref_sink: 0x19c9530 ref_sink 1->2
0:00:00.006005523  2466 0x19a5320 LOG   GST_REGISTRY gstregistry.c:607:gst_registry_add_feature: emitting feature-added for fakesink
0:00:00.006028169  2466 0x19a5320 TRACE   GST_REFCOUNTING gstobject.c:208:gst_object_init: 0x19cbb60 new
0:00:00.006045113  2466 0x19a5320 LOG   GST_ELEMENT_FACTORY gstelementfactory.c:237:gst_element_register: Created new elementfactory for type GstFdSrc
0:00:00.006055654  2466 0x19a5320 TRACE   structure gststructure.c:287:gst_structure_new_id_empty_with_size: created structure 0x19cc120
0:00:00.006061367  2466 0x19a5320 TRACE   GST_PERFORMANCE gststructure.c:508:gst_structure_copy: doing copy 0x19c5490 -> 0x19cc120
0:00:00.006067670  2466 0x19a5320 DEBUG   GST_ELEMENT_PADS gstelement.c:311:gst_element_base_class_init: type GstPushSrc : factory (nil)
0:00:00.006078413  2466 0x19a5320 TRACE   structure gststructure.c:287:gst_structure_new_id_empty_with_size: created structure 0x19cc5c0
0:00:00.006084909  2466 0x19a5320 TRACE   GST_PERFORMANCE gststructure.c:508:gst_structure_copy: doing copy 0x19cc120 -> 0x19cc5c0
0:00:00.006091334  2466 0x19a5320 DEBUG   GST_ELEMENT_PADS gstelement.c:311:gst_element_base_class_init: type GstFdSrc : factory 0x19cbb60
0:00:00.006104974  2466 0x19a5320 TRACE   GST_CAPS gstcaps.c:263:gst_caps_new_empty: created caps 0x19cbcf0
0:00:00.006111187  2466 0x19a5320 TRACE   GST_CAPS gstcaps.c:442:gst_static_caps_get: created 0x7f99fc994250 from string ANY
0:00:00.006117126  2466 0x19a5320 TRACE   GST_REFCOUNTING gstminiobject.c:465:gst_mini_object_ref: 0x19cbcf0 ref 1->2
0:00:00.006125955  2466 0x19a5320 TRACE   GST_REFCOUNTING gstobject.c:208:gst_object_init: 0x19cc8e0 new
0:00:00.006134176  2466 0x19a5320 TRACE   GST_REFCOUNTING gstminiobject.c:465:gst_mini_object_ref: 0x19cbcf0 ref 2->3
0:00:00.006145386  2466 0x19a5320 TRACE   GST_REFCOUNTING gstminiobject.c:647:gst_mini_object_unref: 0x19cbcf0 unref 3->2
0:00:00.006157514  2466 0x19a5320 TRACE   GST_REFCOUNTING gstobject.c:292:gst_object_ref_sink: 0x19cc8e0 ref_sink 1->2
0:00:00.006186659  2466 0x19a5320 TRACE   structure gststructure.c:287:gst_structure_new_id_empty_with_size: created structure 0x19c58d0
0:00:00.006205123  2466 0x19a5320 TRACE   GST_PERFORMANCE gststructure.c:508:gst_structure_copy: doing copy 0x19cc5c0 -> 0x19c58d0
0:00:00.006217037  2466 0x19a5320 DEBUG   GST_REGISTRY gstregistry.c:589:gst_registry_add_feature: adding feature 0x19cbb60 (fdsrc)
0:00:00.006225510  2466 0x19a5320 DEBUG   GST_REFCOUNTING gstobject.c:708:gst_object_set_parent: set parent (ref and sink)
0:00:00.006233914  2466 0x19a5320 TRACE   GST_REFCOUNTING gstobject.c:292:gst_object_ref_sink: 0x19cbb60 ref_sink 1->2
0:00:00.006240638  2466 0x19a5320 LOG   GST_REGISTRY gstregistry.c:607:gst_registry_add_feature: emitting feature-added for fdsrc
0:00:00.006255337  2466 0x19a5320 TRACE   GST_REFCOUNTING gstobject.c:208:gst_object_init: 0x19c5cb0 new
0:00:00.006265771  2466 0x19a5320 LOG   GST_ELEMENT_FACTORY gstelementfactory.c:237:gst_element_register: Created new elementfactory for type GstFdSink
0:00:00.006276166  2466 0x19a5320 TRACE   structure gststructure.c:287:gst_structure_new_id_empty_with_size: created structure 0x19c6040
0:00:00.006289262  2466 0x19a5320 TRACE   GST_PERFORMANCE gststructure.c:508:gst_structure_copy: doing copy 0x19c9bc0 -> 0x19c6040
0:00:00.006297052  2466 0x19a5320 DEBUG   GST_ELEMENT_PADS gstelement.c:311:gst_element_base_class_init: type GstFdSink : factory 0x19c5cb0
0:00:00.006305982  2466 0x19a5320 TRACE   GST_CAPS gstcaps.c:263:gst_caps_new_empty: created caps 0x19c5ff0
0:00:00.006311887  2466 0x19a5320 TRACE   GST_CAPS gstcaps.c:442:gst_static_caps_get: created 0x7f99fc9941f0 from string ANY
0:00:00.006317615  2466 0x19a5320 TRACE   GST_REFCOUNTING gstminiobject.c:465:gst_mini_object_ref: 0x19c5ff0 ref 1->2
0:00:00.006326425  2466 0x19a5320 TRACE   GST_REFCOUNTING gstobject.c:208:gst_object_init: 0x19ce0d0 new
0:00:00.006334810  2466 0x19a5320 TRACE   GST_REFCOUNTING gstminiobject.c:465:gst_mini_object_ref: 0x19c5ff0 ref 2->3
0:00:00.006343487  2466 0x19a5320 TRACE   GST_REFCOUNTING gstminiobject.c:647:gst_mini_object_unref: 0x19c5ff0 unref 3->2
0:00:00.006353067  2466 0x19a5320 TRACE   GST_REFCOUNTING gstobject.c:292:gst_object_ref_sink: 0x19ce0d0 ref_sink 1->2
0:00:00.006369134  2466 0x19a5320 TRACE   structure gststructure.c:287:gst_structure_new_id_empty_with_size: created structure 0x19ce1f0
0:00:00.006376233  2466 0x19a5320 TRACE   GST_PERFORMANCE gststructure.c:508:gst_structure_copy: doing copy 0x19c6040 -> 0x19ce1f0
0:00:00.006385600  2466 0x19a5320 DEBUG   GST_REGISTRY gstregistry.c:589:gst_registry_add_feature: adding feature 0x19c5cb0 (fdsink)
