0:00:00.014335495  2784 0x196b320 DEBUG   GST_POLL gstpoll.c:980:gst_poll_fd_ctl_write: 0x1973820: fd (fd:0, idx:1), active : 1
0:00:00.014341505  2784 0x196b320 LOG   GST_POLL gstpoll.c:994:gst_poll_fd_ctl_write: 0x1973820: pfd->events now 60 (POLLOUT:4)
0:00:00.014347717  2784 0x196b320 DEBUG   GST_POLL gstpoll.c:980:gst_poll_fd_ctl_write: 0x1973820: fd (fd:0, idx:1), active : 1
0:00:00.014353576  2784 0x196b320 LOG   GST_POLL gstpoll.c:994:gst_poll_fd_ctl_write: 0x1973820: pfd->events now 60 (POLLOUT:4)
0:00:00.014359718  2784 0x196b320 DEBUG   GST_POLL gstpoll.c:980:gst_poll_fd_ctl_write: 0x1973820: fd (fd:0, idx:1), active : 1
0:00:00.014365578  2784 0x196b320 LOG   GST_POLL gstpoll.c:994:gst_poll_fd_ctl_write: 0x1973820: pfd->events now 60 (POLLOUT:4)
0:00:00.014371827  2784 0x196b320 DEBUG   GST_POLL gstpoll.c:980:gst_poll_fd_ctl_write: 0x1973820: fd (fd:0, idx:1), active : 1
0:00:00.014377662  2784 0x196b320 LOG   GST_POLL gstpoll.c:994:gst_poll_fd_ctl_write: 0x1973820: pfd->events now 60 (POLLOUT:4)
0:00:00.014383826  2784 0x196b320 DEBUG   GST_POLL gstpoll.c:980:gst_poll_fd_ctl_write: 0x1973820: fd (fd:0, idx:1), active : 1
0:00:00.014389676  2784 0x196b320 LOG   GST_POLL gstpoll.c:994:gst_poll_fd_ctl_write: 0x1973820: pfd->events now 60 (POLLOUT:4)
0:00:00.014395836  2784 0x196b320 DEBUG   GST_POLL gstpoll.c:980:gst_poll_fd_ctl_write: 0x1973820: fd (fd:0, idx:1), active : 1
0:00:00.014401722  2784 0x196b320 LOG   GST_POLL gstpoll.c:994:gst_poll_fd_ctl_write: 0x1973820: pfd->events now 60 (POLLOUT:4)
0:00:00.014407789  2784 0x196b320 DEBUG   GST_POLL gstpoll.c:980:gst_poll_fd_ctl_write: 0x1973820: fd (fd:0, idx:1), active : 1
0:00:00.014413714  2784 0x196b320 LOG   GST_POLL gstpoll.c:994:gst_poll_fd_ctl_write: 0x1973820: pfd->events now 60 (POLLOUT:4)
0:00:00.014419903  2784 0x196b320 DEBUG   GST_POLL gstpoll.c:980:gst_poll_fd_ctl_write: 0x1973820: fd (fd:0, idx:1), active : 1
0:00:00.014425733  2784 0x196b320 LOG   GST_POLL gstpoll.c:994:gst_poll_fd_ctl_write: 0x1973820: pfd->events now 60 (POLLOUT:4)
0:00:00.014431940  2784 0x196b320 DEBUG   GST_POLL gstpoll.c:980:gst_poll_fd_ctl_write: 0x1973820: fd (fd:0, idx:1), active : 1
0:00:00.014437894  2784 0x196b320 LOG   GST_POLL gstpoll.c:994:gst_poll_fd_ctl_write: 0x1973820: pfd->events now 60 (POLLOUT:4)
0:00:00.014443955  2784 0x196b320 DEBUG   GST_POLL gstpoll.c:980:gst_poll_fd_ctl_write: 0x1973820: fd (fd:0, idx:1), active : 1
0:00:00.014449795  2784 0x196b320 LOG   GST_POLL gstpoll.c:994:gst_poll_fd_ctl_write: 0x1973820: pfd->events now 60 (POLLOUT:4)
0:00:00.014468264  2784 0x196b320 DEBUG   GST_POLL gstpoll.c:980:gst_poll_fd_ctl_write: 0x1973820: fd (fd:0, idx:1), active : 1
0:00:00.014481376  2784 0x196b320 LOG   GST_POLL gstpoll.c:994:gst_poll_fd_ctl_write: 0x1973820: pfd->events now 60 (POLLOUT:4)
0:00:00.014490972  2784 0x196b320 DEBUG   GST_POLL gstpoll.c:980:gst_poll_fd_ctl_write: 0x1973820: fd (fd:0, idx:1), active : 1
0:00:00.014505037  2784 0x196b320 LOG   GST_POLL gstpoll.c:994:gst_poll_fd_ctl_write: 0x1973820: pfd->events now 60 (POLLOUT:4)
0:00:00.014512390  2784 0x196b320 DEBUG   GST_POLL gstpoll.c:980:gst_poll_fd_ctl_write: 0x1973820: fd (fd:0, idx:1), active : 1
0:00:00.014518323  2784 0x196b320 LOG   GST_POLL gstpoll.c:994:gst_poll_fd_ctl_write: 0x1973820: pfd->events now 60 (POLLOUT:4)
0:00:00.014524613  2784 0x196b320 DEBUG   GST_POLL gstpoll.c:980:gst_poll_fd_ctl_write: 0x1973820: fd (fd:0, idx:1), active : 1
0:00:00.014530390  2784 0x196b320 LOG   GST_POLL gstpoll.c:994:gst_poll_fd_ctl_write: 0x1973820: pfd->events now 60 (POLLOUT:4)
0:00:00.014536632  2784 0x196b320 DEBUG   GST_POLL gstpoll.c:980:gst_poll_fd_ctl_write: 0x1973820: fd (fd:0, idx:1), active : 1
0:00:00.014542441  2784 0x196b320 LOG   GST_POLL gstpoll.c:994:gst_poll_fd_ctl_write: 0x1973820: pfd->events now 60 (POLLOUT:4)
0:00:00.014548630  2784 0x196b320 DEBUG   GST_POLL gstpoll.c:980:gst_poll_fd_ctl_write: 0x1973820: fd (fd:0, idx:1), active : 1
0:00:00.014554424  2784 0x196b320 LOG   GST_POLL gstpoll.c:994:gst_poll_fd_ctl_write: 0x1973820: pfd->events now 60 (POLLOUT:4)
0:00:00.014560707  2784 0x196b320 DEBUG   GST_POLL gstpoll.c:980:gst_poll_fd_ctl_write: 0x1973820: fd (fd:0, idx:1), active : 1
0:00:00.014566636  2784 0x196b320 LOG   GST_POLL gstpoll.c:994:gst_poll_fd_ctl_write: 0x1973820: pfd->events now 60 (POLLOUT:4)
0:00:00.014573027  2784 0x196b320 DEBUG   GST_POLL gstpoll.c:980:gst_poll_fd_ctl_write: 0x1973820: fd (fd:0, idx:1), active : 1
0:00:00.014578900  2784 0x196b320 LOG   GST_POLL gstpoll.c:994:gst_poll_fd_ctl_write: 0x1973820: pfd->events now 60 (POLLOUT:4)
0:00:00.014585090  2784 0x196b320 DEBUG   GST_POLL gstpoll.c:980:gst_poll_fd_ctl_write: 0x1973820: fd (fd:0, idx:1), active : 1
0:00:00.014590940  2784 0x196b320 LOG   GST_POLL gstpoll.c:994:gst_poll_fd_ctl_write: 0x1973820: pfd->events now 60 (POLLOUT:4)
0:00:00.014597095  2784 0x196b320 DEBUG   GST_POLL gstpoll.c:980:gst_poll_fd_ctl_write: 0x1973820: fd (fd:0, idx:1), active : 1
0:00:00.014602924  2784 0x196b320 LOG   GST_POLL gstpoll.c:994:gst_poll_fd_ctl_write: 0x1973820: pfd->events now 60 (POLLOUT:4)
0:00:00.014609084  2784 0x196b320 DEBUG   GST_POLL gstpoll.c:980:gst_poll_fd_ctl_write: 0x1973820: fd (fd:0, idx:1), active : 1
0:00:00.014614877  2784 0x196b320 LOG   GST_POLL gstpoll.c:994:gst_poll_fd_ctl_write: 0x1973820: pfd->events now 60 (POLLOUT:4)
0:00:00.014621187  2784 0x196b320 DEBUG   GST_POLL gstpoll.c:980:gst_poll_fd_ctl_write: 0x1973820: fd (fd:0, idx:1), active : 1
0:00:00.014626945  2784 0x196b320 LOG   GST_POLL gstpoll.c:994:gst_poll_fd_ctl_write: 0x1973820: pfd->events now 60 (POLLOUT:4)
0:00:00.014633100  2784 0x196b320 DEBUG   GST_POLL gstpoll.c:980:gst_poll_fd_ctl_write: 0x1973820: fd (fd:0, idx:1), active : 1
0:00:00.014638923  2784 0x196b320 LOG   GST_POLL gstpoll.c:994:gst_poll_fd_ctl_write: 0x1973820: pfd->events now 60 (POLLOUT:4)
0:00:00.014649624  2784 0x196b320 DEBUG   GST_POLL gstpoll.c:980:gst_poll_fd_ctl_write: 0x1973820: fd (fd:0, idx:1), active : 1
0:00:00.014655588  2784 0x196b320 LOG   GST_POLL gstpoll.c:994:gst_poll_fd_ctl_write: 0x1973820: pfd->events now 60 (POLLOUT:4)
0:00:00.014661798  2784 0x196b320 DEBUG   GST_POLL gstpoll.c:980:gst_poll_fd_ctl_write: 0x1973820: fd (fd:0, idx:1), active : 1
0:00:00.014667755  2784 0x196b320 LOG   GST_POLL gstpoll.c:994:gst_poll_fd_ctl_write: 0x1973820: pfd->events now 60 (POLLOUT:4)
0:00:00.014673991  2784 0x196b320 DEBUG   GST_POLL gstpoll.c:980:gst_poll_fd_ctl_write: 0x1973820: fd (fd:0, idx:1), active : 1
0:00:00.014679861  2784 0x196b320 LOG   GST_POLL gstpoll.c:994:gst_poll_fd_ctl_write: 0x1973820: pfd->events now 60 (POLLOUT:4)
0:00:00.014686027  2784 0x196b320 DEBUG   GST_POLL gstpoll.c:980:gst_poll_fd_ctl_write: 0x1973820: fd (fd:0, idx:1), active : 1
0:00:00.014691887  2784 0x196b320 LOG   GST_POLL gstpoll.c:994:gst_poll_fd_ctl_write: 0x1973820: pfd->events now 60 (POLLOUT:4)
0:00:00.014698095  2784 0x196b320 DEBUG   GST_POLL gstpoll.c:980:gst_poll_fd_ctl_write: 0x1973820: fd (fd:0, idx:1), active : 1
0:00:00.014703972  2784 0x196b320 LOG   GST_POLL gstpoll.c:994:gst_poll_fd_ctl_write: 0x1973820: pfd->events now 60 (POLLOUT:4)
0:00:00.014710168  2784 0x196b320 DEBUG   GST_POLL gstpoll.c:980:gst_poll_fd_ctl_write: 0x1973820: fd (fd:0, idx:1), active : 1
0:00:00.014716018  2784 0x196b320 LOG   GST_POLL gstpoll.c:994:gst_poll_fd_ctl_write: 0x1973820: pfd->events now 60 (POLLOUT:4)
0:00:00.014722120  2784 0x196b320 DEBUG   GST_POLL gstpoll.c:980:gst_poll_fd_ctl_write: 0x1973820: fd (fd:0, idx:1), active : 1
0:00:00.014727970  2784 0x196b320 LOG   GST_POLL gstpoll.c:994:gst_poll_fd_ctl_write: 0x1973820: pfd->events now 60 (POLLOUT:4)
0:00:00.014740124  2784 0x196b320 TRACE   GST_REFCOUNTING gstobject.c:265:gst_object_unref: 0x1987180 unref 2->1
0:00:00.014748912  2784 0x196b320 DEBUG   GST_POLL gstpoll.c:1241:gst_poll_fd_has_error: 0x1973820: fd (fd:0, idx:1) 0
0:00:00.014755774  2784 0x196b320 DEBUG   GST_POLL gstpoll.c:1335:gst_poll_fd_can_write: 0x1973820: fd (fd:0, idx:1) 1
0:00:00.014761900  2784 0x196b320 LOG   GST_PLUGIN_LOADING gstpluginloader.c:690:write_one: Writing packet of size 488 bytes to fd 0
0:00:00.014784388  2784 0x196b320 DEBUG   GST_POLL gstpoll.c:1414:gst_poll_wait: 0x1973820: timeout :0:00:01.000000000
0:00:00.014796812  2784 0x196b320 LOG   GST_PLUGIN_LOADING gstpluginloader.c:1028:exchange_packets: Poll res = 2. 6872 bytes pending for write
0:00:00.014804154  2784 0x196b320 DEBUG   GST_POLL gstpoll.c:1241:gst_poll_fd_has_error: 0x1973820: fd (fd:5, idx:2) 0
0:00:00.014810475  2784 0x196b320 DEBUG   GST_POLL gstpoll.c:1266:gst_poll_fd_can_read_unlocked: 0x1973820: fd (fd:5, idx:2) 1
0:00:00.014821987  2784 0x196b320 DEBUG   GST_PLUGIN_LOADING gstpluginloader.c:722:do_plugin_load: Plugin scanner loading file /home/conan/w/prod/BuildSingleReference/.conan/data/gstreamer/1.18.3/_/_/package/bec7fecef66b28e957582014d79b970659fc2b7f/lib/gstreamer-1.0/libgstcoretracers.so. tag 2
0:00:00.019415128  2783 0xbef390 LOG   GST_PLUGIN_LOADING gstpluginloader.c:1028:exchange_packets: Poll res = 1. 0 bytes pending for write
0:00:00.014836750  2784 0x196b320 TRACE   GST_REFCOUNTING gstobject.c:238:gst_object_ref: 0x1984eb0 ref 1->2
0:00:00.019440402  2783 0xbef390 DEBUG   GST_POLL gstpoll.c:1241:gst_poll_fd_has_error: 0xc08b40: fd (fd:8, idx:2) 0
0:00:00.014849530  2784 0x196b320 TRACE   GST_REFCOUNTING gstobject.c:238:gst_object_ref: 0x1985db0 ref 1->2
0:00:00.019448777  2783 0xbef390 DEBUG   GST_POLL gstpoll.c:1266:gst_poll_fd_can_read_unlocked: 0xc08b40: fd (fd:8, idx:2) 1
0:00:00.014857325  2784 0x196b320 TRACE   GST_REFCOUNTING gstobject.c:238:gst_object_ref: 0x1985b60 ref 1->2
0:00:00.014864771  2784 0x196b320 TRACE   GST_REFCOUNTING gstobject.c:238:gst_object_ref: 0x1985890 ref 1->2
0:00:00.019464151  2783 0xbef390 DEBUG   GST_PLUGIN_LOADING gstpluginloader.c:850:handle_rx_packet: Received plugin details from child w/ tag 0. 476 bytes info
0:00:00.014871505  2784 0x196b320 TRACE   GST_REFCOUNTING gstobject.c:238:gst_object_ref: 0x1985680 ref 1->2
0:00:00.019472854  2783 0xbef390 LOG   GST_REGISTRY gstregistrychunks.c:837:_priv_gst_registry_chunks_load_plugin: Reading/casting for GstRegistryChunkPluginElement at address 0xc09070
0:00:00.014880913  2784 0x196b320 TRACE   GST_REFCOUNTING gstobject.c:238:gst_object_ref: 0x1985190 ref 1->2
0:00:00.014893236  2784 0x196b320 TRACE   GST_REFCOUNTING gstobject.c:265:gst_object_unref: 0x1985190 unref 2->1
0:00:00.014900295  2784 0x196b320 TRACE   GST_REFCOUNTING gstobject.c:265:gst_object_unref: 0x1985680 unref 2->1
0:00:00.019495281  2783 0xbef390 TRACE   GST_REFCOUNTING gstobject.c:208:gst_object_init: 0xc096e0 new
0:00:00.014907054  2784 0x196b320 TRACE   GST_REFCOUNTING gstobject.c:265:gst_object_unref: 0x1985890 unref 2->1
0:00:00.014914141  2784 0x196b320 TRACE   GST_REFCOUNTING gstobject.c:265:gst_object_unref: 0x1985b60 unref 2->1
0:00:00.014920849  2784 0x196b320 TRACE   GST_REFCOUNTING gstobject.c:265:gst_object_unref: 0x1985db0 unref 2->1
0:00:00.014929612  2784 0x196b320 DEBUG   GST_REGISTRY gstregistrychunks.c:498:_priv_gst_registry_chunks_save_plugin: Found 5 features in plugin 0x1984eb0 (coretracers)
0:00:00.014936702  2784 0x196b320 DEBUG   GST_POLL gstpoll.c:980:gst_poll_fd_ctl_write: 0x1973820: fd (fd:0, idx:1), active : 1
0:00:00.014942919  2784 0x196b320 LOG   GST_POLL gstpoll.c:994:gst_poll_fd_ctl_write: 0x1973820: pfd->events now 60 (POLLOUT:4)
0:00:00.014949316  2784 0x196b320 DEBUG   GST_POLL gstpoll.c:980:gst_poll_fd_ctl_write: 0x1973820: fd (fd:0, idx:1), active : 1
0:00:00.019542849  2783 0xbef390 LOG   GST_REGISTRY gstregistrychunks.c:858:_priv_gst_registry_chunks_load_plugin: read strings for name='coretracers'
0:00:00.014955350  2784 0x196b320 LOG   GST_POLL gstpoll.c:994:gst_poll_fd_ctl_write: 0x1973820: pfd->events now 60 (POLLOUT:4)
0:00:00.019551886  2783 0xbef390 LOG   GST_REGISTRY gstregistrychunks.c:859:_priv_gst_registry_chunks_load_plugin: desc.description='GStreamer core tracers'
0:00:00.014967642  2784 0x196b320 DEBUG   GST_POLL gstpoll.c:980:gst_poll_fd_ctl_write: 0x1973820: fd (fd:0, idx:1), active : 1
0:00:00.019563621  2783 0xbef390 LOG   GST_REGISTRY gstregistrychunks.c:860:_priv_gst_registry_chunks_load_plugin: filename='/home/conan/w/prod/BuildSingleReference/.conan/data/gstreamer/1.18.3/_/_/package/bec7fecef66b28e957582014d79b970659fc2b7f/lib/gstreamer-1.0/libgstcoretracers.so'
0:00:00.014973953  2784 0x196b320 LOG   GST_POLL gstpoll.c:994:gst_poll_fd_ctl_write: 0x1973820: pfd->events now 60 (POLLOUT:4)
0:00:00.019570612  2783 0xbef390 LOG   GST_REGISTRY gstregistrychunks.c:861:_priv_gst_registry_chunks_load_plugin: desc.version='1.18.3'
0:00:00.014980693  2784 0x196b320 DEBUG   GST_POLL gstpoll.c:980:gst_poll_fd_ctl_write: 0x1973820: fd (fd:0, idx:1), active : 1
0:00:00.019576781  2783 0xbef390 LOG   GST_REGISTRY gstregistrychunks.c:862:_priv_gst_registry_chunks_load_plugin: desc.license='LGPL'
0:00:00.014987211  2784 0x196b320 LOG   GST_POLL gstpoll.c:994:gst_poll_fd_ctl_write: 0x1973820: pfd->events now 60 (POLLOUT:4)
0:00:00.019582781  2783 0xbef390 LOG   GST_REGISTRY gstregistrychunks.c:863:_priv_gst_registry_chunks_load_plugin: desc.source='gstreamer'
0:00:00.014994117  2784 0x196b320 DEBUG   GST_POLL gstpoll.c:980:gst_poll_fd_ctl_write: 0x1973820: fd (fd:0, idx:1), active : 1
0:00:00.019589435  2783 0xbef390 LOG   GST_REGISTRY gstregistrychunks.c:864:_priv_gst_registry_chunks_load_plugin: desc.package='GStreamer source release'
0:00:00.019596223  2783 0xbef390 LOG   GST_REGISTRY gstregistrychunks.c:865:_priv_gst_registry_chunks_load_plugin: desc.origin='Unknown package origin'
0:00:00.015000611  2784 0x196b320 LOG   GST_POLL gstpoll.c:994:gst_poll_fd_ctl_write: 0x1973820: pfd->events now 60 (POLLOUT:4)
0:00:00.019601967  2783 0xbef390 LOG   GST_REGISTRY gstregistrychunks.c:866:_priv_gst_registry_chunks_load_plugin: desc.datetime=2021-01-13
0:00:00.015014544  2784 0x196b320 DEBUG   GST_POLL gstpoll.c:980:gst_poll_fd_ctl_write: 0x1973820: fd (fd:0, idx:1), active : 1
0:00:00.015020998  2784 0x196b320 LOG   GST_POLL gstpoll.c:994:gst_poll_fd_ctl_write: 0x1973820: pfd->events now 60 (POLLOUT:4)
0:00:00.019614534  2783 0xbef390 DEBUG   GST_REGISTRY gstregistry.c:474:gst_registry_add_plugin: adding plugin 0xc096e0 for filename "/home/conan/w/prod/BuildSingleReference/.conan/data/gstreamer/1.18.3/_/_/package/bec7fecef66b28e957582014d79b970659fc2b7f/lib/gstreamer-1.0/libgstcoretracers.so"
0:00:00.015027227  2784 0x196b320 DEBUG   GST_POLL gstpoll.c:980:gst_poll_fd_ctl_write: 0x1973820: fd (fd:0, idx:1), active : 1
0:00:00.019626261  2783 0xbef390 TRACE   GST_REFCOUNTING gstobject.c:294:gst_object_ref_sink: 0xc096e0 ref_sink 1->2
0:00:00.015033695  2784 0x196b320 LOG   GST_POLL gstpoll.c:994:gst_poll_fd_ctl_write: 0x1973820: pfd->events now 60 (POLLOUT:4)
0:00:00.019634944  2783 0xbef390 LOG   GST_REGISTRY gstregistry.c:487:gst_registry_add_plugin: emitting plugin-added for filename "/home/conan/w/prod/BuildSingleReference/.conan/data/gstreamer/1.18.3/_/_/package/bec7fecef66b28e957582014d79b970659fc2b7f/lib/gstreamer-1.0/libgstcoretracers.so"
0:00:00.015047291  2784 0x196b320 DEBUG   GST_POLL gstpoll.c:980:gst_poll_fd_ctl_write: 0x1973820: fd (fd:0, idx:1), active : 1
0:00:00.019644047  2783 0xbef390 DEBUG   GST_REGISTRY gstregistrychunks.c:887:_priv_gst_registry_chunks_load_plugin: Added plugin 'coretracers' plugin with 5 features from binary registry
0:00:00.015053702  2784 0x196b320 LOG   GST_POLL gstpoll.c:994:gst_poll_fd_ctl_write: 0x1973820: pfd->events now 60 (POLLOUT:4)
0:00:00.019652005  2783 0xbef390 DEBUG   GST_REGISTRY gstregistrychunks.c:583:gst_registry_chunks_load_feature: Plugin 'coretracers' feature 'leaks' typename : 'GstTracerFactory'
0:00:00.015060299  2784 0x196b320 DEBUG   GST_POLL gstpoll.c:980:gst_poll_fd_ctl_write: 0x1973820: fd (fd:0, idx:1), active : 1
0:00:00.015067477  2784 0x196b320 LOG   GST_POLL gstpoll.c:994:gst_poll_fd_ctl_write: 0x1973820: pfd->events now 60 (POLLOUT:4)
0:00:00.015073720  2784 0x196b320 DEBUG   GST_POLL gstpoll.c:980:gst_poll_fd_ctl_write: 0x1973820: fd (fd:0, idx:1), active : 1
0:00:00.019667507  2783 0xbef390 TRACE   GST_REFCOUNTING gstobject.c:208:gst_object_init: 0xc099f0 new
0:00:00.015079613  2784 0x196b320 LOG   GST_POLL gstpoll.c:994:gst_poll_fd_ctl_write: 0x1973820: pfd->events now 60 (POLLOUT:4)
0:00:00.019679086  2783 0xbef390 DEBUG   GST_REGISTRY gstregistrychunks.c:718:gst_registry_chunks_load_feature: Reading/casting for GstRegistryChunkPluginFeature at address 0xc091b8
0:00:00.015086432  2784 0x196b320 DEBUG   GST_POLL gstpoll.c:980:gst_poll_fd_ctl_write: 0x1973820: fd (fd:0, idx:1), active : 1
0:00:00.015094716  2784 0x196b320 LOG   GST_POLL gstpoll.c:994:gst_poll_fd_ctl_write: 0x1973820: pfd->events now 60 (POLLOUT:4)
0:00:00.019688112  2783 0xbef390 DEBUG   GST_REGISTRY gstregistry.c:590:gst_registry_add_feature: adding feature 0xc099f0 (leaks)
0:00:00.015100956  2784 0x196b320 DEBUG   GST_POLL gstpoll.c:980:gst_poll_fd_ctl_write: 0x1973820: fd (fd:0, idx:1), active : 1
0:00:00.019696831  2783 0xbef390 DEBUG   GST_REFCOUNTING gstobject.c:709:gst_object_set_parent: set parent (ref and sink)
0:00:00.015107763  2784 0x196b320 LOG   GST_POLL gstpoll.c:994:gst_poll_fd_ctl_write: 0x1973820: pfd->events now 60 (POLLOUT:4)
0:00:00.019704884  2783 0xbef390 TRACE   GST_REFCOUNTING gstobject.c:294:gst_object_ref_sink: 0xc099f0 ref_sink 1->2
0:00:00.015114359  2784 0x196b320 DEBUG   GST_POLL gstpoll.c:980:gst_poll_fd_ctl_write: 0x1973820: fd (fd:0, idx:1), active : 1
0:00:00.019712092  2783 0xbef390 LOG   GST_REGISTRY gstregistry.c:608:gst_registry_add_feature: emitting feature-added for leaks
0:00:00.015120750  2784 0x196b320 LOG   GST_POLL gstpoll.c:994:gst_poll_fd_ctl_write: 0x1973820: pfd->events now 60 (POLLOUT:4)
0:00:00.019719609  2783 0xbef390 DEBUG   GST_REGISTRY gstregistrychunks.c:741:gst_registry_chunks_load_feature: Added feature leaks, plugin 0xc096e0 coretracers
0:00:00.015131919  2784 0x196b320 DEBUG   GST_POLL gstpoll.c:980:gst_poll_fd_ctl_write: 0x1973820: fd (fd:0, idx:1), active : 1
0:00:00.019728459  2783 0xbef390 DEBUG   GST_REGISTRY gstregistrychunks.c:583:gst_registry_chunks_load_feature: Plugin 'coretracers' feature 'stats' typename : 'GstTracerFactory'
0:00:00.015138278  2784 0x196b320 LOG   GST_POLL gstpoll.c:994:gst_poll_fd_ctl_write: 0x1973820: pfd->events now 60 (POLLOUT:4)
0:00:00.019736847  2783 0xbef390 TRACE   GST_REFCOUNTING gstobject.c:208:gst_object_init: 0xc09bf0 new
0:00:00.015144958  2784 0x196b320 DEBUG   GST_POLL gstpoll.c:980:gst_poll_fd_ctl_write: 0x1973820: fd (fd:0, idx:1), active : 1
0:00:00.019745701  2783 0xbef390 DEBUG   GST_REGISTRY gstregistrychunks.c:718:gst_registry_chunks_load_feature: Reading/casting for GstRegistryChunkPluginFeature at address 0xc091d8
0:00:00.015153082  2784 0x196b320 LOG   GST_POLL gstpoll.c:994:gst_poll_fd_ctl_write: 0x1973820: pfd->events now 60 (POLLOUT:4)
0:00:00.019753811  2783 0xbef390 DEBUG   GST_REGISTRY gstregistry.c:590:gst_registry_add_feature: adding feature 0xc09bf0 (stats)
0:00:00.015161853  2784 0x196b320 LOG   GST_PLUGIN_LOADING gstpluginloader.c:646:put_chunk: Expanding tx buf from 7717 to 10158 for chunk of size 17
0:00:00.019760517  2783 0xbef390 DEBUG   GST_REFCOUNTING gstobject.c:709:gst_object_set_parent: set parent (ref and sink)
0:00:00.015173984  2784 0x196b320 DEBUG   GST_POLL gstpoll.c:980:gst_poll_fd_ctl_write: 0x1973820: fd (fd:0, idx:1), active : 1
0:00:00.019768265  2783 0xbef390 TRACE   GST_REFCOUNTING gstobject.c:294:gst_object_ref_sink: 0xc09bf0 ref_sink 1->2
0:00:00.015180962  2784 0x196b320 LOG   GST_POLL gstpoll.c:994:gst_poll_fd_ctl_write: 0x1973820: pfd->events now 60 (POLLOUT:4)
0:00:00.019776775  2783 0xbef390 LOG   GST_REGISTRY gstregistry.c:608:gst_registry_add_feature: emitting feature-added for stats
0:00:00.015187576  2784 0x196b320 DEBUG   GST_POLL gstpoll.c:980:gst_poll_fd_ctl_write: 0x1973820: fd (fd:0, idx:1), active : 1
0:00:00.019783685  2783 0xbef390 DEBUG   GST_REGISTRY gstregistrychunks.c:741:gst_registry_chunks_load_feature: Added feature stats, plugin 0xc096e0 coretracers
0:00:00.015194001  2784 0x196b320 LOG   GST_POLL gstpoll.c:994:gst_poll_fd_ctl_write: 0x1973820: pfd->events now 60 (POLLOUT:4)
0:00:00.019790826  2783 0xbef390 DEBUG   GST_REGISTRY gstregistrychunks.c:583:gst_registry_chunks_load_feature: Plugin 'coretracers' feature 'rusage' typename : 'GstTracerFactory'
0:00:00.015200725  2784 0x196b320 DEBUG   GST_POLL gstpoll.c:980:gst_poll_fd_ctl_write: 0x1973820: fd (fd:0, idx:1), active : 1
0:00:00.019798516  2783 0xbef390 TRACE   GST_REFCOUNTING gstobject.c:208:gst_object_init: 0xc09df0 new
0:00:00.015207107  2784 0x196b320 LOG   GST_POLL gstpoll.c:994:gst_poll_fd_ctl_write: 0x1973820: pfd->events now 60 (POLLOUT:4)
0:00:00.019806612  2783 0xbef390 DEBUG   GST_REGISTRY gstregistrychunks.c:718:gst_registry_chunks_load_feature: Reading/casting for GstRegistryChunkPluginFeature at address 0xc091f8
0:00:00.015219196  2784 0x196b320 DEBUG   GST_POLL gstpoll.c:980:gst_poll_fd_ctl_write: 0x1973820: fd (fd:0, idx:1), active : 1
0:00:00.019816095  2783 0xbef390 DEBUG   GST_REGISTRY gstregistry.c:590:gst_registry_add_feature: adding feature 0xc09df0 (rusage)
0:00:00.015225660  2784 0x196b320 LOG   GST_POLL gstpoll.c:994:gst_poll_fd_ctl_write: 0x1973820: pfd->events now 60 (POLLOUT:4)
0:00:00.019822663  2783 0xbef390 DEBUG   GST_REFCOUNTING gstobject.c:709:gst_object_set_parent: set parent (ref and sink)
0:00:00.015232345  2784 0x196b320 DEBUG   GST_POLL gstpoll.c:980:gst_poll_fd_ctl_write: 0x1973820: fd (fd:0, idx:1), active : 1
0:00:00.019830216  2783 0xbef390 TRACE   GST_REFCOUNTING gstobject.c:294:gst_object_ref_sink: 0xc09df0 ref_sink 1->2
0:00:00.015238857  2784 0x196b320 LOG   GST_POLL gstpoll.c:994:gst_poll_fd_ctl_write: 0x1973820: pfd->events now 60 (POLLOUT:4)
0:00:00.019837338  2783 0xbef390 LOG   GST_REGISTRY gstregistry.c:608:gst_registry_add_feature: emitting feature-added for rusage
0:00:00.015246249  2784 0x196b320 DEBUG   GST_POLL gstpoll.c:980:gst_poll_fd_ctl_write: 0x1973820: fd (fd:0, idx:1), active : 1
0:00:00.019844358  2783 0xbef390 DEBUG   GST_REGISTRY gstregistrychunks.c:741:gst_registry_chunks_load_feature: Added feature rusage, plugin 0xc096e0 coretracers
0:00:00.015252819  2784 0x196b320 LOG   GST_POLL gstpoll.c:994:gst_poll_fd_ctl_write: 0x1973820: pfd->events now 60 (POLLOUT:4)
0:00:00.019851584  2783 0xbef390 DEBUG   GST_REGISTRY gstregistrychunks.c:583:gst_registry_chunks_load_feature: Plugin 'coretracers' feature 'log' typename : 'GstTracerFactory'
0:00:00.015260012  2784 0x196b320 DEBUG   GST_POLL gstpoll.c:980:gst_poll_fd_ctl_write: 0x1973820: fd (fd:0, idx:1), active : 1
0:00:00.019859493  2783 0xbef390 TRACE   GST_REFCOUNTING gstobject.c:208:gst_object_init: 0xc09ff0 new
0:00:00.015267091  2784 0x196b320 LOG   GST_POLL gstpoll.c:994:gst_poll_fd_ctl_write: 0x1973820: pfd->events now 60 (POLLOUT:4)
0:00:00.019867789  2783 0xbef390 DEBUG   GST_REGISTRY gstregistrychunks.c:718:gst_registry_chunks_load_feature: Reading/casting for GstRegistryChunkPluginFeature at address 0xc09218
0:00:00.015275885  2784 0x196b320 DEBUG   GST_POLL gstpoll.c:980:gst_poll_fd_ctl_write: 0x1973820: fd (fd:0, idx:1), active : 1
0:00:00.019875920  2783 0xbef390 DEBUG   GST_REGISTRY gstregistry.c:590:gst_registry_add_feature: adding feature 0xc09ff0 (log)
0:00:00.015283371  2784 0x196b320 LOG   GST_POLL gstpoll.c:994:gst_poll_fd_ctl_write: 0x1973820: pfd->events now 60 (POLLOUT:4)
0:00:00.019882619  2783 0xbef390 DEBUG   GST_REFCOUNTING gstobject.c:709:gst_object_set_parent: set parent (ref and sink)
0:00:00.015291784  2784 0x196b320 DEBUG   GST_POLL gstpoll.c:980:gst_poll_fd_ctl_write: 0x1973820: fd (fd:0, idx:1), active : 1
0:00:00.019890058  2783 0xbef390 TRACE   GST_REFCOUNTING gstobject.c:294:gst_object_ref_sink: 0xc09ff0 ref_sink 1->2
0:00:00.015302282  2784 0x196b320 LOG   GST_POLL gstpoll.c:994:gst_poll_fd_ctl_write: 0x1973820: pfd->events now 60 (POLLOUT:4)
0:00:00.019898519  2783 0xbef390 LOG   GST_REGISTRY gstregistry.c:608:gst_registry_add_feature: emitting feature-added for log
0:00:00.015309205  2784 0x196b320 DEBUG   GST_POLL gstpoll.c:980:gst_poll_fd_ctl_write: 0x1973820: fd (fd:0, idx:1), active : 1
0:00:00.019905426  2783 0xbef390 DEBUG   GST_REGISTRY gstregistrychunks.c:741:gst_registry_chunks_load_feature: Added feature log, plugin 0xc096e0 coretracers
0:00:00.015315548  2784 0x196b320 LOG   GST_POLL gstpoll.c:994:gst_poll_fd_ctl_write: 0x1973820: pfd->events now 60 (POLLOUT:4)
0:00:00.019912655  2783 0xbef390 DEBUG   GST_REGISTRY gstregistrychunks.c:583:gst_registry_chunks_load_feature: Plugin 'coretracers' feature 'latency' typename : 'GstTracerFactory'
0:00:00.015322171  2784 0x196b320 DEBUG   GST_POLL gstpoll.c:980:gst_poll_fd_ctl_write: 0x1973820: fd (fd:0, idx:1), active : 1
0:00:00.019920725  2783 0xbef390 TRACE   GST_REFCOUNTING gstobject.c:208:gst_object_init: 0xc0a1f0 new
0:00:00.015328438  2784 0x196b320 LOG   GST_POLL gstpoll.c:994:gst_poll_fd_ctl_write: 0x1973820: pfd->events now 60 (POLLOUT:4)
0:00:00.019928964  2783 0xbef390 DEBUG   GST_REGISTRY gstregistrychunks.c:718:gst_registry_chunks_load_feature: Reading/casting for GstRegistryChunkPluginFeature at address 0xc09240
0:00:00.015336722  2784 0x196b320 DEBUG   GST_POLL gstpoll.c:980:gst_poll_fd_ctl_write: 0x1973820: fd (fd:0, idx:1), active : 1
0:00:00.019937261  2783 0xbef390 DEBUG   GST_REGISTRY gstregistry.c:590:gst_registry_add_feature: adding feature 0xc0a1f0 (latency)
0:00:00.015344598  2784 0x196b320 LOG   GST_POLL gstpoll.c:994:gst_poll_fd_ctl_write: 0x1973820: pfd->events now 60 (POLLOUT:4)
0:00:00.019943934  2783 0xbef390 DEBUG   GST_REFCOUNTING gstobject.c:709:gst_object_set_parent: set parent (ref and sink)
0:00:00.015353820  2784 0x196b320 TRACE   GST_REFCOUNTING gstobject.c:265:gst_object_unref: 0x1984eb0 unref 2->1
0:00:00.019951568  2783 0xbef390 TRACE   GST_REFCOUNTING gstobject.c:294:gst_object_ref_sink: 0xc0a1f0 ref_sink 1->2
0:00:00.015361227  2784 0x196b320 DEBUG   GST_POLL gstpoll.c:1241:gst_poll_fd_has_error: 0x1973820: fd (fd:0, idx:1) 0
0:00:00.019959409  2783 0xbef390 LOG   GST_REGISTRY gstregistry.c:608:gst_registry_add_feature: emitting feature-added for latency
0:00:00.015368267  2784 0x196b320 DEBUG   GST_POLL gstpoll.c:1335:gst_poll_fd_can_write: 0x1973820: fd (fd:0, idx:1) 1
0:00:00.019966380  2783 0xbef390 DEBUG   GST_REGISTRY gstregistrychunks.c:741:gst_registry_chunks_load_feature: Added feature latency, plugin 0xc096e0 coretracers
0:00:00.015374670  2784 0x196b320 LOG   GST_PLUGIN_LOADING gstpluginloader.c:690:write_one: Writing packet of size 6872 bytes to fd 0
0:00:00.019974707  2783 0xbef390 LOG   GST_PLUGIN_LOADING gstpluginloader.c:889:handle_rx_packet: marking plugin 0xc096e0 as registered as /home/conan/w/prod/BuildSingleReference/.conan/data/gstreamer/1.18.3/_/_/package/bec7fecef66b28e957582014d79b970659fc2b7f/lib/gstreamer-1.0/libgstcoretracers.so
0:00:00.015391227  2784 0x196b320 DEBUG   GST_POLL gstpoll.c:1414:gst_poll_wait: 0x1973820: timeout :0:00:01.000000000
0:00:00.019989352  2783 0xbef390 DEBUG   GST_POLL gstpoll.c:1414:gst_poll_wait: 0xc08b40: timeout :0:00:01.000000000
0:00:00.015400736  2784 0x196b320 LOG   GST_PLUGIN_LOADING gstpluginloader.c:1028:exchange_packets: Poll res = 2. 488 bytes pending for write
0:00:00.019999761  2783 0xbef390 LOG   GST_PLUGIN_LOADING gstpluginloader.c:1028:exchange_packets: Poll res = 1. 0 bytes pending for write
0:00:00.015408203  2784 0x196b320 DEBUG   GST_POLL gstpoll.c:1241:gst_poll_fd_has_error: 0x1973820: fd (fd:5, idx:2) 0
0:00:00.020007270  2783 0xbef390 DEBUG   GST_POLL gstpoll.c:1241:gst_poll_fd_has_error: 0xc08b40: fd (fd:8, idx:2) 0
0:00:00.015415757  2784 0x196b320 DEBUG   GST_POLL gstpoll.c:1266:gst_poll_fd_can_read_unlocked: 0x1973820: fd (fd:5, idx:2) 1
0:00:00.020014250  2783 0xbef390 DEBUG   GST_POLL gstpoll.c:1266:gst_poll_fd_can_read_unlocked: 0xc08b40: fd (fd:8, idx:2) 1
0:00:00.015426131  2784 0x196b320 DEBUG   GST_PLUGIN_LOADING gstpluginloader.c:722:do_plugin_load: Plugin scanner loading file /home/conan/w/prod/BuildSingleReference/.conan/data/gstreamer/1.18.3/_/_/package/bec7fecef66b28e957582014d79b970659fc2b7f/lib/gstreamer-1.0/libgstcoreelements.so. tag 3
0:00:00.015434745  2784 0x196b320 TRACE   GST_REFCOUNTING gstobject.c:238:gst_object_ref: 0x1987180 ref 1->2
0:00:00.020022503  2783 0xbef390 LOG   GST_PLUGIN_LOADING gstpluginloader.c:986:read_one: Expanding rx buf from 512 to 7384
0:00:00.015442170  2784 0x196b320 TRACE   GST_REFCOUNTING gstobject.c:238:gst_object_ref: 0x19a23e0 ref 1->2
0:00:00.015449791  2784 0x196b320 TRACE   GST_REFCOUNTING gstobject.c:238:gst_object_ref: 0x19a16b0 ref 1->2
0:00:00.015466508  2784 0x196b320 TRACE   GST_REFCOUNTING gstobject.c:238:gst_object_ref: 0x199fee0 ref 1->2
0:00:00.015474755  2784 0x196b320 TRACE   GST_REFCOUNTING gstobject.c:238:gst_object_ref: 0x199f110 ref 1->2
0:00:00.015481529  2784 0x196b320 TRACE   GST_REFCOUNTING gstobject.c:238:gst_object_ref: 0x199df70 ref 1->2
0:00:00.015488193  2784 0x196b320 TRACE   GST_REFCOUNTING gstobject.c:238:gst_object_ref: 0x199ce70 ref 1->2
0:00:00.020081596  2783 0xbef390 DEBUG   GST_PLUGIN_LOADING gstpluginloader.c:850:handle_rx_packet: Received plugin details from child w/ tag 1. 6860 bytes info
0:00:00.015494880  2784 0x196b320 TRACE   GST_REFCOUNTING gstobject.c:238:gst_object_ref: 0x199b520 ref 1->2
0:00:00.020096996  2783 0xbef390 LOG   GST_REGISTRY gstregistrychunks.c:837:_priv_gst_registry_chunks_load_plugin: Reading/casting for GstRegistryChunkPluginElement at address 0xc0a990
0:00:00.015504966  2784 0x196b320 TRACE   GST_REFCOUNTING gstobject.c:238:gst_object_ref: 0x1999a10 ref 1->2
0:00:00.020111280  2783 0xbef390 TRACE   GST_REFCOUNTING gstobject.c:208:gst_object_init: 0xc09070 new
0:00:00.015521153  2784 0x196b320 TRACE   GST_REFCOUNTING gstobject.c:238:gst_object_ref: 0x1998900 ref 1->2
0:00:00.015528532  2784 0x196b320 TRACE   GST_REFCOUNTING gstobject.c:238:gst_object_ref: 0x19976e0 ref 1->2
0:00:00.020126012  2783 0xbef390 LOG   GST_REGISTRY gstregistrychunks.c:858:_priv_gst_registry_chunks_load_plugin: read strings for name='coreelements'
0:00:00.015535356  2784 0x196b320 TRACE   GST_REFCOUNTING gstobject.c:238:gst_object_ref: 0x19960b0 ref 1->2
0:00:00.020132908  2783 0xbef390 LOG   GST_REGISTRY gstregistrychunks.c:859:_priv_gst_registry_chunks_load_plugin: desc.description='GStreamer core elements'
0:00:00.015542449  2784 0x196b320 TRACE   GST_REFCOUNTING gstobject.c:238:gst_object_ref: 0x1995400 ref 1->2
0:00:00.020140154  2783 0xbef390 LOG   GST_REGISTRY gstregistrychunks.c:860:_priv_gst_registry_chunks_load_plugin: filename='/home/conan/w/prod/BuildSingleReference/.conan/data/gstreamer/1.18.3/_/_/package/bec7fecef66b28e957582014d79b970659fc2b7f/lib/gstreamer-1.0/libgstcoreelements.so'
0:00:00.015549541  2784 0x196b320 TRACE   GST_REFCOUNTING gstobject.c:238:gst_object_ref: 0x19947d0 ref 1->2
0:00:00.020146865  2783 0xbef390 LOG   GST_REGISTRY gstregistrychunks.c:861:_priv_gst_registry_chunks_load_plugin: desc.version='1.18.3'
0:00:00.015556639  2784 0x196b320 TRACE   GST_REFCOUNTING gstobject.c:238:gst_object_ref: 0x198bd20 ref 1->2
0:00:00.020152858  2783 0xbef390 LOG   GST_REGISTRY gstregistrychunks.c:862:_priv_gst_registry_chunks_load_plugin: desc.license='LGPL'
0:00:00.015563680  2784 0x196b320 TRACE   GST_REFCOUNTING gstobject.c:238:gst_object_ref: 0x1991bd0 ref 1->2
0:00:00.020158799  2783 0xbef390 LOG   GST_REGISTRY gstregistrychunks.c:863:_priv_gst_registry_chunks_load_plugin: desc.source='gstreamer'
0:00:00.015571038  2784 0x196b320 TRACE   GST_REFCOUNTING gstobject.c:238:gst_object_ref: 0x198f5a0 ref 1->2
0:00:00.020166076  2783 0xbef390 LOG   GST_REGISTRY gstregistrychunks.c:864:_priv_gst_registry_chunks_load_plugin: desc.package='GStreamer source release'
0:00:00.015578252  2784 0x196b320 TRACE   GST_REFCOUNTING gstobject.c:238:gst_object_ref: 0x198da50 ref 1->2
0:00:00.020173522  2783 0xbef390 LOG   GST_REGISTRY gstregistrychunks.c:865:_priv_gst_registry_chunks_load_plugin: desc.origin='Unknown package origin'
0:00:00.015585484  2784 0x196b320 TRACE   GST_REFCOUNTING gstobject.c:238:gst_object_ref: 0x198ca10 ref 1->2
0:00:00.020180395  2783 0xbef390 LOG   GST_REGISTRY gstregistrychunks.c:866:_priv_gst_registry_chunks_load_plugin: desc.datetime=2021-01-13
0:00:00.015592884  2784 0x196b320 TRACE   GST_REFCOUNTING gstobject.c:238:gst_object_ref: 0x198af60 ref 1->2
0:00:00.020190761  2783 0xbef390 DEBUG   GST_REGISTRY gstregistry.c:474:gst_registry_add_plugin: adding plugin 0xc09070 for filename "/home/conan/w/prod/BuildSingleReference/.conan/data/gstreamer/1.18.3/_/_/package/bec7fecef66b28e957582014d79b970659fc2b7f/lib/gstreamer-1.0/libgstcoreelements.so"
0:00:00.015600255  2784 0x196b320 TRACE   GST_REFCOUNTING gstobject.c:238:gst_object_ref: 0x198a090 ref 1->2
0:00:00.020208030  2783 0xbef390 TRACE   GST_REFCOUNTING gstobject.c:294:gst_object_ref_sink: 0xc09070 ref_sink 1->2
0:00:00.015615652  2784 0x196b320 TRACE   GST_REFCOUNTING gstobject.c:238:gst_object_ref: 0x19892f0 ref 1->2
0:00:00.020216659  2783 0xbef390 LOG   GST_REGISTRY gstregistry.c:487:gst_registry_add_plugin: emitting plugin-added for filename "/home/conan/w/prod/BuildSingleReference/.conan/data/gstreamer/1.18.3/_/_/package/bec7fecef66b28e957582014d79b970659fc2b7f/lib/gstreamer-1.0/libgstcoreelements.so"
0:00:00.015624355  2784 0x196b320 TRACE   GST_REFCOUNTING gstobject.c:238:gst_object_ref: 0x1987630 ref 1->2
0:00:00.020224708  2783 0xbef390 DEBUG   GST_REGISTRY gstregistrychunks.c:887:_priv_gst_registry_chunks_load_plugin: Added plugin 'coreelements' plugin with 22 features from binary registry
0:00:00.015633846  2784 0x196b320 DEBUG   GST_REGISTRY gstregistrychunks.c:265:gst_registry_chunks_save_feature: saved 0 interfaces 0 pad templates
0:00:00.020232462  2783 0xbef390 DEBUG   GST_REGISTRY gstregistrychunks.c:583:gst_registry_chunks_load_feature: Plugin 'coreelements' feature 'streamiddemux' typename : 'GstElementFactory'
0:00:00.015646414  2784 0x196b320 DEBUG   GST_REGISTRY gstregistrychunks.c:265:gst_registry_chunks_save_feature: saved 0 interfaces 0 pad templates
0:00:00.020243659  2783 0xbef390 TRACE   GST_REFCOUNTING gstobject.c:208:gst_object_init: 0xc0a2b0 new
0:00:00.015657345  2784 0x196b320 DEBUG   GST_REGISTRY gstregistrychunks.c:265:gst_registry_chunks_save_feature: saved 0 interfaces 0 pad templates
0:00:00.020252625  2783 0xbef390 LOG   GST_REGISTRY gstregistrychunks.c:610:gst_registry_chunks_load_feature: Reading/casting for GstRegistryChunkElementFactory at address 0xc0aae8
0:00:00.015668084  2784 0x196b320 DEBUG   GST_REGISTRY gstregistrychunks.c:265:gst_registry_chunks_save_feature: saved 1 interfaces 0 pad templates
0:00:00.020262532  2783 0xbef390 TRACE   structure gststructure.c:287:gst_structure_new_id_empty_with_size: created structure 0xc0a4b0
0:00:00.015675070  2784 0x196b320 DEBUG   GST_REGISTRY gstregistrychunks.c:284:gst_registry_chunks_save_feature: Saved 1 UriTypes
0:00:00.020272878  2783 0xbef390 DEBUG   structure gststructure.c:2203:gst_structure_parse_field: trying field name 'long-name'
0:00:00.015686357  2784 0x196b320 DEBUG   GST_REGISTRY gstregistrychunks.c:265:gst_registry_chunks_save_feature: saved 0 interfaces 0 pad templates
0:00:00.020285651  2783 0xbef390 DEBUG   default gstvalue.c:2676:_priv_gst_value_parse_value: trying type name 'string'
0:00:00.015696483  2784 0x196b320 DEBUG   GST_REGISTRY gstregistrychunks.c:265:gst_registry_chunks_save_feature: saved 0 interfaces 0 pad templates
0:00:00.020297629  2783 0xbef390 DEBUG   structure gststructure.c:2203:gst_structure_parse_field: trying field name 'klass'
0:00:00.020306354  2783 0xbef390 DEBUG   default gstvalue.c:2676:_priv_gst_value_parse_value: trying type name 'string'
0:00:00.015714799  2784 0x196b320 DEBUG   GST_REGISTRY gstregistrychunks.c:265:gst_registry_chunks_save_feature: saved 0 interfaces 0 pad templates
0:00:00.020313261  2783 0xbef390 DEBUG   structure gststructure.c:2203:gst_structure_parse_field: trying field name 'description'
0:00:00.020319327  2783 0xbef390 DEBUG   default gstvalue.c:2676:_priv_gst_value_parse_value: trying type name 'string'
0:00:00.015726932  2784 0x196b320 DEBUG   GST_REGISTRY gstregistrychunks.c:265:gst_registry_chunks_save_feature: saved 1 interfaces 0 pad templates
0:00:00.020326345  2783 0xbef390 DEBUG   structure gststructure.c:2203:gst_structure_parse_field: trying field name 'author'
0:00:00.015734307  2784 0x196b320 DEBUG   GST_REGISTRY gstregistrychunks.c:284:gst_registry_chunks_save_feature: Saved 1 UriTypes
0:00:00.020332333  2783 0xbef390 DEBUG   default gstvalue.c:2676:_priv_gst_value_parse_value: trying type name 'string'
0:00:00.015745292  2784 0x196b320 DEBUG   GST_REGISTRY gstregistrychunks.c:265:gst_registry_chunks_save_feature: saved 1 interfaces 0 pad templates
0:00:00.020339832  2783 0xbef390 DEBUG   GST_REGISTRY gstregistrychunks.c:626:gst_registry_chunks_load_feature: Element factory : npadtemplates=2
0:00:00.015751964  2784 0x196b320 DEBUG   GST_REGISTRY gstregistrychunks.c:284:gst_registry_chunks_save_feature: Saved 1 UriTypes
0:00:00.020347622  2783 0xbef390 DEBUG   GST_REGISTRY gstregistrychunks.c:526:gst_registry_chunks_load_pad_template: Reading/casting for GstRegistryChunkPadTemplate at address 0xc0abc0
0:00:00.020355062  2783 0xbef390 DEBUG   GST_REGISTRY gstregistrychunks.c:539:gst_registry_chunks_load_pad_template: Added pad_template src_%u
0:00:00.015761966  2784 0x196b320 DEBUG   GST_REGISTRY gstregistrychunks.c:265:gst_registry_chunks_save_feature: saved 1 interfaces 0 pad templates
0:00:00.020360722  2783 0xbef390 DEBUG   GST_REGISTRY gstregistrychunks.c:526:gst_registry_chunks_load_pad_template: Reading/casting for GstRegistryChunkPadTemplate at address 0xc0abd8
0:00:00.015769871  2784 0x196b320 DEBUG   GST_REGISTRY gstregistrychunks.c:284:gst_registry_chunks_save_feature: Saved 1 UriTypes
0:00:00.020367449  2783 0xbef390 DEBUG   GST_REGISTRY gstregistrychunks.c:539:gst_registry_chunks_load_pad_template: Added pad_template sink
0:00:00.015779666  2784 0x196b320 DEBUG   GST_REGISTRY gstregistrychunks.c:265:gst_registry_chunks_save_feature: saved 0 interfaces 0 pad templates
0:00:00.020376760  2783 0xbef390 DEBUG   GST_REGISTRY gstregistry.c:590:gst_registry_add_feature: adding feature 0xc0a2b0 (streamiddemux)
0:00:00.015789981  2784 0x196b320 DEBUG   GST_REGISTRY gstregistrychunks.c:265:gst_registry_chunks_save_feature: saved 0 interfaces 0 pad templates
0:00:00.020385725  2783 0xbef390 DEBUG   GST_REFCOUNTING gstobject.c:709:gst_object_set_parent: set parent (ref and sink)
0:00:00.015799586  2784 0x196b320 DEBUG   GST_REGISTRY gstregistrychunks.c:265:gst_registry_chunks_save_feature: saved 0 interfaces 0 pad templates
0:00:00.020399843  2783 0xbef390 TRACE   GST_REFCOUNTING gstobject.c:294:gst_object_ref_sink: 0xc0a2b0 ref_sink 1->2
0:00:00.015812529  2784 0x196b320 DEBUG   GST_REGISTRY gstregistrychunks.c:265:gst_registry_chunks_save_feature: saved 0 interfaces 0 pad templates
0:00:00.020407437  2783 0xbef390 LOG   GST_REGISTRY gstregistry.c:608:gst_registry_add_feature: emitting feature-added for streamiddemux
0:00:00.015822819  2784 0x196b320 DEBUG   GST_REGISTRY gstregistrychunks.c:265:gst_registry_chunks_save_feature: saved 0 interfaces 0 pad templates
0:00:00.020416416  2783 0xbef390 DEBUG   GST_REGISTRY gstregistrychunks.c:741:gst_registry_chunks_load_feature: Added feature streamiddemux, plugin 0xc09070 coreelements
0:00:00.020426030  2783 0xbef390 DEBUG   GST_REGISTRY gstregistrychunks.c:583:gst_registry_chunks_load_feature: Plugin 'coreelements' feature 'valve' typename : 'GstElementFactory'
0:00:00.015832658  2784 0x196b320 DEBUG   GST_REGISTRY gstregistrychunks.c:265:gst_registry_chunks_save_feature: saved 0 interfaces 0 pad templates
0:00:00.020434277  2783 0xbef390 TRACE   GST_REFCOUNTING gstobject.c:208:gst_object_init: 0xc0a810 new
0:00:00.015845158  2784 0x196b320 DEBUG   GST_REGISTRY gstregistrychunks.c:265:gst_registry_chunks_save_feature: saved 1 interfaces 0 pad templates
0:00:00.020442505  2783 0xbef390 LOG   GST_REGISTRY gstregistrychunks.c:610:gst_registry_chunks_load_feature: Reading/casting for GstRegistryChunkElementFactory at address 0xc0ac08
0:00:00.015851883  2784 0x196b320 DEBUG   GST_REGISTRY gstregistrychunks.c:284:gst_registry_chunks_save_feature: Saved 1 UriTypes
0:00:00.020449769  2783 0xbef390 TRACE   structure gststructure.c:287:gst_structure_new_id_empty_with_size: created structure 0xc0c660
0:00:00.015862059  2784 0x196b320 DEBUG   GST_REGISTRY gstregistrychunks.c:265:gst_registry_chunks_save_feature: saved 0 interfaces 0 pad templates
0:00:00.020456383  2783 0xbef390 DEBUG   structure gststructure.c:2203:gst_structure_parse_field: trying field name 'long-name'
0:00:00.020464090  2783 0xbef390 DEBUG   default gstvalue.c:2676:_priv_gst_value_parse_value: trying type name 'string'
0:00:00.015873503  2784 0x196b320 DEBUG   GST_REGISTRY gstregistrychunks.c:265:gst_registry_chunks_save_feature: saved 0 interfaces 0 pad templates
0:00:00.020470713  2783 0xbef390 DEBUG   structure gststructure.c:2203:gst_structure_parse_field: trying field name 'klass'
0:00:00.020476616  2783 0xbef390 DEBUG   default gstvalue.c:2676:_priv_gst_value_parse_value: trying type name 'string'
0:00:00.015885066  2784 0x196b320 DEBUG   GST_REGISTRY gstregistrychunks.c:265:gst_registry_chunks_save_feature: saved 0 interfaces 0 pad templates
0:00:00.020482885  2783 0xbef390 DEBUG   structure gststructure.c:2203:gst_structure_parse_field: trying field name 'description'
0:00:00.015896128  2784 0x196b320 DEBUG   GST_REGISTRY gstregistrychunks.c:265:gst_registry_chunks_save_feature: saved 0 interfaces 0 pad templates
0:00:00.020493049  2783 0xbef390 DEBUG   default gstvalue.c:2676:_priv_gst_value_parse_value: trying type name 'string'
0:00:00.020500187  2783 0xbef390 DEBUG   structure gststructure.c:2203:gst_structure_parse_field: trying field name 'author'
0:00:00.015908719  2784 0x196b320 DEBUG   GST_REGISTRY gstregistrychunks.c:265:gst_registry_chunks_save_feature: saved 0 interfaces 0 pad templates
0:00:00.020505501  2783 0xbef390 DEBUG   default gstvalue.c:2676:_priv_gst_value_parse_value: trying type name 'string'
0:00:00.020512881  2783 0xbef390 DEBUG   GST_REGISTRY gstregistrychunks.c:626:gst_registry_chunks_load_feature: Element factory : npadtemplates=2
0:00:00.015920265  2784 0x196b320 TRACE   GST_REFCOUNTING gstobject.c:265:gst_object_unref: 0x1987630 unref 2->1
0:00:00.020518721  2783 0xbef390 DEBUG   GST_REGISTRY gstregistrychunks.c:526:gst_registry_chunks_load_pad_template: Reading/casting for GstRegistryChunkPadTemplate at address 0xc0acf8
0:00:00.015928917  2784 0x196b320 TRACE   GST_REFCOUNTING gstobject.c:265:gst_object_unref: 0x19892f0 unref 2->1
0:00:00.020525013  2783 0xbef390 DEBUG   GST_REGISTRY gstregistrychunks.c:539:gst_registry_chunks_load_pad_template: Added pad_template sink
0:00:00.015936831  2784 0x196b320 TRACE   GST_REFCOUNTING gstobject.c:265:gst_object_unref: 0x198a090 unref 2->1
0:00:00.020531610  2783 0xbef390 DEBUG   GST_REGISTRY gstregistrychunks.c:526:gst_registry_chunks_load_pad_template: Reading/casting for GstRegistryChunkPadTemplate at address 0xc0ad10
0:00:00.015944446  2784 0x196b320 TRACE   GST_REFCOUNTING gstobject.c:265:gst_object_unref: 0x198af60 unref 2->1
0:00:00.020539723  2783 0xbef390 DEBUG   GST_REGISTRY gstregistrychunks.c:539:gst_registry_chunks_load_pad_template: Added pad_template src
0:00:00.015952053  2784 0x196b320 TRACE   GST_REFCOUNTING gstobject.c:265:gst_object_unref: 0x198ca10 unref 2->1
0:00:00.020549386  2783 0xbef390 DEBUG   GST_REGISTRY gstregistry.c:590:gst_registry_add_feature: adding feature 0xc0a810 (valve)
0:00:00.015959606  2784 0x196b320 TRACE   GST_REFCOUNTING gstobject.c:265:gst_object_unref: 0x198da50 unref 2->1
0:00:00.020556229  2783 0xbef390 DEBUG   GST_REFCOUNTING gstobject.c:709:gst_object_set_parent: set parent (ref and sink)
0:00:00.015967077  2784 0x196b320 TRACE   GST_REFCOUNTING gstobject.c:265:gst_object_unref: 0x198f5a0 unref 2->1
0:00:00.020564259  2783 0xbef390 TRACE   GST_REFCOUNTING gstobject.c:294:gst_object_ref_sink: 0xc0a810 ref_sink 1->2
0:00:00.015974587  2784 0x196b320 TRACE   GST_REFCOUNTING gstobject.c:265:gst_object_unref: 0x1991bd0 unref 2->1
0:00:00.020571685  2783 0xbef390 LOG   GST_REGISTRY gstregistry.c:608:gst_registry_add_feature: emitting feature-added for valve
0:00:00.015982048  2784 0x196b320 TRACE   GST_REFCOUNTING gstobject.c:265:gst_object_unref: 0x198bd20 unref 2->1
0:00:00.020583370  2783 0xbef390 DEBUG   GST_REGISTRY gstregistrychunks.c:741:gst_registry_chunks_load_feature: Added feature valve, plugin 0xc09070 coreelements
0:00:00.015991736  2784 0x196b320 TRACE   GST_REFCOUNTING gstobject.c:265:gst_object_unref: 0x19947d0 unref 2->1
0:00:00.020590906  2783 0xbef390 DEBUG   GST_REGISTRY gstregistrychunks.c:583:gst_registry_chunks_load_feature: Plugin 'coreelements' feature 'multiqueue' typename : 'GstElementFactory'
0:00:00.015999564  2784 0x196b320 TRACE   GST_REFCOUNTING gstobject.c:265:gst_object_unref: 0x1995400 unref 2->1
0:00:00.020599484  2783 0xbef390 TRACE   GST_REFCOUNTING gstobject.c:208:gst_object_init: 0xc0c7e0 new
0:00:00.016012363  2784 0x196b320 TRACE   GST_REFCOUNTING gstobject.c:265:gst_object_unref: 0x19960b0 unref 2->1
0:00:00.020608978  2783 0xbef390 LOG   GST_REGISTRY gstregistrychunks.c:610:gst_registry_chunks_load_feature: Reading/casting for GstRegistryChunkElementFactory at address 0xc0ad40
0:00:00.016019834  2784 0x196b320 TRACE   GST_REFCOUNTING gstobject.c:265:gst_object_unref: 0x19976e0 unref 2->1
0:00:00.020616352  2783 0xbef390 TRACE   structure gststructure.c:287:gst_structure_new_id_empty_with_size: created structure 0xc0c8d0
0:00:00.016027365  2784 0x196b320 TRACE   GST_REFCOUNTING gstobject.c:265:gst_object_unref: 0x1998900 unref 2->1
0:00:00.020623266  2783 0xbef390 DEBUG   structure gststructure.c:2203:gst_structure_parse_field: trying field name 'long-name'
0:00:00.016034825  2784 0x196b320 TRACE   GST_REFCOUNTING gstobject.c:265:gst_object_unref: 0x1999a10 unref 2->1
0:00:00.020630028  2783 0xbef390 DEBUG   default gstvalue.c:2676:_priv_gst_value_parse_value: trying type name 'string'
0:00:00.016042183  2784 0x196b320 TRACE   GST_REFCOUNTING gstobject.c:265:gst_object_unref: 0x199b520 unref 2->1
0:00:00.020637977  2783 0xbef390 DEBUG   structure gststructure.c:2203:gst_structure_parse_field: trying field name 'klass'
0:00:00.016049550  2784 0x196b320 TRACE   GST_REFCOUNTING gstobject.c:265:gst_object_unref: 0x199ce70 unref 2->1
0:00:00.020644366  2783 0xbef390 DEBUG   default gstvalue.c:2676:_priv_gst_value_parse_value: trying type name 'string'
0:00:00.016056921  2784 0x196b320 TRACE   GST_REFCOUNTING gstobject.c:265:gst_object_unref: 0x199df70 unref 2->1
0:00:00.020652572  2783 0xbef390 DEBUG   structure gststructure.c:2203:gst_structure_parse_field: trying field name 'description'
0:00:00.016064277  2784 0x196b320 TRACE   GST_REFCOUNTING gstobject.c:265:gst_object_unref: 0x199f110 unref 2->1
0:00:00.020659117  2783 0xbef390 DEBUG   default gstvalue.c:2676:_priv_gst_value_parse_value: trying type name 'string'
0:00:00.016071541  2784 0x196b320 TRACE   GST_REFCOUNTING gstobject.c:265:gst_object_unref: 0x199fee0 unref 2->1
0:00:00.020667198  2783 0xbef390 DEBUG   structure gststructure.c:2203:gst_structure_parse_field: trying field name 'author'
0:00:00.016083640  2784 0x196b320 TRACE   GST_REFCOUNTING gstobject.c:265:gst_object_unref: 0x19a16b0 unref 2->1
0:00:00.020678463  2783 0xbef390 DEBUG   default gstvalue.c:2676:_priv_gst_value_parse_value: trying type name 'string'
0:00:00.016090958  2784 0x196b320 TRACE   GST_REFCOUNTING gstobject.c:265:gst_object_unref: 0x19a23e0 unref 2->1
0:00:00.020687060  2783 0xbef390 DEBUG   GST_REGISTRY gstregistrychunks.c:626:gst_registry_chunks_load_feature: Element factory : npadtemplates=2
0:00:00.020693174  2783 0xbef390 DEBUG   GST_REGISTRY gstregistrychunks.c:526:gst_registry_chunks_load_pad_template: Reading/casting for GstRegistryChunkPadTemplate at address 0xc0ae00
0:00:00.016100342  2784 0x196b320 DEBUG   GST_REGISTRY gstregistrychunks.c:498:_priv_gst_registry_chunks_save_plugin: Found 22 features in plugin 0x1987180 (coreelements)
0:00:00.020699336  2783 0xbef390 DEBUG   GST_REGISTRY gstregistrychunks.c:539:gst_registry_chunks_load_pad_template: Added pad_template src_%u
0:00:00.016108907  2784 0x196b320 DEBUG   GST_POLL gstpoll.c:980:gst_poll_fd_ctl_write: 0x1973820: fd (fd:0, idx:1), active : 1
0:00:00.020705387  2783 0xbef390 DEBUG   GST_REGISTRY gstregistrychunks.c:526:gst_registry_chunks_load_pad_template: Reading/casting for GstRegistryChunkPadTemplate at address 0xc0ae18
0:00:00.016116205  2784 0x196b320 LOG   GST_POLL gstpoll.c:994:gst_poll_fd_ctl_write: 0x1973820: pfd->events now 60 (POLLOUT:4)
0:00:00.020712337  2783 0xbef390 DEBUG   GST_REGISTRY gstregistrychunks.c:539:gst_registry_chunks_load_pad_template: Added pad_template sink_%u
0:00:00.016123178  2784 0x196b320 DEBUG   GST_POLL gstpoll.c:980:gst_poll_fd_ctl_write: 0x1973820: fd (fd:0, idx:1), active : 1
0:00:00.020720723  2783 0xbef390 DEBUG   GST_REGISTRY gstregistry.c:590:gst_registry_add_feature: adding feature 0xc0c7e0 (multiqueue)
0:00:00.016129864  2784 0x196b320 LOG   GST_POLL gstpoll.c:994:gst_poll_fd_ctl_write: 0x1973820: pfd->events now 60 (POLLOUT:4)
0:00:00.020727589  2783 0xbef390 DEBUG   GST_REFCOUNTING gstobject.c:709:gst_object_set_parent: set parent (ref and sink)
0:00:00.016136899  2784 0x196b320 DEBUG   GST_POLL gstpoll.c:980:gst_poll_fd_ctl_write: 0x1973820: fd (fd:0, idx:1), active : 1
0:00:00.020735623  2783 0xbef390 TRACE   GST_REFCOUNTING gstobject.c:294:gst_object_ref_sink: 0xc0c7e0 ref_sink 1->2
0:00:00.016143709  2784 0x196b320 LOG   GST_POLL gstpoll.c:994:gst_poll_fd_ctl_write: 0x1973820: pfd->events now 60 (POLLOUT:4)
