0:00:00.019026474  2784 0x196b320 LOG   GST_POLL gstpoll.c:994:gst_poll_fd_ctl_write: 0x1973820: pfd->events now 60 (POLLOUT:4)
0:00:00.023624423  2783 0xbef390 DEBUG   GST_REGISTRY gstregistry.c:590:gst_registry_add_feature: adding feature 0xc10810 (concat)
0:00:00.019033362  2784 0x196b320 DEBUG   GST_POLL gstpoll.c:980:gst_poll_fd_ctl_write: 0x1973820: fd (fd:0, idx:1), active : 1
0:00:00.023631607  2783 0xbef390 DEBUG   GST_REFCOUNTING gstobject.c:709:gst_object_set_parent: set parent (ref and sink)
0:00:00.019039729  2784 0x196b320 LOG   GST_POLL gstpoll.c:994:gst_poll_fd_ctl_write: 0x1973820: pfd->events now 60 (POLLOUT:4)
0:00:00.023640040  2783 0xbef390 TRACE   GST_REFCOUNTING gstobject.c:294:gst_object_ref_sink: 0xc10810 ref_sink 1->2
0:00:00.019048307  2784 0x196b320 DEBUG   GST_POLL gstpoll.c:980:gst_poll_fd_ctl_write: 0x1973820: fd (fd:0, idx:1), active : 1
0:00:00.023647376  2783 0xbef390 LOG   GST_REGISTRY gstregistry.c:608:gst_registry_add_feature: emitting feature-added for concat
0:00:00.019055730  2784 0x196b320 LOG   GST_POLL gstpoll.c:994:gst_poll_fd_ctl_write: 0x1973820: pfd->events now 60 (POLLOUT:4)
0:00:00.023654620  2783 0xbef390 DEBUG   GST_REGISTRY gstregistrychunks.c:741:gst_registry_chunks_load_feature: Added feature concat, plugin 0xc09070 coreelements
0:00:00.019062963  2784 0x196b320 DEBUG   GST_POLL gstpoll.c:980:gst_poll_fd_ctl_write: 0x1973820: fd (fd:0, idx:1), active : 1
0:00:00.023661945  2783 0xbef390 DEBUG   GST_REGISTRY gstregistrychunks.c:583:gst_registry_chunks_load_feature: Plugin 'coreelements' feature 'clocksync' typename : 'GstElementFactory'
0:00:00.019070419  2784 0x196b320 LOG   GST_POLL gstpoll.c:994:gst_poll_fd_ctl_write: 0x1973820: pfd->events now 60 (POLLOUT:4)
0:00:00.019077772  2784 0x196b320 DEBUG   GST_POLL gstpoll.c:980:gst_poll_fd_ctl_write: 0x1973820: fd (fd:0, idx:1), active : 1
0:00:00.023670643  2783 0xbef390 TRACE   GST_REFCOUNTING gstobject.c:208:gst_object_init: 0xc10d00 new
0:00:00.019088508  2784 0x196b320 LOG   GST_POLL gstpoll.c:994:gst_poll_fd_ctl_write: 0x1973820: pfd->events now 60 (POLLOUT:4)
0:00:00.023685881  2783 0xbef390 LOG   GST_REGISTRY gstregistrychunks.c:610:gst_registry_chunks_load_feature: Reading/casting for GstRegistryChunkElementFactory at address 0xc0c238
0:00:00.019095559  2784 0x196b320 DEBUG   GST_POLL gstpoll.c:980:gst_poll_fd_ctl_write: 0x1973820: fd (fd:0, idx:1), active : 1
0:00:00.023693000  2783 0xbef390 TRACE   structure gststructure.c:287:gst_structure_new_id_empty_with_size: created structure 0xc11350
0:00:00.019102153  2784 0x196b320 LOG   GST_POLL gstpoll.c:994:gst_poll_fd_ctl_write: 0x1973820: pfd->events now 60 (POLLOUT:4)
0:00:00.023700320  2783 0xbef390 DEBUG   structure gststructure.c:2203:gst_structure_parse_field: trying field name 'long-name'
0:00:00.019109416  2784 0x196b320 DEBUG   GST_POLL gstpoll.c:980:gst_poll_fd_ctl_write: 0x1973820: fd (fd:0, idx:1), active : 1
0:00:00.023706889  2783 0xbef390 DEBUG   default gstvalue.c:2676:_priv_gst_value_parse_value: trying type name 'string'
0:00:00.019115985  2784 0x196b320 LOG   GST_POLL gstpoll.c:994:gst_poll_fd_ctl_write: 0x1973820: pfd->events now 60 (POLLOUT:4)
0:00:00.023714546  2783 0xbef390 DEBUG   structure gststructure.c:2203:gst_structure_parse_field: trying field name 'klass'
0:00:00.019123088  2784 0x196b320 DEBUG   GST_POLL gstpoll.c:980:gst_poll_fd_ctl_write: 0x1973820: fd (fd:0, idx:1), active : 1
0:00:00.023720884  2783 0xbef390 DEBUG   default gstvalue.c:2676:_priv_gst_value_parse_value: trying type name 'string'
0:00:00.019130056  2784 0x196b320 LOG   GST_POLL gstpoll.c:994:gst_poll_fd_ctl_write: 0x1973820: pfd->events now 60 (POLLOUT:4)
0:00:00.023727620  2783 0xbef390 DEBUG   structure gststructure.c:2203:gst_structure_parse_field: trying field name 'description'
0:00:00.019136659  2784 0x196b320 DEBUG   GST_POLL gstpoll.c:980:gst_poll_fd_ctl_write: 0x1973820: fd (fd:0, idx:1), active : 1
0:00:00.023733718  2783 0xbef390 DEBUG   default gstvalue.c:2676:_priv_gst_value_parse_value: trying type name 'string'
0:00:00.019143410  2784 0x196b320 LOG   GST_POLL gstpoll.c:994:gst_poll_fd_ctl_write: 0x1973820: pfd->events now 60 (POLLOUT:4)
0:00:00.023740934  2783 0xbef390 DEBUG   structure gststructure.c:2203:gst_structure_parse_field: trying field name 'author'
0:00:00.019150249  2784 0x196b320 DEBUG   GST_POLL gstpoll.c:980:gst_poll_fd_ctl_write: 0x1973820: fd (fd:0, idx:1), active : 1
0:00:00.023747103  2783 0xbef390 DEBUG   default gstvalue.c:2676:_priv_gst_value_parse_value: trying type name 'string'
0:00:00.019156947  2784 0x196b320 LOG   GST_POLL gstpoll.c:994:gst_poll_fd_ctl_write: 0x1973820: pfd->events now 60 (POLLOUT:4)
0:00:00.023754742  2783 0xbef390 DEBUG   GST_REGISTRY gstregistrychunks.c:626:gst_registry_chunks_load_feature: Element factory : npadtemplates=2
0:00:00.019163741  2784 0x196b320 DEBUG   GST_POLL gstpoll.c:980:gst_poll_fd_ctl_write: 0x1973820: fd (fd:0, idx:1), active : 1
0:00:00.023769732  2783 0xbef390 DEBUG   GST_REGISTRY gstregistrychunks.c:526:gst_registry_chunks_load_pad_template: Reading/casting for GstRegistryChunkPadTemplate at address 0xc0c308
0:00:00.019178858  2784 0x196b320 LOG   GST_POLL gstpoll.c:994:gst_poll_fd_ctl_write: 0x1973820: pfd->events now 60 (POLLOUT:4)
0:00:00.023776426  2783 0xbef390 DEBUG   GST_REGISTRY gstregistrychunks.c:539:gst_registry_chunks_load_pad_template: Added pad_template sink
0:00:00.019185662  2784 0x196b320 DEBUG   GST_POLL gstpoll.c:980:gst_poll_fd_ctl_write: 0x1973820: fd (fd:0, idx:1), active : 1
0:00:00.023782890  2783 0xbef390 DEBUG   GST_REGISTRY gstregistrychunks.c:526:gst_registry_chunks_load_pad_template: Reading/casting for GstRegistryChunkPadTemplate at address 0xc0c320
0:00:00.019192025  2784 0x196b320 LOG   GST_POLL gstpoll.c:994:gst_poll_fd_ctl_write: 0x1973820: pfd->events now 60 (POLLOUT:4)
0:00:00.023789878  2783 0xbef390 DEBUG   GST_REGISTRY gstregistrychunks.c:539:gst_registry_chunks_load_pad_template: Added pad_template src
0:00:00.019198656  2784 0x196b320 DEBUG   GST_POLL gstpoll.c:980:gst_poll_fd_ctl_write: 0x1973820: fd (fd:0, idx:1), active : 1
0:00:00.023798649  2783 0xbef390 DEBUG   GST_REGISTRY gstregistry.c:590:gst_registry_add_feature: adding feature 0xc10d00 (clocksync)
0:00:00.019205499  2784 0x196b320 LOG   GST_POLL gstpoll.c:994:gst_poll_fd_ctl_write: 0x1973820: pfd->events now 60 (POLLOUT:4)
0:00:00.023805526  2783 0xbef390 DEBUG   GST_REFCOUNTING gstobject.c:709:gst_object_set_parent: set parent (ref and sink)
0:00:00.019214746  2784 0x196b320 DEBUG   GST_POLL gstpoll.c:980:gst_poll_fd_ctl_write: 0x1973820: fd (fd:0, idx:1), active : 1
0:00:00.023813502  2783 0xbef390 TRACE   GST_REFCOUNTING gstobject.c:294:gst_object_ref_sink: 0xc10d00 ref_sink 1->2
0:00:00.019221226  2784 0x196b320 LOG   GST_POLL gstpoll.c:994:gst_poll_fd_ctl_write: 0x1973820: pfd->events now 60 (POLLOUT:4)
0:00:00.023820857  2783 0xbef390 LOG   GST_REGISTRY gstregistry.c:608:gst_registry_add_feature: emitting feature-added for clocksync
0:00:00.019229730  2784 0x196b320 DEBUG   GST_POLL gstpoll.c:980:gst_poll_fd_ctl_write: 0x1973820: fd (fd:0, idx:1), active : 1
0:00:00.023828229  2783 0xbef390 DEBUG   GST_REGISTRY gstregistrychunks.c:741:gst_registry_chunks_load_feature: Added feature clocksync, plugin 0xc09070 coreelements
0:00:00.019236127  2784 0x196b320 LOG   GST_POLL gstpoll.c:994:gst_poll_fd_ctl_write: 0x1973820: pfd->events now 60 (POLLOUT:4)
0:00:00.023837201  2783 0xbef390 DEBUG   GST_REGISTRY gstregistrychunks.c:583:gst_registry_chunks_load_feature: Plugin 'coreelements' feature 'capsfilter' typename : 'GstElementFactory'
0:00:00.019246133  2784 0x196b320 DEBUG   GST_POLL gstpoll.c:980:gst_poll_fd_ctl_write: 0x1973820: fd (fd:0, idx:1), active : 1
0:00:00.023846954  2783 0xbef390 TRACE   GST_REFCOUNTING gstobject.c:208:gst_object_init: 0xc11130 new
0:00:00.019259382  2784 0x196b320 LOG   GST_POLL gstpoll.c:994:gst_poll_fd_ctl_write: 0x1973820: pfd->events now 60 (POLLOUT:4)
0:00:00.023856806  2783 0xbef390 LOG   GST_REGISTRY gstregistrychunks.c:610:gst_registry_chunks_load_feature: Reading/casting for GstRegistryChunkElementFactory at address 0xc0c350
0:00:00.019266433  2784 0x196b320 DEBUG   GST_POLL gstpoll.c:980:gst_poll_fd_ctl_write: 0x1973820: fd (fd:0, idx:1), active : 1
0:00:00.023864033  2783 0xbef390 TRACE   structure gststructure.c:287:gst_structure_new_id_empty_with_size: created structure 0xc11810
0:00:00.019272868  2784 0x196b320 LOG   GST_POLL gstpoll.c:994:gst_poll_fd_ctl_write: 0x1973820: pfd->events now 60 (POLLOUT:4)
0:00:00.023870619  2783 0xbef390 DEBUG   structure gststructure.c:2203:gst_structure_parse_field: trying field name 'long-name'
0:00:00.019279827  2784 0x196b320 DEBUG   GST_POLL gstpoll.c:980:gst_poll_fd_ctl_write: 0x1973820: fd (fd:0, idx:1), active : 1
0:00:00.023876727  2783 0xbef390 DEBUG   default gstvalue.c:2676:_priv_gst_value_parse_value: trying type name 'string'
0:00:00.019286141  2784 0x196b320 LOG   GST_POLL gstpoll.c:994:gst_poll_fd_ctl_write: 0x1973820: pfd->events now 60 (POLLOUT:4)
0:00:00.023883606  2783 0xbef390 DEBUG   structure gststructure.c:2203:gst_structure_parse_field: trying field name 'klass'
0:00:00.019292798  2784 0x196b320 DEBUG   GST_POLL gstpoll.c:980:gst_poll_fd_ctl_write: 0x1973820: fd (fd:0, idx:1), active : 1
0:00:00.023889572  2783 0xbef390 DEBUG   default gstvalue.c:2676:_priv_gst_value_parse_value: trying type name 'string'
0:00:00.019299161  2784 0x196b320 LOG   GST_POLL gstpoll.c:994:gst_poll_fd_ctl_write: 0x1973820: pfd->events now 60 (POLLOUT:4)
0:00:00.023896557  2783 0xbef390 DEBUG   structure gststructure.c:2203:gst_structure_parse_field: trying field name 'description'
0:00:00.019305880  2784 0x196b320 DEBUG   GST_POLL gstpoll.c:980:gst_poll_fd_ctl_write: 0x1973820: fd (fd:0, idx:1), active : 1
0:00:00.023902778  2783 0xbef390 DEBUG   default gstvalue.c:2676:_priv_gst_value_parse_value: trying type name 'string'
0:00:00.019312467  2784 0x196b320 LOG   GST_POLL gstpoll.c:994:gst_poll_fd_ctl_write: 0x1973820: pfd->events now 60 (POLLOUT:4)
0:00:00.023910441  2783 0xbef390 DEBUG   structure gststructure.c:2203:gst_structure_parse_field: trying field name 'author'
0:00:00.019319481  2784 0x196b320 DEBUG   GST_POLL gstpoll.c:980:gst_poll_fd_ctl_write: 0x1973820: fd (fd:0, idx:1), active : 1
0:00:00.023916749  2783 0xbef390 DEBUG   default gstvalue.c:2676:_priv_gst_value_parse_value: trying type name 'string'
0:00:00.019326150  2784 0x196b320 LOG   GST_POLL gstpoll.c:994:gst_poll_fd_ctl_write: 0x1973820: pfd->events now 60 (POLLOUT:4)
0:00:00.023924173  2783 0xbef390 DEBUG   GST_REGISTRY gstregistrychunks.c:626:gst_registry_chunks_load_feature: Element factory : npadtemplates=2
0:00:00.019333019  2784 0x196b320 DEBUG   GST_POLL gstpoll.c:980:gst_poll_fd_ctl_write: 0x1973820: fd (fd:0, idx:1), active : 1
0:00:00.023935099  2783 0xbef390 DEBUG   GST_REGISTRY gstregistrychunks.c:526:gst_registry_chunks_load_pad_template: Reading/casting for GstRegistryChunkPadTemplate at address 0xc0c430
0:00:00.019344209  2784 0x196b320 LOG   GST_POLL gstpoll.c:994:gst_poll_fd_ctl_write: 0x1973820: pfd->events now 60 (POLLOUT:4)
0:00:00.023941587  2783 0xbef390 DEBUG   GST_REGISTRY gstregistrychunks.c:539:gst_registry_chunks_load_pad_template: Added pad_template sink
0:00:00.019351085  2784 0x196b320 DEBUG   GST_POLL gstpoll.c:980:gst_poll_fd_ctl_write: 0x1973820: fd (fd:0, idx:1), active : 1
0:00:00.023947962  2783 0xbef390 DEBUG   GST_REGISTRY gstregistrychunks.c:526:gst_registry_chunks_load_pad_template: Reading/casting for GstRegistryChunkPadTemplate at address 0xc0c448
0:00:00.019357693  2784 0x196b320 LOG   GST_POLL gstpoll.c:994:gst_poll_fd_ctl_write: 0x1973820: pfd->events now 60 (POLLOUT:4)
0:00:00.023954217  2783 0xbef390 DEBUG   GST_REGISTRY gstregistrychunks.c:539:gst_registry_chunks_load_pad_template: Added pad_template src
0:00:00.019364505  2784 0x196b320 DEBUG   GST_POLL gstpoll.c:980:gst_poll_fd_ctl_write: 0x1973820: fd (fd:0, idx:1), active : 1
0:00:00.023962621  2783 0xbef390 DEBUG   GST_REGISTRY gstregistry.c:590:gst_registry_add_feature: adding feature 0xc11130 (capsfilter)
0:00:00.019370963  2784 0x196b320 LOG   GST_POLL gstpoll.c:994:gst_poll_fd_ctl_write: 0x1973820: pfd->events now 60 (POLLOUT:4)
0:00:00.023969742  2783 0xbef390 DEBUG   GST_REFCOUNTING gstobject.c:709:gst_object_set_parent: set parent (ref and sink)
0:00:00.019378305  2784 0x196b320 DEBUG   GST_POLL gstpoll.c:980:gst_poll_fd_ctl_write: 0x1973820: fd (fd:0, idx:1), active : 1
0:00:00.023978112  2783 0xbef390 TRACE   GST_REFCOUNTING gstobject.c:294:gst_object_ref_sink: 0xc11130 ref_sink 1->2
0:00:00.019385789  2784 0x196b320 LOG   GST_POLL gstpoll.c:994:gst_poll_fd_ctl_write: 0x1973820: pfd->events now 60 (POLLOUT:4)
0:00:00.023986209  2783 0xbef390 LOG   GST_REGISTRY gstregistry.c:608:gst_registry_add_feature: emitting feature-added for capsfilter
0:00:00.019394953  2784 0x196b320 DEBUG   GST_POLL gstpoll.c:980:gst_poll_fd_ctl_write: 0x1973820: fd (fd:0, idx:1), active : 1
0:00:00.023993666  2783 0xbef390 DEBUG   GST_REGISTRY gstregistrychunks.c:741:gst_registry_chunks_load_feature: Added feature capsfilter, plugin 0xc09070 coreelements
0:00:00.019401734  2784 0x196b320 LOG   GST_POLL gstpoll.c:994:gst_poll_fd_ctl_write: 0x1973820: pfd->events now 60 (POLLOUT:4)
0:00:00.019410086  2784 0x196b320 DEBUG   GST_POLL gstpoll.c:980:gst_poll_fd_ctl_write: 0x1973820: fd (fd:0, idx:1), active : 1
0:00:00.024003008  2783 0xbef390 LOG   GST_PLUGIN_LOADING gstpluginloader.c:889:handle_rx_packet: marking plugin 0xc09070 as registered as /home/conan/w/prod/BuildSingleReference/.conan/data/gstreamer/1.18.3/_/_/package/bec7fecef66b28e957582014d79b970659fc2b7f/lib/gstreamer-1.0/libgstcoreelements.so
0:00:00.019416439  2784 0x196b320 LOG   GST_POLL gstpoll.c:994:gst_poll_fd_ctl_write: 0x1973820: pfd->events now 60 (POLLOUT:4)
0:00:00.019426690  2784 0x196b320 DEBUG   GST_POLL gstpoll.c:980:gst_poll_fd_ctl_write: 0x1973820: fd (fd:0, idx:1), active : 1
0:00:00.019432809  2784 0x196b320 LOG   GST_POLL gstpoll.c:994:gst_poll_fd_ctl_write: 0x1973820: pfd->events now 60 (POLLOUT:4)
0:00:00.024020758  2783 0xbef390 DEBUG   GST_POLL gstpoll.c:1414:gst_poll_wait: 0xc08b40: timeout :0:00:01.000000000
0:00:00.019439796  2784 0x196b320 DEBUG   GST_POLL gstpoll.c:980:gst_poll_fd_ctl_write: 0x1973820: fd (fd:0, idx:1), active : 1
0:00:00.019446717  2784 0x196b320 LOG   GST_POLL gstpoll.c:994:gst_poll_fd_ctl_write: 0x1973820: pfd->events now 60 (POLLOUT:4)
0:00:00.019466294  2784 0x196b320 DEBUG   GST_POLL gstpoll.c:980:gst_poll_fd_ctl_write: 0x1973820: fd (fd:0, idx:1), active : 1
0:00:00.019474797  2784 0x196b320 LOG   GST_POLL gstpoll.c:994:gst_poll_fd_ctl_write: 0x1973820: pfd->events now 60 (POLLOUT:4)
0:00:00.019482048  2784 0x196b320 DEBUG   GST_POLL gstpoll.c:980:gst_poll_fd_ctl_write: 0x1973820: fd (fd:0, idx:1), active : 1
0:00:00.019488134  2784 0x196b320 LOG   GST_POLL gstpoll.c:994:gst_poll_fd_ctl_write: 0x1973820: pfd->events now 60 (POLLOUT:4)
0:00:00.019494512  2784 0x196b320 DEBUG   GST_POLL gstpoll.c:980:gst_poll_fd_ctl_write: 0x1973820: fd (fd:0, idx:1), active : 1
0:00:00.019500685  2784 0x196b320 LOG   GST_POLL gstpoll.c:994:gst_poll_fd_ctl_write: 0x1973820: pfd->events now 60 (POLLOUT:4)
0:00:00.019508439  2784 0x196b320 DEBUG   GST_POLL gstpoll.c:980:gst_poll_fd_ctl_write: 0x1973820: fd (fd:0, idx:1), active : 1
0:00:00.019514567  2784 0x196b320 LOG   GST_POLL gstpoll.c:994:gst_poll_fd_ctl_write: 0x1973820: pfd->events now 60 (POLLOUT:4)
0:00:00.019526051  2784 0x196b320 TRACE   GST_REFCOUNTING gstobject.c:265:gst_object_unref: 0x1987180 unref 2->1
0:00:00.019534262  2784 0x196b320 DEBUG   GST_POLL gstpoll.c:1241:gst_poll_fd_has_error: 0x1973820: fd (fd:0, idx:1) 0
0:00:00.019541211  2784 0x196b320 DEBUG   GST_POLL gstpoll.c:1335:gst_poll_fd_can_write: 0x1973820: fd (fd:0, idx:1) 1
0:00:00.019547614  2784 0x196b320 LOG   GST_PLUGIN_LOADING gstpluginloader.c:690:write_one: Writing packet of size 488 bytes to fd 0
0:00:00.019566816  2784 0x196b320 DEBUG   GST_POLL gstpoll.c:1414:gst_poll_wait: 0x1973820: timeout :0:00:01.000000000
0:00:00.019577332  2784 0x196b320 LOG   GST_PLUGIN_LOADING gstpluginloader.c:1028:exchange_packets: Poll res = 2. 6872 bytes pending for write
0:00:00.019584677  2784 0x196b320 DEBUG   GST_POLL gstpoll.c:1241:gst_poll_fd_has_error: 0x1973820: fd (fd:5, idx:2) 0
0:00:00.019591370  2784 0x196b320 DEBUG   GST_POLL gstpoll.c:1266:gst_poll_fd_can_read_unlocked: 0x1973820: fd (fd:5, idx:2) 1
0:00:00.024185309  2783 0xbef390 LOG   GST_PLUGIN_LOADING gstpluginloader.c:1028:exchange_packets: Poll res = 1. 0 bytes pending for write
0:00:00.019600067  2784 0x196b320 LOG   GST_PLUGIN_LOADING gstpluginloader.c:1006:read_one: No payload to read for 0 length packet type 1 tag 0
0:00:00.024207185  2783 0xbef390 DEBUG   GST_POLL gstpoll.c:1241:gst_poll_fd_has_error: 0xc08b40: fd (fd:8, idx:2) 0
0:00:00.019615058  2784 0x196b320 DEBUG   GST_POLL gstpoll.c:1015:gst_poll_fd_ctl_read_unlocked: 0x1973820: fd (fd:5, idx:2), active : 0
0:00:00.024214549  2783 0xbef390 DEBUG   GST_POLL gstpoll.c:1266:gst_poll_fd_can_read_unlocked: 0xc08b40: fd (fd:8, idx:2) 1
0:00:00.019623309  2784 0x196b320 DEBUG   GST_POLL gstpoll.c:980:gst_poll_fd_ctl_write: 0x1973820: fd (fd:0, idx:1), active : 1
0:00:00.019629920  2784 0x196b320 LOG   GST_POLL gstpoll.c:994:gst_poll_fd_ctl_write: 0x1973820: pfd->events now 60 (POLLOUT:4)
0:00:00.024226968  2783 0xbef390 DEBUG   GST_PLUGIN_LOADING gstpluginloader.c:850:handle_rx_packet: Received plugin details from child w/ tag 2. 476 bytes info
0:00:00.019636756  2784 0x196b320 DEBUG   GST_POLL gstpoll.c:1241:gst_poll_fd_has_error: 0x1973820: fd (fd:0, idx:1) 0
0:00:00.024235050  2783 0xbef390 LOG   GST_REGISTRY gstregistrychunks.c:837:_priv_gst_registry_chunks_load_plugin: Reading/casting for GstRegistryChunkPluginElement at address 0xc0a990
0:00:00.019643828  2784 0x196b320 DEBUG   GST_POLL gstpoll.c:1335:gst_poll_fd_can_write: 0x1973820: fd (fd:0, idx:1) 1
0:00:00.019650874  2784 0x196b320 LOG   GST_PLUGIN_LOADING gstpluginloader.c:690:write_one: Writing packet of size 6872 bytes to fd 0
0:00:00.024245117  2783 0xbef390 TRACE   GST_REFCOUNTING gstobject.c:208:gst_object_init: 0xc11950 new
0:00:00.019662073  2784 0x196b320 DEBUG   GST_POLL gstpoll.c:1414:gst_poll_wait: 0x1973820: timeout :0:00:01.000000000
0:00:00.024261541  2783 0xbef390 LOG   GST_REGISTRY gstregistrychunks.c:858:_priv_gst_registry_chunks_load_plugin: read strings for name='coretracers'
0:00:00.019670780  2784 0x196b320 LOG   GST_PLUGIN_LOADING gstpluginloader.c:1028:exchange_packets: Poll res = 1. 12 bytes pending for write
0:00:00.024268750  2783 0xbef390 LOG   GST_REGISTRY gstregistrychunks.c:859:_priv_gst_registry_chunks_load_plugin: desc.description='GStreamer core tracers'
0:00:00.019678202  2784 0x196b320 DEBUG   GST_POLL gstpoll.c:1241:gst_poll_fd_has_error: 0x1973820: fd (fd:0, idx:1) 0
0:00:00.024276026  2783 0xbef390 LOG   GST_REGISTRY gstregistrychunks.c:860:_priv_gst_registry_chunks_load_plugin: filename='/home/conan/w/prod/BuildSingleReference/.conan/data/gstreamer/1.18.3/_/_/package/bec7fecef66b28e957582014d79b970659fc2b7f/lib/gstreamer-1.0/libgstcoretracers.so'
0:00:00.019685237  2784 0x196b320 DEBUG   GST_POLL gstpoll.c:1335:gst_poll_fd_can_write: 0x1973820: fd (fd:0, idx:1) 1
0:00:00.024283155  2783 0xbef390 LOG   GST_REGISTRY gstregistrychunks.c:861:_priv_gst_registry_chunks_load_plugin: desc.version='1.18.3'
0:00:00.019691885  2784 0x196b320 LOG   GST_PLUGIN_LOADING gstpluginloader.c:690:write_one: Writing packet of size 12 bytes to fd 0
0:00:00.024289410  2783 0xbef390 LOG   GST_REGISTRY gstregistrychunks.c:862:_priv_gst_registry_chunks_load_plugin: desc.license='LGPL'
0:00:00.019700494  2784 0x196b320 DEBUG   GST_POLL gstpoll.c:980:gst_poll_fd_ctl_write: 0x1973820: fd (fd:0, idx:1), active : 0
0:00:00.024300031  2783 0xbef390 LOG   GST_REGISTRY gstregistrychunks.c:863:_priv_gst_registry_chunks_load_plugin: desc.source='gstreamer'
0:00:00.019709288  2784 0x196b320 LOG   GST_POLL gstpoll.c:994:gst_poll_fd_ctl_write: 0x1973820: pfd->events now 56 (POLLOUT:4)
0:00:00.024306128  2783 0xbef390 LOG   GST_REGISTRY gstregistrychunks.c:864:_priv_gst_registry_chunks_load_plugin: desc.package='GStreamer source release'
0:00:00.024312553  2783 0xbef390 LOG   GST_REGISTRY gstregistrychunks.c:865:_priv_gst_registry_chunks_load_plugin: desc.origin='Unknown package origin'
0:00:00.024318408  2783 0xbef390 LOG   GST_REGISTRY gstregistrychunks.c:866:_priv_gst_registry_chunks_load_plugin: desc.datetime=2021-01-13
0:00:00.019730504  2784 0x196b320 DEBUG   GST_POLL gstpoll.c:772:gst_poll_free: 0x1973820: freeing
0:00:00.024329278  2783 0xbef390 DEBUG   GST_REGISTRY gstregistry.c:449:gst_registry_add_plugin: Replacing existing plugin "/home/conan/w/prod/BuildSingleReference/.conan/data/gstreamer/1.18.3/_/_/package/bec7fecef66b28e957582014d79b970659fc2b7f/lib/gstreamer-1.0/libgstcoretracers.so" 0xc096e0 with new plugin 0xc11950 for filename "/home/conan/w/prod/BuildSingleReference/.conan/data/gstreamer/1.18.3/_/_/package/bec7fecef66b28e957582014d79b970659fc2b7f/lib/gstreamer-1.0/libgstcoretracers.so"
0:00:00.024344138  2783 0xbef390 TRACE   GST_REFCOUNTING gstobject.c:265:gst_object_unref: 0xc096e0 unref 1->0
0:00:00.024353161  2783 0xbef390 TRACE   GST_REFCOUNTING gstobject.c:381:gst_object_dispose: 0xc096e0 dispose
0:00:00.024362993  2783 0xbef390 DEBUG   GST_PLUGIN_LOADING gstplugin.c:136:gst_plugin_finalize: finalizing plugin
0:00:00.024373701  2783 0xbef390 TRACE   GST_REFCOUNTING gstobject.c:423:gst_object_finalize: 0xc096e0 finalize
0:00:00.024390226  2783 0xbef390 DEBUG   GST_REGISTRY gstregistry.c:474:gst_registry_add_plugin: adding plugin 0xc11950 for filename "/home/conan/w/prod/BuildSingleReference/.conan/data/gstreamer/1.18.3/_/_/package/bec7fecef66b28e957582014d79b970659fc2b7f/lib/gstreamer-1.0/libgstcoretracers.so"
0:00:00.024399393  2783 0xbef390 TRACE   GST_REFCOUNTING gstobject.c:294:gst_object_ref_sink: 0xc11950 ref_sink 1->2
0:00:00.024407694  2783 0xbef390 LOG   GST_REGISTRY gstregistry.c:487:gst_registry_add_plugin: emitting plugin-added for filename "/home/conan/w/prod/BuildSingleReference/.conan/data/gstreamer/1.18.3/_/_/package/bec7fecef66b28e957582014d79b970659fc2b7f/lib/gstreamer-1.0/libgstcoretracers.so"
0:00:00.024415779  2783 0xbef390 DEBUG   GST_REGISTRY gstregistrychunks.c:887:_priv_gst_registry_chunks_load_plugin: Added plugin 'coretracers' plugin with 5 features from binary registry
0:00:00.024423370  2783 0xbef390 DEBUG   GST_REGISTRY gstregistrychunks.c:583:gst_registry_chunks_load_feature: Plugin 'coretracers' feature 'leaks' typename : 'GstTracerFactory'
0:00:00.024433401  2783 0xbef390 TRACE   GST_REFCOUNTING gstobject.c:208:gst_object_init: 0xc11650 new
0:00:00.024449459  2783 0xbef390 DEBUG   GST_REGISTRY gstregistrychunks.c:718:gst_registry_chunks_load_feature: Reading/casting for GstRegistryChunkPluginFeature at address 0xc0aad8
0:00:00.024459288  2783 0xbef390 DEBUG   GST_REGISTRY gstregistry.c:581:gst_registry_add_feature: replacing existing feature 0xc099f0 (leaks)
0:00:00.024467354  2783 0xbef390 DEBUG   GST_REGISTRY gstregistry.c:590:gst_registry_add_feature: adding feature 0xc11650 (leaks)
0:00:00.024473746  2783 0xbef390 TRACE   GST_REFCOUNTING gstobject.c:788:gst_object_unparent: unparent
0:00:00.024481579  2783 0xbef390 TRACE   GST_REFCOUNTING gstobject.c:265:gst_object_unref: 0xc099f0 unref 1->0
0:00:00.024488608  2783 0xbef390 TRACE   GST_REFCOUNTING gstobject.c:381:gst_object_dispose: 0xc099f0 dispose
0:00:00.024496764  2783 0xbef390 DEBUG   GST_PLUGIN_LOADING gstpluginfeature.c:67:gst_plugin_feature_finalize: finalizing feature 0xc099f0: 'leaks'
0:00:00.024503811  2783 0xbef390 TRACE   GST_REFCOUNTING gstobject.c:423:gst_object_finalize: 0xc099f0 finalize
0:00:00.024511025  2783 0xbef390 DEBUG   GST_REFCOUNTING gstobject.c:709:gst_object_set_parent: set parent (ref and sink)
0:00:00.024518813  2783 0xbef390 TRACE   GST_REFCOUNTING gstobject.c:294:gst_object_ref_sink: 0xc11650 ref_sink 1->2
0:00:00.024526118  2783 0xbef390 LOG   GST_REGISTRY gstregistry.c:608:gst_registry_add_feature: emitting feature-added for leaks
0:00:00.024533332  2783 0xbef390 DEBUG   GST_REGISTRY gstregistrychunks.c:741:gst_registry_chunks_load_feature: Added feature leaks, plugin 0xc11950 coretracers
0:00:00.024540522  2783 0xbef390 DEBUG   GST_REGISTRY gstregistrychunks.c:583:gst_registry_chunks_load_feature: Plugin 'coretracers' feature 'stats' typename : 'GstTracerFactory'
0:00:00.024548877  2783 0xbef390 TRACE   GST_REFCOUNTING gstobject.c:208:gst_object_init: 0xc099f0 new
0:00:00.024557182  2783 0xbef390 DEBUG   GST_REGISTRY gstregistrychunks.c:718:gst_registry_chunks_load_feature: Reading/casting for GstRegistryChunkPluginFeature at address 0xc0aaf8
0:00:00.024565254  2783 0xbef390 DEBUG   GST_REGISTRY gstregistry.c:581:gst_registry_add_feature: replacing existing feature 0xc09bf0 (stats)
0:00:00.024573023  2783 0xbef390 DEBUG   GST_REGISTRY gstregistry.c:590:gst_registry_add_feature: adding feature 0xc099f0 (stats)
0:00:00.024579465  2783 0xbef390 TRACE   GST_REFCOUNTING gstobject.c:788:gst_object_unparent: unparent
0:00:00.024587625  2783 0xbef390 TRACE   GST_REFCOUNTING gstobject.c:265:gst_object_unref: 0xc09bf0 unref 1->0
0:00:00.024594704  2783 0xbef390 TRACE   GST_REFCOUNTING gstobject.c:381:gst_object_dispose: 0xc09bf0 dispose
0:00:00.024602192  2783 0xbef390 DEBUG   GST_PLUGIN_LOADING gstpluginfeature.c:67:gst_plugin_feature_finalize: finalizing feature 0xc09bf0: 'stats'
0:00:00.024608918  2783 0xbef390 TRACE   GST_REFCOUNTING gstobject.c:423:gst_object_finalize: 0xc09bf0 finalize
0:00:00.024621522  2783 0xbef390 DEBUG   GST_REFCOUNTING gstobject.c:709:gst_object_set_parent: set parent (ref and sink)
0:00:00.024629125  2783 0xbef390 TRACE   GST_REFCOUNTING gstobject.c:294:gst_object_ref_sink: 0xc099f0 ref_sink 1->2
0:00:00.024635870  2783 0xbef390 LOG   GST_REGISTRY gstregistry.c:608:gst_registry_add_feature: emitting feature-added for stats
0:00:00.024643267  2783 0xbef390 DEBUG   GST_REGISTRY gstregistrychunks.c:741:gst_registry_chunks_load_feature: Added feature stats, plugin 0xc11950 coretracers
0:00:00.024651076  2783 0xbef390 DEBUG   GST_REGISTRY gstregistrychunks.c:583:gst_registry_chunks_load_feature: Plugin 'coretracers' feature 'rusage' typename : 'GstTracerFactory'
0:00:00.024658957  2783 0xbef390 TRACE   GST_REFCOUNTING gstobject.c:208:gst_object_init: 0xc09bf0 new
0:00:00.024667077  2783 0xbef390 DEBUG   GST_REGISTRY gstregistrychunks.c:718:gst_registry_chunks_load_feature: Reading/casting for GstRegistryChunkPluginFeature at address 0xc0ab18
0:00:00.024675264  2783 0xbef390 DEBUG   GST_REGISTRY gstregistry.c:581:gst_registry_add_feature: replacing existing feature 0xc09df0 (rusage)
0:00:00.024682610  2783 0xbef390 DEBUG   GST_REGISTRY gstregistry.c:590:gst_registry_add_feature: adding feature 0xc09bf0 (rusage)
0:00:00.024688881  2783 0xbef390 TRACE   GST_REFCOUNTING gstobject.c:788:gst_object_unparent: unparent
0:00:00.024696424  2783 0xbef390 TRACE   GST_REFCOUNTING gstobject.c:265:gst_object_unref: 0xc09df0 unref 1->0
0:00:00.024703852  2783 0xbef390 TRACE   GST_REFCOUNTING gstobject.c:381:gst_object_dispose: 0xc09df0 dispose
0:00:00.024711776  2783 0xbef390 DEBUG   GST_PLUGIN_LOADING gstpluginfeature.c:67:gst_plugin_feature_finalize: finalizing feature 0xc09df0: 'rusage'
0:00:00.024718780  2783 0xbef390 TRACE   GST_REFCOUNTING gstobject.c:423:gst_object_finalize: 0xc09df0 finalize
0:00:00.024725928  2783 0xbef390 DEBUG   GST_REFCOUNTING gstobject.c:709:gst_object_set_parent: set parent (ref and sink)
0:00:00.024733471  2783 0xbef390 TRACE   GST_REFCOUNTING gstobject.c:294:gst_object_ref_sink: 0xc09bf0 ref_sink 1->2
0:00:00.024740538  2783 0xbef390 LOG   GST_REGISTRY gstregistry.c:608:gst_registry_add_feature: emitting feature-added for rusage
0:00:00.024747550  2783 0xbef390 DEBUG   GST_REGISTRY gstregistrychunks.c:741:gst_registry_chunks_load_feature: Added feature rusage, plugin 0xc11950 coretracers
0:00:00.024754599  2783 0xbef390 DEBUG   GST_REGISTRY gstregistrychunks.c:583:gst_registry_chunks_load_feature: Plugin 'coretracers' feature 'log' typename : 'GstTracerFactory'
0:00:00.024762407  2783 0xbef390 TRACE   GST_REFCOUNTING gstobject.c:208:gst_object_init: 0xc09df0 new
0:00:00.024770616  2783 0xbef390 DEBUG   GST_REGISTRY gstregistrychunks.c:718:gst_registry_chunks_load_feature: Reading/casting for GstRegistryChunkPluginFeature at address 0xc0ab38
0:00:00.024778683  2783 0xbef390 DEBUG   GST_REGISTRY gstregistry.c:581:gst_registry_add_feature: replacing existing feature 0xc09ff0 (log)
0:00:00.024791434  2783 0xbef390 DEBUG   GST_REGISTRY gstregistry.c:590:gst_registry_add_feature: adding feature 0xc09df0 (log)
0:00:00.024797644  2783 0xbef390 TRACE   GST_REFCOUNTING gstobject.c:788:gst_object_unparent: unparent
0:00:00.024805222  2783 0xbef390 TRACE   GST_REFCOUNTING gstobject.c:265:gst_object_unref: 0xc09ff0 unref 1->0
0:00:00.024812339  2783 0xbef390 TRACE   GST_REFCOUNTING gstobject.c:381:gst_object_dispose: 0xc09ff0 dispose
0:00:00.024819688  2783 0xbef390 DEBUG   GST_PLUGIN_LOADING gstpluginfeature.c:67:gst_plugin_feature_finalize: finalizing feature 0xc09ff0: 'log'
0:00:00.024826314  2783 0xbef390 TRACE   GST_REFCOUNTING gstobject.c:423:gst_object_finalize: 0xc09ff0 finalize
0:00:00.024833072  2783 0xbef390 DEBUG   GST_REFCOUNTING gstobject.c:709:gst_object_set_parent: set parent (ref and sink)
0:00:00.024840348  2783 0xbef390 TRACE   GST_REFCOUNTING gstobject.c:294:gst_object_ref_sink: 0xc09df0 ref_sink 1->2
0:00:00.024847622  2783 0xbef390 LOG   GST_REGISTRY gstregistry.c:608:gst_registry_add_feature: emitting feature-added for log
0:00:00.024854534  2783 0xbef390 DEBUG   GST_REGISTRY gstregistrychunks.c:741:gst_registry_chunks_load_feature: Added feature log, plugin 0xc11950 coretracers
0:00:00.024861885  2783 0xbef390 DEBUG   GST_REGISTRY gstregistrychunks.c:583:gst_registry_chunks_load_feature: Plugin 'coretracers' feature 'latency' typename : 'GstTracerFactory'
0:00:00.024869511  2783 0xbef390 TRACE   GST_REFCOUNTING gstobject.c:208:gst_object_init: 0xc09ff0 new
0:00:00.024877717  2783 0xbef390 DEBUG   GST_REGISTRY gstregistrychunks.c:718:gst_registry_chunks_load_feature: Reading/casting for GstRegistryChunkPluginFeature at address 0xc0ab60
0:00:00.024885843  2783 0xbef390 DEBUG   GST_REGISTRY gstregistry.c:581:gst_registry_add_feature: replacing existing feature 0xc0a1f0 (latency)
0:00:00.024893109  2783 0xbef390 DEBUG   GST_REGISTRY gstregistry.c:590:gst_registry_add_feature: adding feature 0xc09ff0 (latency)
0:00:00.024899047  2783 0xbef390 TRACE   GST_REFCOUNTING gstobject.c:788:gst_object_unparent: unparent
0:00:00.024906371  2783 0xbef390 TRACE   GST_REFCOUNTING gstobject.c:265:gst_object_unref: 0xc0a1f0 unref 1->0
0:00:00.024913227  2783 0xbef390 TRACE   GST_REFCOUNTING gstobject.c:381:gst_object_dispose: 0xc0a1f0 dispose
0:00:00.024920532  2783 0xbef390 DEBUG   GST_PLUGIN_LOADING gstpluginfeature.c:67:gst_plugin_feature_finalize: finalizing feature 0xc0a1f0: 'latency'
0:00:00.024927196  2783 0xbef390 TRACE   GST_REFCOUNTING gstobject.c:423:gst_object_finalize: 0xc0a1f0 finalize
0:00:00.024934065  2783 0xbef390 DEBUG   GST_REFCOUNTING gstobject.c:709:gst_object_set_parent: set parent (ref and sink)
0:00:00.024941299  2783 0xbef390 TRACE   GST_REFCOUNTING gstobject.c:294:gst_object_ref_sink: 0xc09ff0 ref_sink 1->2
0:00:00.024952384  2783 0xbef390 LOG   GST_REGISTRY gstregistry.c:608:gst_registry_add_feature: emitting feature-added for latency
0:00:00.024959248  2783 0xbef390 DEBUG   GST_REGISTRY gstregistrychunks.c:741:gst_registry_chunks_load_feature: Added feature latency, plugin 0xc11950 coretracers
0:00:00.024967308  2783 0xbef390 LOG   GST_PLUGIN_LOADING gstpluginloader.c:889:handle_rx_packet: marking plugin 0xc11950 as registered as /home/conan/w/prod/BuildSingleReference/.conan/data/gstreamer/1.18.3/_/_/package/bec7fecef66b28e957582014d79b970659fc2b7f/lib/gstreamer-1.0/libgstcoretracers.so
0:00:00.024977154  2783 0xbef390 DEBUG   GST_POLL gstpoll.c:1414:gst_poll_wait: 0xc08b40: timeout :0:00:01.000000000
0:00:00.024986942  2783 0xbef390 LOG   GST_PLUGIN_LOADING gstpluginloader.c:1028:exchange_packets: Poll res = 2. 0 bytes pending for write
0:00:00.024994561  2783 0xbef390 DEBUG   GST_POLL gstpoll.c:1241:gst_poll_fd_has_error: 0xc08b40: fd (fd:8, idx:2) 0
0:00:00.025001479  2783 0xbef390 DEBUG   GST_POLL gstpoll.c:1266:gst_poll_fd_can_read_unlocked: 0xc08b40: fd (fd:8, idx:2) 1
0:00:00.025012751  2783 0xbef390 DEBUG   GST_PLUGIN_LOADING gstpluginloader.c:850:handle_rx_packet: Received plugin details from child w/ tag 3. 6860 bytes info
0:00:00.025019575  2783 0xbef390 LOG   GST_REGISTRY gstregistrychunks.c:837:_priv_gst_registry_chunks_load_plugin: Reading/casting for GstRegistryChunkPluginElement at address 0xc0a990
0:00:00.025033710  2783 0xbef390 TRACE   GST_REFCOUNTING gstobject.c:208:gst_object_init: 0xc11b40 new
0:00:00.025060041  2783 0xbef390 LOG   GST_REGISTRY gstregistrychunks.c:858:_priv_gst_registry_chunks_load_plugin: read strings for name='coreelements'
0:00:00.025071983  2783 0xbef390 LOG   GST_REGISTRY gstregistrychunks.c:859:_priv_gst_registry_chunks_load_plugin: desc.description='GStreamer core elements'
0:00:00.025085721  2783 0xbef390 LOG   GST_REGISTRY gstregistrychunks.c:860:_priv_gst_registry_chunks_load_plugin: filename='/home/conan/w/prod/BuildSingleReference/.conan/data/gstreamer/1.18.3/_/_/package/bec7fecef66b28e957582014d79b970659fc2b7f/lib/gstreamer-1.0/libgstcoreelements.so'
0:00:00.025096989  2783 0xbef390 LOG   GST_REGISTRY gstregistrychunks.c:861:_priv_gst_registry_chunks_load_plugin: desc.version='1.18.3'
0:00:00.025136026  2783 0xbef390 LOG   GST_REGISTRY gstregistrychunks.c:862:_priv_gst_registry_chunks_load_plugin: desc.license='LGPL'
0:00:00.025146375  2783 0xbef390 LOG   GST_REGISTRY gstregistrychunks.c:863:_priv_gst_registry_chunks_load_plugin: desc.source='gstreamer'
0:00:00.025152474  2783 0xbef390 LOG   GST_REGISTRY gstregistrychunks.c:864:_priv_gst_registry_chunks_load_plugin: desc.package='GStreamer source release'
0:00:00.025158142  2783 0xbef390 LOG   GST_REGISTRY gstregistrychunks.c:865:_priv_gst_registry_chunks_load_plugin: desc.origin='Unknown package origin'
0:00:00.025163918  2783 0xbef390 LOG   GST_REGISTRY gstregistrychunks.c:866:_priv_gst_registry_chunks_load_plugin: desc.datetime=2021-01-13
0:00:00.025175610  2783 0xbef390 DEBUG   GST_REGISTRY gstregistry.c:449:gst_registry_add_plugin: Replacing existing plugin "/home/conan/w/prod/BuildSingleReference/.conan/data/gstreamer/1.18.3/_/_/package/bec7fecef66b28e957582014d79b970659fc2b7f/lib/gstreamer-1.0/libgstcoreelements.so" 0xc09070 with new plugin 0xc11b40 for filename "/home/conan/w/prod/BuildSingleReference/.conan/data/gstreamer/1.18.3/_/_/package/bec7fecef66b28e957582014d79b970659fc2b7f/lib/gstreamer-1.0/libgstcoreelements.so"
0:00:00.025196363  2783 0xbef390 TRACE   GST_REFCOUNTING gstobject.c:265:gst_object_unref: 0xc09070 unref 1->0
0:00:00.025205048  2783 0xbef390 TRACE   GST_REFCOUNTING gstobject.c:381:gst_object_dispose: 0xc09070 dispose
0:00:00.025214703  2783 0xbef390 DEBUG   GST_PLUGIN_LOADING gstplugin.c:136:gst_plugin_finalize: finalizing plugin
0:00:00.025221959  2783 0xbef390 TRACE   GST_REFCOUNTING gstobject.c:423:gst_object_finalize: 0xc09070 finalize
0:00:00.025231443  2783 0xbef390 DEBUG   GST_REGISTRY gstregistry.c:474:gst_registry_add_plugin: adding plugin 0xc11b40 for filename "/home/conan/w/prod/BuildSingleReference/.conan/data/gstreamer/1.18.3/_/_/package/bec7fecef66b28e957582014d79b970659fc2b7f/lib/gstreamer-1.0/libgstcoreelements.so"
0:00:00.025239666  2783 0xbef390 TRACE   GST_REFCOUNTING gstobject.c:294:gst_object_ref_sink: 0xc11b40 ref_sink 1->2
0:00:00.025247753  2783 0xbef390 LOG   GST_REGISTRY gstregistry.c:487:gst_registry_add_plugin: emitting plugin-added for filename "/home/conan/w/prod/BuildSingleReference/.conan/data/gstreamer/1.18.3/_/_/package/bec7fecef66b28e957582014d79b970659fc2b7f/lib/gstreamer-1.0/libgstcoreelements.so"
0:00:00.025256346  2783 0xbef390 DEBUG   GST_REGISTRY gstregistrychunks.c:887:_priv_gst_registry_chunks_load_plugin: Added plugin 'coreelements' plugin with 22 features from binary registry
0:00:00.025263754  2783 0xbef390 DEBUG   GST_REGISTRY gstregistrychunks.c:583:gst_registry_chunks_load_feature: Plugin 'coreelements' feature 'streamiddemux' typename : 'GstElementFactory'
0:00:00.025273327  2783 0xbef390 TRACE   GST_REFCOUNTING gstobject.c:208:gst_object_init: 0xc0a0b0 new
0:00:00.025283117  2783 0xbef390 LOG   GST_REGISTRY gstregistrychunks.c:610:gst_registry_chunks_load_feature: Reading/casting for GstRegistryChunkElementFactory at address 0xc0aae8
0:00:00.025292268  2783 0xbef390 TRACE   structure gststructure.c:287:gst_structure_new_id_empty_with_size: created structure 0xc114d0
0:00:00.025299099  2783 0xbef390 DEBUG   structure gststructure.c:2203:gst_structure_parse_field: trying field name 'long-name'
0:00:00.025305684  2783 0xbef390 DEBUG   default gstvalue.c:2676:_priv_gst_value_parse_value: trying type name 'string'
0:00:00.025314413  2783 0xbef390 DEBUG   structure gststructure.c:2203:gst_structure_parse_field: trying field name 'klass'
0:00:00.025320597  2783 0xbef390 DEBUG   default gstvalue.c:2676:_priv_gst_value_parse_value: trying type name 'string'
0:00:00.025327269  2783 0xbef390 DEBUG   structure gststructure.c:2203:gst_structure_parse_field: trying field name 'description'
0:00:00.025333005  2783 0xbef390 DEBUG   default gstvalue.c:2676:_priv_gst_value_parse_value: trying type name 'string'
0:00:00.025345281  2783 0xbef390 DEBUG   structure gststructure.c:2203:gst_structure_parse_field: trying field name 'author'
0:00:00.025350926  2783 0xbef390 DEBUG   default gstvalue.c:2676:_priv_gst_value_parse_value: trying type name 'string'
0:00:00.025375992  2783 0xbef390 DEBUG   GST_REGISTRY gstregistrychunks.c:626:gst_registry_chunks_load_feature: Element factory : npadtemplates=2
0:00:00.025382671  2783 0xbef390 DEBUG   GST_REGISTRY gstregistrychunks.c:526:gst_registry_chunks_load_pad_template: Reading/casting for GstRegistryChunkPadTemplate at address 0xc0abc0
0:00:00.025389411  2783 0xbef390 DEBUG   GST_REGISTRY gstregistrychunks.c:539:gst_registry_chunks_load_pad_template: Added pad_template src_%u
0:00:00.025395409  2783 0xbef390 DEBUG   GST_REGISTRY gstregistrychunks.c:526:gst_registry_chunks_load_pad_template: Reading/casting for GstRegistryChunkPadTemplate at address 0xc0abd8
0:00:00.025401465  2783 0xbef390 DEBUG   GST_REGISTRY gstregistrychunks.c:539:gst_registry_chunks_load_pad_template: Added pad_template sink
0:00:00.025410153  2783 0xbef390 DEBUG   GST_REGISTRY gstregistry.c:581:gst_registry_add_feature: replacing existing feature 0xc0a2b0 (streamiddemux)
0:00:00.025418146  2783 0xbef390 DEBUG   GST_REGISTRY gstregistry.c:590:gst_registry_add_feature: adding feature 0xc0a0b0 (streamiddemux)
0:00:00.025424498  2783 0xbef390 TRACE   GST_REFCOUNTING gstobject.c:788:gst_object_unparent: unparent
0:00:00.025432486  2783 0xbef390 TRACE   GST_REFCOUNTING gstobject.c:265:gst_object_unref: 0xc0a2b0 unref 1->0
0:00:00.025439857  2783 0xbef390 TRACE   GST_REFCOUNTING gstobject.c:381:gst_object_dispose: 0xc0a2b0 dispose
0:00:00.025447580  2783 0xbef390 TRACE   structure gststructure.c:544:gst_structure_free: free structure 0xc0a4b0
0:00:00.025455863  2783 0xbef390 TRACE   GST_REFCOUNTING gstminiobject.c:723:gst_mini_object_replace: replace (nil) (0) with (nil) (0)
0:00:00.025463675  2783 0xbef390 TRACE   GST_REFCOUNTING gstminiobject.c:723:gst_mini_object_replace: replace (nil) (0) with (nil) (0)
0:00:00.025471008  2783 0xbef390 DEBUG   GST_PLUGIN_LOADING gstpluginfeature.c:67:gst_plugin_feature_finalize: finalizing feature 0xc0a2b0: 'streamiddemux'
0:00:00.025477566  2783 0xbef390 TRACE   GST_REFCOUNTING gstobject.c:423:gst_object_finalize: 0xc0a2b0 finalize
0:00:00.025484757  2783 0xbef390 DEBUG   GST_REFCOUNTING gstobject.c:709:gst_object_set_parent: set parent (ref and sink)
0:00:00.025492191  2783 0xbef390 TRACE   GST_REFCOUNTING gstobject.c:294:gst_object_ref_sink: 0xc0a0b0 ref_sink 1->2
0:00:00.025499258  2783 0xbef390 LOG   GST_REGISTRY gstregistry.c:608:gst_registry_add_feature: emitting feature-added for streamiddemux
0:00:00.025506385  2783 0xbef390 DEBUG   GST_REGISTRY gstregistrychunks.c:741:gst_registry_chunks_load_feature: Added feature streamiddemux, plugin 0xc11b40 coreelements
0:00:00.025513700  2783 0xbef390 DEBUG   GST_REGISTRY gstregistrychunks.c:583:gst_registry_chunks_load_feature: Plugin 'coreelements' feature 'valve' typename : 'GstElementFactory'
0:00:00.025538545  2783 0xbef390 TRACE   GST_REFCOUNTING gstobject.c:208:gst_object_init: 0xc0a2b0 new
0:00:00.025547757  2783 0xbef390 LOG   GST_REGISTRY gstregistrychunks.c:610:gst_registry_chunks_load_feature: Reading/casting for GstRegistryChunkElementFactory at address 0xc0ac08
0:00:00.025554710  2783 0xbef390 TRACE   structure gststructure.c:287:gst_structure_new_id_empty_with_size: created structure 0xc11c70
0:00:00.025560993  2783 0xbef390 DEBUG   structure gststructure.c:2203:gst_structure_parse_field: trying field name 'long-name'
0:00:00.025566595  2783 0xbef390 DEBUG   default gstvalue.c:2676:_priv_gst_value_parse_value: trying type name 'string'
0:00:00.025573456  2783 0xbef390 DEBUG   structure gststructure.c:2203:gst_structure_parse_field: trying field name 'klass'
0:00:00.025579064  2783 0xbef390 DEBUG   default gstvalue.c:2676:_priv_gst_value_parse_value: trying type name 'string'
0:00:00.025585491  2783 0xbef390 DEBUG   structure gststructure.c:2203:gst_structure_parse_field: trying field name 'description'
0:00:00.025591128  2783 0xbef390 DEBUG   default gstvalue.c:2676:_priv_gst_value_parse_value: trying type name 'string'
0:00:00.025597861  2783 0xbef390 DEBUG   structure gststructure.c:2203:gst_structure_parse_field: trying field name 'author'
0:00:00.025603383  2783 0xbef390 DEBUG   default gstvalue.c:2676:_priv_gst_value_parse_value: trying type name 'string'
0:00:00.025610510  2783 0xbef390 DEBUG   GST_REGISTRY gstregistrychunks.c:626:gst_registry_chunks_load_feature: Element factory : npadtemplates=2
0:00:00.025616201  2783 0xbef390 DEBUG   GST_REGISTRY gstregistrychunks.c:526:gst_registry_chunks_load_pad_template: Reading/casting for GstRegistryChunkPadTemplate at address 0xc0acf8
0:00:00.025622261  2783 0xbef390 DEBUG   GST_REGISTRY gstregistrychunks.c:539:gst_registry_chunks_load_pad_template: Added pad_template sink
0:00:00.025627830  2783 0xbef390 DEBUG   GST_REGISTRY gstregistrychunks.c:526:gst_registry_chunks_load_pad_template: Reading/casting for GstRegistryChunkPadTemplate at address 0xc0ad10
0:00:00.025633736  2783 0xbef390 DEBUG   GST_REGISTRY gstregistrychunks.c:539:gst_registry_chunks_load_pad_template: Added pad_template src
0:00:00.025641624  2783 0xbef390 DEBUG   GST_REGISTRY gstregistry.c:581:gst_registry_add_feature: replacing existing feature 0xc0a810 (valve)
0:00:00.025649245  2783 0xbef390 DEBUG   GST_REGISTRY gstregistry.c:590:gst_registry_add_feature: adding feature 0xc0a2b0 (valve)
0:00:00.025655341  2783 0xbef390 TRACE   GST_REFCOUNTING gstobject.c:788:gst_object_unparent: unparent
0:00:00.025662944  2783 0xbef390 TRACE   GST_REFCOUNTING gstobject.c:265:gst_object_unref: 0xc0a810 unref 1->0
0:00:00.025670088  2783 0xbef390 TRACE   GST_REFCOUNTING gstobject.c:381:gst_object_dispose: 0xc0a810 dispose
0:00:00.025677529  2783 0xbef390 TRACE   structure gststructure.c:544:gst_structure_free: free structure 0xc0c660
0:00:00.025690557  2783 0xbef390 TRACE   GST_REFCOUNTING gstminiobject.c:723:gst_mini_object_replace: replace (nil) (0) with (nil) (0)
0:00:00.025698044  2783 0xbef390 TRACE   GST_REFCOUNTING gstminiobject.c:723:gst_mini_object_replace: replace (nil) (0) with (nil) (0)
0:00:00.025704965  2783 0xbef390 DEBUG   GST_PLUGIN_LOADING gstpluginfeature.c:67:gst_plugin_feature_finalize: finalizing feature 0xc0a810: 'valve'
0:00:00.025711682  2783 0xbef390 TRACE   GST_REFCOUNTING gstobject.c:423:gst_object_finalize: 0xc0a810 finalize
0:00:00.025718641  2783 0xbef390 DEBUG   GST_REFCOUNTING gstobject.c:709:gst_object_set_parent: set parent (ref and sink)
0:00:00.025725910  2783 0xbef390 TRACE   GST_REFCOUNTING gstobject.c:294:gst_object_ref_sink: 0xc0a2b0 ref_sink 1->2
0:00:00.025732863  2783 0xbef390 LOG   GST_REGISTRY gstregistry.c:608:gst_registry_add_feature: emitting feature-added for valve
0:00:00.025739694  2783 0xbef390 DEBUG   GST_REGISTRY gstregistrychunks.c:741:gst_registry_chunks_load_feature: Added feature valve, plugin 0xc11b40 coreelements
0:00:00.025746611  2783 0xbef390 DEBUG   GST_REGISTRY gstregistrychunks.c:583:gst_registry_chunks_load_feature: Plugin 'coreelements' feature 'multiqueue' typename : 'GstElementFactory'
0:00:00.025754754  2783 0xbef390 TRACE   GST_REFCOUNTING gstobject.c:208:gst_object_init: 0xc0a810 new
0:00:00.025762603  2783 0xbef390 LOG   GST_REGISTRY gstregistrychunks.c:610:gst_registry_chunks_load_feature: Reading/casting for GstRegistryChunkElementFactory at address 0xc0ad40
0:00:00.025769684  2783 0xbef390 TRACE   structure gststructure.c:287:gst_structure_new_id_empty_with_size: created structure 0xc0c660
0:00:00.025776006  2783 0xbef390 DEBUG   structure gststructure.c:2203:gst_structure_parse_field: trying field name 'long-name'
0:00:00.025781665  2783 0xbef390 DEBUG   default gstvalue.c:2676:_priv_gst_value_parse_value: trying type name 'string'
0:00:00.025788201  2783 0xbef390 DEBUG   structure gststructure.c:2203:gst_structure_parse_field: trying field name 'klass'
0:00:00.025793784  2783 0xbef390 DEBUG   default gstvalue.c:2676:_priv_gst_value_parse_value: trying type name 'string'
0:00:00.025800240  2783 0xbef390 DEBUG   structure gststructure.c:2203:gst_structure_parse_field: trying field name 'description'
0:00:00.025805853  2783 0xbef390 DEBUG   default gstvalue.c:2676:_priv_gst_value_parse_value: trying type name 'string'
0:00:00.025812424  2783 0xbef390 DEBUG   structure gststructure.c:2203:gst_structure_parse_field: trying field name 'author'
0:00:00.025817913  2783 0xbef390 DEBUG   default gstvalue.c:2676:_priv_gst_value_parse_value: trying type name 'string'
0:00:00.025824775  2783 0xbef390 DEBUG   GST_REGISTRY gstregistrychunks.c:626:gst_registry_chunks_load_feature: Element factory : npadtemplates=2
0:00:00.025830484  2783 0xbef390 DEBUG   GST_REGISTRY gstregistrychunks.c:526:gst_registry_chunks_load_pad_template: Reading/casting for GstRegistryChunkPadTemplate at address 0xc0ae00
0:00:00.025840926  2783 0xbef390 DEBUG   GST_REGISTRY gstregistrychunks.c:539:gst_registry_chunks_load_pad_template: Added pad_template src_%u
0:00:00.025846590  2783 0xbef390 DEBUG   GST_REGISTRY gstregistrychunks.c:526:gst_registry_chunks_load_pad_template: Reading/casting for GstRegistryChunkPadTemplate at address 0xc0ae18
0:00:00.025852634  2783 0xbef390 DEBUG   GST_REGISTRY gstregistrychunks.c:539:gst_registry_chunks_load_pad_template: Added pad_template sink_%u
0:00:00.025860681  2783 0xbef390 DEBUG   GST_REGISTRY gstregistry.c:581:gst_registry_add_feature: replacing existing feature 0xc0c7e0 (multiqueue)
0:00:00.025868159  2783 0xbef390 DEBUG   GST_REGISTRY gstregistry.c:590:gst_registry_add_feature: adding feature 0xc0a810 (multiqueue)
0:00:00.025874406  2783 0xbef390 TRACE   GST_REFCOUNTING gstobject.c:788:gst_object_unparent: unparent
0:00:00.025881918  2783 0xbef390 TRACE   GST_REFCOUNTING gstobject.c:265:gst_object_unref: 0xc0c7e0 unref 1->0
0:00:00.025888713  2783 0xbef390 TRACE   GST_REFCOUNTING gstobject.c:381:gst_object_dispose: 0xc0c7e0 dispose
0:00:00.025896067  2783 0xbef390 TRACE   structure gststructure.c:544:gst_structure_free: free structure 0xc0c8d0
0:00:00.025903042  2783 0xbef390 TRACE   GST_REFCOUNTING gstminiobject.c:723:gst_mini_object_replace: replace (nil) (0) with (nil) (0)
0:00:00.025910341  2783 0xbef390 TRACE   GST_REFCOUNTING gstminiobject.c:723:gst_mini_object_replace: replace (nil) (0) with (nil) (0)
0:00:00.025917204  2783 0xbef390 DEBUG   GST_PLUGIN_LOADING gstpluginfeature.c:67:gst_plugin_feature_finalize: finalizing feature 0xc0c7e0: 'multiqueue'
0:00:00.025923708  2783 0xbef390 TRACE   GST_REFCOUNTING gstobject.c:423:gst_object_finalize: 0xc0c7e0 finalize
0:00:00.025930575  2783 0xbef390 DEBUG   GST_REFCOUNTING gstobject.c:709:gst_object_set_parent: set parent (ref and sink)
0:00:00.025937781  2783 0xbef390 TRACE   GST_REFCOUNTING gstobject.c:294:gst_object_ref_sink: 0xc0a810 ref_sink 1->2
0:00:00.025944531  2783 0xbef390 LOG   GST_REGISTRY gstregistry.c:608:gst_registry_add_feature: emitting feature-added for multiqueue
0:00:00.025951240  2783 0xbef390 DEBUG   GST_REGISTRY gstregistrychunks.c:741:gst_registry_chunks_load_feature: Added feature multiqueue, plugin 0xc11b40 coreelements
0:00:00.025958151  2783 0xbef390 DEBUG   GST_REGISTRY gstregistrychunks.c:583:gst_registry_chunks_load_feature: Plugin 'coreelements' feature 'typefind' typename : 'GstElementFactory'
0:00:00.025966105  2783 0xbef390 TRACE   GST_REFCOUNTING gstobject.c:208:gst_object_init: 0xc0c790 new
0:00:00.025973832  2783 0xbef390 LOG   GST_REGISTRY gstregistrychunks.c:610:gst_registry_chunks_load_feature: Reading/casting for GstRegistryChunkElementFactory at address 0xc0ae48
0:00:00.025980573  2783 0xbef390 TRACE   structure gststructure.c:287:gst_structure_new_id_empty_with_size: created structure 0xc0c880
0:00:00.025986546  2783 0xbef390 DEBUG   structure gststructure.c:2203:gst_structure_parse_field: trying field name 'long-name'
0:00:00.025996301  2783 0xbef390 DEBUG   default gstvalue.c:2676:_priv_gst_value_parse_value: trying type name 'string'
0:00:00.026002702  2783 0xbef390 DEBUG   structure gststructure.c:2203:gst_structure_parse_field: trying field name 'klass'
0:00:00.026008299  2783 0xbef390 DEBUG   default gstvalue.c:2676:_priv_gst_value_parse_value: trying type name 'string'
