0:00:00.022204379  2783 0xbef390 DEBUG   structure gststructure.c:2203:gst_structure_parse_field: trying field name 'long-name'
0:00:00.017613189  2784 0x196b320 LOG   GST_POLL gstpoll.c:994:gst_poll_fd_ctl_write: 0x1973820: pfd->events now 60 (POLLOUT:4)
0:00:00.022210577  2783 0xbef390 DEBUG   default gstvalue.c:2676:_priv_gst_value_parse_value: trying type name 'string'
0:00:00.017619813  2784 0x196b320 DEBUG   GST_POLL gstpoll.c:980:gst_poll_fd_ctl_write: 0x1973820: fd (fd:0, idx:1), active : 1
0:00:00.022217475  2783 0xbef390 DEBUG   structure gststructure.c:2203:gst_structure_parse_field: trying field name 'klass'
0:00:00.017626183  2784 0x196b320 LOG   GST_POLL gstpoll.c:994:gst_poll_fd_ctl_write: 0x1973820: pfd->events now 60 (POLLOUT:4)
0:00:00.022223306  2783 0xbef390 DEBUG   default gstvalue.c:2676:_priv_gst_value_parse_value: trying type name 'string'
0:00:00.017632843  2784 0x196b320 DEBUG   GST_POLL gstpoll.c:980:gst_poll_fd_ctl_write: 0x1973820: fd (fd:0, idx:1), active : 1
0:00:00.022229947  2783 0xbef390 DEBUG   structure gststructure.c:2203:gst_structure_parse_field: trying field name 'description'
0:00:00.017639284  2784 0x196b320 LOG   GST_POLL gstpoll.c:994:gst_poll_fd_ctl_write: 0x1973820: pfd->events now 60 (POLLOUT:4)
0:00:00.022241986  2783 0xbef390 DEBUG   default gstvalue.c:2676:_priv_gst_value_parse_value: trying type name 'string'
0:00:00.017651598  2784 0x196b320 DEBUG   GST_POLL gstpoll.c:980:gst_poll_fd_ctl_write: 0x1973820: fd (fd:0, idx:1), active : 1
0:00:00.022248964  2783 0xbef390 DEBUG   structure gststructure.c:2203:gst_structure_parse_field: trying field name 'author'
0:00:00.017657913  2784 0x196b320 LOG   GST_POLL gstpoll.c:994:gst_poll_fd_ctl_write: 0x1973820: pfd->events now 60 (POLLOUT:4)
0:00:00.022255260  2783 0xbef390 DEBUG   default gstvalue.c:2676:_priv_gst_value_parse_value: trying type name 'string'
0:00:00.017664527  2784 0x196b320 DEBUG   GST_POLL gstpoll.c:980:gst_poll_fd_ctl_write: 0x1973820: fd (fd:0, idx:1), active : 1
0:00:00.022263129  2783 0xbef390 DEBUG   GST_REGISTRY gstregistrychunks.c:626:gst_registry_chunks_load_feature: Element factory : npadtemplates=2
0:00:00.017671107  2784 0x196b320 LOG   GST_POLL gstpoll.c:994:gst_poll_fd_ctl_write: 0x1973820: pfd->events now 60 (POLLOUT:4)
0:00:00.022269312  2783 0xbef390 DEBUG   GST_REGISTRY gstregistrychunks.c:526:gst_registry_chunks_load_pad_template: Reading/casting for GstRegistryChunkPadTemplate at address 0xc0b880
0:00:00.017678450  2784 0x196b320 DEBUG   GST_POLL gstpoll.c:980:gst_poll_fd_ctl_write: 0x1973820: fd (fd:0, idx:1), active : 1
0:00:00.022275649  2783 0xbef390 DEBUG   GST_REGISTRY gstregistrychunks.c:539:gst_registry_chunks_load_pad_template: Added pad_template src
0:00:00.017684800  2784 0x196b320 LOG   GST_POLL gstpoll.c:994:gst_poll_fd_ctl_write: 0x1973820: pfd->events now 60 (POLLOUT:4)
0:00:00.017691671  2784 0x196b320 DEBUG   GST_POLL gstpoll.c:980:gst_poll_fd_ctl_write: 0x1973820: fd (fd:0, idx:1), active : 1
0:00:00.022285232  2783 0xbef390 DEBUG   GST_REGISTRY gstregistrychunks.c:526:gst_registry_chunks_load_pad_template: Reading/casting for GstRegistryChunkPadTemplate at address 0xc0b890
0:00:00.017697913  2784 0x196b320 LOG   GST_POLL gstpoll.c:994:gst_poll_fd_ctl_write: 0x1973820: pfd->events now 60 (POLLOUT:4)
0:00:00.022294074  2783 0xbef390 DEBUG   GST_REGISTRY gstregistrychunks.c:539:gst_registry_chunks_load_pad_template: Added pad_template sink_%u
0:00:00.017704798  2784 0x196b320 DEBUG   GST_POLL gstpoll.c:980:gst_poll_fd_ctl_write: 0x1973820: fd (fd:0, idx:1), active : 1
0:00:00.022302455  2783 0xbef390 DEBUG   GST_REGISTRY gstregistry.c:590:gst_registry_add_feature: adding feature 0xc0ec20 (funnel)
0:00:00.017711110  2784 0x196b320 LOG   GST_POLL gstpoll.c:994:gst_poll_fd_ctl_write: 0x1973820: pfd->events now 60 (POLLOUT:4)
0:00:00.022309127  2783 0xbef390 DEBUG   GST_REFCOUNTING gstobject.c:709:gst_object_set_parent: set parent (ref and sink)
0:00:00.017718056  2784 0x196b320 DEBUG   GST_POLL gstpoll.c:980:gst_poll_fd_ctl_write: 0x1973820: fd (fd:0, idx:1), active : 1
0:00:00.022317505  2783 0xbef390 TRACE   GST_REFCOUNTING gstobject.c:294:gst_object_ref_sink: 0xc0ec20 ref_sink 1->2
0:00:00.017730213  2784 0x196b320 LOG   GST_POLL gstpoll.c:994:gst_poll_fd_ctl_write: 0x1973820: pfd->events now 60 (POLLOUT:4)
0:00:00.022326286  2783 0xbef390 LOG   GST_REGISTRY gstregistry.c:608:gst_registry_add_feature: emitting feature-added for funnel
0:00:00.017737511  2784 0x196b320 DEBUG   GST_POLL gstpoll.c:980:gst_poll_fd_ctl_write: 0x1973820: fd (fd:0, idx:1), active : 1
0:00:00.022333783  2783 0xbef390 DEBUG   GST_REGISTRY gstregistrychunks.c:741:gst_registry_chunks_load_feature: Added feature funnel, plugin 0xc09070 coreelements
0:00:00.017743950  2784 0x196b320 LOG   GST_POLL gstpoll.c:994:gst_poll_fd_ctl_write: 0x1973820: pfd->events now 60 (POLLOUT:4)
0:00:00.022341515  2783 0xbef390 DEBUG   GST_REGISTRY gstregistrychunks.c:583:gst_registry_chunks_load_feature: Plugin 'coreelements' feature 'filesrc' typename : 'GstElementFactory'
0:00:00.017750651  2784 0x196b320 DEBUG   GST_POLL gstpoll.c:980:gst_poll_fd_ctl_write: 0x1973820: fd (fd:0, idx:1), active : 1
0:00:00.017756873  2784 0x196b320 LOG   GST_POLL gstpoll.c:994:gst_poll_fd_ctl_write: 0x1973820: pfd->events now 60 (POLLOUT:4)
0:00:00.022350010  2783 0xbef390 TRACE   GST_REFCOUNTING gstobject.c:208:gst_object_init: 0xc0f0c0 new
0:00:00.017763264  2784 0x196b320 DEBUG   GST_POLL gstpoll.c:980:gst_poll_fd_ctl_write: 0x1973820: fd (fd:0, idx:1), active : 1
0:00:00.022360320  2783 0xbef390 LOG   GST_REGISTRY gstregistrychunks.c:610:gst_registry_chunks_load_feature: Reading/casting for GstRegistryChunkElementFactory at address 0xc0b8c0
0:00:00.017769642  2784 0x196b320 LOG   GST_POLL gstpoll.c:994:gst_poll_fd_ctl_write: 0x1973820: pfd->events now 60 (POLLOUT:4)
0:00:00.022367435  2783 0xbef390 TRACE   structure gststructure.c:287:gst_structure_new_id_empty_with_size: created structure 0xc0f280
0:00:00.017776401  2784 0x196b320 DEBUG   GST_POLL gstpoll.c:980:gst_poll_fd_ctl_write: 0x1973820: fd (fd:0, idx:1), active : 1
0:00:00.022373982  2783 0xbef390 DEBUG   structure gststructure.c:2203:gst_structure_parse_field: trying field name 'long-name'
0:00:00.017782696  2784 0x196b320 LOG   GST_POLL gstpoll.c:994:gst_poll_fd_ctl_write: 0x1973820: pfd->events now 60 (POLLOUT:4)
0:00:00.022379967  2783 0xbef390 DEBUG   default gstvalue.c:2676:_priv_gst_value_parse_value: trying type name 'string'
0:00:00.017789376  2784 0x196b320 DEBUG   GST_POLL gstpoll.c:980:gst_poll_fd_ctl_write: 0x1973820: fd (fd:0, idx:1), active : 1
0:00:00.022387009  2783 0xbef390 DEBUG   structure gststructure.c:2203:gst_structure_parse_field: trying field name 'klass'
0:00:00.017795862  2784 0x196b320 LOG   GST_POLL gstpoll.c:994:gst_poll_fd_ctl_write: 0x1973820: pfd->events now 60 (POLLOUT:4)
0:00:00.022392942  2783 0xbef390 DEBUG   default gstvalue.c:2676:_priv_gst_value_parse_value: trying type name 'string'
0:00:00.017802567  2784 0x196b320 DEBUG   GST_POLL gstpoll.c:980:gst_poll_fd_ctl_write: 0x1973820: fd (fd:0, idx:1), active : 1
0:00:00.022399848  2783 0xbef390 DEBUG   structure gststructure.c:2203:gst_structure_parse_field: trying field name 'description'
0:00:00.017813893  2784 0x196b320 LOG   GST_POLL gstpoll.c:994:gst_poll_fd_ctl_write: 0x1973820: pfd->events now 60 (POLLOUT:4)
0:00:00.022409295  2783 0xbef390 DEBUG   default gstvalue.c:2676:_priv_gst_value_parse_value: trying type name 'string'
0:00:00.017821144  2784 0x196b320 DEBUG   GST_POLL gstpoll.c:980:gst_poll_fd_ctl_write: 0x1973820: fd (fd:0, idx:1), active : 1
0:00:00.022417431  2783 0xbef390 DEBUG   structure gststructure.c:2203:gst_structure_parse_field: trying field name 'author'
0:00:00.017827611  2784 0x196b320 LOG   GST_POLL gstpoll.c:994:gst_poll_fd_ctl_write: 0x1973820: pfd->events now 60 (POLLOUT:4)
0:00:00.022423370  2783 0xbef390 DEBUG   default gstvalue.c:2676:_priv_gst_value_parse_value: trying type name 'string'
0:00:00.022430610  2783 0xbef390 DEBUG   GST_REGISTRY gstregistrychunks.c:626:gst_registry_chunks_load_feature: Element factory : npadtemplates=1
0:00:00.017839496  2784 0x196b320 DEBUG   GST_POLL gstpoll.c:980:gst_poll_fd_ctl_write: 0x1973820: fd (fd:0, idx:1), active : 1
0:00:00.022436424  2783 0xbef390 DEBUG   GST_REGISTRY gstregistrychunks.c:526:gst_registry_chunks_load_pad_template: Reading/casting for GstRegistryChunkPadTemplate at address 0xc0b9a0
0:00:00.017846286  2784 0x196b320 LOG   GST_POLL gstpoll.c:994:gst_poll_fd_ctl_write: 0x1973820: pfd->events now 60 (POLLOUT:4)
0:00:00.022442932  2783 0xbef390 DEBUG   GST_REGISTRY gstregistrychunks.c:539:gst_registry_chunks_load_pad_template: Added pad_template src
0:00:00.017853120  2784 0x196b320 DEBUG   GST_POLL gstpoll.c:980:gst_poll_fd_ctl_write: 0x1973820: fd (fd:0, idx:1), active : 1
0:00:00.022449847  2783 0xbef390 DEBUG   GST_REGISTRY gstregistrychunks.c:639:gst_registry_chunks_load_feature: Reading 1 UriTypes at address 0xc0b9b0
0:00:00.017859584  2784 0x196b320 LOG   GST_POLL gstpoll.c:994:gst_poll_fd_ctl_write: 0x1973820: pfd->events now 60 (POLLOUT:4)
0:00:00.022457210  2783 0xbef390 DEBUG   GST_REGISTRY gstregistrychunks.c:654:gst_registry_chunks_load_feature: Reading 1 Interfaces at address 0xc0b9b9
0:00:00.017866198  2784 0x196b320 DEBUG   GST_POLL gstpoll.c:980:gst_poll_fd_ctl_write: 0x1973820: fd (fd:0, idx:1), active : 1
0:00:00.017872418  2784 0x196b320 LOG   GST_POLL gstpoll.c:994:gst_poll_fd_ctl_write: 0x1973820: pfd->events now 60 (POLLOUT:4)
0:00:00.022465858  2783 0xbef390 DEBUG   GST_REGISTRY gstregistry.c:590:gst_registry_add_feature: adding feature 0xc0f0c0 (filesrc)
0:00:00.017878656  2784 0x196b320 DEBUG   GST_POLL gstpoll.c:980:gst_poll_fd_ctl_write: 0x1973820: fd (fd:0, idx:1), active : 1
0:00:00.022474176  2783 0xbef390 DEBUG   GST_REFCOUNTING gstobject.c:709:gst_object_set_parent: set parent (ref and sink)
0:00:00.017885029  2784 0x196b320 LOG   GST_POLL gstpoll.c:994:gst_poll_fd_ctl_write: 0x1973820: pfd->events now 60 (POLLOUT:4)
0:00:00.022482357  2783 0xbef390 TRACE   GST_REFCOUNTING gstobject.c:294:gst_object_ref_sink: 0xc0f0c0 ref_sink 1->2
0:00:00.017895950  2784 0x196b320 DEBUG   GST_POLL gstpoll.c:980:gst_poll_fd_ctl_write: 0x1973820: fd (fd:0, idx:1), active : 1
0:00:00.022491789  2783 0xbef390 LOG   GST_REGISTRY gstregistry.c:608:gst_registry_add_feature: emitting feature-added for filesrc
0:00:00.017902614  2784 0x196b320 LOG   GST_POLL gstpoll.c:994:gst_poll_fd_ctl_write: 0x1973820: pfd->events now 60 (POLLOUT:4)
0:00:00.022498937  2783 0xbef390 DEBUG   GST_REGISTRY gstregistrychunks.c:741:gst_registry_chunks_load_feature: Added feature filesrc, plugin 0xc09070 coreelements
0:00:00.017909346  2784 0x196b320 DEBUG   GST_POLL gstpoll.c:980:gst_poll_fd_ctl_write: 0x1973820: fd (fd:0, idx:1), active : 1
0:00:00.022506176  2783 0xbef390 DEBUG   GST_REGISTRY gstregistrychunks.c:583:gst_registry_chunks_load_feature: Plugin 'coreelements' feature 'fdsink' typename : 'GstElementFactory'
0:00:00.017915713  2784 0x196b320 LOG   GST_POLL gstpoll.c:994:gst_poll_fd_ctl_write: 0x1973820: pfd->events now 60 (POLLOUT:4)
0:00:00.022514170  2783 0xbef390 TRACE   GST_REFCOUNTING gstobject.c:208:gst_object_init: 0xc0f4a0 new
0:00:00.017922571  2784 0x196b320 DEBUG   GST_POLL gstpoll.c:980:gst_poll_fd_ctl_write: 0x1973820: fd (fd:0, idx:1), active : 1
0:00:00.022522741  2783 0xbef390 LOG   GST_REGISTRY gstregistrychunks.c:610:gst_registry_chunks_load_feature: Reading/casting for GstRegistryChunkElementFactory at address 0xc0b9e0
0:00:00.017930019  2784 0x196b320 LOG   GST_POLL gstpoll.c:994:gst_poll_fd_ctl_write: 0x1973820: pfd->events now 60 (POLLOUT:4)
0:00:00.022529939  2783 0xbef390 TRACE   structure gststructure.c:287:gst_structure_new_id_empty_with_size: created structure 0xc0f590
0:00:00.017938750  2784 0x196b320 DEBUG   GST_POLL gstpoll.c:980:gst_poll_fd_ctl_write: 0x1973820: fd (fd:0, idx:1), active : 1
0:00:00.022536945  2783 0xbef390 DEBUG   structure gststructure.c:2203:gst_structure_parse_field: trying field name 'long-name'
0:00:00.017945541  2784 0x196b320 LOG   GST_POLL gstpoll.c:994:gst_poll_fd_ctl_write: 0x1973820: pfd->events now 60 (POLLOUT:4)
0:00:00.022543183  2783 0xbef390 DEBUG   default gstvalue.c:2676:_priv_gst_value_parse_value: trying type name 'string'
0:00:00.017952319  2784 0x196b320 DEBUG   GST_POLL gstpoll.c:980:gst_poll_fd_ctl_write: 0x1973820: fd (fd:0, idx:1), active : 1
0:00:00.022550407  2783 0xbef390 DEBUG   structure gststructure.c:2203:gst_structure_parse_field: trying field name 'klass'
0:00:00.017958748  2784 0x196b320 LOG   GST_POLL gstpoll.c:994:gst_poll_fd_ctl_write: 0x1973820: pfd->events now 60 (POLLOUT:4)
0:00:00.022556514  2783 0xbef390 DEBUG   default gstvalue.c:2676:_priv_gst_value_parse_value: trying type name 'string'
0:00:00.017965720  2784 0x196b320 DEBUG   GST_POLL gstpoll.c:980:gst_poll_fd_ctl_write: 0x1973820: fd (fd:0, idx:1), active : 1
0:00:00.022563252  2783 0xbef390 DEBUG   structure gststructure.c:2203:gst_structure_parse_field: trying field name 'description'
0:00:00.017972052  2784 0x196b320 LOG   GST_POLL gstpoll.c:994:gst_poll_fd_ctl_write: 0x1973820: pfd->events now 60 (POLLOUT:4)
0:00:00.022574162  2783 0xbef390 DEBUG   default gstvalue.c:2676:_priv_gst_value_parse_value: trying type name 'string'
0:00:00.017983580  2784 0x196b320 DEBUG   GST_POLL gstpoll.c:980:gst_poll_fd_ctl_write: 0x1973820: fd (fd:0, idx:1), active : 1
0:00:00.022581469  2783 0xbef390 DEBUG   structure gststructure.c:2203:gst_structure_parse_field: trying field name 'author'
0:00:00.017989940  2784 0x196b320 LOG   GST_POLL gstpoll.c:994:gst_poll_fd_ctl_write: 0x1973820: pfd->events now 60 (POLLOUT:4)
0:00:00.022587473  2783 0xbef390 DEBUG   default gstvalue.c:2676:_priv_gst_value_parse_value: trying type name 'string'
0:00:00.017996874  2784 0x196b320 DEBUG   GST_POLL gstpoll.c:980:gst_poll_fd_ctl_write: 0x1973820: fd (fd:0, idx:1), active : 1
0:00:00.022594913  2783 0xbef390 DEBUG   GST_REGISTRY gstregistrychunks.c:626:gst_registry_chunks_load_feature: Element factory : npadtemplates=1
0:00:00.018007474  2784 0x196b320 LOG   GST_POLL gstpoll.c:994:gst_poll_fd_ctl_write: 0x1973820: pfd->events now 60 (POLLOUT:4)
0:00:00.022601042  2783 0xbef390 DEBUG   GST_REGISTRY gstregistrychunks.c:526:gst_registry_chunks_load_pad_template: Reading/casting for GstRegistryChunkPadTemplate at address 0xc0bac0
0:00:00.018014523  2784 0x196b320 DEBUG   GST_POLL gstpoll.c:980:gst_poll_fd_ctl_write: 0x1973820: fd (fd:0, idx:1), active : 1
0:00:00.022609836  2783 0xbef390 DEBUG   GST_REGISTRY gstregistrychunks.c:539:gst_registry_chunks_load_pad_template: Added pad_template sink
0:00:00.018020879  2784 0x196b320 LOG   GST_POLL gstpoll.c:994:gst_poll_fd_ctl_write: 0x1973820: pfd->events now 60 (POLLOUT:4)
0:00:00.022617053  2783 0xbef390 DEBUG   GST_REGISTRY gstregistrychunks.c:639:gst_registry_chunks_load_feature: Reading 1 UriTypes at address 0xc0bad1
0:00:00.018027599  2784 0x196b320 DEBUG   GST_POLL gstpoll.c:980:gst_poll_fd_ctl_write: 0x1973820: fd (fd:0, idx:1), active : 1
0:00:00.022624034  2783 0xbef390 DEBUG   GST_REGISTRY gstregistrychunks.c:654:gst_registry_chunks_load_feature: Reading 1 Interfaces at address 0xc0badf
0:00:00.018033907  2784 0x196b320 LOG   GST_POLL gstpoll.c:994:gst_poll_fd_ctl_write: 0x1973820: pfd->events now 60 (POLLOUT:4)
0:00:00.022632330  2783 0xbef390 DEBUG   GST_REGISTRY gstregistry.c:590:gst_registry_add_feature: adding feature 0xc0f4a0 (fdsink)
0:00:00.018040517  2784 0x196b320 DEBUG   GST_POLL gstpoll.c:980:gst_poll_fd_ctl_write: 0x1973820: fd (fd:0, idx:1), active : 1
0:00:00.022638970  2783 0xbef390 DEBUG   GST_REFCOUNTING gstobject.c:709:gst_object_set_parent: set parent (ref and sink)
0:00:00.018047609  2784 0x196b320 LOG   GST_POLL gstpoll.c:994:gst_poll_fd_ctl_write: 0x1973820: pfd->events now 60 (POLLOUT:4)
0:00:00.022646957  2783 0xbef390 TRACE   GST_REFCOUNTING gstobject.c:294:gst_object_ref_sink: 0xc0f4a0 ref_sink 1->2
0:00:00.018054898  2784 0x196b320 DEBUG   GST_POLL gstpoll.c:980:gst_poll_fd_ctl_write: 0x1973820: fd (fd:0, idx:1), active : 1
0:00:00.022658417  2783 0xbef390 LOG   GST_REGISTRY gstregistry.c:608:gst_registry_add_feature: emitting feature-added for fdsink
0:00:00.018066819  2784 0x196b320 LOG   GST_POLL gstpoll.c:994:gst_poll_fd_ctl_write: 0x1973820: pfd->events now 60 (POLLOUT:4)
0:00:00.022665795  2783 0xbef390 DEBUG   GST_REGISTRY gstregistrychunks.c:741:gst_registry_chunks_load_feature: Added feature fdsink, plugin 0xc09070 coreelements
0:00:00.018074051  2784 0x196b320 DEBUG   GST_POLL gstpoll.c:980:gst_poll_fd_ctl_write: 0x1973820: fd (fd:0, idx:1), active : 1
0:00:00.022673021  2783 0xbef390 DEBUG   GST_REGISTRY gstregistrychunks.c:583:gst_registry_chunks_load_feature: Plugin 'coreelements' feature 'fdsrc' typename : 'GstElementFactory'
0:00:00.018080996  2784 0x196b320 LOG   GST_POLL gstpoll.c:994:gst_poll_fd_ctl_write: 0x1973820: pfd->events now 60 (POLLOUT:4)
0:00:00.022681758  2783 0xbef390 TRACE   GST_REFCOUNTING gstobject.c:208:gst_object_init: 0xc0f3b0 new
0:00:00.018088957  2784 0x196b320 DEBUG   GST_POLL gstpoll.c:980:gst_poll_fd_ctl_write: 0x1973820: fd (fd:0, idx:1), active : 1
0:00:00.022690149  2783 0xbef390 LOG   GST_REGISTRY gstregistrychunks.c:610:gst_registry_chunks_load_feature: Reading/casting for GstRegistryChunkElementFactory at address 0xc0bb08
0:00:00.018097805  2784 0x196b320 LOG   GST_POLL gstpoll.c:994:gst_poll_fd_ctl_write: 0x1973820: pfd->events now 60 (POLLOUT:4)
0:00:00.022697315  2783 0xbef390 TRACE   structure gststructure.c:287:gst_structure_new_id_empty_with_size: created structure 0xc0fa70
0:00:00.018106102  2784 0x196b320 DEBUG   GST_POLL gstpoll.c:980:gst_poll_fd_ctl_write: 0x1973820: fd (fd:0, idx:1), active : 1
0:00:00.022703561  2783 0xbef390 DEBUG   structure gststructure.c:2203:gst_structure_parse_field: trying field name 'long-name'
0:00:00.018112381  2784 0x196b320 LOG   GST_POLL gstpoll.c:994:gst_poll_fd_ctl_write: 0x1973820: pfd->events now 60 (POLLOUT:4)
0:00:00.022709478  2783 0xbef390 DEBUG   default gstvalue.c:2676:_priv_gst_value_parse_value: trying type name 'string'
0:00:00.018118988  2784 0x196b320 DEBUG   GST_POLL gstpoll.c:980:gst_poll_fd_ctl_write: 0x1973820: fd (fd:0, idx:1), active : 1
0:00:00.022716445  2783 0xbef390 DEBUG   structure gststructure.c:2203:gst_structure_parse_field: trying field name 'klass'
0:00:00.018125404  2784 0x196b320 LOG   GST_POLL gstpoll.c:994:gst_poll_fd_ctl_write: 0x1973820: pfd->events now 60 (POLLOUT:4)
0:00:00.022722264  2783 0xbef390 DEBUG   default gstvalue.c:2676:_priv_gst_value_parse_value: trying type name 'string'
0:00:00.018132076  2784 0x196b320 DEBUG   GST_POLL gstpoll.c:980:gst_poll_fd_ctl_write: 0x1973820: fd (fd:0, idx:1), active : 1
0:00:00.022728825  2783 0xbef390 DEBUG   structure gststructure.c:2203:gst_structure_parse_field: trying field name 'description'
0:00:00.018138379  2784 0x196b320 LOG   GST_POLL gstpoll.c:994:gst_poll_fd_ctl_write: 0x1973820: pfd->events now 60 (POLLOUT:4)
0:00:00.022734897  2783 0xbef390 DEBUG   default gstvalue.c:2676:_priv_gst_value_parse_value: trying type name 'string'
0:00:00.018148628  2784 0x196b320 DEBUG   GST_POLL gstpoll.c:980:gst_poll_fd_ctl_write: 0x1973820: fd (fd:0, idx:1), active : 1
0:00:00.022744507  2783 0xbef390 DEBUG   structure gststructure.c:2203:gst_structure_parse_field: trying field name 'author'
0:00:00.018155245  2784 0x196b320 LOG   GST_POLL gstpoll.c:994:gst_poll_fd_ctl_write: 0x1973820: pfd->events now 60 (POLLOUT:4)
0:00:00.022750582  2783 0xbef390 DEBUG   default gstvalue.c:2676:_priv_gst_value_parse_value: trying type name 'string'
0:00:00.018162177  2784 0x196b320 DEBUG   GST_POLL gstpoll.c:980:gst_poll_fd_ctl_write: 0x1973820: fd (fd:0, idx:1), active : 1
0:00:00.022758144  2783 0xbef390 DEBUG   GST_REGISTRY gstregistrychunks.c:626:gst_registry_chunks_load_feature: Element factory : npadtemplates=1
0:00:00.018168425  2784 0x196b320 LOG   GST_POLL gstpoll.c:994:gst_poll_fd_ctl_write: 0x1973820: pfd->events now 60 (POLLOUT:4)
0:00:00.022764247  2783 0xbef390 DEBUG   GST_REGISTRY gstregistrychunks.c:526:gst_registry_chunks_load_pad_template: Reading/casting for GstRegistryChunkPadTemplate at address 0xc0bbe8
0:00:00.018175146  2784 0x196b320 DEBUG   GST_POLL gstpoll.c:980:gst_poll_fd_ctl_write: 0x1973820: fd (fd:0, idx:1), active : 1
0:00:00.022770792  2783 0xbef390 DEBUG   GST_REGISTRY gstregistrychunks.c:539:gst_registry_chunks_load_pad_template: Added pad_template src
0:00:00.018181544  2784 0x196b320 LOG   GST_POLL gstpoll.c:994:gst_poll_fd_ctl_write: 0x1973820: pfd->events now 60 (POLLOUT:4)
0:00:00.022777475  2783 0xbef390 DEBUG   GST_REGISTRY gstregistrychunks.c:639:gst_registry_chunks_load_feature: Reading 1 UriTypes at address 0xc0bbf8
0:00:00.018188317  2784 0x196b320 DEBUG   GST_POLL gstpoll.c:980:gst_poll_fd_ctl_write: 0x1973820: fd (fd:0, idx:1), active : 1
0:00:00.022785038  2783 0xbef390 DEBUG   GST_REGISTRY gstregistrychunks.c:654:gst_registry_chunks_load_feature: Reading 1 Interfaces at address 0xc0bbff
0:00:00.018194708  2784 0x196b320 LOG   GST_POLL gstpoll.c:994:gst_poll_fd_ctl_write: 0x1973820: pfd->events now 60 (POLLOUT:4)
0:00:00.022793384  2783 0xbef390 DEBUG   GST_REGISTRY gstregistry.c:590:gst_registry_add_feature: adding feature 0xc0f3b0 (fdsrc)
0:00:00.018201289  2784 0x196b320 DEBUG   GST_POLL gstpoll.c:980:gst_poll_fd_ctl_write: 0x1973820: fd (fd:0, idx:1), active : 1
0:00:00.022800267  2783 0xbef390 DEBUG   GST_REFCOUNTING gstobject.c:709:gst_object_set_parent: set parent (ref and sink)
0:00:00.018208881  2784 0x196b320 LOG   GST_POLL gstpoll.c:994:gst_poll_fd_ctl_write: 0x1973820: pfd->events now 60 (POLLOUT:4)
0:00:00.022808402  2783 0xbef390 TRACE   GST_REFCOUNTING gstobject.c:294:gst_object_ref_sink: 0xc0f3b0 ref_sink 1->2
0:00:00.018216423  2784 0x196b320 DEBUG   GST_POLL gstpoll.c:980:gst_poll_fd_ctl_write: 0x1973820: fd (fd:0, idx:1), active : 1
0:00:00.022815827  2783 0xbef390 LOG   GST_REGISTRY gstregistry.c:608:gst_registry_add_feature: emitting feature-added for fdsrc
0:00:00.018231165  2784 0x196b320 LOG   GST_POLL gstpoll.c:994:gst_poll_fd_ctl_write: 0x1973820: pfd->events now 60 (POLLOUT:4)
0:00:00.022827755  2783 0xbef390 DEBUG   GST_REGISTRY gstregistrychunks.c:741:gst_registry_chunks_load_feature: Added feature fdsrc, plugin 0xc09070 coreelements
0:00:00.018238010  2784 0x196b320 DEBUG   GST_POLL gstpoll.c:980:gst_poll_fd_ctl_write: 0x1973820: fd (fd:0, idx:1), active : 1
0:00:00.022835264  2783 0xbef390 DEBUG   GST_REGISTRY gstregistrychunks.c:583:gst_registry_chunks_load_feature: Plugin 'coreelements' feature 'fakesink' typename : 'GstElementFactory'
0:00:00.018244159  2784 0x196b320 LOG   GST_POLL gstpoll.c:994:gst_poll_fd_ctl_write: 0x1973820: pfd->events now 60 (POLLOUT:4)
0:00:00.018250719  2784 0x196b320 DEBUG   GST_POLL gstpoll.c:980:gst_poll_fd_ctl_write: 0x1973820: fd (fd:0, idx:1), active : 1
0:00:00.022843632  2783 0xbef390 TRACE   GST_REFCOUNTING gstobject.c:208:gst_object_init: 0xc0fba0 new
0:00:00.018256579  2784 0x196b320 LOG   GST_POLL gstpoll.c:994:gst_poll_fd_ctl_write: 0x1973820: pfd->events now 60 (POLLOUT:4)
0:00:00.022853729  2783 0xbef390 LOG   GST_REGISTRY gstregistrychunks.c:610:gst_registry_chunks_load_feature: Reading/casting for GstRegistryChunkElementFactory at address 0xc0bc28
0:00:00.018263094  2784 0x196b320 DEBUG   GST_POLL gstpoll.c:980:gst_poll_fd_ctl_write: 0x1973820: fd (fd:0, idx:1), active : 1
0:00:00.022860715  2783 0xbef390 TRACE   structure gststructure.c:287:gst_structure_new_id_empty_with_size: created structure 0xc0fdb0
0:00:00.018269317  2784 0x196b320 LOG   GST_POLL gstpoll.c:994:gst_poll_fd_ctl_write: 0x1973820: pfd->events now 60 (POLLOUT:4)
0:00:00.022867002  2783 0xbef390 DEBUG   structure gststructure.c:2203:gst_structure_parse_field: trying field name 'long-name'
0:00:00.018275974  2784 0x196b320 DEBUG   GST_POLL gstpoll.c:980:gst_poll_fd_ctl_write: 0x1973820: fd (fd:0, idx:1), active : 1
0:00:00.022872918  2783 0xbef390 DEBUG   default gstvalue.c:2676:_priv_gst_value_parse_value: trying type name 'string'
0:00:00.018282231  2784 0x196b320 LOG   GST_POLL gstpoll.c:994:gst_poll_fd_ctl_write: 0x1973820: pfd->events now 60 (POLLOUT:4)
0:00:00.022879635  2783 0xbef390 DEBUG   structure gststructure.c:2203:gst_structure_parse_field: trying field name 'klass'
0:00:00.018288830  2784 0x196b320 DEBUG   GST_POLL gstpoll.c:980:gst_poll_fd_ctl_write: 0x1973820: fd (fd:0, idx:1), active : 1
0:00:00.022885612  2783 0xbef390 DEBUG   default gstvalue.c:2676:_priv_gst_value_parse_value: trying type name 'string'
0:00:00.018295166  2784 0x196b320 LOG   GST_POLL gstpoll.c:994:gst_poll_fd_ctl_write: 0x1973820: pfd->events now 60 (POLLOUT:4)
0:00:00.022892208  2783 0xbef390 DEBUG   structure gststructure.c:2203:gst_structure_parse_field: trying field name 'description'
0:00:00.018301784  2784 0x196b320 DEBUG   GST_POLL gstpoll.c:980:gst_poll_fd_ctl_write: 0x1973820: fd (fd:0, idx:1), active : 1
0:00:00.022902508  2783 0xbef390 DEBUG   default gstvalue.c:2676:_priv_gst_value_parse_value: trying type name 'string'
0:00:00.018311764  2784 0x196b320 LOG   GST_POLL gstpoll.c:994:gst_poll_fd_ctl_write: 0x1973820: pfd->events now 60 (POLLOUT:4)
0:00:00.022909289  2783 0xbef390 DEBUG   structure gststructure.c:2203:gst_structure_parse_field: trying field name 'author'
0:00:00.018318344  2784 0x196b320 DEBUG   GST_POLL gstpoll.c:980:gst_poll_fd_ctl_write: 0x1973820: fd (fd:0, idx:1), active : 1
0:00:00.022915026  2783 0xbef390 DEBUG   default gstvalue.c:2676:_priv_gst_value_parse_value: trying type name 'string'
0:00:00.018324754  2784 0x196b320 LOG   GST_POLL gstpoll.c:994:gst_poll_fd_ctl_write: 0x1973820: pfd->events now 60 (POLLOUT:4)
0:00:00.022923791  2783 0xbef390 DEBUG   GST_REGISTRY gstregistrychunks.c:626:gst_registry_chunks_load_feature: Element factory : npadtemplates=1
0:00:00.018331350  2784 0x196b320 DEBUG   GST_POLL gstpoll.c:980:gst_poll_fd_ctl_write: 0x1973820: fd (fd:0, idx:1), active : 1
0:00:00.022930009  2783 0xbef390 DEBUG   GST_REGISTRY gstregistrychunks.c:526:gst_registry_chunks_load_pad_template: Reading/casting for GstRegistryChunkPadTemplate at address 0xc0bd50
0:00:00.018338968  2784 0x196b320 LOG   GST_POLL gstpoll.c:994:gst_poll_fd_ctl_write: 0x1973820: pfd->events now 60 (POLLOUT:4)
0:00:00.022936367  2783 0xbef390 DEBUG   GST_REGISTRY gstregistrychunks.c:539:gst_registry_chunks_load_pad_template: Added pad_template sink
0:00:00.018345531  2784 0x196b320 DEBUG   GST_POLL gstpoll.c:980:gst_poll_fd_ctl_write: 0x1973820: fd (fd:0, idx:1), active : 1
0:00:00.018351778  2784 0x196b320 LOG   GST_POLL gstpoll.c:994:gst_poll_fd_ctl_write: 0x1973820: pfd->events now 60 (POLLOUT:4)
0:00:00.022950477  2783 0xbef390 DEBUG   GST_REGISTRY gstregistry.c:590:gst_registry_add_feature: adding feature 0xc0fba0 (fakesink)
0:00:00.018357995  2784 0x196b320 DEBUG   GST_POLL gstpoll.c:980:gst_poll_fd_ctl_write: 0x1973820: fd (fd:0, idx:1), active : 1
0:00:00.022957245  2783 0xbef390 DEBUG   GST_REFCOUNTING gstobject.c:709:gst_object_set_parent: set parent (ref and sink)
0:00:00.018365937  2784 0x196b320 LOG   GST_POLL gstpoll.c:994:gst_poll_fd_ctl_write: 0x1973820: pfd->events now 60 (POLLOUT:4)
0:00:00.022965316  2783 0xbef390 TRACE   GST_REFCOUNTING gstobject.c:294:gst_object_ref_sink: 0xc0fba0 ref_sink 1->2
0:00:00.018373218  2784 0x196b320 DEBUG   GST_POLL gstpoll.c:980:gst_poll_fd_ctl_write: 0x1973820: fd (fd:0, idx:1), active : 1
0:00:00.022972830  2783 0xbef390 LOG   GST_REGISTRY gstregistry.c:608:gst_registry_add_feature: emitting feature-added for fakesink
0:00:00.018381162  2784 0x196b320 LOG   GST_POLL gstpoll.c:994:gst_poll_fd_ctl_write: 0x1973820: pfd->events now 60 (POLLOUT:4)
0:00:00.022980312  2783 0xbef390 DEBUG   GST_REGISTRY gstregistrychunks.c:741:gst_registry_chunks_load_feature: Added feature fakesink, plugin 0xc09070 coreelements
0:00:00.018388229  2784 0x196b320 DEBUG   GST_POLL gstpoll.c:980:gst_poll_fd_ctl_write: 0x1973820: fd (fd:0, idx:1), active : 1
0:00:00.022991905  2783 0xbef390 DEBUG   GST_REGISTRY gstregistrychunks.c:583:gst_registry_chunks_load_feature: Plugin 'coreelements' feature 'fakesrc' typename : 'GstElementFactory'
0:00:00.018399933  2784 0x196b320 LOG   GST_POLL gstpoll.c:994:gst_poll_fd_ctl_write: 0x1973820: pfd->events now 60 (POLLOUT:4)
0:00:00.018407674  2784 0x196b320 DEBUG   GST_POLL gstpoll.c:980:gst_poll_fd_ctl_write: 0x1973820: fd (fd:0, idx:1), active : 1
0:00:00.023000903  2783 0xbef390 TRACE   GST_REFCOUNTING gstobject.c:208:gst_object_init: 0xc0f7d0 new
0:00:00.018413511  2784 0x196b320 LOG   GST_POLL gstpoll.c:994:gst_poll_fd_ctl_write: 0x1973820: pfd->events now 60 (POLLOUT:4)
0:00:00.023011112  2783 0xbef390 LOG   GST_REGISTRY gstregistrychunks.c:610:gst_registry_chunks_load_feature: Reading/casting for GstRegistryChunkElementFactory at address 0xc0bd80
0:00:00.018420108  2784 0x196b320 DEBUG   GST_POLL gstpoll.c:980:gst_poll_fd_ctl_write: 0x1973820: fd (fd:0, idx:1), active : 1
0:00:00.023018295  2783 0xbef390 TRACE   structure gststructure.c:287:gst_structure_new_id_empty_with_size: created structure 0xc10200
0:00:00.018426662  2784 0x196b320 LOG   GST_POLL gstpoll.c:994:gst_poll_fd_ctl_write: 0x1973820: pfd->events now 60 (POLLOUT:4)
0:00:00.018433800  2784 0x196b320 DEBUG   GST_POLL gstpoll.c:980:gst_poll_fd_ctl_write: 0x1973820: fd (fd:0, idx:1), active : 1
0:00:00.023029990  2783 0xbef390 DEBUG   structure gststructure.c:2203:gst_structure_parse_field: trying field name 'long-name'
0:00:00.018439776  2784 0x196b320 LOG   GST_POLL gstpoll.c:994:gst_poll_fd_ctl_write: 0x1973820: pfd->events now 60 (POLLOUT:4)
0:00:00.023036305  2783 0xbef390 DEBUG   default gstvalue.c:2676:_priv_gst_value_parse_value: trying type name 'string'
0:00:00.018446430  2784 0x196b320 DEBUG   GST_POLL gstpoll.c:980:gst_poll_fd_ctl_write: 0x1973820: fd (fd:0, idx:1), active : 1
0:00:00.023043114  2783 0xbef390 DEBUG   structure gststructure.c:2203:gst_structure_parse_field: trying field name 'klass'
0:00:00.018461595  2784 0x196b320 LOG   GST_POLL gstpoll.c:994:gst_poll_fd_ctl_write: 0x1973820: pfd->events now 60 (POLLOUT:4)
0:00:00.023061046  2783 0xbef390 DEBUG   default gstvalue.c:2676:_priv_gst_value_parse_value: trying type name 'string'
0:00:00.018470431  2784 0x196b320 DEBUG   GST_POLL gstpoll.c:980:gst_poll_fd_ctl_write: 0x1973820: fd (fd:0, idx:1), active : 1
0:00:00.023067933  2783 0xbef390 DEBUG   structure gststructure.c:2203:gst_structure_parse_field: trying field name 'description'
0:00:00.018476880  2784 0x196b320 LOG   GST_POLL gstpoll.c:994:gst_poll_fd_ctl_write: 0x1973820: pfd->events now 60 (POLLOUT:4)
0:00:00.023073903  2783 0xbef390 DEBUG   default gstvalue.c:2676:_priv_gst_value_parse_value: trying type name 'string'
0:00:00.018483579  2784 0x196b320 DEBUG   GST_POLL gstpoll.c:980:gst_poll_fd_ctl_write: 0x1973820: fd (fd:0, idx:1), active : 1
0:00:00.023085639  2783 0xbef390 DEBUG   structure gststructure.c:2203:gst_structure_parse_field: trying field name 'author'
0:00:00.018493835  2784 0x196b320 LOG   GST_POLL gstpoll.c:994:gst_poll_fd_ctl_write: 0x1973820: pfd->events now 60 (POLLOUT:4)
0:00:00.023091751  2783 0xbef390 DEBUG   default gstvalue.c:2676:_priv_gst_value_parse_value: trying type name 'string'
0:00:00.018501486  2784 0x196b320 DEBUG   GST_POLL gstpoll.c:980:gst_poll_fd_ctl_write: 0x1973820: fd (fd:0, idx:1), active : 1
0:00:00.023099373  2783 0xbef390 DEBUG   GST_REGISTRY gstregistrychunks.c:626:gst_registry_chunks_load_feature: Element factory : npadtemplates=1
0:00:00.018509731  2784 0x196b320 LOG   GST_POLL gstpoll.c:994:gst_poll_fd_ctl_write: 0x1973820: pfd->events now 60 (POLLOUT:4)
0:00:00.023105468  2783 0xbef390 DEBUG   GST_REGISTRY gstregistrychunks.c:526:gst_registry_chunks_load_pad_template: Reading/casting for GstRegistryChunkPadTemplate at address 0xc0be80
0:00:00.018516543  2784 0x196b320 DEBUG   GST_POLL gstpoll.c:980:gst_poll_fd_ctl_write: 0x1973820: fd (fd:0, idx:1), active : 1
0:00:00.023112021  2783 0xbef390 DEBUG   GST_REGISTRY gstregistrychunks.c:539:gst_registry_chunks_load_pad_template: Added pad_template src
0:00:00.018523495  2784 0x196b320 LOG   GST_POLL gstpoll.c:994:gst_poll_fd_ctl_write: 0x1973820: pfd->events now 60 (POLLOUT:4)
0:00:00.023121726  2783 0xbef390 DEBUG   GST_REGISTRY gstregistry.c:590:gst_registry_add_feature: adding feature 0xc0f7d0 (fakesrc)
0:00:00.018530366  2784 0x196b320 DEBUG   GST_POLL gstpoll.c:980:gst_poll_fd_ctl_write: 0x1973820: fd (fd:0, idx:1), active : 1
0:00:00.023129018  2783 0xbef390 DEBUG   GST_REFCOUNTING gstobject.c:709:gst_object_set_parent: set parent (ref and sink)
0:00:00.018537511  2784 0x196b320 LOG   GST_POLL gstpoll.c:994:gst_poll_fd_ctl_write: 0x1973820: pfd->events now 60 (POLLOUT:4)
0:00:00.023137106  2783 0xbef390 TRACE   GST_REFCOUNTING gstobject.c:294:gst_object_ref_sink: 0xc0f7d0 ref_sink 1->2
0:00:00.018545155  2784 0x196b320 DEBUG   GST_POLL gstpoll.c:980:gst_poll_fd_ctl_write: 0x1973820: fd (fd:0, idx:1), active : 1
0:00:00.023144598  2783 0xbef390 LOG   GST_REGISTRY gstregistry.c:608:gst_registry_add_feature: emitting feature-added for fakesrc
0:00:00.018553099  2784 0x196b320 LOG   GST_POLL gstpoll.c:994:gst_poll_fd_ctl_write: 0x1973820: pfd->events now 60 (POLLOUT:4)
0:00:00.023152054  2783 0xbef390 DEBUG   GST_REGISTRY gstregistrychunks.c:741:gst_registry_chunks_load_feature: Added feature fakesrc, plugin 0xc09070 coreelements
0:00:00.018560273  2784 0x196b320 DEBUG   GST_POLL gstpoll.c:980:gst_poll_fd_ctl_write: 0x1973820: fd (fd:0, idx:1), active : 1
0:00:00.023159685  2783 0xbef390 DEBUG   GST_REGISTRY gstregistrychunks.c:583:gst_registry_chunks_load_feature: Plugin 'coreelements' feature 'downloadbuffer' typename : 'GstElementFactory'
0:00:00.018567603  2784 0x196b320 LOG   GST_POLL gstpoll.c:994:gst_poll_fd_ctl_write: 0x1973820: pfd->events now 60 (POLLOUT:4)
0:00:00.023168527  2783 0xbef390 TRACE   GST_REFCOUNTING gstobject.c:208:gst_object_init: 0xc10460 new
0:00:00.018580338  2784 0x196b320 DEBUG   GST_POLL gstpoll.c:980:gst_poll_fd_ctl_write: 0x1973820: fd (fd:0, idx:1), active : 1
0:00:00.023177306  2783 0xbef390 LOG   GST_REGISTRY gstregistrychunks.c:610:gst_registry_chunks_load_feature: Reading/casting for GstRegistryChunkElementFactory at address 0xc0beb8
0:00:00.018586799  2784 0x196b320 LOG   GST_POLL gstpoll.c:994:gst_poll_fd_ctl_write: 0x1973820: pfd->events now 60 (POLLOUT:4)
0:00:00.023184583  2783 0xbef390 TRACE   structure gststructure.c:287:gst_structure_new_id_empty_with_size: created structure 0xc10610
0:00:00.018593662  2784 0x196b320 DEBUG   GST_POLL gstpoll.c:980:gst_poll_fd_ctl_write: 0x1973820: fd (fd:0, idx:1), active : 1
0:00:00.023190942  2783 0xbef390 DEBUG   structure gststructure.c:2203:gst_structure_parse_field: trying field name 'long-name'
0:00:00.018600109  2784 0x196b320 LOG   GST_POLL gstpoll.c:994:gst_poll_fd_ctl_write: 0x1973820: pfd->events now 60 (POLLOUT:4)
0:00:00.023196977  2783 0xbef390 DEBUG   default gstvalue.c:2676:_priv_gst_value_parse_value: trying type name 'string'
0:00:00.018606840  2784 0x196b320 DEBUG   GST_POLL gstpoll.c:980:gst_poll_fd_ctl_write: 0x1973820: fd (fd:0, idx:1), active : 1
0:00:00.023203779  2783 0xbef390 DEBUG   structure gststructure.c:2203:gst_structure_parse_field: trying field name 'klass'
0:00:00.018613282  2784 0x196b320 LOG   GST_POLL gstpoll.c:994:gst_poll_fd_ctl_write: 0x1973820: pfd->events now 60 (POLLOUT:4)
0:00:00.023209835  2783 0xbef390 DEBUG   default gstvalue.c:2676:_priv_gst_value_parse_value: trying type name 'string'
0:00:00.018619976  2784 0x196b320 DEBUG   GST_POLL gstpoll.c:980:gst_poll_fd_ctl_write: 0x1973820: fd (fd:0, idx:1), active : 1
0:00:00.023216893  2783 0xbef390 DEBUG   structure gststructure.c:2203:gst_structure_parse_field: trying field name 'description'
0:00:00.018626343  2784 0x196b320 LOG   GST_POLL gstpoll.c:994:gst_poll_fd_ctl_write: 0x1973820: pfd->events now 60 (POLLOUT:4)
0:00:00.023223242  2783 0xbef390 DEBUG   default gstvalue.c:2676:_priv_gst_value_parse_value: trying type name 'string'
0:00:00.018633129  2784 0x196b320 DEBUG   GST_POLL gstpoll.c:980:gst_poll_fd_ctl_write: 0x1973820: fd (fd:0, idx:1), active : 1
0:00:00.023229955  2783 0xbef390 DEBUG   structure gststructure.c:2203:gst_structure_parse_field: trying field name 'author'
0:00:00.018639505  2784 0x196b320 LOG   GST_POLL gstpoll.c:994:gst_poll_fd_ctl_write: 0x1973820: pfd->events now 60 (POLLOUT:4)
0:00:00.023235851  2783 0xbef390 DEBUG   default gstvalue.c:2676:_priv_gst_value_parse_value: trying type name 'string'
0:00:00.018646100  2784 0x196b320 DEBUG   GST_POLL gstpoll.c:980:gst_poll_fd_ctl_write: 0x1973820: fd (fd:0, idx:1), active : 1
0:00:00.023243173  2783 0xbef390 DEBUG   GST_REGISTRY gstregistrychunks.c:626:gst_registry_chunks_load_feature: Element factory : npadtemplates=2
0:00:00.018652432  2784 0x196b320 LOG   GST_POLL gstpoll.c:994:gst_poll_fd_ctl_write: 0x1973820: pfd->events now 60 (POLLOUT:4)
0:00:00.023254638  2783 0xbef390 DEBUG   GST_REGISTRY gstregistrychunks.c:526:gst_registry_chunks_load_pad_template: Reading/casting for GstRegistryChunkPadTemplate at address 0xc0bf80
0:00:00.018664098  2784 0x196b320 DEBUG   GST_POLL gstpoll.c:980:gst_poll_fd_ctl_write: 0x1973820: fd (fd:0, idx:1), active : 1
0:00:00.023261204  2783 0xbef390 DEBUG   GST_REGISTRY gstregistrychunks.c:539:gst_registry_chunks_load_pad_template: Added pad_template sink
0:00:00.018671092  2784 0x196b320 LOG   GST_POLL gstpoll.c:994:gst_poll_fd_ctl_write: 0x1973820: pfd->events now 60 (POLLOUT:4)
0:00:00.023267372  2783 0xbef390 DEBUG   GST_REGISTRY gstregistrychunks.c:526:gst_registry_chunks_load_pad_template: Reading/casting for GstRegistryChunkPadTemplate at address 0xc0bf98
0:00:00.018677716  2784 0x196b320 DEBUG   GST_POLL gstpoll.c:980:gst_poll_fd_ctl_write: 0x1973820: fd (fd:0, idx:1), active : 1
0:00:00.023273710  2783 0xbef390 DEBUG   GST_REGISTRY gstregistrychunks.c:539:gst_registry_chunks_load_pad_template: Added pad_template src
0:00:00.018684255  2784 0x196b320 LOG   GST_POLL gstpoll.c:994:gst_poll_fd_ctl_write: 0x1973820: pfd->events now 60 (POLLOUT:4)
0:00:00.023282045  2783 0xbef390 DEBUG   GST_REGISTRY gstregistry.c:590:gst_registry_add_feature: adding feature 0xc10460 (downloadbuffer)
0:00:00.018691140  2784 0x196b320 LOG   GST_PLUGIN_LOADING gstpluginloader.c:646:put_chunk: Expanding tx buf from 13209 to 17023 for chunk of size 229
0:00:00.023288601  2783 0xbef390 DEBUG   GST_REFCOUNTING gstobject.c:709:gst_object_set_parent: set parent (ref and sink)
0:00:00.018702678  2784 0x196b320 DEBUG   GST_POLL gstpoll.c:980:gst_poll_fd_ctl_write: 0x1973820: fd (fd:0, idx:1), active : 1
0:00:00.023296679  2783 0xbef390 TRACE   GST_REFCOUNTING gstobject.c:294:gst_object_ref_sink: 0xc10460 ref_sink 1->2
0:00:00.018709195  2784 0x196b320 LOG   GST_POLL gstpoll.c:994:gst_poll_fd_ctl_write: 0x1973820: pfd->events now 60 (POLLOUT:4)
0:00:00.023305399  2783 0xbef390 LOG   GST_REGISTRY gstregistry.c:608:gst_registry_add_feature: emitting feature-added for downloadbuffer
0:00:00.018715935  2784 0x196b320 DEBUG   GST_POLL gstpoll.c:980:gst_poll_fd_ctl_write: 0x1973820: fd (fd:0, idx:1), active : 1
0:00:00.023312865  2783 0xbef390 DEBUG   GST_REGISTRY gstregistrychunks.c:741:gst_registry_chunks_load_feature: Added feature downloadbuffer, plugin 0xc09070 coreelements
0:00:00.018722373  2784 0x196b320 LOG   GST_POLL gstpoll.c:994:gst_poll_fd_ctl_write: 0x1973820: pfd->events now 60 (POLLOUT:4)
0:00:00.023320511  2783 0xbef390 DEBUG   GST_REGISTRY gstregistrychunks.c:583:gst_registry_chunks_load_feature: Plugin 'coreelements' feature 'dataurisrc' typename : 'GstElementFactory'
0:00:00.018729167  2784 0x196b320 DEBUG   GST_POLL gstpoll.c:980:gst_poll_fd_ctl_write: 0x1973820: fd (fd:0, idx:1), active : 1
0:00:00.023328840  2783 0xbef390 TRACE   GST_REFCOUNTING gstobject.c:208:gst_object_init: 0xc10980 new
0:00:00.018741015  2784 0x196b320 LOG   GST_POLL gstpoll.c:994:gst_poll_fd_ctl_write: 0x1973820: pfd->events now 60 (POLLOUT:4)
0:00:00.023338503  2783 0xbef390 LOG   GST_REGISTRY gstregistrychunks.c:610:gst_registry_chunks_load_feature: Reading/casting for GstRegistryChunkElementFactory at address 0xc0bfc8
0:00:00.018747904  2784 0x196b320 DEBUG   GST_POLL gstpoll.c:980:gst_poll_fd_ctl_write: 0x1973820: fd (fd:0, idx:1), active : 1
0:00:00.023345860  2783 0xbef390 TRACE   structure gststructure.c:287:gst_structure_new_id_empty_with_size: created structure 0xc10b80
0:00:00.018754379  2784 0x196b320 LOG   GST_POLL gstpoll.c:994:gst_poll_fd_ctl_write: 0x1973820: pfd->events now 60 (POLLOUT:4)
0:00:00.023352532  2783 0xbef390 DEBUG   structure gststructure.c:2203:gst_structure_parse_field: trying field name 'long-name'
0:00:00.018761720  2784 0x196b320 DEBUG   GST_POLL gstpoll.c:980:gst_poll_fd_ctl_write: 0x1973820: fd (fd:0, idx:1), active : 1
0:00:00.023358839  2783 0xbef390 DEBUG   default gstvalue.c:2676:_priv_gst_value_parse_value: trying type name 'string'
0:00:00.018768398  2784 0x196b320 LOG   GST_POLL gstpoll.c:994:gst_poll_fd_ctl_write: 0x1973820: pfd->events now 60 (POLLOUT:4)
0:00:00.023366062  2783 0xbef390 DEBUG   structure gststructure.c:2203:gst_structure_parse_field: trying field name 'klass'
0:00:00.018775527  2784 0x196b320 DEBUG   GST_POLL gstpoll.c:980:gst_poll_fd_ctl_write: 0x1973820: fd (fd:0, idx:1), active : 1
0:00:00.023372282  2783 0xbef390 DEBUG   default gstvalue.c:2676:_priv_gst_value_parse_value: trying type name 'string'
0:00:00.018781890  2784 0x196b320 LOG   GST_POLL gstpoll.c:994:gst_poll_fd_ctl_write: 0x1973820: pfd->events now 60 (POLLOUT:4)
0:00:00.023379204  2783 0xbef390 DEBUG   structure gststructure.c:2203:gst_structure_parse_field: trying field name 'description'
0:00:00.018789131  2784 0x196b320 DEBUG   GST_POLL gstpoll.c:980:gst_poll_fd_ctl_write: 0x1973820: fd (fd:0, idx:1), active : 1
0:00:00.023385456  2783 0xbef390 DEBUG   default gstvalue.c:2676:_priv_gst_value_parse_value: trying type name 'string'
0:00:00.018795803  2784 0x196b320 LOG   GST_POLL gstpoll.c:994:gst_poll_fd_ctl_write: 0x1973820: pfd->events now 60 (POLLOUT:4)
0:00:00.023392596  2783 0xbef390 DEBUG   structure gststructure.c:2203:gst_structure_parse_field: trying field name 'author'
0:00:00.018802989  2784 0x196b320 DEBUG   GST_POLL gstpoll.c:980:gst_poll_fd_ctl_write: 0x1973820: fd (fd:0, idx:1), active : 1
0:00:00.023398671  2783 0xbef390 DEBUG   default gstvalue.c:2676:_priv_gst_value_parse_value: trying type name 'string'
0:00:00.018809816  2784 0x196b320 LOG   GST_POLL gstpoll.c:994:gst_poll_fd_ctl_write: 0x1973820: pfd->events now 60 (POLLOUT:4)
0:00:00.023408282  2783 0xbef390 DEBUG   GST_REGISTRY gstregistrychunks.c:626:gst_registry_chunks_load_feature: Element factory : npadtemplates=1
0:00:00.018817013  2784 0x196b320 DEBUG   GST_POLL gstpoll.c:980:gst_poll_fd_ctl_write: 0x1973820: fd (fd:0, idx:1), active : 1
0:00:00.023419981  2783 0xbef390 DEBUG   GST_REGISTRY gstregistrychunks.c:526:gst_registry_chunks_load_pad_template: Reading/casting for GstRegistryChunkPadTemplate at address 0xc0c0e0
0:00:00.018829331  2784 0x196b320 LOG   GST_POLL gstpoll.c:994:gst_poll_fd_ctl_write: 0x1973820: pfd->events now 60 (POLLOUT:4)
0:00:00.023426468  2783 0xbef390 DEBUG   GST_REGISTRY gstregistrychunks.c:539:gst_registry_chunks_load_pad_template: Added pad_template src
0:00:00.018836364  2784 0x196b320 DEBUG   GST_POLL gstpoll.c:980:gst_poll_fd_ctl_write: 0x1973820: fd (fd:0, idx:1), active : 1
0:00:00.023433594  2783 0xbef390 DEBUG   GST_REGISTRY gstregistrychunks.c:639:gst_registry_chunks_load_feature: Reading 1 UriTypes at address 0xc0c0f0
0:00:00.018842758  2784 0x196b320 LOG   GST_POLL gstpoll.c:994:gst_poll_fd_ctl_write: 0x1973820: pfd->events now 60 (POLLOUT:4)
0:00:00.023441342  2783 0xbef390 DEBUG   GST_REGISTRY gstregistrychunks.c:654:gst_registry_chunks_load_feature: Reading 1 Interfaces at address 0xc0c0f9
0:00:00.018849610  2784 0x196b320 DEBUG   GST_POLL gstpoll.c:980:gst_poll_fd_ctl_write: 0x1973820: fd (fd:0, idx:1), active : 1
0:00:00.018857144  2784 0x196b320 LOG   GST_POLL gstpoll.c:994:gst_poll_fd_ctl_write: 0x1973820: pfd->events now 60 (POLLOUT:4)
0:00:00.023450858  2783 0xbef390 DEBUG   GST_REGISTRY gstregistry.c:590:gst_registry_add_feature: adding feature 0xc10980 (dataurisrc)
0:00:00.018863535  2784 0x196b320 DEBUG   GST_POLL gstpoll.c:980:gst_poll_fd_ctl_write: 0x1973820: fd (fd:0, idx:1), active : 1
0:00:00.023459404  2783 0xbef390 DEBUG   GST_REFCOUNTING gstobject.c:709:gst_object_set_parent: set parent (ref and sink)
0:00:00.018870721  2784 0x196b320 LOG   GST_POLL gstpoll.c:994:gst_poll_fd_ctl_write: 0x1973820: pfd->events now 60 (POLLOUT:4)
0:00:00.023468007  2783 0xbef390 TRACE   GST_REFCOUNTING gstobject.c:294:gst_object_ref_sink: 0xc10980 ref_sink 1->2
0:00:00.018877521  2784 0x196b320 DEBUG   GST_POLL gstpoll.c:980:gst_poll_fd_ctl_write: 0x1973820: fd (fd:0, idx:1), active : 1
0:00:00.023475578  2783 0xbef390 LOG   GST_REGISTRY gstregistry.c:608:gst_registry_add_feature: emitting feature-added for dataurisrc
0:00:00.018884097  2784 0x196b320 LOG   GST_POLL gstpoll.c:994:gst_poll_fd_ctl_write: 0x1973820: pfd->events now 60 (POLLOUT:4)
0:00:00.023482602  2783 0xbef390 DEBUG   GST_REGISTRY gstregistrychunks.c:741:gst_registry_chunks_load_feature: Added feature dataurisrc, plugin 0xc09070 coreelements
0:00:00.018891170  2784 0x196b320 DEBUG   GST_POLL gstpoll.c:980:gst_poll_fd_ctl_write: 0x1973820: fd (fd:0, idx:1), active : 1
0:00:00.023490007  2783 0xbef390 DEBUG   GST_REGISTRY gstregistrychunks.c:583:gst_registry_chunks_load_feature: Plugin 'coreelements' feature 'concat' typename : 'GstElementFactory'
0:00:00.018898377  2784 0x196b320 LOG   GST_POLL gstpoll.c:994:gst_poll_fd_ctl_write: 0x1973820: pfd->events now 60 (POLLOUT:4)
0:00:00.023498827  2783 0xbef390 TRACE   GST_REFCOUNTING gstobject.c:208:gst_object_init: 0xc10810 new
0:00:00.018915842  2784 0x196b320 DEBUG   GST_POLL gstpoll.c:980:gst_poll_fd_ctl_write: 0x1973820: fd (fd:0, idx:1), active : 1
0:00:00.023512966  2783 0xbef390 LOG   GST_REGISTRY gstregistrychunks.c:610:gst_registry_chunks_load_feature: Reading/casting for GstRegistryChunkElementFactory at address 0xc0c120
0:00:00.018922681  2784 0x196b320 LOG   GST_POLL gstpoll.c:994:gst_poll_fd_ctl_write: 0x1973820: pfd->events now 60 (POLLOUT:4)
0:00:00.018929395  2784 0x196b320 DEBUG   GST_POLL gstpoll.c:980:gst_poll_fd_ctl_write: 0x1973820: fd (fd:0, idx:1), active : 1
0:00:00.023523838  2783 0xbef390 TRACE   structure gststructure.c:287:gst_structure_new_id_empty_with_size: created structure 0xc10fb0
0:00:00.018935459  2784 0x196b320 LOG   GST_POLL gstpoll.c:994:gst_poll_fd_ctl_write: 0x1973820: pfd->events now 60 (POLLOUT:4)
0:00:00.023531403  2783 0xbef390 DEBUG   structure gststructure.c:2203:gst_structure_parse_field: trying field name 'long-name'
0:00:00.018942559  2784 0x196b320 DEBUG   GST_POLL gstpoll.c:980:gst_poll_fd_ctl_write: 0x1973820: fd (fd:0, idx:1), active : 1
0:00:00.023537880  2783 0xbef390 DEBUG   default gstvalue.c:2676:_priv_gst_value_parse_value: trying type name 'string'
0:00:00.018948822  2784 0x196b320 LOG   GST_POLL gstpoll.c:994:gst_poll_fd_ctl_write: 0x1973820: pfd->events now 60 (POLLOUT:4)
0:00:00.023544885  2783 0xbef390 DEBUG   structure gststructure.c:2203:gst_structure_parse_field: trying field name 'klass'
0:00:00.018955644  2784 0x196b320 DEBUG   GST_POLL gstpoll.c:980:gst_poll_fd_ctl_write: 0x1973820: fd (fd:0, idx:1), active : 1
0:00:00.023551097  2783 0xbef390 DEBUG   default gstvalue.c:2676:_priv_gst_value_parse_value: trying type name 'string'
0:00:00.018962190  2784 0x196b320 LOG   GST_POLL gstpoll.c:994:gst_poll_fd_ctl_write: 0x1973820: pfd->events now 60 (POLLOUT:4)
0:00:00.023558213  2783 0xbef390 DEBUG   structure gststructure.c:2203:gst_structure_parse_field: trying field name 'description'
0:00:00.018968919  2784 0x196b320 DEBUG   GST_POLL gstpoll.c:980:gst_poll_fd_ctl_write: 0x1973820: fd (fd:0, idx:1), active : 1
0:00:00.023564482  2783 0xbef390 DEBUG   default gstvalue.c:2676:_priv_gst_value_parse_value: trying type name 'string'
0:00:00.018975675  2784 0x196b320 LOG   GST_POLL gstpoll.c:994:gst_poll_fd_ctl_write: 0x1973820: pfd->events now 60 (POLLOUT:4)
0:00:00.023572577  2783 0xbef390 DEBUG   structure gststructure.c:2203:gst_structure_parse_field: trying field name 'author'
0:00:00.018982513  2784 0x196b320 DEBUG   GST_POLL gstpoll.c:980:gst_poll_fd_ctl_write: 0x1973820: fd (fd:0, idx:1), active : 1
0:00:00.023578521  2783 0xbef390 DEBUG   default gstvalue.c:2676:_priv_gst_value_parse_value: trying type name 'string'
0:00:00.018988890  2784 0x196b320 LOG   GST_POLL gstpoll.c:994:gst_poll_fd_ctl_write: 0x1973820: pfd->events now 60 (POLLOUT:4)
0:00:00.023586094  2783 0xbef390 DEBUG   GST_REGISTRY gstregistrychunks.c:626:gst_registry_chunks_load_feature: Element factory : npadtemplates=2
0:00:00.023596141  2783 0xbef390 DEBUG   GST_REGISTRY gstregistrychunks.c:526:gst_registry_chunks_load_pad_template: Reading/casting for GstRegistryChunkPadTemplate at address 0xc0c1f8
0:00:00.019000876  2784 0x196b320 DEBUG   GST_POLL gstpoll.c:980:gst_poll_fd_ctl_write: 0x1973820: fd (fd:0, idx:1), active : 1
0:00:00.023602165  2783 0xbef390 DEBUG   GST_REGISTRY gstregistrychunks.c:539:gst_registry_chunks_load_pad_template: Added pad_template src
0:00:00.019012863  2784 0x196b320 LOG   GST_POLL gstpoll.c:994:gst_poll_fd_ctl_write: 0x1973820: pfd->events now 60 (POLLOUT:4)
0:00:00.023608383  2783 0xbef390 DEBUG   GST_REGISTRY gstregistrychunks.c:526:gst_registry_chunks_load_pad_template: Reading/casting for GstRegistryChunkPadTemplate at address 0xc0c208
0:00:00.019019787  2784 0x196b320 DEBUG   GST_POLL gstpoll.c:980:gst_poll_fd_ctl_write: 0x1973820: fd (fd:0, idx:1), active : 1
0:00:00.023615067  2783 0xbef390 DEBUG   GST_REGISTRY gstregistrychunks.c:539:gst_registry_chunks_load_pad_template: Added pad_template sink_%u
