0:00:00.020743113  2783 0xbef390 LOG   GST_REGISTRY gstregistry.c:608:gst_registry_add_feature: emitting feature-added for multiqueue
0:00:00.016151842  2784 0x196b320 DEBUG   GST_POLL gstpoll.c:980:gst_poll_fd_ctl_write: 0x1973820: fd (fd:0, idx:1), active : 1
0:00:00.020750604  2783 0xbef390 DEBUG   GST_REGISTRY gstregistrychunks.c:741:gst_registry_chunks_load_feature: Added feature multiqueue, plugin 0xc09070 coreelements
0:00:00.016158577  2784 0x196b320 LOG   GST_POLL gstpoll.c:994:gst_poll_fd_ctl_write: 0x1973820: pfd->events now 60 (POLLOUT:4)
0:00:00.020762101  2783 0xbef390 DEBUG   GST_REGISTRY gstregistrychunks.c:583:gst_registry_chunks_load_feature: Plugin 'coreelements' feature 'typefind' typename : 'GstElementFactory'
0:00:00.016170684  2784 0x196b320 DEBUG   GST_POLL gstpoll.c:980:gst_poll_fd_ctl_write: 0x1973820: fd (fd:0, idx:1), active : 1
0:00:00.020770267  2783 0xbef390 TRACE   GST_REFCOUNTING gstobject.c:208:gst_object_init: 0xc0ca00 new
0:00:00.016177537  2784 0x196b320 LOG   GST_POLL gstpoll.c:994:gst_poll_fd_ctl_write: 0x1973820: pfd->events now 60 (POLLOUT:4)
0:00:00.020778711  2783 0xbef390 LOG   GST_REGISTRY gstregistrychunks.c:610:gst_registry_chunks_load_feature: Reading/casting for GstRegistryChunkElementFactory at address 0xc0ae48
0:00:00.016186247  2784 0x196b320 DEBUG   GST_POLL gstpoll.c:980:gst_poll_fd_ctl_write: 0x1973820: fd (fd:0, idx:1), active : 1
0:00:00.020786222  2783 0xbef390 TRACE   structure gststructure.c:287:gst_structure_new_id_empty_with_size: created structure 0xc0cbc0
0:00:00.016194286  2784 0x196b320 LOG   GST_POLL gstpoll.c:994:gst_poll_fd_ctl_write: 0x1973820: pfd->events now 60 (POLLOUT:4)
0:00:00.020792708  2783 0xbef390 DEBUG   structure gststructure.c:2203:gst_structure_parse_field: trying field name 'long-name'
0:00:00.016201678  2784 0x196b320 DEBUG   GST_POLL gstpoll.c:980:gst_poll_fd_ctl_write: 0x1973820: fd (fd:0, idx:1), active : 1
0:00:00.020798814  2783 0xbef390 DEBUG   default gstvalue.c:2676:_priv_gst_value_parse_value: trying type name 'string'
0:00:00.016208222  2784 0x196b320 LOG   GST_POLL gstpoll.c:994:gst_poll_fd_ctl_write: 0x1973820: pfd->events now 60 (POLLOUT:4)
0:00:00.020805779  2783 0xbef390 DEBUG   structure gststructure.c:2203:gst_structure_parse_field: trying field name 'klass'
0:00:00.016214986  2784 0x196b320 DEBUG   GST_POLL gstpoll.c:980:gst_poll_fd_ctl_write: 0x1973820: fd (fd:0, idx:1), active : 1
0:00:00.020811665  2783 0xbef390 DEBUG   default gstvalue.c:2676:_priv_gst_value_parse_value: trying type name 'string'
0:00:00.016221367  2784 0x196b320 LOG   GST_POLL gstpoll.c:994:gst_poll_fd_ctl_write: 0x1973820: pfd->events now 60 (POLLOUT:4)
0:00:00.020818388  2783 0xbef390 DEBUG   structure gststructure.c:2203:gst_structure_parse_field: trying field name 'description'
0:00:00.016228058  2784 0x196b320 DEBUG   GST_POLL gstpoll.c:980:gst_poll_fd_ctl_write: 0x1973820: fd (fd:0, idx:1), active : 1
0:00:00.020824454  2783 0xbef390 DEBUG   default gstvalue.c:2676:_priv_gst_value_parse_value: trying type name 'string'
0:00:00.016234598  2784 0x196b320 LOG   GST_POLL gstpoll.c:994:gst_poll_fd_ctl_write: 0x1973820: pfd->events now 60 (POLLOUT:4)
0:00:00.020831708  2783 0xbef390 DEBUG   structure gststructure.c:2203:gst_structure_parse_field: trying field name 'author'
0:00:00.016241328  2784 0x196b320 DEBUG   GST_POLL gstpoll.c:980:gst_poll_fd_ctl_write: 0x1973820: fd (fd:0, idx:1), active : 1
0:00:00.020841593  2783 0xbef390 DEBUG   default gstvalue.c:2676:_priv_gst_value_parse_value: trying type name 'string'
0:00:00.016251008  2784 0x196b320 LOG   GST_POLL gstpoll.c:994:gst_poll_fd_ctl_write: 0x1973820: pfd->events now 60 (POLLOUT:4)
0:00:00.020849110  2783 0xbef390 DEBUG   GST_REGISTRY gstregistrychunks.c:626:gst_registry_chunks_load_feature: Element factory : npadtemplates=2
0:00:00.016257787  2784 0x196b320 DEBUG   GST_POLL gstpoll.c:980:gst_poll_fd_ctl_write: 0x1973820: fd (fd:0, idx:1), active : 1
0:00:00.020855328  2783 0xbef390 DEBUG   GST_REGISTRY gstregistrychunks.c:526:gst_registry_chunks_load_pad_template: Reading/casting for GstRegistryChunkPadTemplate at address 0xc0af20
0:00:00.016264401  2784 0x196b320 LOG   GST_POLL gstpoll.c:994:gst_poll_fd_ctl_write: 0x1973820: pfd->events now 60 (POLLOUT:4)
0:00:00.020861906  2783 0xbef390 DEBUG   GST_REGISTRY gstregistrychunks.c:539:gst_registry_chunks_load_pad_template: Added pad_template sink
0:00:00.016271164  2784 0x196b320 DEBUG   GST_POLL gstpoll.c:980:gst_poll_fd_ctl_write: 0x1973820: fd (fd:0, idx:1), active : 1
0:00:00.020868027  2783 0xbef390 DEBUG   GST_REGISTRY gstregistrychunks.c:526:gst_registry_chunks_load_pad_template: Reading/casting for GstRegistryChunkPadTemplate at address 0xc0af38
0:00:00.016277677  2784 0x196b320 LOG   GST_POLL gstpoll.c:994:gst_poll_fd_ctl_write: 0x1973820: pfd->events now 60 (POLLOUT:4)
0:00:00.020874474  2783 0xbef390 DEBUG   GST_REGISTRY gstregistrychunks.c:539:gst_registry_chunks_load_pad_template: Added pad_template src
0:00:00.016284343  2784 0x196b320 DEBUG   GST_POLL gstpoll.c:980:gst_poll_fd_ctl_write: 0x1973820: fd (fd:0, idx:1), active : 1
0:00:00.016290833  2784 0x196b320 LOG   GST_POLL gstpoll.c:994:gst_poll_fd_ctl_write: 0x1973820: pfd->events now 60 (POLLOUT:4)
0:00:00.020886747  2783 0xbef390 DEBUG   GST_REGISTRY gstregistry.c:590:gst_registry_add_feature: adding feature 0xc0ca00 (typefind)
0:00:00.016297153  2784 0x196b320 DEBUG   GST_POLL gstpoll.c:980:gst_poll_fd_ctl_write: 0x1973820: fd (fd:0, idx:1), active : 1
0:00:00.020893791  2783 0xbef390 DEBUG   GST_REFCOUNTING gstobject.c:709:gst_object_set_parent: set parent (ref and sink)
0:00:00.016303750  2784 0x196b320 LOG   GST_POLL gstpoll.c:994:gst_poll_fd_ctl_write: 0x1973820: pfd->events now 60 (POLLOUT:4)
0:00:00.020901910  2783 0xbef390 TRACE   GST_REFCOUNTING gstobject.c:294:gst_object_ref_sink: 0xc0ca00 ref_sink 1->2
0:00:00.016310521  2784 0x196b320 DEBUG   GST_POLL gstpoll.c:980:gst_poll_fd_ctl_write: 0x1973820: fd (fd:0, idx:1), active : 1
0:00:00.020909388  2783 0xbef390 LOG   GST_REGISTRY gstregistry.c:608:gst_registry_add_feature: emitting feature-added for typefind
0:00:00.016317842  2784 0x196b320 LOG   GST_POLL gstpoll.c:994:gst_poll_fd_ctl_write: 0x1973820: pfd->events now 60 (POLLOUT:4)
0:00:00.020916876  2783 0xbef390 DEBUG   GST_REGISTRY gstregistrychunks.c:741:gst_registry_chunks_load_feature: Added feature typefind, plugin 0xc09070 coreelements
0:00:00.016325278  2784 0x196b320 DEBUG   GST_POLL gstpoll.c:980:gst_poll_fd_ctl_write: 0x1973820: fd (fd:0, idx:1), active : 1
0:00:00.020931300  2783 0xbef390 DEBUG   GST_REGISTRY gstregistrychunks.c:583:gst_registry_chunks_load_feature: Plugin 'coreelements' feature 'tee' typename : 'GstElementFactory'
0:00:00.016339498  2784 0x196b320 LOG   GST_POLL gstpoll.c:994:gst_poll_fd_ctl_write: 0x1973820: pfd->events now 60 (POLLOUT:4)
0:00:00.020940262  2783 0xbef390 TRACE   GST_REFCOUNTING gstobject.c:208:gst_object_init: 0xc0cd90 new
0:00:00.016347741  2784 0x196b320 DEBUG   GST_POLL gstpoll.c:980:gst_poll_fd_ctl_write: 0x1973820: fd (fd:0, idx:1), active : 1
0:00:00.020949026  2783 0xbef390 LOG   GST_REGISTRY gstregistrychunks.c:610:gst_registry_chunks_load_feature: Reading/casting for GstRegistryChunkElementFactory at address 0xc0af60
0:00:00.016356107  2784 0x196b320 LOG   GST_POLL gstpoll.c:994:gst_poll_fd_ctl_write: 0x1973820: pfd->events now 60 (POLLOUT:4)
0:00:00.020956063  2783 0xbef390 TRACE   structure gststructure.c:287:gst_structure_new_id_empty_with_size: created structure 0xc0d170
0:00:00.016364828  2784 0x196b320 DEBUG   GST_POLL gstpoll.c:980:gst_poll_fd_ctl_write: 0x1973820: fd (fd:0, idx:1), active : 1
0:00:00.020962393  2783 0xbef390 DEBUG   structure gststructure.c:2203:gst_structure_parse_field: trying field name 'long-name'
0:00:00.016371264  2784 0x196b320 LOG   GST_POLL gstpoll.c:994:gst_poll_fd_ctl_write: 0x1973820: pfd->events now 60 (POLLOUT:4)
0:00:00.020968308  2783 0xbef390 DEBUG   default gstvalue.c:2676:_priv_gst_value_parse_value: trying type name 'string'
0:00:00.016377987  2784 0x196b320 DEBUG   GST_POLL gstpoll.c:980:gst_poll_fd_ctl_write: 0x1973820: fd (fd:0, idx:1), active : 1
0:00:00.020975488  2783 0xbef390 DEBUG   structure gststructure.c:2203:gst_structure_parse_field: trying field name 'klass'
0:00:00.016384396  2784 0x196b320 LOG   GST_POLL gstpoll.c:994:gst_poll_fd_ctl_write: 0x1973820: pfd->events now 60 (POLLOUT:4)
0:00:00.020981341  2783 0xbef390 DEBUG   default gstvalue.c:2676:_priv_gst_value_parse_value: trying type name 'string'
0:00:00.016391147  2784 0x196b320 DEBUG   GST_POLL gstpoll.c:980:gst_poll_fd_ctl_write: 0x1973820: fd (fd:0, idx:1), active : 1
0:00:00.020987972  2783 0xbef390 DEBUG   structure gststructure.c:2203:gst_structure_parse_field: trying field name 'description'
0:00:00.016397605  2784 0x196b320 LOG   GST_POLL gstpoll.c:994:gst_poll_fd_ctl_write: 0x1973820: pfd->events now 60 (POLLOUT:4)
0:00:00.020993715  2783 0xbef390 DEBUG   default gstvalue.c:2676:_priv_gst_value_parse_value: trying type name 'string'
0:00:00.016404278  2784 0x196b320 DEBUG   GST_POLL gstpoll.c:980:gst_poll_fd_ctl_write: 0x1973820: fd (fd:0, idx:1), active : 1
0:00:00.021000529  2783 0xbef390 DEBUG   structure gststructure.c:2203:gst_structure_parse_field: trying field name 'author'
0:00:00.016410808  2784 0x196b320 LOG   GST_POLL gstpoll.c:994:gst_poll_fd_ctl_write: 0x1973820: pfd->events now 60 (POLLOUT:4)
0:00:00.021010499  2783 0xbef390 DEBUG   default gstvalue.c:2676:_priv_gst_value_parse_value: trying type name 'string'
0:00:00.016420262  2784 0x196b320 DEBUG   GST_POLL gstpoll.c:980:gst_poll_fd_ctl_write: 0x1973820: fd (fd:0, idx:1), active : 1
0:00:00.021018479  2783 0xbef390 DEBUG   GST_REGISTRY gstregistrychunks.c:626:gst_registry_chunks_load_feature: Element factory : npadtemplates=2
0:00:00.016426918  2784 0x196b320 LOG   GST_POLL gstpoll.c:994:gst_poll_fd_ctl_write: 0x1973820: pfd->events now 60 (POLLOUT:4)
0:00:00.016434305  2784 0x196b320 DEBUG   GST_POLL gstpoll.c:980:gst_poll_fd_ctl_write: 0x1973820: fd (fd:0, idx:1), active : 1
0:00:00.021031764  2783 0xbef390 DEBUG   GST_REGISTRY gstregistrychunks.c:526:gst_registry_chunks_load_pad_template: Reading/casting for GstRegistryChunkPadTemplate at address 0xc0b050
0:00:00.016440547  2784 0x196b320 LOG   GST_POLL gstpoll.c:994:gst_poll_fd_ctl_write: 0x1973820: pfd->events now 60 (POLLOUT:4)
0:00:00.021038482  2783 0xbef390 DEBUG   GST_REGISTRY gstregistrychunks.c:539:gst_registry_chunks_load_pad_template: Added pad_template src_%u
0:00:00.016447453  2784 0x196b320 DEBUG   GST_POLL gstpoll.c:980:gst_poll_fd_ctl_write: 0x1973820: fd (fd:0, idx:1), active : 1
0:00:00.016463965  2784 0x196b320 LOG   GST_POLL gstpoll.c:994:gst_poll_fd_ctl_write: 0x1973820: pfd->events now 60 (POLLOUT:4)
0:00:00.021044496  2783 0xbef390 DEBUG   GST_REGISTRY gstregistrychunks.c:526:gst_registry_chunks_load_pad_template: Reading/casting for GstRegistryChunkPadTemplate at address 0xc0b068
0:00:00.016471741  2784 0x196b320 DEBUG   GST_POLL gstpoll.c:980:gst_poll_fd_ctl_write: 0x1973820: fd (fd:0, idx:1), active : 1
0:00:00.016478218  2784 0x196b320 LOG   GST_POLL gstpoll.c:994:gst_poll_fd_ctl_write: 0x1973820: pfd->events now 60 (POLLOUT:4)
0:00:00.021070143  2783 0xbef390 DEBUG   GST_REGISTRY gstregistrychunks.c:539:gst_registry_chunks_load_pad_template: Added pad_template sink
0:00:00.016484976  2784 0x196b320 DEBUG   GST_POLL gstpoll.c:980:gst_poll_fd_ctl_write: 0x1973820: fd (fd:0, idx:1), active : 1
0:00:00.016491790  2784 0x196b320 LOG   GST_POLL gstpoll.c:994:gst_poll_fd_ctl_write: 0x1973820: pfd->events now 60 (POLLOUT:4)
0:00:00.021086399  2783 0xbef390 DEBUG   GST_REGISTRY gstregistry.c:590:gst_registry_add_feature: adding feature 0xc0cd90 (tee)
0:00:00.016498450  2784 0x196b320 DEBUG   GST_POLL gstpoll.c:980:gst_poll_fd_ctl_write: 0x1973820: fd (fd:0, idx:1), active : 1
0:00:00.021096664  2783 0xbef390 DEBUG   GST_REFCOUNTING gstobject.c:709:gst_object_set_parent: set parent (ref and sink)
0:00:00.016506362  2784 0x196b320 LOG   GST_POLL gstpoll.c:994:gst_poll_fd_ctl_write: 0x1973820: pfd->events now 60 (POLLOUT:4)
0:00:00.021105214  2783 0xbef390 TRACE   GST_REFCOUNTING gstobject.c:294:gst_object_ref_sink: 0xc0cd90 ref_sink 1->2
0:00:00.016514139  2784 0x196b320 DEBUG   GST_POLL gstpoll.c:980:gst_poll_fd_ctl_write: 0x1973820: fd (fd:0, idx:1), active : 1
0:00:00.021113946  2783 0xbef390 LOG   GST_REGISTRY gstregistry.c:608:gst_registry_add_feature: emitting feature-added for tee
0:00:00.016527942  2784 0x196b320 LOG   GST_POLL gstpoll.c:994:gst_poll_fd_ctl_write: 0x1973820: pfd->events now 60 (POLLOUT:4)
0:00:00.021124836  2783 0xbef390 DEBUG   GST_REGISTRY gstregistrychunks.c:741:gst_registry_chunks_load_feature: Added feature tee, plugin 0xc09070 coreelements
0:00:00.016534726  2784 0x196b320 DEBUG   GST_POLL gstpoll.c:980:gst_poll_fd_ctl_write: 0x1973820: fd (fd:0, idx:1), active : 1
0:00:00.021132287  2783 0xbef390 DEBUG   GST_REGISTRY gstregistrychunks.c:583:gst_registry_chunks_load_feature: Plugin 'coreelements' feature 'filesink' typename : 'GstElementFactory'
0:00:00.016541454  2784 0x196b320 LOG   GST_POLL gstpoll.c:994:gst_poll_fd_ctl_write: 0x1973820: pfd->events now 60 (POLLOUT:4)
0:00:00.016548155  2784 0x196b320 DEBUG   GST_POLL gstpoll.c:980:gst_poll_fd_ctl_write: 0x1973820: fd (fd:0, idx:1), active : 1
0:00:00.021141712  2783 0xbef390 TRACE   GST_REFCOUNTING gstobject.c:208:gst_object_init: 0xc0d2f0 new
0:00:00.016554196  2784 0x196b320 LOG   GST_POLL gstpoll.c:994:gst_poll_fd_ctl_write: 0x1973820: pfd->events now 60 (POLLOUT:4)
0:00:00.021152029  2783 0xbef390 LOG   GST_REGISTRY gstregistrychunks.c:610:gst_registry_chunks_load_feature: Reading/casting for GstRegistryChunkElementFactory at address 0xc0b098
0:00:00.016560739  2784 0x196b320 DEBUG   GST_POLL gstpoll.c:980:gst_poll_fd_ctl_write: 0x1973820: fd (fd:0, idx:1), active : 1
0:00:00.021159792  2783 0xbef390 TRACE   structure gststructure.c:287:gst_structure_new_id_empty_with_size: created structure 0xc0d3e0
0:00:00.016567690  2784 0x196b320 LOG   GST_POLL gstpoll.c:994:gst_poll_fd_ctl_write: 0x1973820: pfd->events now 60 (POLLOUT:4)
0:00:00.021166542  2783 0xbef390 DEBUG   structure gststructure.c:2203:gst_structure_parse_field: trying field name 'long-name'
0:00:00.016575278  2784 0x196b320 DEBUG   GST_POLL gstpoll.c:980:gst_poll_fd_ctl_write: 0x1973820: fd (fd:0, idx:1), active : 1
0:00:00.021172832  2783 0xbef390 DEBUG   default gstvalue.c:2676:_priv_gst_value_parse_value: trying type name 'string'
0:00:00.016581684  2784 0x196b320 LOG   GST_POLL gstpoll.c:994:gst_poll_fd_ctl_write: 0x1973820: pfd->events now 60 (POLLOUT:4)
0:00:00.021180189  2783 0xbef390 DEBUG   structure gststructure.c:2203:gst_structure_parse_field: trying field name 'klass'
0:00:00.016588404  2784 0x196b320 DEBUG   GST_POLL gstpoll.c:980:gst_poll_fd_ctl_write: 0x1973820: fd (fd:0, idx:1), active : 1
0:00:00.021186218  2783 0xbef390 DEBUG   default gstvalue.c:2676:_priv_gst_value_parse_value: trying type name 'string'
0:00:00.016595286  2784 0x196b320 LOG   GST_POLL gstpoll.c:994:gst_poll_fd_ctl_write: 0x1973820: pfd->events now 60 (POLLOUT:4)
0:00:00.021193015  2783 0xbef390 DEBUG   structure gststructure.c:2203:gst_structure_parse_field: trying field name 'description'
0:00:00.016601867  2784 0x196b320 DEBUG   GST_POLL gstpoll.c:980:gst_poll_fd_ctl_write: 0x1973820: fd (fd:0, idx:1), active : 1
0:00:00.021204701  2783 0xbef390 DEBUG   default gstvalue.c:2676:_priv_gst_value_parse_value: trying type name 'string'
0:00:00.016613844  2784 0x196b320 LOG   GST_POLL gstpoll.c:994:gst_poll_fd_ctl_write: 0x1973820: pfd->events now 60 (POLLOUT:4)
0:00:00.021212002  2783 0xbef390 DEBUG   structure gststructure.c:2203:gst_structure_parse_field: trying field name 'author'
0:00:00.016620605  2784 0x196b320 DEBUG   GST_POLL gstpoll.c:980:gst_poll_fd_ctl_write: 0x1973820: fd (fd:0, idx:1), active : 1
0:00:00.021217872  2783 0xbef390 DEBUG   default gstvalue.c:2676:_priv_gst_value_parse_value: trying type name 'string'
0:00:00.016627007  2784 0x196b320 LOG   GST_POLL gstpoll.c:994:gst_poll_fd_ctl_write: 0x1973820: pfd->events now 60 (POLLOUT:4)
0:00:00.021225558  2783 0xbef390 DEBUG   GST_REGISTRY gstregistrychunks.c:626:gst_registry_chunks_load_feature: Element factory : npadtemplates=1
0:00:00.016633924  2784 0x196b320 DEBUG   GST_POLL gstpoll.c:980:gst_poll_fd_ctl_write: 0x1973820: fd (fd:0, idx:1), active : 1
0:00:00.021231907  2783 0xbef390 DEBUG   GST_REGISTRY gstregistrychunks.c:526:gst_registry_chunks_load_pad_template: Reading/casting for GstRegistryChunkPadTemplate at address 0xc0b178
0:00:00.016640902  2784 0x196b320 LOG   GST_POLL gstpoll.c:994:gst_poll_fd_ctl_write: 0x1973820: pfd->events now 60 (POLLOUT:4)
0:00:00.021238629  2783 0xbef390 DEBUG   GST_REGISTRY gstregistrychunks.c:539:gst_registry_chunks_load_pad_template: Added pad_template sink
0:00:00.016647990  2784 0x196b320 DEBUG   GST_POLL gstpoll.c:980:gst_poll_fd_ctl_write: 0x1973820: fd (fd:0, idx:1), active : 1
0:00:00.021246058  2783 0xbef390 DEBUG   GST_REGISTRY gstregistrychunks.c:639:gst_registry_chunks_load_feature: Reading 1 UriTypes at address 0xc0b189
0:00:00.016654536  2784 0x196b320 LOG   GST_POLL gstpoll.c:994:gst_poll_fd_ctl_write: 0x1973820: pfd->events now 60 (POLLOUT:4)
0:00:00.021253439  2783 0xbef390 DEBUG   GST_REGISTRY gstregistrychunks.c:654:gst_registry_chunks_load_feature: Reading 1 Interfaces at address 0xc0b199
0:00:00.016661599  2784 0x196b320 DEBUG   GST_POLL gstpoll.c:980:gst_poll_fd_ctl_write: 0x1973820: fd (fd:0, idx:1), active : 1
0:00:00.016668571  2784 0x196b320 LOG   GST_POLL gstpoll.c:994:gst_poll_fd_ctl_write: 0x1973820: pfd->events now 60 (POLLOUT:4)
0:00:00.021262821  2783 0xbef390 DEBUG   GST_REGISTRY gstregistry.c:590:gst_registry_add_feature: adding feature 0xc0d2f0 (filesink)
0:00:00.016674795  2784 0x196b320 DEBUG   GST_POLL gstpoll.c:980:gst_poll_fd_ctl_write: 0x1973820: fd (fd:0, idx:1), active : 1
0:00:00.021270561  2783 0xbef390 DEBUG   GST_REFCOUNTING gstobject.c:709:gst_object_set_parent: set parent (ref and sink)
0:00:00.016681134  2784 0x196b320 LOG   GST_POLL gstpoll.c:994:gst_poll_fd_ctl_write: 0x1973820: pfd->events now 60 (POLLOUT:4)
0:00:00.021279112  2783 0xbef390 TRACE   GST_REFCOUNTING gstobject.c:294:gst_object_ref_sink: 0xc0d2f0 ref_sink 1->2
0:00:00.016692817  2784 0x196b320 DEBUG   GST_POLL gstpoll.c:980:gst_poll_fd_ctl_write: 0x1973820: fd (fd:0, idx:1), active : 1
0:00:00.021288975  2783 0xbef390 LOG   GST_REGISTRY gstregistry.c:608:gst_registry_add_feature: emitting feature-added for filesink
0:00:00.016699390  2784 0x196b320 LOG   GST_POLL gstpoll.c:994:gst_poll_fd_ctl_write: 0x1973820: pfd->events now 60 (POLLOUT:4)
0:00:00.021296495  2783 0xbef390 DEBUG   GST_REGISTRY gstregistrychunks.c:741:gst_registry_chunks_load_feature: Added feature filesink, plugin 0xc09070 coreelements
0:00:00.016706171  2784 0x196b320 DEBUG   GST_POLL gstpoll.c:980:gst_poll_fd_ctl_write: 0x1973820: fd (fd:0, idx:1), active : 1
0:00:00.021303886  2783 0xbef390 DEBUG   GST_REGISTRY gstregistrychunks.c:583:gst_registry_chunks_load_feature: Plugin 'coreelements' feature 'queue2' typename : 'GstElementFactory'
0:00:00.016712847  2784 0x196b320 LOG   GST_POLL gstpoll.c:994:gst_poll_fd_ctl_write: 0x1973820: pfd->events now 60 (POLLOUT:4)
0:00:00.021312443  2783 0xbef390 TRACE   GST_REFCOUNTING gstobject.c:208:gst_object_init: 0xc0d560 new
0:00:00.016719563  2784 0x196b320 DEBUG   GST_POLL gstpoll.c:980:gst_poll_fd_ctl_write: 0x1973820: fd (fd:0, idx:1), active : 1
0:00:00.021321329  2783 0xbef390 LOG   GST_REGISTRY gstregistrychunks.c:610:gst_registry_chunks_load_feature: Reading/casting for GstRegistryChunkElementFactory at address 0xc0b1c0
0:00:00.016728662  2784 0x196b320 LOG   GST_POLL gstpoll.c:994:gst_poll_fd_ctl_write: 0x1973820: pfd->events now 60 (POLLOUT:4)
0:00:00.021328421  2783 0xbef390 TRACE   structure gststructure.c:287:gst_structure_new_id_empty_with_size: created structure 0xc0d870
0:00:00.016737214  2784 0x196b320 DEBUG   GST_POLL gstpoll.c:980:gst_poll_fd_ctl_write: 0x1973820: fd (fd:0, idx:1), active : 1
0:00:00.021335257  2783 0xbef390 DEBUG   structure gststructure.c:2203:gst_structure_parse_field: trying field name 'long-name'
0:00:00.016744211  2784 0x196b320 LOG   GST_POLL gstpoll.c:994:gst_poll_fd_ctl_write: 0x1973820: pfd->events now 60 (POLLOUT:4)
0:00:00.021341509  2783 0xbef390 DEBUG   default gstvalue.c:2676:_priv_gst_value_parse_value: trying type name 'string'
0:00:00.016750905  2784 0x196b320 DEBUG   GST_POLL gstpoll.c:980:gst_poll_fd_ctl_write: 0x1973820: fd (fd:0, idx:1), active : 1
0:00:00.021348878  2783 0xbef390 DEBUG   structure gststructure.c:2203:gst_structure_parse_field: trying field name 'klass'
0:00:00.016757286  2784 0x196b320 LOG   GST_POLL gstpoll.c:994:gst_poll_fd_ctl_write: 0x1973820: pfd->events now 60 (POLLOUT:4)
0:00:00.021355202  2783 0xbef390 DEBUG   default gstvalue.c:2676:_priv_gst_value_parse_value: trying type name 'string'
0:00:00.016764734  2784 0x196b320 DEBUG   GST_POLL gstpoll.c:980:gst_poll_fd_ctl_write: 0x1973820: fd (fd:0, idx:1), active : 1
0:00:00.021362335  2783 0xbef390 DEBUG   structure gststructure.c:2203:gst_structure_parse_field: trying field name 'description'
0:00:00.016771268  2784 0x196b320 LOG   GST_POLL gstpoll.c:994:gst_poll_fd_ctl_write: 0x1973820: pfd->events now 60 (POLLOUT:4)
0:00:00.021373086  2783 0xbef390 DEBUG   default gstvalue.c:2676:_priv_gst_value_parse_value: trying type name 'string'
0:00:00.016782878  2784 0x196b320 DEBUG   GST_POLL gstpoll.c:980:gst_poll_fd_ctl_write: 0x1973820: fd (fd:0, idx:1), active : 1
0:00:00.021380627  2783 0xbef390 DEBUG   structure gststructure.c:2203:gst_structure_parse_field: trying field name 'author'
0:00:00.016789673  2784 0x196b320 LOG   GST_POLL gstpoll.c:994:gst_poll_fd_ctl_write: 0x1973820: pfd->events now 60 (POLLOUT:4)
0:00:00.021386567  2783 0xbef390 DEBUG   default gstvalue.c:2676:_priv_gst_value_parse_value: trying type name 'string'
0:00:00.016796535  2784 0x196b320 DEBUG   GST_POLL gstpoll.c:980:gst_poll_fd_ctl_write: 0x1973820: fd (fd:0, idx:1), active : 1
0:00:00.021394652  2783 0xbef390 DEBUG   GST_REGISTRY gstregistrychunks.c:626:gst_registry_chunks_load_feature: Element factory : npadtemplates=2
0:00:00.016802978  2784 0x196b320 LOG   GST_POLL gstpoll.c:994:gst_poll_fd_ctl_write: 0x1973820: pfd->events now 60 (POLLOUT:4)
0:00:00.021400924  2783 0xbef390 DEBUG   GST_REGISTRY gstregistrychunks.c:526:gst_registry_chunks_load_pad_template: Reading/casting for GstRegistryChunkPadTemplate at address 0xc0b2b0
0:00:00.016810440  2784 0x196b320 DEBUG   GST_POLL gstpoll.c:980:gst_poll_fd_ctl_write: 0x1973820: fd (fd:0, idx:1), active : 1
0:00:00.021407300  2783 0xbef390 DEBUG   GST_REGISTRY gstregistrychunks.c:539:gst_registry_chunks_load_pad_template: Added pad_template sink
0:00:00.016816936  2784 0x196b320 LOG   GST_POLL gstpoll.c:994:gst_poll_fd_ctl_write: 0x1973820: pfd->events now 60 (POLLOUT:4)
0:00:00.021413412  2783 0xbef390 DEBUG   GST_REGISTRY gstregistrychunks.c:526:gst_registry_chunks_load_pad_template: Reading/casting for GstRegistryChunkPadTemplate at address 0xc0b2c8
0:00:00.016823694  2784 0x196b320 DEBUG   GST_POLL gstpoll.c:980:gst_poll_fd_ctl_write: 0x1973820: fd (fd:0, idx:1), active : 1
0:00:00.021419744  2783 0xbef390 DEBUG   GST_REGISTRY gstregistrychunks.c:539:gst_registry_chunks_load_pad_template: Added pad_template src
0:00:00.016830105  2784 0x196b320 LOG   GST_POLL gstpoll.c:994:gst_poll_fd_ctl_write: 0x1973820: pfd->events now 60 (POLLOUT:4)
0:00:00.021427852  2783 0xbef390 DEBUG   GST_REGISTRY gstregistry.c:590:gst_registry_add_feature: adding feature 0xc0d560 (queue2)
0:00:00.016836654  2784 0x196b320 DEBUG   GST_POLL gstpoll.c:980:gst_poll_fd_ctl_write: 0x1973820: fd (fd:0, idx:1), active : 1
0:00:00.021434761  2783 0xbef390 DEBUG   GST_REFCOUNTING gstobject.c:709:gst_object_set_parent: set parent (ref and sink)
0:00:00.016843132  2784 0x196b320 LOG   GST_POLL gstpoll.c:994:gst_poll_fd_ctl_write: 0x1973820: pfd->events now 60 (POLLOUT:4)
0:00:00.021442971  2783 0xbef390 TRACE   GST_REFCOUNTING gstobject.c:294:gst_object_ref_sink: 0xc0d560 ref_sink 1->2
0:00:00.016850607  2784 0x196b320 DEBUG   GST_POLL gstpoll.c:980:gst_poll_fd_ctl_write: 0x1973820: fd (fd:0, idx:1), active : 1
0:00:00.021454572  2783 0xbef390 LOG   GST_REGISTRY gstregistry.c:608:gst_registry_add_feature: emitting feature-added for queue2
0:00:00.016862747  2784 0x196b320 LOG   GST_POLL gstpoll.c:994:gst_poll_fd_ctl_write: 0x1973820: pfd->events now 60 (POLLOUT:4)
0:00:00.021462069  2783 0xbef390 DEBUG   GST_REGISTRY gstregistrychunks.c:741:gst_registry_chunks_load_feature: Added feature queue2, plugin 0xc09070 coreelements
0:00:00.016870406  2784 0x196b320 DEBUG   GST_POLL gstpoll.c:980:gst_poll_fd_ctl_write: 0x1973820: fd (fd:0, idx:1), active : 1
0:00:00.021469727  2783 0xbef390 DEBUG   GST_REGISTRY gstregistrychunks.c:583:gst_registry_chunks_load_feature: Plugin 'coreelements' feature 'queue' typename : 'GstElementFactory'
0:00:00.016877775  2784 0x196b320 LOG   GST_POLL gstpoll.c:994:gst_poll_fd_ctl_write: 0x1973820: pfd->events now 60 (POLLOUT:4)
0:00:00.021478475  2783 0xbef390 TRACE   GST_REFCOUNTING gstobject.c:208:gst_object_init: 0xc0d9f0 new
0:00:00.016885809  2784 0x196b320 DEBUG   GST_POLL gstpoll.c:980:gst_poll_fd_ctl_write: 0x1973820: fd (fd:0, idx:1), active : 1
0:00:00.021487153  2783 0xbef390 LOG   GST_REGISTRY gstregistrychunks.c:610:gst_registry_chunks_load_feature: Reading/casting for GstRegistryChunkElementFactory at address 0xc0b2f0
0:00:00.016894458  2784 0x196b320 LOG   GST_POLL gstpoll.c:994:gst_poll_fd_ctl_write: 0x1973820: pfd->events now 60 (POLLOUT:4)
0:00:00.021494475  2783 0xbef390 TRACE   structure gststructure.c:287:gst_structure_new_id_empty_with_size: created structure 0xc0dae0
0:00:00.016903114  2784 0x196b320 DEBUG   GST_POLL gstpoll.c:980:gst_poll_fd_ctl_write: 0x1973820: fd (fd:0, idx:1), active : 1
0:00:00.021501209  2783 0xbef390 DEBUG   structure gststructure.c:2203:gst_structure_parse_field: trying field name 'long-name'
0:00:00.016909924  2784 0x196b320 LOG   GST_POLL gstpoll.c:994:gst_poll_fd_ctl_write: 0x1973820: pfd->events now 60 (POLLOUT:4)
0:00:00.021507606  2783 0xbef390 DEBUG   default gstvalue.c:2676:_priv_gst_value_parse_value: trying type name 'string'
0:00:00.016916957  2784 0x196b320 DEBUG   GST_POLL gstpoll.c:980:gst_poll_fd_ctl_write: 0x1973820: fd (fd:0, idx:1), active : 1
0:00:00.021514709  2783 0xbef390 DEBUG   structure gststructure.c:2203:gst_structure_parse_field: trying field name 'klass'
0:00:00.016923457  2784 0x196b320 LOG   GST_POLL gstpoll.c:994:gst_poll_fd_ctl_write: 0x1973820: pfd->events now 60 (POLLOUT:4)
0:00:00.021520981  2783 0xbef390 DEBUG   default gstvalue.c:2676:_priv_gst_value_parse_value: trying type name 'string'
0:00:00.016930442  2784 0x196b320 DEBUG   GST_POLL gstpoll.c:980:gst_poll_fd_ctl_write: 0x1973820: fd (fd:0, idx:1), active : 1
0:00:00.021527663  2783 0xbef390 DEBUG   structure gststructure.c:2203:gst_structure_parse_field: trying field name 'description'
0:00:00.016936795  2784 0x196b320 LOG   GST_POLL gstpoll.c:994:gst_poll_fd_ctl_write: 0x1973820: pfd->events now 60 (POLLOUT:4)
0:00:00.021533853  2783 0xbef390 DEBUG   default gstvalue.c:2676:_priv_gst_value_parse_value: trying type name 'string'
0:00:00.016948149  2784 0x196b320 DEBUG   GST_POLL gstpoll.c:980:gst_poll_fd_ctl_write: 0x1973820: fd (fd:0, idx:1), active : 1
0:00:00.021543913  2783 0xbef390 DEBUG   structure gststructure.c:2203:gst_structure_parse_field: trying field name 'author'
0:00:00.016954622  2784 0x196b320 LOG   GST_POLL gstpoll.c:994:gst_poll_fd_ctl_write: 0x1973820: pfd->events now 60 (POLLOUT:4)
0:00:00.021550107  2783 0xbef390 DEBUG   default gstvalue.c:2676:_priv_gst_value_parse_value: trying type name 'string'
0:00:00.016961493  2784 0x196b320 DEBUG   GST_POLL gstpoll.c:980:gst_poll_fd_ctl_write: 0x1973820: fd (fd:0, idx:1), active : 1
0:00:00.021557835  2783 0xbef390 DEBUG   GST_REGISTRY gstregistrychunks.c:626:gst_registry_chunks_load_feature: Element factory : npadtemplates=2
0:00:00.016967846  2784 0x196b320 LOG   GST_POLL gstpoll.c:994:gst_poll_fd_ctl_write: 0x1973820: pfd->events now 60 (POLLOUT:4)
0:00:00.021563868  2783 0xbef390 DEBUG   GST_REGISTRY gstregistrychunks.c:526:gst_registry_chunks_load_pad_template: Reading/casting for GstRegistryChunkPadTemplate at address 0xc0b3a8
0:00:00.016974500  2784 0x196b320 DEBUG   GST_POLL gstpoll.c:980:gst_poll_fd_ctl_write: 0x1973820: fd (fd:0, idx:1), active : 1
0:00:00.021570155  2783 0xbef390 DEBUG   GST_REGISTRY gstregistrychunks.c:539:gst_registry_chunks_load_pad_template: Added pad_template sink
0:00:00.016980778  2784 0x196b320 LOG   GST_POLL gstpoll.c:994:gst_poll_fd_ctl_write: 0x1973820: pfd->events now 60 (POLLOUT:4)
0:00:00.021576166  2783 0xbef390 DEBUG   GST_REGISTRY gstregistrychunks.c:526:gst_registry_chunks_load_pad_template: Reading/casting for GstRegistryChunkPadTemplate at address 0xc0b3c0
0:00:00.016987615  2784 0x196b320 DEBUG   GST_POLL gstpoll.c:980:gst_poll_fd_ctl_write: 0x1973820: fd (fd:0, idx:1), active : 1
0:00:00.021583062  2783 0xbef390 DEBUG   GST_REGISTRY gstregistrychunks.c:539:gst_registry_chunks_load_pad_template: Added pad_template src
0:00:00.016994046  2784 0x196b320 LOG   GST_POLL gstpoll.c:994:gst_poll_fd_ctl_write: 0x1973820: pfd->events now 60 (POLLOUT:4)
0:00:00.021591741  2783 0xbef390 DEBUG   GST_REGISTRY gstregistry.c:590:gst_registry_add_feature: adding feature 0xc0d9f0 (queue)
0:00:00.017000912  2784 0x196b320 DEBUG   GST_POLL gstpoll.c:980:gst_poll_fd_ctl_write: 0x1973820: fd (fd:0, idx:1), active : 1
0:00:00.021598956  2783 0xbef390 DEBUG   GST_REFCOUNTING gstobject.c:709:gst_object_set_parent: set parent (ref and sink)
0:00:00.017012396  2784 0x196b320 LOG   GST_POLL gstpoll.c:994:gst_poll_fd_ctl_write: 0x1973820: pfd->events now 60 (POLLOUT:4)
0:00:00.021609195  2783 0xbef390 TRACE   GST_REFCOUNTING gstobject.c:294:gst_object_ref_sink: 0xc0d9f0 ref_sink 1->2
0:00:00.017018994  2784 0x196b320 DEBUG   GST_POLL gstpoll.c:980:gst_poll_fd_ctl_write: 0x1973820: fd (fd:0, idx:1), active : 1
0:00:00.021616652  2783 0xbef390 LOG   GST_REGISTRY gstregistry.c:608:gst_registry_add_feature: emitting feature-added for queue
0:00:00.017029592  2784 0x196b320 LOG   GST_POLL gstpoll.c:994:gst_poll_fd_ctl_write: 0x1973820: pfd->events now 60 (POLLOUT:4)
0:00:00.021626295  2783 0xbef390 DEBUG   GST_REGISTRY gstregistrychunks.c:741:gst_registry_chunks_load_feature: Added feature queue, plugin 0xc09070 coreelements
0:00:00.017036474  2784 0x196b320 DEBUG   GST_POLL gstpoll.c:980:gst_poll_fd_ctl_write: 0x1973820: fd (fd:0, idx:1), active : 1
0:00:00.021633663  2783 0xbef390 DEBUG   GST_REGISTRY gstregistrychunks.c:583:gst_registry_chunks_load_feature: Plugin 'coreelements' feature 'output-selector' typename : 'GstElementFactory'
0:00:00.017042875  2784 0x196b320 LOG   GST_POLL gstpoll.c:994:gst_poll_fd_ctl_write: 0x1973820: pfd->events now 60 (POLLOUT:4)
0:00:00.021642266  2783 0xbef390 TRACE   GST_REFCOUNTING gstobject.c:208:gst_object_init: 0xc0dd30 new
0:00:00.017049595  2784 0x196b320 DEBUG   GST_POLL gstpoll.c:980:gst_poll_fd_ctl_write: 0x1973820: fd (fd:0, idx:1), active : 1
0:00:00.021650676  2783 0xbef390 LOG   GST_REGISTRY gstregistrychunks.c:610:gst_registry_chunks_load_feature: Reading/casting for GstRegistryChunkElementFactory at address 0xc0b3f8
0:00:00.017058100  2784 0x196b320 LOG   GST_POLL gstpoll.c:994:gst_poll_fd_ctl_write: 0x1973820: pfd->events now 60 (POLLOUT:4)
0:00:00.017066419  2784 0x196b320 DEBUG   GST_POLL gstpoll.c:980:gst_poll_fd_ctl_write: 0x1973820: fd (fd:0, idx:1), active : 1
0:00:00.021661019  2783 0xbef390 TRACE   structure gststructure.c:287:gst_structure_new_id_empty_with_size: created structure 0xc0e050
0:00:00.017072456  2784 0x196b320 LOG   GST_POLL gstpoll.c:994:gst_poll_fd_ctl_write: 0x1973820: pfd->events now 60 (POLLOUT:4)
0:00:00.021667991  2783 0xbef390 DEBUG   structure gststructure.c:2203:gst_structure_parse_field: trying field name 'long-name'
0:00:00.017079237  2784 0x196b320 DEBUG   GST_POLL gstpoll.c:980:gst_poll_fd_ctl_write: 0x1973820: fd (fd:0, idx:1), active : 1
0:00:00.021674190  2783 0xbef390 DEBUG   default gstvalue.c:2676:_priv_gst_value_parse_value: trying type name 'string'
0:00:00.017085576  2784 0x196b320 LOG   GST_POLL gstpoll.c:994:gst_poll_fd_ctl_write: 0x1973820: pfd->events now 60 (POLLOUT:4)
0:00:00.021682473  2783 0xbef390 DEBUG   structure gststructure.c:2203:gst_structure_parse_field: trying field name 'klass'
0:00:00.017092569  2784 0x196b320 DEBUG   GST_POLL gstpoll.c:980:gst_poll_fd_ctl_write: 0x1973820: fd (fd:0, idx:1), active : 1
0:00:00.021689031  2783 0xbef390 DEBUG   default gstvalue.c:2676:_priv_gst_value_parse_value: trying type name 'string'
0:00:00.017098849  2784 0x196b320 LOG   GST_POLL gstpoll.c:994:gst_poll_fd_ctl_write: 0x1973820: pfd->events now 60 (POLLOUT:4)
0:00:00.021695853  2783 0xbef390 DEBUG   structure gststructure.c:2203:gst_structure_parse_field: trying field name 'description'
0:00:00.017105494  2784 0x196b320 DEBUG   GST_POLL gstpoll.c:980:gst_poll_fd_ctl_write: 0x1973820: fd (fd:0, idx:1), active : 1
0:00:00.021707050  2783 0xbef390 DEBUG   default gstvalue.c:2676:_priv_gst_value_parse_value: trying type name 'string'
0:00:00.017116097  2784 0x196b320 LOG   GST_POLL gstpoll.c:994:gst_poll_fd_ctl_write: 0x1973820: pfd->events now 60 (POLLOUT:4)
0:00:00.021714232  2783 0xbef390 DEBUG   structure gststructure.c:2203:gst_structure_parse_field: trying field name 'author'
0:00:00.017122754  2784 0x196b320 DEBUG   GST_POLL gstpoll.c:980:gst_poll_fd_ctl_write: 0x1973820: fd (fd:0, idx:1), active : 1
0:00:00.021720075  2783 0xbef390 DEBUG   default gstvalue.c:2676:_priv_gst_value_parse_value: trying type name 'string'
0:00:00.017129031  2784 0x196b320 LOG   GST_POLL gstpoll.c:994:gst_poll_fd_ctl_write: 0x1973820: pfd->events now 60 (POLLOUT:4)
0:00:00.021727298  2783 0xbef390 DEBUG   GST_REGISTRY gstregistrychunks.c:626:gst_registry_chunks_load_feature: Element factory : npadtemplates=2
0:00:00.017135808  2784 0x196b320 DEBUG   GST_POLL gstpoll.c:980:gst_poll_fd_ctl_write: 0x1973820: fd (fd:0, idx:1), active : 1
0:00:00.021733193  2783 0xbef390 DEBUG   GST_REGISTRY gstregistrychunks.c:526:gst_registry_chunks_load_pad_template: Reading/casting for GstRegistryChunkPadTemplate at address 0xc0b4d0
0:00:00.017142652  2784 0x196b320 LOG   GST_POLL gstpoll.c:994:gst_poll_fd_ctl_write: 0x1973820: pfd->events now 60 (POLLOUT:4)
0:00:00.021739882  2783 0xbef390 DEBUG   GST_REGISTRY gstregistrychunks.c:539:gst_registry_chunks_load_pad_template: Added pad_template src_%u
0:00:00.017149340  2784 0x196b320 DEBUG   GST_POLL gstpoll.c:980:gst_poll_fd_ctl_write: 0x1973820: fd (fd:0, idx:1), active : 1
0:00:00.021745802  2783 0xbef390 DEBUG   GST_REGISTRY gstregistrychunks.c:526:gst_registry_chunks_load_pad_template: Reading/casting for GstRegistryChunkPadTemplate at address 0xc0b4e8
0:00:00.017155653  2784 0x196b320 LOG   GST_POLL gstpoll.c:994:gst_poll_fd_ctl_write: 0x1973820: pfd->events now 60 (POLLOUT:4)
0:00:00.021752533  2783 0xbef390 DEBUG   GST_REGISTRY gstregistrychunks.c:539:gst_registry_chunks_load_pad_template: Added pad_template sink
0:00:00.017162442  2784 0x196b320 DEBUG   GST_POLL gstpoll.c:980:gst_poll_fd_ctl_write: 0x1973820: fd (fd:0, idx:1), active : 1
0:00:00.021760860  2783 0xbef390 DEBUG   GST_REGISTRY gstregistry.c:590:gst_registry_add_feature: adding feature 0xc0dd30 (output-selector)
0:00:00.017168932  2784 0x196b320 LOG   GST_POLL gstpoll.c:994:gst_poll_fd_ctl_write: 0x1973820: pfd->events now 60 (POLLOUT:4)
0:00:00.017176686  2784 0x196b320 DEBUG   GST_POLL gstpoll.c:980:gst_poll_fd_ctl_write: 0x1973820: fd (fd:0, idx:1), active : 1
0:00:00.021770175  2783 0xbef390 DEBUG   GST_REFCOUNTING gstobject.c:709:gst_object_set_parent: set parent (ref and sink)
0:00:00.017182651  2784 0x196b320 LOG   GST_POLL gstpoll.c:994:gst_poll_fd_ctl_write: 0x1973820: pfd->events now 60 (POLLOUT:4)
0:00:00.021779830  2783 0xbef390 TRACE   GST_REFCOUNTING gstobject.c:294:gst_object_ref_sink: 0xc0dd30 ref_sink 1->2
0:00:00.017189558  2784 0x196b320 DEBUG   GST_POLL gstpoll.c:980:gst_poll_fd_ctl_write: 0x1973820: fd (fd:0, idx:1), active : 1
0:00:00.021792216  2783 0xbef390 LOG   GST_REGISTRY gstregistry.c:608:gst_registry_add_feature: emitting feature-added for output-selector
0:00:00.017200425  2784 0x196b320 LOG   GST_POLL gstpoll.c:994:gst_poll_fd_ctl_write: 0x1973820: pfd->events now 60 (POLLOUT:4)
0:00:00.021799937  2783 0xbef390 DEBUG   GST_REGISTRY gstregistrychunks.c:741:gst_registry_chunks_load_feature: Added feature output-selector, plugin 0xc09070 coreelements
0:00:00.017208261  2784 0x196b320 DEBUG   GST_POLL gstpoll.c:980:gst_poll_fd_ctl_write: 0x1973820: fd (fd:0, idx:1), active : 1
0:00:00.021807722  2783 0xbef390 DEBUG   GST_REGISTRY gstregistrychunks.c:583:gst_registry_chunks_load_feature: Plugin 'coreelements' feature 'input-selector' typename : 'GstElementFactory'
0:00:00.017215153  2784 0x196b320 LOG   GST_POLL gstpoll.c:994:gst_poll_fd_ctl_write: 0x1973820: pfd->events now 60 (POLLOUT:4)
0:00:00.021816168  2783 0xbef390 TRACE   GST_REFCOUNTING gstobject.c:208:gst_object_init: 0xc0e440 new
0:00:00.017223752  2784 0x196b320 LOG   GST_PLUGIN_LOADING gstpluginloader.c:646:put_chunk: Expanding tx buf from 10158 to 13209 for chunk of size 209
0:00:00.021824529  2783 0xbef390 LOG   GST_REGISTRY gstregistrychunks.c:610:gst_registry_chunks_load_feature: Reading/casting for GstRegistryChunkElementFactory at address 0xc0b520
0:00:00.021831544  2783 0xbef390 TRACE   structure gststructure.c:287:gst_structure_new_id_empty_with_size: created structure 0xc0e6e0
0:00:00.021837641  2783 0xbef390 DEBUG   structure gststructure.c:2203:gst_structure_parse_field: trying field name 'long-name'
0:00:00.017243936  2784 0x196b320 DEBUG   GST_POLL gstpoll.c:980:gst_poll_fd_ctl_write: 0x1973820: fd (fd:0, idx:1), active : 1
0:00:00.021843429  2783 0xbef390 DEBUG   default gstvalue.c:2676:_priv_gst_value_parse_value: trying type name 'string'
0:00:00.017252723  2784 0x196b320 LOG   GST_POLL gstpoll.c:994:gst_poll_fd_ctl_write: 0x1973820: pfd->events now 60 (POLLOUT:4)
0:00:00.021850170  2783 0xbef390 DEBUG   structure gststructure.c:2203:gst_structure_parse_field: trying field name 'klass'
0:00:00.017259474  2784 0x196b320 DEBUG   GST_POLL gstpoll.c:980:gst_poll_fd_ctl_write: 0x1973820: fd (fd:0, idx:1), active : 1
0:00:00.021856090  2783 0xbef390 DEBUG   default gstvalue.c:2676:_priv_gst_value_parse_value: trying type name 'string'
0:00:00.017265951  2784 0x196b320 LOG   GST_POLL gstpoll.c:994:gst_poll_fd_ctl_write: 0x1973820: pfd->events now 60 (POLLOUT:4)
0:00:00.021862655  2783 0xbef390 DEBUG   structure gststructure.c:2203:gst_structure_parse_field: trying field name 'description'
0:00:00.017272684  2784 0x196b320 DEBUG   GST_POLL gstpoll.c:980:gst_poll_fd_ctl_write: 0x1973820: fd (fd:0, idx:1), active : 1
0:00:00.021868502  2783 0xbef390 DEBUG   default gstvalue.c:2676:_priv_gst_value_parse_value: trying type name 'string'
0:00:00.017279157  2784 0x196b320 LOG   GST_POLL gstpoll.c:994:gst_poll_fd_ctl_write: 0x1973820: pfd->events now 60 (POLLOUT:4)
0:00:00.021879656  2783 0xbef390 DEBUG   structure gststructure.c:2203:gst_structure_parse_field: trying field name 'author'
0:00:00.017288243  2784 0x196b320 DEBUG   GST_POLL gstpoll.c:980:gst_poll_fd_ctl_write: 0x1973820: fd (fd:0, idx:1), active : 1
0:00:00.021885761  2783 0xbef390 DEBUG   default gstvalue.c:2676:_priv_gst_value_parse_value: trying type name 'string'
0:00:00.017295184  2784 0x196b320 LOG   GST_POLL gstpoll.c:994:gst_poll_fd_ctl_write: 0x1973820: pfd->events now 60 (POLLOUT:4)
0:00:00.021894596  2783 0xbef390 DEBUG   GST_REGISTRY gstregistrychunks.c:626:gst_registry_chunks_load_feature: Element factory : npadtemplates=2
0:00:00.017301778  2784 0x196b320 DEBUG   GST_POLL gstpoll.c:980:gst_poll_fd_ctl_write: 0x1973820: fd (fd:0, idx:1), active : 1
0:00:00.021900925  2783 0xbef390 DEBUG   GST_REGISTRY gstregistrychunks.c:526:gst_registry_chunks_load_pad_template: Reading/casting for GstRegistryChunkPadTemplate at address 0xc0b650
0:00:00.017310067  2784 0x196b320 LOG   GST_POLL gstpoll.c:994:gst_poll_fd_ctl_write: 0x1973820: pfd->events now 60 (POLLOUT:4)
0:00:00.021907276  2783 0xbef390 DEBUG   GST_REGISTRY gstregistrychunks.c:539:gst_registry_chunks_load_pad_template: Added pad_template src
0:00:00.017316752  2784 0x196b320 DEBUG   GST_POLL gstpoll.c:980:gst_poll_fd_ctl_write: 0x1973820: fd (fd:0, idx:1), active : 1
0:00:00.021913284  2783 0xbef390 DEBUG   GST_REGISTRY gstregistrychunks.c:526:gst_registry_chunks_load_pad_template: Reading/casting for GstRegistryChunkPadTemplate at address 0xc0b660
0:00:00.017323682  2784 0x196b320 LOG   GST_POLL gstpoll.c:994:gst_poll_fd_ctl_write: 0x1973820: pfd->events now 60 (POLLOUT:4)
0:00:00.021919740  2783 0xbef390 DEBUG   GST_REGISTRY gstregistrychunks.c:539:gst_registry_chunks_load_pad_template: Added pad_template sink_%u
0:00:00.017330360  2784 0x196b320 DEBUG   GST_POLL gstpoll.c:980:gst_poll_fd_ctl_write: 0x1973820: fd (fd:0, idx:1), active : 1
0:00:00.021928131  2783 0xbef390 DEBUG   GST_REGISTRY gstregistry.c:590:gst_registry_add_feature: adding feature 0xc0e440 (input-selector)
0:00:00.017336840  2784 0x196b320 LOG   GST_POLL gstpoll.c:994:gst_poll_fd_ctl_write: 0x1973820: pfd->events now 60 (POLLOUT:4)
0:00:00.021935225  2783 0xbef390 DEBUG   GST_REFCOUNTING gstobject.c:709:gst_object_set_parent: set parent (ref and sink)
0:00:00.017343946  2784 0x196b320 DEBUG   GST_POLL gstpoll.c:980:gst_poll_fd_ctl_write: 0x1973820: fd (fd:0, idx:1), active : 1
0:00:00.021943334  2783 0xbef390 TRACE   GST_REFCOUNTING gstobject.c:294:gst_object_ref_sink: 0xc0e440 ref_sink 1->2
0:00:00.017351000  2784 0x196b320 LOG   GST_POLL gstpoll.c:994:gst_poll_fd_ctl_write: 0x1973820: pfd->events now 60 (POLLOUT:4)
0:00:00.021950670  2783 0xbef390 LOG   GST_REGISTRY gstregistry.c:608:gst_registry_add_feature: emitting feature-added for input-selector
0:00:00.017359252  2784 0x196b320 DEBUG   GST_POLL gstpoll.c:980:gst_poll_fd_ctl_write: 0x1973820: fd (fd:0, idx:1), active : 1
0:00:00.021962057  2783 0xbef390 DEBUG   GST_REGISTRY gstregistrychunks.c:741:gst_registry_chunks_load_feature: Added feature input-selector, plugin 0xc09070 coreelements
0:00:00.017370038  2784 0x196b320 LOG   GST_POLL gstpoll.c:994:gst_poll_fd_ctl_write: 0x1973820: pfd->events now 60 (POLLOUT:4)
0:00:00.021969752  2783 0xbef390 DEBUG   GST_REGISTRY gstregistrychunks.c:583:gst_registry_chunks_load_feature: Plugin 'coreelements' feature 'identity' typename : 'GstElementFactory'
0:00:00.017377819  2784 0x196b320 DEBUG   GST_POLL gstpoll.c:980:gst_poll_fd_ctl_write: 0x1973820: fd (fd:0, idx:1), active : 1
0:00:00.017385395  2784 0x196b320 LOG   GST_POLL gstpoll.c:994:gst_poll_fd_ctl_write: 0x1973820: pfd->events now 60 (POLLOUT:4)
0:00:00.021978463  2783 0xbef390 TRACE   GST_REFCOUNTING gstobject.c:208:gst_object_init: 0xc0e320 new
0:00:00.017391686  2784 0x196b320 DEBUG   GST_POLL gstpoll.c:980:gst_poll_fd_ctl_write: 0x1973820: fd (fd:0, idx:1), active : 1
0:00:00.021988909  2783 0xbef390 LOG   GST_REGISTRY gstregistrychunks.c:610:gst_registry_chunks_load_feature: Reading/casting for GstRegistryChunkElementFactory at address 0xc0b690
0:00:00.017398232  2784 0x196b320 LOG   GST_POLL gstpoll.c:994:gst_poll_fd_ctl_write: 0x1973820: pfd->events now 60 (POLLOUT:4)
0:00:00.021996305  2783 0xbef390 TRACE   structure gststructure.c:287:gst_structure_new_id_empty_with_size: created structure 0xc0ea20
0:00:00.017405023  2784 0x196b320 DEBUG   GST_POLL gstpoll.c:980:gst_poll_fd_ctl_write: 0x1973820: fd (fd:0, idx:1), active : 1
0:00:00.022002871  2783 0xbef390 DEBUG   structure gststructure.c:2203:gst_structure_parse_field: trying field name 'long-name'
0:00:00.017411647  2784 0x196b320 LOG   GST_POLL gstpoll.c:994:gst_poll_fd_ctl_write: 0x1973820: pfd->events now 60 (POLLOUT:4)
0:00:00.022008999  2783 0xbef390 DEBUG   default gstvalue.c:2676:_priv_gst_value_parse_value: trying type name 'string'
0:00:00.017418310  2784 0x196b320 DEBUG   GST_POLL gstpoll.c:980:gst_poll_fd_ctl_write: 0x1973820: fd (fd:0, idx:1), active : 1
0:00:00.022016035  2783 0xbef390 DEBUG   structure gststructure.c:2203:gst_structure_parse_field: trying field name 'klass'
0:00:00.017424730  2784 0x196b320 LOG   GST_POLL gstpoll.c:994:gst_poll_fd_ctl_write: 0x1973820: pfd->events now 60 (POLLOUT:4)
0:00:00.022022002  2783 0xbef390 DEBUG   default gstvalue.c:2676:_priv_gst_value_parse_value: trying type name 'string'
0:00:00.017431367  2784 0x196b320 DEBUG   GST_POLL gstpoll.c:980:gst_poll_fd_ctl_write: 0x1973820: fd (fd:0, idx:1), active : 1
0:00:00.022035147  2783 0xbef390 DEBUG   structure gststructure.c:2203:gst_structure_parse_field: trying field name 'description'
0:00:00.017443414  2784 0x196b320 LOG   GST_POLL gstpoll.c:994:gst_poll_fd_ctl_write: 0x1973820: pfd->events now 60 (POLLOUT:4)
0:00:00.022041770  2783 0xbef390 DEBUG   default gstvalue.c:2676:_priv_gst_value_parse_value: trying type name 'string'
0:00:00.017470756  2784 0x196b320 DEBUG   GST_POLL gstpoll.c:980:gst_poll_fd_ctl_write: 0x1973820: fd (fd:0, idx:1), active : 1
0:00:00.017477821  2784 0x196b320 LOG   GST_POLL gstpoll.c:994:gst_poll_fd_ctl_write: 0x1973820: pfd->events now 60 (POLLOUT:4)
0:00:00.022072285  2783 0xbef390 DEBUG   structure gststructure.c:2203:gst_structure_parse_field: trying field name 'author'
0:00:00.017484052  2784 0x196b320 DEBUG   GST_POLL gstpoll.c:980:gst_poll_fd_ctl_write: 0x1973820: fd (fd:0, idx:1), active : 1
0:00:00.022083772  2783 0xbef390 DEBUG   default gstvalue.c:2676:_priv_gst_value_parse_value: trying type name 'string'
0:00:00.017491889  2784 0x196b320 LOG   GST_POLL gstpoll.c:994:gst_poll_fd_ctl_write: 0x1973820: pfd->events now 60 (POLLOUT:4)
0:00:00.022094185  2783 0xbef390 DEBUG   GST_REGISTRY gstregistrychunks.c:626:gst_registry_chunks_load_feature: Element factory : npadtemplates=2
0:00:00.017501501  2784 0x196b320 DEBUG   GST_POLL gstpoll.c:980:gst_poll_fd_ctl_write: 0x1973820: fd (fd:0, idx:1), active : 1
0:00:00.022100801  2783 0xbef390 DEBUG   GST_REGISTRY gstregistrychunks.c:526:gst_registry_chunks_load_pad_template: Reading/casting for GstRegistryChunkPadTemplate at address 0xc0b760
0:00:00.017510901  2784 0x196b320 LOG   GST_POLL gstpoll.c:994:gst_poll_fd_ctl_write: 0x1973820: pfd->events now 60 (POLLOUT:4)
0:00:00.022107719  2783 0xbef390 DEBUG   GST_REGISTRY gstregistrychunks.c:539:gst_registry_chunks_load_pad_template: Added pad_template sink
0:00:00.017517491  2784 0x196b320 DEBUG   GST_POLL gstpoll.c:980:gst_poll_fd_ctl_write: 0x1973820: fd (fd:0, idx:1), active : 1
0:00:00.022114391  2783 0xbef390 DEBUG   GST_REGISTRY gstregistrychunks.c:526:gst_registry_chunks_load_pad_template: Reading/casting for GstRegistryChunkPadTemplate at address 0xc0b778
0:00:00.017524012  2784 0x196b320 LOG   GST_POLL gstpoll.c:994:gst_poll_fd_ctl_write: 0x1973820: pfd->events now 60 (POLLOUT:4)
0:00:00.022121249  2783 0xbef390 DEBUG   GST_REGISTRY gstregistrychunks.c:539:gst_registry_chunks_load_pad_template: Added pad_template src
0:00:00.017530699  2784 0x196b320 DEBUG   GST_POLL gstpoll.c:980:gst_poll_fd_ctl_write: 0x1973820: fd (fd:0, idx:1), active : 1
0:00:00.022130129  2783 0xbef390 DEBUG   GST_REGISTRY gstregistry.c:590:gst_registry_add_feature: adding feature 0xc0e320 (identity)
0:00:00.017537218  2784 0x196b320 LOG   GST_POLL gstpoll.c:994:gst_poll_fd_ctl_write: 0x1973820: pfd->events now 60 (POLLOUT:4)
0:00:00.022137242  2783 0xbef390 DEBUG   GST_REFCOUNTING gstobject.c:709:gst_object_set_parent: set parent (ref and sink)
0:00:00.017546196  2784 0x196b320 DEBUG   GST_POLL gstpoll.c:980:gst_poll_fd_ctl_write: 0x1973820: fd (fd:0, idx:1), active : 1
0:00:00.022145423  2783 0xbef390 TRACE   GST_REFCOUNTING gstobject.c:294:gst_object_ref_sink: 0xc0e320 ref_sink 1->2
0:00:00.017553131  2784 0x196b320 LOG   GST_POLL gstpoll.c:994:gst_poll_fd_ctl_write: 0x1973820: pfd->events now 60 (POLLOUT:4)
0:00:00.022152934  2783 0xbef390 LOG   GST_REGISTRY gstregistry.c:608:gst_registry_add_feature: emitting feature-added for identity
0:00:00.017566576  2784 0x196b320 DEBUG   GST_POLL gstpoll.c:980:gst_poll_fd_ctl_write: 0x1973820: fd (fd:0, idx:1), active : 1
0:00:00.022162694  2783 0xbef390 DEBUG   GST_REGISTRY gstregistrychunks.c:741:gst_registry_chunks_load_feature: Added feature identity, plugin 0xc09070 coreelements
0:00:00.017573288  2784 0x196b320 LOG   GST_POLL gstpoll.c:994:gst_poll_fd_ctl_write: 0x1973820: pfd->events now 60 (POLLOUT:4)
0:00:00.022170164  2783 0xbef390 DEBUG   GST_REGISTRY gstregistrychunks.c:583:gst_registry_chunks_load_feature: Plugin 'coreelements' feature 'funnel' typename : 'GstElementFactory'
0:00:00.017579989  2784 0x196b320 DEBUG   GST_POLL gstpoll.c:980:gst_poll_fd_ctl_write: 0x1973820: fd (fd:0, idx:1), active : 1
0:00:00.017586439  2784 0x196b320 LOG   GST_POLL gstpoll.c:994:gst_poll_fd_ctl_write: 0x1973820: pfd->events now 60 (POLLOUT:4)
0:00:00.022179264  2783 0xbef390 TRACE   GST_REFCOUNTING gstobject.c:208:gst_object_init: 0xc0ec20 new
0:00:00.017592802  2784 0x196b320 DEBUG   GST_POLL gstpoll.c:980:gst_poll_fd_ctl_write: 0x1973820: fd (fd:0, idx:1), active : 1
0:00:00.022190389  2783 0xbef390 LOG   GST_REGISTRY gstregistrychunks.c:610:gst_registry_chunks_load_feature: Reading/casting for GstRegistryChunkElementFactory at address 0xc0b7a8
0:00:00.017599329  2784 0x196b320 LOG   GST_POLL gstpoll.c:994:gst_poll_fd_ctl_write: 0x1973820: pfd->events now 60 (POLLOUT:4)
0:00:00.022197840  2783 0xbef390 TRACE   structure gststructure.c:287:gst_structure_new_id_empty_with_size: created structure 0xc0ede0
0:00:00.017606461  2784 0x196b320 DEBUG   GST_POLL gstpoll.c:980:gst_poll_fd_ctl_write: 0x1973820: fd (fd:0, idx:1), active : 1
