0:00:00.016773169  2723 0x562661202320 DEBUG   structure gststructure.c:2203:gst_structure_parse_field: trying field name 'long-name'
0:00:00.012851463  2724 0x56405b77f320 DEBUG   GST_REGISTRY gstregistrychunks.c:265:gst_registry_chunks_save_feature: saved 0 interfaces 0 pad templates
0:00:00.016784785  2723 0x562661202320 DEBUG   default gstvalue.c:2676:_priv_gst_value_parse_value: trying type name 'string'
0:00:00.012862054  2724 0x56405b77f320 DEBUG   GST_REGISTRY gstregistrychunks.c:265:gst_registry_chunks_save_feature: saved 0 interfaces 0 pad templates
0:00:00.016794662  2723 0x562661202320 DEBUG   structure gststructure.c:2203:gst_structure_parse_field: trying field name 'klass'
0:00:00.012872194  2724 0x56405b77f320 DEBUG   GST_REGISTRY gstregistrychunks.c:265:gst_registry_chunks_save_feature: saved 0 interfaces 0 pad templates
0:00:00.016801688  2723 0x562661202320 DEBUG   default gstvalue.c:2676:_priv_gst_value_parse_value: trying type name 'string'
0:00:00.012882047  2724 0x56405b77f320 DEBUG   GST_REGISTRY gstregistrychunks.c:265:gst_registry_chunks_save_feature: saved 1 interfaces 0 pad templates
0:00:00.016808729  2723 0x562661202320 DEBUG   structure gststructure.c:2203:gst_structure_parse_field: trying field name 'description'
0:00:00.012888729  2724 0x56405b77f320 DEBUG   GST_REGISTRY gstregistrychunks.c:284:gst_registry_chunks_save_feature: Saved 1 UriTypes
0:00:00.016814956  2723 0x562661202320 DEBUG   default gstvalue.c:2676:_priv_gst_value_parse_value: trying type name 'string'
0:00:00.012898189  2724 0x56405b77f320 DEBUG   GST_REGISTRY gstregistrychunks.c:265:gst_registry_chunks_save_feature: saved 0 interfaces 0 pad templates
0:00:00.016822765  2723 0x562661202320 DEBUG   structure gststructure.c:2203:gst_structure_parse_field: trying field name 'author'
0:00:00.012906830  2724 0x56405b77f320 DEBUG   GST_REGISTRY gstregistrychunks.c:265:gst_registry_chunks_save_feature: saved 0 interfaces 0 pad templates
0:00:00.016836222  2723 0x562661202320 DEBUG   default gstvalue.c:2676:_priv_gst_value_parse_value: trying type name 'string'
0:00:00.012916968  2724 0x56405b77f320 DEBUG   GST_REGISTRY gstregistrychunks.c:265:gst_registry_chunks_save_feature: saved 0 interfaces 0 pad templates
0:00:00.016843735  2723 0x562661202320 DEBUG   GST_REGISTRY gstregistrychunks.c:626:gst_registry_chunks_load_feature: Element factory : npadtemplates=2
0:00:00.016849962  2723 0x562661202320 DEBUG   GST_REGISTRY gstregistrychunks.c:526:gst_registry_chunks_load_pad_template: Reading/casting for GstRegistryChunkPadTemplate at address 0x5626612287a0
0:00:00.012926227  2724 0x56405b77f320 DEBUG   GST_REGISTRY gstregistrychunks.c:265:gst_registry_chunks_save_feature: saved 1 interfaces 0 pad templates
0:00:00.016856376  2723 0x562661202320 DEBUG   GST_REGISTRY gstregistrychunks.c:539:gst_registry_chunks_load_pad_template: Added pad_template src_%u
0:00:00.012933708  2724 0x56405b77f320 DEBUG   GST_REGISTRY gstregistrychunks.c:284:gst_registry_chunks_save_feature: Saved 1 UriTypes
0:00:00.016862597  2723 0x562661202320 DEBUG   GST_REGISTRY gstregistrychunks.c:526:gst_registry_chunks_load_pad_template: Reading/casting for GstRegistryChunkPadTemplate at address 0x5626612287b8
0:00:00.012942797  2724 0x56405b77f320 DEBUG   GST_REGISTRY gstregistrychunks.c:265:gst_registry_chunks_save_feature: saved 1 interfaces 0 pad templates
0:00:00.016868969  2723 0x562661202320 DEBUG   GST_REGISTRY gstregistrychunks.c:539:gst_registry_chunks_load_pad_template: Added pad_template sink
0:00:00.012949061  2724 0x56405b77f320 DEBUG   GST_REGISTRY gstregistrychunks.c:284:gst_registry_chunks_save_feature: Saved 1 UriTypes
0:00:00.016877113  2723 0x562661202320 DEBUG   GST_REGISTRY gstregistry.c:590:gst_registry_add_feature: adding feature 0x5626612278c0 (streamiddemux)
0:00:00.012957297  2724 0x56405b77f320 DEBUG   GST_REGISTRY gstregistrychunks.c:265:gst_registry_chunks_save_feature: saved 1 interfaces 0 pad templates
0:00:00.016884724  2723 0x562661202320 DEBUG   GST_REFCOUNTING gstobject.c:709:gst_object_set_parent: set parent (ref and sink)
0:00:00.012963549  2724 0x56405b77f320 DEBUG   GST_REGISTRY gstregistrychunks.c:284:gst_registry_chunks_save_feature: Saved 1 UriTypes
0:00:00.016892077  2723 0x562661202320 TRACE   GST_REFCOUNTING gstobject.c:294:gst_object_ref_sink: 0x5626612278c0 ref_sink 1->2
0:00:00.012971616  2724 0x56405b77f320 DEBUG   GST_REGISTRY gstregistrychunks.c:265:gst_registry_chunks_save_feature: saved 0 interfaces 0 pad templates
0:00:00.016898997  2723 0x562661202320 LOG   GST_REGISTRY gstregistry.c:608:gst_registry_add_feature: emitting feature-added for streamiddemux
0:00:00.012980125  2724 0x56405b77f320 DEBUG   GST_REGISTRY gstregistrychunks.c:265:gst_registry_chunks_save_feature: saved 0 interfaces 0 pad templates
0:00:00.016906547  2723 0x562661202320 DEBUG   GST_REGISTRY gstregistrychunks.c:741:gst_registry_chunks_load_feature: Added feature streamiddemux, plugin 0x56266122a250 coreelements
0:00:00.012988604  2724 0x56405b77f320 DEBUG   GST_REGISTRY gstregistrychunks.c:265:gst_registry_chunks_save_feature: saved 0 interfaces 0 pad templates
0:00:00.016917951  2723 0x562661202320 DEBUG   GST_REGISTRY gstregistrychunks.c:583:gst_registry_chunks_load_feature: Plugin 'coreelements' feature 'valve' typename : 'GstElementFactory'
0:00:00.012998291  2724 0x56405b77f320 DEBUG   GST_REGISTRY gstregistrychunks.c:265:gst_registry_chunks_save_feature: saved 0 interfaces 0 pad templates
0:00:00.016925398  2723 0x562661202320 TRACE   GST_REFCOUNTING gstobject.c:208:gst_object_init: 0x5626612321f0 new
0:00:00.013006766  2724 0x56405b77f320 DEBUG   GST_REGISTRY gstregistrychunks.c:265:gst_registry_chunks_save_feature: saved 0 interfaces 0 pad templates
0:00:00.016932967  2723 0x562661202320 LOG   GST_REGISTRY gstregistrychunks.c:610:gst_registry_chunks_load_feature: Reading/casting for GstRegistryChunkElementFactory at address 0x5626612287e8
0:00:00.013014731  2724 0x56405b77f320 DEBUG   GST_REGISTRY gstregistrychunks.c:265:gst_registry_chunks_save_feature: saved 0 interfaces 0 pad templates
0:00:00.016940249  2723 0x562661202320 TRACE   structure gststructure.c:287:gst_structure_new_id_empty_with_size: created structure 0x56266122a660
0:00:00.016947540  2723 0x562661202320 DEBUG   structure gststructure.c:2203:gst_structure_parse_field: trying field name 'long-name'
0:00:00.013023360  2724 0x56405b77f320 DEBUG   GST_REGISTRY gstregistrychunks.c:265:gst_registry_chunks_save_feature: saved 1 interfaces 0 pad templates
0:00:00.016953490  2723 0x562661202320 DEBUG   default gstvalue.c:2676:_priv_gst_value_parse_value: trying type name 'string'
0:00:00.013031092  2724 0x56405b77f320 DEBUG   GST_REGISTRY gstregistrychunks.c:284:gst_registry_chunks_save_feature: Saved 1 UriTypes
0:00:00.016960075  2723 0x562661202320 DEBUG   structure gststructure.c:2203:gst_structure_parse_field: trying field name 'klass'
0:00:00.013039488  2724 0x56405b77f320 DEBUG   GST_REGISTRY gstregistrychunks.c:265:gst_registry_chunks_save_feature: saved 0 interfaces 0 pad templates
0:00:00.016966122  2723 0x562661202320 DEBUG   default gstvalue.c:2676:_priv_gst_value_parse_value: trying type name 'string'
0:00:00.013047730  2724 0x56405b77f320 DEBUG   GST_REGISTRY gstregistrychunks.c:265:gst_registry_chunks_save_feature: saved 0 interfaces 0 pad templates
0:00:00.016972544  2723 0x562661202320 DEBUG   structure gststructure.c:2203:gst_structure_parse_field: trying field name 'description'
0:00:00.016980664  2723 0x562661202320 DEBUG   default gstvalue.c:2676:_priv_gst_value_parse_value: trying type name 'string'
0:00:00.013056269  2724 0x56405b77f320 DEBUG   GST_REGISTRY gstregistrychunks.c:265:gst_registry_chunks_save_feature: saved 0 interfaces 0 pad templates
0:00:00.016987180  2723 0x562661202320 DEBUG   structure gststructure.c:2203:gst_structure_parse_field: trying field name 'author'
0:00:00.013066428  2724 0x56405b77f320 DEBUG   GST_REGISTRY gstregistrychunks.c:265:gst_registry_chunks_save_feature: saved 0 interfaces 0 pad templates
0:00:00.016993507  2723 0x562661202320 DEBUG   default gstvalue.c:2676:_priv_gst_value_parse_value: trying type name 'string'
0:00:00.013079695  2724 0x56405b77f320 DEBUG   GST_REGISTRY gstregistrychunks.c:265:gst_registry_chunks_save_feature: saved 0 interfaces 0 pad templates
0:00:00.017006309  2723 0x562661202320 DEBUG   GST_REGISTRY gstregistrychunks.c:626:gst_registry_chunks_load_feature: Element factory : npadtemplates=2
0:00:00.017012846  2723 0x562661202320 DEBUG   GST_REGISTRY gstregistrychunks.c:526:gst_registry_chunks_load_pad_template: Reading/casting for GstRegistryChunkPadTemplate at address 0x5626612288d8
0:00:00.013089957  2724 0x56405b77f320 TRACE   GST_REFCOUNTING gstobject.c:265:gst_object_unref: 0x56405b7a9040 unref 2->1
0:00:00.017018594  2723 0x562661202320 DEBUG   GST_REGISTRY gstregistrychunks.c:539:gst_registry_chunks_load_pad_template: Added pad_template sink
0:00:00.013097660  2724 0x56405b77f320 TRACE   GST_REFCOUNTING gstobject.c:265:gst_object_unref: 0x56405b7aaf40 unref 2->1
0:00:00.017024798  2723 0x562661202320 DEBUG   GST_REGISTRY gstregistrychunks.c:526:gst_registry_chunks_load_pad_template: Reading/casting for GstRegistryChunkPadTemplate at address 0x5626612288f0
0:00:00.013104727  2724 0x56405b77f320 TRACE   GST_REFCOUNTING gstobject.c:265:gst_object_unref: 0x56405b7abc20 unref 2->1
0:00:00.017031181  2723 0x562661202320 DEBUG   GST_REGISTRY gstregistrychunks.c:539:gst_registry_chunks_load_pad_template: Added pad_template src
0:00:00.013111872  2724 0x56405b77f320 TRACE   GST_REFCOUNTING gstobject.c:265:gst_object_unref: 0x56405b7aca60 unref 2->1
0:00:00.017039423  2723 0x562661202320 DEBUG   GST_REGISTRY gstregistry.c:590:gst_registry_add_feature: adding feature 0x5626612321f0 (valve)
0:00:00.013118900  2724 0x56405b77f320 TRACE   GST_REFCOUNTING gstobject.c:265:gst_object_unref: 0x56405b7aea00 unref 2->1
0:00:00.017045901  2723 0x562661202320 DEBUG   GST_REFCOUNTING gstobject.c:709:gst_object_set_parent: set parent (ref and sink)
0:00:00.013125765  2724 0x56405b77f320 TRACE   GST_REFCOUNTING gstobject.c:265:gst_object_unref: 0x56405b7afbd0 unref 2->1
0:00:00.017053336  2723 0x562661202320 TRACE   GST_REFCOUNTING gstobject.c:294:gst_object_ref_sink: 0x5626612321f0 ref_sink 1->2
0:00:00.013132606  2724 0x56405b77f320 TRACE   GST_REFCOUNTING gstobject.c:265:gst_object_unref: 0x56405b7b1840 unref 2->1
0:00:00.017060211  2723 0x562661202320 LOG   GST_REGISTRY gstregistry.c:608:gst_registry_add_feature: emitting feature-added for valve
0:00:00.013139297  2724 0x56405b77f320 TRACE   GST_REFCOUNTING gstobject.c:265:gst_object_unref: 0x56405b7b3e30 unref 2->1
0:00:00.017067182  2723 0x562661202320 DEBUG   GST_REGISTRY gstregistrychunks.c:741:gst_registry_chunks_load_feature: Added feature valve, plugin 0x56266122a250 coreelements
0:00:00.013146278  2724 0x56405b77f320 TRACE   GST_REFCOUNTING gstobject.c:265:gst_object_unref: 0x56405b7b62e0 unref 2->1
0:00:00.017073777  2723 0x562661202320 DEBUG   GST_REGISTRY gstregistrychunks.c:583:gst_registry_chunks_load_feature: Plugin 'coreelements' feature 'multiqueue' typename : 'GstElementFactory'
0:00:00.013153166  2724 0x56405b77f320 TRACE   GST_REFCOUNTING gstobject.c:265:gst_object_unref: 0x56405b7b7140 unref 2->1
0:00:00.017084961  2723 0x562661202320 TRACE   GST_REFCOUNTING gstobject.c:208:gst_object_init: 0x56266122a8b0 new
0:00:00.013162249  2724 0x56405b77f320 TRACE   GST_REFCOUNTING gstobject.c:265:gst_object_unref: 0x56405b7b7f20 unref 2->1
0:00:00.017092583  2723 0x562661202320 LOG   GST_REGISTRY gstregistrychunks.c:610:gst_registry_chunks_load_feature: Reading/casting for GstRegistryChunkElementFactory at address 0x562661228920
0:00:00.013169831  2724 0x56405b77f320 TRACE   GST_REFCOUNTING gstobject.c:265:gst_object_unref: 0x56405b7b8c30 unref 2->1
0:00:00.017099236  2723 0x562661202320 TRACE   structure gststructure.c:287:gst_structure_new_id_empty_with_size: created structure 0x56266122aa30
0:00:00.013177026  2724 0x56405b77f320 TRACE   GST_REFCOUNTING gstobject.c:265:gst_object_unref: 0x56405b7ba150 unref 2->1
0:00:00.017105525  2723 0x562661202320 DEBUG   structure gststructure.c:2203:gst_structure_parse_field: trying field name 'long-name'
0:00:00.013183897  2724 0x56405b77f320 TRACE   GST_REFCOUNTING gstobject.c:265:gst_object_unref: 0x56405b7bb4c0 unref 2->1
0:00:00.017111635  2723 0x562661202320 DEBUG   default gstvalue.c:2676:_priv_gst_value_parse_value: trying type name 'string'
0:00:00.013190762  2724 0x56405b77f320 TRACE   GST_REFCOUNTING gstobject.c:265:gst_object_unref: 0x56405b7bc5e0 unref 2->1
0:00:00.017118306  2723 0x562661202320 DEBUG   structure gststructure.c:2203:gst_structure_parse_field: trying field name 'klass'
0:00:00.013197501  2724 0x56405b77f320 TRACE   GST_REFCOUNTING gstobject.c:265:gst_object_unref: 0x56405b7be990 unref 2->1
0:00:00.017124506  2723 0x562661202320 DEBUG   default gstvalue.c:2676:_priv_gst_value_parse_value: trying type name 'string'
0:00:00.013204320  2724 0x56405b77f320 TRACE   GST_REFCOUNTING gstobject.c:265:gst_object_unref: 0x56405b7c0140 unref 2->1
0:00:00.017130935  2723 0x562661202320 DEBUG   structure gststructure.c:2203:gst_structure_parse_field: trying field name 'description'
0:00:00.013211148  2724 0x56405b77f320 TRACE   GST_REFCOUNTING gstobject.c:265:gst_object_unref: 0x56405b7c15c0 unref 2->1
0:00:00.017137859  2723 0x562661202320 DEBUG   default gstvalue.c:2676:_priv_gst_value_parse_value: trying type name 'string'
0:00:00.013217892  2724 0x56405b77f320 TRACE   GST_REFCOUNTING gstobject.c:265:gst_object_unref: 0x56405b7c29a0 unref 2->1
0:00:00.017144686  2723 0x562661202320 DEBUG   structure gststructure.c:2203:gst_structure_parse_field: trying field name 'author'
0:00:00.013224783  2724 0x56405b77f320 TRACE   GST_REFCOUNTING gstobject.c:265:gst_object_unref: 0x56405b7c3990 unref 2->1
0:00:00.017151135  2723 0x562661202320 DEBUG   default gstvalue.c:2676:_priv_gst_value_parse_value: trying type name 'string'
0:00:00.013231474  2724 0x56405b77f320 TRACE   GST_REFCOUNTING gstobject.c:265:gst_object_unref: 0x56405b7c5470 unref 2->1
0:00:00.017158585  2723 0x562661202320 DEBUG   GST_REGISTRY gstregistrychunks.c:626:gst_registry_chunks_load_feature: Element factory : npadtemplates=2
0:00:00.013242738  2724 0x56405b77f320 TRACE   GST_REFCOUNTING gstobject.c:265:gst_object_unref: 0x56405b7c6160 unref 2->1
0:00:00.017168983  2723 0x562661202320 DEBUG   GST_REGISTRY gstregistrychunks.c:526:gst_registry_chunks_load_pad_template: Reading/casting for GstRegistryChunkPadTemplate at address 0x5626612289e0
0:00:00.013251618  2724 0x56405b77f320 DEBUG   GST_REGISTRY gstregistrychunks.c:498:_priv_gst_registry_chunks_save_plugin: Found 22 features in plugin 0x56405b7a7620 (coreelements)
0:00:00.017176348  2723 0x562661202320 DEBUG   GST_REGISTRY gstregistrychunks.c:539:gst_registry_chunks_load_pad_template: Added pad_template src_%u
0:00:00.013258809  2724 0x56405b77f320 DEBUG   GST_POLL gstpoll.c:980:gst_poll_fd_ctl_write: 0x56405b7a3930: fd (fd:0, idx:1), active : 1
0:00:00.017184496  2723 0x562661202320 DEBUG   GST_REGISTRY gstregistrychunks.c:526:gst_registry_chunks_load_pad_template: Reading/casting for GstRegistryChunkPadTemplate at address 0x5626612289f8
0:00:00.013265497  2724 0x56405b77f320 LOG   GST_POLL gstpoll.c:994:gst_poll_fd_ctl_write: 0x56405b7a3930: pfd->events now 60 (POLLOUT:4)
0:00:00.017191868  2723 0x562661202320 DEBUG   GST_REGISTRY gstregistrychunks.c:539:gst_registry_chunks_load_pad_template: Added pad_template sink_%u
0:00:00.013272071  2724 0x56405b77f320 DEBUG   GST_POLL gstpoll.c:980:gst_poll_fd_ctl_write: 0x56405b7a3930: fd (fd:0, idx:1), active : 1
0:00:00.017199562  2723 0x562661202320 DEBUG   GST_REGISTRY gstregistry.c:590:gst_registry_add_feature: adding feature 0x56266122a8b0 (multiqueue)
0:00:00.013278256  2724 0x56405b77f320 LOG   GST_POLL gstpoll.c:994:gst_poll_fd_ctl_write: 0x56405b7a3930: pfd->events now 60 (POLLOUT:4)
0:00:00.017205780  2723 0x562661202320 DEBUG   GST_REFCOUNTING gstobject.c:709:gst_object_set_parent: set parent (ref and sink)
0:00:00.013284682  2724 0x56405b77f320 DEBUG   GST_POLL gstpoll.c:980:gst_poll_fd_ctl_write: 0x56405b7a3930: fd (fd:0, idx:1), active : 1
0:00:00.017213669  2723 0x562661202320 TRACE   GST_REFCOUNTING gstobject.c:294:gst_object_ref_sink: 0x56266122a8b0 ref_sink 1->2
0:00:00.013290897  2724 0x56405b77f320 LOG   GST_POLL gstpoll.c:994:gst_poll_fd_ctl_write: 0x56405b7a3930: pfd->events now 60 (POLLOUT:4)
0:00:00.017220470  2723 0x562661202320 LOG   GST_REGISTRY gstregistry.c:608:gst_registry_add_feature: emitting feature-added for multiqueue
0:00:00.013298346  2724 0x56405b77f320 DEBUG   GST_POLL gstpoll.c:980:gst_poll_fd_ctl_write: 0x56405b7a3930: fd (fd:0, idx:1), active : 1
0:00:00.017227464  2723 0x562661202320 DEBUG   GST_REGISTRY gstregistrychunks.c:741:gst_registry_chunks_load_feature: Added feature multiqueue, plugin 0x56266122a250 coreelements
0:00:00.013304462  2724 0x56405b77f320 LOG   GST_POLL gstpoll.c:994:gst_poll_fd_ctl_write: 0x56405b7a3930: pfd->events now 60 (POLLOUT:4)
0:00:00.013320820  2724 0x56405b77f320 DEBUG   GST_POLL gstpoll.c:980:gst_poll_fd_ctl_write: 0x56405b7a3930: fd (fd:0, idx:1), active : 1
0:00:00.017245470  2723 0x562661202320 DEBUG   GST_REGISTRY gstregistrychunks.c:583:gst_registry_chunks_load_feature: Plugin 'coreelements' feature 'typefind' typename : 'GstElementFactory'
0:00:00.013331537  2724 0x56405b77f320 LOG   GST_POLL gstpoll.c:994:gst_poll_fd_ctl_write: 0x56405b7a3930: pfd->events now 60 (POLLOUT:4)
0:00:00.017259743  2723 0x562661202320 TRACE   GST_REFCOUNTING gstobject.c:208:gst_object_init: 0x56266122acb0 new
0:00:00.013338158  2724 0x56405b77f320 DEBUG   GST_POLL gstpoll.c:980:gst_poll_fd_ctl_write: 0x56405b7a3930: fd (fd:0, idx:1), active : 1
0:00:00.017267363  2723 0x562661202320 LOG   GST_REGISTRY gstregistrychunks.c:610:gst_registry_chunks_load_feature: Reading/casting for GstRegistryChunkElementFactory at address 0x562661228a28
0:00:00.013344425  2724 0x56405b77f320 LOG   GST_POLL gstpoll.c:994:gst_poll_fd_ctl_write: 0x56405b7a3930: pfd->events now 60 (POLLOUT:4)
0:00:00.013351814  2724 0x56405b77f320 DEBUG   GST_POLL gstpoll.c:980:gst_poll_fd_ctl_write: 0x56405b7a3930: fd (fd:0, idx:1), active : 1
0:00:00.017276779  2723 0x562661202320 TRACE   structure gststructure.c:287:gst_structure_new_id_empty_with_size: created structure 0x56266122aee0
0:00:00.013357567  2724 0x56405b77f320 LOG   GST_POLL gstpoll.c:994:gst_poll_fd_ctl_write: 0x56405b7a3930: pfd->events now 60 (POLLOUT:4)
0:00:00.017284235  2723 0x562661202320 DEBUG   structure gststructure.c:2203:gst_structure_parse_field: trying field name 'long-name'
0:00:00.013363909  2724 0x56405b77f320 DEBUG   GST_POLL gstpoll.c:980:gst_poll_fd_ctl_write: 0x56405b7a3930: fd (fd:0, idx:1), active : 1
0:00:00.017290143  2723 0x562661202320 DEBUG   default gstvalue.c:2676:_priv_gst_value_parse_value: trying type name 'string'
0:00:00.013370285  2724 0x56405b77f320 LOG   GST_POLL gstpoll.c:994:gst_poll_fd_ctl_write: 0x56405b7a3930: pfd->events now 60 (POLLOUT:4)
0:00:00.017297153  2723 0x562661202320 DEBUG   structure gststructure.c:2203:gst_structure_parse_field: trying field name 'klass'
0:00:00.013376683  2724 0x56405b77f320 DEBUG   GST_POLL gstpoll.c:980:gst_poll_fd_ctl_write: 0x56405b7a3930: fd (fd:0, idx:1), active : 1
0:00:00.017303400  2723 0x562661202320 DEBUG   default gstvalue.c:2676:_priv_gst_value_parse_value: trying type name 'string'
0:00:00.013382910  2724 0x56405b77f320 LOG   GST_POLL gstpoll.c:994:gst_poll_fd_ctl_write: 0x56405b7a3930: pfd->events now 60 (POLLOUT:4)
0:00:00.017310038  2723 0x562661202320 DEBUG   structure gststructure.c:2203:gst_structure_parse_field: trying field name 'description'
0:00:00.013389475  2724 0x56405b77f320 DEBUG   GST_POLL gstpoll.c:980:gst_poll_fd_ctl_write: 0x56405b7a3930: fd (fd:0, idx:1), active : 1
0:00:00.017316159  2723 0x562661202320 DEBUG   default gstvalue.c:2676:_priv_gst_value_parse_value: trying type name 'string'
0:00:00.013395612  2724 0x56405b77f320 LOG   GST_POLL gstpoll.c:994:gst_poll_fd_ctl_write: 0x56405b7a3930: pfd->events now 60 (POLLOUT:4)
0:00:00.017322780  2723 0x562661202320 DEBUG   structure gststructure.c:2203:gst_structure_parse_field: trying field name 'author'
0:00:00.013401968  2724 0x56405b77f320 DEBUG   GST_POLL gstpoll.c:980:gst_poll_fd_ctl_write: 0x56405b7a3930: fd (fd:0, idx:1), active : 1
0:00:00.017333121  2723 0x562661202320 DEBUG   default gstvalue.c:2676:_priv_gst_value_parse_value: trying type name 'string'
0:00:00.013411283  2724 0x56405b77f320 LOG   GST_POLL gstpoll.c:994:gst_poll_fd_ctl_write: 0x56405b7a3930: pfd->events now 60 (POLLOUT:4)
0:00:00.017340368  2723 0x562661202320 DEBUG   GST_REGISTRY gstregistrychunks.c:626:gst_registry_chunks_load_feature: Element factory : npadtemplates=2
0:00:00.013417841  2724 0x56405b77f320 DEBUG   GST_POLL gstpoll.c:980:gst_poll_fd_ctl_write: 0x56405b7a3930: fd (fd:0, idx:1), active : 1
0:00:00.017346583  2723 0x562661202320 DEBUG   GST_REGISTRY gstregistrychunks.c:526:gst_registry_chunks_load_pad_template: Reading/casting for GstRegistryChunkPadTemplate at address 0x562661228b00
0:00:00.013424466  2724 0x56405b77f320 LOG   GST_POLL gstpoll.c:994:gst_poll_fd_ctl_write: 0x56405b7a3930: pfd->events now 60 (POLLOUT:4)
0:00:00.017352776  2723 0x562661202320 DEBUG   GST_REGISTRY gstregistrychunks.c:539:gst_registry_chunks_load_pad_template: Added pad_template sink
0:00:00.013430865  2724 0x56405b77f320 DEBUG   GST_POLL gstpoll.c:980:gst_poll_fd_ctl_write: 0x56405b7a3930: fd (fd:0, idx:1), active : 1
0:00:00.017358660  2723 0x562661202320 DEBUG   GST_REGISTRY gstregistrychunks.c:526:gst_registry_chunks_load_pad_template: Reading/casting for GstRegistryChunkPadTemplate at address 0x562661228b18
0:00:00.013437053  2724 0x56405b77f320 LOG   GST_POLL gstpoll.c:994:gst_poll_fd_ctl_write: 0x56405b7a3930: pfd->events now 60 (POLLOUT:4)
0:00:00.017364727  2723 0x562661202320 DEBUG   GST_REGISTRY gstregistrychunks.c:539:gst_registry_chunks_load_pad_template: Added pad_template src
0:00:00.013443314  2724 0x56405b77f320 DEBUG   GST_POLL gstpoll.c:980:gst_poll_fd_ctl_write: 0x56405b7a3930: fd (fd:0, idx:1), active : 1
0:00:00.017371909  2723 0x562661202320 DEBUG   GST_REGISTRY gstregistry.c:590:gst_registry_add_feature: adding feature 0x56266122acb0 (typefind)
0:00:00.013449521  2724 0x56405b77f320 LOG   GST_POLL gstpoll.c:994:gst_poll_fd_ctl_write: 0x56405b7a3930: pfd->events now 60 (POLLOUT:4)
0:00:00.017378166  2723 0x562661202320 DEBUG   GST_REFCOUNTING gstobject.c:709:gst_object_set_parent: set parent (ref and sink)
0:00:00.013456233  2724 0x56405b77f320 DEBUG   GST_POLL gstpoll.c:980:gst_poll_fd_ctl_write: 0x56405b7a3930: fd (fd:0, idx:1), active : 1
0:00:00.017385596  2723 0x562661202320 TRACE   GST_REFCOUNTING gstobject.c:294:gst_object_ref_sink: 0x56266122acb0 ref_sink 1->2
0:00:00.013463057  2724 0x56405b77f320 LOG   GST_POLL gstpoll.c:994:gst_poll_fd_ctl_write: 0x56405b7a3930: pfd->events now 60 (POLLOUT:4)
0:00:00.017392540  2723 0x562661202320 LOG   GST_REGISTRY gstregistry.c:608:gst_registry_add_feature: emitting feature-added for typefind
0:00:00.013470412  2724 0x56405b77f320 DEBUG   GST_POLL gstpoll.c:980:gst_poll_fd_ctl_write: 0x56405b7a3930: fd (fd:0, idx:1), active : 1
0:00:00.017399560  2723 0x562661202320 DEBUG   GST_REGISTRY gstregistrychunks.c:741:gst_registry_chunks_load_feature: Added feature typefind, plugin 0x56266122a250 coreelements
0:00:00.013476619  2724 0x56405b77f320 LOG   GST_POLL gstpoll.c:994:gst_poll_fd_ctl_write: 0x56405b7a3930: pfd->events now 60 (POLLOUT:4)
0:00:00.017410197  2723 0x562661202320 DEBUG   GST_REGISTRY gstregistrychunks.c:583:gst_registry_chunks_load_feature: Plugin 'coreelements' feature 'tee' typename : 'GstElementFactory'
0:00:00.013488046  2724 0x56405b77f320 DEBUG   GST_POLL gstpoll.c:980:gst_poll_fd_ctl_write: 0x56405b7a3930: fd (fd:0, idx:1), active : 1
0:00:00.017417536  2723 0x562661202320 TRACE   GST_REFCOUNTING gstobject.c:208:gst_object_init: 0x56266122b180 new
0:00:00.013494511  2724 0x56405b77f320 LOG   GST_POLL gstpoll.c:994:gst_poll_fd_ctl_write: 0x56405b7a3930: pfd->events now 60 (POLLOUT:4)
0:00:00.017424934  2723 0x562661202320 LOG   GST_REGISTRY gstregistrychunks.c:610:gst_registry_chunks_load_feature: Reading/casting for GstRegistryChunkElementFactory at address 0x562661228b40
0:00:00.013502456  2724 0x56405b77f320 DEBUG   GST_POLL gstpoll.c:980:gst_poll_fd_ctl_write: 0x56405b7a3930: fd (fd:0, idx:1), active : 1
0:00:00.017431481  2723 0x562661202320 TRACE   structure gststructure.c:287:gst_structure_new_id_empty_with_size: created structure 0x56266122b3c0
0:00:00.013509170  2724 0x56405b77f320 LOG   GST_POLL gstpoll.c:994:gst_poll_fd_ctl_write: 0x56405b7a3930: pfd->events now 60 (POLLOUT:4)
0:00:00.017437696  2723 0x562661202320 DEBUG   structure gststructure.c:2203:gst_structure_parse_field: trying field name 'long-name'
0:00:00.013515962  2724 0x56405b77f320 DEBUG   GST_POLL gstpoll.c:980:gst_poll_fd_ctl_write: 0x56405b7a3930: fd (fd:0, idx:1), active : 1
0:00:00.017443876  2723 0x562661202320 DEBUG   default gstvalue.c:2676:_priv_gst_value_parse_value: trying type name 'string'
0:00:00.013522427  2724 0x56405b77f320 LOG   GST_POLL gstpoll.c:994:gst_poll_fd_ctl_write: 0x56405b7a3930: pfd->events now 60 (POLLOUT:4)
0:00:00.017450602  2723 0x562661202320 DEBUG   structure gststructure.c:2203:gst_structure_parse_field: trying field name 'klass'
0:00:00.013528973  2724 0x56405b77f320 DEBUG   GST_POLL gstpoll.c:980:gst_poll_fd_ctl_write: 0x56405b7a3930: fd (fd:0, idx:1), active : 1
0:00:00.017456752  2723 0x562661202320 DEBUG   default gstvalue.c:2676:_priv_gst_value_parse_value: trying type name 'string'
0:00:00.013535237  2724 0x56405b77f320 LOG   GST_POLL gstpoll.c:994:gst_poll_fd_ctl_write: 0x56405b7a3930: pfd->events now 60 (POLLOUT:4)
0:00:00.017462863  2723 0x562661202320 DEBUG   structure gststructure.c:2203:gst_structure_parse_field: trying field name 'description'
0:00:00.013541762  2724 0x56405b77f320 DEBUG   GST_POLL gstpoll.c:980:gst_poll_fd_ctl_write: 0x56405b7a3930: fd (fd:0, idx:1), active : 1
0:00:00.017469141  2723 0x562661202320 DEBUG   default gstvalue.c:2676:_priv_gst_value_parse_value: trying type name 'string'
0:00:00.013547986  2724 0x56405b77f320 LOG   GST_POLL gstpoll.c:994:gst_poll_fd_ctl_write: 0x56405b7a3930: pfd->events now 60 (POLLOUT:4)
0:00:00.017475777  2723 0x562661202320 DEBUG   structure gststructure.c:2203:gst_structure_parse_field: trying field name 'author'
0:00:00.013554431  2724 0x56405b77f320 DEBUG   GST_POLL gstpoll.c:980:gst_poll_fd_ctl_write: 0x56405b7a3930: fd (fd:0, idx:1), active : 1
0:00:00.017485831  2723 0x562661202320 DEBUG   default gstvalue.c:2676:_priv_gst_value_parse_value: trying type name 'string'
0:00:00.013563696  2724 0x56405b77f320 LOG   GST_POLL gstpoll.c:994:gst_poll_fd_ctl_write: 0x56405b7a3930: pfd->events now 60 (POLLOUT:4)
0:00:00.017493260  2723 0x562661202320 DEBUG   GST_REGISTRY gstregistrychunks.c:626:gst_registry_chunks_load_feature: Element factory : npadtemplates=2
0:00:00.013570128  2724 0x56405b77f320 DEBUG   GST_POLL gstpoll.c:980:gst_poll_fd_ctl_write: 0x56405b7a3930: fd (fd:0, idx:1), active : 1
0:00:00.017499094  2723 0x562661202320 DEBUG   GST_REGISTRY gstregistrychunks.c:526:gst_registry_chunks_load_pad_template: Reading/casting for GstRegistryChunkPadTemplate at address 0x562661228c30
0:00:00.013577183  2724 0x56405b77f320 LOG   GST_POLL gstpoll.c:994:gst_poll_fd_ctl_write: 0x56405b7a3930: pfd->events now 60 (POLLOUT:4)
0:00:00.017505257  2723 0x562661202320 DEBUG   GST_REGISTRY gstregistrychunks.c:539:gst_registry_chunks_load_pad_template: Added pad_template src_%u
0:00:00.017511192  2723 0x562661202320 DEBUG   GST_REGISTRY gstregistrychunks.c:526:gst_registry_chunks_load_pad_template: Reading/casting for GstRegistryChunkPadTemplate at address 0x562661228c48
0:00:00.013583594  2724 0x56405b77f320 DEBUG   GST_POLL gstpoll.c:980:gst_poll_fd_ctl_write: 0x56405b7a3930: fd (fd:0, idx:1), active : 1
0:00:00.017516889  2723 0x562661202320 DEBUG   GST_REGISTRY gstregistrychunks.c:539:gst_registry_chunks_load_pad_template: Added pad_template sink
0:00:00.013595147  2724 0x56405b77f320 LOG   GST_POLL gstpoll.c:994:gst_poll_fd_ctl_write: 0x56405b7a3930: pfd->events now 60 (POLLOUT:4)
0:00:00.017523949  2723 0x562661202320 DEBUG   GST_REGISTRY gstregistry.c:590:gst_registry_add_feature: adding feature 0x56266122b180 (tee)
0:00:00.013601831  2724 0x56405b77f320 DEBUG   GST_POLL gstpoll.c:980:gst_poll_fd_ctl_write: 0x56405b7a3930: fd (fd:0, idx:1), active : 1
0:00:00.017530271  2723 0x562661202320 DEBUG   GST_REFCOUNTING gstobject.c:709:gst_object_set_parent: set parent (ref and sink)
0:00:00.013608132  2724 0x56405b77f320 LOG   GST_POLL gstpoll.c:994:gst_poll_fd_ctl_write: 0x56405b7a3930: pfd->events now 60 (POLLOUT:4)
0:00:00.017537821  2723 0x562661202320 TRACE   GST_REFCOUNTING gstobject.c:294:gst_object_ref_sink: 0x56266122b180 ref_sink 1->2
0:00:00.013615245  2724 0x56405b77f320 DEBUG   GST_POLL gstpoll.c:980:gst_poll_fd_ctl_write: 0x56405b7a3930: fd (fd:0, idx:1), active : 1
0:00:00.017544754  2723 0x562661202320 LOG   GST_REGISTRY gstregistry.c:608:gst_registry_add_feature: emitting feature-added for tee
0:00:00.013622431  2724 0x56405b77f320 LOG   GST_POLL gstpoll.c:994:gst_poll_fd_ctl_write: 0x56405b7a3930: pfd->events now 60 (POLLOUT:4)
0:00:00.017551679  2723 0x562661202320 DEBUG   GST_REGISTRY gstregistrychunks.c:741:gst_registry_chunks_load_feature: Added feature tee, plugin 0x56266122a250 coreelements
0:00:00.013629366  2724 0x56405b77f320 DEBUG   GST_POLL gstpoll.c:980:gst_poll_fd_ctl_write: 0x56405b7a3930: fd (fd:0, idx:1), active : 1
0:00:00.017558520  2723 0x562661202320 DEBUG   GST_REGISTRY gstregistrychunks.c:583:gst_registry_chunks_load_feature: Plugin 'coreelements' feature 'filesink' typename : 'GstElementFactory'
0:00:00.013640126  2724 0x56405b77f320 LOG   GST_POLL gstpoll.c:994:gst_poll_fd_ctl_write: 0x56405b7a3930: pfd->events now 60 (POLLOUT:4)
0:00:00.017568015  2723 0x562661202320 TRACE   GST_REFCOUNTING gstobject.c:208:gst_object_init: 0x56266122b6f0 new
0:00:00.013646819  2724 0x56405b77f320 DEBUG   GST_POLL gstpoll.c:980:gst_poll_fd_ctl_write: 0x56405b7a3930: fd (fd:0, idx:1), active : 1
0:00:00.017575504  2723 0x562661202320 LOG   GST_REGISTRY gstregistrychunks.c:610:gst_registry_chunks_load_feature: Reading/casting for GstRegistryChunkElementFactory at address 0x562661228c78
0:00:00.013653055  2724 0x56405b77f320 LOG   GST_POLL gstpoll.c:994:gst_poll_fd_ctl_write: 0x56405b7a3930: pfd->events now 60 (POLLOUT:4)
0:00:00.017582178  2723 0x562661202320 TRACE   structure gststructure.c:287:gst_structure_new_id_empty_with_size: created structure 0x56266122b9f0
0:00:00.013660096  2724 0x56405b77f320 DEBUG   GST_POLL gstpoll.c:980:gst_poll_fd_ctl_write: 0x56405b7a3930: fd (fd:0, idx:1), active : 1
0:00:00.017588269  2723 0x562661202320 DEBUG   structure gststructure.c:2203:gst_structure_parse_field: trying field name 'long-name'
0:00:00.013666454  2724 0x56405b77f320 LOG   GST_POLL gstpoll.c:994:gst_poll_fd_ctl_write: 0x56405b7a3930: pfd->events now 60 (POLLOUT:4)
0:00:00.017594342  2723 0x562661202320 DEBUG   default gstvalue.c:2676:_priv_gst_value_parse_value: trying type name 'string'
0:00:00.013672881  2724 0x56405b77f320 DEBUG   GST_POLL gstpoll.c:980:gst_poll_fd_ctl_write: 0x56405b7a3930: fd (fd:0, idx:1), active : 1
0:00:00.013679140  2724 0x56405b77f320 LOG   GST_POLL gstpoll.c:994:gst_poll_fd_ctl_write: 0x56405b7a3930: pfd->events now 60 (POLLOUT:4)
0:00:00.017604959  2723 0x562661202320 DEBUG   structure gststructure.c:2203:gst_structure_parse_field: trying field name 'klass'
0:00:00.013685146  2724 0x56405b77f320 DEBUG   GST_POLL gstpoll.c:980:gst_poll_fd_ctl_write: 0x56405b7a3930: fd (fd:0, idx:1), active : 1
0:00:00.017611824  2723 0x562661202320 DEBUG   default gstvalue.c:2676:_priv_gst_value_parse_value: trying type name 'string'
0:00:00.013691540  2724 0x56405b77f320 LOG   GST_POLL gstpoll.c:994:gst_poll_fd_ctl_write: 0x56405b7a3930: pfd->events now 60 (POLLOUT:4)
0:00:00.017618511  2723 0x562661202320 DEBUG   structure gststructure.c:2203:gst_structure_parse_field: trying field name 'description'
0:00:00.013698062  2724 0x56405b77f320 DEBUG   GST_POLL gstpoll.c:980:gst_poll_fd_ctl_write: 0x56405b7a3930: fd (fd:0, idx:1), active : 1
0:00:00.017624572  2723 0x562661202320 DEBUG   default gstvalue.c:2676:_priv_gst_value_parse_value: trying type name 'string'
0:00:00.013704362  2724 0x56405b77f320 LOG   GST_POLL gstpoll.c:994:gst_poll_fd_ctl_write: 0x56405b7a3930: pfd->events now 60 (POLLOUT:4)
0:00:00.017631253  2723 0x562661202320 DEBUG   structure gststructure.c:2203:gst_structure_parse_field: trying field name 'author'
0:00:00.013710820  2724 0x56405b77f320 DEBUG   GST_POLL gstpoll.c:980:gst_poll_fd_ctl_write: 0x56405b7a3930: fd (fd:0, idx:1), active : 1
0:00:00.017643334  2723 0x562661202320 DEBUG   default gstvalue.c:2676:_priv_gst_value_parse_value: trying type name 'string'
0:00:00.013721270  2724 0x56405b77f320 LOG   GST_POLL gstpoll.c:994:gst_poll_fd_ctl_write: 0x56405b7a3930: pfd->events now 60 (POLLOUT:4)
0:00:00.017650980  2723 0x562661202320 DEBUG   GST_REGISTRY gstregistrychunks.c:626:gst_registry_chunks_load_feature: Element factory : npadtemplates=1
0:00:00.013728421  2724 0x56405b77f320 DEBUG   GST_POLL gstpoll.c:980:gst_poll_fd_ctl_write: 0x56405b7a3930: fd (fd:0, idx:1), active : 1
0:00:00.017657230  2723 0x562661202320 DEBUG   GST_REGISTRY gstregistrychunks.c:526:gst_registry_chunks_load_pad_template: Reading/casting for GstRegistryChunkPadTemplate at address 0x562661228d58
0:00:00.013735360  2724 0x56405b77f320 LOG   GST_POLL gstpoll.c:994:gst_poll_fd_ctl_write: 0x56405b7a3930: pfd->events now 60 (POLLOUT:4)
0:00:00.017663318  2723 0x562661202320 DEBUG   GST_REGISTRY gstregistrychunks.c:539:gst_registry_chunks_load_pad_template: Added pad_template sink
0:00:00.013742000  2724 0x56405b77f320 DEBUG   GST_POLL gstpoll.c:980:gst_poll_fd_ctl_write: 0x56405b7a3930: fd (fd:0, idx:1), active : 1
0:00:00.017670009  2723 0x562661202320 DEBUG   GST_REGISTRY gstregistrychunks.c:639:gst_registry_chunks_load_feature: Reading 1 UriTypes at address 0x562661228d69
0:00:00.013748292  2724 0x56405b77f320 LOG   GST_POLL gstpoll.c:994:gst_poll_fd_ctl_write: 0x56405b7a3930: pfd->events now 60 (POLLOUT:4)
0:00:00.017677858  2723 0x562661202320 DEBUG   GST_REGISTRY gstregistrychunks.c:654:gst_registry_chunks_load_feature: Reading 1 Interfaces at address 0x562661228d79
0:00:00.013754785  2724 0x56405b77f320 DEBUG   GST_POLL gstpoll.c:980:gst_poll_fd_ctl_write: 0x56405b7a3930: fd (fd:0, idx:1), active : 1
0:00:00.017685750  2723 0x562661202320 DEBUG   GST_REGISTRY gstregistry.c:590:gst_registry_add_feature: adding feature 0x56266122b6f0 (filesink)
0:00:00.013762133  2724 0x56405b77f320 LOG   GST_POLL gstpoll.c:994:gst_poll_fd_ctl_write: 0x56405b7a3930: pfd->events now 60 (POLLOUT:4)
0:00:00.017692187  2723 0x562661202320 DEBUG   GST_REFCOUNTING gstobject.c:709:gst_object_set_parent: set parent (ref and sink)
0:00:00.013770463  2724 0x56405b77f320 DEBUG   GST_POLL gstpoll.c:980:gst_poll_fd_ctl_write: 0x56405b7a3930: fd (fd:0, idx:1), active : 1
0:00:00.017699709  2723 0x562661202320 TRACE   GST_REFCOUNTING gstobject.c:294:gst_object_ref_sink: 0x56266122b6f0 ref_sink 1->2
0:00:00.013776807  2724 0x56405b77f320 LOG   GST_POLL gstpoll.c:994:gst_poll_fd_ctl_write: 0x56405b7a3930: pfd->events now 60 (POLLOUT:4)
0:00:00.017706736  2723 0x562661202320 LOG   GST_REGISTRY gstregistry.c:608:gst_registry_add_feature: emitting feature-added for filesink
0:00:00.013784668  2724 0x56405b77f320 DEBUG   GST_POLL gstpoll.c:980:gst_poll_fd_ctl_write: 0x56405b7a3930: fd (fd:0, idx:1), active : 1
0:00:00.017713911  2723 0x562661202320 DEBUG   GST_REGISTRY gstregistrychunks.c:741:gst_registry_chunks_load_feature: Added feature filesink, plugin 0x56266122a250 coreelements
0:00:00.013790909  2724 0x56405b77f320 LOG   GST_POLL gstpoll.c:994:gst_poll_fd_ctl_write: 0x56405b7a3930: pfd->events now 60 (POLLOUT:4)
0:00:00.017724669  2723 0x562661202320 DEBUG   GST_REGISTRY gstregistrychunks.c:583:gst_registry_chunks_load_feature: Plugin 'coreelements' feature 'queue2' typename : 'GstElementFactory'
0:00:00.013802293  2724 0x56405b77f320 DEBUG   GST_POLL gstpoll.c:980:gst_poll_fd_ctl_write: 0x56405b7a3930: fd (fd:0, idx:1), active : 1
0:00:00.017732346  2723 0x562661202320 TRACE   GST_REFCOUNTING gstobject.c:208:gst_object_init: 0x56266122bde0 new
0:00:00.013809188  2724 0x56405b77f320 LOG   GST_POLL gstpoll.c:994:gst_poll_fd_ctl_write: 0x56405b7a3930: pfd->events now 60 (POLLOUT:4)
0:00:00.017740255  2723 0x562661202320 LOG   GST_REGISTRY gstregistrychunks.c:610:gst_registry_chunks_load_feature: Reading/casting for GstRegistryChunkElementFactory at address 0x562661228da0
0:00:00.013817647  2724 0x56405b77f320 DEBUG   GST_POLL gstpoll.c:980:gst_poll_fd_ctl_write: 0x56405b7a3930: fd (fd:0, idx:1), active : 1
0:00:00.013824435  2724 0x56405b77f320 LOG   GST_POLL gstpoll.c:994:gst_poll_fd_ctl_write: 0x56405b7a3930: pfd->events now 60 (POLLOUT:4)
0:00:00.017752466  2723 0x562661202320 TRACE   structure gststructure.c:287:gst_structure_new_id_empty_with_size: created structure 0x56266122bf60
0:00:00.013830572  2724 0x56405b77f320 DEBUG   GST_POLL gstpoll.c:980:gst_poll_fd_ctl_write: 0x56405b7a3930: fd (fd:0, idx:1), active : 1
0:00:00.017759005  2723 0x562661202320 DEBUG   structure gststructure.c:2203:gst_structure_parse_field: trying field name 'long-name'
0:00:00.013836849  2724 0x56405b77f320 LOG   GST_POLL gstpoll.c:994:gst_poll_fd_ctl_write: 0x56405b7a3930: pfd->events now 60 (POLLOUT:4)
0:00:00.017765398  2723 0x562661202320 DEBUG   default gstvalue.c:2676:_priv_gst_value_parse_value: trying type name 'string'
0:00:00.013843297  2724 0x56405b77f320 DEBUG   GST_POLL gstpoll.c:980:gst_poll_fd_ctl_write: 0x56405b7a3930: fd (fd:0, idx:1), active : 1
0:00:00.017771996  2723 0x562661202320 DEBUG   structure gststructure.c:2203:gst_structure_parse_field: trying field name 'klass'
0:00:00.013849564  2724 0x56405b77f320 LOG   GST_POLL gstpoll.c:994:gst_poll_fd_ctl_write: 0x56405b7a3930: pfd->events now 60 (POLLOUT:4)
0:00:00.017778194  2723 0x562661202320 DEBUG   default gstvalue.c:2676:_priv_gst_value_parse_value: trying type name 'string'
0:00:00.013856429  2724 0x56405b77f320 DEBUG   GST_POLL gstpoll.c:980:gst_poll_fd_ctl_write: 0x56405b7a3930: fd (fd:0, idx:1), active : 1
0:00:00.017784644  2723 0x562661202320 DEBUG   structure gststructure.c:2203:gst_structure_parse_field: trying field name 'description'
0:00:00.013862643  2724 0x56405b77f320 LOG   GST_POLL gstpoll.c:994:gst_poll_fd_ctl_write: 0x56405b7a3930: pfd->events now 60 (POLLOUT:4)
0:00:00.017790805  2723 0x562661202320 DEBUG   default gstvalue.c:2676:_priv_gst_value_parse_value: trying type name 'string'
0:00:00.013869077  2724 0x56405b77f320 DEBUG   GST_POLL gstpoll.c:980:gst_poll_fd_ctl_write: 0x56405b7a3930: fd (fd:0, idx:1), active : 1
0:00:00.017797427  2723 0x562661202320 DEBUG   structure gststructure.c:2203:gst_structure_parse_field: trying field name 'author'
0:00:00.013879989  2724 0x56405b77f320 LOG   GST_POLL gstpoll.c:994:gst_poll_fd_ctl_write: 0x56405b7a3930: pfd->events now 60 (POLLOUT:4)
0:00:00.017806543  2723 0x562661202320 DEBUG   default gstvalue.c:2676:_priv_gst_value_parse_value: trying type name 'string'
0:00:00.013886632  2724 0x56405b77f320 DEBUG   GST_POLL gstpoll.c:980:gst_poll_fd_ctl_write: 0x56405b7a3930: fd (fd:0, idx:1), active : 1
0:00:00.017813830  2723 0x562661202320 DEBUG   GST_REGISTRY gstregistrychunks.c:626:gst_registry_chunks_load_feature: Element factory : npadtemplates=2
0:00:00.013892898  2724 0x56405b77f320 LOG   GST_POLL gstpoll.c:994:gst_poll_fd_ctl_write: 0x56405b7a3930: pfd->events now 60 (POLLOUT:4)
0:00:00.017819904  2723 0x562661202320 DEBUG   GST_REGISTRY gstregistrychunks.c:526:gst_registry_chunks_load_pad_template: Reading/casting for GstRegistryChunkPadTemplate at address 0x562661228e90
0:00:00.013899304  2724 0x56405b77f320 DEBUG   GST_POLL gstpoll.c:980:gst_poll_fd_ctl_write: 0x56405b7a3930: fd (fd:0, idx:1), active : 1
0:00:00.017826008  2723 0x562661202320 DEBUG   GST_REGISTRY gstregistrychunks.c:539:gst_registry_chunks_load_pad_template: Added pad_template sink
0:00:00.013905663  2724 0x56405b77f320 LOG   GST_POLL gstpoll.c:994:gst_poll_fd_ctl_write: 0x56405b7a3930: pfd->events now 60 (POLLOUT:4)
0:00:00.017831816  2723 0x562661202320 DEBUG   GST_REGISTRY gstregistrychunks.c:526:gst_registry_chunks_load_pad_template: Reading/casting for GstRegistryChunkPadTemplate at address 0x562661228ea8
0:00:00.013912197  2724 0x56405b77f320 DEBUG   GST_POLL gstpoll.c:980:gst_poll_fd_ctl_write: 0x56405b7a3930: fd (fd:0, idx:1), active : 1
0:00:00.017838314  2723 0x562661202320 DEBUG   GST_REGISTRY gstregistrychunks.c:539:gst_registry_chunks_load_pad_template: Added pad_template src
0:00:00.013918610  2724 0x56405b77f320 LOG   GST_POLL gstpoll.c:994:gst_poll_fd_ctl_write: 0x56405b7a3930: pfd->events now 60 (POLLOUT:4)
0:00:00.017846035  2723 0x562661202320 DEBUG   GST_REGISTRY gstregistry.c:590:gst_registry_add_feature: adding feature 0x56266122bde0 (queue2)
0:00:00.013924969  2724 0x56405b77f320 DEBUG   GST_POLL gstpoll.c:980:gst_poll_fd_ctl_write: 0x56405b7a3930: fd (fd:0, idx:1), active : 1
0:00:00.017852225  2723 0x562661202320 DEBUG   GST_REFCOUNTING gstobject.c:709:gst_object_set_parent: set parent (ref and sink)
0:00:00.013931280  2724 0x56405b77f320 LOG   GST_POLL gstpoll.c:994:gst_poll_fd_ctl_write: 0x56405b7a3930: pfd->events now 60 (POLLOUT:4)
0:00:00.017859515  2723 0x562661202320 TRACE   GST_REFCOUNTING gstobject.c:294:gst_object_ref_sink: 0x56266122bde0 ref_sink 1->2
0:00:00.013937741  2724 0x56405b77f320 DEBUG   GST_POLL gstpoll.c:980:gst_poll_fd_ctl_write: 0x56405b7a3930: fd (fd:0, idx:1), active : 1
0:00:00.017866438  2723 0x562661202320 LOG   GST_REGISTRY gstregistry.c:608:gst_registry_add_feature: emitting feature-added for queue2
0:00:00.013944250  2724 0x56405b77f320 LOG   GST_POLL gstpoll.c:994:gst_poll_fd_ctl_write: 0x56405b7a3930: pfd->events now 60 (POLLOUT:4)
0:00:00.017873243  2723 0x562661202320 DEBUG   GST_REGISTRY gstregistrychunks.c:741:gst_registry_chunks_load_feature: Added feature queue2, plugin 0x56266122a250 coreelements
0:00:00.013954742  2724 0x56405b77f320 DEBUG   GST_POLL gstpoll.c:980:gst_poll_fd_ctl_write: 0x56405b7a3930: fd (fd:0, idx:1), active : 1
0:00:00.017881708  2723 0x562661202320 DEBUG   GST_REGISTRY gstregistrychunks.c:583:gst_registry_chunks_load_feature: Plugin 'coreelements' feature 'queue' typename : 'GstElementFactory'
0:00:00.013961203  2724 0x56405b77f320 LOG   GST_POLL gstpoll.c:994:gst_poll_fd_ctl_write: 0x56405b7a3930: pfd->events now 60 (POLLOUT:4)
0:00:00.017888822  2723 0x562661202320 TRACE   GST_REFCOUNTING gstobject.c:208:gst_object_init: 0x56266122c2d0 new
0:00:00.013967620  2724 0x56405b77f320 DEBUG   GST_POLL gstpoll.c:980:gst_poll_fd_ctl_write: 0x56405b7a3930: fd (fd:0, idx:1), active : 1
0:00:00.017896105  2723 0x562661202320 LOG   GST_REGISTRY gstregistrychunks.c:610:gst_registry_chunks_load_feature: Reading/casting for GstRegistryChunkElementFactory at address 0x562661228ed0
0:00:00.013973891  2724 0x56405b77f320 LOG   GST_POLL gstpoll.c:994:gst_poll_fd_ctl_write: 0x56405b7a3930: pfd->events now 60 (POLLOUT:4)
0:00:00.017902658  2723 0x562661202320 TRACE   structure gststructure.c:287:gst_structure_new_id_empty_with_size: created structure 0x56266122c620
0:00:00.013980389  2724 0x56405b77f320 DEBUG   GST_POLL gstpoll.c:980:gst_poll_fd_ctl_write: 0x56405b7a3930: fd (fd:0, idx:1), active : 1
0:00:00.017908991  2723 0x562661202320 DEBUG   structure gststructure.c:2203:gst_structure_parse_field: trying field name 'long-name'
0:00:00.013986999  2724 0x56405b77f320 LOG   GST_POLL gstpoll.c:994:gst_poll_fd_ctl_write: 0x56405b7a3930: pfd->events now 60 (POLLOUT:4)
0:00:00.017915207  2723 0x562661202320 DEBUG   default gstvalue.c:2676:_priv_gst_value_parse_value: trying type name 'string'
0:00:00.013993397  2724 0x56405b77f320 DEBUG   GST_POLL gstpoll.c:980:gst_poll_fd_ctl_write: 0x56405b7a3930: fd (fd:0, idx:1), active : 1
0:00:00.017921662  2723 0x562661202320 DEBUG   structure gststructure.c:2203:gst_structure_parse_field: trying field name 'klass'
0:00:00.013999675  2724 0x56405b77f320 LOG   GST_POLL gstpoll.c:994:gst_poll_fd_ctl_write: 0x56405b7a3930: pfd->events now 60 (POLLOUT:4)
0:00:00.017927619  2723 0x562661202320 DEBUG   default gstvalue.c:2676:_priv_gst_value_parse_value: trying type name 'string'
0:00:00.014006133  2724 0x56405b77f320 DEBUG   GST_POLL gstpoll.c:980:gst_poll_fd_ctl_write: 0x56405b7a3930: fd (fd:0, idx:1), active : 1
0:00:00.017934011  2723 0x562661202320 DEBUG   structure gststructure.c:2203:gst_structure_parse_field: trying field name 'description'
0:00:00.014012415  2724 0x56405b77f320 LOG   GST_POLL gstpoll.c:994:gst_poll_fd_ctl_write: 0x56405b7a3930: pfd->events now 60 (POLLOUT:4)
0:00:00.017940143  2723 0x562661202320 DEBUG   default gstvalue.c:2676:_priv_gst_value_parse_value: trying type name 'string'
0:00:00.014018840  2724 0x56405b77f320 DEBUG   GST_POLL gstpoll.c:980:gst_poll_fd_ctl_write: 0x56405b7a3930: fd (fd:0, idx:1), active : 1
0:00:00.017946879  2723 0x562661202320 DEBUG   structure gststructure.c:2203:gst_structure_parse_field: trying field name 'author'
0:00:00.014029076  2724 0x56405b77f320 LOG   GST_POLL gstpoll.c:994:gst_poll_fd_ctl_write: 0x56405b7a3930: pfd->events now 60 (POLLOUT:4)
0:00:00.017955562  2723 0x562661202320 DEBUG   default gstvalue.c:2676:_priv_gst_value_parse_value: trying type name 'string'
0:00:00.014035672  2724 0x56405b77f320 DEBUG   GST_POLL gstpoll.c:980:gst_poll_fd_ctl_write: 0x56405b7a3930: fd (fd:0, idx:1), active : 1
0:00:00.017962574  2723 0x562661202320 DEBUG   GST_REGISTRY gstregistrychunks.c:626:gst_registry_chunks_load_feature: Element factory : npadtemplates=2
0:00:00.014041933  2724 0x56405b77f320 LOG   GST_POLL gstpoll.c:994:gst_poll_fd_ctl_write: 0x56405b7a3930: pfd->events now 60 (POLLOUT:4)
0:00:00.017968665  2723 0x562661202320 DEBUG   GST_REGISTRY gstregistrychunks.c:526:gst_registry_chunks_load_pad_template: Reading/casting for GstRegistryChunkPadTemplate at address 0x562661228f88
0:00:00.014048335  2724 0x56405b77f320 DEBUG   GST_POLL gstpoll.c:980:gst_poll_fd_ctl_write: 0x56405b7a3930: fd (fd:0, idx:1), active : 1
0:00:00.017974811  2723 0x562661202320 DEBUG   GST_REGISTRY gstregistrychunks.c:539:gst_registry_chunks_load_pad_template: Added pad_template sink
0:00:00.014054823  2724 0x56405b77f320 LOG   GST_POLL gstpoll.c:994:gst_poll_fd_ctl_write: 0x56405b7a3930: pfd->events now 60 (POLLOUT:4)
0:00:00.017981112  2723 0x562661202320 DEBUG   GST_REGISTRY gstregistrychunks.c:526:gst_registry_chunks_load_pad_template: Reading/casting for GstRegistryChunkPadTemplate at address 0x562661228fa0
0:00:00.014061385  2724 0x56405b77f320 DEBUG   GST_POLL gstpoll.c:980:gst_poll_fd_ctl_write: 0x56405b7a3930: fd (fd:0, idx:1), active : 1
0:00:00.017987698  2723 0x562661202320 DEBUG   GST_REGISTRY gstregistrychunks.c:539:gst_registry_chunks_load_pad_template: Added pad_template src
0:00:00.014067718  2724 0x56405b77f320 LOG   GST_POLL gstpoll.c:994:gst_poll_fd_ctl_write: 0x56405b7a3930: pfd->events now 60 (POLLOUT:4)
0:00:00.017995346  2723 0x562661202320 DEBUG   GST_REGISTRY gstregistry.c:590:gst_registry_add_feature: adding feature 0x56266122c2d0 (queue)
0:00:00.014074186  2724 0x56405b77f320 DEBUG   GST_POLL gstpoll.c:980:gst_poll_fd_ctl_write: 0x56405b7a3930: fd (fd:0, idx:1), active : 1
0:00:00.018001467  2723 0x562661202320 DEBUG   GST_REFCOUNTING gstobject.c:709:gst_object_set_parent: set parent (ref and sink)
0:00:00.014080723  2724 0x56405b77f320 LOG   GST_POLL gstpoll.c:994:gst_poll_fd_ctl_write: 0x56405b7a3930: pfd->events now 60 (POLLOUT:4)
0:00:00.018009042  2723 0x562661202320 TRACE   GST_REFCOUNTING gstobject.c:294:gst_object_ref_sink: 0x56266122c2d0 ref_sink 1->2
0:00:00.014087558  2724 0x56405b77f320 DEBUG   GST_POLL gstpoll.c:980:gst_poll_fd_ctl_write: 0x56405b7a3930: fd (fd:0, idx:1), active : 1
0:00:00.018016112  2723 0x562661202320 LOG   GST_REGISTRY gstregistry.c:608:gst_registry_add_feature: emitting feature-added for queue
0:00:00.014093906  2724 0x56405b77f320 LOG   GST_POLL gstpoll.c:994:gst_poll_fd_ctl_write: 0x56405b7a3930: pfd->events now 60 (POLLOUT:4)
0:00:00.018022885  2723 0x562661202320 DEBUG   GST_REGISTRY gstregistrychunks.c:741:gst_registry_chunks_load_feature: Added feature queue, plugin 0x56266122a250 coreelements
0:00:00.014104541  2724 0x56405b77f320 DEBUG   GST_POLL gstpoll.c:980:gst_poll_fd_ctl_write: 0x56405b7a3930: fd (fd:0, idx:1), active : 1
0:00:00.018031291  2723 0x562661202320 DEBUG   GST_REGISTRY gstregistrychunks.c:583:gst_registry_chunks_load_feature: Plugin 'coreelements' feature 'output-selector' typename : 'GstElementFactory'
0:00:00.014110994  2724 0x56405b77f320 LOG   GST_POLL gstpoll.c:994:gst_poll_fd_ctl_write: 0x56405b7a3930: pfd->events now 60 (POLLOUT:4)
0:00:00.018038206  2723 0x562661202320 TRACE   GST_REFCOUNTING gstobject.c:208:gst_object_init: 0x56266122ca50 new
0:00:00.014117366  2724 0x56405b77f320 DEBUG   GST_POLL gstpoll.c:980:gst_poll_fd_ctl_write: 0x56405b7a3930: fd (fd:0, idx:1), active : 1
0:00:00.018045670  2723 0x562661202320 LOG   GST_REGISTRY gstregistrychunks.c:610:gst_registry_chunks_load_feature: Reading/casting for GstRegistryChunkElementFactory at address 0x562661228fd8
0:00:00.014123723  2724 0x56405b77f320 LOG   GST_POLL gstpoll.c:994:gst_poll_fd_ctl_write: 0x56405b7a3930: pfd->events now 60 (POLLOUT:4)
0:00:00.018052445  2723 0x562661202320 TRACE   structure gststructure.c:287:gst_structure_new_id_empty_with_size: created structure 0x56266122cd50
