0:00:00.011032640  2724 0x56405b77f320 DEBUG   GST_POLL gstpoll.c:980:gst_poll_fd_ctl_write: 0x56405b7a3930: fd (fd:0, idx:1), active : 1
0:00:00.011038428  2724 0x56405b77f320 LOG   GST_POLL gstpoll.c:994:gst_poll_fd_ctl_write: 0x56405b7a3930: pfd->events now 60 (POLLOUT:4)
0:00:00.011044393  2724 0x56405b77f320 DEBUG   GST_POLL gstpoll.c:980:gst_poll_fd_ctl_write: 0x56405b7a3930: fd (fd:0, idx:1), active : 1
0:00:00.011050167  2724 0x56405b77f320 LOG   GST_POLL gstpoll.c:994:gst_poll_fd_ctl_write: 0x56405b7a3930: pfd->events now 60 (POLLOUT:4)
0:00:00.011056080  2724 0x56405b77f320 DEBUG   GST_POLL gstpoll.c:980:gst_poll_fd_ctl_write: 0x56405b7a3930: fd (fd:0, idx:1), active : 1
0:00:00.011061867  2724 0x56405b77f320 LOG   GST_POLL gstpoll.c:994:gst_poll_fd_ctl_write: 0x56405b7a3930: pfd->events now 60 (POLLOUT:4)
0:00:00.011067801  2724 0x56405b77f320 DEBUG   GST_POLL gstpoll.c:980:gst_poll_fd_ctl_write: 0x56405b7a3930: fd (fd:0, idx:1), active : 1
0:00:00.011073576  2724 0x56405b77f320 LOG   GST_POLL gstpoll.c:994:gst_poll_fd_ctl_write: 0x56405b7a3930: pfd->events now 60 (POLLOUT:4)
0:00:00.011079508  2724 0x56405b77f320 DEBUG   GST_POLL gstpoll.c:980:gst_poll_fd_ctl_write: 0x56405b7a3930: fd (fd:0, idx:1), active : 1
0:00:00.011085307  2724 0x56405b77f320 LOG   GST_POLL gstpoll.c:994:gst_poll_fd_ctl_write: 0x56405b7a3930: pfd->events now 60 (POLLOUT:4)
0:00:00.011091269  2724 0x56405b77f320 DEBUG   GST_POLL gstpoll.c:980:gst_poll_fd_ctl_write: 0x56405b7a3930: fd (fd:0, idx:1), active : 1
0:00:00.011097055  2724 0x56405b77f320 LOG   GST_POLL gstpoll.c:994:gst_poll_fd_ctl_write: 0x56405b7a3930: pfd->events now 60 (POLLOUT:4)
0:00:00.011103081  2724 0x56405b77f320 DEBUG   GST_POLL gstpoll.c:980:gst_poll_fd_ctl_write: 0x56405b7a3930: fd (fd:0, idx:1), active : 1
0:00:00.011109050  2724 0x56405b77f320 LOG   GST_POLL gstpoll.c:994:gst_poll_fd_ctl_write: 0x56405b7a3930: pfd->events now 60 (POLLOUT:4)
0:00:00.011115070  2724 0x56405b77f320 DEBUG   GST_POLL gstpoll.c:980:gst_poll_fd_ctl_write: 0x56405b7a3930: fd (fd:0, idx:1), active : 1
0:00:00.011120832  2724 0x56405b77f320 LOG   GST_POLL gstpoll.c:994:gst_poll_fd_ctl_write: 0x56405b7a3930: pfd->events now 60 (POLLOUT:4)
0:00:00.011130556  2724 0x56405b77f320 DEBUG   GST_POLL gstpoll.c:980:gst_poll_fd_ctl_write: 0x56405b7a3930: fd (fd:0, idx:1), active : 1
0:00:00.011136432  2724 0x56405b77f320 LOG   GST_POLL gstpoll.c:994:gst_poll_fd_ctl_write: 0x56405b7a3930: pfd->events now 60 (POLLOUT:4)
0:00:00.011142436  2724 0x56405b77f320 DEBUG   GST_POLL gstpoll.c:980:gst_poll_fd_ctl_write: 0x56405b7a3930: fd (fd:0, idx:1), active : 1
0:00:00.011148220  2724 0x56405b77f320 LOG   GST_POLL gstpoll.c:994:gst_poll_fd_ctl_write: 0x56405b7a3930: pfd->events now 60 (POLLOUT:4)
0:00:00.011154276  2724 0x56405b77f320 DEBUG   GST_POLL gstpoll.c:980:gst_poll_fd_ctl_write: 0x56405b7a3930: fd (fd:0, idx:1), active : 1
0:00:00.011160061  2724 0x56405b77f320 LOG   GST_POLL gstpoll.c:994:gst_poll_fd_ctl_write: 0x56405b7a3930: pfd->events now 60 (POLLOUT:4)
0:00:00.011166044  2724 0x56405b77f320 DEBUG   GST_POLL gstpoll.c:980:gst_poll_fd_ctl_write: 0x56405b7a3930: fd (fd:0, idx:1), active : 1
0:00:00.011171825  2724 0x56405b77f320 LOG   GST_POLL gstpoll.c:994:gst_poll_fd_ctl_write: 0x56405b7a3930: pfd->events now 60 (POLLOUT:4)
0:00:00.011177773  2724 0x56405b77f320 DEBUG   GST_POLL gstpoll.c:980:gst_poll_fd_ctl_write: 0x56405b7a3930: fd (fd:0, idx:1), active : 1
0:00:00.011183573  2724 0x56405b77f320 LOG   GST_POLL gstpoll.c:994:gst_poll_fd_ctl_write: 0x56405b7a3930: pfd->events now 60 (POLLOUT:4)
0:00:00.011189546  2724 0x56405b77f320 DEBUG   GST_POLL gstpoll.c:980:gst_poll_fd_ctl_write: 0x56405b7a3930: fd (fd:0, idx:1), active : 1
0:00:00.011195292  2724 0x56405b77f320 LOG   GST_POLL gstpoll.c:994:gst_poll_fd_ctl_write: 0x56405b7a3930: pfd->events now 60 (POLLOUT:4)
0:00:00.011201389  2724 0x56405b77f320 DEBUG   GST_POLL gstpoll.c:980:gst_poll_fd_ctl_write: 0x56405b7a3930: fd (fd:0, idx:1), active : 1
0:00:00.011207165  2724 0x56405b77f320 LOG   GST_POLL gstpoll.c:994:gst_poll_fd_ctl_write: 0x56405b7a3930: pfd->events now 60 (POLLOUT:4)
0:00:00.011213131  2724 0x56405b77f320 DEBUG   GST_POLL gstpoll.c:980:gst_poll_fd_ctl_write: 0x56405b7a3930: fd (fd:0, idx:1), active : 1
0:00:00.011218860  2724 0x56405b77f320 LOG   GST_POLL gstpoll.c:994:gst_poll_fd_ctl_write: 0x56405b7a3930: pfd->events now 60 (POLLOUT:4)
0:00:00.011224850  2724 0x56405b77f320 DEBUG   GST_POLL gstpoll.c:980:gst_poll_fd_ctl_write: 0x56405b7a3930: fd (fd:0, idx:1), active : 1
0:00:00.011230676  2724 0x56405b77f320 LOG   GST_POLL gstpoll.c:994:gst_poll_fd_ctl_write: 0x56405b7a3930: pfd->events now 60 (POLLOUT:4)
0:00:00.011236705  2724 0x56405b77f320 DEBUG   GST_POLL gstpoll.c:980:gst_poll_fd_ctl_write: 0x56405b7a3930: fd (fd:0, idx:1), active : 1
0:00:00.011242442  2724 0x56405b77f320 LOG   GST_POLL gstpoll.c:994:gst_poll_fd_ctl_write: 0x56405b7a3930: pfd->events now 60 (POLLOUT:4)
0:00:00.011248414  2724 0x56405b77f320 DEBUG   GST_POLL gstpoll.c:980:gst_poll_fd_ctl_write: 0x56405b7a3930: fd (fd:0, idx:1), active : 1
0:00:00.011254278  2724 0x56405b77f320 LOG   GST_POLL gstpoll.c:994:gst_poll_fd_ctl_write: 0x56405b7a3930: pfd->events now 60 (POLLOUT:4)
0:00:00.011263917  2724 0x56405b77f320 DEBUG   GST_POLL gstpoll.c:980:gst_poll_fd_ctl_write: 0x56405b7a3930: fd (fd:0, idx:1), active : 1
0:00:00.011269757  2724 0x56405b77f320 LOG   GST_POLL gstpoll.c:994:gst_poll_fd_ctl_write: 0x56405b7a3930: pfd->events now 60 (POLLOUT:4)
0:00:00.011275727  2724 0x56405b77f320 DEBUG   GST_POLL gstpoll.c:980:gst_poll_fd_ctl_write: 0x56405b7a3930: fd (fd:0, idx:1), active : 1
0:00:00.011281677  2724 0x56405b77f320 LOG   GST_POLL gstpoll.c:994:gst_poll_fd_ctl_write: 0x56405b7a3930: pfd->events now 60 (POLLOUT:4)
0:00:00.011288114  2724 0x56405b77f320 DEBUG   GST_POLL gstpoll.c:980:gst_poll_fd_ctl_write: 0x56405b7a3930: fd (fd:0, idx:1), active : 1
0:00:00.011293876  2724 0x56405b77f320 LOG   GST_POLL gstpoll.c:994:gst_poll_fd_ctl_write: 0x56405b7a3930: pfd->events now 60 (POLLOUT:4)
0:00:00.011299839  2724 0x56405b77f320 DEBUG   GST_POLL gstpoll.c:980:gst_poll_fd_ctl_write: 0x56405b7a3930: fd (fd:0, idx:1), active : 1
0:00:00.011305613  2724 0x56405b77f320 LOG   GST_POLL gstpoll.c:994:gst_poll_fd_ctl_write: 0x56405b7a3930: pfd->events now 60 (POLLOUT:4)
0:00:00.011323771  2724 0x56405b77f320 LOG   GST_PLUGIN_LOADING gstpluginloader.c:646:put_chunk: Expanding tx buf from 5764 to 7717 for chunk of size 229
0:00:00.011330213  2724 0x56405b77f320 DEBUG   GST_POLL gstpoll.c:980:gst_poll_fd_ctl_write: 0x56405b7a3930: fd (fd:0, idx:1), active : 1
0:00:00.011336022  2724 0x56405b77f320 LOG   GST_POLL gstpoll.c:994:gst_poll_fd_ctl_write: 0x56405b7a3930: pfd->events now 60 (POLLOUT:4)
0:00:00.011342107  2724 0x56405b77f320 DEBUG   GST_POLL gstpoll.c:980:gst_poll_fd_ctl_write: 0x56405b7a3930: fd (fd:0, idx:1), active : 1
0:00:00.011347854  2724 0x56405b77f320 LOG   GST_POLL gstpoll.c:994:gst_poll_fd_ctl_write: 0x56405b7a3930: pfd->events now 60 (POLLOUT:4)
0:00:00.011353871  2724 0x56405b77f320 DEBUG   GST_POLL gstpoll.c:980:gst_poll_fd_ctl_write: 0x56405b7a3930: fd (fd:0, idx:1), active : 1
0:00:00.011359617  2724 0x56405b77f320 LOG   GST_POLL gstpoll.c:994:gst_poll_fd_ctl_write: 0x56405b7a3930: pfd->events now 60 (POLLOUT:4)
0:00:00.011365580  2724 0x56405b77f320 DEBUG   GST_POLL gstpoll.c:980:gst_poll_fd_ctl_write: 0x56405b7a3930: fd (fd:0, idx:1), active : 1
0:00:00.011371367  2724 0x56405b77f320 LOG   GST_POLL gstpoll.c:994:gst_poll_fd_ctl_write: 0x56405b7a3930: pfd->events now 60 (POLLOUT:4)
0:00:00.011377464  2724 0x56405b77f320 DEBUG   GST_POLL gstpoll.c:980:gst_poll_fd_ctl_write: 0x56405b7a3930: fd (fd:0, idx:1), active : 1
0:00:00.011383236  2724 0x56405b77f320 LOG   GST_POLL gstpoll.c:994:gst_poll_fd_ctl_write: 0x56405b7a3930: pfd->events now 60 (POLLOUT:4)
0:00:00.011389221  2724 0x56405b77f320 DEBUG   GST_POLL gstpoll.c:980:gst_poll_fd_ctl_write: 0x56405b7a3930: fd (fd:0, idx:1), active : 1
0:00:00.011394986  2724 0x56405b77f320 LOG   GST_POLL gstpoll.c:994:gst_poll_fd_ctl_write: 0x56405b7a3930: pfd->events now 60 (POLLOUT:4)
0:00:00.011400977  2724 0x56405b77f320 DEBUG   GST_POLL gstpoll.c:980:gst_poll_fd_ctl_write: 0x56405b7a3930: fd (fd:0, idx:1), active : 1
0:00:00.011411071  2724 0x56405b77f320 LOG   GST_POLL gstpoll.c:994:gst_poll_fd_ctl_write: 0x56405b7a3930: pfd->events now 60 (POLLOUT:4)
0:00:00.011417241  2724 0x56405b77f320 DEBUG   GST_POLL gstpoll.c:980:gst_poll_fd_ctl_write: 0x56405b7a3930: fd (fd:0, idx:1), active : 1
0:00:00.011423198  2724 0x56405b77f320 LOG   GST_POLL gstpoll.c:994:gst_poll_fd_ctl_write: 0x56405b7a3930: pfd->events now 60 (POLLOUT:4)
0:00:00.011429290  2724 0x56405b77f320 DEBUG   GST_POLL gstpoll.c:980:gst_poll_fd_ctl_write: 0x56405b7a3930: fd (fd:0, idx:1), active : 1
0:00:00.011435065  2724 0x56405b77f320 LOG   GST_POLL gstpoll.c:994:gst_poll_fd_ctl_write: 0x56405b7a3930: pfd->events now 60 (POLLOUT:4)
0:00:00.011441093  2724 0x56405b77f320 DEBUG   GST_POLL gstpoll.c:980:gst_poll_fd_ctl_write: 0x56405b7a3930: fd (fd:0, idx:1), active : 1
0:00:00.011446853  2724 0x56405b77f320 LOG   GST_POLL gstpoll.c:994:gst_poll_fd_ctl_write: 0x56405b7a3930: pfd->events now 60 (POLLOUT:4)
0:00:00.011452823  2724 0x56405b77f320 DEBUG   GST_POLL gstpoll.c:980:gst_poll_fd_ctl_write: 0x56405b7a3930: fd (fd:0, idx:1), active : 1
0:00:00.011458613  2724 0x56405b77f320 LOG   GST_POLL gstpoll.c:994:gst_poll_fd_ctl_write: 0x56405b7a3930: pfd->events now 60 (POLLOUT:4)
0:00:00.011464633  2724 0x56405b77f320 DEBUG   GST_POLL gstpoll.c:980:gst_poll_fd_ctl_write: 0x56405b7a3930: fd (fd:0, idx:1), active : 1
0:00:00.011470402  2724 0x56405b77f320 LOG   GST_POLL gstpoll.c:994:gst_poll_fd_ctl_write: 0x56405b7a3930: pfd->events now 60 (POLLOUT:4)
0:00:00.011476422  2724 0x56405b77f320 DEBUG   GST_POLL gstpoll.c:980:gst_poll_fd_ctl_write: 0x56405b7a3930: fd (fd:0, idx:1), active : 1
0:00:00.011482228  2724 0x56405b77f320 LOG   GST_POLL gstpoll.c:994:gst_poll_fd_ctl_write: 0x56405b7a3930: pfd->events now 60 (POLLOUT:4)
0:00:00.011488211  2724 0x56405b77f320 DEBUG   GST_POLL gstpoll.c:980:gst_poll_fd_ctl_write: 0x56405b7a3930: fd (fd:0, idx:1), active : 1
0:00:00.011494007  2724 0x56405b77f320 LOG   GST_POLL gstpoll.c:994:gst_poll_fd_ctl_write: 0x56405b7a3930: pfd->events now 60 (POLLOUT:4)
0:00:00.011499976  2724 0x56405b77f320 DEBUG   GST_POLL gstpoll.c:980:gst_poll_fd_ctl_write: 0x56405b7a3930: fd (fd:0, idx:1), active : 1
0:00:00.011505776  2724 0x56405b77f320 LOG   GST_POLL gstpoll.c:994:gst_poll_fd_ctl_write: 0x56405b7a3930: pfd->events now 60 (POLLOUT:4)
0:00:00.011511770  2724 0x56405b77f320 DEBUG   GST_POLL gstpoll.c:980:gst_poll_fd_ctl_write: 0x56405b7a3930: fd (fd:0, idx:1), active : 1
0:00:00.011517556  2724 0x56405b77f320 LOG   GST_POLL gstpoll.c:994:gst_poll_fd_ctl_write: 0x56405b7a3930: pfd->events now 60 (POLLOUT:4)
0:00:00.011523547  2724 0x56405b77f320 DEBUG   GST_POLL gstpoll.c:980:gst_poll_fd_ctl_write: 0x56405b7a3930: fd (fd:0, idx:1), active : 1
0:00:00.011529353  2724 0x56405b77f320 LOG   GST_POLL gstpoll.c:994:gst_poll_fd_ctl_write: 0x56405b7a3930: pfd->events now 60 (POLLOUT:4)
0:00:00.011535542  2724 0x56405b77f320 DEBUG   GST_POLL gstpoll.c:980:gst_poll_fd_ctl_write: 0x56405b7a3930: fd (fd:0, idx:1), active : 1
0:00:00.011541320  2724 0x56405b77f320 LOG   GST_POLL gstpoll.c:994:gst_poll_fd_ctl_write: 0x56405b7a3930: pfd->events now 60 (POLLOUT:4)
0:00:00.011553093  2724 0x56405b77f320 DEBUG   GST_POLL gstpoll.c:980:gst_poll_fd_ctl_write: 0x56405b7a3930: fd (fd:0, idx:1), active : 1
0:00:00.011559051  2724 0x56405b77f320 LOG   GST_POLL gstpoll.c:994:gst_poll_fd_ctl_write: 0x56405b7a3930: pfd->events now 60 (POLLOUT:4)
0:00:00.011565084  2724 0x56405b77f320 DEBUG   GST_POLL gstpoll.c:980:gst_poll_fd_ctl_write: 0x56405b7a3930: fd (fd:0, idx:1), active : 1
0:00:00.011571133  2724 0x56405b77f320 LOG   GST_POLL gstpoll.c:994:gst_poll_fd_ctl_write: 0x56405b7a3930: pfd->events now 60 (POLLOUT:4)
0:00:00.011577145  2724 0x56405b77f320 DEBUG   GST_POLL gstpoll.c:980:gst_poll_fd_ctl_write: 0x56405b7a3930: fd (fd:0, idx:1), active : 1
0:00:00.011582958  2724 0x56405b77f320 LOG   GST_POLL gstpoll.c:994:gst_poll_fd_ctl_write: 0x56405b7a3930: pfd->events now 60 (POLLOUT:4)
0:00:00.011593012  2724 0x56405b77f320 DEBUG   GST_POLL gstpoll.c:980:gst_poll_fd_ctl_write: 0x56405b7a3930: fd (fd:0, idx:1), active : 1
0:00:00.011598938  2724 0x56405b77f320 LOG   GST_POLL gstpoll.c:994:gst_poll_fd_ctl_write: 0x56405b7a3930: pfd->events now 60 (POLLOUT:4)
0:00:00.011604895  2724 0x56405b77f320 DEBUG   GST_POLL gstpoll.c:980:gst_poll_fd_ctl_write: 0x56405b7a3930: fd (fd:0, idx:1), active : 1
0:00:00.011610679  2724 0x56405b77f320 LOG   GST_POLL gstpoll.c:994:gst_poll_fd_ctl_write: 0x56405b7a3930: pfd->events now 60 (POLLOUT:4)
0:00:00.011616655  2724 0x56405b77f320 DEBUG   GST_POLL gstpoll.c:980:gst_poll_fd_ctl_write: 0x56405b7a3930: fd (fd:0, idx:1), active : 1
0:00:00.011622465  2724 0x56405b77f320 LOG   GST_POLL gstpoll.c:994:gst_poll_fd_ctl_write: 0x56405b7a3930: pfd->events now 60 (POLLOUT:4)
0:00:00.011628451  2724 0x56405b77f320 DEBUG   GST_POLL gstpoll.c:980:gst_poll_fd_ctl_write: 0x56405b7a3930: fd (fd:0, idx:1), active : 1
0:00:00.011634251  2724 0x56405b77f320 LOG   GST_POLL gstpoll.c:994:gst_poll_fd_ctl_write: 0x56405b7a3930: pfd->events now 60 (POLLOUT:4)
0:00:00.011640227  2724 0x56405b77f320 DEBUG   GST_POLL gstpoll.c:980:gst_poll_fd_ctl_write: 0x56405b7a3930: fd (fd:0, idx:1), active : 1
0:00:00.011646027  2724 0x56405b77f320 LOG   GST_POLL gstpoll.c:994:gst_poll_fd_ctl_write: 0x56405b7a3930: pfd->events now 60 (POLLOUT:4)
0:00:00.011652051  2724 0x56405b77f320 DEBUG   GST_POLL gstpoll.c:980:gst_poll_fd_ctl_write: 0x56405b7a3930: fd (fd:0, idx:1), active : 1
0:00:00.011657842  2724 0x56405b77f320 LOG   GST_POLL gstpoll.c:994:gst_poll_fd_ctl_write: 0x56405b7a3930: pfd->events now 60 (POLLOUT:4)
0:00:00.011663865  2724 0x56405b77f320 DEBUG   GST_POLL gstpoll.c:980:gst_poll_fd_ctl_write: 0x56405b7a3930: fd (fd:0, idx:1), active : 1
0:00:00.011669684  2724 0x56405b77f320 LOG   GST_POLL gstpoll.c:994:gst_poll_fd_ctl_write: 0x56405b7a3930: pfd->events now 60 (POLLOUT:4)
0:00:00.011675778  2724 0x56405b77f320 DEBUG   GST_POLL gstpoll.c:980:gst_poll_fd_ctl_write: 0x56405b7a3930: fd (fd:0, idx:1), active : 1
0:00:00.011681562  2724 0x56405b77f320 LOG   GST_POLL gstpoll.c:994:gst_poll_fd_ctl_write: 0x56405b7a3930: pfd->events now 60 (POLLOUT:4)
0:00:00.011691741  2724 0x56405b77f320 DEBUG   GST_POLL gstpoll.c:980:gst_poll_fd_ctl_write: 0x56405b7a3930: fd (fd:0, idx:1), active : 1
0:00:00.011697711  2724 0x56405b77f320 LOG   GST_POLL gstpoll.c:994:gst_poll_fd_ctl_write: 0x56405b7a3930: pfd->events now 60 (POLLOUT:4)
0:00:00.011703688  2724 0x56405b77f320 DEBUG   GST_POLL gstpoll.c:980:gst_poll_fd_ctl_write: 0x56405b7a3930: fd (fd:0, idx:1), active : 1
0:00:00.011709486  2724 0x56405b77f320 LOG   GST_POLL gstpoll.c:994:gst_poll_fd_ctl_write: 0x56405b7a3930: pfd->events now 60 (POLLOUT:4)
0:00:00.011715492  2724 0x56405b77f320 DEBUG   GST_POLL gstpoll.c:980:gst_poll_fd_ctl_write: 0x56405b7a3930: fd (fd:0, idx:1), active : 1
0:00:00.011721293  2724 0x56405b77f320 LOG   GST_POLL gstpoll.c:994:gst_poll_fd_ctl_write: 0x56405b7a3930: pfd->events now 60 (POLLOUT:4)
0:00:00.011727314  2724 0x56405b77f320 DEBUG   GST_POLL gstpoll.c:980:gst_poll_fd_ctl_write: 0x56405b7a3930: fd (fd:0, idx:1), active : 1
0:00:00.011733120  2724 0x56405b77f320 LOG   GST_POLL gstpoll.c:994:gst_poll_fd_ctl_write: 0x56405b7a3930: pfd->events now 60 (POLLOUT:4)
0:00:00.011739112  2724 0x56405b77f320 DEBUG   GST_POLL gstpoll.c:980:gst_poll_fd_ctl_write: 0x56405b7a3930: fd (fd:0, idx:1), active : 1
0:00:00.011744904  2724 0x56405b77f320 LOG   GST_POLL gstpoll.c:994:gst_poll_fd_ctl_write: 0x56405b7a3930: pfd->events now 60 (POLLOUT:4)
0:00:00.011750891  2724 0x56405b77f320 DEBUG   GST_POLL gstpoll.c:980:gst_poll_fd_ctl_write: 0x56405b7a3930: fd (fd:0, idx:1), active : 1
0:00:00.011756670  2724 0x56405b77f320 LOG   GST_POLL gstpoll.c:994:gst_poll_fd_ctl_write: 0x56405b7a3930: pfd->events now 60 (POLLOUT:4)
0:00:00.011762730  2724 0x56405b77f320 DEBUG   GST_POLL gstpoll.c:980:gst_poll_fd_ctl_write: 0x56405b7a3930: fd (fd:0, idx:1), active : 1
0:00:00.011768519  2724 0x56405b77f320 LOG   GST_POLL gstpoll.c:994:gst_poll_fd_ctl_write: 0x56405b7a3930: pfd->events now 60 (POLLOUT:4)
0:00:00.011774550  2724 0x56405b77f320 DEBUG   GST_POLL gstpoll.c:980:gst_poll_fd_ctl_write: 0x56405b7a3930: fd (fd:0, idx:1), active : 1
0:00:00.011780569  2724 0x56405b77f320 LOG   GST_POLL gstpoll.c:994:gst_poll_fd_ctl_write: 0x56405b7a3930: pfd->events now 60 (POLLOUT:4)
0:00:00.011786616  2724 0x56405b77f320 DEBUG   GST_POLL gstpoll.c:980:gst_poll_fd_ctl_write: 0x56405b7a3930: fd (fd:0, idx:1), active : 1
0:00:00.011792458  2724 0x56405b77f320 LOG   GST_POLL gstpoll.c:994:gst_poll_fd_ctl_write: 0x56405b7a3930: pfd->events now 60 (POLLOUT:4)
0:00:00.011798564  2724 0x56405b77f320 DEBUG   GST_POLL gstpoll.c:980:gst_poll_fd_ctl_write: 0x56405b7a3930: fd (fd:0, idx:1), active : 1
0:00:00.011804410  2724 0x56405b77f320 LOG   GST_POLL gstpoll.c:994:gst_poll_fd_ctl_write: 0x56405b7a3930: pfd->events now 60 (POLLOUT:4)
0:00:00.011810402  2724 0x56405b77f320 DEBUG   GST_POLL gstpoll.c:980:gst_poll_fd_ctl_write: 0x56405b7a3930: fd (fd:0, idx:1), active : 1
0:00:00.011816185  2724 0x56405b77f320 LOG   GST_POLL gstpoll.c:994:gst_poll_fd_ctl_write: 0x56405b7a3930: pfd->events now 60 (POLLOUT:4)
0:00:00.011822156  2724 0x56405b77f320 DEBUG   GST_POLL gstpoll.c:980:gst_poll_fd_ctl_write: 0x56405b7a3930: fd (fd:0, idx:1), active : 1
0:00:00.011831973  2724 0x56405b77f320 LOG   GST_POLL gstpoll.c:994:gst_poll_fd_ctl_write: 0x56405b7a3930: pfd->events now 60 (POLLOUT:4)
0:00:00.011838177  2724 0x56405b77f320 DEBUG   GST_POLL gstpoll.c:980:gst_poll_fd_ctl_write: 0x56405b7a3930: fd (fd:0, idx:1), active : 1
0:00:00.011843976  2724 0x56405b77f320 LOG   GST_POLL gstpoll.c:994:gst_poll_fd_ctl_write: 0x56405b7a3930: pfd->events now 60 (POLLOUT:4)
0:00:00.011850048  2724 0x56405b77f320 DEBUG   GST_POLL gstpoll.c:980:gst_poll_fd_ctl_write: 0x56405b7a3930: fd (fd:0, idx:1), active : 1
0:00:00.011855852  2724 0x56405b77f320 LOG   GST_POLL gstpoll.c:994:gst_poll_fd_ctl_write: 0x56405b7a3930: pfd->events now 60 (POLLOUT:4)
0:00:00.011861839  2724 0x56405b77f320 DEBUG   GST_POLL gstpoll.c:980:gst_poll_fd_ctl_write: 0x56405b7a3930: fd (fd:0, idx:1), active : 1
0:00:00.011867601  2724 0x56405b77f320 LOG   GST_POLL gstpoll.c:994:gst_poll_fd_ctl_write: 0x56405b7a3930: pfd->events now 60 (POLLOUT:4)
0:00:00.011873547  2724 0x56405b77f320 DEBUG   GST_POLL gstpoll.c:980:gst_poll_fd_ctl_write: 0x56405b7a3930: fd (fd:0, idx:1), active : 1
0:00:00.011879324  2724 0x56405b77f320 LOG   GST_POLL gstpoll.c:994:gst_poll_fd_ctl_write: 0x56405b7a3930: pfd->events now 60 (POLLOUT:4)
0:00:00.011885307  2724 0x56405b77f320 DEBUG   GST_POLL gstpoll.c:980:gst_poll_fd_ctl_write: 0x56405b7a3930: fd (fd:0, idx:1), active : 1
0:00:00.011891112  2724 0x56405b77f320 LOG   GST_POLL gstpoll.c:994:gst_poll_fd_ctl_write: 0x56405b7a3930: pfd->events now 60 (POLLOUT:4)
0:00:00.011897087  2724 0x56405b77f320 DEBUG   GST_POLL gstpoll.c:980:gst_poll_fd_ctl_write: 0x56405b7a3930: fd (fd:0, idx:1), active : 1
0:00:00.011902873  2724 0x56405b77f320 LOG   GST_POLL gstpoll.c:994:gst_poll_fd_ctl_write: 0x56405b7a3930: pfd->events now 60 (POLLOUT:4)
0:00:00.011908947  2724 0x56405b77f320 DEBUG   GST_POLL gstpoll.c:980:gst_poll_fd_ctl_write: 0x56405b7a3930: fd (fd:0, idx:1), active : 1
0:00:00.011914767  2724 0x56405b77f320 LOG   GST_POLL gstpoll.c:994:gst_poll_fd_ctl_write: 0x56405b7a3930: pfd->events now 60 (POLLOUT:4)
0:00:00.011920821  2724 0x56405b77f320 DEBUG   GST_POLL gstpoll.c:980:gst_poll_fd_ctl_write: 0x56405b7a3930: fd (fd:0, idx:1), active : 1
0:00:00.011926692  2724 0x56405b77f320 LOG   GST_POLL gstpoll.c:994:gst_poll_fd_ctl_write: 0x56405b7a3930: pfd->events now 60 (POLLOUT:4)
0:00:00.011932752  2724 0x56405b77f320 DEBUG   GST_POLL gstpoll.c:980:gst_poll_fd_ctl_write: 0x56405b7a3930: fd (fd:0, idx:1), active : 1
0:00:00.011938535  2724 0x56405b77f320 LOG   GST_POLL gstpoll.c:994:gst_poll_fd_ctl_write: 0x56405b7a3930: pfd->events now 60 (POLLOUT:4)
0:00:00.011944490  2724 0x56405b77f320 DEBUG   GST_POLL gstpoll.c:980:gst_poll_fd_ctl_write: 0x56405b7a3930: fd (fd:0, idx:1), active : 1
0:00:00.011950247  2724 0x56405b77f320 LOG   GST_POLL gstpoll.c:994:gst_poll_fd_ctl_write: 0x56405b7a3930: pfd->events now 60 (POLLOUT:4)
0:00:00.011956256  2724 0x56405b77f320 DEBUG   GST_POLL gstpoll.c:980:gst_poll_fd_ctl_write: 0x56405b7a3930: fd (fd:0, idx:1), active : 1
0:00:00.011966124  2724 0x56405b77f320 LOG   GST_POLL gstpoll.c:994:gst_poll_fd_ctl_write: 0x56405b7a3930: pfd->events now 60 (POLLOUT:4)
0:00:00.011972269  2724 0x56405b77f320 DEBUG   GST_POLL gstpoll.c:980:gst_poll_fd_ctl_write: 0x56405b7a3930: fd (fd:0, idx:1), active : 1
0:00:00.011978049  2724 0x56405b77f320 LOG   GST_POLL gstpoll.c:994:gst_poll_fd_ctl_write: 0x56405b7a3930: pfd->events now 60 (POLLOUT:4)
0:00:00.011984021  2724 0x56405b77f320 DEBUG   GST_POLL gstpoll.c:980:gst_poll_fd_ctl_write: 0x56405b7a3930: fd (fd:0, idx:1), active : 1
0:00:00.011989795  2724 0x56405b77f320 LOG   GST_POLL gstpoll.c:994:gst_poll_fd_ctl_write: 0x56405b7a3930: pfd->events now 60 (POLLOUT:4)
0:00:00.012000113  2724 0x56405b77f320 TRACE   GST_REFCOUNTING gstobject.c:265:gst_object_unref: 0x56405b7a7620 unref 2->1
0:00:00.012007639  2724 0x56405b77f320 DEBUG   GST_POLL gstpoll.c:1241:gst_poll_fd_has_error: 0x56405b7a3930: fd (fd:0, idx:1) 0
0:00:00.012014302  2724 0x56405b77f320 DEBUG   GST_POLL gstpoll.c:1335:gst_poll_fd_can_write: 0x56405b7a3930: fd (fd:0, idx:1) 1
0:00:00.012020264  2724 0x56405b77f320 LOG   GST_PLUGIN_LOADING gstpluginloader.c:690:write_one: Writing packet of size 488 bytes to fd 0
0:00:00.012038035  2724 0x56405b77f320 DEBUG   GST_POLL gstpoll.c:1414:gst_poll_wait: 0x56405b7a3930: timeout :0:00:01.000000000
0:00:00.012048752  2724 0x56405b77f320 LOG   GST_PLUGIN_LOADING gstpluginloader.c:1028:exchange_packets: Poll res = 2. 6872 bytes pending for write
0:00:00.012055863  2724 0x56405b77f320 DEBUG   GST_POLL gstpoll.c:1241:gst_poll_fd_has_error: 0x56405b7a3930: fd (fd:5, idx:2) 0
0:00:00.012062251  2724 0x56405b77f320 DEBUG   GST_POLL gstpoll.c:1266:gst_poll_fd_can_read_unlocked: 0x56405b7a3930: fd (fd:5, idx:2) 1
0:00:00.015984199  2723 0x562661202320 LOG   GST_PLUGIN_LOADING gstpluginloader.c:1028:exchange_packets: Poll res = 1. 0 bytes pending for write
0:00:00.012072465  2724 0x56405b77f320 DEBUG   GST_PLUGIN_LOADING gstpluginloader.c:722:do_plugin_load: Plugin scanner loading file /home/conan/w/prod/BuildSingleReference/.conan/data/gstreamer/1.18.3/_/_/package/d5d34cb95e58eb395d954c026f8b3b95a47b8905/lib/gstreamer-1.0/libgstcoretracers.so. tag 2
0:00:00.016005980  2723 0x562661202320 DEBUG   GST_POLL gstpoll.c:1241:gst_poll_fd_has_error: 0x562661227530: fd (fd:8, idx:2) 0
0:00:00.012083547  2724 0x56405b77f320 TRACE   GST_REFCOUNTING gstobject.c:238:gst_object_ref: 0x56405b7a52b0 ref 1->2
0:00:00.016014818  2723 0x562661202320 DEBUG   GST_POLL gstpoll.c:1266:gst_poll_fd_can_read_unlocked: 0x562661227530: fd (fd:8, idx:2) 1
0:00:00.012093420  2724 0x56405b77f320 TRACE   GST_REFCOUNTING gstobject.c:238:gst_object_ref: 0x56405b7a6e40 ref 1->2
0:00:00.012100876  2724 0x56405b77f320 TRACE   GST_REFCOUNTING gstobject.c:238:gst_object_ref: 0x56405b7a6ba0 ref 1->2
0:00:00.016027113  2723 0x562661202320 DEBUG   GST_PLUGIN_LOADING gstpluginloader.c:850:handle_rx_packet: Received plugin details from child w/ tag 0. 476 bytes info
0:00:00.012107443  2724 0x56405b77f320 TRACE   GST_REFCOUNTING gstobject.c:238:gst_object_ref: 0x56405b7a67a0 ref 1->2
0:00:00.016034866  2723 0x562661202320 LOG   GST_REGISTRY gstregistrychunks.c:837:_priv_gst_registry_chunks_load_plugin: Reading/casting for GstRegistryChunkPluginElement at address 0x562661222dc0
0:00:00.012118801  2724 0x56405b77f320 TRACE   GST_REFCOUNTING gstobject.c:238:gst_object_ref: 0x56405b7a6580 ref 1->2
0:00:00.012126173  2724 0x56405b77f320 TRACE   GST_REFCOUNTING gstobject.c:238:gst_object_ref: 0x56405b7a6010 ref 1->2
0:00:00.016055119  2723 0x562661202320 TRACE   GST_REFCOUNTING gstobject.c:208:gst_object_init: 0x562661227b90 new
0:00:00.012134757  2724 0x56405b77f320 TRACE   GST_REFCOUNTING gstobject.c:265:gst_object_unref: 0x56405b7a6010 unref 2->1
0:00:00.012142064  2724 0x56405b77f320 TRACE   GST_REFCOUNTING gstobject.c:265:gst_object_unref: 0x56405b7a6580 unref 2->1
0:00:00.012148593  2724 0x56405b77f320 TRACE   GST_REFCOUNTING gstobject.c:265:gst_object_unref: 0x56405b7a67a0 unref 2->1
0:00:00.012155025  2724 0x56405b77f320 TRACE   GST_REFCOUNTING gstobject.c:265:gst_object_unref: 0x56405b7a6ba0 unref 2->1
0:00:00.012161473  2724 0x56405b77f320 TRACE   GST_REFCOUNTING gstobject.c:265:gst_object_unref: 0x56405b7a6e40 unref 2->1
0:00:00.016086466  2723 0x562661202320 LOG   GST_REGISTRY gstregistrychunks.c:858:_priv_gst_registry_chunks_load_plugin: read strings for name='coretracers'
0:00:00.012169548  2724 0x56405b77f320 DEBUG   GST_REGISTRY gstregistrychunks.c:498:_priv_gst_registry_chunks_save_plugin: Found 5 features in plugin 0x56405b7a52b0 (coretracers)
0:00:00.016094610  2723 0x562661202320 LOG   GST_REGISTRY gstregistrychunks.c:859:_priv_gst_registry_chunks_load_plugin: desc.description='GStreamer core tracers'
0:00:00.012176840  2724 0x56405b77f320 DEBUG   GST_POLL gstpoll.c:980:gst_poll_fd_ctl_write: 0x56405b7a3930: fd (fd:0, idx:1), active : 1
0:00:00.016103012  2723 0x562661202320 LOG   GST_REGISTRY gstregistrychunks.c:860:_priv_gst_registry_chunks_load_plugin: filename='/home/conan/w/prod/BuildSingleReference/.conan/data/gstreamer/1.18.3/_/_/package/d5d34cb95e58eb395d954c026f8b3b95a47b8905/lib/gstreamer-1.0/libgstcoretracers.so'
0:00:00.012183299  2724 0x56405b77f320 LOG   GST_POLL gstpoll.c:994:gst_poll_fd_ctl_write: 0x56405b7a3930: pfd->events now 60 (POLLOUT:4)
0:00:00.016109530  2723 0x562661202320 LOG   GST_REGISTRY gstregistrychunks.c:861:_priv_gst_registry_chunks_load_plugin: desc.version='1.18.3'
0:00:00.012190115  2724 0x56405b77f320 DEBUG   GST_POLL gstpoll.c:980:gst_poll_fd_ctl_write: 0x56405b7a3930: fd (fd:0, idx:1), active : 1
0:00:00.016116024  2723 0x562661202320 LOG   GST_REGISTRY gstregistrychunks.c:862:_priv_gst_registry_chunks_load_plugin: desc.license='LGPL'
0:00:00.012196572  2724 0x56405b77f320 LOG   GST_POLL gstpoll.c:994:gst_poll_fd_ctl_write: 0x56405b7a3930: pfd->events now 60 (POLLOUT:4)
0:00:00.016122747  2723 0x562661202320 LOG   GST_REGISTRY gstregistrychunks.c:863:_priv_gst_registry_chunks_load_plugin: desc.source='gstreamer'
0:00:00.012203081  2724 0x56405b77f320 DEBUG   GST_POLL gstpoll.c:980:gst_poll_fd_ctl_write: 0x56405b7a3930: fd (fd:0, idx:1), active : 1
0:00:00.016129117  2723 0x562661202320 LOG   GST_REGISTRY gstregistrychunks.c:864:_priv_gst_registry_chunks_load_plugin: desc.package='GStreamer source release'
0:00:00.012213214  2724 0x56405b77f320 LOG   GST_POLL gstpoll.c:994:gst_poll_fd_ctl_write: 0x56405b7a3930: pfd->events now 60 (POLLOUT:4)
0:00:00.016139561  2723 0x562661202320 LOG   GST_REGISTRY gstregistrychunks.c:865:_priv_gst_registry_chunks_load_plugin: desc.origin='Unknown package origin'
0:00:00.012219750  2724 0x56405b77f320 DEBUG   GST_POLL gstpoll.c:980:gst_poll_fd_ctl_write: 0x56405b7a3930: fd (fd:0, idx:1), active : 1
0:00:00.016145902  2723 0x562661202320 LOG   GST_REGISTRY gstregistrychunks.c:866:_priv_gst_registry_chunks_load_plugin: desc.datetime=2021-01-13
0:00:00.012226141  2724 0x56405b77f320 LOG   GST_POLL gstpoll.c:994:gst_poll_fd_ctl_write: 0x56405b7a3930: pfd->events now 60 (POLLOUT:4)
0:00:00.012232936  2724 0x56405b77f320 DEBUG   GST_POLL gstpoll.c:980:gst_poll_fd_ctl_write: 0x56405b7a3930: fd (fd:0, idx:1), active : 1
0:00:00.016160213  2723 0x562661202320 DEBUG   GST_REGISTRY gstregistry.c:474:gst_registry_add_plugin: adding plugin 0x562661227b90 for filename "/home/conan/w/prod/BuildSingleReference/.conan/data/gstreamer/1.18.3/_/_/package/d5d34cb95e58eb395d954c026f8b3b95a47b8905/lib/gstreamer-1.0/libgstcoretracers.so"
0:00:00.012238807  2724 0x56405b77f320 LOG   GST_POLL gstpoll.c:994:gst_poll_fd_ctl_write: 0x56405b7a3930: pfd->events now 60 (POLLOUT:4)
0:00:00.016169084  2723 0x562661202320 TRACE   GST_REFCOUNTING gstobject.c:294:gst_object_ref_sink: 0x562661227b90 ref_sink 1->2
0:00:00.012245525  2724 0x56405b77f320 DEBUG   GST_POLL gstpoll.c:980:gst_poll_fd_ctl_write: 0x56405b7a3930: fd (fd:0, idx:1), active : 1
0:00:00.016176622  2723 0x562661202320 LOG   GST_REGISTRY gstregistry.c:487:gst_registry_add_plugin: emitting plugin-added for filename "/home/conan/w/prod/BuildSingleReference/.conan/data/gstreamer/1.18.3/_/_/package/d5d34cb95e58eb395d954c026f8b3b95a47b8905/lib/gstreamer-1.0/libgstcoretracers.so"
0:00:00.012254064  2724 0x56405b77f320 LOG   GST_POLL gstpoll.c:994:gst_poll_fd_ctl_write: 0x56405b7a3930: pfd->events now 60 (POLLOUT:4)
0:00:00.016184169  2723 0x562661202320 DEBUG   GST_REGISTRY gstregistrychunks.c:887:_priv_gst_registry_chunks_load_plugin: Added plugin 'coretracers' plugin with 5 features from binary registry
0:00:00.012261566  2724 0x56405b77f320 DEBUG   GST_POLL gstpoll.c:980:gst_poll_fd_ctl_write: 0x56405b7a3930: fd (fd:0, idx:1), active : 1
0:00:00.016191442  2723 0x562661202320 DEBUG   GST_REGISTRY gstregistrychunks.c:583:gst_registry_chunks_load_feature: Plugin 'coretracers' feature 'leaks' typename : 'GstTracerFactory'
0:00:00.012268573  2724 0x56405b77f320 LOG   GST_POLL gstpoll.c:994:gst_poll_fd_ctl_write: 0x56405b7a3930: pfd->events now 60 (POLLOUT:4)
0:00:00.012276157  2724 0x56405b77f320 DEBUG   GST_POLL gstpoll.c:980:gst_poll_fd_ctl_write: 0x56405b7a3930: fd (fd:0, idx:1), active : 1
0:00:00.012282018  2724 0x56405b77f320 LOG   GST_POLL gstpoll.c:994:gst_poll_fd_ctl_write: 0x56405b7a3930: pfd->events now 60 (POLLOUT:4)
0:00:00.016209464  2723 0x562661202320 TRACE   GST_REFCOUNTING gstobject.c:208:gst_object_init: 0x562661227f40 new
0:00:00.012288103  2724 0x56405b77f320 DEBUG   GST_POLL gstpoll.c:980:gst_poll_fd_ctl_write: 0x56405b7a3930: fd (fd:0, idx:1), active : 1
0:00:00.016226415  2723 0x562661202320 DEBUG   GST_REGISTRY gstregistrychunks.c:718:gst_registry_chunks_load_feature: Reading/casting for GstRegistryChunkPluginFeature at address 0x562661222f08
0:00:00.012301889  2724 0x56405b77f320 LOG   GST_POLL gstpoll.c:994:gst_poll_fd_ctl_write: 0x56405b7a3930: pfd->events now 60 (POLLOUT:4)
0:00:00.012322181  2724 0x56405b77f320 DEBUG   GST_POLL gstpoll.c:980:gst_poll_fd_ctl_write: 0x56405b7a3930: fd (fd:0, idx:1), active : 1
0:00:00.016251178  2723 0x562661202320 DEBUG   GST_REGISTRY gstregistry.c:590:gst_registry_add_feature: adding feature 0x562661227f40 (leaks)
0:00:00.012329217  2724 0x56405b77f320 LOG   GST_POLL gstpoll.c:994:gst_poll_fd_ctl_write: 0x56405b7a3930: pfd->events now 60 (POLLOUT:4)
0:00:00.012338950  2724 0x56405b77f320 DEBUG   GST_POLL gstpoll.c:980:gst_poll_fd_ctl_write: 0x56405b7a3930: fd (fd:0, idx:1), active : 1
0:00:00.012344777  2724 0x56405b77f320 LOG   GST_POLL gstpoll.c:994:gst_poll_fd_ctl_write: 0x56405b7a3930: pfd->events now 60 (POLLOUT:4)
0:00:00.016264930  2723 0x562661202320 DEBUG   GST_REFCOUNTING gstobject.c:709:gst_object_set_parent: set parent (ref and sink)
0:00:00.012350897  2724 0x56405b77f320 DEBUG   GST_POLL gstpoll.c:980:gst_poll_fd_ctl_write: 0x56405b7a3930: fd (fd:0, idx:1), active : 1
0:00:00.012357278  2724 0x56405b77f320 LOG   GST_POLL gstpoll.c:994:gst_poll_fd_ctl_write: 0x56405b7a3930: pfd->events now 60 (POLLOUT:4)
0:00:00.016280811  2723 0x562661202320 TRACE   GST_REFCOUNTING gstobject.c:294:gst_object_ref_sink: 0x562661227f40 ref_sink 1->2
0:00:00.012363400  2724 0x56405b77f320 DEBUG   GST_POLL gstpoll.c:980:gst_poll_fd_ctl_write: 0x56405b7a3930: fd (fd:0, idx:1), active : 1
0:00:00.016290454  2723 0x562661202320 LOG   GST_REGISTRY gstregistry.c:608:gst_registry_add_feature: emitting feature-added for leaks
0:00:00.012369710  2724 0x56405b77f320 LOG   GST_POLL gstpoll.c:994:gst_poll_fd_ctl_write: 0x56405b7a3930: pfd->events now 60 (POLLOUT:4)
0:00:00.016297924  2723 0x562661202320 DEBUG   GST_REGISTRY gstregistrychunks.c:741:gst_registry_chunks_load_feature: Added feature leaks, plugin 0x562661227b90 coretracers
0:00:00.012376167  2724 0x56405b77f320 DEBUG   GST_POLL gstpoll.c:980:gst_poll_fd_ctl_write: 0x56405b7a3930: fd (fd:0, idx:1), active : 1
0:00:00.016304626  2723 0x562661202320 DEBUG   GST_REGISTRY gstregistrychunks.c:583:gst_registry_chunks_load_feature: Plugin 'coretracers' feature 'stats' typename : 'GstTracerFactory'
0:00:00.012382442  2724 0x56405b77f320 LOG   GST_POLL gstpoll.c:994:gst_poll_fd_ctl_write: 0x56405b7a3930: pfd->events now 60 (POLLOUT:4)
0:00:00.016312955  2723 0x562661202320 TRACE   GST_REFCOUNTING gstobject.c:208:gst_object_init: 0x562661228090 new
0:00:00.012389026  2724 0x56405b77f320 DEBUG   GST_POLL gstpoll.c:980:gst_poll_fd_ctl_write: 0x56405b7a3930: fd (fd:0, idx:1), active : 1
0:00:00.016321069  2723 0x562661202320 DEBUG   GST_REGISTRY gstregistrychunks.c:718:gst_registry_chunks_load_feature: Reading/casting for GstRegistryChunkPluginFeature at address 0x562661222f28
0:00:00.012397697  2724 0x56405b77f320 LOG   GST_POLL gstpoll.c:994:gst_poll_fd_ctl_write: 0x56405b7a3930: pfd->events now 60 (POLLOUT:4)
0:00:00.016333866  2723 0x562661202320 DEBUG   GST_REGISTRY gstregistry.c:590:gst_registry_add_feature: adding feature 0x562661228090 (stats)
0:00:00.012411024  2724 0x56405b77f320 LOG   GST_PLUGIN_LOADING gstpluginloader.c:646:put_chunk: Expanding tx buf from 7717 to 10158 for chunk of size 17
0:00:00.016340225  2723 0x562661202320 DEBUG   GST_REFCOUNTING gstobject.c:709:gst_object_set_parent: set parent (ref and sink)
0:00:00.012421993  2724 0x56405b77f320 DEBUG   GST_POLL gstpoll.c:980:gst_poll_fd_ctl_write: 0x56405b7a3930: fd (fd:0, idx:1), active : 1
0:00:00.016347465  2723 0x562661202320 TRACE   GST_REFCOUNTING gstobject.c:294:gst_object_ref_sink: 0x562661228090 ref_sink 1->2
0:00:00.012428915  2724 0x56405b77f320 LOG   GST_POLL gstpoll.c:994:gst_poll_fd_ctl_write: 0x56405b7a3930: pfd->events now 60 (POLLOUT:4)
0:00:00.016355467  2723 0x562661202320 LOG   GST_REGISTRY gstregistry.c:608:gst_registry_add_feature: emitting feature-added for stats
0:00:00.012435429  2724 0x56405b77f320 DEBUG   GST_POLL gstpoll.c:980:gst_poll_fd_ctl_write: 0x56405b7a3930: fd (fd:0, idx:1), active : 1
0:00:00.016362175  2723 0x562661202320 DEBUG   GST_REGISTRY gstregistrychunks.c:741:gst_registry_chunks_load_feature: Added feature stats, plugin 0x562661227b90 coretracers
0:00:00.012441654  2724 0x56405b77f320 LOG   GST_POLL gstpoll.c:994:gst_poll_fd_ctl_write: 0x56405b7a3930: pfd->events now 60 (POLLOUT:4)
0:00:00.016368729  2723 0x562661202320 DEBUG   GST_REGISTRY gstregistrychunks.c:583:gst_registry_chunks_load_feature: Plugin 'coretracers' feature 'rusage' typename : 'GstTracerFactory'
0:00:00.012448092  2724 0x56405b77f320 DEBUG   GST_POLL gstpoll.c:980:gst_poll_fd_ctl_write: 0x56405b7a3930: fd (fd:0, idx:1), active : 1
0:00:00.016375673  2723 0x562661202320 TRACE   GST_REFCOUNTING gstobject.c:208:gst_object_init: 0x5626612281e0 new
0:00:00.012454669  2724 0x56405b77f320 LOG   GST_POLL gstpoll.c:994:gst_poll_fd_ctl_write: 0x56405b7a3930: pfd->events now 60 (POLLOUT:4)
0:00:00.016383121  2723 0x562661202320 DEBUG   GST_REGISTRY gstregistrychunks.c:718:gst_registry_chunks_load_feature: Reading/casting for GstRegistryChunkPluginFeature at address 0x562661222f48
0:00:00.012461216  2724 0x56405b77f320 DEBUG   GST_POLL gstpoll.c:980:gst_poll_fd_ctl_write: 0x56405b7a3930: fd (fd:0, idx:1), active : 1
0:00:00.016390222  2723 0x562661202320 DEBUG   GST_REGISTRY gstregistry.c:590:gst_registry_add_feature: adding feature 0x5626612281e0 (rusage)
0:00:00.012467413  2724 0x56405b77f320 LOG   GST_POLL gstpoll.c:994:gst_poll_fd_ctl_write: 0x56405b7a3930: pfd->events now 60 (POLLOUT:4)
0:00:00.016396297  2723 0x562661202320 DEBUG   GST_REFCOUNTING gstobject.c:709:gst_object_set_parent: set parent (ref and sink)
0:00:00.012474585  2724 0x56405b77f320 DEBUG   GST_POLL gstpoll.c:980:gst_poll_fd_ctl_write: 0x56405b7a3930: fd (fd:0, idx:1), active : 1
0:00:00.016403485  2723 0x562661202320 TRACE   GST_REFCOUNTING gstobject.c:294:gst_object_ref_sink: 0x5626612281e0 ref_sink 1->2
0:00:00.012487298  2724 0x56405b77f320 LOG   GST_POLL gstpoll.c:994:gst_poll_fd_ctl_write: 0x56405b7a3930: pfd->events now 60 (POLLOUT:4)
0:00:00.016414004  2723 0x562661202320 LOG   GST_REGISTRY gstregistry.c:608:gst_registry_add_feature: emitting feature-added for rusage
0:00:00.012493919  2724 0x56405b77f320 DEBUG   GST_POLL gstpoll.c:980:gst_poll_fd_ctl_write: 0x56405b7a3930: fd (fd:0, idx:1), active : 1
0:00:00.016420926  2723 0x562661202320 DEBUG   GST_REGISTRY gstregistrychunks.c:741:gst_registry_chunks_load_feature: Added feature rusage, plugin 0x562661227b90 coretracers
0:00:00.012500196  2724 0x56405b77f320 LOG   GST_POLL gstpoll.c:994:gst_poll_fd_ctl_write: 0x56405b7a3930: pfd->events now 60 (POLLOUT:4)
0:00:00.016427610  2723 0x562661202320 DEBUG   GST_REGISTRY gstregistrychunks.c:583:gst_registry_chunks_load_feature: Plugin 'coretracers' feature 'log' typename : 'GstTracerFactory'
0:00:00.012506957  2724 0x56405b77f320 DEBUG   GST_POLL gstpoll.c:980:gst_poll_fd_ctl_write: 0x56405b7a3930: fd (fd:0, idx:1), active : 1
0:00:00.016434287  2723 0x562661202320 TRACE   GST_REFCOUNTING gstobject.c:208:gst_object_init: 0x562661228340 new
0:00:00.012513268  2724 0x56405b77f320 LOG   GST_POLL gstpoll.c:994:gst_poll_fd_ctl_write: 0x56405b7a3930: pfd->events now 60 (POLLOUT:4)
0:00:00.016441370  2723 0x562661202320 DEBUG   GST_REGISTRY gstregistrychunks.c:718:gst_registry_chunks_load_feature: Reading/casting for GstRegistryChunkPluginFeature at address 0x562661222f68
0:00:00.012519841  2724 0x56405b77f320 DEBUG   GST_POLL gstpoll.c:980:gst_poll_fd_ctl_write: 0x56405b7a3930: fd (fd:0, idx:1), active : 1
0:00:00.016448702  2723 0x562661202320 DEBUG   GST_REGISTRY gstregistry.c:590:gst_registry_add_feature: adding feature 0x562661228340 (log)
0:00:00.012526060  2724 0x56405b77f320 LOG   GST_POLL gstpoll.c:994:gst_poll_fd_ctl_write: 0x56405b7a3930: pfd->events now 60 (POLLOUT:4)
0:00:00.016454889  2723 0x562661202320 DEBUG   GST_REFCOUNTING gstobject.c:709:gst_object_set_parent: set parent (ref and sink)
0:00:00.012533525  2724 0x56405b77f320 DEBUG   GST_POLL gstpoll.c:980:gst_poll_fd_ctl_write: 0x56405b7a3930: fd (fd:0, idx:1), active : 1
0:00:00.016462032  2723 0x562661202320 TRACE   GST_REFCOUNTING gstobject.c:294:gst_object_ref_sink: 0x562661228340 ref_sink 1->2
0:00:00.012539704  2724 0x56405b77f320 LOG   GST_POLL gstpoll.c:994:gst_poll_fd_ctl_write: 0x56405b7a3930: pfd->events now 60 (POLLOUT:4)
0:00:00.016468761  2723 0x562661202320 LOG   GST_REGISTRY gstregistry.c:608:gst_registry_add_feature: emitting feature-added for log
0:00:00.012546710  2724 0x56405b77f320 DEBUG   GST_POLL gstpoll.c:980:gst_poll_fd_ctl_write: 0x56405b7a3930: fd (fd:0, idx:1), active : 1
0:00:00.016475436  2723 0x562661202320 DEBUG   GST_REGISTRY gstregistrychunks.c:741:gst_registry_chunks_load_feature: Added feature log, plugin 0x562661227b90 coretracers
0:00:00.012552837  2724 0x56405b77f320 LOG   GST_POLL gstpoll.c:994:gst_poll_fd_ctl_write: 0x56405b7a3930: pfd->events now 60 (POLLOUT:4)
0:00:00.016482037  2723 0x562661202320 DEBUG   GST_REGISTRY gstregistrychunks.c:583:gst_registry_chunks_load_feature: Plugin 'coretracers' feature 'latency' typename : 'GstTracerFactory'
0:00:00.012563935  2724 0x56405b77f320 DEBUG   GST_POLL gstpoll.c:980:gst_poll_fd_ctl_write: 0x56405b7a3930: fd (fd:0, idx:1), active : 1
0:00:00.016490779  2723 0x562661202320 TRACE   GST_REFCOUNTING gstobject.c:208:gst_object_init: 0x5626612284a0 new
0:00:00.012570238  2724 0x56405b77f320 LOG   GST_POLL gstpoll.c:994:gst_poll_fd_ctl_write: 0x56405b7a3930: pfd->events now 60 (POLLOUT:4)
0:00:00.016497890  2723 0x562661202320 DEBUG   GST_REGISTRY gstregistrychunks.c:718:gst_registry_chunks_load_feature: Reading/casting for GstRegistryChunkPluginFeature at address 0x562661222f90
0:00:00.016504991  2723 0x562661202320 DEBUG   GST_REGISTRY gstregistry.c:590:gst_registry_add_feature: adding feature 0x5626612284a0 (latency)
0:00:00.016510624  2723 0x562661202320 DEBUG   GST_REFCOUNTING gstobject.c:709:gst_object_set_parent: set parent (ref and sink)
0:00:00.012576712  2724 0x56405b77f320 DEBUG   GST_POLL gstpoll.c:980:gst_poll_fd_ctl_write: 0x56405b7a3930: fd (fd:0, idx:1), active : 1
0:00:00.016517280  2723 0x562661202320 TRACE   GST_REFCOUNTING gstobject.c:294:gst_object_ref_sink: 0x5626612284a0 ref_sink 1->2
0:00:00.012595098  2724 0x56405b77f320 LOG   GST_POLL gstpoll.c:994:gst_poll_fd_ctl_write: 0x56405b7a3930: pfd->events now 60 (POLLOUT:4)
0:00:00.016523998  2723 0x562661202320 LOG   GST_REGISTRY gstregistry.c:608:gst_registry_add_feature: emitting feature-added for latency
0:00:00.012603114  2724 0x56405b77f320 TRACE   GST_REFCOUNTING gstobject.c:265:gst_object_unref: 0x56405b7a52b0 unref 2->1
0:00:00.016530929  2723 0x562661202320 DEBUG   GST_REGISTRY gstregistrychunks.c:741:gst_registry_chunks_load_feature: Added feature latency, plugin 0x562661227b90 coretracers
0:00:00.012610268  2724 0x56405b77f320 DEBUG   GST_POLL gstpoll.c:1241:gst_poll_fd_has_error: 0x56405b7a3930: fd (fd:0, idx:1) 0
0:00:00.016538244  2723 0x562661202320 LOG   GST_PLUGIN_LOADING gstpluginloader.c:889:handle_rx_packet: marking plugin 0x562661227b90 as registered as /home/conan/w/prod/BuildSingleReference/.conan/data/gstreamer/1.18.3/_/_/package/d5d34cb95e58eb395d954c026f8b3b95a47b8905/lib/gstreamer-1.0/libgstcoretracers.so
0:00:00.012617072  2724 0x56405b77f320 DEBUG   GST_POLL gstpoll.c:1335:gst_poll_fd_can_write: 0x56405b7a3930: fd (fd:0, idx:1) 1
0:00:00.012623440  2724 0x56405b77f320 LOG   GST_PLUGIN_LOADING gstpluginloader.c:690:write_one: Writing packet of size 6872 bytes to fd 0
0:00:00.016549448  2723 0x562661202320 DEBUG   GST_POLL gstpoll.c:1414:gst_poll_wait: 0x562661227530: timeout :0:00:01.000000000
0:00:00.012634752  2724 0x56405b77f320 DEBUG   GST_POLL gstpoll.c:1414:gst_poll_wait: 0x56405b7a3930: timeout :0:00:01.000000000
0:00:00.016559918  2723 0x562661202320 LOG   GST_PLUGIN_LOADING gstpluginloader.c:1028:exchange_packets: Poll res = 1. 0 bytes pending for write
0:00:00.012643831  2724 0x56405b77f320 LOG   GST_PLUGIN_LOADING gstpluginloader.c:1028:exchange_packets: Poll res = 2. 488 bytes pending for write
0:00:00.016568803  2723 0x562661202320 DEBUG   GST_POLL gstpoll.c:1241:gst_poll_fd_has_error: 0x562661227530: fd (fd:8, idx:2) 0
0:00:00.012655058  2724 0x56405b77f320 DEBUG   GST_POLL gstpoll.c:1241:gst_poll_fd_has_error: 0x56405b7a3930: fd (fd:5, idx:2) 0
0:00:00.016581816  2723 0x562661202320 DEBUG   GST_POLL gstpoll.c:1266:gst_poll_fd_can_read_unlocked: 0x562661227530: fd (fd:8, idx:2) 1
0:00:00.012661676  2724 0x56405b77f320 DEBUG   GST_POLL gstpoll.c:1266:gst_poll_fd_can_read_unlocked: 0x56405b7a3930: fd (fd:5, idx:2) 1
0:00:00.016590401  2723 0x562661202320 LOG   GST_PLUGIN_LOADING gstpluginloader.c:986:read_one: Expanding rx buf from 512 to 7384
0:00:00.012671282  2724 0x56405b77f320 DEBUG   GST_PLUGIN_LOADING gstpluginloader.c:722:do_plugin_load: Plugin scanner loading file /home/conan/w/prod/BuildSingleReference/.conan/data/gstreamer/1.18.3/_/_/package/d5d34cb95e58eb395d954c026f8b3b95a47b8905/lib/gstreamer-1.0/libgstcoreelements.so. tag 3
0:00:00.012678869  2724 0x56405b77f320 TRACE   GST_REFCOUNTING gstobject.c:238:gst_object_ref: 0x56405b7a7620 ref 1->2
0:00:00.012685889  2724 0x56405b77f320 TRACE   GST_REFCOUNTING gstobject.c:238:gst_object_ref: 0x56405b7c6160 ref 1->2
0:00:00.012692593  2724 0x56405b77f320 TRACE   GST_REFCOUNTING gstobject.c:238:gst_object_ref: 0x56405b7c5470 ref 1->2
0:00:00.016617953  2723 0x562661202320 DEBUG   GST_PLUGIN_LOADING gstpluginloader.c:850:handle_rx_packet: Received plugin details from child w/ tag 1. 6860 bytes info
0:00:00.012699276  2724 0x56405b77f320 TRACE   GST_REFCOUNTING gstobject.c:238:gst_object_ref: 0x56405b7c3990 ref 1->2
0:00:00.016625781  2723 0x562661202320 LOG   GST_REGISTRY gstregistrychunks.c:837:_priv_gst_registry_chunks_load_plugin: Reading/casting for GstRegistryChunkPluginElement at address 0x562661228570
0:00:00.012706364  2724 0x56405b77f320 TRACE   GST_REFCOUNTING gstobject.c:238:gst_object_ref: 0x56405b7c29a0 ref 1->2
0:00:00.016633680  2723 0x562661202320 TRACE   GST_REFCOUNTING gstobject.c:208:gst_object_init: 0x56266122a250 new
0:00:00.012713616  2724 0x56405b77f320 TRACE   GST_REFCOUNTING gstobject.c:238:gst_object_ref: 0x56405b7c15c0 ref 1->2
0:00:00.016643774  2723 0x562661202320 LOG   GST_REGISTRY gstregistrychunks.c:858:_priv_gst_registry_chunks_load_plugin: read strings for name='coreelements'
0:00:00.012720751  2724 0x56405b77f320 TRACE   GST_REFCOUNTING gstobject.c:238:gst_object_ref: 0x56405b7c0140 ref 1->2
0:00:00.016650321  2723 0x562661202320 LOG   GST_REGISTRY gstregistrychunks.c:859:_priv_gst_registry_chunks_load_plugin: desc.description='GStreamer core elements'
0:00:00.012731429  2724 0x56405b77f320 TRACE   GST_REFCOUNTING gstobject.c:238:gst_object_ref: 0x56405b7be990 ref 1->2
0:00:00.016657459  2723 0x562661202320 LOG   GST_REGISTRY gstregistrychunks.c:860:_priv_gst_registry_chunks_load_plugin: filename='/home/conan/w/prod/BuildSingleReference/.conan/data/gstreamer/1.18.3/_/_/package/d5d34cb95e58eb395d954c026f8b3b95a47b8905/lib/gstreamer-1.0/libgstcoreelements.so'
0:00:00.012738643  2724 0x56405b77f320 TRACE   GST_REFCOUNTING gstobject.c:238:gst_object_ref: 0x56405b7bc5e0 ref 1->2
0:00:00.016669630  2723 0x562661202320 LOG   GST_REGISTRY gstregistrychunks.c:861:_priv_gst_registry_chunks_load_plugin: desc.version='1.18.3'
0:00:00.012748045  2724 0x56405b77f320 TRACE   GST_REFCOUNTING gstobject.c:238:gst_object_ref: 0x56405b7bb4c0 ref 1->2
0:00:00.016675513  2723 0x562661202320 LOG   GST_REGISTRY gstregistrychunks.c:862:_priv_gst_registry_chunks_load_plugin: desc.license='LGPL'
0:00:00.012755236  2724 0x56405b77f320 TRACE   GST_REFCOUNTING gstobject.c:238:gst_object_ref: 0x56405b7ba150 ref 1->2
0:00:00.016681477  2723 0x562661202320 LOG   GST_REGISTRY gstregistrychunks.c:863:_priv_gst_registry_chunks_load_plugin: desc.source='gstreamer'
0:00:00.012762122  2724 0x56405b77f320 TRACE   GST_REFCOUNTING gstobject.c:238:gst_object_ref: 0x56405b7b8c30 ref 1->2
0:00:00.016688312  2723 0x562661202320 LOG   GST_REGISTRY gstregistrychunks.c:864:_priv_gst_registry_chunks_load_plugin: desc.package='GStreamer source release'
0:00:00.012768913  2724 0x56405b77f320 TRACE   GST_REFCOUNTING gstobject.c:238:gst_object_ref: 0x56405b7b7f20 ref 1->2
0:00:00.016695113  2723 0x562661202320 LOG   GST_REGISTRY gstregistrychunks.c:865:_priv_gst_registry_chunks_load_plugin: desc.origin='Unknown package origin'
0:00:00.012775833  2724 0x56405b77f320 TRACE   GST_REFCOUNTING gstobject.c:238:gst_object_ref: 0x56405b7b7140 ref 1->2
0:00:00.016701847  2723 0x562661202320 LOG   GST_REGISTRY gstregistrychunks.c:866:_priv_gst_registry_chunks_load_plugin: desc.datetime=2021-01-13
0:00:00.012782706  2724 0x56405b77f320 TRACE   GST_REFCOUNTING gstobject.c:238:gst_object_ref: 0x56405b7b62e0 ref 1->2
0:00:00.016710429  2723 0x562661202320 DEBUG   GST_REGISTRY gstregistry.c:474:gst_registry_add_plugin: adding plugin 0x56266122a250 for filename "/home/conan/w/prod/BuildSingleReference/.conan/data/gstreamer/1.18.3/_/_/package/d5d34cb95e58eb395d954c026f8b3b95a47b8905/lib/gstreamer-1.0/libgstcoreelements.so"
0:00:00.012789756  2724 0x56405b77f320 TRACE   GST_REFCOUNTING gstobject.c:238:gst_object_ref: 0x56405b7b3e30 ref 1->2
0:00:00.016717965  2723 0x562661202320 TRACE   GST_REFCOUNTING gstobject.c:294:gst_object_ref_sink: 0x56266122a250 ref_sink 1->2
0:00:00.012796550  2724 0x56405b77f320 TRACE   GST_REFCOUNTING gstobject.c:238:gst_object_ref: 0x56405b7b1840 ref 1->2
0:00:00.016724700  2723 0x562661202320 LOG   GST_REGISTRY gstregistry.c:487:gst_registry_add_plugin: emitting plugin-added for filename "/home/conan/w/prod/BuildSingleReference/.conan/data/gstreamer/1.18.3/_/_/package/d5d34cb95e58eb395d954c026f8b3b95a47b8905/lib/gstreamer-1.0/libgstcoreelements.so"
0:00:00.012803558  2724 0x56405b77f320 TRACE   GST_REFCOUNTING gstobject.c:238:gst_object_ref: 0x56405b7afbd0 ref 1->2
0:00:00.016731764  2723 0x562661202320 DEBUG   GST_REGISTRY gstregistrychunks.c:887:_priv_gst_registry_chunks_load_plugin: Added plugin 'coreelements' plugin with 22 features from binary registry
0:00:00.012810437  2724 0x56405b77f320 TRACE   GST_REFCOUNTING gstobject.c:238:gst_object_ref: 0x56405b7aea00 ref 1->2
0:00:00.016738455  2723 0x562661202320 DEBUG   GST_REGISTRY gstregistrychunks.c:583:gst_registry_chunks_load_feature: Plugin 'coreelements' feature 'streamiddemux' typename : 'GstElementFactory'
0:00:00.012821734  2724 0x56405b77f320 TRACE   GST_REFCOUNTING gstobject.c:238:gst_object_ref: 0x56405b7aca60 ref 1->2
0:00:00.016750736  2723 0x562661202320 TRACE   GST_REFCOUNTING gstobject.c:208:gst_object_init: 0x5626612278c0 new
0:00:00.012828919  2724 0x56405b77f320 TRACE   GST_REFCOUNTING gstobject.c:238:gst_object_ref: 0x56405b7abc20 ref 1->2
0:00:00.016758355  2723 0x562661202320 LOG   GST_REGISTRY gstregistrychunks.c:610:gst_registry_chunks_load_feature: Reading/casting for GstRegistryChunkElementFactory at address 0x5626612286c8
0:00:00.012835863  2724 0x56405b77f320 TRACE   GST_REFCOUNTING gstobject.c:238:gst_object_ref: 0x56405b7aaf40 ref 1->2
0:00:00.016766244  2723 0x562661202320 TRACE   structure gststructure.c:287:gst_structure_new_id_empty_with_size: created structure 0x56266122a380
0:00:00.012842945  2724 0x56405b77f320 TRACE   GST_REFCOUNTING gstobject.c:238:gst_object_ref: 0x56405b7a9040 ref 1->2
