0:00:00.014130337  2724 0x56405b77f320 DEBUG   GST_POLL gstpoll.c:980:gst_poll_fd_ctl_write: 0x56405b7a3930: fd (fd:0, idx:1), active : 1
0:00:00.018058581  2723 0x562661202320 DEBUG   structure gststructure.c:2203:gst_structure_parse_field: trying field name 'long-name'
0:00:00.014136675  2724 0x56405b77f320 LOG   GST_POLL gstpoll.c:994:gst_poll_fd_ctl_write: 0x56405b7a3930: pfd->events now 60 (POLLOUT:4)
0:00:00.018064512  2723 0x562661202320 DEBUG   default gstvalue.c:2676:_priv_gst_value_parse_value: trying type name 'string'
0:00:00.014143041  2724 0x56405b77f320 DEBUG   GST_POLL gstpoll.c:980:gst_poll_fd_ctl_write: 0x56405b7a3930: fd (fd:0, idx:1), active : 1
0:00:00.018071061  2723 0x562661202320 DEBUG   structure gststructure.c:2203:gst_structure_parse_field: trying field name 'klass'
0:00:00.014149292  2724 0x56405b77f320 LOG   GST_POLL gstpoll.c:994:gst_poll_fd_ctl_write: 0x56405b7a3930: pfd->events now 60 (POLLOUT:4)
0:00:00.018077493  2723 0x562661202320 DEBUG   default gstvalue.c:2676:_priv_gst_value_parse_value: trying type name 'string'
0:00:00.014155721  2724 0x56405b77f320 DEBUG   GST_POLL gstpoll.c:980:gst_poll_fd_ctl_write: 0x56405b7a3930: fd (fd:0, idx:1), active : 1
0:00:00.018084033  2723 0x562661202320 DEBUG   structure gststructure.c:2203:gst_structure_parse_field: trying field name 'description'
0:00:00.014162092  2724 0x56405b77f320 LOG   GST_POLL gstpoll.c:994:gst_poll_fd_ctl_write: 0x56405b7a3930: pfd->events now 60 (POLLOUT:4)
0:00:00.018090168  2723 0x562661202320 DEBUG   default gstvalue.c:2676:_priv_gst_value_parse_value: trying type name 'string'
0:00:00.014168584  2724 0x56405b77f320 DEBUG   GST_POLL gstpoll.c:980:gst_poll_fd_ctl_write: 0x56405b7a3930: fd (fd:0, idx:1), active : 1
0:00:00.018097135  2723 0x562661202320 DEBUG   structure gststructure.c:2203:gst_structure_parse_field: trying field name 'author'
0:00:00.014178668  2724 0x56405b77f320 LOG   GST_POLL gstpoll.c:994:gst_poll_fd_ctl_write: 0x56405b7a3930: pfd->events now 60 (POLLOUT:4)
0:00:00.018108039  2723 0x562661202320 DEBUG   default gstvalue.c:2676:_priv_gst_value_parse_value: trying type name 'string'
0:00:00.014185375  2724 0x56405b77f320 DEBUG   GST_POLL gstpoll.c:980:gst_poll_fd_ctl_write: 0x56405b7a3930: fd (fd:0, idx:1), active : 1
0:00:00.018115277  2723 0x562661202320 DEBUG   GST_REGISTRY gstregistrychunks.c:626:gst_registry_chunks_load_feature: Element factory : npadtemplates=2
0:00:00.014192592  2724 0x56405b77f320 LOG   GST_POLL gstpoll.c:994:gst_poll_fd_ctl_write: 0x56405b7a3930: pfd->events now 60 (POLLOUT:4)
0:00:00.018121431  2723 0x562661202320 DEBUG   GST_REGISTRY gstregistrychunks.c:526:gst_registry_chunks_load_pad_template: Reading/casting for GstRegistryChunkPadTemplate at address 0x5626612290b0
0:00:00.014199679  2724 0x56405b77f320 DEBUG   GST_POLL gstpoll.c:980:gst_poll_fd_ctl_write: 0x56405b7a3930: fd (fd:0, idx:1), active : 1
0:00:00.018127688  2723 0x562661202320 DEBUG   GST_REGISTRY gstregistrychunks.c:539:gst_registry_chunks_load_pad_template: Added pad_template src_%u
0:00:00.014205943  2724 0x56405b77f320 LOG   GST_POLL gstpoll.c:994:gst_poll_fd_ctl_write: 0x56405b7a3930: pfd->events now 60 (POLLOUT:4)
0:00:00.018133478  2723 0x562661202320 DEBUG   GST_REGISTRY gstregistrychunks.c:526:gst_registry_chunks_load_pad_template: Reading/casting for GstRegistryChunkPadTemplate at address 0x5626612290c8
0:00:00.014212360  2724 0x56405b77f320 DEBUG   GST_POLL gstpoll.c:980:gst_poll_fd_ctl_write: 0x56405b7a3930: fd (fd:0, idx:1), active : 1
0:00:00.018139502  2723 0x562661202320 DEBUG   GST_REGISTRY gstregistrychunks.c:539:gst_registry_chunks_load_pad_template: Added pad_template sink
0:00:00.014218624  2724 0x56405b77f320 LOG   GST_POLL gstpoll.c:994:gst_poll_fd_ctl_write: 0x56405b7a3930: pfd->events now 60 (POLLOUT:4)
0:00:00.018146625  2723 0x562661202320 DEBUG   GST_REGISTRY gstregistry.c:590:gst_registry_add_feature: adding feature 0x56266122ca50 (output-selector)
0:00:00.014225104  2724 0x56405b77f320 DEBUG   GST_POLL gstpoll.c:980:gst_poll_fd_ctl_write: 0x56405b7a3930: fd (fd:0, idx:1), active : 1
0:00:00.018154105  2723 0x562661202320 DEBUG   GST_REFCOUNTING gstobject.c:709:gst_object_set_parent: set parent (ref and sink)
0:00:00.014231376  2724 0x56405b77f320 LOG   GST_POLL gstpoll.c:994:gst_poll_fd_ctl_write: 0x56405b7a3930: pfd->events now 60 (POLLOUT:4)
0:00:00.018161509  2723 0x562661202320 TRACE   GST_REFCOUNTING gstobject.c:294:gst_object_ref_sink: 0x56266122ca50 ref_sink 1->2
0:00:00.014239121  2724 0x56405b77f320 DEBUG   GST_POLL gstpoll.c:980:gst_poll_fd_ctl_write: 0x56405b7a3930: fd (fd:0, idx:1), active : 1
0:00:00.018168473  2723 0x562661202320 LOG   GST_REGISTRY gstregistry.c:608:gst_registry_add_feature: emitting feature-added for output-selector
0:00:00.014246252  2724 0x56405b77f320 LOG   GST_POLL gstpoll.c:994:gst_poll_fd_ctl_write: 0x56405b7a3930: pfd->events now 60 (POLLOUT:4)
0:00:00.018179646  2723 0x562661202320 DEBUG   GST_REGISTRY gstregistrychunks.c:741:gst_registry_chunks_load_feature: Added feature output-selector, plugin 0x56266122a250 coreelements
0:00:00.014257283  2724 0x56405b77f320 DEBUG   GST_POLL gstpoll.c:980:gst_poll_fd_ctl_write: 0x56405b7a3930: fd (fd:0, idx:1), active : 1
0:00:00.018186502  2723 0x562661202320 DEBUG   GST_REGISTRY gstregistrychunks.c:583:gst_registry_chunks_load_feature: Plugin 'coreelements' feature 'input-selector' typename : 'GstElementFactory'
0:00:00.014263844  2724 0x56405b77f320 LOG   GST_POLL gstpoll.c:994:gst_poll_fd_ctl_write: 0x56405b7a3930: pfd->events now 60 (POLLOUT:4)
0:00:00.018193778  2723 0x562661202320 TRACE   GST_REFCOUNTING gstobject.c:208:gst_object_init: 0x56266122d410 new
0:00:00.014270892  2724 0x56405b77f320 DEBUG   GST_POLL gstpoll.c:980:gst_poll_fd_ctl_write: 0x56405b7a3930: fd (fd:0, idx:1), active : 1
0:00:00.018201328  2723 0x562661202320 LOG   GST_REGISTRY gstregistrychunks.c:610:gst_registry_chunks_load_feature: Reading/casting for GstRegistryChunkElementFactory at address 0x562661229100
0:00:00.014278525  2724 0x56405b77f320 LOG   GST_POLL gstpoll.c:994:gst_poll_fd_ctl_write: 0x56405b7a3930: pfd->events now 60 (POLLOUT:4)
0:00:00.018209852  2723 0x562661202320 TRACE   structure gststructure.c:287:gst_structure_new_id_empty_with_size: created structure 0x56266122d500
0:00:00.014285822  2724 0x56405b77f320 DEBUG   GST_POLL gstpoll.c:980:gst_poll_fd_ctl_write: 0x56405b7a3930: fd (fd:0, idx:1), active : 1
0:00:00.018216338  2723 0x562661202320 DEBUG   structure gststructure.c:2203:gst_structure_parse_field: trying field name 'long-name'
0:00:00.014294284  2724 0x56405b77f320 LOG   GST_POLL gstpoll.c:994:gst_poll_fd_ctl_write: 0x56405b7a3930: pfd->events now 60 (POLLOUT:4)
0:00:00.018222474  2723 0x562661202320 DEBUG   default gstvalue.c:2676:_priv_gst_value_parse_value: trying type name 'string'
0:00:00.014300846  2724 0x56405b77f320 DEBUG   GST_POLL gstpoll.c:980:gst_poll_fd_ctl_write: 0x56405b7a3930: fd (fd:0, idx:1), active : 1
0:00:00.018229148  2723 0x562661202320 DEBUG   structure gststructure.c:2203:gst_structure_parse_field: trying field name 'klass'
0:00:00.014307165  2724 0x56405b77f320 LOG   GST_POLL gstpoll.c:994:gst_poll_fd_ctl_write: 0x56405b7a3930: pfd->events now 60 (POLLOUT:4)
0:00:00.018249856  2723 0x562661202320 DEBUG   default gstvalue.c:2676:_priv_gst_value_parse_value: trying type name 'string'
0:00:00.014329064  2724 0x56405b77f320 LOG   GST_PLUGIN_LOADING gstpluginloader.c:646:put_chunk: Expanding tx buf from 10158 to 13209 for chunk of size 209
0:00:00.018256752  2723 0x562661202320 DEBUG   structure gststructure.c:2203:gst_structure_parse_field: trying field name 'description'
0:00:00.018262960  2723 0x562661202320 DEBUG   default gstvalue.c:2676:_priv_gst_value_parse_value: trying type name 'string'
0:00:00.018269240  2723 0x562661202320 DEBUG   structure gststructure.c:2203:gst_structure_parse_field: trying field name 'author'
0:00:00.014350918  2724 0x56405b77f320 DEBUG   GST_POLL gstpoll.c:980:gst_poll_fd_ctl_write: 0x56405b7a3930: fd (fd:0, idx:1), active : 1
0:00:00.018278863  2723 0x562661202320 DEBUG   default gstvalue.c:2676:_priv_gst_value_parse_value: trying type name 'string'
0:00:00.014358179  2724 0x56405b77f320 LOG   GST_POLL gstpoll.c:994:gst_poll_fd_ctl_write: 0x56405b7a3930: pfd->events now 60 (POLLOUT:4)
0:00:00.018286617  2723 0x562661202320 DEBUG   GST_REGISTRY gstregistrychunks.c:626:gst_registry_chunks_load_feature: Element factory : npadtemplates=2
0:00:00.014365222  2724 0x56405b77f320 DEBUG   GST_POLL gstpoll.c:980:gst_poll_fd_ctl_write: 0x56405b7a3930: fd (fd:0, idx:1), active : 1
0:00:00.018292673  2723 0x562661202320 DEBUG   GST_REGISTRY gstregistrychunks.c:526:gst_registry_chunks_load_pad_template: Reading/casting for GstRegistryChunkPadTemplate at address 0x562661229230
0:00:00.014371675  2724 0x56405b77f320 LOG   GST_POLL gstpoll.c:994:gst_poll_fd_ctl_write: 0x56405b7a3930: pfd->events now 60 (POLLOUT:4)
0:00:00.018298913  2723 0x562661202320 DEBUG   GST_REGISTRY gstregistrychunks.c:539:gst_registry_chunks_load_pad_template: Added pad_template src
0:00:00.014378361  2724 0x56405b77f320 DEBUG   GST_POLL gstpoll.c:980:gst_poll_fd_ctl_write: 0x56405b7a3930: fd (fd:0, idx:1), active : 1
0:00:00.018304876  2723 0x562661202320 DEBUG   GST_REGISTRY gstregistrychunks.c:526:gst_registry_chunks_load_pad_template: Reading/casting for GstRegistryChunkPadTemplate at address 0x562661229240
0:00:00.014384726  2724 0x56405b77f320 LOG   GST_POLL gstpoll.c:994:gst_poll_fd_ctl_write: 0x56405b7a3930: pfd->events now 60 (POLLOUT:4)
0:00:00.018311180  2723 0x562661202320 DEBUG   GST_REGISTRY gstregistrychunks.c:539:gst_registry_chunks_load_pad_template: Added pad_template sink_%u
0:00:00.014391333  2724 0x56405b77f320 DEBUG   GST_POLL gstpoll.c:980:gst_poll_fd_ctl_write: 0x56405b7a3930: fd (fd:0, idx:1), active : 1
0:00:00.018318737  2723 0x562661202320 DEBUG   GST_REGISTRY gstregistry.c:590:gst_registry_add_feature: adding feature 0x56266122d410 (input-selector)
0:00:00.014397600  2724 0x56405b77f320 LOG   GST_POLL gstpoll.c:994:gst_poll_fd_ctl_write: 0x56405b7a3930: pfd->events now 60 (POLLOUT:4)
0:00:00.018325063  2723 0x562661202320 DEBUG   GST_REFCOUNTING gstobject.c:709:gst_object_set_parent: set parent (ref and sink)
0:00:00.014404060  2724 0x56405b77f320 DEBUG   GST_POLL gstpoll.c:980:gst_poll_fd_ctl_write: 0x56405b7a3930: fd (fd:0, idx:1), active : 1
0:00:00.018332593  2723 0x562661202320 TRACE   GST_REFCOUNTING gstobject.c:294:gst_object_ref_sink: 0x56266122d410 ref_sink 1->2
0:00:00.014410355  2724 0x56405b77f320 LOG   GST_POLL gstpoll.c:994:gst_poll_fd_ctl_write: 0x56405b7a3930: pfd->events now 60 (POLLOUT:4)
0:00:00.018339375  2723 0x562661202320 LOG   GST_REGISTRY gstregistry.c:608:gst_registry_add_feature: emitting feature-added for input-selector
0:00:00.014417389  2724 0x56405b77f320 DEBUG   GST_POLL gstpoll.c:980:gst_poll_fd_ctl_write: 0x56405b7a3930: fd (fd:0, idx:1), active : 1
0:00:00.018346414  2723 0x562661202320 DEBUG   GST_REGISTRY gstregistrychunks.c:741:gst_registry_chunks_load_feature: Added feature input-selector, plugin 0x56266122a250 coreelements
0:00:00.014423688  2724 0x56405b77f320 LOG   GST_POLL gstpoll.c:994:gst_poll_fd_ctl_write: 0x56405b7a3930: pfd->events now 60 (POLLOUT:4)
0:00:00.018356908  2723 0x562661202320 DEBUG   GST_REGISTRY gstregistrychunks.c:583:gst_registry_chunks_load_feature: Plugin 'coreelements' feature 'identity' typename : 'GstElementFactory'
0:00:00.014434572  2724 0x56405b77f320 DEBUG   GST_POLL gstpoll.c:980:gst_poll_fd_ctl_write: 0x56405b7a3930: fd (fd:0, idx:1), active : 1
0:00:00.018364540  2723 0x562661202320 TRACE   GST_REFCOUNTING gstobject.c:208:gst_object_init: 0x56266122da90 new
0:00:00.014441256  2724 0x56405b77f320 LOG   GST_POLL gstpoll.c:994:gst_poll_fd_ctl_write: 0x56405b7a3930: pfd->events now 60 (POLLOUT:4)
0:00:00.018372046  2723 0x562661202320 LOG   GST_REGISTRY gstregistrychunks.c:610:gst_registry_chunks_load_feature: Reading/casting for GstRegistryChunkElementFactory at address 0x562661229270
0:00:00.014449420  2724 0x56405b77f320 DEBUG   GST_POLL gstpoll.c:980:gst_poll_fd_ctl_write: 0x56405b7a3930: fd (fd:0, idx:1), active : 1
0:00:00.018378801  2723 0x562661202320 TRACE   structure gststructure.c:287:gst_structure_new_id_empty_with_size: created structure 0x56266122dcc0
0:00:00.014456550  2724 0x56405b77f320 LOG   GST_POLL gstpoll.c:994:gst_poll_fd_ctl_write: 0x56405b7a3930: pfd->events now 60 (POLLOUT:4)
0:00:00.018384892  2723 0x562661202320 DEBUG   structure gststructure.c:2203:gst_structure_parse_field: trying field name 'long-name'
0:00:00.014463081  2724 0x56405b77f320 DEBUG   GST_POLL gstpoll.c:980:gst_poll_fd_ctl_write: 0x56405b7a3930: fd (fd:0, idx:1), active : 1
0:00:00.018390915  2723 0x562661202320 DEBUG   default gstvalue.c:2676:_priv_gst_value_parse_value: trying type name 'string'
0:00:00.014469366  2724 0x56405b77f320 LOG   GST_POLL gstpoll.c:994:gst_poll_fd_ctl_write: 0x56405b7a3930: pfd->events now 60 (POLLOUT:4)
0:00:00.018397387  2723 0x562661202320 DEBUG   structure gststructure.c:2203:gst_structure_parse_field: trying field name 'klass'
0:00:00.014475906  2724 0x56405b77f320 DEBUG   GST_POLL gstpoll.c:980:gst_poll_fd_ctl_write: 0x56405b7a3930: fd (fd:0, idx:1), active : 1
0:00:00.018403497  2723 0x562661202320 DEBUG   default gstvalue.c:2676:_priv_gst_value_parse_value: trying type name 'string'
0:00:00.014482286  2724 0x56405b77f320 LOG   GST_POLL gstpoll.c:994:gst_poll_fd_ctl_write: 0x56405b7a3930: pfd->events now 60 (POLLOUT:4)
0:00:00.018410182  2723 0x562661202320 DEBUG   structure gststructure.c:2203:gst_structure_parse_field: trying field name 'description'
0:00:00.014488902  2724 0x56405b77f320 DEBUG   GST_POLL gstpoll.c:980:gst_poll_fd_ctl_write: 0x56405b7a3930: fd (fd:0, idx:1), active : 1
0:00:00.018416250  2723 0x562661202320 DEBUG   default gstvalue.c:2676:_priv_gst_value_parse_value: trying type name 'string'
0:00:00.014495256  2724 0x56405b77f320 LOG   GST_POLL gstpoll.c:994:gst_poll_fd_ctl_write: 0x56405b7a3930: pfd->events now 60 (POLLOUT:4)
0:00:00.018422991  2723 0x562661202320 DEBUG   structure gststructure.c:2203:gst_structure_parse_field: trying field name 'author'
0:00:00.014501798  2724 0x56405b77f320 DEBUG   GST_POLL gstpoll.c:980:gst_poll_fd_ctl_write: 0x56405b7a3930: fd (fd:0, idx:1), active : 1
0:00:00.018433410  2723 0x562661202320 DEBUG   default gstvalue.c:2676:_priv_gst_value_parse_value: trying type name 'string'
0:00:00.014511123  2724 0x56405b77f320 LOG   GST_POLL gstpoll.c:994:gst_poll_fd_ctl_write: 0x56405b7a3930: pfd->events now 60 (POLLOUT:4)
0:00:00.018440012  2723 0x562661202320 DEBUG   GST_REGISTRY gstregistrychunks.c:626:gst_registry_chunks_load_feature: Element factory : npadtemplates=2
0:00:00.014517672  2724 0x56405b77f320 DEBUG   GST_POLL gstpoll.c:980:gst_poll_fd_ctl_write: 0x56405b7a3930: fd (fd:0, idx:1), active : 1
0:00:00.018447620  2723 0x562661202320 DEBUG   GST_REGISTRY gstregistrychunks.c:526:gst_registry_chunks_load_pad_template: Reading/casting for GstRegistryChunkPadTemplate at address 0x562661229340
0:00:00.014524077  2724 0x56405b77f320 LOG   GST_POLL gstpoll.c:994:gst_poll_fd_ctl_write: 0x56405b7a3930: pfd->events now 60 (POLLOUT:4)
0:00:00.018453621  2723 0x562661202320 DEBUG   GST_REGISTRY gstregistrychunks.c:539:gst_registry_chunks_load_pad_template: Added pad_template sink
0:00:00.014531829  2724 0x56405b77f320 DEBUG   GST_POLL gstpoll.c:980:gst_poll_fd_ctl_write: 0x56405b7a3930: fd (fd:0, idx:1), active : 1
0:00:00.018459424  2723 0x562661202320 DEBUG   GST_REGISTRY gstregistrychunks.c:526:gst_registry_chunks_load_pad_template: Reading/casting for GstRegistryChunkPadTemplate at address 0x562661229358
0:00:00.014538181  2724 0x56405b77f320 LOG   GST_POLL gstpoll.c:994:gst_poll_fd_ctl_write: 0x56405b7a3930: pfd->events now 60 (POLLOUT:4)
0:00:00.018465411  2723 0x562661202320 DEBUG   GST_REGISTRY gstregistrychunks.c:539:gst_registry_chunks_load_pad_template: Added pad_template src
0:00:00.014544548  2724 0x56405b77f320 DEBUG   GST_POLL gstpoll.c:980:gst_poll_fd_ctl_write: 0x56405b7a3930: fd (fd:0, idx:1), active : 1
0:00:00.018472501  2723 0x562661202320 DEBUG   GST_REGISTRY gstregistry.c:590:gst_registry_add_feature: adding feature 0x56266122da90 (identity)
0:00:00.014550901  2724 0x56405b77f320 LOG   GST_POLL gstpoll.c:994:gst_poll_fd_ctl_write: 0x56405b7a3930: pfd->events now 60 (POLLOUT:4)
0:00:00.018478652  2723 0x562661202320 DEBUG   GST_REFCOUNTING gstobject.c:709:gst_object_set_parent: set parent (ref and sink)
0:00:00.014557411  2724 0x56405b77f320 DEBUG   GST_POLL gstpoll.c:980:gst_poll_fd_ctl_write: 0x56405b7a3930: fd (fd:0, idx:1), active : 1
0:00:00.018485974  2723 0x562661202320 TRACE   GST_REFCOUNTING gstobject.c:294:gst_object_ref_sink: 0x56266122da90 ref_sink 1->2
0:00:00.014563743  2724 0x56405b77f320 LOG   GST_POLL gstpoll.c:994:gst_poll_fd_ctl_write: 0x56405b7a3930: pfd->events now 60 (POLLOUT:4)
0:00:00.018492633  2723 0x562661202320 LOG   GST_REGISTRY gstregistry.c:608:gst_registry_add_feature: emitting feature-added for identity
0:00:00.014570775  2724 0x56405b77f320 DEBUG   GST_POLL gstpoll.c:980:gst_poll_fd_ctl_write: 0x56405b7a3930: fd (fd:0, idx:1), active : 1
0:00:00.018499555  2723 0x562661202320 DEBUG   GST_REGISTRY gstregistrychunks.c:741:gst_registry_chunks_load_feature: Added feature identity, plugin 0x56266122a250 coreelements
0:00:00.014580983  2724 0x56405b77f320 LOG   GST_POLL gstpoll.c:994:gst_poll_fd_ctl_write: 0x56405b7a3930: pfd->events now 60 (POLLOUT:4)
0:00:00.018508222  2723 0x562661202320 DEBUG   GST_REGISTRY gstregistrychunks.c:583:gst_registry_chunks_load_feature: Plugin 'coreelements' feature 'funnel' typename : 'GstElementFactory'
0:00:00.018515449  2723 0x562661202320 TRACE   GST_REFCOUNTING gstobject.c:208:gst_object_init: 0x56266122e150 new
0:00:00.014592346  2724 0x56405b77f320 DEBUG   GST_POLL gstpoll.c:980:gst_poll_fd_ctl_write: 0x56405b7a3930: fd (fd:0, idx:1), active : 1
0:00:00.018522408  2723 0x562661202320 LOG   GST_REGISTRY gstregistrychunks.c:610:gst_registry_chunks_load_feature: Reading/casting for GstRegistryChunkElementFactory at address 0x562661229388
0:00:00.014599801  2724 0x56405b77f320 LOG   GST_POLL gstpoll.c:994:gst_poll_fd_ctl_write: 0x56405b7a3930: pfd->events now 60 (POLLOUT:4)
0:00:00.018528737  2723 0x562661202320 TRACE   structure gststructure.c:287:gst_structure_new_id_empty_with_size: created structure 0x56266122e450
0:00:00.014606823  2724 0x56405b77f320 DEBUG   GST_POLL gstpoll.c:980:gst_poll_fd_ctl_write: 0x56405b7a3930: fd (fd:0, idx:1), active : 1
0:00:00.018534915  2723 0x562661202320 DEBUG   structure gststructure.c:2203:gst_structure_parse_field: trying field name 'long-name'
0:00:00.014613096  2724 0x56405b77f320 LOG   GST_POLL gstpoll.c:994:gst_poll_fd_ctl_write: 0x56405b7a3930: pfd->events now 60 (POLLOUT:4)
0:00:00.018540678  2723 0x562661202320 DEBUG   default gstvalue.c:2676:_priv_gst_value_parse_value: trying type name 'string'
0:00:00.014619606  2724 0x56405b77f320 DEBUG   GST_POLL gstpoll.c:980:gst_poll_fd_ctl_write: 0x56405b7a3930: fd (fd:0, idx:1), active : 1
0:00:00.018546981  2723 0x562661202320 DEBUG   structure gststructure.c:2203:gst_structure_parse_field: trying field name 'klass'
0:00:00.014626010  2724 0x56405b77f320 LOG   GST_POLL gstpoll.c:994:gst_poll_fd_ctl_write: 0x56405b7a3930: pfd->events now 60 (POLLOUT:4)
0:00:00.018553368  2723 0x562661202320 DEBUG   default gstvalue.c:2676:_priv_gst_value_parse_value: trying type name 'string'
0:00:00.014632573  2724 0x56405b77f320 DEBUG   GST_POLL gstpoll.c:980:gst_poll_fd_ctl_write: 0x56405b7a3930: fd (fd:0, idx:1), active : 1
0:00:00.018559687  2723 0x562661202320 DEBUG   structure gststructure.c:2203:gst_structure_parse_field: trying field name 'description'
0:00:00.014638761  2724 0x56405b77f320 LOG   GST_POLL gstpoll.c:994:gst_poll_fd_ctl_write: 0x56405b7a3930: pfd->events now 60 (POLLOUT:4)
0:00:00.018565959  2723 0x562661202320 DEBUG   default gstvalue.c:2676:_priv_gst_value_parse_value: trying type name 'string'
0:00:00.014645359  2724 0x56405b77f320 DEBUG   GST_POLL gstpoll.c:980:gst_poll_fd_ctl_write: 0x56405b7a3930: fd (fd:0, idx:1), active : 1
0:00:00.018572506  2723 0x562661202320 DEBUG   structure gststructure.c:2203:gst_structure_parse_field: trying field name 'author'
0:00:00.014651652  2724 0x56405b77f320 LOG   GST_POLL gstpoll.c:994:gst_poll_fd_ctl_write: 0x56405b7a3930: pfd->events now 60 (POLLOUT:4)
0:00:00.018578594  2723 0x562661202320 DEBUG   default gstvalue.c:2676:_priv_gst_value_parse_value: trying type name 'string'
0:00:00.014662044  2724 0x56405b77f320 DEBUG   GST_POLL gstpoll.c:980:gst_poll_fd_ctl_write: 0x56405b7a3930: fd (fd:0, idx:1), active : 1
0:00:00.018588841  2723 0x562661202320 DEBUG   GST_REGISTRY gstregistrychunks.c:626:gst_registry_chunks_load_feature: Element factory : npadtemplates=2
0:00:00.014668616  2724 0x56405b77f320 LOG   GST_POLL gstpoll.c:994:gst_poll_fd_ctl_write: 0x56405b7a3930: pfd->events now 60 (POLLOUT:4)
0:00:00.018594801  2723 0x562661202320 DEBUG   GST_REGISTRY gstregistrychunks.c:526:gst_registry_chunks_load_pad_template: Reading/casting for GstRegistryChunkPadTemplate at address 0x562661229460
0:00:00.014675287  2724 0x56405b77f320 DEBUG   GST_POLL gstpoll.c:980:gst_poll_fd_ctl_write: 0x56405b7a3930: fd (fd:0, idx:1), active : 1
0:00:00.018606326  2723 0x562661202320 DEBUG   GST_REGISTRY gstregistrychunks.c:539:gst_registry_chunks_load_pad_template: Added pad_template src
0:00:00.014684075  2724 0x56405b77f320 LOG   GST_POLL gstpoll.c:994:gst_poll_fd_ctl_write: 0x56405b7a3930: pfd->events now 60 (POLLOUT:4)
0:00:00.018612309  2723 0x562661202320 DEBUG   GST_REGISTRY gstregistrychunks.c:526:gst_registry_chunks_load_pad_template: Reading/casting for GstRegistryChunkPadTemplate at address 0x562661229470
0:00:00.014690704  2724 0x56405b77f320 DEBUG   GST_POLL gstpoll.c:980:gst_poll_fd_ctl_write: 0x56405b7a3930: fd (fd:0, idx:1), active : 1
0:00:00.018618341  2723 0x562661202320 DEBUG   GST_REGISTRY gstregistrychunks.c:539:gst_registry_chunks_load_pad_template: Added pad_template sink_%u
0:00:00.014696956  2724 0x56405b77f320 LOG   GST_POLL gstpoll.c:994:gst_poll_fd_ctl_write: 0x56405b7a3930: pfd->events now 60 (POLLOUT:4)
0:00:00.018625592  2723 0x562661202320 DEBUG   GST_REGISTRY gstregistry.c:590:gst_registry_add_feature: adding feature 0x56266122e150 (funnel)
0:00:00.014703598  2724 0x56405b77f320 DEBUG   GST_POLL gstpoll.c:980:gst_poll_fd_ctl_write: 0x56405b7a3930: fd (fd:0, idx:1), active : 1
0:00:00.018631602  2723 0x562661202320 DEBUG   GST_REFCOUNTING gstobject.c:709:gst_object_set_parent: set parent (ref and sink)
0:00:00.014709754  2724 0x56405b77f320 LOG   GST_POLL gstpoll.c:994:gst_poll_fd_ctl_write: 0x56405b7a3930: pfd->events now 60 (POLLOUT:4)
0:00:00.018638974  2723 0x562661202320 TRACE   GST_REFCOUNTING gstobject.c:294:gst_object_ref_sink: 0x56266122e150 ref_sink 1->2
0:00:00.014716520  2724 0x56405b77f320 DEBUG   GST_POLL gstpoll.c:980:gst_poll_fd_ctl_write: 0x56405b7a3930: fd (fd:0, idx:1), active : 1
0:00:00.018645655  2723 0x562661202320 LOG   GST_REGISTRY gstregistry.c:608:gst_registry_add_feature: emitting feature-added for funnel
0:00:00.014723581  2724 0x56405b77f320 LOG   GST_POLL gstpoll.c:994:gst_poll_fd_ctl_write: 0x56405b7a3930: pfd->events now 60 (POLLOUT:4)
0:00:00.018652471  2723 0x562661202320 DEBUG   GST_REGISTRY gstregistrychunks.c:741:gst_registry_chunks_load_feature: Added feature funnel, plugin 0x56266122a250 coreelements
0:00:00.014729952  2724 0x56405b77f320 DEBUG   GST_POLL gstpoll.c:980:gst_poll_fd_ctl_write: 0x56405b7a3930: fd (fd:0, idx:1), active : 1
0:00:00.018662912  2723 0x562661202320 DEBUG   GST_REGISTRY gstregistrychunks.c:583:gst_registry_chunks_load_feature: Plugin 'coreelements' feature 'filesrc' typename : 'GstElementFactory'
0:00:00.014740431  2724 0x56405b77f320 LOG   GST_POLL gstpoll.c:994:gst_poll_fd_ctl_write: 0x56405b7a3930: pfd->events now 60 (POLLOUT:4)
0:00:00.018670255  2723 0x562661202320 TRACE   GST_REFCOUNTING gstobject.c:208:gst_object_init: 0x56266122e870 new
0:00:00.014747361  2724 0x56405b77f320 DEBUG   GST_POLL gstpoll.c:980:gst_poll_fd_ctl_write: 0x56405b7a3930: fd (fd:0, idx:1), active : 1
0:00:00.018677710  2723 0x562661202320 LOG   GST_REGISTRY gstregistrychunks.c:610:gst_registry_chunks_load_feature: Reading/casting for GstRegistryChunkElementFactory at address 0x5626612294a0
0:00:00.014754879  2724 0x56405b77f320 LOG   GST_POLL gstpoll.c:994:gst_poll_fd_ctl_write: 0x56405b7a3930: pfd->events now 60 (POLLOUT:4)
0:00:00.018684187  2723 0x562661202320 TRACE   structure gststructure.c:287:gst_structure_new_id_empty_with_size: created structure 0x56266122eb70
0:00:00.014762207  2724 0x56405b77f320 DEBUG   GST_POLL gstpoll.c:980:gst_poll_fd_ctl_write: 0x56405b7a3930: fd (fd:0, idx:1), active : 1
0:00:00.018690263  2723 0x562661202320 DEBUG   structure gststructure.c:2203:gst_structure_parse_field: trying field name 'long-name'
0:00:00.014768497  2724 0x56405b77f320 LOG   GST_POLL gstpoll.c:994:gst_poll_fd_ctl_write: 0x56405b7a3930: pfd->events now 60 (POLLOUT:4)
0:00:00.018696309  2723 0x562661202320 DEBUG   default gstvalue.c:2676:_priv_gst_value_parse_value: trying type name 'string'
0:00:00.014775005  2724 0x56405b77f320 DEBUG   GST_POLL gstpoll.c:980:gst_poll_fd_ctl_write: 0x56405b7a3930: fd (fd:0, idx:1), active : 1
0:00:00.018702860  2723 0x562661202320 DEBUG   structure gststructure.c:2203:gst_structure_parse_field: trying field name 'klass'
0:00:00.014781319  2724 0x56405b77f320 LOG   GST_POLL gstpoll.c:994:gst_poll_fd_ctl_write: 0x56405b7a3930: pfd->events now 60 (POLLOUT:4)
0:00:00.018709390  2723 0x562661202320 DEBUG   default gstvalue.c:2676:_priv_gst_value_parse_value: trying type name 'string'
0:00:00.014788057  2724 0x56405b77f320 DEBUG   GST_POLL gstpoll.c:980:gst_poll_fd_ctl_write: 0x56405b7a3930: fd (fd:0, idx:1), active : 1
0:00:00.018715926  2723 0x562661202320 DEBUG   structure gststructure.c:2203:gst_structure_parse_field: trying field name 'description'
0:00:00.014794426  2724 0x56405b77f320 LOG   GST_POLL gstpoll.c:994:gst_poll_fd_ctl_write: 0x56405b7a3930: pfd->events now 60 (POLLOUT:4)
0:00:00.018722135  2723 0x562661202320 DEBUG   default gstvalue.c:2676:_priv_gst_value_parse_value: trying type name 'string'
0:00:00.014801083  2724 0x56405b77f320 DEBUG   GST_POLL gstpoll.c:980:gst_poll_fd_ctl_write: 0x56405b7a3930: fd (fd:0, idx:1), active : 1
0:00:00.018728995  2723 0x562661202320 DEBUG   structure gststructure.c:2203:gst_structure_parse_field: trying field name 'author'
0:00:00.014807361  2724 0x56405b77f320 LOG   GST_POLL gstpoll.c:994:gst_poll_fd_ctl_write: 0x56405b7a3930: pfd->events now 60 (POLLOUT:4)
0:00:00.018739869  2723 0x562661202320 DEBUG   default gstvalue.c:2676:_priv_gst_value_parse_value: trying type name 'string'
0:00:00.014818228  2724 0x56405b77f320 DEBUG   GST_POLL gstpoll.c:980:gst_poll_fd_ctl_write: 0x56405b7a3930: fd (fd:0, idx:1), active : 1
0:00:00.018746792  2723 0x562661202320 DEBUG   GST_REGISTRY gstregistrychunks.c:626:gst_registry_chunks_load_feature: Element factory : npadtemplates=1
0:00:00.014824632  2724 0x56405b77f320 LOG   GST_POLL gstpoll.c:994:gst_poll_fd_ctl_write: 0x56405b7a3930: pfd->events now 60 (POLLOUT:4)
0:00:00.018752835  2723 0x562661202320 DEBUG   GST_REGISTRY gstregistrychunks.c:526:gst_registry_chunks_load_pad_template: Reading/casting for GstRegistryChunkPadTemplate at address 0x562661229580
0:00:00.014831130  2724 0x56405b77f320 DEBUG   GST_POLL gstpoll.c:980:gst_poll_fd_ctl_write: 0x56405b7a3930: fd (fd:0, idx:1), active : 1
0:00:00.018758909  2723 0x562661202320 DEBUG   GST_REGISTRY gstregistrychunks.c:539:gst_registry_chunks_load_pad_template: Added pad_template src
0:00:00.014837392  2724 0x56405b77f320 LOG   GST_POLL gstpoll.c:994:gst_poll_fd_ctl_write: 0x56405b7a3930: pfd->events now 60 (POLLOUT:4)
0:00:00.018765687  2723 0x562661202320 DEBUG   GST_REGISTRY gstregistrychunks.c:639:gst_registry_chunks_load_feature: Reading 1 UriTypes at address 0x562661229590
0:00:00.014843959  2724 0x56405b77f320 DEBUG   GST_POLL gstpoll.c:980:gst_poll_fd_ctl_write: 0x56405b7a3930: fd (fd:0, idx:1), active : 1
0:00:00.018772572  2723 0x562661202320 DEBUG   GST_REGISTRY gstregistrychunks.c:654:gst_registry_chunks_load_feature: Reading 1 Interfaces at address 0x562661229599
0:00:00.014850250  2724 0x56405b77f320 LOG   GST_POLL gstpoll.c:994:gst_poll_fd_ctl_write: 0x56405b7a3930: pfd->events now 60 (POLLOUT:4)
0:00:00.018780585  2723 0x562661202320 DEBUG   GST_REGISTRY gstregistry.c:590:gst_registry_add_feature: adding feature 0x56266122e870 (filesrc)
0:00:00.014857256  2724 0x56405b77f320 DEBUG   GST_POLL gstpoll.c:980:gst_poll_fd_ctl_write: 0x56405b7a3930: fd (fd:0, idx:1), active : 1
0:00:00.018787104  2723 0x562661202320 DEBUG   GST_REFCOUNTING gstobject.c:709:gst_object_set_parent: set parent (ref and sink)
0:00:00.014865160  2724 0x56405b77f320 LOG   GST_POLL gstpoll.c:994:gst_poll_fd_ctl_write: 0x56405b7a3930: pfd->events now 60 (POLLOUT:4)
0:00:00.018794517  2723 0x562661202320 TRACE   GST_REFCOUNTING gstobject.c:294:gst_object_ref_sink: 0x56266122e870 ref_sink 1->2
0:00:00.014872160  2724 0x56405b77f320 DEBUG   GST_POLL gstpoll.c:980:gst_poll_fd_ctl_write: 0x56405b7a3930: fd (fd:0, idx:1), active : 1
0:00:00.018801251  2723 0x562661202320 LOG   GST_REGISTRY gstregistry.c:608:gst_registry_add_feature: emitting feature-added for filesrc
0:00:00.014879060  2724 0x56405b77f320 LOG   GST_POLL gstpoll.c:994:gst_poll_fd_ctl_write: 0x56405b7a3930: pfd->events now 60 (POLLOUT:4)
0:00:00.018808201  2723 0x562661202320 DEBUG   GST_REGISTRY gstregistrychunks.c:741:gst_registry_chunks_load_feature: Added feature filesrc, plugin 0x56266122a250 coreelements
0:00:00.014885621  2724 0x56405b77f320 DEBUG   GST_POLL gstpoll.c:980:gst_poll_fd_ctl_write: 0x56405b7a3930: fd (fd:0, idx:1), active : 1
0:00:00.018819031  2723 0x562661202320 DEBUG   GST_REGISTRY gstregistrychunks.c:583:gst_registry_chunks_load_feature: Plugin 'coreelements' feature 'fdsink' typename : 'GstElementFactory'
0:00:00.014896506  2724 0x56405b77f320 LOG   GST_POLL gstpoll.c:994:gst_poll_fd_ctl_write: 0x56405b7a3930: pfd->events now 60 (POLLOUT:4)
0:00:00.018826519  2723 0x562661202320 TRACE   GST_REFCOUNTING gstobject.c:208:gst_object_init: 0x56266122f020 new
0:00:00.014903638  2724 0x56405b77f320 DEBUG   GST_POLL gstpoll.c:980:gst_poll_fd_ctl_write: 0x56405b7a3930: fd (fd:0, idx:1), active : 1
0:00:00.018833969  2723 0x562661202320 LOG   GST_REGISTRY gstregistrychunks.c:610:gst_registry_chunks_load_feature: Reading/casting for GstRegistryChunkElementFactory at address 0x5626612295c0
0:00:00.014911254  2724 0x56405b77f320 LOG   GST_POLL gstpoll.c:994:gst_poll_fd_ctl_write: 0x56405b7a3930: pfd->events now 60 (POLLOUT:4)
0:00:00.018840340  2723 0x562661202320 TRACE   structure gststructure.c:287:gst_structure_new_id_empty_with_size: created structure 0x56266122f3a0
0:00:00.014918336  2724 0x56405b77f320 DEBUG   GST_POLL gstpoll.c:980:gst_poll_fd_ctl_write: 0x56405b7a3930: fd (fd:0, idx:1), active : 1
0:00:00.018846458  2723 0x562661202320 DEBUG   structure gststructure.c:2203:gst_structure_parse_field: trying field name 'long-name'
0:00:00.014924611  2724 0x56405b77f320 LOG   GST_POLL gstpoll.c:994:gst_poll_fd_ctl_write: 0x56405b7a3930: pfd->events now 60 (POLLOUT:4)
0:00:00.018852378  2723 0x562661202320 DEBUG   default gstvalue.c:2676:_priv_gst_value_parse_value: trying type name 'string'
0:00:00.014931113  2724 0x56405b77f320 DEBUG   GST_POLL gstpoll.c:980:gst_poll_fd_ctl_write: 0x56405b7a3930: fd (fd:0, idx:1), active : 1
0:00:00.018858937  2723 0x562661202320 DEBUG   structure gststructure.c:2203:gst_structure_parse_field: trying field name 'klass'
0:00:00.014937378  2724 0x56405b77f320 LOG   GST_POLL gstpoll.c:994:gst_poll_fd_ctl_write: 0x56405b7a3930: pfd->events now 60 (POLLOUT:4)
0:00:00.018865159  2723 0x562661202320 DEBUG   default gstvalue.c:2676:_priv_gst_value_parse_value: trying type name 'string'
0:00:00.014943889  2724 0x56405b77f320 DEBUG   GST_POLL gstpoll.c:980:gst_poll_fd_ctl_write: 0x56405b7a3930: fd (fd:0, idx:1), active : 1
0:00:00.018871526  2723 0x562661202320 DEBUG   structure gststructure.c:2203:gst_structure_parse_field: trying field name 'description'
0:00:00.014950139  2724 0x56405b77f320 LOG   GST_POLL gstpoll.c:994:gst_poll_fd_ctl_write: 0x56405b7a3930: pfd->events now 60 (POLLOUT:4)
0:00:00.018877662  2723 0x562661202320 DEBUG   default gstvalue.c:2676:_priv_gst_value_parse_value: trying type name 'string'
0:00:00.014956392  2724 0x56405b77f320 DEBUG   GST_POLL gstpoll.c:980:gst_poll_fd_ctl_write: 0x56405b7a3930: fd (fd:0, idx:1), active : 1
0:00:00.018884509  2723 0x562661202320 DEBUG   structure gststructure.c:2203:gst_structure_parse_field: trying field name 'author'
0:00:00.014962656  2724 0x56405b77f320 LOG   GST_POLL gstpoll.c:994:gst_poll_fd_ctl_write: 0x56405b7a3930: pfd->events now 60 (POLLOUT:4)
0:00:00.018894486  2723 0x562661202320 DEBUG   default gstvalue.c:2676:_priv_gst_value_parse_value: trying type name 'string'
0:00:00.014972755  2724 0x56405b77f320 DEBUG   GST_POLL gstpoll.c:980:gst_poll_fd_ctl_write: 0x56405b7a3930: fd (fd:0, idx:1), active : 1
0:00:00.018901103  2723 0x562661202320 DEBUG   GST_REGISTRY gstregistrychunks.c:626:gst_registry_chunks_load_feature: Element factory : npadtemplates=1
0:00:00.014978929  2724 0x56405b77f320 LOG   GST_POLL gstpoll.c:994:gst_poll_fd_ctl_write: 0x56405b7a3930: pfd->events now 60 (POLLOUT:4)
0:00:00.018906943  2723 0x562661202320 DEBUG   GST_REGISTRY gstregistrychunks.c:526:gst_registry_chunks_load_pad_template: Reading/casting for GstRegistryChunkPadTemplate at address 0x5626612296a0
0:00:00.014985363  2724 0x56405b77f320 DEBUG   GST_POLL gstpoll.c:980:gst_poll_fd_ctl_write: 0x56405b7a3930: fd (fd:0, idx:1), active : 1
0:00:00.018912888  2723 0x562661202320 DEBUG   GST_REGISTRY gstregistrychunks.c:539:gst_registry_chunks_load_pad_template: Added pad_template sink
0:00:00.014991530  2724 0x56405b77f320 LOG   GST_POLL gstpoll.c:994:gst_poll_fd_ctl_write: 0x56405b7a3930: pfd->events now 60 (POLLOUT:4)
0:00:00.018919280  2723 0x562661202320 DEBUG   GST_REGISTRY gstregistrychunks.c:639:gst_registry_chunks_load_feature: Reading 1 UriTypes at address 0x5626612296b1
0:00:00.014998029  2724 0x56405b77f320 DEBUG   GST_POLL gstpoll.c:980:gst_poll_fd_ctl_write: 0x56405b7a3930: fd (fd:0, idx:1), active : 1
0:00:00.018925877  2723 0x562661202320 DEBUG   GST_REGISTRY gstregistrychunks.c:654:gst_registry_chunks_load_feature: Reading 1 Interfaces at address 0x5626612296bf
0:00:00.015004269  2724 0x56405b77f320 LOG   GST_POLL gstpoll.c:994:gst_poll_fd_ctl_write: 0x56405b7a3930: pfd->events now 60 (POLLOUT:4)
0:00:00.018933418  2723 0x562661202320 DEBUG   GST_REGISTRY gstregistry.c:590:gst_registry_add_feature: adding feature 0x56266122f020 (fdsink)
0:00:00.015010595  2724 0x56405b77f320 DEBUG   GST_POLL gstpoll.c:980:gst_poll_fd_ctl_write: 0x56405b7a3930: fd (fd:0, idx:1), active : 1
0:00:00.018939646  2723 0x562661202320 DEBUG   GST_REFCOUNTING gstobject.c:709:gst_object_set_parent: set parent (ref and sink)
0:00:00.015017825  2724 0x56405b77f320 LOG   GST_POLL gstpoll.c:994:gst_poll_fd_ctl_write: 0x56405b7a3930: pfd->events now 60 (POLLOUT:4)
0:00:00.018946976  2723 0x562661202320 TRACE   GST_REFCOUNTING gstobject.c:294:gst_object_ref_sink: 0x56266122f020 ref_sink 1->2
0:00:00.015024463  2724 0x56405b77f320 DEBUG   GST_POLL gstpoll.c:980:gst_poll_fd_ctl_write: 0x56405b7a3930: fd (fd:0, idx:1), active : 1
0:00:00.018953898  2723 0x562661202320 LOG   GST_REGISTRY gstregistry.c:608:gst_registry_add_feature: emitting feature-added for fdsink
0:00:00.015031653  2724 0x56405b77f320 LOG   GST_POLL gstpoll.c:994:gst_poll_fd_ctl_write: 0x56405b7a3930: pfd->events now 60 (POLLOUT:4)
0:00:00.018960722  2723 0x562661202320 DEBUG   GST_REGISTRY gstregistrychunks.c:741:gst_registry_chunks_load_feature: Added feature fdsink, plugin 0x56266122a250 coreelements
0:00:00.015038224  2724 0x56405b77f320 DEBUG   GST_POLL gstpoll.c:980:gst_poll_fd_ctl_write: 0x56405b7a3930: fd (fd:0, idx:1), active : 1
0:00:00.018971172  2723 0x562661202320 DEBUG   GST_REGISTRY gstregistrychunks.c:583:gst_registry_chunks_load_feature: Plugin 'coreelements' feature 'fdsrc' typename : 'GstElementFactory'
0:00:00.015048663  2724 0x56405b77f320 LOG   GST_POLL gstpoll.c:994:gst_poll_fd_ctl_write: 0x56405b7a3930: pfd->events now 60 (POLLOUT:4)
0:00:00.018978577  2723 0x562661202320 TRACE   GST_REFCOUNTING gstobject.c:208:gst_object_init: 0x5626612338a0 new
0:00:00.015056029  2724 0x56405b77f320 DEBUG   GST_POLL gstpoll.c:980:gst_poll_fd_ctl_write: 0x56405b7a3930: fd (fd:0, idx:1), active : 1
0:00:00.018985937  2723 0x562661202320 LOG   GST_REGISTRY gstregistrychunks.c:610:gst_registry_chunks_load_feature: Reading/casting for GstRegistryChunkElementFactory at address 0x5626612296e8
0:00:00.015063244  2724 0x56405b77f320 LOG   GST_POLL gstpoll.c:994:gst_poll_fd_ctl_write: 0x56405b7a3930: pfd->events now 60 (POLLOUT:4)
0:00:00.018992356  2723 0x562661202320 TRACE   structure gststructure.c:287:gst_structure_new_id_empty_with_size: created structure 0x562661233ad0
0:00:00.015070481  2724 0x56405b77f320 DEBUG   GST_POLL gstpoll.c:980:gst_poll_fd_ctl_write: 0x56405b7a3930: fd (fd:0, idx:1), active : 1
0:00:00.018998346  2723 0x562661202320 DEBUG   structure gststructure.c:2203:gst_structure_parse_field: trying field name 'long-name'
0:00:00.015076820  2724 0x56405b77f320 LOG   GST_POLL gstpoll.c:994:gst_poll_fd_ctl_write: 0x56405b7a3930: pfd->events now 60 (POLLOUT:4)
0:00:00.019004261  2723 0x562661202320 DEBUG   default gstvalue.c:2676:_priv_gst_value_parse_value: trying type name 'string'
0:00:00.015083443  2724 0x56405b77f320 DEBUG   GST_POLL gstpoll.c:980:gst_poll_fd_ctl_write: 0x56405b7a3930: fd (fd:0, idx:1), active : 1
0:00:00.019010879  2723 0x562661202320 DEBUG   structure gststructure.c:2203:gst_structure_parse_field: trying field name 'klass'
0:00:00.015089798  2724 0x56405b77f320 LOG   GST_POLL gstpoll.c:994:gst_poll_fd_ctl_write: 0x56405b7a3930: pfd->events now 60 (POLLOUT:4)
0:00:00.019017370  2723 0x562661202320 DEBUG   default gstvalue.c:2676:_priv_gst_value_parse_value: trying type name 'string'
0:00:00.015096246  2724 0x56405b77f320 DEBUG   GST_POLL gstpoll.c:980:gst_poll_fd_ctl_write: 0x56405b7a3930: fd (fd:0, idx:1), active : 1
0:00:00.019023741  2723 0x562661202320 DEBUG   structure gststructure.c:2203:gst_structure_parse_field: trying field name 'description'
0:00:00.015102572  2724 0x56405b77f320 LOG   GST_POLL gstpoll.c:994:gst_poll_fd_ctl_write: 0x56405b7a3930: pfd->events now 60 (POLLOUT:4)
0:00:00.019029865  2723 0x562661202320 DEBUG   default gstvalue.c:2676:_priv_gst_value_parse_value: trying type name 'string'
0:00:00.015109117  2724 0x56405b77f320 DEBUG   GST_POLL gstpoll.c:980:gst_poll_fd_ctl_write: 0x56405b7a3930: fd (fd:0, idx:1), active : 1
0:00:00.019036469  2723 0x562661202320 DEBUG   structure gststructure.c:2203:gst_structure_parse_field: trying field name 'author'
0:00:00.015115477  2724 0x56405b77f320 LOG   GST_POLL gstpoll.c:994:gst_poll_fd_ctl_write: 0x56405b7a3930: pfd->events now 60 (POLLOUT:4)
0:00:00.019046528  2723 0x562661202320 DEBUG   default gstvalue.c:2676:_priv_gst_value_parse_value: trying type name 'string'
0:00:00.015124930  2724 0x56405b77f320 DEBUG   GST_POLL gstpoll.c:980:gst_poll_fd_ctl_write: 0x56405b7a3930: fd (fd:0, idx:1), active : 1
0:00:00.019053231  2723 0x562661202320 DEBUG   GST_REGISTRY gstregistrychunks.c:626:gst_registry_chunks_load_feature: Element factory : npadtemplates=1
0:00:00.015131360  2724 0x56405b77f320 LOG   GST_POLL gstpoll.c:994:gst_poll_fd_ctl_write: 0x56405b7a3930: pfd->events now 60 (POLLOUT:4)
0:00:00.019059189  2723 0x562661202320 DEBUG   GST_REGISTRY gstregistrychunks.c:526:gst_registry_chunks_load_pad_template: Reading/casting for GstRegistryChunkPadTemplate at address 0x5626612297c8
0:00:00.015137829  2724 0x56405b77f320 DEBUG   GST_POLL gstpoll.c:980:gst_poll_fd_ctl_write: 0x56405b7a3930: fd (fd:0, idx:1), active : 1
0:00:00.019065392  2723 0x562661202320 DEBUG   GST_REGISTRY gstregistrychunks.c:539:gst_registry_chunks_load_pad_template: Added pad_template src
0:00:00.015144396  2724 0x56405b77f320 LOG   GST_POLL gstpoll.c:994:gst_poll_fd_ctl_write: 0x56405b7a3930: pfd->events now 60 (POLLOUT:4)
0:00:00.019071913  2723 0x562661202320 DEBUG   GST_REGISTRY gstregistrychunks.c:639:gst_registry_chunks_load_feature: Reading 1 UriTypes at address 0x5626612297d8
0:00:00.015150922  2724 0x56405b77f320 DEBUG   GST_POLL gstpoll.c:980:gst_poll_fd_ctl_write: 0x56405b7a3930: fd (fd:0, idx:1), active : 1
0:00:00.019078447  2723 0x562661202320 DEBUG   GST_REGISTRY gstregistrychunks.c:654:gst_registry_chunks_load_feature: Reading 1 Interfaces at address 0x5626612297df
0:00:00.015157283  2724 0x56405b77f320 LOG   GST_POLL gstpoll.c:994:gst_poll_fd_ctl_write: 0x56405b7a3930: pfd->events now 60 (POLLOUT:4)
0:00:00.019085901  2723 0x562661202320 DEBUG   GST_REGISTRY gstregistry.c:590:gst_registry_add_feature: adding feature 0x5626612338a0 (fdsrc)
0:00:00.015163803  2724 0x56405b77f320 DEBUG   GST_POLL gstpoll.c:980:gst_poll_fd_ctl_write: 0x56405b7a3930: fd (fd:0, idx:1), active : 1
0:00:00.019092299  2723 0x562661202320 DEBUG   GST_REFCOUNTING gstobject.c:709:gst_object_set_parent: set parent (ref and sink)
0:00:00.015170329  2724 0x56405b77f320 LOG   GST_POLL gstpoll.c:994:gst_poll_fd_ctl_write: 0x56405b7a3930: pfd->events now 60 (POLLOUT:4)
0:00:00.015177391  2724 0x56405b77f320 DEBUG   GST_POLL gstpoll.c:980:gst_poll_fd_ctl_write: 0x56405b7a3930: fd (fd:0, idx:1), active : 1
0:00:00.019102895  2723 0x562661202320 TRACE   GST_REFCOUNTING gstobject.c:294:gst_object_ref_sink: 0x5626612338a0 ref_sink 1->2
0:00:00.015183336  2724 0x56405b77f320 LOG   GST_POLL gstpoll.c:994:gst_poll_fd_ctl_write: 0x56405b7a3930: pfd->events now 60 (POLLOUT:4)
0:00:00.019110077  2723 0x562661202320 LOG   GST_REGISTRY gstregistry.c:608:gst_registry_add_feature: emitting feature-added for fdsrc
0:00:00.015189802  2724 0x56405b77f320 DEBUG   GST_POLL gstpoll.c:980:gst_poll_fd_ctl_write: 0x56405b7a3930: fd (fd:0, idx:1), active : 1
0:00:00.019116871  2723 0x562661202320 DEBUG   GST_REGISTRY gstregistrychunks.c:741:gst_registry_chunks_load_feature: Added feature fdsrc, plugin 0x56266122a250 coreelements
0:00:00.015202187  2724 0x56405b77f320 LOG   GST_POLL gstpoll.c:994:gst_poll_fd_ctl_write: 0x56405b7a3930: pfd->events now 60 (POLLOUT:4)
0:00:00.019129111  2723 0x562661202320 DEBUG   GST_REGISTRY gstregistrychunks.c:583:gst_registry_chunks_load_feature: Plugin 'coreelements' feature 'fakesink' typename : 'GstElementFactory'
0:00:00.015209070  2724 0x56405b77f320 DEBUG   GST_POLL gstpoll.c:980:gst_poll_fd_ctl_write: 0x56405b7a3930: fd (fd:0, idx:1), active : 1
0:00:00.019136284  2723 0x562661202320 TRACE   GST_REFCOUNTING gstobject.c:208:gst_object_init: 0x562661233f50 new
0:00:00.015215541  2724 0x56405b77f320 LOG   GST_POLL gstpoll.c:994:gst_poll_fd_ctl_write: 0x56405b7a3930: pfd->events now 60 (POLLOUT:4)
0:00:00.019143716  2723 0x562661202320 LOG   GST_REGISTRY gstregistrychunks.c:610:gst_registry_chunks_load_feature: Reading/casting for GstRegistryChunkElementFactory at address 0x562661229808
0:00:00.015222066  2724 0x56405b77f320 DEBUG   GST_POLL gstpoll.c:980:gst_poll_fd_ctl_write: 0x56405b7a3930: fd (fd:0, idx:1), active : 1
0:00:00.019150293  2723 0x562661202320 TRACE   structure gststructure.c:287:gst_structure_new_id_empty_with_size: created structure 0x562661234180
0:00:00.015228154  2724 0x56405b77f320 LOG   GST_POLL gstpoll.c:994:gst_poll_fd_ctl_write: 0x56405b7a3930: pfd->events now 60 (POLLOUT:4)
0:00:00.019156192  2723 0x562661202320 DEBUG   structure gststructure.c:2203:gst_structure_parse_field: trying field name 'long-name'
0:00:00.015234635  2724 0x56405b77f320 DEBUG   GST_POLL gstpoll.c:980:gst_poll_fd_ctl_write: 0x56405b7a3930: fd (fd:0, idx:1), active : 1
0:00:00.019162204  2723 0x562661202320 DEBUG   default gstvalue.c:2676:_priv_gst_value_parse_value: trying type name 'string'
0:00:00.015240787  2724 0x56405b77f320 LOG   GST_POLL gstpoll.c:994:gst_poll_fd_ctl_write: 0x56405b7a3930: pfd->events now 60 (POLLOUT:4)
0:00:00.019168712  2723 0x562661202320 DEBUG   structure gststructure.c:2203:gst_structure_parse_field: trying field name 'klass'
0:00:00.015247272  2724 0x56405b77f320 DEBUG   GST_POLL gstpoll.c:980:gst_poll_fd_ctl_write: 0x56405b7a3930: fd (fd:0, idx:1), active : 1
0:00:00.019174868  2723 0x562661202320 DEBUG   default gstvalue.c:2676:_priv_gst_value_parse_value: trying type name 'string'
0:00:00.015253570  2724 0x56405b77f320 LOG   GST_POLL gstpoll.c:994:gst_poll_fd_ctl_write: 0x56405b7a3930: pfd->events now 60 (POLLOUT:4)
0:00:00.019181498  2723 0x562661202320 DEBUG   structure gststructure.c:2203:gst_structure_parse_field: trying field name 'description'
0:00:00.015260086  2724 0x56405b77f320 DEBUG   GST_POLL gstpoll.c:980:gst_poll_fd_ctl_write: 0x56405b7a3930: fd (fd:0, idx:1), active : 1
0:00:00.019187603  2723 0x562661202320 DEBUG   default gstvalue.c:2676:_priv_gst_value_parse_value: trying type name 'string'
0:00:00.015266226  2724 0x56405b77f320 LOG   GST_POLL gstpoll.c:994:gst_poll_fd_ctl_write: 0x56405b7a3930: pfd->events now 60 (POLLOUT:4)
0:00:00.019194108  2723 0x562661202320 DEBUG   structure gststructure.c:2203:gst_structure_parse_field: trying field name 'author'
0:00:00.015276709  2724 0x56405b77f320 DEBUG   GST_POLL gstpoll.c:980:gst_poll_fd_ctl_write: 0x56405b7a3930: fd (fd:0, idx:1), active : 1
0:00:00.019203014  2723 0x562661202320 DEBUG   default gstvalue.c:2676:_priv_gst_value_parse_value: trying type name 'string'
0:00:00.015283226  2724 0x56405b77f320 LOG   GST_POLL gstpoll.c:994:gst_poll_fd_ctl_write: 0x56405b7a3930: pfd->events now 60 (POLLOUT:4)
0:00:00.019212796  2723 0x562661202320 DEBUG   GST_REGISTRY gstregistrychunks.c:626:gst_registry_chunks_load_feature: Element factory : npadtemplates=1
0:00:00.015289689  2724 0x56405b77f320 DEBUG   GST_POLL gstpoll.c:980:gst_poll_fd_ctl_write: 0x56405b7a3930: fd (fd:0, idx:1), active : 1
0:00:00.019218855  2723 0x562661202320 DEBUG   GST_REGISTRY gstregistrychunks.c:526:gst_registry_chunks_load_pad_template: Reading/casting for GstRegistryChunkPadTemplate at address 0x562661229930
0:00:00.015297055  2724 0x56405b77f320 LOG   GST_POLL gstpoll.c:994:gst_poll_fd_ctl_write: 0x56405b7a3930: pfd->events now 60 (POLLOUT:4)
0:00:00.019224769  2723 0x562661202320 DEBUG   GST_REGISTRY gstregistrychunks.c:539:gst_registry_chunks_load_pad_template: Added pad_template sink
0:00:00.015306238  2724 0x56405b77f320 DEBUG   GST_POLL gstpoll.c:980:gst_poll_fd_ctl_write: 0x56405b7a3930: fd (fd:0, idx:1), active : 1
0:00:00.019231955  2723 0x562661202320 DEBUG   GST_REGISTRY gstregistry.c:590:gst_registry_add_feature: adding feature 0x562661233f50 (fakesink)
0:00:00.015325706  2724 0x56405b77f320 LOG   GST_POLL gstpoll.c:994:gst_poll_fd_ctl_write: 0x56405b7a3930: pfd->events now 60 (POLLOUT:4)
0:00:00.019253789  2723 0x562661202320 DEBUG   GST_REFCOUNTING gstobject.c:709:gst_object_set_parent: set parent (ref and sink)
0:00:00.015332313  2724 0x56405b77f320 DEBUG   GST_POLL gstpoll.c:980:gst_poll_fd_ctl_write: 0x56405b7a3930: fd (fd:0, idx:1), active : 1
0:00:00.015341160  2724 0x56405b77f320 LOG   GST_POLL gstpoll.c:994:gst_poll_fd_ctl_write: 0x56405b7a3930: pfd->events now 60 (POLLOUT:4)
0:00:00.019266909  2723 0x562661202320 TRACE   GST_REFCOUNTING gstobject.c:294:gst_object_ref_sink: 0x562661233f50 ref_sink 1->2
0:00:00.015347344  2724 0x56405b77f320 DEBUG   GST_POLL gstpoll.c:980:gst_poll_fd_ctl_write: 0x56405b7a3930: fd (fd:0, idx:1), active : 1
0:00:00.015356026  2724 0x56405b77f320 LOG   GST_POLL gstpoll.c:994:gst_poll_fd_ctl_write: 0x56405b7a3930: pfd->events now 60 (POLLOUT:4)
0:00:00.019279317  2723 0x562661202320 LOG   GST_REGISTRY gstregistry.c:608:gst_registry_add_feature: emitting feature-added for fakesink
0:00:00.015362189  2724 0x56405b77f320 DEBUG   GST_POLL gstpoll.c:980:gst_poll_fd_ctl_write: 0x56405b7a3930: fd (fd:0, idx:1), active : 1
0:00:00.019289609  2723 0x562661202320 DEBUG   GST_REGISTRY gstregistrychunks.c:741:gst_registry_chunks_load_feature: Added feature fakesink, plugin 0x56266122a250 coreelements
0:00:00.015368369  2724 0x56405b77f320 LOG   GST_POLL gstpoll.c:994:gst_poll_fd_ctl_write: 0x56405b7a3930: pfd->events now 60 (POLLOUT:4)
0:00:00.019296302  2723 0x562661202320 DEBUG   GST_REGISTRY gstregistrychunks.c:583:gst_registry_chunks_load_feature: Plugin 'coreelements' feature 'fakesrc' typename : 'GstElementFactory'
0:00:00.015378878  2724 0x56405b77f320 DEBUG   GST_POLL gstpoll.c:980:gst_poll_fd_ctl_write: 0x56405b7a3930: fd (fd:0, idx:1), active : 1
0:00:00.019306735  2723 0x562661202320 TRACE   GST_REFCOUNTING gstobject.c:208:gst_object_init: 0x5626612344e0 new
0:00:00.015385442  2724 0x56405b77f320 LOG   GST_POLL gstpoll.c:994:gst_poll_fd_ctl_write: 0x56405b7a3930: pfd->events now 60 (POLLOUT:4)
0:00:00.019314566  2723 0x562661202320 LOG   GST_REGISTRY gstregistrychunks.c:610:gst_registry_chunks_load_feature: Reading/casting for GstRegistryChunkElementFactory at address 0x562661229960
0:00:00.015391926  2724 0x56405b77f320 DEBUG   GST_POLL gstpoll.c:980:gst_poll_fd_ctl_write: 0x56405b7a3930: fd (fd:0, idx:1), active : 1
0:00:00.019321325  2723 0x562661202320 TRACE   structure gststructure.c:287:gst_structure_new_id_empty_with_size: created structure 0x5626612345d0
0:00:00.015398915  2724 0x56405b77f320 LOG   GST_POLL gstpoll.c:994:gst_poll_fd_ctl_write: 0x56405b7a3930: pfd->events now 60 (POLLOUT:4)
0:00:00.019327432  2723 0x562661202320 DEBUG   structure gststructure.c:2203:gst_structure_parse_field: trying field name 'long-name'
0:00:00.015405532  2724 0x56405b77f320 DEBUG   GST_POLL gstpoll.c:980:gst_poll_fd_ctl_write: 0x56405b7a3930: fd (fd:0, idx:1), active : 1
