0:00:00.006020538  2723 0x562661202320 LOG   GST_PLUGIN_LOADING gstpluginloader.c:690:write_one: Writing packet of size 174 bytes to fd 7
0:00:00.006028313  2723 0x562661202320 DEBUG   GST_POLL gstpoll.c:980:gst_poll_fd_ctl_write: 0x562661227530: fd (fd:7, idx:1), active : 0
0:00:00.006034248  2723 0x562661202320 LOG   GST_POLL gstpoll.c:994:gst_poll_fd_ctl_write: 0x562661227530: pfd->events now 56 (POLLOUT:4)
0:00:00.006049259  2723 0x562661202320 DEBUG   GST_REGISTRY gstregistry.c:1384:gst_registry_scan_path_internal: registry changed in path /home/conan/w/prod/BuildSingleReference/.conan/data/gstreamer/1.18.3/_/_/package/d5d34cb95e58eb395d954c026f8b3b95a47b8905/lib/gstreamer-1.0: 0
0:00:00.006057377  2723 0x562661202320 DEBUG   GST_REGISTRY gstregistry.c:1659:scan_and_update_registry: GST_PLUGIN_SYSTEM_PATH not set
0:00:00.006068356  2723 0x562661202320 DEBUG   GST_REGISTRY gstregistry.c:1666:scan_and_update_registry: scanning home plugins /home/conan/.local/share/gstreamer-1.0/plugins
0:00:00.006074571  2723 0x562661202320 DEBUG   GST_REGISTRY gstregistry.c:1380:gst_registry_scan_path_internal: scanning path /home/conan/.local/share/gstreamer-1.0/plugins
0:00:00.006091452  2723 0x562661202320 DEBUG   GST_REGISTRY gstregistry.c:1384:gst_registry_scan_path_internal: registry changed in path /home/conan/.local/share/gstreamer-1.0/plugins: 0
0:00:00.006097976  2723 0x562661202320 DEBUG   GST_REGISTRY gstregistry.c:1691:scan_and_update_registry: scanning main plugins /home/conan/w/prod/BuildSingleReference/.conan/data/gstreamer/1.18.3/_/_/package/d5d34cb95e58eb395d954c026f8b3b95a47b8905/lib/gstreamer-1.0
0:00:00.006103999  2723 0x562661202320 DEBUG   GST_REGISTRY gstregistry.c:1380:gst_registry_scan_path_internal: scanning path /home/conan/w/prod/BuildSingleReference/.conan/data/gstreamer/1.18.3/_/_/package/d5d34cb95e58eb395d954c026f8b3b95a47b8905/lib/gstreamer-1.0
0:00:00.006138372  2723 0x562661202320 LOG   GST_REGISTRY gstregistry.c:1300:gst_registry_scan_path_level: file /home/conan/w/prod/BuildSingleReference/.conan/data/gstreamer/1.18.3/_/_/package/d5d34cb95e58eb395d954c026f8b3b95a47b8905/lib/gstreamer-1.0/libgstcoretracers.so looks like a possible module
0:00:00.002216197  2724 0x56405b77f320 TRACE   GST_REFCOUNTING gstobject.c:208:gst_object_init: 0x56405b7a52b0 new
0:00:00.006145651  2723 0x562661202320 DEBUG   GST_REGISTRY gstregistry.c:1361:gst_registry_scan_path_level: file /home/conan/w/prod/BuildSingleReference/.conan/data/gstreamer/1.18.3/_/_/package/d5d34cb95e58eb395d954c026f8b3b95a47b8905/lib/gstreamer-1.0/libgstcoretracers.so not yet in registry
0:00:00.006153281  2723 0x562661202320 DEBUG   GST_REGISTRY gstregistry.c:1172:gst_registry_scan_plugin_file: Using scan-helper to load plugin /home/conan/w/prod/BuildSingleReference/.conan/data/gstreamer/1.18.3/_/_/package/d5d34cb95e58eb395d954c026f8b3b95a47b8905/lib/gstreamer-1.0/libgstcoretracers.so
0:00:00.002235287  2724 0x56405b77f320 LOG   GST_PLUGIN_LOADING gstplugin.c:890:_priv_gst_plugin_load_file_for_registry: Plugin 0x56405b7a52b0 for file "/home/conan/w/prod/BuildSingleReference/.conan/data/gstreamer/1.18.3/_/_/package/d5d34cb95e58eb395d954c026f8b3b95a47b8905/lib/gstreamer-1.0/libgstcoretracers.so" prepared, calling entry function...
0:00:00.006164220  2723 0x562661202320 LOG   GST_PLUGIN_LOADING gstpluginloader.c:236:plugin_loader_load: Sending file /home/conan/w/prod/BuildSingleReference/.conan/data/gstreamer/1.18.3/_/_/package/d5d34cb95e58eb395d954c026f8b3b95a47b8905/lib/gstreamer-1.0/libgstcoretracers.so to child. tag 2
0:00:00.002245782  2724 0x56405b77f320 LOG   GST_PLUGIN_LOADING gstplugin.c:897:_priv_gst_plugin_load_file_for_registry: Plugin 0x56405b7a52b0 for file "/home/conan/w/prod/BuildSingleReference/.conan/data/gstreamer/1.18.3/_/_/package/d5d34cb95e58eb395d954c026f8b3b95a47b8905/lib/gstreamer-1.0/libgstcoretracers.so" prepared, registering...
0:00:00.006172317  2723 0x562661202320 DEBUG   GST_POLL gstpoll.c:980:gst_poll_fd_ctl_write: 0x562661227530: fd (fd:7, idx:1), active : 1
0:00:00.002252871  2724 0x56405b77f320 LOG   GST_PLUGIN_LOADING gstplugin.c:514:gst_plugin_register_func: plugin "/home/conan/w/prod/BuildSingleReference/.conan/data/gstreamer/1.18.3/_/_/package/d5d34cb95e58eb395d954c026f8b3b95a47b8905/lib/gstreamer-1.0/libgstcoretracers.so" looks good
0:00:00.006179798  2723 0x562661202320 LOG   GST_POLL gstpoll.c:994:gst_poll_fd_ctl_write: 0x562661227530: pfd->events now 60 (POLLOUT:4)
0:00:00.006187746  2723 0x562661202320 DEBUG   GST_POLL gstpoll.c:1414:gst_poll_wait: 0x562661227530: timeout :0:00:01.000000000
0:00:00.006195662  2723 0x562661202320 LOG   GST_PLUGIN_LOADING gstpluginloader.c:1028:exchange_packets: Poll res = 1. 173 bytes pending for write
0:00:00.002275674  2724 0x56405b77f320 TRACE   GST_REFCOUNTING gstobject.c:208:gst_object_init: 0x56405b7a6010 new
0:00:00.006202508  2723 0x562661202320 DEBUG   GST_POLL gstpoll.c:1241:gst_poll_fd_has_error: 0x562661227530: fd (fd:8, idx:2) 0
0:00:00.006210028  2723 0x562661202320 DEBUG   GST_POLL gstpoll.c:1266:gst_poll_fd_can_read_unlocked: 0x562661227530: fd (fd:8, idx:2) 0
0:00:00.002285005  2724 0x56405b77f320 DEBUG   GST_TRACER gsttracer.c:169:gst_tracer_register: new tracer factory for latency
0:00:00.006216103  2723 0x562661202320 DEBUG   GST_POLL gstpoll.c:1195:gst_poll_fd_has_closed: 0x562661227530: fd (fd:8, idx:2) 0
0:00:00.002295365  2724 0x56405b77f320 DEBUG   GST_TRACER gsttracer.c:177:gst_tracer_register: tracer factory for 1534746512:GstLatencyTracer
0:00:00.006222583  2723 0x562661202320 DEBUG   GST_POLL gstpoll.c:1241:gst_poll_fd_has_error: 0x562661227530: fd (fd:7, idx:1) 0
0:00:00.002303552  2724 0x56405b77f320 DEBUG   GST_REGISTRY gstregistry.c:590:gst_registry_add_feature: adding feature 0x56405b7a6010 (latency)
0:00:00.006229121  2723 0x562661202320 DEBUG   GST_POLL gstpoll.c:1335:gst_poll_fd_can_write: 0x562661227530: fd (fd:7, idx:1) 1
0:00:00.006259913  2723 0x562661202320 LOG   GST_PLUGIN_LOADING gstpluginloader.c:690:write_one: Writing packet of size 173 bytes to fd 7
0:00:00.002338369  2724 0x56405b77f320 DEBUG   GST_REFCOUNTING gstobject.c:709:gst_object_set_parent: set parent (ref and sink)
0:00:00.006280378  2723 0x562661202320 DEBUG   GST_POLL gstpoll.c:980:gst_poll_fd_ctl_write: 0x562661227530: fd (fd:7, idx:1), active : 0
0:00:00.002357349  2724 0x56405b77f320 TRACE   GST_REFCOUNTING gstobject.c:294:gst_object_ref_sink: 0x56405b7a6010 ref_sink 1->2
0:00:00.006289029  2723 0x562661202320 LOG   GST_POLL gstpoll.c:994:gst_poll_fd_ctl_write: 0x562661227530: pfd->events now 56 (POLLOUT:4)
0:00:00.002366822  2724 0x56405b77f320 LOG   GST_REGISTRY gstregistry.c:608:gst_registry_add_feature: emitting feature-added for latency
0:00:00.006304294  2723 0x562661202320 LOG   GST_REGISTRY gstregistry.c:1300:gst_registry_scan_path_level: file /home/conan/w/prod/BuildSingleReference/.conan/data/gstreamer/1.18.3/_/_/package/d5d34cb95e58eb395d954c026f8b3b95a47b8905/lib/gstreamer-1.0/libgstcoreelements.so looks like a possible module
0:00:00.002383580  2724 0x56405b77f320 TRACE   GST_REFCOUNTING gstobject.c:208:gst_object_init: 0x56405b7a6580 new
0:00:00.006311317  2723 0x562661202320 DEBUG   GST_REGISTRY gstregistry.c:1361:gst_registry_scan_path_level: file /home/conan/w/prod/BuildSingleReference/.conan/data/gstreamer/1.18.3/_/_/package/d5d34cb95e58eb395d954c026f8b3b95a47b8905/lib/gstreamer-1.0/libgstcoreelements.so not yet in registry
0:00:00.006317546  2723 0x562661202320 DEBUG   GST_REGISTRY gstregistry.c:1172:gst_registry_scan_plugin_file: Using scan-helper to load plugin /home/conan/w/prod/BuildSingleReference/.conan/data/gstreamer/1.18.3/_/_/package/d5d34cb95e58eb395d954c026f8b3b95a47b8905/lib/gstreamer-1.0/libgstcoreelements.so
0:00:00.002392982  2724 0x56405b77f320 DEBUG   GST_TRACER gsttracer.c:169:gst_tracer_register: new tracer factory for log
0:00:00.006323916  2723 0x562661202320 LOG   GST_PLUGIN_LOADING gstpluginloader.c:236:plugin_loader_load: Sending file /home/conan/w/prod/BuildSingleReference/.conan/data/gstreamer/1.18.3/_/_/package/d5d34cb95e58eb395d954c026f8b3b95a47b8905/lib/gstreamer-1.0/libgstcoreelements.so to child. tag 3
0:00:00.002402782  2724 0x56405b77f320 DEBUG   GST_TRACER gsttracer.c:177:gst_tracer_register: tracer factory for 1534747392:GstLogTracer
0:00:00.006331321  2723 0x562661202320 DEBUG   GST_POLL gstpoll.c:980:gst_poll_fd_ctl_write: 0x562661227530: fd (fd:7, idx:1), active : 1
0:00:00.002410677  2724 0x56405b77f320 DEBUG   GST_REGISTRY gstregistry.c:590:gst_registry_add_feature: adding feature 0x56405b7a6580 (log)
0:00:00.006338030  2723 0x562661202320 LOG   GST_POLL gstpoll.c:994:gst_poll_fd_ctl_write: 0x562661227530: pfd->events now 60 (POLLOUT:4)
0:00:00.002417045  2724 0x56405b77f320 DEBUG   GST_REFCOUNTING gstobject.c:709:gst_object_set_parent: set parent (ref and sink)
0:00:00.006345309  2723 0x562661202320 DEBUG   GST_POLL gstpoll.c:1414:gst_poll_wait: 0x562661227530: timeout :0:00:01.000000000
0:00:00.002424437  2724 0x56405b77f320 TRACE   GST_REFCOUNTING gstobject.c:294:gst_object_ref_sink: 0x56405b7a6580 ref_sink 1->2
0:00:00.006353735  2723 0x562661202320 LOG   GST_PLUGIN_LOADING gstpluginloader.c:1028:exchange_packets: Poll res = 1. 174 bytes pending for write
0:00:00.002437857  2724 0x56405b77f320 LOG   GST_REGISTRY gstregistry.c:608:gst_registry_add_feature: emitting feature-added for log
0:00:00.006364795  2723 0x562661202320 DEBUG   GST_POLL gstpoll.c:1241:gst_poll_fd_has_error: 0x562661227530: fd (fd:8, idx:2) 0
0:00:00.006371539  2723 0x562661202320 DEBUG   GST_POLL gstpoll.c:1266:gst_poll_fd_can_read_unlocked: 0x562661227530: fd (fd:8, idx:2) 0
0:00:00.002448968  2724 0x56405b77f320 TRACE   GST_REFCOUNTING gstobject.c:208:gst_object_init: 0x56405b7a67a0 new
0:00:00.006377733  2723 0x562661202320 DEBUG   GST_POLL gstpoll.c:1195:gst_poll_fd_has_closed: 0x562661227530: fd (fd:8, idx:2) 0
0:00:00.002457313  2724 0x56405b77f320 DEBUG   GST_TRACER gsttracer.c:169:gst_tracer_register: new tracer factory for rusage
0:00:00.006384339  2723 0x562661202320 DEBUG   GST_POLL gstpoll.c:1241:gst_poll_fd_has_error: 0x562661227530: fd (fd:7, idx:1) 0
0:00:00.002465157  2724 0x56405b77f320 DEBUG   GST_TRACER gsttracer.c:177:gst_tracer_register: tracer factory for 1534747728:GstRUsageTracer
0:00:00.006390865  2723 0x562661202320 DEBUG   GST_POLL gstpoll.c:1335:gst_poll_fd_can_write: 0x562661227530: fd (fd:7, idx:1) 1
0:00:00.002472799  2724 0x56405b77f320 DEBUG   GST_REGISTRY gstregistry.c:590:gst_registry_add_feature: adding feature 0x56405b7a67a0 (rusage)
0:00:00.006398471  2723 0x562661202320 LOG   GST_PLUGIN_LOADING gstpluginloader.c:690:write_one: Writing packet of size 174 bytes to fd 7
0:00:00.002479037  2724 0x56405b77f320 DEBUG   GST_REFCOUNTING gstobject.c:709:gst_object_set_parent: set parent (ref and sink)
0:00:00.006407798  2723 0x562661202320 DEBUG   GST_POLL gstpoll.c:980:gst_poll_fd_ctl_write: 0x562661227530: fd (fd:7, idx:1), active : 0
0:00:00.002486385  2724 0x56405b77f320 TRACE   GST_REFCOUNTING gstobject.c:294:gst_object_ref_sink: 0x56405b7a67a0 ref_sink 1->2
0:00:00.006414339  2723 0x562661202320 LOG   GST_POLL gstpoll.c:994:gst_poll_fd_ctl_write: 0x562661227530: pfd->events now 56 (POLLOUT:4)
0:00:00.002492967  2724 0x56405b77f320 LOG   GST_REGISTRY gstregistry.c:608:gst_registry_add_feature: emitting feature-added for rusage
0:00:00.006425456  2723 0x562661202320 DEBUG   GST_REGISTRY gstregistry.c:1384:gst_registry_scan_path_internal: registry changed in path /home/conan/w/prod/BuildSingleReference/.conan/data/gstreamer/1.18.3/_/_/package/d5d34cb95e58eb395d954c026f8b3b95a47b8905/lib/gstreamer-1.0: 0
0:00:00.002503691  2724 0x56405b77f320 TRACE   GST_REFCOUNTING gstobject.c:208:gst_object_init: 0x56405b7a6ba0 new
0:00:00.006435330  2723 0x562661202320 DEBUG   GST_POLL gstpoll.c:980:gst_poll_fd_ctl_write: 0x562661227530: fd (fd:7, idx:1), active : 1
0:00:00.002512153  2724 0x56405b77f320 DEBUG   GST_TRACER gsttracer.c:169:gst_tracer_register: new tracer factory for stats
0:00:00.006442212  2723 0x562661202320 LOG   GST_POLL gstpoll.c:994:gst_poll_fd_ctl_write: 0x562661227530: pfd->events now 60 (POLLOUT:4)
0:00:00.002520627  2724 0x56405b77f320 DEBUG   GST_TRACER gsttracer.c:177:gst_tracer_register: tracer factory for 1534749072:GstStatsTracer
0:00:00.006454729  2723 0x562661202320 DEBUG   GST_POLL gstpoll.c:1414:gst_poll_wait: 0x562661227530: timeout :0:00:01.000000000
0:00:00.002532568  2724 0x56405b77f320 DEBUG   GST_REGISTRY gstregistry.c:590:gst_registry_add_feature: adding feature 0x56405b7a6ba0 (stats)
0:00:00.006463446  2723 0x562661202320 LOG   GST_PLUGIN_LOADING gstpluginloader.c:1028:exchange_packets: Poll res = 1. 12 bytes pending for write
0:00:00.002538859  2724 0x56405b77f320 DEBUG   GST_REFCOUNTING gstobject.c:709:gst_object_set_parent: set parent (ref and sink)
0:00:00.006470674  2723 0x562661202320 DEBUG   GST_POLL gstpoll.c:1241:gst_poll_fd_has_error: 0x562661227530: fd (fd:8, idx:2) 0
0:00:00.002548464  2724 0x56405b77f320 TRACE   GST_REFCOUNTING gstobject.c:294:gst_object_ref_sink: 0x56405b7a6ba0 ref_sink 1->2
0:00:00.006477301  2723 0x562661202320 DEBUG   GST_POLL gstpoll.c:1266:gst_poll_fd_can_read_unlocked: 0x562661227530: fd (fd:8, idx:2) 0
0:00:00.002555265  2724 0x56405b77f320 LOG   GST_REGISTRY gstregistry.c:608:gst_registry_add_feature: emitting feature-added for stats
0:00:00.006484010  2723 0x562661202320 DEBUG   GST_POLL gstpoll.c:1195:gst_poll_fd_has_closed: 0x562661227530: fd (fd:8, idx:2) 0
0:00:00.006490745  2723 0x562661202320 DEBUG   GST_POLL gstpoll.c:1241:gst_poll_fd_has_error: 0x562661227530: fd (fd:7, idx:1) 0
0:00:00.002565679  2724 0x56405b77f320 TRACE   GST_REFCOUNTING gstobject.c:208:gst_object_init: 0x56405b7a6e40 new
0:00:00.006497013  2723 0x562661202320 DEBUG   GST_POLL gstpoll.c:1335:gst_poll_fd_can_write: 0x562661227530: fd (fd:7, idx:1) 1
0:00:00.002575479  2724 0x56405b77f320 DEBUG   GST_TRACER gsttracer.c:169:gst_tracer_register: new tracer factory for leaks
0:00:00.006503280  2723 0x562661202320 LOG   GST_PLUGIN_LOADING gstpluginloader.c:690:write_one: Writing packet of size 12 bytes to fd 7
0:00:00.006511568  2723 0x562661202320 DEBUG   GST_POLL gstpoll.c:980:gst_poll_fd_ctl_write: 0x562661227530: fd (fd:7, idx:1), active : 0
0:00:00.006517846  2723 0x562661202320 LOG   GST_POLL gstpoll.c:994:gst_poll_fd_ctl_write: 0x562661227530: pfd->events now 56 (POLLOUT:4)
0:00:00.006524600  2723 0x562661202320 DEBUG   GST_POLL gstpoll.c:1414:gst_poll_wait: 0x562661227530: timeout :0:00:01.000000000
0:00:00.002599781  2724 0x56405b77f320 DEBUG   GST_TRACER gsttracer.c:177:gst_tracer_register: tracer factory for 1534749824:GstLeaksTracer
0:00:00.002609479  2724 0x56405b77f320 DEBUG   GST_REGISTRY gstregistry.c:590:gst_registry_add_feature: adding feature 0x56405b7a6e40 (leaks)
0:00:00.002615203  2724 0x56405b77f320 DEBUG   GST_REFCOUNTING gstobject.c:709:gst_object_set_parent: set parent (ref and sink)
0:00:00.002622688  2724 0x56405b77f320 TRACE   GST_REFCOUNTING gstobject.c:294:gst_object_ref_sink: 0x56405b7a6e40 ref_sink 1->2
0:00:00.002629000  2724 0x56405b77f320 LOG   GST_REGISTRY gstregistry.c:608:gst_registry_add_feature: emitting feature-added for leaks
0:00:00.002639756  2724 0x56405b77f320 LOG   GST_PLUGIN_LOADING gstplugin.c:541:gst_plugin_register_func: plugin "/home/conan/w/prod/BuildSingleReference/.conan/data/gstreamer/1.18.3/_/_/package/d5d34cb95e58eb395d954c026f8b3b95a47b8905/lib/gstreamer-1.0/libgstcoretracers.so" initialised
0:00:00.002647574  2724 0x56405b77f320 INFO   GST_PLUGIN_LOADING gstplugin.c:915:_priv_gst_plugin_load_file_for_registry: plugin "/home/conan/w/prod/BuildSingleReference/.conan/data/gstreamer/1.18.3/_/_/package/d5d34cb95e58eb395d954c026f8b3b95a47b8905/lib/gstreamer-1.0/libgstcoretracers.so" loaded
0:00:00.002654432  2724 0x56405b77f320 TRACE   GST_REFCOUNTING gstobject.c:238:gst_object_ref: 0x56405b7a52b0 ref 1->2
0:00:00.002662063  2724 0x56405b77f320 DEBUG   GST_REGISTRY gstregistry.c:474:gst_registry_add_plugin: adding plugin 0x56405b7a52b0 for filename "/home/conan/w/prod/BuildSingleReference/.conan/data/gstreamer/1.18.3/_/_/package/d5d34cb95e58eb395d954c026f8b3b95a47b8905/lib/gstreamer-1.0/libgstcoretracers.so"
0:00:00.002669179  2724 0x56405b77f320 TRACE   GST_REFCOUNTING gstobject.c:294:gst_object_ref_sink: 0x56405b7a52b0 ref_sink 2->3
0:00:00.002679177  2724 0x56405b77f320 LOG   GST_REGISTRY gstregistry.c:487:gst_registry_add_plugin: emitting plugin-added for filename "/home/conan/w/prod/BuildSingleReference/.conan/data/gstreamer/1.18.3/_/_/package/d5d34cb95e58eb395d954c026f8b3b95a47b8905/lib/gstreamer-1.0/libgstcoretracers.so"
0:00:00.002690285  2724 0x56405b77f320 TRACE   GST_REFCOUNTING gstobject.c:238:gst_object_ref: 0x56405b7a6e40 ref 1->2
0:00:00.002703191  2724 0x56405b77f320 TRACE   GST_REFCOUNTING gstobject.c:238:gst_object_ref: 0x56405b7a6ba0 ref 1->2
0:00:00.002714071  2724 0x56405b77f320 TRACE   GST_REFCOUNTING gstobject.c:238:gst_object_ref: 0x56405b7a67a0 ref 1->2
0:00:00.002727190  2724 0x56405b77f320 TRACE   GST_REFCOUNTING gstobject.c:238:gst_object_ref: 0x56405b7a6580 ref 1->2
0:00:00.002747074  2724 0x56405b77f320 TRACE   GST_REFCOUNTING gstobject.c:238:gst_object_ref: 0x56405b7a6010 ref 1->2
0:00:00.002761348  2724 0x56405b77f320 TRACE   GST_REFCOUNTING gstobject.c:265:gst_object_unref: 0x56405b7a6010 unref 2->1
0:00:00.002769679  2724 0x56405b77f320 TRACE   GST_REFCOUNTING gstobject.c:265:gst_object_unref: 0x56405b7a6580 unref 2->1
0:00:00.002776574  2724 0x56405b77f320 TRACE   GST_REFCOUNTING gstobject.c:265:gst_object_unref: 0x56405b7a67a0 unref 2->1
0:00:00.002783576  2724 0x56405b77f320 TRACE   GST_REFCOUNTING gstobject.c:265:gst_object_unref: 0x56405b7a6ba0 unref 2->1
0:00:00.002790520  2724 0x56405b77f320 TRACE   GST_REFCOUNTING gstobject.c:265:gst_object_unref: 0x56405b7a6e40 unref 2->1
0:00:00.002800016  2724 0x56405b77f320 DEBUG   GST_REGISTRY gstregistrychunks.c:498:_priv_gst_registry_chunks_save_plugin: Found 5 features in plugin 0x56405b7a52b0 (coretracers)
0:00:00.002810908  2724 0x56405b77f320 DEBUG   GST_POLL gstpoll.c:980:gst_poll_fd_ctl_write: 0x56405b7a3930: fd (fd:0, idx:1), active : 1
0:00:00.002817807  2724 0x56405b77f320 LOG   GST_POLL gstpoll.c:994:gst_poll_fd_ctl_write: 0x56405b7a3930: pfd->events now 60 (POLLOUT:4)
0:00:00.002829182  2724 0x56405b77f320 DEBUG   GST_POLL gstpoll.c:980:gst_poll_fd_ctl_write: 0x56405b7a3930: fd (fd:0, idx:1), active : 1
0:00:00.002835451  2724 0x56405b77f320 LOG   GST_POLL gstpoll.c:994:gst_poll_fd_ctl_write: 0x56405b7a3930: pfd->events now 60 (POLLOUT:4)
0:00:00.002842587  2724 0x56405b77f320 DEBUG   GST_POLL gstpoll.c:980:gst_poll_fd_ctl_write: 0x56405b7a3930: fd (fd:0, idx:1), active : 1
0:00:00.002848780  2724 0x56405b77f320 LOG   GST_POLL gstpoll.c:994:gst_poll_fd_ctl_write: 0x56405b7a3930: pfd->events now 60 (POLLOUT:4)
0:00:00.002861186  2724 0x56405b77f320 DEBUG   GST_POLL gstpoll.c:980:gst_poll_fd_ctl_write: 0x56405b7a3930: fd (fd:0, idx:1), active : 1
0:00:00.002867179  2724 0x56405b77f320 LOG   GST_POLL gstpoll.c:994:gst_poll_fd_ctl_write: 0x56405b7a3930: pfd->events now 60 (POLLOUT:4)
0:00:00.002873198  2724 0x56405b77f320 DEBUG   GST_POLL gstpoll.c:980:gst_poll_fd_ctl_write: 0x56405b7a3930: fd (fd:0, idx:1), active : 1
0:00:00.002878953  2724 0x56405b77f320 LOG   GST_POLL gstpoll.c:994:gst_poll_fd_ctl_write: 0x56405b7a3930: pfd->events now 60 (POLLOUT:4)
0:00:00.002884880  2724 0x56405b77f320 DEBUG   GST_POLL gstpoll.c:980:gst_poll_fd_ctl_write: 0x56405b7a3930: fd (fd:0, idx:1), active : 1
0:00:00.002890588  2724 0x56405b77f320 LOG   GST_POLL gstpoll.c:994:gst_poll_fd_ctl_write: 0x56405b7a3930: pfd->events now 60 (POLLOUT:4)
0:00:00.002896517  2724 0x56405b77f320 DEBUG   GST_POLL gstpoll.c:980:gst_poll_fd_ctl_write: 0x56405b7a3930: fd (fd:0, idx:1), active : 1
0:00:00.002902271  2724 0x56405b77f320 LOG   GST_POLL gstpoll.c:994:gst_poll_fd_ctl_write: 0x56405b7a3930: pfd->events now 60 (POLLOUT:4)
0:00:00.002908323  2724 0x56405b77f320 DEBUG   GST_POLL gstpoll.c:980:gst_poll_fd_ctl_write: 0x56405b7a3930: fd (fd:0, idx:1), active : 1
0:00:00.002914100  2724 0x56405b77f320 LOG   GST_POLL gstpoll.c:994:gst_poll_fd_ctl_write: 0x56405b7a3930: pfd->events now 60 (POLLOUT:4)
0:00:00.002920039  2724 0x56405b77f320 DEBUG   GST_POLL gstpoll.c:980:gst_poll_fd_ctl_write: 0x56405b7a3930: fd (fd:0, idx:1), active : 1
0:00:00.002925827  2724 0x56405b77f320 LOG   GST_POLL gstpoll.c:994:gst_poll_fd_ctl_write: 0x56405b7a3930: pfd->events now 60 (POLLOUT:4)
0:00:00.002931767  2724 0x56405b77f320 DEBUG   GST_POLL gstpoll.c:980:gst_poll_fd_ctl_write: 0x56405b7a3930: fd (fd:0, idx:1), active : 1
0:00:00.002937504  2724 0x56405b77f320 LOG   GST_POLL gstpoll.c:994:gst_poll_fd_ctl_write: 0x56405b7a3930: pfd->events now 60 (POLLOUT:4)
0:00:00.002943568  2724 0x56405b77f320 DEBUG   GST_POLL gstpoll.c:980:gst_poll_fd_ctl_write: 0x56405b7a3930: fd (fd:0, idx:1), active : 1
0:00:00.002949277  2724 0x56405b77f320 LOG   GST_POLL gstpoll.c:994:gst_poll_fd_ctl_write: 0x56405b7a3930: pfd->events now 60 (POLLOUT:4)
0:00:00.002955227  2724 0x56405b77f320 DEBUG   GST_POLL gstpoll.c:980:gst_poll_fd_ctl_write: 0x56405b7a3930: fd (fd:0, idx:1), active : 1
0:00:00.002960935  2724 0x56405b77f320 LOG   GST_POLL gstpoll.c:994:gst_poll_fd_ctl_write: 0x56405b7a3930: pfd->events now 60 (POLLOUT:4)
0:00:00.002977588  2724 0x56405b77f320 DEBUG   GST_POLL gstpoll.c:980:gst_poll_fd_ctl_write: 0x56405b7a3930: fd (fd:0, idx:1), active : 1
0:00:00.002987376  2724 0x56405b77f320 LOG   GST_POLL gstpoll.c:994:gst_poll_fd_ctl_write: 0x56405b7a3930: pfd->events now 60 (POLLOUT:4)
0:00:00.002993576  2724 0x56405b77f320 DEBUG   GST_POLL gstpoll.c:980:gst_poll_fd_ctl_write: 0x56405b7a3930: fd (fd:0, idx:1), active : 1
0:00:00.002999372  2724 0x56405b77f320 LOG   GST_POLL gstpoll.c:994:gst_poll_fd_ctl_write: 0x56405b7a3930: pfd->events now 60 (POLLOUT:4)
0:00:00.003005381  2724 0x56405b77f320 DEBUG   GST_POLL gstpoll.c:980:gst_poll_fd_ctl_write: 0x56405b7a3930: fd (fd:0, idx:1), active : 1
0:00:00.003011143  2724 0x56405b77f320 LOG   GST_POLL gstpoll.c:994:gst_poll_fd_ctl_write: 0x56405b7a3930: pfd->events now 60 (POLLOUT:4)
0:00:00.003017260  2724 0x56405b77f320 DEBUG   GST_POLL gstpoll.c:980:gst_poll_fd_ctl_write: 0x56405b7a3930: fd (fd:0, idx:1), active : 1
0:00:00.003023002  2724 0x56405b77f320 LOG   GST_POLL gstpoll.c:994:gst_poll_fd_ctl_write: 0x56405b7a3930: pfd->events now 60 (POLLOUT:4)
0:00:00.003028999  2724 0x56405b77f320 DEBUG   GST_POLL gstpoll.c:980:gst_poll_fd_ctl_write: 0x56405b7a3930: fd (fd:0, idx:1), active : 1
0:00:00.003034771  2724 0x56405b77f320 LOG   GST_POLL gstpoll.c:994:gst_poll_fd_ctl_write: 0x56405b7a3930: pfd->events now 60 (POLLOUT:4)
0:00:00.003040759  2724 0x56405b77f320 DEBUG   GST_POLL gstpoll.c:980:gst_poll_fd_ctl_write: 0x56405b7a3930: fd (fd:0, idx:1), active : 1
0:00:00.003046477  2724 0x56405b77f320 LOG   GST_POLL gstpoll.c:994:gst_poll_fd_ctl_write: 0x56405b7a3930: pfd->events now 60 (POLLOUT:4)
0:00:00.003052557  2724 0x56405b77f320 DEBUG   GST_POLL gstpoll.c:980:gst_poll_fd_ctl_write: 0x56405b7a3930: fd (fd:0, idx:1), active : 1
0:00:00.003058332  2724 0x56405b77f320 LOG   GST_POLL gstpoll.c:994:gst_poll_fd_ctl_write: 0x56405b7a3930: pfd->events now 60 (POLLOUT:4)
0:00:00.003064332  2724 0x56405b77f320 DEBUG   GST_POLL gstpoll.c:980:gst_poll_fd_ctl_write: 0x56405b7a3930: fd (fd:0, idx:1), active : 1
0:00:00.003070097  2724 0x56405b77f320 LOG   GST_POLL gstpoll.c:994:gst_poll_fd_ctl_write: 0x56405b7a3930: pfd->events now 60 (POLLOUT:4)
0:00:00.003076091  2724 0x56405b77f320 DEBUG   GST_POLL gstpoll.c:980:gst_poll_fd_ctl_write: 0x56405b7a3930: fd (fd:0, idx:1), active : 1
0:00:00.003081831  2724 0x56405b77f320 LOG   GST_POLL gstpoll.c:994:gst_poll_fd_ctl_write: 0x56405b7a3930: pfd->events now 60 (POLLOUT:4)
0:00:00.003087845  2724 0x56405b77f320 DEBUG   GST_POLL gstpoll.c:980:gst_poll_fd_ctl_write: 0x56405b7a3930: fd (fd:0, idx:1), active : 1
0:00:00.003093594  2724 0x56405b77f320 LOG   GST_POLL gstpoll.c:994:gst_poll_fd_ctl_write: 0x56405b7a3930: pfd->events now 60 (POLLOUT:4)
0:00:00.003099646  2724 0x56405b77f320 DEBUG   GST_POLL gstpoll.c:980:gst_poll_fd_ctl_write: 0x56405b7a3930: fd (fd:0, idx:1), active : 1
0:00:00.003105394  2724 0x56405b77f320 LOG   GST_POLL gstpoll.c:994:gst_poll_fd_ctl_write: 0x56405b7a3930: pfd->events now 60 (POLLOUT:4)
0:00:00.003111394  2724 0x56405b77f320 DEBUG   GST_POLL gstpoll.c:980:gst_poll_fd_ctl_write: 0x56405b7a3930: fd (fd:0, idx:1), active : 1
0:00:00.003121635  2724 0x56405b77f320 LOG   GST_POLL gstpoll.c:994:gst_poll_fd_ctl_write: 0x56405b7a3930: pfd->events now 60 (POLLOUT:4)
0:00:00.003127868  2724 0x56405b77f320 DEBUG   GST_POLL gstpoll.c:980:gst_poll_fd_ctl_write: 0x56405b7a3930: fd (fd:0, idx:1), active : 1
0:00:00.003133608  2724 0x56405b77f320 LOG   GST_POLL gstpoll.c:994:gst_poll_fd_ctl_write: 0x56405b7a3930: pfd->events now 60 (POLLOUT:4)
0:00:00.003139589  2724 0x56405b77f320 DEBUG   GST_POLL gstpoll.c:980:gst_poll_fd_ctl_write: 0x56405b7a3930: fd (fd:0, idx:1), active : 1
0:00:00.003151584  2724 0x56405b77f320 LOG   GST_POLL gstpoll.c:994:gst_poll_fd_ctl_write: 0x56405b7a3930: pfd->events now 60 (POLLOUT:4)
0:00:00.003157620  2724 0x56405b77f320 DEBUG   GST_POLL gstpoll.c:980:gst_poll_fd_ctl_write: 0x56405b7a3930: fd (fd:0, idx:1), active : 1
0:00:00.003163405  2724 0x56405b77f320 LOG   GST_POLL gstpoll.c:994:gst_poll_fd_ctl_write: 0x56405b7a3930: pfd->events now 60 (POLLOUT:4)
0:00:00.003170066  2724 0x56405b77f320 TRACE   GST_REFCOUNTING gstobject.c:265:gst_object_unref: 0x56405b7a52b0 unref 2->1
0:00:00.003177618  2724 0x56405b77f320 DEBUG   GST_POLL gstpoll.c:1241:gst_poll_fd_has_error: 0x56405b7a3930: fd (fd:0, idx:1) 0
0:00:00.003184489  2724 0x56405b77f320 DEBUG   GST_POLL gstpoll.c:1335:gst_poll_fd_can_write: 0x56405b7a3930: fd (fd:0, idx:1) 0
0:00:00.003190912  2724 0x56405b77f320 DEBUG   GST_POLL gstpoll.c:1195:gst_poll_fd_has_closed: 0x56405b7a3930: fd (fd:0, idx:1) 0
0:00:00.003198191  2724 0x56405b77f320 DEBUG   GST_POLL gstpoll.c:1414:gst_poll_wait: 0x56405b7a3930: timeout :0:00:01.000000000
0:00:00.003208366  2724 0x56405b77f320 LOG   GST_PLUGIN_LOADING gstpluginloader.c:1028:exchange_packets: Poll res = 2. 488 bytes pending for write
0:00:00.003215197  2724 0x56405b77f320 DEBUG   GST_POLL gstpoll.c:1241:gst_poll_fd_has_error: 0x56405b7a3930: fd (fd:5, idx:2) 0
0:00:00.003221307  2724 0x56405b77f320 DEBUG   GST_POLL gstpoll.c:1266:gst_poll_fd_can_read_unlocked: 0x56405b7a3930: fd (fd:5, idx:2) 1
0:00:00.003231272  2724 0x56405b77f320 DEBUG   GST_PLUGIN_LOADING gstpluginloader.c:722:do_plugin_load: Plugin scanner loading file /home/conan/w/prod/BuildSingleReference/.conan/data/gstreamer/1.18.3/_/_/package/d5d34cb95e58eb395d954c026f8b3b95a47b8905/lib/gstreamer-1.0/libgstcoreelements.so. tag 1
0:00:00.003238583  2724 0x56405b77f320 DEBUG   GST_PLUGIN_LOADING gstplugin.c:768:_priv_gst_plugin_load_file_for_registry: attempt to load plugin "/home/conan/w/prod/BuildSingleReference/.conan/data/gstreamer/1.18.3/_/_/package/d5d34cb95e58eb395d954c026f8b3b95a47b8905/lib/gstreamer-1.0/libgstcoreelements.so"
0:00:00.003686317  2724 0x56405b77f320 TRACE   GST_REFCOUNTING gstobject.c:208:gst_object_init: 0x56405b7a7620 new
0:00:00.003712551  2724 0x56405b77f320 LOG   GST_PLUGIN_LOADING gstplugin.c:890:_priv_gst_plugin_load_file_for_registry: Plugin 0x56405b7a7620 for file "/home/conan/w/prod/BuildSingleReference/.conan/data/gstreamer/1.18.3/_/_/package/d5d34cb95e58eb395d954c026f8b3b95a47b8905/lib/gstreamer-1.0/libgstcoreelements.so" prepared, calling entry function...
0:00:00.003721931  2724 0x56405b77f320 LOG   GST_PLUGIN_LOADING gstplugin.c:897:_priv_gst_plugin_load_file_for_registry: Plugin 0x56405b7a7620 for file "/home/conan/w/prod/BuildSingleReference/.conan/data/gstreamer/1.18.3/_/_/package/d5d34cb95e58eb395d954c026f8b3b95a47b8905/lib/gstreamer-1.0/libgstcoreelements.so" prepared, registering...
0:00:00.003743905  2724 0x56405b77f320 LOG   GST_PLUGIN_LOADING gstplugin.c:514:gst_plugin_register_func: plugin "/home/conan/w/prod/BuildSingleReference/.conan/data/gstreamer/1.18.3/_/_/package/d5d34cb95e58eb395d954c026f8b3b95a47b8905/lib/gstreamer-1.0/libgstcoreelements.so" looks good
0:00:00.003770754  2724 0x56405b77f320 TRACE   GST_REFCOUNTING gstobject.c:208:gst_object_init: 0x56405b7a9040 new
0:00:00.003781596  2724 0x56405b77f320 LOG   GST_ELEMENT_FACTORY gstelementfactory.c:238:gst_element_register: Created new elementfactory for type GstCapsFilter
0:00:00.003793585  2724 0x56405b77f320 TRACE   structure gststructure.c:287:gst_structure_new_id_empty_with_size: created structure 0x56405b7a9660
0:00:00.003805336  2724 0x56405b77f320 TRACE   GST_PERFORMANCE gststructure.c:509:gst_structure_copy: doing copy 0x56405b78e0f0 -> 0x56405b7a9660
0:00:00.003825085  2724 0x56405b77f320 DEBUG   GST_ELEMENT_PADS gstelement.c:312:gst_element_base_class_init: type GstBaseTransform : factory (nil)
0:00:00.003838419  2724 0x56405b77f320 DEBUG   basetransform gstbasetransform.c:333:gst_base_transform_class_init: gst_base_transform_class_init
0:00:00.003855708  2724 0x56405b77f320 TRACE   structure gststructure.c:287:gst_structure_new_id_empty_with_size: created structure 0x56405b7a9c70
0:00:00.003862533  2724 0x56405b77f320 TRACE   GST_PERFORMANCE gststructure.c:509:gst_structure_copy: doing copy 0x56405b7a9660 -> 0x56405b7a9c70
0:00:00.003869363  2724 0x56405b77f320 DEBUG   GST_ELEMENT_PADS gstelement.c:312:gst_element_base_class_init: type GstCapsFilter : factory 0x56405b7a9040
0:00:00.003894344  2724 0x56405b77f320 TRACE   GST_CAPS gstcaps.c:263:gst_caps_new_empty: created caps 0x56405b7a8070
0:00:00.003901711  2724 0x56405b77f320 TRACE   GST_CAPS gstcaps.c:443:gst_static_caps_get: created 0x7f5755848ef0 from string ANY
0:00:00.003908982  2724 0x56405b77f320 TRACE   GST_REFCOUNTING gstminiobject.c:466:gst_mini_object_ref: 0x56405b7a8070 ref 1->2
0:00:00.003929387  2724 0x56405b77f320 TRACE   GST_REFCOUNTING gstobject.c:208:gst_object_init: 0x56405b7aa620 new
0:00:00.003941455  2724 0x56405b77f320 TRACE   GST_REFCOUNTING gstminiobject.c:466:gst_mini_object_ref: 0x56405b7a8070 ref 2->3
0:00:00.003953236  2724 0x56405b77f320 TRACE   GST_REFCOUNTING gstminiobject.c:648:gst_mini_object_unref: 0x56405b7a8070 unref 3->2
0:00:00.003961001  2724 0x56405b77f320 TRACE   GST_REFCOUNTING gstobject.c:294:gst_object_ref_sink: 0x56405b7aa620 ref_sink 1->2
0:00:00.003968248  2724 0x56405b77f320 TRACE   GST_CAPS gstcaps.c:263:gst_caps_new_empty: created caps 0x56405b7a7d90
0:00:00.003974757  2724 0x56405b77f320 TRACE   GST_CAPS gstcaps.c:443:gst_static_caps_get: created 0x7f5755848f30 from string ANY
0:00:00.003980885  2724 0x56405b77f320 TRACE   GST_REFCOUNTING gstminiobject.c:466:gst_mini_object_ref: 0x56405b7a7d90 ref 1->2
0:00:00.003997395  2724 0x56405b77f320 TRACE   GST_REFCOUNTING gstobject.c:208:gst_object_init: 0x56405b7aa890 new
0:00:00.004005307  2724 0x56405b77f320 TRACE   GST_REFCOUNTING gstminiobject.c:466:gst_mini_object_ref: 0x56405b7a7d90 ref 2->3
0:00:00.004013031  2724 0x56405b77f320 TRACE   GST_REFCOUNTING gstminiobject.c:648:gst_mini_object_unref: 0x56405b7a7d90 unref 3->2
0:00:00.004020013  2724 0x56405b77f320 TRACE   GST_REFCOUNTING gstobject.c:294:gst_object_ref_sink: 0x56405b7aa890 ref_sink 1->2
0:00:00.004028845  2724 0x56405b77f320 TRACE   structure gststructure.c:287:gst_structure_new_id_empty_with_size: created structure 0x56405b7aaa20
0:00:00.004035569  2724 0x56405b77f320 TRACE   GST_PERFORMANCE gststructure.c:509:gst_structure_copy: doing copy 0x56405b7a9c70 -> 0x56405b7aaa20
0:00:00.004044913  2724 0x56405b77f320 DEBUG   GST_REGISTRY gstregistry.c:590:gst_registry_add_feature: adding feature 0x56405b7a9040 (capsfilter)
0:00:00.004052360  2724 0x56405b77f320 DEBUG   GST_REFCOUNTING gstobject.c:709:gst_object_set_parent: set parent (ref and sink)
0:00:00.004059275  2724 0x56405b77f320 TRACE   GST_REFCOUNTING gstobject.c:294:gst_object_ref_sink: 0x56405b7a9040 ref_sink 1->2
0:00:00.004065825  2724 0x56405b77f320 LOG   GST_REGISTRY gstregistry.c:608:gst_registry_add_feature: emitting feature-added for capsfilter
0:00:00.004079962  2724 0x56405b77f320 TRACE   GST_REFCOUNTING gstobject.c:208:gst_object_init: 0x56405b7aaf40 new
0:00:00.004089146  2724 0x56405b77f320 LOG   GST_ELEMENT_FACTORY gstelementfactory.c:238:gst_element_register: Created new elementfactory for type GstClockSync
0:00:00.004096561  2724 0x56405b77f320 TRACE   structure gststructure.c:287:gst_structure_new_id_empty_with_size: created structure 0x56405b7ab320
0:00:00.004102675  2724 0x56405b77f320 TRACE   GST_PERFORMANCE gststructure.c:509:gst_structure_copy: doing copy 0x56405b78e0f0 -> 0x56405b7ab320
0:00:00.004109252  2724 0x56405b77f320 DEBUG   GST_ELEMENT_PADS gstelement.c:312:gst_element_base_class_init: type GstClockSync : factory 0x56405b7aaf40
0:00:00.004120619  2724 0x56405b77f320 TRACE   GST_CAPS gstcaps.c:263:gst_caps_new_empty: created caps 0x56405b7ab070
0:00:00.004127097  2724 0x56405b77f320 TRACE   GST_CAPS gstcaps.c:443:gst_static_caps_get: created 0x7f5755848f70 from string ANY
0:00:00.004133420  2724 0x56405b77f320 TRACE   GST_REFCOUNTING gstminiobject.c:466:gst_mini_object_ref: 0x56405b7ab070 ref 1->2
0:00:00.004141142  2724 0x56405b77f320 TRACE   GST_REFCOUNTING gstobject.c:208:gst_object_init: 0x56405b7ab560 new
0:00:00.004149162  2724 0x56405b77f320 TRACE   GST_REFCOUNTING gstminiobject.c:466:gst_mini_object_ref: 0x56405b7ab070 ref 2->3
0:00:00.004157067  2724 0x56405b77f320 TRACE   GST_REFCOUNTING gstminiobject.c:648:gst_mini_object_unref: 0x56405b7ab070 unref 3->2
0:00:00.004163994  2724 0x56405b77f320 TRACE   GST_REFCOUNTING gstobject.c:294:gst_object_ref_sink: 0x56405b7ab560 ref_sink 1->2
0:00:00.004170489  2724 0x56405b77f320 TRACE   GST_CAPS gstcaps.c:263:gst_caps_new_empty: created caps 0x56405b78e710
0:00:00.004181090  2724 0x56405b77f320 TRACE   GST_CAPS gstcaps.c:443:gst_static_caps_get: created 0x7f5755848fb0 from string ANY
0:00:00.004187297  2724 0x56405b77f320 TRACE   GST_REFCOUNTING gstminiobject.c:466:gst_mini_object_ref: 0x56405b78e710 ref 1->2
0:00:00.004194462  2724 0x56405b77f320 TRACE   GST_REFCOUNTING gstobject.c:208:gst_object_init: 0x56405b7ab750 new
0:00:00.004202135  2724 0x56405b77f320 TRACE   GST_REFCOUNTING gstminiobject.c:466:gst_mini_object_ref: 0x56405b78e710 ref 2->3
0:00:00.004209818  2724 0x56405b77f320 TRACE   GST_REFCOUNTING gstminiobject.c:648:gst_mini_object_unref: 0x56405b78e710 unref 3->2
0:00:00.004216810  2724 0x56405b77f320 TRACE   GST_REFCOUNTING gstobject.c:294:gst_object_ref_sink: 0x56405b7ab750 ref_sink 1->2
0:00:00.004223885  2724 0x56405b77f320 TRACE   structure gststructure.c:287:gst_structure_new_id_empty_with_size: created structure 0x56405b7aba30
0:00:00.004230394  2724 0x56405b77f320 TRACE   GST_PERFORMANCE gststructure.c:509:gst_structure_copy: doing copy 0x56405b7ab320 -> 0x56405b7aba30
0:00:00.004238284  2724 0x56405b77f320 DEBUG   GST_REGISTRY gstregistry.c:590:gst_registry_add_feature: adding feature 0x56405b7aaf40 (clocksync)
0:00:00.004244304  2724 0x56405b77f320 DEBUG   GST_REFCOUNTING gstobject.c:709:gst_object_set_parent: set parent (ref and sink)
0:00:00.004251159  2724 0x56405b77f320 TRACE   GST_REFCOUNTING gstobject.c:294:gst_object_ref_sink: 0x56405b7aaf40 ref_sink 1->2
0:00:00.004257570  2724 0x56405b77f320 LOG   GST_REGISTRY gstregistry.c:608:gst_registry_add_feature: emitting feature-added for clocksync
0:00:00.004267827  2724 0x56405b77f320 TRACE   GST_REFCOUNTING gstobject.c:208:gst_object_init: 0x56405b7abc20 new
0:00:00.004276149  2724 0x56405b77f320 LOG   GST_ELEMENT_FACTORY gstelementfactory.c:238:gst_element_register: Created new elementfactory for type GstConcat
0:00:00.004285818  2724 0x56405b77f320 TRACE   structure gststructure.c:287:gst_structure_new_id_empty_with_size: created structure 0x56405b7ac000
0:00:00.004291889  2724 0x56405b77f320 TRACE   GST_PERFORMANCE gststructure.c:509:gst_structure_copy: doing copy 0x56405b78e0f0 -> 0x56405b7ac000
0:00:00.004298367  2724 0x56405b77f320 DEBUG   GST_ELEMENT_PADS gstelement.c:312:gst_element_base_class_init: type GstConcat : factory 0x56405b7abc20
0:00:00.004326816  2724 0x56405b77f320 TRACE   GST_CAPS gstcaps.c:263:gst_caps_new_empty: created caps 0x56405b7abd50
0:00:00.004341078  2724 0x56405b77f320 TRACE   GST_CAPS gstcaps.c:443:gst_static_caps_get: created 0x7f5755849030 from string ANY
0:00:00.004351005  2724 0x56405b77f320 TRACE   GST_REFCOUNTING gstminiobject.c:466:gst_mini_object_ref: 0x56405b7abd50 ref 1->2
0:00:00.004360350  2724 0x56405b77f320 TRACE   GST_REFCOUNTING gstobject.c:208:gst_object_init: 0x56405b7ac2c0 new
0:00:00.004368610  2724 0x56405b77f320 TRACE   GST_REFCOUNTING gstminiobject.c:466:gst_mini_object_ref: 0x56405b7abd50 ref 2->3
0:00:00.004381424  2724 0x56405b77f320 TRACE   GST_REFCOUNTING gstminiobject.c:648:gst_mini_object_unref: 0x56405b7abd50 unref 3->2
0:00:00.004388431  2724 0x56405b77f320 TRACE   GST_REFCOUNTING gstobject.c:294:gst_object_ref_sink: 0x56405b7ac2c0 ref_sink 1->2
0:00:00.004395044  2724 0x56405b77f320 TRACE   GST_CAPS gstcaps.c:263:gst_caps_new_empty: created caps 0x56405b7ab8f0
0:00:00.004401317  2724 0x56405b77f320 TRACE   GST_CAPS gstcaps.c:443:gst_static_caps_get: created 0x7f5755848ff0 from string ANY
0:00:00.004407395  2724 0x56405b77f320 TRACE   GST_REFCOUNTING gstminiobject.c:466:gst_mini_object_ref: 0x56405b7ab8f0 ref 1->2
0:00:00.004414637  2724 0x56405b77f320 TRACE   GST_REFCOUNTING gstobject.c:208:gst_object_init: 0x56405b7ac440 new
0:00:00.004422187  2724 0x56405b77f320 TRACE   GST_REFCOUNTING gstminiobject.c:466:gst_mini_object_ref: 0x56405b7ab8f0 ref 2->3
0:00:00.004429567  2724 0x56405b77f320 TRACE   GST_REFCOUNTING gstminiobject.c:648:gst_mini_object_unref: 0x56405b7ab8f0 unref 3->2
0:00:00.004436424  2724 0x56405b77f320 TRACE   GST_REFCOUNTING gstobject.c:294:gst_object_ref_sink: 0x56405b7ac440 ref_sink 1->2
0:00:00.004444283  2724 0x56405b77f320 TRACE   structure gststructure.c:287:gst_structure_new_id_empty_with_size: created structure 0x56405b7ac720
0:00:00.004450917  2724 0x56405b77f320 TRACE   GST_PERFORMANCE gststructure.c:509:gst_structure_copy: doing copy 0x56405b7ac000 -> 0x56405b7ac720
0:00:00.004459259  2724 0x56405b77f320 DEBUG   GST_REGISTRY gstregistry.c:590:gst_registry_add_feature: adding feature 0x56405b7abc20 (concat)
0:00:00.004465317  2724 0x56405b77f320 DEBUG   GST_REFCOUNTING gstobject.c:709:gst_object_set_parent: set parent (ref and sink)
0:00:00.004471985  2724 0x56405b77f320 TRACE   GST_REFCOUNTING gstobject.c:294:gst_object_ref_sink: 0x56405b7abc20 ref_sink 1->2
0:00:00.004478282  2724 0x56405b77f320 LOG   GST_REGISTRY gstregistry.c:608:gst_registry_add_feature: emitting feature-added for concat
0:00:00.004496987  2724 0x56405b77f320 TRACE   GST_REFCOUNTING gstobject.c:208:gst_object_init: 0x56405b7aca60 new
0:00:00.004505623  2724 0x56405b77f320 LOG   GST_ELEMENT_FACTORY gstelementfactory.c:238:gst_element_register: Created new elementfactory for type GstDataURISrc
0:00:00.004516010  2724 0x56405b77f320 TRACE   structure gststructure.c:287:gst_structure_new_id_empty_with_size: created structure 0x56405b7acf80
0:00:00.004522141  2724 0x56405b77f320 TRACE   GST_PERFORMANCE gststructure.c:509:gst_structure_copy: doing copy 0x56405b78e0f0 -> 0x56405b7acf80
0:00:00.004528679  2724 0x56405b77f320 DEBUG   GST_ELEMENT_PADS gstelement.c:312:gst_element_base_class_init: type GstBaseSrc : factory (nil)
0:00:00.004551267  2724 0x56405b77f320 TRACE   structure gststructure.c:287:gst_structure_new_id_empty_with_size: created structure 0x56405b7a3320
0:00:00.004557734  2724 0x56405b77f320 TRACE   GST_PERFORMANCE gststructure.c:509:gst_structure_copy: doing copy 0x56405b7acf80 -> 0x56405b7a3320
0:00:00.004568395  2724 0x56405b77f320 DEBUG   GST_ELEMENT_PADS gstelement.c:312:gst_element_base_class_init: type GstDataURISrc : factory 0x56405b7aca60
0:00:00.004577431  2724 0x56405b77f320 TRACE   GST_CAPS gstcaps.c:263:gst_caps_new_empty: created caps 0x56405b7acb90
0:00:00.004583808  2724 0x56405b77f320 TRACE   GST_CAPS gstcaps.c:443:gst_static_caps_get: created 0x7f5755849090 from string ANY
0:00:00.004596250  2724 0x56405b77f320 TRACE   GST_REFCOUNTING gstminiobject.c:466:gst_mini_object_ref: 0x56405b7acb90 ref 1->2
0:00:00.004604057  2724 0x56405b77f320 TRACE   GST_REFCOUNTING gstobject.c:208:gst_object_init: 0x56405b7ae320 new
0:00:00.004611899  2724 0x56405b77f320 TRACE   GST_REFCOUNTING gstminiobject.c:466:gst_mini_object_ref: 0x56405b7acb90 ref 2->3
0:00:00.004619775  2724 0x56405b77f320 TRACE   GST_REFCOUNTING gstminiobject.c:648:gst_mini_object_unref: 0x56405b7acb90 unref 3->2
0:00:00.004626740  2724 0x56405b77f320 TRACE   GST_REFCOUNTING gstobject.c:294:gst_object_ref_sink: 0x56405b7ae320 ref_sink 1->2
0:00:00.004638084  2724 0x56405b77f320 TRACE   structure gststructure.c:287:gst_structure_new_id_empty_with_size: created structure 0x56405b7ae690
0:00:00.004644887  2724 0x56405b77f320 TRACE   GST_PERFORMANCE gststructure.c:509:gst_structure_copy: doing copy 0x56405b7a3320 -> 0x56405b7ae690
0:00:00.004655424  2724 0x56405b77f320 DEBUG   GST_REGISTRY gstregistry.c:590:gst_registry_add_feature: adding feature 0x56405b7aca60 (dataurisrc)
0:00:00.004661536  2724 0x56405b77f320 DEBUG   GST_REFCOUNTING gstobject.c:709:gst_object_set_parent: set parent (ref and sink)
0:00:00.004668523  2724 0x56405b77f320 TRACE   GST_REFCOUNTING gstobject.c:294:gst_object_ref_sink: 0x56405b7aca60 ref_sink 1->2
0:00:00.004675005  2724 0x56405b77f320 LOG   GST_REGISTRY gstregistry.c:608:gst_registry_add_feature: emitting feature-added for dataurisrc
0:00:00.004685734  2724 0x56405b77f320 TRACE   GST_REFCOUNTING gstobject.c:208:gst_object_init: 0x56405b7aea00 new
0:00:00.004694320  2724 0x56405b77f320 LOG   GST_ELEMENT_FACTORY gstelementfactory.c:238:gst_element_register: Created new elementfactory for type GstDownloadBuffer
0:00:00.004701559  2724 0x56405b77f320 TRACE   structure gststructure.c:287:gst_structure_new_id_empty_with_size: created structure 0x56405b7aede0
0:00:00.004713250  2724 0x56405b77f320 TRACE   GST_PERFORMANCE gststructure.c:509:gst_structure_copy: doing copy 0x56405b78e0f0 -> 0x56405b7aede0
0:00:00.004720018  2724 0x56405b77f320 DEBUG   GST_ELEMENT_PADS gstelement.c:312:gst_element_base_class_init: type GstDownloadBuffer : factory 0x56405b7aea00
0:00:00.004734841  2724 0x56405b77f320 TRACE   GST_CAPS gstcaps.c:263:gst_caps_new_empty: created caps 0x56405b7aeb30
0:00:00.004741179  2724 0x56405b77f320 TRACE   GST_CAPS gstcaps.c:443:gst_static_caps_get: created 0x7f57558490d0 from string ANY
0:00:00.004747499  2724 0x56405b77f320 TRACE   GST_REFCOUNTING gstminiobject.c:466:gst_mini_object_ref: 0x56405b7aeb30 ref 1->2
0:00:00.004759114  2724 0x56405b77f320 TRACE   GST_REFCOUNTING gstobject.c:208:gst_object_init: 0x56405b7af340 new
0:00:00.004766852  2724 0x56405b77f320 TRACE   GST_REFCOUNTING gstminiobject.c:466:gst_mini_object_ref: 0x56405b7aeb30 ref 2->3
0:00:00.004774537  2724 0x56405b77f320 TRACE   GST_REFCOUNTING gstminiobject.c:648:gst_mini_object_unref: 0x56405b7aeb30 unref 3->2
0:00:00.004781454  2724 0x56405b77f320 TRACE   GST_REFCOUNTING gstobject.c:294:gst_object_ref_sink: 0x56405b7af340 ref_sink 1->2
0:00:00.004787691  2724 0x56405b77f320 TRACE   GST_CAPS gstcaps.c:263:gst_caps_new_empty: created caps 0x56405b7af4b0
0:00:00.004793773  2724 0x56405b77f320 TRACE   GST_CAPS gstcaps.c:443:gst_static_caps_get: created 0x7f5755849110 from string ANY
0:00:00.004799883  2724 0x56405b77f320 TRACE   GST_REFCOUNTING gstminiobject.c:466:gst_mini_object_ref: 0x56405b7af4b0 ref 1->2
0:00:00.004806809  2724 0x56405b77f320 TRACE   GST_REFCOUNTING gstobject.c:208:gst_object_init: 0x56405b7af520 new
0:00:00.004814222  2724 0x56405b77f320 TRACE   GST_REFCOUNTING gstminiobject.c:466:gst_mini_object_ref: 0x56405b7af4b0 ref 2->3
0:00:00.004821791  2724 0x56405b77f320 TRACE   GST_REFCOUNTING gstminiobject.c:648:gst_mini_object_unref: 0x56405b7af4b0 unref 3->2
0:00:00.004828622  2724 0x56405b77f320 TRACE   GST_REFCOUNTING gstobject.c:294:gst_object_ref_sink: 0x56405b7af520 ref_sink 1->2
0:00:00.004836874  2724 0x56405b77f320 TRACE   structure gststructure.c:287:gst_structure_new_id_empty_with_size: created structure 0x56405b7af820
0:00:00.004843476  2724 0x56405b77f320 TRACE   GST_PERFORMANCE gststructure.c:509:gst_structure_copy: doing copy 0x56405b7aede0 -> 0x56405b7af820
0:00:00.004851371  2724 0x56405b77f320 DEBUG   GST_REGISTRY gstregistry.c:590:gst_registry_add_feature: adding feature 0x56405b7aea00 (downloadbuffer)
0:00:00.004857475  2724 0x56405b77f320 DEBUG   GST_REFCOUNTING gstobject.c:709:gst_object_set_parent: set parent (ref and sink)
0:00:00.004867597  2724 0x56405b77f320 TRACE   GST_REFCOUNTING gstobject.c:294:gst_object_ref_sink: 0x56405b7aea00 ref_sink 1->2
0:00:00.004878679  2724 0x56405b77f320 LOG   GST_REGISTRY gstregistry.c:608:gst_registry_add_feature: emitting feature-added for downloadbuffer
0:00:00.004900276  2724 0x56405b77f320 TRACE   GST_REFCOUNTING gstobject.c:208:gst_object_init: 0x56405b7afbd0 new
0:00:00.004909546  2724 0x56405b77f320 LOG   GST_ELEMENT_FACTORY gstelementfactory.c:238:gst_element_register: Created new elementfactory for type GstFakeSrc
0:00:00.004919943  2724 0x56405b77f320 TRACE   structure gststructure.c:287:gst_structure_new_id_empty_with_size: created structure 0x56405b7b00f0
0:00:00.004926084  2724 0x56405b77f320 TRACE   GST_PERFORMANCE gststructure.c:509:gst_structure_copy: doing copy 0x56405b7acf80 -> 0x56405b7b00f0
0:00:00.004932518  2724 0x56405b77f320 DEBUG   GST_ELEMENT_PADS gstelement.c:312:gst_element_base_class_init: type GstFakeSrc : factory 0x56405b7afbd0
0:00:00.004969432  2724 0x56405b77f320 TRACE   GST_CAPS gstcaps.c:263:gst_caps_new_empty: created caps 0x56405b7afd00
0:00:00.004980975  2724 0x56405b77f320 TRACE   GST_CAPS gstcaps.c:443:gst_static_caps_get: created 0x7f5755849190 from string ANY
0:00:00.004987407  2724 0x56405b77f320 TRACE   GST_REFCOUNTING gstminiobject.c:466:gst_mini_object_ref: 0x56405b7afd00 ref 1->2
0:00:00.004995156  2724 0x56405b77f320 TRACE   GST_REFCOUNTING gstobject.c:208:gst_object_init: 0x56405b7b1050 new
0:00:00.005003171  2724 0x56405b77f320 TRACE   GST_REFCOUNTING gstminiobject.c:466:gst_mini_object_ref: 0x56405b7afd00 ref 2->3
0:00:00.005011015  2724 0x56405b77f320 TRACE   GST_REFCOUNTING gstminiobject.c:648:gst_mini_object_unref: 0x56405b7afd00 unref 3->2
0:00:00.005017911  2724 0x56405b77f320 TRACE   GST_REFCOUNTING gstobject.c:294:gst_object_ref_sink: 0x56405b7b1050 ref_sink 1->2
0:00:00.005026644  2724 0x56405b77f320 TRACE   structure gststructure.c:287:gst_structure_new_id_empty_with_size: created structure 0x56405b7b12b0
0:00:00.005033768  2724 0x56405b77f320 TRACE   GST_PERFORMANCE gststructure.c:509:gst_structure_copy: doing copy 0x56405b7b00f0 -> 0x56405b7b12b0
0:00:00.005041446  2724 0x56405b77f320 DEBUG   GST_REGISTRY gstregistry.c:590:gst_registry_add_feature: adding feature 0x56405b7afbd0 (fakesrc)
0:00:00.005047457  2724 0x56405b77f320 DEBUG   GST_REFCOUNTING gstobject.c:709:gst_object_set_parent: set parent (ref and sink)
0:00:00.005054082  2724 0x56405b77f320 TRACE   GST_REFCOUNTING gstobject.c:294:gst_object_ref_sink: 0x56405b7afbd0 ref_sink 1->2
0:00:00.005060389  2724 0x56405b77f320 LOG   GST_REGISTRY gstregistry.c:608:gst_registry_add_feature: emitting feature-added for fakesrc
0:00:00.005077576  2724 0x56405b77f320 TRACE   GST_REFCOUNTING gstobject.c:208:gst_object_init: 0x56405b7b1840 new
0:00:00.005085896  2724 0x56405b77f320 LOG   GST_ELEMENT_FACTORY gstelementfactory.c:238:gst_element_register: Created new elementfactory for type GstFakeSink
0:00:00.005092993  2724 0x56405b77f320 TRACE   structure gststructure.c:287:gst_structure_new_id_empty_with_size: created structure 0x56405b7b1d50
0:00:00.005098860  2724 0x56405b77f320 TRACE   GST_PERFORMANCE gststructure.c:509:gst_structure_copy: doing copy 0x56405b78e0f0 -> 0x56405b7b1d50
0:00:00.005105208  2724 0x56405b77f320 DEBUG   GST_ELEMENT_PADS gstelement.c:312:gst_element_base_class_init: type GstBaseSink : factory (nil)
0:00:00.005135031  2724 0x56405b77f320 TRACE   structure gststructure.c:287:gst_structure_new_id_empty_with_size: created structure 0x56405b7b2a10
0:00:00.005141572  2724 0x56405b77f320 TRACE   GST_PERFORMANCE gststructure.c:509:gst_structure_copy: doing copy 0x56405b7b1d50 -> 0x56405b7b2a10
0:00:00.005148104  2724 0x56405b77f320 DEBUG   GST_ELEMENT_PADS gstelement.c:312:gst_element_base_class_init: type GstFakeSink : factory 0x56405b7b1840
0:00:00.005172996  2724 0x56405b77f320 TRACE   GST_CAPS gstcaps.c:263:gst_caps_new_empty: created caps 0x56405b7b1970
0:00:00.005180274  2724 0x56405b77f320 TRACE   GST_CAPS gstcaps.c:443:gst_static_caps_get: created 0x7f5755849150 from string ANY
0:00:00.005190800  2724 0x56405b77f320 TRACE   GST_REFCOUNTING gstminiobject.c:466:gst_mini_object_ref: 0x56405b7b1970 ref 1->2
0:00:00.005198556  2724 0x56405b77f320 TRACE   GST_REFCOUNTING gstobject.c:208:gst_object_init: 0x56405b7b3510 new
0:00:00.005206299  2724 0x56405b77f320 TRACE   GST_REFCOUNTING gstminiobject.c:466:gst_mini_object_ref: 0x56405b7b1970 ref 2->3
0:00:00.005214227  2724 0x56405b77f320 TRACE   GST_REFCOUNTING gstminiobject.c:648:gst_mini_object_unref: 0x56405b7b1970 unref 3->2
0:00:00.005221127  2724 0x56405b77f320 TRACE   GST_REFCOUNTING gstobject.c:294:gst_object_ref_sink: 0x56405b7b3510 ref_sink 1->2
0:00:00.005229170  2724 0x56405b77f320 TRACE   structure gststructure.c:287:gst_structure_new_id_empty_with_size: created structure 0x56405b7b3910
0:00:00.005235811  2724 0x56405b77f320 TRACE   GST_PERFORMANCE gststructure.c:509:gst_structure_copy: doing copy 0x56405b7b2a10 -> 0x56405b7b3910
0:00:00.005243419  2724 0x56405b77f320 DEBUG   GST_REGISTRY gstregistry.c:590:gst_registry_add_feature: adding feature 0x56405b7b1840 (fakesink)
