0:00:00.019333601  2723 0x562661202320 DEBUG   default gstvalue.c:2676:_priv_gst_value_parse_value: trying type name 'string'
0:00:00.015411643  2724 0x56405b77f320 LOG   GST_POLL gstpoll.c:994:gst_poll_fd_ctl_write: 0x56405b7a3930: pfd->events now 60 (POLLOUT:4)
0:00:00.019340350  2723 0x562661202320 DEBUG   structure gststructure.c:2203:gst_structure_parse_field: trying field name 'klass'
0:00:00.015418260  2724 0x56405b77f320 DEBUG   GST_POLL gstpoll.c:980:gst_poll_fd_ctl_write: 0x56405b7a3930: fd (fd:0, idx:1), active : 1
0:00:00.019346656  2723 0x562661202320 DEBUG   default gstvalue.c:2676:_priv_gst_value_parse_value: trying type name 'string'
0:00:00.015424540  2724 0x56405b77f320 LOG   GST_POLL gstpoll.c:994:gst_poll_fd_ctl_write: 0x56405b7a3930: pfd->events now 60 (POLLOUT:4)
0:00:00.019353125  2723 0x562661202320 DEBUG   structure gststructure.c:2203:gst_structure_parse_field: trying field name 'description'
0:00:00.015430903  2724 0x56405b77f320 DEBUG   GST_POLL gstpoll.c:980:gst_poll_fd_ctl_write: 0x56405b7a3930: fd (fd:0, idx:1), active : 1
0:00:00.019359109  2723 0x562661202320 DEBUG   default gstvalue.c:2676:_priv_gst_value_parse_value: trying type name 'string'
0:00:00.015437243  2724 0x56405b77f320 LOG   GST_POLL gstpoll.c:994:gst_poll_fd_ctl_write: 0x56405b7a3930: pfd->events now 60 (POLLOUT:4)
0:00:00.019365663  2723 0x562661202320 DEBUG   structure gststructure.c:2203:gst_structure_parse_field: trying field name 'author'
0:00:00.015443535  2724 0x56405b77f320 DEBUG   GST_POLL gstpoll.c:980:gst_poll_fd_ctl_write: 0x56405b7a3930: fd (fd:0, idx:1), active : 1
0:00:00.019371763  2723 0x562661202320 DEBUG   default gstvalue.c:2676:_priv_gst_value_parse_value: trying type name 'string'
0:00:00.015453367  2724 0x56405b77f320 LOG   GST_POLL gstpoll.c:994:gst_poll_fd_ctl_write: 0x56405b7a3930: pfd->events now 60 (POLLOUT:4)
0:00:00.019380691  2723 0x562661202320 DEBUG   GST_REGISTRY gstregistrychunks.c:626:gst_registry_chunks_load_feature: Element factory : npadtemplates=1
0:00:00.015460001  2724 0x56405b77f320 DEBUG   GST_POLL gstpoll.c:980:gst_poll_fd_ctl_write: 0x56405b7a3930: fd (fd:0, idx:1), active : 1
0:00:00.019386462  2723 0x562661202320 DEBUG   GST_REGISTRY gstregistrychunks.c:526:gst_registry_chunks_load_pad_template: Reading/casting for GstRegistryChunkPadTemplate at address 0x562661229a60
0:00:00.015466454  2724 0x56405b77f320 LOG   GST_POLL gstpoll.c:994:gst_poll_fd_ctl_write: 0x56405b7a3930: pfd->events now 60 (POLLOUT:4)
0:00:00.019393158  2723 0x562661202320 DEBUG   GST_REGISTRY gstregistrychunks.c:539:gst_registry_chunks_load_pad_template: Added pad_template src
0:00:00.015472934  2724 0x56405b77f320 DEBUG   GST_POLL gstpoll.c:980:gst_poll_fd_ctl_write: 0x56405b7a3930: fd (fd:0, idx:1), active : 1
0:00:00.019400333  2723 0x562661202320 DEBUG   GST_REGISTRY gstregistry.c:590:gst_registry_add_feature: adding feature 0x5626612344e0 (fakesrc)
0:00:00.015479189  2724 0x56405b77f320 LOG   GST_POLL gstpoll.c:994:gst_poll_fd_ctl_write: 0x56405b7a3930: pfd->events now 60 (POLLOUT:4)
0:00:00.019406362  2723 0x562661202320 DEBUG   GST_REFCOUNTING gstobject.c:709:gst_object_set_parent: set parent (ref and sink)
0:00:00.015485557  2724 0x56405b77f320 DEBUG   GST_POLL gstpoll.c:980:gst_poll_fd_ctl_write: 0x56405b7a3930: fd (fd:0, idx:1), active : 1
0:00:00.019413685  2723 0x562661202320 TRACE   GST_REFCOUNTING gstobject.c:294:gst_object_ref_sink: 0x5626612344e0 ref_sink 1->2
0:00:00.015491897  2724 0x56405b77f320 LOG   GST_POLL gstpoll.c:994:gst_poll_fd_ctl_write: 0x56405b7a3930: pfd->events now 60 (POLLOUT:4)
0:00:00.019420319  2723 0x562661202320 LOG   GST_REGISTRY gstregistry.c:608:gst_registry_add_feature: emitting feature-added for fakesrc
0:00:00.015498498  2724 0x56405b77f320 DEBUG   GST_POLL gstpoll.c:980:gst_poll_fd_ctl_write: 0x56405b7a3930: fd (fd:0, idx:1), active : 1
0:00:00.019427251  2723 0x562661202320 DEBUG   GST_REGISTRY gstregistrychunks.c:741:gst_registry_chunks_load_feature: Added feature fakesrc, plugin 0x56266122a250 coreelements
0:00:00.015504805  2724 0x56405b77f320 LOG   GST_POLL gstpoll.c:994:gst_poll_fd_ctl_write: 0x56405b7a3930: pfd->events now 60 (POLLOUT:4)
0:00:00.019433984  2723 0x562661202320 DEBUG   GST_REGISTRY gstregistrychunks.c:583:gst_registry_chunks_load_feature: Plugin 'coreelements' feature 'downloadbuffer' typename : 'GstElementFactory'
0:00:00.015511882  2724 0x56405b77f320 DEBUG   GST_POLL gstpoll.c:980:gst_poll_fd_ctl_write: 0x56405b7a3930: fd (fd:0, idx:1), active : 1
0:00:00.015518078  2724 0x56405b77f320 LOG   GST_POLL gstpoll.c:994:gst_poll_fd_ctl_write: 0x56405b7a3930: pfd->events now 60 (POLLOUT:4)
0:00:00.019441289  2723 0x562661202320 TRACE   GST_REFCOUNTING gstobject.c:208:gst_object_init: 0x562661234a20 new
0:00:00.015524209  2724 0x56405b77f320 DEBUG   GST_POLL gstpoll.c:980:gst_poll_fd_ctl_write: 0x56405b7a3930: fd (fd:0, idx:1), active : 1
0:00:00.019458141  2723 0x562661202320 LOG   GST_REGISTRY gstregistrychunks.c:610:gst_registry_chunks_load_feature: Reading/casting for GstRegistryChunkElementFactory at address 0x562661229a98
0:00:00.015535496  2724 0x56405b77f320 LOG   GST_POLL gstpoll.c:994:gst_poll_fd_ctl_write: 0x56405b7a3930: pfd->events now 60 (POLLOUT:4)
0:00:00.019465271  2723 0x562661202320 TRACE   structure gststructure.c:287:gst_structure_new_id_empty_with_size: created structure 0x562661234d20
0:00:00.015543193  2724 0x56405b77f320 DEBUG   GST_POLL gstpoll.c:980:gst_poll_fd_ctl_write: 0x56405b7a3930: fd (fd:0, idx:1), active : 1
0:00:00.019471321  2723 0x562661202320 DEBUG   structure gststructure.c:2203:gst_structure_parse_field: trying field name 'long-name'
0:00:00.015549581  2724 0x56405b77f320 LOG   GST_POLL gstpoll.c:994:gst_poll_fd_ctl_write: 0x56405b7a3930: pfd->events now 60 (POLLOUT:4)
0:00:00.019477381  2723 0x562661202320 DEBUG   default gstvalue.c:2676:_priv_gst_value_parse_value: trying type name 'string'
0:00:00.015556026  2724 0x56405b77f320 DEBUG   GST_POLL gstpoll.c:980:gst_poll_fd_ctl_write: 0x56405b7a3930: fd (fd:0, idx:1), active : 1
0:00:00.019484054  2723 0x562661202320 DEBUG   structure gststructure.c:2203:gst_structure_parse_field: trying field name 'klass'
0:00:00.015562440  2724 0x56405b77f320 LOG   GST_POLL gstpoll.c:994:gst_poll_fd_ctl_write: 0x56405b7a3930: pfd->events now 60 (POLLOUT:4)
0:00:00.019490252  2723 0x562661202320 DEBUG   default gstvalue.c:2676:_priv_gst_value_parse_value: trying type name 'string'
0:00:00.015568817  2724 0x56405b77f320 DEBUG   GST_POLL gstpoll.c:980:gst_poll_fd_ctl_write: 0x56405b7a3930: fd (fd:0, idx:1), active : 1
0:00:00.019496769  2723 0x562661202320 DEBUG   structure gststructure.c:2203:gst_structure_parse_field: trying field name 'description'
0:00:00.015575083  2724 0x56405b77f320 LOG   GST_POLL gstpoll.c:994:gst_poll_fd_ctl_write: 0x56405b7a3930: pfd->events now 60 (POLLOUT:4)
0:00:00.019502840  2723 0x562661202320 DEBUG   default gstvalue.c:2676:_priv_gst_value_parse_value: trying type name 'string'
0:00:00.015581523  2724 0x56405b77f320 DEBUG   GST_POLL gstpoll.c:980:gst_poll_fd_ctl_write: 0x56405b7a3930: fd (fd:0, idx:1), active : 1
0:00:00.019509448  2723 0x562661202320 DEBUG   structure gststructure.c:2203:gst_structure_parse_field: trying field name 'author'
0:00:00.019515862  2723 0x562661202320 DEBUG   default gstvalue.c:2676:_priv_gst_value_parse_value: trying type name 'string'
0:00:00.015591652  2724 0x56405b77f320 LOG   GST_POLL gstpoll.c:994:gst_poll_fd_ctl_write: 0x56405b7a3930: pfd->events now 60 (POLLOUT:4)
0:00:00.019521994  2723 0x562661202320 DEBUG   GST_REGISTRY gstregistrychunks.c:626:gst_registry_chunks_load_feature: Element factory : npadtemplates=2
0:00:00.015600023  2724 0x56405b77f320 DEBUG   GST_POLL gstpoll.c:980:gst_poll_fd_ctl_write: 0x56405b7a3930: fd (fd:0, idx:1), active : 1
0:00:00.019531422  2723 0x562661202320 DEBUG   GST_REGISTRY gstregistrychunks.c:526:gst_registry_chunks_load_pad_template: Reading/casting for GstRegistryChunkPadTemplate at address 0x562661229b60
0:00:00.015610183  2724 0x56405b77f320 LOG   GST_POLL gstpoll.c:994:gst_poll_fd_ctl_write: 0x56405b7a3930: pfd->events now 60 (POLLOUT:4)
0:00:00.019537616  2723 0x562661202320 DEBUG   GST_REGISTRY gstregistrychunks.c:539:gst_registry_chunks_load_pad_template: Added pad_template sink
0:00:00.015616864  2724 0x56405b77f320 DEBUG   GST_POLL gstpoll.c:980:gst_poll_fd_ctl_write: 0x56405b7a3930: fd (fd:0, idx:1), active : 1
0:00:00.019543461  2723 0x562661202320 DEBUG   GST_REGISTRY gstregistrychunks.c:526:gst_registry_chunks_load_pad_template: Reading/casting for GstRegistryChunkPadTemplate at address 0x562661229b78
0:00:00.015623120  2724 0x56405b77f320 LOG   GST_POLL gstpoll.c:994:gst_poll_fd_ctl_write: 0x56405b7a3930: pfd->events now 60 (POLLOUT:4)
0:00:00.019549703  2723 0x562661202320 DEBUG   GST_REGISTRY gstregistrychunks.c:539:gst_registry_chunks_load_pad_template: Added pad_template src
0:00:00.015629688  2724 0x56405b77f320 DEBUG   GST_POLL gstpoll.c:980:gst_poll_fd_ctl_write: 0x56405b7a3930: fd (fd:0, idx:1), active : 1
0:00:00.019556933  2723 0x562661202320 DEBUG   GST_REGISTRY gstregistry.c:590:gst_registry_add_feature: adding feature 0x562661234a20 (downloadbuffer)
0:00:00.015638832  2724 0x56405b77f320 LOG   GST_POLL gstpoll.c:994:gst_poll_fd_ctl_write: 0x56405b7a3930: pfd->events now 60 (POLLOUT:4)
0:00:00.019564798  2723 0x562661202320 DEBUG   GST_REFCOUNTING gstobject.c:709:gst_object_set_parent: set parent (ref and sink)
0:00:00.015645497  2724 0x56405b77f320 DEBUG   GST_POLL gstpoll.c:980:gst_poll_fd_ctl_write: 0x56405b7a3930: fd (fd:0, idx:1), active : 1
0:00:00.019571975  2723 0x562661202320 TRACE   GST_REFCOUNTING gstobject.c:294:gst_object_ref_sink: 0x562661234a20 ref_sink 1->2
0:00:00.015651819  2724 0x56405b77f320 LOG   GST_POLL gstpoll.c:994:gst_poll_fd_ctl_write: 0x56405b7a3930: pfd->events now 60 (POLLOUT:4)
0:00:00.019578786  2723 0x562661202320 LOG   GST_REGISTRY gstregistry.c:608:gst_registry_add_feature: emitting feature-added for downloadbuffer
0:00:00.015658385  2724 0x56405b77f320 DEBUG   GST_POLL gstpoll.c:980:gst_poll_fd_ctl_write: 0x56405b7a3930: fd (fd:0, idx:1), active : 1
0:00:00.019585739  2723 0x562661202320 DEBUG   GST_REGISTRY gstregistrychunks.c:741:gst_registry_chunks_load_feature: Added feature downloadbuffer, plugin 0x56266122a250 coreelements
0:00:00.015664655  2724 0x56405b77f320 LOG   GST_POLL gstpoll.c:994:gst_poll_fd_ctl_write: 0x56405b7a3930: pfd->events now 60 (POLLOUT:4)
0:00:00.019592300  2723 0x562661202320 DEBUG   GST_REGISTRY gstregistrychunks.c:583:gst_registry_chunks_load_feature: Plugin 'coreelements' feature 'dataurisrc' typename : 'GstElementFactory'
0:00:00.015671204  2724 0x56405b77f320 DEBUG   GST_POLL gstpoll.c:980:gst_poll_fd_ctl_write: 0x56405b7a3930: fd (fd:0, idx:1), active : 1
0:00:00.015677439  2724 0x56405b77f320 LOG   GST_POLL gstpoll.c:994:gst_poll_fd_ctl_write: 0x56405b7a3930: pfd->events now 60 (POLLOUT:4)
0:00:00.019599751  2723 0x562661202320 TRACE   GST_REFCOUNTING gstobject.c:208:gst_object_init: 0x562661235200 new
0:00:00.015683486  2724 0x56405b77f320 DEBUG   GST_POLL gstpoll.c:980:gst_poll_fd_ctl_write: 0x56405b7a3930: fd (fd:0, idx:1), active : 1
0:00:00.019617912  2723 0x562661202320 LOG   GST_REGISTRY gstregistrychunks.c:610:gst_registry_chunks_load_feature: Reading/casting for GstRegistryChunkElementFactory at address 0x562661229ba8
0:00:00.015694940  2724 0x56405b77f320 LOG   GST_POLL gstpoll.c:994:gst_poll_fd_ctl_write: 0x56405b7a3930: pfd->events now 60 (POLLOUT:4)
0:00:00.019624722  2723 0x562661202320 TRACE   structure gststructure.c:287:gst_structure_new_id_empty_with_size: created structure 0x562661235510
0:00:00.015702710  2724 0x56405b77f320 DEBUG   GST_POLL gstpoll.c:980:gst_poll_fd_ctl_write: 0x56405b7a3930: fd (fd:0, idx:1), active : 1
0:00:00.019631152  2723 0x562661202320 DEBUG   structure gststructure.c:2203:gst_structure_parse_field: trying field name 'long-name'
0:00:00.015709108  2724 0x56405b77f320 LOG   GST_POLL gstpoll.c:994:gst_poll_fd_ctl_write: 0x56405b7a3930: pfd->events now 60 (POLLOUT:4)
0:00:00.019637389  2723 0x562661202320 DEBUG   default gstvalue.c:2676:_priv_gst_value_parse_value: trying type name 'string'
0:00:00.015715667  2724 0x56405b77f320 DEBUG   GST_POLL gstpoll.c:980:gst_poll_fd_ctl_write: 0x56405b7a3930: fd (fd:0, idx:1), active : 1
0:00:00.019644464  2723 0x562661202320 DEBUG   structure gststructure.c:2203:gst_structure_parse_field: trying field name 'klass'
0:00:00.015721866  2724 0x56405b77f320 LOG   GST_POLL gstpoll.c:994:gst_poll_fd_ctl_write: 0x56405b7a3930: pfd->events now 60 (POLLOUT:4)
0:00:00.019650658  2723 0x562661202320 DEBUG   default gstvalue.c:2676:_priv_gst_value_parse_value: trying type name 'string'
0:00:00.015729266  2724 0x56405b77f320 LOG   GST_PLUGIN_LOADING gstpluginloader.c:646:put_chunk: Expanding tx buf from 13209 to 17023 for chunk of size 229
0:00:00.019657176  2723 0x562661202320 DEBUG   structure gststructure.c:2203:gst_structure_parse_field: trying field name 'description'
0:00:00.015739289  2724 0x56405b77f320 DEBUG   GST_POLL gstpoll.c:980:gst_poll_fd_ctl_write: 0x56405b7a3930: fd (fd:0, idx:1), active : 1
0:00:00.019663852  2723 0x562661202320 DEBUG   default gstvalue.c:2676:_priv_gst_value_parse_value: trying type name 'string'
0:00:00.015745935  2724 0x56405b77f320 LOG   GST_POLL gstpoll.c:994:gst_poll_fd_ctl_write: 0x56405b7a3930: pfd->events now 60 (POLLOUT:4)
0:00:00.019672992  2723 0x562661202320 DEBUG   structure gststructure.c:2203:gst_structure_parse_field: trying field name 'author'
0:00:00.015752669  2724 0x56405b77f320 DEBUG   GST_POLL gstpoll.c:980:gst_poll_fd_ctl_write: 0x56405b7a3930: fd (fd:0, idx:1), active : 1
0:00:00.019679333  2723 0x562661202320 DEBUG   default gstvalue.c:2676:_priv_gst_value_parse_value: trying type name 'string'
0:00:00.015759269  2724 0x56405b77f320 LOG   GST_POLL gstpoll.c:994:gst_poll_fd_ctl_write: 0x56405b7a3930: pfd->events now 60 (POLLOUT:4)
0:00:00.019686972  2723 0x562661202320 DEBUG   GST_REGISTRY gstregistrychunks.c:626:gst_registry_chunks_load_feature: Element factory : npadtemplates=1
0:00:00.015765759  2724 0x56405b77f320 DEBUG   GST_POLL gstpoll.c:980:gst_poll_fd_ctl_write: 0x56405b7a3930: fd (fd:0, idx:1), active : 1
0:00:00.019696944  2723 0x562661202320 DEBUG   GST_REGISTRY gstregistrychunks.c:526:gst_registry_chunks_load_pad_template: Reading/casting for GstRegistryChunkPadTemplate at address 0x562661229cc0
0:00:00.015775446  2724 0x56405b77f320 LOG   GST_POLL gstpoll.c:994:gst_poll_fd_ctl_write: 0x56405b7a3930: pfd->events now 60 (POLLOUT:4)
0:00:00.019703423  2723 0x562661202320 DEBUG   GST_REGISTRY gstregistrychunks.c:539:gst_registry_chunks_load_pad_template: Added pad_template src
0:00:00.015782015  2724 0x56405b77f320 DEBUG   GST_POLL gstpoll.c:980:gst_poll_fd_ctl_write: 0x56405b7a3930: fd (fd:0, idx:1), active : 1
0:00:00.019709978  2723 0x562661202320 DEBUG   GST_REGISTRY gstregistrychunks.c:639:gst_registry_chunks_load_feature: Reading 1 UriTypes at address 0x562661229cd0
0:00:00.015788278  2724 0x56405b77f320 LOG   GST_POLL gstpoll.c:994:gst_poll_fd_ctl_write: 0x56405b7a3930: pfd->events now 60 (POLLOUT:4)
0:00:00.019716566  2723 0x562661202320 DEBUG   GST_REGISTRY gstregistrychunks.c:654:gst_registry_chunks_load_feature: Reading 1 Interfaces at address 0x562661229cd9
0:00:00.015794941  2724 0x56405b77f320 DEBUG   GST_POLL gstpoll.c:980:gst_poll_fd_ctl_write: 0x56405b7a3930: fd (fd:0, idx:1), active : 1
0:00:00.019724523  2723 0x562661202320 DEBUG   GST_REGISTRY gstregistry.c:590:gst_registry_add_feature: adding feature 0x562661235200 (dataurisrc)
0:00:00.015801151  2724 0x56405b77f320 LOG   GST_POLL gstpoll.c:994:gst_poll_fd_ctl_write: 0x56405b7a3930: pfd->events now 60 (POLLOUT:4)
0:00:00.019730923  2723 0x562661202320 DEBUG   GST_REFCOUNTING gstobject.c:709:gst_object_set_parent: set parent (ref and sink)
0:00:00.015809188  2724 0x56405b77f320 DEBUG   GST_POLL gstpoll.c:980:gst_poll_fd_ctl_write: 0x56405b7a3930: fd (fd:0, idx:1), active : 1
0:00:00.019738129  2723 0x562661202320 TRACE   GST_REFCOUNTING gstobject.c:294:gst_object_ref_sink: 0x562661235200 ref_sink 1->2
0:00:00.015815481  2724 0x56405b77f320 LOG   GST_POLL gstpoll.c:994:gst_poll_fd_ctl_write: 0x56405b7a3930: pfd->events now 60 (POLLOUT:4)
0:00:00.019745363  2723 0x562661202320 LOG   GST_REGISTRY gstregistry.c:608:gst_registry_add_feature: emitting feature-added for dataurisrc
0:00:00.015823544  2724 0x56405b77f320 DEBUG   GST_POLL gstpoll.c:980:gst_poll_fd_ctl_write: 0x56405b7a3930: fd (fd:0, idx:1), active : 1
0:00:00.019752195  2723 0x562661202320 DEBUG   GST_REGISTRY gstregistrychunks.c:741:gst_registry_chunks_load_feature: Added feature dataurisrc, plugin 0x56266122a250 coreelements
0:00:00.015829858  2724 0x56405b77f320 LOG   GST_POLL gstpoll.c:994:gst_poll_fd_ctl_write: 0x56405b7a3930: pfd->events now 60 (POLLOUT:4)
0:00:00.019758876  2723 0x562661202320 DEBUG   GST_REGISTRY gstregistrychunks.c:583:gst_registry_chunks_load_feature: Plugin 'coreelements' feature 'concat' typename : 'GstElementFactory'
0:00:00.015836548  2724 0x56405b77f320 DEBUG   GST_POLL gstpoll.c:980:gst_poll_fd_ctl_write: 0x56405b7a3930: fd (fd:0, idx:1), active : 1
0:00:00.019766177  2723 0x562661202320 TRACE   GST_REFCOUNTING gstobject.c:208:gst_object_init: 0x562661235c50 new
0:00:00.015847100  2724 0x56405b77f320 LOG   GST_POLL gstpoll.c:994:gst_poll_fd_ctl_write: 0x56405b7a3930: pfd->events now 60 (POLLOUT:4)
0:00:00.019774134  2723 0x562661202320 LOG   GST_REGISTRY gstregistrychunks.c:610:gst_registry_chunks_load_feature: Reading/casting for GstRegistryChunkElementFactory at address 0x562661229d00
0:00:00.015853729  2724 0x56405b77f320 DEBUG   GST_POLL gstpoll.c:980:gst_poll_fd_ctl_write: 0x56405b7a3930: fd (fd:0, idx:1), active : 1
0:00:00.019780439  2723 0x562661202320 TRACE   structure gststructure.c:287:gst_structure_new_id_empty_with_size: created structure 0x562661235e80
0:00:00.015860058  2724 0x56405b77f320 LOG   GST_POLL gstpoll.c:994:gst_poll_fd_ctl_write: 0x56405b7a3930: pfd->events now 60 (POLLOUT:4)
0:00:00.019786582  2723 0x562661202320 DEBUG   structure gststructure.c:2203:gst_structure_parse_field: trying field name 'long-name'
0:00:00.015866723  2724 0x56405b77f320 DEBUG   GST_POLL gstpoll.c:980:gst_poll_fd_ctl_write: 0x56405b7a3930: fd (fd:0, idx:1), active : 1
0:00:00.019792912  2723 0x562661202320 DEBUG   default gstvalue.c:2676:_priv_gst_value_parse_value: trying type name 'string'
0:00:00.015873182  2724 0x56405b77f320 LOG   GST_POLL gstpoll.c:994:gst_poll_fd_ctl_write: 0x56405b7a3930: pfd->events now 60 (POLLOUT:4)
0:00:00.019799852  2723 0x562661202320 DEBUG   structure gststructure.c:2203:gst_structure_parse_field: trying field name 'klass'
0:00:00.015879812  2724 0x56405b77f320 DEBUG   GST_POLL gstpoll.c:980:gst_poll_fd_ctl_write: 0x56405b7a3930: fd (fd:0, idx:1), active : 1
0:00:00.019805995  2723 0x562661202320 DEBUG   default gstvalue.c:2676:_priv_gst_value_parse_value: trying type name 'string'
0:00:00.015886367  2724 0x56405b77f320 LOG   GST_POLL gstpoll.c:994:gst_poll_fd_ctl_write: 0x56405b7a3930: pfd->events now 60 (POLLOUT:4)
0:00:00.019813266  2723 0x562661202320 DEBUG   structure gststructure.c:2203:gst_structure_parse_field: trying field name 'description'
0:00:00.015892991  2724 0x56405b77f320 DEBUG   GST_POLL gstpoll.c:980:gst_poll_fd_ctl_write: 0x56405b7a3930: fd (fd:0, idx:1), active : 1
0:00:00.019819401  2723 0x562661202320 DEBUG   default gstvalue.c:2676:_priv_gst_value_parse_value: trying type name 'string'
0:00:00.015899395  2724 0x56405b77f320 LOG   GST_POLL gstpoll.c:994:gst_poll_fd_ctl_write: 0x56405b7a3930: pfd->events now 60 (POLLOUT:4)
0:00:00.019828936  2723 0x562661202320 DEBUG   structure gststructure.c:2203:gst_structure_parse_field: trying field name 'author'
0:00:00.015906357  2724 0x56405b77f320 DEBUG   GST_POLL gstpoll.c:980:gst_poll_fd_ctl_write: 0x56405b7a3930: fd (fd:0, idx:1), active : 1
0:00:00.019835211  2723 0x562661202320 DEBUG   default gstvalue.c:2676:_priv_gst_value_parse_value: trying type name 'string'
0:00:00.015913220  2724 0x56405b77f320 LOG   GST_POLL gstpoll.c:994:gst_poll_fd_ctl_write: 0x56405b7a3930: pfd->events now 60 (POLLOUT:4)
0:00:00.019842032  2723 0x562661202320 DEBUG   GST_REGISTRY gstregistrychunks.c:626:gst_registry_chunks_load_feature: Element factory : npadtemplates=2
0:00:00.015919752  2724 0x56405b77f320 DEBUG   GST_POLL gstpoll.c:980:gst_poll_fd_ctl_write: 0x56405b7a3930: fd (fd:0, idx:1), active : 1
0:00:00.019852339  2723 0x562661202320 DEBUG   GST_REGISTRY gstregistrychunks.c:526:gst_registry_chunks_load_pad_template: Reading/casting for GstRegistryChunkPadTemplate at address 0x562661229dd8
0:00:00.015930529  2724 0x56405b77f320 LOG   GST_POLL gstpoll.c:994:gst_poll_fd_ctl_write: 0x56405b7a3930: pfd->events now 60 (POLLOUT:4)
0:00:00.019858774  2723 0x562661202320 DEBUG   GST_REGISTRY gstregistrychunks.c:539:gst_registry_chunks_load_pad_template: Added pad_template src
0:00:00.015937281  2724 0x56405b77f320 DEBUG   GST_POLL gstpoll.c:980:gst_poll_fd_ctl_write: 0x56405b7a3930: fd (fd:0, idx:1), active : 1
0:00:00.019864715  2723 0x562661202320 DEBUG   GST_REGISTRY gstregistrychunks.c:526:gst_registry_chunks_load_pad_template: Reading/casting for GstRegistryChunkPadTemplate at address 0x562661229de8
0:00:00.015943557  2724 0x56405b77f320 LOG   GST_POLL gstpoll.c:994:gst_poll_fd_ctl_write: 0x56405b7a3930: pfd->events now 60 (POLLOUT:4)
0:00:00.019870840  2723 0x562661202320 DEBUG   GST_REGISTRY gstregistrychunks.c:539:gst_registry_chunks_load_pad_template: Added pad_template sink_%u
0:00:00.015950161  2724 0x56405b77f320 DEBUG   GST_POLL gstpoll.c:980:gst_poll_fd_ctl_write: 0x56405b7a3930: fd (fd:0, idx:1), active : 1
0:00:00.019878046  2723 0x562661202320 DEBUG   GST_REGISTRY gstregistry.c:590:gst_registry_add_feature: adding feature 0x562661235c50 (concat)
0:00:00.015956400  2724 0x56405b77f320 LOG   GST_POLL gstpoll.c:994:gst_poll_fd_ctl_write: 0x56405b7a3930: pfd->events now 60 (POLLOUT:4)
0:00:00.019884258  2723 0x562661202320 DEBUG   GST_REFCOUNTING gstobject.c:709:gst_object_set_parent: set parent (ref and sink)
0:00:00.015963073  2724 0x56405b77f320 DEBUG   GST_POLL gstpoll.c:980:gst_poll_fd_ctl_write: 0x56405b7a3930: fd (fd:0, idx:1), active : 1
0:00:00.019891826  2723 0x562661202320 TRACE   GST_REFCOUNTING gstobject.c:294:gst_object_ref_sink: 0x562661235c50 ref_sink 1->2
0:00:00.015969376  2724 0x56405b77f320 LOG   GST_POLL gstpoll.c:994:gst_poll_fd_ctl_write: 0x56405b7a3930: pfd->events now 60 (POLLOUT:4)
0:00:00.019898730  2723 0x562661202320 LOG   GST_REGISTRY gstregistry.c:608:gst_registry_add_feature: emitting feature-added for concat
0:00:00.015976655  2724 0x56405b77f320 DEBUG   GST_POLL gstpoll.c:980:gst_poll_fd_ctl_write: 0x56405b7a3930: fd (fd:0, idx:1), active : 1
0:00:00.019905526  2723 0x562661202320 DEBUG   GST_REGISTRY gstregistrychunks.c:741:gst_registry_chunks_load_feature: Added feature concat, plugin 0x56266122a250 coreelements
0:00:00.015983263  2724 0x56405b77f320 LOG   GST_POLL gstpoll.c:994:gst_poll_fd_ctl_write: 0x56405b7a3930: pfd->events now 60 (POLLOUT:4)
0:00:00.019912399  2723 0x562661202320 DEBUG   GST_REGISTRY gstregistrychunks.c:583:gst_registry_chunks_load_feature: Plugin 'coreelements' feature 'clocksync' typename : 'GstElementFactory'
0:00:00.015990066  2724 0x56405b77f320 DEBUG   GST_POLL gstpoll.c:980:gst_poll_fd_ctl_write: 0x56405b7a3930: fd (fd:0, idx:1), active : 1
0:00:00.019919691  2723 0x562661202320 TRACE   GST_REFCOUNTING gstobject.c:208:gst_object_init: 0x562661235b00 new
0:00:00.016000466  2724 0x56405b77f320 LOG   GST_POLL gstpoll.c:994:gst_poll_fd_ctl_write: 0x56405b7a3930: pfd->events now 60 (POLLOUT:4)
0:00:00.019927569  2723 0x562661202320 LOG   GST_REGISTRY gstregistrychunks.c:610:gst_registry_chunks_load_feature: Reading/casting for GstRegistryChunkElementFactory at address 0x562661229e18
0:00:00.016007106  2724 0x56405b77f320 DEBUG   GST_POLL gstpoll.c:980:gst_poll_fd_ctl_write: 0x56405b7a3930: fd (fd:0, idx:1), active : 1
0:00:00.019934061  2723 0x562661202320 TRACE   structure gststructure.c:287:gst_structure_new_id_empty_with_size: created structure 0x562661236450
0:00:00.016013533  2724 0x56405b77f320 LOG   GST_POLL gstpoll.c:994:gst_poll_fd_ctl_write: 0x56405b7a3930: pfd->events now 60 (POLLOUT:4)
0:00:00.019940165  2723 0x562661202320 DEBUG   structure gststructure.c:2203:gst_structure_parse_field: trying field name 'long-name'
0:00:00.016020032  2724 0x56405b77f320 DEBUG   GST_POLL gstpoll.c:980:gst_poll_fd_ctl_write: 0x56405b7a3930: fd (fd:0, idx:1), active : 1
0:00:00.019946278  2723 0x562661202320 DEBUG   default gstvalue.c:2676:_priv_gst_value_parse_value: trying type name 'string'
0:00:00.016026260  2724 0x56405b77f320 LOG   GST_POLL gstpoll.c:994:gst_poll_fd_ctl_write: 0x56405b7a3930: pfd->events now 60 (POLLOUT:4)
0:00:00.019953116  2723 0x562661202320 DEBUG   structure gststructure.c:2203:gst_structure_parse_field: trying field name 'klass'
0:00:00.016032743  2724 0x56405b77f320 DEBUG   GST_POLL gstpoll.c:980:gst_poll_fd_ctl_write: 0x56405b7a3930: fd (fd:0, idx:1), active : 1
0:00:00.019959201  2723 0x562661202320 DEBUG   default gstvalue.c:2676:_priv_gst_value_parse_value: trying type name 'string'
0:00:00.016039115  2724 0x56405b77f320 LOG   GST_POLL gstpoll.c:994:gst_poll_fd_ctl_write: 0x56405b7a3930: pfd->events now 60 (POLLOUT:4)
0:00:00.019965805  2723 0x562661202320 DEBUG   structure gststructure.c:2203:gst_structure_parse_field: trying field name 'description'
0:00:00.016045428  2724 0x56405b77f320 DEBUG   GST_POLL gstpoll.c:980:gst_poll_fd_ctl_write: 0x56405b7a3930: fd (fd:0, idx:1), active : 1
0:00:00.019971932  2723 0x562661202320 DEBUG   default gstvalue.c:2676:_priv_gst_value_parse_value: trying type name 'string'
0:00:00.019978757  2723 0x562661202320 DEBUG   structure gststructure.c:2203:gst_structure_parse_field: trying field name 'author'
0:00:00.016051928  2724 0x56405b77f320 LOG   GST_POLL gstpoll.c:994:gst_poll_fd_ctl_write: 0x56405b7a3930: pfd->events now 60 (POLLOUT:4)
0:00:00.019984578  2723 0x562661202320 DEBUG   default gstvalue.c:2676:_priv_gst_value_parse_value: trying type name 'string'
0:00:00.016063040  2724 0x56405b77f320 DEBUG   GST_POLL gstpoll.c:980:gst_poll_fd_ctl_write: 0x56405b7a3930: fd (fd:0, idx:1), active : 1
0:00:00.019991241  2723 0x562661202320 DEBUG   GST_REGISTRY gstregistrychunks.c:626:gst_registry_chunks_load_feature: Element factory : npadtemplates=2
0:00:00.016069341  2724 0x56405b77f320 LOG   GST_POLL gstpoll.c:994:gst_poll_fd_ctl_write: 0x56405b7a3930: pfd->events now 60 (POLLOUT:4)
0:00:00.019997216  2723 0x562661202320 DEBUG   GST_REGISTRY gstregistrychunks.c:526:gst_registry_chunks_load_pad_template: Reading/casting for GstRegistryChunkPadTemplate at address 0x562661229ee8
0:00:00.016079625  2724 0x56405b77f320 DEBUG   GST_POLL gstpoll.c:980:gst_poll_fd_ctl_write: 0x56405b7a3930: fd (fd:0, idx:1), active : 1
0:00:00.020005965  2723 0x562661202320 DEBUG   GST_REGISTRY gstregistrychunks.c:539:gst_registry_chunks_load_pad_template: Added pad_template sink
0:00:00.016086170  2724 0x56405b77f320 LOG   GST_POLL gstpoll.c:994:gst_poll_fd_ctl_write: 0x56405b7a3930: pfd->events now 60 (POLLOUT:4)
0:00:00.020012335  2723 0x562661202320 DEBUG   GST_REGISTRY gstregistrychunks.c:526:gst_registry_chunks_load_pad_template: Reading/casting for GstRegistryChunkPadTemplate at address 0x562661229f00
0:00:00.016092670  2724 0x56405b77f320 DEBUG   GST_POLL gstpoll.c:980:gst_poll_fd_ctl_write: 0x56405b7a3930: fd (fd:0, idx:1), active : 1
0:00:00.020018566  2723 0x562661202320 DEBUG   GST_REGISTRY gstregistrychunks.c:539:gst_registry_chunks_load_pad_template: Added pad_template src
0:00:00.016099066  2724 0x56405b77f320 LOG   GST_POLL gstpoll.c:994:gst_poll_fd_ctl_write: 0x56405b7a3930: pfd->events now 60 (POLLOUT:4)
0:00:00.020026388  2723 0x562661202320 DEBUG   GST_REGISTRY gstregistry.c:590:gst_registry_add_feature: adding feature 0x562661235b00 (clocksync)
0:00:00.016105617  2724 0x56405b77f320 DEBUG   GST_POLL gstpoll.c:980:gst_poll_fd_ctl_write: 0x56405b7a3930: fd (fd:0, idx:1), active : 1
0:00:00.020032523  2723 0x562661202320 DEBUG   GST_REFCOUNTING gstobject.c:709:gst_object_set_parent: set parent (ref and sink)
0:00:00.016111863  2724 0x56405b77f320 LOG   GST_POLL gstpoll.c:994:gst_poll_fd_ctl_write: 0x56405b7a3930: pfd->events now 60 (POLLOUT:4)
0:00:00.020039706  2723 0x562661202320 TRACE   GST_REFCOUNTING gstobject.c:294:gst_object_ref_sink: 0x562661235b00 ref_sink 1->2
0:00:00.016118261  2724 0x56405b77f320 DEBUG   GST_POLL gstpoll.c:980:gst_poll_fd_ctl_write: 0x56405b7a3930: fd (fd:0, idx:1), active : 1
0:00:00.020046619  2723 0x562661202320 LOG   GST_REGISTRY gstregistry.c:608:gst_registry_add_feature: emitting feature-added for clocksync
0:00:00.016124668  2724 0x56405b77f320 LOG   GST_POLL gstpoll.c:994:gst_poll_fd_ctl_write: 0x56405b7a3930: pfd->events now 60 (POLLOUT:4)
0:00:00.020053192  2723 0x562661202320 DEBUG   GST_REGISTRY gstregistrychunks.c:741:gst_registry_chunks_load_feature: Added feature clocksync, plugin 0x56266122a250 coreelements
0:00:00.016131192  2724 0x56405b77f320 DEBUG   GST_POLL gstpoll.c:980:gst_poll_fd_ctl_write: 0x56405b7a3930: fd (fd:0, idx:1), active : 1
0:00:00.020059502  2723 0x562661202320 DEBUG   GST_REGISTRY gstregistrychunks.c:583:gst_registry_chunks_load_feature: Plugin 'coreelements' feature 'capsfilter' typename : 'GstElementFactory'
0:00:00.016137492  2724 0x56405b77f320 LOG   GST_POLL gstpoll.c:994:gst_poll_fd_ctl_write: 0x56405b7a3930: pfd->events now 60 (POLLOUT:4)
0:00:00.020066418  2723 0x562661202320 TRACE   GST_REFCOUNTING gstobject.c:208:gst_object_init: 0x5626612369b0 new
0:00:00.016143903  2724 0x56405b77f320 DEBUG   GST_POLL gstpoll.c:980:gst_poll_fd_ctl_write: 0x56405b7a3930: fd (fd:0, idx:1), active : 1
0:00:00.020078200  2723 0x562661202320 LOG   GST_REGISTRY gstregistrychunks.c:610:gst_registry_chunks_load_feature: Reading/casting for GstRegistryChunkElementFactory at address 0x562661229f30
0:00:00.016155180  2724 0x56405b77f320 LOG   GST_POLL gstpoll.c:994:gst_poll_fd_ctl_write: 0x56405b7a3930: pfd->events now 60 (POLLOUT:4)
0:00:00.020084858  2723 0x562661202320 TRACE   structure gststructure.c:287:gst_structure_new_id_empty_with_size: created structure 0x562661236cc0
0:00:00.016162949  2724 0x56405b77f320 DEBUG   GST_POLL gstpoll.c:980:gst_poll_fd_ctl_write: 0x56405b7a3930: fd (fd:0, idx:1), active : 1
0:00:00.020090884  2723 0x562661202320 DEBUG   structure gststructure.c:2203:gst_structure_parse_field: trying field name 'long-name'
0:00:00.016169351  2724 0x56405b77f320 LOG   GST_POLL gstpoll.c:994:gst_poll_fd_ctl_write: 0x56405b7a3930: pfd->events now 60 (POLLOUT:4)
0:00:00.020096746  2723 0x562661202320 DEBUG   default gstvalue.c:2676:_priv_gst_value_parse_value: trying type name 'string'
0:00:00.016175763  2724 0x56405b77f320 DEBUG   GST_POLL gstpoll.c:980:gst_poll_fd_ctl_write: 0x56405b7a3930: fd (fd:0, idx:1), active : 1
0:00:00.020103086  2723 0x562661202320 DEBUG   structure gststructure.c:2203:gst_structure_parse_field: trying field name 'klass'
0:00:00.016182048  2724 0x56405b77f320 LOG   GST_POLL gstpoll.c:994:gst_poll_fd_ctl_write: 0x56405b7a3930: pfd->events now 60 (POLLOUT:4)
0:00:00.020109158  2723 0x562661202320 DEBUG   default gstvalue.c:2676:_priv_gst_value_parse_value: trying type name 'string'
0:00:00.016188503  2724 0x56405b77f320 DEBUG   GST_POLL gstpoll.c:980:gst_poll_fd_ctl_write: 0x56405b7a3930: fd (fd:0, idx:1), active : 1
0:00:00.020115642  2723 0x562661202320 DEBUG   structure gststructure.c:2203:gst_structure_parse_field: trying field name 'description'
0:00:00.016194820  2724 0x56405b77f320 LOG   GST_POLL gstpoll.c:994:gst_poll_fd_ctl_write: 0x56405b7a3930: pfd->events now 60 (POLLOUT:4)
0:00:00.020121688  2723 0x562661202320 DEBUG   default gstvalue.c:2676:_priv_gst_value_parse_value: trying type name 'string'
0:00:00.016201332  2724 0x56405b77f320 DEBUG   GST_POLL gstpoll.c:980:gst_poll_fd_ctl_write: 0x56405b7a3930: fd (fd:0, idx:1), active : 1
0:00:00.020128279  2723 0x562661202320 DEBUG   structure gststructure.c:2203:gst_structure_parse_field: trying field name 'author'
0:00:00.016207562  2724 0x56405b77f320 LOG   GST_POLL gstpoll.c:994:gst_poll_fd_ctl_write: 0x56405b7a3930: pfd->events now 60 (POLLOUT:4)
0:00:00.020134440  2723 0x562661202320 DEBUG   default gstvalue.c:2676:_priv_gst_value_parse_value: trying type name 'string'
0:00:00.016214175  2724 0x56405b77f320 DEBUG   GST_POLL gstpoll.c:980:gst_poll_fd_ctl_write: 0x56405b7a3930: fd (fd:0, idx:1), active : 1
0:00:00.020141183  2723 0x562661202320 DEBUG   GST_REGISTRY gstregistrychunks.c:626:gst_registry_chunks_load_feature: Element factory : npadtemplates=2
0:00:00.016220401  2724 0x56405b77f320 LOG   GST_POLL gstpoll.c:994:gst_poll_fd_ctl_write: 0x56405b7a3930: pfd->events now 60 (POLLOUT:4)
0:00:00.020150915  2723 0x562661202320 DEBUG   GST_REGISTRY gstregistrychunks.c:526:gst_registry_chunks_load_pad_template: Reading/casting for GstRegistryChunkPadTemplate at address 0x56266122a010
0:00:00.016229432  2724 0x56405b77f320 DEBUG   GST_POLL gstpoll.c:980:gst_poll_fd_ctl_write: 0x56405b7a3930: fd (fd:0, idx:1), active : 1
0:00:00.020157067  2723 0x562661202320 DEBUG   GST_REGISTRY gstregistrychunks.c:539:gst_registry_chunks_load_pad_template: Added pad_template sink
0:00:00.016235582  2724 0x56405b77f320 LOG   GST_POLL gstpoll.c:994:gst_poll_fd_ctl_write: 0x56405b7a3930: pfd->events now 60 (POLLOUT:4)
0:00:00.020163201  2723 0x562661202320 DEBUG   GST_REGISTRY gstregistrychunks.c:526:gst_registry_chunks_load_pad_template: Reading/casting for GstRegistryChunkPadTemplate at address 0x56266122a028
0:00:00.016242149  2724 0x56405b77f320 DEBUG   GST_POLL gstpoll.c:980:gst_poll_fd_ctl_write: 0x56405b7a3930: fd (fd:0, idx:1), active : 1
0:00:00.020169044  2723 0x562661202320 DEBUG   GST_REGISTRY gstregistrychunks.c:539:gst_registry_chunks_load_pad_template: Added pad_template src
0:00:00.016248336  2724 0x56405b77f320 LOG   GST_POLL gstpoll.c:994:gst_poll_fd_ctl_write: 0x56405b7a3930: pfd->events now 60 (POLLOUT:4)
0:00:00.020178856  2723 0x562661202320 DEBUG   GST_REGISTRY gstregistry.c:590:gst_registry_add_feature: adding feature 0x5626612369b0 (capsfilter)
0:00:00.016254780  2724 0x56405b77f320 DEBUG   GST_POLL gstpoll.c:980:gst_poll_fd_ctl_write: 0x56405b7a3930: fd (fd:0, idx:1), active : 1
0:00:00.020185385  2723 0x562661202320 DEBUG   GST_REFCOUNTING gstobject.c:709:gst_object_set_parent: set parent (ref and sink)
0:00:00.016263400  2724 0x56405b77f320 LOG   GST_POLL gstpoll.c:994:gst_poll_fd_ctl_write: 0x56405b7a3930: pfd->events now 60 (POLLOUT:4)
0:00:00.020192680  2723 0x562661202320 TRACE   GST_REFCOUNTING gstobject.c:294:gst_object_ref_sink: 0x5626612369b0 ref_sink 1->2
0:00:00.016270444  2724 0x56405b77f320 DEBUG   GST_POLL gstpoll.c:980:gst_poll_fd_ctl_write: 0x56405b7a3930: fd (fd:0, idx:1), active : 1
0:00:00.020199439  2723 0x562661202320 LOG   GST_REGISTRY gstregistry.c:608:gst_registry_add_feature: emitting feature-added for capsfilter
0:00:00.016277280  2724 0x56405b77f320 LOG   GST_POLL gstpoll.c:994:gst_poll_fd_ctl_write: 0x56405b7a3930: pfd->events now 60 (POLLOUT:4)
0:00:00.020206173  2723 0x562661202320 DEBUG   GST_REGISTRY gstregistrychunks.c:741:gst_registry_chunks_load_feature: Added feature capsfilter, plugin 0x56266122a250 coreelements
0:00:00.016283866  2724 0x56405b77f320 DEBUG   GST_POLL gstpoll.c:980:gst_poll_fd_ctl_write: 0x56405b7a3930: fd (fd:0, idx:1), active : 1
0:00:00.020213381  2723 0x562661202320 LOG   GST_PLUGIN_LOADING gstpluginloader.c:889:handle_rx_packet: marking plugin 0x56266122a250 as registered as /home/conan/w/prod/BuildSingleReference/.conan/data/gstreamer/1.18.3/_/_/package/d5d34cb95e58eb395d954c026f8b3b95a47b8905/lib/gstreamer-1.0/libgstcoreelements.so
0:00:00.016290253  2724 0x56405b77f320 LOG   GST_POLL gstpoll.c:994:gst_poll_fd_ctl_write: 0x56405b7a3930: pfd->events now 60 (POLLOUT:4)
0:00:00.020222387  2723 0x562661202320 DEBUG   GST_POLL gstpoll.c:1414:gst_poll_wait: 0x562661227530: timeout :0:00:01.000000000
0:00:00.016302210  2724 0x56405b77f320 DEBUG   GST_POLL gstpoll.c:980:gst_poll_fd_ctl_write: 0x56405b7a3930: fd (fd:0, idx:1), active : 1
0:00:00.016308751  2724 0x56405b77f320 LOG   GST_POLL gstpoll.c:994:gst_poll_fd_ctl_write: 0x56405b7a3930: pfd->events now 60 (POLLOUT:4)
0:00:00.016326676  2724 0x56405b77f320 DEBUG   GST_POLL gstpoll.c:980:gst_poll_fd_ctl_write: 0x56405b7a3930: fd (fd:0, idx:1), active : 1
0:00:00.016332686  2724 0x56405b77f320 LOG   GST_POLL gstpoll.c:994:gst_poll_fd_ctl_write: 0x56405b7a3930: pfd->events now 60 (POLLOUT:4)
0:00:00.016338753  2724 0x56405b77f320 DEBUG   GST_POLL gstpoll.c:980:gst_poll_fd_ctl_write: 0x56405b7a3930: fd (fd:0, idx:1), active : 1
0:00:00.016344598  2724 0x56405b77f320 LOG   GST_POLL gstpoll.c:994:gst_poll_fd_ctl_write: 0x56405b7a3930: pfd->events now 60 (POLLOUT:4)
0:00:00.016350643  2724 0x56405b77f320 DEBUG   GST_POLL gstpoll.c:980:gst_poll_fd_ctl_write: 0x56405b7a3930: fd (fd:0, idx:1), active : 1
0:00:00.016356449  2724 0x56405b77f320 LOG   GST_POLL gstpoll.c:994:gst_poll_fd_ctl_write: 0x56405b7a3930: pfd->events now 60 (POLLOUT:4)
0:00:00.016362477  2724 0x56405b77f320 DEBUG   GST_POLL gstpoll.c:980:gst_poll_fd_ctl_write: 0x56405b7a3930: fd (fd:0, idx:1), active : 1
0:00:00.016368519  2724 0x56405b77f320 LOG   GST_POLL gstpoll.c:994:gst_poll_fd_ctl_write: 0x56405b7a3930: pfd->events now 60 (POLLOUT:4)
0:00:00.016374519  2724 0x56405b77f320 DEBUG   GST_POLL gstpoll.c:980:gst_poll_fd_ctl_write: 0x56405b7a3930: fd (fd:0, idx:1), active : 1
0:00:00.016383771  2724 0x56405b77f320 LOG   GST_POLL gstpoll.c:994:gst_poll_fd_ctl_write: 0x56405b7a3930: pfd->events now 60 (POLLOUT:4)
0:00:00.016390044  2724 0x56405b77f320 DEBUG   GST_POLL gstpoll.c:980:gst_poll_fd_ctl_write: 0x56405b7a3930: fd (fd:0, idx:1), active : 1
0:00:00.016395803  2724 0x56405b77f320 LOG   GST_POLL gstpoll.c:994:gst_poll_fd_ctl_write: 0x56405b7a3930: pfd->events now 60 (POLLOUT:4)
0:00:00.016401949  2724 0x56405b77f320 DEBUG   GST_POLL gstpoll.c:980:gst_poll_fd_ctl_write: 0x56405b7a3930: fd (fd:0, idx:1), active : 1
0:00:00.016407762  2724 0x56405b77f320 LOG   GST_POLL gstpoll.c:994:gst_poll_fd_ctl_write: 0x56405b7a3930: pfd->events now 60 (POLLOUT:4)
0:00:00.016413840  2724 0x56405b77f320 DEBUG   GST_POLL gstpoll.c:980:gst_poll_fd_ctl_write: 0x56405b7a3930: fd (fd:0, idx:1), active : 1
0:00:00.016419724  2724 0x56405b77f320 LOG   GST_POLL gstpoll.c:994:gst_poll_fd_ctl_write: 0x56405b7a3930: pfd->events now 60 (POLLOUT:4)
0:00:00.016425753  2724 0x56405b77f320 DEBUG   GST_POLL gstpoll.c:980:gst_poll_fd_ctl_write: 0x56405b7a3930: fd (fd:0, idx:1), active : 1
0:00:00.016431580  2724 0x56405b77f320 LOG   GST_POLL gstpoll.c:994:gst_poll_fd_ctl_write: 0x56405b7a3930: pfd->events now 60 (POLLOUT:4)
0:00:00.016437609  2724 0x56405b77f320 DEBUG   GST_POLL gstpoll.c:980:gst_poll_fd_ctl_write: 0x56405b7a3930: fd (fd:0, idx:1), active : 1
0:00:00.016447403  2724 0x56405b77f320 LOG   GST_POLL gstpoll.c:994:gst_poll_fd_ctl_write: 0x56405b7a3930: pfd->events now 60 (POLLOUT:4)
0:00:00.016453687  2724 0x56405b77f320 DEBUG   GST_POLL gstpoll.c:980:gst_poll_fd_ctl_write: 0x56405b7a3930: fd (fd:0, idx:1), active : 1
0:00:00.016459557  2724 0x56405b77f320 LOG   GST_POLL gstpoll.c:994:gst_poll_fd_ctl_write: 0x56405b7a3930: pfd->events now 60 (POLLOUT:4)
0:00:00.016465616  2724 0x56405b77f320 DEBUG   GST_POLL gstpoll.c:980:gst_poll_fd_ctl_write: 0x56405b7a3930: fd (fd:0, idx:1), active : 1
0:00:00.016471774  2724 0x56405b77f320 LOG   GST_POLL gstpoll.c:994:gst_poll_fd_ctl_write: 0x56405b7a3930: pfd->events now 60 (POLLOUT:4)
0:00:00.016477879  2724 0x56405b77f320 DEBUG   GST_POLL gstpoll.c:980:gst_poll_fd_ctl_write: 0x56405b7a3930: fd (fd:0, idx:1), active : 1
0:00:00.016483724  2724 0x56405b77f320 LOG   GST_POLL gstpoll.c:994:gst_poll_fd_ctl_write: 0x56405b7a3930: pfd->events now 60 (POLLOUT:4)
0:00:00.016493889  2724 0x56405b77f320 TRACE   GST_REFCOUNTING gstobject.c:265:gst_object_unref: 0x56405b7a7620 unref 2->1
0:00:00.016501148  2724 0x56405b77f320 DEBUG   GST_POLL gstpoll.c:1241:gst_poll_fd_has_error: 0x56405b7a3930: fd (fd:0, idx:1) 0
0:00:00.016507500  2724 0x56405b77f320 DEBUG   GST_POLL gstpoll.c:1335:gst_poll_fd_can_write: 0x56405b7a3930: fd (fd:0, idx:1) 1
0:00:00.016513445  2724 0x56405b77f320 LOG   GST_PLUGIN_LOADING gstpluginloader.c:690:write_one: Writing packet of size 488 bytes to fd 0
0:00:00.016529407  2724 0x56405b77f320 DEBUG   GST_POLL gstpoll.c:1414:gst_poll_wait: 0x56405b7a3930: timeout :0:00:01.000000000
0:00:00.016538314  2724 0x56405b77f320 LOG   GST_PLUGIN_LOADING gstpluginloader.c:1028:exchange_packets: Poll res = 2. 6872 bytes pending for write
0:00:00.016545163  2724 0x56405b77f320 DEBUG   GST_POLL gstpoll.c:1241:gst_poll_fd_has_error: 0x56405b7a3930: fd (fd:5, idx:2) 0
0:00:00.016551295  2724 0x56405b77f320 DEBUG   GST_POLL gstpoll.c:1266:gst_poll_fd_can_read_unlocked: 0x56405b7a3930: fd (fd:5, idx:2) 1
0:00:00.020476152  2723 0x562661202320 LOG   GST_PLUGIN_LOADING gstpluginloader.c:1028:exchange_packets: Poll res = 1. 0 bytes pending for write
0:00:00.016559295  2724 0x56405b77f320 LOG   GST_PLUGIN_LOADING gstpluginloader.c:1006:read_one: No payload to read for 0 length packet type 1 tag 0
0:00:00.020487077  2723 0x562661202320 DEBUG   GST_POLL gstpoll.c:1241:gst_poll_fd_has_error: 0x562661227530: fd (fd:8, idx:2) 0
0:00:00.016566320  2724 0x56405b77f320 DEBUG   GST_POLL gstpoll.c:1015:gst_poll_fd_ctl_read_unlocked: 0x56405b7a3930: fd (fd:5, idx:2), active : 0
0:00:00.020493855  2723 0x562661202320 DEBUG   GST_POLL gstpoll.c:1266:gst_poll_fd_can_read_unlocked: 0x562661227530: fd (fd:8, idx:2) 1
0:00:00.016573079  2724 0x56405b77f320 DEBUG   GST_POLL gstpoll.c:980:gst_poll_fd_ctl_write: 0x56405b7a3930: fd (fd:0, idx:1), active : 1
0:00:00.016579397  2724 0x56405b77f320 LOG   GST_POLL gstpoll.c:994:gst_poll_fd_ctl_write: 0x56405b7a3930: pfd->events now 60 (POLLOUT:4)
0:00:00.020504257  2723 0x562661202320 DEBUG   GST_PLUGIN_LOADING gstpluginloader.c:850:handle_rx_packet: Received plugin details from child w/ tag 2. 476 bytes info
0:00:00.016585589  2724 0x56405b77f320 DEBUG   GST_POLL gstpoll.c:1241:gst_poll_fd_has_error: 0x56405b7a3930: fd (fd:0, idx:1) 0
0:00:00.020517638  2723 0x562661202320 LOG   GST_REGISTRY gstregistrychunks.c:837:_priv_gst_registry_chunks_load_plugin: Reading/casting for GstRegistryChunkPluginElement at address 0x562661228570
0:00:00.016596696  2724 0x56405b77f320 DEBUG   GST_POLL gstpoll.c:1335:gst_poll_fd_can_write: 0x56405b7a3930: fd (fd:0, idx:1) 1
0:00:00.020526188  2723 0x562661202320 TRACE   GST_REFCOUNTING gstobject.c:208:gst_object_init: 0x562661237160 new
0:00:00.016602826  2724 0x56405b77f320 LOG   GST_PLUGIN_LOADING gstpluginloader.c:690:write_one: Writing packet of size 6872 bytes to fd 0
0:00:00.020537461  2723 0x562661202320 LOG   GST_REGISTRY gstregistrychunks.c:858:_priv_gst_registry_chunks_load_plugin: read strings for name='coretracers'
0:00:00.016615460  2724 0x56405b77f320 DEBUG   GST_POLL gstpoll.c:1414:gst_poll_wait: 0x56405b7a3930: timeout :0:00:01.000000000
0:00:00.020544239  2723 0x562661202320 LOG   GST_REGISTRY gstregistrychunks.c:859:_priv_gst_registry_chunks_load_plugin: desc.description='GStreamer core tracers'
0:00:00.016624010  2724 0x56405b77f320 LOG   GST_PLUGIN_LOADING gstpluginloader.c:1028:exchange_packets: Poll res = 1. 12 bytes pending for write
0:00:00.020550421  2723 0x562661202320 LOG   GST_REGISTRY gstregistrychunks.c:860:_priv_gst_registry_chunks_load_plugin: filename='/home/conan/w/prod/BuildSingleReference/.conan/data/gstreamer/1.18.3/_/_/package/d5d34cb95e58eb395d954c026f8b3b95a47b8905/lib/gstreamer-1.0/libgstcoretracers.so'
0:00:00.016631004  2724 0x56405b77f320 DEBUG   GST_POLL gstpoll.c:1241:gst_poll_fd_has_error: 0x56405b7a3930: fd (fd:0, idx:1) 0
0:00:00.020556898  2723 0x562661202320 LOG   GST_REGISTRY gstregistrychunks.c:861:_priv_gst_registry_chunks_load_plugin: desc.version='1.18.3'
0:00:00.016637808  2724 0x56405b77f320 DEBUG   GST_POLL gstpoll.c:1335:gst_poll_fd_can_write: 0x56405b7a3930: fd (fd:0, idx:1) 1
0:00:00.020563732  2723 0x562661202320 LOG   GST_REGISTRY gstregistrychunks.c:862:_priv_gst_registry_chunks_load_plugin: desc.license='LGPL'
0:00:00.016643960  2724 0x56405b77f320 LOG   GST_PLUGIN_LOADING gstpluginloader.c:690:write_one: Writing packet of size 12 bytes to fd 0
0:00:00.020570486  2723 0x562661202320 LOG   GST_REGISTRY gstregistrychunks.c:863:_priv_gst_registry_chunks_load_plugin: desc.source='gstreamer'
0:00:00.016652654  2724 0x56405b77f320 DEBUG   GST_POLL gstpoll.c:980:gst_poll_fd_ctl_write: 0x56405b7a3930: fd (fd:0, idx:1), active : 0
0:00:00.020577126  2723 0x562661202320 LOG   GST_REGISTRY gstregistrychunks.c:864:_priv_gst_registry_chunks_load_plugin: desc.package='GStreamer source release'
0:00:00.016659500  2724 0x56405b77f320 LOG   GST_POLL gstpoll.c:994:gst_poll_fd_ctl_write: 0x56405b7a3930: pfd->events now 56 (POLLOUT:4)
0:00:00.020585794  2723 0x562661202320 LOG   GST_REGISTRY gstregistrychunks.c:865:_priv_gst_registry_chunks_load_plugin: desc.origin='Unknown package origin'
0:00:00.020592384  2723 0x562661202320 LOG   GST_REGISTRY gstregistrychunks.c:866:_priv_gst_registry_chunks_load_plugin: desc.datetime=2021-01-13
0:00:00.016675655  2724 0x56405b77f320 DEBUG   GST_POLL gstpoll.c:772:gst_poll_free: 0x56405b7a3930: freeing
0:00:00.020608975  2723 0x562661202320 DEBUG   GST_REGISTRY gstregistry.c:449:gst_registry_add_plugin: Replacing existing plugin "/home/conan/w/prod/BuildSingleReference/.conan/data/gstreamer/1.18.3/_/_/package/d5d34cb95e58eb395d954c026f8b3b95a47b8905/lib/gstreamer-1.0/libgstcoretracers.so" 0x562661227b90 with new plugin 0x562661237160 for filename "/home/conan/w/prod/BuildSingleReference/.conan/data/gstreamer/1.18.3/_/_/package/d5d34cb95e58eb395d954c026f8b3b95a47b8905/lib/gstreamer-1.0/libgstcoretracers.so"
0:00:00.020618943  2723 0x562661202320 TRACE   GST_REFCOUNTING gstobject.c:265:gst_object_unref: 0x562661227b90 unref 1->0
0:00:00.020626565  2723 0x562661202320 TRACE   GST_REFCOUNTING gstobject.c:381:gst_object_dispose: 0x562661227b90 dispose
0:00:00.020634514  2723 0x562661202320 DEBUG   GST_PLUGIN_LOADING gstplugin.c:136:gst_plugin_finalize: finalizing plugin
0:00:00.020642766  2723 0x562661202320 TRACE   GST_REFCOUNTING gstobject.c:423:gst_object_finalize: 0x562661227b90 finalize
0:00:00.020654158  2723 0x562661202320 DEBUG   GST_REGISTRY gstregistry.c:474:gst_registry_add_plugin: adding plugin 0x562661237160 for filename "/home/conan/w/prod/BuildSingleReference/.conan/data/gstreamer/1.18.3/_/_/package/d5d34cb95e58eb395d954c026f8b3b95a47b8905/lib/gstreamer-1.0/libgstcoretracers.so"
0:00:00.020661188  2723 0x562661202320 TRACE   GST_REFCOUNTING gstobject.c:294:gst_object_ref_sink: 0x562661237160 ref_sink 1->2
0:00:00.020667855  2723 0x562661202320 LOG   GST_REGISTRY gstregistry.c:487:gst_registry_add_plugin: emitting plugin-added for filename "/home/conan/w/prod/BuildSingleReference/.conan/data/gstreamer/1.18.3/_/_/package/d5d34cb95e58eb395d954c026f8b3b95a47b8905/lib/gstreamer-1.0/libgstcoretracers.so"
0:00:00.020674704  2723 0x562661202320 DEBUG   GST_REGISTRY gstregistrychunks.c:887:_priv_gst_registry_chunks_load_plugin: Added plugin 'coretracers' plugin with 5 features from binary registry
0:00:00.020681131  2723 0x562661202320 DEBUG   GST_REGISTRY gstregistrychunks.c:583:gst_registry_chunks_load_feature: Plugin 'coretracers' feature 'leaks' typename : 'GstTracerFactory'
0:00:00.020688396  2723 0x562661202320 TRACE   GST_REFCOUNTING gstobject.c:208:gst_object_init: 0x562661227b80 new
0:00:00.020696089  2723 0x562661202320 DEBUG   GST_REGISTRY gstregistrychunks.c:718:gst_registry_chunks_load_feature: Reading/casting for GstRegistryChunkPluginFeature at address 0x5626612286b8
0:00:00.020703140  2723 0x562661202320 DEBUG   GST_REGISTRY gstregistry.c:581:gst_registry_add_feature: replacing existing feature 0x562661227f40 (leaks)
0:00:00.020710794  2723 0x562661202320 DEBUG   GST_REGISTRY gstregistry.c:590:gst_registry_add_feature: adding feature 0x562661227b80 (leaks)
0:00:00.020716481  2723 0x562661202320 TRACE   GST_REFCOUNTING gstobject.c:788:gst_object_unparent: unparent
0:00:00.020723301  2723 0x562661202320 TRACE   GST_REFCOUNTING gstobject.c:265:gst_object_unref: 0x562661227f40 unref 1->0
0:00:00.020729715  2723 0x562661202320 TRACE   GST_REFCOUNTING gstobject.c:381:gst_object_dispose: 0x562661227f40 dispose
0:00:00.020740634  2723 0x562661202320 DEBUG   GST_PLUGIN_LOADING gstpluginfeature.c:67:gst_plugin_feature_finalize: finalizing feature 0x562661227f40: 'leaks'
0:00:00.020746929  2723 0x562661202320 TRACE   GST_REFCOUNTING gstobject.c:423:gst_object_finalize: 0x562661227f40 finalize
0:00:00.020753220  2723 0x562661202320 DEBUG   GST_REFCOUNTING gstobject.c:709:gst_object_set_parent: set parent (ref and sink)
0:00:00.020760242  2723 0x562661202320 TRACE   GST_REFCOUNTING gstobject.c:294:gst_object_ref_sink: 0x562661227b80 ref_sink 1->2
0:00:00.020766726  2723 0x562661202320 LOG   GST_REGISTRY gstregistry.c:608:gst_registry_add_feature: emitting feature-added for leaks
0:00:00.020773195  2723 0x562661202320 DEBUG   GST_REGISTRY gstregistrychunks.c:741:gst_registry_chunks_load_feature: Added feature leaks, plugin 0x562661237160 coretracers
0:00:00.020779501  2723 0x562661202320 DEBUG   GST_REGISTRY gstregistrychunks.c:583:gst_registry_chunks_load_feature: Plugin 'coretracers' feature 'stats' typename : 'GstTracerFactory'
0:00:00.020786149  2723 0x562661202320 TRACE   GST_REFCOUNTING gstobject.c:208:gst_object_init: 0x562661227f40 new
0:00:00.020793118  2723 0x562661202320 DEBUG   GST_REGISTRY gstregistrychunks.c:718:gst_registry_chunks_load_feature: Reading/casting for GstRegistryChunkPluginFeature at address 0x5626612286d8
