0:00:00.014178263  2783 0x55d641a1c360 TRACE   GST_REFCOUNTING gstobject.c:237:gst_object_ref: 0x55d641a45e10 ref 1->2
0:00:00.014187856  2783 0x55d641a1c360 DEBUG   GST_REGISTRY gstregistrychunks.c:264:gst_registry_chunks_save_feature: saved 0 interfaces 0 pad templates
0:00:00.019095215  2782 0x5625c55f5360 DEBUG   default gstvalue.c:2676:_priv_gst_value_parse_value: trying type name 'string'
0:00:00.014200529  2783 0x55d641a1c360 DEBUG   GST_REGISTRY gstregistrychunks.c:264:gst_registry_chunks_save_feature: saved 0 interfaces 0 pad templates
0:00:00.019106893  2782 0x5625c55f5360 DEBUG   structure gststructure.c:2203:gst_structure_parse_field: trying field name 'klass'
0:00:00.019114677  2782 0x5625c55f5360 DEBUG   default gstvalue.c:2676:_priv_gst_value_parse_value: trying type name 'string'
0:00:00.014211207  2783 0x55d641a1c360 DEBUG   GST_REGISTRY gstregistrychunks.c:264:gst_registry_chunks_save_feature: saved 0 interfaces 0 pad templates
0:00:00.019121914  2782 0x5625c55f5360 DEBUG   structure gststructure.c:2203:gst_structure_parse_field: trying field name 'description'
0:00:00.019128480  2782 0x5625c55f5360 DEBUG   default gstvalue.c:2676:_priv_gst_value_parse_value: trying type name 'string'
0:00:00.014225224  2783 0x55d641a1c360 DEBUG   GST_REGISTRY gstregistrychunks.c:264:gst_registry_chunks_save_feature: saved 1 interfaces 0 pad templates
0:00:00.019135795  2782 0x5625c55f5360 DEBUG   structure gststructure.c:2203:gst_structure_parse_field: trying field name 'author'
0:00:00.014234976  2783 0x55d641a1c360 DEBUG   GST_REGISTRY gstregistrychunks.c:284:gst_registry_chunks_save_feature: Saved 1 UriTypes
0:00:00.019142389  2782 0x5625c55f5360 DEBUG   default gstvalue.c:2676:_priv_gst_value_parse_value: trying type name 'string'
0:00:00.019150399  2782 0x5625c55f5360 DEBUG   GST_REGISTRY gstregistrychunks.c:626:gst_registry_chunks_load_feature: Element factory : npadtemplates=2
0:00:00.014246556  2783 0x55d641a1c360 DEBUG   GST_REGISTRY gstregistrychunks.c:264:gst_registry_chunks_save_feature: saved 0 interfaces 0 pad templates
0:00:00.019161625  2782 0x5625c55f5360 DEBUG   GST_REGISTRY gstregistrychunks.c:525:gst_registry_chunks_load_pad_template: Reading/casting for GstRegistryChunkPadTemplate at address 0x5625c561b730
0:00:00.014262319  2783 0x55d641a1c360 DEBUG   GST_REGISTRY gstregistrychunks.c:264:gst_registry_chunks_save_feature: saved 0 interfaces 0 pad templates
0:00:00.019169256  2782 0x5625c55f5360 DEBUG   GST_REGISTRY gstregistrychunks.c:539:gst_registry_chunks_load_pad_template: Added pad_template src_%u
0:00:00.019176198  2782 0x5625c55f5360 DEBUG   GST_REGISTRY gstregistrychunks.c:525:gst_registry_chunks_load_pad_template: Reading/casting for GstRegistryChunkPadTemplate at address 0x5625c561b748
0:00:00.014273124  2783 0x55d641a1c360 DEBUG   GST_REGISTRY gstregistrychunks.c:264:gst_registry_chunks_save_feature: saved 0 interfaces 0 pad templates
0:00:00.019182570  2782 0x5625c55f5360 DEBUG   GST_REGISTRY gstregistrychunks.c:539:gst_registry_chunks_load_pad_template: Added pad_template sink
0:00:00.014284456  2783 0x55d641a1c360 DEBUG   GST_REGISTRY gstregistrychunks.c:264:gst_registry_chunks_save_feature: saved 1 interfaces 0 pad templates
0:00:00.019191279  2782 0x5625c55f5360 DEBUG   GST_REGISTRY gstregistry.c:589:gst_registry_add_feature: adding feature 0x5625c5625a40 (streamiddemux)
0:00:00.014291391  2783 0x55d641a1c360 DEBUG   GST_REGISTRY gstregistrychunks.c:284:gst_registry_chunks_save_feature: Saved 1 UriTypes
0:00:00.019200709  2782 0x5625c55f5360 DEBUG   GST_REFCOUNTING gstobject.c:708:gst_object_set_parent: set parent (ref and sink)
0:00:00.014301635  2783 0x55d641a1c360 DEBUG   GST_REGISTRY gstregistrychunks.c:264:gst_registry_chunks_save_feature: saved 1 interfaces 0 pad templates
0:00:00.019208957  2782 0x5625c55f5360 TRACE   GST_REFCOUNTING gstobject.c:292:gst_object_ref_sink: 0x5625c5625a40 ref_sink 1->2
0:00:00.014308494  2783 0x55d641a1c360 DEBUG   GST_REGISTRY gstregistrychunks.c:284:gst_registry_chunks_save_feature: Saved 1 UriTypes
0:00:00.019216716  2782 0x5625c55f5360 LOG   GST_REGISTRY gstregistry.c:607:gst_registry_add_feature: emitting feature-added for streamiddemux
0:00:00.014318130  2783 0x55d641a1c360 DEBUG   GST_REGISTRY gstregistrychunks.c:264:gst_registry_chunks_save_feature: saved 1 interfaces 0 pad templates
0:00:00.019224636  2782 0x5625c55f5360 DEBUG   GST_REGISTRY gstregistrychunks.c:740:gst_registry_chunks_load_feature: Added feature streamiddemux, plugin 0x5625c5623ea0 coreelements
0:00:00.014324828  2783 0x55d641a1c360 DEBUG   GST_REGISTRY gstregistrychunks.c:284:gst_registry_chunks_save_feature: Saved 1 UriTypes
0:00:00.019232995  2782 0x5625c55f5360 DEBUG   GST_REGISTRY gstregistrychunks.c:582:gst_registry_chunks_load_feature: Plugin 'coreelements' feature 'valve' typename : 'GstElementFactory'
0:00:00.014334519  2783 0x55d641a1c360 DEBUG   GST_REGISTRY gstregistrychunks.c:264:gst_registry_chunks_save_feature: saved 0 interfaces 0 pad templates
0:00:00.019241565  2782 0x5625c55f5360 TRACE   GST_REFCOUNTING gstobject.c:208:gst_object_init: 0x5625c5624ae0 new
0:00:00.019269197  2782 0x5625c55f5360 LOG   GST_REGISTRY gstregistrychunks.c:609:gst_registry_chunks_load_feature: Reading/casting for GstRegistryChunkElementFactory at address 0x5625c561b778
0:00:00.014366796  2783 0x55d641a1c360 DEBUG   GST_REGISTRY gstregistrychunks.c:264:gst_registry_chunks_save_feature: saved 0 interfaces 0 pad templates
0:00:00.019277243  2782 0x5625c55f5360 TRACE   structure gststructure.c:287:gst_structure_new_id_empty_with_size: created structure 0x5625c561d380
0:00:00.014377822  2783 0x55d641a1c360 DEBUG   GST_REGISTRY gstregistrychunks.c:264:gst_registry_chunks_save_feature: saved 0 interfaces 0 pad templates
0:00:00.019284279  2782 0x5625c55f5360 DEBUG   structure gststructure.c:2203:gst_structure_parse_field: trying field name 'long-name'
0:00:00.019291954  2782 0x5625c55f5360 DEBUG   default gstvalue.c:2676:_priv_gst_value_parse_value: trying type name 'string'
0:00:00.014389635  2783 0x55d641a1c360 DEBUG   GST_REGISTRY gstregistrychunks.c:264:gst_registry_chunks_save_feature: saved 0 interfaces 0 pad templates
0:00:00.019299270  2782 0x5625c55f5360 DEBUG   structure gststructure.c:2203:gst_structure_parse_field: trying field name 'klass'
0:00:00.014399951  2783 0x55d641a1c360 DEBUG   GST_REGISTRY gstregistrychunks.c:264:gst_registry_chunks_save_feature: saved 0 interfaces 0 pad templates
0:00:00.019305580  2782 0x5625c55f5360 DEBUG   default gstvalue.c:2676:_priv_gst_value_parse_value: trying type name 'string'
0:00:00.019314626  2782 0x5625c55f5360 DEBUG   structure gststructure.c:2203:gst_structure_parse_field: trying field name 'description'
0:00:00.014409793  2783 0x55d641a1c360 DEBUG   GST_REGISTRY gstregistrychunks.c:264:gst_registry_chunks_save_feature: saved 0 interfaces 0 pad templates
0:00:00.019320541  2782 0x5625c55f5360 DEBUG   default gstvalue.c:2676:_priv_gst_value_parse_value: trying type name 'string'
0:00:00.014421925  2783 0x55d641a1c360 DEBUG   GST_REGISTRY gstregistrychunks.c:264:gst_registry_chunks_save_feature: saved 1 interfaces 0 pad templates
0:00:00.019328217  2782 0x5625c55f5360 DEBUG   structure gststructure.c:2203:gst_structure_parse_field: trying field name 'author'
0:00:00.014428747  2783 0x55d641a1c360 DEBUG   GST_REGISTRY gstregistrychunks.c:284:gst_registry_chunks_save_feature: Saved 1 UriTypes
0:00:00.019335768  2782 0x5625c55f5360 DEBUG   default gstvalue.c:2676:_priv_gst_value_parse_value: trying type name 'string'
0:00:00.014438843  2783 0x55d641a1c360 DEBUG   GST_REGISTRY gstregistrychunks.c:264:gst_registry_chunks_save_feature: saved 0 interfaces 0 pad templates
0:00:00.019345683  2782 0x5625c55f5360 DEBUG   GST_REGISTRY gstregistrychunks.c:626:gst_registry_chunks_load_feature: Element factory : npadtemplates=2
0:00:00.019352787  2782 0x5625c55f5360 DEBUG   GST_REGISTRY gstregistrychunks.c:525:gst_registry_chunks_load_pad_template: Reading/casting for GstRegistryChunkPadTemplate at address 0x5625c561b868
0:00:00.014449021  2783 0x55d641a1c360 DEBUG   GST_REGISTRY gstregistrychunks.c:264:gst_registry_chunks_save_feature: saved 0 interfaces 0 pad templates
0:00:00.019364594  2782 0x5625c55f5360 DEBUG   GST_REGISTRY gstregistrychunks.c:539:gst_registry_chunks_load_pad_template: Added pad_template sink
0:00:00.014465442  2783 0x55d641a1c360 DEBUG   GST_REGISTRY gstregistrychunks.c:264:gst_registry_chunks_save_feature: saved 0 interfaces 0 pad templates
0:00:00.019370983  2782 0x5625c55f5360 DEBUG   GST_REGISTRY gstregistrychunks.c:525:gst_registry_chunks_load_pad_template: Reading/casting for GstRegistryChunkPadTemplate at address 0x5625c561b880
0:00:00.019380095  2782 0x5625c55f5360 DEBUG   GST_REGISTRY gstregistrychunks.c:539:gst_registry_chunks_load_pad_template: Added pad_template src
0:00:00.014475619  2783 0x55d641a1c360 DEBUG   GST_REGISTRY gstregistrychunks.c:264:gst_registry_chunks_save_feature: saved 0 interfaces 0 pad templates
0:00:00.019388244  2782 0x5625c55f5360 DEBUG   GST_REGISTRY gstregistry.c:589:gst_registry_add_feature: adding feature 0x5625c5624ae0 (valve)
0:00:00.014487939  2783 0x55d641a1c360 DEBUG   GST_REGISTRY gstregistrychunks.c:264:gst_registry_chunks_save_feature: saved 0 interfaces 0 pad templates
0:00:00.019395189  2782 0x5625c55f5360 DEBUG   GST_REFCOUNTING gstobject.c:708:gst_object_set_parent: set parent (ref and sink)
0:00:00.019403263  2782 0x5625c55f5360 TRACE   GST_REFCOUNTING gstobject.c:292:gst_object_ref_sink: 0x5625c5624ae0 ref_sink 1->2
0:00:00.014499745  2783 0x55d641a1c360 TRACE   GST_REFCOUNTING gstobject.c:264:gst_object_unref: 0x55d641a45e10 unref 2->1
0:00:00.019410319  2782 0x5625c55f5360 LOG   GST_REGISTRY gstregistry.c:607:gst_registry_add_feature: emitting feature-added for valve
0:00:00.014508258  2783 0x55d641a1c360 TRACE   GST_REFCOUNTING gstobject.c:264:gst_object_unref: 0x55d641a47d00 unref 2->1
0:00:00.019417701  2782 0x5625c55f5360 DEBUG   GST_REGISTRY gstregistrychunks.c:740:gst_registry_chunks_load_feature: Added feature valve, plugin 0x5625c5623ea0 coreelements
0:00:00.014515935  2783 0x55d641a1c360 TRACE   GST_REFCOUNTING gstobject.c:264:gst_object_unref: 0x55d641a489e0 unref 2->1
0:00:00.019425154  2782 0x5625c55f5360 DEBUG   GST_REGISTRY gstregistrychunks.c:582:gst_registry_chunks_load_feature: Plugin 'coreelements' feature 'multiqueue' typename : 'GstElementFactory'
0:00:00.014523427  2783 0x55d641a1c360 TRACE   GST_REFCOUNTING gstobject.c:264:gst_object_unref: 0x55d641a49850 unref 2->1
0:00:00.019433682  2782 0x5625c55f5360 TRACE   GST_REFCOUNTING gstobject.c:208:gst_object_init: 0x5625c561d5d0 new
0:00:00.014530824  2783 0x55d641a1c360 TRACE   GST_REFCOUNTING gstobject.c:264:gst_object_unref: 0x55d641a4b7e0 unref 2->1
0:00:00.019442681  2782 0x5625c55f5360 LOG   GST_REGISTRY gstregistrychunks.c:609:gst_registry_chunks_load_feature: Reading/casting for GstRegistryChunkElementFactory at address 0x5625c561b8b0
0:00:00.014538765  2783 0x55d641a1c360 TRACE   GST_REFCOUNTING gstobject.c:264:gst_object_unref: 0x55d641a4c980 unref 2->1
0:00:00.019450132  2782 0x5625c55f5360 TRACE   structure gststructure.c:287:gst_structure_new_id_empty_with_size: created structure 0x5625c561d800
0:00:00.014547292  2783 0x55d641a1c360 TRACE   GST_REFCOUNTING gstobject.c:264:gst_object_unref: 0x55d641a4e600 unref 2->1
0:00:00.019461236  2782 0x5625c55f5360 DEBUG   structure gststructure.c:2203:gst_structure_parse_field: trying field name 'long-name'
0:00:00.014558766  2783 0x55d641a1c360 TRACE   GST_REFCOUNTING gstobject.c:264:gst_object_unref: 0x55d641a50be0 unref 2->1
0:00:00.019467934  2782 0x5625c55f5360 DEBUG   default gstvalue.c:2676:_priv_gst_value_parse_value: trying type name 'string'
0:00:00.014566247  2783 0x55d641a1c360 TRACE   GST_REFCOUNTING gstobject.c:264:gst_object_unref: 0x55d641a53090 unref 2->1
0:00:00.019475328  2782 0x5625c55f5360 DEBUG   structure gststructure.c:2203:gst_structure_parse_field: trying field name 'klass'
0:00:00.014573648  2783 0x55d641a1c360 TRACE   GST_REFCOUNTING gstobject.c:264:gst_object_unref: 0x55d641a53ef0 unref 2->1
0:00:00.019481782  2782 0x5625c55f5360 DEBUG   default gstvalue.c:2676:_priv_gst_value_parse_value: trying type name 'string'
0:00:00.014581183  2783 0x55d641a1c360 TRACE   GST_REFCOUNTING gstobject.c:264:gst_object_unref: 0x55d641a54cd0 unref 2->1
0:00:00.019489088  2782 0x5625c55f5360 DEBUG   structure gststructure.c:2203:gst_structure_parse_field: trying field name 'description'
0:00:00.014588428  2783 0x55d641a1c360 TRACE   GST_REFCOUNTING gstobject.c:264:gst_object_unref: 0x55d641a55990 unref 2->1
0:00:00.019495649  2782 0x5625c55f5360 DEBUG   default gstvalue.c:2676:_priv_gst_value_parse_value: trying type name 'string'
0:00:00.014595764  2783 0x55d641a1c360 TRACE   GST_REFCOUNTING gstobject.c:264:gst_object_unref: 0x55d641a56f80 unref 2->1
0:00:00.019503640  2782 0x5625c55f5360 DEBUG   structure gststructure.c:2203:gst_structure_parse_field: trying field name 'author'
0:00:00.014603113  2783 0x55d641a1c360 TRACE   GST_REFCOUNTING gstobject.c:264:gst_object_unref: 0x55d641a58210 unref 2->1
0:00:00.019509891  2782 0x5625c55f5360 DEBUG   default gstvalue.c:2676:_priv_gst_value_parse_value: trying type name 'string'
0:00:00.014610402  2783 0x55d641a1c360 TRACE   GST_REFCOUNTING gstobject.c:264:gst_object_unref: 0x55d641a59330 unref 2->1
0:00:00.019518540  2782 0x5625c55f5360 DEBUG   GST_REGISTRY gstregistrychunks.c:626:gst_registry_chunks_load_feature: Element factory : npadtemplates=2
0:00:00.014617820  2783 0x55d641a1c360 TRACE   GST_REFCOUNTING gstobject.c:264:gst_object_unref: 0x55d641a5b6e0 unref 2->1
0:00:00.019525234  2782 0x5625c55f5360 DEBUG   GST_REGISTRY gstregistrychunks.c:525:gst_registry_chunks_load_pad_template: Reading/casting for GstRegistryChunkPadTemplate at address 0x5625c561b970
0:00:00.019532226  2782 0x5625c55f5360 DEBUG   GST_REGISTRY gstregistrychunks.c:539:gst_registry_chunks_load_pad_template: Added pad_template src_%u
0:00:00.014625302  2783 0x55d641a1c360 TRACE   GST_REFCOUNTING gstobject.c:264:gst_object_unref: 0x55d641a5ce90 unref 2->1
0:00:00.019538243  2782 0x5625c55f5360 DEBUG   GST_REGISTRY gstregistrychunks.c:525:gst_registry_chunks_load_pad_template: Reading/casting for GstRegistryChunkPadTemplate at address 0x5625c561b988
0:00:00.014641441  2783 0x55d641a1c360 TRACE   GST_REFCOUNTING gstobject.c:264:gst_object_unref: 0x55d641a5e310 unref 2->1
0:00:00.019548580  2782 0x5625c55f5360 DEBUG   GST_REGISTRY gstregistrychunks.c:539:gst_registry_chunks_load_pad_template: Added pad_template sink_%u
0:00:00.014649020  2783 0x55d641a1c360 TRACE   GST_REFCOUNTING gstobject.c:264:gst_object_unref: 0x55d641a5f6f0 unref 2->1
0:00:00.019557785  2782 0x5625c55f5360 DEBUG   GST_REGISTRY gstregistry.c:589:gst_registry_add_feature: adding feature 0x5625c561d5d0 (multiqueue)
0:00:00.014656336  2783 0x55d641a1c360 TRACE   GST_REFCOUNTING gstobject.c:264:gst_object_unref: 0x55d641a606e0 unref 2->1
0:00:00.019564538  2782 0x5625c55f5360 DEBUG   GST_REFCOUNTING gstobject.c:708:gst_object_set_parent: set parent (ref and sink)
0:00:00.014663570  2783 0x55d641a1c360 TRACE   GST_REFCOUNTING gstobject.c:264:gst_object_unref: 0x55d641a621c0 unref 2->1
0:00:00.014670824  2783 0x55d641a1c360 TRACE   GST_REFCOUNTING gstobject.c:264:gst_object_unref: 0x55d641a62eb0 unref 2->1
0:00:00.019572877  2782 0x5625c55f5360 TRACE   GST_REFCOUNTING gstobject.c:292:gst_object_ref_sink: 0x5625c561d5d0 ref_sink 1->2
0:00:00.014679631  2783 0x55d641a1c360 DEBUG   GST_REGISTRY gstregistrychunks.c:497:_priv_gst_registry_chunks_save_plugin: Found 22 features in plugin 0x55d641a44420 (coreelements)
0:00:00.019591677  2782 0x5625c55f5360 LOG   GST_REGISTRY gstregistry.c:607:gst_registry_add_feature: emitting feature-added for multiqueue
0:00:00.014689154  2783 0x55d641a1c360 DEBUG   GST_POLL gstpoll.c:979:gst_poll_fd_ctl_write: 0x55d641a40910: fd (fd:0, idx:1), active : 1
0:00:00.019599474  2782 0x5625c55f5360 DEBUG   GST_REGISTRY gstregistrychunks.c:740:gst_registry_chunks_load_feature: Added feature multiqueue, plugin 0x5625c5623ea0 coreelements
0:00:00.014696413  2783 0x55d641a1c360 LOG   GST_POLL gstpoll.c:994:gst_poll_fd_ctl_write: 0x55d641a40910: pfd->events now 60 (POLLOUT:4)
0:00:00.019606886  2782 0x5625c55f5360 DEBUG   GST_REGISTRY gstregistrychunks.c:582:gst_registry_chunks_load_feature: Plugin 'coreelements' feature 'typefind' typename : 'GstElementFactory'
0:00:00.014703996  2783 0x55d641a1c360 DEBUG   GST_POLL gstpoll.c:979:gst_poll_fd_ctl_write: 0x55d641a40910: fd (fd:0, idx:1), active : 1
0:00:00.014710713  2783 0x55d641a1c360 LOG   GST_POLL gstpoll.c:994:gst_poll_fd_ctl_write: 0x55d641a40910: pfd->events now 60 (POLLOUT:4)
0:00:00.019615243  2782 0x5625c55f5360 TRACE   GST_REFCOUNTING gstobject.c:208:gst_object_init: 0x5625c561dab0 new
0:00:00.014717253  2783 0x55d641a1c360 DEBUG   GST_POLL gstpoll.c:979:gst_poll_fd_ctl_write: 0x55d641a40910: fd (fd:0, idx:1), active : 1
0:00:00.019625894  2782 0x5625c55f5360 LOG   GST_REGISTRY gstregistrychunks.c:609:gst_registry_chunks_load_feature: Reading/casting for GstRegistryChunkElementFactory at address 0x5625c561b9b8
0:00:00.014723869  2783 0x55d641a1c360 LOG   GST_POLL gstpoll.c:994:gst_poll_fd_ctl_write: 0x55d641a40910: pfd->events now 60 (POLLOUT:4)
0:00:00.019633313  2782 0x5625c55f5360 TRACE   structure gststructure.c:287:gst_structure_new_id_empty_with_size: created structure 0x5625c561dce0
0:00:00.014734968  2783 0x55d641a1c360 DEBUG   GST_POLL gstpoll.c:979:gst_poll_fd_ctl_write: 0x55d641a40910: fd (fd:0, idx:1), active : 1
0:00:00.019641812  2782 0x5625c55f5360 DEBUG   structure gststructure.c:2203:gst_structure_parse_field: trying field name 'long-name'
0:00:00.014741841  2783 0x55d641a1c360 LOG   GST_POLL gstpoll.c:994:gst_poll_fd_ctl_write: 0x55d641a40910: pfd->events now 60 (POLLOUT:4)
0:00:00.019648932  2782 0x5625c55f5360 DEBUG   default gstvalue.c:2676:_priv_gst_value_parse_value: trying type name 'string'
0:00:00.014748766  2783 0x55d641a1c360 DEBUG   GST_POLL gstpoll.c:979:gst_poll_fd_ctl_write: 0x55d641a40910: fd (fd:0, idx:1), active : 1
0:00:00.019656223  2782 0x5625c55f5360 DEBUG   structure gststructure.c:2203:gst_structure_parse_field: trying field name 'klass'
0:00:00.014755380  2783 0x55d641a1c360 LOG   GST_POLL gstpoll.c:994:gst_poll_fd_ctl_write: 0x55d641a40910: pfd->events now 60 (POLLOUT:4)
0:00:00.019662623  2782 0x5625c55f5360 DEBUG   default gstvalue.c:2676:_priv_gst_value_parse_value: trying type name 'string'
0:00:00.014762243  2783 0x55d641a1c360 DEBUG   GST_POLL gstpoll.c:979:gst_poll_fd_ctl_write: 0x55d641a40910: fd (fd:0, idx:1), active : 1
0:00:00.019669789  2782 0x5625c55f5360 DEBUG   structure gststructure.c:2203:gst_structure_parse_field: trying field name 'description'
0:00:00.014768790  2783 0x55d641a1c360 LOG   GST_POLL gstpoll.c:994:gst_poll_fd_ctl_write: 0x55d641a40910: pfd->events now 60 (POLLOUT:4)
0:00:00.019676344  2782 0x5625c55f5360 DEBUG   default gstvalue.c:2676:_priv_gst_value_parse_value: trying type name 'string'
0:00:00.014775601  2783 0x55d641a1c360 DEBUG   GST_POLL gstpoll.c:979:gst_poll_fd_ctl_write: 0x55d641a40910: fd (fd:0, idx:1), active : 1
0:00:00.019683883  2782 0x5625c55f5360 DEBUG   structure gststructure.c:2203:gst_structure_parse_field: trying field name 'author'
0:00:00.014782006  2783 0x55d641a1c360 LOG   GST_POLL gstpoll.c:994:gst_poll_fd_ctl_write: 0x55d641a40910: pfd->events now 60 (POLLOUT:4)
0:00:00.019690378  2782 0x5625c55f5360 DEBUG   default gstvalue.c:2676:_priv_gst_value_parse_value: trying type name 'string'
0:00:00.014788823  2783 0x55d641a1c360 DEBUG   GST_POLL gstpoll.c:979:gst_poll_fd_ctl_write: 0x55d641a40910: fd (fd:0, idx:1), active : 1
0:00:00.019698161  2782 0x5625c55f5360 DEBUG   GST_REGISTRY gstregistrychunks.c:626:gst_registry_chunks_load_feature: Element factory : npadtemplates=2
0:00:00.014795333  2783 0x55d641a1c360 LOG   GST_POLL gstpoll.c:994:gst_poll_fd_ctl_write: 0x55d641a40910: pfd->events now 60 (POLLOUT:4)
0:00:00.019704729  2782 0x5625c55f5360 DEBUG   GST_REGISTRY gstregistrychunks.c:525:gst_registry_chunks_load_pad_template: Reading/casting for GstRegistryChunkPadTemplate at address 0x5625c561ba90
0:00:00.014802236  2783 0x55d641a1c360 DEBUG   GST_POLL gstpoll.c:979:gst_poll_fd_ctl_write: 0x55d641a40910: fd (fd:0, idx:1), active : 1
0:00:00.019711471  2782 0x5625c55f5360 DEBUG   GST_REGISTRY gstregistrychunks.c:539:gst_registry_chunks_load_pad_template: Added pad_template sink
0:00:00.014812862  2783 0x55d641a1c360 LOG   GST_POLL gstpoll.c:994:gst_poll_fd_ctl_write: 0x55d641a40910: pfd->events now 60 (POLLOUT:4)
0:00:00.019720032  2782 0x5625c55f5360 DEBUG   GST_REGISTRY gstregistrychunks.c:525:gst_registry_chunks_load_pad_template: Reading/casting for GstRegistryChunkPadTemplate at address 0x5625c561baa8
0:00:00.014819815  2783 0x55d641a1c360 DEBUG   GST_POLL gstpoll.c:979:gst_poll_fd_ctl_write: 0x55d641a40910: fd (fd:0, idx:1), active : 1
0:00:00.019726617  2782 0x5625c55f5360 DEBUG   GST_REGISTRY gstregistrychunks.c:539:gst_registry_chunks_load_pad_template: Added pad_template src
0:00:00.014826375  2783 0x55d641a1c360 LOG   GST_POLL gstpoll.c:994:gst_poll_fd_ctl_write: 0x55d641a40910: pfd->events now 60 (POLLOUT:4)
0:00:00.014833345  2783 0x55d641a1c360 DEBUG   GST_POLL gstpoll.c:979:gst_poll_fd_ctl_write: 0x55d641a40910: fd (fd:0, idx:1), active : 1
0:00:00.019738179  2782 0x5625c55f5360 DEBUG   GST_REGISTRY gstregistry.c:589:gst_registry_add_feature: adding feature 0x5625c561dab0 (typefind)
0:00:00.014839415  2783 0x55d641a1c360 LOG   GST_POLL gstpoll.c:994:gst_poll_fd_ctl_write: 0x55d641a40910: pfd->events now 60 (POLLOUT:4)
0:00:00.019746920  2782 0x5625c55f5360 DEBUG   GST_REFCOUNTING gstobject.c:708:gst_object_set_parent: set parent (ref and sink)
0:00:00.014846339  2783 0x55d641a1c360 DEBUG   GST_POLL gstpoll.c:979:gst_poll_fd_ctl_write: 0x55d641a40910: fd (fd:0, idx:1), active : 1
0:00:00.019755111  2782 0x5625c55f5360 TRACE   GST_REFCOUNTING gstobject.c:292:gst_object_ref_sink: 0x5625c561dab0 ref_sink 1->2
0:00:00.014852836  2783 0x55d641a1c360 LOG   GST_POLL gstpoll.c:994:gst_poll_fd_ctl_write: 0x55d641a40910: pfd->events now 60 (POLLOUT:4)
0:00:00.019762564  2782 0x5625c55f5360 LOG   GST_REGISTRY gstregistry.c:607:gst_registry_add_feature: emitting feature-added for typefind
0:00:00.014859606  2783 0x55d641a1c360 DEBUG   GST_POLL gstpoll.c:979:gst_poll_fd_ctl_write: 0x55d641a40910: fd (fd:0, idx:1), active : 1
0:00:00.019770284  2782 0x5625c55f5360 DEBUG   GST_REGISTRY gstregistrychunks.c:740:gst_registry_chunks_load_feature: Added feature typefind, plugin 0x5625c5623ea0 coreelements
0:00:00.014866588  2783 0x55d641a1c360 LOG   GST_POLL gstpoll.c:994:gst_poll_fd_ctl_write: 0x55d641a40910: pfd->events now 60 (POLLOUT:4)
0:00:00.019777578  2782 0x5625c55f5360 DEBUG   GST_REGISTRY gstregistrychunks.c:582:gst_registry_chunks_load_feature: Plugin 'coreelements' feature 'tee' typename : 'GstElementFactory'
0:00:00.014874332  2783 0x55d641a1c360 DEBUG   GST_POLL gstpoll.c:979:gst_poll_fd_ctl_write: 0x55d641a40910: fd (fd:0, idx:1), active : 1
0:00:00.014881382  2783 0x55d641a1c360 LOG   GST_POLL gstpoll.c:994:gst_poll_fd_ctl_write: 0x55d641a40910: pfd->events now 60 (POLLOUT:4)
0:00:00.019785881  2782 0x5625c55f5360 TRACE   GST_REFCOUNTING gstobject.c:208:gst_object_init: 0x5625c561df80 new
0:00:00.014887795  2783 0x55d641a1c360 DEBUG   GST_POLL gstpoll.c:979:gst_poll_fd_ctl_write: 0x55d641a40910: fd (fd:0, idx:1), active : 1
0:00:00.019796208  2782 0x5625c55f5360 LOG   GST_REGISTRY gstregistrychunks.c:609:gst_registry_chunks_load_feature: Reading/casting for GstRegistryChunkElementFactory at address 0x5625c561bad0
0:00:00.014898171  2783 0x55d641a1c360 LOG   GST_POLL gstpoll.c:994:gst_poll_fd_ctl_write: 0x55d641a40910: pfd->events now 60 (POLLOUT:4)
0:00:00.019806254  2782 0x5625c55f5360 TRACE   structure gststructure.c:287:gst_structure_new_id_empty_with_size: created structure 0x5625c561e1c0
0:00:00.014905188  2783 0x55d641a1c360 DEBUG   GST_POLL gstpoll.c:979:gst_poll_fd_ctl_write: 0x55d641a40910: fd (fd:0, idx:1), active : 1
0:00:00.019813161  2782 0x5625c55f5360 DEBUG   structure gststructure.c:2203:gst_structure_parse_field: trying field name 'long-name'
0:00:00.014911703  2783 0x55d641a1c360 LOG   GST_POLL gstpoll.c:994:gst_poll_fd_ctl_write: 0x55d641a40910: pfd->events now 60 (POLLOUT:4)
0:00:00.019819661  2782 0x5625c55f5360 DEBUG   default gstvalue.c:2676:_priv_gst_value_parse_value: trying type name 'string'
0:00:00.014918713  2783 0x55d641a1c360 DEBUG   GST_POLL gstpoll.c:979:gst_poll_fd_ctl_write: 0x55d641a40910: fd (fd:0, idx:1), active : 1
0:00:00.019827115  2782 0x5625c55f5360 DEBUG   structure gststructure.c:2203:gst_structure_parse_field: trying field name 'klass'
0:00:00.014925439  2783 0x55d641a1c360 LOG   GST_POLL gstpoll.c:994:gst_poll_fd_ctl_write: 0x55d641a40910: pfd->events now 60 (POLLOUT:4)
0:00:00.019833585  2782 0x5625c55f5360 DEBUG   default gstvalue.c:2676:_priv_gst_value_parse_value: trying type name 'string'
0:00:00.014948822  2783 0x55d641a1c360 DEBUG   GST_POLL gstpoll.c:979:gst_poll_fd_ctl_write: 0x55d641a40910: fd (fd:0, idx:1), active : 1
0:00:00.019858392  2782 0x5625c55f5360 DEBUG   structure gststructure.c:2203:gst_structure_parse_field: trying field name 'description'
0:00:00.019865214  2782 0x5625c55f5360 DEBUG   default gstvalue.c:2676:_priv_gst_value_parse_value: trying type name 'string'
0:00:00.014960896  2783 0x55d641a1c360 LOG   GST_POLL gstpoll.c:994:gst_poll_fd_ctl_write: 0x55d641a40910: pfd->events now 60 (POLLOUT:4)
0:00:00.019872334  2782 0x5625c55f5360 DEBUG   structure gststructure.c:2203:gst_structure_parse_field: trying field name 'author'
0:00:00.019879122  2782 0x5625c55f5360 DEBUG   default gstvalue.c:2676:_priv_gst_value_parse_value: trying type name 'string'
0:00:00.014973881  2783 0x55d641a1c360 DEBUG   GST_POLL gstpoll.c:979:gst_poll_fd_ctl_write: 0x55d641a40910: fd (fd:0, idx:1), active : 1
0:00:00.019887322  2782 0x5625c55f5360 DEBUG   GST_REGISTRY gstregistrychunks.c:626:gst_registry_chunks_load_feature: Element factory : npadtemplates=2
0:00:00.014983072  2783 0x55d641a1c360 LOG   GST_POLL gstpoll.c:994:gst_poll_fd_ctl_write: 0x55d641a40910: pfd->events now 60 (POLLOUT:4)
0:00:00.019893914  2782 0x5625c55f5360 DEBUG   GST_REGISTRY gstregistrychunks.c:525:gst_registry_chunks_load_pad_template: Reading/casting for GstRegistryChunkPadTemplate at address 0x5625c561bbc0
0:00:00.014991800  2783 0x55d641a1c360 DEBUG   GST_POLL gstpoll.c:979:gst_poll_fd_ctl_write: 0x55d641a40910: fd (fd:0, idx:1), active : 1
0:00:00.019900589  2782 0x5625c55f5360 DEBUG   GST_REGISTRY gstregistrychunks.c:539:gst_registry_chunks_load_pad_template: Added pad_template src_%u
0:00:00.015005227  2783 0x55d641a1c360 LOG   GST_POLL gstpoll.c:994:gst_poll_fd_ctl_write: 0x55d641a40910: pfd->events now 60 (POLLOUT:4)
0:00:00.019912465  2782 0x5625c55f5360 DEBUG   GST_REGISTRY gstregistrychunks.c:525:gst_registry_chunks_load_pad_template: Reading/casting for GstRegistryChunkPadTemplate at address 0x5625c561bbd8
0:00:00.015012350  2783 0x55d641a1c360 DEBUG   GST_POLL gstpoll.c:979:gst_poll_fd_ctl_write: 0x55d641a40910: fd (fd:0, idx:1), active : 1
0:00:00.019919029  2782 0x5625c55f5360 DEBUG   GST_REGISTRY gstregistrychunks.c:539:gst_registry_chunks_load_pad_template: Added pad_template sink
0:00:00.015018959  2783 0x55d641a1c360 LOG   GST_POLL gstpoll.c:994:gst_poll_fd_ctl_write: 0x55d641a40910: pfd->events now 60 (POLLOUT:4)
0:00:00.019928000  2782 0x5625c55f5360 DEBUG   GST_REGISTRY gstregistry.c:589:gst_registry_add_feature: adding feature 0x5625c561df80 (tee)
0:00:00.015025956  2783 0x55d641a1c360 DEBUG   GST_POLL gstpoll.c:979:gst_poll_fd_ctl_write: 0x55d641a40910: fd (fd:0, idx:1), active : 1
0:00:00.019934959  2782 0x5625c55f5360 DEBUG   GST_REFCOUNTING gstobject.c:708:gst_object_set_parent: set parent (ref and sink)
0:00:00.015032679  2783 0x55d641a1c360 LOG   GST_POLL gstpoll.c:994:gst_poll_fd_ctl_write: 0x55d641a40910: pfd->events now 60 (POLLOUT:4)
0:00:00.019943277  2782 0x5625c55f5360 TRACE   GST_REFCOUNTING gstobject.c:292:gst_object_ref_sink: 0x5625c561df80 ref_sink 1->2
0:00:00.015040063  2783 0x55d641a1c360 DEBUG   GST_POLL gstpoll.c:979:gst_poll_fd_ctl_write: 0x55d641a40910: fd (fd:0, idx:1), active : 1
0:00:00.019950870  2782 0x5625c55f5360 LOG   GST_REGISTRY gstregistry.c:607:gst_registry_add_feature: emitting feature-added for tee
0:00:00.015047788  2783 0x55d641a1c360 LOG   GST_POLL gstpoll.c:994:gst_poll_fd_ctl_write: 0x55d641a40910: pfd->events now 60 (POLLOUT:4)
0:00:00.019958335  2782 0x5625c55f5360 DEBUG   GST_REGISTRY gstregistrychunks.c:740:gst_registry_chunks_load_feature: Added feature tee, plugin 0x5625c5623ea0 coreelements
0:00:00.015055351  2783 0x55d641a1c360 DEBUG   GST_POLL gstpoll.c:979:gst_poll_fd_ctl_write: 0x55d641a40910: fd (fd:0, idx:1), active : 1
0:00:00.019965757  2782 0x5625c55f5360 DEBUG   GST_REGISTRY gstregistrychunks.c:582:gst_registry_chunks_load_feature: Plugin 'coreelements' feature 'filesink' typename : 'GstElementFactory'
0:00:00.015062085  2783 0x55d641a1c360 LOG   GST_POLL gstpoll.c:994:gst_poll_fd_ctl_write: 0x55d641a40910: pfd->events now 60 (POLLOUT:4)
0:00:00.019974160  2782 0x5625c55f5360 TRACE   GST_REFCOUNTING gstobject.c:208:gst_object_init: 0x5625c561e4f0 new
0:00:00.015069969  2783 0x55d641a1c360 DEBUG   GST_POLL gstpoll.c:979:gst_poll_fd_ctl_write: 0x55d641a40910: fd (fd:0, idx:1), active : 1
0:00:00.019983176  2782 0x5625c55f5360 LOG   GST_REGISTRY gstregistrychunks.c:609:gst_registry_chunks_load_feature: Reading/casting for GstRegistryChunkElementFactory at address 0x5625c561bc08
0:00:00.015078982  2783 0x55d641a1c360 LOG   GST_POLL gstpoll.c:994:gst_poll_fd_ctl_write: 0x55d641a40910: pfd->events now 60 (POLLOUT:4)
0:00:00.019996005  2782 0x5625c55f5360 TRACE   structure gststructure.c:287:gst_structure_new_id_empty_with_size: created structure 0x5625c561e7f0
0:00:00.015093263  2783 0x55d641a1c360 DEBUG   GST_POLL gstpoll.c:979:gst_poll_fd_ctl_write: 0x55d641a40910: fd (fd:0, idx:1), active : 1
0:00:00.020002867  2782 0x5625c55f5360 DEBUG   structure gststructure.c:2203:gst_structure_parse_field: trying field name 'long-name'
0:00:00.015100023  2783 0x55d641a1c360 LOG   GST_POLL gstpoll.c:994:gst_poll_fd_ctl_write: 0x55d641a40910: pfd->events now 60 (POLLOUT:4)
0:00:00.020009354  2782 0x5625c55f5360 DEBUG   default gstvalue.c:2676:_priv_gst_value_parse_value: trying type name 'string'
0:00:00.015107351  2783 0x55d641a1c360 DEBUG   GST_POLL gstpoll.c:979:gst_poll_fd_ctl_write: 0x55d641a40910: fd (fd:0, idx:1), active : 1
0:00:00.020016503  2782 0x5625c55f5360 DEBUG   structure gststructure.c:2203:gst_structure_parse_field: trying field name 'klass'
0:00:00.015113969  2783 0x55d641a1c360 LOG   GST_POLL gstpoll.c:994:gst_poll_fd_ctl_write: 0x55d641a40910: pfd->events now 60 (POLLOUT:4)
0:00:00.020023055  2782 0x5625c55f5360 DEBUG   default gstvalue.c:2676:_priv_gst_value_parse_value: trying type name 'string'
0:00:00.015120955  2783 0x55d641a1c360 DEBUG   GST_POLL gstpoll.c:979:gst_poll_fd_ctl_write: 0x55d641a40910: fd (fd:0, idx:1), active : 1
0:00:00.020030221  2782 0x5625c55f5360 DEBUG   structure gststructure.c:2203:gst_structure_parse_field: trying field name 'description'
0:00:00.015127561  2783 0x55d641a1c360 LOG   GST_POLL gstpoll.c:994:gst_poll_fd_ctl_write: 0x55d641a40910: pfd->events now 60 (POLLOUT:4)
0:00:00.020036688  2782 0x5625c55f5360 DEBUG   default gstvalue.c:2676:_priv_gst_value_parse_value: trying type name 'string'
0:00:00.015134507  2783 0x55d641a1c360 DEBUG   GST_POLL gstpoll.c:979:gst_poll_fd_ctl_write: 0x55d641a40910: fd (fd:0, idx:1), active : 1
0:00:00.020043920  2782 0x5625c55f5360 DEBUG   structure gststructure.c:2203:gst_structure_parse_field: trying field name 'author'
0:00:00.015141087  2783 0x55d641a1c360 LOG   GST_POLL gstpoll.c:994:gst_poll_fd_ctl_write: 0x55d641a40910: pfd->events now 60 (POLLOUT:4)
0:00:00.020050516  2782 0x5625c55f5360 DEBUG   default gstvalue.c:2676:_priv_gst_value_parse_value: trying type name 'string'
0:00:00.015148168  2783 0x55d641a1c360 DEBUG   GST_POLL gstpoll.c:979:gst_poll_fd_ctl_write: 0x55d641a40910: fd (fd:0, idx:1), active : 1
0:00:00.020058400  2782 0x5625c55f5360 DEBUG   GST_REGISTRY gstregistrychunks.c:626:gst_registry_chunks_load_feature: Element factory : npadtemplates=1
0:00:00.015154713  2783 0x55d641a1c360 LOG   GST_POLL gstpoll.c:994:gst_poll_fd_ctl_write: 0x55d641a40910: pfd->events now 60 (POLLOUT:4)
0:00:00.020065017  2782 0x5625c55f5360 DEBUG   GST_REGISTRY gstregistrychunks.c:525:gst_registry_chunks_load_pad_template: Reading/casting for GstRegistryChunkPadTemplate at address 0x5625c561bce8
0:00:00.015162705  2783 0x55d641a1c360 DEBUG   GST_POLL gstpoll.c:979:gst_poll_fd_ctl_write: 0x55d641a40910: fd (fd:0, idx:1), active : 1
0:00:00.020071706  2782 0x5625c55f5360 DEBUG   GST_REGISTRY gstregistrychunks.c:539:gst_registry_chunks_load_pad_template: Added pad_template sink
0:00:00.015173441  2783 0x55d641a1c360 LOG   GST_POLL gstpoll.c:994:gst_poll_fd_ctl_write: 0x55d641a40910: pfd->events now 60 (POLLOUT:4)
0:00:00.020081333  2782 0x5625c55f5360 DEBUG   GST_REGISTRY gstregistrychunks.c:639:gst_registry_chunks_load_feature: Reading 1 UriTypes at address 0x5625c561bcf9
0:00:00.015180434  2783 0x55d641a1c360 DEBUG   GST_POLL gstpoll.c:979:gst_poll_fd_ctl_write: 0x55d641a40910: fd (fd:0, idx:1), active : 1
0:00:00.020088909  2782 0x5625c55f5360 DEBUG   GST_REGISTRY gstregistrychunks.c:654:gst_registry_chunks_load_feature: Reading 1 Interfaces at address 0x5625c561bd09
0:00:00.015187110  2783 0x55d641a1c360 LOG   GST_POLL gstpoll.c:994:gst_poll_fd_ctl_write: 0x55d641a40910: pfd->events now 60 (POLLOUT:4)
0:00:00.020097692  2782 0x5625c55f5360 DEBUG   GST_REGISTRY gstregistry.c:589:gst_registry_add_feature: adding feature 0x5625c561e4f0 (filesink)
0:00:00.015194047  2783 0x55d641a1c360 DEBUG   GST_POLL gstpoll.c:979:gst_poll_fd_ctl_write: 0x55d641a40910: fd (fd:0, idx:1), active : 1
0:00:00.020104432  2782 0x5625c55f5360 DEBUG   GST_REFCOUNTING gstobject.c:708:gst_object_set_parent: set parent (ref and sink)
0:00:00.015201723  2783 0x55d641a1c360 LOG   GST_POLL gstpoll.c:994:gst_poll_fd_ctl_write: 0x55d641a40910: pfd->events now 60 (POLLOUT:4)
0:00:00.020112774  2782 0x5625c55f5360 TRACE   GST_REFCOUNTING gstobject.c:292:gst_object_ref_sink: 0x5625c561e4f0 ref_sink 1->2
0:00:00.015209578  2783 0x55d641a1c360 DEBUG   GST_POLL gstpoll.c:979:gst_poll_fd_ctl_write: 0x55d641a40910: fd (fd:0, idx:1), active : 1
0:00:00.020120326  2782 0x5625c55f5360 LOG   GST_REGISTRY gstregistry.c:607:gst_registry_add_feature: emitting feature-added for filesink
0:00:00.015217269  2783 0x55d641a1c360 LOG   GST_POLL gstpoll.c:994:gst_poll_fd_ctl_write: 0x55d641a40910: pfd->events now 60 (POLLOUT:4)
0:00:00.020128026  2782 0x5625c55f5360 DEBUG   GST_REGISTRY gstregistrychunks.c:740:gst_registry_chunks_load_feature: Added feature filesink, plugin 0x5625c5623ea0 coreelements
0:00:00.015224782  2783 0x55d641a1c360 DEBUG   GST_POLL gstpoll.c:979:gst_poll_fd_ctl_write: 0x55d641a40910: fd (fd:0, idx:1), active : 1
0:00:00.020135311  2782 0x5625c55f5360 DEBUG   GST_REGISTRY gstregistrychunks.c:582:gst_registry_chunks_load_feature: Plugin 'coreelements' feature 'queue2' typename : 'GstElementFactory'
0:00:00.015232044  2783 0x55d641a1c360 LOG   GST_POLL gstpoll.c:994:gst_poll_fd_ctl_write: 0x55d641a40910: pfd->events now 60 (POLLOUT:4)
0:00:00.020143486  2782 0x5625c55f5360 TRACE   GST_REFCOUNTING gstobject.c:208:gst_object_init: 0x5625c561ea20 new
0:00:00.015239706  2783 0x55d641a1c360 DEBUG   GST_POLL gstpoll.c:979:gst_poll_fd_ctl_write: 0x55d641a40910: fd (fd:0, idx:1), active : 1
0:00:00.020152241  2782 0x5625c55f5360 LOG   GST_REGISTRY gstregistrychunks.c:609:gst_registry_chunks_load_feature: Reading/casting for GstRegistryChunkElementFactory at address 0x5625c561bd30
0:00:00.015248045  2783 0x55d641a1c360 LOG   GST_POLL gstpoll.c:994:gst_poll_fd_ctl_write: 0x55d641a40910: pfd->events now 60 (POLLOUT:4)
0:00:00.020163915  2782 0x5625c55f5360 TRACE   structure gststructure.c:287:gst_structure_new_id_empty_with_size: created structure 0x5625c561ed80
0:00:00.015261436  2783 0x55d641a1c360 DEBUG   GST_POLL gstpoll.c:979:gst_poll_fd_ctl_write: 0x55d641a40910: fd (fd:0, idx:1), active : 1
0:00:00.020170711  2782 0x5625c55f5360 DEBUG   structure gststructure.c:2203:gst_structure_parse_field: trying field name 'long-name'
0:00:00.015268013  2783 0x55d641a1c360 LOG   GST_POLL gstpoll.c:994:gst_poll_fd_ctl_write: 0x55d641a40910: pfd->events now 60 (POLLOUT:4)
0:00:00.020177094  2782 0x5625c55f5360 DEBUG   default gstvalue.c:2676:_priv_gst_value_parse_value: trying type name 'string'
0:00:00.015275023  2783 0x55d641a1c360 DEBUG   GST_POLL gstpoll.c:979:gst_poll_fd_ctl_write: 0x55d641a40910: fd (fd:0, idx:1), active : 1
0:00:00.020184418  2782 0x5625c55f5360 DEBUG   structure gststructure.c:2203:gst_structure_parse_field: trying field name 'klass'
0:00:00.015281592  2783 0x55d641a1c360 LOG   GST_POLL gstpoll.c:994:gst_poll_fd_ctl_write: 0x55d641a40910: pfd->events now 60 (POLLOUT:4)
0:00:00.020191148  2782 0x5625c55f5360 DEBUG   default gstvalue.c:2676:_priv_gst_value_parse_value: trying type name 'string'
0:00:00.015288893  2783 0x55d641a1c360 DEBUG   GST_POLL gstpoll.c:979:gst_poll_fd_ctl_write: 0x55d641a40910: fd (fd:0, idx:1), active : 1
0:00:00.020198631  2782 0x5625c55f5360 DEBUG   structure gststructure.c:2203:gst_structure_parse_field: trying field name 'description'
0:00:00.015295528  2783 0x55d641a1c360 LOG   GST_POLL gstpoll.c:994:gst_poll_fd_ctl_write: 0x55d641a40910: pfd->events now 60 (POLLOUT:4)
0:00:00.020205099  2782 0x5625c55f5360 DEBUG   default gstvalue.c:2676:_priv_gst_value_parse_value: trying type name 'string'
0:00:00.015303076  2783 0x55d641a1c360 DEBUG   GST_POLL gstpoll.c:979:gst_poll_fd_ctl_write: 0x55d641a40910: fd (fd:0, idx:1), active : 1
0:00:00.015309667  2783 0x55d641a1c360 LOG   GST_POLL gstpoll.c:994:gst_poll_fd_ctl_write: 0x55d641a40910: pfd->events now 60 (POLLOUT:4)
0:00:00.020215854  2782 0x5625c55f5360 DEBUG   structure gststructure.c:2203:gst_structure_parse_field: trying field name 'author'
0:00:00.015316243  2783 0x55d641a1c360 DEBUG   GST_POLL gstpoll.c:979:gst_poll_fd_ctl_write: 0x55d641a40910: fd (fd:0, idx:1), active : 1
0:00:00.020222843  2782 0x5625c55f5360 DEBUG   default gstvalue.c:2676:_priv_gst_value_parse_value: trying type name 'string'
0:00:00.015322786  2783 0x55d641a1c360 LOG   GST_POLL gstpoll.c:994:gst_poll_fd_ctl_write: 0x55d641a40910: pfd->events now 60 (POLLOUT:4)
0:00:00.020231919  2782 0x5625c55f5360 DEBUG   GST_REGISTRY gstregistrychunks.c:626:gst_registry_chunks_load_feature: Element factory : npadtemplates=2
0:00:00.015329782  2783 0x55d641a1c360 DEBUG   GST_POLL gstpoll.c:979:gst_poll_fd_ctl_write: 0x55d641a40910: fd (fd:0, idx:1), active : 1
0:00:00.020238512  2782 0x5625c55f5360 DEBUG   GST_REGISTRY gstregistrychunks.c:525:gst_registry_chunks_load_pad_template: Reading/casting for GstRegistryChunkPadTemplate at address 0x5625c561be20
0:00:00.015336359  2783 0x55d641a1c360 LOG   GST_POLL gstpoll.c:994:gst_poll_fd_ctl_write: 0x55d641a40910: pfd->events now 60 (POLLOUT:4)
0:00:00.020249655  2782 0x5625c55f5360 DEBUG   GST_REGISTRY gstregistrychunks.c:539:gst_registry_chunks_load_pad_template: Added pad_template sink
0:00:00.015347590  2783 0x55d641a1c360 DEBUG   GST_POLL gstpoll.c:979:gst_poll_fd_ctl_write: 0x55d641a40910: fd (fd:0, idx:1), active : 1
0:00:00.020256199  2782 0x5625c55f5360 DEBUG   GST_REGISTRY gstregistrychunks.c:525:gst_registry_chunks_load_pad_template: Reading/casting for GstRegistryChunkPadTemplate at address 0x5625c561be38
0:00:00.015354187  2783 0x55d641a1c360 LOG   GST_POLL gstpoll.c:994:gst_poll_fd_ctl_write: 0x55d641a40910: pfd->events now 60 (POLLOUT:4)
0:00:00.020262814  2782 0x5625c55f5360 DEBUG   GST_REGISTRY gstregistrychunks.c:539:gst_registry_chunks_load_pad_template: Added pad_template src
0:00:00.015361291  2783 0x55d641a1c360 DEBUG   GST_POLL gstpoll.c:979:gst_poll_fd_ctl_write: 0x55d641a40910: fd (fd:0, idx:1), active : 1
0:00:00.020271146  2782 0x5625c55f5360 DEBUG   GST_REGISTRY gstregistry.c:589:gst_registry_add_feature: adding feature 0x5625c561ea20 (queue2)
0:00:00.015367954  2783 0x55d641a1c360 LOG   GST_POLL gstpoll.c:994:gst_poll_fd_ctl_write: 0x55d641a40910: pfd->events now 60 (POLLOUT:4)
0:00:00.020278035  2782 0x5625c55f5360 DEBUG   GST_REFCOUNTING gstobject.c:708:gst_object_set_parent: set parent (ref and sink)
0:00:00.015375757  2783 0x55d641a1c360 DEBUG   GST_POLL gstpoll.c:979:gst_poll_fd_ctl_write: 0x55d641a40910: fd (fd:0, idx:1), active : 1
0:00:00.020286239  2782 0x5625c55f5360 TRACE   GST_REFCOUNTING gstobject.c:292:gst_object_ref_sink: 0x5625c561ea20 ref_sink 1->2
0:00:00.015382574  2783 0x55d641a1c360 LOG   GST_POLL gstpoll.c:994:gst_poll_fd_ctl_write: 0x55d641a40910: pfd->events now 60 (POLLOUT:4)
0:00:00.020293794  2782 0x5625c55f5360 LOG   GST_REGISTRY gstregistry.c:607:gst_registry_add_feature: emitting feature-added for queue2
0:00:00.015391304  2783 0x55d641a1c360 DEBUG   GST_POLL gstpoll.c:979:gst_poll_fd_ctl_write: 0x55d641a40910: fd (fd:0, idx:1), active : 1
0:00:00.020301371  2782 0x5625c55f5360 DEBUG   GST_REGISTRY gstregistrychunks.c:740:gst_registry_chunks_load_feature: Added feature queue2, plugin 0x5625c5623ea0 coreelements
0:00:00.015397929  2783 0x55d641a1c360 LOG   GST_POLL gstpoll.c:994:gst_poll_fd_ctl_write: 0x55d641a40910: pfd->events now 60 (POLLOUT:4)
0:00:00.020308640  2782 0x5625c55f5360 DEBUG   GST_REGISTRY gstregistrychunks.c:582:gst_registry_chunks_load_feature: Plugin 'coreelements' feature 'queue' typename : 'GstElementFactory'
0:00:00.015405762  2783 0x55d641a1c360 DEBUG   GST_POLL gstpoll.c:979:gst_poll_fd_ctl_write: 0x55d641a40910: fd (fd:0, idx:1), active : 1
0:00:00.020316760  2782 0x5625c55f5360 TRACE   GST_REFCOUNTING gstobject.c:208:gst_object_init: 0x5625c561f170 new
0:00:00.015412577  2783 0x55d641a1c360 LOG   GST_POLL gstpoll.c:994:gst_poll_fd_ctl_write: 0x55d641a40910: pfd->events now 60 (POLLOUT:4)
0:00:00.020325636  2782 0x5625c55f5360 LOG   GST_REGISTRY gstregistrychunks.c:609:gst_registry_chunks_load_feature: Reading/casting for GstRegistryChunkElementFactory at address 0x5625c561be60
0:00:00.015426145  2783 0x55d641a1c360 DEBUG   GST_POLL gstpoll.c:979:gst_poll_fd_ctl_write: 0x55d641a40910: fd (fd:0, idx:1), active : 1
0:00:00.020333915  2782 0x5625c55f5360 TRACE   structure gststructure.c:287:gst_structure_new_id_empty_with_size: created structure 0x5625c561f540
0:00:00.015432856  2783 0x55d641a1c360 LOG   GST_POLL gstpoll.c:994:gst_poll_fd_ctl_write: 0x55d641a40910: pfd->events now 60 (POLLOUT:4)
0:00:00.020340850  2782 0x5625c55f5360 DEBUG   structure gststructure.c:2203:gst_structure_parse_field: trying field name 'long-name'
0:00:00.015439819  2783 0x55d641a1c360 DEBUG   GST_POLL gstpoll.c:979:gst_poll_fd_ctl_write: 0x55d641a40910: fd (fd:0, idx:1), active : 1
0:00:00.020347194  2782 0x5625c55f5360 DEBUG   default gstvalue.c:2676:_priv_gst_value_parse_value: trying type name 'string'
0:00:00.015446553  2783 0x55d641a1c360 LOG   GST_POLL gstpoll.c:994:gst_poll_fd_ctl_write: 0x55d641a40910: pfd->events now 60 (POLLOUT:4)
0:00:00.020354615  2782 0x5625c55f5360 DEBUG   structure gststructure.c:2203:gst_structure_parse_field: trying field name 'klass'
0:00:00.015453644  2783 0x55d641a1c360 DEBUG   GST_POLL gstpoll.c:979:gst_poll_fd_ctl_write: 0x55d641a40910: fd (fd:0, idx:1), active : 1
0:00:00.020361045  2782 0x5625c55f5360 DEBUG   default gstvalue.c:2676:_priv_gst_value_parse_value: trying type name 'string'
0:00:00.015460265  2783 0x55d641a1c360 LOG   GST_POLL gstpoll.c:994:gst_poll_fd_ctl_write: 0x55d641a40910: pfd->events now 60 (POLLOUT:4)
0:00:00.020368314  2782 0x5625c55f5360 DEBUG   structure gststructure.c:2203:gst_structure_parse_field: trying field name 'description'
0:00:00.015467357  2783 0x55d641a1c360 DEBUG   GST_POLL gstpoll.c:979:gst_poll_fd_ctl_write: 0x55d641a40910: fd (fd:0, idx:1), active : 1
0:00:00.020374767  2782 0x5625c55f5360 DEBUG   default gstvalue.c:2676:_priv_gst_value_parse_value: trying type name 'string'
0:00:00.015473962  2783 0x55d641a1c360 LOG   GST_POLL gstpoll.c:994:gst_poll_fd_ctl_write: 0x55d641a40910: pfd->events now 60 (POLLOUT:4)
0:00:00.020381903  2782 0x5625c55f5360 DEBUG   structure gststructure.c:2203:gst_structure_parse_field: trying field name 'author'
0:00:00.015480997  2783 0x55d641a1c360 DEBUG   GST_POLL gstpoll.c:979:gst_poll_fd_ctl_write: 0x55d641a40910: fd (fd:0, idx:1), active : 1
0:00:00.020388390  2782 0x5625c55f5360 DEBUG   default gstvalue.c:2676:_priv_gst_value_parse_value: trying type name 'string'
0:00:00.015487660  2783 0x55d641a1c360 LOG   GST_POLL gstpoll.c:994:gst_poll_fd_ctl_write: 0x55d641a40910: pfd->events now 60 (POLLOUT:4)
0:00:00.020396054  2782 0x5625c55f5360 DEBUG   GST_REGISTRY gstregistrychunks.c:626:gst_registry_chunks_load_feature: Element factory : npadtemplates=2
0:00:00.015494649  2783 0x55d641a1c360 DEBUG   GST_POLL gstpoll.c:979:gst_poll_fd_ctl_write: 0x55d641a40910: fd (fd:0, idx:1), active : 1
0:00:00.020402769  2782 0x5625c55f5360 DEBUG   GST_REGISTRY gstregistrychunks.c:525:gst_registry_chunks_load_pad_template: Reading/casting for GstRegistryChunkPadTemplate at address 0x5625c561bf18
0:00:00.015501364  2783 0x55d641a1c360 LOG   GST_POLL gstpoll.c:994:gst_poll_fd_ctl_write: 0x55d641a40910: pfd->events now 60 (POLLOUT:4)
0:00:00.020413911  2782 0x5625c55f5360 DEBUG   GST_REGISTRY gstregistrychunks.c:539:gst_registry_chunks_load_pad_template: Added pad_template sink
0:00:00.015511473  2783 0x55d641a1c360 DEBUG   GST_POLL gstpoll.c:979:gst_poll_fd_ctl_write: 0x55d641a40910: fd (fd:0, idx:1), active : 1
0:00:00.020420616  2782 0x5625c55f5360 DEBUG   GST_REGISTRY gstregistrychunks.c:525:gst_registry_chunks_load_pad_template: Reading/casting for GstRegistryChunkPadTemplate at address 0x5625c561bf30
0:00:00.015518073  2783 0x55d641a1c360 LOG   GST_POLL gstpoll.c:994:gst_poll_fd_ctl_write: 0x55d641a40910: pfd->events now 60 (POLLOUT:4)
0:00:00.020427386  2782 0x5625c55f5360 DEBUG   GST_REGISTRY gstregistrychunks.c:539:gst_registry_chunks_load_pad_template: Added pad_template src
0:00:00.015525018  2783 0x55d641a1c360 DEBUG   GST_POLL gstpoll.c:979:gst_poll_fd_ctl_write: 0x55d641a40910: fd (fd:0, idx:1), active : 1
0:00:00.020435594  2782 0x5625c55f5360 DEBUG   GST_REGISTRY gstregistry.c:589:gst_registry_add_feature: adding feature 0x5625c561f170 (queue)
0:00:00.015531636  2783 0x55d641a1c360 LOG   GST_POLL gstpoll.c:994:gst_poll_fd_ctl_write: 0x55d641a40910: pfd->events now 60 (POLLOUT:4)
0:00:00.020442448  2782 0x5625c55f5360 DEBUG   GST_REFCOUNTING gstobject.c:708:gst_object_set_parent: set parent (ref and sink)
0:00:00.015540056  2783 0x55d641a1c360 DEBUG   GST_POLL gstpoll.c:979:gst_poll_fd_ctl_write: 0x55d641a40910: fd (fd:0, idx:1), active : 1
0:00:00.020450659  2782 0x5625c55f5360 TRACE   GST_REFCOUNTING gstobject.c:292:gst_object_ref_sink: 0x5625c561f170 ref_sink 1->2
0:00:00.015547072  2783 0x55d641a1c360 LOG   GST_POLL gstpoll.c:994:gst_poll_fd_ctl_write: 0x55d641a40910: pfd->events now 60 (POLLOUT:4)
0:00:00.020458129  2782 0x5625c55f5360 LOG   GST_REGISTRY gstregistry.c:607:gst_registry_add_feature: emitting feature-added for queue
0:00:00.015555479  2783 0x55d641a1c360 DEBUG   GST_POLL gstpoll.c:979:gst_poll_fd_ctl_write: 0x55d641a40910: fd (fd:0, idx:1), active : 1
0:00:00.020477424  2782 0x5625c55f5360 DEBUG   GST_REGISTRY gstregistrychunks.c:740:gst_registry_chunks_load_feature: Added feature queue, plugin 0x5625c5623ea0 coreelements
0:00:00.015575193  2783 0x55d641a1c360 LOG   GST_POLL gstpoll.c:994:gst_poll_fd_ctl_write: 0x55d641a40910: pfd->events now 60 (POLLOUT:4)
0:00:00.020484551  2782 0x5625c55f5360 DEBUG   GST_REGISTRY gstregistrychunks.c:582:gst_registry_chunks_load_feature: Plugin 'coreelements' feature 'output-selector' typename : 'GstElementFactory'
0:00:00.015581865  2783 0x55d641a1c360 DEBUG   GST_POLL gstpoll.c:979:gst_poll_fd_ctl_write: 0x55d641a40910: fd (fd:0, idx:1), active : 1
0:00:00.020492422  2782 0x5625c55f5360 TRACE   GST_REFCOUNTING gstobject.c:208:gst_object_init: 0x5625c561f970 new
0:00:00.015588311  2783 0x55d641a1c360 LOG   GST_POLL gstpoll.c:994:gst_poll_fd_ctl_write: 0x55d641a40910: pfd->events now 60 (POLLOUT:4)
0:00:00.020500834  2782 0x5625c55f5360 LOG   GST_REGISTRY gstregistrychunks.c:609:gst_registry_chunks_load_feature: Reading/casting for GstRegistryChunkElementFactory at address 0x5625c561bf68
0:00:00.015601098  2783 0x55d641a1c360 DEBUG   GST_POLL gstpoll.c:979:gst_poll_fd_ctl_write: 0x55d641a40910: fd (fd:0, idx:1), active : 1
0:00:00.020508532  2782 0x5625c55f5360 TRACE   structure gststructure.c:287:gst_structure_new_id_empty_with_size: created structure 0x5625c561fc70
0:00:00.015607621  2783 0x55d641a1c360 LOG   GST_POLL gstpoll.c:994:gst_poll_fd_ctl_write: 0x55d641a40910: pfd->events now 60 (POLLOUT:4)
0:00:00.020515034  2782 0x5625c55f5360 DEBUG   structure gststructure.c:2203:gst_structure_parse_field: trying field name 'long-name'
0:00:00.015614345  2783 0x55d641a1c360 DEBUG   GST_POLL gstpoll.c:979:gst_poll_fd_ctl_write: 0x55d641a40910: fd (fd:0, idx:1), active : 1
0:00:00.020521232  2782 0x5625c55f5360 DEBUG   default gstvalue.c:2676:_priv_gst_value_parse_value: trying type name 'string'
0:00:00.015620843  2783 0x55d641a1c360 LOG   GST_POLL gstpoll.c:994:gst_poll_fd_ctl_write: 0x55d641a40910: pfd->events now 60 (POLLOUT:4)
0:00:00.020528781  2782 0x5625c55f5360 DEBUG   structure gststructure.c:2203:gst_structure_parse_field: trying field name 'klass'
0:00:00.020535224  2782 0x5625c55f5360 DEBUG   default gstvalue.c:2676:_priv_gst_value_parse_value: trying type name 'string'
0:00:00.015632018  2783 0x55d641a1c360 DEBUG   GST_POLL gstpoll.c:979:gst_poll_fd_ctl_write: 0x55d641a40910: fd (fd:0, idx:1), active : 1
