0:00:00.021928825  2782 0x5625c55f5360 DEBUG   default gstvalue.c:2676:_priv_gst_value_parse_value: trying type name 'string'
0:00:00.017026536  2783 0x55d641a1c360 DEBUG   GST_POLL gstpoll.c:979:gst_poll_fd_ctl_write: 0x55d641a40910: fd (fd:0, idx:1), active : 1
0:00:00.021936887  2782 0x5625c55f5360 DEBUG   structure gststructure.c:2203:gst_structure_parse_field: trying field name 'klass'
0:00:00.017033094  2783 0x55d641a1c360 LOG   GST_POLL gstpoll.c:994:gst_poll_fd_ctl_write: 0x55d641a40910: pfd->events now 60 (POLLOUT:4)
0:00:00.021943261  2782 0x5625c55f5360 DEBUG   default gstvalue.c:2676:_priv_gst_value_parse_value: trying type name 'string'
0:00:00.017041349  2783 0x55d641a1c360 DEBUG   GST_POLL gstpoll.c:979:gst_poll_fd_ctl_write: 0x55d641a40910: fd (fd:0, idx:1), active : 1
0:00:00.021950504  2782 0x5625c55f5360 DEBUG   structure gststructure.c:2203:gst_structure_parse_field: trying field name 'description'
0:00:00.017048025  2783 0x55d641a1c360 LOG   GST_POLL gstpoll.c:994:gst_poll_fd_ctl_write: 0x55d641a40910: pfd->events now 60 (POLLOUT:4)
0:00:00.021956825  2782 0x5625c55f5360 DEBUG   default gstvalue.c:2676:_priv_gst_value_parse_value: trying type name 'string'
0:00:00.017055033  2783 0x55d641a1c360 DEBUG   GST_POLL gstpoll.c:979:gst_poll_fd_ctl_write: 0x55d641a40910: fd (fd:0, idx:1), active : 1
0:00:00.021964327  2782 0x5625c55f5360 DEBUG   structure gststructure.c:2203:gst_structure_parse_field: trying field name 'author'
0:00:00.017061577  2783 0x55d641a1c360 LOG   GST_POLL gstpoll.c:994:gst_poll_fd_ctl_write: 0x55d641a40910: pfd->events now 60 (POLLOUT:4)
0:00:00.021975917  2782 0x5625c55f5360 DEBUG   default gstvalue.c:2676:_priv_gst_value_parse_value: trying type name 'string'
0:00:00.017074014  2783 0x55d641a1c360 DEBUG   GST_POLL gstpoll.c:979:gst_poll_fd_ctl_write: 0x55d641a40910: fd (fd:0, idx:1), active : 1
0:00:00.021984079  2782 0x5625c55f5360 DEBUG   GST_REGISTRY gstregistrychunks.c:626:gst_registry_chunks_load_feature: Element factory : npadtemplates=1
0:00:00.017080639  2783 0x55d641a1c360 LOG   GST_POLL gstpoll.c:994:gst_poll_fd_ctl_write: 0x55d641a40910: pfd->events now 60 (POLLOUT:4)
0:00:00.021990741  2782 0x5625c55f5360 DEBUG   GST_REGISTRY gstregistrychunks.c:525:gst_registry_chunks_load_pad_template: Reading/casting for GstRegistryChunkPadTemplate at address 0x5625c561c9f0
0:00:00.017088762  2783 0x55d641a1c360 DEBUG   GST_POLL gstpoll.c:979:gst_poll_fd_ctl_write: 0x55d641a40910: fd (fd:0, idx:1), active : 1
0:00:00.021997599  2782 0x5625c55f5360 DEBUG   GST_REGISTRY gstregistrychunks.c:539:gst_registry_chunks_load_pad_template: Added pad_template src
0:00:00.017095387  2783 0x55d641a1c360 LOG   GST_POLL gstpoll.c:994:gst_poll_fd_ctl_write: 0x55d641a40910: pfd->events now 60 (POLLOUT:4)
0:00:00.022005895  2782 0x5625c55f5360 DEBUG   GST_REGISTRY gstregistry.c:589:gst_registry_add_feature: adding feature 0x5625c56270f0 (fakesrc)
0:00:00.017102472  2783 0x55d641a1c360 DEBUG   GST_POLL gstpoll.c:979:gst_poll_fd_ctl_write: 0x55d641a40910: fd (fd:0, idx:1), active : 1
0:00:00.022012698  2782 0x5625c55f5360 DEBUG   GST_REFCOUNTING gstobject.c:708:gst_object_set_parent: set parent (ref and sink)
0:00:00.017109846  2783 0x55d641a1c360 LOG   GST_POLL gstpoll.c:994:gst_poll_fd_ctl_write: 0x55d641a40910: pfd->events now 60 (POLLOUT:4)
0:00:00.022020814  2782 0x5625c55f5360 TRACE   GST_REFCOUNTING gstobject.c:292:gst_object_ref_sink: 0x5625c56270f0 ref_sink 1->2
0:00:00.017117617  2783 0x55d641a1c360 DEBUG   GST_POLL gstpoll.c:979:gst_poll_fd_ctl_write: 0x55d641a40910: fd (fd:0, idx:1), active : 1
0:00:00.022028270  2782 0x5625c55f5360 LOG   GST_REGISTRY gstregistry.c:607:gst_registry_add_feature: emitting feature-added for fakesrc
0:00:00.017125227  2783 0x55d641a1c360 LOG   GST_POLL gstpoll.c:994:gst_poll_fd_ctl_write: 0x55d641a40910: pfd->events now 60 (POLLOUT:4)
0:00:00.022035755  2782 0x5625c55f5360 DEBUG   GST_REGISTRY gstregistrychunks.c:740:gst_registry_chunks_load_feature: Added feature fakesrc, plugin 0x5625c5623ea0 coreelements
0:00:00.017132684  2783 0x55d641a1c360 DEBUG   GST_POLL gstpoll.c:979:gst_poll_fd_ctl_write: 0x55d641a40910: fd (fd:0, idx:1), active : 1
0:00:00.022043015  2782 0x5625c55f5360 DEBUG   GST_REGISTRY gstregistrychunks.c:582:gst_registry_chunks_load_feature: Plugin 'coreelements' feature 'downloadbuffer' typename : 'GstElementFactory'
0:00:00.017139836  2783 0x55d641a1c360 LOG   GST_POLL gstpoll.c:994:gst_poll_fd_ctl_write: 0x55d641a40910: pfd->events now 60 (POLLOUT:4)
0:00:00.022051152  2782 0x5625c55f5360 TRACE   GST_REFCOUNTING gstobject.c:208:gst_object_init: 0x5625c5627630 new
0:00:00.017147262  2783 0x55d641a1c360 DEBUG   GST_POLL gstpoll.c:979:gst_poll_fd_ctl_write: 0x55d641a40910: fd (fd:0, idx:1), active : 1
0:00:00.022064267  2782 0x5625c55f5360 LOG   GST_REGISTRY gstregistrychunks.c:609:gst_registry_chunks_load_feature: Reading/casting for GstRegistryChunkElementFactory at address 0x5625c561ca28
0:00:00.017160184  2783 0x55d641a1c360 LOG   GST_POLL gstpoll.c:994:gst_poll_fd_ctl_write: 0x55d641a40910: pfd->events now 60 (POLLOUT:4)
0:00:00.022071626  2782 0x5625c55f5360 TRACE   structure gststructure.c:287:gst_structure_new_id_empty_with_size: created structure 0x5625c5627930
0:00:00.017168930  2783 0x55d641a1c360 DEBUG   GST_POLL gstpoll.c:979:gst_poll_fd_ctl_write: 0x55d641a40910: fd (fd:0, idx:1), active : 1
0:00:00.022078231  2782 0x5625c55f5360 DEBUG   structure gststructure.c:2203:gst_structure_parse_field: trying field name 'long-name'
0:00:00.017175494  2783 0x55d641a1c360 LOG   GST_POLL gstpoll.c:994:gst_poll_fd_ctl_write: 0x55d641a40910: pfd->events now 60 (POLLOUT:4)
0:00:00.022084691  2782 0x5625c55f5360 DEBUG   default gstvalue.c:2676:_priv_gst_value_parse_value: trying type name 'string'
0:00:00.017182559  2783 0x55d641a1c360 DEBUG   GST_POLL gstpoll.c:979:gst_poll_fd_ctl_write: 0x55d641a40910: fd (fd:0, idx:1), active : 1
0:00:00.022092047  2782 0x5625c55f5360 DEBUG   structure gststructure.c:2203:gst_structure_parse_field: trying field name 'klass'
0:00:00.017189143  2783 0x55d641a1c360 LOG   GST_POLL gstpoll.c:994:gst_poll_fd_ctl_write: 0x55d641a40910: pfd->events now 60 (POLLOUT:4)
0:00:00.022098404  2782 0x5625c55f5360 DEBUG   default gstvalue.c:2676:_priv_gst_value_parse_value: trying type name 'string'
0:00:00.017196366  2783 0x55d641a1c360 DEBUG   GST_POLL gstpoll.c:979:gst_poll_fd_ctl_write: 0x55d641a40910: fd (fd:0, idx:1), active : 1
0:00:00.022105675  2782 0x5625c55f5360 DEBUG   structure gststructure.c:2203:gst_structure_parse_field: trying field name 'description'
0:00:00.017202989  2783 0x55d641a1c360 LOG   GST_POLL gstpoll.c:994:gst_poll_fd_ctl_write: 0x55d641a40910: pfd->events now 60 (POLLOUT:4)
0:00:00.022112170  2782 0x5625c55f5360 DEBUG   default gstvalue.c:2676:_priv_gst_value_parse_value: trying type name 'string'
0:00:00.017210020  2783 0x55d641a1c360 DEBUG   GST_POLL gstpoll.c:979:gst_poll_fd_ctl_write: 0x55d641a40910: fd (fd:0, idx:1), active : 1
0:00:00.022119328  2782 0x5625c55f5360 DEBUG   structure gststructure.c:2203:gst_structure_parse_field: trying field name 'author'
0:00:00.017216636  2783 0x55d641a1c360 LOG   GST_POLL gstpoll.c:994:gst_poll_fd_ctl_write: 0x55d641a40910: pfd->events now 60 (POLLOUT:4)
0:00:00.022125596  2782 0x5625c55f5360 DEBUG   default gstvalue.c:2676:_priv_gst_value_parse_value: trying type name 'string'
0:00:00.017223623  2783 0x55d641a1c360 DEBUG   GST_POLL gstpoll.c:979:gst_poll_fd_ctl_write: 0x55d641a40910: fd (fd:0, idx:1), active : 1
0:00:00.022133121  2782 0x5625c55f5360 DEBUG   GST_REGISTRY gstregistrychunks.c:626:gst_registry_chunks_load_feature: Element factory : npadtemplates=2
0:00:00.017230230  2783 0x55d641a1c360 LOG   GST_POLL gstpoll.c:994:gst_poll_fd_ctl_write: 0x55d641a40910: pfd->events now 60 (POLLOUT:4)
0:00:00.022143912  2782 0x5625c55f5360 DEBUG   GST_REGISTRY gstregistrychunks.c:525:gst_registry_chunks_load_pad_template: Reading/casting for GstRegistryChunkPadTemplate at address 0x5625c561caf0
0:00:00.017241988  2783 0x55d641a1c360 DEBUG   GST_POLL gstpoll.c:979:gst_poll_fd_ctl_write: 0x55d641a40910: fd (fd:0, idx:1), active : 1
0:00:00.022150743  2782 0x5625c55f5360 DEBUG   GST_REGISTRY gstregistrychunks.c:539:gst_registry_chunks_load_pad_template: Added pad_template sink
0:00:00.017248604  2783 0x55d641a1c360 LOG   GST_POLL gstpoll.c:994:gst_poll_fd_ctl_write: 0x55d641a40910: pfd->events now 60 (POLLOUT:4)
0:00:00.022157144  2782 0x5625c55f5360 DEBUG   GST_REGISTRY gstregistrychunks.c:525:gst_registry_chunks_load_pad_template: Reading/casting for GstRegistryChunkPadTemplate at address 0x5625c561cb08
0:00:00.017255604  2783 0x55d641a1c360 DEBUG   GST_POLL gstpoll.c:979:gst_poll_fd_ctl_write: 0x55d641a40910: fd (fd:0, idx:1), active : 1
0:00:00.022163656  2782 0x5625c55f5360 DEBUG   GST_REGISTRY gstregistrychunks.c:539:gst_registry_chunks_load_pad_template: Added pad_template src
0:00:00.017262247  2783 0x55d641a1c360 LOG   GST_POLL gstpoll.c:994:gst_poll_fd_ctl_write: 0x55d641a40910: pfd->events now 60 (POLLOUT:4)
0:00:00.022171827  2782 0x5625c55f5360 DEBUG   GST_REGISTRY gstregistry.c:589:gst_registry_add_feature: adding feature 0x5625c5627630 (downloadbuffer)
0:00:00.017269231  2783 0x55d641a1c360 DEBUG   GST_POLL gstpoll.c:979:gst_poll_fd_ctl_write: 0x55d641a40910: fd (fd:0, idx:1), active : 1
0:00:00.022178821  2782 0x5625c55f5360 DEBUG   GST_REFCOUNTING gstobject.c:708:gst_object_set_parent: set parent (ref and sink)
0:00:00.017276002  2783 0x55d641a1c360 LOG   GST_POLL gstpoll.c:994:gst_poll_fd_ctl_write: 0x55d641a40910: pfd->events now 60 (POLLOUT:4)
0:00:00.022186885  2782 0x5625c55f5360 TRACE   GST_REFCOUNTING gstobject.c:292:gst_object_ref_sink: 0x5625c5627630 ref_sink 1->2
0:00:00.017283891  2783 0x55d641a1c360 DEBUG   GST_POLL gstpoll.c:979:gst_poll_fd_ctl_write: 0x55d641a40910: fd (fd:0, idx:1), active : 1
0:00:00.022194212  2782 0x5625c55f5360 LOG   GST_REGISTRY gstregistry.c:607:gst_registry_add_feature: emitting feature-added for downloadbuffer
0:00:00.017291243  2783 0x55d641a1c360 LOG   GST_POLL gstpoll.c:994:gst_poll_fd_ctl_write: 0x55d641a40910: pfd->events now 60 (POLLOUT:4)
0:00:00.022201787  2782 0x5625c55f5360 DEBUG   GST_REGISTRY gstregistrychunks.c:740:gst_registry_chunks_load_feature: Added feature downloadbuffer, plugin 0x5625c5623ea0 coreelements
0:00:00.017298707  2783 0x55d641a1c360 DEBUG   GST_POLL gstpoll.c:979:gst_poll_fd_ctl_write: 0x55d641a40910: fd (fd:0, idx:1), active : 1
0:00:00.022209095  2782 0x5625c55f5360 DEBUG   GST_REGISTRY gstregistrychunks.c:582:gst_registry_chunks_load_feature: Plugin 'coreelements' feature 'dataurisrc' typename : 'GstElementFactory'
0:00:00.017305882  2783 0x55d641a1c360 LOG   GST_POLL gstpoll.c:994:gst_poll_fd_ctl_write: 0x55d641a40910: pfd->events now 60 (POLLOUT:4)
0:00:00.017313597  2783 0x55d641a1c360 DEBUG   GST_POLL gstpoll.c:979:gst_poll_fd_ctl_write: 0x55d641a40910: fd (fd:0, idx:1), active : 1
0:00:00.022220618  2782 0x5625c55f5360 TRACE   GST_REFCOUNTING gstobject.c:208:gst_object_init: 0x5625c5627e10 new
0:00:00.017322450  2783 0x55d641a1c360 LOG   GST_POLL gstpoll.c:994:gst_poll_fd_ctl_write: 0x55d641a40910: pfd->events now 60 (POLLOUT:4)
0:00:00.022231478  2782 0x5625c55f5360 LOG   GST_REGISTRY gstregistrychunks.c:609:gst_registry_chunks_load_feature: Reading/casting for GstRegistryChunkElementFactory at address 0x5625c561cb38
0:00:00.017329622  2783 0x55d641a1c360 DEBUG   GST_POLL gstpoll.c:979:gst_poll_fd_ctl_write: 0x55d641a40910: fd (fd:0, idx:1), active : 1
0:00:00.022238887  2782 0x5625c55f5360 TRACE   structure gststructure.c:287:gst_structure_new_id_empty_with_size: created structure 0x5625c5628120
0:00:00.017336397  2783 0x55d641a1c360 LOG   GST_POLL gstpoll.c:994:gst_poll_fd_ctl_write: 0x55d641a40910: pfd->events now 60 (POLLOUT:4)
0:00:00.022245631  2782 0x5625c55f5360 DEBUG   structure gststructure.c:2203:gst_structure_parse_field: trying field name 'long-name'
0:00:00.017343419  2783 0x55d641a1c360 DEBUG   GST_POLL gstpoll.c:979:gst_poll_fd_ctl_write: 0x55d641a40910: fd (fd:0, idx:1), active : 1
0:00:00.022252015  2782 0x5625c55f5360 DEBUG   default gstvalue.c:2676:_priv_gst_value_parse_value: trying type name 'string'
0:00:00.017350112  2783 0x55d641a1c360 LOG   GST_POLL gstpoll.c:994:gst_poll_fd_ctl_write: 0x55d641a40910: pfd->events now 60 (POLLOUT:4)
0:00:00.022259493  2782 0x5625c55f5360 DEBUG   structure gststructure.c:2203:gst_structure_parse_field: trying field name 'klass'
0:00:00.017357445  2783 0x55d641a1c360 LOG   GST_PLUGIN_LOADING gstpluginloader.c:645:put_chunk: Expanding tx buf from 13209 to 17023 for chunk of size 229
0:00:00.022265855  2782 0x5625c55f5360 DEBUG   default gstvalue.c:2676:_priv_gst_value_parse_value: trying type name 'string'
0:00:00.022272961  2782 0x5625c55f5360 DEBUG   structure gststructure.c:2203:gst_structure_parse_field: trying field name 'description'
0:00:00.017367934  2783 0x55d641a1c360 DEBUG   GST_POLL gstpoll.c:979:gst_poll_fd_ctl_write: 0x55d641a40910: fd (fd:0, idx:1), active : 1
0:00:00.022278894  2782 0x5625c55f5360 DEBUG   default gstvalue.c:2676:_priv_gst_value_parse_value: trying type name 'string'
0:00:00.017376752  2783 0x55d641a1c360 LOG   GST_POLL gstpoll.c:994:gst_poll_fd_ctl_write: 0x55d641a40910: pfd->events now 60 (POLLOUT:4)
0:00:00.022286191  2782 0x5625c55f5360 DEBUG   structure gststructure.c:2203:gst_structure_parse_field: trying field name 'author'
0:00:00.017383865  2783 0x55d641a1c360 DEBUG   GST_POLL gstpoll.c:979:gst_poll_fd_ctl_write: 0x55d641a40910: fd (fd:0, idx:1), active : 1
0:00:00.022292607  2782 0x5625c55f5360 DEBUG   default gstvalue.c:2676:_priv_gst_value_parse_value: trying type name 'string'
0:00:00.017390532  2783 0x55d641a1c360 LOG   GST_POLL gstpoll.c:994:gst_poll_fd_ctl_write: 0x55d641a40910: pfd->events now 60 (POLLOUT:4)
0:00:00.022301169  2782 0x5625c55f5360 DEBUG   GST_REGISTRY gstregistrychunks.c:626:gst_registry_chunks_load_feature: Element factory : npadtemplates=1
0:00:00.017397657  2783 0x55d641a1c360 DEBUG   GST_POLL gstpoll.c:979:gst_poll_fd_ctl_write: 0x55d641a40910: fd (fd:0, idx:1), active : 1
0:00:00.022312493  2782 0x5625c55f5360 DEBUG   GST_REGISTRY gstregistrychunks.c:525:gst_registry_chunks_load_pad_template: Reading/casting for GstRegistryChunkPadTemplate at address 0x5625c561cc50
0:00:00.017410208  2783 0x55d641a1c360 LOG   GST_POLL gstpoll.c:994:gst_poll_fd_ctl_write: 0x55d641a40910: pfd->events now 60 (POLLOUT:4)
0:00:00.022319165  2782 0x5625c55f5360 DEBUG   GST_REGISTRY gstregistrychunks.c:539:gst_registry_chunks_load_pad_template: Added pad_template src
0:00:00.017417245  2783 0x55d641a1c360 DEBUG   GST_POLL gstpoll.c:979:gst_poll_fd_ctl_write: 0x55d641a40910: fd (fd:0, idx:1), active : 1
0:00:00.022326186  2782 0x5625c55f5360 DEBUG   GST_REGISTRY gstregistrychunks.c:639:gst_registry_chunks_load_feature: Reading 1 UriTypes at address 0x5625c561cc60
0:00:00.017423806  2783 0x55d641a1c360 LOG   GST_POLL gstpoll.c:994:gst_poll_fd_ctl_write: 0x55d641a40910: pfd->events now 60 (POLLOUT:4)
0:00:00.022333537  2782 0x5625c55f5360 DEBUG   GST_REGISTRY gstregistrychunks.c:654:gst_registry_chunks_load_feature: Reading 1 Interfaces at address 0x5625c561cc69
0:00:00.017430898  2783 0x55d641a1c360 DEBUG   GST_POLL gstpoll.c:979:gst_poll_fd_ctl_write: 0x55d641a40910: fd (fd:0, idx:1), active : 1
0:00:00.017437515  2783 0x55d641a1c360 LOG   GST_POLL gstpoll.c:994:gst_poll_fd_ctl_write: 0x55d641a40910: pfd->events now 60 (POLLOUT:4)
0:00:00.022342385  2782 0x5625c55f5360 DEBUG   GST_REGISTRY gstregistry.c:589:gst_registry_add_feature: adding feature 0x5625c5627e10 (dataurisrc)
0:00:00.017444092  2783 0x55d641a1c360 DEBUG   GST_POLL gstpoll.c:979:gst_poll_fd_ctl_write: 0x55d641a40910: fd (fd:0, idx:1), active : 1
0:00:00.022350941  2782 0x5625c55f5360 DEBUG   GST_REFCOUNTING gstobject.c:708:gst_object_set_parent: set parent (ref and sink)
0:00:00.017450717  2783 0x55d641a1c360 LOG   GST_POLL gstpoll.c:994:gst_poll_fd_ctl_write: 0x55d641a40910: pfd->events now 60 (POLLOUT:4)
0:00:00.022359087  2782 0x5625c55f5360 TRACE   GST_REFCOUNTING gstobject.c:292:gst_object_ref_sink: 0x5625c5627e10 ref_sink 1->2
0:00:00.017457713  2783 0x55d641a1c360 DEBUG   GST_POLL gstpoll.c:979:gst_poll_fd_ctl_write: 0x55d641a40910: fd (fd:0, idx:1), active : 1
0:00:00.022366486  2782 0x5625c55f5360 LOG   GST_REGISTRY gstregistry.c:607:gst_registry_add_feature: emitting feature-added for dataurisrc
0:00:00.017464377  2783 0x55d641a1c360 LOG   GST_POLL gstpoll.c:994:gst_poll_fd_ctl_write: 0x55d641a40910: pfd->events now 60 (POLLOUT:4)
0:00:00.022373982  2782 0x5625c55f5360 DEBUG   GST_REGISTRY gstregistrychunks.c:740:gst_registry_chunks_load_feature: Added feature dataurisrc, plugin 0x5625c5623ea0 coreelements
0:00:00.017471398  2783 0x55d641a1c360 DEBUG   GST_POLL gstpoll.c:979:gst_poll_fd_ctl_write: 0x55d641a40910: fd (fd:0, idx:1), active : 1
0:00:00.022381370  2782 0x5625c55f5360 DEBUG   GST_REGISTRY gstregistrychunks.c:582:gst_registry_chunks_load_feature: Plugin 'coreelements' feature 'concat' typename : 'GstElementFactory'
0:00:00.017478111  2783 0x55d641a1c360 LOG   GST_POLL gstpoll.c:994:gst_poll_fd_ctl_write: 0x55d641a40910: pfd->events now 60 (POLLOUT:4)
0:00:00.022396887  2782 0x5625c55f5360 TRACE   GST_REFCOUNTING gstobject.c:208:gst_object_init: 0x5625c5628860 new
0:00:00.017493277  2783 0x55d641a1c360 DEBUG   GST_POLL gstpoll.c:979:gst_poll_fd_ctl_write: 0x55d641a40910: fd (fd:0, idx:1), active : 1
0:00:00.022405730  2782 0x5625c55f5360 LOG   GST_REGISTRY gstregistrychunks.c:609:gst_registry_chunks_load_feature: Reading/casting for GstRegistryChunkElementFactory at address 0x5625c561cc90
0:00:00.017501766  2783 0x55d641a1c360 LOG   GST_POLL gstpoll.c:994:gst_poll_fd_ctl_write: 0x55d641a40910: pfd->events now 60 (POLLOUT:4)
0:00:00.022412968  2782 0x5625c55f5360 TRACE   structure gststructure.c:287:gst_structure_new_id_empty_with_size: created structure 0x5625c5628a90
0:00:00.017510306  2783 0x55d641a1c360 DEBUG   GST_POLL gstpoll.c:979:gst_poll_fd_ctl_write: 0x55d641a40910: fd (fd:0, idx:1), active : 1
0:00:00.022419668  2782 0x5625c55f5360 DEBUG   structure gststructure.c:2203:gst_structure_parse_field: trying field name 'long-name'
0:00:00.017516984  2783 0x55d641a1c360 LOG   GST_POLL gstpoll.c:994:gst_poll_fd_ctl_write: 0x55d641a40910: pfd->events now 60 (POLLOUT:4)
0:00:00.022426232  2782 0x5625c55f5360 DEBUG   default gstvalue.c:2676:_priv_gst_value_parse_value: trying type name 'string'
0:00:00.017524014  2783 0x55d641a1c360 DEBUG   GST_POLL gstpoll.c:979:gst_poll_fd_ctl_write: 0x55d641a40910: fd (fd:0, idx:1), active : 1
0:00:00.022433360  2782 0x5625c55f5360 DEBUG   structure gststructure.c:2203:gst_structure_parse_field: trying field name 'klass'
0:00:00.017530600  2783 0x55d641a1c360 LOG   GST_POLL gstpoll.c:994:gst_poll_fd_ctl_write: 0x55d641a40910: pfd->events now 60 (POLLOUT:4)
0:00:00.022439771  2782 0x5625c55f5360 DEBUG   default gstvalue.c:2676:_priv_gst_value_parse_value: trying type name 'string'
0:00:00.017537640  2783 0x55d641a1c360 DEBUG   GST_POLL gstpoll.c:979:gst_poll_fd_ctl_write: 0x55d641a40910: fd (fd:0, idx:1), active : 1
0:00:00.022446884  2782 0x5625c55f5360 DEBUG   structure gststructure.c:2203:gst_structure_parse_field: trying field name 'description'
0:00:00.017544285  2783 0x55d641a1c360 LOG   GST_POLL gstpoll.c:994:gst_poll_fd_ctl_write: 0x55d641a40910: pfd->events now 60 (POLLOUT:4)
0:00:00.022453381  2782 0x5625c55f5360 DEBUG   default gstvalue.c:2676:_priv_gst_value_parse_value: trying type name 'string'
0:00:00.017551470  2783 0x55d641a1c360 DEBUG   GST_POLL gstpoll.c:979:gst_poll_fd_ctl_write: 0x55d641a40910: fd (fd:0, idx:1), active : 1
0:00:00.022460675  2782 0x5625c55f5360 DEBUG   structure gststructure.c:2203:gst_structure_parse_field: trying field name 'author'
0:00:00.017558243  2783 0x55d641a1c360 LOG   GST_POLL gstpoll.c:994:gst_poll_fd_ctl_write: 0x55d641a40910: pfd->events now 60 (POLLOUT:4)
0:00:00.022467220  2782 0x5625c55f5360 DEBUG   default gstvalue.c:2676:_priv_gst_value_parse_value: trying type name 'string'
0:00:00.017565290  2783 0x55d641a1c360 DEBUG   GST_POLL gstpoll.c:979:gst_poll_fd_ctl_write: 0x55d641a40910: fd (fd:0, idx:1), active : 1
0:00:00.022474929  2782 0x5625c55f5360 DEBUG   GST_REGISTRY gstregistrychunks.c:626:gst_registry_chunks_load_feature: Element factory : npadtemplates=2
0:00:00.017577066  2783 0x55d641a1c360 LOG   GST_POLL gstpoll.c:994:gst_poll_fd_ctl_write: 0x55d641a40910: pfd->events now 60 (POLLOUT:4)
0:00:00.022484459  2782 0x5625c55f5360 DEBUG   GST_REGISTRY gstregistrychunks.c:525:gst_registry_chunks_load_pad_template: Reading/casting for GstRegistryChunkPadTemplate at address 0x5625c561cd68
0:00:00.017584186  2783 0x55d641a1c360 DEBUG   GST_POLL gstpoll.c:979:gst_poll_fd_ctl_write: 0x55d641a40910: fd (fd:0, idx:1), active : 1
0:00:00.022491031  2782 0x5625c55f5360 DEBUG   GST_REGISTRY gstregistrychunks.c:539:gst_registry_chunks_load_pad_template: Added pad_template src
0:00:00.017590869  2783 0x55d641a1c360 LOG   GST_POLL gstpoll.c:994:gst_poll_fd_ctl_write: 0x55d641a40910: pfd->events now 60 (POLLOUT:4)
0:00:00.022498033  2782 0x5625c55f5360 DEBUG   GST_REGISTRY gstregistrychunks.c:525:gst_registry_chunks_load_pad_template: Reading/casting for GstRegistryChunkPadTemplate at address 0x5625c561cd78
0:00:00.017598050  2783 0x55d641a1c360 DEBUG   GST_POLL gstpoll.c:979:gst_poll_fd_ctl_write: 0x55d641a40910: fd (fd:0, idx:1), active : 1
0:00:00.022504811  2782 0x5625c55f5360 DEBUG   GST_REGISTRY gstregistrychunks.c:539:gst_registry_chunks_load_pad_template: Added pad_template sink_%u
0:00:00.017604779  2783 0x55d641a1c360 LOG   GST_POLL gstpoll.c:994:gst_poll_fd_ctl_write: 0x55d641a40910: pfd->events now 60 (POLLOUT:4)
0:00:00.022513522  2782 0x5625c55f5360 DEBUG   GST_REGISTRY gstregistry.c:589:gst_registry_add_feature: adding feature 0x5625c5628860 (concat)
0:00:00.017611923  2783 0x55d641a1c360 DEBUG   GST_POLL gstpoll.c:979:gst_poll_fd_ctl_write: 0x55d641a40910: fd (fd:0, idx:1), active : 1
0:00:00.022520474  2782 0x5625c55f5360 DEBUG   GST_REFCOUNTING gstobject.c:708:gst_object_set_parent: set parent (ref and sink)
0:00:00.017618624  2783 0x55d641a1c360 LOG   GST_POLL gstpoll.c:994:gst_poll_fd_ctl_write: 0x55d641a40910: pfd->events now 60 (POLLOUT:4)
0:00:00.022528593  2782 0x5625c55f5360 TRACE   GST_REFCOUNTING gstobject.c:292:gst_object_ref_sink: 0x5625c5628860 ref_sink 1->2
0:00:00.017625727  2783 0x55d641a1c360 DEBUG   GST_POLL gstpoll.c:979:gst_poll_fd_ctl_write: 0x55d641a40910: fd (fd:0, idx:1), active : 1
0:00:00.022535990  2782 0x5625c55f5360 LOG   GST_REGISTRY gstregistry.c:607:gst_registry_add_feature: emitting feature-added for concat
0:00:00.017636337  2783 0x55d641a1c360 LOG   GST_POLL gstpoll.c:994:gst_poll_fd_ctl_write: 0x55d641a40910: pfd->events now 60 (POLLOUT:4)
0:00:00.022544197  2782 0x5625c55f5360 DEBUG   GST_REGISTRY gstregistrychunks.c:740:gst_registry_chunks_load_feature: Added feature concat, plugin 0x5625c5623ea0 coreelements
0:00:00.017643468  2783 0x55d641a1c360 DEBUG   GST_POLL gstpoll.c:979:gst_poll_fd_ctl_write: 0x55d641a40910: fd (fd:0, idx:1), active : 1
0:00:00.022551519  2782 0x5625c55f5360 DEBUG   GST_REGISTRY gstregistrychunks.c:582:gst_registry_chunks_load_feature: Plugin 'coreelements' feature 'clocksync' typename : 'GstElementFactory'
0:00:00.017650137  2783 0x55d641a1c360 LOG   GST_POLL gstpoll.c:994:gst_poll_fd_ctl_write: 0x55d641a40910: pfd->events now 60 (POLLOUT:4)
0:00:00.022563920  2782 0x5625c55f5360 TRACE   GST_REFCOUNTING gstobject.c:208:gst_object_init: 0x5625c5628710 new
0:00:00.017660366  2783 0x55d641a1c360 DEBUG   GST_POLL gstpoll.c:979:gst_poll_fd_ctl_write: 0x55d641a40910: fd (fd:0, idx:1), active : 1
0:00:00.017668813  2783 0x55d641a1c360 LOG   GST_POLL gstpoll.c:994:gst_poll_fd_ctl_write: 0x55d641a40910: pfd->events now 60 (POLLOUT:4)
0:00:00.017686846  2783 0x55d641a1c360 DEBUG   GST_POLL gstpoll.c:979:gst_poll_fd_ctl_write: 0x55d641a40910: fd (fd:0, idx:1), active : 1
0:00:00.022575698  2782 0x5625c55f5360 LOG   GST_REGISTRY gstregistrychunks.c:609:gst_registry_chunks_load_feature: Reading/casting for GstRegistryChunkElementFactory at address 0x5625c561cda8
0:00:00.017692496  2783 0x55d641a1c360 LOG   GST_POLL gstpoll.c:994:gst_poll_fd_ctl_write: 0x55d641a40910: pfd->events now 60 (POLLOUT:4)
0:00:00.022600875  2782 0x5625c55f5360 TRACE   structure gststructure.c:287:gst_structure_new_id_empty_with_size: created structure 0x5625c5629060
0:00:00.017698865  2783 0x55d641a1c360 DEBUG   GST_POLL gstpoll.c:979:gst_poll_fd_ctl_write: 0x55d641a40910: fd (fd:0, idx:1), active : 1
0:00:00.022606865  2782 0x5625c55f5360 DEBUG   structure gststructure.c:2203:gst_structure_parse_field: trying field name 'long-name'
0:00:00.017704932  2783 0x55d641a1c360 LOG   GST_POLL gstpoll.c:994:gst_poll_fd_ctl_write: 0x55d641a40910: pfd->events now 60 (POLLOUT:4)
0:00:00.022612903  2782 0x5625c55f5360 DEBUG   default gstvalue.c:2676:_priv_gst_value_parse_value: trying type name 'string'
0:00:00.017711331  2783 0x55d641a1c360 DEBUG   GST_POLL gstpoll.c:979:gst_poll_fd_ctl_write: 0x55d641a40910: fd (fd:0, idx:1), active : 1
0:00:00.022619540  2782 0x5625c55f5360 DEBUG   structure gststructure.c:2203:gst_structure_parse_field: trying field name 'klass'
0:00:00.017717502  2783 0x55d641a1c360 LOG   GST_POLL gstpoll.c:994:gst_poll_fd_ctl_write: 0x55d641a40910: pfd->events now 60 (POLLOUT:4)
0:00:00.022625513  2782 0x5625c55f5360 DEBUG   default gstvalue.c:2676:_priv_gst_value_parse_value: trying type name 'string'
0:00:00.017723948  2783 0x55d641a1c360 DEBUG   GST_POLL gstpoll.c:979:gst_poll_fd_ctl_write: 0x55d641a40910: fd (fd:0, idx:1), active : 1
0:00:00.022631843  2782 0x5625c55f5360 DEBUG   structure gststructure.c:2203:gst_structure_parse_field: trying field name 'description'
0:00:00.017730047  2783 0x55d641a1c360 LOG   GST_POLL gstpoll.c:994:gst_poll_fd_ctl_write: 0x55d641a40910: pfd->events now 60 (POLLOUT:4)
0:00:00.022637612  2782 0x5625c55f5360 DEBUG   default gstvalue.c:2676:_priv_gst_value_parse_value: trying type name 'string'
0:00:00.017736548  2783 0x55d641a1c360 DEBUG   GST_POLL gstpoll.c:979:gst_poll_fd_ctl_write: 0x55d641a40910: fd (fd:0, idx:1), active : 1
0:00:00.022644447  2782 0x5625c55f5360 DEBUG   structure gststructure.c:2203:gst_structure_parse_field: trying field name 'author'
0:00:00.017742594  2783 0x55d641a1c360 LOG   GST_POLL gstpoll.c:994:gst_poll_fd_ctl_write: 0x55d641a40910: pfd->events now 60 (POLLOUT:4)
0:00:00.022650367  2782 0x5625c55f5360 DEBUG   default gstvalue.c:2676:_priv_gst_value_parse_value: trying type name 'string'
0:00:00.017753226  2783 0x55d641a1c360 DEBUG   GST_POLL gstpoll.c:979:gst_poll_fd_ctl_write: 0x55d641a40910: fd (fd:0, idx:1), active : 1
0:00:00.022660786  2782 0x5625c55f5360 DEBUG   GST_REGISTRY gstregistrychunks.c:626:gst_registry_chunks_load_feature: Element factory : npadtemplates=2
0:00:00.017759466  2783 0x55d641a1c360 LOG   GST_POLL gstpoll.c:994:gst_poll_fd_ctl_write: 0x55d641a40910: pfd->events now 60 (POLLOUT:4)
0:00:00.022666646  2782 0x5625c55f5360 DEBUG   GST_REGISTRY gstregistrychunks.c:525:gst_registry_chunks_load_pad_template: Reading/casting for GstRegistryChunkPadTemplate at address 0x5625c561ce78
0:00:00.017765939  2783 0x55d641a1c360 DEBUG   GST_POLL gstpoll.c:979:gst_poll_fd_ctl_write: 0x55d641a40910: fd (fd:0, idx:1), active : 1
0:00:00.022672684  2782 0x5625c55f5360 DEBUG   GST_REGISTRY gstregistrychunks.c:539:gst_registry_chunks_load_pad_template: Added pad_template sink
0:00:00.017789901  2783 0x55d641a1c360 LOG   GST_POLL gstpoll.c:994:gst_poll_fd_ctl_write: 0x55d641a40910: pfd->events now 60 (POLLOUT:4)
0:00:00.022696938  2782 0x5625c55f5360 DEBUG   GST_REGISTRY gstregistrychunks.c:525:gst_registry_chunks_load_pad_template: Reading/casting for GstRegistryChunkPadTemplate at address 0x5625c561ce90
0:00:00.017796952  2783 0x55d641a1c360 DEBUG   GST_POLL gstpoll.c:979:gst_poll_fd_ctl_write: 0x55d641a40910: fd (fd:0, idx:1), active : 1
0:00:00.022703513  2782 0x5625c55f5360 DEBUG   GST_REGISTRY gstregistrychunks.c:539:gst_registry_chunks_load_pad_template: Added pad_template src
0:00:00.017803449  2783 0x55d641a1c360 LOG   GST_POLL gstpoll.c:994:gst_poll_fd_ctl_write: 0x55d641a40910: pfd->events now 60 (POLLOUT:4)
0:00:00.022712259  2782 0x5625c55f5360 DEBUG   GST_REGISTRY gstregistry.c:589:gst_registry_add_feature: adding feature 0x5625c5628710 (clocksync)
0:00:00.017810350  2783 0x55d641a1c360 DEBUG   GST_POLL gstpoll.c:979:gst_poll_fd_ctl_write: 0x55d641a40910: fd (fd:0, idx:1), active : 1
0:00:00.022718900  2782 0x5625c55f5360 DEBUG   GST_REFCOUNTING gstobject.c:708:gst_object_set_parent: set parent (ref and sink)
0:00:00.017816797  2783 0x55d641a1c360 LOG   GST_POLL gstpoll.c:994:gst_poll_fd_ctl_write: 0x55d641a40910: pfd->events now 60 (POLLOUT:4)
0:00:00.022726634  2782 0x5625c55f5360 TRACE   GST_REFCOUNTING gstobject.c:292:gst_object_ref_sink: 0x5625c5628710 ref_sink 1->2
0:00:00.017823632  2783 0x55d641a1c360 DEBUG   GST_POLL gstpoll.c:979:gst_poll_fd_ctl_write: 0x55d641a40910: fd (fd:0, idx:1), active : 1
0:00:00.022733873  2782 0x5625c55f5360 LOG   GST_REGISTRY gstregistry.c:607:gst_registry_add_feature: emitting feature-added for clocksync
0:00:00.017830824  2783 0x55d641a1c360 LOG   GST_POLL gstpoll.c:994:gst_poll_fd_ctl_write: 0x55d641a40910: pfd->events now 60 (POLLOUT:4)
0:00:00.022741068  2782 0x5625c55f5360 DEBUG   GST_REGISTRY gstregistrychunks.c:740:gst_registry_chunks_load_feature: Added feature clocksync, plugin 0x5625c5623ea0 coreelements
0:00:00.017837912  2783 0x55d641a1c360 DEBUG   GST_POLL gstpoll.c:979:gst_poll_fd_ctl_write: 0x55d641a40910: fd (fd:0, idx:1), active : 1
0:00:00.022752425  2782 0x5625c55f5360 DEBUG   GST_REGISTRY gstregistrychunks.c:582:gst_registry_chunks_load_feature: Plugin 'coreelements' feature 'capsfilter' typename : 'GstElementFactory'
0:00:00.017849334  2783 0x55d641a1c360 LOG   GST_POLL gstpoll.c:994:gst_poll_fd_ctl_write: 0x55d641a40910: pfd->events now 60 (POLLOUT:4)
0:00:00.022760795  2782 0x5625c55f5360 TRACE   GST_REFCOUNTING gstobject.c:208:gst_object_init: 0x5625c56295c0 new
0:00:00.017856727  2783 0x55d641a1c360 DEBUG   GST_POLL gstpoll.c:979:gst_poll_fd_ctl_write: 0x55d641a40910: fd (fd:0, idx:1), active : 1
0:00:00.022769401  2782 0x5625c55f5360 LOG   GST_REGISTRY gstregistrychunks.c:609:gst_registry_chunks_load_feature: Reading/casting for GstRegistryChunkElementFactory at address 0x5625c561cec0
0:00:00.017865207  2783 0x55d641a1c360 LOG   GST_POLL gstpoll.c:994:gst_poll_fd_ctl_write: 0x55d641a40910: pfd->events now 60 (POLLOUT:4)
0:00:00.022776604  2782 0x5625c55f5360 TRACE   structure gststructure.c:287:gst_structure_new_id_empty_with_size: created structure 0x5625c56298d0
0:00:00.017873952  2783 0x55d641a1c360 DEBUG   GST_POLL gstpoll.c:979:gst_poll_fd_ctl_write: 0x55d641a40910: fd (fd:0, idx:1), active : 1
0:00:00.022783236  2782 0x5625c55f5360 DEBUG   structure gststructure.c:2203:gst_structure_parse_field: trying field name 'long-name'
0:00:00.017880495  2783 0x55d641a1c360 LOG   GST_POLL gstpoll.c:994:gst_poll_fd_ctl_write: 0x55d641a40910: pfd->events now 60 (POLLOUT:4)
0:00:00.022789484  2782 0x5625c55f5360 DEBUG   default gstvalue.c:2676:_priv_gst_value_parse_value: trying type name 'string'
0:00:00.017887264  2783 0x55d641a1c360 DEBUG   GST_POLL gstpoll.c:979:gst_poll_fd_ctl_write: 0x55d641a40910: fd (fd:0, idx:1), active : 1
0:00:00.022796590  2782 0x5625c55f5360 DEBUG   structure gststructure.c:2203:gst_structure_parse_field: trying field name 'klass'
0:00:00.017893840  2783 0x55d641a1c360 LOG   GST_POLL gstpoll.c:994:gst_poll_fd_ctl_write: 0x55d641a40910: pfd->events now 60 (POLLOUT:4)
0:00:00.022802872  2782 0x5625c55f5360 DEBUG   default gstvalue.c:2676:_priv_gst_value_parse_value: trying type name 'string'
0:00:00.017900622  2783 0x55d641a1c360 DEBUG   GST_POLL gstpoll.c:979:gst_poll_fd_ctl_write: 0x55d641a40910: fd (fd:0, idx:1), active : 1
0:00:00.022809715  2782 0x5625c55f5360 DEBUG   structure gststructure.c:2203:gst_structure_parse_field: trying field name 'description'
0:00:00.017907138  2783 0x55d641a1c360 LOG   GST_POLL gstpoll.c:994:gst_poll_fd_ctl_write: 0x55d641a40910: pfd->events now 60 (POLLOUT:4)
0:00:00.022816168  2782 0x5625c55f5360 DEBUG   default gstvalue.c:2676:_priv_gst_value_parse_value: trying type name 'string'
0:00:00.017913957  2783 0x55d641a1c360 DEBUG   GST_POLL gstpoll.c:979:gst_poll_fd_ctl_write: 0x55d641a40910: fd (fd:0, idx:1), active : 1
0:00:00.022823480  2782 0x5625c55f5360 DEBUG   structure gststructure.c:2203:gst_structure_parse_field: trying field name 'author'
0:00:00.017920437  2783 0x55d641a1c360 LOG   GST_POLL gstpoll.c:994:gst_poll_fd_ctl_write: 0x55d641a40910: pfd->events now 60 (POLLOUT:4)
0:00:00.022833816  2782 0x5625c55f5360 DEBUG   default gstvalue.c:2676:_priv_gst_value_parse_value: trying type name 'string'
0:00:00.017931610  2783 0x55d641a1c360 DEBUG   GST_POLL gstpoll.c:979:gst_poll_fd_ctl_write: 0x55d641a40910: fd (fd:0, idx:1), active : 1
0:00:00.022841206  2782 0x5625c55f5360 DEBUG   GST_REGISTRY gstregistrychunks.c:626:gst_registry_chunks_load_feature: Element factory : npadtemplates=2
0:00:00.017938168  2783 0x55d641a1c360 LOG   GST_POLL gstpoll.c:994:gst_poll_fd_ctl_write: 0x55d641a40910: pfd->events now 60 (POLLOUT:4)
0:00:00.022847493  2782 0x5625c55f5360 DEBUG   GST_REGISTRY gstregistrychunks.c:525:gst_registry_chunks_load_pad_template: Reading/casting for GstRegistryChunkPadTemplate at address 0x5625c561cfa0
0:00:00.017945332  2783 0x55d641a1c360 DEBUG   GST_POLL gstpoll.c:979:gst_poll_fd_ctl_write: 0x55d641a40910: fd (fd:0, idx:1), active : 1
0:00:00.017951694  2783 0x55d641a1c360 LOG   GST_POLL gstpoll.c:994:gst_poll_fd_ctl_write: 0x55d641a40910: pfd->events now 60 (POLLOUT:4)
0:00:00.022864615  2782 0x5625c55f5360 DEBUG   GST_REGISTRY gstregistrychunks.c:539:gst_registry_chunks_load_pad_template: Added pad_template sink
0:00:00.017966662  2783 0x55d641a1c360 DEBUG   GST_POLL gstpoll.c:979:gst_poll_fd_ctl_write: 0x55d641a40910: fd (fd:0, idx:1), active : 1
0:00:00.022872278  2782 0x5625c55f5360 DEBUG   GST_REGISTRY gstregistrychunks.c:525:gst_registry_chunks_load_pad_template: Reading/casting for GstRegistryChunkPadTemplate at address 0x5625c561cfb8
0:00:00.017973839  2783 0x55d641a1c360 LOG   GST_POLL gstpoll.c:994:gst_poll_fd_ctl_write: 0x55d641a40910: pfd->events now 60 (POLLOUT:4)
0:00:00.022880667  2782 0x5625c55f5360 DEBUG   GST_REGISTRY gstregistrychunks.c:539:gst_registry_chunks_load_pad_template: Added pad_template src
0:00:00.017980673  2783 0x55d641a1c360 DEBUG   GST_POLL gstpoll.c:979:gst_poll_fd_ctl_write: 0x55d641a40910: fd (fd:0, idx:1), active : 1
0:00:00.022888880  2782 0x5625c55f5360 DEBUG   GST_REGISTRY gstregistry.c:589:gst_registry_add_feature: adding feature 0x5625c56295c0 (capsfilter)
0:00:00.017987139  2783 0x55d641a1c360 LOG   GST_POLL gstpoll.c:994:gst_poll_fd_ctl_write: 0x55d641a40910: pfd->events now 60 (POLLOUT:4)
0:00:00.022895623  2782 0x5625c55f5360 DEBUG   GST_REFCOUNTING gstobject.c:708:gst_object_set_parent: set parent (ref and sink)
0:00:00.017993759  2783 0x55d641a1c360 DEBUG   GST_POLL gstpoll.c:979:gst_poll_fd_ctl_write: 0x55d641a40910: fd (fd:0, idx:1), active : 1
0:00:00.022903272  2782 0x5625c55f5360 TRACE   GST_REFCOUNTING gstobject.c:292:gst_object_ref_sink: 0x5625c56295c0 ref_sink 1->2
0:00:00.018000185  2783 0x55d641a1c360 LOG   GST_POLL gstpoll.c:994:gst_poll_fd_ctl_write: 0x55d641a40910: pfd->events now 60 (POLLOUT:4)
0:00:00.022910618  2782 0x5625c55f5360 LOG   GST_REGISTRY gstregistry.c:607:gst_registry_add_feature: emitting feature-added for capsfilter
0:00:00.018008002  2783 0x55d641a1c360 DEBUG   GST_POLL gstpoll.c:979:gst_poll_fd_ctl_write: 0x55d641a40910: fd (fd:0, idx:1), active : 1
0:00:00.022917801  2782 0x5625c55f5360 DEBUG   GST_REGISTRY gstregistrychunks.c:740:gst_registry_chunks_load_feature: Added feature capsfilter, plugin 0x5625c5623ea0 coreelements
0:00:00.018018244  2783 0x55d641a1c360 LOG   GST_POLL gstpoll.c:994:gst_poll_fd_ctl_write: 0x55d641a40910: pfd->events now 60 (POLLOUT:4)
0:00:00.018025085  2783 0x55d641a1c360 DEBUG   GST_POLL gstpoll.c:979:gst_poll_fd_ctl_write: 0x55d641a40910: fd (fd:0, idx:1), active : 1
0:00:00.022929666  2782 0x5625c55f5360 LOG   GST_PLUGIN_LOADING gstpluginloader.c:887:handle_rx_packet: marking plugin 0x5625c5623ea0 as registered as /home/conan/w/prod/BuildSingleReference/.conan/data/gstreamer/1.18.3/_/_/package/d8cac73bce0dfdb14708c459db4ae84177c23223/lib/gstreamer-1.0/libgstcoreelements.so
0:00:00.018031059  2783 0x55d641a1c360 LOG   GST_POLL gstpoll.c:994:gst_poll_fd_ctl_write: 0x55d641a40910: pfd->events now 60 (POLLOUT:4)
0:00:00.022941403  2782 0x5625c55f5360 DEBUG   GST_POLL gstpoll.c:1414:gst_poll_wait: 0x5625c561a3d0: timeout :0:00:01.000000000
0:00:00.018037728  2783 0x55d641a1c360 DEBUG   GST_POLL gstpoll.c:979:gst_poll_fd_ctl_write: 0x55d641a40910: fd (fd:0, idx:1), active : 1
0:00:00.018045569  2783 0x55d641a1c360 LOG   GST_POLL gstpoll.c:994:gst_poll_fd_ctl_write: 0x55d641a40910: pfd->events now 60 (POLLOUT:4)
0:00:00.018051738  2783 0x55d641a1c360 DEBUG   GST_POLL gstpoll.c:979:gst_poll_fd_ctl_write: 0x55d641a40910: fd (fd:0, idx:1), active : 1
0:00:00.018057639  2783 0x55d641a1c360 LOG   GST_POLL gstpoll.c:994:gst_poll_fd_ctl_write: 0x55d641a40910: pfd->events now 60 (POLLOUT:4)
0:00:00.018063824  2783 0x55d641a1c360 DEBUG   GST_POLL gstpoll.c:979:gst_poll_fd_ctl_write: 0x55d641a40910: fd (fd:0, idx:1), active : 1
0:00:00.018069712  2783 0x55d641a1c360 LOG   GST_POLL gstpoll.c:994:gst_poll_fd_ctl_write: 0x55d641a40910: pfd->events now 60 (POLLOUT:4)
0:00:00.018075937  2783 0x55d641a1c360 DEBUG   GST_POLL gstpoll.c:979:gst_poll_fd_ctl_write: 0x55d641a40910: fd (fd:0, idx:1), active : 1
0:00:00.018081845  2783 0x55d641a1c360 LOG   GST_POLL gstpoll.c:994:gst_poll_fd_ctl_write: 0x55d641a40910: pfd->events now 60 (POLLOUT:4)
0:00:00.018088069  2783 0x55d641a1c360 DEBUG   GST_POLL gstpoll.c:979:gst_poll_fd_ctl_write: 0x55d641a40910: fd (fd:0, idx:1), active : 1
0:00:00.018094001  2783 0x55d641a1c360 LOG   GST_POLL gstpoll.c:994:gst_poll_fd_ctl_write: 0x55d641a40910: pfd->events now 60 (POLLOUT:4)
0:00:00.018100241  2783 0x55d641a1c360 DEBUG   GST_POLL gstpoll.c:979:gst_poll_fd_ctl_write: 0x55d641a40910: fd (fd:0, idx:1), active : 1
0:00:00.018106137  2783 0x55d641a1c360 LOG   GST_POLL gstpoll.c:994:gst_poll_fd_ctl_write: 0x55d641a40910: pfd->events now 60 (POLLOUT:4)
0:00:00.018112404  2783 0x55d641a1c360 DEBUG   GST_POLL gstpoll.c:979:gst_poll_fd_ctl_write: 0x55d641a40910: fd (fd:0, idx:1), active : 1
0:00:00.018118257  2783 0x55d641a1c360 LOG   GST_POLL gstpoll.c:994:gst_poll_fd_ctl_write: 0x55d641a40910: pfd->events now 60 (POLLOUT:4)
0:00:00.018124447  2783 0x55d641a1c360 DEBUG   GST_POLL gstpoll.c:979:gst_poll_fd_ctl_write: 0x55d641a40910: fd (fd:0, idx:1), active : 1
0:00:00.018133958  2783 0x55d641a1c360 LOG   GST_POLL gstpoll.c:994:gst_poll_fd_ctl_write: 0x55d641a40910: pfd->events now 60 (POLLOUT:4)
0:00:00.018140342  2783 0x55d641a1c360 DEBUG   GST_POLL gstpoll.c:979:gst_poll_fd_ctl_write: 0x55d641a40910: fd (fd:0, idx:1), active : 1
0:00:00.018146199  2783 0x55d641a1c360 LOG   GST_POLL gstpoll.c:994:gst_poll_fd_ctl_write: 0x55d641a40910: pfd->events now 60 (POLLOUT:4)
0:00:00.018152454  2783 0x55d641a1c360 DEBUG   GST_POLL gstpoll.c:979:gst_poll_fd_ctl_write: 0x55d641a40910: fd (fd:0, idx:1), active : 1
0:00:00.018158314  2783 0x55d641a1c360 LOG   GST_POLL gstpoll.c:994:gst_poll_fd_ctl_write: 0x55d641a40910: pfd->events now 60 (POLLOUT:4)
0:00:00.018164489  2783 0x55d641a1c360 DEBUG   GST_POLL gstpoll.c:979:gst_poll_fd_ctl_write: 0x55d641a40910: fd (fd:0, idx:1), active : 1
0:00:00.018170385  2783 0x55d641a1c360 LOG   GST_POLL gstpoll.c:994:gst_poll_fd_ctl_write: 0x55d641a40910: pfd->events now 60 (POLLOUT:4)
0:00:00.018180569  2783 0x55d641a1c360 TRACE   GST_REFCOUNTING gstobject.c:264:gst_object_unref: 0x55d641a44420 unref 2->1
0:00:00.018188477  2783 0x55d641a1c360 DEBUG   GST_POLL gstpoll.c:1241:gst_poll_fd_has_error: 0x55d641a40910: fd (fd:0, idx:1) 0
0:00:00.018195107  2783 0x55d641a1c360 DEBUG   GST_POLL gstpoll.c:1335:gst_poll_fd_can_write: 0x55d641a40910: fd (fd:0, idx:1) 1
0:00:00.018201192  2783 0x55d641a1c360 LOG   GST_PLUGIN_LOADING gstpluginloader.c:690:write_one: Writing packet of size 488 bytes to fd 0
0:00:00.018218357  2783 0x55d641a1c360 DEBUG   GST_POLL gstpoll.c:1414:gst_poll_wait: 0x55d641a40910: timeout :0:00:01.000000000
0:00:00.018228312  2783 0x55d641a1c360 LOG   GST_PLUGIN_LOADING gstpluginloader.c:1027:exchange_packets: Poll res = 2. 6872 bytes pending for write
0:00:00.018235371  2783 0x55d641a1c360 DEBUG   GST_POLL gstpoll.c:1241:gst_poll_fd_has_error: 0x55d641a40910: fd (fd:5, idx:2) 0
0:00:00.023143367  2782 0x5625c55f5360 LOG   GST_PLUGIN_LOADING gstpluginloader.c:1027:exchange_packets: Poll res = 1. 0 bytes pending for write
0:00:00.018241960  2783 0x55d641a1c360 DEBUG   GST_POLL gstpoll.c:1266:gst_poll_fd_can_read_unlocked: 0x55d641a40910: fd (fd:5, idx:2) 1
0:00:00.023153268  2782 0x5625c55f5360 DEBUG   GST_POLL gstpoll.c:1241:gst_poll_fd_has_error: 0x5625c561a3d0: fd (fd:8, idx:2) 0
0:00:00.018251658  2783 0x55d641a1c360 LOG   GST_PLUGIN_LOADING gstpluginloader.c:1005:read_one: No payload to read for 0 length packet type 1 tag 0
0:00:00.023160738  2782 0x5625c55f5360 DEBUG   GST_POLL gstpoll.c:1266:gst_poll_fd_can_read_unlocked: 0x5625c561a3d0: fd (fd:8, idx:2) 1
0:00:00.018259042  2783 0x55d641a1c360 DEBUG   GST_POLL gstpoll.c:1014:gst_poll_fd_ctl_read_unlocked: 0x55d641a40910: fd (fd:5, idx:2), active : 0
0:00:00.018266290  2783 0x55d641a1c360 DEBUG   GST_POLL gstpoll.c:979:gst_poll_fd_ctl_write: 0x55d641a40910: fd (fd:0, idx:1), active : 1
0:00:00.023171539  2782 0x5625c55f5360 DEBUG   GST_PLUGIN_LOADING gstpluginloader.c:848:handle_rx_packet: Received plugin details from child w/ tag 2. 476 bytes info
0:00:00.018272529  2783 0x55d641a1c360 LOG   GST_POLL gstpoll.c:994:gst_poll_fd_ctl_write: 0x55d641a40910: pfd->events now 60 (POLLOUT:4)
0:00:00.023179664  2782 0x5625c55f5360 LOG   GST_REGISTRY gstregistrychunks.c:836:_priv_gst_registry_chunks_load_plugin: Reading/casting for GstRegistryChunkPluginElement at address 0x5625c561b500
0:00:00.018289869  2783 0x55d641a1c360 DEBUG   GST_POLL gstpoll.c:1241:gst_poll_fd_has_error: 0x55d641a40910: fd (fd:0, idx:1) 0
0:00:00.023198584  2782 0x5625c55f5360 TRACE   GST_REFCOUNTING gstobject.c:208:gst_object_init: 0x5625c5629d70 new
0:00:00.018297007  2783 0x55d641a1c360 DEBUG   GST_POLL gstpoll.c:1335:gst_poll_fd_can_write: 0x55d641a40910: fd (fd:0, idx:1) 1
0:00:00.018303499  2783 0x55d641a1c360 LOG   GST_PLUGIN_LOADING gstpluginloader.c:690:write_one: Writing packet of size 6872 bytes to fd 0
0:00:00.023211003  2782 0x5625c55f5360 LOG   GST_REGISTRY gstregistrychunks.c:858:_priv_gst_registry_chunks_load_plugin: read strings for name='coretracers'
0:00:00.023217763  2782 0x5625c55f5360 LOG   GST_REGISTRY gstregistrychunks.c:859:_priv_gst_registry_chunks_load_plugin: desc.description='GStreamer core tracers'
0:00:00.018314058  2783 0x55d641a1c360 DEBUG   GST_POLL gstpoll.c:1414:gst_poll_wait: 0x55d641a40910: timeout :0:00:01.000000000
0:00:00.023223734  2782 0x5625c55f5360 LOG   GST_REGISTRY gstregistrychunks.c:860:_priv_gst_registry_chunks_load_plugin: filename='/home/conan/w/prod/BuildSingleReference/.conan/data/gstreamer/1.18.3/_/_/package/d8cac73bce0dfdb14708c459db4ae84177c23223/lib/gstreamer-1.0/libgstcoretracers.so'
0:00:00.018322954  2783 0x55d641a1c360 LOG   GST_PLUGIN_LOADING gstpluginloader.c:1027:exchange_packets: Poll res = 1. 12 bytes pending for write
0:00:00.023230165  2782 0x5625c55f5360 LOG   GST_REGISTRY gstregistrychunks.c:861:_priv_gst_registry_chunks_load_plugin: desc.version='1.18.3'
0:00:00.018330179  2783 0x55d641a1c360 DEBUG   GST_POLL gstpoll.c:1241:gst_poll_fd_has_error: 0x55d641a40910: fd (fd:0, idx:1) 0
0:00:00.023236335  2782 0x5625c55f5360 LOG   GST_REGISTRY gstregistrychunks.c:862:_priv_gst_registry_chunks_load_plugin: desc.license='LGPL'
0:00:00.018337013  2783 0x55d641a1c360 DEBUG   GST_POLL gstpoll.c:1335:gst_poll_fd_can_write: 0x55d641a40910: fd (fd:0, idx:1) 1
0:00:00.023243552  2782 0x5625c55f5360 LOG   GST_REGISTRY gstregistrychunks.c:863:_priv_gst_registry_chunks_load_plugin: desc.source='gstreamer'
0:00:00.018343385  2783 0x55d641a1c360 LOG   GST_PLUGIN_LOADING gstpluginloader.c:690:write_one: Writing packet of size 12 bytes to fd 0
0:00:00.023250349  2782 0x5625c55f5360 LOG   GST_REGISTRY gstregistrychunks.c:864:_priv_gst_registry_chunks_load_plugin: desc.package='GStreamer source release'
0:00:00.018351813  2783 0x55d641a1c360 DEBUG   GST_POLL gstpoll.c:979:gst_poll_fd_ctl_write: 0x55d641a40910: fd (fd:0, idx:1), active : 0
0:00:00.023257031  2782 0x5625c55f5360 LOG   GST_REGISTRY gstregistrychunks.c:865:_priv_gst_registry_chunks_load_plugin: desc.origin='Unknown package origin'
0:00:00.018358607  2783 0x55d641a1c360 LOG   GST_POLL gstpoll.c:994:gst_poll_fd_ctl_write: 0x55d641a40910: pfd->events now 56 (POLLOUT:4)
0:00:00.023265238  2782 0x5625c55f5360 LOG   GST_REGISTRY gstregistrychunks.c:866:_priv_gst_registry_chunks_load_plugin: desc.datetime=2021-01-13
0:00:00.018374289  2783 0x55d641a1c360 DEBUG   GST_POLL gstpoll.c:772:gst_poll_free: 0x55d641a40910: freeing
0:00:00.023280268  2782 0x5625c55f5360 DEBUG   GST_REGISTRY gstregistry.c:446:gst_registry_add_plugin: Replacing existing plugin "/home/conan/w/prod/BuildSingleReference/.conan/data/gstreamer/1.18.3/_/_/package/d8cac73bce0dfdb14708c459db4ae84177c23223/lib/gstreamer-1.0/libgstcoretracers.so" 0x5625c561aa80 with new plugin 0x5625c5629d70 for filename "/home/conan/w/prod/BuildSingleReference/.conan/data/gstreamer/1.18.3/_/_/package/d8cac73bce0dfdb14708c459db4ae84177c23223/lib/gstreamer-1.0/libgstcoretracers.so"
0:00:00.023292581  2782 0x5625c55f5360 TRACE   GST_REFCOUNTING gstobject.c:264:gst_object_unref: 0x5625c561aa80 unref 1->0
0:00:00.023300708  2782 0x5625c55f5360 TRACE   GST_REFCOUNTING gstobject.c:381:gst_object_dispose: 0x5625c561aa80 dispose
0:00:00.023309589  2782 0x5625c55f5360 DEBUG   GST_PLUGIN_LOADING gstplugin.c:136:gst_plugin_finalize: finalizing plugin
0:00:00.023318460  2782 0x5625c55f5360 TRACE   GST_REFCOUNTING gstobject.c:423:gst_object_finalize: 0x5625c561aa80 finalize
0:00:00.023331976  2782 0x5625c55f5360 DEBUG   GST_REGISTRY gstregistry.c:473:gst_registry_add_plugin: adding plugin 0x5625c5629d70 for filename "/home/conan/w/prod/BuildSingleReference/.conan/data/gstreamer/1.18.3/_/_/package/d8cac73bce0dfdb14708c459db4ae84177c23223/lib/gstreamer-1.0/libgstcoretracers.so"
0:00:00.023339737  2782 0x5625c55f5360 TRACE   GST_REFCOUNTING gstobject.c:292:gst_object_ref_sink: 0x5625c5629d70 ref_sink 1->2
0:00:00.023346962  2782 0x5625c55f5360 LOG   GST_REGISTRY gstregistry.c:486:gst_registry_add_plugin: emitting plugin-added for filename "/home/conan/w/prod/BuildSingleReference/.conan/data/gstreamer/1.18.3/_/_/package/d8cac73bce0dfdb14708c459db4ae84177c23223/lib/gstreamer-1.0/libgstcoretracers.so"
0:00:00.023354029  2782 0x5625c55f5360 DEBUG   GST_REGISTRY gstregistrychunks.c:886:_priv_gst_registry_chunks_load_plugin: Added plugin 'coretracers' plugin with 5 features from binary registry
0:00:00.023360998  2782 0x5625c55f5360 DEBUG   GST_REGISTRY gstregistrychunks.c:582:gst_registry_chunks_load_feature: Plugin 'coretracers' feature 'leaks' typename : 'GstTracerFactory'
0:00:00.023369356  2782 0x5625c55f5360 TRACE   GST_REFCOUNTING gstobject.c:208:gst_object_init: 0x5625c561aa70 new
0:00:00.023378390  2782 0x5625c55f5360 DEBUG   GST_REGISTRY gstregistrychunks.c:716:gst_registry_chunks_load_feature: Reading/casting for GstRegistryChunkPluginFeature at address 0x5625c561b648
0:00:00.023386196  2782 0x5625c55f5360 DEBUG   GST_REGISTRY gstregistry.c:580:gst_registry_add_feature: replacing existing feature 0x5625c561ae10 (leaks)
0:00:00.023393545  2782 0x5625c55f5360 DEBUG   GST_REGISTRY gstregistry.c:589:gst_registry_add_feature: adding feature 0x5625c561aa70 (leaks)
0:00:00.023399683  2782 0x5625c55f5360 TRACE   GST_REFCOUNTING gstobject.c:788:gst_object_unparent: unparent
0:00:00.023406781  2782 0x5625c55f5360 TRACE   GST_REFCOUNTING gstobject.c:264:gst_object_unref: 0x5625c561ae10 unref 1->0
0:00:00.023413455  2782 0x5625c55f5360 TRACE   GST_REFCOUNTING gstobject.c:381:gst_object_dispose: 0x5625c561ae10 dispose
0:00:00.023425085  2782 0x5625c55f5360 DEBUG   GST_PLUGIN_LOADING gstpluginfeature.c:67:gst_plugin_feature_finalize: finalizing feature 0x5625c561ae10: 'leaks'
0:00:00.023431750  2782 0x5625c55f5360 TRACE   GST_REFCOUNTING gstobject.c:423:gst_object_finalize: 0x5625c561ae10 finalize
0:00:00.023438775  2782 0x5625c55f5360 DEBUG   GST_REFCOUNTING gstobject.c:708:gst_object_set_parent: set parent (ref and sink)
0:00:00.023446044  2782 0x5625c55f5360 TRACE   GST_REFCOUNTING gstobject.c:292:gst_object_ref_sink: 0x5625c561aa70 ref_sink 1->2
0:00:00.023452770  2782 0x5625c55f5360 LOG   GST_REGISTRY gstregistry.c:607:gst_registry_add_feature: emitting feature-added for leaks
0:00:00.023459825  2782 0x5625c55f5360 DEBUG   GST_REGISTRY gstregistrychunks.c:740:gst_registry_chunks_load_feature: Added feature leaks, plugin 0x5625c5629d70 coretracers
0:00:00.023466644  2782 0x5625c55f5360 DEBUG   GST_REGISTRY gstregistrychunks.c:582:gst_registry_chunks_load_feature: Plugin 'coretracers' feature 'stats' typename : 'GstTracerFactory'
0:00:00.023474235  2782 0x5625c55f5360 TRACE   GST_REFCOUNTING gstobject.c:208:gst_object_init: 0x5625c561ae10 new
0:00:00.023482478  2782 0x5625c55f5360 DEBUG   GST_REGISTRY gstregistrychunks.c:716:gst_registry_chunks_load_feature: Reading/casting for GstRegistryChunkPluginFeature at address 0x5625c561b668
0:00:00.023490203  2782 0x5625c55f5360 DEBUG   GST_REGISTRY gstregistry.c:580:gst_registry_add_feature: replacing existing feature 0x5625c561b020 (stats)
