0:00:00.020541972  2782 0x5625c55f5360 DEBUG   structure gststructure.c:2203:gst_structure_parse_field: trying field name 'description'
0:00:00.015638546  2783 0x55d641a1c360 LOG   GST_POLL gstpoll.c:994:gst_poll_fd_ctl_write: 0x55d641a40910: pfd->events now 60 (POLLOUT:4)
0:00:00.020548417  2782 0x5625c55f5360 DEBUG   default gstvalue.c:2676:_priv_gst_value_parse_value: trying type name 'string'
0:00:00.015646041  2783 0x55d641a1c360 DEBUG   GST_POLL gstpoll.c:979:gst_poll_fd_ctl_write: 0x55d641a40910: fd (fd:0, idx:1), active : 1
0:00:00.020555627  2782 0x5625c55f5360 DEBUG   structure gststructure.c:2203:gst_structure_parse_field: trying field name 'author'
0:00:00.015652426  2783 0x55d641a1c360 LOG   GST_POLL gstpoll.c:994:gst_poll_fd_ctl_write: 0x55d641a40910: pfd->events now 60 (POLLOUT:4)
0:00:00.020562222  2782 0x5625c55f5360 DEBUG   default gstvalue.c:2676:_priv_gst_value_parse_value: trying type name 'string'
0:00:00.015659904  2783 0x55d641a1c360 DEBUG   GST_POLL gstpoll.c:979:gst_poll_fd_ctl_write: 0x55d641a40910: fd (fd:0, idx:1), active : 1
0:00:00.020569620  2782 0x5625c55f5360 DEBUG   GST_REGISTRY gstregistrychunks.c:626:gst_registry_chunks_load_feature: Element factory : npadtemplates=2
0:00:00.015666374  2783 0x55d641a1c360 LOG   GST_POLL gstpoll.c:994:gst_poll_fd_ctl_write: 0x55d641a40910: pfd->events now 60 (POLLOUT:4)
0:00:00.015673712  2783 0x55d641a1c360 DEBUG   GST_POLL gstpoll.c:979:gst_poll_fd_ctl_write: 0x55d641a40910: fd (fd:0, idx:1), active : 1
0:00:00.020580843  2782 0x5625c55f5360 DEBUG   GST_REGISTRY gstregistrychunks.c:525:gst_registry_chunks_load_pad_template: Reading/casting for GstRegistryChunkPadTemplate at address 0x5625c561c040
0:00:00.015679574  2783 0x55d641a1c360 LOG   GST_POLL gstpoll.c:994:gst_poll_fd_ctl_write: 0x55d641a40910: pfd->events now 60 (POLLOUT:4)
0:00:00.020591851  2782 0x5625c55f5360 DEBUG   GST_REGISTRY gstregistrychunks.c:539:gst_registry_chunks_load_pad_template: Added pad_template src_%u
0:00:00.015689376  2783 0x55d641a1c360 DEBUG   GST_POLL gstpoll.c:979:gst_poll_fd_ctl_write: 0x55d641a40910: fd (fd:0, idx:1), active : 1
0:00:00.015695781  2783 0x55d641a1c360 LOG   GST_POLL gstpoll.c:994:gst_poll_fd_ctl_write: 0x55d641a40910: pfd->events now 60 (POLLOUT:4)
0:00:00.020604047  2782 0x5625c55f5360 DEBUG   GST_REGISTRY gstregistrychunks.c:525:gst_registry_chunks_load_pad_template: Reading/casting for GstRegistryChunkPadTemplate at address 0x5625c561c058
0:00:00.015702095  2783 0x55d641a1c360 DEBUG   GST_POLL gstpoll.c:979:gst_poll_fd_ctl_write: 0x55d641a40910: fd (fd:0, idx:1), active : 1
0:00:00.020610729  2782 0x5625c55f5360 DEBUG   GST_REGISTRY gstregistrychunks.c:539:gst_registry_chunks_load_pad_template: Added pad_template sink
0:00:00.015708592  2783 0x55d641a1c360 LOG   GST_POLL gstpoll.c:994:gst_poll_fd_ctl_write: 0x55d641a40910: pfd->events now 60 (POLLOUT:4)
0:00:00.020618817  2782 0x5625c55f5360 DEBUG   GST_REGISTRY gstregistry.c:589:gst_registry_add_feature: adding feature 0x5625c561f970 (output-selector)
0:00:00.015715348  2783 0x55d641a1c360 DEBUG   GST_POLL gstpoll.c:979:gst_poll_fd_ctl_write: 0x55d641a40910: fd (fd:0, idx:1), active : 1
0:00:00.015722741  2783 0x55d641a1c360 LOG   GST_POLL gstpoll.c:994:gst_poll_fd_ctl_write: 0x55d641a40910: pfd->events now 60 (POLLOUT:4)
0:00:00.020627587  2782 0x5625c55f5360 DEBUG   GST_REFCOUNTING gstobject.c:708:gst_object_set_parent: set parent (ref and sink)
0:00:00.015728956  2783 0x55d641a1c360 DEBUG   GST_POLL gstpoll.c:979:gst_poll_fd_ctl_write: 0x55d641a40910: fd (fd:0, idx:1), active : 1
0:00:00.020636655  2782 0x5625c55f5360 TRACE   GST_REFCOUNTING gstobject.c:292:gst_object_ref_sink: 0x5625c561f970 ref_sink 1->2
0:00:00.015735291  2783 0x55d641a1c360 LOG   GST_POLL gstpoll.c:994:gst_poll_fd_ctl_write: 0x55d641a40910: pfd->events now 60 (POLLOUT:4)
0:00:00.020643876  2782 0x5625c55f5360 LOG   GST_REGISTRY gstregistry.c:607:gst_registry_add_feature: emitting feature-added for output-selector
0:00:00.015741979  2783 0x55d641a1c360 DEBUG   GST_POLL gstpoll.c:979:gst_poll_fd_ctl_write: 0x55d641a40910: fd (fd:0, idx:1), active : 1
0:00:00.020651267  2782 0x5625c55f5360 DEBUG   GST_REGISTRY gstregistrychunks.c:740:gst_registry_chunks_load_feature: Added feature output-selector, plugin 0x5625c5623ea0 coreelements
0:00:00.015748418  2783 0x55d641a1c360 LOG   GST_POLL gstpoll.c:994:gst_poll_fd_ctl_write: 0x55d641a40910: pfd->events now 60 (POLLOUT:4)
0:00:00.020658468  2782 0x5625c55f5360 DEBUG   GST_REGISTRY gstregistrychunks.c:582:gst_registry_chunks_load_feature: Plugin 'coreelements' feature 'input-selector' typename : 'GstElementFactory'
0:00:00.015755306  2783 0x55d641a1c360 DEBUG   GST_POLL gstpoll.c:979:gst_poll_fd_ctl_write: 0x55d641a40910: fd (fd:0, idx:1), active : 1
0:00:00.020666329  2782 0x5625c55f5360 TRACE   GST_REFCOUNTING gstobject.c:208:gst_object_init: 0x5625c5620330 new
0:00:00.015766654  2783 0x55d641a1c360 LOG   GST_POLL gstpoll.c:994:gst_poll_fd_ctl_write: 0x55d641a40910: pfd->events now 60 (POLLOUT:4)
0:00:00.020675677  2782 0x5625c55f5360 LOG   GST_REGISTRY gstregistrychunks.c:609:gst_registry_chunks_load_feature: Reading/casting for GstRegistryChunkElementFactory at address 0x5625c561c090
0:00:00.015773452  2783 0x55d641a1c360 DEBUG   GST_POLL gstpoll.c:979:gst_poll_fd_ctl_write: 0x55d641a40910: fd (fd:0, idx:1), active : 1
0:00:00.015779913  2783 0x55d641a1c360 LOG   GST_POLL gstpoll.c:994:gst_poll_fd_ctl_write: 0x55d641a40910: pfd->events now 60 (POLLOUT:4)
0:00:00.020684875  2782 0x5625c55f5360 TRACE   structure gststructure.c:287:gst_structure_new_id_empty_with_size: created structure 0x5625c5620420
0:00:00.015786101  2783 0x55d641a1c360 DEBUG   GST_POLL gstpoll.c:979:gst_poll_fd_ctl_write: 0x55d641a40910: fd (fd:0, idx:1), active : 1
0:00:00.020692922  2782 0x5625c55f5360 DEBUG   structure gststructure.c:2203:gst_structure_parse_field: trying field name 'long-name'
0:00:00.015792514  2783 0x55d641a1c360 LOG   GST_POLL gstpoll.c:994:gst_poll_fd_ctl_write: 0x55d641a40910: pfd->events now 60 (POLLOUT:4)
0:00:00.020699717  2782 0x5625c55f5360 DEBUG   default gstvalue.c:2676:_priv_gst_value_parse_value: trying type name 'string'
0:00:00.015799261  2783 0x55d641a1c360 DEBUG   GST_POLL gstpoll.c:979:gst_poll_fd_ctl_write: 0x55d641a40910: fd (fd:0, idx:1), active : 1
0:00:00.020706966  2782 0x5625c55f5360 DEBUG   structure gststructure.c:2203:gst_structure_parse_field: trying field name 'klass'
0:00:00.015805621  2783 0x55d641a1c360 LOG   GST_POLL gstpoll.c:994:gst_poll_fd_ctl_write: 0x55d641a40910: pfd->events now 60 (POLLOUT:4)
0:00:00.020713213  2782 0x5625c55f5360 DEBUG   default gstvalue.c:2676:_priv_gst_value_parse_value: trying type name 'string'
0:00:00.015812351  2783 0x55d641a1c360 DEBUG   GST_POLL gstpoll.c:979:gst_poll_fd_ctl_write: 0x55d641a40910: fd (fd:0, idx:1), active : 1
0:00:00.020720293  2782 0x5625c55f5360 DEBUG   structure gststructure.c:2203:gst_structure_parse_field: trying field name 'description'
0:00:00.015818709  2783 0x55d641a1c360 LOG   GST_POLL gstpoll.c:994:gst_poll_fd_ctl_write: 0x55d641a40910: pfd->events now 60 (POLLOUT:4)
0:00:00.020726515  2782 0x5625c55f5360 DEBUG   default gstvalue.c:2676:_priv_gst_value_parse_value: trying type name 'string'
0:00:00.015825371  2783 0x55d641a1c360 DEBUG   GST_POLL gstpoll.c:979:gst_poll_fd_ctl_write: 0x55d641a40910: fd (fd:0, idx:1), active : 1
0:00:00.020733571  2782 0x5625c55f5360 DEBUG   structure gststructure.c:2203:gst_structure_parse_field: trying field name 'author'
0:00:00.015831738  2783 0x55d641a1c360 LOG   GST_POLL gstpoll.c:994:gst_poll_fd_ctl_write: 0x55d641a40910: pfd->events now 60 (POLLOUT:4)
0:00:00.020739949  2782 0x5625c55f5360 DEBUG   default gstvalue.c:2676:_priv_gst_value_parse_value: trying type name 'string'
0:00:00.015838905  2783 0x55d641a1c360 LOG   GST_PLUGIN_LOADING gstpluginloader.c:645:put_chunk: Expanding tx buf from 10158 to 13209 for chunk of size 209
0:00:00.020752989  2782 0x5625c55f5360 DEBUG   GST_REGISTRY gstregistrychunks.c:626:gst_registry_chunks_load_feature: Element factory : npadtemplates=2
0:00:00.020759599  2782 0x5625c55f5360 DEBUG   GST_REGISTRY gstregistrychunks.c:525:gst_registry_chunks_load_pad_template: Reading/casting for GstRegistryChunkPadTemplate at address 0x5625c561c1c0
0:00:00.020765602  2782 0x5625c55f5360 DEBUG   GST_REGISTRY gstregistrychunks.c:539:gst_registry_chunks_load_pad_template: Added pad_template src
0:00:00.015860756  2783 0x55d641a1c360 DEBUG   GST_POLL gstpoll.c:979:gst_poll_fd_ctl_write: 0x55d641a40910: fd (fd:0, idx:1), active : 1
0:00:00.020771386  2782 0x5625c55f5360 DEBUG   GST_REGISTRY gstregistrychunks.c:525:gst_registry_chunks_load_pad_template: Reading/casting for GstRegistryChunkPadTemplate at address 0x5625c561c1d0
0:00:00.015869453  2783 0x55d641a1c360 LOG   GST_POLL gstpoll.c:994:gst_poll_fd_ctl_write: 0x55d641a40910: pfd->events now 60 (POLLOUT:4)
0:00:00.020777688  2782 0x5625c55f5360 DEBUG   GST_REGISTRY gstregistrychunks.c:539:gst_registry_chunks_load_pad_template: Added pad_template sink_%u
0:00:00.015876641  2783 0x55d641a1c360 DEBUG   GST_POLL gstpoll.c:979:gst_poll_fd_ctl_write: 0x55d641a40910: fd (fd:0, idx:1), active : 1
0:00:00.020785655  2782 0x5625c55f5360 DEBUG   GST_REGISTRY gstregistry.c:589:gst_registry_add_feature: adding feature 0x5625c5620330 (input-selector)
0:00:00.015883465  2783 0x55d641a1c360 LOG   GST_POLL gstpoll.c:994:gst_poll_fd_ctl_write: 0x55d641a40910: pfd->events now 60 (POLLOUT:4)
0:00:00.020792148  2782 0x5625c55f5360 DEBUG   GST_REFCOUNTING gstobject.c:708:gst_object_set_parent: set parent (ref and sink)
0:00:00.015890324  2783 0x55d641a1c360 DEBUG   GST_POLL gstpoll.c:979:gst_poll_fd_ctl_write: 0x55d641a40910: fd (fd:0, idx:1), active : 1
0:00:00.020800149  2782 0x5625c55f5360 TRACE   GST_REFCOUNTING gstobject.c:292:gst_object_ref_sink: 0x5625c5620330 ref_sink 1->2
0:00:00.015896789  2783 0x55d641a1c360 LOG   GST_POLL gstpoll.c:994:gst_poll_fd_ctl_write: 0x55d641a40910: pfd->events now 60 (POLLOUT:4)
0:00:00.020807350  2782 0x5625c55f5360 LOG   GST_REGISTRY gstregistry.c:607:gst_registry_add_feature: emitting feature-added for input-selector
0:00:00.015904709  2783 0x55d641a1c360 DEBUG   GST_POLL gstpoll.c:979:gst_poll_fd_ctl_write: 0x55d641a40910: fd (fd:0, idx:1), active : 1
0:00:00.020814784  2782 0x5625c55f5360 DEBUG   GST_REGISTRY gstregistrychunks.c:740:gst_registry_chunks_load_feature: Added feature input-selector, plugin 0x5625c5623ea0 coreelements
0:00:00.015911166  2783 0x55d641a1c360 LOG   GST_POLL gstpoll.c:994:gst_poll_fd_ctl_write: 0x55d641a40910: pfd->events now 60 (POLLOUT:4)
0:00:00.020821757  2782 0x5625c55f5360 DEBUG   GST_REGISTRY gstregistrychunks.c:582:gst_registry_chunks_load_feature: Plugin 'coreelements' feature 'identity' typename : 'GstElementFactory'
0:00:00.015918922  2783 0x55d641a1c360 DEBUG   GST_POLL gstpoll.c:979:gst_poll_fd_ctl_write: 0x55d641a40910: fd (fd:0, idx:1), active : 1
0:00:00.020829377  2782 0x5625c55f5360 TRACE   GST_REFCOUNTING gstobject.c:208:gst_object_init: 0x5625c56209b0 new
0:00:00.015945618  2783 0x55d641a1c360 LOG   GST_POLL gstpoll.c:994:gst_poll_fd_ctl_write: 0x55d641a40910: pfd->events now 60 (POLLOUT:4)
0:00:00.020854104  2782 0x5625c55f5360 LOG   GST_REGISTRY gstregistrychunks.c:609:gst_registry_chunks_load_feature: Reading/casting for GstRegistryChunkElementFactory at address 0x5625c561c200
0:00:00.020862989  2782 0x5625c55f5360 TRACE   structure gststructure.c:287:gst_structure_new_id_empty_with_size: created structure 0x5625c5620be0
0:00:00.015958664  2783 0x55d641a1c360 DEBUG   GST_POLL gstpoll.c:979:gst_poll_fd_ctl_write: 0x55d641a40910: fd (fd:0, idx:1), active : 1
0:00:00.020869158  2782 0x5625c55f5360 DEBUG   structure gststructure.c:2203:gst_structure_parse_field: trying field name 'long-name'
0:00:00.015969174  2783 0x55d641a1c360 LOG   GST_POLL gstpoll.c:994:gst_poll_fd_ctl_write: 0x55d641a40910: pfd->events now 60 (POLLOUT:4)
0:00:00.020875439  2782 0x5625c55f5360 DEBUG   default gstvalue.c:2676:_priv_gst_value_parse_value: trying type name 'string'
0:00:00.015976308  2783 0x55d641a1c360 DEBUG   GST_POLL gstpoll.c:979:gst_poll_fd_ctl_write: 0x55d641a40910: fd (fd:0, idx:1), active : 1
0:00:00.020883569  2782 0x5625c55f5360 DEBUG   structure gststructure.c:2203:gst_structure_parse_field: trying field name 'klass'
0:00:00.015982803  2783 0x55d641a1c360 LOG   GST_POLL gstpoll.c:994:gst_poll_fd_ctl_write: 0x55d641a40910: pfd->events now 60 (POLLOUT:4)
0:00:00.020889807  2782 0x5625c55f5360 DEBUG   default gstvalue.c:2676:_priv_gst_value_parse_value: trying type name 'string'
0:00:00.015989777  2783 0x55d641a1c360 DEBUG   GST_POLL gstpoll.c:979:gst_poll_fd_ctl_write: 0x55d641a40910: fd (fd:0, idx:1), active : 1
0:00:00.020897065  2782 0x5625c55f5360 DEBUG   structure gststructure.c:2203:gst_structure_parse_field: trying field name 'description'
0:00:00.015996206  2783 0x55d641a1c360 LOG   GST_POLL gstpoll.c:994:gst_poll_fd_ctl_write: 0x55d641a40910: pfd->events now 60 (POLLOUT:4)
0:00:00.020903228  2782 0x5625c55f5360 DEBUG   default gstvalue.c:2676:_priv_gst_value_parse_value: trying type name 'string'
0:00:00.016003073  2783 0x55d641a1c360 DEBUG   GST_POLL gstpoll.c:979:gst_poll_fd_ctl_write: 0x55d641a40910: fd (fd:0, idx:1), active : 1
0:00:00.020910667  2782 0x5625c55f5360 DEBUG   structure gststructure.c:2203:gst_structure_parse_field: trying field name 'author'
0:00:00.016009579  2783 0x55d641a1c360 LOG   GST_POLL gstpoll.c:994:gst_poll_fd_ctl_write: 0x55d641a40910: pfd->events now 60 (POLLOUT:4)
0:00:00.020916982  2782 0x5625c55f5360 DEBUG   default gstvalue.c:2676:_priv_gst_value_parse_value: trying type name 'string'
0:00:00.016016253  2783 0x55d641a1c360 DEBUG   GST_POLL gstpoll.c:979:gst_poll_fd_ctl_write: 0x55d641a40910: fd (fd:0, idx:1), active : 1
0:00:00.020924134  2782 0x5625c55f5360 DEBUG   GST_REGISTRY gstregistrychunks.c:626:gst_registry_chunks_load_feature: Element factory : npadtemplates=2
0:00:00.016022677  2783 0x55d641a1c360 LOG   GST_POLL gstpoll.c:994:gst_poll_fd_ctl_write: 0x55d641a40910: pfd->events now 60 (POLLOUT:4)
0:00:00.020930482  2782 0x5625c55f5360 DEBUG   GST_REGISTRY gstregistrychunks.c:525:gst_registry_chunks_load_pad_template: Reading/casting for GstRegistryChunkPadTemplate at address 0x5625c561c2d0
0:00:00.016034208  2783 0x55d641a1c360 DEBUG   GST_POLL gstpoll.c:979:gst_poll_fd_ctl_write: 0x55d641a40910: fd (fd:0, idx:1), active : 1
0:00:00.020941009  2782 0x5625c55f5360 DEBUG   GST_REGISTRY gstregistrychunks.c:539:gst_registry_chunks_load_pad_template: Added pad_template sink
0:00:00.016041021  2783 0x55d641a1c360 LOG   GST_POLL gstpoll.c:994:gst_poll_fd_ctl_write: 0x55d641a40910: pfd->events now 60 (POLLOUT:4)
0:00:00.020947957  2782 0x5625c55f5360 DEBUG   GST_REGISTRY gstregistrychunks.c:525:gst_registry_chunks_load_pad_template: Reading/casting for GstRegistryChunkPadTemplate at address 0x5625c561c2e8
0:00:00.016047871  2783 0x55d641a1c360 DEBUG   GST_POLL gstpoll.c:979:gst_poll_fd_ctl_write: 0x55d641a40910: fd (fd:0, idx:1), active : 1
0:00:00.020954593  2782 0x5625c55f5360 DEBUG   GST_REGISTRY gstregistrychunks.c:539:gst_registry_chunks_load_pad_template: Added pad_template src
0:00:00.016054379  2783 0x55d641a1c360 LOG   GST_POLL gstpoll.c:994:gst_poll_fd_ctl_write: 0x55d641a40910: pfd->events now 60 (POLLOUT:4)
0:00:00.020965771  2782 0x5625c55f5360 DEBUG   GST_REGISTRY gstregistry.c:589:gst_registry_add_feature: adding feature 0x5625c56209b0 (identity)
0:00:00.016061220  2783 0x55d641a1c360 DEBUG   GST_POLL gstpoll.c:979:gst_poll_fd_ctl_write: 0x55d641a40910: fd (fd:0, idx:1), active : 1
0:00:00.020972603  2782 0x5625c55f5360 DEBUG   GST_REFCOUNTING gstobject.c:708:gst_object_set_parent: set parent (ref and sink)
0:00:00.016069783  2783 0x55d641a1c360 LOG   GST_POLL gstpoll.c:994:gst_poll_fd_ctl_write: 0x55d641a40910: pfd->events now 60 (POLLOUT:4)
0:00:00.020980517  2782 0x5625c55f5360 TRACE   GST_REFCOUNTING gstobject.c:292:gst_object_ref_sink: 0x5625c56209b0 ref_sink 1->2
0:00:00.016077306  2783 0x55d641a1c360 DEBUG   GST_POLL gstpoll.c:979:gst_poll_fd_ctl_write: 0x55d641a40910: fd (fd:0, idx:1), active : 1
0:00:00.020987764  2782 0x5625c55f5360 LOG   GST_REGISTRY gstregistry.c:607:gst_registry_add_feature: emitting feature-added for identity
0:00:00.016084596  2783 0x55d641a1c360 LOG   GST_POLL gstpoll.c:994:gst_poll_fd_ctl_write: 0x55d641a40910: pfd->events now 60 (POLLOUT:4)
0:00:00.020995222  2782 0x5625c55f5360 DEBUG   GST_REGISTRY gstregistrychunks.c:740:gst_registry_chunks_load_feature: Added feature identity, plugin 0x5625c5623ea0 coreelements
0:00:00.016091975  2783 0x55d641a1c360 DEBUG   GST_POLL gstpoll.c:979:gst_poll_fd_ctl_write: 0x55d641a40910: fd (fd:0, idx:1), active : 1
0:00:00.021002479  2782 0x5625c55f5360 DEBUG   GST_REGISTRY gstregistrychunks.c:582:gst_registry_chunks_load_feature: Plugin 'coreelements' feature 'funnel' typename : 'GstElementFactory'
0:00:00.016098954  2783 0x55d641a1c360 LOG   GST_POLL gstpoll.c:994:gst_poll_fd_ctl_write: 0x55d641a40910: pfd->events now 60 (POLLOUT:4)
0:00:00.021010340  2782 0x5625c55f5360 TRACE   GST_REFCOUNTING gstobject.c:208:gst_object_init: 0x5625c5621020 new
0:00:00.016106596  2783 0x55d641a1c360 DEBUG   GST_POLL gstpoll.c:979:gst_poll_fd_ctl_write: 0x55d641a40910: fd (fd:0, idx:1), active : 1
0:00:00.021022803  2782 0x5625c55f5360 LOG   GST_REGISTRY gstregistrychunks.c:609:gst_registry_chunks_load_feature: Reading/casting for GstRegistryChunkElementFactory at address 0x5625c561c318
0:00:00.016118916  2783 0x55d641a1c360 LOG   GST_POLL gstpoll.c:994:gst_poll_fd_ctl_write: 0x55d641a40910: pfd->events now 60 (POLLOUT:4)
0:00:00.021030071  2782 0x5625c55f5360 TRACE   structure gststructure.c:287:gst_structure_new_id_empty_with_size: created structure 0x5625c5621320
0:00:00.016127226  2783 0x55d641a1c360 DEBUG   GST_POLL gstpoll.c:979:gst_poll_fd_ctl_write: 0x55d641a40910: fd (fd:0, idx:1), active : 1
0:00:00.021036499  2782 0x5625c55f5360 DEBUG   structure gststructure.c:2203:gst_structure_parse_field: trying field name 'long-name'
0:00:00.016133727  2783 0x55d641a1c360 LOG   GST_POLL gstpoll.c:994:gst_poll_fd_ctl_write: 0x55d641a40910: pfd->events now 60 (POLLOUT:4)
0:00:00.021042841  2782 0x5625c55f5360 DEBUG   default gstvalue.c:2676:_priv_gst_value_parse_value: trying type name 'string'
0:00:00.016140613  2783 0x55d641a1c360 DEBUG   GST_POLL gstpoll.c:979:gst_poll_fd_ctl_write: 0x55d641a40910: fd (fd:0, idx:1), active : 1
0:00:00.021049961  2782 0x5625c55f5360 DEBUG   structure gststructure.c:2203:gst_structure_parse_field: trying field name 'klass'
0:00:00.016147053  2783 0x55d641a1c360 LOG   GST_POLL gstpoll.c:994:gst_poll_fd_ctl_write: 0x55d641a40910: pfd->events now 60 (POLLOUT:4)
0:00:00.021056379  2782 0x5625c55f5360 DEBUG   default gstvalue.c:2676:_priv_gst_value_parse_value: trying type name 'string'
0:00:00.016154153  2783 0x55d641a1c360 DEBUG   GST_POLL gstpoll.c:979:gst_poll_fd_ctl_write: 0x55d641a40910: fd (fd:0, idx:1), active : 1
0:00:00.021063341  2782 0x5625c55f5360 DEBUG   structure gststructure.c:2203:gst_structure_parse_field: trying field name 'description'
0:00:00.016160583  2783 0x55d641a1c360 LOG   GST_POLL gstpoll.c:994:gst_poll_fd_ctl_write: 0x55d641a40910: pfd->events now 60 (POLLOUT:4)
0:00:00.021069955  2782 0x5625c55f5360 DEBUG   default gstvalue.c:2676:_priv_gst_value_parse_value: trying type name 'string'
0:00:00.016167512  2783 0x55d641a1c360 DEBUG   GST_POLL gstpoll.c:979:gst_poll_fd_ctl_write: 0x55d641a40910: fd (fd:0, idx:1), active : 1
0:00:00.021077137  2782 0x5625c55f5360 DEBUG   structure gststructure.c:2203:gst_structure_parse_field: trying field name 'author'
0:00:00.016174093  2783 0x55d641a1c360 LOG   GST_POLL gstpoll.c:994:gst_poll_fd_ctl_write: 0x55d641a40910: pfd->events now 60 (POLLOUT:4)
0:00:00.021083751  2782 0x5625c55f5360 DEBUG   default gstvalue.c:2676:_priv_gst_value_parse_value: trying type name 'string'
0:00:00.016181360  2783 0x55d641a1c360 DEBUG   GST_POLL gstpoll.c:979:gst_poll_fd_ctl_write: 0x55d641a40910: fd (fd:0, idx:1), active : 1
0:00:00.021091206  2782 0x5625c55f5360 DEBUG   GST_REGISTRY gstregistrychunks.c:626:gst_registry_chunks_load_feature: Element factory : npadtemplates=2
0:00:00.016187848  2783 0x55d641a1c360 LOG   GST_POLL gstpoll.c:994:gst_poll_fd_ctl_write: 0x55d641a40910: pfd->events now 60 (POLLOUT:4)
0:00:00.021097665  2782 0x5625c55f5360 DEBUG   GST_REGISTRY gstregistrychunks.c:525:gst_registry_chunks_load_pad_template: Reading/casting for GstRegistryChunkPadTemplate at address 0x5625c561c3f0
0:00:00.016199621  2783 0x55d641a1c360 DEBUG   GST_POLL gstpoll.c:979:gst_poll_fd_ctl_write: 0x55d641a40910: fd (fd:0, idx:1), active : 1
0:00:00.021106523  2782 0x5625c55f5360 DEBUG   GST_REGISTRY gstregistrychunks.c:539:gst_registry_chunks_load_pad_template: Added pad_template src
0:00:00.016206140  2783 0x55d641a1c360 LOG   GST_POLL gstpoll.c:994:gst_poll_fd_ctl_write: 0x55d641a40910: pfd->events now 60 (POLLOUT:4)
0:00:00.021113246  2782 0x5625c55f5360 DEBUG   GST_REGISTRY gstregistrychunks.c:525:gst_registry_chunks_load_pad_template: Reading/casting for GstRegistryChunkPadTemplate at address 0x5625c561c400
0:00:00.016213000  2783 0x55d641a1c360 DEBUG   GST_POLL gstpoll.c:979:gst_poll_fd_ctl_write: 0x55d641a40910: fd (fd:0, idx:1), active : 1
0:00:00.021119664  2782 0x5625c55f5360 DEBUG   GST_REGISTRY gstregistrychunks.c:539:gst_registry_chunks_load_pad_template: Added pad_template sink_%u
0:00:00.016219391  2783 0x55d641a1c360 LOG   GST_POLL gstpoll.c:994:gst_poll_fd_ctl_write: 0x55d641a40910: pfd->events now 60 (POLLOUT:4)
0:00:00.021127948  2782 0x5625c55f5360 DEBUG   GST_REGISTRY gstregistry.c:589:gst_registry_add_feature: adding feature 0x5625c5621020 (funnel)
0:00:00.016226140  2783 0x55d641a1c360 DEBUG   GST_POLL gstpoll.c:979:gst_poll_fd_ctl_write: 0x55d641a40910: fd (fd:0, idx:1), active : 1
0:00:00.021134457  2782 0x5625c55f5360 DEBUG   GST_REFCOUNTING gstobject.c:708:gst_object_set_parent: set parent (ref and sink)
0:00:00.016232610  2783 0x55d641a1c360 LOG   GST_POLL gstpoll.c:994:gst_poll_fd_ctl_write: 0x55d641a40910: pfd->events now 60 (POLLOUT:4)
0:00:00.021142452  2782 0x5625c55f5360 TRACE   GST_REFCOUNTING gstobject.c:292:gst_object_ref_sink: 0x5625c5621020 ref_sink 1->2
0:00:00.016239375  2783 0x55d641a1c360 DEBUG   GST_POLL gstpoll.c:979:gst_poll_fd_ctl_write: 0x55d641a40910: fd (fd:0, idx:1), active : 1
0:00:00.021149898  2782 0x5625c55f5360 LOG   GST_REGISTRY gstregistry.c:607:gst_registry_add_feature: emitting feature-added for funnel
0:00:00.016246726  2783 0x55d641a1c360 LOG   GST_POLL gstpoll.c:994:gst_poll_fd_ctl_write: 0x55d641a40910: pfd->events now 60 (POLLOUT:4)
0:00:00.021157358  2782 0x5625c55f5360 DEBUG   GST_REGISTRY gstregistrychunks.c:740:gst_registry_chunks_load_feature: Added feature funnel, plugin 0x5625c5623ea0 coreelements
0:00:00.016254168  2783 0x55d641a1c360 DEBUG   GST_POLL gstpoll.c:979:gst_poll_fd_ctl_write: 0x55d641a40910: fd (fd:0, idx:1), active : 1
0:00:00.021164427  2782 0x5625c55f5360 DEBUG   GST_REGISTRY gstregistrychunks.c:582:gst_registry_chunks_load_feature: Plugin 'coreelements' feature 'filesrc' typename : 'GstElementFactory'
0:00:00.016261094  2783 0x55d641a1c360 LOG   GST_POLL gstpoll.c:994:gst_poll_fd_ctl_write: 0x55d641a40910: pfd->events now 60 (POLLOUT:4)
0:00:00.021172188  2782 0x5625c55f5360 TRACE   GST_REFCOUNTING gstobject.c:208:gst_object_init: 0x5625c5621740 new
0:00:00.016268354  2783 0x55d641a1c360 DEBUG   GST_POLL gstpoll.c:979:gst_poll_fd_ctl_write: 0x55d641a40910: fd (fd:0, idx:1), active : 1
0:00:00.021184747  2782 0x5625c55f5360 LOG   GST_REGISTRY gstregistrychunks.c:609:gst_registry_chunks_load_feature: Reading/casting for GstRegistryChunkElementFactory at address 0x5625c561c430
0:00:00.016280796  2783 0x55d641a1c360 LOG   GST_POLL gstpoll.c:994:gst_poll_fd_ctl_write: 0x55d641a40910: pfd->events now 60 (POLLOUT:4)
0:00:00.021191959  2782 0x5625c55f5360 TRACE   structure gststructure.c:287:gst_structure_new_id_empty_with_size: created structure 0x5625c5621a40
0:00:00.016289312  2783 0x55d641a1c360 DEBUG   GST_POLL gstpoll.c:979:gst_poll_fd_ctl_write: 0x55d641a40910: fd (fd:0, idx:1), active : 1
0:00:00.021198519  2782 0x5625c55f5360 DEBUG   structure gststructure.c:2203:gst_structure_parse_field: trying field name 'long-name'
0:00:00.016295783  2783 0x55d641a1c360 LOG   GST_POLL gstpoll.c:994:gst_poll_fd_ctl_write: 0x55d641a40910: pfd->events now 60 (POLLOUT:4)
0:00:00.021204777  2782 0x5625c55f5360 DEBUG   default gstvalue.c:2676:_priv_gst_value_parse_value: trying type name 'string'
0:00:00.016302681  2783 0x55d641a1c360 DEBUG   GST_POLL gstpoll.c:979:gst_poll_fd_ctl_write: 0x55d641a40910: fd (fd:0, idx:1), active : 1
0:00:00.021211985  2782 0x5625c55f5360 DEBUG   structure gststructure.c:2203:gst_structure_parse_field: trying field name 'klass'
0:00:00.016309052  2783 0x55d641a1c360 LOG   GST_POLL gstpoll.c:994:gst_poll_fd_ctl_write: 0x55d641a40910: pfd->events now 60 (POLLOUT:4)
0:00:00.021218756  2782 0x5625c55f5360 DEBUG   default gstvalue.c:2676:_priv_gst_value_parse_value: trying type name 'string'
0:00:00.016316521  2783 0x55d641a1c360 DEBUG   GST_POLL gstpoll.c:979:gst_poll_fd_ctl_write: 0x55d641a40910: fd (fd:0, idx:1), active : 1
0:00:00.021226064  2782 0x5625c55f5360 DEBUG   structure gststructure.c:2203:gst_structure_parse_field: trying field name 'description'
0:00:00.016322962  2783 0x55d641a1c360 LOG   GST_POLL gstpoll.c:994:gst_poll_fd_ctl_write: 0x55d641a40910: pfd->events now 60 (POLLOUT:4)
0:00:00.021232762  2782 0x5625c55f5360 DEBUG   default gstvalue.c:2676:_priv_gst_value_parse_value: trying type name 'string'
0:00:00.016330551  2783 0x55d641a1c360 DEBUG   GST_POLL gstpoll.c:979:gst_poll_fd_ctl_write: 0x55d641a40910: fd (fd:0, idx:1), active : 1
0:00:00.021240192  2782 0x5625c55f5360 DEBUG   structure gststructure.c:2203:gst_structure_parse_field: trying field name 'author'
0:00:00.016336928  2783 0x55d641a1c360 LOG   GST_POLL gstpoll.c:994:gst_poll_fd_ctl_write: 0x55d641a40910: pfd->events now 60 (POLLOUT:4)
0:00:00.021246952  2782 0x5625c55f5360 DEBUG   default gstvalue.c:2676:_priv_gst_value_parse_value: trying type name 'string'
0:00:00.016344903  2783 0x55d641a1c360 DEBUG   GST_POLL gstpoll.c:979:gst_poll_fd_ctl_write: 0x55d641a40910: fd (fd:0, idx:1), active : 1
0:00:00.021254519  2782 0x5625c55f5360 DEBUG   GST_REGISTRY gstregistrychunks.c:626:gst_registry_chunks_load_feature: Element factory : npadtemplates=1
0:00:00.016351531  2783 0x55d641a1c360 LOG   GST_POLL gstpoll.c:994:gst_poll_fd_ctl_write: 0x55d641a40910: pfd->events now 60 (POLLOUT:4)
0:00:00.021265098  2782 0x5625c55f5360 DEBUG   GST_REGISTRY gstregistrychunks.c:525:gst_registry_chunks_load_pad_template: Reading/casting for GstRegistryChunkPadTemplate at address 0x5625c561c510
0:00:00.016363189  2783 0x55d641a1c360 DEBUG   GST_POLL gstpoll.c:979:gst_poll_fd_ctl_write: 0x55d641a40910: fd (fd:0, idx:1), active : 1
0:00:00.021271582  2782 0x5625c55f5360 DEBUG   GST_REGISTRY gstregistrychunks.c:539:gst_registry_chunks_load_pad_template: Added pad_template src
0:00:00.016369677  2783 0x55d641a1c360 LOG   GST_POLL gstpoll.c:994:gst_poll_fd_ctl_write: 0x55d641a40910: pfd->events now 60 (POLLOUT:4)
0:00:00.021278760  2782 0x5625c55f5360 DEBUG   GST_REGISTRY gstregistrychunks.c:639:gst_registry_chunks_load_feature: Reading 1 UriTypes at address 0x5625c561c520
0:00:00.016376438  2783 0x55d641a1c360 DEBUG   GST_POLL gstpoll.c:979:gst_poll_fd_ctl_write: 0x55d641a40910: fd (fd:0, idx:1), active : 1
0:00:00.021286300  2782 0x5625c55f5360 DEBUG   GST_REGISTRY gstregistrychunks.c:654:gst_registry_chunks_load_feature: Reading 1 Interfaces at address 0x5625c561c529
0:00:00.016382936  2783 0x55d641a1c360 LOG   GST_POLL gstpoll.c:994:gst_poll_fd_ctl_write: 0x55d641a40910: pfd->events now 60 (POLLOUT:4)
0:00:00.016390674  2783 0x55d641a1c360 DEBUG   GST_POLL gstpoll.c:979:gst_poll_fd_ctl_write: 0x55d641a40910: fd (fd:0, idx:1), active : 1
0:00:00.021295253  2782 0x5625c55f5360 DEBUG   GST_REGISTRY gstregistry.c:589:gst_registry_add_feature: adding feature 0x5625c5621740 (filesrc)
0:00:00.016396698  2783 0x55d641a1c360 LOG   GST_POLL gstpoll.c:994:gst_poll_fd_ctl_write: 0x55d641a40910: pfd->events now 60 (POLLOUT:4)
0:00:00.021304159  2782 0x5625c55f5360 DEBUG   GST_REFCOUNTING gstobject.c:708:gst_object_set_parent: set parent (ref and sink)
0:00:00.016403400  2783 0x55d641a1c360 DEBUG   GST_POLL gstpoll.c:979:gst_poll_fd_ctl_write: 0x55d641a40910: fd (fd:0, idx:1), active : 1
0:00:00.021312148  2782 0x5625c55f5360 TRACE   GST_REFCOUNTING gstobject.c:292:gst_object_ref_sink: 0x5625c5621740 ref_sink 1->2
0:00:00.016409834  2783 0x55d641a1c360 LOG   GST_POLL gstpoll.c:994:gst_poll_fd_ctl_write: 0x55d641a40910: pfd->events now 60 (POLLOUT:4)
0:00:00.021319621  2782 0x5625c55f5360 LOG   GST_REGISTRY gstregistry.c:607:gst_registry_add_feature: emitting feature-added for filesrc
0:00:00.016416625  2783 0x55d641a1c360 DEBUG   GST_POLL gstpoll.c:979:gst_poll_fd_ctl_write: 0x55d641a40910: fd (fd:0, idx:1), active : 1
0:00:00.021327323  2782 0x5625c55f5360 DEBUG   GST_REGISTRY gstregistrychunks.c:740:gst_registry_chunks_load_feature: Added feature filesrc, plugin 0x5625c5623ea0 coreelements
0:00:00.016423613  2783 0x55d641a1c360 LOG   GST_POLL gstpoll.c:994:gst_poll_fd_ctl_write: 0x55d641a40910: pfd->events now 60 (POLLOUT:4)
0:00:00.016432062  2783 0x55d641a1c360 DEBUG   GST_POLL gstpoll.c:979:gst_poll_fd_ctl_write: 0x55d641a40910: fd (fd:0, idx:1), active : 1
0:00:00.021334625  2782 0x5625c55f5360 DEBUG   GST_REGISTRY gstregistrychunks.c:582:gst_registry_chunks_load_feature: Plugin 'coreelements' feature 'fdsink' typename : 'GstElementFactory'
0:00:00.016439409  2783 0x55d641a1c360 LOG   GST_POLL gstpoll.c:994:gst_poll_fd_ctl_write: 0x55d641a40910: pfd->events now 60 (POLLOUT:4)
0:00:00.021352227  2782 0x5625c55f5360 TRACE   GST_REFCOUNTING gstobject.c:208:gst_object_init: 0x5625c5621ef0 new
0:00:00.016448470  2783 0x55d641a1c360 DEBUG   GST_POLL gstpoll.c:979:gst_poll_fd_ctl_write: 0x55d641a40910: fd (fd:0, idx:1), active : 1
0:00:00.021360879  2782 0x5625c55f5360 LOG   GST_REGISTRY gstregistrychunks.c:609:gst_registry_chunks_load_feature: Reading/casting for GstRegistryChunkElementFactory at address 0x5625c561c550
0:00:00.016456743  2783 0x55d641a1c360 LOG   GST_POLL gstpoll.c:994:gst_poll_fd_ctl_write: 0x55d641a40910: pfd->events now 60 (POLLOUT:4)
0:00:00.021368001  2782 0x5625c55f5360 TRACE   structure gststructure.c:287:gst_structure_new_id_empty_with_size: created structure 0x5625c5622270
0:00:00.016465215  2783 0x55d641a1c360 DEBUG   GST_POLL gstpoll.c:979:gst_poll_fd_ctl_write: 0x55d641a40910: fd (fd:0, idx:1), active : 1
0:00:00.021374600  2782 0x5625c55f5360 DEBUG   structure gststructure.c:2203:gst_structure_parse_field: trying field name 'long-name'
0:00:00.016471754  2783 0x55d641a1c360 LOG   GST_POLL gstpoll.c:994:gst_poll_fd_ctl_write: 0x55d641a40910: pfd->events now 60 (POLLOUT:4)
0:00:00.021381030  2782 0x5625c55f5360 DEBUG   default gstvalue.c:2676:_priv_gst_value_parse_value: trying type name 'string'
0:00:00.016478888  2783 0x55d641a1c360 DEBUG   GST_POLL gstpoll.c:979:gst_poll_fd_ctl_write: 0x55d641a40910: fd (fd:0, idx:1), active : 1
0:00:00.021388262  2782 0x5625c55f5360 DEBUG   structure gststructure.c:2203:gst_structure_parse_field: trying field name 'klass'
0:00:00.016504225  2783 0x55d641a1c360 LOG   GST_POLL gstpoll.c:994:gst_poll_fd_ctl_write: 0x55d641a40910: pfd->events now 60 (POLLOUT:4)
0:00:00.021413295  2782 0x5625c55f5360 DEBUG   default gstvalue.c:2676:_priv_gst_value_parse_value: trying type name 'string'
0:00:00.016511480  2783 0x55d641a1c360 DEBUG   GST_POLL gstpoll.c:979:gst_poll_fd_ctl_write: 0x55d641a40910: fd (fd:0, idx:1), active : 1
0:00:00.021420494  2782 0x5625c55f5360 DEBUG   structure gststructure.c:2203:gst_structure_parse_field: trying field name 'description'
0:00:00.016518062  2783 0x55d641a1c360 LOG   GST_POLL gstpoll.c:994:gst_poll_fd_ctl_write: 0x55d641a40910: pfd->events now 60 (POLLOUT:4)
0:00:00.021427172  2782 0x5625c55f5360 DEBUG   default gstvalue.c:2676:_priv_gst_value_parse_value: trying type name 'string'
0:00:00.016525182  2783 0x55d641a1c360 DEBUG   GST_POLL gstpoll.c:979:gst_poll_fd_ctl_write: 0x55d641a40910: fd (fd:0, idx:1), active : 1
0:00:00.021434868  2782 0x5625c55f5360 DEBUG   structure gststructure.c:2203:gst_structure_parse_field: trying field name 'author'
0:00:00.016531778  2783 0x55d641a1c360 LOG   GST_POLL gstpoll.c:994:gst_poll_fd_ctl_write: 0x55d641a40910: pfd->events now 60 (POLLOUT:4)
0:00:00.021441587  2782 0x5625c55f5360 DEBUG   default gstvalue.c:2676:_priv_gst_value_parse_value: trying type name 'string'
0:00:00.016539482  2783 0x55d641a1c360 DEBUG   GST_POLL gstpoll.c:979:gst_poll_fd_ctl_write: 0x55d641a40910: fd (fd:0, idx:1), active : 1
0:00:00.021453280  2782 0x5625c55f5360 DEBUG   GST_REGISTRY gstregistrychunks.c:626:gst_registry_chunks_load_feature: Element factory : npadtemplates=1
0:00:00.016549842  2783 0x55d641a1c360 LOG   GST_POLL gstpoll.c:994:gst_poll_fd_ctl_write: 0x55d641a40910: pfd->events now 60 (POLLOUT:4)
0:00:00.021460020  2782 0x5625c55f5360 DEBUG   GST_REGISTRY gstregistrychunks.c:525:gst_registry_chunks_load_pad_template: Reading/casting for GstRegistryChunkPadTemplate at address 0x5625c561c630
0:00:00.016557761  2783 0x55d641a1c360 DEBUG   GST_POLL gstpoll.c:979:gst_poll_fd_ctl_write: 0x55d641a40910: fd (fd:0, idx:1), active : 1
0:00:00.021466584  2782 0x5625c55f5360 DEBUG   GST_REGISTRY gstregistrychunks.c:539:gst_registry_chunks_load_pad_template: Added pad_template sink
0:00:00.016564316  2783 0x55d641a1c360 LOG   GST_POLL gstpoll.c:994:gst_poll_fd_ctl_write: 0x55d641a40910: pfd->events now 60 (POLLOUT:4)
0:00:00.021473583  2782 0x5625c55f5360 DEBUG   GST_REGISTRY gstregistrychunks.c:639:gst_registry_chunks_load_feature: Reading 1 UriTypes at address 0x5625c561c641
0:00:00.016571285  2783 0x55d641a1c360 DEBUG   GST_POLL gstpoll.c:979:gst_poll_fd_ctl_write: 0x55d641a40910: fd (fd:0, idx:1), active : 1
0:00:00.021480881  2782 0x5625c55f5360 DEBUG   GST_REGISTRY gstregistrychunks.c:654:gst_registry_chunks_load_feature: Reading 1 Interfaces at address 0x5625c561c64f
0:00:00.016577835  2783 0x55d641a1c360 LOG   GST_POLL gstpoll.c:994:gst_poll_fd_ctl_write: 0x55d641a40910: pfd->events now 60 (POLLOUT:4)
0:00:00.021489424  2782 0x5625c55f5360 DEBUG   GST_REGISTRY gstregistry.c:589:gst_registry_add_feature: adding feature 0x5625c5621ef0 (fdsink)
0:00:00.016585380  2783 0x55d641a1c360 DEBUG   GST_POLL gstpoll.c:979:gst_poll_fd_ctl_write: 0x55d641a40910: fd (fd:0, idx:1), active : 1
0:00:00.021496501  2782 0x5625c55f5360 DEBUG   GST_REFCOUNTING gstobject.c:708:gst_object_set_parent: set parent (ref and sink)
0:00:00.016593689  2783 0x55d641a1c360 LOG   GST_POLL gstpoll.c:994:gst_poll_fd_ctl_write: 0x55d641a40910: pfd->events now 60 (POLLOUT:4)
0:00:00.021504670  2782 0x5625c55f5360 TRACE   GST_REFCOUNTING gstobject.c:292:gst_object_ref_sink: 0x5625c5621ef0 ref_sink 1->2
0:00:00.016601440  2783 0x55d641a1c360 DEBUG   GST_POLL gstpoll.c:979:gst_poll_fd_ctl_write: 0x55d641a40910: fd (fd:0, idx:1), active : 1
0:00:00.021512177  2782 0x5625c55f5360 LOG   GST_REGISTRY gstregistry.c:607:gst_registry_add_feature: emitting feature-added for fdsink
0:00:00.016609050  2783 0x55d641a1c360 LOG   GST_POLL gstpoll.c:994:gst_poll_fd_ctl_write: 0x55d641a40910: pfd->events now 60 (POLLOUT:4)
0:00:00.021519711  2782 0x5625c55f5360 DEBUG   GST_REGISTRY gstregistrychunks.c:740:gst_registry_chunks_load_feature: Added feature fdsink, plugin 0x5625c5623ea0 coreelements
0:00:00.016616697  2783 0x55d641a1c360 DEBUG   GST_POLL gstpoll.c:979:gst_poll_fd_ctl_write: 0x55d641a40910: fd (fd:0, idx:1), active : 1
0:00:00.021527194  2782 0x5625c55f5360 DEBUG   GST_REGISTRY gstregistrychunks.c:582:gst_registry_chunks_load_feature: Plugin 'coreelements' feature 'fdsrc' typename : 'GstElementFactory'
0:00:00.016623766  2783 0x55d641a1c360 LOG   GST_POLL gstpoll.c:994:gst_poll_fd_ctl_write: 0x55d641a40910: pfd->events now 60 (POLLOUT:4)
0:00:00.021539497  2782 0x5625c55f5360 TRACE   GST_REFCOUNTING gstobject.c:208:gst_object_init: 0x5625c56264b0 new
0:00:00.016635882  2783 0x55d641a1c360 DEBUG   GST_POLL gstpoll.c:979:gst_poll_fd_ctl_write: 0x55d641a40910: fd (fd:0, idx:1), active : 1
0:00:00.021548236  2782 0x5625c55f5360 LOG   GST_REGISTRY gstregistrychunks.c:609:gst_registry_chunks_load_feature: Reading/casting for GstRegistryChunkElementFactory at address 0x5625c561c678
0:00:00.016644097  2783 0x55d641a1c360 LOG   GST_POLL gstpoll.c:994:gst_poll_fd_ctl_write: 0x55d641a40910: pfd->events now 60 (POLLOUT:4)
0:00:00.021555526  2782 0x5625c55f5360 TRACE   structure gststructure.c:287:gst_structure_new_id_empty_with_size: created structure 0x5625c56266e0
0:00:00.016653013  2783 0x55d641a1c360 DEBUG   GST_POLL gstpoll.c:979:gst_poll_fd_ctl_write: 0x55d641a40910: fd (fd:0, idx:1), active : 1
0:00:00.021562219  2782 0x5625c55f5360 DEBUG   structure gststructure.c:2203:gst_structure_parse_field: trying field name 'long-name'
0:00:00.016659680  2783 0x55d641a1c360 LOG   GST_POLL gstpoll.c:994:gst_poll_fd_ctl_write: 0x55d641a40910: pfd->events now 60 (POLLOUT:4)
0:00:00.021568684  2782 0x5625c55f5360 DEBUG   default gstvalue.c:2676:_priv_gst_value_parse_value: trying type name 'string'
0:00:00.016666776  2783 0x55d641a1c360 DEBUG   GST_POLL gstpoll.c:979:gst_poll_fd_ctl_write: 0x55d641a40910: fd (fd:0, idx:1), active : 1
0:00:00.016673386  2783 0x55d641a1c360 LOG   GST_POLL gstpoll.c:994:gst_poll_fd_ctl_write: 0x55d641a40910: pfd->events now 60 (POLLOUT:4)
0:00:00.021580383  2782 0x5625c55f5360 DEBUG   structure gststructure.c:2203:gst_structure_parse_field: trying field name 'klass'
0:00:00.016679850  2783 0x55d641a1c360 DEBUG   GST_POLL gstpoll.c:979:gst_poll_fd_ctl_write: 0x55d641a40910: fd (fd:0, idx:1), active : 1
0:00:00.021586910  2782 0x5625c55f5360 DEBUG   default gstvalue.c:2676:_priv_gst_value_parse_value: trying type name 'string'
0:00:00.016686413  2783 0x55d641a1c360 LOG   GST_POLL gstpoll.c:994:gst_poll_fd_ctl_write: 0x55d641a40910: pfd->events now 60 (POLLOUT:4)
0:00:00.021594084  2782 0x5625c55f5360 DEBUG   structure gststructure.c:2203:gst_structure_parse_field: trying field name 'description'
0:00:00.016693368  2783 0x55d641a1c360 DEBUG   GST_POLL gstpoll.c:979:gst_poll_fd_ctl_write: 0x55d641a40910: fd (fd:0, idx:1), active : 1
0:00:00.021600625  2782 0x5625c55f5360 DEBUG   default gstvalue.c:2676:_priv_gst_value_parse_value: trying type name 'string'
0:00:00.016700004  2783 0x55d641a1c360 LOG   GST_POLL gstpoll.c:994:gst_poll_fd_ctl_write: 0x55d641a40910: pfd->events now 60 (POLLOUT:4)
0:00:00.021607877  2782 0x5625c55f5360 DEBUG   structure gststructure.c:2203:gst_structure_parse_field: trying field name 'author'
0:00:00.016707016  2783 0x55d641a1c360 DEBUG   GST_POLL gstpoll.c:979:gst_poll_fd_ctl_write: 0x55d641a40910: fd (fd:0, idx:1), active : 1
0:00:00.021614469  2782 0x5625c55f5360 DEBUG   default gstvalue.c:2676:_priv_gst_value_parse_value: trying type name 'string'
0:00:00.016718031  2783 0x55d641a1c360 LOG   GST_POLL gstpoll.c:994:gst_poll_fd_ctl_write: 0x55d641a40910: pfd->events now 60 (POLLOUT:4)
0:00:00.021626179  2782 0x5625c55f5360 DEBUG   GST_REGISTRY gstregistrychunks.c:626:gst_registry_chunks_load_feature: Element factory : npadtemplates=1
0:00:00.016725142  2783 0x55d641a1c360 DEBUG   GST_POLL gstpoll.c:979:gst_poll_fd_ctl_write: 0x55d641a40910: fd (fd:0, idx:1), active : 1
0:00:00.021632784  2782 0x5625c55f5360 DEBUG   GST_REGISTRY gstregistrychunks.c:525:gst_registry_chunks_load_pad_template: Reading/casting for GstRegistryChunkPadTemplate at address 0x5625c561c758
0:00:00.016731760  2783 0x55d641a1c360 LOG   GST_POLL gstpoll.c:994:gst_poll_fd_ctl_write: 0x55d641a40910: pfd->events now 60 (POLLOUT:4)
0:00:00.021639366  2782 0x5625c55f5360 DEBUG   GST_REGISTRY gstregistrychunks.c:539:gst_registry_chunks_load_pad_template: Added pad_template src
0:00:00.016738820  2783 0x55d641a1c360 DEBUG   GST_POLL gstpoll.c:979:gst_poll_fd_ctl_write: 0x55d641a40910: fd (fd:0, idx:1), active : 1
0:00:00.021646316  2782 0x5625c55f5360 DEBUG   GST_REGISTRY gstregistrychunks.c:639:gst_registry_chunks_load_feature: Reading 1 UriTypes at address 0x5625c561c768
0:00:00.016745403  2783 0x55d641a1c360 LOG   GST_POLL gstpoll.c:994:gst_poll_fd_ctl_write: 0x55d641a40910: pfd->events now 60 (POLLOUT:4)
0:00:00.021653528  2782 0x5625c55f5360 DEBUG   GST_REGISTRY gstregistrychunks.c:654:gst_registry_chunks_load_feature: Reading 1 Interfaces at address 0x5625c561c76f
0:00:00.016752317  2783 0x55d641a1c360 DEBUG   GST_POLL gstpoll.c:979:gst_poll_fd_ctl_write: 0x55d641a40910: fd (fd:0, idx:1), active : 1
0:00:00.021661914  2782 0x5625c55f5360 DEBUG   GST_REGISTRY gstregistry.c:589:gst_registry_add_feature: adding feature 0x5625c56264b0 (fdsrc)
0:00:00.016758977  2783 0x55d641a1c360 LOG   GST_POLL gstpoll.c:994:gst_poll_fd_ctl_write: 0x55d641a40910: pfd->events now 60 (POLLOUT:4)
0:00:00.021668932  2782 0x5625c55f5360 DEBUG   GST_REFCOUNTING gstobject.c:708:gst_object_set_parent: set parent (ref and sink)
0:00:00.016766593  2783 0x55d641a1c360 DEBUG   GST_POLL gstpoll.c:979:gst_poll_fd_ctl_write: 0x55d641a40910: fd (fd:0, idx:1), active : 1
0:00:00.021677059  2782 0x5625c55f5360 TRACE   GST_REFCOUNTING gstobject.c:292:gst_object_ref_sink: 0x5625c56264b0 ref_sink 1->2
0:00:00.016773438  2783 0x55d641a1c360 LOG   GST_POLL gstpoll.c:994:gst_poll_fd_ctl_write: 0x55d641a40910: pfd->events now 60 (POLLOUT:4)
0:00:00.021684470  2782 0x5625c55f5360 LOG   GST_REGISTRY gstregistry.c:607:gst_registry_add_feature: emitting feature-added for fdsrc
0:00:00.016781980  2783 0x55d641a1c360 DEBUG   GST_POLL gstpoll.c:979:gst_poll_fd_ctl_write: 0x55d641a40910: fd (fd:0, idx:1), active : 1
0:00:00.021691867  2782 0x5625c55f5360 DEBUG   GST_REGISTRY gstregistrychunks.c:740:gst_registry_chunks_load_feature: Added feature fdsrc, plugin 0x5625c5623ea0 coreelements
0:00:00.016788732  2783 0x55d641a1c360 LOG   GST_POLL gstpoll.c:994:gst_poll_fd_ctl_write: 0x55d641a40910: pfd->events now 60 (POLLOUT:4)
0:00:00.021699277  2782 0x5625c55f5360 DEBUG   GST_REGISTRY gstregistrychunks.c:582:gst_registry_chunks_load_feature: Plugin 'coreelements' feature 'fakesink' typename : 'GstElementFactory'
0:00:00.016800389  2783 0x55d641a1c360 DEBUG   GST_POLL gstpoll.c:979:gst_poll_fd_ctl_write: 0x55d641a40910: fd (fd:0, idx:1), active : 1
0:00:00.021709013  2782 0x5625c55f5360 TRACE   GST_REFCOUNTING gstobject.c:208:gst_object_init: 0x5625c5626b60 new
0:00:00.016807067  2783 0x55d641a1c360 LOG   GST_POLL gstpoll.c:994:gst_poll_fd_ctl_write: 0x55d641a40910: pfd->events now 60 (POLLOUT:4)
0:00:00.021717702  2782 0x5625c55f5360 LOG   GST_REGISTRY gstregistrychunks.c:609:gst_registry_chunks_load_feature: Reading/casting for GstRegistryChunkElementFactory at address 0x5625c561c798
0:00:00.016814093  2783 0x55d641a1c360 DEBUG   GST_POLL gstpoll.c:979:gst_poll_fd_ctl_write: 0x55d641a40910: fd (fd:0, idx:1), active : 1
0:00:00.021725033  2782 0x5625c55f5360 TRACE   structure gststructure.c:287:gst_structure_new_id_empty_with_size: created structure 0x5625c5626d90
0:00:00.016821823  2783 0x55d641a1c360 LOG   GST_POLL gstpoll.c:994:gst_poll_fd_ctl_write: 0x55d641a40910: pfd->events now 60 (POLLOUT:4)
0:00:00.021731682  2782 0x5625c55f5360 DEBUG   structure gststructure.c:2203:gst_structure_parse_field: trying field name 'long-name'
0:00:00.016829577  2783 0x55d641a1c360 DEBUG   GST_POLL gstpoll.c:979:gst_poll_fd_ctl_write: 0x55d641a40910: fd (fd:0, idx:1), active : 1
0:00:00.021738107  2782 0x5625c55f5360 DEBUG   default gstvalue.c:2676:_priv_gst_value_parse_value: trying type name 'string'
0:00:00.016836257  2783 0x55d641a1c360 LOG   GST_POLL gstpoll.c:994:gst_poll_fd_ctl_write: 0x55d641a40910: pfd->events now 60 (POLLOUT:4)
0:00:00.021745375  2782 0x5625c55f5360 DEBUG   structure gststructure.c:2203:gst_structure_parse_field: trying field name 'klass'
0:00:00.016843316  2783 0x55d641a1c360 DEBUG   GST_POLL gstpoll.c:979:gst_poll_fd_ctl_write: 0x55d641a40910: fd (fd:0, idx:1), active : 1
0:00:00.021751835  2782 0x5625c55f5360 DEBUG   default gstvalue.c:2676:_priv_gst_value_parse_value: trying type name 'string'
0:00:00.016849866  2783 0x55d641a1c360 LOG   GST_POLL gstpoll.c:994:gst_poll_fd_ctl_write: 0x55d641a40910: pfd->events now 60 (POLLOUT:4)
0:00:00.021758974  2782 0x5625c55f5360 DEBUG   structure gststructure.c:2203:gst_structure_parse_field: trying field name 'description'
0:00:00.016856894  2783 0x55d641a1c360 DEBUG   GST_POLL gstpoll.c:979:gst_poll_fd_ctl_write: 0x55d641a40910: fd (fd:0, idx:1), active : 1
0:00:00.021765475  2782 0x5625c55f5360 DEBUG   default gstvalue.c:2676:_priv_gst_value_parse_value: trying type name 'string'
0:00:00.016863486  2783 0x55d641a1c360 LOG   GST_POLL gstpoll.c:994:gst_poll_fd_ctl_write: 0x55d641a40910: pfd->events now 60 (POLLOUT:4)
0:00:00.021772523  2782 0x5625c55f5360 DEBUG   structure gststructure.c:2203:gst_structure_parse_field: trying field name 'author'
0:00:00.016870434  2783 0x55d641a1c360 DEBUG   GST_POLL gstpoll.c:979:gst_poll_fd_ctl_write: 0x55d641a40910: fd (fd:0, idx:1), active : 1
0:00:00.021778937  2782 0x5625c55f5360 DEBUG   default gstvalue.c:2676:_priv_gst_value_parse_value: trying type name 'string'
0:00:00.016881061  2783 0x55d641a1c360 LOG   GST_POLL gstpoll.c:994:gst_poll_fd_ctl_write: 0x55d641a40910: pfd->events now 60 (POLLOUT:4)
0:00:00.021792246  2782 0x5625c55f5360 DEBUG   GST_REGISTRY gstregistrychunks.c:626:gst_registry_chunks_load_feature: Element factory : npadtemplates=1
0:00:00.016888219  2783 0x55d641a1c360 DEBUG   GST_POLL gstpoll.c:979:gst_poll_fd_ctl_write: 0x55d641a40910: fd (fd:0, idx:1), active : 1
0:00:00.021799035  2782 0x5625c55f5360 DEBUG   GST_REGISTRY gstregistrychunks.c:525:gst_registry_chunks_load_pad_template: Reading/casting for GstRegistryChunkPadTemplate at address 0x5625c561c8c0
0:00:00.016896508  2783 0x55d641a1c360 LOG   GST_POLL gstpoll.c:994:gst_poll_fd_ctl_write: 0x55d641a40910: pfd->events now 60 (POLLOUT:4)
0:00:00.021805656  2782 0x5625c55f5360 DEBUG   GST_REGISTRY gstregistrychunks.c:539:gst_registry_chunks_load_pad_template: Added pad_template sink
0:00:00.016903589  2783 0x55d641a1c360 DEBUG   GST_POLL gstpoll.c:979:gst_poll_fd_ctl_write: 0x55d641a40910: fd (fd:0, idx:1), active : 1
0:00:00.016910274  2783 0x55d641a1c360 LOG   GST_POLL gstpoll.c:994:gst_poll_fd_ctl_write: 0x55d641a40910: pfd->events now 60 (POLLOUT:4)
0:00:00.021816863  2782 0x5625c55f5360 DEBUG   GST_REGISTRY gstregistry.c:589:gst_registry_add_feature: adding feature 0x5625c5626b60 (fakesink)
0:00:00.016916642  2783 0x55d641a1c360 DEBUG   GST_POLL gstpoll.c:979:gst_poll_fd_ctl_write: 0x55d641a40910: fd (fd:0, idx:1), active : 1
0:00:00.021823721  2782 0x5625c55f5360 DEBUG   GST_REFCOUNTING gstobject.c:708:gst_object_set_parent: set parent (ref and sink)
0:00:00.016923095  2783 0x55d641a1c360 LOG   GST_POLL gstpoll.c:994:gst_poll_fd_ctl_write: 0x55d641a40910: pfd->events now 60 (POLLOUT:4)
0:00:00.021831833  2782 0x5625c55f5360 TRACE   GST_REFCOUNTING gstobject.c:292:gst_object_ref_sink: 0x5625c5626b60 ref_sink 1->2
0:00:00.016939581  2783 0x55d641a1c360 DEBUG   GST_POLL gstpoll.c:979:gst_poll_fd_ctl_write: 0x55d641a40910: fd (fd:0, idx:1), active : 1
0:00:00.016948431  2783 0x55d641a1c360 LOG   GST_POLL gstpoll.c:994:gst_poll_fd_ctl_write: 0x55d641a40910: pfd->events now 60 (POLLOUT:4)
0:00:00.021852461  2782 0x5625c55f5360 LOG   GST_REGISTRY gstregistry.c:607:gst_registry_add_feature: emitting feature-added for fakesink
0:00:00.016955032  2783 0x55d641a1c360 DEBUG   GST_POLL gstpoll.c:979:gst_poll_fd_ctl_write: 0x55d641a40910: fd (fd:0, idx:1), active : 1
0:00:00.016961696  2783 0x55d641a1c360 LOG   GST_POLL gstpoll.c:994:gst_poll_fd_ctl_write: 0x55d641a40910: pfd->events now 60 (POLLOUT:4)
0:00:00.021866839  2782 0x5625c55f5360 DEBUG   GST_REGISTRY gstregistrychunks.c:740:gst_registry_chunks_load_feature: Added feature fakesink, plugin 0x5625c5623ea0 coreelements
0:00:00.016968227  2783 0x55d641a1c360 DEBUG   GST_POLL gstpoll.c:979:gst_poll_fd_ctl_write: 0x55d641a40910: fd (fd:0, idx:1), active : 1
0:00:00.016974981  2783 0x55d641a1c360 LOG   GST_POLL gstpoll.c:994:gst_poll_fd_ctl_write: 0x55d641a40910: pfd->events now 60 (POLLOUT:4)
0:00:00.021880900  2782 0x5625c55f5360 DEBUG   GST_REGISTRY gstregistrychunks.c:582:gst_registry_chunks_load_feature: Plugin 'coreelements' feature 'fakesrc' typename : 'GstElementFactory'
0:00:00.016985469  2783 0x55d641a1c360 DEBUG   GST_POLL gstpoll.c:979:gst_poll_fd_ctl_write: 0x55d641a40910: fd (fd:0, idx:1), active : 1
0:00:00.016992117  2783 0x55d641a1c360 LOG   GST_POLL gstpoll.c:994:gst_poll_fd_ctl_write: 0x55d641a40910: pfd->events now 60 (POLLOUT:4)
0:00:00.021896663  2782 0x5625c55f5360 TRACE   GST_REFCOUNTING gstobject.c:208:gst_object_init: 0x5625c56270f0 new
0:00:00.016998697  2783 0x55d641a1c360 DEBUG   GST_POLL gstpoll.c:979:gst_poll_fd_ctl_write: 0x55d641a40910: fd (fd:0, idx:1), active : 1
0:00:00.021907804  2782 0x5625c55f5360 LOG   GST_REGISTRY gstregistrychunks.c:609:gst_registry_chunks_load_feature: Reading/casting for GstRegistryChunkElementFactory at address 0x5625c561c8f0
0:00:00.017005326  2783 0x55d641a1c360 LOG   GST_POLL gstpoll.c:994:gst_poll_fd_ctl_write: 0x55d641a40910: pfd->events now 60 (POLLOUT:4)
0:00:00.021915483  2782 0x5625c55f5360 TRACE   structure gststructure.c:287:gst_structure_new_id_empty_with_size: created structure 0x5625c56271e0
0:00:00.017012426  2783 0x55d641a1c360 DEBUG   GST_POLL gstpoll.c:979:gst_poll_fd_ctl_write: 0x55d641a40910: fd (fd:0, idx:1), active : 1
0:00:00.021922320  2782 0x5625c55f5360 DEBUG   structure gststructure.c:2203:gst_structure_parse_field: trying field name 'long-name'
0:00:00.017019594  2783 0x55d641a1c360 LOG   GST_POLL gstpoll.c:994:gst_poll_fd_ctl_write: 0x55d641a40910: pfd->events now 60 (POLLOUT:4)
