0:00:00.012205795  2783 0x55d641a1c360 DEBUG   GST_POLL gstpoll.c:979:gst_poll_fd_ctl_write: 0x55d641a40910: fd (fd:0, idx:1), active : 1
0:00:00.012211848  2783 0x55d641a1c360 LOG   GST_POLL gstpoll.c:994:gst_poll_fd_ctl_write: 0x55d641a40910: pfd->events now 60 (POLLOUT:4)
0:00:00.012218282  2783 0x55d641a1c360 DEBUG   GST_POLL gstpoll.c:979:gst_poll_fd_ctl_write: 0x55d641a40910: fd (fd:0, idx:1), active : 1
0:00:00.012224350  2783 0x55d641a1c360 LOG   GST_POLL gstpoll.c:994:gst_poll_fd_ctl_write: 0x55d641a40910: pfd->events now 60 (POLLOUT:4)
0:00:00.012230742  2783 0x55d641a1c360 DEBUG   GST_POLL gstpoll.c:979:gst_poll_fd_ctl_write: 0x55d641a40910: fd (fd:0, idx:1), active : 1
0:00:00.012236782  2783 0x55d641a1c360 LOG   GST_POLL gstpoll.c:994:gst_poll_fd_ctl_write: 0x55d641a40910: pfd->events now 60 (POLLOUT:4)
0:00:00.012243153  2783 0x55d641a1c360 DEBUG   GST_POLL gstpoll.c:979:gst_poll_fd_ctl_write: 0x55d641a40910: fd (fd:0, idx:1), active : 1
0:00:00.012249137  2783 0x55d641a1c360 LOG   GST_POLL gstpoll.c:994:gst_poll_fd_ctl_write: 0x55d641a40910: pfd->events now 60 (POLLOUT:4)
0:00:00.012255446  2783 0x55d641a1c360 DEBUG   GST_POLL gstpoll.c:979:gst_poll_fd_ctl_write: 0x55d641a40910: fd (fd:0, idx:1), active : 1
0:00:00.012261509  2783 0x55d641a1c360 LOG   GST_POLL gstpoll.c:994:gst_poll_fd_ctl_write: 0x55d641a40910: pfd->events now 60 (POLLOUT:4)
0:00:00.012267927  2783 0x55d641a1c360 DEBUG   GST_POLL gstpoll.c:979:gst_poll_fd_ctl_write: 0x55d641a40910: fd (fd:0, idx:1), active : 1
0:00:00.012273948  2783 0x55d641a1c360 LOG   GST_POLL gstpoll.c:994:gst_poll_fd_ctl_write: 0x55d641a40910: pfd->events now 60 (POLLOUT:4)
0:00:00.012280409  2783 0x55d641a1c360 DEBUG   GST_POLL gstpoll.c:979:gst_poll_fd_ctl_write: 0x55d641a40910: fd (fd:0, idx:1), active : 1
0:00:00.012286465  2783 0x55d641a1c360 LOG   GST_POLL gstpoll.c:994:gst_poll_fd_ctl_write: 0x55d641a40910: pfd->events now 60 (POLLOUT:4)
0:00:00.012292884  2783 0x55d641a1c360 DEBUG   GST_POLL gstpoll.c:979:gst_poll_fd_ctl_write: 0x55d641a40910: fd (fd:0, idx:1), active : 1
0:00:00.012299018  2783 0x55d641a1c360 LOG   GST_POLL gstpoll.c:994:gst_poll_fd_ctl_write: 0x55d641a40910: pfd->events now 60 (POLLOUT:4)
0:00:00.012309521  2783 0x55d641a1c360 DEBUG   GST_POLL gstpoll.c:979:gst_poll_fd_ctl_write: 0x55d641a40910: fd (fd:0, idx:1), active : 1
0:00:00.012315740  2783 0x55d641a1c360 LOG   GST_POLL gstpoll.c:994:gst_poll_fd_ctl_write: 0x55d641a40910: pfd->events now 60 (POLLOUT:4)
0:00:00.012322203  2783 0x55d641a1c360 DEBUG   GST_POLL gstpoll.c:979:gst_poll_fd_ctl_write: 0x55d641a40910: fd (fd:0, idx:1), active : 1
0:00:00.012328258  2783 0x55d641a1c360 LOG   GST_POLL gstpoll.c:994:gst_poll_fd_ctl_write: 0x55d641a40910: pfd->events now 60 (POLLOUT:4)
0:00:00.012334621  2783 0x55d641a1c360 DEBUG   GST_POLL gstpoll.c:979:gst_poll_fd_ctl_write: 0x55d641a40910: fd (fd:0, idx:1), active : 1
0:00:00.012340627  2783 0x55d641a1c360 LOG   GST_POLL gstpoll.c:994:gst_poll_fd_ctl_write: 0x55d641a40910: pfd->events now 60 (POLLOUT:4)
0:00:00.012347004  2783 0x55d641a1c360 DEBUG   GST_POLL gstpoll.c:979:gst_poll_fd_ctl_write: 0x55d641a40910: fd (fd:0, idx:1), active : 1
0:00:00.012353131  2783 0x55d641a1c360 LOG   GST_POLL gstpoll.c:994:gst_poll_fd_ctl_write: 0x55d641a40910: pfd->events now 60 (POLLOUT:4)
0:00:00.012359525  2783 0x55d641a1c360 DEBUG   GST_POLL gstpoll.c:979:gst_poll_fd_ctl_write: 0x55d641a40910: fd (fd:0, idx:1), active : 1
0:00:00.012365519  2783 0x55d641a1c360 LOG   GST_POLL gstpoll.c:994:gst_poll_fd_ctl_write: 0x55d641a40910: pfd->events now 60 (POLLOUT:4)
0:00:00.012371884  2783 0x55d641a1c360 DEBUG   GST_POLL gstpoll.c:979:gst_poll_fd_ctl_write: 0x55d641a40910: fd (fd:0, idx:1), active : 1
0:00:00.012377961  2783 0x55d641a1c360 LOG   GST_POLL gstpoll.c:994:gst_poll_fd_ctl_write: 0x55d641a40910: pfd->events now 60 (POLLOUT:4)
0:00:00.012384415  2783 0x55d641a1c360 DEBUG   GST_POLL gstpoll.c:979:gst_poll_fd_ctl_write: 0x55d641a40910: fd (fd:0, idx:1), active : 1
0:00:00.012390500  2783 0x55d641a1c360 LOG   GST_POLL gstpoll.c:994:gst_poll_fd_ctl_write: 0x55d641a40910: pfd->events now 60 (POLLOUT:4)
0:00:00.012397058  2783 0x55d641a1c360 DEBUG   GST_POLL gstpoll.c:979:gst_poll_fd_ctl_write: 0x55d641a40910: fd (fd:0, idx:1), active : 1
0:00:00.012403118  2783 0x55d641a1c360 LOG   GST_POLL gstpoll.c:994:gst_poll_fd_ctl_write: 0x55d641a40910: pfd->events now 60 (POLLOUT:4)
0:00:00.012409540  2783 0x55d641a1c360 DEBUG   GST_POLL gstpoll.c:979:gst_poll_fd_ctl_write: 0x55d641a40910: fd (fd:0, idx:1), active : 1
0:00:00.012415678  2783 0x55d641a1c360 LOG   GST_POLL gstpoll.c:994:gst_poll_fd_ctl_write: 0x55d641a40910: pfd->events now 60 (POLLOUT:4)
0:00:00.012422039  2783 0x55d641a1c360 DEBUG   GST_POLL gstpoll.c:979:gst_poll_fd_ctl_write: 0x55d641a40910: fd (fd:0, idx:1), active : 1
0:00:00.012428151  2783 0x55d641a1c360 LOG   GST_POLL gstpoll.c:994:gst_poll_fd_ctl_write: 0x55d641a40910: pfd->events now 60 (POLLOUT:4)
0:00:00.012434556  2783 0x55d641a1c360 DEBUG   GST_POLL gstpoll.c:979:gst_poll_fd_ctl_write: 0x55d641a40910: fd (fd:0, idx:1), active : 1
0:00:00.012440624  2783 0x55d641a1c360 LOG   GST_POLL gstpoll.c:994:gst_poll_fd_ctl_write: 0x55d641a40910: pfd->events now 60 (POLLOUT:4)
0:00:00.012451050  2783 0x55d641a1c360 DEBUG   GST_POLL gstpoll.c:979:gst_poll_fd_ctl_write: 0x55d641a40910: fd (fd:0, idx:1), active : 1
0:00:00.012457249  2783 0x55d641a1c360 LOG   GST_POLL gstpoll.c:994:gst_poll_fd_ctl_write: 0x55d641a40910: pfd->events now 60 (POLLOUT:4)
0:00:00.012463693  2783 0x55d641a1c360 DEBUG   GST_POLL gstpoll.c:979:gst_poll_fd_ctl_write: 0x55d641a40910: fd (fd:0, idx:1), active : 1
0:00:00.012469776  2783 0x55d641a1c360 LOG   GST_POLL gstpoll.c:994:gst_poll_fd_ctl_write: 0x55d641a40910: pfd->events now 60 (POLLOUT:4)
0:00:00.012476175  2783 0x55d641a1c360 DEBUG   GST_POLL gstpoll.c:979:gst_poll_fd_ctl_write: 0x55d641a40910: fd (fd:0, idx:1), active : 1
0:00:00.012482245  2783 0x55d641a1c360 LOG   GST_POLL gstpoll.c:994:gst_poll_fd_ctl_write: 0x55d641a40910: pfd->events now 60 (POLLOUT:4)
0:00:00.012488592  2783 0x55d641a1c360 DEBUG   GST_POLL gstpoll.c:979:gst_poll_fd_ctl_write: 0x55d641a40910: fd (fd:0, idx:1), active : 1
0:00:00.012494637  2783 0x55d641a1c360 LOG   GST_POLL gstpoll.c:994:gst_poll_fd_ctl_write: 0x55d641a40910: pfd->events now 60 (POLLOUT:4)
0:00:00.012501051  2783 0x55d641a1c360 LOG   GST_PLUGIN_LOADING gstpluginloader.c:645:put_chunk: Expanding tx buf from 5764 to 7717 for chunk of size 229
0:00:00.012507964  2783 0x55d641a1c360 DEBUG   GST_POLL gstpoll.c:979:gst_poll_fd_ctl_write: 0x55d641a40910: fd (fd:0, idx:1), active : 1
0:00:00.012514030  2783 0x55d641a1c360 LOG   GST_POLL gstpoll.c:994:gst_poll_fd_ctl_write: 0x55d641a40910: pfd->events now 60 (POLLOUT:4)
0:00:00.012520531  2783 0x55d641a1c360 DEBUG   GST_POLL gstpoll.c:979:gst_poll_fd_ctl_write: 0x55d641a40910: fd (fd:0, idx:1), active : 1
0:00:00.012526579  2783 0x55d641a1c360 LOG   GST_POLL gstpoll.c:994:gst_poll_fd_ctl_write: 0x55d641a40910: pfd->events now 60 (POLLOUT:4)
0:00:00.012532976  2783 0x55d641a1c360 DEBUG   GST_POLL gstpoll.c:979:gst_poll_fd_ctl_write: 0x55d641a40910: fd (fd:0, idx:1), active : 1
0:00:00.012538991  2783 0x55d641a1c360 LOG   GST_POLL gstpoll.c:994:gst_poll_fd_ctl_write: 0x55d641a40910: pfd->events now 60 (POLLOUT:4)
0:00:00.012545375  2783 0x55d641a1c360 DEBUG   GST_POLL gstpoll.c:979:gst_poll_fd_ctl_write: 0x55d641a40910: fd (fd:0, idx:1), active : 1
0:00:00.012551393  2783 0x55d641a1c360 LOG   GST_POLL gstpoll.c:994:gst_poll_fd_ctl_write: 0x55d641a40910: pfd->events now 60 (POLLOUT:4)
0:00:00.012557739  2783 0x55d641a1c360 DEBUG   GST_POLL gstpoll.c:979:gst_poll_fd_ctl_write: 0x55d641a40910: fd (fd:0, idx:1), active : 1
0:00:00.012563761  2783 0x55d641a1c360 LOG   GST_POLL gstpoll.c:994:gst_poll_fd_ctl_write: 0x55d641a40910: pfd->events now 60 (POLLOUT:4)
0:00:00.012570175  2783 0x55d641a1c360 DEBUG   GST_POLL gstpoll.c:979:gst_poll_fd_ctl_write: 0x55d641a40910: fd (fd:0, idx:1), active : 1
0:00:00.012576196  2783 0x55d641a1c360 LOG   GST_POLL gstpoll.c:994:gst_poll_fd_ctl_write: 0x55d641a40910: pfd->events now 60 (POLLOUT:4)
0:00:00.012582574  2783 0x55d641a1c360 DEBUG   GST_POLL gstpoll.c:979:gst_poll_fd_ctl_write: 0x55d641a40910: fd (fd:0, idx:1), active : 1
0:00:00.012592160  2783 0x55d641a1c360 LOG   GST_POLL gstpoll.c:994:gst_poll_fd_ctl_write: 0x55d641a40910: pfd->events now 60 (POLLOUT:4)
0:00:00.012598725  2783 0x55d641a1c360 DEBUG   GST_POLL gstpoll.c:979:gst_poll_fd_ctl_write: 0x55d641a40910: fd (fd:0, idx:1), active : 1
0:00:00.012604836  2783 0x55d641a1c360 LOG   GST_POLL gstpoll.c:994:gst_poll_fd_ctl_write: 0x55d641a40910: pfd->events now 60 (POLLOUT:4)
0:00:00.012611316  2783 0x55d641a1c360 DEBUG   GST_POLL gstpoll.c:979:gst_poll_fd_ctl_write: 0x55d641a40910: fd (fd:0, idx:1), active : 1
0:00:00.012617321  2783 0x55d641a1c360 LOG   GST_POLL gstpoll.c:994:gst_poll_fd_ctl_write: 0x55d641a40910: pfd->events now 60 (POLLOUT:4)
0:00:00.012623711  2783 0x55d641a1c360 DEBUG   GST_POLL gstpoll.c:979:gst_poll_fd_ctl_write: 0x55d641a40910: fd (fd:0, idx:1), active : 1
0:00:00.012635529  2783 0x55d641a1c360 LOG   GST_POLL gstpoll.c:994:gst_poll_fd_ctl_write: 0x55d641a40910: pfd->events now 60 (POLLOUT:4)
0:00:00.012642057  2783 0x55d641a1c360 DEBUG   GST_POLL gstpoll.c:979:gst_poll_fd_ctl_write: 0x55d641a40910: fd (fd:0, idx:1), active : 1
0:00:00.012648028  2783 0x55d641a1c360 LOG   GST_POLL gstpoll.c:994:gst_poll_fd_ctl_write: 0x55d641a40910: pfd->events now 60 (POLLOUT:4)
0:00:00.012654353  2783 0x55d641a1c360 DEBUG   GST_POLL gstpoll.c:979:gst_poll_fd_ctl_write: 0x55d641a40910: fd (fd:0, idx:1), active : 1
0:00:00.012660363  2783 0x55d641a1c360 LOG   GST_POLL gstpoll.c:994:gst_poll_fd_ctl_write: 0x55d641a40910: pfd->events now 60 (POLLOUT:4)
0:00:00.012666653  2783 0x55d641a1c360 DEBUG   GST_POLL gstpoll.c:979:gst_poll_fd_ctl_write: 0x55d641a40910: fd (fd:0, idx:1), active : 1
0:00:00.012672622  2783 0x55d641a1c360 LOG   GST_POLL gstpoll.c:994:gst_poll_fd_ctl_write: 0x55d641a40910: pfd->events now 60 (POLLOUT:4)
0:00:00.012678963  2783 0x55d641a1c360 DEBUG   GST_POLL gstpoll.c:979:gst_poll_fd_ctl_write: 0x55d641a40910: fd (fd:0, idx:1), active : 1
0:00:00.012684963  2783 0x55d641a1c360 LOG   GST_POLL gstpoll.c:994:gst_poll_fd_ctl_write: 0x55d641a40910: pfd->events now 60 (POLLOUT:4)
0:00:00.012704506  2783 0x55d641a1c360 DEBUG   GST_POLL gstpoll.c:979:gst_poll_fd_ctl_write: 0x55d641a40910: fd (fd:0, idx:1), active : 1
0:00:00.012710327  2783 0x55d641a1c360 LOG   GST_POLL gstpoll.c:994:gst_poll_fd_ctl_write: 0x55d641a40910: pfd->events now 60 (POLLOUT:4)
0:00:00.012716475  2783 0x55d641a1c360 DEBUG   GST_POLL gstpoll.c:979:gst_poll_fd_ctl_write: 0x55d641a40910: fd (fd:0, idx:1), active : 1
0:00:00.012722326  2783 0x55d641a1c360 LOG   GST_POLL gstpoll.c:994:gst_poll_fd_ctl_write: 0x55d641a40910: pfd->events now 60 (POLLOUT:4)
0:00:00.012728517  2783 0x55d641a1c360 DEBUG   GST_POLL gstpoll.c:979:gst_poll_fd_ctl_write: 0x55d641a40910: fd (fd:0, idx:1), active : 1
0:00:00.012734334  2783 0x55d641a1c360 LOG   GST_POLL gstpoll.c:994:gst_poll_fd_ctl_write: 0x55d641a40910: pfd->events now 60 (POLLOUT:4)
0:00:00.012740495  2783 0x55d641a1c360 DEBUG   GST_POLL gstpoll.c:979:gst_poll_fd_ctl_write: 0x55d641a40910: fd (fd:0, idx:1), active : 1
0:00:00.012746309  2783 0x55d641a1c360 LOG   GST_POLL gstpoll.c:994:gst_poll_fd_ctl_write: 0x55d641a40910: pfd->events now 60 (POLLOUT:4)
0:00:00.012758173  2783 0x55d641a1c360 DEBUG   GST_POLL gstpoll.c:979:gst_poll_fd_ctl_write: 0x55d641a40910: fd (fd:0, idx:1), active : 1
0:00:00.012764254  2783 0x55d641a1c360 LOG   GST_POLL gstpoll.c:994:gst_poll_fd_ctl_write: 0x55d641a40910: pfd->events now 60 (POLLOUT:4)
0:00:00.012770421  2783 0x55d641a1c360 DEBUG   GST_POLL gstpoll.c:979:gst_poll_fd_ctl_write: 0x55d641a40910: fd (fd:0, idx:1), active : 1
0:00:00.012776266  2783 0x55d641a1c360 LOG   GST_POLL gstpoll.c:994:gst_poll_fd_ctl_write: 0x55d641a40910: pfd->events now 60 (POLLOUT:4)
0:00:00.012782365  2783 0x55d641a1c360 DEBUG   GST_POLL gstpoll.c:979:gst_poll_fd_ctl_write: 0x55d641a40910: fd (fd:0, idx:1), active : 1
0:00:00.012788182  2783 0x55d641a1c360 LOG   GST_POLL gstpoll.c:994:gst_poll_fd_ctl_write: 0x55d641a40910: pfd->events now 60 (POLLOUT:4)
0:00:00.012794327  2783 0x55d641a1c360 DEBUG   GST_POLL gstpoll.c:979:gst_poll_fd_ctl_write: 0x55d641a40910: fd (fd:0, idx:1), active : 1
0:00:00.012800142  2783 0x55d641a1c360 LOG   GST_POLL gstpoll.c:994:gst_poll_fd_ctl_write: 0x55d641a40910: pfd->events now 60 (POLLOUT:4)
0:00:00.012806323  2783 0x55d641a1c360 DEBUG   GST_POLL gstpoll.c:979:gst_poll_fd_ctl_write: 0x55d641a40910: fd (fd:0, idx:1), active : 1
0:00:00.012812217  2783 0x55d641a1c360 LOG   GST_POLL gstpoll.c:994:gst_poll_fd_ctl_write: 0x55d641a40910: pfd->events now 60 (POLLOUT:4)
0:00:00.012818387  2783 0x55d641a1c360 DEBUG   GST_POLL gstpoll.c:979:gst_poll_fd_ctl_write: 0x55d641a40910: fd (fd:0, idx:1), active : 1
0:00:00.012824211  2783 0x55d641a1c360 LOG   GST_POLL gstpoll.c:994:gst_poll_fd_ctl_write: 0x55d641a40910: pfd->events now 60 (POLLOUT:4)
0:00:00.012830422  2783 0x55d641a1c360 DEBUG   GST_POLL gstpoll.c:979:gst_poll_fd_ctl_write: 0x55d641a40910: fd (fd:0, idx:1), active : 1
0:00:00.012836193  2783 0x55d641a1c360 LOG   GST_POLL gstpoll.c:994:gst_poll_fd_ctl_write: 0x55d641a40910: pfd->events now 60 (POLLOUT:4)
0:00:00.012842387  2783 0x55d641a1c360 DEBUG   GST_POLL gstpoll.c:979:gst_poll_fd_ctl_write: 0x55d641a40910: fd (fd:0, idx:1), active : 1
0:00:00.012848151  2783 0x55d641a1c360 LOG   GST_POLL gstpoll.c:994:gst_poll_fd_ctl_write: 0x55d641a40910: pfd->events now 60 (POLLOUT:4)
0:00:00.012854309  2783 0x55d641a1c360 DEBUG   GST_POLL gstpoll.c:979:gst_poll_fd_ctl_write: 0x55d641a40910: fd (fd:0, idx:1), active : 1
0:00:00.012860092  2783 0x55d641a1c360 LOG   GST_POLL gstpoll.c:994:gst_poll_fd_ctl_write: 0x55d641a40910: pfd->events now 60 (POLLOUT:4)
0:00:00.012866300  2783 0x55d641a1c360 DEBUG   GST_POLL gstpoll.c:979:gst_poll_fd_ctl_write: 0x55d641a40910: fd (fd:0, idx:1), active : 1
0:00:00.012872147  2783 0x55d641a1c360 LOG   GST_POLL gstpoll.c:994:gst_poll_fd_ctl_write: 0x55d641a40910: pfd->events now 60 (POLLOUT:4)
0:00:00.012878268  2783 0x55d641a1c360 DEBUG   GST_POLL gstpoll.c:979:gst_poll_fd_ctl_write: 0x55d641a40910: fd (fd:0, idx:1), active : 1
0:00:00.012884059  2783 0x55d641a1c360 LOG   GST_POLL gstpoll.c:994:gst_poll_fd_ctl_write: 0x55d641a40910: pfd->events now 60 (POLLOUT:4)
0:00:00.012893902  2783 0x55d641a1c360 DEBUG   GST_POLL gstpoll.c:979:gst_poll_fd_ctl_write: 0x55d641a40910: fd (fd:0, idx:1), active : 1
0:00:00.012899906  2783 0x55d641a1c360 LOG   GST_POLL gstpoll.c:994:gst_poll_fd_ctl_write: 0x55d641a40910: pfd->events now 60 (POLLOUT:4)
0:00:00.012906036  2783 0x55d641a1c360 DEBUG   GST_POLL gstpoll.c:979:gst_poll_fd_ctl_write: 0x55d641a40910: fd (fd:0, idx:1), active : 1
0:00:00.012911850  2783 0x55d641a1c360 LOG   GST_POLL gstpoll.c:994:gst_poll_fd_ctl_write: 0x55d641a40910: pfd->events now 60 (POLLOUT:4)
0:00:00.012918021  2783 0x55d641a1c360 DEBUG   GST_POLL gstpoll.c:979:gst_poll_fd_ctl_write: 0x55d641a40910: fd (fd:0, idx:1), active : 1
0:00:00.012923853  2783 0x55d641a1c360 LOG   GST_POLL gstpoll.c:994:gst_poll_fd_ctl_write: 0x55d641a40910: pfd->events now 60 (POLLOUT:4)
0:00:00.012930000  2783 0x55d641a1c360 DEBUG   GST_POLL gstpoll.c:979:gst_poll_fd_ctl_write: 0x55d641a40910: fd (fd:0, idx:1), active : 1
0:00:00.012935817  2783 0x55d641a1c360 LOG   GST_POLL gstpoll.c:994:gst_poll_fd_ctl_write: 0x55d641a40910: pfd->events now 60 (POLLOUT:4)
0:00:00.012941923  2783 0x55d641a1c360 DEBUG   GST_POLL gstpoll.c:979:gst_poll_fd_ctl_write: 0x55d641a40910: fd (fd:0, idx:1), active : 1
0:00:00.012965524  2783 0x55d641a1c360 LOG   GST_POLL gstpoll.c:994:gst_poll_fd_ctl_write: 0x55d641a40910: pfd->events now 60 (POLLOUT:4)
0:00:00.012977378  2783 0x55d641a1c360 DEBUG   GST_POLL gstpoll.c:979:gst_poll_fd_ctl_write: 0x55d641a40910: fd (fd:0, idx:1), active : 1
0:00:00.012984467  2783 0x55d641a1c360 LOG   GST_POLL gstpoll.c:994:gst_poll_fd_ctl_write: 0x55d641a40910: pfd->events now 60 (POLLOUT:4)
0:00:00.012990658  2783 0x55d641a1c360 DEBUG   GST_POLL gstpoll.c:979:gst_poll_fd_ctl_write: 0x55d641a40910: fd (fd:0, idx:1), active : 1
0:00:00.012996517  2783 0x55d641a1c360 LOG   GST_POLL gstpoll.c:994:gst_poll_fd_ctl_write: 0x55d641a40910: pfd->events now 60 (POLLOUT:4)
0:00:00.013002665  2783 0x55d641a1c360 DEBUG   GST_POLL gstpoll.c:979:gst_poll_fd_ctl_write: 0x55d641a40910: fd (fd:0, idx:1), active : 1
0:00:00.013008516  2783 0x55d641a1c360 LOG   GST_POLL gstpoll.c:994:gst_poll_fd_ctl_write: 0x55d641a40910: pfd->events now 60 (POLLOUT:4)
0:00:00.013014709  2783 0x55d641a1c360 DEBUG   GST_POLL gstpoll.c:979:gst_poll_fd_ctl_write: 0x55d641a40910: fd (fd:0, idx:1), active : 1
0:00:00.013020577  2783 0x55d641a1c360 LOG   GST_POLL gstpoll.c:994:gst_poll_fd_ctl_write: 0x55d641a40910: pfd->events now 60 (POLLOUT:4)
0:00:00.013026752  2783 0x55d641a1c360 DEBUG   GST_POLL gstpoll.c:979:gst_poll_fd_ctl_write: 0x55d641a40910: fd (fd:0, idx:1), active : 1
0:00:00.013032607  2783 0x55d641a1c360 LOG   GST_POLL gstpoll.c:994:gst_poll_fd_ctl_write: 0x55d641a40910: pfd->events now 60 (POLLOUT:4)
0:00:00.013038803  2783 0x55d641a1c360 DEBUG   GST_POLL gstpoll.c:979:gst_poll_fd_ctl_write: 0x55d641a40910: fd (fd:0, idx:1), active : 1
0:00:00.013044593  2783 0x55d641a1c360 LOG   GST_POLL gstpoll.c:994:gst_poll_fd_ctl_write: 0x55d641a40910: pfd->events now 60 (POLLOUT:4)
0:00:00.013050761  2783 0x55d641a1c360 DEBUG   GST_POLL gstpoll.c:979:gst_poll_fd_ctl_write: 0x55d641a40910: fd (fd:0, idx:1), active : 1
0:00:00.013061148  2783 0x55d641a1c360 LOG   GST_POLL gstpoll.c:994:gst_poll_fd_ctl_write: 0x55d641a40910: pfd->events now 60 (POLLOUT:4)
0:00:00.013067506  2783 0x55d641a1c360 DEBUG   GST_POLL gstpoll.c:979:gst_poll_fd_ctl_write: 0x55d641a40910: fd (fd:0, idx:1), active : 1
0:00:00.013073274  2783 0x55d641a1c360 LOG   GST_POLL gstpoll.c:994:gst_poll_fd_ctl_write: 0x55d641a40910: pfd->events now 60 (POLLOUT:4)
0:00:00.013079495  2783 0x55d641a1c360 DEBUG   GST_POLL gstpoll.c:979:gst_poll_fd_ctl_write: 0x55d641a40910: fd (fd:0, idx:1), active : 1
0:00:00.013085295  2783 0x55d641a1c360 LOG   GST_POLL gstpoll.c:994:gst_poll_fd_ctl_write: 0x55d641a40910: pfd->events now 60 (POLLOUT:4)
0:00:00.013091438  2783 0x55d641a1c360 DEBUG   GST_POLL gstpoll.c:979:gst_poll_fd_ctl_write: 0x55d641a40910: fd (fd:0, idx:1), active : 1
0:00:00.013097297  2783 0x55d641a1c360 LOG   GST_POLL gstpoll.c:994:gst_poll_fd_ctl_write: 0x55d641a40910: pfd->events now 60 (POLLOUT:4)
0:00:00.013103515  2783 0x55d641a1c360 DEBUG   GST_POLL gstpoll.c:979:gst_poll_fd_ctl_write: 0x55d641a40910: fd (fd:0, idx:1), active : 1
0:00:00.013109315  2783 0x55d641a1c360 LOG   GST_POLL gstpoll.c:994:gst_poll_fd_ctl_write: 0x55d641a40910: pfd->events now 60 (POLLOUT:4)
0:00:00.013115472  2783 0x55d641a1c360 DEBUG   GST_POLL gstpoll.c:979:gst_poll_fd_ctl_write: 0x55d641a40910: fd (fd:0, idx:1), active : 1
0:00:00.013121248  2783 0x55d641a1c360 LOG   GST_POLL gstpoll.c:994:gst_poll_fd_ctl_write: 0x55d641a40910: pfd->events now 60 (POLLOUT:4)
0:00:00.013127466  2783 0x55d641a1c360 DEBUG   GST_POLL gstpoll.c:979:gst_poll_fd_ctl_write: 0x55d641a40910: fd (fd:0, idx:1), active : 1
0:00:00.013133353  2783 0x55d641a1c360 LOG   GST_POLL gstpoll.c:994:gst_poll_fd_ctl_write: 0x55d641a40910: pfd->events now 60 (POLLOUT:4)
0:00:00.013140041  2783 0x55d641a1c360 DEBUG   GST_POLL gstpoll.c:979:gst_poll_fd_ctl_write: 0x55d641a40910: fd (fd:0, idx:1), active : 1
0:00:00.013145808  2783 0x55d641a1c360 LOG   GST_POLL gstpoll.c:994:gst_poll_fd_ctl_write: 0x55d641a40910: pfd->events now 60 (POLLOUT:4)
0:00:00.013151947  2783 0x55d641a1c360 DEBUG   GST_POLL gstpoll.c:979:gst_poll_fd_ctl_write: 0x55d641a40910: fd (fd:0, idx:1), active : 1
0:00:00.013157734  2783 0x55d641a1c360 LOG   GST_POLL gstpoll.c:994:gst_poll_fd_ctl_write: 0x55d641a40910: pfd->events now 60 (POLLOUT:4)
0:00:00.013163954  2783 0x55d641a1c360 DEBUG   GST_POLL gstpoll.c:979:gst_poll_fd_ctl_write: 0x55d641a40910: fd (fd:0, idx:1), active : 1
0:00:00.013169783  2783 0x55d641a1c360 LOG   GST_POLL gstpoll.c:994:gst_poll_fd_ctl_write: 0x55d641a40910: pfd->events now 60 (POLLOUT:4)
0:00:00.013175913  2783 0x55d641a1c360 DEBUG   GST_POLL gstpoll.c:979:gst_poll_fd_ctl_write: 0x55d641a40910: fd (fd:0, idx:1), active : 1
0:00:00.013181728  2783 0x55d641a1c360 LOG   GST_POLL gstpoll.c:994:gst_poll_fd_ctl_write: 0x55d641a40910: pfd->events now 60 (POLLOUT:4)
0:00:00.013187902  2783 0x55d641a1c360 DEBUG   GST_POLL gstpoll.c:979:gst_poll_fd_ctl_write: 0x55d641a40910: fd (fd:0, idx:1), active : 1
0:00:00.013197567  2783 0x55d641a1c360 LOG   GST_POLL gstpoll.c:994:gst_poll_fd_ctl_write: 0x55d641a40910: pfd->events now 60 (POLLOUT:4)
0:00:00.013203950  2783 0x55d641a1c360 DEBUG   GST_POLL gstpoll.c:979:gst_poll_fd_ctl_write: 0x55d641a40910: fd (fd:0, idx:1), active : 1
0:00:00.013209776  2783 0x55d641a1c360 LOG   GST_POLL gstpoll.c:994:gst_poll_fd_ctl_write: 0x55d641a40910: pfd->events now 60 (POLLOUT:4)
0:00:00.013215995  2783 0x55d641a1c360 DEBUG   GST_POLL gstpoll.c:979:gst_poll_fd_ctl_write: 0x55d641a40910: fd (fd:0, idx:1), active : 1
0:00:00.013221865  2783 0x55d641a1c360 LOG   GST_POLL gstpoll.c:994:gst_poll_fd_ctl_write: 0x55d641a40910: pfd->events now 60 (POLLOUT:4)
0:00:00.013232324  2783 0x55d641a1c360 TRACE   GST_REFCOUNTING gstobject.c:264:gst_object_unref: 0x55d641a44420 unref 2->1
0:00:00.013240328  2783 0x55d641a1c360 DEBUG   GST_POLL gstpoll.c:1241:gst_poll_fd_has_error: 0x55d641a40910: fd (fd:0, idx:1) 0
0:00:00.013246898  2783 0x55d641a1c360 DEBUG   GST_POLL gstpoll.c:1335:gst_poll_fd_can_write: 0x55d641a40910: fd (fd:0, idx:1) 1
0:00:00.013253088  2783 0x55d641a1c360 LOG   GST_PLUGIN_LOADING gstpluginloader.c:690:write_one: Writing packet of size 488 bytes to fd 0
0:00:00.013271452  2783 0x55d641a1c360 DEBUG   GST_POLL gstpoll.c:1414:gst_poll_wait: 0x55d641a40910: timeout :0:00:01.000000000
0:00:00.013283034  2783 0x55d641a1c360 LOG   GST_PLUGIN_LOADING gstpluginloader.c:1027:exchange_packets: Poll res = 2. 6872 bytes pending for write
0:00:00.013289966  2783 0x55d641a1c360 DEBUG   GST_POLL gstpoll.c:1241:gst_poll_fd_has_error: 0x55d641a40910: fd (fd:5, idx:2) 0
0:00:00.013296441  2783 0x55d641a1c360 DEBUG   GST_POLL gstpoll.c:1266:gst_poll_fd_can_read_unlocked: 0x55d641a40910: fd (fd:5, idx:2) 1
0:00:00.018198647  2782 0x5625c55f5360 LOG   GST_PLUGIN_LOADING gstpluginloader.c:1027:exchange_packets: Poll res = 1. 0 bytes pending for write
0:00:00.013306512  2783 0x55d641a1c360 DEBUG   GST_PLUGIN_LOADING gstpluginloader.c:722:do_plugin_load: Plugin scanner loading file /home/conan/w/prod/BuildSingleReference/.conan/data/gstreamer/1.18.3/_/_/package/d8cac73bce0dfdb14708c459db4ae84177c23223/lib/gstreamer-1.0/libgstcoretracers.so. tag 2
0:00:00.018219819  2782 0x5625c55f5360 DEBUG   GST_POLL gstpoll.c:1241:gst_poll_fd_has_error: 0x5625c561a3d0: fd (fd:8, idx:2) 0
0:00:00.013316636  2783 0x55d641a1c360 TRACE   GST_REFCOUNTING gstobject.c:237:gst_object_ref: 0x55d641a420d0 ref 1->2
0:00:00.018228002  2782 0x5625c55f5360 DEBUG   GST_POLL gstpoll.c:1266:gst_poll_fd_can_read_unlocked: 0x5625c561a3d0: fd (fd:8, idx:2) 1
0:00:00.013326480  2783 0x55d641a1c360 TRACE   GST_REFCOUNTING gstobject.c:237:gst_object_ref: 0x55d641a43d50 ref 1->2
0:00:00.013334016  2783 0x55d641a1c360 TRACE   GST_REFCOUNTING gstobject.c:237:gst_object_ref: 0x55d641a43bb0 ref 1->2
0:00:00.018241837  2782 0x5625c55f5360 DEBUG   GST_PLUGIN_LOADING gstpluginloader.c:848:handle_rx_packet: Received plugin details from child w/ tag 0. 476 bytes info
0:00:00.013340789  2783 0x55d641a1c360 TRACE   GST_REFCOUNTING gstobject.c:237:gst_object_ref: 0x55d641a43790 ref 1->2
0:00:00.018249464  2782 0x5625c55f5360 LOG   GST_REGISTRY gstregistrychunks.c:836:_priv_gst_registry_chunks_load_plugin: Reading/casting for GstRegistryChunkPluginElement at address 0x5625c5615da0
0:00:00.013352295  2783 0x55d641a1c360 TRACE   GST_REFCOUNTING gstobject.c:237:gst_object_ref: 0x55d641a43510 ref 1->2
0:00:00.013359853  2783 0x55d641a1c360 TRACE   GST_REFCOUNTING gstobject.c:237:gst_object_ref: 0x55d641a42fc0 ref 1->2
0:00:00.018270519  2782 0x5625c55f5360 TRACE   GST_REFCOUNTING gstobject.c:208:gst_object_init: 0x5625c561aa80 new
0:00:00.013369805  2783 0x55d641a1c360 TRACE   GST_REFCOUNTING gstobject.c:264:gst_object_unref: 0x55d641a42fc0 unref 2->1
0:00:00.013377218  2783 0x55d641a1c360 TRACE   GST_REFCOUNTING gstobject.c:264:gst_object_unref: 0x55d641a43510 unref 2->1
0:00:00.013383943  2783 0x55d641a1c360 TRACE   GST_REFCOUNTING gstobject.c:264:gst_object_unref: 0x55d641a43790 unref 2->1
0:00:00.013390534  2783 0x55d641a1c360 TRACE   GST_REFCOUNTING gstobject.c:264:gst_object_unref: 0x55d641a43bb0 unref 2->1
0:00:00.013397098  2783 0x55d641a1c360 TRACE   GST_REFCOUNTING gstobject.c:264:gst_object_unref: 0x55d641a43d50 unref 2->1
0:00:00.018305734  2782 0x5625c55f5360 LOG   GST_REGISTRY gstregistrychunks.c:858:_priv_gst_registry_chunks_load_plugin: read strings for name='coretracers'
0:00:00.013405529  2783 0x55d641a1c360 DEBUG   GST_REGISTRY gstregistrychunks.c:497:_priv_gst_registry_chunks_save_plugin: Found 5 features in plugin 0x55d641a420d0 (coretracers)
0:00:00.018312779  2782 0x5625c55f5360 LOG   GST_REGISTRY gstregistrychunks.c:859:_priv_gst_registry_chunks_load_plugin: desc.description='GStreamer core tracers'
0:00:00.013413053  2783 0x55d641a1c360 DEBUG   GST_POLL gstpoll.c:979:gst_poll_fd_ctl_write: 0x55d641a40910: fd (fd:0, idx:1), active : 1
0:00:00.018319707  2782 0x5625c55f5360 LOG   GST_REGISTRY gstregistrychunks.c:860:_priv_gst_registry_chunks_load_plugin: filename='/home/conan/w/prod/BuildSingleReference/.conan/data/gstreamer/1.18.3/_/_/package/d8cac73bce0dfdb14708c459db4ae84177c23223/lib/gstreamer-1.0/libgstcoretracers.so'
0:00:00.013419749  2783 0x55d641a1c360 LOG   GST_POLL gstpoll.c:994:gst_poll_fd_ctl_write: 0x55d641a40910: pfd->events now 60 (POLLOUT:4)
0:00:00.018326564  2782 0x5625c55f5360 LOG   GST_REGISTRY gstregistrychunks.c:861:_priv_gst_registry_chunks_load_plugin: desc.version='1.18.3'
0:00:00.013426621  2783 0x55d641a1c360 DEBUG   GST_POLL gstpoll.c:979:gst_poll_fd_ctl_write: 0x55d641a40910: fd (fd:0, idx:1), active : 1
0:00:00.018333154  2782 0x5625c55f5360 LOG   GST_REGISTRY gstregistrychunks.c:862:_priv_gst_registry_chunks_load_plugin: desc.license='LGPL'
0:00:00.013433120  2783 0x55d641a1c360 LOG   GST_POLL gstpoll.c:994:gst_poll_fd_ctl_write: 0x55d641a40910: pfd->events now 60 (POLLOUT:4)
0:00:00.018339969  2782 0x5625c55f5360 LOG   GST_REGISTRY gstregistrychunks.c:863:_priv_gst_registry_chunks_load_plugin: desc.source='gstreamer'
0:00:00.013439967  2783 0x55d641a1c360 DEBUG   GST_POLL gstpoll.c:979:gst_poll_fd_ctl_write: 0x55d641a40910: fd (fd:0, idx:1), active : 1
0:00:00.018346440  2782 0x5625c55f5360 LOG   GST_REGISTRY gstregistrychunks.c:864:_priv_gst_registry_chunks_load_plugin: desc.package='GStreamer source release'
0:00:00.013450177  2783 0x55d641a1c360 LOG   GST_POLL gstpoll.c:994:gst_poll_fd_ctl_write: 0x55d641a40910: pfd->events now 60 (POLLOUT:4)
0:00:00.018357199  2782 0x5625c55f5360 LOG   GST_REGISTRY gstregistrychunks.c:865:_priv_gst_registry_chunks_load_plugin: desc.origin='Unknown package origin'
0:00:00.013457051  2783 0x55d641a1c360 DEBUG   GST_POLL gstpoll.c:979:gst_poll_fd_ctl_write: 0x55d641a40910: fd (fd:0, idx:1), active : 1
0:00:00.018363562  2782 0x5625c55f5360 LOG   GST_REGISTRY gstregistrychunks.c:866:_priv_gst_registry_chunks_load_plugin: desc.datetime=2021-01-13
0:00:00.013463605  2783 0x55d641a1c360 LOG   GST_POLL gstpoll.c:994:gst_poll_fd_ctl_write: 0x55d641a40910: pfd->events now 60 (POLLOUT:4)
0:00:00.013470606  2783 0x55d641a1c360 DEBUG   GST_POLL gstpoll.c:979:gst_poll_fd_ctl_write: 0x55d641a40910: fd (fd:0, idx:1), active : 1
0:00:00.018378672  2782 0x5625c55f5360 DEBUG   GST_REGISTRY gstregistry.c:473:gst_registry_add_plugin: adding plugin 0x5625c561aa80 for filename "/home/conan/w/prod/BuildSingleReference/.conan/data/gstreamer/1.18.3/_/_/package/d8cac73bce0dfdb14708c459db4ae84177c23223/lib/gstreamer-1.0/libgstcoretracers.so"
0:00:00.013476625  2783 0x55d641a1c360 LOG   GST_POLL gstpoll.c:994:gst_poll_fd_ctl_write: 0x55d641a40910: pfd->events now 60 (POLLOUT:4)
0:00:00.013483413  2783 0x55d641a1c360 DEBUG   GST_POLL gstpoll.c:979:gst_poll_fd_ctl_write: 0x55d641a40910: fd (fd:0, idx:1), active : 1
0:00:00.018387928  2782 0x5625c55f5360 TRACE   GST_REFCOUNTING gstobject.c:292:gst_object_ref_sink: 0x5625c561aa80 ref_sink 1->2
0:00:00.013489404  2783 0x55d641a1c360 LOG   GST_POLL gstpoll.c:994:gst_poll_fd_ctl_write: 0x55d641a40910: pfd->events now 60 (POLLOUT:4)
0:00:00.018397592  2782 0x5625c55f5360 LOG   GST_REGISTRY gstregistry.c:486:gst_registry_add_plugin: emitting plugin-added for filename "/home/conan/w/prod/BuildSingleReference/.conan/data/gstreamer/1.18.3/_/_/package/d8cac73bce0dfdb14708c459db4ae84177c23223/lib/gstreamer-1.0/libgstcoretracers.so"
0:00:00.013496174  2783 0x55d641a1c360 DEBUG   GST_POLL gstpoll.c:979:gst_poll_fd_ctl_write: 0x55d641a40910: fd (fd:0, idx:1), active : 1
0:00:00.018405690  2782 0x5625c55f5360 DEBUG   GST_REGISTRY gstregistrychunks.c:886:_priv_gst_registry_chunks_load_plugin: Added plugin 'coretracers' plugin with 5 features from binary registry
0:00:00.013502620  2783 0x55d641a1c360 LOG   GST_POLL gstpoll.c:994:gst_poll_fd_ctl_write: 0x55d641a40910: pfd->events now 60 (POLLOUT:4)
0:00:00.018413568  2782 0x5625c55f5360 DEBUG   GST_REGISTRY gstregistrychunks.c:582:gst_registry_chunks_load_feature: Plugin 'coretracers' feature 'leaks' typename : 'GstTracerFactory'
0:00:00.013509984  2783 0x55d641a1c360 DEBUG   GST_POLL gstpoll.c:979:gst_poll_fd_ctl_write: 0x55d641a40910: fd (fd:0, idx:1), active : 1
0:00:00.013517400  2783 0x55d641a1c360 LOG   GST_POLL gstpoll.c:994:gst_poll_fd_ctl_write: 0x55d641a40910: pfd->events now 60 (POLLOUT:4)
0:00:00.013523596  2783 0x55d641a1c360 DEBUG   GST_POLL gstpoll.c:979:gst_poll_fd_ctl_write: 0x55d641a40910: fd (fd:0, idx:1), active : 1
0:00:00.018426826  2782 0x5625c55f5360 TRACE   GST_REFCOUNTING gstobject.c:208:gst_object_init: 0x5625c561ae10 new
0:00:00.013533368  2783 0x55d641a1c360 LOG   GST_POLL gstpoll.c:994:gst_poll_fd_ctl_write: 0x55d641a40910: pfd->events now 60 (POLLOUT:4)
0:00:00.018444812  2782 0x5625c55f5360 DEBUG   GST_REGISTRY gstregistrychunks.c:716:gst_registry_chunks_load_feature: Reading/casting for GstRegistryChunkPluginFeature at address 0x5625c5615ee8
0:00:00.013540183  2783 0x55d641a1c360 DEBUG   GST_POLL gstpoll.c:979:gst_poll_fd_ctl_write: 0x55d641a40910: fd (fd:0, idx:1), active : 1
0:00:00.013548907  2783 0x55d641a1c360 LOG   GST_POLL gstpoll.c:994:gst_poll_fd_ctl_write: 0x55d641a40910: pfd->events now 60 (POLLOUT:4)
0:00:00.018453834  2782 0x5625c55f5360 DEBUG   GST_REGISTRY gstregistry.c:589:gst_registry_add_feature: adding feature 0x5625c561ae10 (leaks)
0:00:00.013555141  2783 0x55d641a1c360 DEBUG   GST_POLL gstpoll.c:979:gst_poll_fd_ctl_write: 0x55d641a40910: fd (fd:0, idx:1), active : 1
0:00:00.018463995  2782 0x5625c55f5360 DEBUG   GST_REFCOUNTING gstobject.c:708:gst_object_set_parent: set parent (ref and sink)
0:00:00.013561476  2783 0x55d641a1c360 LOG   GST_POLL gstpoll.c:994:gst_poll_fd_ctl_write: 0x55d641a40910: pfd->events now 60 (POLLOUT:4)
0:00:00.018472283  2782 0x5625c55f5360 TRACE   GST_REFCOUNTING gstobject.c:292:gst_object_ref_sink: 0x5625c561ae10 ref_sink 1->2
0:00:00.013568840  2783 0x55d641a1c360 DEBUG   GST_POLL gstpoll.c:979:gst_poll_fd_ctl_write: 0x55d641a40910: fd (fd:0, idx:1), active : 1
0:00:00.018479779  2782 0x5625c55f5360 LOG   GST_REGISTRY gstregistry.c:607:gst_registry_add_feature: emitting feature-added for leaks
0:00:00.013576548  2783 0x55d641a1c360 LOG   GST_POLL gstpoll.c:994:gst_poll_fd_ctl_write: 0x55d641a40910: pfd->events now 60 (POLLOUT:4)
0:00:00.018487617  2782 0x5625c55f5360 DEBUG   GST_REGISTRY gstregistrychunks.c:740:gst_registry_chunks_load_feature: Added feature leaks, plugin 0x5625c561aa80 coretracers
0:00:00.013583973  2783 0x55d641a1c360 DEBUG   GST_POLL gstpoll.c:979:gst_poll_fd_ctl_write: 0x55d641a40910: fd (fd:0, idx:1), active : 1
0:00:00.018494958  2782 0x5625c55f5360 DEBUG   GST_REGISTRY gstregistrychunks.c:582:gst_registry_chunks_load_feature: Plugin 'coretracers' feature 'stats' typename : 'GstTracerFactory'
0:00:00.013591242  2783 0x55d641a1c360 LOG   GST_POLL gstpoll.c:994:gst_poll_fd_ctl_write: 0x55d641a40910: pfd->events now 60 (POLLOUT:4)
0:00:00.018503301  2782 0x5625c55f5360 TRACE   GST_REFCOUNTING gstobject.c:208:gst_object_init: 0x5625c561b020 new
0:00:00.013598994  2783 0x55d641a1c360 DEBUG   GST_POLL gstpoll.c:979:gst_poll_fd_ctl_write: 0x55d641a40910: fd (fd:0, idx:1), active : 1
0:00:00.018512207  2782 0x5625c55f5360 DEBUG   GST_REGISTRY gstregistrychunks.c:716:gst_registry_chunks_load_feature: Reading/casting for GstRegistryChunkPluginFeature at address 0x5625c5615f08
0:00:00.013607746  2783 0x55d641a1c360 LOG   GST_POLL gstpoll.c:994:gst_poll_fd_ctl_write: 0x55d641a40910: pfd->events now 60 (POLLOUT:4)
0:00:00.018519997  2782 0x5625c55f5360 DEBUG   GST_REGISTRY gstregistry.c:589:gst_registry_add_feature: adding feature 0x5625c561b020 (stats)
0:00:00.013620125  2783 0x55d641a1c360 DEBUG   GST_POLL gstpoll.c:979:gst_poll_fd_ctl_write: 0x55d641a40910: fd (fd:0, idx:1), active : 1
0:00:00.018527079  2782 0x5625c55f5360 DEBUG   GST_REFCOUNTING gstobject.c:708:gst_object_set_parent: set parent (ref and sink)
0:00:00.018535611  2782 0x5625c55f5360 TRACE   GST_REFCOUNTING gstobject.c:292:gst_object_ref_sink: 0x5625c561b020 ref_sink 1->2
0:00:00.013633755  2783 0x55d641a1c360 LOG   GST_POLL gstpoll.c:994:gst_poll_fd_ctl_write: 0x55d641a40910: pfd->events now 60 (POLLOUT:4)
0:00:00.018542307  2782 0x5625c55f5360 LOG   GST_REGISTRY gstregistry.c:607:gst_registry_add_feature: emitting feature-added for stats
0:00:00.013641067  2783 0x55d641a1c360 LOG   GST_PLUGIN_LOADING gstpluginloader.c:645:put_chunk: Expanding tx buf from 7717 to 10158 for chunk of size 17
0:00:00.018549339  2782 0x5625c55f5360 DEBUG   GST_REGISTRY gstregistrychunks.c:740:gst_registry_chunks_load_feature: Added feature stats, plugin 0x5625c561aa80 coretracers
0:00:00.018556293  2782 0x5625c55f5360 DEBUG   GST_REGISTRY gstregistrychunks.c:582:gst_registry_chunks_load_feature: Plugin 'coretracers' feature 'rusage' typename : 'GstTracerFactory'
0:00:00.013653718  2783 0x55d641a1c360 DEBUG   GST_POLL gstpoll.c:979:gst_poll_fd_ctl_write: 0x55d641a40910: fd (fd:0, idx:1), active : 1
0:00:00.018563731  2782 0x5625c55f5360 TRACE   GST_REFCOUNTING gstobject.c:208:gst_object_init: 0x5625c561b170 new
0:00:00.013660445  2783 0x55d641a1c360 LOG   GST_POLL gstpoll.c:994:gst_poll_fd_ctl_write: 0x55d641a40910: pfd->events now 60 (POLLOUT:4)
0:00:00.018572092  2782 0x5625c55f5360 DEBUG   GST_REGISTRY gstregistrychunks.c:716:gst_registry_chunks_load_feature: Reading/casting for GstRegistryChunkPluginFeature at address 0x5625c5615f28
0:00:00.013668343  2783 0x55d641a1c360 DEBUG   GST_POLL gstpoll.c:979:gst_poll_fd_ctl_write: 0x55d641a40910: fd (fd:0, idx:1), active : 1
0:00:00.018600452  2782 0x5625c55f5360 DEBUG   GST_REGISTRY gstregistry.c:589:gst_registry_add_feature: adding feature 0x5625c561b170 (rusage)
0:00:00.013696077  2783 0x55d641a1c360 LOG   GST_POLL gstpoll.c:994:gst_poll_fd_ctl_write: 0x55d641a40910: pfd->events now 60 (POLLOUT:4)
0:00:00.018607377  2782 0x5625c55f5360 DEBUG   GST_REFCOUNTING gstobject.c:708:gst_object_set_parent: set parent (ref and sink)
0:00:00.013704848  2783 0x55d641a1c360 DEBUG   GST_POLL gstpoll.c:979:gst_poll_fd_ctl_write: 0x55d641a40910: fd (fd:0, idx:1), active : 1
0:00:00.018615079  2782 0x5625c55f5360 TRACE   GST_REFCOUNTING gstobject.c:292:gst_object_ref_sink: 0x5625c561b170 ref_sink 1->2
0:00:00.013711510  2783 0x55d641a1c360 LOG   GST_POLL gstpoll.c:994:gst_poll_fd_ctl_write: 0x55d641a40910: pfd->events now 60 (POLLOUT:4)
0:00:00.018622218  2782 0x5625c55f5360 LOG   GST_REGISTRY gstregistry.c:607:gst_registry_add_feature: emitting feature-added for rusage
0:00:00.013719666  2783 0x55d641a1c360 DEBUG   GST_POLL gstpoll.c:979:gst_poll_fd_ctl_write: 0x55d641a40910: fd (fd:0, idx:1), active : 1
0:00:00.018629291  2782 0x5625c55f5360 DEBUG   GST_REGISTRY gstregistrychunks.c:740:gst_registry_chunks_load_feature: Added feature rusage, plugin 0x5625c561aa80 coretracers
0:00:00.013730207  2783 0x55d641a1c360 LOG   GST_POLL gstpoll.c:994:gst_poll_fd_ctl_write: 0x55d641a40910: pfd->events now 60 (POLLOUT:4)
0:00:00.018638287  2782 0x5625c55f5360 DEBUG   GST_REGISTRY gstregistrychunks.c:582:gst_registry_chunks_load_feature: Plugin 'coretracers' feature 'log' typename : 'GstTracerFactory'
0:00:00.013736998  2783 0x55d641a1c360 DEBUG   GST_POLL gstpoll.c:979:gst_poll_fd_ctl_write: 0x55d641a40910: fd (fd:0, idx:1), active : 1
0:00:00.018646362  2782 0x5625c55f5360 TRACE   GST_REFCOUNTING gstobject.c:208:gst_object_init: 0x5625c561b2d0 new
0:00:00.013743423  2783 0x55d641a1c360 LOG   GST_POLL gstpoll.c:994:gst_poll_fd_ctl_write: 0x55d641a40910: pfd->events now 60 (POLLOUT:4)
0:00:00.018654914  2782 0x5625c55f5360 DEBUG   GST_REGISTRY gstregistrychunks.c:716:gst_registry_chunks_load_feature: Reading/casting for GstRegistryChunkPluginFeature at address 0x5625c5615f48
0:00:00.013751206  2783 0x55d641a1c360 DEBUG   GST_POLL gstpoll.c:979:gst_poll_fd_ctl_write: 0x55d641a40910: fd (fd:0, idx:1), active : 1
0:00:00.018662672  2782 0x5625c55f5360 DEBUG   GST_REGISTRY gstregistry.c:589:gst_registry_add_feature: adding feature 0x5625c561b2d0 (log)
0:00:00.013758768  2783 0x55d641a1c360 LOG   GST_POLL gstpoll.c:994:gst_poll_fd_ctl_write: 0x55d641a40910: pfd->events now 60 (POLLOUT:4)
0:00:00.018669242  2782 0x5625c55f5360 DEBUG   GST_REFCOUNTING gstobject.c:708:gst_object_set_parent: set parent (ref and sink)
0:00:00.013766861  2783 0x55d641a1c360 DEBUG   GST_POLL gstpoll.c:979:gst_poll_fd_ctl_write: 0x55d641a40910: fd (fd:0, idx:1), active : 1
0:00:00.018676851  2782 0x5625c55f5360 TRACE   GST_REFCOUNTING gstobject.c:292:gst_object_ref_sink: 0x5625c561b2d0 ref_sink 1->2
0:00:00.013773415  2783 0x55d641a1c360 LOG   GST_POLL gstpoll.c:994:gst_poll_fd_ctl_write: 0x55d641a40910: pfd->events now 60 (POLLOUT:4)
0:00:00.018683979  2782 0x5625c55f5360 LOG   GST_REGISTRY gstregistry.c:607:gst_registry_add_feature: emitting feature-added for log
0:00:00.013781486  2783 0x55d641a1c360 DEBUG   GST_POLL gstpoll.c:979:gst_poll_fd_ctl_write: 0x55d641a40910: fd (fd:0, idx:1), active : 1
0:00:00.018690960  2782 0x5625c55f5360 DEBUG   GST_REGISTRY gstregistrychunks.c:740:gst_registry_chunks_load_feature: Added feature log, plugin 0x5625c561aa80 coretracers
0:00:00.013787957  2783 0x55d641a1c360 LOG   GST_POLL gstpoll.c:994:gst_poll_fd_ctl_write: 0x55d641a40910: pfd->events now 60 (POLLOUT:4)
0:00:00.018698140  2782 0x5625c55f5360 DEBUG   GST_REGISTRY gstregistrychunks.c:582:gst_registry_chunks_load_feature: Plugin 'coretracers' feature 'latency' typename : 'GstTracerFactory'
0:00:00.013795252  2783 0x55d641a1c360 DEBUG   GST_POLL gstpoll.c:979:gst_poll_fd_ctl_write: 0x55d641a40910: fd (fd:0, idx:1), active : 1
0:00:00.018705772  2782 0x5625c55f5360 TRACE   GST_REFCOUNTING gstobject.c:208:gst_object_init: 0x5625c561b430 new
0:00:00.013801740  2783 0x55d641a1c360 LOG   GST_POLL gstpoll.c:994:gst_poll_fd_ctl_write: 0x55d641a40910: pfd->events now 60 (POLLOUT:4)
0:00:00.013818051  2783 0x55d641a1c360 DEBUG   GST_POLL gstpoll.c:979:gst_poll_fd_ctl_write: 0x55d641a40910: fd (fd:0, idx:1), active : 1
0:00:00.018724263  2782 0x5625c55f5360 DEBUG   GST_REGISTRY gstregistrychunks.c:716:gst_registry_chunks_load_feature: Reading/casting for GstRegistryChunkPluginFeature at address 0x5625c5615f70
0:00:00.013824017  2783 0x55d641a1c360 LOG   GST_POLL gstpoll.c:994:gst_poll_fd_ctl_write: 0x55d641a40910: pfd->events now 60 (POLLOUT:4)
0:00:00.018732404  2782 0x5625c55f5360 DEBUG   GST_REGISTRY gstregistry.c:589:gst_registry_add_feature: adding feature 0x5625c561b430 (latency)
0:00:00.013830856  2783 0x55d641a1c360 DEBUG   GST_POLL gstpoll.c:979:gst_poll_fd_ctl_write: 0x55d641a40910: fd (fd:0, idx:1), active : 1
0:00:00.018738894  2782 0x5625c55f5360 DEBUG   GST_REFCOUNTING gstobject.c:708:gst_object_set_parent: set parent (ref and sink)
0:00:00.013837205  2783 0x55d641a1c360 LOG   GST_POLL gstpoll.c:994:gst_poll_fd_ctl_write: 0x55d641a40910: pfd->events now 60 (POLLOUT:4)
0:00:00.018746462  2782 0x5625c55f5360 TRACE   GST_REFCOUNTING gstobject.c:292:gst_object_ref_sink: 0x5625c561b430 ref_sink 1->2
0:00:00.013844068  2783 0x55d641a1c360 DEBUG   GST_POLL gstpoll.c:979:gst_poll_fd_ctl_write: 0x55d641a40910: fd (fd:0, idx:1), active : 1
0:00:00.018753574  2782 0x5625c55f5360 LOG   GST_REGISTRY gstregistry.c:607:gst_registry_add_feature: emitting feature-added for latency
0:00:00.013850443  2783 0x55d641a1c360 LOG   GST_POLL gstpoll.c:994:gst_poll_fd_ctl_write: 0x55d641a40910: pfd->events now 60 (POLLOUT:4)
0:00:00.018760862  2782 0x5625c55f5360 DEBUG   GST_REGISTRY gstregistrychunks.c:740:gst_registry_chunks_load_feature: Added feature latency, plugin 0x5625c561aa80 coretracers
0:00:00.013858449  2783 0x55d641a1c360 TRACE   GST_REFCOUNTING gstobject.c:264:gst_object_unref: 0x55d641a420d0 unref 2->1
0:00:00.018768507  2782 0x5625c55f5360 LOG   GST_PLUGIN_LOADING gstpluginloader.c:887:handle_rx_packet: marking plugin 0x5625c561aa80 as registered as /home/conan/w/prod/BuildSingleReference/.conan/data/gstreamer/1.18.3/_/_/package/d8cac73bce0dfdb14708c459db4ae84177c23223/lib/gstreamer-1.0/libgstcoretracers.so
0:00:00.013866051  2783 0x55d641a1c360 DEBUG   GST_POLL gstpoll.c:1241:gst_poll_fd_has_error: 0x55d641a40910: fd (fd:0, idx:1) 0
0:00:00.013873238  2783 0x55d641a1c360 DEBUG   GST_POLL gstpoll.c:1335:gst_poll_fd_can_write: 0x55d641a40910: fd (fd:0, idx:1) 1
0:00:00.018800493  2782 0x5625c55f5360 DEBUG   GST_POLL gstpoll.c:1414:gst_poll_wait: 0x5625c561a3d0: timeout :0:00:01.000000000
0:00:00.013896942  2783 0x55d641a1c360 LOG   GST_PLUGIN_LOADING gstpluginloader.c:690:write_one: Writing packet of size 6872 bytes to fd 0
0:00:00.013929138  2783 0x55d641a1c360 DEBUG   GST_POLL gstpoll.c:1414:gst_poll_wait: 0x55d641a40910: timeout :0:00:01.000000000
0:00:00.018854476  2782 0x5625c55f5360 LOG   GST_PLUGIN_LOADING gstpluginloader.c:1027:exchange_packets: Poll res = 1. 0 bytes pending for write
0:00:00.018864268  2782 0x5625c55f5360 DEBUG   GST_POLL gstpoll.c:1241:gst_poll_fd_has_error: 0x5625c561a3d0: fd (fd:8, idx:2) 0
0:00:00.013957078  2783 0x55d641a1c360 LOG   GST_PLUGIN_LOADING gstpluginloader.c:1027:exchange_packets: Poll res = 2. 488 bytes pending for write
0:00:00.018879819  2782 0x5625c55f5360 DEBUG   GST_POLL gstpoll.c:1266:gst_poll_fd_can_read_unlocked: 0x5625c561a3d0: fd (fd:8, idx:2) 1
0:00:00.013978324  2783 0x55d641a1c360 DEBUG   GST_POLL gstpoll.c:1241:gst_poll_fd_has_error: 0x55d641a40910: fd (fd:5, idx:2) 0
0:00:00.018889237  2782 0x5625c55f5360 LOG   GST_PLUGIN_LOADING gstpluginloader.c:985:read_one: Expanding rx buf from 512 to 7384
0:00:00.013985688  2783 0x55d641a1c360 DEBUG   GST_POLL gstpoll.c:1266:gst_poll_fd_can_read_unlocked: 0x55d641a40910: fd (fd:5, idx:2) 1
0:00:00.013997889  2783 0x55d641a1c360 DEBUG   GST_PLUGIN_LOADING gstpluginloader.c:722:do_plugin_load: Plugin scanner loading file /home/conan/w/prod/BuildSingleReference/.conan/data/gstreamer/1.18.3/_/_/package/d8cac73bce0dfdb14708c459db4ae84177c23223/lib/gstreamer-1.0/libgstcoreelements.so. tag 3
0:00:00.018909429  2782 0x5625c55f5360 DEBUG   GST_PLUGIN_LOADING gstpluginloader.c:848:handle_rx_packet: Received plugin details from child w/ tag 1. 6860 bytes info
0:00:00.014006395  2783 0x55d641a1c360 TRACE   GST_REFCOUNTING gstobject.c:237:gst_object_ref: 0x55d641a44420 ref 1->2
0:00:00.018916827  2782 0x5625c55f5360 LOG   GST_REGISTRY gstregistrychunks.c:836:_priv_gst_registry_chunks_load_plugin: Reading/casting for GstRegistryChunkPluginElement at address 0x5625c561b500
0:00:00.014015016  2783 0x55d641a1c360 TRACE   GST_REFCOUNTING gstobject.c:237:gst_object_ref: 0x55d641a62eb0 ref 1->2
0:00:00.018925405  2782 0x5625c55f5360 TRACE   GST_REFCOUNTING gstobject.c:208:gst_object_init: 0x5625c5623ea0 new
0:00:00.014022695  2783 0x55d641a1c360 TRACE   GST_REFCOUNTING gstobject.c:237:gst_object_ref: 0x55d641a621c0 ref 1->2
0:00:00.014030519  2783 0x55d641a1c360 TRACE   GST_REFCOUNTING gstobject.c:237:gst_object_ref: 0x55d641a606e0 ref 1->2
0:00:00.018938907  2782 0x5625c55f5360 LOG   GST_REGISTRY gstregistrychunks.c:858:_priv_gst_registry_chunks_load_plugin: read strings for name='coreelements'
0:00:00.014037371  2783 0x55d641a1c360 TRACE   GST_REFCOUNTING gstobject.c:237:gst_object_ref: 0x55d641a5f6f0 ref 1->2
0:00:00.018945714  2782 0x5625c55f5360 LOG   GST_REGISTRY gstregistrychunks.c:859:_priv_gst_registry_chunks_load_plugin: desc.description='GStreamer core elements'
0:00:00.014044884  2783 0x55d641a1c360 TRACE   GST_REFCOUNTING gstobject.c:237:gst_object_ref: 0x55d641a5e310 ref 1->2
0:00:00.018952489  2782 0x5625c55f5360 LOG   GST_REGISTRY gstregistrychunks.c:860:_priv_gst_registry_chunks_load_plugin: filename='/home/conan/w/prod/BuildSingleReference/.conan/data/gstreamer/1.18.3/_/_/package/d8cac73bce0dfdb14708c459db4ae84177c23223/lib/gstreamer-1.0/libgstcoreelements.so'
0:00:00.014052340  2783 0x55d641a1c360 TRACE   GST_REFCOUNTING gstobject.c:237:gst_object_ref: 0x55d641a5ce90 ref 1->2
0:00:00.018959005  2782 0x5625c55f5360 LOG   GST_REGISTRY gstregistrychunks.c:861:_priv_gst_registry_chunks_load_plugin: desc.version='1.18.3'
0:00:00.014059736  2783 0x55d641a1c360 TRACE   GST_REFCOUNTING gstobject.c:237:gst_object_ref: 0x55d641a5b6e0 ref 1->2
0:00:00.018971101  2782 0x5625c55f5360 LOG   GST_REGISTRY gstregistrychunks.c:862:_priv_gst_registry_chunks_load_plugin: desc.license='LGPL'
0:00:00.014069165  2783 0x55d641a1c360 TRACE   GST_REFCOUNTING gstobject.c:237:gst_object_ref: 0x55d641a59330 ref 1->2
0:00:00.018977395  2782 0x5625c55f5360 LOG   GST_REGISTRY gstregistrychunks.c:863:_priv_gst_registry_chunks_load_plugin: desc.source='gstreamer'
0:00:00.014076794  2783 0x55d641a1c360 TRACE   GST_REFCOUNTING gstobject.c:237:gst_object_ref: 0x55d641a58210 ref 1->2
0:00:00.018983631  2782 0x5625c55f5360 LOG   GST_REGISTRY gstregistrychunks.c:864:_priv_gst_registry_chunks_load_plugin: desc.package='GStreamer source release'
0:00:00.014084391  2783 0x55d641a1c360 TRACE   GST_REFCOUNTING gstobject.c:237:gst_object_ref: 0x55d641a56f80 ref 1->2
0:00:00.018991152  2782 0x5625c55f5360 LOG   GST_REGISTRY gstregistrychunks.c:865:_priv_gst_registry_chunks_load_plugin: desc.origin='Unknown package origin'
0:00:00.014091942  2783 0x55d641a1c360 TRACE   GST_REFCOUNTING gstobject.c:237:gst_object_ref: 0x55d641a55990 ref 1->2
0:00:00.018998453  2782 0x5625c55f5360 LOG   GST_REGISTRY gstregistrychunks.c:866:_priv_gst_registry_chunks_load_plugin: desc.datetime=2021-01-13
0:00:00.014099267  2783 0x55d641a1c360 TRACE   GST_REFCOUNTING gstobject.c:237:gst_object_ref: 0x55d641a54cd0 ref 1->2
0:00:00.019008023  2782 0x5625c55f5360 DEBUG   GST_REGISTRY gstregistry.c:473:gst_registry_add_plugin: adding plugin 0x5625c5623ea0 for filename "/home/conan/w/prod/BuildSingleReference/.conan/data/gstreamer/1.18.3/_/_/package/d8cac73bce0dfdb14708c459db4ae84177c23223/lib/gstreamer-1.0/libgstcoreelements.so"
0:00:00.014106693  2783 0x55d641a1c360 TRACE   GST_REFCOUNTING gstobject.c:237:gst_object_ref: 0x55d641a53ef0 ref 1->2
0:00:00.019016283  2782 0x5625c55f5360 TRACE   GST_REFCOUNTING gstobject.c:292:gst_object_ref_sink: 0x5625c5623ea0 ref_sink 1->2
0:00:00.014114091  2783 0x55d641a1c360 TRACE   GST_REFCOUNTING gstobject.c:237:gst_object_ref: 0x55d641a53090 ref 1->2
0:00:00.019024309  2782 0x5625c55f5360 LOG   GST_REGISTRY gstregistry.c:486:gst_registry_add_plugin: emitting plugin-added for filename "/home/conan/w/prod/BuildSingleReference/.conan/data/gstreamer/1.18.3/_/_/package/d8cac73bce0dfdb14708c459db4ae84177c23223/lib/gstreamer-1.0/libgstcoreelements.so"
0:00:00.014121639  2783 0x55d641a1c360 TRACE   GST_REFCOUNTING gstobject.c:237:gst_object_ref: 0x55d641a50be0 ref 1->2
0:00:00.019032069  2782 0x5625c55f5360 DEBUG   GST_REGISTRY gstregistrychunks.c:886:_priv_gst_registry_chunks_load_plugin: Added plugin 'coreelements' plugin with 22 features from binary registry
0:00:00.014129145  2783 0x55d641a1c360 TRACE   GST_REFCOUNTING gstobject.c:237:gst_object_ref: 0x55d641a4e600 ref 1->2
0:00:00.019039672  2782 0x5625c55f5360 DEBUG   GST_REGISTRY gstregistrychunks.c:582:gst_registry_chunks_load_feature: Plugin 'coreelements' feature 'streamiddemux' typename : 'GstElementFactory'
0:00:00.014136683  2783 0x55d641a1c360 TRACE   GST_REFCOUNTING gstobject.c:237:gst_object_ref: 0x55d641a4c980 ref 1->2
0:00:00.014148471  2783 0x55d641a1c360 TRACE   GST_REFCOUNTING gstobject.c:237:gst_object_ref: 0x55d641a4b7e0 ref 1->2
0:00:00.019054600  2782 0x5625c55f5360 TRACE   GST_REFCOUNTING gstobject.c:208:gst_object_init: 0x5625c5625a40 new
0:00:00.014155576  2783 0x55d641a1c360 TRACE   GST_REFCOUNTING gstobject.c:237:gst_object_ref: 0x55d641a49850 ref 1->2
0:00:00.019064392  2782 0x5625c55f5360 LOG   GST_REGISTRY gstregistrychunks.c:609:gst_registry_chunks_load_feature: Reading/casting for GstRegistryChunkElementFactory at address 0x5625c561b658
0:00:00.014163258  2783 0x55d641a1c360 TRACE   GST_REFCOUNTING gstobject.c:237:gst_object_ref: 0x55d641a489e0 ref 1->2
0:00:00.019073043  2782 0x5625c55f5360 TRACE   structure gststructure.c:287:gst_structure_new_id_empty_with_size: created structure 0x5625c561aed0
0:00:00.014170750  2783 0x55d641a1c360 TRACE   GST_REFCOUNTING gstobject.c:237:gst_object_ref: 0x55d641a47d00 ref 1->2
0:00:00.019082042  2782 0x5625c55f5360 DEBUG   structure gststructure.c:2203:gst_structure_parse_field: trying field name 'long-name'
