******************************************************************************** conan test cci-a70af61b/recipes/gstreamer/all/test_package/conanfile.py gstreamer/1.18.4@#0f08191cb7fd82c31737b0f93cbbcc58 -pr /home/conan/w/prod/BuildSingleReference/236112/c5dc937b-39f5-4e6d-b020-a218c082476b/profile_linux_11_libstdcpp11_gcc_release_64.gstreamer-shared-True.txt -c tools.system.package_manager:mode=install -c tools.system.package_manager:sudo=True ******************************************************************************** Configuration: [settings] arch=x86_64 build_type=Release compiler=gcc compiler.libcxx=libstdc++11 compiler.version=11 os=Linux [options] gstreamer:shared=True [build_requires] [env] [conf] tools.system.package_manager:mode=install tools.system.package_manager:sudo=True gstreamer/1.18.4 (test package): Installing package Requirements bzip2/1.0.8 from 'conan-center' - Cache glib/2.76.2 from 'conan-center' - Cache gstreamer/1.18.4 from local cache - Cache libelf/0.8.13 from 'conan-center' - Cache libffi/3.4.4 from 'conan-center' - Cache libmount/2.36.2 from 'conan-center' - Cache libselinux/3.3 from 'conan-center' - Cache pcre2/10.42 from 'conan-center' - Cache zlib/1.2.13 from 'conan-center' - Cache Packages bzip2/1.0.8:c32092bf4d4bb47cf962af898e02823f499b017e - Cache glib/2.76.2:12a2dd395862b64dd2044b92f2765d8dd3b48239 - Cache gstreamer/1.18.4:0387548ec0d21c08cb6b492d670dcb344087cb15 - Cache libelf/0.8.13:dfbe50feef7f3c6223a476cd5aeadb687084a646 - Cache libffi/3.4.4:dfbe50feef7f3c6223a476cd5aeadb687084a646 - Cache libmount/2.36.2:dfbe50feef7f3c6223a476cd5aeadb687084a646 - Cache libselinux/3.3:5c42e2b98e6985c83b03db665f0c318cb6134b4e - Cache pcre2/10.42:1dfef2d0e403379e1d4f34660b435fba4caeec11 - Cache zlib/1.2.13:dfbe50feef7f3c6223a476cd5aeadb687084a646 - Cache Installing (downloading, building) binaries... bzip2/1.0.8: Already installed! libelf/0.8.13: Already installed! libffi/3.4.4: Already installed! libmount/2.36.2: Already installed! zlib/1.2.13: Already installed! pcre2/10.42: Already installed! pcre2/10.42: Appending PATH environment variable: /home/conan/w/prod/BuildSingleReference/.conan/data/pcre2/10.42/_/_/package/1dfef2d0e403379e1d4f34660b435fba4caeec11/bin libselinux/3.3: Already installed! glib/2.76.2: Already installed! gstreamer/1.18.4: Already installed! gstreamer/1.18.4: Appending GST_PLUGIN_PATH env var : /home/conan/w/prod/BuildSingleReference/.conan/data/gstreamer/1.18.4/_/_/package/0387548ec0d21c08cb6b492d670dcb344087cb15/lib/gstreamer-1.0 gstreamer/1.18.4: Creating GSTREAMER_ROOT env var : /home/conan/w/prod/BuildSingleReference/.conan/data/gstreamer/1.18.4/_/_/package/0387548ec0d21c08cb6b492d670dcb344087cb15 gstreamer/1.18.4: Creating GST_PLUGIN_SCANNER env var : /home/conan/w/prod/BuildSingleReference/.conan/data/gstreamer/1.18.4/_/_/package/0387548ec0d21c08cb6b492d670dcb344087cb15/bin/gstreamer-1.0/gst-plugin-scanner gstreamer/1.18.4: Creating GSTREAMER_ROOT_X86_64 env var : /home/conan/w/prod/BuildSingleReference/.conan/data/gstreamer/1.18.4/_/_/package/0387548ec0d21c08cb6b492d670dcb344087cb15 gstreamer/1.18.4 (test package): Generator txt created conanbuildinfo.txt gstreamer/1.18.4 (test package): Calling generate() gstreamer/1.18.4 (test package): Preset 'release' added to CMakePresets.json. Invoke it manually using 'cmake --preset release' gstreamer/1.18.4 (test package): If your CMake version is not compatible with CMakePresets (<3.19) call cmake like: 'cmake -G "Unix Makefiles" -DCMAKE_TOOLCHAIN_FILE=/home/conan/w/prod/BuildSingleReference/cci-a70af61b/recipes/gstreamer/all/test_package/build/Release/generators/conan_toolchain.cmake -DCMAKE_POLICY_DEFAULT_CMP0091=NEW -DCMAKE_BUILD_TYPE=Release' gstreamer/1.18.4 (test package): Aggregating env generators gstreamer/1.18.4 (test package): Generated conaninfo.txt gstreamer/1.18.4 (test package): Generated graphinfo Using lockfile: '/home/conan/w/prod/BuildSingleReference/cci-a70af61b/recipes/gstreamer/all/test_package/build/Release/generators/conan.lock' Using cached profile from lockfile [HOOK - conan-center.py] pre_build(): [FPIC MANAGEMENT (KB-H007)] 'fPIC' option not found [HOOK - conan-center.py] pre_build(): [FPIC MANAGEMENT (KB-H007)] OK gstreamer/1.18.4 (test package): Calling build() gstreamer/1.18.4 (test package): CMake command: cmake -G "Unix Makefiles" -DCMAKE_TOOLCHAIN_FILE="/home/conan/w/prod/BuildSingleReference/cci-a70af61b/recipes/gstreamer/all/test_package/build/Release/generators/conan_toolchain.cmake" -DCMAKE_POLICY_DEFAULT_CMP0091="NEW" -DCMAKE_BUILD_TYPE="Release" "/home/conan/w/prod/BuildSingleReference/cci-a70af61b/recipes/gstreamer/all/test_package/." ----Running------ > cmake -G "Unix Makefiles" -DCMAKE_TOOLCHAIN_FILE="/home/conan/w/prod/BuildSingleReference/cci-a70af61b/recipes/gstreamer/all/test_package/build/Release/generators/conan_toolchain.cmake" -DCMAKE_POLICY_DEFAULT_CMP0091="NEW" -DCMAKE_BUILD_TYPE="Release" "/home/conan/w/prod/BuildSingleReference/cci-a70af61b/recipes/gstreamer/all/test_package/." ----------------- -- Using Conan toolchain: /home/conan/w/prod/BuildSingleReference/cci-a70af61b/recipes/gstreamer/all/test_package/build/Release/generators/conan_toolchain.cmake -- The C compiler identification is GNU 11.1.0 -- Check for working C compiler: /usr/local/bin/cc -- Check for working C compiler: /usr/local/bin/cc -- works -- Detecting C compiler ABI info -- Detecting C compiler ABI info - done -- Detecting C compile features -- Detecting C compile features - done -- Conan: Component target declared 'gstreamer::gstreamer-1.0' -- Conan: Component target declared 'gstreamer::gstreamer-base-1.0' -- Conan: Component target declared 'gstreamer::gstreamer-controller-1.0' -- Conan: Component target declared 'gstreamer::gstreamer-net-1.0' -- Conan: Component target declared 'gstreamer::gstreamer-check-1.0' -- Conan: Target declared 'gstreamer::gstreamer' -- Conan: Component target declared 'glib::glib-2.0' -- Conan: Component target declared 'glib::gmodule-no-export-2.0' -- Conan: Component target declared 'glib::gmodule-export-2.0' -- Conan: Component target declared 'glib::gmodule-2.0' -- Conan: Component target declared 'glib::gobject-2.0' -- Conan: Component target declared 'glib::gthread-2.0' -- Conan: Component target declared 'glib::gio-2.0' -- Conan: Component target declared 'glib::gresource' -- Conan: Component target declared 'glib::gio-unix-2.0' -- Conan: Target declared 'glib::glib' -- Conan: Component target declared 'PCRE2::8BIT' -- Conan: Component target declared 'PCRE2::POSIX' -- Conan: Component target declared 'PCRE2::16BIT' -- Conan: Component target declared 'PCRE2::32BIT' -- Conan: Target declared 'pcre2::pcre2' -- Conan: Target declared 'ZLIB::ZLIB' -- Conan: Target declared 'BZip2::BZip2' -- Conan: Including build module from '/home/conan/w/prod/BuildSingleReference/.conan/data/bzip2/1.0.8/_/_/package/c32092bf4d4bb47cf962af898e02823f499b017e/lib/cmake/conan-official-bzip2-variables.cmake' -- Conan: Target declared 'libffi::libffi' -- Conan: Target declared 'libmount::libmount' -- Conan: Component target declared 'libselinux::sepol' -- Conan: Component target declared 'libselinux::selinux' -- Conan: Target declared 'libselinux::libselinux' -- Conan: Target declared 'libelf::libelf' -- Found PkgConfig: /usr/bin/pkg-config (found version "0.29.1") -- Checking for module 'gstreamer-1.0' -- Found gstreamer-1.0, version 1.18.4 -- Checking for module 'gstreamer-base-1.0' -- Found gstreamer-base-1.0, version 1.18.4 -- Checking for module 'gstreamer-controller-1.0' -- Found gstreamer-controller-1.0, version 1.18.4 -- Checking for module 'gstreamer-net-1.0' -- Found gstreamer-net-1.0, version 1.18.4 -- Checking for module 'gstreamer-check-1.0' -- Found gstreamer-check-1.0, version 1.18.4 -- Checking for module 'gstcoreelements' -- No package 'gstcoreelements' found -- Configuring done -- Generating done -- Build files have been written to: /home/conan/w/prod/BuildSingleReference/cci-a70af61b/recipes/gstreamer/all/test_package/build/Release gstreamer/1.18.4 (test package): CMake command: cmake --build "/home/conan/w/prod/BuildSingleReference/cci-a70af61b/recipes/gstreamer/all/test_package/build/Release" '--' '-j3' ----Running------ > cmake --build "/home/conan/w/prod/BuildSingleReference/cci-a70af61b/recipes/gstreamer/all/test_package/build/Release" '--' '-j3' ----------------- Scanning dependencies of target test_package [ 50%] Building C object CMakeFiles/test_package.dir/test_package.c.o [100%] Linking C executable test_package [100%] Built target test_package gstreamer/1.18.4 (test package): Running test() ----Running------ > . "/home/conan/w/prod/BuildSingleReference/cci-a70af61b/recipes/gstreamer/all/test_package/build/Release/generators/conanrun.sh" && timeout --kill-after=10s 5s ./test_package ----------------- GStreamer version: GStreamer 1.18.4 fakesink has been created successfully fakesrc has been created successfully CMake Warning: Manually-specified variables were not used by the project: CMAKE_POLICY_DEFAULT_CMP0091
0:00:00.000095717  4129 0x9d3370 INFO   GST_INIT gst.c:586:init_pre: Initializing GStreamer Core Library version 1.18.4
0:00:00.000133952  4129 0x9d3370 INFO   GST_INIT gst.c:587:init_pre: Using library installed in /home/conan/w/prod/BuildSingleReference/.conan/data/gstreamer/1.18.4/_/_/package/0387548ec0d21c08cb6b492d670dcb344087cb15/lib
0:00:00.000148944  4129 0x9d3370 INFO   GST_INIT gst.c:605:init_pre: Linux jnlp-linux-gcc-11-ubuntu16.04-1.59.0-9zpjv 5.10.162+ #1 SMP Wed Mar 1 09:59:00 UTC 2023 x86_64
0:00:00.000250309  4129 0x9d3370 DEBUG   GST_MEMORY gstallocator.c:588:_priv_gst_allocator_initialize: memory alignment: 7
0:00:00.000408566  4129 0x9d3370 TRACE   GST_REFCOUNTING gstobject.c:208:gst_object_init: 0x9d5f10 new
0:00:00.000418600  4129 0x9d3370 DEBUG   GST_MEMORY gstallocator.c:565:gst_allocator_sysmem_init: init allocator 0x9d5f10
0:00:00.000441777  4129 0x9d3370 TRACE   GST_REFCOUNTING gstobject.c:292:gst_object_ref_sink: 0x9d5f10 ref_sink 1->2
0:00:00.000451314  4129 0x9d3370 TRACE   GST_REFCOUNTING gstobject.c:237:gst_object_ref: 0x9d5f10 ref 1->2
0:00:00.000459397  4129 0x9d3370 DEBUG   GST_MEMORY gstallocator.c:206:gst_allocator_register: registering allocator 0x9d5f10 with name "SystemMemory"
0:00:00.000468776  4129 0x9d3370 TRACE   GST_REFCOUNTING gstobject.c:237:gst_object_ref: 0x9d5f10 ref 2->3
0:00:00.000522556  4129 0x9d3370 TRACE   GST_CAPS gstcaps.c:263:gst_caps_new_empty: created caps 0x9cfb60
0:00:00.000532101  4129 0x9d3370 TRACE   GST_CAPS gstcaps.c:263:gst_caps_new_empty: created caps 0x9cfbe0
0:00:00.000548870  4129 0x9d3370 TRACE   caps-features gstcapsfeatures.c:191:gst_caps_features_new_empty: created caps features 0x9ced00
0:00:00.000555031  4129 0x9d3370 TRACE   caps-features gstcapsfeatures.c:191:gst_caps_features_new_empty: created caps features 0x9cfe70
0:00:00.000566404  4129 0x9d3370 INFO   GST_INIT gstmessage.c:129:_priv_gst_message_initialize: init messages
0:00:00.000635508  4129 0x9d3370 TRACE   structure gststructure.c:287:gst_structure_new_id_empty_with_size: created structure 0x9d99c0
0:00:00.000646530  4129 0x9d3370 DEBUG   GST_ELEMENT_PADS gstelement.c:311:gst_element_base_class_init: type GstElement : factory (nil)
0:00:00.000699839  4129 0x9d3370 TRACE   structure gststructure.c:287:gst_structure_new_id_empty_with_size: created structure 0x9daac0
0:00:00.000707635  4129 0x9d3370 TRACE   GST_PERFORMANCE gststructure.c:508:gst_structure_copy: doing copy 0x9d99c0 -> 0x9daac0
0:00:00.000714186  4129 0x9d3370 DEBUG   GST_ELEMENT_PADS gstelement.c:311:gst_element_base_class_init: type GstBin : factory (nil)
0:00:00.001075719  4129 0x9d3370 INFO   GST_INIT gstcontext.c:85:_priv_gst_context_initialize: init contexts
0:00:00.001286794  4129 0x9d3370 INFO   GST_PLUGIN_LOADING gstplugin.c:325:_priv_gst_plugin_initialize: registering 0 static plugins
0:00:00.001305292  4129 0x9d3370 LOG   GST_PLUGIN_LOADING gstplugin.c:230:gst_plugin_register_static: attempting to load static plugin "staticelements" now...
0:00:00.001320627  4129 0x9d3370 TRACE   GST_REFCOUNTING gstobject.c:208:gst_object_init: 0x9ea850 new
0:00:00.001331695  4129 0x9d3370 LOG   GST_PLUGIN_LOADING gstplugin.c:514:gst_plugin_register_func: plugin "(NULL)" looks good
0:00:00.001348872  4129 0x9d3370 TRACE   GST_REFCOUNTING gstobject.c:208:gst_object_init: 0x9ead10 new
0:00:00.001361799  4129 0x9d3370 TRACE   GST_REFCOUNTING gstobject.c:292:gst_object_ref_sink: 0x9ead10 ref_sink 1->2
0:00:00.001369588  4129 0x9d3370 TRACE   GST_REFCOUNTING gstobject.c:208:gst_object_init: 0x9eaed0 new
0:00:00.001382790  4129 0x9d3370 LOG   GST_ELEMENT_FACTORY gstelementfactory.c:237:gst_element_register: Created new elementfactory for type GstBin
0:00:00.001397468  4129 0x9d3370 TRACE   structure gststructure.c:287:gst_structure_new_id_empty_with_size: created structure 0x9eb130
0:00:00.001404762  4129 0x9d3370 TRACE   GST_PERFORMANCE gststructure.c:508:gst_structure_copy: doing copy 0x9daac0 -> 0x9eb130
0:00:00.001416805  4129 0x9d3370 DEBUG   GST_REGISTRY gstregistry.c:589:gst_registry_add_feature: adding feature 0x9eaed0 (bin)
0:00:00.001423645  4129 0x9d3370 DEBUG   GST_REFCOUNTING gstobject.c:708:gst_object_set_parent: set parent (ref and sink)
0:00:00.001430641  4129 0x9d3370 TRACE   GST_REFCOUNTING gstobject.c:292:gst_object_ref_sink: 0x9eaed0 ref_sink 1->2
0:00:00.001436668  4129 0x9d3370 LOG   GST_REGISTRY gstregistry.c:607:gst_registry_add_feature: emitting feature-added for bin
0:00:00.001452007  4129 0x9d3370 TRACE   GST_REFCOUNTING gstobject.c:208:gst_object_init: 0x9eb490 new
0:00:00.001461865  4129 0x9d3370 LOG   GST_ELEMENT_FACTORY gstelementfactory.c:237:gst_element_register: Created new elementfactory for type GstPipeline
0:00:00.001469157  4129 0x9d3370 TRACE   structure gststructure.c:287:gst_structure_new_id_empty_with_size: created structure 0x9eb970
0:00:00.001475603  4129 0x9d3370 TRACE   GST_PERFORMANCE gststructure.c:508:gst_structure_copy: doing copy 0x9daac0 -> 0x9eb970
0:00:00.001482011  4129 0x9d3370 DEBUG   GST_ELEMENT_PADS gstelement.c:311:gst_element_base_class_init: type GstPipeline : factory 0x9eb490
0:00:00.001501384  4129 0x9d3370 TRACE   structure gststructure.c:287:gst_structure_new_id_empty_with_size: created structure 0x9db6a0
0:00:00.001510126  4129 0x9d3370 TRACE   GST_PERFORMANCE gststructure.c:508:gst_structure_copy: doing copy 0x9eb970 -> 0x9db6a0
0:00:00.001519055  4129 0x9d3370 DEBUG   GST_REGISTRY gstregistry.c:589:gst_registry_add_feature: adding feature 0x9eb490 (pipeline)
0:00:00.001524623  4129 0x9d3370 DEBUG   GST_REFCOUNTING gstobject.c:708:gst_object_set_parent: set parent (ref and sink)
0:00:00.001531481  4129 0x9d3370 TRACE   GST_REFCOUNTING gstobject.c:292:gst_object_ref_sink: 0x9eb490 ref_sink 1->2
0:00:00.001543013  4129 0x9d3370 LOG   GST_REGISTRY gstregistry.c:607:gst_registry_add_feature: emitting feature-added for pipeline
0:00:00.001548364  4129 0x9d3370 LOG   GST_PLUGIN_LOADING gstplugin.c:541:gst_plugin_register_func: plugin "(NULL)" initialised
0:00:00.001553310  4129 0x9d3370 INFO   GST_PLUGIN_LOADING gstplugin.c:233:gst_plugin_register_static: registered static plugin "staticelements"
0:00:00.001559847  4129 0x9d3370 DEBUG   GST_REGISTRY gstregistry.c:473:gst_registry_add_plugin: adding plugin 0x9ea850 for filename "(NULL)"
0:00:00.001569024  4129 0x9d3370 TRACE   GST_REFCOUNTING gstobject.c:292:gst_object_ref_sink: 0x9ea850 ref_sink 1->2
0:00:00.001576105  4129 0x9d3370 LOG   GST_REGISTRY gstregistry.c:486:gst_registry_add_plugin: emitting plugin-added for filename "(NULL)"
0:00:00.001582540  4129 0x9d3370 INFO   GST_PLUGIN_LOADING gstplugin.c:235:gst_plugin_register_static: added static plugin "staticelements", result: 1
0:00:00.001599456  4129 0x9d3370 INFO   GST_REGISTRY gstregistry.c:1755:ensure_current_registry: reading registry cache: /home/conan/.cache/gstreamer-1.0/registry.x86_64.bin
0:00:00.001705792  4129 0x9d3370 INFO   GST_REGISTRY gstregistrybinary.c:584:priv_gst_registry_binary_read_cache: Unable to mmap file /home/conan/.cache/gstreamer-1.0/registry.x86_64.bin : Failed to open file “/home/conan/.cache/gstreamer-1.0/registry.x86_64.bin”: open() failed: No such file or directory
0:00:00.001724719  4129 0x9d3370 INFO   GST_REGISTRY gstregistrybinary.c:594:priv_gst_registry_binary_read_cache: Unable to read file /home/conan/.cache/gstreamer-1.0/registry.x86_64.bin : Failed to open file “/home/conan/.cache/gstreamer-1.0/registry.x86_64.bin”: No such file or directory
0:00:00.001732535  4129 0x9d3370 DEBUG   GST_REGISTRY gstregistry.c:1783:ensure_current_registry: Updating registry cache
0:00:00.001740592  4129 0x9d3370 INFO   GST_REGISTRY gstregistry.c:1614:scan_and_update_registry: Validating plugins from registry cache: /home/conan/.cache/gstreamer-1.0/registry.x86_64.bin
0:00:00.001746717  4129 0x9d3370 DEBUG   GST_REGISTRY gstregistry.c:1624:scan_and_update_registry: scanning paths added via --gst-plugin-path
0:00:00.001753022  4129 0x9d3370 DEBUG   GST_REGISTRY gstregistry.c:1640:scan_and_update_registry: GST_PLUGIN_PATH set to /home/conan/w/prod/BuildSingleReference/.conan/data/gstreamer/1.18.4/_/_/package/0387548ec0d21c08cb6b492d670dcb344087cb15/lib/gstreamer-1.0
0:00:00.001763482  4129 0x9d3370 DEBUG   GST_REGISTRY gstregistry.c:1380:gst_registry_scan_path_internal: scanning path /home/conan/w/prod/BuildSingleReference/.conan/data/gstreamer/1.18.4/_/_/package/0387548ec0d21c08cb6b492d670dcb344087cb15/lib/gstreamer-1.0
0:00:00.001804660  4129 0x9d3370 LOG   GST_REGISTRY gstregistry.c:1299:gst_registry_scan_path_level: file /home/conan/w/prod/BuildSingleReference/.conan/data/gstreamer/1.18.4/_/_/package/0387548ec0d21c08cb6b492d670dcb344087cb15/lib/gstreamer-1.0/libgstcoretracers.so looks like a possible module
0:00:00.001813322  4129 0x9d3370 DEBUG   GST_REGISTRY gstregistry.c:1360:gst_registry_scan_path_level: file /home/conan/w/prod/BuildSingleReference/.conan/data/gstreamer/1.18.4/_/_/package/0387548ec0d21c08cb6b492d670dcb344087cb15/lib/gstreamer-1.0/libgstcoretracers.so not yet in registry
0:00:00.001824578  4129 0x9d3370 DEBUG   GST_REGISTRY gstregistry.c:1161:gst_registry_scan_plugin_file: Starting plugin scanner for file /home/conan/w/prod/BuildSingleReference/.conan/data/gstreamer/1.18.4/_/_/package/0387548ec0d21c08cb6b492d670dcb344087cb15/lib/gstreamer-1.0/libgstcoretracers.so
0:00:00.001831749  4129 0x9d3370 TRACE   GST_REFCOUNTING gstobject.c:237:gst_object_ref: 0x9ead10 ref 1->2
0:00:00.001845762  4129 0x9d3370 DEBUG   GST_POLL gstpoll.c:681:gst_poll_new: 0x9ecb20: new controllable : 0
0:00:00.001870089  4129 0x9d3370 DEBUG   GST_POLL gstpoll.c:848:gst_poll_add_fd_unlocked: 0x9ecb20: fd (fd:4, idx:0)
0:00:00.001876945  4129 0x9d3370 DEBUG   GST_POLL gstpoll.c:1014:gst_poll_fd_ctl_read_unlocked: 0x9ecb20: fd (fd:4, idx:0), active : 1
0:00:00.001882925  4129 0x9d3370 DEBUG   GST_REGISTRY gstregistry.c:1172:gst_registry_scan_plugin_file: Using scan-helper to load plugin /home/conan/w/prod/BuildSingleReference/.conan/data/gstreamer/1.18.4/_/_/package/0387548ec0d21c08cb6b492d670dcb344087cb15/lib/gstreamer-1.0/libgstcoretracers.so
0:00:00.001890003  4129 0x9d3370 LOG   GST_PLUGIN_LOADING gstpluginloader.c:474:gst_plugin_loader_spawn: Trying GST_PLUGIN_SCANNER env var: /home/conan/w/prod/BuildSingleReference/.conan/data/gstreamer/1.18.4/_/_/package/0387548ec0d21c08cb6b492d670dcb344087cb15/bin/gstreamer-1.0/gst-plugin-scanner
0:00:00.001896713  4129 0x9d3370 LOG   GST_PLUGIN_LOADING gstpluginloader.c:432:gst_plugin_loader_try_helper: Trying to spawn gst-plugin-scanner helper at /home/conan/w/prod/BuildSingleReference/.conan/data/gstreamer/1.18.4/_/_/package/0387548ec0d21c08cb6b492d670dcb344087cb15/bin/gstreamer-1.0/gst-plugin-scanner
0:00:00.002540133  4129 0x9d3370 DEBUG   GST_POLL gstpoll.c:848:gst_poll_add_fd_unlocked: 0x9ecb20: fd (fd:7, idx:-1)
0:00:00.002559640  4129 0x9d3370 DEBUG   GST_POLL gstpoll.c:848:gst_poll_add_fd_unlocked: 0x9ecb20: fd (fd:8, idx:-1)
0:00:00.002571553  4129 0x9d3370 DEBUG   GST_POLL gstpoll.c:1014:gst_poll_fd_ctl_read_unlocked: 0x9ecb20: fd (fd:8, idx:2), active : 1
0:00:00.002580433  4129 0x9d3370 DEBUG   GST_POLL gstpoll.c:979:gst_poll_fd_ctl_write: 0x9ecb20: fd (fd:7, idx:1), active : 1
0:00:00.002586014  4129 0x9d3370 LOG   GST_POLL gstpoll.c:994:gst_poll_fd_ctl_write: 0x9ecb20: pfd->events now 60 (POLLOUT:4)
0:00:00.002591769  4129 0x9d3370 DEBUG   GST_POLL gstpoll.c:979:gst_poll_fd_ctl_write: 0x9ecb20: fd (fd:7, idx:1), active : 1
0:00:00.002597046  4129 0x9d3370 LOG   GST_POLL gstpoll.c:994:gst_poll_fd_ctl_write: 0x9ecb20: pfd->events now 60 (POLLOUT:4)
0:00:00.002612160  4129 0x9d3370 DEBUG   GST_POLL gstpoll.c:1414:gst_poll_wait: 0x9ecb20: timeout :0:00:01.000000000
0:00:00.002629432  4129 0x9d3370 LOG   GST_PLUGIN_LOADING gstpluginloader.c:1027:exchange_packets: Poll res = 1. 24 bytes pending for write
0:00:00.002638664  4129 0x9d3370 DEBUG   GST_POLL gstpoll.c:1241:gst_poll_fd_has_error: 0x9ecb20: fd (fd:8, idx:2) 0
0:00:00.002644722  4129 0x9d3370 DEBUG   GST_POLL gstpoll.c:1266:gst_poll_fd_can_read_unlocked: 0x9ecb20: fd (fd:8, idx:2) 0
0:00:00.002656395  4129 0x9d3370 DEBUG   GST_POLL gstpoll.c:1195:gst_poll_fd_has_closed: 0x9ecb20: fd (fd:8, idx:2) 0
0:00:00.002661696  4129 0x9d3370 DEBUG   GST_POLL gstpoll.c:1241:gst_poll_fd_has_error: 0x9ecb20: fd (fd:7, idx:1) 0
0:00:00.002666999  4129 0x9d3370 DEBUG   GST_POLL gstpoll.c:1335:gst_poll_fd_can_write: 0x9ecb20: fd (fd:7, idx:1) 1
0:00:00.002672119  4129 0x9d3370 LOG   GST_PLUGIN_LOADING gstpluginloader.c:690:write_one: Writing packet of size 12 bytes to fd 7
0:00:00.002686353  4129 0x9d3370 DEBUG   GST_POLL gstpoll.c:1414:gst_poll_wait: 0x9ecb20: timeout :0:00:01.000000000
0:00:00.002694576  4129 0x9d3370 LOG   GST_PLUGIN_LOADING gstpluginloader.c:1027:exchange_packets: Poll res = 1. 12 bytes pending for write
0:00:00.002700493  4129 0x9d3370 DEBUG   GST_POLL gstpoll.c:1241:gst_poll_fd_has_error: 0x9ecb20: fd (fd:8, idx:2) 0
0:00:00.002705606  4129 0x9d3370 DEBUG   GST_POLL gstpoll.c:1266:gst_poll_fd_can_read_unlocked: 0x9ecb20: fd (fd:8, idx:2) 0
0:00:00.002710722  4129 0x9d3370 DEBUG   GST_POLL gstpoll.c:1195:gst_poll_fd_has_closed: 0x9ecb20: fd (fd:8, idx:2) 0
0:00:00.002715753  4129 0x9d3370 DEBUG   GST_POLL gstpoll.c:1241:gst_poll_fd_has_error: 0x9ecb20: fd (fd:7, idx:1) 0
0:00:00.002723981  4129 0x9d3370 DEBUG   GST_POLL gstpoll.c:1335:gst_poll_fd_can_write: 0x9ecb20: fd (fd:7, idx:1) 1
0:00:00.002730034  4129 0x9d3370 LOG   GST_PLUGIN_LOADING gstpluginloader.c:690:write_one: Writing packet of size 12 bytes to fd 7
0:00:00.002737341  4129 0x9d3370 DEBUG   GST_POLL gstpoll.c:979:gst_poll_fd_ctl_write: 0x9ecb20: fd (fd:7, idx:1), active : 0
0:00:00.002742746  4129 0x9d3370 LOG   GST_POLL gstpoll.c:994:gst_poll_fd_ctl_write: 0x9ecb20: pfd->events now 56 (POLLOUT:4)
0:00:00.002748609  4129 0x9d3370 DEBUG   GST_POLL gstpoll.c:1414:gst_poll_wait: 0x9ecb20: timeout :0:00:01.000000000
0:00:00.000054653  4130 0x1f37320 INFO   GST_INIT gst.c:586:init_pre: Initializing GStreamer Core Library version 1.18.4
0:00:00.000090537  4130 0x1f37320 INFO   GST_INIT gst.c:587:init_pre: Using library installed in /home/conan/w/prod/BuildSingleReference/.conan/data/gstreamer/1.18.4/_/_/package/0387548ec0d21c08cb6b492d670dcb344087cb15/lib
0:00:00.000103975  4130 0x1f37320 INFO   GST_INIT gst.c:605:init_pre: Linux jnlp-linux-gcc-11-ubuntu16.04-1.59.0-9zpjv 5.10.162+ #1 SMP Wed Mar 1 09:59:00 UTC 2023 x86_64
0:00:00.000187030  4130 0x1f37320 DEBUG   GST_MEMORY gstallocator.c:588:_priv_gst_allocator_initialize: memory alignment: 7
0:00:00.000266956  4130 0x1f37320 TRACE   GST_REFCOUNTING gstobject.c:208:gst_object_init: 0x1f39f90 new
0:00:00.000279347  4130 0x1f37320 DEBUG   GST_MEMORY gstallocator.c:565:gst_allocator_sysmem_init: init allocator 0x1f39f90
0:00:00.000295904  4130 0x1f37320 TRACE   GST_REFCOUNTING gstobject.c:292:gst_object_ref_sink: 0x1f39f90 ref_sink 1->2
0:00:00.000304159  4130 0x1f37320 TRACE   GST_REFCOUNTING gstobject.c:237:gst_object_ref: 0x1f39f90 ref 1->2
0:00:00.000321903  4130 0x1f37320 DEBUG   GST_MEMORY gstallocator.c:206:gst_allocator_register: registering allocator 0x1f39f90 with name "SystemMemory"
0:00:00.000331442  4130 0x1f37320 TRACE   GST_REFCOUNTING gstobject.c:237:gst_object_ref: 0x1f39f90 ref 2->3
0:00:00.000374172  4130 0x1f37320 TRACE   GST_CAPS gstcaps.c:263:gst_caps_new_empty: created caps 0x1f33b60
0:00:00.000382397  4130 0x1f37320 TRACE   GST_CAPS gstcaps.c:263:gst_caps_new_empty: created caps 0x1f33be0
0:00:00.000392399  4130 0x1f37320 TRACE   caps-features gstcapsfeatures.c:191:gst_caps_features_new_empty: created caps features 0x1f32d00
0:00:00.000397936  4130 0x1f37320 TRACE   caps-features gstcapsfeatures.c:191:gst_caps_features_new_empty: created caps features 0x1f33e70
0:00:00.000404367  4130 0x1f37320 INFO   GST_INIT gstmessage.c:129:_priv_gst_message_initialize: init messages
0:00:00.000461828  4130 0x1f37320 TRACE   structure gststructure.c:287:gst_structure_new_id_empty_with_size: created structure 0x1f3d9d0
0:00:00.000471989  4130 0x1f37320 DEBUG   GST_ELEMENT_PADS gstelement.c:311:gst_element_base_class_init: type GstElement : factory (nil)
0:00:00.000508299  4130 0x1f37320 TRACE   structure gststructure.c:287:gst_structure_new_id_empty_with_size: created structure 0x1f3ead0
0:00:00.000515918  4130 0x1f37320 TRACE   GST_PERFORMANCE gststructure.c:508:gst_structure_copy: doing copy 0x1f3d9d0 -> 0x1f3ead0
0:00:00.000522834  4130 0x1f37320 DEBUG   GST_ELEMENT_PADS gstelement.c:311:gst_element_base_class_init: type GstBin : factory (nil)
0:00:00.000832952  4130 0x1f37320 INFO   GST_INIT gstcontext.c:85:_priv_gst_context_initialize: init contexts
0:00:00.001032006  4130 0x1f37320 INFO   GST_PLUGIN_LOADING gstplugin.c:325:_priv_gst_plugin_initialize: registering 0 static plugins
0:00:00.001043035  4130 0x1f37320 LOG   GST_PLUGIN_LOADING gstplugin.c:230:gst_plugin_register_static: attempting to load static plugin "staticelements" now...
0:00:00.001059740  4130 0x1f37320 TRACE   GST_REFCOUNTING gstobject.c:208:gst_object_init: 0x1f4e860 new
0:00:00.001069661  4130 0x1f37320 LOG   GST_PLUGIN_LOADING gstplugin.c:514:gst_plugin_register_func: plugin "(NULL)" looks good
0:00:00.001085865  4130 0x1f37320 TRACE   GST_REFCOUNTING gstobject.c:208:gst_object_init: 0x1f4ed20 new
0:00:00.001102593  4130 0x1f37320 TRACE   GST_REFCOUNTING gstobject.c:292:gst_object_ref_sink: 0x1f4ed20 ref_sink 1->2
0:00:00.001111732  4130 0x1f37320 TRACE   GST_REFCOUNTING gstobject.c:208:gst_object_init: 0x1f4eee0 new
0:00:00.001121340  4130 0x1f37320 LOG   GST_ELEMENT_FACTORY gstelementfactory.c:237:gst_element_register: Created new elementfactory for type GstBin
0:00:00.001129390  4130 0x1f37320 TRACE   structure gststructure.c:287:gst_structure_new_id_empty_with_size: created structure 0x1f4f140
0:00:00.001135889  4130 0x1f37320 TRACE   GST_PERFORMANCE gststructure.c:508:gst_structure_copy: doing copy 0x1f3ead0 -> 0x1f4f140
0:00:00.001153225  4130 0x1f37320 DEBUG   GST_REGISTRY gstregistry.c:589:gst_registry_add_feature: adding feature 0x1f4eee0 (bin)
0:00:00.001159944  4130 0x1f37320 DEBUG   GST_REFCOUNTING gstobject.c:708:gst_object_set_parent: set parent (ref and sink)
0:00:00.001169837  4130 0x1f37320 TRACE   GST_REFCOUNTING gstobject.c:292:gst_object_ref_sink: 0x1f4eee0 ref_sink 1->2
0:00:00.001177751  4130 0x1f37320 LOG   GST_REGISTRY gstregistry.c:607:gst_registry_add_feature: emitting feature-added for bin
0:00:00.001190048  4130 0x1f37320 TRACE   GST_REFCOUNTING gstobject.c:208:gst_object_init: 0x1f4f4b0 new
0:00:00.001198974  4130 0x1f37320 LOG   GST_ELEMENT_FACTORY gstelementfactory.c:237:gst_element_register: Created new elementfactory for type GstPipeline
0:00:00.001205952  4130 0x1f37320 TRACE   structure gststructure.c:287:gst_structure_new_id_empty_with_size: created structure 0x1f4f990
0:00:00.001212173  4130 0x1f37320 TRACE   GST_PERFORMANCE gststructure.c:508:gst_structure_copy: doing copy 0x1f3ead0 -> 0x1f4f990
0:00:00.001218439  4130 0x1f37320 DEBUG   GST_ELEMENT_PADS gstelement.c:311:gst_element_base_class_init: type GstPipeline : factory 0x1f4f4b0
0:00:00.001241372  4130 0x1f37320 TRACE   structure gststructure.c:287:gst_structure_new_id_empty_with_size: created structure 0x1f3f6b0
0:00:00.001248608  4130 0x1f37320 TRACE   GST_PERFORMANCE gststructure.c:508:gst_structure_copy: doing copy 0x1f4f990 -> 0x1f3f6b0
0:00:00.001256466  4130 0x1f37320 DEBUG   GST_REGISTRY gstregistry.c:589:gst_registry_add_feature: adding feature 0x1f4f4b0 (pipeline)
0:00:00.001261942  4130 0x1f37320 DEBUG   GST_REFCOUNTING gstobject.c:708:gst_object_set_parent: set parent (ref and sink)
0:00:00.001268556  4130 0x1f37320 TRACE   GST_REFCOUNTING gstobject.c:292:gst_object_ref_sink: 0x1f4f4b0 ref_sink 1->2
0:00:00.001274616  4130 0x1f37320 LOG   GST_REGISTRY gstregistry.c:607:gst_registry_add_feature: emitting feature-added for pipeline
0:00:00.001279838  4130 0x1f37320 LOG   GST_PLUGIN_LOADING gstplugin.c:541:gst_plugin_register_func: plugin "(NULL)" initialised
0:00:00.001287495  4130 0x1f37320 INFO   GST_PLUGIN_LOADING gstplugin.c:233:gst_plugin_register_static: registered static plugin "staticelements"
0:00:00.001295661  4130 0x1f37320 DEBUG   GST_REGISTRY gstregistry.c:473:gst_registry_add_plugin: adding plugin 0x1f4e860 for filename "(NULL)"
0:00:00.001302105  4130 0x1f37320 TRACE   GST_REFCOUNTING gstobject.c:292:gst_object_ref_sink: 0x1f4e860 ref_sink 1->2
0:00:00.001308004  4130 0x1f37320 LOG   GST_REGISTRY gstregistry.c:486:gst_registry_add_plugin: emitting plugin-added for filename "(NULL)"
0:00:00.001314069  4130 0x1f37320 INFO   GST_PLUGIN_LOADING gstplugin.c:235:gst_plugin_register_static: added static plugin "staticelements", result: 1
0:00:00.001327864  4130 0x1f37320 DEBUG   GST_REGISTRY gstregistry.c:1786:ensure_current_registry: Not updating registry cache (disabled)
0:00:00.001338519  4130 0x1f37320 INFO   GST_REGISTRY gstregistry.c:1790:ensure_current_registry: registry reading and updating done, result = 1
0:00:00.001345173  4130 0x1f37320 LOG   GST_REGISTRY gstregistry.c:1866:gst_update_registry: registry update succeeded
0:00:00.001352850  4130 0x1f37320 INFO   GST_INIT gst.c:806:init_post: GLib runtime version: 2.76.2
0:00:00.001359441  4130 0x1f37320 INFO   GST_INIT gst.c:808:init_post: GLib headers version: 2.76.2
0:00:00.001364244  4130 0x1f37320 INFO   GST_INIT gst.c:810:init_post: initialized GStreamer successfully
0:00:00.001370284  4130 0x1f37320 DEBUG   default gsttracerutils.c:77:_priv_gst_tracing_init: Initializing GstTracer
0:00:00.001384845  4130 0x1f37320 DEBUG   GST_POLL gstpoll.c:681:gst_poll_new: 0x1f3f820: new controllable : 0
0:00:00.001404501  4130 0x1f37320 DEBUG   GST_POLL gstpoll.c:848:gst_poll_add_fd_unlocked: 0x1f3f820: fd (fd:3, idx:0)
0:00:00.001413832  4130 0x1f37320 DEBUG   GST_POLL gstpoll.c:1014:gst_poll_fd_ctl_read_unlocked: 0x1f3f820: fd (fd:3, idx:0), active : 1
0:00:00.001428933  4130 0x1f37320 DEBUG   GST_POLL gstpoll.c:848:gst_poll_add_fd_unlocked: 0x1f3f820: fd (fd:0, idx:-1)
0:00:00.001434511  4130 0x1f37320 DEBUG   GST_POLL gstpoll.c:848:gst_poll_add_fd_unlocked: 0x1f3f820: fd (fd:5, idx:-1)
0:00:00.001443118  4130 0x1f37320 DEBUG   GST_POLL gstpoll.c:1014:gst_poll_fd_ctl_read_unlocked: 0x1f3f820: fd (fd:5, idx:2), active : 1
0:00:00.001448757  4130 0x1f37320 DEBUG   GST_PLUGIN_LOADING gstpluginloader.c:583:_gst_plugin_loader_client_run: Plugin scanner child running. Waiting for instructions
0:00:00.001456532  4130 0x1f37320 DEBUG   GST_POLL gstpoll.c:1414:gst_poll_wait: 0x1f3f820: timeout :0:00:01.000000000
0:00:00.001467340  4130 0x1f37320 LOG   GST_PLUGIN_LOADING gstpluginloader.c:1027:exchange_packets: Poll res = 1. 0 bytes pending for write
0:00:00.001473784  4130 0x1f37320 DEBUG   GST_POLL gstpoll.c:1241:gst_poll_fd_has_error: 0x1f3f820: fd (fd:5, idx:2) 0
0:00:00.001479340  4130 0x1f37320 DEBUG   GST_POLL gstpoll.c:1266:gst_poll_fd_can_read_unlocked: 0x1f3f820: fd (fd:5, idx:2) 1
0:00:00.001489146  4130 0x1f37320 LOG   GST_PLUGIN_LOADING gstpluginloader.c:1005:read_one: No payload to read for 0 length packet type 5 tag 0
0:00:00.001497561  4130 0x1f37320 DEBUG   GST_POLL gstpoll.c:979:gst_poll_fd_ctl_write: 0x1f3f820: fd (fd:0, idx:1), active : 1
0:00:00.001503547  4130 0x1f37320 LOG   GST_POLL gstpoll.c:994:gst_poll_fd_ctl_write: 0x1f3f820: pfd->events now 60 (POLLOUT:4)
0:00:00.001508713  4130 0x1f37320 LOG   GST_PLUGIN_LOADING gstpluginloader.c:934:handle_rx_packet: Got VERSION in child - replying 3
0:00:00.001514804  4130 0x1f37320 DEBUG   GST_POLL gstpoll.c:1241:gst_poll_fd_has_error: 0x1f3f820: fd (fd:0, idx:1) 0
0:00:00.001520088  4130 0x1f37320 DEBUG   GST_POLL gstpoll.c:1335:gst_poll_fd_can_write: 0x1f3f820: fd (fd:0, idx:1) 0
0:00:00.001529715  4130 0x1f37320 DEBUG   GST_POLL gstpoll.c:1195:gst_poll_fd_has_closed: 0x1f3f820: fd (fd:0, idx:1) 0
0:00:00.001535752  4130 0x1f37320 DEBUG   GST_POLL gstpoll.c:1414:gst_poll_wait: 0x1f3f820: timeout :0:00:01.000000000
0:00:00.001546105  4130 0x1f37320 LOG   GST_PLUGIN_LOADING gstpluginloader.c:1027:exchange_packets: Poll res = 2. 80 bytes pending for write
0:00:00.001553401  4130 0x1f37320 DEBUG   GST_POLL gstpoll.c:1241:gst_poll_fd_has_error: 0x1f3f820: fd (fd:5, idx:2) 0
0:00:00.001559113  4130 0x1f37320 DEBUG   GST_POLL gstpoll.c:1266:gst_poll_fd_can_read_unlocked: 0x1f3f820: fd (fd:5, idx:2) 1
0:00:00.001565952  4130 0x1f37320 LOG   GST_PLUGIN_LOADING gstpluginloader.c:1005:read_one: No payload to read for 0 length packet type 3 tag 0
0:00:00.001571808  4130 0x1f37320 DEBUG   GST_POLL gstpoll.c:979:gst_poll_fd_ctl_write: 0x1f3f820: fd (fd:0, idx:1), active : 1
0:00:00.001577090  4130 0x1f37320 LOG   GST_POLL gstpoll.c:994:gst_poll_fd_ctl_write: 0x1f3f820: pfd->events now 60 (POLLOUT:4)
0:00:00.001583601  4130 0x1f37320 LOG   GST_PLUGIN_LOADING gstpluginloader.c:919:handle_rx_packet: Got SYNC in child - replying
0:00:00.001591289  4130 0x1f37320 DEBUG   GST_POLL gstpoll.c:1241:gst_poll_fd_has_error: 0x1f3f820: fd (fd:0, idx:1) 0
0:00:00.001597102  4130 0x1f37320 DEBUG   GST_POLL gstpoll.c:1335:gst_poll_fd_can_write: 0x1f3f820: fd (fd:0, idx:1) 1
0:00:00.001602178  4130 0x1f37320 LOG   GST_PLUGIN_LOADING gstpluginloader.c:690:write_one: Writing packet of size 80 bytes to fd 0
0:00:00.001622385  4130 0x1f37320 DEBUG   GST_POLL gstpoll.c:1414:gst_poll_wait: 0x1f3f820: timeout :0:00:01.000000000
0:00:00.001630158  4130 0x1f37320 LOG   GST_PLUGIN_LOADING gstpluginloader.c:1027:exchange_packets: Poll res = 1. 12 bytes pending for write
0:00:00.001638802  4130 0x1f37320 DEBUG   GST_POLL gstpoll.c:1241:gst_poll_fd_has_error: 0x1f3f820: fd (fd:5, idx:2) 0
0:00:00.001644948  4130 0x1f37320 DEBUG   GST_POLL gstpoll.c:1266:gst_poll_fd_can_read_unlocked: 0x1f3f820: fd (fd:5, idx:2) 0
0:00:00.001650138  4130 0x1f37320 DEBUG   GST_POLL gstpoll.c:1195:gst_poll_fd_has_closed: 0x1f3f820: fd (fd:5, idx:2) 0
0:00:00.005754207  4129 0x9d3370 LOG   GST_PLUGIN_LOADING gstpluginloader.c:1027:exchange_packets: Poll res = 1. 0 bytes pending for write
0:00:00.001655301  4130 0x1f37320 DEBUG   GST_POLL gstpoll.c:1241:gst_poll_fd_has_error: 0x1f3f820: fd (fd:0, idx:1) 0
0:00:00.001667531  4130 0x1f37320 DEBUG   GST_POLL gstpoll.c:1335:gst_poll_fd_can_write: 0x1f3f820: fd (fd:0, idx:1) 1
0:00:00.005776850  4129 0x9d3370 DEBUG   GST_POLL gstpoll.c:1241:gst_poll_fd_has_error: 0x9ecb20: fd (fd:8, idx:2) 0
0:00:00.001672399  4130 0x1f37320 LOG   GST_PLUGIN_LOADING gstpluginloader.c:690:write_one: Writing packet of size 12 bytes to fd 0
0:00:00.005784931  4129 0x9d3370 DEBUG   GST_POLL gstpoll.c:1266:gst_poll_fd_can_read_unlocked: 0x9ecb20: fd (fd:8, idx:2) 1
0:00:00.001680074  4130 0x1f37320 DEBUG   GST_POLL gstpoll.c:979:gst_poll_fd_ctl_write: 0x1f3f820: fd (fd:0, idx:1), active : 0
0:00:00.005798792  4129 0x9d3370 LOG   GST_PLUGIN_LOADING gstpluginloader.c:804:check_protocol_version: Got VERSION 3 from child. Ours is 3
0:00:00.001692827  4130 0x1f37320 LOG   GST_POLL gstpoll.c:994:gst_poll_fd_ctl_write: 0x1f3f820: pfd->events now 56 (POLLOUT:4)
0:00:00.005807940  4129 0x9d3370 DEBUG   GST_POLL gstpoll.c:1414:gst_poll_wait: 0x9ecb20: timeout :0:00:01.000000000
0:00:00.001700549  4130 0x1f37320 DEBUG   GST_POLL gstpoll.c:1414:gst_poll_wait: 0x1f3f820: timeout :0:00:01.000000000
0:00:00.005819695  4129 0x9d3370 LOG   GST_PLUGIN_LOADING gstpluginloader.c:1027:exchange_packets: Poll res = 1. 0 bytes pending for write
0:00:00.005827510  4129 0x9d3370 DEBUG   GST_POLL gstpoll.c:1241:gst_poll_fd_has_error: 0x9ecb20: fd (fd:8, idx:2) 0
0:00:00.005832911  4129 0x9d3370 DEBUG   GST_POLL gstpoll.c:1266:gst_poll_fd_can_read_unlocked: 0x9ecb20: fd (fd:8, idx:2) 1
0:00:00.005839753  4129 0x9d3370 LOG   GST_PLUGIN_LOADING gstpluginloader.c:1005:read_one: No payload to read for 0 length packet type 3 tag 0
0:00:00.005848171  4129 0x9d3370 LOG   GST_PLUGIN_LOADING gstpluginloader.c:235:plugin_loader_load: Sending file /home/conan/w/prod/BuildSingleReference/.conan/data/gstreamer/1.18.4/_/_/package/0387548ec0d21c08cb6b492d670dcb344087cb15/lib/gstreamer-1.0/libgstcoretracers.so to child. tag 0
0:00:00.005862235  4129 0x9d3370 DEBUG   GST_POLL gstpoll.c:979:gst_poll_fd_ctl_write: 0x9ecb20: fd (fd:7, idx:1), active : 1
0:00:00.005869154  4129 0x9d3370 LOG   GST_POLL gstpoll.c:994:gst_poll_fd_ctl_write: 0x9ecb20: pfd->events now 60 (POLLOUT:4)
0:00:00.005875959  4129 0x9d3370 DEBUG   GST_POLL gstpoll.c:1414:gst_poll_wait: 0x9ecb20: timeout :0:00:01.000000000
0:00:00.005883620  4129 0x9d3370 LOG   GST_PLUGIN_LOADING gstpluginloader.c:1027:exchange_packets: Poll res = 1. 173 bytes pending for write
0:00:00.005889690  4129 0x9d3370 DEBUG   GST_POLL gstpoll.c:1241:gst_poll_fd_has_error: 0x9ecb20: fd (fd:8, idx:2) 0
0:00:00.005894856  4129 0x9d3370 DEBUG   GST_POLL gstpoll.c:1266:gst_poll_fd_can_read_unlocked: 0x9ecb20: fd (fd:8, idx:2) 0
0:00:00.005899952  4129 0x9d3370 DEBUG   GST_POLL gstpoll.c:1195:gst_poll_fd_has_closed: 0x9ecb20: fd (fd:8, idx:2) 0
0:00:00.005908164  4129 0x9d3370 DEBUG   GST_POLL gstpoll.c:1241:gst_poll_fd_has_error: 0x9ecb20: fd (fd:7, idx:1) 0
0:00:00.005914422  4129 0x9d3370 DEBUG   GST_POLL gstpoll.c:1335:gst_poll_fd_can_write: 0x9ecb20: fd (fd:7, idx:1) 1
0:00:00.005919620  4129 0x9d3370 LOG   GST_PLUGIN_LOADING gstpluginloader.c:690:write_one: Writing packet of size 173 bytes to fd 7
0:00:00.005935545  4129 0x9d3370 DEBUG   GST_POLL gstpoll.c:979:gst_poll_fd_ctl_write: 0x9ecb20: fd (fd:7, idx:1), active : 0
0:00:00.005946280  4129 0x9d3370 LOG   GST_POLL gstpoll.c:994:gst_poll_fd_ctl_write: 0x9ecb20: pfd->events now 56 (POLLOUT:4)
0:00:00.001844980  4130 0x1f37320 LOG   GST_PLUGIN_LOADING gstpluginloader.c:1027:exchange_packets: Poll res = 1. 0 bytes pending for write
0:00:00.001856787  4130 0x1f37320 DEBUG   GST_POLL gstpoll.c:1241:gst_poll_fd_has_error: 0x1f3f820: fd (fd:5, idx:2) 0
0:00:00.005969250  4129 0x9d3370 LOG   GST_REGISTRY gstregistry.c:1299:gst_registry_scan_path_level: file /home/conan/w/prod/BuildSingleReference/.conan/data/gstreamer/1.18.4/_/_/package/0387548ec0d21c08cb6b492d670dcb344087cb15/lib/gstreamer-1.0/libgstcoreelements.so looks like a possible module
0:00:00.001862173  4130 0x1f37320 DEBUG   GST_POLL gstpoll.c:1266:gst_poll_fd_can_read_unlocked: 0x1f3f820: fd (fd:5, idx:2) 1
0:00:00.005979660  4129 0x9d3370 DEBUG   GST_REGISTRY gstregistry.c:1360:gst_registry_scan_path_level: file /home/conan/w/prod/BuildSingleReference/.conan/data/gstreamer/1.18.4/_/_/package/0387548ec0d21c08cb6b492d670dcb344087cb15/lib/gstreamer-1.0/libgstcoreelements.so not yet in registry
0:00:00.001874489  4130 0x1f37320 DEBUG   GST_PLUGIN_LOADING gstpluginloader.c:722:do_plugin_load: Plugin scanner loading file /home/conan/w/prod/BuildSingleReference/.conan/data/gstreamer/1.18.4/_/_/package/0387548ec0d21c08cb6b492d670dcb344087cb15/lib/gstreamer-1.0/libgstcoretracers.so. tag 0
0:00:00.005986449  4129 0x9d3370 DEBUG   GST_REGISTRY gstregistry.c:1172:gst_registry_scan_plugin_file: Using scan-helper to load plugin /home/conan/w/prod/BuildSingleReference/.conan/data/gstreamer/1.18.4/_/_/package/0387548ec0d21c08cb6b492d670dcb344087cb15/lib/gstreamer-1.0/libgstcoreelements.so
0:00:00.005994083  4129 0x9d3370 LOG   GST_PLUGIN_LOADING gstpluginloader.c:235:plugin_loader_load: Sending file /home/conan/w/prod/BuildSingleReference/.conan/data/gstreamer/1.18.4/_/_/package/0387548ec0d21c08cb6b492d670dcb344087cb15/lib/gstreamer-1.0/libgstcoreelements.so to child. tag 1
0:00:00.001887926  4130 0x1f37320 DEBUG   GST_PLUGIN_LOADING gstplugin.c:767:_priv_gst_plugin_load_file_for_registry: attempt to load plugin "/home/conan/w/prod/BuildSingleReference/.conan/data/gstreamer/1.18.4/_/_/package/0387548ec0d21c08cb6b492d670dcb344087cb15/lib/gstreamer-1.0/libgstcoretracers.so"
0:00:00.006000821  4129 0x9d3370 DEBUG   GST_POLL gstpoll.c:979:gst_poll_fd_ctl_write: 0x9ecb20: fd (fd:7, idx:1), active : 1
0:00:00.006026183  4129 0x9d3370 LOG   GST_POLL gstpoll.c:994:gst_poll_fd_ctl_write: 0x9ecb20: pfd->events now 60 (POLLOUT:4)
0:00:00.006042084  4129 0x9d3370 DEBUG   GST_POLL gstpoll.c:1414:gst_poll_wait: 0x9ecb20: timeout :0:00:01.000000000
0:00:00.006053324  4129 0x9d3370 LOG   GST_PLUGIN_LOADING gstpluginloader.c:1027:exchange_packets: Poll res = 1. 174 bytes pending for write
0:00:00.006060809  4129 0x9d3370 DEBUG   GST_POLL gstpoll.c:1241:gst_poll_fd_has_error: 0x9ecb20: fd (fd:8, idx:2) 0
0:00:00.006065998  4129 0x9d3370 DEBUG   GST_POLL gstpoll.c:1266:gst_poll_fd_can_read_unlocked: 0x9ecb20: fd (fd:8, idx:2) 0
0:00:00.006071145  4129 0x9d3370 DEBUG   GST_POLL gstpoll.c:1195:gst_poll_fd_has_closed: 0x9ecb20: fd (fd:8, idx:2) 0
0:00:00.006079135  4129 0x9d3370 DEBUG   GST_POLL gstpoll.c:1241:gst_poll_fd_has_error: 0x9ecb20: fd (fd:7, idx:1) 0
0:00:00.006085391  4129 0x9d3370 DEBUG   GST_POLL gstpoll.c:1335:gst_poll_fd_can_write: 0x9ecb20: fd (fd:7, idx:1) 1
0:00:00.006090556  4129 0x9d3370 LOG   GST_PLUGIN_LOADING gstpluginloader.c:690:write_one: Writing packet of size 174 bytes to fd 7
0:00:00.006107407  4129 0x9d3370 DEBUG   GST_POLL gstpoll.c:979:gst_poll_fd_ctl_write: 0x9ecb20: fd (fd:7, idx:1), active : 0
0:00:00.006112669  4129 0x9d3370 LOG   GST_POLL gstpoll.c:994:gst_poll_fd_ctl_write: 0x9ecb20: pfd->events now 56 (POLLOUT:4)
0:00:00.006133217  4129 0x9d3370 DEBUG   GST_REGISTRY gstregistry.c:1383:gst_registry_scan_path_internal: registry changed in path /home/conan/w/prod/BuildSingleReference/.conan/data/gstreamer/1.18.4/_/_/package/0387548ec0d21c08cb6b492d670dcb344087cb15/lib/gstreamer-1.0: 0
0:00:00.006142381  4129 0x9d3370 DEBUG   GST_REGISTRY gstregistry.c:1659:scan_and_update_registry: GST_PLUGIN_SYSTEM_PATH not set
0:00:00.006153748  4129 0x9d3370 DEBUG   GST_REGISTRY gstregistry.c:1666:scan_and_update_registry: scanning home plugins /home/conan/.local/share/gstreamer-1.0/plugins
0:00:00.006159472  4129 0x9d3370 DEBUG   GST_REGISTRY gstregistry.c:1380:gst_registry_scan_path_internal: scanning path /home/conan/.local/share/gstreamer-1.0/plugins
0:00:00.006177532  4129 0x9d3370 DEBUG   GST_REGISTRY gstregistry.c:1383:gst_registry_scan_path_internal: registry changed in path /home/conan/.local/share/gstreamer-1.0/plugins: 0
0:00:00.006186112  4129 0x9d3370 DEBUG   GST_REGISTRY gstregistry.c:1691:scan_and_update_registry: scanning main plugins /home/conan/w/prod/BuildSingleReference/.conan/data/gstreamer/1.18.4/_/_/package/0387548ec0d21c08cb6b492d670dcb344087cb15/lib/gstreamer-1.0
0:00:00.006193156  4129 0x9d3370 DEBUG   GST_REGISTRY gstregistry.c:1380:gst_registry_scan_path_internal: scanning path /home/conan/w/prod/BuildSingleReference/.conan/data/gstreamer/1.18.4/_/_/package/0387548ec0d21c08cb6b492d670dcb344087cb15/lib/gstreamer-1.0
0:00:00.002118896  4130 0x1f37320 TRACE   GST_REFCOUNTING gstobject.c:208:gst_object_init: 0x1f50e90 new
0:00:00.006250660  4129 0x9d3370 LOG   GST_REGISTRY gstregistry.c:1299:gst_registry_scan_path_level: file /home/conan/w/prod/BuildSingleReference/.conan/data/gstreamer/1.18.4/_/_/package/0387548ec0d21c08cb6b492d670dcb344087cb15/lib/gstreamer-1.0/libgstcoretracers.so looks like a possible module
0:00:00.002142933  4130 0x1f37320 LOG   GST_PLUGIN_LOADING gstplugin.c:889:_priv_gst_plugin_load_file_for_registry: Plugin 0x1f50e90 for file "/home/conan/w/prod/BuildSingleReference/.conan/data/gstreamer/1.18.4/_/_/package/0387548ec0d21c08cb6b492d670dcb344087cb15/lib/gstreamer-1.0/libgstcoretracers.so" prepared, calling entry function...
0:00:00.006259640  4129 0x9d3370 DEBUG   GST_REGISTRY gstregistry.c:1360:gst_registry_scan_path_level: file /home/conan/w/prod/BuildSingleReference/.conan/data/gstreamer/1.18.4/_/_/package/0387548ec0d21c08cb6b492d670dcb344087cb15/lib/gstreamer-1.0/libgstcoretracers.so not yet in registry
0:00:00.002155445  4130 0x1f37320 LOG   GST_PLUGIN_LOADING gstplugin.c:896:_priv_gst_plugin_load_file_for_registry: Plugin 0x1f50e90 for file "/home/conan/w/prod/BuildSingleReference/.conan/data/gstreamer/1.18.4/_/_/package/0387548ec0d21c08cb6b492d670dcb344087cb15/lib/gstreamer-1.0/libgstcoretracers.so" prepared, registering...
0:00:00.006266251  4129 0x9d3370 DEBUG   GST_REGISTRY gstregistry.c:1172:gst_registry_scan_plugin_file: Using scan-helper to load plugin /home/conan/w/prod/BuildSingleReference/.conan/data/gstreamer/1.18.4/_/_/package/0387548ec0d21c08cb6b492d670dcb344087cb15/lib/gstreamer-1.0/libgstcoretracers.so
0:00:00.002162648  4130 0x1f37320 LOG   GST_PLUGIN_LOADING gstplugin.c:514:gst_plugin_register_func: plugin "/home/conan/w/prod/BuildSingleReference/.conan/data/gstreamer/1.18.4/_/_/package/0387548ec0d21c08cb6b492d670dcb344087cb15/lib/gstreamer-1.0/libgstcoretracers.so" looks good
0:00:00.006279798  4129 0x9d3370 LOG   GST_PLUGIN_LOADING gstpluginloader.c:235:plugin_loader_load: Sending file /home/conan/w/prod/BuildSingleReference/.conan/data/gstreamer/1.18.4/_/_/package/0387548ec0d21c08cb6b492d670dcb344087cb15/lib/gstreamer-1.0/libgstcoretracers.so to child. tag 2
0:00:00.006287663  4129 0x9d3370 DEBUG   GST_POLL gstpoll.c:979:gst_poll_fd_ctl_write: 0x9ecb20: fd (fd:7, idx:1), active : 1
0:00:00.006293259  4129 0x9d3370 LOG   GST_POLL gstpoll.c:994:gst_poll_fd_ctl_write: 0x9ecb20: pfd->events now 60 (POLLOUT:4)
0:00:00.002186629  4130 0x1f37320 TRACE   GST_REFCOUNTING gstobject.c:208:gst_object_init: 0x1f51170 new
0:00:00.006299373  4129 0x9d3370 DEBUG   GST_POLL gstpoll.c:1414:gst_poll_wait: 0x9ecb20: timeout :0:00:01.000000000
0:00:00.002198450  4130 0x1f37320 DEBUG   GST_TRACER gsttracer.c:169:gst_tracer_register: new tracer factory for latency
0:00:00.006309319  4129 0x9d3370 LOG   GST_PLUGIN_LOADING gstpluginloader.c:1027:exchange_packets: Poll res = 1. 173 bytes pending for write
0:00:00.002207485  4130 0x1f37320 DEBUG   GST_TRACER gsttracer.c:176:gst_tracer_register: tracer factory for 32827120:GstLatencyTracer
0:00:00.006317701  4129 0x9d3370 DEBUG   GST_POLL gstpoll.c:1241:gst_poll_fd_has_error: 0x9ecb20: fd (fd:8, idx:2) 0
0:00:00.002215533  4130 0x1f37320 DEBUG   GST_REGISTRY gstregistry.c:589:gst_registry_add_feature: adding feature 0x1f51170 (latency)
0:00:00.006325086  4129 0x9d3370 DEBUG   GST_POLL gstpoll.c:1266:gst_poll_fd_can_read_unlocked: 0x9ecb20: fd (fd:8, idx:2) 0
0:00:00.002222052  4130 0x1f37320 DEBUG   GST_REFCOUNTING gstobject.c:708:gst_object_set_parent: set parent (ref and sink)
0:00:00.006332807  4129 0x9d3370 DEBUG   GST_POLL gstpoll.c:1195:gst_poll_fd_has_closed: 0x9ecb20: fd (fd:8, idx:2) 0
0:00:00.002229003  4130 0x1f37320 TRACE   GST_REFCOUNTING gstobject.c:292:gst_object_ref_sink: 0x1f51170 ref_sink 1->2
0:00:00.006339408  4129 0x9d3370 DEBUG   GST_POLL gstpoll.c:1241:gst_poll_fd_has_error: 0x9ecb20: fd (fd:7, idx:1) 0
0:00:00.002235532  4130 0x1f37320 LOG   GST_REGISTRY gstregistry.c:607:gst_registry_add_feature: emitting feature-added for latency
0:00:00.006346218  4129 0x9d3370 DEBUG   GST_POLL gstpoll.c:1335:gst_poll_fd_can_write: 0x9ecb20: fd (fd:7, idx:1) 1
0:00:00.006353189  4129 0x9d3370 LOG   GST_PLUGIN_LOADING gstpluginloader.c:690:write_one: Writing packet of size 173 bytes to fd 7
0:00:00.006361898  4129 0x9d3370 DEBUG   GST_POLL gstpoll.c:979:gst_poll_fd_ctl_write: 0x9ecb20: fd (fd:7, idx:1), active : 0
0:00:00.002252400  4130 0x1f37320 TRACE   GST_REFCOUNTING gstobject.c:208:gst_object_init: 0x1f51660 new
0:00:00.006369060  4129 0x9d3370 LOG   GST_POLL gstpoll.c:994:gst_poll_fd_ctl_write: 0x9ecb20: pfd->events now 56 (POLLOUT:4)
0:00:00.002270585  4130 0x1f37320 DEBUG   GST_TRACER gsttracer.c:169:gst_tracer_register: new tracer factory for log
0:00:00.006386303  4129 0x9d3370 LOG   GST_REGISTRY gstregistry.c:1299:gst_registry_scan_path_level: file /home/conan/w/prod/BuildSingleReference/.conan/data/gstreamer/1.18.4/_/_/package/0387548ec0d21c08cb6b492d670dcb344087cb15/lib/gstreamer-1.0/libgstcoreelements.so looks like a possible module
0:00:00.002279073  4130 0x1f37320 DEBUG   GST_TRACER gsttracer.c:176:gst_tracer_register: tracer factory for 32838848:GstLogTracer
0:00:00.006393334  4129 0x9d3370 DEBUG   GST_REGISTRY gstregistry.c:1360:gst_registry_scan_path_level: file /home/conan/w/prod/BuildSingleReference/.conan/data/gstreamer/1.18.4/_/_/package/0387548ec0d21c08cb6b492d670dcb344087cb15/lib/gstreamer-1.0/libgstcoreelements.so not yet in registry
0:00:00.002287273  4130 0x1f37320 DEBUG   GST_REGISTRY gstregistry.c:589:gst_registry_add_feature: adding feature 0x1f51660 (log)
0:00:00.006399677  4129 0x9d3370 DEBUG   GST_REGISTRY gstregistry.c:1172:gst_registry_scan_plugin_file: Using scan-helper to load plugin /home/conan/w/prod/BuildSingleReference/.conan/data/gstreamer/1.18.4/_/_/package/0387548ec0d21c08cb6b492d670dcb344087cb15/lib/gstreamer-1.0/libgstcoreelements.so
0:00:00.002293274  4130 0x1f37320 DEBUG   GST_REFCOUNTING gstobject.c:708:gst_object_set_parent: set parent (ref and sink)
