0:00:00.013134279  4130 0x1f37320 LOG   GST_POLL gstpoll.c:994:gst_poll_fd_ctl_write: 0x1f3f820: pfd->events now 60 (POLLOUT:4)
0:00:00.017243053  4129 0x9d3370 DEBUG   structure gststructure.c:2203:gst_structure_parse_field: trying field name 'klass'
0:00:00.013139708  4130 0x1f37320 DEBUG   GST_POLL gstpoll.c:979:gst_poll_fd_ctl_write: 0x1f3f820: fd (fd:0, idx:1), active : 1
0:00:00.017251799  4129 0x9d3370 DEBUG   default gstvalue.c:2676:_priv_gst_value_parse_value: trying type name 'string'
0:00:00.013150185  4130 0x1f37320 LOG   GST_POLL gstpoll.c:994:gst_poll_fd_ctl_write: 0x1f3f820: pfd->events now 60 (POLLOUT:4)
0:00:00.017262830  4129 0x9d3370 DEBUG   structure gststructure.c:2203:gst_structure_parse_field: trying field name 'description'
0:00:00.013156177  4130 0x1f37320 DEBUG   GST_POLL gstpoll.c:979:gst_poll_fd_ctl_write: 0x1f3f820: fd (fd:0, idx:1), active : 1
0:00:00.017269866  4129 0x9d3370 DEBUG   default gstvalue.c:2676:_priv_gst_value_parse_value: trying type name 'string'
0:00:00.013165022  4130 0x1f37320 LOG   GST_POLL gstpoll.c:994:gst_poll_fd_ctl_write: 0x1f3f820: pfd->events now 60 (POLLOUT:4)
0:00:00.017277548  4129 0x9d3370 DEBUG   structure gststructure.c:2203:gst_structure_parse_field: trying field name 'author'
0:00:00.013171905  4130 0x1f37320 DEBUG   GST_POLL gstpoll.c:979:gst_poll_fd_ctl_write: 0x1f3f820: fd (fd:0, idx:1), active : 1
0:00:00.017284468  4129 0x9d3370 DEBUG   default gstvalue.c:2676:_priv_gst_value_parse_value: trying type name 'string'
0:00:00.013177948  4130 0x1f37320 LOG   GST_POLL gstpoll.c:994:gst_poll_fd_ctl_write: 0x1f3f820: pfd->events now 60 (POLLOUT:4)
0:00:00.017292456  4129 0x9d3370 DEBUG   GST_REGISTRY gstregistrychunks.c:626:gst_registry_chunks_load_feature: Element factory : npadtemplates=2
0:00:00.013184814  4130 0x1f37320 DEBUG   GST_POLL gstpoll.c:979:gst_poll_fd_ctl_write: 0x1f3f820: fd (fd:0, idx:1), active : 1
0:00:00.017299654  4129 0x9d3370 DEBUG   GST_REGISTRY gstregistrychunks.c:525:gst_registry_chunks_load_pad_template: Reading/casting for GstRegistryChunkPadTemplate at address 0x9eef00
0:00:00.013192709  4130 0x1f37320 LOG   GST_POLL gstpoll.c:994:gst_poll_fd_ctl_write: 0x1f3f820: pfd->events now 60 (POLLOUT:4)
0:00:00.017308044  4129 0x9d3370 DEBUG   GST_REGISTRY gstregistrychunks.c:539:gst_registry_chunks_load_pad_template: Added pad_template sink
0:00:00.013200267  4130 0x1f37320 DEBUG   GST_POLL gstpoll.c:979:gst_poll_fd_ctl_write: 0x1f3f820: fd (fd:0, idx:1), active : 1
0:00:00.017315472  4129 0x9d3370 DEBUG   GST_REGISTRY gstregistrychunks.c:525:gst_registry_chunks_load_pad_template: Reading/casting for GstRegistryChunkPadTemplate at address 0x9eef18
0:00:00.013208224  4130 0x1f37320 LOG   GST_POLL gstpoll.c:994:gst_poll_fd_ctl_write: 0x1f3f820: pfd->events now 60 (POLLOUT:4)
0:00:00.017322502  4129 0x9d3370 DEBUG   GST_REGISTRY gstregistrychunks.c:539:gst_registry_chunks_load_pad_template: Added pad_template src
0:00:00.013215593  4130 0x1f37320 DEBUG   GST_POLL gstpoll.c:979:gst_poll_fd_ctl_write: 0x1f3f820: fd (fd:0, idx:1), active : 1
0:00:00.013224387  4130 0x1f37320 LOG   GST_POLL gstpoll.c:994:gst_poll_fd_ctl_write: 0x1f3f820: pfd->events now 60 (POLLOUT:4)
0:00:00.017336489  4129 0x9d3370 DEBUG   GST_REGISTRY gstregistry.c:589:gst_registry_add_feature: adding feature 0x9f09e0 (typefind)
0:00:00.013230824  4130 0x1f37320 DEBUG   GST_POLL gstpoll.c:979:gst_poll_fd_ctl_write: 0x1f3f820: fd (fd:0, idx:1), active : 1
0:00:00.017344456  4129 0x9d3370 DEBUG   GST_REFCOUNTING gstobject.c:708:gst_object_set_parent: set parent (ref and sink)
0:00:00.013241578  4130 0x1f37320 LOG   GST_POLL gstpoll.c:994:gst_poll_fd_ctl_write: 0x1f3f820: pfd->events now 60 (POLLOUT:4)
0:00:00.017354432  4129 0x9d3370 TRACE   GST_REFCOUNTING gstobject.c:292:gst_object_ref_sink: 0x9f09e0 ref_sink 1->2
0:00:00.013247615  4130 0x1f37320 DEBUG   GST_POLL gstpoll.c:979:gst_poll_fd_ctl_write: 0x1f3f820: fd (fd:0, idx:1), active : 1
0:00:00.017362495  4129 0x9d3370 LOG   GST_REGISTRY gstregistry.c:607:gst_registry_add_feature: emitting feature-added for typefind
0:00:00.013254953  4130 0x1f37320 LOG   GST_POLL gstpoll.c:994:gst_poll_fd_ctl_write: 0x1f3f820: pfd->events now 60 (POLLOUT:4)
0:00:00.013263122  4130 0x1f37320 DEBUG   GST_POLL gstpoll.c:979:gst_poll_fd_ctl_write: 0x1f3f820: fd (fd:0, idx:1), active : 1
0:00:00.017372152  4129 0x9d3370 DEBUG   GST_REGISTRY gstregistrychunks.c:740:gst_registry_chunks_load_feature: Added feature typefind, plugin 0x9ed050 coreelements
0:00:00.013268357  4130 0x1f37320 LOG   GST_POLL gstpoll.c:994:gst_poll_fd_ctl_write: 0x1f3f820: pfd->events now 60 (POLLOUT:4)
0:00:00.017381145  4129 0x9d3370 DEBUG   GST_REGISTRY gstregistrychunks.c:582:gst_registry_chunks_load_feature: Plugin 'coreelements' feature 'tee' typename : 'GstElementFactory'
0:00:00.013274189  4130 0x1f37320 DEBUG   GST_POLL gstpoll.c:979:gst_poll_fd_ctl_write: 0x1f3f820: fd (fd:0, idx:1), active : 1
0:00:00.017390830  4129 0x9d3370 TRACE   GST_REFCOUNTING gstobject.c:208:gst_object_init: 0x9f0d70 new
0:00:00.013283382  4130 0x1f37320 LOG   GST_POLL gstpoll.c:994:gst_poll_fd_ctl_write: 0x1f3f820: pfd->events now 60 (POLLOUT:4)
0:00:00.017400501  4129 0x9d3370 LOG   GST_REGISTRY gstregistrychunks.c:609:gst_registry_chunks_load_feature: Reading/casting for GstRegistryChunkElementFactory at address 0x9eef40
0:00:00.013292268  4130 0x1f37320 DEBUG   GST_POLL gstpoll.c:979:gst_poll_fd_ctl_write: 0x1f3f820: fd (fd:0, idx:1), active : 1
0:00:00.017408631  4129 0x9d3370 TRACE   structure gststructure.c:287:gst_structure_new_id_empty_with_size: created structure 0x9f1150
0:00:00.013300630  4130 0x1f37320 LOG   GST_POLL gstpoll.c:994:gst_poll_fd_ctl_write: 0x1f3f820: pfd->events now 60 (POLLOUT:4)
0:00:00.017415571  4129 0x9d3370 DEBUG   structure gststructure.c:2203:gst_structure_parse_field: trying field name 'long-name'
0:00:00.013308729  4130 0x1f37320 DEBUG   GST_POLL gstpoll.c:979:gst_poll_fd_ctl_write: 0x1f3f820: fd (fd:0, idx:1), active : 1
0:00:00.017422288  4129 0x9d3370 DEBUG   default gstvalue.c:2676:_priv_gst_value_parse_value: trying type name 'string'
0:00:00.013315160  4130 0x1f37320 LOG   GST_POLL gstpoll.c:994:gst_poll_fd_ctl_write: 0x1f3f820: pfd->events now 60 (POLLOUT:4)
0:00:00.017430206  4129 0x9d3370 DEBUG   structure gststructure.c:2203:gst_structure_parse_field: trying field name 'klass'
0:00:00.013322441  4130 0x1f37320 DEBUG   GST_POLL gstpoll.c:979:gst_poll_fd_ctl_write: 0x1f3f820: fd (fd:0, idx:1), active : 1
0:00:00.013336505  4130 0x1f37320 LOG   GST_POLL gstpoll.c:994:gst_poll_fd_ctl_write: 0x1f3f820: pfd->events now 60 (POLLOUT:4)
0:00:00.017444583  4129 0x9d3370 DEBUG   default gstvalue.c:2676:_priv_gst_value_parse_value: trying type name 'string'
0:00:00.013342150  4130 0x1f37320 DEBUG   GST_POLL gstpoll.c:979:gst_poll_fd_ctl_write: 0x1f3f820: fd (fd:0, idx:1), active : 1
0:00:00.017455030  4129 0x9d3370 DEBUG   structure gststructure.c:2203:gst_structure_parse_field: trying field name 'description'
0:00:00.013350242  4130 0x1f37320 LOG   GST_POLL gstpoll.c:994:gst_poll_fd_ctl_write: 0x1f3f820: pfd->events now 60 (POLLOUT:4)
0:00:00.017462106  4129 0x9d3370 DEBUG   default gstvalue.c:2676:_priv_gst_value_parse_value: trying type name 'string'
0:00:00.013357527  4130 0x1f37320 DEBUG   GST_POLL gstpoll.c:979:gst_poll_fd_ctl_write: 0x1f3f820: fd (fd:0, idx:1), active : 1
0:00:00.017469517  4129 0x9d3370 DEBUG   structure gststructure.c:2203:gst_structure_parse_field: trying field name 'author'
0:00:00.013363594  4130 0x1f37320 LOG   GST_POLL gstpoll.c:994:gst_poll_fd_ctl_write: 0x1f3f820: pfd->events now 60 (POLLOUT:4)
0:00:00.017476264  4129 0x9d3370 DEBUG   default gstvalue.c:2676:_priv_gst_value_parse_value: trying type name 'string'
0:00:00.013369610  4130 0x1f37320 DEBUG   GST_POLL gstpoll.c:979:gst_poll_fd_ctl_write: 0x1f3f820: fd (fd:0, idx:1), active : 1
0:00:00.017484690  4129 0x9d3370 DEBUG   GST_REGISTRY gstregistrychunks.c:626:gst_registry_chunks_load_feature: Element factory : npadtemplates=2
0:00:00.013376306  4130 0x1f37320 LOG   GST_POLL gstpoll.c:994:gst_poll_fd_ctl_write: 0x1f3f820: pfd->events now 60 (POLLOUT:4)
0:00:00.017491821  4129 0x9d3370 DEBUG   GST_REGISTRY gstregistrychunks.c:525:gst_registry_chunks_load_pad_template: Reading/casting for GstRegistryChunkPadTemplate at address 0x9ef030
0:00:00.013384950  4130 0x1f37320 DEBUG   GST_POLL gstpoll.c:979:gst_poll_fd_ctl_write: 0x1f3f820: fd (fd:0, idx:1), active : 1
0:00:00.017498768  4129 0x9d3370 DEBUG   GST_REGISTRY gstregistrychunks.c:539:gst_registry_chunks_load_pad_template: Added pad_template src_%u
0:00:00.013391538  4130 0x1f37320 LOG   GST_POLL gstpoll.c:994:gst_poll_fd_ctl_write: 0x1f3f820: pfd->events now 60 (POLLOUT:4)
0:00:00.017507113  4129 0x9d3370 DEBUG   GST_REGISTRY gstregistrychunks.c:525:gst_registry_chunks_load_pad_template: Reading/casting for GstRegistryChunkPadTemplate at address 0x9ef048
0:00:00.013399392  4130 0x1f37320 DEBUG   GST_POLL gstpoll.c:979:gst_poll_fd_ctl_write: 0x1f3f820: fd (fd:0, idx:1), active : 1
0:00:00.017515605  4129 0x9d3370 DEBUG   GST_REGISTRY gstregistrychunks.c:539:gst_registry_chunks_load_pad_template: Added pad_template sink
0:00:00.013409868  4130 0x1f37320 LOG   GST_POLL gstpoll.c:994:gst_poll_fd_ctl_write: 0x1f3f820: pfd->events now 60 (POLLOUT:4)
0:00:00.017524524  4129 0x9d3370 DEBUG   GST_REGISTRY gstregistry.c:589:gst_registry_add_feature: adding feature 0x9f0d70 (tee)
0:00:00.013417161  4130 0x1f37320 DEBUG   GST_POLL gstpoll.c:979:gst_poll_fd_ctl_write: 0x1f3f820: fd (fd:0, idx:1), active : 1
0:00:00.017537636  4129 0x9d3370 DEBUG   GST_REFCOUNTING gstobject.c:708:gst_object_set_parent: set parent (ref and sink)
0:00:00.013430321  4130 0x1f37320 LOG   GST_POLL gstpoll.c:994:gst_poll_fd_ctl_write: 0x1f3f820: pfd->events now 60 (POLLOUT:4)
0:00:00.017546494  4129 0x9d3370 TRACE   GST_REFCOUNTING gstobject.c:292:gst_object_ref_sink: 0x9f0d70 ref_sink 1->2
0:00:00.013438772  4130 0x1f37320 DEBUG   GST_POLL gstpoll.c:979:gst_poll_fd_ctl_write: 0x1f3f820: fd (fd:0, idx:1), active : 1
0:00:00.017554603  4129 0x9d3370 LOG   GST_REGISTRY gstregistry.c:607:gst_registry_add_feature: emitting feature-added for tee
0:00:00.013446926  4130 0x1f37320 LOG   GST_POLL gstpoll.c:994:gst_poll_fd_ctl_write: 0x1f3f820: pfd->events now 60 (POLLOUT:4)
0:00:00.017562516  4129 0x9d3370 DEBUG   GST_REGISTRY gstregistrychunks.c:740:gst_registry_chunks_load_feature: Added feature tee, plugin 0x9ed050 coreelements
0:00:00.013454961  4130 0x1f37320 DEBUG   GST_POLL gstpoll.c:979:gst_poll_fd_ctl_write: 0x1f3f820: fd (fd:0, idx:1), active : 1
0:00:00.017570479  4129 0x9d3370 DEBUG   GST_REGISTRY gstregistrychunks.c:582:gst_registry_chunks_load_feature: Plugin 'coreelements' feature 'filesink' typename : 'GstElementFactory'
0:00:00.013462717  4130 0x1f37320 LOG   GST_POLL gstpoll.c:994:gst_poll_fd_ctl_write: 0x1f3f820: pfd->events now 60 (POLLOUT:4)
0:00:00.013471196  4130 0x1f37320 DEBUG   GST_POLL gstpoll.c:979:gst_poll_fd_ctl_write: 0x1f3f820: fd (fd:0, idx:1), active : 1
0:00:00.017581410  4129 0x9d3370 TRACE   GST_REFCOUNTING gstobject.c:208:gst_object_init: 0x9f12d0 new
0:00:00.013479097  4130 0x1f37320 LOG   GST_POLL gstpoll.c:994:gst_poll_fd_ctl_write: 0x1f3f820: pfd->events now 60 (POLLOUT:4)
0:00:00.017591891  4129 0x9d3370 LOG   GST_REGISTRY gstregistrychunks.c:609:gst_registry_chunks_load_feature: Reading/casting for GstRegistryChunkElementFactory at address 0x9ef078
0:00:00.013486346  4130 0x1f37320 DEBUG   GST_POLL gstpoll.c:979:gst_poll_fd_ctl_write: 0x1f3f820: fd (fd:0, idx:1), active : 1
0:00:00.017600330  4129 0x9d3370 TRACE   structure gststructure.c:287:gst_structure_new_id_empty_with_size: created structure 0x9f13c0
0:00:00.013492283  4130 0x1f37320 LOG   GST_POLL gstpoll.c:994:gst_poll_fd_ctl_write: 0x1f3f820: pfd->events now 60 (POLLOUT:4)
0:00:00.017607741  4129 0x9d3370 DEBUG   structure gststructure.c:2203:gst_structure_parse_field: trying field name 'long-name'
0:00:00.013500911  4130 0x1f37320 DEBUG   GST_POLL gstpoll.c:979:gst_poll_fd_ctl_write: 0x1f3f820: fd (fd:0, idx:1), active : 1
0:00:00.017614769  4129 0x9d3370 DEBUG   default gstvalue.c:2676:_priv_gst_value_parse_value: trying type name 'string'
0:00:00.013507755  4130 0x1f37320 LOG   GST_POLL gstpoll.c:994:gst_poll_fd_ctl_write: 0x1f3f820: pfd->events now 60 (POLLOUT:4)
0:00:00.017622384  4129 0x9d3370 DEBUG   structure gststructure.c:2203:gst_structure_parse_field: trying field name 'klass'
0:00:00.013519545  4130 0x1f37320 DEBUG   GST_POLL gstpoll.c:979:gst_poll_fd_ctl_write: 0x1f3f820: fd (fd:0, idx:1), active : 1
0:00:00.017630983  4129 0x9d3370 DEBUG   default gstvalue.c:2676:_priv_gst_value_parse_value: trying type name 'string'
0:00:00.013525253  4130 0x1f37320 LOG   GST_POLL gstpoll.c:994:gst_poll_fd_ctl_write: 0x1f3f820: pfd->events now 60 (POLLOUT:4)
0:00:00.017638631  4129 0x9d3370 DEBUG   structure gststructure.c:2203:gst_structure_parse_field: trying field name 'description'
0:00:00.013531434  4130 0x1f37320 DEBUG   GST_POLL gstpoll.c:979:gst_poll_fd_ctl_write: 0x1f3f820: fd (fd:0, idx:1), active : 1
0:00:00.017647592  4129 0x9d3370 DEBUG   default gstvalue.c:2676:_priv_gst_value_parse_value: trying type name 'string'
0:00:00.013541356  4130 0x1f37320 LOG   GST_POLL gstpoll.c:994:gst_poll_fd_ctl_write: 0x1f3f820: pfd->events now 60 (POLLOUT:4)
0:00:00.013550790  4130 0x1f37320 DEBUG   GST_POLL gstpoll.c:979:gst_poll_fd_ctl_write: 0x1f3f820: fd (fd:0, idx:1), active : 1
0:00:00.013556053  4130 0x1f37320 LOG   GST_POLL gstpoll.c:994:gst_poll_fd_ctl_write: 0x1f3f820: pfd->events now 60 (POLLOUT:4)
0:00:00.017659559  4129 0x9d3370 DEBUG   structure gststructure.c:2203:gst_structure_parse_field: trying field name 'author'
0:00:00.013561494  4130 0x1f37320 DEBUG   GST_POLL gstpoll.c:979:gst_poll_fd_ctl_write: 0x1f3f820: fd (fd:0, idx:1), active : 1
0:00:00.013569273  4130 0x1f37320 LOG   GST_POLL gstpoll.c:994:gst_poll_fd_ctl_write: 0x1f3f820: pfd->events now 60 (POLLOUT:4)
0:00:00.017677616  4129 0x9d3370 DEBUG   default gstvalue.c:2676:_priv_gst_value_parse_value: trying type name 'string'
0:00:00.013574751  4130 0x1f37320 DEBUG   GST_POLL gstpoll.c:979:gst_poll_fd_ctl_write: 0x1f3f820: fd (fd:0, idx:1), active : 1
0:00:00.013580342  4130 0x1f37320 LOG   GST_POLL gstpoll.c:994:gst_poll_fd_ctl_write: 0x1f3f820: pfd->events now 60 (POLLOUT:4)
0:00:00.017688853  4129 0x9d3370 DEBUG   GST_REGISTRY gstregistrychunks.c:626:gst_registry_chunks_load_feature: Element factory : npadtemplates=1
0:00:00.013585957  4130 0x1f37320 DEBUG   GST_POLL gstpoll.c:979:gst_poll_fd_ctl_write: 0x1f3f820: fd (fd:0, idx:1), active : 1
0:00:00.017697717  4129 0x9d3370 DEBUG   GST_REGISTRY gstregistrychunks.c:525:gst_registry_chunks_load_pad_template: Reading/casting for GstRegistryChunkPadTemplate at address 0x9ef158
0:00:00.013593853  4130 0x1f37320 LOG   GST_POLL gstpoll.c:994:gst_poll_fd_ctl_write: 0x1f3f820: pfd->events now 60 (POLLOUT:4)
0:00:00.017705027  4129 0x9d3370 DEBUG   GST_REGISTRY gstregistrychunks.c:539:gst_registry_chunks_load_pad_template: Added pad_template sink
0:00:00.013600891  4130 0x1f37320 DEBUG   GST_POLL gstpoll.c:979:gst_poll_fd_ctl_write: 0x1f3f820: fd (fd:0, idx:1), active : 1
0:00:00.017712531  4129 0x9d3370 DEBUG   GST_REGISTRY gstregistrychunks.c:639:gst_registry_chunks_load_feature: Reading 1 UriTypes at address 0x9ef169
0:00:00.013606688  4130 0x1f37320 LOG   GST_POLL gstpoll.c:994:gst_poll_fd_ctl_write: 0x1f3f820: pfd->events now 60 (POLLOUT:4)
0:00:00.013619521  4130 0x1f37320 DEBUG   GST_POLL gstpoll.c:979:gst_poll_fd_ctl_write: 0x1f3f820: fd (fd:0, idx:1), active : 1
0:00:00.017730069  4129 0x9d3370 DEBUG   GST_REGISTRY gstregistrychunks.c:654:gst_registry_chunks_load_feature: Reading 1 Interfaces at address 0x9ef179
0:00:00.013624359  4130 0x1f37320 LOG   GST_POLL gstpoll.c:994:gst_poll_fd_ctl_write: 0x1f3f820: pfd->events now 60 (POLLOUT:4)
0:00:00.013631136  4130 0x1f37320 DEBUG   GST_POLL gstpoll.c:979:gst_poll_fd_ctl_write: 0x1f3f820: fd (fd:0, idx:1), active : 1
0:00:00.017741338  4129 0x9d3370 DEBUG   GST_REGISTRY gstregistry.c:589:gst_registry_add_feature: adding feature 0x9f12d0 (filesink)
0:00:00.013636017  4130 0x1f37320 LOG   GST_POLL gstpoll.c:994:gst_poll_fd_ctl_write: 0x1f3f820: pfd->events now 60 (POLLOUT:4)
0:00:00.017749168  4129 0x9d3370 DEBUG   GST_REFCOUNTING gstobject.c:708:gst_object_set_parent: set parent (ref and sink)
0:00:00.013641997  4130 0x1f37320 DEBUG   GST_POLL gstpoll.c:979:gst_poll_fd_ctl_write: 0x1f3f820: fd (fd:0, idx:1), active : 1
0:00:00.017758201  4129 0x9d3370 TRACE   GST_REFCOUNTING gstobject.c:292:gst_object_ref_sink: 0x9f12d0 ref_sink 1->2
0:00:00.013651688  4130 0x1f37320 LOG   GST_POLL gstpoll.c:994:gst_poll_fd_ctl_write: 0x1f3f820: pfd->events now 60 (POLLOUT:4)
0:00:00.017766558  4129 0x9d3370 LOG   GST_REGISTRY gstregistry.c:607:gst_registry_add_feature: emitting feature-added for filesink
0:00:00.013659311  4130 0x1f37320 DEBUG   GST_POLL gstpoll.c:979:gst_poll_fd_ctl_write: 0x1f3f820: fd (fd:0, idx:1), active : 1
0:00:00.017774508  4129 0x9d3370 DEBUG   GST_REGISTRY gstregistrychunks.c:740:gst_registry_chunks_load_feature: Added feature filesink, plugin 0x9ed050 coreelements
0:00:00.013666420  4130 0x1f37320 LOG   GST_POLL gstpoll.c:994:gst_poll_fd_ctl_write: 0x1f3f820: pfd->events now 60 (POLLOUT:4)
0:00:00.017782541  4129 0x9d3370 DEBUG   GST_REGISTRY gstregistrychunks.c:582:gst_registry_chunks_load_feature: Plugin 'coreelements' feature 'queue2' typename : 'GstElementFactory'
0:00:00.013675074  4130 0x1f37320 DEBUG   GST_POLL gstpoll.c:979:gst_poll_fd_ctl_write: 0x1f3f820: fd (fd:0, idx:1), active : 1
0:00:00.013682296  4130 0x1f37320 LOG   GST_POLL gstpoll.c:994:gst_poll_fd_ctl_write: 0x1f3f820: pfd->events now 60 (POLLOUT:4)
0:00:00.017791829  4129 0x9d3370 TRACE   GST_REFCOUNTING gstobject.c:208:gst_object_init: 0x9f1540 new
0:00:00.013687616  4130 0x1f37320 DEBUG   GST_POLL gstpoll.c:979:gst_poll_fd_ctl_write: 0x1f3f820: fd (fd:0, idx:1), active : 1
0:00:00.013693251  4130 0x1f37320 LOG   GST_POLL gstpoll.c:994:gst_poll_fd_ctl_write: 0x1f3f820: pfd->events now 60 (POLLOUT:4)
0:00:00.017803212  4129 0x9d3370 LOG   GST_REGISTRY gstregistrychunks.c:609:gst_registry_chunks_load_feature: Reading/casting for GstRegistryChunkElementFactory at address 0x9ef1a0
0:00:00.013698556  4130 0x1f37320 DEBUG   GST_POLL gstpoll.c:979:gst_poll_fd_ctl_write: 0x1f3f820: fd (fd:0, idx:1), active : 1
0:00:00.017820489  4129 0x9d3370 TRACE   structure gststructure.c:287:gst_structure_new_id_empty_with_size: created structure 0x9f1850
0:00:00.017827788  4129 0x9d3370 DEBUG   structure gststructure.c:2203:gst_structure_parse_field: trying field name 'long-name'
0:00:00.013718878  4130 0x1f37320 LOG   GST_POLL gstpoll.c:994:gst_poll_fd_ctl_write: 0x1f3f820: pfd->events now 60 (POLLOUT:4)
0:00:00.017833929  4129 0x9d3370 DEBUG   default gstvalue.c:2676:_priv_gst_value_parse_value: trying type name 'string'
0:00:00.013727765  4130 0x1f37320 DEBUG   GST_POLL gstpoll.c:979:gst_poll_fd_ctl_write: 0x1f3f820: fd (fd:0, idx:1), active : 1
0:00:00.017841685  4129 0x9d3370 DEBUG   structure gststructure.c:2203:gst_structure_parse_field: trying field name 'klass'
0:00:00.013733760  4130 0x1f37320 LOG   GST_POLL gstpoll.c:994:gst_poll_fd_ctl_write: 0x1f3f820: pfd->events now 60 (POLLOUT:4)
0:00:00.017848851  4129 0x9d3370 DEBUG   default gstvalue.c:2676:_priv_gst_value_parse_value: trying type name 'string'
0:00:00.013742317  4130 0x1f37320 DEBUG   GST_POLL gstpoll.c:979:gst_poll_fd_ctl_write: 0x1f3f820: fd (fd:0, idx:1), active : 1
0:00:00.017856304  4129 0x9d3370 DEBUG   structure gststructure.c:2203:gst_structure_parse_field: trying field name 'description'
0:00:00.013748514  4130 0x1f37320 LOG   GST_POLL gstpoll.c:994:gst_poll_fd_ctl_write: 0x1f3f820: pfd->events now 60 (POLLOUT:4)
0:00:00.017863241  4129 0x9d3370 DEBUG   default gstvalue.c:2676:_priv_gst_value_parse_value: trying type name 'string'
0:00:00.013756623  4130 0x1f37320 DEBUG   GST_POLL gstpoll.c:979:gst_poll_fd_ctl_write: 0x1f3f820: fd (fd:0, idx:1), active : 1
0:00:00.013763520  4130 0x1f37320 LOG   GST_POLL gstpoll.c:994:gst_poll_fd_ctl_write: 0x1f3f820: pfd->events now 60 (POLLOUT:4)
0:00:00.017872488  4129 0x9d3370 DEBUG   structure gststructure.c:2203:gst_structure_parse_field: trying field name 'author'
0:00:00.013771688  4130 0x1f37320 DEBUG   GST_POLL gstpoll.c:979:gst_poll_fd_ctl_write: 0x1f3f820: fd (fd:0, idx:1), active : 1
0:00:00.017882343  4129 0x9d3370 DEBUG   default gstvalue.c:2676:_priv_gst_value_parse_value: trying type name 'string'
0:00:00.013778272  4130 0x1f37320 LOG   GST_POLL gstpoll.c:994:gst_poll_fd_ctl_write: 0x1f3f820: pfd->events now 60 (POLLOUT:4)
0:00:00.017891502  4129 0x9d3370 DEBUG   GST_REGISTRY gstregistrychunks.c:626:gst_registry_chunks_load_feature: Element factory : npadtemplates=2
0:00:00.013784371  4130 0x1f37320 DEBUG   GST_POLL gstpoll.c:979:gst_poll_fd_ctl_write: 0x1f3f820: fd (fd:0, idx:1), active : 1
0:00:00.017898727  4129 0x9d3370 DEBUG   GST_REGISTRY gstregistrychunks.c:525:gst_registry_chunks_load_pad_template: Reading/casting for GstRegistryChunkPadTemplate at address 0x9ef290
0:00:00.013791645  4130 0x1f37320 LOG   GST_POLL gstpoll.c:994:gst_poll_fd_ctl_write: 0x1f3f820: pfd->events now 60 (POLLOUT:4)
0:00:00.017905763  4129 0x9d3370 DEBUG   GST_REGISTRY gstregistrychunks.c:539:gst_registry_chunks_load_pad_template: Added pad_template sink
0:00:00.013803433  4130 0x1f37320 DEBUG   GST_POLL gstpoll.c:979:gst_poll_fd_ctl_write: 0x1f3f820: fd (fd:0, idx:1), active : 1
0:00:00.017914655  4129 0x9d3370 DEBUG   GST_REGISTRY gstregistrychunks.c:525:gst_registry_chunks_load_pad_template: Reading/casting for GstRegistryChunkPadTemplate at address 0x9ef2a8
0:00:00.013809023  4130 0x1f37320 LOG   GST_POLL gstpoll.c:994:gst_poll_fd_ctl_write: 0x1f3f820: pfd->events now 60 (POLLOUT:4)
0:00:00.017921370  4129 0x9d3370 DEBUG   GST_REGISTRY gstregistrychunks.c:539:gst_registry_chunks_load_pad_template: Added pad_template src
0:00:00.013814921  4130 0x1f37320 DEBUG   GST_POLL gstpoll.c:979:gst_poll_fd_ctl_write: 0x1f3f820: fd (fd:0, idx:1), active : 1
0:00:00.013820974  4130 0x1f37320 LOG   GST_POLL gstpoll.c:994:gst_poll_fd_ctl_write: 0x1f3f820: pfd->events now 60 (POLLOUT:4)
0:00:00.017930172  4129 0x9d3370 DEBUG   GST_REGISTRY gstregistry.c:589:gst_registry_add_feature: adding feature 0x9f1540 (queue2)
0:00:00.013829166  4130 0x1f37320 DEBUG   GST_POLL gstpoll.c:979:gst_poll_fd_ctl_write: 0x1f3f820: fd (fd:0, idx:1), active : 1
0:00:00.017941060  4129 0x9d3370 DEBUG   GST_REFCOUNTING gstobject.c:708:gst_object_set_parent: set parent (ref and sink)
0:00:00.013835628  4130 0x1f37320 LOG   GST_POLL gstpoll.c:994:gst_poll_fd_ctl_write: 0x1f3f820: pfd->events now 60 (POLLOUT:4)
0:00:00.013842803  4130 0x1f37320 DEBUG   GST_POLL gstpoll.c:979:gst_poll_fd_ctl_write: 0x1f3f820: fd (fd:0, idx:1), active : 1
0:00:00.017951333  4129 0x9d3370 TRACE   GST_REFCOUNTING gstobject.c:292:gst_object_ref_sink: 0x9f1540 ref_sink 1->2
0:00:00.013848207  4130 0x1f37320 LOG   GST_POLL gstpoll.c:994:gst_poll_fd_ctl_write: 0x1f3f820: pfd->events now 60 (POLLOUT:4)
0:00:00.017960937  4129 0x9d3370 LOG   GST_REGISTRY gstregistry.c:607:gst_registry_add_feature: emitting feature-added for queue2
0:00:00.013854230  4130 0x1f37320 DEBUG   GST_POLL gstpoll.c:979:gst_poll_fd_ctl_write: 0x1f3f820: fd (fd:0, idx:1), active : 1
0:00:00.013860994  4130 0x1f37320 LOG   GST_POLL gstpoll.c:994:gst_poll_fd_ctl_write: 0x1f3f820: pfd->events now 60 (POLLOUT:4)
0:00:00.017969133  4129 0x9d3370 DEBUG   GST_REGISTRY gstregistrychunks.c:740:gst_registry_chunks_load_feature: Added feature queue2, plugin 0x9ed050 coreelements
0:00:00.013866426  4130 0x1f37320 DEBUG   GST_POLL gstpoll.c:979:gst_poll_fd_ctl_write: 0x1f3f820: fd (fd:0, idx:1), active : 1
0:00:00.017978628  4129 0x9d3370 DEBUG   GST_REGISTRY gstregistrychunks.c:582:gst_registry_chunks_load_feature: Plugin 'coreelements' feature 'queue' typename : 'GstElementFactory'
0:00:00.013871848  4130 0x1f37320 LOG   GST_POLL gstpoll.c:994:gst_poll_fd_ctl_write: 0x1f3f820: pfd->events now 60 (POLLOUT:4)
0:00:00.017987640  4129 0x9d3370 TRACE   GST_REFCOUNTING gstobject.c:208:gst_object_init: 0x9f19d0 new
0:00:00.013881124  4130 0x1f37320 DEBUG   GST_POLL gstpoll.c:979:gst_poll_fd_ctl_write: 0x1f3f820: fd (fd:0, idx:1), active : 1
0:00:00.013894375  4130 0x1f37320 LOG   GST_POLL gstpoll.c:994:gst_poll_fd_ctl_write: 0x1f3f820: pfd->events now 60 (POLLOUT:4)
0:00:00.018003267  4129 0x9d3370 LOG   GST_REGISTRY gstregistrychunks.c:609:gst_registry_chunks_load_feature: Reading/casting for GstRegistryChunkElementFactory at address 0x9ef2d0
0:00:00.013915387  4130 0x1f37320 DEBUG   GST_POLL gstpoll.c:979:gst_poll_fd_ctl_write: 0x1f3f820: fd (fd:0, idx:1), active : 1
0:00:00.018029785  4129 0x9d3370 TRACE   structure gststructure.c:287:gst_structure_new_id_empty_with_size: created structure 0x9f1ac0
0:00:00.013926149  4130 0x1f37320 LOG   GST_POLL gstpoll.c:994:gst_poll_fd_ctl_write: 0x1f3f820: pfd->events now 60 (POLLOUT:4)
0:00:00.013934900  4130 0x1f37320 DEBUG   GST_POLL gstpoll.c:979:gst_poll_fd_ctl_write: 0x1f3f820: fd (fd:0, idx:1), active : 1
0:00:00.018042310  4129 0x9d3370 DEBUG   structure gststructure.c:2203:gst_structure_parse_field: trying field name 'long-name'
0:00:00.013940141  4130 0x1f37320 LOG   GST_POLL gstpoll.c:994:gst_poll_fd_ctl_write: 0x1f3f820: pfd->events now 60 (POLLOUT:4)
0:00:00.018053940  4129 0x9d3370 DEBUG   default gstvalue.c:2676:_priv_gst_value_parse_value: trying type name 'string'
0:00:00.013946560  4130 0x1f37320 DEBUG   GST_POLL gstpoll.c:979:gst_poll_fd_ctl_write: 0x1f3f820: fd (fd:0, idx:1), active : 1
0:00:00.018062364  4129 0x9d3370 DEBUG   structure gststructure.c:2203:gst_structure_parse_field: trying field name 'klass'
0:00:00.013956286  4130 0x1f37320 LOG   GST_POLL gstpoll.c:994:gst_poll_fd_ctl_write: 0x1f3f820: pfd->events now 60 (POLLOUT:4)
0:00:00.018069569  4129 0x9d3370 DEBUG   default gstvalue.c:2676:_priv_gst_value_parse_value: trying type name 'string'
0:00:00.013963538  4130 0x1f37320 LOG   GST_PLUGIN_LOADING gstpluginloader.c:645:put_chunk: Expanding tx buf from 10158 to 13209 for chunk of size 209
0:00:00.018077144  4129 0x9d3370 DEBUG   structure gststructure.c:2203:gst_structure_parse_field: trying field name 'description'
0:00:00.018084169  4129 0x9d3370 DEBUG   default gstvalue.c:2676:_priv_gst_value_parse_value: trying type name 'string'
0:00:00.013981350  4130 0x1f37320 DEBUG   GST_POLL gstpoll.c:979:gst_poll_fd_ctl_write: 0x1f3f820: fd (fd:0, idx:1), active : 1
0:00:00.018090742  4129 0x9d3370 DEBUG   structure gststructure.c:2203:gst_structure_parse_field: trying field name 'author'
0:00:00.013987374  4130 0x1f37320 LOG   GST_POLL gstpoll.c:994:gst_poll_fd_ctl_write: 0x1f3f820: pfd->events now 60 (POLLOUT:4)
0:00:00.018101049  4129 0x9d3370 DEBUG   default gstvalue.c:2676:_priv_gst_value_parse_value: trying type name 'string'
0:00:00.013993557  4130 0x1f37320 DEBUG   GST_POLL gstpoll.c:979:gst_poll_fd_ctl_write: 0x1f3f820: fd (fd:0, idx:1), active : 1
0:00:00.018110259  4129 0x9d3370 DEBUG   GST_REGISTRY gstregistrychunks.c:626:gst_registry_chunks_load_feature: Element factory : npadtemplates=2
0:00:00.014003686  4130 0x1f37320 LOG   GST_POLL gstpoll.c:994:gst_poll_fd_ctl_write: 0x1f3f820: pfd->events now 60 (POLLOUT:4)
0:00:00.018123129  4129 0x9d3370 DEBUG   GST_REGISTRY gstregistrychunks.c:525:gst_registry_chunks_load_pad_template: Reading/casting for GstRegistryChunkPadTemplate at address 0x9ef388
0:00:00.014016778  4130 0x1f37320 DEBUG   GST_POLL gstpoll.c:979:gst_poll_fd_ctl_write: 0x1f3f820: fd (fd:0, idx:1), active : 1
0:00:00.018130687  4129 0x9d3370 DEBUG   GST_REGISTRY gstregistrychunks.c:539:gst_registry_chunks_load_pad_template: Added pad_template sink
0:00:00.014023396  4130 0x1f37320 LOG   GST_POLL gstpoll.c:994:gst_poll_fd_ctl_write: 0x1f3f820: pfd->events now 60 (POLLOUT:4)
0:00:00.018137215  4129 0x9d3370 DEBUG   GST_REGISTRY gstregistrychunks.c:525:gst_registry_chunks_load_pad_template: Reading/casting for GstRegistryChunkPadTemplate at address 0x9ef3a0
0:00:00.014030700  4130 0x1f37320 DEBUG   GST_POLL gstpoll.c:979:gst_poll_fd_ctl_write: 0x1f3f820: fd (fd:0, idx:1), active : 1
0:00:00.018144234  4129 0x9d3370 DEBUG   GST_REGISTRY gstregistrychunks.c:539:gst_registry_chunks_load_pad_template: Added pad_template src
0:00:00.014037082  4130 0x1f37320 LOG   GST_POLL gstpoll.c:994:gst_poll_fd_ctl_write: 0x1f3f820: pfd->events now 60 (POLLOUT:4)
0:00:00.014044192  4130 0x1f37320 DEBUG   GST_POLL gstpoll.c:979:gst_poll_fd_ctl_write: 0x1f3f820: fd (fd:0, idx:1), active : 1
0:00:00.018153328  4129 0x9d3370 DEBUG   GST_REGISTRY gstregistry.c:589:gst_registry_add_feature: adding feature 0x9f19d0 (queue)
0:00:00.014049217  4130 0x1f37320 LOG   GST_POLL gstpoll.c:994:gst_poll_fd_ctl_write: 0x1f3f820: pfd->events now 60 (POLLOUT:4)
0:00:00.014055060  4130 0x1f37320 DEBUG   GST_POLL gstpoll.c:979:gst_poll_fd_ctl_write: 0x1f3f820: fd (fd:0, idx:1), active : 1
0:00:00.018162240  4129 0x9d3370 DEBUG   GST_REFCOUNTING gstobject.c:708:gst_object_set_parent: set parent (ref and sink)
0:00:00.014062711  4130 0x1f37320 LOG   GST_POLL gstpoll.c:994:gst_poll_fd_ctl_write: 0x1f3f820: pfd->events now 60 (POLLOUT:4)
0:00:00.014069734  4130 0x1f37320 DEBUG   GST_POLL gstpoll.c:979:gst_poll_fd_ctl_write: 0x1f3f820: fd (fd:0, idx:1), active : 1
0:00:00.018178221  4129 0x9d3370 TRACE   GST_REFCOUNTING gstobject.c:292:gst_object_ref_sink: 0x9f19d0 ref_sink 1->2
0:00:00.014074992  4130 0x1f37320 LOG   GST_POLL gstpoll.c:994:gst_poll_fd_ctl_write: 0x1f3f820: pfd->events now 60 (POLLOUT:4)
0:00:00.018188124  4129 0x9d3370 LOG   GST_REGISTRY gstregistry.c:607:gst_registry_add_feature: emitting feature-added for queue
0:00:00.014080983  4130 0x1f37320 DEBUG   GST_POLL gstpoll.c:979:gst_poll_fd_ctl_write: 0x1f3f820: fd (fd:0, idx:1), active : 1
0:00:00.018196391  4129 0x9d3370 DEBUG   GST_REGISTRY gstregistrychunks.c:740:gst_registry_chunks_load_feature: Added feature queue, plugin 0x9ed050 coreelements
0:00:00.014088292  4130 0x1f37320 LOG   GST_POLL gstpoll.c:994:gst_poll_fd_ctl_write: 0x1f3f820: pfd->events now 60 (POLLOUT:4)
0:00:00.018204112  4129 0x9d3370 DEBUG   GST_REGISTRY gstregistrychunks.c:582:gst_registry_chunks_load_feature: Plugin 'coreelements' feature 'output-selector' typename : 'GstElementFactory'
0:00:00.014100790  4130 0x1f37320 DEBUG   GST_POLL gstpoll.c:979:gst_poll_fd_ctl_write: 0x1f3f820: fd (fd:0, idx:1), active : 1
0:00:00.018214566  4129 0x9d3370 TRACE   GST_REFCOUNTING gstobject.c:208:gst_object_init: 0x9f1d10 new
0:00:00.014106634  4130 0x1f37320 LOG   GST_POLL gstpoll.c:994:gst_poll_fd_ctl_write: 0x1f3f820: pfd->events now 60 (POLLOUT:4)
0:00:00.014115371  4130 0x1f37320 DEBUG   GST_POLL gstpoll.c:979:gst_poll_fd_ctl_write: 0x1f3f820: fd (fd:0, idx:1), active : 1
0:00:00.018224165  4129 0x9d3370 LOG   GST_REGISTRY gstregistrychunks.c:609:gst_registry_chunks_load_feature: Reading/casting for GstRegistryChunkElementFactory at address 0x9ef3d8
0:00:00.014124289  4130 0x1f37320 LOG   GST_POLL gstpoll.c:994:gst_poll_fd_ctl_write: 0x1f3f820: pfd->events now 60 (POLLOUT:4)
0:00:00.014131930  4130 0x1f37320 DEBUG   GST_POLL gstpoll.c:979:gst_poll_fd_ctl_write: 0x1f3f820: fd (fd:0, idx:1), active : 1
0:00:00.018243921  4129 0x9d3370 TRACE   structure gststructure.c:287:gst_structure_new_id_empty_with_size: created structure 0x9f2030
0:00:00.014137077  4130 0x1f37320 LOG   GST_POLL gstpoll.c:994:gst_poll_fd_ctl_write: 0x1f3f820: pfd->events now 60 (POLLOUT:4)
0:00:00.018253171  4129 0x9d3370 DEBUG   structure gststructure.c:2203:gst_structure_parse_field: trying field name 'long-name'
0:00:00.014145228  4130 0x1f37320 DEBUG   GST_POLL gstpoll.c:979:gst_poll_fd_ctl_write: 0x1f3f820: fd (fd:0, idx:1), active : 1
0:00:00.018261426  4129 0x9d3370 DEBUG   default gstvalue.c:2676:_priv_gst_value_parse_value: trying type name 'string'
0:00:00.014153814  4130 0x1f37320 LOG   GST_POLL gstpoll.c:994:gst_poll_fd_ctl_write: 0x1f3f820: pfd->events now 60 (POLLOUT:4)
0:00:00.018269842  4129 0x9d3370 DEBUG   structure gststructure.c:2203:gst_structure_parse_field: trying field name 'klass'
0:00:00.014161477  4130 0x1f37320 DEBUG   GST_POLL gstpoll.c:979:gst_poll_fd_ctl_write: 0x1f3f820: fd (fd:0, idx:1), active : 1
0:00:00.018277141  4129 0x9d3370 DEBUG   default gstvalue.c:2676:_priv_gst_value_parse_value: trying type name 'string'
0:00:00.014169978  4130 0x1f37320 LOG   GST_POLL gstpoll.c:994:gst_poll_fd_ctl_write: 0x1f3f820: pfd->events now 60 (POLLOUT:4)
0:00:00.018284748  4129 0x9d3370 DEBUG   structure gststructure.c:2203:gst_structure_parse_field: trying field name 'description'
0:00:00.014177110  4130 0x1f37320 DEBUG   GST_POLL gstpoll.c:979:gst_poll_fd_ctl_write: 0x1f3f820: fd (fd:0, idx:1), active : 1
0:00:00.018291949  4129 0x9d3370 DEBUG   default gstvalue.c:2676:_priv_gst_value_parse_value: trying type name 'string'
0:00:00.014187100  4130 0x1f37320 LOG   GST_POLL gstpoll.c:994:gst_poll_fd_ctl_write: 0x1f3f820: pfd->events now 60 (POLLOUT:4)
0:00:00.018299263  4129 0x9d3370 DEBUG   structure gststructure.c:2203:gst_structure_parse_field: trying field name 'author'
0:00:00.014198027  4130 0x1f37320 DEBUG   GST_POLL gstpoll.c:979:gst_poll_fd_ctl_write: 0x1f3f820: fd (fd:0, idx:1), active : 1
0:00:00.018309680  4129 0x9d3370 DEBUG   default gstvalue.c:2676:_priv_gst_value_parse_value: trying type name 'string'
0:00:00.014203832  4130 0x1f37320 LOG   GST_POLL gstpoll.c:994:gst_poll_fd_ctl_write: 0x1f3f820: pfd->events now 60 (POLLOUT:4)
0:00:00.014210606  4130 0x1f37320 DEBUG   GST_POLL gstpoll.c:979:gst_poll_fd_ctl_write: 0x1f3f820: fd (fd:0, idx:1), active : 1
0:00:00.018319316  4129 0x9d3370 DEBUG   GST_REGISTRY gstregistrychunks.c:626:gst_registry_chunks_load_feature: Element factory : npadtemplates=2
0:00:00.014215658  4130 0x1f37320 LOG   GST_POLL gstpoll.c:994:gst_poll_fd_ctl_write: 0x1f3f820: pfd->events now 60 (POLLOUT:4)
0:00:00.018327889  4129 0x9d3370 DEBUG   GST_REGISTRY gstregistrychunks.c:525:gst_registry_chunks_load_pad_template: Reading/casting for GstRegistryChunkPadTemplate at address 0x9ef4b0
0:00:00.014221514  4130 0x1f37320 DEBUG   GST_POLL gstpoll.c:979:gst_poll_fd_ctl_write: 0x1f3f820: fd (fd:0, idx:1), active : 1
0:00:00.018335285  4129 0x9d3370 DEBUG   GST_REGISTRY gstregistrychunks.c:539:gst_registry_chunks_load_pad_template: Added pad_template src_%u
0:00:00.014227750  4130 0x1f37320 LOG   GST_POLL gstpoll.c:994:gst_poll_fd_ctl_write: 0x1f3f820: pfd->events now 60 (POLLOUT:4)
0:00:00.018341819  4129 0x9d3370 DEBUG   GST_REGISTRY gstregistrychunks.c:525:gst_registry_chunks_load_pad_template: Reading/casting for GstRegistryChunkPadTemplate at address 0x9ef4c8
0:00:00.014235132  4130 0x1f37320 DEBUG   GST_POLL gstpoll.c:979:gst_poll_fd_ctl_write: 0x1f3f820: fd (fd:0, idx:1), active : 1
0:00:00.018349090  4129 0x9d3370 DEBUG   GST_REGISTRY gstregistrychunks.c:539:gst_registry_chunks_load_pad_template: Added pad_template sink
0:00:00.014243531  4130 0x1f37320 LOG   GST_POLL gstpoll.c:994:gst_poll_fd_ctl_write: 0x1f3f820: pfd->events now 60 (POLLOUT:4)
0:00:00.018358033  4129 0x9d3370 DEBUG   GST_REGISTRY gstregistry.c:589:gst_registry_add_feature: adding feature 0x9f1d10 (output-selector)
0:00:00.014250629  4130 0x1f37320 DEBUG   GST_POLL gstpoll.c:979:gst_poll_fd_ctl_write: 0x1f3f820: fd (fd:0, idx:1), active : 1
0:00:00.014258138  4130 0x1f37320 LOG   GST_POLL gstpoll.c:994:gst_poll_fd_ctl_write: 0x1f3f820: pfd->events now 60 (POLLOUT:4)
0:00:00.018367161  4129 0x9d3370 DEBUG   GST_REFCOUNTING gstobject.c:708:gst_object_set_parent: set parent (ref and sink)
0:00:00.014263835  4130 0x1f37320 DEBUG   GST_POLL gstpoll.c:979:gst_poll_fd_ctl_write: 0x1f3f820: fd (fd:0, idx:1), active : 1
0:00:00.018376874  4129 0x9d3370 TRACE   GST_REFCOUNTING gstobject.c:292:gst_object_ref_sink: 0x9f1d10 ref_sink 1->2
0:00:00.014269482  4130 0x1f37320 LOG   GST_POLL gstpoll.c:994:gst_poll_fd_ctl_write: 0x1f3f820: pfd->events now 60 (POLLOUT:4)
0:00:00.018386871  4129 0x9d3370 LOG   GST_REGISTRY gstregistry.c:607:gst_registry_add_feature: emitting feature-added for output-selector
0:00:00.014282720  4130 0x1f37320 DEBUG   GST_POLL gstpoll.c:979:gst_poll_fd_ctl_write: 0x1f3f820: fd (fd:0, idx:1), active : 1
0:00:00.018396165  4129 0x9d3370 DEBUG   GST_REGISTRY gstregistrychunks.c:740:gst_registry_chunks_load_feature: Added feature output-selector, plugin 0x9ed050 coreelements
0:00:00.014288237  4130 0x1f37320 LOG   GST_POLL gstpoll.c:994:gst_poll_fd_ctl_write: 0x1f3f820: pfd->events now 60 (POLLOUT:4)
0:00:00.018404695  4129 0x9d3370 DEBUG   GST_REGISTRY gstregistrychunks.c:582:gst_registry_chunks_load_feature: Plugin 'coreelements' feature 'input-selector' typename : 'GstElementFactory'
0:00:00.014296591  4130 0x1f37320 DEBUG   GST_POLL gstpoll.c:979:gst_poll_fd_ctl_write: 0x1f3f820: fd (fd:0, idx:1), active : 1
0:00:00.018413958  4129 0x9d3370 TRACE   GST_REFCOUNTING gstobject.c:208:gst_object_init: 0x9f2420 new
0:00:00.014306614  4130 0x1f37320 LOG   GST_POLL gstpoll.c:994:gst_poll_fd_ctl_write: 0x1f3f820: pfd->events now 60 (POLLOUT:4)
0:00:00.018423629  4129 0x9d3370 LOG   GST_REGISTRY gstregistrychunks.c:609:gst_registry_chunks_load_feature: Reading/casting for GstRegistryChunkElementFactory at address 0x9ef500
0:00:00.014315515  4130 0x1f37320 DEBUG   GST_POLL gstpoll.c:979:gst_poll_fd_ctl_write: 0x1f3f820: fd (fd:0, idx:1), active : 1
0:00:00.018431789  4129 0x9d3370 TRACE   structure gststructure.c:287:gst_structure_new_id_empty_with_size: created structure 0x9f26c0
0:00:00.014324127  4130 0x1f37320 LOG   GST_POLL gstpoll.c:994:gst_poll_fd_ctl_write: 0x1f3f820: pfd->events now 60 (POLLOUT:4)
0:00:00.018438740  4129 0x9d3370 DEBUG   structure gststructure.c:2203:gst_structure_parse_field: trying field name 'long-name'
0:00:00.014332078  4130 0x1f37320 DEBUG   GST_POLL gstpoll.c:979:gst_poll_fd_ctl_write: 0x1f3f820: fd (fd:0, idx:1), active : 1
0:00:00.018445565  4129 0x9d3370 DEBUG   default gstvalue.c:2676:_priv_gst_value_parse_value: trying type name 'string'
0:00:00.014338363  4130 0x1f37320 LOG   GST_POLL gstpoll.c:994:gst_poll_fd_ctl_write: 0x1f3f820: pfd->events now 60 (POLLOUT:4)
0:00:00.014346446  4130 0x1f37320 DEBUG   GST_POLL gstpoll.c:979:gst_poll_fd_ctl_write: 0x1f3f820: fd (fd:0, idx:1), active : 1
0:00:00.018454919  4129 0x9d3370 DEBUG   structure gststructure.c:2203:gst_structure_parse_field: trying field name 'klass'
0:00:00.014351691  4130 0x1f37320 LOG   GST_POLL gstpoll.c:994:gst_poll_fd_ctl_write: 0x1f3f820: pfd->events now 60 (POLLOUT:4)
0:00:00.018464089  4129 0x9d3370 DEBUG   default gstvalue.c:2676:_priv_gst_value_parse_value: trying type name 'string'
0:00:00.014357661  4130 0x1f37320 DEBUG   GST_POLL gstpoll.c:979:gst_poll_fd_ctl_write: 0x1f3f820: fd (fd:0, idx:1), active : 1
0:00:00.018471896  4129 0x9d3370 DEBUG   structure gststructure.c:2203:gst_structure_parse_field: trying field name 'description'
0:00:00.014366313  4130 0x1f37320 LOG   GST_POLL gstpoll.c:994:gst_poll_fd_ctl_write: 0x1f3f820: pfd->events now 60 (POLLOUT:4)
0:00:00.018478854  4129 0x9d3370 DEBUG   default gstvalue.c:2676:_priv_gst_value_parse_value: trying type name 'string'
0:00:00.014378071  4130 0x1f37320 DEBUG   GST_POLL gstpoll.c:979:gst_poll_fd_ctl_write: 0x1f3f820: fd (fd:0, idx:1), active : 1
0:00:00.018490038  4129 0x9d3370 DEBUG   structure gststructure.c:2203:gst_structure_parse_field: trying field name 'author'
0:00:00.014384114  4130 0x1f37320 LOG   GST_POLL gstpoll.c:994:gst_poll_fd_ctl_write: 0x1f3f820: pfd->events now 60 (POLLOUT:4)
0:00:00.018496913  4129 0x9d3370 DEBUG   default gstvalue.c:2676:_priv_gst_value_parse_value: trying type name 'string'
0:00:00.014390355  4130 0x1f37320 DEBUG   GST_POLL gstpoll.c:979:gst_poll_fd_ctl_write: 0x1f3f820: fd (fd:0, idx:1), active : 1
0:00:00.014396684  4130 0x1f37320 LOG   GST_POLL gstpoll.c:994:gst_poll_fd_ctl_write: 0x1f3f820: pfd->events now 60 (POLLOUT:4)
0:00:00.018505777  4129 0x9d3370 DEBUG   GST_REGISTRY gstregistrychunks.c:626:gst_registry_chunks_load_feature: Element factory : npadtemplates=2
0:00:00.014402062  4130 0x1f37320 DEBUG   GST_POLL gstpoll.c:979:gst_poll_fd_ctl_write: 0x1f3f820: fd (fd:0, idx:1), active : 1
0:00:00.018513662  4129 0x9d3370 DEBUG   GST_REGISTRY gstregistrychunks.c:525:gst_registry_chunks_load_pad_template: Reading/casting for GstRegistryChunkPadTemplate at address 0x9ef630
0:00:00.014407615  4130 0x1f37320 LOG   GST_POLL gstpoll.c:994:gst_poll_fd_ctl_write: 0x1f3f820: pfd->events now 60 (POLLOUT:4)
0:00:00.018522232  4129 0x9d3370 DEBUG   GST_REGISTRY gstregistrychunks.c:539:gst_registry_chunks_load_pad_template: Added pad_template src
0:00:00.014414533  4130 0x1f37320 DEBUG   GST_POLL gstpoll.c:979:gst_poll_fd_ctl_write: 0x1f3f820: fd (fd:0, idx:1), active : 1
0:00:00.018529809  4129 0x9d3370 DEBUG   GST_REGISTRY gstregistrychunks.c:525:gst_registry_chunks_load_pad_template: Reading/casting for GstRegistryChunkPadTemplate at address 0x9ef640
0:00:00.014424688  4130 0x1f37320 LOG   GST_POLL gstpoll.c:994:gst_poll_fd_ctl_write: 0x1f3f820: pfd->events now 60 (POLLOUT:4)
0:00:00.018536889  4129 0x9d3370 DEBUG   GST_REGISTRY gstregistrychunks.c:539:gst_registry_chunks_load_pad_template: Added pad_template sink_%u
0:00:00.014431770  4130 0x1f37320 DEBUG   GST_POLL gstpoll.c:979:gst_poll_fd_ctl_write: 0x1f3f820: fd (fd:0, idx:1), active : 1
0:00:00.018545756  4129 0x9d3370 DEBUG   GST_REGISTRY gstregistry.c:589:gst_registry_add_feature: adding feature 0x9f2420 (input-selector)
0:00:00.014437430  4130 0x1f37320 LOG   GST_POLL gstpoll.c:994:gst_poll_fd_ctl_write: 0x1f3f820: pfd->events now 60 (POLLOUT:4)
0:00:00.018553273  4129 0x9d3370 DEBUG   GST_REFCOUNTING gstobject.c:708:gst_object_set_parent: set parent (ref and sink)
0:00:00.014446174  4130 0x1f37320 DEBUG   GST_POLL gstpoll.c:979:gst_poll_fd_ctl_write: 0x1f3f820: fd (fd:0, idx:1), active : 1
0:00:00.014453567  4130 0x1f37320 LOG   GST_POLL gstpoll.c:994:gst_poll_fd_ctl_write: 0x1f3f820: pfd->events now 60 (POLLOUT:4)
0:00:00.018561915  4129 0x9d3370 TRACE   GST_REFCOUNTING gstobject.c:292:gst_object_ref_sink: 0x9f2420 ref_sink 1->2
0:00:00.014463075  4130 0x1f37320 DEBUG   GST_POLL gstpoll.c:979:gst_poll_fd_ctl_write: 0x1f3f820: fd (fd:0, idx:1), active : 1
0:00:00.018575460  4129 0x9d3370 LOG   GST_REGISTRY gstregistry.c:607:gst_registry_add_feature: emitting feature-added for input-selector
0:00:00.014468807  4130 0x1f37320 LOG   GST_POLL gstpoll.c:994:gst_poll_fd_ctl_write: 0x1f3f820: pfd->events now 60 (POLLOUT:4)
0:00:00.018583590  4129 0x9d3370 DEBUG   GST_REGISTRY gstregistrychunks.c:740:gst_registry_chunks_load_feature: Added feature input-selector, plugin 0x9ed050 coreelements
0:00:00.014475465  4130 0x1f37320 DEBUG   GST_POLL gstpoll.c:979:gst_poll_fd_ctl_write: 0x1f3f820: fd (fd:0, idx:1), active : 1
0:00:00.018593574  4129 0x9d3370 DEBUG   GST_REGISTRY gstregistrychunks.c:582:gst_registry_chunks_load_feature: Plugin 'coreelements' feature 'identity' typename : 'GstElementFactory'
0:00:00.014486463  4130 0x1f37320 LOG   GST_POLL gstpoll.c:994:gst_poll_fd_ctl_write: 0x1f3f820: pfd->events now 60 (POLLOUT:4)
0:00:00.014494774  4130 0x1f37320 DEBUG   GST_POLL gstpoll.c:979:gst_poll_fd_ctl_write: 0x1f3f820: fd (fd:0, idx:1), active : 1
0:00:00.018604103  4129 0x9d3370 TRACE   GST_REFCOUNTING gstobject.c:208:gst_object_init: 0x9f2300 new
0:00:00.014500154  4130 0x1f37320 LOG   GST_POLL gstpoll.c:994:gst_poll_fd_ctl_write: 0x1f3f820: pfd->events now 60 (POLLOUT:4)
0:00:00.014506133  4130 0x1f37320 DEBUG   GST_POLL gstpoll.c:979:gst_poll_fd_ctl_write: 0x1f3f820: fd (fd:0, idx:1), active : 1
0:00:00.018614422  4129 0x9d3370 LOG   GST_REGISTRY gstregistrychunks.c:609:gst_registry_chunks_load_feature: Reading/casting for GstRegistryChunkElementFactory at address 0x9ef670
0:00:00.014511372  4130 0x1f37320 LOG   GST_POLL gstpoll.c:994:gst_poll_fd_ctl_write: 0x1f3f820: pfd->events now 60 (POLLOUT:4)
0:00:00.018624525  4129 0x9d3370 TRACE   structure gststructure.c:287:gst_structure_new_id_empty_with_size: created structure 0x9f2a00
0:00:00.014517312  4130 0x1f37320 DEBUG   GST_POLL gstpoll.c:979:gst_poll_fd_ctl_write: 0x1f3f820: fd (fd:0, idx:1), active : 1
0:00:00.018631659  4129 0x9d3370 DEBUG   structure gststructure.c:2203:gst_structure_parse_field: trying field name 'long-name'
0:00:00.014524180  4130 0x1f37320 LOG   GST_POLL gstpoll.c:994:gst_poll_fd_ctl_write: 0x1f3f820: pfd->events now 60 (POLLOUT:4)
0:00:00.018638748  4129 0x9d3370 DEBUG   default gstvalue.c:2676:_priv_gst_value_parse_value: trying type name 'string'
0:00:00.014531668  4130 0x1f37320 DEBUG   GST_POLL gstpoll.c:979:gst_poll_fd_ctl_write: 0x1f3f820: fd (fd:0, idx:1), active : 1
0:00:00.018646433  4129 0x9d3370 DEBUG   structure gststructure.c:2203:gst_structure_parse_field: trying field name 'klass'
0:00:00.014540586  4130 0x1f37320 LOG   GST_POLL gstpoll.c:994:gst_poll_fd_ctl_write: 0x1f3f820: pfd->events now 60 (POLLOUT:4)
0:00:00.018653510  4129 0x9d3370 DEBUG   default gstvalue.c:2676:_priv_gst_value_parse_value: trying type name 'string'
0:00:00.014554301  4130 0x1f37320 DEBUG   GST_POLL gstpoll.c:979:gst_poll_fd_ctl_write: 0x1f3f820: fd (fd:0, idx:1), active : 1
0:00:00.014564857  4130 0x1f37320 LOG   GST_POLL gstpoll.c:994:gst_poll_fd_ctl_write: 0x1f3f820: pfd->events now 60 (POLLOUT:4)
0:00:00.018673781  4129 0x9d3370 DEBUG   structure gststructure.c:2203:gst_structure_parse_field: trying field name 'description'
0:00:00.014570483  4130 0x1f37320 DEBUG   GST_POLL gstpoll.c:979:gst_poll_fd_ctl_write: 0x1f3f820: fd (fd:0, idx:1), active : 1
0:00:00.018682692  4129 0x9d3370 DEBUG   default gstvalue.c:2676:_priv_gst_value_parse_value: trying type name 'string'
0:00:00.014576182  4130 0x1f37320 LOG   GST_POLL gstpoll.c:994:gst_poll_fd_ctl_write: 0x1f3f820: pfd->events now 60 (POLLOUT:4)
0:00:00.018690828  4129 0x9d3370 DEBUG   structure gststructure.c:2203:gst_structure_parse_field: trying field name 'author'
0:00:00.014583058  4130 0x1f37320 DEBUG   GST_POLL gstpoll.c:979:gst_poll_fd_ctl_write: 0x1f3f820: fd (fd:0, idx:1), active : 1
0:00:00.018698034  4129 0x9d3370 DEBUG   default gstvalue.c:2676:_priv_gst_value_parse_value: trying type name 'string'
0:00:00.014590878  4130 0x1f37320 LOG   GST_POLL gstpoll.c:994:gst_poll_fd_ctl_write: 0x1f3f820: pfd->events now 60 (POLLOUT:4)
0:00:00.018705835  4129 0x9d3370 DEBUG   GST_REGISTRY gstregistrychunks.c:626:gst_registry_chunks_load_feature: Element factory : npadtemplates=2
0:00:00.014598137  4130 0x1f37320 DEBUG   GST_POLL gstpoll.c:979:gst_poll_fd_ctl_write: 0x1f3f820: fd (fd:0, idx:1), active : 1
0:00:00.018712916  4129 0x9d3370 DEBUG   GST_REGISTRY gstregistrychunks.c:525:gst_registry_chunks_load_pad_template: Reading/casting for GstRegistryChunkPadTemplate at address 0x9ef740
0:00:00.014608053  4130 0x1f37320 LOG   GST_POLL gstpoll.c:994:gst_poll_fd_ctl_write: 0x1f3f820: pfd->events now 60 (POLLOUT:4)
0:00:00.018719833  4129 0x9d3370 DEBUG   GST_REGISTRY gstregistrychunks.c:539:gst_registry_chunks_load_pad_template: Added pad_template sink
0:00:00.014615018  4130 0x1f37320 DEBUG   GST_POLL gstpoll.c:979:gst_poll_fd_ctl_write: 0x1f3f820: fd (fd:0, idx:1), active : 1
0:00:00.018726913  4129 0x9d3370 DEBUG   GST_REGISTRY gstregistrychunks.c:525:gst_registry_chunks_load_pad_template: Reading/casting for GstRegistryChunkPadTemplate at address 0x9ef758
0:00:00.014620914  4130 0x1f37320 LOG   GST_POLL gstpoll.c:994:gst_poll_fd_ctl_write: 0x1f3f820: pfd->events now 60 (POLLOUT:4)
0:00:00.014627865  4130 0x1f37320 DEBUG   GST_POLL gstpoll.c:979:gst_poll_fd_ctl_write: 0x1f3f820: fd (fd:0, idx:1), active : 1
0:00:00.018736120  4129 0x9d3370 DEBUG   GST_REGISTRY gstregistrychunks.c:539:gst_registry_chunks_load_pad_template: Added pad_template src
0:00:00.014633055  4130 0x1f37320 LOG   GST_POLL gstpoll.c:994:gst_poll_fd_ctl_write: 0x1f3f820: pfd->events now 60 (POLLOUT:4)
0:00:00.014638944  4130 0x1f37320 DEBUG   GST_POLL gstpoll.c:979:gst_poll_fd_ctl_write: 0x1f3f820: fd (fd:0, idx:1), active : 1
0:00:00.018747423  4129 0x9d3370 DEBUG   GST_REGISTRY gstregistry.c:589:gst_registry_add_feature: adding feature 0x9f2300 (identity)
0:00:00.014648258  4130 0x1f37320 LOG   GST_POLL gstpoll.c:994:gst_poll_fd_ctl_write: 0x1f3f820: pfd->events now 60 (POLLOUT:4)
0:00:00.018760614  4129 0x9d3370 DEBUG   GST_REFCOUNTING gstobject.c:708:gst_object_set_parent: set parent (ref and sink)
0:00:00.014654098  4130 0x1f37320 DEBUG   GST_POLL gstpoll.c:979:gst_poll_fd_ctl_write: 0x1f3f820: fd (fd:0, idx:1), active : 1
0:00:00.018769233  4129 0x9d3370 TRACE   GST_REFCOUNTING gstobject.c:292:gst_object_ref_sink: 0x9f2300 ref_sink 1->2
0:00:00.014663116  4130 0x1f37320 LOG   GST_POLL gstpoll.c:994:gst_poll_fd_ctl_write: 0x1f3f820: pfd->events now 60 (POLLOUT:4)
0:00:00.018777162  4129 0x9d3370 LOG   GST_REGISTRY gstregistry.c:607:gst_registry_add_feature: emitting feature-added for identity
0:00:00.014670174  4130 0x1f37320 DEBUG   GST_POLL gstpoll.c:979:gst_poll_fd_ctl_write: 0x1f3f820: fd (fd:0, idx:1), active : 1
0:00:00.018784987  4129 0x9d3370 DEBUG   GST_REGISTRY gstregistrychunks.c:740:gst_registry_chunks_load_feature: Added feature identity, plugin 0x9ed050 coreelements
0:00:00.014677179  4130 0x1f37320 LOG   GST_POLL gstpoll.c:994:gst_poll_fd_ctl_write: 0x1f3f820: pfd->events now 60 (POLLOUT:4)
0:00:00.018792705  4129 0x9d3370 DEBUG   GST_REGISTRY gstregistrychunks.c:582:gst_registry_chunks_load_feature: Plugin 'coreelements' feature 'funnel' typename : 'GstElementFactory'
0:00:00.014685103  4130 0x1f37320 DEBUG   GST_POLL gstpoll.c:979:gst_poll_fd_ctl_write: 0x1f3f820: fd (fd:0, idx:1), active : 1
0:00:00.014692561  4130 0x1f37320 LOG   GST_POLL gstpoll.c:994:gst_poll_fd_ctl_write: 0x1f3f820: pfd->events now 60 (POLLOUT:4)
