0:00:00.011384691  4130 0x1f37320 DEBUG   GST_POLL gstpoll.c:979:gst_poll_fd_ctl_write: 0x1f3f820: fd (fd:0, idx:1), active : 1
0:00:00.011390605  4130 0x1f37320 LOG   GST_POLL gstpoll.c:994:gst_poll_fd_ctl_write: 0x1f3f820: pfd->events now 60 (POLLOUT:4)
0:00:00.011396081  4130 0x1f37320 DEBUG   GST_POLL gstpoll.c:979:gst_poll_fd_ctl_write: 0x1f3f820: fd (fd:0, idx:1), active : 1
0:00:00.011401191  4130 0x1f37320 LOG   GST_POLL gstpoll.c:994:gst_poll_fd_ctl_write: 0x1f3f820: pfd->events now 60 (POLLOUT:4)
0:00:00.011406349  4130 0x1f37320 DEBUG   GST_POLL gstpoll.c:979:gst_poll_fd_ctl_write: 0x1f3f820: fd (fd:0, idx:1), active : 1
0:00:00.011411289  4130 0x1f37320 LOG   GST_POLL gstpoll.c:994:gst_poll_fd_ctl_write: 0x1f3f820: pfd->events now 60 (POLLOUT:4)
0:00:00.011416377  4130 0x1f37320 DEBUG   GST_POLL gstpoll.c:979:gst_poll_fd_ctl_write: 0x1f3f820: fd (fd:0, idx:1), active : 1
0:00:00.011421281  4130 0x1f37320 LOG   GST_POLL gstpoll.c:994:gst_poll_fd_ctl_write: 0x1f3f820: pfd->events now 60 (POLLOUT:4)
0:00:00.011429277  4130 0x1f37320 DEBUG   GST_POLL gstpoll.c:979:gst_poll_fd_ctl_write: 0x1f3f820: fd (fd:0, idx:1), active : 1
0:00:00.011435325  4130 0x1f37320 LOG   GST_POLL gstpoll.c:994:gst_poll_fd_ctl_write: 0x1f3f820: pfd->events now 60 (POLLOUT:4)
0:00:00.011440671  4130 0x1f37320 DEBUG   GST_POLL gstpoll.c:979:gst_poll_fd_ctl_write: 0x1f3f820: fd (fd:0, idx:1), active : 1
0:00:00.011445545  4130 0x1f37320 LOG   GST_POLL gstpoll.c:994:gst_poll_fd_ctl_write: 0x1f3f820: pfd->events now 60 (POLLOUT:4)
0:00:00.011450684  4130 0x1f37320 DEBUG   GST_POLL gstpoll.c:979:gst_poll_fd_ctl_write: 0x1f3f820: fd (fd:0, idx:1), active : 1
0:00:00.011455591  4130 0x1f37320 LOG   GST_POLL gstpoll.c:994:gst_poll_fd_ctl_write: 0x1f3f820: pfd->events now 60 (POLLOUT:4)
0:00:00.011464844  4130 0x1f37320 TRACE   GST_REFCOUNTING gstobject.c:264:gst_object_unref: 0x1f53140 unref 2->1
0:00:00.011471344  4130 0x1f37320 DEBUG   GST_POLL gstpoll.c:1241:gst_poll_fd_has_error: 0x1f3f820: fd (fd:0, idx:1) 0
0:00:00.011479509  4130 0x1f37320 DEBUG   GST_POLL gstpoll.c:1335:gst_poll_fd_can_write: 0x1f3f820: fd (fd:0, idx:1) 1
0:00:00.011485625  4130 0x1f37320 LOG   GST_PLUGIN_LOADING gstpluginloader.c:690:write_one: Writing packet of size 488 bytes to fd 0
0:00:00.011504488  4130 0x1f37320 DEBUG   GST_POLL gstpoll.c:1414:gst_poll_wait: 0x1f3f820: timeout :0:00:01.000000000
0:00:00.011514015  4130 0x1f37320 LOG   GST_PLUGIN_LOADING gstpluginloader.c:1027:exchange_packets: Poll res = 2. 6872 bytes pending for write
0:00:00.011520080  4130 0x1f37320 DEBUG   GST_POLL gstpoll.c:1241:gst_poll_fd_has_error: 0x1f3f820: fd (fd:5, idx:2) 0
0:00:00.011525222  4130 0x1f37320 DEBUG   GST_POLL gstpoll.c:1266:gst_poll_fd_can_read_unlocked: 0x1f3f820: fd (fd:5, idx:2) 1
0:00:00.011536687  4130 0x1f37320 DEBUG   GST_PLUGIN_LOADING gstpluginloader.c:722:do_plugin_load: Plugin scanner loading file /home/conan/w/prod/BuildSingleReference/.conan/data/gstreamer/1.18.4/_/_/package/0387548ec0d21c08cb6b492d670dcb344087cb15/lib/gstreamer-1.0/libgstcoretracers.so. tag 2
0:00:00.011550357  4130 0x1f37320 TRACE   GST_REFCOUNTING gstobject.c:237:gst_object_ref: 0x1f50e90 ref 1->2
0:00:00.011558040  4130 0x1f37320 TRACE   GST_REFCOUNTING gstobject.c:237:gst_object_ref: 0x1f51d90 ref 1->2
0:00:00.015657479  4129 0x9d3370 LOG   GST_PLUGIN_LOADING gstpluginloader.c:1027:exchange_packets: Poll res = 1. 0 bytes pending for write
0:00:00.011563847  4130 0x1f37320 TRACE   GST_REFCOUNTING gstobject.c:237:gst_object_ref: 0x1f51b40 ref 1->2
0:00:00.011581783  4130 0x1f37320 TRACE   GST_REFCOUNTING gstobject.c:237:gst_object_ref: 0x1f51870 ref 1->2
0:00:00.015690901  4129 0x9d3370 DEBUG   GST_POLL gstpoll.c:1241:gst_poll_fd_has_error: 0x9ecb20: fd (fd:8, idx:2) 0
0:00:00.011587587  4130 0x1f37320 TRACE   GST_REFCOUNTING gstobject.c:237:gst_object_ref: 0x1f51660 ref 1->2
0:00:00.015699839  4129 0x9d3370 DEBUG   GST_POLL gstpoll.c:1266:gst_poll_fd_can_read_unlocked: 0x9ecb20: fd (fd:8, idx:2) 1
0:00:00.011596445  4130 0x1f37320 TRACE   GST_REFCOUNTING gstobject.c:237:gst_object_ref: 0x1f51170 ref 1->2
0:00:00.015713935  4129 0x9d3370 DEBUG   GST_PLUGIN_LOADING gstpluginloader.c:848:handle_rx_packet: Received plugin details from child w/ tag 0. 476 bytes info
0:00:00.011605950  4130 0x1f37320 TRACE   GST_REFCOUNTING gstobject.c:264:gst_object_unref: 0x1f51170 unref 2->1
0:00:00.011615872  4130 0x1f37320 TRACE   GST_REFCOUNTING gstobject.c:264:gst_object_unref: 0x1f51660 unref 2->1
0:00:00.015724219  4129 0x9d3370 LOG   GST_REGISTRY gstregistrychunks.c:836:_priv_gst_registry_chunks_load_plugin: Reading/casting for GstRegistryChunkPluginElement at address 0x9ed050
0:00:00.011621563  4130 0x1f37320 TRACE   GST_REFCOUNTING gstobject.c:264:gst_object_unref: 0x1f51870 unref 2->1
0:00:00.011627571  4130 0x1f37320 TRACE   GST_REFCOUNTING gstobject.c:264:gst_object_unref: 0x1f51b40 unref 2->1
0:00:00.011633054  4130 0x1f37320 TRACE   GST_REFCOUNTING gstobject.c:264:gst_object_unref: 0x1f51d90 unref 2->1
0:00:00.011640167  4130 0x1f37320 DEBUG   GST_REGISTRY gstregistrychunks.c:497:_priv_gst_registry_chunks_save_plugin: Found 5 features in plugin 0x1f50e90 (coretracers)
0:00:00.015746647  4129 0x9d3370 TRACE   GST_REFCOUNTING gstobject.c:208:gst_object_init: 0x9ed6c0 new
0:00:00.011646080  4130 0x1f37320 DEBUG   GST_POLL gstpoll.c:979:gst_poll_fd_ctl_write: 0x1f3f820: fd (fd:0, idx:1), active : 1
0:00:00.011654256  4130 0x1f37320 LOG   GST_POLL gstpoll.c:994:gst_poll_fd_ctl_write: 0x1f3f820: pfd->events now 60 (POLLOUT:4)
0:00:00.011660704  4130 0x1f37320 DEBUG   GST_POLL gstpoll.c:979:gst_poll_fd_ctl_write: 0x1f3f820: fd (fd:0, idx:1), active : 1
0:00:00.011665990  4130 0x1f37320 LOG   GST_POLL gstpoll.c:994:gst_poll_fd_ctl_write: 0x1f3f820: pfd->events now 60 (POLLOUT:4)
0:00:00.011671382  4130 0x1f37320 DEBUG   GST_POLL gstpoll.c:979:gst_poll_fd_ctl_write: 0x1f3f820: fd (fd:0, idx:1), active : 1
0:00:00.011680463  4130 0x1f37320 LOG   GST_POLL gstpoll.c:994:gst_poll_fd_ctl_write: 0x1f3f820: pfd->events now 60 (POLLOUT:4)
0:00:00.015790299  4129 0x9d3370 LOG   GST_REGISTRY gstregistrychunks.c:858:_priv_gst_registry_chunks_load_plugin: read strings for name='coretracers'
0:00:00.011685731  4130 0x1f37320 DEBUG   GST_POLL gstpoll.c:979:gst_poll_fd_ctl_write: 0x1f3f820: fd (fd:0, idx:1), active : 1
0:00:00.015800464  4129 0x9d3370 LOG   GST_REGISTRY gstregistrychunks.c:859:_priv_gst_registry_chunks_load_plugin: desc.description='GStreamer core tracers'
0:00:00.011692811  4130 0x1f37320 LOG   GST_POLL gstpoll.c:994:gst_poll_fd_ctl_write: 0x1f3f820: pfd->events now 60 (POLLOUT:4)
0:00:00.011701400  4130 0x1f37320 DEBUG   GST_POLL gstpoll.c:979:gst_poll_fd_ctl_write: 0x1f3f820: fd (fd:0, idx:1), active : 1
0:00:00.015809933  4129 0x9d3370 LOG   GST_REGISTRY gstregistrychunks.c:860:_priv_gst_registry_chunks_load_plugin: filename='/home/conan/w/prod/BuildSingleReference/.conan/data/gstreamer/1.18.4/_/_/package/0387548ec0d21c08cb6b492d670dcb344087cb15/lib/gstreamer-1.0/libgstcoretracers.so'
0:00:00.011709127  4130 0x1f37320 LOG   GST_POLL gstpoll.c:994:gst_poll_fd_ctl_write: 0x1f3f820: pfd->events now 60 (POLLOUT:4)
0:00:00.015819788  4129 0x9d3370 LOG   GST_REGISTRY gstregistrychunks.c:861:_priv_gst_registry_chunks_load_plugin: desc.version='1.18.4'
0:00:00.011720452  4130 0x1f37320 DEBUG   GST_POLL gstpoll.c:979:gst_poll_fd_ctl_write: 0x1f3f820: fd (fd:0, idx:1), active : 1
0:00:00.015831301  4129 0x9d3370 LOG   GST_REGISTRY gstregistrychunks.c:862:_priv_gst_registry_chunks_load_plugin: desc.license='LGPL'
0:00:00.011726317  4130 0x1f37320 LOG   GST_POLL gstpoll.c:994:gst_poll_fd_ctl_write: 0x1f3f820: pfd->events now 60 (POLLOUT:4)
0:00:00.015837667  4129 0x9d3370 LOG   GST_REGISTRY gstregistrychunks.c:863:_priv_gst_registry_chunks_load_plugin: desc.source='gstreamer'
0:00:00.011732379  4130 0x1f37320 DEBUG   GST_POLL gstpoll.c:979:gst_poll_fd_ctl_write: 0x1f3f820: fd (fd:0, idx:1), active : 1
0:00:00.015844138  4129 0x9d3370 LOG   GST_REGISTRY gstregistrychunks.c:864:_priv_gst_registry_chunks_load_plugin: desc.package='GStreamer source release'
0:00:00.011737880  4130 0x1f37320 LOG   GST_POLL gstpoll.c:994:gst_poll_fd_ctl_write: 0x1f3f820: pfd->events now 60 (POLLOUT:4)
0:00:00.015851092  4129 0x9d3370 LOG   GST_REGISTRY gstregistrychunks.c:865:_priv_gst_registry_chunks_load_plugin: desc.origin='Unknown package origin'
0:00:00.011743923  4130 0x1f37320 DEBUG   GST_POLL gstpoll.c:979:gst_poll_fd_ctl_write: 0x1f3f820: fd (fd:0, idx:1), active : 1
0:00:00.015857547  4129 0x9d3370 LOG   GST_REGISTRY gstregistrychunks.c:866:_priv_gst_registry_chunks_load_plugin: desc.datetime=2021-03-15
0:00:00.011750584  4130 0x1f37320 LOG   GST_POLL gstpoll.c:994:gst_poll_fd_ctl_write: 0x1f3f820: pfd->events now 60 (POLLOUT:4)
0:00:00.011757289  4130 0x1f37320 DEBUG   GST_POLL gstpoll.c:979:gst_poll_fd_ctl_write: 0x1f3f820: fd (fd:0, idx:1), active : 1
0:00:00.015868518  4129 0x9d3370 DEBUG   GST_REGISTRY gstregistry.c:473:gst_registry_add_plugin: adding plugin 0x9ed6c0 for filename "/home/conan/w/prod/BuildSingleReference/.conan/data/gstreamer/1.18.4/_/_/package/0387548ec0d21c08cb6b492d670dcb344087cb15/lib/gstreamer-1.0/libgstcoretracers.so"
0:00:00.011769386  4130 0x1f37320 LOG   GST_POLL gstpoll.c:994:gst_poll_fd_ctl_write: 0x1f3f820: pfd->events now 60 (POLLOUT:4)
0:00:00.011776188  4130 0x1f37320 DEBUG   GST_POLL gstpoll.c:979:gst_poll_fd_ctl_write: 0x1f3f820: fd (fd:0, idx:1), active : 1
0:00:00.015886044  4129 0x9d3370 TRACE   GST_REFCOUNTING gstobject.c:292:gst_object_ref_sink: 0x9ed6c0 ref_sink 1->2
0:00:00.011781392  4130 0x1f37320 LOG   GST_POLL gstpoll.c:994:gst_poll_fd_ctl_write: 0x1f3f820: pfd->events now 60 (POLLOUT:4)
0:00:00.015895933  4129 0x9d3370 LOG   GST_REGISTRY gstregistry.c:486:gst_registry_add_plugin: emitting plugin-added for filename "/home/conan/w/prod/BuildSingleReference/.conan/data/gstreamer/1.18.4/_/_/package/0387548ec0d21c08cb6b492d670dcb344087cb15/lib/gstreamer-1.0/libgstcoretracers.so"
0:00:00.011787678  4130 0x1f37320 DEBUG   GST_POLL gstpoll.c:979:gst_poll_fd_ctl_write: 0x1f3f820: fd (fd:0, idx:1), active : 1
0:00:00.015904337  4129 0x9d3370 DEBUG   GST_REGISTRY gstregistrychunks.c:886:_priv_gst_registry_chunks_load_plugin: Added plugin 'coretracers' plugin with 5 features from binary registry
0:00:00.011796066  4130 0x1f37320 LOG   GST_POLL gstpoll.c:994:gst_poll_fd_ctl_write: 0x1f3f820: pfd->events now 60 (POLLOUT:4)
0:00:00.015912406  4129 0x9d3370 DEBUG   GST_REGISTRY gstregistrychunks.c:582:gst_registry_chunks_load_feature: Plugin 'coretracers' feature 'leaks' typename : 'GstTracerFactory'
0:00:00.011804603  4130 0x1f37320 DEBUG   GST_POLL gstpoll.c:979:gst_poll_fd_ctl_write: 0x1f3f820: fd (fd:0, idx:1), active : 1
0:00:00.011812318  4130 0x1f37320 LOG   GST_POLL gstpoll.c:994:gst_poll_fd_ctl_write: 0x1f3f820: pfd->events now 60 (POLLOUT:4)
0:00:00.011817508  4130 0x1f37320 DEBUG   GST_POLL gstpoll.c:979:gst_poll_fd_ctl_write: 0x1f3f820: fd (fd:0, idx:1), active : 1
0:00:00.015928003  4129 0x9d3370 TRACE   GST_REFCOUNTING gstobject.c:208:gst_object_init: 0x9ed9d0 new
0:00:00.011825151  4130 0x1f37320 LOG   GST_POLL gstpoll.c:994:gst_poll_fd_ctl_write: 0x1f3f820: pfd->events now 60 (POLLOUT:4)
0:00:00.011832103  4130 0x1f37320 DEBUG   GST_POLL gstpoll.c:979:gst_poll_fd_ctl_write: 0x1f3f820: fd (fd:0, idx:1), active : 1
0:00:00.015941575  4129 0x9d3370 DEBUG   GST_REGISTRY gstregistrychunks.c:716:gst_registry_chunks_load_feature: Reading/casting for GstRegistryChunkPluginFeature at address 0x9ed198
0:00:00.011837313  4130 0x1f37320 LOG   GST_POLL gstpoll.c:994:gst_poll_fd_ctl_write: 0x1f3f820: pfd->events now 60 (POLLOUT:4)
0:00:00.011843261  4130 0x1f37320 DEBUG   GST_POLL gstpoll.c:979:gst_poll_fd_ctl_write: 0x1f3f820: fd (fd:0, idx:1), active : 1
0:00:00.015951783  4129 0x9d3370 DEBUG   GST_REGISTRY gstregistry.c:589:gst_registry_add_feature: adding feature 0x9ed9d0 (leaks)
0:00:00.011848252  4130 0x1f37320 LOG   GST_POLL gstpoll.c:994:gst_poll_fd_ctl_write: 0x1f3f820: pfd->events now 60 (POLLOUT:4)
0:00:00.015972336  4129 0x9d3370 DEBUG   GST_REFCOUNTING gstobject.c:708:gst_object_set_parent: set parent (ref and sink)
0:00:00.011864875  4130 0x1f37320 LOG   GST_PLUGIN_LOADING gstpluginloader.c:645:put_chunk: Expanding tx buf from 7717 to 10158 for chunk of size 17
0:00:00.015981126  4129 0x9d3370 TRACE   GST_REFCOUNTING gstobject.c:292:gst_object_ref_sink: 0x9ed9d0 ref_sink 1->2
0:00:00.011876731  4130 0x1f37320 DEBUG   GST_POLL gstpoll.c:979:gst_poll_fd_ctl_write: 0x1f3f820: fd (fd:0, idx:1), active : 1
0:00:00.015988889  4129 0x9d3370 LOG   GST_REGISTRY gstregistry.c:607:gst_registry_add_feature: emitting feature-added for leaks
0:00:00.011884803  4130 0x1f37320 LOG   GST_POLL gstpoll.c:994:gst_poll_fd_ctl_write: 0x1f3f820: pfd->events now 60 (POLLOUT:4)
0:00:00.015996671  4129 0x9d3370 DEBUG   GST_REGISTRY gstregistrychunks.c:740:gst_registry_chunks_load_feature: Added feature leaks, plugin 0x9ed6c0 coretracers
0:00:00.011891621  4130 0x1f37320 DEBUG   GST_POLL gstpoll.c:979:gst_poll_fd_ctl_write: 0x1f3f820: fd (fd:0, idx:1), active : 1
0:00:00.011908635  4130 0x1f37320 LOG   GST_POLL gstpoll.c:994:gst_poll_fd_ctl_write: 0x1f3f820: pfd->events now 60 (POLLOUT:4)
0:00:00.016004297  4129 0x9d3370 DEBUG   GST_REGISTRY gstregistrychunks.c:582:gst_registry_chunks_load_feature: Plugin 'coretracers' feature 'stats' typename : 'GstTracerFactory'
0:00:00.011918264  4130 0x1f37320 DEBUG   GST_POLL gstpoll.c:979:gst_poll_fd_ctl_write: 0x1f3f820: fd (fd:0, idx:1), active : 1
0:00:00.011927732  4130 0x1f37320 LOG   GST_POLL gstpoll.c:994:gst_poll_fd_ctl_write: 0x1f3f820: pfd->events now 60 (POLLOUT:4)
0:00:00.016038475  4129 0x9d3370 TRACE   GST_REFCOUNTING gstobject.c:208:gst_object_init: 0x9edbd0 new
0:00:00.011933242  4130 0x1f37320 DEBUG   GST_POLL gstpoll.c:979:gst_poll_fd_ctl_write: 0x1f3f820: fd (fd:0, idx:1), active : 1
0:00:00.011944126  4130 0x1f37320 LOG   GST_POLL gstpoll.c:994:gst_poll_fd_ctl_write: 0x1f3f820: pfd->events now 60 (POLLOUT:4)
0:00:00.016053077  4129 0x9d3370 DEBUG   GST_REGISTRY gstregistrychunks.c:716:gst_registry_chunks_load_feature: Reading/casting for GstRegistryChunkPluginFeature at address 0x9ed1b8
0:00:00.011950549  4130 0x1f37320 DEBUG   GST_POLL gstpoll.c:979:gst_poll_fd_ctl_write: 0x1f3f820: fd (fd:0, idx:1), active : 1
0:00:00.011957561  4130 0x1f37320 LOG   GST_POLL gstpoll.c:994:gst_poll_fd_ctl_write: 0x1f3f820: pfd->events now 60 (POLLOUT:4)
0:00:00.016067988  4129 0x9d3370 DEBUG   GST_REGISTRY gstregistry.c:589:gst_registry_add_feature: adding feature 0x9edbd0 (stats)
0:00:00.011962911  4130 0x1f37320 DEBUG   GST_POLL gstpoll.c:979:gst_poll_fd_ctl_write: 0x1f3f820: fd (fd:0, idx:1), active : 1
0:00:00.011970768  4130 0x1f37320 LOG   GST_POLL gstpoll.c:994:gst_poll_fd_ctl_write: 0x1f3f820: pfd->events now 60 (POLLOUT:4)
0:00:00.016078893  4129 0x9d3370 DEBUG   GST_REFCOUNTING gstobject.c:708:gst_object_set_parent: set parent (ref and sink)
0:00:00.011976139  4130 0x1f37320 DEBUG   GST_POLL gstpoll.c:979:gst_poll_fd_ctl_write: 0x1f3f820: fd (fd:0, idx:1), active : 1
0:00:00.016097117  4129 0x9d3370 TRACE   GST_REFCOUNTING gstobject.c:292:gst_object_ref_sink: 0x9edbd0 ref_sink 1->2
0:00:00.011988994  4130 0x1f37320 LOG   GST_POLL gstpoll.c:994:gst_poll_fd_ctl_write: 0x1f3f820: pfd->events now 60 (POLLOUT:4)
0:00:00.016105176  4129 0x9d3370 LOG   GST_REGISTRY gstregistry.c:607:gst_registry_add_feature: emitting feature-added for stats
0:00:00.011997820  4130 0x1f37320 DEBUG   GST_POLL gstpoll.c:979:gst_poll_fd_ctl_write: 0x1f3f820: fd (fd:0, idx:1), active : 1
0:00:00.016112788  4129 0x9d3370 DEBUG   GST_REGISTRY gstregistrychunks.c:740:gst_registry_chunks_load_feature: Added feature stats, plugin 0x9ed6c0 coretracers
0:00:00.012007080  4130 0x1f37320 LOG   GST_POLL gstpoll.c:994:gst_poll_fd_ctl_write: 0x1f3f820: pfd->events now 60 (POLLOUT:4)
0:00:00.012014196  4130 0x1f37320 DEBUG   GST_POLL gstpoll.c:979:gst_poll_fd_ctl_write: 0x1f3f820: fd (fd:0, idx:1), active : 1
0:00:00.016122369  4129 0x9d3370 DEBUG   GST_REGISTRY gstregistrychunks.c:582:gst_registry_chunks_load_feature: Plugin 'coretracers' feature 'rusage' typename : 'GstTracerFactory'
0:00:00.012019657  4130 0x1f37320 LOG   GST_POLL gstpoll.c:994:gst_poll_fd_ctl_write: 0x1f3f820: pfd->events now 60 (POLLOUT:4)
0:00:00.012025719  4130 0x1f37320 DEBUG   GST_POLL gstpoll.c:979:gst_poll_fd_ctl_write: 0x1f3f820: fd (fd:0, idx:1), active : 1
0:00:00.016133763  4129 0x9d3370 TRACE   GST_REFCOUNTING gstobject.c:208:gst_object_init: 0x9eddd0 new
0:00:00.012030877  4130 0x1f37320 LOG   GST_POLL gstpoll.c:994:gst_poll_fd_ctl_write: 0x1f3f820: pfd->events now 60 (POLLOUT:4)
0:00:00.016144965  4129 0x9d3370 DEBUG   GST_REGISTRY gstregistrychunks.c:716:gst_registry_chunks_load_feature: Reading/casting for GstRegistryChunkPluginFeature at address 0x9ed1d8
0:00:00.012036717  4130 0x1f37320 DEBUG   GST_POLL gstpoll.c:979:gst_poll_fd_ctl_write: 0x1f3f820: fd (fd:0, idx:1), active : 1
0:00:00.012045121  4130 0x1f37320 LOG   GST_POLL gstpoll.c:994:gst_poll_fd_ctl_write: 0x1f3f820: pfd->events now 60 (POLLOUT:4)
0:00:00.016153781  4129 0x9d3370 DEBUG   GST_REGISTRY gstregistry.c:589:gst_registry_add_feature: adding feature 0x9eddd0 (rusage)
0:00:00.012050563  4130 0x1f37320 DEBUG   GST_POLL gstpoll.c:979:gst_poll_fd_ctl_write: 0x1f3f820: fd (fd:0, idx:1), active : 1
0:00:00.016162528  4129 0x9d3370 DEBUG   GST_REFCOUNTING gstobject.c:708:gst_object_set_parent: set parent (ref and sink)
0:00:00.012058567  4130 0x1f37320 LOG   GST_POLL gstpoll.c:994:gst_poll_fd_ctl_write: 0x1f3f820: pfd->events now 60 (POLLOUT:4)
0:00:00.016173996  4129 0x9d3370 TRACE   GST_REFCOUNTING gstobject.c:292:gst_object_ref_sink: 0x9eddd0 ref_sink 1->2
0:00:00.012067119  4130 0x1f37320 TRACE   GST_REFCOUNTING gstobject.c:264:gst_object_unref: 0x1f50e90 unref 2->1
0:00:00.016181899  4129 0x9d3370 LOG   GST_REGISTRY gstregistry.c:607:gst_registry_add_feature: emitting feature-added for rusage
0:00:00.012079456  4130 0x1f37320 DEBUG   GST_POLL gstpoll.c:1241:gst_poll_fd_has_error: 0x1f3f820: fd (fd:0, idx:1) 0
0:00:00.016191300  4129 0x9d3370 DEBUG   GST_REGISTRY gstregistrychunks.c:740:gst_registry_chunks_load_feature: Added feature rusage, plugin 0x9ed6c0 coretracers
0:00:00.012085412  4130 0x1f37320 DEBUG   GST_POLL gstpoll.c:1335:gst_poll_fd_can_write: 0x1f3f820: fd (fd:0, idx:1) 1
0:00:00.012091730  4130 0x1f37320 LOG   GST_PLUGIN_LOADING gstpluginloader.c:690:write_one: Writing packet of size 6872 bytes to fd 0
0:00:00.016200652  4129 0x9d3370 DEBUG   GST_REGISTRY gstregistrychunks.c:582:gst_registry_chunks_load_feature: Plugin 'coretracers' feature 'log' typename : 'GstTracerFactory'
0:00:00.012101717  4130 0x1f37320 DEBUG   GST_POLL gstpoll.c:1414:gst_poll_wait: 0x1f3f820: timeout :0:00:01.000000000
0:00:00.016210876  4129 0x9d3370 TRACE   GST_REFCOUNTING gstobject.c:208:gst_object_init: 0x9edfd0 new
0:00:00.012111134  4130 0x1f37320 LOG   GST_PLUGIN_LOADING gstpluginloader.c:1027:exchange_packets: Poll res = 2. 488 bytes pending for write
0:00:00.016221539  4129 0x9d3370 DEBUG   GST_REGISTRY gstregistrychunks.c:716:gst_registry_chunks_load_feature: Reading/casting for GstRegistryChunkPluginFeature at address 0x9ed1f8
0:00:00.012119419  4130 0x1f37320 DEBUG   GST_POLL gstpoll.c:1241:gst_poll_fd_has_error: 0x1f3f820: fd (fd:5, idx:2) 0
0:00:00.016232323  4129 0x9d3370 DEBUG   GST_REGISTRY gstregistry.c:589:gst_registry_add_feature: adding feature 0x9edfd0 (log)
0:00:00.012125805  4130 0x1f37320 DEBUG   GST_POLL gstpoll.c:1266:gst_poll_fd_can_read_unlocked: 0x1f3f820: fd (fd:5, idx:2) 1
0:00:00.016239560  4129 0x9d3370 DEBUG   GST_REFCOUNTING gstobject.c:708:gst_object_set_parent: set parent (ref and sink)
0:00:00.012135803  4130 0x1f37320 DEBUG   GST_PLUGIN_LOADING gstpluginloader.c:722:do_plugin_load: Plugin scanner loading file /home/conan/w/prod/BuildSingleReference/.conan/data/gstreamer/1.18.4/_/_/package/0387548ec0d21c08cb6b492d670dcb344087cb15/lib/gstreamer-1.0/libgstcoreelements.so. tag 3
0:00:00.016247182  4129 0x9d3370 TRACE   GST_REFCOUNTING gstobject.c:292:gst_object_ref_sink: 0x9edfd0 ref_sink 1->2
0:00:00.012143132  4130 0x1f37320 TRACE   GST_REFCOUNTING gstobject.c:237:gst_object_ref: 0x1f53140 ref 1->2
0:00:00.016254739  4129 0x9d3370 LOG   GST_REGISTRY gstregistry.c:607:gst_registry_add_feature: emitting feature-added for log
0:00:00.012150005  4130 0x1f37320 TRACE   GST_REFCOUNTING gstobject.c:237:gst_object_ref: 0x1f6e370 ref 1->2
0:00:00.016262086  4129 0x9d3370 DEBUG   GST_REGISTRY gstregistrychunks.c:740:gst_registry_chunks_load_feature: Added feature log, plugin 0x9ed6c0 coretracers
0:00:00.012158968  4130 0x1f37320 TRACE   GST_REFCOUNTING gstobject.c:237:gst_object_ref: 0x1f6d640 ref 1->2
0:00:00.016271360  4129 0x9d3370 DEBUG   GST_REGISTRY gstregistrychunks.c:582:gst_registry_chunks_load_feature: Plugin 'coretracers' feature 'latency' typename : 'GstTracerFactory'
0:00:00.012170685  4130 0x1f37320 TRACE   GST_REFCOUNTING gstobject.c:237:gst_object_ref: 0x1f6be70 ref 1->2
0:00:00.016284073  4129 0x9d3370 TRACE   GST_REFCOUNTING gstobject.c:208:gst_object_init: 0x9ee1d0 new
0:00:00.012177285  4130 0x1f37320 TRACE   GST_REFCOUNTING gstobject.c:237:gst_object_ref: 0x1f6b0a0 ref 1->2
0:00:00.016293779  4129 0x9d3370 DEBUG   GST_REGISTRY gstregistrychunks.c:716:gst_registry_chunks_load_feature: Reading/casting for GstRegistryChunkPluginFeature at address 0x9ed220
0:00:00.012185133  4130 0x1f37320 TRACE   GST_REFCOUNTING gstobject.c:237:gst_object_ref: 0x1f69f00 ref 1->2
0:00:00.016302564  4129 0x9d3370 DEBUG   GST_REGISTRY gstregistry.c:589:gst_registry_add_feature: adding feature 0x9ee1d0 (latency)
0:00:00.012194234  4130 0x1f37320 TRACE   GST_REFCOUNTING gstobject.c:237:gst_object_ref: 0x1f68e00 ref 1->2
0:00:00.016309768  4129 0x9d3370 DEBUG   GST_REFCOUNTING gstobject.c:708:gst_object_set_parent: set parent (ref and sink)
0:00:00.012202626  4130 0x1f37320 TRACE   GST_REFCOUNTING gstobject.c:237:gst_object_ref: 0x1f674b0 ref 1->2
0:00:00.016317503  4129 0x9d3370 TRACE   GST_REFCOUNTING gstobject.c:292:gst_object_ref_sink: 0x9ee1d0 ref_sink 1->2
0:00:00.012210115  4130 0x1f37320 TRACE   GST_REFCOUNTING gstobject.c:237:gst_object_ref: 0x1f659a0 ref 1->2
0:00:00.016325320  4129 0x9d3370 LOG   GST_REGISTRY gstregistry.c:607:gst_registry_add_feature: emitting feature-added for latency
0:00:00.012217925  4130 0x1f37320 TRACE   GST_REFCOUNTING gstobject.c:237:gst_object_ref: 0x1f64890 ref 1->2
0:00:00.016332620  4129 0x9d3370 DEBUG   GST_REGISTRY gstregistrychunks.c:740:gst_registry_chunks_load_feature: Added feature latency, plugin 0x9ed6c0 coretracers
0:00:00.012227534  4130 0x1f37320 TRACE   GST_REFCOUNTING gstobject.c:237:gst_object_ref: 0x1f63670 ref 1->2
0:00:00.016342996  4129 0x9d3370 LOG   GST_PLUGIN_LOADING gstpluginloader.c:887:handle_rx_packet: marking plugin 0x9ed6c0 as registered as /home/conan/w/prod/BuildSingleReference/.conan/data/gstreamer/1.18.4/_/_/package/0387548ec0d21c08cb6b492d670dcb344087cb15/lib/gstreamer-1.0/libgstcoretracers.so
0:00:00.012235069  4130 0x1f37320 TRACE   GST_REFCOUNTING gstobject.c:237:gst_object_ref: 0x1f62040 ref 1->2
0:00:00.012244469  4130 0x1f37320 TRACE   GST_REFCOUNTING gstobject.c:237:gst_object_ref: 0x1f61390 ref 1->2
0:00:00.016356568  4129 0x9d3370 DEBUG   GST_POLL gstpoll.c:1414:gst_poll_wait: 0x9ecb20: timeout :0:00:01.000000000
0:00:00.012250259  4130 0x1f37320 TRACE   GST_REFCOUNTING gstobject.c:237:gst_object_ref: 0x1f60760 ref 1->2
0:00:00.012256797  4130 0x1f37320 TRACE   GST_REFCOUNTING gstobject.c:237:gst_object_ref: 0x1f57cb0 ref 1->2
0:00:00.016367903  4129 0x9d3370 LOG   GST_PLUGIN_LOADING gstpluginloader.c:1027:exchange_packets: Poll res = 1. 0 bytes pending for write
0:00:00.012266529  4130 0x1f37320 TRACE   GST_REFCOUNTING gstobject.c:237:gst_object_ref: 0x1f5db60 ref 1->2
0:00:00.016378904  4129 0x9d3370 DEBUG   GST_POLL gstpoll.c:1241:gst_poll_fd_has_error: 0x9ecb20: fd (fd:8, idx:2) 0
0:00:00.012272744  4130 0x1f37320 TRACE   GST_REFCOUNTING gstobject.c:237:gst_object_ref: 0x1f5b530 ref 1->2
0:00:00.016386329  4129 0x9d3370 DEBUG   GST_POLL gstpoll.c:1266:gst_poll_fd_can_read_unlocked: 0x9ecb20: fd (fd:8, idx:2) 1
0:00:00.012279139  4130 0x1f37320 TRACE   GST_REFCOUNTING gstobject.c:237:gst_object_ref: 0x1f599e0 ref 1->2
0:00:00.016395932  4129 0x9d3370 LOG   GST_PLUGIN_LOADING gstpluginloader.c:985:read_one: Expanding rx buf from 512 to 7384
0:00:00.012288557  4130 0x1f37320 TRACE   GST_REFCOUNTING gstobject.c:237:gst_object_ref: 0x1f589a0 ref 1->2
0:00:00.012297649  4130 0x1f37320 TRACE   GST_REFCOUNTING gstobject.c:237:gst_object_ref: 0x1f56ef0 ref 1->2
0:00:00.012303874  4130 0x1f37320 TRACE   GST_REFCOUNTING gstobject.c:237:gst_object_ref: 0x1f56020 ref 1->2
0:00:00.012309802  4130 0x1f37320 TRACE   GST_REFCOUNTING gstobject.c:237:gst_object_ref: 0x1f55280 ref 1->2
0:00:00.016418943  4129 0x9d3370 DEBUG   GST_PLUGIN_LOADING gstpluginloader.c:848:handle_rx_packet: Received plugin details from child w/ tag 1. 6860 bytes info
0:00:00.012315534  4130 0x1f37320 TRACE   GST_REFCOUNTING gstobject.c:237:gst_object_ref: 0x1f53590 ref 1->2
0:00:00.016427856  4129 0x9d3370 LOG   GST_REGISTRY gstregistrychunks.c:836:_priv_gst_registry_chunks_load_plugin: Reading/casting for GstRegistryChunkPluginElement at address 0x9ee970
0:00:00.012322451  4130 0x1f37320 DEBUG   GST_REGISTRY gstregistrychunks.c:264:gst_registry_chunks_save_feature: saved 0 interfaces 0 pad templates
0:00:00.016436806  4129 0x9d3370 TRACE   GST_REFCOUNTING gstobject.c:208:gst_object_init: 0x9ed050 new
0:00:00.012332132  4130 0x1f37320 DEBUG   GST_REGISTRY gstregistrychunks.c:264:gst_registry_chunks_save_feature: saved 0 interfaces 0 pad templates
0:00:00.012340129  4130 0x1f37320 DEBUG   GST_REGISTRY gstregistrychunks.c:264:gst_registry_chunks_save_feature: saved 0 interfaces 0 pad templates
0:00:00.016451176  4129 0x9d3370 LOG   GST_REGISTRY gstregistrychunks.c:858:_priv_gst_registry_chunks_load_plugin: read strings for name='coreelements'
0:00:00.012351359  4130 0x1f37320 DEBUG   GST_REGISTRY gstregistrychunks.c:264:gst_registry_chunks_save_feature: saved 1 interfaces 0 pad templates
0:00:00.016460500  4129 0x9d3370 LOG   GST_REGISTRY gstregistrychunks.c:859:_priv_gst_registry_chunks_load_plugin: desc.description='GStreamer core elements'
0:00:00.012357970  4130 0x1f37320 DEBUG   GST_REGISTRY gstregistrychunks.c:284:gst_registry_chunks_save_feature: Saved 1 UriTypes
0:00:00.016470451  4129 0x9d3370 LOG   GST_REGISTRY gstregistrychunks.c:860:_priv_gst_registry_chunks_load_plugin: filename='/home/conan/w/prod/BuildSingleReference/.conan/data/gstreamer/1.18.4/_/_/package/0387548ec0d21c08cb6b492d670dcb344087cb15/lib/gstreamer-1.0/libgstcoreelements.so'
0:00:00.012366707  4130 0x1f37320 DEBUG   GST_REGISTRY gstregistrychunks.c:264:gst_registry_chunks_save_feature: saved 0 interfaces 0 pad templates
0:00:00.016483268  4129 0x9d3370 LOG   GST_REGISTRY gstregistrychunks.c:861:_priv_gst_registry_chunks_load_plugin: desc.version='1.18.4'
0:00:00.012377916  4130 0x1f37320 DEBUG   GST_REGISTRY gstregistrychunks.c:264:gst_registry_chunks_save_feature: saved 0 interfaces 0 pad templates
0:00:00.016490079  4129 0x9d3370 LOG   GST_REGISTRY gstregistrychunks.c:862:_priv_gst_registry_chunks_load_plugin: desc.license='LGPL'
0:00:00.012386009  4130 0x1f37320 DEBUG   GST_REGISTRY gstregistrychunks.c:264:gst_registry_chunks_save_feature: saved 0 interfaces 0 pad templates
0:00:00.016496470  4129 0x9d3370 LOG   GST_REGISTRY gstregistrychunks.c:863:_priv_gst_registry_chunks_load_plugin: desc.source='gstreamer'
0:00:00.016502926  4129 0x9d3370 LOG   GST_REGISTRY gstregistrychunks.c:864:_priv_gst_registry_chunks_load_plugin: desc.package='GStreamer source release'
0:00:00.012394508  4130 0x1f37320 DEBUG   GST_REGISTRY gstregistrychunks.c:264:gst_registry_chunks_save_feature: saved 1 interfaces 0 pad templates
0:00:00.016508877  4129 0x9d3370 LOG   GST_REGISTRY gstregistrychunks.c:865:_priv_gst_registry_chunks_load_plugin: desc.origin='Unknown package origin'
0:00:00.012401804  4130 0x1f37320 DEBUG   GST_REGISTRY gstregistrychunks.c:284:gst_registry_chunks_save_feature: Saved 1 UriTypes
0:00:00.016515518  4129 0x9d3370 LOG   GST_REGISTRY gstregistrychunks.c:866:_priv_gst_registry_chunks_load_plugin: desc.datetime=2021-03-15
0:00:00.012410529  4130 0x1f37320 DEBUG   GST_REGISTRY gstregistrychunks.c:264:gst_registry_chunks_save_feature: saved 1 interfaces 0 pad templates
0:00:00.016526437  4129 0x9d3370 DEBUG   GST_REGISTRY gstregistry.c:473:gst_registry_add_plugin: adding plugin 0x9ed050 for filename "/home/conan/w/prod/BuildSingleReference/.conan/data/gstreamer/1.18.4/_/_/package/0387548ec0d21c08cb6b492d670dcb344087cb15/lib/gstreamer-1.0/libgstcoreelements.so"
0:00:00.012418532  4130 0x1f37320 DEBUG   GST_REGISTRY gstregistrychunks.c:284:gst_registry_chunks_save_feature: Saved 1 UriTypes
0:00:00.016535923  4129 0x9d3370 TRACE   GST_REFCOUNTING gstobject.c:292:gst_object_ref_sink: 0x9ed050 ref_sink 1->2
0:00:00.012430977  4130 0x1f37320 DEBUG   GST_REGISTRY gstregistrychunks.c:264:gst_registry_chunks_save_feature: saved 1 interfaces 0 pad templates
0:00:00.016544320  4129 0x9d3370 LOG   GST_REGISTRY gstregistry.c:486:gst_registry_add_plugin: emitting plugin-added for filename "/home/conan/w/prod/BuildSingleReference/.conan/data/gstreamer/1.18.4/_/_/package/0387548ec0d21c08cb6b492d670dcb344087cb15/lib/gstreamer-1.0/libgstcoreelements.so"
0:00:00.012436940  4130 0x1f37320 DEBUG   GST_REGISTRY gstregistrychunks.c:284:gst_registry_chunks_save_feature: Saved 1 UriTypes
0:00:00.016553151  4129 0x9d3370 DEBUG   GST_REGISTRY gstregistrychunks.c:886:_priv_gst_registry_chunks_load_plugin: Added plugin 'coreelements' plugin with 22 features from binary registry
0:00:00.012452335  4130 0x1f37320 DEBUG   GST_REGISTRY gstregistrychunks.c:264:gst_registry_chunks_save_feature: saved 0 interfaces 0 pad templates
0:00:00.016563009  4129 0x9d3370 DEBUG   GST_REGISTRY gstregistrychunks.c:582:gst_registry_chunks_load_feature: Plugin 'coreelements' feature 'streamiddemux' typename : 'GstElementFactory'
0:00:00.012460405  4130 0x1f37320 DEBUG   GST_REGISTRY gstregistrychunks.c:264:gst_registry_chunks_save_feature: saved 0 interfaces 0 pad templates
0:00:00.016574343  4129 0x9d3370 TRACE   GST_REFCOUNTING gstobject.c:208:gst_object_init: 0x9ee290 new
0:00:00.012468221  4130 0x1f37320 DEBUG   GST_REGISTRY gstregistrychunks.c:264:gst_registry_chunks_save_feature: saved 0 interfaces 0 pad templates
0:00:00.016584180  4129 0x9d3370 LOG   GST_REGISTRY gstregistrychunks.c:609:gst_registry_chunks_load_feature: Reading/casting for GstRegistryChunkElementFactory at address 0x9eeac8
0:00:00.012478254  4130 0x1f37320 DEBUG   GST_REGISTRY gstregistrychunks.c:264:gst_registry_chunks_save_feature: saved 0 interfaces 0 pad templates
0:00:00.012487067  4130 0x1f37320 DEBUG   GST_REGISTRY gstregistrychunks.c:264:gst_registry_chunks_save_feature: saved 0 interfaces 0 pad templates
0:00:00.016595256  4129 0x9d3370 TRACE   structure gststructure.c:287:gst_structure_new_id_empty_with_size: created structure 0x9ee490
0:00:00.016606139  4129 0x9d3370 DEBUG   structure gststructure.c:2203:gst_structure_parse_field: trying field name 'long-name'
0:00:00.012497827  4130 0x1f37320 DEBUG   GST_REGISTRY gstregistrychunks.c:264:gst_registry_chunks_save_feature: saved 0 interfaces 0 pad templates
0:00:00.012508516  4130 0x1f37320 DEBUG   GST_REGISTRY gstregistrychunks.c:264:gst_registry_chunks_save_feature: saved 1 interfaces 0 pad templates
0:00:00.016618112  4129 0x9d3370 DEBUG   default gstvalue.c:2676:_priv_gst_value_parse_value: trying type name 'string'
0:00:00.012514066  4130 0x1f37320 DEBUG   GST_REGISTRY gstregistrychunks.c:284:gst_registry_chunks_save_feature: Saved 1 UriTypes
0:00:00.016630138  4129 0x9d3370 DEBUG   structure gststructure.c:2203:gst_structure_parse_field: trying field name 'klass'
0:00:00.012522554  4130 0x1f37320 DEBUG   GST_REGISTRY gstregistrychunks.c:264:gst_registry_chunks_save_feature: saved 0 interfaces 0 pad templates
0:00:00.016637828  4129 0x9d3370 DEBUG   default gstvalue.c:2676:_priv_gst_value_parse_value: trying type name 'string'
0:00:00.012533867  4130 0x1f37320 DEBUG   GST_REGISTRY gstregistrychunks.c:264:gst_registry_chunks_save_feature: saved 0 interfaces 0 pad templates
0:00:00.016645584  4129 0x9d3370 DEBUG   structure gststructure.c:2203:gst_structure_parse_field: trying field name 'description'
0:00:00.012543247  4130 0x1f37320 DEBUG   GST_REGISTRY gstregistrychunks.c:264:gst_registry_chunks_save_feature: saved 0 interfaces 0 pad templates
0:00:00.016654321  4129 0x9d3370 DEBUG   default gstvalue.c:2676:_priv_gst_value_parse_value: trying type name 'string'
0:00:00.012556431  4130 0x1f37320 DEBUG   GST_REGISTRY gstregistrychunks.c:264:gst_registry_chunks_save_feature: saved 0 interfaces 0 pad templates
0:00:00.016673288  4129 0x9d3370 DEBUG   structure gststructure.c:2203:gst_structure_parse_field: trying field name 'author'
0:00:00.012568654  4130 0x1f37320 DEBUG   GST_REGISTRY gstregistrychunks.c:264:gst_registry_chunks_save_feature: saved 0 interfaces 0 pad templates
0:00:00.016680664  4129 0x9d3370 DEBUG   default gstvalue.c:2676:_priv_gst_value_parse_value: trying type name 'string'
0:00:00.016688505  4129 0x9d3370 DEBUG   GST_REGISTRY gstregistrychunks.c:626:gst_registry_chunks_load_feature: Element factory : npadtemplates=2
0:00:00.012581137  4130 0x1f37320 TRACE   GST_REFCOUNTING gstobject.c:264:gst_object_unref: 0x1f53590 unref 2->1
0:00:00.016694591  4129 0x9d3370 DEBUG   GST_REGISTRY gstregistrychunks.c:525:gst_registry_chunks_load_pad_template: Reading/casting for GstRegistryChunkPadTemplate at address 0x9eeba0
0:00:00.012589137  4130 0x1f37320 TRACE   GST_REFCOUNTING gstobject.c:264:gst_object_unref: 0x1f55280 unref 2->1
0:00:00.016701930  4129 0x9d3370 DEBUG   GST_REGISTRY gstregistrychunks.c:539:gst_registry_chunks_load_pad_template: Added pad_template src_%u
0:00:00.012596065  4130 0x1f37320 TRACE   GST_REFCOUNTING gstobject.c:264:gst_object_unref: 0x1f56020 unref 2->1
0:00:00.016708577  4129 0x9d3370 DEBUG   GST_REGISTRY gstregistrychunks.c:525:gst_registry_chunks_load_pad_template: Reading/casting for GstRegistryChunkPadTemplate at address 0x9eebb8
0:00:00.012602545  4130 0x1f37320 TRACE   GST_REFCOUNTING gstobject.c:264:gst_object_unref: 0x1f56ef0 unref 2->1
0:00:00.016715640  4129 0x9d3370 DEBUG   GST_REGISTRY gstregistrychunks.c:539:gst_registry_chunks_load_pad_template: Added pad_template sink
0:00:00.012609001  4130 0x1f37320 TRACE   GST_REFCOUNTING gstobject.c:264:gst_object_unref: 0x1f589a0 unref 2->1
0:00:00.012616665  4130 0x1f37320 TRACE   GST_REFCOUNTING gstobject.c:264:gst_object_unref: 0x1f599e0 unref 2->1
0:00:00.016727403  4129 0x9d3370 DEBUG   GST_REGISTRY gstregistry.c:589:gst_registry_add_feature: adding feature 0x9ee290 (streamiddemux)
0:00:00.012622421  4130 0x1f37320 TRACE   GST_REFCOUNTING gstobject.c:264:gst_object_unref: 0x1f5b530 unref 2->1
0:00:00.016736880  4129 0x9d3370 DEBUG   GST_REFCOUNTING gstobject.c:708:gst_object_set_parent: set parent (ref and sink)
0:00:00.012628756  4130 0x1f37320 TRACE   GST_REFCOUNTING gstobject.c:264:gst_object_unref: 0x1f5db60 unref 2->1
0:00:00.016746163  4129 0x9d3370 TRACE   GST_REFCOUNTING gstobject.c:292:gst_object_ref_sink: 0x9ee290 ref_sink 1->2
0:00:00.012640417  4130 0x1f37320 TRACE   GST_REFCOUNTING gstobject.c:264:gst_object_unref: 0x1f57cb0 unref 2->1
0:00:00.016753793  4129 0x9d3370 LOG   GST_REGISTRY gstregistry.c:607:gst_registry_add_feature: emitting feature-added for streamiddemux
0:00:00.012653789  4130 0x1f37320 TRACE   GST_REFCOUNTING gstobject.c:264:gst_object_unref: 0x1f60760 unref 2->1
0:00:00.016766204  4129 0x9d3370 DEBUG   GST_REGISTRY gstregistrychunks.c:740:gst_registry_chunks_load_feature: Added feature streamiddemux, plugin 0x9ed050 coreelements
0:00:00.012660483  4130 0x1f37320 TRACE   GST_REFCOUNTING gstobject.c:264:gst_object_unref: 0x1f61390 unref 2->1
0:00:00.016774044  4129 0x9d3370 DEBUG   GST_REGISTRY gstregistrychunks.c:582:gst_registry_chunks_load_feature: Plugin 'coreelements' feature 'valve' typename : 'GstElementFactory'
0:00:00.012666733  4130 0x1f37320 TRACE   GST_REFCOUNTING gstobject.c:264:gst_object_unref: 0x1f62040 unref 2->1
0:00:00.012674252  4130 0x1f37320 TRACE   GST_REFCOUNTING gstobject.c:264:gst_object_unref: 0x1f63670 unref 2->1
0:00:00.016783144  4129 0x9d3370 TRACE   GST_REFCOUNTING gstobject.c:208:gst_object_init: 0x9ee7f0 new
0:00:00.012680225  4130 0x1f37320 TRACE   GST_REFCOUNTING gstobject.c:264:gst_object_unref: 0x1f64890 unref 2->1
0:00:00.016793392  4129 0x9d3370 LOG   GST_REGISTRY gstregistrychunks.c:609:gst_registry_chunks_load_feature: Reading/casting for GstRegistryChunkElementFactory at address 0x9eebe8
0:00:00.012686536  4130 0x1f37320 TRACE   GST_REFCOUNTING gstobject.c:264:gst_object_unref: 0x1f659a0 unref 2->1
0:00:00.012694377  4130 0x1f37320 TRACE   GST_REFCOUNTING gstobject.c:264:gst_object_unref: 0x1f674b0 unref 2->1
0:00:00.016803296  4129 0x9d3370 TRACE   structure gststructure.c:287:gst_structure_new_id_empty_with_size: created structure 0x9f0640
0:00:00.012703101  4130 0x1f37320 TRACE   GST_REFCOUNTING gstobject.c:264:gst_object_unref: 0x1f68e00 unref 2->1
0:00:00.016813532  4129 0x9d3370 DEBUG   structure gststructure.c:2203:gst_structure_parse_field: trying field name 'long-name'
0:00:00.012710570  4130 0x1f37320 TRACE   GST_REFCOUNTING gstobject.c:264:gst_object_unref: 0x1f69f00 unref 2->1
0:00:00.016821686  4129 0x9d3370 DEBUG   default gstvalue.c:2676:_priv_gst_value_parse_value: trying type name 'string'
0:00:00.012722346  4130 0x1f37320 TRACE   GST_REFCOUNTING gstobject.c:264:gst_object_unref: 0x1f6b0a0 unref 2->1
0:00:00.016834243  4129 0x9d3370 DEBUG   structure gststructure.c:2203:gst_structure_parse_field: trying field name 'klass'
0:00:00.012729000  4130 0x1f37320 TRACE   GST_REFCOUNTING gstobject.c:264:gst_object_unref: 0x1f6be70 unref 2->1
0:00:00.016841147  4129 0x9d3370 DEBUG   default gstvalue.c:2676:_priv_gst_value_parse_value: trying type name 'string'
0:00:00.012735365  4130 0x1f37320 TRACE   GST_REFCOUNTING gstobject.c:264:gst_object_unref: 0x1f6d640 unref 2->1
0:00:00.016848588  4129 0x9d3370 DEBUG   structure gststructure.c:2203:gst_structure_parse_field: trying field name 'description'
0:00:00.012741590  4130 0x1f37320 TRACE   GST_REFCOUNTING gstobject.c:264:gst_object_unref: 0x1f6e370 unref 2->1
0:00:00.016861292  4129 0x9d3370 DEBUG   default gstvalue.c:2676:_priv_gst_value_parse_value: trying type name 'string'
0:00:00.012756532  4130 0x1f37320 DEBUG   GST_REGISTRY gstregistrychunks.c:497:_priv_gst_registry_chunks_save_plugin: Found 22 features in plugin 0x1f53140 (coreelements)
0:00:00.016868949  4129 0x9d3370 DEBUG   structure gststructure.c:2203:gst_structure_parse_field: trying field name 'author'
0:00:00.012763143  4130 0x1f37320 DEBUG   GST_POLL gstpoll.c:979:gst_poll_fd_ctl_write: 0x1f3f820: fd (fd:0, idx:1), active : 1
0:00:00.016877659  4129 0x9d3370 DEBUG   default gstvalue.c:2676:_priv_gst_value_parse_value: trying type name 'string'
0:00:00.012772136  4130 0x1f37320 LOG   GST_POLL gstpoll.c:994:gst_poll_fd_ctl_write: 0x1f3f820: pfd->events now 60 (POLLOUT:4)
0:00:00.016886824  4129 0x9d3370 DEBUG   GST_REGISTRY gstregistrychunks.c:626:gst_registry_chunks_load_feature: Element factory : npadtemplates=2
0:00:00.012779309  4130 0x1f37320 DEBUG   GST_POLL gstpoll.c:979:gst_poll_fd_ctl_write: 0x1f3f820: fd (fd:0, idx:1), active : 1
0:00:00.016894262  4129 0x9d3370 DEBUG   GST_REGISTRY gstregistrychunks.c:525:gst_registry_chunks_load_pad_template: Reading/casting for GstRegistryChunkPadTemplate at address 0x9eecd8
0:00:00.012787305  4130 0x1f37320 LOG   GST_POLL gstpoll.c:994:gst_poll_fd_ctl_write: 0x1f3f820: pfd->events now 60 (POLLOUT:4)
0:00:00.016901392  4129 0x9d3370 DEBUG   GST_REGISTRY gstregistrychunks.c:539:gst_registry_chunks_load_pad_template: Added pad_template sink
0:00:00.012794626  4130 0x1f37320 DEBUG   GST_POLL gstpoll.c:979:gst_poll_fd_ctl_write: 0x1f3f820: fd (fd:0, idx:1), active : 1
0:00:00.016908080  4129 0x9d3370 DEBUG   GST_REGISTRY gstregistrychunks.c:525:gst_registry_chunks_load_pad_template: Reading/casting for GstRegistryChunkPadTemplate at address 0x9eecf0
0:00:00.012801163  4130 0x1f37320 LOG   GST_POLL gstpoll.c:994:gst_poll_fd_ctl_write: 0x1f3f820: pfd->events now 60 (POLLOUT:4)
0:00:00.016915211  4129 0x9d3370 DEBUG   GST_REGISTRY gstregistrychunks.c:539:gst_registry_chunks_load_pad_template: Added pad_template src
0:00:00.012808301  4130 0x1f37320 DEBUG   GST_POLL gstpoll.c:979:gst_poll_fd_ctl_write: 0x1f3f820: fd (fd:0, idx:1), active : 1
0:00:00.012814904  4130 0x1f37320 LOG   GST_POLL gstpoll.c:994:gst_poll_fd_ctl_write: 0x1f3f820: pfd->events now 60 (POLLOUT:4)
0:00:00.016924405  4129 0x9d3370 DEBUG   GST_REGISTRY gstregistry.c:589:gst_registry_add_feature: adding feature 0x9ee7f0 (valve)
0:00:00.012820332  4130 0x1f37320 DEBUG   GST_POLL gstpoll.c:979:gst_poll_fd_ctl_write: 0x1f3f820: fd (fd:0, idx:1), active : 1
0:00:00.016932093  4129 0x9d3370 DEBUG   GST_REFCOUNTING gstobject.c:708:gst_object_set_parent: set parent (ref and sink)
0:00:00.012828416  4130 0x1f37320 LOG   GST_POLL gstpoll.c:994:gst_poll_fd_ctl_write: 0x1f3f820: pfd->events now 60 (POLLOUT:4)
0:00:00.016942609  4129 0x9d3370 TRACE   GST_REFCOUNTING gstobject.c:292:gst_object_ref_sink: 0x9ee7f0 ref_sink 1->2
0:00:00.012840289  4130 0x1f37320 DEBUG   GST_POLL gstpoll.c:979:gst_poll_fd_ctl_write: 0x1f3f820: fd (fd:0, idx:1), active : 1
0:00:00.016952266  4129 0x9d3370 LOG   GST_REGISTRY gstregistry.c:607:gst_registry_add_feature: emitting feature-added for valve
0:00:00.012846161  4130 0x1f37320 LOG   GST_POLL gstpoll.c:994:gst_poll_fd_ctl_write: 0x1f3f820: pfd->events now 60 (POLLOUT:4)
0:00:00.016960542  4129 0x9d3370 DEBUG   GST_REGISTRY gstregistrychunks.c:740:gst_registry_chunks_load_feature: Added feature valve, plugin 0x9ed050 coreelements
0:00:00.012852544  4130 0x1f37320 DEBUG   GST_POLL gstpoll.c:979:gst_poll_fd_ctl_write: 0x1f3f820: fd (fd:0, idx:1), active : 1
0:00:00.016968594  4129 0x9d3370 DEBUG   GST_REGISTRY gstregistrychunks.c:582:gst_registry_chunks_load_feature: Plugin 'coreelements' feature 'multiqueue' typename : 'GstElementFactory'
0:00:00.012860405  4130 0x1f37320 LOG   GST_POLL gstpoll.c:994:gst_poll_fd_ctl_write: 0x1f3f820: pfd->events now 60 (POLLOUT:4)
0:00:00.012868832  4130 0x1f37320 DEBUG   GST_POLL gstpoll.c:979:gst_poll_fd_ctl_write: 0x1f3f820: fd (fd:0, idx:1), active : 1
0:00:00.016977872  4129 0x9d3370 TRACE   GST_REFCOUNTING gstobject.c:208:gst_object_init: 0x9f07c0 new
0:00:00.012873973  4130 0x1f37320 LOG   GST_POLL gstpoll.c:994:gst_poll_fd_ctl_write: 0x1f3f820: pfd->events now 60 (POLLOUT:4)
0:00:00.016987568  4129 0x9d3370 LOG   GST_REGISTRY gstregistrychunks.c:609:gst_registry_chunks_load_feature: Reading/casting for GstRegistryChunkElementFactory at address 0x9eed20
0:00:00.012879831  4130 0x1f37320 DEBUG   GST_POLL gstpoll.c:979:gst_poll_fd_ctl_write: 0x1f3f820: fd (fd:0, idx:1), active : 1
0:00:00.016996094  4129 0x9d3370 TRACE   structure gststructure.c:287:gst_structure_new_id_empty_with_size: created structure 0x9f08b0
0:00:00.012889945  4130 0x1f37320 LOG   GST_POLL gstpoll.c:994:gst_poll_fd_ctl_write: 0x1f3f820: pfd->events now 60 (POLLOUT:4)
0:00:00.017003388  4129 0x9d3370 DEBUG   structure gststructure.c:2203:gst_structure_parse_field: trying field name 'long-name'
0:00:00.017030573  4129 0x9d3370 DEBUG   default gstvalue.c:2676:_priv_gst_value_parse_value: trying type name 'string'
0:00:00.017044409  4129 0x9d3370 DEBUG   structure gststructure.c:2203:gst_structure_parse_field: trying field name 'klass'
0:00:00.017052998  4129 0x9d3370 DEBUG   default gstvalue.c:2676:_priv_gst_value_parse_value: trying type name 'string'
0:00:00.012945178  4130 0x1f37320 DEBUG   GST_POLL gstpoll.c:979:gst_poll_fd_ctl_write: 0x1f3f820: fd (fd:0, idx:1), active : 1
0:00:00.017059688  4129 0x9d3370 DEBUG   structure gststructure.c:2203:gst_structure_parse_field: trying field name 'description'
0:00:00.012953503  4130 0x1f37320 LOG   GST_POLL gstpoll.c:994:gst_poll_fd_ctl_write: 0x1f3f820: pfd->events now 60 (POLLOUT:4)
0:00:00.017066545  4129 0x9d3370 DEBUG   default gstvalue.c:2676:_priv_gst_value_parse_value: trying type name 'string'
0:00:00.012959798  4130 0x1f37320 DEBUG   GST_POLL gstpoll.c:979:gst_poll_fd_ctl_write: 0x1f3f820: fd (fd:0, idx:1), active : 1
0:00:00.017080317  4129 0x9d3370 DEBUG   structure gststructure.c:2203:gst_structure_parse_field: trying field name 'author'
0:00:00.012972262  4130 0x1f37320 LOG   GST_POLL gstpoll.c:994:gst_poll_fd_ctl_write: 0x1f3f820: pfd->events now 60 (POLLOUT:4)
0:00:00.017087624  4129 0x9d3370 DEBUG   default gstvalue.c:2676:_priv_gst_value_parse_value: trying type name 'string'
0:00:00.012980821  4130 0x1f37320 DEBUG   GST_POLL gstpoll.c:979:gst_poll_fd_ctl_write: 0x1f3f820: fd (fd:0, idx:1), active : 1
0:00:00.017097505  4129 0x9d3370 DEBUG   GST_REGISTRY gstregistrychunks.c:626:gst_registry_chunks_load_feature: Element factory : npadtemplates=2
0:00:00.012990522  4130 0x1f37320 LOG   GST_POLL gstpoll.c:994:gst_poll_fd_ctl_write: 0x1f3f820: pfd->events now 60 (POLLOUT:4)
0:00:00.017105515  4129 0x9d3370 DEBUG   GST_REGISTRY gstregistrychunks.c:525:gst_registry_chunks_load_pad_template: Reading/casting for GstRegistryChunkPadTemplate at address 0x9eede0
0:00:00.012999104  4130 0x1f37320 DEBUG   GST_POLL gstpoll.c:979:gst_poll_fd_ctl_write: 0x1f3f820: fd (fd:0, idx:1), active : 1
0:00:00.017112826  4129 0x9d3370 DEBUG   GST_REGISTRY gstregistrychunks.c:539:gst_registry_chunks_load_pad_template: Added pad_template src_%u
0:00:00.013005520  4130 0x1f37320 LOG   GST_POLL gstpoll.c:994:gst_poll_fd_ctl_write: 0x1f3f820: pfd->events now 60 (POLLOUT:4)
0:00:00.017119810  4129 0x9d3370 DEBUG   GST_REGISTRY gstregistrychunks.c:525:gst_registry_chunks_load_pad_template: Reading/casting for GstRegistryChunkPadTemplate at address 0x9eedf8
0:00:00.013013121  4130 0x1f37320 DEBUG   GST_POLL gstpoll.c:979:gst_poll_fd_ctl_write: 0x1f3f820: fd (fd:0, idx:1), active : 1
0:00:00.017127160  4129 0x9d3370 DEBUG   GST_REGISTRY gstregistrychunks.c:539:gst_registry_chunks_load_pad_template: Added pad_template sink_%u
0:00:00.013019514  4130 0x1f37320 LOG   GST_POLL gstpoll.c:994:gst_poll_fd_ctl_write: 0x1f3f820: pfd->events now 60 (POLLOUT:4)
0:00:00.013027229  4130 0x1f37320 DEBUG   GST_POLL gstpoll.c:979:gst_poll_fd_ctl_write: 0x1f3f820: fd (fd:0, idx:1), active : 1
0:00:00.017136544  4129 0x9d3370 DEBUG   GST_REGISTRY gstregistry.c:589:gst_registry_add_feature: adding feature 0x9f07c0 (multiqueue)
0:00:00.013032458  4130 0x1f37320 LOG   GST_POLL gstpoll.c:994:gst_poll_fd_ctl_write: 0x1f3f820: pfd->events now 60 (POLLOUT:4)
0:00:00.017144588  4129 0x9d3370 DEBUG   GST_REFCOUNTING gstobject.c:708:gst_object_set_parent: set parent (ref and sink)
0:00:00.013038466  4130 0x1f37320 DEBUG   GST_POLL gstpoll.c:979:gst_poll_fd_ctl_write: 0x1f3f820: fd (fd:0, idx:1), active : 1
0:00:00.017153227  4129 0x9d3370 TRACE   GST_REFCOUNTING gstobject.c:292:gst_object_ref_sink: 0x9f07c0 ref_sink 1->2
0:00:00.013047092  4130 0x1f37320 LOG   GST_POLL gstpoll.c:994:gst_poll_fd_ctl_write: 0x1f3f820: pfd->events now 60 (POLLOUT:4)
0:00:00.017163859  4129 0x9d3370 LOG   GST_REGISTRY gstregistry.c:607:gst_registry_add_feature: emitting feature-added for multiqueue
0:00:00.013060301  4130 0x1f37320 DEBUG   GST_POLL gstpoll.c:979:gst_poll_fd_ctl_write: 0x1f3f820: fd (fd:0, idx:1), active : 1
0:00:00.013067701  4130 0x1f37320 LOG   GST_POLL gstpoll.c:994:gst_poll_fd_ctl_write: 0x1f3f820: pfd->events now 60 (POLLOUT:4)
0:00:00.017177267  4129 0x9d3370 DEBUG   GST_REGISTRY gstregistrychunks.c:740:gst_registry_chunks_load_feature: Added feature multiqueue, plugin 0x9ed050 coreelements
0:00:00.013073191  4130 0x1f37320 DEBUG   GST_POLL gstpoll.c:979:gst_poll_fd_ctl_write: 0x1f3f820: fd (fd:0, idx:1), active : 1
0:00:00.013079966  4130 0x1f37320 LOG   GST_POLL gstpoll.c:994:gst_poll_fd_ctl_write: 0x1f3f820: pfd->events now 60 (POLLOUT:4)
0:00:00.017189251  4129 0x9d3370 DEBUG   GST_REGISTRY gstregistrychunks.c:582:gst_registry_chunks_load_feature: Plugin 'coreelements' feature 'typefind' typename : 'GstElementFactory'
0:00:00.013085246  4130 0x1f37320 DEBUG   GST_POLL gstpoll.c:979:gst_poll_fd_ctl_write: 0x1f3f820: fd (fd:0, idx:1), active : 1
0:00:00.013091690  4130 0x1f37320 LOG   GST_POLL gstpoll.c:994:gst_poll_fd_ctl_write: 0x1f3f820: pfd->events now 60 (POLLOUT:4)
0:00:00.017201488  4129 0x9d3370 TRACE   GST_REFCOUNTING gstobject.c:208:gst_object_init: 0x9f09e0 new
0:00:00.013097014  4130 0x1f37320 DEBUG   GST_POLL gstpoll.c:979:gst_poll_fd_ctl_write: 0x1f3f820: fd (fd:0, idx:1), active : 1
0:00:00.017211044  4129 0x9d3370 LOG   GST_REGISTRY gstregistrychunks.c:609:gst_registry_chunks_load_feature: Reading/casting for GstRegistryChunkElementFactory at address 0x9eee28
0:00:00.013105213  4130 0x1f37320 LOG   GST_POLL gstpoll.c:994:gst_poll_fd_ctl_write: 0x1f3f820: pfd->events now 60 (POLLOUT:4)
0:00:00.017219664  4129 0x9d3370 TRACE   structure gststructure.c:287:gst_structure_new_id_empty_with_size: created structure 0x9f0ba0
0:00:00.013112288  4130 0x1f37320 DEBUG   GST_POLL gstpoll.c:979:gst_poll_fd_ctl_write: 0x1f3f820: fd (fd:0, idx:1), active : 1
0:00:00.017226790  4129 0x9d3370 DEBUG   structure gststructure.c:2203:gst_structure_parse_field: trying field name 'long-name'
0:00:00.013119763  4130 0x1f37320 LOG   GST_POLL gstpoll.c:994:gst_poll_fd_ctl_write: 0x1f3f820: pfd->events now 60 (POLLOUT:4)
0:00:00.017233934  4129 0x9d3370 DEBUG   default gstvalue.c:2676:_priv_gst_value_parse_value: trying type name 'string'
0:00:00.013126990  4130 0x1f37320 DEBUG   GST_POLL gstpoll.c:979:gst_poll_fd_ctl_write: 0x1f3f820: fd (fd:0, idx:1), active : 1
