0:00:00.018801891  4129 0x9d3370 TRACE   GST_REFCOUNTING gstobject.c:208:gst_object_init: 0x9f2c00 new
0:00:00.014697881  4130 0x1f37320 DEBUG   GST_POLL gstpoll.c:979:gst_poll_fd_ctl_write: 0x1f3f820: fd (fd:0, idx:1), active : 1
0:00:00.014703447  4130 0x1f37320 LOG   GST_POLL gstpoll.c:994:gst_poll_fd_ctl_write: 0x1f3f820: pfd->events now 60 (POLLOUT:4)
0:00:00.018813372  4129 0x9d3370 LOG   GST_REGISTRY gstregistrychunks.c:609:gst_registry_chunks_load_feature: Reading/casting for GstRegistryChunkElementFactory at address 0x9ef788
0:00:00.014708698  4130 0x1f37320 DEBUG   GST_POLL gstpoll.c:979:gst_poll_fd_ctl_write: 0x1f3f820: fd (fd:0, idx:1), active : 1
0:00:00.018822273  4129 0x9d3370 TRACE   structure gststructure.c:287:gst_structure_new_id_empty_with_size: created structure 0x9f2dc0
0:00:00.014721355  4130 0x1f37320 LOG   GST_POLL gstpoll.c:994:gst_poll_fd_ctl_write: 0x1f3f820: pfd->events now 60 (POLLOUT:4)
0:00:00.018831846  4129 0x9d3370 DEBUG   structure gststructure.c:2203:gst_structure_parse_field: trying field name 'long-name'
0:00:00.014728591  4130 0x1f37320 DEBUG   GST_POLL gstpoll.c:979:gst_poll_fd_ctl_write: 0x1f3f820: fd (fd:0, idx:1), active : 1
0:00:00.018839778  4129 0x9d3370 DEBUG   default gstvalue.c:2676:_priv_gst_value_parse_value: trying type name 'string'
0:00:00.014739915  4130 0x1f37320 LOG   GST_POLL gstpoll.c:994:gst_poll_fd_ctl_write: 0x1f3f820: pfd->events now 60 (POLLOUT:4)
0:00:00.018852704  4129 0x9d3370 DEBUG   structure gststructure.c:2203:gst_structure_parse_field: trying field name 'klass'
0:00:00.014745883  4130 0x1f37320 DEBUG   GST_POLL gstpoll.c:979:gst_poll_fd_ctl_write: 0x1f3f820: fd (fd:0, idx:1), active : 1
0:00:00.018859526  4129 0x9d3370 DEBUG   default gstvalue.c:2676:_priv_gst_value_parse_value: trying type name 'string'
0:00:00.014752478  4130 0x1f37320 LOG   GST_POLL gstpoll.c:994:gst_poll_fd_ctl_write: 0x1f3f820: pfd->events now 60 (POLLOUT:4)
0:00:00.018866859  4129 0x9d3370 DEBUG   structure gststructure.c:2203:gst_structure_parse_field: trying field name 'description'
0:00:00.014759379  4130 0x1f37320 DEBUG   GST_POLL gstpoll.c:979:gst_poll_fd_ctl_write: 0x1f3f820: fd (fd:0, idx:1), active : 1
0:00:00.018873829  4129 0x9d3370 DEBUG   default gstvalue.c:2676:_priv_gst_value_parse_value: trying type name 'string'
0:00:00.014766748  4130 0x1f37320 LOG   GST_POLL gstpoll.c:994:gst_poll_fd_ctl_write: 0x1f3f820: pfd->events now 60 (POLLOUT:4)
0:00:00.014774480  4130 0x1f37320 DEBUG   GST_POLL gstpoll.c:979:gst_poll_fd_ctl_write: 0x1f3f820: fd (fd:0, idx:1), active : 1
0:00:00.018882965  4129 0x9d3370 DEBUG   structure gststructure.c:2203:gst_structure_parse_field: trying field name 'author'
0:00:00.014782147  4130 0x1f37320 LOG   GST_POLL gstpoll.c:994:gst_poll_fd_ctl_write: 0x1f3f820: pfd->events now 60 (POLLOUT:4)
0:00:00.018893282  4129 0x9d3370 DEBUG   default gstvalue.c:2676:_priv_gst_value_parse_value: trying type name 'string'
0:00:00.014789027  4130 0x1f37320 DEBUG   GST_POLL gstpoll.c:979:gst_poll_fd_ctl_write: 0x1f3f820: fd (fd:0, idx:1), active : 1
0:00:00.018901365  4129 0x9d3370 DEBUG   GST_REGISTRY gstregistrychunks.c:626:gst_registry_chunks_load_feature: Element factory : npadtemplates=2
0:00:00.014794820  4130 0x1f37320 LOG   GST_POLL gstpoll.c:994:gst_poll_fd_ctl_write: 0x1f3f820: pfd->events now 60 (POLLOUT:4)
0:00:00.018910101  4129 0x9d3370 DEBUG   GST_REGISTRY gstregistrychunks.c:525:gst_registry_chunks_load_pad_template: Reading/casting for GstRegistryChunkPadTemplate at address 0x9ef860
0:00:00.014802947  4130 0x1f37320 DEBUG   GST_POLL gstpoll.c:979:gst_poll_fd_ctl_write: 0x1f3f820: fd (fd:0, idx:1), active : 1
0:00:00.018919787  4129 0x9d3370 DEBUG   GST_REGISTRY gstregistrychunks.c:539:gst_registry_chunks_load_pad_template: Added pad_template src
0:00:00.014812138  4130 0x1f37320 LOG   GST_POLL gstpoll.c:994:gst_poll_fd_ctl_write: 0x1f3f820: pfd->events now 60 (POLLOUT:4)
0:00:00.018926758  4129 0x9d3370 DEBUG   GST_REGISTRY gstregistrychunks.c:525:gst_registry_chunks_load_pad_template: Reading/casting for GstRegistryChunkPadTemplate at address 0x9ef870
0:00:00.014820045  4130 0x1f37320 DEBUG   GST_POLL gstpoll.c:979:gst_poll_fd_ctl_write: 0x1f3f820: fd (fd:0, idx:1), active : 1
0:00:00.014832157  4130 0x1f37320 LOG   GST_POLL gstpoll.c:994:gst_poll_fd_ctl_write: 0x1f3f820: pfd->events now 60 (POLLOUT:4)
0:00:00.018943633  4129 0x9d3370 DEBUG   GST_REGISTRY gstregistrychunks.c:539:gst_registry_chunks_load_pad_template: Added pad_template sink_%u
0:00:00.014837423  4130 0x1f37320 DEBUG   GST_POLL gstpoll.c:979:gst_poll_fd_ctl_write: 0x1f3f820: fd (fd:0, idx:1), active : 1
0:00:00.018955545  4129 0x9d3370 DEBUG   GST_REGISTRY gstregistry.c:589:gst_registry_add_feature: adding feature 0x9f2c00 (funnel)
0:00:00.014847205  4130 0x1f37320 LOG   GST_POLL gstpoll.c:994:gst_poll_fd_ctl_write: 0x1f3f820: pfd->events now 60 (POLLOUT:4)
0:00:00.018963801  4129 0x9d3370 DEBUG   GST_REFCOUNTING gstobject.c:708:gst_object_set_parent: set parent (ref and sink)
0:00:00.014856805  4130 0x1f37320 DEBUG   GST_POLL gstpoll.c:979:gst_poll_fd_ctl_write: 0x1f3f820: fd (fd:0, idx:1), active : 1
0:00:00.014864682  4130 0x1f37320 LOG   GST_POLL gstpoll.c:994:gst_poll_fd_ctl_write: 0x1f3f820: pfd->events now 60 (POLLOUT:4)
0:00:00.018973070  4129 0x9d3370 TRACE   GST_REFCOUNTING gstobject.c:292:gst_object_ref_sink: 0x9f2c00 ref_sink 1->2
0:00:00.014870343  4130 0x1f37320 DEBUG   GST_POLL gstpoll.c:979:gst_poll_fd_ctl_write: 0x1f3f820: fd (fd:0, idx:1), active : 1
0:00:00.018982461  4129 0x9d3370 LOG   GST_REGISTRY gstregistry.c:607:gst_registry_add_feature: emitting feature-added for funnel
0:00:00.014875956  4130 0x1f37320 LOG   GST_POLL gstpoll.c:994:gst_poll_fd_ctl_write: 0x1f3f820: pfd->events now 60 (POLLOUT:4)
0:00:00.018990444  4129 0x9d3370 DEBUG   GST_REGISTRY gstregistrychunks.c:740:gst_registry_chunks_load_feature: Added feature funnel, plugin 0x9ed050 coreelements
0:00:00.014882495  4130 0x1f37320 DEBUG   GST_POLL gstpoll.c:979:gst_poll_fd_ctl_write: 0x1f3f820: fd (fd:0, idx:1), active : 1
0:00:00.018998385  4129 0x9d3370 DEBUG   GST_REGISTRY gstregistrychunks.c:582:gst_registry_chunks_load_feature: Plugin 'coreelements' feature 'filesrc' typename : 'GstElementFactory'
0:00:00.014890134  4130 0x1f37320 LOG   GST_POLL gstpoll.c:994:gst_poll_fd_ctl_write: 0x1f3f820: pfd->events now 60 (POLLOUT:4)
0:00:00.019021062  4129 0x9d3370 TRACE   GST_REFCOUNTING gstobject.c:208:gst_object_init: 0x9f30a0 new
0:00:00.014915509  4130 0x1f37320 DEBUG   GST_POLL gstpoll.c:979:gst_poll_fd_ctl_write: 0x1f3f820: fd (fd:0, idx:1), active : 1
0:00:00.014929368  4130 0x1f37320 LOG   GST_POLL gstpoll.c:994:gst_poll_fd_ctl_write: 0x1f3f820: pfd->events now 60 (POLLOUT:4)
0:00:00.019039065  4129 0x9d3370 LOG   GST_REGISTRY gstregistrychunks.c:609:gst_registry_chunks_load_feature: Reading/casting for GstRegistryChunkElementFactory at address 0x9ef8a0
0:00:00.014935183  4130 0x1f37320 DEBUG   GST_POLL gstpoll.c:979:gst_poll_fd_ctl_write: 0x1f3f820: fd (fd:0, idx:1), active : 1
0:00:00.019050519  4129 0x9d3370 TRACE   structure gststructure.c:287:gst_structure_new_id_empty_with_size: created structure 0x9f3260
0:00:00.014942077  4130 0x1f37320 LOG   GST_POLL gstpoll.c:994:gst_poll_fd_ctl_write: 0x1f3f820: pfd->events now 60 (POLLOUT:4)
0:00:00.019063385  4129 0x9d3370 DEBUG   structure gststructure.c:2203:gst_structure_parse_field: trying field name 'long-name'
0:00:00.014956290  4130 0x1f37320 DEBUG   GST_POLL gstpoll.c:979:gst_poll_fd_ctl_write: 0x1f3f820: fd (fd:0, idx:1), active : 1
0:00:00.019070564  4129 0x9d3370 DEBUG   default gstvalue.c:2676:_priv_gst_value_parse_value: trying type name 'string'
0:00:00.014963511  4130 0x1f37320 LOG   GST_POLL gstpoll.c:994:gst_poll_fd_ctl_write: 0x1f3f820: pfd->events now 60 (POLLOUT:4)
0:00:00.019078590  4129 0x9d3370 DEBUG   structure gststructure.c:2203:gst_structure_parse_field: trying field name 'klass'
0:00:00.014970752  4130 0x1f37320 DEBUG   GST_POLL gstpoll.c:979:gst_poll_fd_ctl_write: 0x1f3f820: fd (fd:0, idx:1), active : 1
0:00:00.019085723  4129 0x9d3370 DEBUG   default gstvalue.c:2676:_priv_gst_value_parse_value: trying type name 'string'
0:00:00.014978903  4130 0x1f37320 LOG   GST_POLL gstpoll.c:994:gst_poll_fd_ctl_write: 0x1f3f820: pfd->events now 60 (POLLOUT:4)
0:00:00.019093202  4129 0x9d3370 DEBUG   structure gststructure.c:2203:gst_structure_parse_field: trying field name 'description'
0:00:00.014987990  4130 0x1f37320 DEBUG   GST_POLL gstpoll.c:979:gst_poll_fd_ctl_write: 0x1f3f820: fd (fd:0, idx:1), active : 1
0:00:00.019101958  4129 0x9d3370 DEBUG   default gstvalue.c:2676:_priv_gst_value_parse_value: trying type name 'string'
0:00:00.014994668  4130 0x1f37320 LOG   GST_POLL gstpoll.c:994:gst_poll_fd_ctl_write: 0x1f3f820: pfd->events now 60 (POLLOUT:4)
0:00:00.019111014  4129 0x9d3370 DEBUG   structure gststructure.c:2203:gst_structure_parse_field: trying field name 'author'
0:00:00.015003043  4130 0x1f37320 DEBUG   GST_POLL gstpoll.c:979:gst_poll_fd_ctl_write: 0x1f3f820: fd (fd:0, idx:1), active : 1
0:00:00.019118466  4129 0x9d3370 DEBUG   default gstvalue.c:2676:_priv_gst_value_parse_value: trying type name 'string'
0:00:00.015011559  4130 0x1f37320 LOG   GST_POLL gstpoll.c:994:gst_poll_fd_ctl_write: 0x1f3f820: pfd->events now 60 (POLLOUT:4)
0:00:00.019126379  4129 0x9d3370 DEBUG   GST_REGISTRY gstregistrychunks.c:626:gst_registry_chunks_load_feature: Element factory : npadtemplates=1
0:00:00.015018691  4130 0x1f37320 DEBUG   GST_POLL gstpoll.c:979:gst_poll_fd_ctl_write: 0x1f3f820: fd (fd:0, idx:1), active : 1
0:00:00.019133568  4129 0x9d3370 DEBUG   GST_REGISTRY gstregistrychunks.c:525:gst_registry_chunks_load_pad_template: Reading/casting for GstRegistryChunkPadTemplate at address 0x9ef980
0:00:00.015026504  4130 0x1f37320 LOG   GST_POLL gstpoll.c:994:gst_poll_fd_ctl_write: 0x1f3f820: pfd->events now 60 (POLLOUT:4)
0:00:00.019140602  4129 0x9d3370 DEBUG   GST_REGISTRY gstregistrychunks.c:539:gst_registry_chunks_load_pad_template: Added pad_template src
0:00:00.015033547  4130 0x1f37320 DEBUG   GST_POLL gstpoll.c:979:gst_poll_fd_ctl_write: 0x1f3f820: fd (fd:0, idx:1), active : 1
0:00:00.019153438  4129 0x9d3370 DEBUG   GST_REGISTRY gstregistrychunks.c:639:gst_registry_chunks_load_feature: Reading 1 UriTypes at address 0x9ef990
0:00:00.015045488  4130 0x1f37320 LOG   GST_POLL gstpoll.c:994:gst_poll_fd_ctl_write: 0x1f3f820: pfd->events now 60 (POLLOUT:4)
0:00:00.019161904  4129 0x9d3370 DEBUG   GST_REGISTRY gstregistrychunks.c:654:gst_registry_chunks_load_feature: Reading 1 Interfaces at address 0x9ef999
0:00:00.015056414  4130 0x1f37320 DEBUG   GST_POLL gstpoll.c:979:gst_poll_fd_ctl_write: 0x1f3f820: fd (fd:0, idx:1), active : 1
0:00:00.015065802  4130 0x1f37320 LOG   GST_POLL gstpoll.c:994:gst_poll_fd_ctl_write: 0x1f3f820: pfd->events now 60 (POLLOUT:4)
0:00:00.019176442  4129 0x9d3370 DEBUG   GST_REGISTRY gstregistry.c:589:gst_registry_add_feature: adding feature 0x9f30a0 (filesrc)
0:00:00.015071492  4130 0x1f37320 DEBUG   GST_POLL gstpoll.c:979:gst_poll_fd_ctl_write: 0x1f3f820: fd (fd:0, idx:1), active : 1
0:00:00.019184952  4129 0x9d3370 DEBUG   GST_REFCOUNTING gstobject.c:708:gst_object_set_parent: set parent (ref and sink)
0:00:00.015077591  4130 0x1f37320 LOG   GST_POLL gstpoll.c:994:gst_poll_fd_ctl_write: 0x1f3f820: pfd->events now 60 (POLLOUT:4)
0:00:00.019193855  4129 0x9d3370 TRACE   GST_REFCOUNTING gstobject.c:292:gst_object_ref_sink: 0x9f30a0 ref_sink 1->2
0:00:00.015085817  4130 0x1f37320 DEBUG   GST_POLL gstpoll.c:979:gst_poll_fd_ctl_write: 0x1f3f820: fd (fd:0, idx:1), active : 1
0:00:00.019201914  4129 0x9d3370 LOG   GST_REGISTRY gstregistry.c:607:gst_registry_add_feature: emitting feature-added for filesrc
0:00:00.015094057  4130 0x1f37320 LOG   GST_POLL gstpoll.c:994:gst_poll_fd_ctl_write: 0x1f3f820: pfd->events now 60 (POLLOUT:4)
0:00:00.019209719  4129 0x9d3370 DEBUG   GST_REGISTRY gstregistrychunks.c:740:gst_registry_chunks_load_feature: Added feature filesrc, plugin 0x9ed050 coreelements
0:00:00.015102010  4130 0x1f37320 DEBUG   GST_POLL gstpoll.c:979:gst_poll_fd_ctl_write: 0x1f3f820: fd (fd:0, idx:1), active : 1
0:00:00.019217338  4129 0x9d3370 DEBUG   GST_REGISTRY gstregistrychunks.c:582:gst_registry_chunks_load_feature: Plugin 'coreelements' feature 'fdsink' typename : 'GstElementFactory'
0:00:00.015109537  4130 0x1f37320 LOG   GST_POLL gstpoll.c:994:gst_poll_fd_ctl_write: 0x1f3f820: pfd->events now 60 (POLLOUT:4)
0:00:00.019226362  4129 0x9d3370 TRACE   GST_REFCOUNTING gstobject.c:208:gst_object_init: 0x9f3480 new
0:00:00.015119787  4130 0x1f37320 DEBUG   GST_POLL gstpoll.c:979:gst_poll_fd_ctl_write: 0x1f3f820: fd (fd:0, idx:1), active : 1
0:00:00.015127450  4130 0x1f37320 LOG   GST_POLL gstpoll.c:994:gst_poll_fd_ctl_write: 0x1f3f820: pfd->events now 60 (POLLOUT:4)
0:00:00.019236021  4129 0x9d3370 LOG   GST_REGISTRY gstregistrychunks.c:609:gst_registry_chunks_load_feature: Reading/casting for GstRegistryChunkElementFactory at address 0x9ef9c0
0:00:00.015133115  4130 0x1f37320 DEBUG   GST_POLL gstpoll.c:979:gst_poll_fd_ctl_write: 0x1f3f820: fd (fd:0, idx:1), active : 1
0:00:00.019247602  4129 0x9d3370 TRACE   structure gststructure.c:287:gst_structure_new_id_empty_with_size: created structure 0x9f3570
0:00:00.015142614  4130 0x1f37320 LOG   GST_POLL gstpoll.c:994:gst_poll_fd_ctl_write: 0x1f3f820: pfd->events now 60 (POLLOUT:4)
0:00:00.019256015  4129 0x9d3370 DEBUG   structure gststructure.c:2203:gst_structure_parse_field: trying field name 'long-name'
0:00:00.015148649  4130 0x1f37320 DEBUG   GST_POLL gstpoll.c:979:gst_poll_fd_ctl_write: 0x1f3f820: fd (fd:0, idx:1), active : 1
0:00:00.019263254  4129 0x9d3370 DEBUG   default gstvalue.c:2676:_priv_gst_value_parse_value: trying type name 'string'
0:00:00.015155971  4130 0x1f37320 LOG   GST_POLL gstpoll.c:994:gst_poll_fd_ctl_write: 0x1f3f820: pfd->events now 60 (POLLOUT:4)
0:00:00.019271076  4129 0x9d3370 DEBUG   structure gststructure.c:2203:gst_structure_parse_field: trying field name 'klass'
0:00:00.015163323  4130 0x1f37320 DEBUG   GST_POLL gstpoll.c:979:gst_poll_fd_ctl_write: 0x1f3f820: fd (fd:0, idx:1), active : 1
0:00:00.019278005  4129 0x9d3370 DEBUG   default gstvalue.c:2676:_priv_gst_value_parse_value: trying type name 'string'
0:00:00.015170833  4130 0x1f37320 LOG   GST_POLL gstpoll.c:994:gst_poll_fd_ctl_write: 0x1f3f820: pfd->events now 60 (POLLOUT:4)
0:00:00.019285471  4129 0x9d3370 DEBUG   structure gststructure.c:2203:gst_structure_parse_field: trying field name 'description'
0:00:00.015180258  4130 0x1f37320 DEBUG   GST_POLL gstpoll.c:979:gst_poll_fd_ctl_write: 0x1f3f820: fd (fd:0, idx:1), active : 1
0:00:00.015186887  4130 0x1f37320 LOG   GST_POLL gstpoll.c:994:gst_poll_fd_ctl_write: 0x1f3f820: pfd->events now 60 (POLLOUT:4)
0:00:00.019292206  4129 0x9d3370 DEBUG   default gstvalue.c:2676:_priv_gst_value_parse_value: trying type name 'string'
0:00:00.015192537  4130 0x1f37320 DEBUG   GST_POLL gstpoll.c:979:gst_poll_fd_ctl_write: 0x1f3f820: fd (fd:0, idx:1), active : 1
0:00:00.015201239  4130 0x1f37320 LOG   GST_POLL gstpoll.c:994:gst_poll_fd_ctl_write: 0x1f3f820: pfd->events now 60 (POLLOUT:4)
0:00:00.019310404  4129 0x9d3370 DEBUG   structure gststructure.c:2203:gst_structure_parse_field: trying field name 'author'
0:00:00.015206559  4130 0x1f37320 DEBUG   GST_POLL gstpoll.c:979:gst_poll_fd_ctl_write: 0x1f3f820: fd (fd:0, idx:1), active : 1
0:00:00.019318815  4129 0x9d3370 DEBUG   default gstvalue.c:2676:_priv_gst_value_parse_value: trying type name 'string'
0:00:00.015212122  4130 0x1f37320 LOG   GST_POLL gstpoll.c:994:gst_poll_fd_ctl_write: 0x1f3f820: pfd->events now 60 (POLLOUT:4)
0:00:00.019326868  4129 0x9d3370 DEBUG   GST_REGISTRY gstregistrychunks.c:626:gst_registry_chunks_load_feature: Element factory : npadtemplates=1
0:00:00.015218814  4130 0x1f37320 DEBUG   GST_POLL gstpoll.c:979:gst_poll_fd_ctl_write: 0x1f3f820: fd (fd:0, idx:1), active : 1
0:00:00.019334182  4129 0x9d3370 DEBUG   GST_REGISTRY gstregistrychunks.c:525:gst_registry_chunks_load_pad_template: Reading/casting for GstRegistryChunkPadTemplate at address 0x9efaa0
0:00:00.015227046  4130 0x1f37320 LOG   GST_POLL gstpoll.c:994:gst_poll_fd_ctl_write: 0x1f3f820: pfd->events now 60 (POLLOUT:4)
0:00:00.019347396  4129 0x9d3370 DEBUG   GST_REGISTRY gstregistrychunks.c:539:gst_registry_chunks_load_pad_template: Added pad_template sink
0:00:00.015242312  4130 0x1f37320 DEBUG   GST_POLL gstpoll.c:979:gst_poll_fd_ctl_write: 0x1f3f820: fd (fd:0, idx:1), active : 1
0:00:00.019355202  4129 0x9d3370 DEBUG   GST_REGISTRY gstregistrychunks.c:639:gst_registry_chunks_load_feature: Reading 1 UriTypes at address 0x9efab1
0:00:00.015248967  4130 0x1f37320 LOG   GST_POLL gstpoll.c:994:gst_poll_fd_ctl_write: 0x1f3f820: pfd->events now 60 (POLLOUT:4)
0:00:00.019363088  4129 0x9d3370 DEBUG   GST_REGISTRY gstregistrychunks.c:654:gst_registry_chunks_load_feature: Reading 1 Interfaces at address 0x9efabf
0:00:00.015255503  4130 0x1f37320 DEBUG   GST_POLL gstpoll.c:979:gst_poll_fd_ctl_write: 0x1f3f820: fd (fd:0, idx:1), active : 1
0:00:00.015262883  4130 0x1f37320 LOG   GST_POLL gstpoll.c:994:gst_poll_fd_ctl_write: 0x1f3f820: pfd->events now 60 (POLLOUT:4)
0:00:00.019372052  4129 0x9d3370 DEBUG   GST_REGISTRY gstregistry.c:589:gst_registry_add_feature: adding feature 0x9f3480 (fdsink)
0:00:00.015268296  4130 0x1f37320 DEBUG   GST_POLL gstpoll.c:979:gst_poll_fd_ctl_write: 0x1f3f820: fd (fd:0, idx:1), active : 1
0:00:00.015273878  4130 0x1f37320 LOG   GST_POLL gstpoll.c:994:gst_poll_fd_ctl_write: 0x1f3f820: pfd->events now 60 (POLLOUT:4)
0:00:00.019381760  4129 0x9d3370 DEBUG   GST_REFCOUNTING gstobject.c:708:gst_object_set_parent: set parent (ref and sink)
0:00:00.015279246  4130 0x1f37320 DEBUG   GST_POLL gstpoll.c:979:gst_poll_fd_ctl_write: 0x1f3f820: fd (fd:0, idx:1), active : 1
0:00:00.019392495  4129 0x9d3370 TRACE   GST_REFCOUNTING gstobject.c:292:gst_object_ref_sink: 0x9f3480 ref_sink 1->2
0:00:00.015284870  4130 0x1f37320 LOG   GST_POLL gstpoll.c:994:gst_poll_fd_ctl_write: 0x1f3f820: pfd->events now 60 (POLLOUT:4)
0:00:00.019400693  4129 0x9d3370 LOG   GST_REGISTRY gstregistry.c:607:gst_registry_add_feature: emitting feature-added for fdsink
0:00:00.015295392  4130 0x1f37320 DEBUG   GST_POLL gstpoll.c:979:gst_poll_fd_ctl_write: 0x1f3f820: fd (fd:0, idx:1), active : 1
0:00:00.019408556  4129 0x9d3370 DEBUG   GST_REGISTRY gstregistrychunks.c:740:gst_registry_chunks_load_feature: Added feature fdsink, plugin 0x9ed050 coreelements
0:00:00.015302155  4130 0x1f37320 LOG   GST_POLL gstpoll.c:994:gst_poll_fd_ctl_write: 0x1f3f820: pfd->events now 60 (POLLOUT:4)
0:00:00.019416503  4129 0x9d3370 DEBUG   GST_REGISTRY gstregistrychunks.c:582:gst_registry_chunks_load_feature: Plugin 'coreelements' feature 'fdsrc' typename : 'GstElementFactory'
0:00:00.015309082  4130 0x1f37320 DEBUG   GST_POLL gstpoll.c:979:gst_poll_fd_ctl_write: 0x1f3f820: fd (fd:0, idx:1), active : 1
0:00:00.015316365  4130 0x1f37320 LOG   GST_POLL gstpoll.c:994:gst_poll_fd_ctl_write: 0x1f3f820: pfd->events now 60 (POLLOUT:4)
0:00:00.019425707  4129 0x9d3370 TRACE   GST_REFCOUNTING gstobject.c:208:gst_object_init: 0x9f3390 new
0:00:00.015326375  4130 0x1f37320 DEBUG   GST_POLL gstpoll.c:979:gst_poll_fd_ctl_write: 0x1f3f820: fd (fd:0, idx:1), active : 1
0:00:00.019440063  4129 0x9d3370 LOG   GST_REGISTRY gstregistrychunks.c:609:gst_registry_chunks_load_feature: Reading/casting for GstRegistryChunkElementFactory at address 0x9efae8
0:00:00.015332052  4130 0x1f37320 LOG   GST_POLL gstpoll.c:994:gst_poll_fd_ctl_write: 0x1f3f820: pfd->events now 60 (POLLOUT:4)
0:00:00.019447935  4129 0x9d3370 TRACE   structure gststructure.c:287:gst_structure_new_id_empty_with_size: created structure 0x9f3a50
0:00:00.015340555  4130 0x1f37320 DEBUG   GST_POLL gstpoll.c:979:gst_poll_fd_ctl_write: 0x1f3f820: fd (fd:0, idx:1), active : 1
0:00:00.019456539  4129 0x9d3370 DEBUG   structure gststructure.c:2203:gst_structure_parse_field: trying field name 'long-name'
0:00:00.015348518  4130 0x1f37320 LOG   GST_POLL gstpoll.c:994:gst_poll_fd_ctl_write: 0x1f3f820: pfd->events now 60 (POLLOUT:4)
0:00:00.019464276  4129 0x9d3370 DEBUG   default gstvalue.c:2676:_priv_gst_value_parse_value: trying type name 'string'
0:00:00.015359574  4130 0x1f37320 DEBUG   GST_POLL gstpoll.c:979:gst_poll_fd_ctl_write: 0x1f3f820: fd (fd:0, idx:1), active : 1
0:00:00.019471897  4129 0x9d3370 DEBUG   structure gststructure.c:2203:gst_structure_parse_field: trying field name 'klass'
0:00:00.015366249  4130 0x1f37320 LOG   GST_POLL gstpoll.c:994:gst_poll_fd_ctl_write: 0x1f3f820: pfd->events now 60 (POLLOUT:4)
0:00:00.019478680  4129 0x9d3370 DEBUG   default gstvalue.c:2676:_priv_gst_value_parse_value: trying type name 'string'
0:00:00.015372414  4130 0x1f37320 DEBUG   GST_POLL gstpoll.c:979:gst_poll_fd_ctl_write: 0x1f3f820: fd (fd:0, idx:1), active : 1
0:00:00.019486058  4129 0x9d3370 DEBUG   structure gststructure.c:2203:gst_structure_parse_field: trying field name 'description'
0:00:00.015378567  4130 0x1f37320 LOG   GST_POLL gstpoll.c:994:gst_poll_fd_ctl_write: 0x1f3f820: pfd->events now 60 (POLLOUT:4)
0:00:00.019492949  4129 0x9d3370 DEBUG   default gstvalue.c:2676:_priv_gst_value_parse_value: trying type name 'string'
0:00:00.015386099  4130 0x1f37320 DEBUG   GST_POLL gstpoll.c:979:gst_poll_fd_ctl_write: 0x1f3f820: fd (fd:0, idx:1), active : 1
0:00:00.019500374  4129 0x9d3370 DEBUG   structure gststructure.c:2203:gst_structure_parse_field: trying field name 'author'
0:00:00.015392688  4130 0x1f37320 LOG   GST_POLL gstpoll.c:994:gst_poll_fd_ctl_write: 0x1f3f820: pfd->events now 60 (POLLOUT:4)
0:00:00.019507270  4129 0x9d3370 DEBUG   default gstvalue.c:2676:_priv_gst_value_parse_value: trying type name 'string'
0:00:00.015400474  4130 0x1f37320 DEBUG   GST_POLL gstpoll.c:979:gst_poll_fd_ctl_write: 0x1f3f820: fd (fd:0, idx:1), active : 1
0:00:00.015407759  4130 0x1f37320 LOG   GST_POLL gstpoll.c:994:gst_poll_fd_ctl_write: 0x1f3f820: pfd->events now 60 (POLLOUT:4)
0:00:00.019516686  4129 0x9d3370 DEBUG   GST_REGISTRY gstregistrychunks.c:626:gst_registry_chunks_load_feature: Element factory : npadtemplates=1
0:00:00.015420323  4130 0x1f37320 DEBUG   GST_POLL gstpoll.c:979:gst_poll_fd_ctl_write: 0x1f3f820: fd (fd:0, idx:1), active : 1
0:00:00.019531197  4129 0x9d3370 DEBUG   GST_REGISTRY gstregistrychunks.c:525:gst_registry_chunks_load_pad_template: Reading/casting for GstRegistryChunkPadTemplate at address 0x9efbc8
0:00:00.015427011  4130 0x1f37320 LOG   GST_POLL gstpoll.c:994:gst_poll_fd_ctl_write: 0x1f3f820: pfd->events now 60 (POLLOUT:4)
0:00:00.019538806  4129 0x9d3370 DEBUG   GST_REGISTRY gstregistrychunks.c:539:gst_registry_chunks_load_pad_template: Added pad_template src
0:00:00.015433123  4130 0x1f37320 DEBUG   GST_POLL gstpoll.c:979:gst_poll_fd_ctl_write: 0x1f3f820: fd (fd:0, idx:1), active : 1
0:00:00.019546035  4129 0x9d3370 DEBUG   GST_REGISTRY gstregistrychunks.c:639:gst_registry_chunks_load_feature: Reading 1 UriTypes at address 0x9efbd8
0:00:00.015438800  4130 0x1f37320 LOG   GST_POLL gstpoll.c:994:gst_poll_fd_ctl_write: 0x1f3f820: pfd->events now 60 (POLLOUT:4)
0:00:00.019553790  4129 0x9d3370 DEBUG   GST_REGISTRY gstregistrychunks.c:654:gst_registry_chunks_load_feature: Reading 1 Interfaces at address 0x9efbdf
0:00:00.015446057  4130 0x1f37320 DEBUG   GST_POLL gstpoll.c:979:gst_poll_fd_ctl_write: 0x1f3f820: fd (fd:0, idx:1), active : 1
0:00:00.015453353  4130 0x1f37320 LOG   GST_POLL gstpoll.c:994:gst_poll_fd_ctl_write: 0x1f3f820: pfd->events now 60 (POLLOUT:4)
0:00:00.019562768  4129 0x9d3370 DEBUG   GST_REGISTRY gstregistry.c:589:gst_registry_add_feature: adding feature 0x9f3390 (fdsrc)
0:00:00.015458783  4130 0x1f37320 DEBUG   GST_POLL gstpoll.c:979:gst_poll_fd_ctl_write: 0x1f3f820: fd (fd:0, idx:1), active : 1
0:00:00.019570636  4129 0x9d3370 DEBUG   GST_REFCOUNTING gstobject.c:708:gst_object_set_parent: set parent (ref and sink)
0:00:00.015464319  4130 0x1f37320 LOG   GST_POLL gstpoll.c:994:gst_poll_fd_ctl_write: 0x1f3f820: pfd->events now 60 (POLLOUT:4)
0:00:00.019579124  4129 0x9d3370 TRACE   GST_REFCOUNTING gstobject.c:292:gst_object_ref_sink: 0x9f3390 ref_sink 1->2
0:00:00.015473521  4130 0x1f37320 LOG   GST_PLUGIN_LOADING gstpluginloader.c:645:put_chunk: Expanding tx buf from 13209 to 17023 for chunk of size 229
0:00:00.019588576  4129 0x9d3370 LOG   GST_REGISTRY gstregistry.c:607:gst_registry_add_feature: emitting feature-added for fdsrc
0:00:00.015484079  4130 0x1f37320 DEBUG   GST_POLL gstpoll.c:979:gst_poll_fd_ctl_write: 0x1f3f820: fd (fd:0, idx:1), active : 1
0:00:00.019597234  4129 0x9d3370 DEBUG   GST_REGISTRY gstregistrychunks.c:740:gst_registry_chunks_load_feature: Added feature fdsrc, plugin 0x9ed050 coreelements
0:00:00.015490164  4130 0x1f37320 LOG   GST_POLL gstpoll.c:994:gst_poll_fd_ctl_write: 0x1f3f820: pfd->events now 60 (POLLOUT:4)
0:00:00.019605234  4129 0x9d3370 DEBUG   GST_REGISTRY gstregistrychunks.c:582:gst_registry_chunks_load_feature: Plugin 'coreelements' feature 'fakesink' typename : 'GstElementFactory'
0:00:00.015497556  4130 0x1f37320 DEBUG   GST_POLL gstpoll.c:979:gst_poll_fd_ctl_write: 0x1f3f820: fd (fd:0, idx:1), active : 1
0:00:00.015509783  4130 0x1f37320 LOG   GST_POLL gstpoll.c:994:gst_poll_fd_ctl_write: 0x1f3f820: pfd->events now 60 (POLLOUT:4)
0:00:00.019619562  4129 0x9d3370 TRACE   GST_REFCOUNTING gstobject.c:208:gst_object_init: 0x9f3b80 new
0:00:00.015515092  4130 0x1f37320 DEBUG   GST_POLL gstpoll.c:979:gst_poll_fd_ctl_write: 0x1f3f820: fd (fd:0, idx:1), active : 1
0:00:00.015520697  4130 0x1f37320 LOG   GST_POLL gstpoll.c:994:gst_poll_fd_ctl_write: 0x1f3f820: pfd->events now 60 (POLLOUT:4)
0:00:00.019629502  4129 0x9d3370 LOG   GST_REGISTRY gstregistrychunks.c:609:gst_registry_chunks_load_feature: Reading/casting for GstRegistryChunkElementFactory at address 0x9efc08
0:00:00.015528884  4130 0x1f37320 DEBUG   GST_POLL gstpoll.c:979:gst_poll_fd_ctl_write: 0x1f3f820: fd (fd:0, idx:1), active : 1
0:00:00.019640167  4129 0x9d3370 TRACE   structure gststructure.c:287:gst_structure_new_id_empty_with_size: created structure 0x9f3d90
0:00:00.015535461  4130 0x1f37320 LOG   GST_POLL gstpoll.c:994:gst_poll_fd_ctl_write: 0x1f3f820: pfd->events now 60 (POLLOUT:4)
0:00:00.019647289  4129 0x9d3370 DEBUG   structure gststructure.c:2203:gst_structure_parse_field: trying field name 'long-name'
0:00:00.015541679  4130 0x1f37320 DEBUG   GST_POLL gstpoll.c:979:gst_poll_fd_ctl_write: 0x1f3f820: fd (fd:0, idx:1), active : 1
0:00:00.019653926  4129 0x9d3370 DEBUG   default gstvalue.c:2676:_priv_gst_value_parse_value: trying type name 'string'
0:00:00.015547403  4130 0x1f37320 LOG   GST_POLL gstpoll.c:994:gst_poll_fd_ctl_write: 0x1f3f820: pfd->events now 60 (POLLOUT:4)
0:00:00.015554886  4130 0x1f37320 DEBUG   GST_POLL gstpoll.c:979:gst_poll_fd_ctl_write: 0x1f3f820: fd (fd:0, idx:1), active : 1
0:00:00.015559795  4130 0x1f37320 LOG   GST_POLL gstpoll.c:994:gst_poll_fd_ctl_write: 0x1f3f820: pfd->events now 60 (POLLOUT:4)
0:00:00.019668533  4129 0x9d3370 DEBUG   structure gststructure.c:2203:gst_structure_parse_field: trying field name 'klass'
0:00:00.015565239  4130 0x1f37320 DEBUG   GST_POLL gstpoll.c:979:gst_poll_fd_ctl_write: 0x1f3f820: fd (fd:0, idx:1), active : 1
0:00:00.019677593  4129 0x9d3370 DEBUG   default gstvalue.c:2676:_priv_gst_value_parse_value: trying type name 'string'
0:00:00.015570819  4130 0x1f37320 LOG   GST_POLL gstpoll.c:994:gst_poll_fd_ctl_write: 0x1f3f820: pfd->events now 60 (POLLOUT:4)
0:00:00.019685930  4129 0x9d3370 DEBUG   structure gststructure.c:2203:gst_structure_parse_field: trying field name 'description'
0:00:00.015580391  4130 0x1f37320 DEBUG   GST_POLL gstpoll.c:979:gst_poll_fd_ctl_write: 0x1f3f820: fd (fd:0, idx:1), active : 1
0:00:00.019692887  4129 0x9d3370 DEBUG   default gstvalue.c:2676:_priv_gst_value_parse_value: trying type name 'string'
0:00:00.015586943  4130 0x1f37320 LOG   GST_POLL gstpoll.c:994:gst_poll_fd_ctl_write: 0x1f3f820: pfd->events now 60 (POLLOUT:4)
0:00:00.019707702  4129 0x9d3370 DEBUG   structure gststructure.c:2203:gst_structure_parse_field: trying field name 'author'
0:00:00.015599648  4130 0x1f37320 DEBUG   GST_POLL gstpoll.c:979:gst_poll_fd_ctl_write: 0x1f3f820: fd (fd:0, idx:1), active : 1
0:00:00.019717036  4129 0x9d3370 DEBUG   default gstvalue.c:2676:_priv_gst_value_parse_value: trying type name 'string'
0:00:00.015608940  4130 0x1f37320 LOG   GST_POLL gstpoll.c:994:gst_poll_fd_ctl_write: 0x1f3f820: pfd->events now 60 (POLLOUT:4)
0:00:00.015618289  4130 0x1f37320 DEBUG   GST_POLL gstpoll.c:979:gst_poll_fd_ctl_write: 0x1f3f820: fd (fd:0, idx:1), active : 1
0:00:00.019727232  4129 0x9d3370 DEBUG   GST_REGISTRY gstregistrychunks.c:626:gst_registry_chunks_load_feature: Element factory : npadtemplates=1
0:00:00.015623243  4130 0x1f37320 LOG   GST_POLL gstpoll.c:994:gst_poll_fd_ctl_write: 0x1f3f820: pfd->events now 60 (POLLOUT:4)
0:00:00.019737117  4129 0x9d3370 DEBUG   GST_REGISTRY gstregistrychunks.c:525:gst_registry_chunks_load_pad_template: Reading/casting for GstRegistryChunkPadTemplate at address 0x9efd30
0:00:00.015629379  4130 0x1f37320 DEBUG   GST_POLL gstpoll.c:979:gst_poll_fd_ctl_write: 0x1f3f820: fd (fd:0, idx:1), active : 1
0:00:00.015637903  4130 0x1f37320 LOG   GST_POLL gstpoll.c:994:gst_poll_fd_ctl_write: 0x1f3f820: pfd->events now 60 (POLLOUT:4)
0:00:00.019745298  4129 0x9d3370 DEBUG   GST_REGISTRY gstregistrychunks.c:539:gst_registry_chunks_load_pad_template: Added pad_template sink
0:00:00.015645943  4130 0x1f37320 DEBUG   GST_POLL gstpoll.c:979:gst_poll_fd_ctl_write: 0x1f3f820: fd (fd:0, idx:1), active : 1
0:00:00.015652451  4130 0x1f37320 LOG   GST_POLL gstpoll.c:994:gst_poll_fd_ctl_write: 0x1f3f820: pfd->events now 60 (POLLOUT:4)
0:00:00.015658015  4130 0x1f37320 DEBUG   GST_POLL gstpoll.c:979:gst_poll_fd_ctl_write: 0x1f3f820: fd (fd:0, idx:1), active : 1
0:00:00.019767465  4129 0x9d3370 DEBUG   GST_REGISTRY gstregistry.c:589:gst_registry_add_feature: adding feature 0x9f3b80 (fakesink)
0:00:00.015662880  4130 0x1f37320 LOG   GST_POLL gstpoll.c:994:gst_poll_fd_ctl_write: 0x1f3f820: pfd->events now 60 (POLLOUT:4)
0:00:00.019775834  4129 0x9d3370 DEBUG   GST_REFCOUNTING gstobject.c:708:gst_object_set_parent: set parent (ref and sink)
0:00:00.015668729  4130 0x1f37320 DEBUG   GST_POLL gstpoll.c:979:gst_poll_fd_ctl_write: 0x1f3f820: fd (fd:0, idx:1), active : 1
0:00:00.015677084  4130 0x1f37320 LOG   GST_POLL gstpoll.c:994:gst_poll_fd_ctl_write: 0x1f3f820: pfd->events now 60 (POLLOUT:4)
0:00:00.019786602  4129 0x9d3370 TRACE   GST_REFCOUNTING gstobject.c:292:gst_object_ref_sink: 0x9f3b80 ref_sink 1->2
0:00:00.015682338  4130 0x1f37320 DEBUG   GST_POLL gstpoll.c:979:gst_poll_fd_ctl_write: 0x1f3f820: fd (fd:0, idx:1), active : 1
0:00:00.019795324  4129 0x9d3370 LOG   GST_REGISTRY gstregistry.c:607:gst_registry_add_feature: emitting feature-added for fakesink
0:00:00.015687778  4130 0x1f37320 LOG   GST_POLL gstpoll.c:994:gst_poll_fd_ctl_write: 0x1f3f820: pfd->events now 60 (POLLOUT:4)
0:00:00.019809637  4129 0x9d3370 DEBUG   GST_REGISTRY gstregistrychunks.c:740:gst_registry_chunks_load_feature: Added feature fakesink, plugin 0x9ed050 coreelements
0:00:00.015703547  4130 0x1f37320 DEBUG   GST_POLL gstpoll.c:979:gst_poll_fd_ctl_write: 0x1f3f820: fd (fd:0, idx:1), active : 1
0:00:00.019817629  4129 0x9d3370 DEBUG   GST_REGISTRY gstregistrychunks.c:582:gst_registry_chunks_load_feature: Plugin 'coreelements' feature 'fakesrc' typename : 'GstElementFactory'
0:00:00.015709934  4130 0x1f37320 LOG   GST_POLL gstpoll.c:994:gst_poll_fd_ctl_write: 0x1f3f820: pfd->events now 60 (POLLOUT:4)
0:00:00.019827228  4129 0x9d3370 TRACE   GST_REFCOUNTING gstobject.c:208:gst_object_init: 0x9f37b0 new
0:00:00.015722994  4130 0x1f37320 DEBUG   GST_POLL gstpoll.c:979:gst_poll_fd_ctl_write: 0x1f3f820: fd (fd:0, idx:1), active : 1
0:00:00.015728886  4130 0x1f37320 LOG   GST_POLL gstpoll.c:994:gst_poll_fd_ctl_write: 0x1f3f820: pfd->events now 60 (POLLOUT:4)
0:00:00.019837342  4129 0x9d3370 LOG   GST_REGISTRY gstregistrychunks.c:609:gst_registry_chunks_load_feature: Reading/casting for GstRegistryChunkElementFactory at address 0x9efd60
0:00:00.015734392  4130 0x1f37320 DEBUG   GST_POLL gstpoll.c:979:gst_poll_fd_ctl_write: 0x1f3f820: fd (fd:0, idx:1), active : 1
0:00:00.019847279  4129 0x9d3370 TRACE   structure gststructure.c:287:gst_structure_new_id_empty_with_size: created structure 0x9f41e0
0:00:00.015739893  4130 0x1f37320 LOG   GST_POLL gstpoll.c:994:gst_poll_fd_ctl_write: 0x1f3f820: pfd->events now 60 (POLLOUT:4)
0:00:00.019854302  4129 0x9d3370 DEBUG   structure gststructure.c:2203:gst_structure_parse_field: trying field name 'long-name'
0:00:00.015747407  4130 0x1f37320 DEBUG   GST_POLL gstpoll.c:979:gst_poll_fd_ctl_write: 0x1f3f820: fd (fd:0, idx:1), active : 1
0:00:00.019862839  4129 0x9d3370 DEBUG   default gstvalue.c:2676:_priv_gst_value_parse_value: trying type name 'string'
0:00:00.015754824  4130 0x1f37320 LOG   GST_POLL gstpoll.c:994:gst_poll_fd_ctl_write: 0x1f3f820: pfd->events now 60 (POLLOUT:4)
0:00:00.019871479  4129 0x9d3370 DEBUG   structure gststructure.c:2203:gst_structure_parse_field: trying field name 'klass'
0:00:00.015765918  4130 0x1f37320 DEBUG   GST_POLL gstpoll.c:979:gst_poll_fd_ctl_write: 0x1f3f820: fd (fd:0, idx:1), active : 1
0:00:00.019878396  4129 0x9d3370 DEBUG   default gstvalue.c:2676:_priv_gst_value_parse_value: trying type name 'string'
0:00:00.015772533  4130 0x1f37320 LOG   GST_POLL gstpoll.c:994:gst_poll_fd_ctl_write: 0x1f3f820: pfd->events now 60 (POLLOUT:4)
0:00:00.019885821  4129 0x9d3370 DEBUG   structure gststructure.c:2203:gst_structure_parse_field: trying field name 'description'
0:00:00.015778702  4130 0x1f37320 DEBUG   GST_POLL gstpoll.c:979:gst_poll_fd_ctl_write: 0x1f3f820: fd (fd:0, idx:1), active : 1
0:00:00.019892959  4129 0x9d3370 DEBUG   default gstvalue.c:2676:_priv_gst_value_parse_value: trying type name 'string'
0:00:00.015790550  4130 0x1f37320 LOG   GST_POLL gstpoll.c:994:gst_poll_fd_ctl_write: 0x1f3f820: pfd->events now 60 (POLLOUT:4)
0:00:00.019903450  4129 0x9d3370 DEBUG   structure gststructure.c:2203:gst_structure_parse_field: trying field name 'author'
0:00:00.015796525  4130 0x1f37320 DEBUG   GST_POLL gstpoll.c:979:gst_poll_fd_ctl_write: 0x1f3f820: fd (fd:0, idx:1), active : 1
0:00:00.019910442  4129 0x9d3370 DEBUG   default gstvalue.c:2676:_priv_gst_value_parse_value: trying type name 'string'
0:00:00.015803497  4130 0x1f37320 LOG   GST_POLL gstpoll.c:994:gst_poll_fd_ctl_write: 0x1f3f820: pfd->events now 60 (POLLOUT:4)
0:00:00.019918465  4129 0x9d3370 DEBUG   GST_REGISTRY gstregistrychunks.c:626:gst_registry_chunks_load_feature: Element factory : npadtemplates=1
0:00:00.015810372  4130 0x1f37320 DEBUG   GST_POLL gstpoll.c:979:gst_poll_fd_ctl_write: 0x1f3f820: fd (fd:0, idx:1), active : 1
0:00:00.019927266  4129 0x9d3370 DEBUG   GST_REGISTRY gstregistrychunks.c:525:gst_registry_chunks_load_pad_template: Reading/casting for GstRegistryChunkPadTemplate at address 0x9efe60
0:00:00.015819285  4130 0x1f37320 LOG   GST_POLL gstpoll.c:994:gst_poll_fd_ctl_write: 0x1f3f820: pfd->events now 60 (POLLOUT:4)
0:00:00.019935234  4129 0x9d3370 DEBUG   GST_REGISTRY gstregistrychunks.c:539:gst_registry_chunks_load_pad_template: Added pad_template src
0:00:00.015830304  4130 0x1f37320 DEBUG   GST_POLL gstpoll.c:979:gst_poll_fd_ctl_write: 0x1f3f820: fd (fd:0, idx:1), active : 1
0:00:00.019944257  4129 0x9d3370 DEBUG   GST_REGISTRY gstregistry.c:589:gst_registry_add_feature: adding feature 0x9f37b0 (fakesrc)
0:00:00.015836809  4130 0x1f37320 LOG   GST_POLL gstpoll.c:994:gst_poll_fd_ctl_write: 0x1f3f820: pfd->events now 60 (POLLOUT:4)
0:00:00.019952031  4129 0x9d3370 DEBUG   GST_REFCOUNTING gstobject.c:708:gst_object_set_parent: set parent (ref and sink)
0:00:00.015844899  4130 0x1f37320 DEBUG   GST_POLL gstpoll.c:979:gst_poll_fd_ctl_write: 0x1f3f820: fd (fd:0, idx:1), active : 1
0:00:00.019960503  4129 0x9d3370 TRACE   GST_REFCOUNTING gstobject.c:292:gst_object_ref_sink: 0x9f37b0 ref_sink 1->2
0:00:00.015852448  4130 0x1f37320 LOG   GST_POLL gstpoll.c:994:gst_poll_fd_ctl_write: 0x1f3f820: pfd->events now 60 (POLLOUT:4)
0:00:00.019968429  4129 0x9d3370 LOG   GST_REGISTRY gstregistry.c:607:gst_registry_add_feature: emitting feature-added for fakesrc
0:00:00.015861037  4130 0x1f37320 DEBUG   GST_POLL gstpoll.c:979:gst_poll_fd_ctl_write: 0x1f3f820: fd (fd:0, idx:1), active : 1
0:00:00.019976388  4129 0x9d3370 DEBUG   GST_REGISTRY gstregistrychunks.c:740:gst_registry_chunks_load_feature: Added feature fakesrc, plugin 0x9ed050 coreelements
0:00:00.015868175  4130 0x1f37320 LOG   GST_POLL gstpoll.c:994:gst_poll_fd_ctl_write: 0x1f3f820: pfd->events now 60 (POLLOUT:4)
0:00:00.019984301  4129 0x9d3370 DEBUG   GST_REGISTRY gstregistrychunks.c:582:gst_registry_chunks_load_feature: Plugin 'coreelements' feature 'downloadbuffer' typename : 'GstElementFactory'
0:00:00.015876700  4130 0x1f37320 DEBUG   GST_POLL gstpoll.c:979:gst_poll_fd_ctl_write: 0x1f3f820: fd (fd:0, idx:1), active : 1
0:00:00.015890725  4130 0x1f37320 LOG   GST_POLL gstpoll.c:994:gst_poll_fd_ctl_write: 0x1f3f820: pfd->events now 60 (POLLOUT:4)
0:00:00.020000974  4129 0x9d3370 TRACE   GST_REFCOUNTING gstobject.c:208:gst_object_init: 0x9f4440 new
0:00:00.015912793  4130 0x1f37320 DEBUG   GST_POLL gstpoll.c:979:gst_poll_fd_ctl_write: 0x1f3f820: fd (fd:0, idx:1), active : 1
0:00:00.020023353  4129 0x9d3370 LOG   GST_REGISTRY gstregistrychunks.c:609:gst_registry_chunks_load_feature: Reading/casting for GstRegistryChunkElementFactory at address 0x9efe98
0:00:00.015924620  4130 0x1f37320 LOG   GST_POLL gstpoll.c:994:gst_poll_fd_ctl_write: 0x1f3f820: pfd->events now 60 (POLLOUT:4)
0:00:00.020039708  4129 0x9d3370 TRACE   structure gststructure.c:287:gst_structure_new_id_empty_with_size: created structure 0x9f45f0
0:00:00.015932803  4130 0x1f37320 DEBUG   GST_POLL gstpoll.c:979:gst_poll_fd_ctl_write: 0x1f3f820: fd (fd:0, idx:1), active : 1
0:00:00.020049903  4129 0x9d3370 DEBUG   structure gststructure.c:2203:gst_structure_parse_field: trying field name 'long-name'
0:00:00.015942284  4130 0x1f37320 LOG   GST_POLL gstpoll.c:994:gst_poll_fd_ctl_write: 0x1f3f820: pfd->events now 60 (POLLOUT:4)
0:00:00.020056752  4129 0x9d3370 DEBUG   default gstvalue.c:2676:_priv_gst_value_parse_value: trying type name 'string'
0:00:00.015949959  4130 0x1f37320 DEBUG   GST_POLL gstpoll.c:979:gst_poll_fd_ctl_write: 0x1f3f820: fd (fd:0, idx:1), active : 1
0:00:00.020064403  4129 0x9d3370 DEBUG   structure gststructure.c:2203:gst_structure_parse_field: trying field name 'klass'
0:00:00.015956526  4130 0x1f37320 LOG   GST_POLL gstpoll.c:994:gst_poll_fd_ctl_write: 0x1f3f820: pfd->events now 60 (POLLOUT:4)
0:00:00.020071232  4129 0x9d3370 DEBUG   default gstvalue.c:2676:_priv_gst_value_parse_value: trying type name 'string'
0:00:00.015966797  4130 0x1f37320 DEBUG   GST_POLL gstpoll.c:979:gst_poll_fd_ctl_write: 0x1f3f820: fd (fd:0, idx:1), active : 1
0:00:00.020081151  4129 0x9d3370 DEBUG   structure gststructure.c:2203:gst_structure_parse_field: trying field name 'description'
0:00:00.015973507  4130 0x1f37320 LOG   GST_POLL gstpoll.c:994:gst_poll_fd_ctl_write: 0x1f3f820: pfd->events now 60 (POLLOUT:4)
0:00:00.020089511  4129 0x9d3370 DEBUG   default gstvalue.c:2676:_priv_gst_value_parse_value: trying type name 'string'
0:00:00.015982387  4130 0x1f37320 DEBUG   GST_POLL gstpoll.c:979:gst_poll_fd_ctl_write: 0x1f3f820: fd (fd:0, idx:1), active : 1
0:00:00.020097155  4129 0x9d3370 DEBUG   structure gststructure.c:2203:gst_structure_parse_field: trying field name 'author'
0:00:00.015989587  4130 0x1f37320 LOG   GST_POLL gstpoll.c:994:gst_poll_fd_ctl_write: 0x1f3f820: pfd->events now 60 (POLLOUT:4)
0:00:00.020103971  4129 0x9d3370 DEBUG   default gstvalue.c:2676:_priv_gst_value_parse_value: trying type name 'string'
0:00:00.015997274  4130 0x1f37320 DEBUG   GST_POLL gstpoll.c:979:gst_poll_fd_ctl_write: 0x1f3f820: fd (fd:0, idx:1), active : 1
0:00:00.016009243  4130 0x1f37320 LOG   GST_POLL gstpoll.c:994:gst_poll_fd_ctl_write: 0x1f3f820: pfd->events now 60 (POLLOUT:4)
0:00:00.020117731  4129 0x9d3370 DEBUG   GST_REGISTRY gstregistrychunks.c:626:gst_registry_chunks_load_feature: Element factory : npadtemplates=2
0:00:00.016014775  4130 0x1f37320 DEBUG   GST_POLL gstpoll.c:979:gst_poll_fd_ctl_write: 0x1f3f820: fd (fd:0, idx:1), active : 1
0:00:00.020126659  4129 0x9d3370 DEBUG   GST_REGISTRY gstregistrychunks.c:525:gst_registry_chunks_load_pad_template: Reading/casting for GstRegistryChunkPadTemplate at address 0x9eff60
0:00:00.016020443  4130 0x1f37320 LOG   GST_POLL gstpoll.c:994:gst_poll_fd_ctl_write: 0x1f3f820: pfd->events now 60 (POLLOUT:4)
0:00:00.020133657  4129 0x9d3370 DEBUG   GST_REGISTRY gstregistrychunks.c:539:gst_registry_chunks_load_pad_template: Added pad_template sink
0:00:00.016028914  4130 0x1f37320 DEBUG   GST_POLL gstpoll.c:979:gst_poll_fd_ctl_write: 0x1f3f820: fd (fd:0, idx:1), active : 1
0:00:00.020139993  4129 0x9d3370 DEBUG   GST_REGISTRY gstregistrychunks.c:525:gst_registry_chunks_load_pad_template: Reading/casting for GstRegistryChunkPadTemplate at address 0x9eff78
0:00:00.016035563  4130 0x1f37320 LOG   GST_POLL gstpoll.c:994:gst_poll_fd_ctl_write: 0x1f3f820: pfd->events now 60 (POLLOUT:4)
0:00:00.020148729  4129 0x9d3370 DEBUG   GST_REGISTRY gstregistrychunks.c:539:gst_registry_chunks_load_pad_template: Added pad_template src
0:00:00.016041868  4130 0x1f37320 DEBUG   GST_POLL gstpoll.c:979:gst_poll_fd_ctl_write: 0x1f3f820: fd (fd:0, idx:1), active : 1
0:00:00.016049129  4130 0x1f37320 LOG   GST_POLL gstpoll.c:994:gst_poll_fd_ctl_write: 0x1f3f820: pfd->events now 60 (POLLOUT:4)
0:00:00.020158530  4129 0x9d3370 DEBUG   GST_REGISTRY gstregistry.c:589:gst_registry_add_feature: adding feature 0x9f4440 (downloadbuffer)
0:00:00.016054491  4130 0x1f37320 DEBUG   GST_POLL gstpoll.c:979:gst_poll_fd_ctl_write: 0x1f3f820: fd (fd:0, idx:1), active : 1
0:00:00.016060191  4130 0x1f37320 LOG   GST_POLL gstpoll.c:994:gst_poll_fd_ctl_write: 0x1f3f820: pfd->events now 60 (POLLOUT:4)
0:00:00.020168799  4129 0x9d3370 DEBUG   GST_REFCOUNTING gstobject.c:708:gst_object_set_parent: set parent (ref and sink)
0:00:00.016065551  4130 0x1f37320 DEBUG   GST_POLL gstpoll.c:979:gst_poll_fd_ctl_write: 0x1f3f820: fd (fd:0, idx:1), active : 1
0:00:00.020178971  4129 0x9d3370 TRACE   GST_REFCOUNTING gstobject.c:292:gst_object_ref_sink: 0x9f4440 ref_sink 1->2
0:00:00.016071031  4130 0x1f37320 LOG   GST_POLL gstpoll.c:994:gst_poll_fd_ctl_write: 0x1f3f820: pfd->events now 60 (POLLOUT:4)
0:00:00.020187127  4129 0x9d3370 LOG   GST_REGISTRY gstregistry.c:607:gst_registry_add_feature: emitting feature-added for downloadbuffer
0:00:00.016081958  4130 0x1f37320 DEBUG   GST_POLL gstpoll.c:979:gst_poll_fd_ctl_write: 0x1f3f820: fd (fd:0, idx:1), active : 1
0:00:00.020194804  4129 0x9d3370 DEBUG   GST_REGISTRY gstregistrychunks.c:740:gst_registry_chunks_load_feature: Added feature downloadbuffer, plugin 0x9ed050 coreelements
0:00:00.016094187  4130 0x1f37320 LOG   GST_POLL gstpoll.c:994:gst_poll_fd_ctl_write: 0x1f3f820: pfd->events now 60 (POLLOUT:4)
0:00:00.020206853  4129 0x9d3370 DEBUG   GST_REGISTRY gstregistrychunks.c:582:gst_registry_chunks_load_feature: Plugin 'coreelements' feature 'dataurisrc' typename : 'GstElementFactory'
0:00:00.016100475  4130 0x1f37320 DEBUG   GST_POLL gstpoll.c:979:gst_poll_fd_ctl_write: 0x1f3f820: fd (fd:0, idx:1), active : 1
0:00:00.016106720  4130 0x1f37320 LOG   GST_POLL gstpoll.c:994:gst_poll_fd_ctl_write: 0x1f3f820: pfd->events now 60 (POLLOUT:4)
0:00:00.020215884  4129 0x9d3370 TRACE   GST_REFCOUNTING gstobject.c:208:gst_object_init: 0x9f4960 new
0:00:00.016112036  4130 0x1f37320 DEBUG   GST_POLL gstpoll.c:979:gst_poll_fd_ctl_write: 0x1f3f820: fd (fd:0, idx:1), active : 1
0:00:00.016117667  4130 0x1f37320 LOG   GST_POLL gstpoll.c:994:gst_poll_fd_ctl_write: 0x1f3f820: pfd->events now 60 (POLLOUT:4)
0:00:00.020227262  4129 0x9d3370 LOG   GST_REGISTRY gstregistrychunks.c:609:gst_registry_chunks_load_feature: Reading/casting for GstRegistryChunkElementFactory at address 0x9effa8
0:00:00.016122844  4130 0x1f37320 DEBUG   GST_POLL gstpoll.c:979:gst_poll_fd_ctl_write: 0x1f3f820: fd (fd:0, idx:1), active : 1
0:00:00.020236277  4129 0x9d3370 TRACE   structure gststructure.c:287:gst_structure_new_id_empty_with_size: created structure 0x9f4b60
0:00:00.016128347  4130 0x1f37320 LOG   GST_POLL gstpoll.c:994:gst_poll_fd_ctl_write: 0x1f3f820: pfd->events now 60 (POLLOUT:4)
0:00:00.020243814  4129 0x9d3370 DEBUG   structure gststructure.c:2203:gst_structure_parse_field: trying field name 'long-name'
0:00:00.016138899  4130 0x1f37320 DEBUG   GST_POLL gstpoll.c:979:gst_poll_fd_ctl_write: 0x1f3f820: fd (fd:0, idx:1), active : 1
0:00:00.020250661  4129 0x9d3370 DEBUG   default gstvalue.c:2676:_priv_gst_value_parse_value: trying type name 'string'
0:00:00.016145429  4130 0x1f37320 LOG   GST_POLL gstpoll.c:994:gst_poll_fd_ctl_write: 0x1f3f820: pfd->events now 60 (POLLOUT:4)
0:00:00.020258245  4129 0x9d3370 DEBUG   structure gststructure.c:2203:gst_structure_parse_field: trying field name 'klass'
0:00:00.016151573  4130 0x1f37320 DEBUG   GST_POLL gstpoll.c:979:gst_poll_fd_ctl_write: 0x1f3f820: fd (fd:0, idx:1), active : 1
0:00:00.020265076  4129 0x9d3370 DEBUG   default gstvalue.c:2676:_priv_gst_value_parse_value: trying type name 'string'
0:00:00.016158115  4130 0x1f37320 LOG   GST_POLL gstpoll.c:994:gst_poll_fd_ctl_write: 0x1f3f820: pfd->events now 60 (POLLOUT:4)
0:00:00.020272562  4129 0x9d3370 DEBUG   structure gststructure.c:2203:gst_structure_parse_field: trying field name 'description'
0:00:00.016165209  4130 0x1f37320 DEBUG   GST_POLL gstpoll.c:979:gst_poll_fd_ctl_write: 0x1f3f820: fd (fd:0, idx:1), active : 1
0:00:00.020279546  4129 0x9d3370 DEBUG   default gstvalue.c:2676:_priv_gst_value_parse_value: trying type name 'string'
0:00:00.016176498  4130 0x1f37320 LOG   GST_POLL gstpoll.c:994:gst_poll_fd_ctl_write: 0x1f3f820: pfd->events now 60 (POLLOUT:4)
0:00:00.016182522  4130 0x1f37320 DEBUG   GST_POLL gstpoll.c:979:gst_poll_fd_ctl_write: 0x1f3f820: fd (fd:0, idx:1), active : 1
0:00:00.020290929  4129 0x9d3370 DEBUG   structure gststructure.c:2203:gst_structure_parse_field: trying field name 'author'
0:00:00.016187485  4130 0x1f37320 LOG   GST_POLL gstpoll.c:994:gst_poll_fd_ctl_write: 0x1f3f820: pfd->events now 60 (POLLOUT:4)
0:00:00.020299972  4129 0x9d3370 DEBUG   default gstvalue.c:2676:_priv_gst_value_parse_value: trying type name 'string'
0:00:00.016195656  4130 0x1f37320 DEBUG   GST_POLL gstpoll.c:979:gst_poll_fd_ctl_write: 0x1f3f820: fd (fd:0, idx:1), active : 1
0:00:00.020308831  4129 0x9d3370 DEBUG   GST_REGISTRY gstregistrychunks.c:626:gst_registry_chunks_load_feature: Element factory : npadtemplates=1
0:00:00.016202167  4130 0x1f37320 LOG   GST_POLL gstpoll.c:994:gst_poll_fd_ctl_write: 0x1f3f820: pfd->events now 60 (POLLOUT:4)
0:00:00.020316034  4129 0x9d3370 DEBUG   GST_REGISTRY gstregistrychunks.c:525:gst_registry_chunks_load_pad_template: Reading/casting for GstRegistryChunkPadTemplate at address 0x9f00c0
0:00:00.016209412  4130 0x1f37320 DEBUG   GST_POLL gstpoll.c:979:gst_poll_fd_ctl_write: 0x1f3f820: fd (fd:0, idx:1), active : 1
0:00:00.020323137  4129 0x9d3370 DEBUG   GST_REGISTRY gstregistrychunks.c:539:gst_registry_chunks_load_pad_template: Added pad_template src
0:00:00.016216025  4130 0x1f37320 LOG   GST_POLL gstpoll.c:994:gst_poll_fd_ctl_write: 0x1f3f820: pfd->events now 60 (POLLOUT:4)
0:00:00.020330755  4129 0x9d3370 DEBUG   GST_REGISTRY gstregistrychunks.c:639:gst_registry_chunks_load_feature: Reading 1 UriTypes at address 0x9f00d0
0:00:00.016223116  4130 0x1f37320 DEBUG   GST_POLL gstpoll.c:979:gst_poll_fd_ctl_write: 0x1f3f820: fd (fd:0, idx:1), active : 1
0:00:00.020338729  4129 0x9d3370 DEBUG   GST_REGISTRY gstregistrychunks.c:654:gst_registry_chunks_load_feature: Reading 1 Interfaces at address 0x9f00d9
0:00:00.016230728  4130 0x1f37320 LOG   GST_POLL gstpoll.c:994:gst_poll_fd_ctl_write: 0x1f3f820: pfd->events now 60 (POLLOUT:4)
0:00:00.016238647  4130 0x1f37320 DEBUG   GST_POLL gstpoll.c:979:gst_poll_fd_ctl_write: 0x1f3f820: fd (fd:0, idx:1), active : 1
0:00:00.020347847  4129 0x9d3370 DEBUG   GST_REGISTRY gstregistry.c:589:gst_registry_add_feature: adding feature 0x9f4960 (dataurisrc)
0:00:00.016243677  4130 0x1f37320 LOG   GST_POLL gstpoll.c:994:gst_poll_fd_ctl_write: 0x1f3f820: pfd->events now 60 (POLLOUT:4)
0:00:00.020357383  4129 0x9d3370 DEBUG   GST_REFCOUNTING gstobject.c:708:gst_object_set_parent: set parent (ref and sink)
0:00:00.016251843  4130 0x1f37320 DEBUG   GST_POLL gstpoll.c:979:gst_poll_fd_ctl_write: 0x1f3f820: fd (fd:0, idx:1), active : 1
0:00:00.020367435  4129 0x9d3370 TRACE   GST_REFCOUNTING gstobject.c:292:gst_object_ref_sink: 0x9f4960 ref_sink 1->2
0:00:00.016263241  4130 0x1f37320 LOG   GST_POLL gstpoll.c:994:gst_poll_fd_ctl_write: 0x1f3f820: pfd->events now 60 (POLLOUT:4)
0:00:00.020375631  4129 0x9d3370 LOG   GST_REGISTRY gstregistry.c:607:gst_registry_add_feature: emitting feature-added for dataurisrc
0:00:00.016269602  4130 0x1f37320 DEBUG   GST_POLL gstpoll.c:979:gst_poll_fd_ctl_write: 0x1f3f820: fd (fd:0, idx:1), active : 1
0:00:00.020383374  4129 0x9d3370 DEBUG   GST_REGISTRY gstregistrychunks.c:740:gst_registry_chunks_load_feature: Added feature dataurisrc, plugin 0x9ed050 coreelements
0:00:00.016275684  4130 0x1f37320 LOG   GST_POLL gstpoll.c:994:gst_poll_fd_ctl_write: 0x1f3f820: pfd->events now 60 (POLLOUT:4)
0:00:00.020390614  4129 0x9d3370 DEBUG   GST_REGISTRY gstregistrychunks.c:582:gst_registry_chunks_load_feature: Plugin 'coreelements' feature 'concat' typename : 'GstElementFactory'
0:00:00.016283244  4130 0x1f37320 DEBUG   GST_POLL gstpoll.c:979:gst_poll_fd_ctl_write: 0x1f3f820: fd (fd:0, idx:1), active : 1
0:00:00.016290351  4130 0x1f37320 LOG   GST_POLL gstpoll.c:994:gst_poll_fd_ctl_write: 0x1f3f820: pfd->events now 60 (POLLOUT:4)
