0:00:00.012353203  4414 0x55c3b444c360 DEBUG   GST_POLL gstpoll.c:979:gst_poll_fd_ctl_write: 0x55c3b4470970: fd (fd:0, idx:1), active : 1
0:00:00.012359199  4414 0x55c3b444c360 LOG   GST_POLL gstpoll.c:994:gst_poll_fd_ctl_write: 0x55c3b4470970: pfd->events now 60 (POLLOUT:4)
0:00:00.012365392  4414 0x55c3b444c360 LOG   GST_PLUGIN_LOADING gstpluginloader.c:645:put_chunk: Expanding tx buf from 5764 to 7717 for chunk of size 229
0:00:00.012371979  4414 0x55c3b444c360 DEBUG   GST_POLL gstpoll.c:979:gst_poll_fd_ctl_write: 0x55c3b4470970: fd (fd:0, idx:1), active : 1
0:00:00.012377957  4414 0x55c3b444c360 LOG   GST_POLL gstpoll.c:994:gst_poll_fd_ctl_write: 0x55c3b4470970: pfd->events now 60 (POLLOUT:4)
0:00:00.012384335  4414 0x55c3b444c360 DEBUG   GST_POLL gstpoll.c:979:gst_poll_fd_ctl_write: 0x55c3b4470970: fd (fd:0, idx:1), active : 1
0:00:00.012390339  4414 0x55c3b444c360 LOG   GST_POLL gstpoll.c:994:gst_poll_fd_ctl_write: 0x55c3b4470970: pfd->events now 60 (POLLOUT:4)
0:00:00.012396714  4414 0x55c3b444c360 DEBUG   GST_POLL gstpoll.c:979:gst_poll_fd_ctl_write: 0x55c3b4470970: fd (fd:0, idx:1), active : 1
0:00:00.012402812  4414 0x55c3b444c360 LOG   GST_POLL gstpoll.c:994:gst_poll_fd_ctl_write: 0x55c3b4470970: pfd->events now 60 (POLLOUT:4)
0:00:00.012409215  4414 0x55c3b444c360 DEBUG   GST_POLL gstpoll.c:979:gst_poll_fd_ctl_write: 0x55c3b4470970: fd (fd:0, idx:1), active : 1
0:00:00.012415219  4414 0x55c3b444c360 LOG   GST_POLL gstpoll.c:994:gst_poll_fd_ctl_write: 0x55c3b4470970: pfd->events now 60 (POLLOUT:4)
0:00:00.012421537  4414 0x55c3b444c360 DEBUG   GST_POLL gstpoll.c:979:gst_poll_fd_ctl_write: 0x55c3b4470970: fd (fd:0, idx:1), active : 1
0:00:00.012427535  4414 0x55c3b444c360 LOG   GST_POLL gstpoll.c:994:gst_poll_fd_ctl_write: 0x55c3b4470970: pfd->events now 60 (POLLOUT:4)
0:00:00.012433922  4414 0x55c3b444c360 DEBUG   GST_POLL gstpoll.c:979:gst_poll_fd_ctl_write: 0x55c3b4470970: fd (fd:0, idx:1), active : 1
0:00:00.012439927  4414 0x55c3b444c360 LOG   GST_POLL gstpoll.c:994:gst_poll_fd_ctl_write: 0x55c3b4470970: pfd->events now 60 (POLLOUT:4)
0:00:00.012447333  4414 0x55c3b444c360 DEBUG   GST_POLL gstpoll.c:979:gst_poll_fd_ctl_write: 0x55c3b4470970: fd (fd:0, idx:1), active : 1
0:00:00.012459095  4414 0x55c3b444c360 LOG   GST_POLL gstpoll.c:994:gst_poll_fd_ctl_write: 0x55c3b4470970: pfd->events now 60 (POLLOUT:4)
0:00:00.012465640  4414 0x55c3b444c360 DEBUG   GST_POLL gstpoll.c:979:gst_poll_fd_ctl_write: 0x55c3b4470970: fd (fd:0, idx:1), active : 1
0:00:00.012471562  4414 0x55c3b444c360 LOG   GST_POLL gstpoll.c:994:gst_poll_fd_ctl_write: 0x55c3b4470970: pfd->events now 60 (POLLOUT:4)
0:00:00.012477949  4414 0x55c3b444c360 DEBUG   GST_POLL gstpoll.c:979:gst_poll_fd_ctl_write: 0x55c3b4470970: fd (fd:0, idx:1), active : 1
0:00:00.012483874  4414 0x55c3b444c360 LOG   GST_POLL gstpoll.c:994:gst_poll_fd_ctl_write: 0x55c3b4470970: pfd->events now 60 (POLLOUT:4)
0:00:00.012490209  4414 0x55c3b444c360 DEBUG   GST_POLL gstpoll.c:979:gst_poll_fd_ctl_write: 0x55c3b4470970: fd (fd:0, idx:1), active : 1
0:00:00.012497244  4414 0x55c3b444c360 LOG   GST_POLL gstpoll.c:994:gst_poll_fd_ctl_write: 0x55c3b4470970: pfd->events now 60 (POLLOUT:4)
0:00:00.012504655  4414 0x55c3b444c360 DEBUG   GST_POLL gstpoll.c:979:gst_poll_fd_ctl_write: 0x55c3b4470970: fd (fd:0, idx:1), active : 1
0:00:00.012510650  4414 0x55c3b444c360 LOG   GST_POLL gstpoll.c:994:gst_poll_fd_ctl_write: 0x55c3b4470970: pfd->events now 60 (POLLOUT:4)
0:00:00.012517006  4414 0x55c3b444c360 DEBUG   GST_POLL gstpoll.c:979:gst_poll_fd_ctl_write: 0x55c3b4470970: fd (fd:0, idx:1), active : 1
0:00:00.012522974  4414 0x55c3b444c360 LOG   GST_POLL gstpoll.c:994:gst_poll_fd_ctl_write: 0x55c3b4470970: pfd->events now 60 (POLLOUT:4)
0:00:00.012529255  4414 0x55c3b444c360 DEBUG   GST_POLL gstpoll.c:979:gst_poll_fd_ctl_write: 0x55c3b4470970: fd (fd:0, idx:1), active : 1
0:00:00.012535220  4414 0x55c3b444c360 LOG   GST_POLL gstpoll.c:994:gst_poll_fd_ctl_write: 0x55c3b4470970: pfd->events now 60 (POLLOUT:4)
0:00:00.012541540  4414 0x55c3b444c360 DEBUG   GST_POLL gstpoll.c:979:gst_poll_fd_ctl_write: 0x55c3b4470970: fd (fd:0, idx:1), active : 1
0:00:00.012547563  4414 0x55c3b444c360 LOG   GST_POLL gstpoll.c:994:gst_poll_fd_ctl_write: 0x55c3b4470970: pfd->events now 60 (POLLOUT:4)
0:00:00.012553853  4414 0x55c3b444c360 DEBUG   GST_POLL gstpoll.c:979:gst_poll_fd_ctl_write: 0x55c3b4470970: fd (fd:0, idx:1), active : 1
0:00:00.012559818  4414 0x55c3b444c360 LOG   GST_POLL gstpoll.c:994:gst_poll_fd_ctl_write: 0x55c3b4470970: pfd->events now 60 (POLLOUT:4)
0:00:00.012566125  4414 0x55c3b444c360 DEBUG   GST_POLL gstpoll.c:979:gst_poll_fd_ctl_write: 0x55c3b4470970: fd (fd:0, idx:1), active : 1
0:00:00.012572191  4414 0x55c3b444c360 LOG   GST_POLL gstpoll.c:994:gst_poll_fd_ctl_write: 0x55c3b4470970: pfd->events now 60 (POLLOUT:4)
0:00:00.012578415  4414 0x55c3b444c360 DEBUG   GST_POLL gstpoll.c:979:gst_poll_fd_ctl_write: 0x55c3b4470970: fd (fd:0, idx:1), active : 1
0:00:00.012584363  4414 0x55c3b444c360 LOG   GST_POLL gstpoll.c:994:gst_poll_fd_ctl_write: 0x55c3b4470970: pfd->events now 60 (POLLOUT:4)
0:00:00.012590752  4414 0x55c3b444c360 DEBUG   GST_POLL gstpoll.c:979:gst_poll_fd_ctl_write: 0x55c3b4470970: fd (fd:0, idx:1), active : 1
0:00:00.012596763  4414 0x55c3b444c360 LOG   GST_POLL gstpoll.c:994:gst_poll_fd_ctl_write: 0x55c3b4470970: pfd->events now 60 (POLLOUT:4)
0:00:00.012608638  4414 0x55c3b444c360 DEBUG   GST_POLL gstpoll.c:979:gst_poll_fd_ctl_write: 0x55c3b4470970: fd (fd:0, idx:1), active : 1
0:00:00.012614658  4414 0x55c3b444c360 LOG   GST_POLL gstpoll.c:994:gst_poll_fd_ctl_write: 0x55c3b4470970: pfd->events now 60 (POLLOUT:4)
0:00:00.012621060  4414 0x55c3b444c360 DEBUG   GST_POLL gstpoll.c:979:gst_poll_fd_ctl_write: 0x55c3b4470970: fd (fd:0, idx:1), active : 1
0:00:00.012627012  4414 0x55c3b444c360 LOG   GST_POLL gstpoll.c:994:gst_poll_fd_ctl_write: 0x55c3b4470970: pfd->events now 60 (POLLOUT:4)
0:00:00.012633343  4414 0x55c3b444c360 DEBUG   GST_POLL gstpoll.c:979:gst_poll_fd_ctl_write: 0x55c3b4470970: fd (fd:0, idx:1), active : 1
0:00:00.012639368  4414 0x55c3b444c360 LOG   GST_POLL gstpoll.c:994:gst_poll_fd_ctl_write: 0x55c3b4470970: pfd->events now 60 (POLLOUT:4)
0:00:00.012645724  4414 0x55c3b444c360 DEBUG   GST_POLL gstpoll.c:979:gst_poll_fd_ctl_write: 0x55c3b4470970: fd (fd:0, idx:1), active : 1
0:00:00.012651715  4414 0x55c3b444c360 LOG   GST_POLL gstpoll.c:994:gst_poll_fd_ctl_write: 0x55c3b4470970: pfd->events now 60 (POLLOUT:4)
0:00:00.012658073  4414 0x55c3b444c360 DEBUG   GST_POLL gstpoll.c:979:gst_poll_fd_ctl_write: 0x55c3b4470970: fd (fd:0, idx:1), active : 1
0:00:00.012664032  4414 0x55c3b444c360 LOG   GST_POLL gstpoll.c:994:gst_poll_fd_ctl_write: 0x55c3b4470970: pfd->events now 60 (POLLOUT:4)
0:00:00.012670387  4414 0x55c3b444c360 DEBUG   GST_POLL gstpoll.c:979:gst_poll_fd_ctl_write: 0x55c3b4470970: fd (fd:0, idx:1), active : 1
0:00:00.012676315  4414 0x55c3b444c360 LOG   GST_POLL gstpoll.c:994:gst_poll_fd_ctl_write: 0x55c3b4470970: pfd->events now 60 (POLLOUT:4)
0:00:00.012682709  4414 0x55c3b444c360 DEBUG   GST_POLL gstpoll.c:979:gst_poll_fd_ctl_write: 0x55c3b4470970: fd (fd:0, idx:1), active : 1
0:00:00.012688653  4414 0x55c3b444c360 LOG   GST_POLL gstpoll.c:994:gst_poll_fd_ctl_write: 0x55c3b4470970: pfd->events now 60 (POLLOUT:4)
0:00:00.012694926  4414 0x55c3b444c360 DEBUG   GST_POLL gstpoll.c:979:gst_poll_fd_ctl_write: 0x55c3b4470970: fd (fd:0, idx:1), active : 1
0:00:00.012700921  4414 0x55c3b444c360 LOG   GST_POLL gstpoll.c:994:gst_poll_fd_ctl_write: 0x55c3b4470970: pfd->events now 60 (POLLOUT:4)
0:00:00.012707213  4414 0x55c3b444c360 DEBUG   GST_POLL gstpoll.c:979:gst_poll_fd_ctl_write: 0x55c3b4470970: fd (fd:0, idx:1), active : 1
0:00:00.012713184  4414 0x55c3b444c360 LOG   GST_POLL gstpoll.c:994:gst_poll_fd_ctl_write: 0x55c3b4470970: pfd->events now 60 (POLLOUT:4)
0:00:00.012719590  4414 0x55c3b444c360 DEBUG   GST_POLL gstpoll.c:979:gst_poll_fd_ctl_write: 0x55c3b4470970: fd (fd:0, idx:1), active : 1
0:00:00.012725524  4414 0x55c3b444c360 LOG   GST_POLL gstpoll.c:994:gst_poll_fd_ctl_write: 0x55c3b4470970: pfd->events now 60 (POLLOUT:4)
0:00:00.012731904  4414 0x55c3b444c360 DEBUG   GST_POLL gstpoll.c:979:gst_poll_fd_ctl_write: 0x55c3b4470970: fd (fd:0, idx:1), active : 1
0:00:00.012737892  4414 0x55c3b444c360 LOG   GST_POLL gstpoll.c:994:gst_poll_fd_ctl_write: 0x55c3b4470970: pfd->events now 60 (POLLOUT:4)
0:00:00.012748023  4414 0x55c3b444c360 DEBUG   GST_POLL gstpoll.c:979:gst_poll_fd_ctl_write: 0x55c3b4470970: fd (fd:0, idx:1), active : 1
0:00:00.012754209  4414 0x55c3b444c360 LOG   GST_POLL gstpoll.c:994:gst_poll_fd_ctl_write: 0x55c3b4470970: pfd->events now 60 (POLLOUT:4)
0:00:00.012760592  4414 0x55c3b444c360 DEBUG   GST_POLL gstpoll.c:979:gst_poll_fd_ctl_write: 0x55c3b4470970: fd (fd:0, idx:1), active : 1
0:00:00.012766555  4414 0x55c3b444c360 LOG   GST_POLL gstpoll.c:994:gst_poll_fd_ctl_write: 0x55c3b4470970: pfd->events now 60 (POLLOUT:4)
0:00:00.012772905  4414 0x55c3b444c360 DEBUG   GST_POLL gstpoll.c:979:gst_poll_fd_ctl_write: 0x55c3b4470970: fd (fd:0, idx:1), active : 1
0:00:00.012778875  4414 0x55c3b444c360 LOG   GST_POLL gstpoll.c:994:gst_poll_fd_ctl_write: 0x55c3b4470970: pfd->events now 60 (POLLOUT:4)
0:00:00.012785297  4414 0x55c3b444c360 DEBUG   GST_POLL gstpoll.c:979:gst_poll_fd_ctl_write: 0x55c3b4470970: fd (fd:0, idx:1), active : 1
0:00:00.012791267  4414 0x55c3b444c360 LOG   GST_POLL gstpoll.c:994:gst_poll_fd_ctl_write: 0x55c3b4470970: pfd->events now 60 (POLLOUT:4)
0:00:00.012797649  4414 0x55c3b444c360 DEBUG   GST_POLL gstpoll.c:979:gst_poll_fd_ctl_write: 0x55c3b4470970: fd (fd:0, idx:1), active : 1
0:00:00.012803589  4414 0x55c3b444c360 LOG   GST_POLL gstpoll.c:994:gst_poll_fd_ctl_write: 0x55c3b4470970: pfd->events now 60 (POLLOUT:4)
0:00:00.012809990  4414 0x55c3b444c360 DEBUG   GST_POLL gstpoll.c:979:gst_poll_fd_ctl_write: 0x55c3b4470970: fd (fd:0, idx:1), active : 1
0:00:00.012815935  4414 0x55c3b444c360 LOG   GST_POLL gstpoll.c:994:gst_poll_fd_ctl_write: 0x55c3b4470970: pfd->events now 60 (POLLOUT:4)
0:00:00.012822259  4414 0x55c3b444c360 DEBUG   GST_POLL gstpoll.c:979:gst_poll_fd_ctl_write: 0x55c3b4470970: fd (fd:0, idx:1), active : 1
0:00:00.012828286  4414 0x55c3b444c360 LOG   GST_POLL gstpoll.c:994:gst_poll_fd_ctl_write: 0x55c3b4470970: pfd->events now 60 (POLLOUT:4)
0:00:00.012834636  4414 0x55c3b444c360 DEBUG   GST_POLL gstpoll.c:979:gst_poll_fd_ctl_write: 0x55c3b4470970: fd (fd:0, idx:1), active : 1
0:00:00.012840570  4414 0x55c3b444c360 LOG   GST_POLL gstpoll.c:994:gst_poll_fd_ctl_write: 0x55c3b4470970: pfd->events now 60 (POLLOUT:4)
0:00:00.012847067  4414 0x55c3b444c360 DEBUG   GST_POLL gstpoll.c:979:gst_poll_fd_ctl_write: 0x55c3b4470970: fd (fd:0, idx:1), active : 1
0:00:00.012853029  4414 0x55c3b444c360 LOG   GST_POLL gstpoll.c:994:gst_poll_fd_ctl_write: 0x55c3b4470970: pfd->events now 60 (POLLOUT:4)
0:00:00.012859402  4414 0x55c3b444c360 DEBUG   GST_POLL gstpoll.c:979:gst_poll_fd_ctl_write: 0x55c3b4470970: fd (fd:0, idx:1), active : 1
0:00:00.012865383  4414 0x55c3b444c360 LOG   GST_POLL gstpoll.c:994:gst_poll_fd_ctl_write: 0x55c3b4470970: pfd->events now 60 (POLLOUT:4)
0:00:00.012871814  4414 0x55c3b444c360 DEBUG   GST_POLL gstpoll.c:979:gst_poll_fd_ctl_write: 0x55c3b4470970: fd (fd:0, idx:1), active : 1
0:00:00.012877765  4414 0x55c3b444c360 LOG   GST_POLL gstpoll.c:994:gst_poll_fd_ctl_write: 0x55c3b4470970: pfd->events now 60 (POLLOUT:4)
0:00:00.012884028  4414 0x55c3b444c360 DEBUG   GST_POLL gstpoll.c:979:gst_poll_fd_ctl_write: 0x55c3b4470970: fd (fd:0, idx:1), active : 1
0:00:00.012898138  4414 0x55c3b444c360 LOG   GST_POLL gstpoll.c:994:gst_poll_fd_ctl_write: 0x55c3b4470970: pfd->events now 60 (POLLOUT:4)
0:00:00.012904716  4414 0x55c3b444c360 DEBUG   GST_POLL gstpoll.c:979:gst_poll_fd_ctl_write: 0x55c3b4470970: fd (fd:0, idx:1), active : 1
0:00:00.012910733  4414 0x55c3b444c360 LOG   GST_POLL gstpoll.c:994:gst_poll_fd_ctl_write: 0x55c3b4470970: pfd->events now 60 (POLLOUT:4)
0:00:00.012917086  4414 0x55c3b444c360 DEBUG   GST_POLL gstpoll.c:979:gst_poll_fd_ctl_write: 0x55c3b4470970: fd (fd:0, idx:1), active : 1
0:00:00.012923058  4414 0x55c3b444c360 LOG   GST_POLL gstpoll.c:994:gst_poll_fd_ctl_write: 0x55c3b4470970: pfd->events now 60 (POLLOUT:4)
0:00:00.012936378  4414 0x55c3b444c360 DEBUG   GST_POLL gstpoll.c:979:gst_poll_fd_ctl_write: 0x55c3b4470970: fd (fd:0, idx:1), active : 1
0:00:00.012943632  4414 0x55c3b444c360 LOG   GST_POLL gstpoll.c:994:gst_poll_fd_ctl_write: 0x55c3b4470970: pfd->events now 60 (POLLOUT:4)
0:00:00.012950031  4414 0x55c3b444c360 DEBUG   GST_POLL gstpoll.c:979:gst_poll_fd_ctl_write: 0x55c3b4470970: fd (fd:0, idx:1), active : 1
0:00:00.012956072  4414 0x55c3b444c360 LOG   GST_POLL gstpoll.c:994:gst_poll_fd_ctl_write: 0x55c3b4470970: pfd->events now 60 (POLLOUT:4)
0:00:00.012962463  4414 0x55c3b444c360 DEBUG   GST_POLL gstpoll.c:979:gst_poll_fd_ctl_write: 0x55c3b4470970: fd (fd:0, idx:1), active : 1
0:00:00.012968415  4414 0x55c3b444c360 LOG   GST_POLL gstpoll.c:994:gst_poll_fd_ctl_write: 0x55c3b4470970: pfd->events now 60 (POLLOUT:4)
0:00:00.012974827  4414 0x55c3b444c360 DEBUG   GST_POLL gstpoll.c:979:gst_poll_fd_ctl_write: 0x55c3b4470970: fd (fd:0, idx:1), active : 1
0:00:00.012980824  4414 0x55c3b444c360 LOG   GST_POLL gstpoll.c:994:gst_poll_fd_ctl_write: 0x55c3b4470970: pfd->events now 60 (POLLOUT:4)
0:00:00.012987220  4414 0x55c3b444c360 DEBUG   GST_POLL gstpoll.c:979:gst_poll_fd_ctl_write: 0x55c3b4470970: fd (fd:0, idx:1), active : 1
0:00:00.012993185  4414 0x55c3b444c360 LOG   GST_POLL gstpoll.c:994:gst_poll_fd_ctl_write: 0x55c3b4470970: pfd->events now 60 (POLLOUT:4)
0:00:00.012999586  4414 0x55c3b444c360 DEBUG   GST_POLL gstpoll.c:979:gst_poll_fd_ctl_write: 0x55c3b4470970: fd (fd:0, idx:1), active : 1
0:00:00.013005581  4414 0x55c3b444c360 LOG   GST_POLL gstpoll.c:994:gst_poll_fd_ctl_write: 0x55c3b4470970: pfd->events now 60 (POLLOUT:4)
0:00:00.013012006  4414 0x55c3b444c360 DEBUG   GST_POLL gstpoll.c:979:gst_poll_fd_ctl_write: 0x55c3b4470970: fd (fd:0, idx:1), active : 1
0:00:00.013018077  4414 0x55c3b444c360 LOG   GST_POLL gstpoll.c:994:gst_poll_fd_ctl_write: 0x55c3b4470970: pfd->events now 60 (POLLOUT:4)
0:00:00.013024481  4414 0x55c3b444c360 DEBUG   GST_POLL gstpoll.c:979:gst_poll_fd_ctl_write: 0x55c3b4470970: fd (fd:0, idx:1), active : 1
0:00:00.013030452  4414 0x55c3b444c360 LOG   GST_POLL gstpoll.c:994:gst_poll_fd_ctl_write: 0x55c3b4470970: pfd->events now 60 (POLLOUT:4)
0:00:00.013036811  4414 0x55c3b444c360 DEBUG   GST_POLL gstpoll.c:979:gst_poll_fd_ctl_write: 0x55c3b4470970: fd (fd:0, idx:1), active : 1
0:00:00.013046614  4414 0x55c3b444c360 LOG   GST_POLL gstpoll.c:994:gst_poll_fd_ctl_write: 0x55c3b4470970: pfd->events now 60 (POLLOUT:4)
0:00:00.013053079  4414 0x55c3b444c360 DEBUG   GST_POLL gstpoll.c:979:gst_poll_fd_ctl_write: 0x55c3b4470970: fd (fd:0, idx:1), active : 1
0:00:00.013059004  4414 0x55c3b444c360 LOG   GST_POLL gstpoll.c:994:gst_poll_fd_ctl_write: 0x55c3b4470970: pfd->events now 60 (POLLOUT:4)
0:00:00.013065334  4414 0x55c3b444c360 DEBUG   GST_POLL gstpoll.c:979:gst_poll_fd_ctl_write: 0x55c3b4470970: fd (fd:0, idx:1), active : 1
0:00:00.013071332  4414 0x55c3b444c360 LOG   GST_POLL gstpoll.c:994:gst_poll_fd_ctl_write: 0x55c3b4470970: pfd->events now 60 (POLLOUT:4)
0:00:00.013081624  4414 0x55c3b444c360 TRACE   GST_REFCOUNTING gstobject.c:264:gst_object_unref: 0x55c3b44744a0 unref 2->1
0:00:00.013089367  4414 0x55c3b444c360 DEBUG   GST_POLL gstpoll.c:1241:gst_poll_fd_has_error: 0x55c3b4470970: fd (fd:0, idx:1) 0
0:00:00.013096004  4414 0x55c3b444c360 DEBUG   GST_POLL gstpoll.c:1335:gst_poll_fd_can_write: 0x55c3b4470970: fd (fd:0, idx:1) 1
0:00:00.013102190  4414 0x55c3b444c360 LOG   GST_PLUGIN_LOADING gstpluginloader.c:690:write_one: Writing packet of size 488 bytes to fd 0
0:00:00.013121274  4414 0x55c3b444c360 DEBUG   GST_POLL gstpoll.c:1414:gst_poll_wait: 0x55c3b4470970: timeout :0:00:01.000000000
0:00:00.013131809  4414 0x55c3b444c360 LOG   GST_PLUGIN_LOADING gstpluginloader.c:1027:exchange_packets: Poll res = 2. 6872 bytes pending for write
0:00:00.013138804  4414 0x55c3b444c360 DEBUG   GST_POLL gstpoll.c:1241:gst_poll_fd_has_error: 0x55c3b4470970: fd (fd:5, idx:2) 0
0:00:00.013145436  4414 0x55c3b444c360 DEBUG   GST_POLL gstpoll.c:1266:gst_poll_fd_can_read_unlocked: 0x55c3b4470970: fd (fd:5, idx:2) 1
0:00:00.018102597  4413 0x55d2ebafe360 LOG   GST_PLUGIN_LOADING gstpluginloader.c:1027:exchange_packets: Poll res = 1. 0 bytes pending for write
0:00:00.013155533  4414 0x55c3b444c360 DEBUG   GST_PLUGIN_LOADING gstpluginloader.c:722:do_plugin_load: Plugin scanner loading file /home/conan/w/prod/BuildSingleReference/.conan/data/gstreamer/1.18.4/_/_/package/272fbcd9d24b96d15fa29c90965666ae8e9f2d35/lib/gstreamer-1.0/libgstcoretracers.so. tag 2
0:00:00.018125754  4413 0x55d2ebafe360 DEBUG   GST_POLL gstpoll.c:1241:gst_poll_fd_has_error: 0x55d2ebb23530: fd (fd:8, idx:2) 0
0:00:00.013170934  4414 0x55c3b444c360 TRACE   GST_REFCOUNTING gstobject.c:237:gst_object_ref: 0x55c3b4471f90 ref 1->2
0:00:00.018135215  4413 0x55d2ebafe360 DEBUG   GST_POLL gstpoll.c:1266:gst_poll_fd_can_read_unlocked: 0x55d2ebb23530: fd (fd:8, idx:2) 1
0:00:00.013180868  4414 0x55c3b444c360 TRACE   GST_REFCOUNTING gstobject.c:237:gst_object_ref: 0x55c3b4473f00 ref 1->2
0:00:00.013188456  4414 0x55c3b444c360 TRACE   GST_REFCOUNTING gstobject.c:237:gst_object_ref: 0x55c3b4473b90 ref 1->2
0:00:00.018149262  4413 0x55d2ebafe360 DEBUG   GST_PLUGIN_LOADING gstpluginloader.c:848:handle_rx_packet: Received plugin details from child w/ tag 0. 476 bytes info
0:00:00.013195321  4414 0x55c3b444c360 TRACE   GST_REFCOUNTING gstobject.c:237:gst_object_ref: 0x55c3b4473950 ref 1->2
0:00:00.013206825  4414 0x55c3b444c360 TRACE   GST_REFCOUNTING gstobject.c:237:gst_object_ref: 0x55c3b44735c0 ref 1->2
0:00:00.018166224  4413 0x55d2ebafe360 LOG   GST_REGISTRY gstregistrychunks.c:836:_priv_gst_registry_chunks_load_plugin: Reading/casting for GstRegistryChunkPluginElement at address 0x55d2ebb1ee00
0:00:00.013214007  4414 0x55c3b444c360 TRACE   GST_REFCOUNTING gstobject.c:237:gst_object_ref: 0x55c3b4473060 ref 1->2
0:00:00.013224496  4414 0x55c3b444c360 TRACE   GST_REFCOUNTING gstobject.c:264:gst_object_unref: 0x55c3b4473060 unref 2->1
0:00:00.018184119  4413 0x55d2ebafe360 TRACE   GST_REFCOUNTING gstobject.c:208:gst_object_init: 0x55d2ebb23b90 new
0:00:00.013231517  4414 0x55c3b444c360 TRACE   GST_REFCOUNTING gstobject.c:264:gst_object_unref: 0x55c3b44735c0 unref 2->1
0:00:00.013238671  4414 0x55c3b444c360 TRACE   GST_REFCOUNTING gstobject.c:264:gst_object_unref: 0x55c3b4473950 unref 2->1
0:00:00.013245387  4414 0x55c3b444c360 TRACE   GST_REFCOUNTING gstobject.c:264:gst_object_unref: 0x55c3b4473b90 unref 2->1
0:00:00.013252002  4414 0x55c3b444c360 TRACE   GST_REFCOUNTING gstobject.c:264:gst_object_unref: 0x55c3b4473f00 unref 2->1
0:00:00.018216012  4413 0x55d2ebafe360 LOG   GST_REGISTRY gstregistrychunks.c:858:_priv_gst_registry_chunks_load_plugin: read strings for name='coretracers'
0:00:00.013259995  4414 0x55c3b444c360 DEBUG   GST_REGISTRY gstregistrychunks.c:497:_priv_gst_registry_chunks_save_plugin: Found 5 features in plugin 0x55c3b4471f90 (coretracers)
0:00:00.018223020  4413 0x55d2ebafe360 LOG   GST_REGISTRY gstregistrychunks.c:859:_priv_gst_registry_chunks_load_plugin: desc.description='GStreamer core tracers'
0:00:00.013269313  4414 0x55c3b444c360 DEBUG   GST_POLL gstpoll.c:979:gst_poll_fd_ctl_write: 0x55c3b4470970: fd (fd:0, idx:1), active : 1
0:00:00.018229484  4413 0x55d2ebafe360 LOG   GST_REGISTRY gstregistrychunks.c:860:_priv_gst_registry_chunks_load_plugin: filename='/home/conan/w/prod/BuildSingleReference/.conan/data/gstreamer/1.18.4/_/_/package/272fbcd9d24b96d15fa29c90965666ae8e9f2d35/lib/gstreamer-1.0/libgstcoretracers.so'
0:00:00.013276467  4414 0x55c3b444c360 LOG   GST_POLL gstpoll.c:994:gst_poll_fd_ctl_write: 0x55c3b4470970: pfd->events now 60 (POLLOUT:4)
0:00:00.018235806  4413 0x55d2ebafe360 LOG   GST_REGISTRY gstregistrychunks.c:861:_priv_gst_registry_chunks_load_plugin: desc.version='1.18.4'
0:00:00.013283491  4414 0x55c3b444c360 DEBUG   GST_POLL gstpoll.c:979:gst_poll_fd_ctl_write: 0x55c3b4470970: fd (fd:0, idx:1), active : 1
0:00:00.018241809  4413 0x55d2ebafe360 LOG   GST_REGISTRY gstregistrychunks.c:862:_priv_gst_registry_chunks_load_plugin: desc.license='LGPL'
0:00:00.013290034  4414 0x55c3b444c360 LOG   GST_POLL gstpoll.c:994:gst_poll_fd_ctl_write: 0x55c3b4470970: pfd->events now 60 (POLLOUT:4)
0:00:00.018248722  4413 0x55d2ebafe360 LOG   GST_REGISTRY gstregistrychunks.c:863:_priv_gst_registry_chunks_load_plugin: desc.source='gstreamer'
0:00:00.013297053  4414 0x55c3b444c360 DEBUG   GST_POLL gstpoll.c:979:gst_poll_fd_ctl_write: 0x55c3b4470970: fd (fd:0, idx:1), active : 1
0:00:00.018255292  4413 0x55d2ebafe360 LOG   GST_REGISTRY gstregistrychunks.c:864:_priv_gst_registry_chunks_load_plugin: desc.package='GStreamer source release'
0:00:00.013307289  4414 0x55c3b444c360 LOG   GST_POLL gstpoll.c:994:gst_poll_fd_ctl_write: 0x55c3b4470970: pfd->events now 60 (POLLOUT:4)
0:00:00.018266089  4413 0x55d2ebafe360 LOG   GST_REGISTRY gstregistrychunks.c:865:_priv_gst_registry_chunks_load_plugin: desc.origin='Unknown package origin'
0:00:00.013314361  4414 0x55c3b444c360 DEBUG   GST_POLL gstpoll.c:979:gst_poll_fd_ctl_write: 0x55c3b4470970: fd (fd:0, idx:1), active : 1
0:00:00.018272518  4413 0x55d2ebafe360 LOG   GST_REGISTRY gstregistrychunks.c:866:_priv_gst_registry_chunks_load_plugin: desc.datetime=2021-03-15
0:00:00.013320892  4414 0x55c3b444c360 LOG   GST_POLL gstpoll.c:994:gst_poll_fd_ctl_write: 0x55c3b4470970: pfd->events now 60 (POLLOUT:4)
0:00:00.013327796  4414 0x55c3b444c360 DEBUG   GST_POLL gstpoll.c:979:gst_poll_fd_ctl_write: 0x55c3b4470970: fd (fd:0, idx:1), active : 1
0:00:00.018288684  4413 0x55d2ebafe360 DEBUG   GST_REGISTRY gstregistry.c:473:gst_registry_add_plugin: adding plugin 0x55d2ebb23b90 for filename "/home/conan/w/prod/BuildSingleReference/.conan/data/gstreamer/1.18.4/_/_/package/272fbcd9d24b96d15fa29c90965666ae8e9f2d35/lib/gstreamer-1.0/libgstcoretracers.so"
0:00:00.013333950  4414 0x55c3b444c360 LOG   GST_POLL gstpoll.c:994:gst_poll_fd_ctl_write: 0x55c3b4470970: pfd->events now 60 (POLLOUT:4)
0:00:00.018298091  4413 0x55d2ebafe360 TRACE   GST_REFCOUNTING gstobject.c:292:gst_object_ref_sink: 0x55d2ebb23b90 ref_sink 1->2
0:00:00.013342008  4414 0x55c3b444c360 DEBUG   GST_POLL gstpoll.c:979:gst_poll_fd_ctl_write: 0x55c3b4470970: fd (fd:0, idx:1), active : 1
0:00:00.018306071  4413 0x55d2ebafe360 LOG   GST_REGISTRY gstregistry.c:486:gst_registry_add_plugin: emitting plugin-added for filename "/home/conan/w/prod/BuildSingleReference/.conan/data/gstreamer/1.18.4/_/_/package/272fbcd9d24b96d15fa29c90965666ae8e9f2d35/lib/gstreamer-1.0/libgstcoretracers.so"
0:00:00.013350614  4414 0x55c3b444c360 LOG   GST_POLL gstpoll.c:994:gst_poll_fd_ctl_write: 0x55c3b4470970: pfd->events now 60 (POLLOUT:4)
0:00:00.018314155  4413 0x55d2ebafe360 DEBUG   GST_REGISTRY gstregistrychunks.c:886:_priv_gst_registry_chunks_load_plugin: Added plugin 'coretracers' plugin with 5 features from binary registry
0:00:00.013358808  4414 0x55c3b444c360 DEBUG   GST_POLL gstpoll.c:979:gst_poll_fd_ctl_write: 0x55c3b4470970: fd (fd:0, idx:1), active : 1
0:00:00.018321999  4413 0x55d2ebafe360 DEBUG   GST_REGISTRY gstregistrychunks.c:582:gst_registry_chunks_load_feature: Plugin 'coretracers' feature 'leaks' typename : 'GstTracerFactory'
0:00:00.013366324  4414 0x55c3b444c360 LOG   GST_POLL gstpoll.c:994:gst_poll_fd_ctl_write: 0x55c3b4470970: pfd->events now 60 (POLLOUT:4)
0:00:00.013374315  4414 0x55c3b444c360 DEBUG   GST_POLL gstpoll.c:979:gst_poll_fd_ctl_write: 0x55c3b4470970: fd (fd:0, idx:1), active : 1
0:00:00.018335051  4413 0x55d2ebafe360 TRACE   GST_REFCOUNTING gstobject.c:208:gst_object_init: 0x55d2ebb23f40 new
0:00:00.013380288  4414 0x55c3b444c360 LOG   GST_POLL gstpoll.c:994:gst_poll_fd_ctl_write: 0x55c3b4470970: pfd->events now 60 (POLLOUT:4)
0:00:00.018346269  4413 0x55d2ebafe360 DEBUG   GST_REGISTRY gstregistrychunks.c:716:gst_registry_chunks_load_feature: Reading/casting for GstRegistryChunkPluginFeature at address 0x55d2ebb1ef48
0:00:00.013391976  4414 0x55c3b444c360 DEBUG   GST_POLL gstpoll.c:979:gst_poll_fd_ctl_write: 0x55c3b4470970: fd (fd:0, idx:1), active : 1
0:00:00.018354881  4413 0x55d2ebafe360 DEBUG   GST_REGISTRY gstregistry.c:589:gst_registry_add_feature: adding feature 0x55d2ebb23f40 (leaks)
0:00:00.013398537  4414 0x55c3b444c360 LOG   GST_POLL gstpoll.c:994:gst_poll_fd_ctl_write: 0x55c3b4470970: pfd->events now 60 (POLLOUT:4)
0:00:00.018363408  4413 0x55d2ebafe360 DEBUG   GST_REFCOUNTING gstobject.c:708:gst_object_set_parent: set parent (ref and sink)
0:00:00.013407541  4414 0x55c3b444c360 DEBUG   GST_POLL gstpoll.c:979:gst_poll_fd_ctl_write: 0x55c3b4470970: fd (fd:0, idx:1), active : 1
0:00:00.018371655  4413 0x55d2ebafe360 TRACE   GST_REFCOUNTING gstobject.c:292:gst_object_ref_sink: 0x55d2ebb23f40 ref_sink 1->2
0:00:00.013416067  4414 0x55c3b444c360 LOG   GST_POLL gstpoll.c:994:gst_poll_fd_ctl_write: 0x55c3b4470970: pfd->events now 60 (POLLOUT:4)
0:00:00.018379188  4413 0x55d2ebafe360 LOG   GST_REGISTRY gstregistry.c:607:gst_registry_add_feature: emitting feature-added for leaks
0:00:00.013424528  4414 0x55c3b444c360 DEBUG   GST_POLL gstpoll.c:979:gst_poll_fd_ctl_write: 0x55c3b4470970: fd (fd:0, idx:1), active : 1
0:00:00.018386908  4413 0x55d2ebafe360 DEBUG   GST_REGISTRY gstregistrychunks.c:740:gst_registry_chunks_load_feature: Added feature leaks, plugin 0x55d2ebb23b90 coretracers
0:00:00.013431262  4414 0x55c3b444c360 LOG   GST_POLL gstpoll.c:994:gst_poll_fd_ctl_write: 0x55c3b4470970: pfd->events now 60 (POLLOUT:4)
0:00:00.018394334  4413 0x55d2ebafe360 DEBUG   GST_REGISTRY gstregistrychunks.c:582:gst_registry_chunks_load_feature: Plugin 'coretracers' feature 'stats' typename : 'GstTracerFactory'
0:00:00.013439333  4414 0x55c3b444c360 DEBUG   GST_POLL gstpoll.c:979:gst_poll_fd_ctl_write: 0x55c3b4470970: fd (fd:0, idx:1), active : 1
0:00:00.013446279  4414 0x55c3b444c360 LOG   GST_POLL gstpoll.c:994:gst_poll_fd_ctl_write: 0x55c3b4470970: pfd->events now 60 (POLLOUT:4)
0:00:00.018402656  4413 0x55d2ebafe360 TRACE   GST_REFCOUNTING gstobject.c:208:gst_object_init: 0x55d2ebb24090 new
0:00:00.013452690  4414 0x55c3b444c360 DEBUG   GST_POLL gstpoll.c:979:gst_poll_fd_ctl_write: 0x55c3b4470970: fd (fd:0, idx:1), active : 1
0:00:00.018412786  4413 0x55d2ebafe360 DEBUG   GST_REGISTRY gstregistrychunks.c:716:gst_registry_chunks_load_feature: Reading/casting for GstRegistryChunkPluginFeature at address 0x55d2ebb1ef68
0:00:00.013459082  4414 0x55c3b444c360 LOG   GST_POLL gstpoll.c:994:gst_poll_fd_ctl_write: 0x55c3b4470970: pfd->events now 60 (POLLOUT:4)
0:00:00.018420362  4413 0x55d2ebafe360 DEBUG   GST_REGISTRY gstregistry.c:589:gst_registry_add_feature: adding feature 0x55d2ebb24090 (stats)
0:00:00.013465925  4414 0x55c3b444c360 DEBUG   GST_POLL gstpoll.c:979:gst_poll_fd_ctl_write: 0x55c3b4470970: fd (fd:0, idx:1), active : 1
0:00:00.018426747  4413 0x55d2ebafe360 DEBUG   GST_REFCOUNTING gstobject.c:708:gst_object_set_parent: set parent (ref and sink)
0:00:00.013476366  4414 0x55c3b444c360 LOG   GST_POLL gstpoll.c:994:gst_poll_fd_ctl_write: 0x55c3b4470970: pfd->events now 60 (POLLOUT:4)
0:00:00.018436032  4413 0x55d2ebafe360 TRACE   GST_REFCOUNTING gstobject.c:292:gst_object_ref_sink: 0x55d2ebb24090 ref_sink 1->2
0:00:00.013483386  4414 0x55c3b444c360 DEBUG   GST_POLL gstpoll.c:979:gst_poll_fd_ctl_write: 0x55c3b4470970: fd (fd:0, idx:1), active : 1
0:00:00.018442968  4413 0x55d2ebafe360 LOG   GST_REGISTRY gstregistry.c:607:gst_registry_add_feature: emitting feature-added for stats
0:00:00.013489956  4414 0x55c3b444c360 LOG   GST_POLL gstpoll.c:994:gst_poll_fd_ctl_write: 0x55c3b4470970: pfd->events now 60 (POLLOUT:4)
0:00:00.018450078  4413 0x55d2ebafe360 DEBUG   GST_REGISTRY gstregistrychunks.c:740:gst_registry_chunks_load_feature: Added feature stats, plugin 0x55d2ebb23b90 coretracers
0:00:00.013496887  4414 0x55c3b444c360 LOG   GST_PLUGIN_LOADING gstpluginloader.c:645:put_chunk: Expanding tx buf from 7717 to 10158 for chunk of size 17
0:00:00.018457046  4413 0x55d2ebafe360 DEBUG   GST_REGISTRY gstregistrychunks.c:582:gst_registry_chunks_load_feature: Plugin 'coretracers' feature 'rusage' typename : 'GstTracerFactory'
0:00:00.018464541  4413 0x55d2ebafe360 TRACE   GST_REFCOUNTING gstobject.c:208:gst_object_init: 0x55d2ebb241e0 new
0:00:00.013508959  4414 0x55c3b444c360 DEBUG   GST_POLL gstpoll.c:979:gst_poll_fd_ctl_write: 0x55c3b4470970: fd (fd:0, idx:1), active : 1
0:00:00.018472505  4413 0x55d2ebafe360 DEBUG   GST_REGISTRY gstregistrychunks.c:716:gst_registry_chunks_load_feature: Reading/casting for GstRegistryChunkPluginFeature at address 0x55d2ebb1ef88
0:00:00.013516776  4414 0x55c3b444c360 LOG   GST_POLL gstpoll.c:994:gst_poll_fd_ctl_write: 0x55c3b4470970: pfd->events now 60 (POLLOUT:4)
0:00:00.018480079  4413 0x55d2ebafe360 DEBUG   GST_REGISTRY gstregistry.c:589:gst_registry_add_feature: adding feature 0x55d2ebb241e0 (rusage)
0:00:00.013524754  4414 0x55c3b444c360 DEBUG   GST_POLL gstpoll.c:979:gst_poll_fd_ctl_write: 0x55c3b4470970: fd (fd:0, idx:1), active : 1
0:00:00.018486571  4413 0x55d2ebafe360 DEBUG   GST_REFCOUNTING gstobject.c:708:gst_object_set_parent: set parent (ref and sink)
0:00:00.013532191  4414 0x55c3b444c360 LOG   GST_POLL gstpoll.c:994:gst_poll_fd_ctl_write: 0x55c3b4470970: pfd->events now 60 (POLLOUT:4)
0:00:00.018494141  4413 0x55d2ebafe360 TRACE   GST_REFCOUNTING gstobject.c:292:gst_object_ref_sink: 0x55d2ebb241e0 ref_sink 1->2
0:00:00.013539125  4414 0x55c3b444c360 DEBUG   GST_POLL gstpoll.c:979:gst_poll_fd_ctl_write: 0x55c3b4470970: fd (fd:0, idx:1), active : 1
0:00:00.018501120  4413 0x55d2ebafe360 LOG   GST_REGISTRY gstregistry.c:607:gst_registry_add_feature: emitting feature-added for rusage
0:00:00.013546323  4414 0x55c3b444c360 LOG   GST_POLL gstpoll.c:994:gst_poll_fd_ctl_write: 0x55c3b4470970: pfd->events now 60 (POLLOUT:4)
0:00:00.018508175  4413 0x55d2ebafe360 DEBUG   GST_REGISTRY gstregistrychunks.c:740:gst_registry_chunks_load_feature: Added feature rusage, plugin 0x55d2ebb23b90 coretracers
0:00:00.013553525  4414 0x55c3b444c360 DEBUG   GST_POLL gstpoll.c:979:gst_poll_fd_ctl_write: 0x55c3b4470970: fd (fd:0, idx:1), active : 1
0:00:00.018525745  4413 0x55d2ebafe360 DEBUG   GST_REGISTRY gstregistrychunks.c:582:gst_registry_chunks_load_feature: Plugin 'coretracers' feature 'log' typename : 'GstTracerFactory'
0:00:00.013570556  4414 0x55c3b444c360 LOG   GST_POLL gstpoll.c:994:gst_poll_fd_ctl_write: 0x55c3b4470970: pfd->events now 60 (POLLOUT:4)
0:00:00.018533989  4413 0x55d2ebafe360 TRACE   GST_REFCOUNTING gstobject.c:208:gst_object_init: 0x55d2ebb24340 new
0:00:00.013578362  4414 0x55c3b444c360 DEBUG   GST_POLL gstpoll.c:979:gst_poll_fd_ctl_write: 0x55c3b4470970: fd (fd:0, idx:1), active : 1
0:00:00.018542366  4413 0x55d2ebafe360 DEBUG   GST_REGISTRY gstregistrychunks.c:716:gst_registry_chunks_load_feature: Reading/casting for GstRegistryChunkPluginFeature at address 0x55d2ebb1efa8
0:00:00.013586397  4414 0x55c3b444c360 LOG   GST_POLL gstpoll.c:994:gst_poll_fd_ctl_write: 0x55c3b4470970: pfd->events now 60 (POLLOUT:4)
0:00:00.018549825  4413 0x55d2ebafe360 DEBUG   GST_REGISTRY gstregistry.c:589:gst_registry_add_feature: adding feature 0x55d2ebb24340 (log)
0:00:00.013594627  4414 0x55c3b444c360 DEBUG   GST_POLL gstpoll.c:979:gst_poll_fd_ctl_write: 0x55c3b4470970: fd (fd:0, idx:1), active : 1
0:00:00.018556195  4413 0x55d2ebafe360 DEBUG   GST_REFCOUNTING gstobject.c:708:gst_object_set_parent: set parent (ref and sink)
0:00:00.013601716  4414 0x55c3b444c360 LOG   GST_POLL gstpoll.c:994:gst_poll_fd_ctl_write: 0x55c3b4470970: pfd->events now 60 (POLLOUT:4)
0:00:00.018563668  4413 0x55d2ebafe360 TRACE   GST_REFCOUNTING gstobject.c:292:gst_object_ref_sink: 0x55d2ebb24340 ref_sink 1->2
0:00:00.013608804  4414 0x55c3b444c360 DEBUG   GST_POLL gstpoll.c:979:gst_poll_fd_ctl_write: 0x55c3b4470970: fd (fd:0, idx:1), active : 1
0:00:00.018570690  4413 0x55d2ebafe360 LOG   GST_REGISTRY gstregistry.c:607:gst_registry_add_feature: emitting feature-added for log
0:00:00.013616004  4414 0x55c3b444c360 LOG   GST_POLL gstpoll.c:994:gst_poll_fd_ctl_write: 0x55c3b4470970: pfd->events now 60 (POLLOUT:4)
0:00:00.018577571  4413 0x55d2ebafe360 DEBUG   GST_REGISTRY gstregistrychunks.c:740:gst_registry_chunks_load_feature: Added feature log, plugin 0x55d2ebb23b90 coretracers
0:00:00.013622837  4414 0x55c3b444c360 DEBUG   GST_POLL gstpoll.c:979:gst_poll_fd_ctl_write: 0x55c3b4470970: fd (fd:0, idx:1), active : 1
0:00:00.018584329  4413 0x55d2ebafe360 DEBUG   GST_REGISTRY gstregistrychunks.c:582:gst_registry_chunks_load_feature: Plugin 'coretracers' feature 'latency' typename : 'GstTracerFactory'
0:00:00.013629240  4414 0x55c3b444c360 LOG   GST_POLL gstpoll.c:994:gst_poll_fd_ctl_write: 0x55c3b4470970: pfd->events now 60 (POLLOUT:4)
0:00:00.018591953  4413 0x55d2ebafe360 TRACE   GST_REFCOUNTING gstobject.c:208:gst_object_init: 0x55d2ebb244a0 new
0:00:00.013636649  4414 0x55c3b444c360 DEBUG   GST_POLL gstpoll.c:979:gst_poll_fd_ctl_write: 0x55c3b4470970: fd (fd:0, idx:1), active : 1
0:00:00.018600222  4413 0x55d2ebafe360 DEBUG   GST_REGISTRY gstregistrychunks.c:716:gst_registry_chunks_load_feature: Reading/casting for GstRegistryChunkPluginFeature at address 0x55d2ebb1efd0
0:00:00.013648214  4414 0x55c3b444c360 LOG   GST_POLL gstpoll.c:994:gst_poll_fd_ctl_write: 0x55c3b4470970: pfd->events now 60 (POLLOUT:4)
0:00:00.018608485  4413 0x55d2ebafe360 DEBUG   GST_REGISTRY gstregistry.c:589:gst_registry_add_feature: adding feature 0x55d2ebb244a0 (latency)
0:00:00.013655190  4414 0x55c3b444c360 DEBUG   GST_POLL gstpoll.c:979:gst_poll_fd_ctl_write: 0x55c3b4470970: fd (fd:0, idx:1), active : 1
0:00:00.018614864  4413 0x55d2ebafe360 DEBUG   GST_REFCOUNTING gstobject.c:708:gst_object_set_parent: set parent (ref and sink)
0:00:00.013661711  4414 0x55c3b444c360 LOG   GST_POLL gstpoll.c:994:gst_poll_fd_ctl_write: 0x55c3b4470970: pfd->events now 60 (POLLOUT:4)
0:00:00.018622345  4413 0x55d2ebafe360 TRACE   GST_REFCOUNTING gstobject.c:292:gst_object_ref_sink: 0x55d2ebb244a0 ref_sink 1->2
0:00:00.013668550  4414 0x55c3b444c360 DEBUG   GST_POLL gstpoll.c:979:gst_poll_fd_ctl_write: 0x55c3b4470970: fd (fd:0, idx:1), active : 1
0:00:00.018629211  4413 0x55d2ebafe360 LOG   GST_REGISTRY gstregistry.c:607:gst_registry_add_feature: emitting feature-added for latency
0:00:00.013675151  4414 0x55c3b444c360 LOG   GST_POLL gstpoll.c:994:gst_poll_fd_ctl_write: 0x55c3b4470970: pfd->events now 60 (POLLOUT:4)
0:00:00.018636362  4413 0x55d2ebafe360 DEBUG   GST_REGISTRY gstregistrychunks.c:740:gst_registry_chunks_load_feature: Added feature latency, plugin 0x55d2ebb23b90 coretracers
0:00:00.013682140  4414 0x55c3b444c360 DEBUG   GST_POLL gstpoll.c:979:gst_poll_fd_ctl_write: 0x55c3b4470970: fd (fd:0, idx:1), active : 1
0:00:00.018643692  4413 0x55d2ebafe360 LOG   GST_PLUGIN_LOADING gstpluginloader.c:887:handle_rx_packet: marking plugin 0x55d2ebb23b90 as registered as /home/conan/w/prod/BuildSingleReference/.conan/data/gstreamer/1.18.4/_/_/package/272fbcd9d24b96d15fa29c90965666ae8e9f2d35/lib/gstreamer-1.0/libgstcoretracers.so
0:00:00.013688525  4414 0x55c3b444c360 LOG   GST_POLL gstpoll.c:994:gst_poll_fd_ctl_write: 0x55c3b4470970: pfd->events now 60 (POLLOUT:4)
0:00:00.013697460  4414 0x55c3b444c360 TRACE   GST_REFCOUNTING gstobject.c:264:gst_object_unref: 0x55c3b4471f90 unref 2->1
0:00:00.018657038  4413 0x55d2ebafe360 DEBUG   GST_POLL gstpoll.c:1414:gst_poll_wait: 0x55d2ebb23530: timeout :0:00:01.000000000
0:00:00.013704572  4414 0x55c3b444c360 DEBUG   GST_POLL gstpoll.c:1241:gst_poll_fd_has_error: 0x55c3b4470970: fd (fd:0, idx:1) 0
0:00:00.013711476  4414 0x55c3b444c360 DEBUG   GST_POLL gstpoll.c:1335:gst_poll_fd_can_write: 0x55c3b4470970: fd (fd:0, idx:1) 1
0:00:00.013717400  4414 0x55c3b444c360 LOG   GST_PLUGIN_LOADING gstpluginloader.c:690:write_one: Writing packet of size 6872 bytes to fd 0
0:00:00.013734197  4414 0x55c3b444c360 DEBUG   GST_POLL gstpoll.c:1414:gst_poll_wait: 0x55c3b4470970: timeout :0:00:01.000000000
0:00:00.013742864  4414 0x55c3b444c360 LOG   GST_PLUGIN_LOADING gstpluginloader.c:1027:exchange_packets: Poll res = 2. 488 bytes pending for write
0:00:00.013749585  4414 0x55c3b444c360 DEBUG   GST_POLL gstpoll.c:1241:gst_poll_fd_has_error: 0x55c3b4470970: fd (fd:5, idx:2) 0
0:00:00.018707130  4413 0x55d2ebafe360 LOG   GST_PLUGIN_LOADING gstpluginloader.c:1027:exchange_packets: Poll res = 1. 0 bytes pending for write
0:00:00.013759615  4414 0x55c3b444c360 DEBUG   GST_POLL gstpoll.c:1266:gst_poll_fd_can_read_unlocked: 0x55c3b4470970: fd (fd:5, idx:2) 1
0:00:00.018719948  4413 0x55d2ebafe360 DEBUG   GST_POLL gstpoll.c:1241:gst_poll_fd_has_error: 0x55d2ebb23530: fd (fd:8, idx:2) 0
0:00:00.013769295  4414 0x55c3b444c360 DEBUG   GST_PLUGIN_LOADING gstpluginloader.c:722:do_plugin_load: Plugin scanner loading file /home/conan/w/prod/BuildSingleReference/.conan/data/gstreamer/1.18.4/_/_/package/272fbcd9d24b96d15fa29c90965666ae8e9f2d35/lib/gstreamer-1.0/libgstcoreelements.so. tag 3
0:00:00.018727175  4413 0x55d2ebafe360 DEBUG   GST_POLL gstpoll.c:1266:gst_poll_fd_can_read_unlocked: 0x55d2ebb23530: fd (fd:8, idx:2) 1
0:00:00.013777621  4414 0x55c3b444c360 TRACE   GST_REFCOUNTING gstobject.c:237:gst_object_ref: 0x55c3b44744a0 ref 1->2
0:00:00.018737573  4413 0x55d2ebafe360 LOG   GST_PLUGIN_LOADING gstpluginloader.c:985:read_one: Expanding rx buf from 512 to 7384
0:00:00.013785483  4414 0x55c3b444c360 TRACE   GST_REFCOUNTING gstobject.c:237:gst_object_ref: 0x55c3b4492f00 ref 1->2
0:00:00.013792988  4414 0x55c3b444c360 TRACE   GST_REFCOUNTING gstobject.c:237:gst_object_ref: 0x55c3b4492210 ref 1->2
0:00:00.013799799  4414 0x55c3b444c360 TRACE   GST_REFCOUNTING gstobject.c:237:gst_object_ref: 0x55c3b4490730 ref 1->2
0:00:00.018756878  4413 0x55d2ebafe360 DEBUG   GST_PLUGIN_LOADING gstpluginloader.c:848:handle_rx_packet: Received plugin details from child w/ tag 1. 6860 bytes info
0:00:00.013806557  4414 0x55c3b444c360 TRACE   GST_REFCOUNTING gstobject.c:237:gst_object_ref: 0x55c3b448f740 ref 1->2
0:00:00.018765369  4413 0x55d2ebafe360 LOG   GST_REGISTRY gstregistrychunks.c:836:_priv_gst_registry_chunks_load_plugin: Reading/casting for GstRegistryChunkPluginElement at address 0x55d2ebb24570
0:00:00.013813980  4414 0x55c3b444c360 TRACE   GST_REFCOUNTING gstobject.c:237:gst_object_ref: 0x55c3b448e360 ref 1->2
0:00:00.018774137  4413 0x55d2ebafe360 TRACE   GST_REFCOUNTING gstobject.c:208:gst_object_init: 0x55d2ebb26250 new
0:00:00.013821132  4414 0x55c3b444c360 TRACE   GST_REFCOUNTING gstobject.c:237:gst_object_ref: 0x55c3b448cee0 ref 1->2
0:00:00.013828405  4414 0x55c3b444c360 TRACE   GST_REFCOUNTING gstobject.c:237:gst_object_ref: 0x55c3b448b730 ref 1->2
0:00:00.018786332  4413 0x55d2ebafe360 LOG   GST_REGISTRY gstregistrychunks.c:858:_priv_gst_registry_chunks_load_plugin: read strings for name='coreelements'
0:00:00.013835223  4414 0x55c3b444c360 TRACE   GST_REFCOUNTING gstobject.c:237:gst_object_ref: 0x55c3b4489380 ref 1->2
0:00:00.018793665  4413 0x55d2ebafe360 LOG   GST_REGISTRY gstregistrychunks.c:859:_priv_gst_registry_chunks_load_plugin: desc.description='GStreamer core elements'
0:00:00.013842459  4414 0x55c3b444c360 TRACE   GST_REFCOUNTING gstobject.c:237:gst_object_ref: 0x55c3b4488260 ref 1->2
0:00:00.018801027  4413 0x55d2ebafe360 LOG   GST_REGISTRY gstregistrychunks.c:860:_priv_gst_registry_chunks_load_plugin: filename='/home/conan/w/prod/BuildSingleReference/.conan/data/gstreamer/1.18.4/_/_/package/272fbcd9d24b96d15fa29c90965666ae8e9f2d35/lib/gstreamer-1.0/libgstcoreelements.so'
0:00:00.013853586  4414 0x55c3b444c360 TRACE   GST_REFCOUNTING gstobject.c:237:gst_object_ref: 0x55c3b4486fd0 ref 1->2
0:00:00.018863731  4413 0x55d2ebafe360 LOG   GST_REGISTRY gstregistrychunks.c:861:_priv_gst_registry_chunks_load_plugin: desc.version='1.18.4'
0:00:00.013909577  4414 0x55c3b444c360 TRACE   GST_REFCOUNTING gstobject.c:237:gst_object_ref: 0x55c3b44859e0 ref 1->2
0:00:00.018870165  4413 0x55d2ebafe360 LOG   GST_REGISTRY gstregistrychunks.c:862:_priv_gst_registry_chunks_load_plugin: desc.license='LGPL'
0:00:00.013916892  4414 0x55c3b444c360 TRACE   GST_REFCOUNTING gstobject.c:237:gst_object_ref: 0x55c3b4484d20 ref 1->2
0:00:00.018876257  4413 0x55d2ebafe360 LOG   GST_REGISTRY gstregistrychunks.c:863:_priv_gst_registry_chunks_load_plugin: desc.source='gstreamer'
0:00:00.013924288  4414 0x55c3b444c360 TRACE   GST_REFCOUNTING gstobject.c:237:gst_object_ref: 0x55c3b4483f40 ref 1->2
0:00:00.013939265  4414 0x55c3b444c360 TRACE   GST_REFCOUNTING gstobject.c:237:gst_object_ref: 0x55c3b44830e0 ref 1->2
0:00:00.018882530  4413 0x55d2ebafe360 LOG   GST_REGISTRY gstregistrychunks.c:864:_priv_gst_registry_chunks_load_plugin: desc.package='GStreamer source release'
0:00:00.013947350  4414 0x55c3b444c360 TRACE   GST_REFCOUNTING gstobject.c:237:gst_object_ref: 0x55c3b4480c30 ref 1->2
0:00:00.013954781  4414 0x55c3b444c360 TRACE   GST_REFCOUNTING gstobject.c:237:gst_object_ref: 0x55c3b447e650 ref 1->2
0:00:00.018909779  4413 0x55d2ebafe360 LOG   GST_REGISTRY gstregistrychunks.c:865:_priv_gst_registry_chunks_load_plugin: desc.origin='Unknown package origin'
0:00:00.013961427  4414 0x55c3b444c360 TRACE   GST_REFCOUNTING gstobject.c:237:gst_object_ref: 0x55c3b447c9d0 ref 1->2
0:00:00.018922201  4413 0x55d2ebafe360 LOG   GST_REGISTRY gstregistrychunks.c:866:_priv_gst_registry_chunks_load_plugin: desc.datetime=2021-03-15
0:00:00.013968588  4414 0x55c3b444c360 TRACE   GST_REFCOUNTING gstobject.c:237:gst_object_ref: 0x55c3b447b830 ref 1->2
0:00:00.013977927  4414 0x55c3b444c360 TRACE   GST_REFCOUNTING gstobject.c:237:gst_object_ref: 0x55c3b44798a0 ref 1->2
0:00:00.018936447  4413 0x55d2ebafe360 DEBUG   GST_REGISTRY gstregistry.c:473:gst_registry_add_plugin: adding plugin 0x55d2ebb26250 for filename "/home/conan/w/prod/BuildSingleReference/.conan/data/gstreamer/1.18.4/_/_/package/272fbcd9d24b96d15fa29c90965666ae8e9f2d35/lib/gstreamer-1.0/libgstcoreelements.so"
0:00:00.013986204  4414 0x55c3b444c360 TRACE   GST_REFCOUNTING gstobject.c:237:gst_object_ref: 0x55c3b4478a30 ref 1->2
0:00:00.018945797  4413 0x55d2ebafe360 TRACE   GST_REFCOUNTING gstobject.c:292:gst_object_ref_sink: 0x55d2ebb26250 ref_sink 1->2
0:00:00.013994318  4414 0x55c3b444c360 TRACE   GST_REFCOUNTING gstobject.c:237:gst_object_ref: 0x55c3b4477d50 ref 1->2
0:00:00.018953732  4413 0x55d2ebafe360 LOG   GST_REGISTRY gstregistry.c:486:gst_registry_add_plugin: emitting plugin-added for filename "/home/conan/w/prod/BuildSingleReference/.conan/data/gstreamer/1.18.4/_/_/package/272fbcd9d24b96d15fa29c90965666ae8e9f2d35/lib/gstreamer-1.0/libgstcoreelements.so"
0:00:00.014005382  4414 0x55c3b444c360 TRACE   GST_REFCOUNTING gstobject.c:237:gst_object_ref: 0x55c3b4475e80 ref 1->2
0:00:00.018965302  4413 0x55d2ebafe360 DEBUG   GST_REGISTRY gstregistrychunks.c:886:_priv_gst_registry_chunks_load_plugin: Added plugin 'coreelements' plugin with 22 features from binary registry
0:00:00.014013110  4414 0x55c3b444c360 DEBUG   GST_REGISTRY gstregistrychunks.c:264:gst_registry_chunks_save_feature: saved 0 interfaces 0 pad templates
0:00:00.018972830  4413 0x55d2ebafe360 DEBUG   GST_REGISTRY gstregistrychunks.c:582:gst_registry_chunks_load_feature: Plugin 'coreelements' feature 'streamiddemux' typename : 'GstElementFactory'
0:00:00.014025310  4414 0x55c3b444c360 DEBUG   GST_REGISTRY gstregistrychunks.c:264:gst_registry_chunks_save_feature: saved 0 interfaces 0 pad templates
0:00:00.018984527  4413 0x55d2ebafe360 TRACE   GST_REFCOUNTING gstobject.c:208:gst_object_init: 0x55d2ebb238c0 new
0:00:00.014035535  4414 0x55c3b444c360 DEBUG   GST_REGISTRY gstregistrychunks.c:264:gst_registry_chunks_save_feature: saved 0 interfaces 0 pad templates
0:00:00.018994335  4413 0x55d2ebafe360 LOG   GST_REGISTRY gstregistrychunks.c:609:gst_registry_chunks_load_feature: Reading/casting for GstRegistryChunkElementFactory at address 0x55d2ebb246c8
0:00:00.014045657  4414 0x55c3b444c360 DEBUG   GST_REGISTRY gstregistrychunks.c:264:gst_registry_chunks_save_feature: saved 1 interfaces 0 pad templates
0:00:00.019003017  4413 0x55d2ebafe360 TRACE   structure gststructure.c:287:gst_structure_new_id_empty_with_size: created structure 0x55d2ebb26380
0:00:00.014052419  4414 0x55c3b444c360 DEBUG   GST_REGISTRY gstregistrychunks.c:284:gst_registry_chunks_save_feature: Saved 1 UriTypes
0:00:00.019012930  4413 0x55d2ebafe360 DEBUG   structure gststructure.c:2203:gst_structure_parse_field: trying field name 'long-name'
0:00:00.014063197  4414 0x55c3b444c360 DEBUG   GST_REGISTRY gstregistrychunks.c:264:gst_registry_chunks_save_feature: saved 0 interfaces 0 pad templates
0:00:00.019025084  4413 0x55d2ebafe360 DEBUG   default gstvalue.c:2676:_priv_gst_value_parse_value: trying type name 'string'
0:00:00.014072824  4414 0x55c3b444c360 DEBUG   GST_REGISTRY gstregistrychunks.c:264:gst_registry_chunks_save_feature: saved 0 interfaces 0 pad templates
0:00:00.019036205  4413 0x55d2ebafe360 DEBUG   structure gststructure.c:2203:gst_structure_parse_field: trying field name 'klass'
0:00:00.014083415  4414 0x55c3b444c360 DEBUG   GST_REGISTRY gstregistrychunks.c:264:gst_registry_chunks_save_feature: saved 0 interfaces 0 pad templates
0:00:00.019042982  4413 0x55d2ebafe360 DEBUG   default gstvalue.c:2676:_priv_gst_value_parse_value: trying type name 'string'
0:00:00.019050365  4413 0x55d2ebafe360 DEBUG   structure gststructure.c:2203:gst_structure_parse_field: trying field name 'description'
0:00:00.014094427  4414 0x55c3b444c360 DEBUG   GST_REGISTRY gstregistrychunks.c:264:gst_registry_chunks_save_feature: saved 1 interfaces 0 pad templates
0:00:00.019064165  4413 0x55d2ebafe360 DEBUG   default gstvalue.c:2676:_priv_gst_value_parse_value: trying type name 'string'
0:00:00.014110072  4414 0x55c3b444c360 DEBUG   GST_REGISTRY gstregistrychunks.c:284:gst_registry_chunks_save_feature: Saved 1 UriTypes
0:00:00.019071901  4413 0x55d2ebafe360 DEBUG   structure gststructure.c:2203:gst_structure_parse_field: trying field name 'author'
0:00:00.019078122  4413 0x55d2ebafe360 DEBUG   default gstvalue.c:2676:_priv_gst_value_parse_value: trying type name 'string'
0:00:00.014121695  4414 0x55c3b444c360 DEBUG   GST_REGISTRY gstregistrychunks.c:264:gst_registry_chunks_save_feature: saved 1 interfaces 0 pad templates
0:00:00.014129640  4414 0x55c3b444c360 DEBUG   GST_REGISTRY gstregistrychunks.c:284:gst_registry_chunks_save_feature: Saved 1 UriTypes
0:00:00.019093466  4413 0x55d2ebafe360 DEBUG   GST_REGISTRY gstregistrychunks.c:626:gst_registry_chunks_load_feature: Element factory : npadtemplates=2
0:00:00.014138700  4414 0x55c3b444c360 DEBUG   GST_REGISTRY gstregistrychunks.c:264:gst_registry_chunks_save_feature: saved 1 interfaces 0 pad templates
0:00:00.019100301  4413 0x55d2ebafe360 DEBUG   GST_REGISTRY gstregistrychunks.c:525:gst_registry_chunks_load_pad_template: Reading/casting for GstRegistryChunkPadTemplate at address 0x55d2ebb247a0
0:00:00.014145838  4414 0x55c3b444c360 DEBUG   GST_REGISTRY gstregistrychunks.c:284:gst_registry_chunks_save_feature: Saved 1 UriTypes
0:00:00.019109668  4413 0x55d2ebafe360 DEBUG   GST_REGISTRY gstregistrychunks.c:539:gst_registry_chunks_load_pad_template: Added pad_template src_%u
0:00:00.014155058  4414 0x55c3b444c360 DEBUG   GST_REGISTRY gstregistrychunks.c:264:gst_registry_chunks_save_feature: saved 0 interfaces 0 pad templates
0:00:00.019115897  4413 0x55d2ebafe360 DEBUG   GST_REGISTRY gstregistrychunks.c:525:gst_registry_chunks_load_pad_template: Reading/casting for GstRegistryChunkPadTemplate at address 0x55d2ebb247b8
0:00:00.014164949  4414 0x55c3b444c360 DEBUG   GST_REGISTRY gstregistrychunks.c:264:gst_registry_chunks_save_feature: saved 0 interfaces 0 pad templates
0:00:00.019122622  4413 0x55d2ebafe360 DEBUG   GST_REGISTRY gstregistrychunks.c:539:gst_registry_chunks_load_pad_template: Added pad_template sink
0:00:00.014174583  4414 0x55c3b444c360 DEBUG   GST_REGISTRY gstregistrychunks.c:264:gst_registry_chunks_save_feature: saved 0 interfaces 0 pad templates
0:00:00.019132876  4413 0x55d2ebafe360 DEBUG   GST_REGISTRY gstregistry.c:589:gst_registry_add_feature: adding feature 0x55d2ebb238c0 (streamiddemux)
0:00:00.014185542  4414 0x55c3b444c360 DEBUG   GST_REGISTRY gstregistrychunks.c:264:gst_registry_chunks_save_feature: saved 0 interfaces 0 pad templates
0:00:00.019142381  4413 0x55d2ebafe360 DEBUG   GST_REFCOUNTING gstobject.c:708:gst_object_set_parent: set parent (ref and sink)
0:00:00.014195666  4414 0x55c3b444c360 DEBUG   GST_REGISTRY gstregistrychunks.c:264:gst_registry_chunks_save_feature: saved 0 interfaces 0 pad templates
0:00:00.019152525  4413 0x55d2ebafe360 TRACE   GST_REFCOUNTING gstobject.c:292:gst_object_ref_sink: 0x55d2ebb238c0 ref_sink 1->2
0:00:00.019166669  4413 0x55d2ebafe360 LOG   GST_REGISTRY gstregistry.c:607:gst_registry_add_feature: emitting feature-added for streamiddemux
0:00:00.014210136  4414 0x55c3b444c360 DEBUG   GST_REGISTRY gstregistrychunks.c:264:gst_registry_chunks_save_feature: saved 0 interfaces 0 pad templates
0:00:00.019174031  4413 0x55d2ebafe360 DEBUG   GST_REGISTRY gstregistrychunks.c:740:gst_registry_chunks_load_feature: Added feature streamiddemux, plugin 0x55d2ebb26250 coreelements
0:00:00.014221728  4414 0x55c3b444c360 DEBUG   GST_REGISTRY gstregistrychunks.c:264:gst_registry_chunks_save_feature: saved 1 interfaces 0 pad templates
0:00:00.019181126  4413 0x55d2ebafe360 DEBUG   GST_REGISTRY gstregistrychunks.c:582:gst_registry_chunks_load_feature: Plugin 'coreelements' feature 'valve' typename : 'GstElementFactory'
0:00:00.014228525  4414 0x55c3b444c360 DEBUG   GST_REGISTRY gstregistrychunks.c:284:gst_registry_chunks_save_feature: Saved 1 UriTypes
0:00:00.019189726  4413 0x55d2ebafe360 TRACE   GST_REFCOUNTING gstobject.c:208:gst_object_init: 0x55d2ebb2e1f0 new
