0:00:00.022037209  4413 0x55d2ebafe360 DEBUG   default gstvalue.c:2676:_priv_gst_value_parse_value: trying type name 'string'
0:00:00.017083947  4414 0x55c3b444c360 DEBUG   GST_POLL gstpoll.c:979:gst_poll_fd_ctl_write: 0x55c3b4470970: fd (fd:0, idx:1), active : 1
0:00:00.022044092  4413 0x55d2ebafe360 DEBUG   structure gststructure.c:2203:gst_structure_parse_field: trying field name 'description'
0:00:00.017090383  4414 0x55c3b444c360 LOG   GST_POLL gstpoll.c:994:gst_poll_fd_ctl_write: 0x55c3b4470970: pfd->events now 60 (POLLOUT:4)
0:00:00.022050262  4413 0x55d2ebafe360 DEBUG   default gstvalue.c:2676:_priv_gst_value_parse_value: trying type name 'string'
0:00:00.017097290  4414 0x55c3b444c360 DEBUG   GST_POLL gstpoll.c:979:gst_poll_fd_ctl_write: 0x55c3b4470970: fd (fd:0, idx:1), active : 1
0:00:00.022057206  4413 0x55d2ebafe360 DEBUG   structure gststructure.c:2203:gst_structure_parse_field: trying field name 'author'
0:00:00.017103850  4414 0x55c3b444c360 LOG   GST_POLL gstpoll.c:994:gst_poll_fd_ctl_write: 0x55c3b4470970: pfd->events now 60 (POLLOUT:4)
0:00:00.022063352  4413 0x55d2ebafe360 DEBUG   default gstvalue.c:2676:_priv_gst_value_parse_value: trying type name 'string'
0:00:00.017110627  4414 0x55c3b444c360 DEBUG   GST_POLL gstpoll.c:979:gst_poll_fd_ctl_write: 0x55c3b4470970: fd (fd:0, idx:1), active : 1
0:00:00.022070601  4413 0x55d2ebafe360 DEBUG   GST_REGISTRY gstregistrychunks.c:626:gst_registry_chunks_load_feature: Element factory : npadtemplates=2
0:00:00.017117251  4414 0x55c3b444c360 LOG   GST_POLL gstpoll.c:994:gst_poll_fd_ctl_write: 0x55c3b4470970: pfd->events now 60 (POLLOUT:4)
0:00:00.022080062  4413 0x55d2ebafe360 DEBUG   GST_REGISTRY gstregistrychunks.c:525:gst_registry_chunks_load_pad_template: Reading/casting for GstRegistryChunkPadTemplate at address 0x55d2ebb25b60
0:00:00.017124045  4414 0x55c3b444c360 DEBUG   GST_POLL gstpoll.c:979:gst_poll_fd_ctl_write: 0x55c3b4470970: fd (fd:0, idx:1), active : 1
0:00:00.022090703  4413 0x55d2ebafe360 DEBUG   GST_REGISTRY gstregistrychunks.c:539:gst_registry_chunks_load_pad_template: Added pad_template sink
0:00:00.017136396  4414 0x55c3b444c360 LOG   GST_POLL gstpoll.c:994:gst_poll_fd_ctl_write: 0x55c3b4470970: pfd->events now 60 (POLLOUT:4)
0:00:00.022096854  4413 0x55d2ebafe360 DEBUG   GST_REGISTRY gstregistrychunks.c:525:gst_registry_chunks_load_pad_template: Reading/casting for GstRegistryChunkPadTemplate at address 0x55d2ebb25b78
0:00:00.017143372  4414 0x55c3b444c360 DEBUG   GST_POLL gstpoll.c:979:gst_poll_fd_ctl_write: 0x55c3b4470970: fd (fd:0, idx:1), active : 1
0:00:00.022103314  4413 0x55d2ebafe360 DEBUG   GST_REGISTRY gstregistrychunks.c:539:gst_registry_chunks_load_pad_template: Added pad_template src
0:00:00.017149945  4414 0x55c3b444c360 LOG   GST_POLL gstpoll.c:994:gst_poll_fd_ctl_write: 0x55c3b4470970: pfd->events now 60 (POLLOUT:4)
0:00:00.022110988  4413 0x55d2ebafe360 DEBUG   GST_REGISTRY gstregistry.c:589:gst_registry_add_feature: adding feature 0x55d2ebb30a20 (downloadbuffer)
0:00:00.017156820  4414 0x55c3b444c360 DEBUG   GST_POLL gstpoll.c:979:gst_poll_fd_ctl_write: 0x55c3b4470970: fd (fd:0, idx:1), active : 1
0:00:00.022117403  4413 0x55d2ebafe360 DEBUG   GST_REFCOUNTING gstobject.c:708:gst_object_set_parent: set parent (ref and sink)
0:00:00.017163301  4414 0x55c3b444c360 LOG   GST_POLL gstpoll.c:994:gst_poll_fd_ctl_write: 0x55c3b4470970: pfd->events now 60 (POLLOUT:4)
0:00:00.022124910  4413 0x55d2ebafe360 TRACE   GST_REFCOUNTING gstobject.c:292:gst_object_ref_sink: 0x55d2ebb30a20 ref_sink 1->2
0:00:00.017170192  4414 0x55c3b444c360 DEBUG   GST_POLL gstpoll.c:979:gst_poll_fd_ctl_write: 0x55c3b4470970: fd (fd:0, idx:1), active : 1
0:00:00.022131959  4413 0x55d2ebafe360 LOG   GST_REGISTRY gstregistry.c:607:gst_registry_add_feature: emitting feature-added for downloadbuffer
0:00:00.017177251  4414 0x55c3b444c360 LOG   GST_POLL gstpoll.c:994:gst_poll_fd_ctl_write: 0x55c3b4470970: pfd->events now 60 (POLLOUT:4)
0:00:00.022139134  4413 0x55d2ebafe360 DEBUG   GST_REGISTRY gstregistrychunks.c:740:gst_registry_chunks_load_feature: Added feature downloadbuffer, plugin 0x55d2ebb26250 coreelements
0:00:00.017184236  4414 0x55c3b444c360 DEBUG   GST_POLL gstpoll.c:979:gst_poll_fd_ctl_write: 0x55c3b4470970: fd (fd:0, idx:1), active : 1
0:00:00.022145934  4413 0x55d2ebafe360 DEBUG   GST_REGISTRY gstregistrychunks.c:582:gst_registry_chunks_load_feature: Plugin 'coreelements' feature 'dataurisrc' typename : 'GstElementFactory'
0:00:00.017191151  4414 0x55c3b444c360 LOG   GST_POLL gstpoll.c:994:gst_poll_fd_ctl_write: 0x55c3b4470970: pfd->events now 60 (POLLOUT:4)
0:00:00.022154101  4413 0x55d2ebafe360 TRACE   GST_REFCOUNTING gstobject.c:208:gst_object_init: 0x55d2ebb31200 new
0:00:00.017198167  4414 0x55c3b444c360 DEBUG   GST_POLL gstpoll.c:979:gst_poll_fd_ctl_write: 0x55c3b4470970: fd (fd:0, idx:1), active : 1
0:00:00.022162510  4413 0x55d2ebafe360 LOG   GST_REGISTRY gstregistrychunks.c:609:gst_registry_chunks_load_feature: Reading/casting for GstRegistryChunkElementFactory at address 0x55d2ebb25ba8
0:00:00.017206974  4414 0x55c3b444c360 LOG   GST_POLL gstpoll.c:994:gst_poll_fd_ctl_write: 0x55c3b4470970: pfd->events now 60 (POLLOUT:4)
0:00:00.022173980  4413 0x55d2ebafe360 TRACE   structure gststructure.c:287:gst_structure_new_id_empty_with_size: created structure 0x55d2ebb31510
0:00:00.017219796  4414 0x55c3b444c360 DEBUG   GST_POLL gstpoll.c:979:gst_poll_fd_ctl_write: 0x55c3b4470970: fd (fd:0, idx:1), active : 1
0:00:00.022180445  4413 0x55d2ebafe360 DEBUG   structure gststructure.c:2203:gst_structure_parse_field: trying field name 'long-name'
0:00:00.017226368  4414 0x55c3b444c360 LOG   GST_POLL gstpoll.c:994:gst_poll_fd_ctl_write: 0x55c3b4470970: pfd->events now 60 (POLLOUT:4)
0:00:00.022186518  4413 0x55d2ebafe360 DEBUG   default gstvalue.c:2676:_priv_gst_value_parse_value: trying type name 'string'
0:00:00.017233243  4414 0x55c3b444c360 DEBUG   GST_POLL gstpoll.c:979:gst_poll_fd_ctl_write: 0x55c3b4470970: fd (fd:0, idx:1), active : 1
0:00:00.022193728  4413 0x55d2ebafe360 DEBUG   structure gststructure.c:2203:gst_structure_parse_field: trying field name 'klass'
0:00:00.017239819  4414 0x55c3b444c360 LOG   GST_POLL gstpoll.c:994:gst_poll_fd_ctl_write: 0x55c3b4470970: pfd->events now 60 (POLLOUT:4)
0:00:00.022199636  4413 0x55d2ebafe360 DEBUG   default gstvalue.c:2676:_priv_gst_value_parse_value: trying type name 'string'
0:00:00.017246686  4414 0x55c3b444c360 DEBUG   GST_POLL gstpoll.c:979:gst_poll_fd_ctl_write: 0x55c3b4470970: fd (fd:0, idx:1), active : 1
0:00:00.022206317  4413 0x55d2ebafe360 DEBUG   structure gststructure.c:2203:gst_structure_parse_field: trying field name 'description'
0:00:00.017253218  4414 0x55c3b444c360 LOG   GST_POLL gstpoll.c:994:gst_poll_fd_ctl_write: 0x55c3b4470970: pfd->events now 60 (POLLOUT:4)
0:00:00.022212405  4413 0x55d2ebafe360 DEBUG   default gstvalue.c:2676:_priv_gst_value_parse_value: trying type name 'string'
0:00:00.017260350  4414 0x55c3b444c360 LOG   GST_PLUGIN_LOADING gstpluginloader.c:645:put_chunk: Expanding tx buf from 13209 to 17023 for chunk of size 229
0:00:00.022219347  4413 0x55d2ebafe360 DEBUG   structure gststructure.c:2203:gst_structure_parse_field: trying field name 'author'
0:00:00.022226253  4413 0x55d2ebafe360 DEBUG   default gstvalue.c:2676:_priv_gst_value_parse_value: trying type name 'string'
0:00:00.017271681  4414 0x55c3b444c360 DEBUG   GST_POLL gstpoll.c:979:gst_poll_fd_ctl_write: 0x55c3b4470970: fd (fd:0, idx:1), active : 1
0:00:00.022233992  4413 0x55d2ebafe360 DEBUG   GST_REGISTRY gstregistrychunks.c:626:gst_registry_chunks_load_feature: Element factory : npadtemplates=1
0:00:00.017278287  4414 0x55c3b444c360 LOG   GST_POLL gstpoll.c:994:gst_poll_fd_ctl_write: 0x55c3b4470970: pfd->events now 60 (POLLOUT:4)
0:00:00.022240178  4413 0x55d2ebafe360 DEBUG   GST_REGISTRY gstregistrychunks.c:525:gst_registry_chunks_load_pad_template: Reading/casting for GstRegistryChunkPadTemplate at address 0x55d2ebb25cc0
0:00:00.017286574  4414 0x55c3b444c360 DEBUG   GST_POLL gstpoll.c:979:gst_poll_fd_ctl_write: 0x55c3b4470970: fd (fd:0, idx:1), active : 1
0:00:00.022246276  4413 0x55d2ebafe360 DEBUG   GST_REGISTRY gstregistrychunks.c:539:gst_registry_chunks_load_pad_template: Added pad_template src
0:00:00.017297215  4414 0x55c3b444c360 LOG   GST_POLL gstpoll.c:994:gst_poll_fd_ctl_write: 0x55c3b4470970: pfd->events now 60 (POLLOUT:4)
0:00:00.022256445  4413 0x55d2ebafe360 DEBUG   GST_REGISTRY gstregistrychunks.c:639:gst_registry_chunks_load_feature: Reading 1 UriTypes at address 0x55d2ebb25cd0
0:00:00.017304301  4414 0x55c3b444c360 DEBUG   GST_POLL gstpoll.c:979:gst_poll_fd_ctl_write: 0x55c3b4470970: fd (fd:0, idx:1), active : 1
0:00:00.022263267  4413 0x55d2ebafe360 DEBUG   GST_REGISTRY gstregistrychunks.c:654:gst_registry_chunks_load_feature: Reading 1 Interfaces at address 0x55d2ebb25cd9
0:00:00.017310769  4414 0x55c3b444c360 LOG   GST_POLL gstpoll.c:994:gst_poll_fd_ctl_write: 0x55c3b4470970: pfd->events now 60 (POLLOUT:4)
0:00:00.022271553  4413 0x55d2ebafe360 DEBUG   GST_REGISTRY gstregistry.c:589:gst_registry_add_feature: adding feature 0x55d2ebb31200 (dataurisrc)
0:00:00.017317660  4414 0x55c3b444c360 DEBUG   GST_POLL gstpoll.c:979:gst_poll_fd_ctl_write: 0x55c3b4470970: fd (fd:0, idx:1), active : 1
0:00:00.022277998  4413 0x55d2ebafe360 DEBUG   GST_REFCOUNTING gstobject.c:708:gst_object_set_parent: set parent (ref and sink)
0:00:00.017324104  4414 0x55c3b444c360 LOG   GST_POLL gstpoll.c:994:gst_poll_fd_ctl_write: 0x55c3b4470970: pfd->events now 60 (POLLOUT:4)
0:00:00.022285561  4413 0x55d2ebafe360 TRACE   GST_REFCOUNTING gstobject.c:292:gst_object_ref_sink: 0x55d2ebb31200 ref_sink 1->2
0:00:00.017330958  4414 0x55c3b444c360 DEBUG   GST_POLL gstpoll.c:979:gst_poll_fd_ctl_write: 0x55c3b4470970: fd (fd:0, idx:1), active : 1
0:00:00.022292699  4413 0x55d2ebafe360 LOG   GST_REGISTRY gstregistry.c:607:gst_registry_add_feature: emitting feature-added for dataurisrc
0:00:00.017337695  4414 0x55c3b444c360 LOG   GST_POLL gstpoll.c:994:gst_poll_fd_ctl_write: 0x55c3b4470970: pfd->events now 60 (POLLOUT:4)
0:00:00.022300009  4413 0x55d2ebafe360 DEBUG   GST_REGISTRY gstregistrychunks.c:740:gst_registry_chunks_load_feature: Added feature dataurisrc, plugin 0x55d2ebb26250 coreelements
0:00:00.017345134  4414 0x55c3b444c360 DEBUG   GST_POLL gstpoll.c:979:gst_poll_fd_ctl_write: 0x55c3b4470970: fd (fd:0, idx:1), active : 1
0:00:00.022306873  4413 0x55d2ebafe360 DEBUG   GST_REGISTRY gstregistrychunks.c:582:gst_registry_chunks_load_feature: Plugin 'coreelements' feature 'concat' typename : 'GstElementFactory'
0:00:00.017351805  4414 0x55c3b444c360 LOG   GST_POLL gstpoll.c:994:gst_poll_fd_ctl_write: 0x55c3b4470970: pfd->events now 60 (POLLOUT:4)
0:00:00.022314709  4413 0x55d2ebafe360 TRACE   GST_REFCOUNTING gstobject.c:208:gst_object_init: 0x55d2ebb31c50 new
0:00:00.017359320  4414 0x55c3b444c360 DEBUG   GST_POLL gstpoll.c:979:gst_poll_fd_ctl_write: 0x55c3b4470970: fd (fd:0, idx:1), active : 1
0:00:00.022322777  4413 0x55d2ebafe360 LOG   GST_REGISTRY gstregistrychunks.c:609:gst_registry_chunks_load_feature: Reading/casting for GstRegistryChunkElementFactory at address 0x55d2ebb25d00
0:00:00.017367028  4414 0x55c3b444c360 LOG   GST_POLL gstpoll.c:994:gst_poll_fd_ctl_write: 0x55c3b4470970: pfd->events now 60 (POLLOUT:4)
0:00:00.022333697  4413 0x55d2ebafe360 TRACE   structure gststructure.c:287:gst_structure_new_id_empty_with_size: created structure 0x55d2ebb31e80
0:00:00.017379783  4414 0x55c3b444c360 DEBUG   GST_POLL gstpoll.c:979:gst_poll_fd_ctl_write: 0x55c3b4470970: fd (fd:0, idx:1), active : 1
0:00:00.022339971  4413 0x55d2ebafe360 DEBUG   structure gststructure.c:2203:gst_structure_parse_field: trying field name 'long-name'
0:00:00.017386185  4414 0x55c3b444c360 LOG   GST_POLL gstpoll.c:994:gst_poll_fd_ctl_write: 0x55c3b4470970: pfd->events now 60 (POLLOUT:4)
0:00:00.022346037  4413 0x55d2ebafe360 DEBUG   default gstvalue.c:2676:_priv_gst_value_parse_value: trying type name 'string'
0:00:00.017393306  4414 0x55c3b444c360 DEBUG   GST_POLL gstpoll.c:979:gst_poll_fd_ctl_write: 0x55c3b4470970: fd (fd:0, idx:1), active : 1
0:00:00.022353043  4413 0x55d2ebafe360 DEBUG   structure gststructure.c:2203:gst_structure_parse_field: trying field name 'klass'
0:00:00.017399926  4414 0x55c3b444c360 LOG   GST_POLL gstpoll.c:994:gst_poll_fd_ctl_write: 0x55c3b4470970: pfd->events now 60 (POLLOUT:4)
0:00:00.022359392  4413 0x55d2ebafe360 DEBUG   default gstvalue.c:2676:_priv_gst_value_parse_value: trying type name 'string'
0:00:00.017406873  4414 0x55c3b444c360 DEBUG   GST_POLL gstpoll.c:979:gst_poll_fd_ctl_write: 0x55c3b4470970: fd (fd:0, idx:1), active : 1
0:00:00.022366216  4413 0x55d2ebafe360 DEBUG   structure gststructure.c:2203:gst_structure_parse_field: trying field name 'description'
0:00:00.017413255  4414 0x55c3b444c360 LOG   GST_POLL gstpoll.c:994:gst_poll_fd_ctl_write: 0x55c3b4470970: pfd->events now 60 (POLLOUT:4)
0:00:00.022372477  4413 0x55d2ebafe360 DEBUG   default gstvalue.c:2676:_priv_gst_value_parse_value: trying type name 'string'
0:00:00.017419911  4414 0x55c3b444c360 DEBUG   GST_POLL gstpoll.c:979:gst_poll_fd_ctl_write: 0x55c3b4470970: fd (fd:0, idx:1), active : 1
0:00:00.022382089  4413 0x55d2ebafe360 DEBUG   structure gststructure.c:2203:gst_structure_parse_field: trying field name 'author'
0:00:00.017426437  4414 0x55c3b444c360 LOG   GST_POLL gstpoll.c:994:gst_poll_fd_ctl_write: 0x55c3b4470970: pfd->events now 60 (POLLOUT:4)
0:00:00.022388290  4413 0x55d2ebafe360 DEBUG   default gstvalue.c:2676:_priv_gst_value_parse_value: trying type name 'string'
0:00:00.017434486  4414 0x55c3b444c360 DEBUG   GST_POLL gstpoll.c:979:gst_poll_fd_ctl_write: 0x55c3b4470970: fd (fd:0, idx:1), active : 1
0:00:00.022395816  4413 0x55d2ebafe360 DEBUG   GST_REGISTRY gstregistrychunks.c:626:gst_registry_chunks_load_feature: Element factory : npadtemplates=2
0:00:00.017441011  4414 0x55c3b444c360 LOG   GST_POLL gstpoll.c:994:gst_poll_fd_ctl_write: 0x55c3b4470970: pfd->events now 60 (POLLOUT:4)
0:00:00.022401893  4413 0x55d2ebafe360 DEBUG   GST_REGISTRY gstregistrychunks.c:525:gst_registry_chunks_load_pad_template: Reading/casting for GstRegistryChunkPadTemplate at address 0x55d2ebb25dd8
0:00:00.017447992  4414 0x55c3b444c360 DEBUG   GST_POLL gstpoll.c:979:gst_poll_fd_ctl_write: 0x55c3b4470970: fd (fd:0, idx:1), active : 1
0:00:00.022412188  4413 0x55d2ebafe360 DEBUG   GST_REGISTRY gstregistrychunks.c:539:gst_registry_chunks_load_pad_template: Added pad_template src
0:00:00.017457899  4414 0x55c3b444c360 LOG   GST_POLL gstpoll.c:994:gst_poll_fd_ctl_write: 0x55c3b4470970: pfd->events now 60 (POLLOUT:4)
0:00:00.022418362  4413 0x55d2ebafe360 DEBUG   GST_REGISTRY gstregistrychunks.c:525:gst_registry_chunks_load_pad_template: Reading/casting for GstRegistryChunkPadTemplate at address 0x55d2ebb25de8
0:00:00.017464590  4414 0x55c3b444c360 DEBUG   GST_POLL gstpoll.c:979:gst_poll_fd_ctl_write: 0x55c3b4470970: fd (fd:0, idx:1), active : 1
0:00:00.022424670  4413 0x55d2ebafe360 DEBUG   GST_REGISTRY gstregistrychunks.c:539:gst_registry_chunks_load_pad_template: Added pad_template sink_%u
0:00:00.017471065  4414 0x55c3b444c360 LOG   GST_POLL gstpoll.c:994:gst_poll_fd_ctl_write: 0x55c3b4470970: pfd->events now 60 (POLLOUT:4)
0:00:00.022432356  4413 0x55d2ebafe360 DEBUG   GST_REGISTRY gstregistry.c:589:gst_registry_add_feature: adding feature 0x55d2ebb31c50 (concat)
0:00:00.017477787  4414 0x55c3b444c360 DEBUG   GST_POLL gstpoll.c:979:gst_poll_fd_ctl_write: 0x55c3b4470970: fd (fd:0, idx:1), active : 1
0:00:00.022438618  4413 0x55d2ebafe360 DEBUG   GST_REFCOUNTING gstobject.c:708:gst_object_set_parent: set parent (ref and sink)
0:00:00.017484293  4414 0x55c3b444c360 LOG   GST_POLL gstpoll.c:994:gst_poll_fd_ctl_write: 0x55c3b4470970: pfd->events now 60 (POLLOUT:4)
0:00:00.022446228  4413 0x55d2ebafe360 TRACE   GST_REFCOUNTING gstobject.c:292:gst_object_ref_sink: 0x55d2ebb31c50 ref_sink 1->2
0:00:00.017491292  4414 0x55c3b444c360 DEBUG   GST_POLL gstpoll.c:979:gst_poll_fd_ctl_write: 0x55c3b4470970: fd (fd:0, idx:1), active : 1
0:00:00.022453196  4413 0x55d2ebafe360 LOG   GST_REGISTRY gstregistry.c:607:gst_registry_add_feature: emitting feature-added for concat
0:00:00.017498633  4414 0x55c3b444c360 LOG   GST_POLL gstpoll.c:994:gst_poll_fd_ctl_write: 0x55c3b4470970: pfd->events now 60 (POLLOUT:4)
0:00:00.022460268  4413 0x55d2ebafe360 DEBUG   GST_REGISTRY gstregistrychunks.c:740:gst_registry_chunks_load_feature: Added feature concat, plugin 0x55d2ebb26250 coreelements
0:00:00.017505295  4414 0x55c3b444c360 DEBUG   GST_POLL gstpoll.c:979:gst_poll_fd_ctl_write: 0x55c3b4470970: fd (fd:0, idx:1), active : 1
0:00:00.022467292  4413 0x55d2ebafe360 DEBUG   GST_REGISTRY gstregistrychunks.c:582:gst_registry_chunks_load_feature: Plugin 'coreelements' feature 'clocksync' typename : 'GstElementFactory'
0:00:00.017512399  4414 0x55c3b444c360 LOG   GST_POLL gstpoll.c:994:gst_poll_fd_ctl_write: 0x55c3b4470970: pfd->events now 60 (POLLOUT:4)
0:00:00.022475366  4413 0x55d2ebafe360 TRACE   GST_REFCOUNTING gstobject.c:208:gst_object_init: 0x55d2ebb31b00 new
0:00:00.017519580  4414 0x55c3b444c360 DEBUG   GST_POLL gstpoll.c:979:gst_poll_fd_ctl_write: 0x55c3b4470970: fd (fd:0, idx:1), active : 1
0:00:00.022483547  4413 0x55d2ebafe360 LOG   GST_REGISTRY gstregistrychunks.c:609:gst_registry_chunks_load_feature: Reading/casting for GstRegistryChunkElementFactory at address 0x55d2ebb25e18
0:00:00.017528033  4414 0x55c3b444c360 LOG   GST_POLL gstpoll.c:994:gst_poll_fd_ctl_write: 0x55c3b4470970: pfd->events now 60 (POLLOUT:4)
0:00:00.022494291  4413 0x55d2ebafe360 TRACE   structure gststructure.c:287:gst_structure_new_id_empty_with_size: created structure 0x55d2ebb32450
0:00:00.017540239  4414 0x55c3b444c360 DEBUG   GST_POLL gstpoll.c:979:gst_poll_fd_ctl_write: 0x55c3b4470970: fd (fd:0, idx:1), active : 1
0:00:00.022514818  4413 0x55d2ebafe360 DEBUG   structure gststructure.c:2203:gst_structure_parse_field: trying field name 'long-name'
0:00:00.017562590  4414 0x55c3b444c360 LOG   GST_POLL gstpoll.c:994:gst_poll_fd_ctl_write: 0x55c3b4470970: pfd->events now 60 (POLLOUT:4)
0:00:00.022521021  4413 0x55d2ebafe360 DEBUG   default gstvalue.c:2676:_priv_gst_value_parse_value: trying type name 'string'
0:00:00.017569507  4414 0x55c3b444c360 DEBUG   GST_POLL gstpoll.c:979:gst_poll_fd_ctl_write: 0x55c3b4470970: fd (fd:0, idx:1), active : 1
0:00:00.022528776  4413 0x55d2ebafe360 DEBUG   structure gststructure.c:2203:gst_structure_parse_field: trying field name 'klass'
0:00:00.017576053  4414 0x55c3b444c360 LOG   GST_POLL gstpoll.c:994:gst_poll_fd_ctl_write: 0x55c3b4470970: pfd->events now 60 (POLLOUT:4)
0:00:00.022534947  4413 0x55d2ebafe360 DEBUG   default gstvalue.c:2676:_priv_gst_value_parse_value: trying type name 'string'
0:00:00.017582968  4414 0x55c3b444c360 DEBUG   GST_POLL gstpoll.c:979:gst_poll_fd_ctl_write: 0x55c3b4470970: fd (fd:0, idx:1), active : 1
0:00:00.022542001  4413 0x55d2ebafe360 DEBUG   structure gststructure.c:2203:gst_structure_parse_field: trying field name 'description'
0:00:00.017589439  4414 0x55c3b444c360 LOG   GST_POLL gstpoll.c:994:gst_poll_fd_ctl_write: 0x55c3b4470970: pfd->events now 60 (POLLOUT:4)
0:00:00.022548163  4413 0x55d2ebafe360 DEBUG   default gstvalue.c:2676:_priv_gst_value_parse_value: trying type name 'string'
0:00:00.017596288  4414 0x55c3b444c360 DEBUG   GST_POLL gstpoll.c:979:gst_poll_fd_ctl_write: 0x55c3b4470970: fd (fd:0, idx:1), active : 1
0:00:00.022555711  4413 0x55d2ebafe360 DEBUG   structure gststructure.c:2203:gst_structure_parse_field: trying field name 'author'
0:00:00.017602883  4414 0x55c3b444c360 LOG   GST_POLL gstpoll.c:994:gst_poll_fd_ctl_write: 0x55c3b4470970: pfd->events now 60 (POLLOUT:4)
0:00:00.022561728  4413 0x55d2ebafe360 DEBUG   default gstvalue.c:2676:_priv_gst_value_parse_value: trying type name 'string'
0:00:00.017609785  4414 0x55c3b444c360 DEBUG   GST_POLL gstpoll.c:979:gst_poll_fd_ctl_write: 0x55c3b4470970: fd (fd:0, idx:1), active : 1
0:00:00.022568985  4413 0x55d2ebafe360 DEBUG   GST_REGISTRY gstregistrychunks.c:626:gst_registry_chunks_load_feature: Element factory : npadtemplates=2
0:00:00.017616281  4414 0x55c3b444c360 LOG   GST_POLL gstpoll.c:994:gst_poll_fd_ctl_write: 0x55c3b4470970: pfd->events now 60 (POLLOUT:4)
0:00:00.022575156  4413 0x55d2ebafe360 DEBUG   GST_REGISTRY gstregistrychunks.c:525:gst_registry_chunks_load_pad_template: Reading/casting for GstRegistryChunkPadTemplate at address 0x55d2ebb25ee8
0:00:00.017623030  4414 0x55c3b444c360 DEBUG   GST_POLL gstpoll.c:979:gst_poll_fd_ctl_write: 0x55c3b4470970: fd (fd:0, idx:1), active : 1
0:00:00.022588016  4413 0x55d2ebafe360 DEBUG   GST_REGISTRY gstregistrychunks.c:539:gst_registry_chunks_load_pad_template: Added pad_template sink
0:00:00.017633837  4414 0x55c3b444c360 LOG   GST_POLL gstpoll.c:994:gst_poll_fd_ctl_write: 0x55c3b4470970: pfd->events now 60 (POLLOUT:4)
0:00:00.022594124  4413 0x55d2ebafe360 DEBUG   GST_REGISTRY gstregistrychunks.c:525:gst_registry_chunks_load_pad_template: Reading/casting for GstRegistryChunkPadTemplate at address 0x55d2ebb25f00
0:00:00.017640747  4414 0x55c3b444c360 DEBUG   GST_POLL gstpoll.c:979:gst_poll_fd_ctl_write: 0x55c3b4470970: fd (fd:0, idx:1), active : 1
0:00:00.022600552  4413 0x55d2ebafe360 DEBUG   GST_REGISTRY gstregistrychunks.c:539:gst_registry_chunks_load_pad_template: Added pad_template src
0:00:00.017647345  4414 0x55c3b444c360 LOG   GST_POLL gstpoll.c:994:gst_poll_fd_ctl_write: 0x55c3b4470970: pfd->events now 60 (POLLOUT:4)
0:00:00.022608586  4413 0x55d2ebafe360 DEBUG   GST_REGISTRY gstregistry.c:589:gst_registry_add_feature: adding feature 0x55d2ebb31b00 (clocksync)
0:00:00.017654145  4414 0x55c3b444c360 DEBUG   GST_POLL gstpoll.c:979:gst_poll_fd_ctl_write: 0x55c3b4470970: fd (fd:0, idx:1), active : 1
0:00:00.022615083  4413 0x55d2ebafe360 DEBUG   GST_REFCOUNTING gstobject.c:708:gst_object_set_parent: set parent (ref and sink)
0:00:00.017660679  4414 0x55c3b444c360 LOG   GST_POLL gstpoll.c:994:gst_poll_fd_ctl_write: 0x55c3b4470970: pfd->events now 60 (POLLOUT:4)
0:00:00.022622666  4413 0x55d2ebafe360 TRACE   GST_REFCOUNTING gstobject.c:292:gst_object_ref_sink: 0x55d2ebb31b00 ref_sink 1->2
0:00:00.017667933  4414 0x55c3b444c360 DEBUG   GST_POLL gstpoll.c:979:gst_poll_fd_ctl_write: 0x55c3b4470970: fd (fd:0, idx:1), active : 1
0:00:00.022629993  4413 0x55d2ebafe360 LOG   GST_REGISTRY gstregistry.c:607:gst_registry_add_feature: emitting feature-added for clocksync
0:00:00.017675287  4414 0x55c3b444c360 LOG   GST_POLL gstpoll.c:994:gst_poll_fd_ctl_write: 0x55c3b4470970: pfd->events now 60 (POLLOUT:4)
0:00:00.022637110  4413 0x55d2ebafe360 DEBUG   GST_REGISTRY gstregistrychunks.c:740:gst_registry_chunks_load_feature: Added feature clocksync, plugin 0x55d2ebb26250 coreelements
0:00:00.017682213  4414 0x55c3b444c360 DEBUG   GST_POLL gstpoll.c:979:gst_poll_fd_ctl_write: 0x55c3b4470970: fd (fd:0, idx:1), active : 1
0:00:00.022644030  4413 0x55d2ebafe360 DEBUG   GST_REGISTRY gstregistrychunks.c:582:gst_registry_chunks_load_feature: Plugin 'coreelements' feature 'capsfilter' typename : 'GstElementFactory'
0:00:00.017689244  4414 0x55c3b444c360 LOG   GST_POLL gstpoll.c:994:gst_poll_fd_ctl_write: 0x55c3b4470970: pfd->events now 60 (POLLOUT:4)
0:00:00.022651933  4413 0x55d2ebafe360 TRACE   GST_REFCOUNTING gstobject.c:208:gst_object_init: 0x55d2ebb329b0 new
0:00:00.017696241  4414 0x55c3b444c360 DEBUG   GST_POLL gstpoll.c:979:gst_poll_fd_ctl_write: 0x55c3b4470970: fd (fd:0, idx:1), active : 1
0:00:00.022660413  4413 0x55d2ebafe360 LOG   GST_REGISTRY gstregistrychunks.c:609:gst_registry_chunks_load_feature: Reading/casting for GstRegistryChunkElementFactory at address 0x55d2ebb25f30
0:00:00.017704493  4414 0x55c3b444c360 LOG   GST_POLL gstpoll.c:994:gst_poll_fd_ctl_write: 0x55c3b4470970: pfd->events now 60 (POLLOUT:4)
0:00:00.022671502  4413 0x55d2ebafe360 TRACE   structure gststructure.c:287:gst_structure_new_id_empty_with_size: created structure 0x55d2ebb32cc0
0:00:00.017717181  4414 0x55c3b444c360 DEBUG   GST_POLL gstpoll.c:979:gst_poll_fd_ctl_write: 0x55c3b4470970: fd (fd:0, idx:1), active : 1
0:00:00.022677975  4413 0x55d2ebafe360 DEBUG   structure gststructure.c:2203:gst_structure_parse_field: trying field name 'long-name'
0:00:00.017723848  4414 0x55c3b444c360 LOG   GST_POLL gstpoll.c:994:gst_poll_fd_ctl_write: 0x55c3b4470970: pfd->events now 60 (POLLOUT:4)
0:00:00.022684183  4413 0x55d2ebafe360 DEBUG   default gstvalue.c:2676:_priv_gst_value_parse_value: trying type name 'string'
0:00:00.017730805  4414 0x55c3b444c360 DEBUG   GST_POLL gstpoll.c:979:gst_poll_fd_ctl_write: 0x55c3b4470970: fd (fd:0, idx:1), active : 1
0:00:00.022691471  4413 0x55d2ebafe360 DEBUG   structure gststructure.c:2203:gst_structure_parse_field: trying field name 'klass'
0:00:00.017737390  4414 0x55c3b444c360 LOG   GST_POLL gstpoll.c:994:gst_poll_fd_ctl_write: 0x55c3b4470970: pfd->events now 60 (POLLOUT:4)
0:00:00.022697621  4413 0x55d2ebafe360 DEBUG   default gstvalue.c:2676:_priv_gst_value_parse_value: trying type name 'string'
0:00:00.017744277  4414 0x55c3b444c360 DEBUG   GST_POLL gstpoll.c:979:gst_poll_fd_ctl_write: 0x55c3b4470970: fd (fd:0, idx:1), active : 1
0:00:00.022704545  4413 0x55d2ebafe360 DEBUG   structure gststructure.c:2203:gst_structure_parse_field: trying field name 'description'
0:00:00.017750762  4414 0x55c3b444c360 LOG   GST_POLL gstpoll.c:994:gst_poll_fd_ctl_write: 0x55c3b4470970: pfd->events now 60 (POLLOUT:4)
0:00:00.022710719  4413 0x55d2ebafe360 DEBUG   default gstvalue.c:2676:_priv_gst_value_parse_value: trying type name 'string'
0:00:00.017757762  4414 0x55c3b444c360 DEBUG   GST_POLL gstpoll.c:979:gst_poll_fd_ctl_write: 0x55c3b4470970: fd (fd:0, idx:1), active : 1
0:00:00.022717908  4413 0x55d2ebafe360 DEBUG   structure gststructure.c:2203:gst_structure_parse_field: trying field name 'author'
0:00:00.017764102  4414 0x55c3b444c360 LOG   GST_POLL gstpoll.c:994:gst_poll_fd_ctl_write: 0x55c3b4470970: pfd->events now 60 (POLLOUT:4)
0:00:00.022723946  4413 0x55d2ebafe360 DEBUG   default gstvalue.c:2676:_priv_gst_value_parse_value: trying type name 'string'
0:00:00.017771028  4414 0x55c3b444c360 DEBUG   GST_POLL gstpoll.c:979:gst_poll_fd_ctl_write: 0x55c3b4470970: fd (fd:0, idx:1), active : 1
0:00:00.022731032  4413 0x55d2ebafe360 DEBUG   GST_REGISTRY gstregistrychunks.c:626:gst_registry_chunks_load_feature: Element factory : npadtemplates=2
0:00:00.017777432  4414 0x55c3b444c360 LOG   GST_POLL gstpoll.c:994:gst_poll_fd_ctl_write: 0x55c3b4470970: pfd->events now 60 (POLLOUT:4)
0:00:00.022737191  4413 0x55d2ebafe360 DEBUG   GST_REGISTRY gstregistrychunks.c:525:gst_registry_chunks_load_pad_template: Reading/casting for GstRegistryChunkPadTemplate at address 0x55d2ebb26010
0:00:00.017784379  4414 0x55c3b444c360 DEBUG   GST_POLL gstpoll.c:979:gst_poll_fd_ctl_write: 0x55c3b4470970: fd (fd:0, idx:1), active : 1
0:00:00.022747581  4413 0x55d2ebafe360 DEBUG   GST_REGISTRY gstregistrychunks.c:539:gst_registry_chunks_load_pad_template: Added pad_template sink
0:00:00.017793101  4414 0x55c3b444c360 LOG   GST_POLL gstpoll.c:994:gst_poll_fd_ctl_write: 0x55c3b4470970: pfd->events now 60 (POLLOUT:4)
0:00:00.022753812  4413 0x55d2ebafe360 DEBUG   GST_REGISTRY gstregistrychunks.c:525:gst_registry_chunks_load_pad_template: Reading/casting for GstRegistryChunkPadTemplate at address 0x55d2ebb26028
0:00:00.017800100  4414 0x55c3b444c360 DEBUG   GST_POLL gstpoll.c:979:gst_poll_fd_ctl_write: 0x55c3b4470970: fd (fd:0, idx:1), active : 1
0:00:00.022760154  4413 0x55d2ebafe360 DEBUG   GST_REGISTRY gstregistrychunks.c:539:gst_registry_chunks_load_pad_template: Added pad_template src
0:00:00.017806701  4414 0x55c3b444c360 LOG   GST_POLL gstpoll.c:994:gst_poll_fd_ctl_write: 0x55c3b4470970: pfd->events now 60 (POLLOUT:4)
0:00:00.017813651  4414 0x55c3b444c360 DEBUG   GST_POLL gstpoll.c:979:gst_poll_fd_ctl_write: 0x55c3b4470970: fd (fd:0, idx:1), active : 1
0:00:00.022770813  4413 0x55d2ebafe360 DEBUG   GST_REGISTRY gstregistry.c:589:gst_registry_add_feature: adding feature 0x55d2ebb329b0 (capsfilter)
0:00:00.017819795  4414 0x55c3b444c360 LOG   GST_POLL gstpoll.c:994:gst_poll_fd_ctl_write: 0x55c3b4470970: pfd->events now 60 (POLLOUT:4)
0:00:00.022778752  4413 0x55d2ebafe360 DEBUG   GST_REFCOUNTING gstobject.c:708:gst_object_set_parent: set parent (ref and sink)
0:00:00.017826640  4414 0x55c3b444c360 DEBUG   GST_POLL gstpoll.c:979:gst_poll_fd_ctl_write: 0x55c3b4470970: fd (fd:0, idx:1), active : 1
0:00:00.022786284  4413 0x55d2ebafe360 TRACE   GST_REFCOUNTING gstobject.c:292:gst_object_ref_sink: 0x55d2ebb329b0 ref_sink 1->2
0:00:00.017833196  4414 0x55c3b444c360 LOG   GST_POLL gstpoll.c:994:gst_poll_fd_ctl_write: 0x55c3b4470970: pfd->events now 60 (POLLOUT:4)
0:00:00.022793226  4413 0x55d2ebafe360 LOG   GST_REGISTRY gstregistry.c:607:gst_registry_add_feature: emitting feature-added for capsfilter
0:00:00.017840203  4414 0x55c3b444c360 DEBUG   GST_POLL gstpoll.c:979:gst_poll_fd_ctl_write: 0x55c3b4470970: fd (fd:0, idx:1), active : 1
0:00:00.022800334  4413 0x55d2ebafe360 DEBUG   GST_REGISTRY gstregistrychunks.c:740:gst_registry_chunks_load_feature: Added feature capsfilter, plugin 0x55d2ebb26250 coreelements
0:00:00.017846659  4414 0x55c3b444c360 LOG   GST_POLL gstpoll.c:994:gst_poll_fd_ctl_write: 0x55c3b4470970: pfd->events now 60 (POLLOUT:4)
0:00:00.017853687  4414 0x55c3b444c360 DEBUG   GST_POLL gstpoll.c:979:gst_poll_fd_ctl_write: 0x55c3b4470970: fd (fd:0, idx:1), active : 1
0:00:00.022808086  4413 0x55d2ebafe360 LOG   GST_PLUGIN_LOADING gstpluginloader.c:887:handle_rx_packet: marking plugin 0x55d2ebb26250 as registered as /home/conan/w/prod/BuildSingleReference/.conan/data/gstreamer/1.18.4/_/_/package/272fbcd9d24b96d15fa29c90965666ae8e9f2d35/lib/gstreamer-1.0/libgstcoreelements.so
0:00:00.017859614  4414 0x55c3b444c360 LOG   GST_POLL gstpoll.c:994:gst_poll_fd_ctl_write: 0x55c3b4470970: pfd->events now 60 (POLLOUT:4)
0:00:00.022822868  4413 0x55d2ebafe360 DEBUG   GST_POLL gstpoll.c:1414:gst_poll_wait: 0x55d2ebb23530: timeout :0:00:01.000000000
0:00:00.017870706  4414 0x55c3b444c360 DEBUG   GST_POLL gstpoll.c:979:gst_poll_fd_ctl_write: 0x55c3b4470970: fd (fd:0, idx:1), active : 1
0:00:00.017877489  4414 0x55c3b444c360 LOG   GST_POLL gstpoll.c:994:gst_poll_fd_ctl_write: 0x55c3b4470970: pfd->events now 60 (POLLOUT:4)
0:00:00.017884101  4414 0x55c3b444c360 DEBUG   GST_POLL gstpoll.c:979:gst_poll_fd_ctl_write: 0x55c3b4470970: fd (fd:0, idx:1), active : 1
0:00:00.017986122  4414 0x55c3b444c360 LOG   GST_POLL gstpoll.c:994:gst_poll_fd_ctl_write: 0x55c3b4470970: pfd->events now 60 (POLLOUT:4)
0:00:00.018015722  4414 0x55c3b444c360 DEBUG   GST_POLL gstpoll.c:979:gst_poll_fd_ctl_write: 0x55c3b4470970: fd (fd:0, idx:1), active : 1
0:00:00.018025235  4414 0x55c3b444c360 LOG   GST_POLL gstpoll.c:994:gst_poll_fd_ctl_write: 0x55c3b4470970: pfd->events now 60 (POLLOUT:4)
0:00:00.018033594  4414 0x55c3b444c360 DEBUG   GST_POLL gstpoll.c:979:gst_poll_fd_ctl_write: 0x55c3b4470970: fd (fd:0, idx:1), active : 1
0:00:00.018041030  4414 0x55c3b444c360 LOG   GST_POLL gstpoll.c:994:gst_poll_fd_ctl_write: 0x55c3b4470970: pfd->events now 60 (POLLOUT:4)
0:00:00.018048713  4414 0x55c3b444c360 DEBUG   GST_POLL gstpoll.c:979:gst_poll_fd_ctl_write: 0x55c3b4470970: fd (fd:0, idx:1), active : 1
0:00:00.018055751  4414 0x55c3b444c360 LOG   GST_POLL gstpoll.c:994:gst_poll_fd_ctl_write: 0x55c3b4470970: pfd->events now 60 (POLLOUT:4)
0:00:00.018063349  4414 0x55c3b444c360 DEBUG   GST_POLL gstpoll.c:979:gst_poll_fd_ctl_write: 0x55c3b4470970: fd (fd:0, idx:1), active : 1
0:00:00.018070342  4414 0x55c3b444c360 LOG   GST_POLL gstpoll.c:994:gst_poll_fd_ctl_write: 0x55c3b4470970: pfd->events now 60 (POLLOUT:4)
0:00:00.018077845  4414 0x55c3b444c360 DEBUG   GST_POLL gstpoll.c:979:gst_poll_fd_ctl_write: 0x55c3b4470970: fd (fd:0, idx:1), active : 1
0:00:00.018084750  4414 0x55c3b444c360 LOG   GST_POLL gstpoll.c:994:gst_poll_fd_ctl_write: 0x55c3b4470970: pfd->events now 60 (POLLOUT:4)
0:00:00.018092112  4414 0x55c3b444c360 DEBUG   GST_POLL gstpoll.c:979:gst_poll_fd_ctl_write: 0x55c3b4470970: fd (fd:0, idx:1), active : 1
0:00:00.018099010  4414 0x55c3b444c360 LOG   GST_POLL gstpoll.c:994:gst_poll_fd_ctl_write: 0x55c3b4470970: pfd->events now 60 (POLLOUT:4)
0:00:00.018106555  4414 0x55c3b444c360 DEBUG   GST_POLL gstpoll.c:979:gst_poll_fd_ctl_write: 0x55c3b4470970: fd (fd:0, idx:1), active : 1
0:00:00.018113508  4414 0x55c3b444c360 LOG   GST_POLL gstpoll.c:994:gst_poll_fd_ctl_write: 0x55c3b4470970: pfd->events now 60 (POLLOUT:4)
0:00:00.018120827  4414 0x55c3b444c360 DEBUG   GST_POLL gstpoll.c:979:gst_poll_fd_ctl_write: 0x55c3b4470970: fd (fd:0, idx:1), active : 1
0:00:00.018127656  4414 0x55c3b444c360 LOG   GST_POLL gstpoll.c:994:gst_poll_fd_ctl_write: 0x55c3b4470970: pfd->events now 60 (POLLOUT:4)
0:00:00.018134833  4414 0x55c3b444c360 DEBUG   GST_POLL gstpoll.c:979:gst_poll_fd_ctl_write: 0x55c3b4470970: fd (fd:0, idx:1), active : 1
0:00:00.018152534  4414 0x55c3b444c360 LOG   GST_POLL gstpoll.c:994:gst_poll_fd_ctl_write: 0x55c3b4470970: pfd->events now 60 (POLLOUT:4)
0:00:00.018160342  4414 0x55c3b444c360 DEBUG   GST_POLL gstpoll.c:979:gst_poll_fd_ctl_write: 0x55c3b4470970: fd (fd:0, idx:1), active : 1
0:00:00.018167412  4414 0x55c3b444c360 LOG   GST_POLL gstpoll.c:994:gst_poll_fd_ctl_write: 0x55c3b4470970: pfd->events now 60 (POLLOUT:4)
0:00:00.018174738  4414 0x55c3b444c360 DEBUG   GST_POLL gstpoll.c:979:gst_poll_fd_ctl_write: 0x55c3b4470970: fd (fd:0, idx:1), active : 1
0:00:00.018181582  4414 0x55c3b444c360 LOG   GST_POLL gstpoll.c:994:gst_poll_fd_ctl_write: 0x55c3b4470970: pfd->events now 60 (POLLOUT:4)
0:00:00.018188876  4414 0x55c3b444c360 DEBUG   GST_POLL gstpoll.c:979:gst_poll_fd_ctl_write: 0x55c3b4470970: fd (fd:0, idx:1), active : 1
0:00:00.018195835  4414 0x55c3b444c360 LOG   GST_POLL gstpoll.c:994:gst_poll_fd_ctl_write: 0x55c3b4470970: pfd->events now 60 (POLLOUT:4)
0:00:00.018211224  4414 0x55c3b444c360 TRACE   GST_REFCOUNTING gstobject.c:264:gst_object_unref: 0x55c3b44744a0 unref 2->1
0:00:00.018221657  4414 0x55c3b444c360 DEBUG   GST_POLL gstpoll.c:1241:gst_poll_fd_has_error: 0x55c3b4470970: fd (fd:0, idx:1) 0
0:00:00.018229633  4414 0x55c3b444c360 DEBUG   GST_POLL gstpoll.c:1335:gst_poll_fd_can_write: 0x55c3b4470970: fd (fd:0, idx:1) 1
0:00:00.018237475  4414 0x55c3b444c360 LOG   GST_PLUGIN_LOADING gstpluginloader.c:690:write_one: Writing packet of size 488 bytes to fd 0
0:00:00.018259414  4414 0x55c3b444c360 DEBUG   GST_POLL gstpoll.c:1414:gst_poll_wait: 0x55c3b4470970: timeout :0:00:01.000000000
0:00:00.018272054  4414 0x55c3b444c360 LOG   GST_PLUGIN_LOADING gstpluginloader.c:1027:exchange_packets: Poll res = 2. 6872 bytes pending for write
0:00:00.023233130  4413 0x55d2ebafe360 LOG   GST_PLUGIN_LOADING gstpluginloader.c:1027:exchange_packets: Poll res = 1. 0 bytes pending for write
0:00:00.018280584  4414 0x55c3b444c360 DEBUG   GST_POLL gstpoll.c:1241:gst_poll_fd_has_error: 0x55c3b4470970: fd (fd:5, idx:2) 0
0:00:00.023243257  4413 0x55d2ebafe360 DEBUG   GST_POLL gstpoll.c:1241:gst_poll_fd_has_error: 0x55d2ebb23530: fd (fd:8, idx:2) 0
0:00:00.018289428  4414 0x55c3b444c360 DEBUG   GST_POLL gstpoll.c:1266:gst_poll_fd_can_read_unlocked: 0x55c3b4470970: fd (fd:5, idx:2) 1
0:00:00.023250401  4413 0x55d2ebafe360 DEBUG   GST_POLL gstpoll.c:1266:gst_poll_fd_can_read_unlocked: 0x55d2ebb23530: fd (fd:8, idx:2) 1
0:00:00.018299864  4414 0x55c3b444c360 LOG   GST_PLUGIN_LOADING gstpluginloader.c:1005:read_one: No payload to read for 0 length packet type 1 tag 0
0:00:00.023261619  4413 0x55d2ebafe360 DEBUG   GST_PLUGIN_LOADING gstpluginloader.c:848:handle_rx_packet: Received plugin details from child w/ tag 2. 476 bytes info
0:00:00.018308525  4414 0x55c3b444c360 DEBUG   GST_POLL gstpoll.c:1014:gst_poll_fd_ctl_read_unlocked: 0x55c3b4470970: fd (fd:5, idx:2), active : 0
0:00:00.023268487  4413 0x55d2ebafe360 LOG   GST_REGISTRY gstregistrychunks.c:836:_priv_gst_registry_chunks_load_plugin: Reading/casting for GstRegistryChunkPluginElement at address 0x55d2ebb24570
0:00:00.018316939  4414 0x55c3b444c360 DEBUG   GST_POLL gstpoll.c:979:gst_poll_fd_ctl_write: 0x55c3b4470970: fd (fd:0, idx:1), active : 1
0:00:00.023277710  4413 0x55d2ebafe360 TRACE   GST_REFCOUNTING gstobject.c:208:gst_object_init: 0x55d2ebb33160 new
0:00:00.018332640  4414 0x55c3b444c360 LOG   GST_POLL gstpoll.c:994:gst_poll_fd_ctl_write: 0x55c3b4470970: pfd->events now 60 (POLLOUT:4)
0:00:00.023296197  4413 0x55d2ebafe360 LOG   GST_REGISTRY gstregistrychunks.c:858:_priv_gst_registry_chunks_load_plugin: read strings for name='coretracers'
0:00:00.018341270  4414 0x55c3b444c360 DEBUG   GST_POLL gstpoll.c:1241:gst_poll_fd_has_error: 0x55c3b4470970: fd (fd:0, idx:1) 0
0:00:00.023302882  4413 0x55d2ebafe360 LOG   GST_REGISTRY gstregistrychunks.c:859:_priv_gst_registry_chunks_load_plugin: desc.description='GStreamer core tracers'
0:00:00.018350164  4414 0x55c3b444c360 DEBUG   GST_POLL gstpoll.c:1335:gst_poll_fd_can_write: 0x55c3b4470970: fd (fd:0, idx:1) 1
0:00:00.023309212  4413 0x55d2ebafe360 LOG   GST_REGISTRY gstregistrychunks.c:860:_priv_gst_registry_chunks_load_plugin: filename='/home/conan/w/prod/BuildSingleReference/.conan/data/gstreamer/1.18.4/_/_/package/272fbcd9d24b96d15fa29c90965666ae8e9f2d35/lib/gstreamer-1.0/libgstcoretracers.so'
0:00:00.018358180  4414 0x55c3b444c360 LOG   GST_PLUGIN_LOADING gstpluginloader.c:690:write_one: Writing packet of size 6872 bytes to fd 0
0:00:00.023316476  4413 0x55d2ebafe360 LOG   GST_REGISTRY gstregistrychunks.c:861:_priv_gst_registry_chunks_load_plugin: desc.version='1.18.4'
0:00:00.023324359  4413 0x55d2ebafe360 LOG   GST_REGISTRY gstregistrychunks.c:862:_priv_gst_registry_chunks_load_plugin: desc.license='LGPL'
0:00:00.023329709  4413 0x55d2ebafe360 LOG   GST_REGISTRY gstregistrychunks.c:863:_priv_gst_registry_chunks_load_plugin: desc.source='gstreamer'
0:00:00.018372680  4414 0x55c3b444c360 DEBUG   GST_POLL gstpoll.c:1414:gst_poll_wait: 0x55c3b4470970: timeout :0:00:01.000000000
0:00:00.023335331  4413 0x55d2ebafe360 LOG   GST_REGISTRY gstregistrychunks.c:864:_priv_gst_registry_chunks_load_plugin: desc.package='GStreamer source release'
0:00:00.023341234  4413 0x55d2ebafe360 LOG   GST_REGISTRY gstregistrychunks.c:865:_priv_gst_registry_chunks_load_plugin: desc.origin='Unknown package origin'
0:00:00.018384901  4414 0x55c3b444c360 LOG   GST_PLUGIN_LOADING gstpluginloader.c:1027:exchange_packets: Poll res = 1. 12 bytes pending for write
0:00:00.023346672  4413 0x55d2ebafe360 LOG   GST_REGISTRY gstregistrychunks.c:866:_priv_gst_registry_chunks_load_plugin: desc.datetime=2021-03-15
0:00:00.018394648  4414 0x55c3b444c360 DEBUG   GST_POLL gstpoll.c:1241:gst_poll_fd_has_error: 0x55c3b4470970: fd (fd:0, idx:1) 0
0:00:00.023356099  4413 0x55d2ebafe360 DEBUG   GST_REGISTRY gstregistry.c:446:gst_registry_add_plugin: Replacing existing plugin "/home/conan/w/prod/BuildSingleReference/.conan/data/gstreamer/1.18.4/_/_/package/272fbcd9d24b96d15fa29c90965666ae8e9f2d35/lib/gstreamer-1.0/libgstcoretracers.so" 0x55d2ebb23b90 with new plugin 0x55d2ebb33160 for filename "/home/conan/w/prod/BuildSingleReference/.conan/data/gstreamer/1.18.4/_/_/package/272fbcd9d24b96d15fa29c90965666ae8e9f2d35/lib/gstreamer-1.0/libgstcoretracers.so"
0:00:00.018402777  4414 0x55c3b444c360 DEBUG   GST_POLL gstpoll.c:1335:gst_poll_fd_can_write: 0x55c3b4470970: fd (fd:0, idx:1) 1
0:00:00.023367045  4413 0x55d2ebafe360 TRACE   GST_REFCOUNTING gstobject.c:264:gst_object_unref: 0x55d2ebb23b90 unref 1->0
0:00:00.018415536  4414 0x55c3b444c360 LOG   GST_PLUGIN_LOADING gstpluginloader.c:690:write_one: Writing packet of size 12 bytes to fd 0
0:00:00.023376182  4413 0x55d2ebafe360 TRACE   GST_REFCOUNTING gstobject.c:381:gst_object_dispose: 0x55d2ebb23b90 dispose
0:00:00.018425657  4414 0x55c3b444c360 DEBUG   GST_POLL gstpoll.c:979:gst_poll_fd_ctl_write: 0x55c3b4470970: fd (fd:0, idx:1), active : 0
0:00:00.023385645  4413 0x55d2ebafe360 DEBUG   GST_PLUGIN_LOADING gstplugin.c:136:gst_plugin_finalize: finalizing plugin
0:00:00.018433574  4414 0x55c3b444c360 LOG   GST_POLL gstpoll.c:994:gst_poll_fd_ctl_write: 0x55c3b4470970: pfd->events now 56 (POLLOUT:4)
0:00:00.023394855  4413 0x55d2ebafe360 TRACE   GST_REFCOUNTING gstobject.c:423:gst_object_finalize: 0x55d2ebb23b90 finalize
0:00:00.023408917  4413 0x55d2ebafe360 DEBUG   GST_REGISTRY gstregistry.c:473:gst_registry_add_plugin: adding plugin 0x55d2ebb33160 for filename "/home/conan/w/prod/BuildSingleReference/.conan/data/gstreamer/1.18.4/_/_/package/272fbcd9d24b96d15fa29c90965666ae8e9f2d35/lib/gstreamer-1.0/libgstcoretracers.so"
0:00:00.018452218  4414 0x55c3b444c360 DEBUG   GST_POLL gstpoll.c:772:gst_poll_free: 0x55c3b4470970: freeing
0:00:00.023416546  4413 0x55d2ebafe360 TRACE   GST_REFCOUNTING gstobject.c:292:gst_object_ref_sink: 0x55d2ebb33160 ref_sink 1->2
0:00:00.023424045  4413 0x55d2ebafe360 LOG   GST_REGISTRY gstregistry.c:486:gst_registry_add_plugin: emitting plugin-added for filename "/home/conan/w/prod/BuildSingleReference/.conan/data/gstreamer/1.18.4/_/_/package/272fbcd9d24b96d15fa29c90965666ae8e9f2d35/lib/gstreamer-1.0/libgstcoretracers.so"
0:00:00.023431110  4413 0x55d2ebafe360 DEBUG   GST_REGISTRY gstregistrychunks.c:886:_priv_gst_registry_chunks_load_plugin: Added plugin 'coretracers' plugin with 5 features from binary registry
0:00:00.023437832  4413 0x55d2ebafe360 DEBUG   GST_REGISTRY gstregistrychunks.c:582:gst_registry_chunks_load_feature: Plugin 'coretracers' feature 'leaks' typename : 'GstTracerFactory'
0:00:00.023446055  4413 0x55d2ebafe360 TRACE   GST_REFCOUNTING gstobject.c:208:gst_object_init: 0x55d2ebb23b80 new
0:00:00.023455154  4413 0x55d2ebafe360 DEBUG   GST_REGISTRY gstregistrychunks.c:716:gst_registry_chunks_load_feature: Reading/casting for GstRegistryChunkPluginFeature at address 0x55d2ebb246b8
0:00:00.023462611  4413 0x55d2ebafe360 DEBUG   GST_REGISTRY gstregistry.c:580:gst_registry_add_feature: replacing existing feature 0x55d2ebb23f40 (leaks)
0:00:00.023470036  4413 0x55d2ebafe360 DEBUG   GST_REGISTRY gstregistry.c:589:gst_registry_add_feature: adding feature 0x55d2ebb23b80 (leaks)
0:00:00.023476150  4413 0x55d2ebafe360 TRACE   GST_REFCOUNTING gstobject.c:788:gst_object_unparent: unparent
0:00:00.023483295  4413 0x55d2ebafe360 TRACE   GST_REFCOUNTING gstobject.c:264:gst_object_unref: 0x55d2ebb23f40 unref 1->0
0:00:00.023490055  4413 0x55d2ebafe360 TRACE   GST_REFCOUNTING gstobject.c:381:gst_object_dispose: 0x55d2ebb23f40 dispose
0:00:00.023503405  4413 0x55d2ebafe360 DEBUG   GST_PLUGIN_LOADING gstpluginfeature.c:67:gst_plugin_feature_finalize: finalizing feature 0x55d2ebb23f40: 'leaks'
0:00:00.023509866  4413 0x55d2ebafe360 TRACE   GST_REFCOUNTING gstobject.c:423:gst_object_finalize: 0x55d2ebb23f40 finalize
0:00:00.023516970  4413 0x55d2ebafe360 DEBUG   GST_REFCOUNTING gstobject.c:708:gst_object_set_parent: set parent (ref and sink)
0:00:00.023524069  4413 0x55d2ebafe360 TRACE   GST_REFCOUNTING gstobject.c:292:gst_object_ref_sink: 0x55d2ebb23b80 ref_sink 1->2
0:00:00.023530585  4413 0x55d2ebafe360 LOG   GST_REGISTRY gstregistry.c:607:gst_registry_add_feature: emitting feature-added for leaks
0:00:00.023537364  4413 0x55d2ebafe360 DEBUG   GST_REGISTRY gstregistrychunks.c:740:gst_registry_chunks_load_feature: Added feature leaks, plugin 0x55d2ebb33160 coretracers
0:00:00.023544248  4413 0x55d2ebafe360 DEBUG   GST_REGISTRY gstregistrychunks.c:582:gst_registry_chunks_load_feature: Plugin 'coretracers' feature 'stats' typename : 'GstTracerFactory'
0:00:00.023551690  4413 0x55d2ebafe360 TRACE   GST_REFCOUNTING gstobject.c:208:gst_object_init: 0x55d2ebb23f40 new
0:00:00.023560148  4413 0x55d2ebafe360 DEBUG   GST_REGISTRY gstregistrychunks.c:716:gst_registry_chunks_load_feature: Reading/casting for GstRegistryChunkPluginFeature at address 0x55d2ebb246d8
0:00:00.023567643  4413 0x55d2ebafe360 DEBUG   GST_REGISTRY gstregistry.c:580:gst_registry_add_feature: replacing existing feature 0x55d2ebb24090 (stats)
0:00:00.023574469  4413 0x55d2ebafe360 DEBUG   GST_REGISTRY gstregistry.c:589:gst_registry_add_feature: adding feature 0x55d2ebb23f40 (stats)
0:00:00.023580340  4413 0x55d2ebafe360 TRACE   GST_REFCOUNTING gstobject.c:788:gst_object_unparent: unparent
0:00:00.023587633  4413 0x55d2ebafe360 TRACE   GST_REFCOUNTING gstobject.c:264:gst_object_unref: 0x55d2ebb24090 unref 1->0
0:00:00.023594154  4413 0x55d2ebafe360 TRACE   GST_REFCOUNTING gstobject.c:381:gst_object_dispose: 0x55d2ebb24090 dispose
0:00:00.023601084  4413 0x55d2ebafe360 DEBUG   GST_PLUGIN_LOADING gstpluginfeature.c:67:gst_plugin_feature_finalize: finalizing feature 0x55d2ebb24090: 'stats'
0:00:00.023607205  4413 0x55d2ebafe360 TRACE   GST_REFCOUNTING gstobject.c:423:gst_object_finalize: 0x55d2ebb24090 finalize
0:00:00.023613746  4413 0x55d2ebafe360 DEBUG   GST_REFCOUNTING gstobject.c:708:gst_object_set_parent: set parent (ref and sink)
0:00:00.023620900  4413 0x55d2ebafe360 TRACE   GST_REFCOUNTING gstobject.c:292:gst_object_ref_sink: 0x55d2ebb23f40 ref_sink 1->2
0:00:00.023627390  4413 0x55d2ebafe360 LOG   GST_REGISTRY gstregistry.c:607:gst_registry_add_feature: emitting feature-added for stats
0:00:00.023634046  4413 0x55d2ebafe360 DEBUG   GST_REGISTRY gstregistrychunks.c:740:gst_registry_chunks_load_feature: Added feature stats, plugin 0x55d2ebb33160 coretracers
0:00:00.023640408  4413 0x55d2ebafe360 DEBUG   GST_REGISTRY gstregistrychunks.c:582:gst_registry_chunks_load_feature: Plugin 'coretracers' feature 'rusage' typename : 'GstTracerFactory'
0:00:00.023652187  4413 0x55d2ebafe360 TRACE   GST_REFCOUNTING gstobject.c:208:gst_object_init: 0x55d2ebb33590 new
0:00:00.023660221  4413 0x55d2ebafe360 DEBUG   GST_REGISTRY gstregistrychunks.c:716:gst_registry_chunks_load_feature: Reading/casting for GstRegistryChunkPluginFeature at address 0x55d2ebb246f8
0:00:00.023667370  4413 0x55d2ebafe360 DEBUG   GST_REGISTRY gstregistry.c:580:gst_registry_add_feature: replacing existing feature 0x55d2ebb241e0 (rusage)
0:00:00.023674115  4413 0x55d2ebafe360 DEBUG   GST_REGISTRY gstregistry.c:589:gst_registry_add_feature: adding feature 0x55d2ebb33590 (rusage)
0:00:00.023679905  4413 0x55d2ebafe360 TRACE   GST_REFCOUNTING gstobject.c:788:gst_object_unparent: unparent
0:00:00.023686954  4413 0x55d2ebafe360 TRACE   GST_REFCOUNTING gstobject.c:264:gst_object_unref: 0x55d2ebb241e0 unref 1->0
0:00:00.023693583  4413 0x55d2ebafe360 TRACE   GST_REFCOUNTING gstobject.c:381:gst_object_dispose: 0x55d2ebb241e0 dispose
0:00:00.023700599  4413 0x55d2ebafe360 DEBUG   GST_PLUGIN_LOADING gstpluginfeature.c:67:gst_plugin_feature_finalize: finalizing feature 0x55d2ebb241e0: 'rusage'
0:00:00.023706743  4413 0x55d2ebafe360 TRACE   GST_REFCOUNTING gstobject.c:423:gst_object_finalize: 0x55d2ebb241e0 finalize
0:00:00.023713344  4413 0x55d2ebafe360 DEBUG   GST_REFCOUNTING gstobject.c:708:gst_object_set_parent: set parent (ref and sink)
0:00:00.023720367  4413 0x55d2ebafe360 TRACE   GST_REFCOUNTING gstobject.c:292:gst_object_ref_sink: 0x55d2ebb33590 ref_sink 1->2
0:00:00.023726752  4413 0x55d2ebafe360 LOG   GST_REGISTRY gstregistry.c:607:gst_registry_add_feature: emitting feature-added for rusage
0:00:00.023733473  4413 0x55d2ebafe360 DEBUG   GST_REGISTRY gstregistrychunks.c:740:gst_registry_chunks_load_feature: Added feature rusage, plugin 0x55d2ebb33160 coretracers
0:00:00.023740050  4413 0x55d2ebafe360 DEBUG   GST_REGISTRY gstregistrychunks.c:582:gst_registry_chunks_load_feature: Plugin 'coretracers' feature 'log' typename : 'GstTracerFactory'
0:00:00.023747298  4413 0x55d2ebafe360 TRACE   GST_REFCOUNTING gstobject.c:208:gst_object_init: 0x55d2ebb241e0 new
0:00:00.023754895  4413 0x55d2ebafe360 DEBUG   GST_REGISTRY gstregistrychunks.c:716:gst_registry_chunks_load_feature: Reading/casting for GstRegistryChunkPluginFeature at address 0x55d2ebb24718
0:00:00.023761772  4413 0x55d2ebafe360 DEBUG   GST_REGISTRY gstregistry.c:580:gst_registry_add_feature: replacing existing feature 0x55d2ebb24340 (log)
0:00:00.023768355  4413 0x55d2ebafe360 DEBUG   GST_REGISTRY gstregistry.c:589:gst_registry_add_feature: adding feature 0x55d2ebb241e0 (log)
0:00:00.023774098  4413 0x55d2ebafe360 TRACE   GST_REFCOUNTING gstobject.c:788:gst_object_unparent: unparent
0:00:00.023781085  4413 0x55d2ebafe360 TRACE   GST_REFCOUNTING gstobject.c:264:gst_object_unref: 0x55d2ebb24340 unref 1->0
0:00:00.023787646  4413 0x55d2ebafe360 TRACE   GST_REFCOUNTING gstobject.c:381:gst_object_dispose: 0x55d2ebb24340 dispose
0:00:00.023794545  4413 0x55d2ebafe360 DEBUG   GST_PLUGIN_LOADING gstpluginfeature.c:67:gst_plugin_feature_finalize: finalizing feature 0x55d2ebb24340: 'log'
0:00:00.023804793  4413 0x55d2ebafe360 TRACE   GST_REFCOUNTING gstobject.c:423:gst_object_finalize: 0x55d2ebb24340 finalize
0:00:00.023822057  4413 0x55d2ebafe360 DEBUG   GST_REFCOUNTING gstobject.c:708:gst_object_set_parent: set parent (ref and sink)
0:00:00.023829327  4413 0x55d2ebafe360 TRACE   GST_REFCOUNTING gstobject.c:292:gst_object_ref_sink: 0x55d2ebb241e0 ref_sink 1->2
0:00:00.023835916  4413 0x55d2ebafe360 LOG   GST_REGISTRY gstregistry.c:607:gst_registry_add_feature: emitting feature-added for log
0:00:00.023842508  4413 0x55d2ebafe360 DEBUG   GST_REGISTRY gstregistrychunks.c:740:gst_registry_chunks_load_feature: Added feature log, plugin 0x55d2ebb33160 coretracers
0:00:00.023848957  4413 0x55d2ebafe360 DEBUG   GST_REGISTRY gstregistrychunks.c:582:gst_registry_chunks_load_feature: Plugin 'coretracers' feature 'latency' typename : 'GstTracerFactory'
0:00:00.023856422  4413 0x55d2ebafe360 TRACE   GST_REFCOUNTING gstobject.c:208:gst_object_init: 0x55d2ebb24340 new
0:00:00.023864149  4413 0x55d2ebafe360 DEBUG   GST_REGISTRY gstregistrychunks.c:716:gst_registry_chunks_load_feature: Reading/casting for GstRegistryChunkPluginFeature at address 0x55d2ebb24740
