0:00:00.020604262  4413 0x55d2ebafe360 LOG   GST_REGISTRY gstregistrychunks.c:609:gst_registry_chunks_load_feature: Reading/casting for GstRegistryChunkElementFactory at address 0x55d2ebb25100
0:00:00.015648487  4414 0x55c3b444c360 LOG   GST_POLL gstpoll.c:994:gst_poll_fd_ctl_write: 0x55c3b4470970: pfd->events now 60 (POLLOUT:4)
0:00:00.020613166  4413 0x55d2ebafe360 TRACE   structure gststructure.c:287:gst_structure_new_id_empty_with_size: created structure 0x55d2ebb29500
0:00:00.015656902  4414 0x55c3b444c360 DEBUG   GST_POLL gstpoll.c:979:gst_poll_fd_ctl_write: 0x55c3b4470970: fd (fd:0, idx:1), active : 1
0:00:00.020620123  4413 0x55d2ebafe360 DEBUG   structure gststructure.c:2203:gst_structure_parse_field: trying field name 'long-name'
0:00:00.015665843  4414 0x55c3b444c360 LOG   GST_POLL gstpoll.c:994:gst_poll_fd_ctl_write: 0x55c3b4470970: pfd->events now 60 (POLLOUT:4)
0:00:00.020626491  4413 0x55d2ebafe360 DEBUG   default gstvalue.c:2676:_priv_gst_value_parse_value: trying type name 'string'
0:00:00.015673559  4414 0x55c3b444c360 LOG   GST_PLUGIN_LOADING gstpluginloader.c:645:put_chunk: Expanding tx buf from 10158 to 13209 for chunk of size 209
0:00:00.020634020  4413 0x55d2ebafe360 DEBUG   structure gststructure.c:2203:gst_structure_parse_field: trying field name 'klass'
0:00:00.020640304  4413 0x55d2ebafe360 DEBUG   default gstvalue.c:2676:_priv_gst_value_parse_value: trying type name 'string'
0:00:00.020646738  4413 0x55d2ebafe360 DEBUG   structure gststructure.c:2203:gst_structure_parse_field: trying field name 'description'
0:00:00.020652718  4413 0x55d2ebafe360 DEBUG   default gstvalue.c:2676:_priv_gst_value_parse_value: trying type name 'string'
0:00:00.015696999  4414 0x55c3b444c360 DEBUG   GST_POLL gstpoll.c:979:gst_poll_fd_ctl_write: 0x55c3b4470970: fd (fd:0, idx:1), active : 1
0:00:00.020659488  4413 0x55d2ebafe360 DEBUG   structure gststructure.c:2203:gst_structure_parse_field: trying field name 'author'
0:00:00.015709007  4414 0x55c3b444c360 LOG   GST_POLL gstpoll.c:994:gst_poll_fd_ctl_write: 0x55c3b4470970: pfd->events now 60 (POLLOUT:4)
0:00:00.020667340  4413 0x55d2ebafe360 DEBUG   default gstvalue.c:2676:_priv_gst_value_parse_value: trying type name 'string'
0:00:00.015716682  4414 0x55c3b444c360 DEBUG   GST_POLL gstpoll.c:979:gst_poll_fd_ctl_write: 0x55c3b4470970: fd (fd:0, idx:1), active : 1
0:00:00.020677183  4413 0x55d2ebafe360 DEBUG   GST_REGISTRY gstregistrychunks.c:626:gst_registry_chunks_load_feature: Element factory : npadtemplates=2
0:00:00.015723657  4414 0x55c3b444c360 LOG   GST_POLL gstpoll.c:994:gst_poll_fd_ctl_write: 0x55c3b4470970: pfd->events now 60 (POLLOUT:4)
0:00:00.020683643  4413 0x55d2ebafe360 DEBUG   GST_REGISTRY gstregistrychunks.c:525:gst_registry_chunks_load_pad_template: Reading/casting for GstRegistryChunkPadTemplate at address 0x55d2ebb25230
0:00:00.015730961  4414 0x55c3b444c360 DEBUG   GST_POLL gstpoll.c:979:gst_poll_fd_ctl_write: 0x55c3b4470970: fd (fd:0, idx:1), active : 1
0:00:00.020690173  4413 0x55d2ebafe360 DEBUG   GST_REGISTRY gstregistrychunks.c:539:gst_registry_chunks_load_pad_template: Added pad_template src
0:00:00.015737639  4414 0x55c3b444c360 LOG   GST_POLL gstpoll.c:994:gst_poll_fd_ctl_write: 0x55c3b4470970: pfd->events now 60 (POLLOUT:4)
0:00:00.020696467  4413 0x55d2ebafe360 DEBUG   GST_REGISTRY gstregistrychunks.c:525:gst_registry_chunks_load_pad_template: Reading/casting for GstRegistryChunkPadTemplate at address 0x55d2ebb25240
0:00:00.015744715  4414 0x55c3b444c360 DEBUG   GST_POLL gstpoll.c:979:gst_poll_fd_ctl_write: 0x55c3b4470970: fd (fd:0, idx:1), active : 1
0:00:00.020703180  4413 0x55d2ebafe360 DEBUG   GST_REGISTRY gstregistrychunks.c:539:gst_registry_chunks_load_pad_template: Added pad_template sink_%u
0:00:00.015751592  4414 0x55c3b444c360 LOG   GST_POLL gstpoll.c:994:gst_poll_fd_ctl_write: 0x55c3b4470970: pfd->events now 60 (POLLOUT:4)
0:00:00.020711874  4413 0x55d2ebafe360 DEBUG   GST_REGISTRY gstregistry.c:589:gst_registry_add_feature: adding feature 0x55d2ebb29410 (input-selector)
0:00:00.020718582  4413 0x55d2ebafe360 DEBUG   GST_REFCOUNTING gstobject.c:708:gst_object_set_parent: set parent (ref and sink)
0:00:00.020726229  4413 0x55d2ebafe360 TRACE   GST_REFCOUNTING gstobject.c:292:gst_object_ref_sink: 0x55d2ebb29410 ref_sink 1->2
0:00:00.015758716  4414 0x55c3b444c360 DEBUG   GST_POLL gstpoll.c:979:gst_poll_fd_ctl_write: 0x55c3b4470970: fd (fd:0, idx:1), active : 1
0:00:00.020735892  4413 0x55d2ebafe360 LOG   GST_REGISTRY gstregistry.c:607:gst_registry_add_feature: emitting feature-added for input-selector
0:00:00.015780995  4414 0x55c3b444c360 LOG   GST_POLL gstpoll.c:994:gst_poll_fd_ctl_write: 0x55c3b4470970: pfd->events now 60 (POLLOUT:4)
0:00:00.015790615  4414 0x55c3b444c360 DEBUG   GST_POLL gstpoll.c:979:gst_poll_fd_ctl_write: 0x55c3b4470970: fd (fd:0, idx:1), active : 1
0:00:00.020747517  4413 0x55d2ebafe360 DEBUG   GST_REGISTRY gstregistrychunks.c:740:gst_registry_chunks_load_feature: Added feature input-selector, plugin 0x55d2ebb26250 coreelements
0:00:00.015796987  4414 0x55c3b444c360 LOG   GST_POLL gstpoll.c:994:gst_poll_fd_ctl_write: 0x55c3b4470970: pfd->events now 60 (POLLOUT:4)
0:00:00.015811156  4414 0x55c3b444c360 DEBUG   GST_POLL gstpoll.c:979:gst_poll_fd_ctl_write: 0x55c3b4470970: fd (fd:0, idx:1), active : 1
0:00:00.020766723  4413 0x55d2ebafe360 DEBUG   GST_REGISTRY gstregistrychunks.c:582:gst_registry_chunks_load_feature: Plugin 'coreelements' feature 'identity' typename : 'GstElementFactory'
0:00:00.015817449  4414 0x55c3b444c360 LOG   GST_POLL gstpoll.c:994:gst_poll_fd_ctl_write: 0x55c3b4470970: pfd->events now 60 (POLLOUT:4)
0:00:00.015824518  4414 0x55c3b444c360 DEBUG   GST_POLL gstpoll.c:979:gst_poll_fd_ctl_write: 0x55c3b4470970: fd (fd:0, idx:1), active : 1
0:00:00.020781499  4413 0x55d2ebafe360 TRACE   GST_REFCOUNTING gstobject.c:208:gst_object_init: 0x55d2ebb29a90 new
0:00:00.015830809  4414 0x55c3b444c360 LOG   GST_POLL gstpoll.c:994:gst_poll_fd_ctl_write: 0x55c3b4470970: pfd->events now 60 (POLLOUT:4)
0:00:00.020797944  4413 0x55d2ebafe360 LOG   GST_REGISTRY gstregistrychunks.c:609:gst_registry_chunks_load_feature: Reading/casting for GstRegistryChunkElementFactory at address 0x55d2ebb25270
0:00:00.015841606  4414 0x55c3b444c360 DEBUG   GST_POLL gstpoll.c:979:gst_poll_fd_ctl_write: 0x55c3b4470970: fd (fd:0, idx:1), active : 1
0:00:00.015856004  4414 0x55c3b444c360 LOG   GST_POLL gstpoll.c:994:gst_poll_fd_ctl_write: 0x55c3b4470970: pfd->events now 60 (POLLOUT:4)
0:00:00.020809009  4413 0x55d2ebafe360 TRACE   structure gststructure.c:287:gst_structure_new_id_empty_with_size: created structure 0x55d2ebb29cc0
0:00:00.015867578  4414 0x55c3b444c360 DEBUG   GST_POLL gstpoll.c:979:gst_poll_fd_ctl_write: 0x55c3b4470970: fd (fd:0, idx:1), active : 1
0:00:00.020828792  4413 0x55d2ebafe360 DEBUG   structure gststructure.c:2203:gst_structure_parse_field: trying field name 'long-name'
0:00:00.015877276  4414 0x55c3b444c360 LOG   GST_POLL gstpoll.c:994:gst_poll_fd_ctl_write: 0x55c3b4470970: pfd->events now 60 (POLLOUT:4)
0:00:00.020836719  4413 0x55d2ebafe360 DEBUG   default gstvalue.c:2676:_priv_gst_value_parse_value: trying type name 'string'
0:00:00.020846016  4413 0x55d2ebafe360 DEBUG   structure gststructure.c:2203:gst_structure_parse_field: trying field name 'klass'
0:00:00.020851983  4413 0x55d2ebafe360 DEBUG   default gstvalue.c:2676:_priv_gst_value_parse_value: trying type name 'string'
0:00:00.015887663  4414 0x55c3b444c360 DEBUG   GST_POLL gstpoll.c:979:gst_poll_fd_ctl_write: 0x55c3b4470970: fd (fd:0, idx:1), active : 1
0:00:00.020858666  4413 0x55d2ebafe360 DEBUG   structure gststructure.c:2203:gst_structure_parse_field: trying field name 'description'
0:00:00.020864990  4413 0x55d2ebafe360 DEBUG   default gstvalue.c:2676:_priv_gst_value_parse_value: trying type name 'string'
0:00:00.015907455  4414 0x55c3b444c360 LOG   GST_POLL gstpoll.c:994:gst_poll_fd_ctl_write: 0x55c3b4470970: pfd->events now 60 (POLLOUT:4)
0:00:00.020872015  4413 0x55d2ebafe360 DEBUG   structure gststructure.c:2203:gst_structure_parse_field: trying field name 'author'
0:00:00.015919424  4414 0x55c3b444c360 DEBUG   GST_POLL gstpoll.c:979:gst_poll_fd_ctl_write: 0x55c3b4470970: fd (fd:0, idx:1), active : 1
0:00:00.020884042  4413 0x55d2ebafe360 DEBUG   default gstvalue.c:2676:_priv_gst_value_parse_value: trying type name 'string'
0:00:00.020902338  4413 0x55d2ebafe360 DEBUG   GST_REGISTRY gstregistrychunks.c:626:gst_registry_chunks_load_feature: Element factory : npadtemplates=2
0:00:00.015945031  4414 0x55c3b444c360 LOG   GST_POLL gstpoll.c:994:gst_poll_fd_ctl_write: 0x55c3b4470970: pfd->events now 60 (POLLOUT:4)
0:00:00.020911726  4413 0x55d2ebafe360 DEBUG   GST_REGISTRY gstregistrychunks.c:525:gst_registry_chunks_load_pad_template: Reading/casting for GstRegistryChunkPadTemplate at address 0x55d2ebb25340
0:00:00.015959164  4414 0x55c3b444c360 DEBUG   GST_POLL gstpoll.c:979:gst_poll_fd_ctl_write: 0x55c3b4470970: fd (fd:0, idx:1), active : 1
0:00:00.020918518  4413 0x55d2ebafe360 DEBUG   GST_REGISTRY gstregistrychunks.c:539:gst_registry_chunks_load_pad_template: Added pad_template sink
0:00:00.020926984  4413 0x55d2ebafe360 DEBUG   GST_REGISTRY gstregistrychunks.c:525:gst_registry_chunks_load_pad_template: Reading/casting for GstRegistryChunkPadTemplate at address 0x55d2ebb25358
0:00:00.015969162  4414 0x55c3b444c360 LOG   GST_POLL gstpoll.c:994:gst_poll_fd_ctl_write: 0x55c3b4470970: pfd->events now 60 (POLLOUT:4)
0:00:00.020933103  4413 0x55d2ebafe360 DEBUG   GST_REGISTRY gstregistrychunks.c:539:gst_registry_chunks_load_pad_template: Added pad_template src
0:00:00.015982766  4414 0x55c3b444c360 DEBUG   GST_POLL gstpoll.c:979:gst_poll_fd_ctl_write: 0x55c3b4470970: fd (fd:0, idx:1), active : 1
0:00:00.020942241  4413 0x55d2ebafe360 DEBUG   GST_REGISTRY gstregistry.c:589:gst_registry_add_feature: adding feature 0x55d2ebb29a90 (identity)
0:00:00.015993763  4414 0x55c3b444c360 LOG   GST_POLL gstpoll.c:994:gst_poll_fd_ctl_write: 0x55c3b4470970: pfd->events now 60 (POLLOUT:4)
0:00:00.020951852  4413 0x55d2ebafe360 DEBUG   GST_REFCOUNTING gstobject.c:708:gst_object_set_parent: set parent (ref and sink)
0:00:00.016002360  4414 0x55c3b444c360 DEBUG   GST_POLL gstpoll.c:979:gst_poll_fd_ctl_write: 0x55c3b4470970: fd (fd:0, idx:1), active : 1
0:00:00.020961720  4413 0x55d2ebafe360 TRACE   GST_REFCOUNTING gstobject.c:292:gst_object_ref_sink: 0x55d2ebb29a90 ref_sink 1->2
0:00:00.016009118  4414 0x55c3b444c360 LOG   GST_POLL gstpoll.c:994:gst_poll_fd_ctl_write: 0x55c3b4470970: pfd->events now 60 (POLLOUT:4)
0:00:00.020969246  4413 0x55d2ebafe360 LOG   GST_REGISTRY gstregistry.c:607:gst_registry_add_feature: emitting feature-added for identity
0:00:00.016016316  4414 0x55c3b444c360 DEBUG   GST_POLL gstpoll.c:979:gst_poll_fd_ctl_write: 0x55c3b4470970: fd (fd:0, idx:1), active : 1
0:00:00.020976895  4413 0x55d2ebafe360 DEBUG   GST_REGISTRY gstregistrychunks.c:740:gst_registry_chunks_load_feature: Added feature identity, plugin 0x55d2ebb26250 coreelements
0:00:00.016023148  4414 0x55c3b444c360 LOG   GST_POLL gstpoll.c:994:gst_poll_fd_ctl_write: 0x55c3b4470970: pfd->events now 60 (POLLOUT:4)
0:00:00.020984384  4413 0x55d2ebafe360 DEBUG   GST_REGISTRY gstregistrychunks.c:582:gst_registry_chunks_load_feature: Plugin 'coreelements' feature 'funnel' typename : 'GstElementFactory'
0:00:00.016036449  4414 0x55c3b444c360 DEBUG   GST_POLL gstpoll.c:979:gst_poll_fd_ctl_write: 0x55c3b4470970: fd (fd:0, idx:1), active : 1
0:00:00.020997436  4413 0x55d2ebafe360 TRACE   GST_REFCOUNTING gstobject.c:208:gst_object_init: 0x55d2ebb2a150 new
0:00:00.016043415  4414 0x55c3b444c360 LOG   GST_POLL gstpoll.c:994:gst_poll_fd_ctl_write: 0x55c3b4470970: pfd->events now 60 (POLLOUT:4)
0:00:00.021006384  4413 0x55d2ebafe360 LOG   GST_REGISTRY gstregistrychunks.c:609:gst_registry_chunks_load_feature: Reading/casting for GstRegistryChunkElementFactory at address 0x55d2ebb25388
0:00:00.016050714  4414 0x55c3b444c360 DEBUG   GST_POLL gstpoll.c:979:gst_poll_fd_ctl_write: 0x55c3b4470970: fd (fd:0, idx:1), active : 1
0:00:00.021013537  4413 0x55d2ebafe360 TRACE   structure gststructure.c:287:gst_structure_new_id_empty_with_size: created structure 0x55d2ebb2a450
0:00:00.016058666  4414 0x55c3b444c360 LOG   GST_POLL gstpoll.c:994:gst_poll_fd_ctl_write: 0x55c3b4470970: pfd->events now 60 (POLLOUT:4)
0:00:00.021020275  4413 0x55d2ebafe360 DEBUG   structure gststructure.c:2203:gst_structure_parse_field: trying field name 'long-name'
0:00:00.016066575  4414 0x55c3b444c360 DEBUG   GST_POLL gstpoll.c:979:gst_poll_fd_ctl_write: 0x55c3b4470970: fd (fd:0, idx:1), active : 1
0:00:00.021026750  4413 0x55d2ebafe360 DEBUG   default gstvalue.c:2676:_priv_gst_value_parse_value: trying type name 'string'
0:00:00.016073417  4414 0x55c3b444c360 LOG   GST_POLL gstpoll.c:994:gst_poll_fd_ctl_write: 0x55c3b4470970: pfd->events now 60 (POLLOUT:4)
0:00:00.021034110  4413 0x55d2ebafe360 DEBUG   structure gststructure.c:2203:gst_structure_parse_field: trying field name 'klass'
0:00:00.016080466  4414 0x55c3b444c360 DEBUG   GST_POLL gstpoll.c:979:gst_poll_fd_ctl_write: 0x55c3b4470970: fd (fd:0, idx:1), active : 1
0:00:00.021040655  4413 0x55d2ebafe360 DEBUG   default gstvalue.c:2676:_priv_gst_value_parse_value: trying type name 'string'
0:00:00.016087375  4414 0x55c3b444c360 LOG   GST_POLL gstpoll.c:994:gst_poll_fd_ctl_write: 0x55c3b4470970: pfd->events now 60 (POLLOUT:4)
0:00:00.021047655  4413 0x55d2ebafe360 DEBUG   structure gststructure.c:2203:gst_structure_parse_field: trying field name 'description'
0:00:00.016094547  4414 0x55c3b444c360 DEBUG   GST_POLL gstpoll.c:979:gst_poll_fd_ctl_write: 0x55c3b4470970: fd (fd:0, idx:1), active : 1
0:00:00.021054007  4413 0x55d2ebafe360 DEBUG   default gstvalue.c:2676:_priv_gst_value_parse_value: trying type name 'string'
0:00:00.016101215  4414 0x55c3b444c360 LOG   GST_POLL gstpoll.c:994:gst_poll_fd_ctl_write: 0x55c3b4470970: pfd->events now 60 (POLLOUT:4)
0:00:00.021061299  4413 0x55d2ebafe360 DEBUG   structure gststructure.c:2203:gst_structure_parse_field: trying field name 'author'
0:00:00.016108498  4414 0x55c3b444c360 DEBUG   GST_POLL gstpoll.c:979:gst_poll_fd_ctl_write: 0x55c3b4470970: fd (fd:0, idx:1), active : 1
0:00:00.021067548  4413 0x55d2ebafe360 DEBUG   default gstvalue.c:2676:_priv_gst_value_parse_value: trying type name 'string'
0:00:00.016115473  4414 0x55c3b444c360 LOG   GST_POLL gstpoll.c:994:gst_poll_fd_ctl_write: 0x55c3b4470970: pfd->events now 60 (POLLOUT:4)
0:00:00.021080187  4413 0x55d2ebafe360 DEBUG   GST_REGISTRY gstregistrychunks.c:626:gst_registry_chunks_load_feature: Element factory : npadtemplates=2
0:00:00.016124980  4414 0x55c3b444c360 DEBUG   GST_POLL gstpoll.c:979:gst_poll_fd_ctl_write: 0x55c3b4470970: fd (fd:0, idx:1), active : 1
0:00:00.021086726  4413 0x55d2ebafe360 DEBUG   GST_REGISTRY gstregistrychunks.c:525:gst_registry_chunks_load_pad_template: Reading/casting for GstRegistryChunkPadTemplate at address 0x55d2ebb25460
0:00:00.016132730  4414 0x55c3b444c360 LOG   GST_POLL gstpoll.c:994:gst_poll_fd_ctl_write: 0x55c3b4470970: pfd->events now 60 (POLLOUT:4)
0:00:00.021106257  4413 0x55d2ebafe360 DEBUG   GST_REGISTRY gstregistrychunks.c:539:gst_registry_chunks_load_pad_template: Added pad_template src
0:00:00.016152322  4414 0x55c3b444c360 DEBUG   GST_POLL gstpoll.c:979:gst_poll_fd_ctl_write: 0x55c3b4470970: fd (fd:0, idx:1), active : 1
0:00:00.021112222  4413 0x55d2ebafe360 DEBUG   GST_REGISTRY gstregistrychunks.c:525:gst_registry_chunks_load_pad_template: Reading/casting for GstRegistryChunkPadTemplate at address 0x55d2ebb25470
0:00:00.016158807  4414 0x55c3b444c360 LOG   GST_POLL gstpoll.c:994:gst_poll_fd_ctl_write: 0x55c3b4470970: pfd->events now 60 (POLLOUT:4)
0:00:00.021118598  4413 0x55d2ebafe360 DEBUG   GST_REGISTRY gstregistrychunks.c:539:gst_registry_chunks_load_pad_template: Added pad_template sink_%u
0:00:00.016165790  4414 0x55c3b444c360 DEBUG   GST_POLL gstpoll.c:979:gst_poll_fd_ctl_write: 0x55c3b4470970: fd (fd:0, idx:1), active : 1
0:00:00.021126571  4413 0x55d2ebafe360 DEBUG   GST_REGISTRY gstregistry.c:589:gst_registry_add_feature: adding feature 0x55d2ebb2a150 (funnel)
0:00:00.016172378  4414 0x55c3b444c360 LOG   GST_POLL gstpoll.c:994:gst_poll_fd_ctl_write: 0x55c3b4470970: pfd->events now 60 (POLLOUT:4)
0:00:00.021133013  4413 0x55d2ebafe360 DEBUG   GST_REFCOUNTING gstobject.c:708:gst_object_set_parent: set parent (ref and sink)
0:00:00.016179194  4414 0x55c3b444c360 DEBUG   GST_POLL gstpoll.c:979:gst_poll_fd_ctl_write: 0x55c3b4470970: fd (fd:0, idx:1), active : 1
0:00:00.021140693  4413 0x55d2ebafe360 TRACE   GST_REFCOUNTING gstobject.c:292:gst_object_ref_sink: 0x55d2ebb2a150 ref_sink 1->2
0:00:00.016185735  4414 0x55c3b444c360 LOG   GST_POLL gstpoll.c:994:gst_poll_fd_ctl_write: 0x55c3b4470970: pfd->events now 60 (POLLOUT:4)
0:00:00.021147740  4413 0x55d2ebafe360 LOG   GST_REGISTRY gstregistry.c:607:gst_registry_add_feature: emitting feature-added for funnel
0:00:00.016193524  4414 0x55c3b444c360 DEBUG   GST_POLL gstpoll.c:979:gst_poll_fd_ctl_write: 0x55c3b4470970: fd (fd:0, idx:1), active : 1
0:00:00.021155146  4413 0x55d2ebafe360 DEBUG   GST_REGISTRY gstregistrychunks.c:740:gst_registry_chunks_load_feature: Added feature funnel, plugin 0x55d2ebb26250 coreelements
0:00:00.016199978  4414 0x55c3b444c360 LOG   GST_POLL gstpoll.c:994:gst_poll_fd_ctl_write: 0x55c3b4470970: pfd->events now 60 (POLLOUT:4)
0:00:00.021162235  4413 0x55d2ebafe360 DEBUG   GST_REGISTRY gstregistrychunks.c:582:gst_registry_chunks_load_feature: Plugin 'coreelements' feature 'filesrc' typename : 'GstElementFactory'
0:00:00.016211956  4414 0x55c3b444c360 DEBUG   GST_POLL gstpoll.c:979:gst_poll_fd_ctl_write: 0x55c3b4470970: fd (fd:0, idx:1), active : 1
0:00:00.021172064  4413 0x55d2ebafe360 TRACE   GST_REFCOUNTING gstobject.c:208:gst_object_init: 0x55d2ebb2a870 new
0:00:00.016218799  4414 0x55c3b444c360 LOG   GST_POLL gstpoll.c:994:gst_poll_fd_ctl_write: 0x55c3b4470970: pfd->events now 60 (POLLOUT:4)
0:00:00.021180339  4413 0x55d2ebafe360 LOG   GST_REGISTRY gstregistrychunks.c:609:gst_registry_chunks_load_feature: Reading/casting for GstRegistryChunkElementFactory at address 0x55d2ebb254a0
0:00:00.016225749  4414 0x55c3b444c360 DEBUG   GST_POLL gstpoll.c:979:gst_poll_fd_ctl_write: 0x55c3b4470970: fd (fd:0, idx:1), active : 1
0:00:00.021187114  4413 0x55d2ebafe360 TRACE   structure gststructure.c:287:gst_structure_new_id_empty_with_size: created structure 0x55d2ebb2ab70
0:00:00.016232186  4414 0x55c3b444c360 LOG   GST_POLL gstpoll.c:994:gst_poll_fd_ctl_write: 0x55c3b4470970: pfd->events now 60 (POLLOUT:4)
0:00:00.021193521  4413 0x55d2ebafe360 DEBUG   structure gststructure.c:2203:gst_structure_parse_field: trying field name 'long-name'
0:00:00.016239686  4414 0x55c3b444c360 DEBUG   GST_POLL gstpoll.c:979:gst_poll_fd_ctl_write: 0x55c3b4470970: fd (fd:0, idx:1), active : 1
0:00:00.021199559  4413 0x55d2ebafe360 DEBUG   default gstvalue.c:2676:_priv_gst_value_parse_value: trying type name 'string'
0:00:00.016246179  4414 0x55c3b444c360 LOG   GST_POLL gstpoll.c:994:gst_poll_fd_ctl_write: 0x55c3b4470970: pfd->events now 60 (POLLOUT:4)
0:00:00.021206520  4413 0x55d2ebafe360 DEBUG   structure gststructure.c:2203:gst_structure_parse_field: trying field name 'klass'
0:00:00.016253197  4414 0x55c3b444c360 DEBUG   GST_POLL gstpoll.c:979:gst_poll_fd_ctl_write: 0x55c3b4470970: fd (fd:0, idx:1), active : 1
0:00:00.021212747  4413 0x55d2ebafe360 DEBUG   default gstvalue.c:2676:_priv_gst_value_parse_value: trying type name 'string'
0:00:00.016259599  4414 0x55c3b444c360 LOG   GST_POLL gstpoll.c:994:gst_poll_fd_ctl_write: 0x55c3b4470970: pfd->events now 60 (POLLOUT:4)
0:00:00.021219415  4413 0x55d2ebafe360 DEBUG   structure gststructure.c:2203:gst_structure_parse_field: trying field name 'description'
0:00:00.016266754  4414 0x55c3b444c360 DEBUG   GST_POLL gstpoll.c:979:gst_poll_fd_ctl_write: 0x55c3b4470970: fd (fd:0, idx:1), active : 1
0:00:00.021225497  4413 0x55d2ebafe360 DEBUG   default gstvalue.c:2676:_priv_gst_value_parse_value: trying type name 'string'
0:00:00.016273396  4414 0x55c3b444c360 LOG   GST_POLL gstpoll.c:994:gst_poll_fd_ctl_write: 0x55c3b4470970: pfd->events now 60 (POLLOUT:4)
0:00:00.021232862  4413 0x55d2ebafe360 DEBUG   structure gststructure.c:2203:gst_structure_parse_field: trying field name 'author'
0:00:00.016280321  4414 0x55c3b444c360 DEBUG   GST_POLL gstpoll.c:979:gst_poll_fd_ctl_write: 0x55c3b4470970: fd (fd:0, idx:1), active : 1
0:00:00.021239076  4413 0x55d2ebafe360 DEBUG   default gstvalue.c:2676:_priv_gst_value_parse_value: trying type name 'string'
0:00:00.016292061  4414 0x55c3b444c360 LOG   GST_POLL gstpoll.c:994:gst_poll_fd_ctl_write: 0x55c3b4470970: pfd->events now 60 (POLLOUT:4)
0:00:00.021251719  4413 0x55d2ebafe360 DEBUG   GST_REGISTRY gstregistrychunks.c:626:gst_registry_chunks_load_feature: Element factory : npadtemplates=1
0:00:00.016299406  4414 0x55c3b444c360 DEBUG   GST_POLL gstpoll.c:979:gst_poll_fd_ctl_write: 0x55c3b4470970: fd (fd:0, idx:1), active : 1
0:00:00.021258276  4413 0x55d2ebafe360 DEBUG   GST_REGISTRY gstregistrychunks.c:525:gst_registry_chunks_load_pad_template: Reading/casting for GstRegistryChunkPadTemplate at address 0x55d2ebb25580
0:00:00.016306157  4414 0x55c3b444c360 LOG   GST_POLL gstpoll.c:994:gst_poll_fd_ctl_write: 0x55c3b4470970: pfd->events now 60 (POLLOUT:4)
0:00:00.021264981  4413 0x55d2ebafe360 DEBUG   GST_REGISTRY gstregistrychunks.c:539:gst_registry_chunks_load_pad_template: Added pad_template src
0:00:00.016313169  4414 0x55c3b444c360 DEBUG   GST_POLL gstpoll.c:979:gst_poll_fd_ctl_write: 0x55c3b4470970: fd (fd:0, idx:1), active : 1
0:00:00.021272412  4413 0x55d2ebafe360 DEBUG   GST_REGISTRY gstregistrychunks.c:639:gst_registry_chunks_load_feature: Reading 1 UriTypes at address 0x55d2ebb25590
0:00:00.016319667  4414 0x55c3b444c360 LOG   GST_POLL gstpoll.c:994:gst_poll_fd_ctl_write: 0x55c3b4470970: pfd->events now 60 (POLLOUT:4)
0:00:00.021279757  4413 0x55d2ebafe360 DEBUG   GST_REGISTRY gstregistrychunks.c:654:gst_registry_chunks_load_feature: Reading 1 Interfaces at address 0x55d2ebb25599
0:00:00.016326462  4414 0x55c3b444c360 DEBUG   GST_POLL gstpoll.c:979:gst_poll_fd_ctl_write: 0x55c3b4470970: fd (fd:0, idx:1), active : 1
0:00:00.021289079  4413 0x55d2ebafe360 DEBUG   GST_REGISTRY gstregistry.c:589:gst_registry_add_feature: adding feature 0x55d2ebb2a870 (filesrc)
0:00:00.016333350  4414 0x55c3b444c360 LOG   GST_POLL gstpoll.c:994:gst_poll_fd_ctl_write: 0x55c3b4470970: pfd->events now 60 (POLLOUT:4)
0:00:00.021295772  4413 0x55d2ebafe360 DEBUG   GST_REFCOUNTING gstobject.c:708:gst_object_set_parent: set parent (ref and sink)
0:00:00.016341860  4414 0x55c3b444c360 DEBUG   GST_POLL gstpoll.c:979:gst_poll_fd_ctl_write: 0x55c3b4470970: fd (fd:0, idx:1), active : 1
0:00:00.021303624  4413 0x55d2ebafe360 TRACE   GST_REFCOUNTING gstobject.c:292:gst_object_ref_sink: 0x55d2ebb2a870 ref_sink 1->2
0:00:00.016348398  4414 0x55c3b444c360 LOG   GST_POLL gstpoll.c:994:gst_poll_fd_ctl_write: 0x55c3b4470970: pfd->events now 60 (POLLOUT:4)
0:00:00.021310834  4413 0x55d2ebafe360 LOG   GST_REGISTRY gstregistry.c:607:gst_registry_add_feature: emitting feature-added for filesrc
0:00:00.016356566  4414 0x55c3b444c360 DEBUG   GST_POLL gstpoll.c:979:gst_poll_fd_ctl_write: 0x55c3b4470970: fd (fd:0, idx:1), active : 1
0:00:00.021318056  4413 0x55d2ebafe360 DEBUG   GST_REGISTRY gstregistrychunks.c:740:gst_registry_chunks_load_feature: Added feature filesrc, plugin 0x55d2ebb26250 coreelements
0:00:00.016363008  4414 0x55c3b444c360 LOG   GST_POLL gstpoll.c:994:gst_poll_fd_ctl_write: 0x55c3b4470970: pfd->events now 60 (POLLOUT:4)
0:00:00.021325246  4413 0x55d2ebafe360 DEBUG   GST_REGISTRY gstregistrychunks.c:582:gst_registry_chunks_load_feature: Plugin 'coreelements' feature 'fdsink' typename : 'GstElementFactory'
0:00:00.016374978  4414 0x55c3b444c360 DEBUG   GST_POLL gstpoll.c:979:gst_poll_fd_ctl_write: 0x55c3b4470970: fd (fd:0, idx:1), active : 1
0:00:00.021334871  4413 0x55d2ebafe360 TRACE   GST_REFCOUNTING gstobject.c:208:gst_object_init: 0x55d2ebb2b020 new
0:00:00.016381656  4414 0x55c3b444c360 LOG   GST_POLL gstpoll.c:994:gst_poll_fd_ctl_write: 0x55c3b4470970: pfd->events now 60 (POLLOUT:4)
0:00:00.021342999  4413 0x55d2ebafe360 LOG   GST_REGISTRY gstregistrychunks.c:609:gst_registry_chunks_load_feature: Reading/casting for GstRegistryChunkElementFactory at address 0x55d2ebb255c0
0:00:00.016388418  4414 0x55c3b444c360 DEBUG   GST_POLL gstpoll.c:979:gst_poll_fd_ctl_write: 0x55c3b4470970: fd (fd:0, idx:1), active : 1
0:00:00.021349775  4413 0x55d2ebafe360 TRACE   structure gststructure.c:287:gst_structure_new_id_empty_with_size: created structure 0x55d2ebb2b3a0
0:00:00.016395166  4414 0x55c3b444c360 LOG   GST_POLL gstpoll.c:994:gst_poll_fd_ctl_write: 0x55c3b4470970: pfd->events now 60 (POLLOUT:4)
0:00:00.021356237  4413 0x55d2ebafe360 DEBUG   structure gststructure.c:2203:gst_structure_parse_field: trying field name 'long-name'
0:00:00.016402299  4414 0x55c3b444c360 DEBUG   GST_POLL gstpoll.c:979:gst_poll_fd_ctl_write: 0x55c3b4470970: fd (fd:0, idx:1), active : 1
0:00:00.021362525  4413 0x55d2ebafe360 DEBUG   default gstvalue.c:2676:_priv_gst_value_parse_value: trying type name 'string'
0:00:00.016408886  4414 0x55c3b444c360 LOG   GST_POLL gstpoll.c:994:gst_poll_fd_ctl_write: 0x55c3b4470970: pfd->events now 60 (POLLOUT:4)
0:00:00.021369646  4413 0x55d2ebafe360 DEBUG   structure gststructure.c:2203:gst_structure_parse_field: trying field name 'klass'
0:00:00.016416041  4414 0x55c3b444c360 DEBUG   GST_POLL gstpoll.c:979:gst_poll_fd_ctl_write: 0x55c3b4470970: fd (fd:0, idx:1), active : 1
0:00:00.021375999  4413 0x55d2ebafe360 DEBUG   default gstvalue.c:2676:_priv_gst_value_parse_value: trying type name 'string'
0:00:00.016422611  4414 0x55c3b444c360 LOG   GST_POLL gstpoll.c:994:gst_poll_fd_ctl_write: 0x55c3b4470970: pfd->events now 60 (POLLOUT:4)
0:00:00.021382709  4413 0x55d2ebafe360 DEBUG   structure gststructure.c:2203:gst_structure_parse_field: trying field name 'description'
0:00:00.016429494  4414 0x55c3b444c360 DEBUG   GST_POLL gstpoll.c:979:gst_poll_fd_ctl_write: 0x55c3b4470970: fd (fd:0, idx:1), active : 1
0:00:00.021388855  4413 0x55d2ebafe360 DEBUG   default gstvalue.c:2676:_priv_gst_value_parse_value: trying type name 'string'
0:00:00.016436104  4414 0x55c3b444c360 LOG   GST_POLL gstpoll.c:994:gst_poll_fd_ctl_write: 0x55c3b4470970: pfd->events now 60 (POLLOUT:4)
0:00:00.021396230  4413 0x55d2ebafe360 DEBUG   structure gststructure.c:2203:gst_structure_parse_field: trying field name 'author'
0:00:00.016443171  4414 0x55c3b444c360 DEBUG   GST_POLL gstpoll.c:979:gst_poll_fd_ctl_write: 0x55c3b4470970: fd (fd:0, idx:1), active : 1
0:00:00.021402072  4413 0x55d2ebafe360 DEBUG   default gstvalue.c:2676:_priv_gst_value_parse_value: trying type name 'string'
0:00:00.016454089  4414 0x55c3b444c360 LOG   GST_POLL gstpoll.c:994:gst_poll_fd_ctl_write: 0x55c3b4470970: pfd->events now 60 (POLLOUT:4)
0:00:00.021413775  4413 0x55d2ebafe360 DEBUG   GST_REGISTRY gstregistrychunks.c:626:gst_registry_chunks_load_feature: Element factory : npadtemplates=1
0:00:00.016461204  4414 0x55c3b444c360 DEBUG   GST_POLL gstpoll.c:979:gst_poll_fd_ctl_write: 0x55c3b4470970: fd (fd:0, idx:1), active : 1
0:00:00.021419958  4413 0x55d2ebafe360 DEBUG   GST_REGISTRY gstregistrychunks.c:525:gst_registry_chunks_load_pad_template: Reading/casting for GstRegistryChunkPadTemplate at address 0x55d2ebb256a0
0:00:00.016467923  4414 0x55c3b444c360 LOG   GST_POLL gstpoll.c:994:gst_poll_fd_ctl_write: 0x55c3b4470970: pfd->events now 60 (POLLOUT:4)
0:00:00.021426726  4413 0x55d2ebafe360 DEBUG   GST_REGISTRY gstregistrychunks.c:539:gst_registry_chunks_load_pad_template: Added pad_template sink
0:00:00.016474931  4414 0x55c3b444c360 DEBUG   GST_POLL gstpoll.c:979:gst_poll_fd_ctl_write: 0x55c3b4470970: fd (fd:0, idx:1), active : 1
0:00:00.021433790  4413 0x55d2ebafe360 DEBUG   GST_REGISTRY gstregistrychunks.c:639:gst_registry_chunks_load_feature: Reading 1 UriTypes at address 0x55d2ebb256b1
0:00:00.016481371  4414 0x55c3b444c360 LOG   GST_POLL gstpoll.c:994:gst_poll_fd_ctl_write: 0x55c3b4470970: pfd->events now 60 (POLLOUT:4)
0:00:00.021440810  4413 0x55d2ebafe360 DEBUG   GST_REGISTRY gstregistrychunks.c:654:gst_registry_chunks_load_feature: Reading 1 Interfaces at address 0x55d2ebb256bf
0:00:00.016488224  4414 0x55c3b444c360 DEBUG   GST_POLL gstpoll.c:979:gst_poll_fd_ctl_write: 0x55c3b4470970: fd (fd:0, idx:1), active : 1
0:00:00.021448815  4413 0x55d2ebafe360 DEBUG   GST_REGISTRY gstregistry.c:589:gst_registry_add_feature: adding feature 0x55d2ebb2b020 (fdsink)
0:00:00.016494880  4414 0x55c3b444c360 LOG   GST_POLL gstpoll.c:994:gst_poll_fd_ctl_write: 0x55c3b4470970: pfd->events now 60 (POLLOUT:4)
0:00:00.021455224  4413 0x55d2ebafe360 DEBUG   GST_REFCOUNTING gstobject.c:708:gst_object_set_parent: set parent (ref and sink)
0:00:00.016501633  4414 0x55c3b444c360 DEBUG   GST_POLL gstpoll.c:979:gst_poll_fd_ctl_write: 0x55c3b4470970: fd (fd:0, idx:1), active : 1
0:00:00.021462961  4413 0x55d2ebafe360 TRACE   GST_REFCOUNTING gstobject.c:292:gst_object_ref_sink: 0x55d2ebb2b020 ref_sink 1->2
0:00:00.016508187  4414 0x55c3b444c360 LOG   GST_POLL gstpoll.c:994:gst_poll_fd_ctl_write: 0x55c3b4470970: pfd->events now 60 (POLLOUT:4)
0:00:00.021469966  4413 0x55d2ebafe360 LOG   GST_REGISTRY gstregistry.c:607:gst_registry_add_feature: emitting feature-added for fdsink
0:00:00.016515599  4414 0x55c3b444c360 DEBUG   GST_POLL gstpoll.c:979:gst_poll_fd_ctl_write: 0x55c3b4470970: fd (fd:0, idx:1), active : 1
0:00:00.021477181  4413 0x55d2ebafe360 DEBUG   GST_REGISTRY gstregistrychunks.c:740:gst_registry_chunks_load_feature: Added feature fdsink, plugin 0x55d2ebb26250 coreelements
0:00:00.016522198  4414 0x55c3b444c360 LOG   GST_POLL gstpoll.c:994:gst_poll_fd_ctl_write: 0x55c3b4470970: pfd->events now 60 (POLLOUT:4)
0:00:00.021484212  4413 0x55d2ebafe360 DEBUG   GST_REGISTRY gstregistrychunks.c:582:gst_registry_chunks_load_feature: Plugin 'coreelements' feature 'fdsrc' typename : 'GstElementFactory'
0:00:00.016533906  4414 0x55c3b444c360 DEBUG   GST_POLL gstpoll.c:979:gst_poll_fd_ctl_write: 0x55c3b4470970: fd (fd:0, idx:1), active : 1
0:00:00.021493645  4413 0x55d2ebafe360 TRACE   GST_REFCOUNTING gstobject.c:208:gst_object_init: 0x55d2ebb2f8a0 new
0:00:00.016540566  4414 0x55c3b444c360 LOG   GST_POLL gstpoll.c:994:gst_poll_fd_ctl_write: 0x55c3b4470970: pfd->events now 60 (POLLOUT:4)
0:00:00.021501690  4413 0x55d2ebafe360 LOG   GST_REGISTRY gstregistrychunks.c:609:gst_registry_chunks_load_feature: Reading/casting for GstRegistryChunkElementFactory at address 0x55d2ebb256e8
0:00:00.016547576  4414 0x55c3b444c360 DEBUG   GST_POLL gstpoll.c:979:gst_poll_fd_ctl_write: 0x55c3b4470970: fd (fd:0, idx:1), active : 1
0:00:00.021508304  4413 0x55d2ebafe360 TRACE   structure gststructure.c:287:gst_structure_new_id_empty_with_size: created structure 0x55d2ebb2fad0
0:00:00.016554096  4414 0x55c3b444c360 LOG   GST_POLL gstpoll.c:994:gst_poll_fd_ctl_write: 0x55c3b4470970: pfd->events now 60 (POLLOUT:4)
0:00:00.021514552  4413 0x55d2ebafe360 DEBUG   structure gststructure.c:2203:gst_structure_parse_field: trying field name 'long-name'
0:00:00.016560998  4414 0x55c3b444c360 DEBUG   GST_POLL gstpoll.c:979:gst_poll_fd_ctl_write: 0x55c3b4470970: fd (fd:0, idx:1), active : 1
0:00:00.021520687  4413 0x55d2ebafe360 DEBUG   default gstvalue.c:2676:_priv_gst_value_parse_value: trying type name 'string'
0:00:00.016567729  4414 0x55c3b444c360 LOG   GST_POLL gstpoll.c:994:gst_poll_fd_ctl_write: 0x55c3b4470970: pfd->events now 60 (POLLOUT:4)
0:00:00.021527713  4413 0x55d2ebafe360 DEBUG   structure gststructure.c:2203:gst_structure_parse_field: trying field name 'klass'
0:00:00.016574790  4414 0x55c3b444c360 DEBUG   GST_POLL gstpoll.c:979:gst_poll_fd_ctl_write: 0x55c3b4470970: fd (fd:0, idx:1), active : 1
0:00:00.021533907  4413 0x55d2ebafe360 DEBUG   default gstvalue.c:2676:_priv_gst_value_parse_value: trying type name 'string'
0:00:00.016581235  4414 0x55c3b444c360 LOG   GST_POLL gstpoll.c:994:gst_poll_fd_ctl_write: 0x55c3b4470970: pfd->events now 60 (POLLOUT:4)
0:00:00.021540682  4413 0x55d2ebafe360 DEBUG   structure gststructure.c:2203:gst_structure_parse_field: trying field name 'description'
0:00:00.016588117  4414 0x55c3b444c360 DEBUG   GST_POLL gstpoll.c:979:gst_poll_fd_ctl_write: 0x55c3b4470970: fd (fd:0, idx:1), active : 1
0:00:00.021546790  4413 0x55d2ebafe360 DEBUG   default gstvalue.c:2676:_priv_gst_value_parse_value: trying type name 'string'
0:00:00.016594819  4414 0x55c3b444c360 LOG   GST_POLL gstpoll.c:994:gst_poll_fd_ctl_write: 0x55c3b4470970: pfd->events now 60 (POLLOUT:4)
0:00:00.021554319  4413 0x55d2ebafe360 DEBUG   structure gststructure.c:2203:gst_structure_parse_field: trying field name 'author'
0:00:00.016601627  4414 0x55c3b444c360 DEBUG   GST_POLL gstpoll.c:979:gst_poll_fd_ctl_write: 0x55c3b4470970: fd (fd:0, idx:1), active : 1
0:00:00.021560194  4413 0x55d2ebafe360 DEBUG   default gstvalue.c:2676:_priv_gst_value_parse_value: trying type name 'string'
0:00:00.016612526  4414 0x55c3b444c360 LOG   GST_POLL gstpoll.c:994:gst_poll_fd_ctl_write: 0x55c3b4470970: pfd->events now 60 (POLLOUT:4)
0:00:00.021572196  4413 0x55d2ebafe360 DEBUG   GST_REGISTRY gstregistrychunks.c:626:gst_registry_chunks_load_feature: Element factory : npadtemplates=1
0:00:00.016619642  4414 0x55c3b444c360 DEBUG   GST_POLL gstpoll.c:979:gst_poll_fd_ctl_write: 0x55c3b4470970: fd (fd:0, idx:1), active : 1
0:00:00.021578268  4413 0x55d2ebafe360 DEBUG   GST_REGISTRY gstregistrychunks.c:525:gst_registry_chunks_load_pad_template: Reading/casting for GstRegistryChunkPadTemplate at address 0x55d2ebb257c8
0:00:00.016626310  4414 0x55c3b444c360 LOG   GST_POLL gstpoll.c:994:gst_poll_fd_ctl_write: 0x55c3b4470970: pfd->events now 60 (POLLOUT:4)
0:00:00.021585142  4413 0x55d2ebafe360 DEBUG   GST_REGISTRY gstregistrychunks.c:539:gst_registry_chunks_load_pad_template: Added pad_template src
0:00:00.016633098  4414 0x55c3b444c360 DEBUG   GST_POLL gstpoll.c:979:gst_poll_fd_ctl_write: 0x55c3b4470970: fd (fd:0, idx:1), active : 1
0:00:00.021591815  4413 0x55d2ebafe360 DEBUG   GST_REGISTRY gstregistrychunks.c:639:gst_registry_chunks_load_feature: Reading 1 UriTypes at address 0x55d2ebb257d8
0:00:00.016639697  4414 0x55c3b444c360 LOG   GST_POLL gstpoll.c:994:gst_poll_fd_ctl_write: 0x55c3b4470970: pfd->events now 60 (POLLOUT:4)
0:00:00.021599033  4413 0x55d2ebafe360 DEBUG   GST_REGISTRY gstregistrychunks.c:654:gst_registry_chunks_load_feature: Reading 1 Interfaces at address 0x55d2ebb257df
0:00:00.016646627  4414 0x55c3b444c360 DEBUG   GST_POLL gstpoll.c:979:gst_poll_fd_ctl_write: 0x55c3b4470970: fd (fd:0, idx:1), active : 1
0:00:00.021606960  4413 0x55d2ebafe360 DEBUG   GST_REGISTRY gstregistry.c:589:gst_registry_add_feature: adding feature 0x55d2ebb2f8a0 (fdsrc)
0:00:00.016653027  4414 0x55c3b444c360 LOG   GST_POLL gstpoll.c:994:gst_poll_fd_ctl_write: 0x55c3b4470970: pfd->events now 60 (POLLOUT:4)
0:00:00.021613387  4413 0x55d2ebafe360 DEBUG   GST_REFCOUNTING gstobject.c:708:gst_object_set_parent: set parent (ref and sink)
0:00:00.016659879  4414 0x55c3b444c360 DEBUG   GST_POLL gstpoll.c:979:gst_poll_fd_ctl_write: 0x55c3b4470970: fd (fd:0, idx:1), active : 1
0:00:00.016666477  4414 0x55c3b444c360 LOG   GST_POLL gstpoll.c:994:gst_poll_fd_ctl_write: 0x55c3b4470970: pfd->events now 60 (POLLOUT:4)
0:00:00.021624872  4413 0x55d2ebafe360 TRACE   GST_REFCOUNTING gstobject.c:292:gst_object_ref_sink: 0x55d2ebb2f8a0 ref_sink 1->2
0:00:00.016672972  4414 0x55c3b444c360 DEBUG   GST_POLL gstpoll.c:979:gst_poll_fd_ctl_write: 0x55c3b4470970: fd (fd:0, idx:1), active : 1
0:00:00.021632119  4413 0x55d2ebafe360 LOG   GST_REGISTRY gstregistry.c:607:gst_registry_add_feature: emitting feature-added for fdsrc
0:00:00.016679296  4414 0x55c3b444c360 LOG   GST_POLL gstpoll.c:994:gst_poll_fd_ctl_write: 0x55c3b4470970: pfd->events now 60 (POLLOUT:4)
0:00:00.021639174  4413 0x55d2ebafe360 DEBUG   GST_REGISTRY gstregistrychunks.c:740:gst_registry_chunks_load_feature: Added feature fdsrc, plugin 0x55d2ebb26250 coreelements
0:00:00.016686235  4414 0x55c3b444c360 DEBUG   GST_POLL gstpoll.c:979:gst_poll_fd_ctl_write: 0x55c3b4470970: fd (fd:0, idx:1), active : 1
0:00:00.021650846  4413 0x55d2ebafe360 DEBUG   GST_REGISTRY gstregistrychunks.c:582:gst_registry_chunks_load_feature: Plugin 'coreelements' feature 'fakesink' typename : 'GstElementFactory'
0:00:00.016695755  4414 0x55c3b444c360 LOG   GST_POLL gstpoll.c:994:gst_poll_fd_ctl_write: 0x55c3b4470970: pfd->events now 60 (POLLOUT:4)
0:00:00.021658787  4413 0x55d2ebafe360 TRACE   GST_REFCOUNTING gstobject.c:208:gst_object_init: 0x55d2ebb2ff50 new
0:00:00.016703252  4414 0x55c3b444c360 DEBUG   GST_POLL gstpoll.c:979:gst_poll_fd_ctl_write: 0x55c3b4470970: fd (fd:0, idx:1), active : 1
0:00:00.021667071  4413 0x55d2ebafe360 LOG   GST_REGISTRY gstregistrychunks.c:609:gst_registry_chunks_load_feature: Reading/casting for GstRegistryChunkElementFactory at address 0x55d2ebb25808
0:00:00.016711388  4414 0x55c3b444c360 LOG   GST_POLL gstpoll.c:994:gst_poll_fd_ctl_write: 0x55c3b4470970: pfd->events now 60 (POLLOUT:4)
0:00:00.021673716  4413 0x55d2ebafe360 TRACE   structure gststructure.c:287:gst_structure_new_id_empty_with_size: created structure 0x55d2ebb30180
0:00:00.016719531  4414 0x55c3b444c360 DEBUG   GST_POLL gstpoll.c:979:gst_poll_fd_ctl_write: 0x55c3b4470970: fd (fd:0, idx:1), active : 1
0:00:00.021680020  4413 0x55d2ebafe360 DEBUG   structure gststructure.c:2203:gst_structure_parse_field: trying field name 'long-name'
0:00:00.016726037  4414 0x55c3b444c360 LOG   GST_POLL gstpoll.c:994:gst_poll_fd_ctl_write: 0x55c3b4470970: pfd->events now 60 (POLLOUT:4)
0:00:00.021686092  4413 0x55d2ebafe360 DEBUG   default gstvalue.c:2676:_priv_gst_value_parse_value: trying type name 'string'
0:00:00.016732958  4414 0x55c3b444c360 DEBUG   GST_POLL gstpoll.c:979:gst_poll_fd_ctl_write: 0x55c3b4470970: fd (fd:0, idx:1), active : 1
0:00:00.021692935  4413 0x55d2ebafe360 DEBUG   structure gststructure.c:2203:gst_structure_parse_field: trying field name 'klass'
0:00:00.016739447  4414 0x55c3b444c360 LOG   GST_POLL gstpoll.c:994:gst_poll_fd_ctl_write: 0x55c3b4470970: pfd->events now 60 (POLLOUT:4)
0:00:00.021698829  4413 0x55d2ebafe360 DEBUG   default gstvalue.c:2676:_priv_gst_value_parse_value: trying type name 'string'
0:00:00.016746279  4414 0x55c3b444c360 DEBUG   GST_POLL gstpoll.c:979:gst_poll_fd_ctl_write: 0x55c3b4470970: fd (fd:0, idx:1), active : 1
0:00:00.021705621  4413 0x55d2ebafe360 DEBUG   structure gststructure.c:2203:gst_structure_parse_field: trying field name 'description'
0:00:00.016752937  4414 0x55c3b444c360 LOG   GST_POLL gstpoll.c:994:gst_poll_fd_ctl_write: 0x55c3b4470970: pfd->events now 60 (POLLOUT:4)
0:00:00.021711732  4413 0x55d2ebafe360 DEBUG   default gstvalue.c:2676:_priv_gst_value_parse_value: trying type name 'string'
0:00:00.016759883  4414 0x55c3b444c360 DEBUG   GST_POLL gstpoll.c:979:gst_poll_fd_ctl_write: 0x55c3b4470970: fd (fd:0, idx:1), active : 1
0:00:00.021718882  4413 0x55d2ebafe360 DEBUG   structure gststructure.c:2203:gst_structure_parse_field: trying field name 'author'
0:00:00.016766435  4414 0x55c3b444c360 LOG   GST_POLL gstpoll.c:994:gst_poll_fd_ctl_write: 0x55c3b4470970: pfd->events now 60 (POLLOUT:4)
0:00:00.021729452  4413 0x55d2ebafe360 DEBUG   default gstvalue.c:2676:_priv_gst_value_parse_value: trying type name 'string'
0:00:00.016775730  4414 0x55c3b444c360 DEBUG   GST_POLL gstpoll.c:979:gst_poll_fd_ctl_write: 0x55c3b4470970: fd (fd:0, idx:1), active : 1
0:00:00.016782240  4414 0x55c3b444c360 LOG   GST_POLL gstpoll.c:994:gst_poll_fd_ctl_write: 0x55c3b4470970: pfd->events now 60 (POLLOUT:4)
0:00:00.021740057  4413 0x55d2ebafe360 DEBUG   GST_REGISTRY gstregistrychunks.c:626:gst_registry_chunks_load_feature: Element factory : npadtemplates=1
0:00:00.016788634  4414 0x55c3b444c360 DEBUG   GST_POLL gstpoll.c:979:gst_poll_fd_ctl_write: 0x55c3b4470970: fd (fd:0, idx:1), active : 1
0:00:00.021746937  4413 0x55d2ebafe360 DEBUG   GST_REGISTRY gstregistrychunks.c:525:gst_registry_chunks_load_pad_template: Reading/casting for GstRegistryChunkPadTemplate at address 0x55d2ebb25930
0:00:00.016795122  4414 0x55c3b444c360 LOG   GST_POLL gstpoll.c:994:gst_poll_fd_ctl_write: 0x55c3b4470970: pfd->events now 60 (POLLOUT:4)
0:00:00.021754151  4413 0x55d2ebafe360 DEBUG   GST_REGISTRY gstregistrychunks.c:539:gst_registry_chunks_load_pad_template: Added pad_template sink
0:00:00.016802054  4414 0x55c3b444c360 DEBUG   GST_POLL gstpoll.c:979:gst_poll_fd_ctl_write: 0x55c3b4470970: fd (fd:0, idx:1), active : 1
0:00:00.021761892  4413 0x55d2ebafe360 DEBUG   GST_REGISTRY gstregistry.c:589:gst_registry_add_feature: adding feature 0x55d2ebb2ff50 (fakesink)
0:00:00.016808462  4414 0x55c3b444c360 LOG   GST_POLL gstpoll.c:994:gst_poll_fd_ctl_write: 0x55c3b4470970: pfd->events now 60 (POLLOUT:4)
0:00:00.021768316  4413 0x55d2ebafe360 DEBUG   GST_REFCOUNTING gstobject.c:708:gst_object_set_parent: set parent (ref and sink)
0:00:00.016815542  4414 0x55c3b444c360 DEBUG   GST_POLL gstpoll.c:979:gst_poll_fd_ctl_write: 0x55c3b4470970: fd (fd:0, idx:1), active : 1
0:00:00.021775941  4413 0x55d2ebafe360 TRACE   GST_REFCOUNTING gstobject.c:292:gst_object_ref_sink: 0x55d2ebb2ff50 ref_sink 1->2
0:00:00.016822097  4414 0x55c3b444c360 LOG   GST_POLL gstpoll.c:994:gst_poll_fd_ctl_write: 0x55c3b4470970: pfd->events now 60 (POLLOUT:4)
0:00:00.021789908  4413 0x55d2ebafe360 LOG   GST_REGISTRY gstregistry.c:607:gst_registry_add_feature: emitting feature-added for fakesink
0:00:00.016835488  4414 0x55c3b444c360 DEBUG   GST_POLL gstpoll.c:979:gst_poll_fd_ctl_write: 0x55c3b4470970: fd (fd:0, idx:1), active : 1
0:00:00.021797231  4413 0x55d2ebafe360 DEBUG   GST_REGISTRY gstregistrychunks.c:740:gst_registry_chunks_load_feature: Added feature fakesink, plugin 0x55d2ebb26250 coreelements
0:00:00.016841967  4414 0x55c3b444c360 LOG   GST_POLL gstpoll.c:994:gst_poll_fd_ctl_write: 0x55c3b4470970: pfd->events now 60 (POLLOUT:4)
0:00:00.021804096  4413 0x55d2ebafe360 DEBUG   GST_REGISTRY gstregistrychunks.c:582:gst_registry_chunks_load_feature: Plugin 'coreelements' feature 'fakesrc' typename : 'GstElementFactory'
0:00:00.016849640  4414 0x55c3b444c360 DEBUG   GST_POLL gstpoll.c:979:gst_poll_fd_ctl_write: 0x55c3b4470970: fd (fd:0, idx:1), active : 1
0:00:00.021817442  4413 0x55d2ebafe360 TRACE   GST_REFCOUNTING gstobject.c:208:gst_object_init: 0x55d2ebb304e0 new
0:00:00.016866425  4414 0x55c3b444c360 LOG   GST_POLL gstpoll.c:994:gst_poll_fd_ctl_write: 0x55c3b4470970: pfd->events now 60 (POLLOUT:4)
0:00:00.021826784  4413 0x55d2ebafe360 LOG   GST_REGISTRY gstregistrychunks.c:609:gst_registry_chunks_load_feature: Reading/casting for GstRegistryChunkElementFactory at address 0x55d2ebb25960
0:00:00.016873543  4414 0x55c3b444c360 DEBUG   GST_POLL gstpoll.c:979:gst_poll_fd_ctl_write: 0x55c3b4470970: fd (fd:0, idx:1), active : 1
0:00:00.021833670  4413 0x55d2ebafe360 TRACE   structure gststructure.c:287:gst_structure_new_id_empty_with_size: created structure 0x55d2ebb305d0
0:00:00.016880110  4414 0x55c3b444c360 LOG   GST_POLL gstpoll.c:994:gst_poll_fd_ctl_write: 0x55c3b4470970: pfd->events now 60 (POLLOUT:4)
0:00:00.021840336  4413 0x55d2ebafe360 DEBUG   structure gststructure.c:2203:gst_structure_parse_field: trying field name 'long-name'
0:00:00.021846471  4413 0x55d2ebafe360 DEBUG   default gstvalue.c:2676:_priv_gst_value_parse_value: trying type name 'string'
0:00:00.021853020  4413 0x55d2ebafe360 DEBUG   structure gststructure.c:2203:gst_structure_parse_field: trying field name 'klass'
0:00:00.016887168  4414 0x55c3b444c360 DEBUG   GST_POLL gstpoll.c:979:gst_poll_fd_ctl_write: 0x55c3b4470970: fd (fd:0, idx:1), active : 1
0:00:00.021858585  4413 0x55d2ebafe360 DEBUG   default gstvalue.c:2676:_priv_gst_value_parse_value: trying type name 'string'
0:00:00.016904841  4414 0x55c3b444c360 LOG   GST_POLL gstpoll.c:994:gst_poll_fd_ctl_write: 0x55c3b4470970: pfd->events now 60 (POLLOUT:4)
0:00:00.021865368  4413 0x55d2ebafe360 DEBUG   structure gststructure.c:2203:gst_structure_parse_field: trying field name 'description'
0:00:00.016911749  4414 0x55c3b444c360 DEBUG   GST_POLL gstpoll.c:979:gst_poll_fd_ctl_write: 0x55c3b4470970: fd (fd:0, idx:1), active : 1
0:00:00.021871456  4413 0x55d2ebafe360 DEBUG   default gstvalue.c:2676:_priv_gst_value_parse_value: trying type name 'string'
0:00:00.016918415  4414 0x55c3b444c360 LOG   GST_POLL gstpoll.c:994:gst_poll_fd_ctl_write: 0x55c3b4470970: pfd->events now 60 (POLLOUT:4)
0:00:00.021878467  4413 0x55d2ebafe360 DEBUG   structure gststructure.c:2203:gst_structure_parse_field: trying field name 'author'
0:00:00.016925407  4414 0x55c3b444c360 DEBUG   GST_POLL gstpoll.c:979:gst_poll_fd_ctl_write: 0x55c3b4470970: fd (fd:0, idx:1), active : 1
0:00:00.016940536  4414 0x55c3b444c360 LOG   GST_POLL gstpoll.c:994:gst_poll_fd_ctl_write: 0x55c3b4470970: pfd->events now 60 (POLLOUT:4)
0:00:00.021884460  4413 0x55d2ebafe360 DEBUG   default gstvalue.c:2676:_priv_gst_value_parse_value: trying type name 'string'
0:00:00.016948362  4414 0x55c3b444c360 DEBUG   GST_POLL gstpoll.c:979:gst_poll_fd_ctl_write: 0x55c3b4470970: fd (fd:0, idx:1), active : 1
0:00:00.016954862  4414 0x55c3b444c360 LOG   GST_POLL gstpoll.c:994:gst_poll_fd_ctl_write: 0x55c3b4470970: pfd->events now 60 (POLLOUT:4)
0:00:00.021912086  4413 0x55d2ebafe360 DEBUG   GST_REGISTRY gstregistrychunks.c:626:gst_registry_chunks_load_feature: Element factory : npadtemplates=1
0:00:00.016965061  4414 0x55c3b444c360 DEBUG   GST_POLL gstpoll.c:979:gst_poll_fd_ctl_write: 0x55c3b4470970: fd (fd:0, idx:1), active : 1
0:00:00.021925510  4413 0x55d2ebafe360 DEBUG   GST_REGISTRY gstregistrychunks.c:525:gst_registry_chunks_load_pad_template: Reading/casting for GstRegistryChunkPadTemplate at address 0x55d2ebb25a60
0:00:00.016971762  4414 0x55c3b444c360 LOG   GST_POLL gstpoll.c:994:gst_poll_fd_ctl_write: 0x55c3b4470970: pfd->events now 60 (POLLOUT:4)
0:00:00.021934765  4413 0x55d2ebafe360 DEBUG   GST_REGISTRY gstregistrychunks.c:539:gst_registry_chunks_load_pad_template: Added pad_template src
0:00:00.016980360  4414 0x55c3b444c360 DEBUG   GST_POLL gstpoll.c:979:gst_poll_fd_ctl_write: 0x55c3b4470970: fd (fd:0, idx:1), active : 1
0:00:00.021943480  4413 0x55d2ebafe360 DEBUG   GST_REGISTRY gstregistry.c:589:gst_registry_add_feature: adding feature 0x55d2ebb304e0 (fakesrc)
0:00:00.016986977  4414 0x55c3b444c360 LOG   GST_POLL gstpoll.c:994:gst_poll_fd_ctl_write: 0x55c3b4470970: pfd->events now 60 (POLLOUT:4)
0:00:00.021950304  4413 0x55d2ebafe360 DEBUG   GST_REFCOUNTING gstobject.c:708:gst_object_set_parent: set parent (ref and sink)
0:00:00.016996201  4414 0x55c3b444c360 DEBUG   GST_POLL gstpoll.c:979:gst_poll_fd_ctl_write: 0x55c3b4470970: fd (fd:0, idx:1), active : 1
0:00:00.021958054  4413 0x55d2ebafe360 TRACE   GST_REFCOUNTING gstobject.c:292:gst_object_ref_sink: 0x55d2ebb304e0 ref_sink 1->2
0:00:00.017002704  4414 0x55c3b444c360 LOG   GST_POLL gstpoll.c:994:gst_poll_fd_ctl_write: 0x55c3b4470970: pfd->events now 60 (POLLOUT:4)
0:00:00.021965330  4413 0x55d2ebafe360 LOG   GST_REGISTRY gstregistry.c:607:gst_registry_add_feature: emitting feature-added for fakesrc
0:00:00.017011128  4414 0x55c3b444c360 DEBUG   GST_POLL gstpoll.c:979:gst_poll_fd_ctl_write: 0x55c3b4470970: fd (fd:0, idx:1), active : 1
0:00:00.021972555  4413 0x55d2ebafe360 DEBUG   GST_REGISTRY gstregistrychunks.c:740:gst_registry_chunks_load_feature: Added feature fakesrc, plugin 0x55d2ebb26250 coreelements
0:00:00.017017509  4414 0x55c3b444c360 LOG   GST_POLL gstpoll.c:994:gst_poll_fd_ctl_write: 0x55c3b4470970: pfd->events now 60 (POLLOUT:4)
0:00:00.021979512  4413 0x55d2ebafe360 DEBUG   GST_REGISTRY gstregistrychunks.c:582:gst_registry_chunks_load_feature: Plugin 'coreelements' feature 'downloadbuffer' typename : 'GstElementFactory'
0:00:00.017025056  4414 0x55c3b444c360 DEBUG   GST_POLL gstpoll.c:979:gst_poll_fd_ctl_write: 0x55c3b4470970: fd (fd:0, idx:1), active : 1
0:00:00.017031672  4414 0x55c3b444c360 LOG   GST_POLL gstpoll.c:994:gst_poll_fd_ctl_write: 0x55c3b4470970: pfd->events now 60 (POLLOUT:4)
0:00:00.021988042  4413 0x55d2ebafe360 TRACE   GST_REFCOUNTING gstobject.c:208:gst_object_init: 0x55d2ebb30a20 new
0:00:00.017038177  4414 0x55c3b444c360 DEBUG   GST_POLL gstpoll.c:979:gst_poll_fd_ctl_write: 0x55c3b4470970: fd (fd:0, idx:1), active : 1
0:00:00.021998357  4413 0x55d2ebafe360 LOG   GST_REGISTRY gstregistrychunks.c:609:gst_registry_chunks_load_feature: Reading/casting for GstRegistryChunkElementFactory at address 0x55d2ebb25a98
0:00:00.017044607  4414 0x55c3b444c360 LOG   GST_POLL gstpoll.c:994:gst_poll_fd_ctl_write: 0x55c3b4470970: pfd->events now 60 (POLLOUT:4)
0:00:00.022011064  4413 0x55d2ebafe360 TRACE   structure gststructure.c:287:gst_structure_new_id_empty_with_size: created structure 0x55d2ebb30d20
0:00:00.017056864  4414 0x55c3b444c360 DEBUG   GST_POLL gstpoll.c:979:gst_poll_fd_ctl_write: 0x55c3b4470970: fd (fd:0, idx:1), active : 1
0:00:00.022017489  4413 0x55d2ebafe360 DEBUG   structure gststructure.c:2203:gst_structure_parse_field: trying field name 'long-name'
0:00:00.017063318  4414 0x55c3b444c360 LOG   GST_POLL gstpoll.c:994:gst_poll_fd_ctl_write: 0x55c3b4470970: pfd->events now 60 (POLLOUT:4)
0:00:00.022023853  4413 0x55d2ebafe360 DEBUG   default gstvalue.c:2676:_priv_gst_value_parse_value: trying type name 'string'
0:00:00.017070441  4414 0x55c3b444c360 DEBUG   GST_POLL gstpoll.c:979:gst_poll_fd_ctl_write: 0x55c3b4470970: fd (fd:0, idx:1), active : 1
0:00:00.022031110  4413 0x55d2ebafe360 DEBUG   structure gststructure.c:2203:gst_structure_parse_field: trying field name 'klass'
0:00:00.017076888  4414 0x55c3b444c360 LOG   GST_POLL gstpoll.c:994:gst_poll_fd_ctl_write: 0x55c3b4470970: pfd->events now 60 (POLLOUT:4)
