0:00:00.014238172  4414 0x55c3b444c360 DEBUG   GST_REGISTRY gstregistrychunks.c:264:gst_registry_chunks_save_feature: saved 0 interfaces 0 pad templates
0:00:00.019198647  4413 0x55d2ebafe360 LOG   GST_REGISTRY gstregistrychunks.c:609:gst_registry_chunks_load_feature: Reading/casting for GstRegistryChunkElementFactory at address 0x55d2ebb247e8
0:00:00.014248136  4414 0x55c3b444c360 DEBUG   GST_REGISTRY gstregistrychunks.c:264:gst_registry_chunks_save_feature: saved 0 interfaces 0 pad templates
0:00:00.019206082  4413 0x55d2ebafe360 TRACE   structure gststructure.c:287:gst_structure_new_id_empty_with_size: created structure 0x55d2ebb26660
0:00:00.019213913  4413 0x55d2ebafe360 DEBUG   structure gststructure.c:2203:gst_structure_parse_field: trying field name 'long-name'
0:00:00.014258263  4414 0x55c3b444c360 DEBUG   GST_REGISTRY gstregistrychunks.c:264:gst_registry_chunks_save_feature: saved 0 interfaces 0 pad templates
0:00:00.019219786  4413 0x55d2ebafe360 DEBUG   default gstvalue.c:2676:_priv_gst_value_parse_value: trying type name 'string'
0:00:00.014268588  4414 0x55c3b444c360 DEBUG   GST_REGISTRY gstregistrychunks.c:264:gst_registry_chunks_save_feature: saved 0 interfaces 0 pad templates
0:00:00.019227277  4413 0x55d2ebafe360 DEBUG   structure gststructure.c:2203:gst_structure_parse_field: trying field name 'klass'
0:00:00.019233838  4413 0x55d2ebafe360 DEBUG   default gstvalue.c:2676:_priv_gst_value_parse_value: trying type name 'string'
0:00:00.014279467  4414 0x55c3b444c360 DEBUG   GST_REGISTRY gstregistrychunks.c:264:gst_registry_chunks_save_feature: saved 0 interfaces 0 pad templates
0:00:00.019240201  4413 0x55d2ebafe360 DEBUG   structure gststructure.c:2203:gst_structure_parse_field: trying field name 'description'
0:00:00.019246263  4413 0x55d2ebafe360 DEBUG   default gstvalue.c:2676:_priv_gst_value_parse_value: trying type name 'string'
0:00:00.014291012  4414 0x55c3b444c360 TRACE   GST_REFCOUNTING gstobject.c:264:gst_object_unref: 0x55c3b4475e80 unref 2->1
0:00:00.019258320  4413 0x55d2ebafe360 DEBUG   structure gststructure.c:2203:gst_structure_parse_field: trying field name 'author'
0:00:00.014303421  4414 0x55c3b444c360 TRACE   GST_REFCOUNTING gstobject.c:264:gst_object_unref: 0x55c3b4477d50 unref 2->1
0:00:00.019264416  4413 0x55d2ebafe360 DEBUG   default gstvalue.c:2676:_priv_gst_value_parse_value: trying type name 'string'
0:00:00.014310923  4414 0x55c3b444c360 TRACE   GST_REFCOUNTING gstobject.c:264:gst_object_unref: 0x55c3b4478a30 unref 2->1
0:00:00.019273561  4413 0x55d2ebafe360 DEBUG   GST_REGISTRY gstregistrychunks.c:626:gst_registry_chunks_load_feature: Element factory : npadtemplates=2
0:00:00.014318044  4414 0x55c3b444c360 TRACE   GST_REFCOUNTING gstobject.c:264:gst_object_unref: 0x55c3b44798a0 unref 2->1
0:00:00.019280030  4413 0x55d2ebafe360 DEBUG   GST_REGISTRY gstregistrychunks.c:525:gst_registry_chunks_load_pad_template: Reading/casting for GstRegistryChunkPadTemplate at address 0x55d2ebb248d8
0:00:00.014326024  4414 0x55c3b444c360 TRACE   GST_REFCOUNTING gstobject.c:264:gst_object_unref: 0x55c3b447b830 unref 2->1
0:00:00.019286558  4413 0x55d2ebafe360 DEBUG   GST_REGISTRY gstregistrychunks.c:539:gst_registry_chunks_load_pad_template: Added pad_template sink
0:00:00.014333063  4414 0x55c3b444c360 TRACE   GST_REFCOUNTING gstobject.c:264:gst_object_unref: 0x55c3b447c9d0 unref 2->1
0:00:00.019292657  4413 0x55d2ebafe360 DEBUG   GST_REGISTRY gstregistrychunks.c:525:gst_registry_chunks_load_pad_template: Reading/casting for GstRegistryChunkPadTemplate at address 0x55d2ebb248f0
0:00:00.014340132  4414 0x55c3b444c360 TRACE   GST_REFCOUNTING gstobject.c:264:gst_object_unref: 0x55c3b447e650 unref 2->1
0:00:00.019299235  4413 0x55d2ebafe360 DEBUG   GST_REGISTRY gstregistrychunks.c:539:gst_registry_chunks_load_pad_template: Added pad_template src
0:00:00.014347492  4414 0x55c3b444c360 TRACE   GST_REFCOUNTING gstobject.c:264:gst_object_unref: 0x55c3b4480c30 unref 2->1
0:00:00.019307901  4413 0x55d2ebafe360 DEBUG   GST_REGISTRY gstregistry.c:589:gst_registry_add_feature: adding feature 0x55d2ebb2e1f0 (valve)
0:00:00.014354515  4414 0x55c3b444c360 TRACE   GST_REFCOUNTING gstobject.c:264:gst_object_unref: 0x55c3b44830e0 unref 2->1
0:00:00.019314496  4413 0x55d2ebafe360 DEBUG   GST_REFCOUNTING gstobject.c:708:gst_object_set_parent: set parent (ref and sink)
0:00:00.014361587  4414 0x55c3b444c360 TRACE   GST_REFCOUNTING gstobject.c:264:gst_object_unref: 0x55c3b4483f40 unref 2->1
0:00:00.019322129  4413 0x55d2ebafe360 TRACE   GST_REFCOUNTING gstobject.c:292:gst_object_ref_sink: 0x55d2ebb2e1f0 ref_sink 1->2
0:00:00.014368510  4414 0x55c3b444c360 TRACE   GST_REFCOUNTING gstobject.c:264:gst_object_unref: 0x55c3b4484d20 unref 2->1
0:00:00.019329313  4413 0x55d2ebafe360 LOG   GST_REGISTRY gstregistry.c:607:gst_registry_add_feature: emitting feature-added for valve
0:00:00.014375725  4414 0x55c3b444c360 TRACE   GST_REFCOUNTING gstobject.c:264:gst_object_unref: 0x55c3b44859e0 unref 2->1
0:00:00.019341340  4413 0x55d2ebafe360 DEBUG   GST_REGISTRY gstregistrychunks.c:740:gst_registry_chunks_load_feature: Added feature valve, plugin 0x55d2ebb26250 coreelements
0:00:00.014386326  4414 0x55c3b444c360 TRACE   GST_REFCOUNTING gstobject.c:264:gst_object_unref: 0x55c3b4486fd0 unref 2->1
0:00:00.019348441  4413 0x55d2ebafe360 DEBUG   GST_REGISTRY gstregistrychunks.c:582:gst_registry_chunks_load_feature: Plugin 'coreelements' feature 'multiqueue' typename : 'GstElementFactory'
0:00:00.014393818  4414 0x55c3b444c360 TRACE   GST_REFCOUNTING gstobject.c:264:gst_object_unref: 0x55c3b4488260 unref 2->1
0:00:00.019356578  4413 0x55d2ebafe360 TRACE   GST_REFCOUNTING gstobject.c:208:gst_object_init: 0x55d2ebb268b0 new
0:00:00.014401029  4414 0x55c3b444c360 TRACE   GST_REFCOUNTING gstobject.c:264:gst_object_unref: 0x55c3b4489380 unref 2->1
0:00:00.019365186  4413 0x55d2ebafe360 LOG   GST_REGISTRY gstregistrychunks.c:609:gst_registry_chunks_load_feature: Reading/casting for GstRegistryChunkElementFactory at address 0x55d2ebb24920
0:00:00.014409393  4414 0x55c3b444c360 TRACE   GST_REFCOUNTING gstobject.c:264:gst_object_unref: 0x55c3b448b730 unref 2->1
0:00:00.019372413  4413 0x55d2ebafe360 TRACE   structure gststructure.c:287:gst_structure_new_id_empty_with_size: created structure 0x55d2ebb26a30
0:00:00.014417824  4414 0x55c3b444c360 TRACE   GST_REFCOUNTING gstobject.c:264:gst_object_unref: 0x55c3b448cee0 unref 2->1
0:00:00.019378993  4413 0x55d2ebafe360 DEBUG   structure gststructure.c:2203:gst_structure_parse_field: trying field name 'long-name'
0:00:00.014425053  4414 0x55c3b444c360 TRACE   GST_REFCOUNTING gstobject.c:264:gst_object_unref: 0x55c3b448e360 unref 2->1
0:00:00.019385183  4413 0x55d2ebafe360 DEBUG   default gstvalue.c:2676:_priv_gst_value_parse_value: trying type name 'string'
0:00:00.014432295  4414 0x55c3b444c360 TRACE   GST_REFCOUNTING gstobject.c:264:gst_object_unref: 0x55c3b448f740 unref 2->1
0:00:00.019392448  4413 0x55d2ebafe360 DEBUG   structure gststructure.c:2203:gst_structure_parse_field: trying field name 'klass'
0:00:00.014439565  4414 0x55c3b444c360 TRACE   GST_REFCOUNTING gstobject.c:264:gst_object_unref: 0x55c3b4490730 unref 2->1
0:00:00.019398621  4413 0x55d2ebafe360 DEBUG   default gstvalue.c:2676:_priv_gst_value_parse_value: trying type name 'string'
0:00:00.014446663  4414 0x55c3b444c360 TRACE   GST_REFCOUNTING gstobject.c:264:gst_object_unref: 0x55c3b4492210 unref 2->1
0:00:00.019405698  4413 0x55d2ebafe360 DEBUG   structure gststructure.c:2203:gst_structure_parse_field: trying field name 'description'
0:00:00.014453732  4414 0x55c3b444c360 TRACE   GST_REFCOUNTING gstobject.c:264:gst_object_unref: 0x55c3b4492f00 unref 2->1
0:00:00.019411831  4413 0x55d2ebafe360 DEBUG   default gstvalue.c:2676:_priv_gst_value_parse_value: trying type name 'string'
0:00:00.014462722  4414 0x55c3b444c360 DEBUG   GST_REGISTRY gstregistrychunks.c:497:_priv_gst_registry_chunks_save_plugin: Found 22 features in plugin 0x55c3b44744a0 (coreelements)
0:00:00.019420135  4413 0x55d2ebafe360 DEBUG   structure gststructure.c:2203:gst_structure_parse_field: trying field name 'author'
0:00:00.014474488  4414 0x55c3b444c360 DEBUG   GST_POLL gstpoll.c:979:gst_poll_fd_ctl_write: 0x55c3b4470970: fd (fd:0, idx:1), active : 1
0:00:00.019432412  4413 0x55d2ebafe360 DEBUG   default gstvalue.c:2676:_priv_gst_value_parse_value: trying type name 'string'
0:00:00.014481597  4414 0x55c3b444c360 LOG   GST_POLL gstpoll.c:994:gst_poll_fd_ctl_write: 0x55c3b4470970: pfd->events now 60 (POLLOUT:4)
0:00:00.019441161  4413 0x55d2ebafe360 DEBUG   GST_REGISTRY gstregistrychunks.c:626:gst_registry_chunks_load_feature: Element factory : npadtemplates=2
0:00:00.014488739  4414 0x55c3b444c360 DEBUG   GST_POLL gstpoll.c:979:gst_poll_fd_ctl_write: 0x55c3b4470970: fd (fd:0, idx:1), active : 1
0:00:00.019447301  4413 0x55d2ebafe360 DEBUG   GST_REGISTRY gstregistrychunks.c:525:gst_registry_chunks_load_pad_template: Reading/casting for GstRegistryChunkPadTemplate at address 0x55d2ebb249e0
0:00:00.014495359  4414 0x55c3b444c360 LOG   GST_POLL gstpoll.c:994:gst_poll_fd_ctl_write: 0x55c3b4470970: pfd->events now 60 (POLLOUT:4)
0:00:00.019454153  4413 0x55d2ebafe360 DEBUG   GST_REGISTRY gstregistrychunks.c:539:gst_registry_chunks_load_pad_template: Added pad_template src_%u
0:00:00.014502349  4414 0x55c3b444c360 DEBUG   GST_POLL gstpoll.c:979:gst_poll_fd_ctl_write: 0x55c3b4470970: fd (fd:0, idx:1), active : 1
0:00:00.019460520  4413 0x55d2ebafe360 DEBUG   GST_REGISTRY gstregistrychunks.c:525:gst_registry_chunks_load_pad_template: Reading/casting for GstRegistryChunkPadTemplate at address 0x55d2ebb249f8
0:00:00.014508963  4414 0x55c3b444c360 LOG   GST_POLL gstpoll.c:994:gst_poll_fd_ctl_write: 0x55c3b4470970: pfd->events now 60 (POLLOUT:4)
0:00:00.019468206  4413 0x55d2ebafe360 DEBUG   GST_REGISTRY gstregistrychunks.c:539:gst_registry_chunks_load_pad_template: Added pad_template sink_%u
0:00:00.014515775  4414 0x55c3b444c360 DEBUG   GST_POLL gstpoll.c:979:gst_poll_fd_ctl_write: 0x55c3b4470970: fd (fd:0, idx:1), active : 1
0:00:00.019476335  4413 0x55d2ebafe360 DEBUG   GST_REGISTRY gstregistry.c:589:gst_registry_add_feature: adding feature 0x55d2ebb268b0 (multiqueue)
0:00:00.014522217  4414 0x55c3b444c360 LOG   GST_POLL gstpoll.c:994:gst_poll_fd_ctl_write: 0x55c3b4470970: pfd->events now 60 (POLLOUT:4)
0:00:00.019482786  4413 0x55d2ebafe360 DEBUG   GST_REFCOUNTING gstobject.c:708:gst_object_set_parent: set parent (ref and sink)
0:00:00.014528968  4414 0x55c3b444c360 DEBUG   GST_POLL gstpoll.c:979:gst_poll_fd_ctl_write: 0x55c3b4470970: fd (fd:0, idx:1), active : 1
0:00:00.019490841  4413 0x55d2ebafe360 TRACE   GST_REFCOUNTING gstobject.c:292:gst_object_ref_sink: 0x55d2ebb268b0 ref_sink 1->2
0:00:00.014535476  4414 0x55c3b444c360 LOG   GST_POLL gstpoll.c:994:gst_poll_fd_ctl_write: 0x55c3b4470970: pfd->events now 60 (POLLOUT:4)
0:00:00.019498030  4413 0x55d2ebafe360 LOG   GST_REGISTRY gstregistry.c:607:gst_registry_add_feature: emitting feature-added for multiqueue
0:00:00.014543586  4414 0x55c3b444c360 DEBUG   GST_POLL gstpoll.c:979:gst_poll_fd_ctl_write: 0x55c3b4470970: fd (fd:0, idx:1), active : 1
0:00:00.019510586  4413 0x55d2ebafe360 DEBUG   GST_REGISTRY gstregistrychunks.c:740:gst_registry_chunks_load_feature: Added feature multiqueue, plugin 0x55d2ebb26250 coreelements
0:00:00.014555203  4414 0x55c3b444c360 LOG   GST_POLL gstpoll.c:994:gst_poll_fd_ctl_write: 0x55c3b4470970: pfd->events now 60 (POLLOUT:4)
0:00:00.019517691  4413 0x55d2ebafe360 DEBUG   GST_REGISTRY gstregistrychunks.c:582:gst_registry_chunks_load_feature: Plugin 'coreelements' feature 'typefind' typename : 'GstElementFactory'
0:00:00.014562755  4414 0x55c3b444c360 DEBUG   GST_POLL gstpoll.c:979:gst_poll_fd_ctl_write: 0x55c3b4470970: fd (fd:0, idx:1), active : 1
0:00:00.019525698  4413 0x55d2ebafe360 TRACE   GST_REFCOUNTING gstobject.c:208:gst_object_init: 0x55d2ebb26cb0 new
0:00:00.014569736  4414 0x55c3b444c360 LOG   GST_POLL gstpoll.c:994:gst_poll_fd_ctl_write: 0x55c3b4470970: pfd->events now 60 (POLLOUT:4)
0:00:00.019533931  4413 0x55d2ebafe360 LOG   GST_REGISTRY gstregistrychunks.c:609:gst_registry_chunks_load_feature: Reading/casting for GstRegistryChunkElementFactory at address 0x55d2ebb24a28
0:00:00.014578452  4414 0x55c3b444c360 DEBUG   GST_POLL gstpoll.c:979:gst_poll_fd_ctl_write: 0x55c3b4470970: fd (fd:0, idx:1), active : 1
0:00:00.014586071  4414 0x55c3b444c360 LOG   GST_POLL gstpoll.c:994:gst_poll_fd_ctl_write: 0x55c3b4470970: pfd->events now 60 (POLLOUT:4)
0:00:00.019544006  4413 0x55d2ebafe360 TRACE   structure gststructure.c:287:gst_structure_new_id_empty_with_size: created structure 0x55d2ebb26ee0
0:00:00.014592396  4414 0x55c3b444c360 DEBUG   GST_POLL gstpoll.c:979:gst_poll_fd_ctl_write: 0x55c3b4470970: fd (fd:0, idx:1), active : 1
0:00:00.019551268  4413 0x55d2ebafe360 DEBUG   structure gststructure.c:2203:gst_structure_parse_field: trying field name 'long-name'
0:00:00.014598786  4414 0x55c3b444c360 LOG   GST_POLL gstpoll.c:994:gst_poll_fd_ctl_write: 0x55c3b4470970: pfd->events now 60 (POLLOUT:4)
0:00:00.019557663  4413 0x55d2ebafe360 DEBUG   default gstvalue.c:2676:_priv_gst_value_parse_value: trying type name 'string'
0:00:00.014605444  4414 0x55c3b444c360 DEBUG   GST_POLL gstpoll.c:979:gst_poll_fd_ctl_write: 0x55c3b4470970: fd (fd:0, idx:1), active : 1
0:00:00.019564796  4413 0x55d2ebafe360 DEBUG   structure gststructure.c:2203:gst_structure_parse_field: trying field name 'klass'
0:00:00.014611934  4414 0x55c3b444c360 LOG   GST_POLL gstpoll.c:994:gst_poll_fd_ctl_write: 0x55c3b4470970: pfd->events now 60 (POLLOUT:4)
0:00:00.019571153  4413 0x55d2ebafe360 DEBUG   default gstvalue.c:2676:_priv_gst_value_parse_value: trying type name 'string'
0:00:00.014618584  4414 0x55c3b444c360 DEBUG   GST_POLL gstpoll.c:979:gst_poll_fd_ctl_write: 0x55c3b4470970: fd (fd:0, idx:1), active : 1
0:00:00.019578215  4413 0x55d2ebafe360 DEBUG   structure gststructure.c:2203:gst_structure_parse_field: trying field name 'description'
0:00:00.014624863  4414 0x55c3b444c360 LOG   GST_POLL gstpoll.c:994:gst_poll_fd_ctl_write: 0x55c3b4470970: pfd->events now 60 (POLLOUT:4)
0:00:00.019584213  4413 0x55d2ebafe360 DEBUG   default gstvalue.c:2676:_priv_gst_value_parse_value: trying type name 'string'
0:00:00.014635738  4414 0x55c3b444c360 DEBUG   GST_POLL gstpoll.c:979:gst_poll_fd_ctl_write: 0x55c3b4470970: fd (fd:0, idx:1), active : 1
0:00:00.019595307  4413 0x55d2ebafe360 DEBUG   structure gststructure.c:2203:gst_structure_parse_field: trying field name 'author'
0:00:00.014642402  4414 0x55c3b444c360 LOG   GST_POLL gstpoll.c:994:gst_poll_fd_ctl_write: 0x55c3b4470970: pfd->events now 60 (POLLOUT:4)
0:00:00.019601370  4413 0x55d2ebafe360 DEBUG   default gstvalue.c:2676:_priv_gst_value_parse_value: trying type name 'string'
0:00:00.014649126  4414 0x55c3b444c360 DEBUG   GST_POLL gstpoll.c:979:gst_poll_fd_ctl_write: 0x55c3b4470970: fd (fd:0, idx:1), active : 1
0:00:00.019608911  4413 0x55d2ebafe360 DEBUG   GST_REGISTRY gstregistrychunks.c:626:gst_registry_chunks_load_feature: Element factory : npadtemplates=2
0:00:00.014655464  4414 0x55c3b444c360 LOG   GST_POLL gstpoll.c:994:gst_poll_fd_ctl_write: 0x55c3b4470970: pfd->events now 60 (POLLOUT:4)
0:00:00.019615111  4413 0x55d2ebafe360 DEBUG   GST_REGISTRY gstregistrychunks.c:525:gst_registry_chunks_load_pad_template: Reading/casting for GstRegistryChunkPadTemplate at address 0x55d2ebb24b00
0:00:00.014662168  4414 0x55c3b444c360 DEBUG   GST_POLL gstpoll.c:979:gst_poll_fd_ctl_write: 0x55c3b4470970: fd (fd:0, idx:1), active : 1
0:00:00.019621440  4413 0x55d2ebafe360 DEBUG   GST_REGISTRY gstregistrychunks.c:539:gst_registry_chunks_load_pad_template: Added pad_template sink
0:00:00.014668514  4414 0x55c3b444c360 LOG   GST_POLL gstpoll.c:994:gst_poll_fd_ctl_write: 0x55c3b4470970: pfd->events now 60 (POLLOUT:4)
0:00:00.019627443  4413 0x55d2ebafe360 DEBUG   GST_REGISTRY gstregistrychunks.c:525:gst_registry_chunks_load_pad_template: Reading/casting for GstRegistryChunkPadTemplate at address 0x55d2ebb24b18
0:00:00.014675126  4414 0x55c3b444c360 DEBUG   GST_POLL gstpoll.c:979:gst_poll_fd_ctl_write: 0x55c3b4470970: fd (fd:0, idx:1), active : 1
0:00:00.019633796  4413 0x55d2ebafe360 DEBUG   GST_REGISTRY gstregistrychunks.c:539:gst_registry_chunks_load_pad_template: Added pad_template src
0:00:00.014681680  4414 0x55c3b444c360 LOG   GST_POLL gstpoll.c:994:gst_poll_fd_ctl_write: 0x55c3b4470970: pfd->events now 60 (POLLOUT:4)
0:00:00.019642166  4413 0x55d2ebafe360 DEBUG   GST_REGISTRY gstregistry.c:589:gst_registry_add_feature: adding feature 0x55d2ebb26cb0 (typefind)
0:00:00.014688225  4414 0x55c3b444c360 DEBUG   GST_POLL gstpoll.c:979:gst_poll_fd_ctl_write: 0x55c3b4470970: fd (fd:0, idx:1), active : 1
0:00:00.019648848  4413 0x55d2ebafe360 DEBUG   GST_REFCOUNTING gstobject.c:708:gst_object_set_parent: set parent (ref and sink)
0:00:00.014694834  4414 0x55c3b444c360 LOG   GST_POLL gstpoll.c:994:gst_poll_fd_ctl_write: 0x55c3b4470970: pfd->events now 60 (POLLOUT:4)
0:00:00.019656546  4413 0x55d2ebafe360 TRACE   GST_REFCOUNTING gstobject.c:292:gst_object_ref_sink: 0x55d2ebb26cb0 ref_sink 1->2
0:00:00.014701705  4414 0x55c3b444c360 DEBUG   GST_POLL gstpoll.c:979:gst_poll_fd_ctl_write: 0x55c3b4470970: fd (fd:0, idx:1), active : 1
0:00:00.019663638  4413 0x55d2ebafe360 LOG   GST_REGISTRY gstregistry.c:607:gst_registry_add_feature: emitting feature-added for typefind
0:00:00.014712642  4414 0x55c3b444c360 LOG   GST_POLL gstpoll.c:994:gst_poll_fd_ctl_write: 0x55c3b4470970: pfd->events now 60 (POLLOUT:4)
0:00:00.019672279  4413 0x55d2ebafe360 DEBUG   GST_REGISTRY gstregistrychunks.c:740:gst_registry_chunks_load_feature: Added feature typefind, plugin 0x55d2ebb26250 coreelements
0:00:00.014719741  4414 0x55c3b444c360 DEBUG   GST_POLL gstpoll.c:979:gst_poll_fd_ctl_write: 0x55c3b4470970: fd (fd:0, idx:1), active : 1
0:00:00.019679584  4413 0x55d2ebafe360 DEBUG   GST_REGISTRY gstregistrychunks.c:582:gst_registry_chunks_load_feature: Plugin 'coreelements' feature 'tee' typename : 'GstElementFactory'
0:00:00.014726425  4414 0x55c3b444c360 LOG   GST_POLL gstpoll.c:994:gst_poll_fd_ctl_write: 0x55c3b4470970: pfd->events now 60 (POLLOUT:4)
0:00:00.019687390  4413 0x55d2ebafe360 TRACE   GST_REFCOUNTING gstobject.c:208:gst_object_init: 0x55d2ebb27180 new
0:00:00.014733233  4414 0x55c3b444c360 DEBUG   GST_POLL gstpoll.c:979:gst_poll_fd_ctl_write: 0x55c3b4470970: fd (fd:0, idx:1), active : 1
0:00:00.019695773  4413 0x55d2ebafe360 LOG   GST_REGISTRY gstregistrychunks.c:609:gst_registry_chunks_load_feature: Reading/casting for GstRegistryChunkElementFactory at address 0x55d2ebb24b40
0:00:00.014739893  4414 0x55c3b444c360 LOG   GST_POLL gstpoll.c:994:gst_poll_fd_ctl_write: 0x55c3b4470970: pfd->events now 60 (POLLOUT:4)
0:00:00.019702795  4413 0x55d2ebafe360 TRACE   structure gststructure.c:287:gst_structure_new_id_empty_with_size: created structure 0x55d2ebb273c0
0:00:00.014748272  4414 0x55c3b444c360 DEBUG   GST_POLL gstpoll.c:979:gst_poll_fd_ctl_write: 0x55c3b4470970: fd (fd:0, idx:1), active : 1
0:00:00.019709351  4413 0x55d2ebafe360 DEBUG   structure gststructure.c:2203:gst_structure_parse_field: trying field name 'long-name'
0:00:00.014754793  4414 0x55c3b444c360 LOG   GST_POLL gstpoll.c:994:gst_poll_fd_ctl_write: 0x55c3b4470970: pfd->events now 60 (POLLOUT:4)
0:00:00.019715356  4413 0x55d2ebafe360 DEBUG   default gstvalue.c:2676:_priv_gst_value_parse_value: trying type name 'string'
0:00:00.014761528  4414 0x55c3b444c360 DEBUG   GST_POLL gstpoll.c:979:gst_poll_fd_ctl_write: 0x55c3b4470970: fd (fd:0, idx:1), active : 1
0:00:00.019722470  4413 0x55d2ebafe360 DEBUG   structure gststructure.c:2203:gst_structure_parse_field: trying field name 'klass'
0:00:00.014768048  4414 0x55c3b444c360 LOG   GST_POLL gstpoll.c:994:gst_poll_fd_ctl_write: 0x55c3b4470970: pfd->events now 60 (POLLOUT:4)
0:00:00.019728468  4413 0x55d2ebafe360 DEBUG   default gstvalue.c:2676:_priv_gst_value_parse_value: trying type name 'string'
0:00:00.014774929  4414 0x55c3b444c360 DEBUG   GST_POLL gstpoll.c:979:gst_poll_fd_ctl_write: 0x55c3b4470970: fd (fd:0, idx:1), active : 1
0:00:00.019735161  4413 0x55d2ebafe360 DEBUG   structure gststructure.c:2203:gst_structure_parse_field: trying field name 'description'
0:00:00.014781477  4414 0x55c3b444c360 LOG   GST_POLL gstpoll.c:994:gst_poll_fd_ctl_write: 0x55c3b4470970: pfd->events now 60 (POLLOUT:4)
0:00:00.019741070  4413 0x55d2ebafe360 DEBUG   default gstvalue.c:2676:_priv_gst_value_parse_value: trying type name 'string'
0:00:00.014791938  4414 0x55c3b444c360 DEBUG   GST_POLL gstpoll.c:979:gst_poll_fd_ctl_write: 0x55c3b4470970: fd (fd:0, idx:1), active : 1
0:00:00.019751412  4413 0x55d2ebafe360 DEBUG   structure gststructure.c:2203:gst_structure_parse_field: trying field name 'author'
0:00:00.014798590  4414 0x55c3b444c360 LOG   GST_POLL gstpoll.c:994:gst_poll_fd_ctl_write: 0x55c3b4470970: pfd->events now 60 (POLLOUT:4)
0:00:00.019757687  4413 0x55d2ebafe360 DEBUG   default gstvalue.c:2676:_priv_gst_value_parse_value: trying type name 'string'
0:00:00.014805332  4414 0x55c3b444c360 DEBUG   GST_POLL gstpoll.c:979:gst_poll_fd_ctl_write: 0x55c3b4470970: fd (fd:0, idx:1), active : 1
0:00:00.019765593  4413 0x55d2ebafe360 DEBUG   GST_REGISTRY gstregistrychunks.c:626:gst_registry_chunks_load_feature: Element factory : npadtemplates=2
0:00:00.014811840  4414 0x55c3b444c360 LOG   GST_POLL gstpoll.c:994:gst_poll_fd_ctl_write: 0x55c3b4470970: pfd->events now 60 (POLLOUT:4)
0:00:00.019771968  4413 0x55d2ebafe360 DEBUG   GST_REGISTRY gstregistrychunks.c:525:gst_registry_chunks_load_pad_template: Reading/casting for GstRegistryChunkPadTemplate at address 0x55d2ebb24c30
0:00:00.014818716  4414 0x55c3b444c360 DEBUG   GST_POLL gstpoll.c:979:gst_poll_fd_ctl_write: 0x55c3b4470970: fd (fd:0, idx:1), active : 1
0:00:00.019778473  4413 0x55d2ebafe360 DEBUG   GST_REGISTRY gstregistrychunks.c:539:gst_registry_chunks_load_pad_template: Added pad_template src_%u
0:00:00.014825307  4414 0x55c3b444c360 LOG   GST_POLL gstpoll.c:994:gst_poll_fd_ctl_write: 0x55c3b4470970: pfd->events now 60 (POLLOUT:4)
0:00:00.019784641  4413 0x55d2ebafe360 DEBUG   GST_REGISTRY gstregistrychunks.c:525:gst_registry_chunks_load_pad_template: Reading/casting for GstRegistryChunkPadTemplate at address 0x55d2ebb24c48
0:00:00.014832089  4414 0x55c3b444c360 DEBUG   GST_POLL gstpoll.c:979:gst_poll_fd_ctl_write: 0x55c3b4470970: fd (fd:0, idx:1), active : 1
0:00:00.019790966  4413 0x55d2ebafe360 DEBUG   GST_REGISTRY gstregistrychunks.c:539:gst_registry_chunks_load_pad_template: Added pad_template sink
0:00:00.014838661  4414 0x55c3b444c360 LOG   GST_POLL gstpoll.c:994:gst_poll_fd_ctl_write: 0x55c3b4470970: pfd->events now 60 (POLLOUT:4)
0:00:00.019798945  4413 0x55d2ebafe360 DEBUG   GST_REGISTRY gstregistry.c:589:gst_registry_add_feature: adding feature 0x55d2ebb27180 (tee)
0:00:00.014845516  4414 0x55c3b444c360 DEBUG   GST_POLL gstpoll.c:979:gst_poll_fd_ctl_write: 0x55c3b4470970: fd (fd:0, idx:1), active : 1
0:00:00.019805694  4413 0x55d2ebafe360 DEBUG   GST_REFCOUNTING gstobject.c:708:gst_object_set_parent: set parent (ref and sink)
0:00:00.014852183  4414 0x55c3b444c360 LOG   GST_POLL gstpoll.c:994:gst_poll_fd_ctl_write: 0x55c3b4470970: pfd->events now 60 (POLLOUT:4)
0:00:00.019821682  4413 0x55d2ebafe360 TRACE   GST_REFCOUNTING gstobject.c:292:gst_object_ref_sink: 0x55d2ebb27180 ref_sink 1->2
0:00:00.014866352  4414 0x55c3b444c360 DEBUG   GST_POLL gstpoll.c:979:gst_poll_fd_ctl_write: 0x55c3b4470970: fd (fd:0, idx:1), active : 1
0:00:00.019829001  4413 0x55d2ebafe360 LOG   GST_REGISTRY gstregistry.c:607:gst_registry_add_feature: emitting feature-added for tee
0:00:00.014878137  4414 0x55c3b444c360 LOG   GST_POLL gstpoll.c:994:gst_poll_fd_ctl_write: 0x55c3b4470970: pfd->events now 60 (POLLOUT:4)
0:00:00.019837876  4413 0x55d2ebafe360 DEBUG   GST_REGISTRY gstregistrychunks.c:740:gst_registry_chunks_load_feature: Added feature tee, plugin 0x55d2ebb26250 coreelements
0:00:00.014884979  4414 0x55c3b444c360 DEBUG   GST_POLL gstpoll.c:979:gst_poll_fd_ctl_write: 0x55c3b4470970: fd (fd:0, idx:1), active : 1
0:00:00.019845019  4413 0x55d2ebafe360 DEBUG   GST_REGISTRY gstregistrychunks.c:582:gst_registry_chunks_load_feature: Plugin 'coreelements' feature 'filesink' typename : 'GstElementFactory'
0:00:00.014897462  4414 0x55c3b444c360 LOG   GST_POLL gstpoll.c:994:gst_poll_fd_ctl_write: 0x55c3b4470970: pfd->events now 60 (POLLOUT:4)
0:00:00.019858413  4413 0x55d2ebafe360 TRACE   GST_REFCOUNTING gstobject.c:208:gst_object_init: 0x55d2ebb276f0 new
0:00:00.014906132  4414 0x55c3b444c360 DEBUG   GST_POLL gstpoll.c:979:gst_poll_fd_ctl_write: 0x55c3b4470970: fd (fd:0, idx:1), active : 1
0:00:00.019867849  4413 0x55d2ebafe360 LOG   GST_REGISTRY gstregistrychunks.c:609:gst_registry_chunks_load_feature: Reading/casting for GstRegistryChunkElementFactory at address 0x55d2ebb24c78
0:00:00.014912739  4414 0x55c3b444c360 LOG   GST_POLL gstpoll.c:994:gst_poll_fd_ctl_write: 0x55c3b4470970: pfd->events now 60 (POLLOUT:4)
0:00:00.019874743  4413 0x55d2ebafe360 TRACE   structure gststructure.c:287:gst_structure_new_id_empty_with_size: created structure 0x55d2ebb279f0
0:00:00.014920231  4414 0x55c3b444c360 DEBUG   GST_POLL gstpoll.c:979:gst_poll_fd_ctl_write: 0x55c3b4470970: fd (fd:0, idx:1), active : 1
0:00:00.019881264  4413 0x55d2ebafe360 DEBUG   structure gststructure.c:2203:gst_structure_parse_field: trying field name 'long-name'
0:00:00.014926771  4414 0x55c3b444c360 LOG   GST_POLL gstpoll.c:994:gst_poll_fd_ctl_write: 0x55c3b4470970: pfd->events now 60 (POLLOUT:4)
0:00:00.019898594  4413 0x55d2ebafe360 DEBUG   default gstvalue.c:2676:_priv_gst_value_parse_value: trying type name 'string'
0:00:00.014944434  4414 0x55c3b444c360 DEBUG   GST_POLL gstpoll.c:979:gst_poll_fd_ctl_write: 0x55c3b4470970: fd (fd:0, idx:1), active : 1
0:00:00.014972710  4414 0x55c3b444c360 LOG   GST_POLL gstpoll.c:994:gst_poll_fd_ctl_write: 0x55c3b4470970: pfd->events now 60 (POLLOUT:4)
0:00:00.019928414  4413 0x55d2ebafe360 DEBUG   structure gststructure.c:2203:gst_structure_parse_field: trying field name 'klass'
0:00:00.014979377  4414 0x55c3b444c360 DEBUG   GST_POLL gstpoll.c:979:gst_poll_fd_ctl_write: 0x55c3b4470970: fd (fd:0, idx:1), active : 1
0:00:00.019940632  4413 0x55d2ebafe360 DEBUG   default gstvalue.c:2676:_priv_gst_value_parse_value: trying type name 'string'
0:00:00.014986063  4414 0x55c3b444c360 LOG   GST_POLL gstpoll.c:994:gst_poll_fd_ctl_write: 0x55c3b4470970: pfd->events now 60 (POLLOUT:4)
0:00:00.019951583  4413 0x55d2ebafe360 DEBUG   structure gststructure.c:2203:gst_structure_parse_field: trying field name 'description'
0:00:00.014995609  4414 0x55c3b444c360 DEBUG   GST_POLL gstpoll.c:979:gst_poll_fd_ctl_write: 0x55c3b4470970: fd (fd:0, idx:1), active : 1
0:00:00.019965788  4413 0x55d2ebafe360 DEBUG   default gstvalue.c:2676:_priv_gst_value_parse_value: trying type name 'string'
0:00:00.015010891  4414 0x55c3b444c360 LOG   GST_POLL gstpoll.c:994:gst_poll_fd_ctl_write: 0x55c3b4470970: pfd->events now 60 (POLLOUT:4)
0:00:00.019973751  4413 0x55d2ebafe360 DEBUG   structure gststructure.c:2203:gst_structure_parse_field: trying field name 'author'
0:00:00.015018714  4414 0x55c3b444c360 DEBUG   GST_POLL gstpoll.c:979:gst_poll_fd_ctl_write: 0x55c3b4470970: fd (fd:0, idx:1), active : 1
0:00:00.019980084  4413 0x55d2ebafe360 DEBUG   default gstvalue.c:2676:_priv_gst_value_parse_value: trying type name 'string'
0:00:00.015025969  4414 0x55c3b444c360 LOG   GST_POLL gstpoll.c:994:gst_poll_fd_ctl_write: 0x55c3b4470970: pfd->events now 60 (POLLOUT:4)
0:00:00.019988202  4413 0x55d2ebafe360 DEBUG   GST_REGISTRY gstregistrychunks.c:626:gst_registry_chunks_load_feature: Element factory : npadtemplates=1
0:00:00.015033036  4414 0x55c3b444c360 DEBUG   GST_POLL gstpoll.c:979:gst_poll_fd_ctl_write: 0x55c3b4470970: fd (fd:0, idx:1), active : 1
0:00:00.019994859  4413 0x55d2ebafe360 DEBUG   GST_REGISTRY gstregistrychunks.c:525:gst_registry_chunks_load_pad_template: Reading/casting for GstRegistryChunkPadTemplate at address 0x55d2ebb24d58
0:00:00.015040694  4414 0x55c3b444c360 LOG   GST_POLL gstpoll.c:994:gst_poll_fd_ctl_write: 0x55c3b4470970: pfd->events now 60 (POLLOUT:4)
0:00:00.020001547  4413 0x55d2ebafe360 DEBUG   GST_REGISTRY gstregistrychunks.c:539:gst_registry_chunks_load_pad_template: Added pad_template sink
0:00:00.015047668  4414 0x55c3b444c360 DEBUG   GST_POLL gstpoll.c:979:gst_poll_fd_ctl_write: 0x55c3b4470970: fd (fd:0, idx:1), active : 1
0:00:00.020008789  4413 0x55d2ebafe360 DEBUG   GST_REGISTRY gstregistrychunks.c:639:gst_registry_chunks_load_feature: Reading 1 UriTypes at address 0x55d2ebb24d69
0:00:00.015054412  4414 0x55c3b444c360 LOG   GST_POLL gstpoll.c:994:gst_poll_fd_ctl_write: 0x55c3b4470970: pfd->events now 60 (POLLOUT:4)
0:00:00.020016177  4413 0x55d2ebafe360 DEBUG   GST_REGISTRY gstregistrychunks.c:654:gst_registry_chunks_load_feature: Reading 1 Interfaces at address 0x55d2ebb24d79
0:00:00.015063413  4414 0x55c3b444c360 DEBUG   GST_POLL gstpoll.c:979:gst_poll_fd_ctl_write: 0x55c3b4470970: fd (fd:0, idx:1), active : 1
0:00:00.020025713  4413 0x55d2ebafe360 DEBUG   GST_REGISTRY gstregistry.c:589:gst_registry_add_feature: adding feature 0x55d2ebb276f0 (filesink)
0:00:00.015073915  4414 0x55c3b444c360 LOG   GST_POLL gstpoll.c:994:gst_poll_fd_ctl_write: 0x55c3b4470970: pfd->events now 60 (POLLOUT:4)
0:00:00.020032922  4413 0x55d2ebafe360 DEBUG   GST_REFCOUNTING gstobject.c:708:gst_object_set_parent: set parent (ref and sink)
0:00:00.020042739  4413 0x55d2ebafe360 TRACE   GST_REFCOUNTING gstobject.c:292:gst_object_ref_sink: 0x55d2ebb276f0 ref_sink 1->2
0:00:00.015086072  4414 0x55c3b444c360 DEBUG   GST_POLL gstpoll.c:979:gst_poll_fd_ctl_write: 0x55c3b4470970: fd (fd:0, idx:1), active : 1
0:00:00.020049580  4413 0x55d2ebafe360 LOG   GST_REGISTRY gstregistry.c:607:gst_registry_add_feature: emitting feature-added for filesink
0:00:00.020062648  4413 0x55d2ebafe360 DEBUG   GST_REGISTRY gstregistrychunks.c:740:gst_registry_chunks_load_feature: Added feature filesink, plugin 0x55d2ebb26250 coreelements
0:00:00.015103907  4414 0x55c3b444c360 LOG   GST_POLL gstpoll.c:994:gst_poll_fd_ctl_write: 0x55c3b4470970: pfd->events now 60 (POLLOUT:4)
0:00:00.020069514  4413 0x55d2ebafe360 DEBUG   GST_REGISTRY gstregistrychunks.c:582:gst_registry_chunks_load_feature: Plugin 'coreelements' feature 'queue2' typename : 'GstElementFactory'
0:00:00.015118313  4414 0x55c3b444c360 DEBUG   GST_POLL gstpoll.c:979:gst_poll_fd_ctl_write: 0x55c3b4470970: fd (fd:0, idx:1), active : 1
0:00:00.020078296  4413 0x55d2ebafe360 TRACE   GST_REFCOUNTING gstobject.c:208:gst_object_init: 0x55d2ebb27de0 new
0:00:00.015128614  4414 0x55c3b444c360 LOG   GST_POLL gstpoll.c:994:gst_poll_fd_ctl_write: 0x55c3b4470970: pfd->events now 60 (POLLOUT:4)
0:00:00.020088605  4413 0x55d2ebafe360 LOG   GST_REGISTRY gstregistrychunks.c:609:gst_registry_chunks_load_feature: Reading/casting for GstRegistryChunkElementFactory at address 0x55d2ebb24da0
0:00:00.015136181  4414 0x55c3b444c360 DEBUG   GST_POLL gstpoll.c:979:gst_poll_fd_ctl_write: 0x55c3b4470970: fd (fd:0, idx:1), active : 1
0:00:00.020099093  4413 0x55d2ebafe360 TRACE   structure gststructure.c:287:gst_structure_new_id_empty_with_size: created structure 0x55d2ebb27f60
0:00:00.015142749  4414 0x55c3b444c360 LOG   GST_POLL gstpoll.c:994:gst_poll_fd_ctl_write: 0x55c3b4470970: pfd->events now 60 (POLLOUT:4)
0:00:00.020105931  4413 0x55d2ebafe360 DEBUG   structure gststructure.c:2203:gst_structure_parse_field: trying field name 'long-name'
0:00:00.015151993  4414 0x55c3b444c360 DEBUG   GST_POLL gstpoll.c:979:gst_poll_fd_ctl_write: 0x55c3b4470970: fd (fd:0, idx:1), active : 1
0:00:00.020112177  4413 0x55d2ebafe360 DEBUG   default gstvalue.c:2676:_priv_gst_value_parse_value: trying type name 'string'
0:00:00.015158670  4414 0x55c3b444c360 LOG   GST_POLL gstpoll.c:994:gst_poll_fd_ctl_write: 0x55c3b4470970: pfd->events now 60 (POLLOUT:4)
0:00:00.020119311  4413 0x55d2ebafe360 DEBUG   structure gststructure.c:2203:gst_structure_parse_field: trying field name 'klass'
0:00:00.015165685  4414 0x55c3b444c360 DEBUG   GST_POLL gstpoll.c:979:gst_poll_fd_ctl_write: 0x55c3b4470970: fd (fd:0, idx:1), active : 1
0:00:00.020125651  4413 0x55d2ebafe360 DEBUG   default gstvalue.c:2676:_priv_gst_value_parse_value: trying type name 'string'
0:00:00.015172477  4414 0x55c3b444c360 LOG   GST_POLL gstpoll.c:994:gst_poll_fd_ctl_write: 0x55c3b4470970: pfd->events now 60 (POLLOUT:4)
0:00:00.020132682  4413 0x55d2ebafe360 DEBUG   structure gststructure.c:2203:gst_structure_parse_field: trying field name 'description'
0:00:00.015179371  4414 0x55c3b444c360 DEBUG   GST_POLL gstpoll.c:979:gst_poll_fd_ctl_write: 0x55c3b4470970: fd (fd:0, idx:1), active : 1
0:00:00.020139145  4413 0x55d2ebafe360 DEBUG   default gstvalue.c:2676:_priv_gst_value_parse_value: trying type name 'string'
0:00:00.015186092  4414 0x55c3b444c360 LOG   GST_POLL gstpoll.c:994:gst_poll_fd_ctl_write: 0x55c3b4470970: pfd->events now 60 (POLLOUT:4)
0:00:00.020151048  4413 0x55d2ebafe360 DEBUG   structure gststructure.c:2203:gst_structure_parse_field: trying field name 'author'
0:00:00.015196174  4414 0x55c3b444c360 DEBUG   GST_POLL gstpoll.c:979:gst_poll_fd_ctl_write: 0x55c3b4470970: fd (fd:0, idx:1), active : 1
0:00:00.020157603  4413 0x55d2ebafe360 DEBUG   default gstvalue.c:2676:_priv_gst_value_parse_value: trying type name 'string'
0:00:00.015203419  4414 0x55c3b444c360 LOG   GST_POLL gstpoll.c:994:gst_poll_fd_ctl_write: 0x55c3b4470970: pfd->events now 60 (POLLOUT:4)
0:00:00.020166046  4413 0x55d2ebafe360 DEBUG   GST_REGISTRY gstregistrychunks.c:626:gst_registry_chunks_load_feature: Element factory : npadtemplates=2
0:00:00.015210390  4414 0x55c3b444c360 DEBUG   GST_POLL gstpoll.c:979:gst_poll_fd_ctl_write: 0x55c3b4470970: fd (fd:0, idx:1), active : 1
0:00:00.020172802  4413 0x55d2ebafe360 DEBUG   GST_REGISTRY gstregistrychunks.c:525:gst_registry_chunks_load_pad_template: Reading/casting for GstRegistryChunkPadTemplate at address 0x55d2ebb24e90
0:00:00.015218712  4414 0x55c3b444c360 LOG   GST_POLL gstpoll.c:994:gst_poll_fd_ctl_write: 0x55c3b4470970: pfd->events now 60 (POLLOUT:4)
0:00:00.020179488  4413 0x55d2ebafe360 DEBUG   GST_REGISTRY gstregistrychunks.c:539:gst_registry_chunks_load_pad_template: Added pad_template sink
0:00:00.015225767  4414 0x55c3b444c360 DEBUG   GST_POLL gstpoll.c:979:gst_poll_fd_ctl_write: 0x55c3b4470970: fd (fd:0, idx:1), active : 1
0:00:00.020185877  4413 0x55d2ebafe360 DEBUG   GST_REGISTRY gstregistrychunks.c:525:gst_registry_chunks_load_pad_template: Reading/casting for GstRegistryChunkPadTemplate at address 0x55d2ebb24ea8
0:00:00.015232441  4414 0x55c3b444c360 LOG   GST_POLL gstpoll.c:994:gst_poll_fd_ctl_write: 0x55c3b4470970: pfd->events now 60 (POLLOUT:4)
0:00:00.020192520  4413 0x55d2ebafe360 DEBUG   GST_REGISTRY gstregistrychunks.c:539:gst_registry_chunks_load_pad_template: Added pad_template src
0:00:00.015239505  4414 0x55c3b444c360 DEBUG   GST_POLL gstpoll.c:979:gst_poll_fd_ctl_write: 0x55c3b4470970: fd (fd:0, idx:1), active : 1
0:00:00.020200705  4413 0x55d2ebafe360 DEBUG   GST_REGISTRY gstregistry.c:589:gst_registry_add_feature: adding feature 0x55d2ebb27de0 (queue2)
0:00:00.015246266  4414 0x55c3b444c360 LOG   GST_POLL gstpoll.c:994:gst_poll_fd_ctl_write: 0x55c3b4470970: pfd->events now 60 (POLLOUT:4)
0:00:00.020207404  4413 0x55d2ebafe360 DEBUG   GST_REFCOUNTING gstobject.c:708:gst_object_set_parent: set parent (ref and sink)
0:00:00.015253293  4414 0x55c3b444c360 DEBUG   GST_POLL gstpoll.c:979:gst_poll_fd_ctl_write: 0x55c3b4470970: fd (fd:0, idx:1), active : 1
0:00:00.020215388  4413 0x55d2ebafe360 TRACE   GST_REFCOUNTING gstobject.c:292:gst_object_ref_sink: 0x55d2ebb27de0 ref_sink 1->2
0:00:00.015260087  4414 0x55c3b444c360 LOG   GST_POLL gstpoll.c:994:gst_poll_fd_ctl_write: 0x55c3b4470970: pfd->events now 60 (POLLOUT:4)
0:00:00.020222768  4413 0x55d2ebafe360 LOG   GST_REGISTRY gstregistry.c:607:gst_registry_add_feature: emitting feature-added for queue2
0:00:00.015268451  4414 0x55c3b444c360 DEBUG   GST_POLL gstpoll.c:979:gst_poll_fd_ctl_write: 0x55c3b4470970: fd (fd:0, idx:1), active : 1
0:00:00.020234545  4413 0x55d2ebafe360 DEBUG   GST_REGISTRY gstregistrychunks.c:740:gst_registry_chunks_load_feature: Added feature queue2, plugin 0x55d2ebb26250 coreelements
0:00:00.015279380  4414 0x55c3b444c360 LOG   GST_POLL gstpoll.c:994:gst_poll_fd_ctl_write: 0x55c3b4470970: pfd->events now 60 (POLLOUT:4)
0:00:00.020242061  4413 0x55d2ebafe360 DEBUG   GST_REGISTRY gstregistrychunks.c:582:gst_registry_chunks_load_feature: Plugin 'coreelements' feature 'queue' typename : 'GstElementFactory'
0:00:00.015287614  4414 0x55c3b444c360 DEBUG   GST_POLL gstpoll.c:979:gst_poll_fd_ctl_write: 0x55c3b4470970: fd (fd:0, idx:1), active : 1
0:00:00.020250377  4413 0x55d2ebafe360 TRACE   GST_REFCOUNTING gstobject.c:208:gst_object_init: 0x55d2ebb282d0 new
0:00:00.015294314  4414 0x55c3b444c360 LOG   GST_POLL gstpoll.c:994:gst_poll_fd_ctl_write: 0x55c3b4470970: pfd->events now 60 (POLLOUT:4)
0:00:00.020259185  4413 0x55d2ebafe360 LOG   GST_REGISTRY gstregistrychunks.c:609:gst_registry_chunks_load_feature: Reading/casting for GstRegistryChunkElementFactory at address 0x55d2ebb24ed0
0:00:00.015303436  4414 0x55c3b444c360 DEBUG   GST_POLL gstpoll.c:979:gst_poll_fd_ctl_write: 0x55c3b4470970: fd (fd:0, idx:1), active : 1
0:00:00.020266351  4413 0x55d2ebafe360 TRACE   structure gststructure.c:287:gst_structure_new_id_empty_with_size: created structure 0x55d2ebb28620
0:00:00.015311706  4414 0x55c3b444c360 LOG   GST_POLL gstpoll.c:994:gst_poll_fd_ctl_write: 0x55c3b4470970: pfd->events now 60 (POLLOUT:4)
0:00:00.020273238  4413 0x55d2ebafe360 DEBUG   structure gststructure.c:2203:gst_structure_parse_field: trying field name 'long-name'
0:00:00.015319042  4414 0x55c3b444c360 DEBUG   GST_POLL gstpoll.c:979:gst_poll_fd_ctl_write: 0x55c3b4470970: fd (fd:0, idx:1), active : 1
0:00:00.020279619  4413 0x55d2ebafe360 DEBUG   default gstvalue.c:2676:_priv_gst_value_parse_value: trying type name 'string'
0:00:00.015325710  4414 0x55c3b444c360 LOG   GST_POLL gstpoll.c:994:gst_poll_fd_ctl_write: 0x55c3b4470970: pfd->events now 60 (POLLOUT:4)
0:00:00.020286888  4413 0x55d2ebafe360 DEBUG   structure gststructure.c:2203:gst_structure_parse_field: trying field name 'klass'
0:00:00.015332690  4414 0x55c3b444c360 DEBUG   GST_POLL gstpoll.c:979:gst_poll_fd_ctl_write: 0x55c3b4470970: fd (fd:0, idx:1), active : 1
0:00:00.020293283  4413 0x55d2ebafe360 DEBUG   default gstvalue.c:2676:_priv_gst_value_parse_value: trying type name 'string'
0:00:00.015339515  4414 0x55c3b444c360 LOG   GST_POLL gstpoll.c:994:gst_poll_fd_ctl_write: 0x55c3b4470970: pfd->events now 60 (POLLOUT:4)
0:00:00.020300212  4413 0x55d2ebafe360 DEBUG   structure gststructure.c:2203:gst_structure_parse_field: trying field name 'description'
0:00:00.015346496  4414 0x55c3b444c360 DEBUG   GST_POLL gstpoll.c:979:gst_poll_fd_ctl_write: 0x55c3b4470970: fd (fd:0, idx:1), active : 1
0:00:00.020306767  4413 0x55d2ebafe360 DEBUG   default gstvalue.c:2676:_priv_gst_value_parse_value: trying type name 'string'
0:00:00.015353417  4414 0x55c3b444c360 LOG   GST_POLL gstpoll.c:994:gst_poll_fd_ctl_write: 0x55c3b4470970: pfd->events now 60 (POLLOUT:4)
0:00:00.020318852  4413 0x55d2ebafe360 DEBUG   structure gststructure.c:2203:gst_structure_parse_field: trying field name 'author'
0:00:00.015364207  4414 0x55c3b444c360 DEBUG   GST_POLL gstpoll.c:979:gst_poll_fd_ctl_write: 0x55c3b4470970: fd (fd:0, idx:1), active : 1
0:00:00.020325665  4413 0x55d2ebafe360 DEBUG   default gstvalue.c:2676:_priv_gst_value_parse_value: trying type name 'string'
0:00:00.015371408  4414 0x55c3b444c360 LOG   GST_POLL gstpoll.c:994:gst_poll_fd_ctl_write: 0x55c3b4470970: pfd->events now 60 (POLLOUT:4)
0:00:00.020333210  4413 0x55d2ebafe360 DEBUG   GST_REGISTRY gstregistrychunks.c:626:gst_registry_chunks_load_feature: Element factory : npadtemplates=2
0:00:00.015378600  4414 0x55c3b444c360 DEBUG   GST_POLL gstpoll.c:979:gst_poll_fd_ctl_write: 0x55c3b4470970: fd (fd:0, idx:1), active : 1
0:00:00.020339888  4413 0x55d2ebafe360 DEBUG   GST_REGISTRY gstregistrychunks.c:525:gst_registry_chunks_load_pad_template: Reading/casting for GstRegistryChunkPadTemplate at address 0x55d2ebb24f88
0:00:00.015385626  4414 0x55c3b444c360 LOG   GST_POLL gstpoll.c:994:gst_poll_fd_ctl_write: 0x55c3b4470970: pfd->events now 60 (POLLOUT:4)
0:00:00.020346594  4413 0x55d2ebafe360 DEBUG   GST_REGISTRY gstregistrychunks.c:539:gst_registry_chunks_load_pad_template: Added pad_template sink
0:00:00.015392678  4414 0x55c3b444c360 DEBUG   GST_POLL gstpoll.c:979:gst_poll_fd_ctl_write: 0x55c3b4470970: fd (fd:0, idx:1), active : 1
0:00:00.020353045  4413 0x55d2ebafe360 DEBUG   GST_REGISTRY gstregistrychunks.c:525:gst_registry_chunks_load_pad_template: Reading/casting for GstRegistryChunkPadTemplate at address 0x55d2ebb24fa0
0:00:00.015399476  4414 0x55c3b444c360 LOG   GST_POLL gstpoll.c:994:gst_poll_fd_ctl_write: 0x55c3b4470970: pfd->events now 60 (POLLOUT:4)
0:00:00.020359763  4413 0x55d2ebafe360 DEBUG   GST_REGISTRY gstregistrychunks.c:539:gst_registry_chunks_load_pad_template: Added pad_template src
0:00:00.015406502  4414 0x55c3b444c360 DEBUG   GST_POLL gstpoll.c:979:gst_poll_fd_ctl_write: 0x55c3b4470970: fd (fd:0, idx:1), active : 1
0:00:00.020367883  4413 0x55d2ebafe360 DEBUG   GST_REGISTRY gstregistry.c:589:gst_registry_add_feature: adding feature 0x55d2ebb282d0 (queue)
0:00:00.015413252  4414 0x55c3b444c360 LOG   GST_POLL gstpoll.c:994:gst_poll_fd_ctl_write: 0x55c3b4470970: pfd->events now 60 (POLLOUT:4)
0:00:00.020374634  4413 0x55d2ebafe360 DEBUG   GST_REFCOUNTING gstobject.c:708:gst_object_set_parent: set parent (ref and sink)
0:00:00.015420495  4414 0x55c3b444c360 DEBUG   GST_POLL gstpoll.c:979:gst_poll_fd_ctl_write: 0x55c3b4470970: fd (fd:0, idx:1), active : 1
0:00:00.020382935  4413 0x55d2ebafe360 TRACE   GST_REFCOUNTING gstobject.c:292:gst_object_ref_sink: 0x55d2ebb282d0 ref_sink 1->2
0:00:00.015427713  4414 0x55c3b444c360 LOG   GST_POLL gstpoll.c:994:gst_poll_fd_ctl_write: 0x55c3b4470970: pfd->events now 60 (POLLOUT:4)
0:00:00.020390531  4413 0x55d2ebafe360 LOG   GST_REGISTRY gstregistry.c:607:gst_registry_add_feature: emitting feature-added for queue
0:00:00.015436074  4414 0x55c3b444c360 DEBUG   GST_POLL gstpoll.c:979:gst_poll_fd_ctl_write: 0x55c3b4470970: fd (fd:0, idx:1), active : 1
0:00:00.020402261  4413 0x55d2ebafe360 DEBUG   GST_REGISTRY gstregistrychunks.c:740:gst_registry_chunks_load_feature: Added feature queue, plugin 0x55d2ebb26250 coreelements
0:00:00.015446972  4414 0x55c3b444c360 LOG   GST_POLL gstpoll.c:994:gst_poll_fd_ctl_write: 0x55c3b4470970: pfd->events now 60 (POLLOUT:4)
0:00:00.020409860  4413 0x55d2ebafe360 DEBUG   GST_REGISTRY gstregistrychunks.c:582:gst_registry_chunks_load_feature: Plugin 'coreelements' feature 'output-selector' typename : 'GstElementFactory'
0:00:00.015455077  4414 0x55c3b444c360 DEBUG   GST_POLL gstpoll.c:979:gst_poll_fd_ctl_write: 0x55c3b4470970: fd (fd:0, idx:1), active : 1
0:00:00.015462053  4414 0x55c3b444c360 LOG   GST_POLL gstpoll.c:994:gst_poll_fd_ctl_write: 0x55c3b4470970: pfd->events now 60 (POLLOUT:4)
0:00:00.020418248  4413 0x55d2ebafe360 TRACE   GST_REFCOUNTING gstobject.c:208:gst_object_init: 0x55d2ebb28a50 new
0:00:00.015468672  4414 0x55c3b444c360 DEBUG   GST_POLL gstpoll.c:979:gst_poll_fd_ctl_write: 0x55c3b4470970: fd (fd:0, idx:1), active : 1
0:00:00.020428818  4413 0x55d2ebafe360 LOG   GST_REGISTRY gstregistrychunks.c:609:gst_registry_chunks_load_feature: Reading/casting for GstRegistryChunkElementFactory at address 0x55d2ebb24fd8
0:00:00.015475359  4414 0x55c3b444c360 LOG   GST_POLL gstpoll.c:994:gst_poll_fd_ctl_write: 0x55c3b4470970: pfd->events now 60 (POLLOUT:4)
0:00:00.020436014  4413 0x55d2ebafe360 TRACE   structure gststructure.c:287:gst_structure_new_id_empty_with_size: created structure 0x55d2ebb28d50
0:00:00.015482338  4414 0x55c3b444c360 DEBUG   GST_POLL gstpoll.c:979:gst_poll_fd_ctl_write: 0x55c3b4470970: fd (fd:0, idx:1), active : 1
0:00:00.020442618  4413 0x55d2ebafe360 DEBUG   structure gststructure.c:2203:gst_structure_parse_field: trying field name 'long-name'
0:00:00.015489097  4414 0x55c3b444c360 LOG   GST_POLL gstpoll.c:994:gst_poll_fd_ctl_write: 0x55c3b4470970: pfd->events now 60 (POLLOUT:4)
0:00:00.020449000  4413 0x55d2ebafe360 DEBUG   default gstvalue.c:2676:_priv_gst_value_parse_value: trying type name 'string'
0:00:00.015495994  4414 0x55c3b444c360 DEBUG   GST_POLL gstpoll.c:979:gst_poll_fd_ctl_write: 0x55c3b4470970: fd (fd:0, idx:1), active : 1
0:00:00.020456459  4413 0x55d2ebafe360 DEBUG   structure gststructure.c:2203:gst_structure_parse_field: trying field name 'klass'
0:00:00.015502853  4414 0x55c3b444c360 LOG   GST_POLL gstpoll.c:994:gst_poll_fd_ctl_write: 0x55c3b4470970: pfd->events now 60 (POLLOUT:4)
0:00:00.020463036  4413 0x55d2ebafe360 DEBUG   default gstvalue.c:2676:_priv_gst_value_parse_value: trying type name 'string'
0:00:00.015509976  4414 0x55c3b444c360 DEBUG   GST_POLL gstpoll.c:979:gst_poll_fd_ctl_write: 0x55c3b4470970: fd (fd:0, idx:1), active : 1
0:00:00.020470209  4413 0x55d2ebafe360 DEBUG   structure gststructure.c:2203:gst_structure_parse_field: trying field name 'description'
0:00:00.015516767  4414 0x55c3b444c360 LOG   GST_POLL gstpoll.c:994:gst_poll_fd_ctl_write: 0x55c3b4470970: pfd->events now 60 (POLLOUT:4)
0:00:00.020476616  4413 0x55d2ebafe360 DEBUG   default gstvalue.c:2676:_priv_gst_value_parse_value: trying type name 'string'
0:00:00.015528445  4414 0x55c3b444c360 DEBUG   GST_POLL gstpoll.c:979:gst_poll_fd_ctl_write: 0x55c3b4470970: fd (fd:0, idx:1), active : 1
0:00:00.020487939  4413 0x55d2ebafe360 DEBUG   structure gststructure.c:2203:gst_structure_parse_field: trying field name 'author'
0:00:00.015535355  4414 0x55c3b444c360 LOG   GST_POLL gstpoll.c:994:gst_poll_fd_ctl_write: 0x55c3b4470970: pfd->events now 60 (POLLOUT:4)
0:00:00.020497330  4413 0x55d2ebafe360 DEBUG   default gstvalue.c:2676:_priv_gst_value_parse_value: trying type name 'string'
0:00:00.015542550  4414 0x55c3b444c360 DEBUG   GST_POLL gstpoll.c:979:gst_poll_fd_ctl_write: 0x55c3b4470970: fd (fd:0, idx:1), active : 1
0:00:00.020505291  4413 0x55d2ebafe360 DEBUG   GST_REGISTRY gstregistrychunks.c:626:gst_registry_chunks_load_feature: Element factory : npadtemplates=2
0:00:00.015550043  4414 0x55c3b444c360 LOG   GST_POLL gstpoll.c:994:gst_poll_fd_ctl_write: 0x55c3b4470970: pfd->events now 60 (POLLOUT:4)
0:00:00.020511900  4413 0x55d2ebafe360 DEBUG   GST_REGISTRY gstregistrychunks.c:525:gst_registry_chunks_load_pad_template: Reading/casting for GstRegistryChunkPadTemplate at address 0x55d2ebb250b0
0:00:00.015558074  4414 0x55c3b444c360 DEBUG   GST_POLL gstpoll.c:979:gst_poll_fd_ctl_write: 0x55c3b4470970: fd (fd:0, idx:1), active : 1
0:00:00.020518689  4413 0x55d2ebafe360 DEBUG   GST_REGISTRY gstregistrychunks.c:539:gst_registry_chunks_load_pad_template: Added pad_template src_%u
0:00:00.015564987  4414 0x55c3b444c360 LOG   GST_POLL gstpoll.c:994:gst_poll_fd_ctl_write: 0x55c3b4470970: pfd->events now 60 (POLLOUT:4)
0:00:00.020525009  4413 0x55d2ebafe360 DEBUG   GST_REGISTRY gstregistrychunks.c:525:gst_registry_chunks_load_pad_template: Reading/casting for GstRegistryChunkPadTemplate at address 0x55d2ebb250c8
0:00:00.015571975  4414 0x55c3b444c360 DEBUG   GST_POLL gstpoll.c:979:gst_poll_fd_ctl_write: 0x55c3b4470970: fd (fd:0, idx:1), active : 1
0:00:00.020531383  4413 0x55d2ebafe360 DEBUG   GST_REGISTRY gstregistrychunks.c:539:gst_registry_chunks_load_pad_template: Added pad_template sink
0:00:00.015578721  4414 0x55c3b444c360 LOG   GST_POLL gstpoll.c:994:gst_poll_fd_ctl_write: 0x55c3b4470970: pfd->events now 60 (POLLOUT:4)
0:00:00.020539437  4413 0x55d2ebafe360 DEBUG   GST_REGISTRY gstregistry.c:589:gst_registry_add_feature: adding feature 0x55d2ebb28a50 (output-selector)
0:00:00.015585692  4414 0x55c3b444c360 DEBUG   GST_POLL gstpoll.c:979:gst_poll_fd_ctl_write: 0x55c3b4470970: fd (fd:0, idx:1), active : 1
0:00:00.020548570  4413 0x55d2ebafe360 DEBUG   GST_REFCOUNTING gstobject.c:708:gst_object_set_parent: set parent (ref and sink)
0:00:00.015592527  4414 0x55c3b444c360 LOG   GST_POLL gstpoll.c:994:gst_poll_fd_ctl_write: 0x55c3b4470970: pfd->events now 60 (POLLOUT:4)
0:00:00.020556759  4413 0x55d2ebafe360 TRACE   GST_REFCOUNTING gstobject.c:292:gst_object_ref_sink: 0x55d2ebb28a50 ref_sink 1->2
0:00:00.015601764  4414 0x55c3b444c360 DEBUG   GST_POLL gstpoll.c:979:gst_poll_fd_ctl_write: 0x55c3b4470970: fd (fd:0, idx:1), active : 1
0:00:00.020572215  4413 0x55d2ebafe360 LOG   GST_REGISTRY gstregistry.c:607:gst_registry_add_feature: emitting feature-added for output-selector
0:00:00.015617576  4414 0x55c3b444c360 LOG   GST_POLL gstpoll.c:994:gst_poll_fd_ctl_write: 0x55c3b4470970: pfd->events now 60 (POLLOUT:4)
0:00:00.020580240  4413 0x55d2ebafe360 DEBUG   GST_REGISTRY gstregistrychunks.c:740:gst_registry_chunks_load_feature: Added feature output-selector, plugin 0x55d2ebb26250 coreelements
0:00:00.015625177  4414 0x55c3b444c360 DEBUG   GST_POLL gstpoll.c:979:gst_poll_fd_ctl_write: 0x55c3b4470970: fd (fd:0, idx:1), active : 1
0:00:00.020587489  4413 0x55d2ebafe360 DEBUG   GST_REGISTRY gstregistrychunks.c:582:gst_registry_chunks_load_feature: Plugin 'coreelements' feature 'input-selector' typename : 'GstElementFactory'
0:00:00.015632564  4414 0x55c3b444c360 LOG   GST_POLL gstpoll.c:994:gst_poll_fd_ctl_write: 0x55c3b4470970: pfd->events now 60 (POLLOUT:4)
0:00:00.020595404  4413 0x55d2ebafe360 TRACE   GST_REFCOUNTING gstobject.c:208:gst_object_init: 0x55d2ebb29410 new
0:00:00.015640013  4414 0x55c3b444c360 DEBUG   GST_POLL gstpoll.c:979:gst_poll_fd_ctl_write: 0x55c3b4470970: fd (fd:0, idx:1), active : 1
