0:00:00.018590247  4445 0xc03390 DEBUG   GST_REGISTRY gstregistrychunks.c:741:gst_registry_chunks_load_feature: Added feature filesrc, plugin 0xc1d070 coreelements
0:00:00.014565095  4446 0xc47320 DEBUG   GST_POLL gstpoll.c:980:gst_poll_fd_ctl_write: 0xc4f810: fd (fd:0, idx:1), active : 1
0:00:00.018597015  4445 0xc03390 DEBUG   GST_REGISTRY gstregistrychunks.c:583:gst_registry_chunks_load_feature: Plugin 'coreelements' feature 'fdsink' typename : 'GstElementFactory'
0:00:00.014571132  4446 0xc47320 LOG   GST_POLL gstpoll.c:994:gst_poll_fd_ctl_write: 0xc4f810: pfd->events now 60 (POLLOUT:4)
0:00:00.018604189  4445 0xc03390 TRACE   GST_REFCOUNTING gstobject.c:208:gst_object_init: 0xc234a0 new
0:00:00.014578441  4446 0xc47320 DEBUG   GST_POLL gstpoll.c:980:gst_poll_fd_ctl_write: 0xc4f810: fd (fd:0, idx:1), active : 1
0:00:00.018611660  4445 0xc03390 LOG   GST_REGISTRY gstregistrychunks.c:610:gst_registry_chunks_load_feature: Reading/casting for GstRegistryChunkElementFactory at address 0xc1f9e0
0:00:00.014585582  4446 0xc47320 LOG   GST_POLL gstpoll.c:994:gst_poll_fd_ctl_write: 0xc4f810: pfd->events now 60 (POLLOUT:4)
0:00:00.018618113  4445 0xc03390 TRACE   structure gststructure.c:287:gst_structure_new_id_empty_with_size: created structure 0xc23590
0:00:00.014593066  4446 0xc47320 DEBUG   GST_POLL gstpoll.c:980:gst_poll_fd_ctl_write: 0xc4f810: fd (fd:0, idx:1), active : 1
0:00:00.018624314  4445 0xc03390 DEBUG   structure gststructure.c:2203:gst_structure_parse_field: trying field name 'long-name'
0:00:00.014599121  4446 0xc47320 LOG   GST_POLL gstpoll.c:994:gst_poll_fd_ctl_write: 0xc4f810: pfd->events now 60 (POLLOUT:4)
0:00:00.018630162  4445 0xc03390 DEBUG   default gstvalue.c:2676:_priv_gst_value_parse_value: trying type name 'string'
0:00:00.014605546  4446 0xc47320 DEBUG   GST_POLL gstpoll.c:980:gst_poll_fd_ctl_write: 0xc4f810: fd (fd:0, idx:1), active : 1
0:00:00.018636521  4445 0xc03390 DEBUG   structure gststructure.c:2203:gst_structure_parse_field: trying field name 'klass'
0:00:00.014615535  4446 0xc47320 LOG   GST_POLL gstpoll.c:994:gst_poll_fd_ctl_write: 0xc4f810: pfd->events now 60 (POLLOUT:4)
0:00:00.018644890  4445 0xc03390 DEBUG   default gstvalue.c:2676:_priv_gst_value_parse_value: trying type name 'string'
0:00:00.014622229  4446 0xc47320 DEBUG   GST_POLL gstpoll.c:980:gst_poll_fd_ctl_write: 0xc4f810: fd (fd:0, idx:1), active : 1
0:00:00.018651908  4445 0xc03390 DEBUG   structure gststructure.c:2203:gst_structure_parse_field: trying field name 'description'
0:00:00.014628363  4446 0xc47320 LOG   GST_POLL gstpoll.c:994:gst_poll_fd_ctl_write: 0xc4f810: pfd->events now 60 (POLLOUT:4)
0:00:00.018657674  4445 0xc03390 DEBUG   default gstvalue.c:2676:_priv_gst_value_parse_value: trying type name 'string'
0:00:00.014634764  4446 0xc47320 DEBUG   GST_POLL gstpoll.c:980:gst_poll_fd_ctl_write: 0xc4f810: fd (fd:0, idx:1), active : 1
0:00:00.018664579  4445 0xc03390 DEBUG   structure gststructure.c:2203:gst_structure_parse_field: trying field name 'author'
0:00:00.014641306  4446 0xc47320 LOG   GST_POLL gstpoll.c:994:gst_poll_fd_ctl_write: 0xc4f810: pfd->events now 60 (POLLOUT:4)
0:00:00.018670695  4445 0xc03390 DEBUG   default gstvalue.c:2676:_priv_gst_value_parse_value: trying type name 'string'
0:00:00.014647785  4446 0xc47320 DEBUG   GST_POLL gstpoll.c:980:gst_poll_fd_ctl_write: 0xc4f810: fd (fd:0, idx:1), active : 1
0:00:00.018678040  4445 0xc03390 DEBUG   GST_REGISTRY gstregistrychunks.c:626:gst_registry_chunks_load_feature: Element factory : npadtemplates=1
0:00:00.014653911  4446 0xc47320 LOG   GST_POLL gstpoll.c:994:gst_poll_fd_ctl_write: 0xc4f810: pfd->events now 60 (POLLOUT:4)
0:00:00.018684031  4445 0xc03390 DEBUG   GST_REGISTRY gstregistrychunks.c:526:gst_registry_chunks_load_pad_template: Reading/casting for GstRegistryChunkPadTemplate at address 0xc1fac0
0:00:00.014660461  4446 0xc47320 DEBUG   GST_POLL gstpoll.c:980:gst_poll_fd_ctl_write: 0xc4f810: fd (fd:0, idx:1), active : 1
0:00:00.018689992  4445 0xc03390 DEBUG   GST_REGISTRY gstregistrychunks.c:539:gst_registry_chunks_load_pad_template: Added pad_template sink
0:00:00.014666526  4446 0xc47320 LOG   GST_POLL gstpoll.c:994:gst_poll_fd_ctl_write: 0xc4f810: pfd->events now 60 (POLLOUT:4)
0:00:00.018696460  4445 0xc03390 DEBUG   GST_REGISTRY gstregistrychunks.c:639:gst_registry_chunks_load_feature: Reading 1 UriTypes at address 0xc1fad1
0:00:00.014672821  4446 0xc47320 DEBUG   GST_POLL gstpoll.c:980:gst_poll_fd_ctl_write: 0xc4f810: fd (fd:0, idx:1), active : 1
0:00:00.018703316  4445 0xc03390 DEBUG   GST_REGISTRY gstregistrychunks.c:654:gst_registry_chunks_load_feature: Reading 1 Interfaces at address 0xc1fadf
0:00:00.014678970  4446 0xc47320 LOG   GST_POLL gstpoll.c:994:gst_poll_fd_ctl_write: 0xc4f810: pfd->events now 60 (POLLOUT:4)
0:00:00.018710948  4445 0xc03390 DEBUG   GST_REGISTRY gstregistry.c:590:gst_registry_add_feature: adding feature 0xc234a0 (fdsink)
0:00:00.014685353  4446 0xc47320 DEBUG   GST_POLL gstpoll.c:980:gst_poll_fd_ctl_write: 0xc4f810: fd (fd:0, idx:1), active : 1
0:00:00.018721692  4445 0xc03390 DEBUG   GST_REFCOUNTING gstobject.c:709:gst_object_set_parent: set parent (ref and sink)
0:00:00.014696826  4446 0xc47320 LOG   GST_POLL gstpoll.c:994:gst_poll_fd_ctl_write: 0xc4f810: pfd->events now 60 (POLLOUT:4)
0:00:00.018729322  4445 0xc03390 TRACE   GST_REFCOUNTING gstobject.c:294:gst_object_ref_sink: 0xc234a0 ref_sink 1->2
0:00:00.014703707  4446 0xc47320 DEBUG   GST_POLL gstpoll.c:980:gst_poll_fd_ctl_write: 0xc4f810: fd (fd:0, idx:1), active : 1
0:00:00.018736469  4445 0xc03390 LOG   GST_REGISTRY gstregistry.c:608:gst_registry_add_feature: emitting feature-added for fdsink
0:00:00.014711278  4446 0xc47320 LOG   GST_POLL gstpoll.c:994:gst_poll_fd_ctl_write: 0xc4f810: pfd->events now 60 (POLLOUT:4)
0:00:00.018743687  4445 0xc03390 DEBUG   GST_REGISTRY gstregistrychunks.c:741:gst_registry_chunks_load_feature: Added feature fdsink, plugin 0xc1d070 coreelements
0:00:00.014718300  4446 0xc47320 DEBUG   GST_POLL gstpoll.c:980:gst_poll_fd_ctl_write: 0xc4f810: fd (fd:0, idx:1), active : 1
0:00:00.018750757  4445 0xc03390 DEBUG   GST_REGISTRY gstregistrychunks.c:583:gst_registry_chunks_load_feature: Plugin 'coreelements' feature 'fdsrc' typename : 'GstElementFactory'
0:00:00.014725024  4446 0xc47320 LOG   GST_POLL gstpoll.c:994:gst_poll_fd_ctl_write: 0xc4f810: pfd->events now 60 (POLLOUT:4)
0:00:00.018758600  4445 0xc03390 TRACE   GST_REFCOUNTING gstobject.c:208:gst_object_init: 0xc233b0 new
0:00:00.014732579  4446 0xc47320 DEBUG   GST_POLL gstpoll.c:980:gst_poll_fd_ctl_write: 0xc4f810: fd (fd:0, idx:1), active : 1
0:00:00.018766170  4445 0xc03390 LOG   GST_REGISTRY gstregistrychunks.c:610:gst_registry_chunks_load_feature: Reading/casting for GstRegistryChunkElementFactory at address 0xc1fb08
0:00:00.014740390  4446 0xc47320 LOG   GST_POLL gstpoll.c:994:gst_poll_fd_ctl_write: 0xc4f810: pfd->events now 60 (POLLOUT:4)
0:00:00.018772574  4445 0xc03390 TRACE   structure gststructure.c:287:gst_structure_new_id_empty_with_size: created structure 0xc23a70
0:00:00.014747804  4446 0xc47320 DEBUG   GST_POLL gstpoll.c:980:gst_poll_fd_ctl_write: 0xc4f810: fd (fd:0, idx:1), active : 1
0:00:00.018778590  4445 0xc03390 DEBUG   structure gststructure.c:2203:gst_structure_parse_field: trying field name 'long-name'
0:00:00.014753838  4446 0xc47320 LOG   GST_POLL gstpoll.c:994:gst_poll_fd_ctl_write: 0xc4f810: pfd->events now 60 (POLLOUT:4)
0:00:00.018784343  4445 0xc03390 DEBUG   default gstvalue.c:2676:_priv_gst_value_parse_value: trying type name 'string'
0:00:00.014760188  4446 0xc47320 DEBUG   GST_POLL gstpoll.c:980:gst_poll_fd_ctl_write: 0xc4f810: fd (fd:0, idx:1), active : 1
0:00:00.018790588  4445 0xc03390 DEBUG   structure gststructure.c:2203:gst_structure_parse_field: trying field name 'klass'
0:00:00.014766308  4446 0xc47320 LOG   GST_POLL gstpoll.c:994:gst_poll_fd_ctl_write: 0xc4f810: pfd->events now 60 (POLLOUT:4)
0:00:00.018800643  4445 0xc03390 DEBUG   default gstvalue.c:2676:_priv_gst_value_parse_value: trying type name 'string'
0:00:00.014776318  4446 0xc47320 DEBUG   GST_POLL gstpoll.c:980:gst_poll_fd_ctl_write: 0xc4f810: fd (fd:0, idx:1), active : 1
0:00:00.018806857  4445 0xc03390 DEBUG   structure gststructure.c:2203:gst_structure_parse_field: trying field name 'description'
0:00:00.014782444  4446 0xc47320 LOG   GST_POLL gstpoll.c:994:gst_poll_fd_ctl_write: 0xc4f810: pfd->events now 60 (POLLOUT:4)
0:00:00.018812814  4445 0xc03390 DEBUG   default gstvalue.c:2676:_priv_gst_value_parse_value: trying type name 'string'
0:00:00.014788855  4446 0xc47320 DEBUG   GST_POLL gstpoll.c:980:gst_poll_fd_ctl_write: 0xc4f810: fd (fd:0, idx:1), active : 1
0:00:00.018819187  4445 0xc03390 DEBUG   structure gststructure.c:2203:gst_structure_parse_field: trying field name 'author'
0:00:00.014794885  4446 0xc47320 LOG   GST_POLL gstpoll.c:994:gst_poll_fd_ctl_write: 0xc4f810: pfd->events now 60 (POLLOUT:4)
0:00:00.018824911  4445 0xc03390 DEBUG   default gstvalue.c:2676:_priv_gst_value_parse_value: trying type name 'string'
0:00:00.014801222  4446 0xc47320 DEBUG   GST_POLL gstpoll.c:980:gst_poll_fd_ctl_write: 0xc4f810: fd (fd:0, idx:1), active : 1
0:00:00.018831191  4445 0xc03390 DEBUG   GST_REGISTRY gstregistrychunks.c:626:gst_registry_chunks_load_feature: Element factory : npadtemplates=1
0:00:00.014807399  4446 0xc47320 LOG   GST_POLL gstpoll.c:994:gst_poll_fd_ctl_write: 0xc4f810: pfd->events now 60 (POLLOUT:4)
0:00:00.018837445  4445 0xc03390 DEBUG   GST_REGISTRY gstregistrychunks.c:526:gst_registry_chunks_load_pad_template: Reading/casting for GstRegistryChunkPadTemplate at address 0xc1fbe8
0:00:00.014813917  4446 0xc47320 DEBUG   GST_POLL gstpoll.c:980:gst_poll_fd_ctl_write: 0xc4f810: fd (fd:0, idx:1), active : 1
0:00:00.018843627  4445 0xc03390 DEBUG   GST_REGISTRY gstregistrychunks.c:539:gst_registry_chunks_load_pad_template: Added pad_template src
0:00:00.014819954  4446 0xc47320 LOG   GST_POLL gstpoll.c:994:gst_poll_fd_ctl_write: 0xc4f810: pfd->events now 60 (POLLOUT:4)
0:00:00.018850015  4445 0xc03390 DEBUG   GST_REGISTRY gstregistrychunks.c:639:gst_registry_chunks_load_feature: Reading 1 UriTypes at address 0xc1fbf8
0:00:00.014826494  4446 0xc47320 DEBUG   GST_POLL gstpoll.c:980:gst_poll_fd_ctl_write: 0xc4f810: fd (fd:0, idx:1), active : 1
0:00:00.018856859  4445 0xc03390 DEBUG   GST_REGISTRY gstregistrychunks.c:654:gst_registry_chunks_load_feature: Reading 1 Interfaces at address 0xc1fbff
0:00:00.014832671  4446 0xc47320 LOG   GST_POLL gstpoll.c:994:gst_poll_fd_ctl_write: 0xc4f810: pfd->events now 60 (POLLOUT:4)
0:00:00.018864507  4445 0xc03390 DEBUG   GST_REGISTRY gstregistry.c:590:gst_registry_add_feature: adding feature 0xc233b0 (fdsrc)
0:00:00.014839382  4446 0xc47320 DEBUG   GST_POLL gstpoll.c:980:gst_poll_fd_ctl_write: 0xc4f810: fd (fd:0, idx:1), active : 1
0:00:00.018871061  4445 0xc03390 DEBUG   GST_REFCOUNTING gstobject.c:709:gst_object_set_parent: set parent (ref and sink)
0:00:00.014850053  4446 0xc47320 LOG   GST_POLL gstpoll.c:994:gst_poll_fd_ctl_write: 0xc4f810: pfd->events now 60 (POLLOUT:4)
0:00:00.018880915  4445 0xc03390 TRACE   GST_REFCOUNTING gstobject.c:294:gst_object_ref_sink: 0xc233b0 ref_sink 1->2
0:00:00.014857148  4446 0xc47320 DEBUG   GST_POLL gstpoll.c:980:gst_poll_fd_ctl_write: 0xc4f810: fd (fd:0, idx:1), active : 1
0:00:00.018887949  4445 0xc03390 LOG   GST_REGISTRY gstregistry.c:608:gst_registry_add_feature: emitting feature-added for fdsrc
0:00:00.014863292  4446 0xc47320 LOG   GST_POLL gstpoll.c:994:gst_poll_fd_ctl_write: 0xc4f810: pfd->events now 60 (POLLOUT:4)
0:00:00.018894783  4445 0xc03390 DEBUG   GST_REGISTRY gstregistrychunks.c:741:gst_registry_chunks_load_feature: Added feature fdsrc, plugin 0xc1d070 coreelements
0:00:00.014869665  4446 0xc47320 DEBUG   GST_POLL gstpoll.c:980:gst_poll_fd_ctl_write: 0xc4f810: fd (fd:0, idx:1), active : 1
0:00:00.018901957  4445 0xc03390 DEBUG   GST_REGISTRY gstregistrychunks.c:583:gst_registry_chunks_load_feature: Plugin 'coreelements' feature 'fakesink' typename : 'GstElementFactory'
0:00:00.014876451  4446 0xc47320 LOG   GST_POLL gstpoll.c:994:gst_poll_fd_ctl_write: 0xc4f810: pfd->events now 60 (POLLOUT:4)
0:00:00.018910132  4445 0xc03390 TRACE   GST_REFCOUNTING gstobject.c:208:gst_object_init: 0xc23ba0 new
0:00:00.014884005  4446 0xc47320 DEBUG   GST_POLL gstpoll.c:980:gst_poll_fd_ctl_write: 0xc4f810: fd (fd:0, idx:1), active : 1
0:00:00.018918146  4445 0xc03390 LOG   GST_REGISTRY gstregistrychunks.c:610:gst_registry_chunks_load_feature: Reading/casting for GstRegistryChunkElementFactory at address 0xc1fc28
0:00:00.014892158  4446 0xc47320 LOG   GST_POLL gstpoll.c:994:gst_poll_fd_ctl_write: 0xc4f810: pfd->events now 60 (POLLOUT:4)
0:00:00.018924861  4445 0xc03390 TRACE   structure gststructure.c:287:gst_structure_new_id_empty_with_size: created structure 0xc23db0
0:00:00.014900194  4446 0xc47320 DEBUG   GST_POLL gstpoll.c:980:gst_poll_fd_ctl_write: 0xc4f810: fd (fd:0, idx:1), active : 1
0:00:00.018931173  4445 0xc03390 DEBUG   structure gststructure.c:2203:gst_structure_parse_field: trying field name 'long-name'
0:00:00.014906345  4446 0xc47320 LOG   GST_POLL gstpoll.c:994:gst_poll_fd_ctl_write: 0xc4f810: pfd->events now 60 (POLLOUT:4)
0:00:00.018936918  4445 0xc03390 DEBUG   default gstvalue.c:2676:_priv_gst_value_parse_value: trying type name 'string'
0:00:00.014912779  4446 0xc47320 DEBUG   GST_POLL gstpoll.c:980:gst_poll_fd_ctl_write: 0xc4f810: fd (fd:0, idx:1), active : 1
0:00:00.018943242  4445 0xc03390 DEBUG   structure gststructure.c:2203:gst_structure_parse_field: trying field name 'klass'
0:00:00.014919066  4446 0xc47320 LOG   GST_POLL gstpoll.c:994:gst_poll_fd_ctl_write: 0xc4f810: pfd->events now 60 (POLLOUT:4)
0:00:00.018948908  4445 0xc03390 DEBUG   default gstvalue.c:2676:_priv_gst_value_parse_value: trying type name 'string'
0:00:00.014929479  4446 0xc47320 DEBUG   GST_POLL gstpoll.c:980:gst_poll_fd_ctl_write: 0xc4f810: fd (fd:0, idx:1), active : 1
0:00:00.018959139  4445 0xc03390 DEBUG   structure gststructure.c:2203:gst_structure_parse_field: trying field name 'description'
0:00:00.014935645  4446 0xc47320 LOG   GST_POLL gstpoll.c:994:gst_poll_fd_ctl_write: 0xc4f810: pfd->events now 60 (POLLOUT:4)
0:00:00.018983478  4445 0xc03390 DEBUG   default gstvalue.c:2676:_priv_gst_value_parse_value: trying type name 'string'
0:00:00.014957750  4446 0xc47320 DEBUG   GST_POLL gstpoll.c:980:gst_poll_fd_ctl_write: 0xc4f810: fd (fd:0, idx:1), active : 1
0:00:00.018997599  4445 0xc03390 DEBUG   structure gststructure.c:2203:gst_structure_parse_field: trying field name 'author'
0:00:00.014974360  4446 0xc47320 LOG   GST_POLL gstpoll.c:994:gst_poll_fd_ctl_write: 0xc4f810: pfd->events now 60 (POLLOUT:4)
0:00:00.019007157  4445 0xc03390 DEBUG   default gstvalue.c:2676:_priv_gst_value_parse_value: trying type name 'string'
0:00:00.014982446  4446 0xc47320 DEBUG   GST_POLL gstpoll.c:980:gst_poll_fd_ctl_write: 0xc4f810: fd (fd:0, idx:1), active : 1
0:00:00.019015978  4445 0xc03390 DEBUG   GST_REGISTRY gstregistrychunks.c:626:gst_registry_chunks_load_feature: Element factory : npadtemplates=1
0:00:00.014989297  4446 0xc47320 LOG   GST_POLL gstpoll.c:994:gst_poll_fd_ctl_write: 0xc4f810: pfd->events now 60 (POLLOUT:4)
0:00:00.019022098  4445 0xc03390 DEBUG   GST_REGISTRY gstregistrychunks.c:526:gst_registry_chunks_load_pad_template: Reading/casting for GstRegistryChunkPadTemplate at address 0xc1fd50
0:00:00.014997697  4446 0xc47320 DEBUG   GST_POLL gstpoll.c:980:gst_poll_fd_ctl_write: 0xc4f810: fd (fd:0, idx:1), active : 1
0:00:00.019028146  4445 0xc03390 DEBUG   GST_REGISTRY gstregistrychunks.c:539:gst_registry_chunks_load_pad_template: Added pad_template sink
0:00:00.015003732  4446 0xc47320 LOG   GST_POLL gstpoll.c:994:gst_poll_fd_ctl_write: 0xc4f810: pfd->events now 60 (POLLOUT:4)
0:00:00.015010315  4446 0xc47320 DEBUG   GST_POLL gstpoll.c:980:gst_poll_fd_ctl_write: 0xc4f810: fd (fd:0, idx:1), active : 1
0:00:00.019039851  4445 0xc03390 DEBUG   GST_REGISTRY gstregistry.c:590:gst_registry_add_feature: adding feature 0xc23ba0 (fakesink)
0:00:00.015016190  4446 0xc47320 LOG   GST_POLL gstpoll.c:994:gst_poll_fd_ctl_write: 0xc4f810: pfd->events now 60 (POLLOUT:4)
0:00:00.019046335  4445 0xc03390 DEBUG   GST_REFCOUNTING gstobject.c:709:gst_object_set_parent: set parent (ref and sink)
0:00:00.015022774  4446 0xc47320 DEBUG   GST_POLL gstpoll.c:980:gst_poll_fd_ctl_write: 0xc4f810: fd (fd:0, idx:1), active : 1
0:00:00.019053846  4445 0xc03390 TRACE   GST_REFCOUNTING gstobject.c:294:gst_object_ref_sink: 0xc23ba0 ref_sink 1->2
0:00:00.015028846  4446 0xc47320 LOG   GST_POLL gstpoll.c:994:gst_poll_fd_ctl_write: 0xc4f810: pfd->events now 60 (POLLOUT:4)
0:00:00.019060963  4445 0xc03390 LOG   GST_REGISTRY gstregistry.c:608:gst_registry_add_feature: emitting feature-added for fakesink
0:00:00.015041487  4446 0xc47320 DEBUG   GST_POLL gstpoll.c:980:gst_poll_fd_ctl_write: 0xc4f810: fd (fd:0, idx:1), active : 1
0:00:00.019071795  4445 0xc03390 DEBUG   GST_REGISTRY gstregistrychunks.c:741:gst_registry_chunks_load_feature: Added feature fakesink, plugin 0xc1d070 coreelements
0:00:00.015047932  4446 0xc47320 LOG   GST_POLL gstpoll.c:994:gst_poll_fd_ctl_write: 0xc4f810: pfd->events now 60 (POLLOUT:4)
0:00:00.019078846  4445 0xc03390 DEBUG   GST_REGISTRY gstregistrychunks.c:583:gst_registry_chunks_load_feature: Plugin 'coreelements' feature 'fakesrc' typename : 'GstElementFactory'
0:00:00.015054222  4446 0xc47320 DEBUG   GST_POLL gstpoll.c:980:gst_poll_fd_ctl_write: 0xc4f810: fd (fd:0, idx:1), active : 1
0:00:00.015060265  4446 0xc47320 LOG   GST_POLL gstpoll.c:994:gst_poll_fd_ctl_write: 0xc4f810: pfd->events now 60 (POLLOUT:4)
0:00:00.019087325  4445 0xc03390 TRACE   GST_REFCOUNTING gstobject.c:208:gst_object_init: 0xc237d0 new
0:00:00.015067011  4446 0xc47320 DEBUG   GST_POLL gstpoll.c:980:gst_poll_fd_ctl_write: 0xc4f810: fd (fd:0, idx:1), active : 1
0:00:00.019097852  4445 0xc03390 LOG   GST_REGISTRY gstregistrychunks.c:610:gst_registry_chunks_load_feature: Reading/casting for GstRegistryChunkElementFactory at address 0xc1fd80
0:00:00.015073414  4446 0xc47320 LOG   GST_POLL gstpoll.c:994:gst_poll_fd_ctl_write: 0xc4f810: pfd->events now 60 (POLLOUT:4)
0:00:00.019104793  4445 0xc03390 TRACE   structure gststructure.c:287:gst_structure_new_id_empty_with_size: created structure 0xc24200
0:00:00.015079842  4446 0xc47320 DEBUG   GST_POLL gstpoll.c:980:gst_poll_fd_ctl_write: 0xc4f810: fd (fd:0, idx:1), active : 1
0:00:00.019111234  4445 0xc03390 DEBUG   structure gststructure.c:2203:gst_structure_parse_field: trying field name 'long-name'
0:00:00.015086099  4446 0xc47320 LOG   GST_POLL gstpoll.c:994:gst_poll_fd_ctl_write: 0xc4f810: pfd->events now 60 (POLLOUT:4)
0:00:00.019117026  4445 0xc03390 DEBUG   default gstvalue.c:2676:_priv_gst_value_parse_value: trying type name 'string'
0:00:00.015092448  4446 0xc47320 DEBUG   GST_POLL gstpoll.c:980:gst_poll_fd_ctl_write: 0xc4f810: fd (fd:0, idx:1), active : 1
0:00:00.019123247  4445 0xc03390 DEBUG   structure gststructure.c:2203:gst_structure_parse_field: trying field name 'klass'
0:00:00.015098523  4446 0xc47320 LOG   GST_POLL gstpoll.c:994:gst_poll_fd_ctl_write: 0xc4f810: pfd->events now 60 (POLLOUT:4)
0:00:00.019128946  4445 0xc03390 DEBUG   default gstvalue.c:2676:_priv_gst_value_parse_value: trying type name 'string'
0:00:00.015104966  4446 0xc47320 DEBUG   GST_POLL gstpoll.c:980:gst_poll_fd_ctl_write: 0xc4f810: fd (fd:0, idx:1), active : 1
0:00:00.019135166  4445 0xc03390 DEBUG   structure gststructure.c:2203:gst_structure_parse_field: trying field name 'description'
0:00:00.015110997  4446 0xc47320 LOG   GST_POLL gstpoll.c:994:gst_poll_fd_ctl_write: 0xc4f810: pfd->events now 60 (POLLOUT:4)
0:00:00.019146763  4445 0xc03390 DEBUG   default gstvalue.c:2676:_priv_gst_value_parse_value: trying type name 'string'
0:00:00.015122416  4446 0xc47320 DEBUG   GST_POLL gstpoll.c:980:gst_poll_fd_ctl_write: 0xc4f810: fd (fd:0, idx:1), active : 1
0:00:00.019153471  4445 0xc03390 DEBUG   structure gststructure.c:2203:gst_structure_parse_field: trying field name 'author'
0:00:00.015128413  4446 0xc47320 LOG   GST_POLL gstpoll.c:994:gst_poll_fd_ctl_write: 0xc4f810: pfd->events now 60 (POLLOUT:4)
0:00:00.019158999  4445 0xc03390 DEBUG   default gstvalue.c:2676:_priv_gst_value_parse_value: trying type name 'string'
0:00:00.015134776  4446 0xc47320 DEBUG   GST_POLL gstpoll.c:980:gst_poll_fd_ctl_write: 0xc4f810: fd (fd:0, idx:1), active : 1
0:00:00.019165746  4445 0xc03390 DEBUG   GST_REGISTRY gstregistrychunks.c:626:gst_registry_chunks_load_feature: Element factory : npadtemplates=1
0:00:00.015140825  4446 0xc47320 LOG   GST_POLL gstpoll.c:994:gst_poll_fd_ctl_write: 0xc4f810: pfd->events now 60 (POLLOUT:4)
0:00:00.019171482  4445 0xc03390 DEBUG   GST_REGISTRY gstregistrychunks.c:526:gst_registry_chunks_load_pad_template: Reading/casting for GstRegistryChunkPadTemplate at address 0xc1fe80
0:00:00.015147237  4446 0xc47320 DEBUG   GST_POLL gstpoll.c:980:gst_poll_fd_ctl_write: 0xc4f810: fd (fd:0, idx:1), active : 1
0:00:00.019177268  4445 0xc03390 DEBUG   GST_REGISTRY gstregistrychunks.c:539:gst_registry_chunks_load_pad_template: Added pad_template src
0:00:00.015153228  4446 0xc47320 LOG   GST_POLL gstpoll.c:994:gst_poll_fd_ctl_write: 0xc4f810: pfd->events now 60 (POLLOUT:4)
0:00:00.019184657  4445 0xc03390 DEBUG   GST_REGISTRY gstregistry.c:590:gst_registry_add_feature: adding feature 0xc237d0 (fakesrc)
0:00:00.015159514  4446 0xc47320 DEBUG   GST_POLL gstpoll.c:980:gst_poll_fd_ctl_write: 0xc4f810: fd (fd:0, idx:1), active : 1
0:00:00.019190812  4445 0xc03390 DEBUG   GST_REFCOUNTING gstobject.c:709:gst_object_set_parent: set parent (ref and sink)
0:00:00.015165669  4446 0xc47320 LOG   GST_POLL gstpoll.c:994:gst_poll_fd_ctl_write: 0xc4f810: pfd->events now 60 (POLLOUT:4)
0:00:00.019198239  4445 0xc03390 TRACE   GST_REFCOUNTING gstobject.c:294:gst_object_ref_sink: 0xc237d0 ref_sink 1->2
0:00:00.015172576  4446 0xc47320 DEBUG   GST_POLL gstpoll.c:980:gst_poll_fd_ctl_write: 0xc4f810: fd (fd:0, idx:1), active : 1
0:00:00.019204892  4445 0xc03390 LOG   GST_REGISTRY gstregistry.c:608:gst_registry_add_feature: emitting feature-added for fakesrc
0:00:00.015179588  4446 0xc47320 LOG   GST_POLL gstpoll.c:994:gst_poll_fd_ctl_write: 0xc4f810: pfd->events now 60 (POLLOUT:4)
0:00:00.019211751  4445 0xc03390 DEBUG   GST_REGISTRY gstregistrychunks.c:741:gst_registry_chunks_load_feature: Added feature fakesrc, plugin 0xc1d070 coreelements
0:00:00.015186015  4446 0xc47320 DEBUG   GST_POLL gstpoll.c:980:gst_poll_fd_ctl_write: 0xc4f810: fd (fd:0, idx:1), active : 1
0:00:00.019218677  4445 0xc03390 DEBUG   GST_REGISTRY gstregistrychunks.c:583:gst_registry_chunks_load_feature: Plugin 'coreelements' feature 'downloadbuffer' typename : 'GstElementFactory'
0:00:00.015197147  4446 0xc47320 LOG   GST_POLL gstpoll.c:994:gst_poll_fd_ctl_write: 0xc4f810: pfd->events now 60 (POLLOUT:4)
0:00:00.019227889  4445 0xc03390 TRACE   GST_REFCOUNTING gstobject.c:208:gst_object_init: 0xc24460 new
0:00:00.015203650  4446 0xc47320 DEBUG   GST_POLL gstpoll.c:980:gst_poll_fd_ctl_write: 0xc4f810: fd (fd:0, idx:1), active : 1
0:00:00.019235045  4445 0xc03390 LOG   GST_REGISTRY gstregistrychunks.c:610:gst_registry_chunks_load_feature: Reading/casting for GstRegistryChunkElementFactory at address 0xc1feb8
0:00:00.015209714  4446 0xc47320 LOG   GST_POLL gstpoll.c:994:gst_poll_fd_ctl_write: 0xc4f810: pfd->events now 60 (POLLOUT:4)
0:00:00.019241327  4445 0xc03390 TRACE   structure gststructure.c:287:gst_structure_new_id_empty_with_size: created structure 0xc24610
0:00:00.015216384  4446 0xc47320 DEBUG   GST_POLL gstpoll.c:980:gst_poll_fd_ctl_write: 0xc4f810: fd (fd:0, idx:1), active : 1
0:00:00.019247202  4445 0xc03390 DEBUG   structure gststructure.c:2203:gst_structure_parse_field: trying field name 'long-name'
0:00:00.015222512  4446 0xc47320 LOG   GST_POLL gstpoll.c:994:gst_poll_fd_ctl_write: 0xc4f810: pfd->events now 60 (POLLOUT:4)
0:00:00.019252803  4445 0xc03390 DEBUG   default gstvalue.c:2676:_priv_gst_value_parse_value: trying type name 'string'
0:00:00.015228735  4446 0xc47320 DEBUG   GST_POLL gstpoll.c:980:gst_poll_fd_ctl_write: 0xc4f810: fd (fd:0, idx:1), active : 1
0:00:00.019258907  4445 0xc03390 DEBUG   structure gststructure.c:2203:gst_structure_parse_field: trying field name 'klass'
0:00:00.015234815  4446 0xc47320 LOG   GST_POLL gstpoll.c:994:gst_poll_fd_ctl_write: 0xc4f810: pfd->events now 60 (POLLOUT:4)
0:00:00.019264730  4445 0xc03390 DEBUG   default gstvalue.c:2676:_priv_gst_value_parse_value: trying type name 'string'
0:00:00.015241099  4446 0xc47320 DEBUG   GST_POLL gstpoll.c:980:gst_poll_fd_ctl_write: 0xc4f810: fd (fd:0, idx:1), active : 1
0:00:00.019271158  4445 0xc03390 DEBUG   structure gststructure.c:2203:gst_structure_parse_field: trying field name 'description'
0:00:00.015247212  4446 0xc47320 LOG   GST_POLL gstpoll.c:994:gst_poll_fd_ctl_write: 0xc4f810: pfd->events now 60 (POLLOUT:4)
0:00:00.019277199  4445 0xc03390 DEBUG   default gstvalue.c:2676:_priv_gst_value_parse_value: trying type name 'string'
0:00:00.015253532  4446 0xc47320 DEBUG   GST_POLL gstpoll.c:980:gst_poll_fd_ctl_write: 0xc4f810: fd (fd:0, idx:1), active : 1
0:00:00.019283301  4445 0xc03390 DEBUG   structure gststructure.c:2203:gst_structure_parse_field: trying field name 'author'
0:00:00.015259780  4446 0xc47320 LOG   GST_POLL gstpoll.c:994:gst_poll_fd_ctl_write: 0xc4f810: pfd->events now 60 (POLLOUT:4)
0:00:00.019288922  4445 0xc03390 DEBUG   default gstvalue.c:2676:_priv_gst_value_parse_value: trying type name 'string'
0:00:00.015266173  4446 0xc47320 DEBUG   GST_POLL gstpoll.c:980:gst_poll_fd_ctl_write: 0xc4f810: fd (fd:0, idx:1), active : 1
0:00:00.019300484  4445 0xc03390 DEBUG   GST_REGISTRY gstregistrychunks.c:626:gst_registry_chunks_load_feature: Element factory : npadtemplates=2
0:00:00.015274815  4446 0xc47320 LOG   GST_POLL gstpoll.c:994:gst_poll_fd_ctl_write: 0xc4f810: pfd->events now 60 (POLLOUT:4)
0:00:00.019306712  4445 0xc03390 DEBUG   GST_REGISTRY gstregistrychunks.c:526:gst_registry_chunks_load_pad_template: Reading/casting for GstRegistryChunkPadTemplate at address 0xc1ff80
0:00:00.015282113  4446 0xc47320 DEBUG   GST_POLL gstpoll.c:980:gst_poll_fd_ctl_write: 0xc4f810: fd (fd:0, idx:1), active : 1
0:00:00.019312569  4445 0xc03390 DEBUG   GST_REGISTRY gstregistrychunks.c:539:gst_registry_chunks_load_pad_template: Added pad_template sink
0:00:00.015288109  4446 0xc47320 LOG   GST_POLL gstpoll.c:994:gst_poll_fd_ctl_write: 0xc4f810: pfd->events now 60 (POLLOUT:4)
0:00:00.019318348  4445 0xc03390 DEBUG   GST_REGISTRY gstregistrychunks.c:526:gst_registry_chunks_load_pad_template: Reading/casting for GstRegistryChunkPadTemplate at address 0xc1ff98
0:00:00.015294392  4446 0xc47320 DEBUG   GST_POLL gstpoll.c:980:gst_poll_fd_ctl_write: 0xc4f810: fd (fd:0, idx:1), active : 1
0:00:00.019324152  4445 0xc03390 DEBUG   GST_REGISTRY gstregistrychunks.c:539:gst_registry_chunks_load_pad_template: Added pad_template src
0:00:00.015300464  4446 0xc47320 LOG   GST_POLL gstpoll.c:994:gst_poll_fd_ctl_write: 0xc4f810: pfd->events now 60 (POLLOUT:4)
0:00:00.019331443  4445 0xc03390 DEBUG   GST_REGISTRY gstregistry.c:590:gst_registry_add_feature: adding feature 0xc24460 (downloadbuffer)
0:00:00.015306856  4446 0xc47320 DEBUG   GST_POLL gstpoll.c:980:gst_poll_fd_ctl_write: 0xc4f810: fd (fd:0, idx:1), active : 1
0:00:00.019337690  4445 0xc03390 DEBUG   GST_REFCOUNTING gstobject.c:709:gst_object_set_parent: set parent (ref and sink)
0:00:00.015312964  4446 0xc47320 LOG   GST_POLL gstpoll.c:994:gst_poll_fd_ctl_write: 0xc4f810: pfd->events now 60 (POLLOUT:4)
0:00:00.019345033  4445 0xc03390 TRACE   GST_REFCOUNTING gstobject.c:294:gst_object_ref_sink: 0xc24460 ref_sink 1->2
0:00:00.015319392  4446 0xc47320 DEBUG   GST_POLL gstpoll.c:980:gst_poll_fd_ctl_write: 0xc4f810: fd (fd:0, idx:1), active : 1
0:00:00.019351828  4445 0xc03390 LOG   GST_REGISTRY gstregistry.c:608:gst_registry_add_feature: emitting feature-added for downloadbuffer
0:00:00.015326693  4446 0xc47320 LOG   GST_POLL gstpoll.c:994:gst_poll_fd_ctl_write: 0xc4f810: pfd->events now 60 (POLLOUT:4)
0:00:00.019359082  4445 0xc03390 DEBUG   GST_REGISTRY gstregistrychunks.c:741:gst_registry_chunks_load_feature: Added feature downloadbuffer, plugin 0xc1d070 coreelements
0:00:00.015333265  4446 0xc47320 DEBUG   GST_POLL gstpoll.c:980:gst_poll_fd_ctl_write: 0xc4f810: fd (fd:0, idx:1), active : 1
0:00:00.019366242  4445 0xc03390 DEBUG   GST_REGISTRY gstregistrychunks.c:583:gst_registry_chunks_load_feature: Plugin 'coreelements' feature 'dataurisrc' typename : 'GstElementFactory'
0:00:00.015340357  4446 0xc47320 LOG   GST_POLL gstpoll.c:994:gst_poll_fd_ctl_write: 0xc4f810: pfd->events now 60 (POLLOUT:4)
0:00:00.019386893  4445 0xc03390 TRACE   GST_REFCOUNTING gstobject.c:208:gst_object_init: 0xc24980 new
0:00:00.015360968  4446 0xc47320 DEBUG   GST_POLL gstpoll.c:980:gst_poll_fd_ctl_write: 0xc4f810: fd (fd:0, idx:1), active : 1
0:00:00.019394747  4445 0xc03390 LOG   GST_REGISTRY gstregistrychunks.c:610:gst_registry_chunks_load_feature: Reading/casting for GstRegistryChunkElementFactory at address 0xc1ffc8
0:00:00.015368629  4446 0xc47320 LOG   GST_POLL gstpoll.c:994:gst_poll_fd_ctl_write: 0xc4f810: pfd->events now 60 (POLLOUT:4)
0:00:00.019401559  4445 0xc03390 TRACE   structure gststructure.c:287:gst_structure_new_id_empty_with_size: created structure 0xc24b80
0:00:00.015376020  4446 0xc47320 DEBUG   GST_POLL gstpoll.c:980:gst_poll_fd_ctl_write: 0xc4f810: fd (fd:0, idx:1), active : 1
0:00:00.019407802  4445 0xc03390 DEBUG   structure gststructure.c:2203:gst_structure_parse_field: trying field name 'long-name'
0:00:00.015382767  4446 0xc47320 LOG   GST_POLL gstpoll.c:994:gst_poll_fd_ctl_write: 0xc4f810: pfd->events now 60 (POLLOUT:4)
0:00:00.019413410  4445 0xc03390 DEBUG   default gstvalue.c:2676:_priv_gst_value_parse_value: trying type name 'string'
0:00:00.015389159  4446 0xc47320 DEBUG   GST_POLL gstpoll.c:980:gst_poll_fd_ctl_write: 0xc4f810: fd (fd:0, idx:1), active : 1
0:00:00.019419599  4445 0xc03390 DEBUG   structure gststructure.c:2203:gst_structure_parse_field: trying field name 'klass'
0:00:00.015395100  4446 0xc47320 LOG   GST_POLL gstpoll.c:994:gst_poll_fd_ctl_write: 0xc4f810: pfd->events now 60 (POLLOUT:4)
0:00:00.019425159  4445 0xc03390 DEBUG   default gstvalue.c:2676:_priv_gst_value_parse_value: trying type name 'string'
0:00:00.015401607  4446 0xc47320 LOG   GST_PLUGIN_LOADING gstpluginloader.c:646:put_chunk: Expanding tx buf from 13209 to 17023 for chunk of size 229
0:00:00.019431078  4445 0xc03390 DEBUG   structure gststructure.c:2203:gst_structure_parse_field: trying field name 'description'
0:00:00.019437889  4445 0xc03390 DEBUG   default gstvalue.c:2676:_priv_gst_value_parse_value: trying type name 'string'
0:00:00.015411946  4446 0xc47320 DEBUG   GST_POLL gstpoll.c:980:gst_poll_fd_ctl_write: 0xc4f810: fd (fd:0, idx:1), active : 1
0:00:00.019443801  4445 0xc03390 DEBUG   structure gststructure.c:2203:gst_structure_parse_field: trying field name 'author'
0:00:00.015418558  4446 0xc47320 LOG   GST_POLL gstpoll.c:994:gst_poll_fd_ctl_write: 0xc4f810: pfd->events now 60 (POLLOUT:4)
0:00:00.019449401  4445 0xc03390 DEBUG   default gstvalue.c:2676:_priv_gst_value_parse_value: trying type name 'string'
0:00:00.015424924  4446 0xc47320 DEBUG   GST_POLL gstpoll.c:980:gst_poll_fd_ctl_write: 0xc4f810: fd (fd:0, idx:1), active : 1
0:00:00.019456716  4445 0xc03390 DEBUG   GST_REGISTRY gstregistrychunks.c:626:gst_registry_chunks_load_feature: Element factory : npadtemplates=1
0:00:00.015438233  4446 0xc47320 LOG   GST_POLL gstpoll.c:994:gst_poll_fd_ctl_write: 0xc4f810: pfd->events now 60 (POLLOUT:4)
0:00:00.019467527  4445 0xc03390 DEBUG   GST_REGISTRY gstregistrychunks.c:526:gst_registry_chunks_load_pad_template: Reading/casting for GstRegistryChunkPadTemplate at address 0xc200e0
0:00:00.015445160  4446 0xc47320 DEBUG   GST_POLL gstpoll.c:980:gst_poll_fd_ctl_write: 0xc4f810: fd (fd:0, idx:1), active : 1
0:00:00.019474235  4445 0xc03390 DEBUG   GST_REGISTRY gstregistrychunks.c:539:gst_registry_chunks_load_pad_template: Added pad_template src
0:00:00.015451496  4446 0xc47320 LOG   GST_POLL gstpoll.c:994:gst_poll_fd_ctl_write: 0xc4f810: pfd->events now 60 (POLLOUT:4)
0:00:00.019481670  4445 0xc03390 DEBUG   GST_REGISTRY gstregistrychunks.c:639:gst_registry_chunks_load_feature: Reading 1 UriTypes at address 0xc200f0
0:00:00.015457818  4446 0xc47320 DEBUG   GST_POLL gstpoll.c:980:gst_poll_fd_ctl_write: 0xc4f810: fd (fd:0, idx:1), active : 1
0:00:00.019488700  4445 0xc03390 DEBUG   GST_REGISTRY gstregistrychunks.c:654:gst_registry_chunks_load_feature: Reading 1 Interfaces at address 0xc200f9
0:00:00.015463914  4446 0xc47320 LOG   GST_POLL gstpoll.c:994:gst_poll_fd_ctl_write: 0xc4f810: pfd->events now 60 (POLLOUT:4)
0:00:00.019496568  4445 0xc03390 DEBUG   GST_REGISTRY gstregistry.c:590:gst_registry_add_feature: adding feature 0xc24980 (dataurisrc)
0:00:00.015470174  4446 0xc47320 DEBUG   GST_POLL gstpoll.c:980:gst_poll_fd_ctl_write: 0xc4f810: fd (fd:0, idx:1), active : 1
0:00:00.019502570  4445 0xc03390 DEBUG   GST_REFCOUNTING gstobject.c:709:gst_object_set_parent: set parent (ref and sink)
0:00:00.015477468  4446 0xc47320 LOG   GST_POLL gstpoll.c:994:gst_poll_fd_ctl_write: 0xc4f810: pfd->events now 60 (POLLOUT:4)
0:00:00.019510087  4445 0xc03390 TRACE   GST_REFCOUNTING gstobject.c:294:gst_object_ref_sink: 0xc24980 ref_sink 1->2
0:00:00.015484402  4446 0xc47320 DEBUG   GST_POLL gstpoll.c:980:gst_poll_fd_ctl_write: 0xc4f810: fd (fd:0, idx:1), active : 1
0:00:00.019516677  4445 0xc03390 LOG   GST_REGISTRY gstregistry.c:608:gst_registry_add_feature: emitting feature-added for dataurisrc
0:00:00.015491439  4446 0xc47320 LOG   GST_POLL gstpoll.c:994:gst_poll_fd_ctl_write: 0xc4f810: pfd->events now 60 (POLLOUT:4)
0:00:00.019522932  4445 0xc03390 DEBUG   GST_REGISTRY gstregistrychunks.c:741:gst_registry_chunks_load_feature: Added feature dataurisrc, plugin 0xc1d070 coreelements
0:00:00.015497800  4446 0xc47320 DEBUG   GST_POLL gstpoll.c:980:gst_poll_fd_ctl_write: 0xc4f810: fd (fd:0, idx:1), active : 1
0:00:00.019529527  4445 0xc03390 DEBUG   GST_REGISTRY gstregistrychunks.c:583:gst_registry_chunks_load_feature: Plugin 'coreelements' feature 'concat' typename : 'GstElementFactory'
0:00:00.015504008  4446 0xc47320 LOG   GST_POLL gstpoll.c:994:gst_poll_fd_ctl_write: 0xc4f810: pfd->events now 60 (POLLOUT:4)
0:00:00.019537069  4445 0xc03390 TRACE   GST_REFCOUNTING gstobject.c:208:gst_object_init: 0xc24810 new
0:00:00.015515736  4446 0xc47320 DEBUG   GST_POLL gstpoll.c:980:gst_poll_fd_ctl_write: 0xc4f810: fd (fd:0, idx:1), active : 1
0:00:00.019546126  4445 0xc03390 LOG   GST_REGISTRY gstregistrychunks.c:610:gst_registry_chunks_load_feature: Reading/casting for GstRegistryChunkElementFactory at address 0xc20120
0:00:00.015522148  4446 0xc47320 LOG   GST_POLL gstpoll.c:994:gst_poll_fd_ctl_write: 0xc4f810: pfd->events now 60 (POLLOUT:4)
0:00:00.019555723  4445 0xc03390 TRACE   structure gststructure.c:287:gst_structure_new_id_empty_with_size: created structure 0xc24fb0
0:00:00.015528490  4446 0xc47320 DEBUG   GST_POLL gstpoll.c:980:gst_poll_fd_ctl_write: 0xc4f810: fd (fd:0, idx:1), active : 1
0:00:00.019561788  4445 0xc03390 DEBUG   structure gststructure.c:2203:gst_structure_parse_field: trying field name 'long-name'
0:00:00.015536914  4446 0xc47320 LOG   GST_POLL gstpoll.c:994:gst_poll_fd_ctl_write: 0xc4f810: pfd->events now 60 (POLLOUT:4)
0:00:00.019567595  4445 0xc03390 DEBUG   default gstvalue.c:2676:_priv_gst_value_parse_value: trying type name 'string'
0:00:00.015543313  4446 0xc47320 DEBUG   GST_POLL gstpoll.c:980:gst_poll_fd_ctl_write: 0xc4f810: fd (fd:0, idx:1), active : 1
0:00:00.019573674  4445 0xc03390 DEBUG   structure gststructure.c:2203:gst_structure_parse_field: trying field name 'klass'
0:00:00.015549254  4446 0xc47320 LOG   GST_POLL gstpoll.c:994:gst_poll_fd_ctl_write: 0xc4f810: pfd->events now 60 (POLLOUT:4)
0:00:00.019579368  4445 0xc03390 DEBUG   default gstvalue.c:2676:_priv_gst_value_parse_value: trying type name 'string'
0:00:00.015555463  4446 0xc47320 DEBUG   GST_POLL gstpoll.c:980:gst_poll_fd_ctl_write: 0xc4f810: fd (fd:0, idx:1), active : 1
0:00:00.019585408  4445 0xc03390 DEBUG   structure gststructure.c:2203:gst_structure_parse_field: trying field name 'description'
0:00:00.015561491  4446 0xc47320 LOG   GST_POLL gstpoll.c:994:gst_poll_fd_ctl_write: 0xc4f810: pfd->events now 60 (POLLOUT:4)
0:00:00.019591144  4445 0xc03390 DEBUG   default gstvalue.c:2676:_priv_gst_value_parse_value: trying type name 'string'
0:00:00.015567669  4446 0xc47320 DEBUG   GST_POLL gstpoll.c:980:gst_poll_fd_ctl_write: 0xc4f810: fd (fd:0, idx:1), active : 1
0:00:00.019597427  4445 0xc03390 DEBUG   structure gststructure.c:2203:gst_structure_parse_field: trying field name 'author'
0:00:00.015573739  4446 0xc47320 LOG   GST_POLL gstpoll.c:994:gst_poll_fd_ctl_write: 0xc4f810: pfd->events now 60 (POLLOUT:4)
0:00:00.019603102  4445 0xc03390 DEBUG   default gstvalue.c:2676:_priv_gst_value_parse_value: trying type name 'string'
0:00:00.015580229  4446 0xc47320 DEBUG   GST_POLL gstpoll.c:980:gst_poll_fd_ctl_write: 0xc4f810: fd (fd:0, idx:1), active : 1
0:00:00.019610011  4445 0xc03390 DEBUG   GST_REGISTRY gstregistrychunks.c:626:gst_registry_chunks_load_feature: Element factory : npadtemplates=2
0:00:00.015586159  4446 0xc47320 LOG   GST_POLL gstpoll.c:994:gst_poll_fd_ctl_write: 0xc4f810: pfd->events now 60 (POLLOUT:4)
0:00:00.019620580  4445 0xc03390 DEBUG   GST_REGISTRY gstregistrychunks.c:526:gst_registry_chunks_load_pad_template: Reading/casting for GstRegistryChunkPadTemplate at address 0xc201f8
0:00:00.015596157  4446 0xc47320 DEBUG   GST_POLL gstpoll.c:980:gst_poll_fd_ctl_write: 0xc4f810: fd (fd:0, idx:1), active : 1
0:00:00.019626564  4445 0xc03390 DEBUG   GST_REGISTRY gstregistrychunks.c:539:gst_registry_chunks_load_pad_template: Added pad_template src
0:00:00.015602215  4446 0xc47320 LOG   GST_POLL gstpoll.c:994:gst_poll_fd_ctl_write: 0xc4f810: pfd->events now 60 (POLLOUT:4)
0:00:00.019632236  4445 0xc03390 DEBUG   GST_REGISTRY gstregistrychunks.c:526:gst_registry_chunks_load_pad_template: Reading/casting for GstRegistryChunkPadTemplate at address 0xc20208
0:00:00.015608532  4446 0xc47320 DEBUG   GST_POLL gstpoll.c:980:gst_poll_fd_ctl_write: 0xc4f810: fd (fd:0, idx:1), active : 1
0:00:00.019638024  4445 0xc03390 DEBUG   GST_REGISTRY gstregistrychunks.c:539:gst_registry_chunks_load_pad_template: Added pad_template sink_%u
0:00:00.015614772  4446 0xc47320 LOG   GST_POLL gstpoll.c:994:gst_poll_fd_ctl_write: 0xc4f810: pfd->events now 60 (POLLOUT:4)
0:00:00.019645190  4445 0xc03390 DEBUG   GST_REGISTRY gstregistry.c:590:gst_registry_add_feature: adding feature 0xc24810 (concat)
0:00:00.015620941  4446 0xc47320 DEBUG   GST_POLL gstpoll.c:980:gst_poll_fd_ctl_write: 0xc4f810: fd (fd:0, idx:1), active : 1
0:00:00.019651308  4445 0xc03390 DEBUG   GST_REFCOUNTING gstobject.c:709:gst_object_set_parent: set parent (ref and sink)
0:00:00.015627379  4446 0xc47320 LOG   GST_POLL gstpoll.c:994:gst_poll_fd_ctl_write: 0xc4f810: pfd->events now 60 (POLLOUT:4)
0:00:00.019658888  4445 0xc03390 TRACE   GST_REFCOUNTING gstobject.c:294:gst_object_ref_sink: 0xc24810 ref_sink 1->2
0:00:00.015633653  4446 0xc47320 DEBUG   GST_POLL gstpoll.c:980:gst_poll_fd_ctl_write: 0xc4f810: fd (fd:0, idx:1), active : 1
0:00:00.019665530  4445 0xc03390 LOG   GST_REGISTRY gstregistry.c:608:gst_registry_add_feature: emitting feature-added for concat
0:00:00.015640189  4446 0xc47320 LOG   GST_POLL gstpoll.c:994:gst_poll_fd_ctl_write: 0xc4f810: pfd->events now 60 (POLLOUT:4)
0:00:00.019672064  4445 0xc03390 DEBUG   GST_REGISTRY gstregistrychunks.c:741:gst_registry_chunks_load_feature: Added feature concat, plugin 0xc1d070 coreelements
0:00:00.015646483  4446 0xc47320 DEBUG   GST_POLL gstpoll.c:980:gst_poll_fd_ctl_write: 0xc4f810: fd (fd:0, idx:1), active : 1
0:00:00.019678769  4445 0xc03390 DEBUG   GST_REGISTRY gstregistrychunks.c:583:gst_registry_chunks_load_feature: Plugin 'coreelements' feature 'clocksync' typename : 'GstElementFactory'
0:00:00.015653184  4446 0xc47320 LOG   GST_POLL gstpoll.c:994:gst_poll_fd_ctl_write: 0xc4f810: pfd->events now 60 (POLLOUT:4)
0:00:00.019685996  4445 0xc03390 TRACE   GST_REFCOUNTING gstobject.c:208:gst_object_init: 0xc24d00 new
0:00:00.015660013  4446 0xc47320 DEBUG   GST_POLL gstpoll.c:980:gst_poll_fd_ctl_write: 0xc4f810: fd (fd:0, idx:1), active : 1
0:00:00.019697266  4445 0xc03390 LOG   GST_REGISTRY gstregistrychunks.c:610:gst_registry_chunks_load_feature: Reading/casting for GstRegistryChunkElementFactory at address 0xc20238
0:00:00.015671520  4446 0xc47320 LOG   GST_POLL gstpoll.c:994:gst_poll_fd_ctl_write: 0xc4f810: pfd->events now 60 (POLLOUT:4)
0:00:00.019703830  4445 0xc03390 TRACE   structure gststructure.c:287:gst_structure_new_id_empty_with_size: created structure 0xc25350
0:00:00.015678853  4446 0xc47320 DEBUG   GST_POLL gstpoll.c:980:gst_poll_fd_ctl_write: 0xc4f810: fd (fd:0, idx:1), active : 1
0:00:00.019709935  4445 0xc03390 DEBUG   structure gststructure.c:2203:gst_structure_parse_field: trying field name 'long-name'
0:00:00.015684962  4446 0xc47320 LOG   GST_POLL gstpoll.c:994:gst_poll_fd_ctl_write: 0xc4f810: pfd->events now 60 (POLLOUT:4)
0:00:00.019715705  4445 0xc03390 DEBUG   default gstvalue.c:2676:_priv_gst_value_parse_value: trying type name 'string'
0:00:00.015691249  4446 0xc47320 DEBUG   GST_POLL gstpoll.c:980:gst_poll_fd_ctl_write: 0xc4f810: fd (fd:0, idx:1), active : 1
0:00:00.019721937  4445 0xc03390 DEBUG   structure gststructure.c:2203:gst_structure_parse_field: trying field name 'klass'
0:00:00.015697358  4446 0xc47320 LOG   GST_POLL gstpoll.c:994:gst_poll_fd_ctl_write: 0xc4f810: pfd->events now 60 (POLLOUT:4)
0:00:00.019727728  4445 0xc03390 DEBUG   default gstvalue.c:2676:_priv_gst_value_parse_value: trying type name 'string'
0:00:00.015703858  4446 0xc47320 DEBUG   GST_POLL gstpoll.c:980:gst_poll_fd_ctl_write: 0xc4f810: fd (fd:0, idx:1), active : 1
0:00:00.019733872  4445 0xc03390 DEBUG   structure gststructure.c:2203:gst_structure_parse_field: trying field name 'description'
0:00:00.015709840  4446 0xc47320 LOG   GST_POLL gstpoll.c:994:gst_poll_fd_ctl_write: 0xc4f810: pfd->events now 60 (POLLOUT:4)
0:00:00.019739444  4445 0xc03390 DEBUG   default gstvalue.c:2676:_priv_gst_value_parse_value: trying type name 'string'
0:00:00.015716070  4446 0xc47320 DEBUG   GST_POLL gstpoll.c:980:gst_poll_fd_ctl_write: 0xc4f810: fd (fd:0, idx:1), active : 1
0:00:00.019745616  4445 0xc03390 DEBUG   structure gststructure.c:2203:gst_structure_parse_field: trying field name 'author'
0:00:00.015722116  4446 0xc47320 LOG   GST_POLL gstpoll.c:994:gst_poll_fd_ctl_write: 0xc4f810: pfd->events now 60 (POLLOUT:4)
0:00:00.019751375  4445 0xc03390 DEBUG   default gstvalue.c:2676:_priv_gst_value_parse_value: trying type name 'string'
0:00:00.015728458  4446 0xc47320 DEBUG   GST_POLL gstpoll.c:980:gst_poll_fd_ctl_write: 0xc4f810: fd (fd:0, idx:1), active : 1
0:00:00.019758213  4445 0xc03390 DEBUG   GST_REGISTRY gstregistrychunks.c:626:gst_registry_chunks_load_feature: Element factory : npadtemplates=2
0:00:00.015734430  4446 0xc47320 LOG   GST_POLL gstpoll.c:994:gst_poll_fd_ctl_write: 0xc4f810: pfd->events now 60 (POLLOUT:4)
0:00:00.019763955  4445 0xc03390 DEBUG   GST_REGISTRY gstregistrychunks.c:526:gst_registry_chunks_load_pad_template: Reading/casting for GstRegistryChunkPadTemplate at address 0xc20308
0:00:00.015745654  4446 0xc47320 DEBUG   GST_POLL gstpoll.c:980:gst_poll_fd_ctl_write: 0xc4f810: fd (fd:0, idx:1), active : 1
0:00:00.019775051  4445 0xc03390 DEBUG   GST_REGISTRY gstregistrychunks.c:539:gst_registry_chunks_load_pad_template: Added pad_template sink
0:00:00.015752023  4446 0xc47320 LOG   GST_POLL gstpoll.c:994:gst_poll_fd_ctl_write: 0xc4f810: pfd->events now 60 (POLLOUT:4)
0:00:00.019781378  4445 0xc03390 DEBUG   GST_REGISTRY gstregistrychunks.c:526:gst_registry_chunks_load_pad_template: Reading/casting for GstRegistryChunkPadTemplate at address 0xc20320
0:00:00.015758457  4446 0xc47320 DEBUG   GST_POLL gstpoll.c:980:gst_poll_fd_ctl_write: 0xc4f810: fd (fd:0, idx:1), active : 1
0:00:00.019787959  4445 0xc03390 DEBUG   GST_REGISTRY gstregistrychunks.c:539:gst_registry_chunks_load_pad_template: Added pad_template src
0:00:00.015764597  4446 0xc47320 LOG   GST_POLL gstpoll.c:994:gst_poll_fd_ctl_write: 0xc4f810: pfd->events now 60 (POLLOUT:4)
0:00:00.019795326  4445 0xc03390 DEBUG   GST_REGISTRY gstregistry.c:590:gst_registry_add_feature: adding feature 0xc24d00 (clocksync)
0:00:00.015771004  4446 0xc47320 DEBUG   GST_POLL gstpoll.c:980:gst_poll_fd_ctl_write: 0xc4f810: fd (fd:0, idx:1), active : 1
0:00:00.019801217  4445 0xc03390 DEBUG   GST_REFCOUNTING gstobject.c:709:gst_object_set_parent: set parent (ref and sink)
0:00:00.015777165  4446 0xc47320 LOG   GST_POLL gstpoll.c:994:gst_poll_fd_ctl_write: 0xc4f810: pfd->events now 60 (POLLOUT:4)
0:00:00.019808248  4445 0xc03390 TRACE   GST_REFCOUNTING gstobject.c:294:gst_object_ref_sink: 0xc24d00 ref_sink 1->2
0:00:00.015783603  4446 0xc47320 DEBUG   GST_POLL gstpoll.c:980:gst_poll_fd_ctl_write: 0xc4f810: fd (fd:0, idx:1), active : 1
0:00:00.019815051  4445 0xc03390 LOG   GST_REGISTRY gstregistry.c:608:gst_registry_add_feature: emitting feature-added for clocksync
0:00:00.015789912  4446 0xc47320 LOG   GST_POLL gstpoll.c:994:gst_poll_fd_ctl_write: 0xc4f810: pfd->events now 60 (POLLOUT:4)
0:00:00.019821738  4445 0xc03390 DEBUG   GST_REGISTRY gstregistrychunks.c:741:gst_registry_chunks_load_feature: Added feature clocksync, plugin 0xc1d070 coreelements
0:00:00.015796366  4446 0xc47320 DEBUG   GST_POLL gstpoll.c:980:gst_poll_fd_ctl_write: 0xc4f810: fd (fd:0, idx:1), active : 1
0:00:00.019828566  4445 0xc03390 DEBUG   GST_REGISTRY gstregistrychunks.c:583:gst_registry_chunks_load_feature: Plugin 'coreelements' feature 'capsfilter' typename : 'GstElementFactory'
0:00:00.015803066  4446 0xc47320 LOG   GST_POLL gstpoll.c:994:gst_poll_fd_ctl_write: 0xc4f810: pfd->events now 60 (POLLOUT:4)
0:00:00.019836284  4445 0xc03390 TRACE   GST_REFCOUNTING gstobject.c:208:gst_object_init: 0xc25130 new
0:00:00.015810195  4446 0xc47320 DEBUG   GST_POLL gstpoll.c:980:gst_poll_fd_ctl_write: 0xc4f810: fd (fd:0, idx:1), active : 1
0:00:00.019843391  4445 0xc03390 LOG   GST_REGISTRY gstregistrychunks.c:610:gst_registry_chunks_load_feature: Reading/casting for GstRegistryChunkElementFactory at address 0xc20350
0:00:00.015822448  4446 0xc47320 LOG   GST_POLL gstpoll.c:994:gst_poll_fd_ctl_write: 0xc4f810: pfd->events now 60 (POLLOUT:4)
0:00:00.019852167  4445 0xc03390 TRACE   structure gststructure.c:287:gst_structure_new_id_empty_with_size: created structure 0xc25810
0:00:00.015829184  4446 0xc47320 DEBUG   GST_POLL gstpoll.c:980:gst_poll_fd_ctl_write: 0xc4f810: fd (fd:0, idx:1), active : 1
0:00:00.019858173  4445 0xc03390 DEBUG   structure gststructure.c:2203:gst_structure_parse_field: trying field name 'long-name'
0:00:00.015835319  4446 0xc47320 LOG   GST_POLL gstpoll.c:994:gst_poll_fd_ctl_write: 0xc4f810: pfd->events now 60 (POLLOUT:4)
0:00:00.019864671  4445 0xc03390 DEBUG   default gstvalue.c:2676:_priv_gst_value_parse_value: trying type name 'string'
0:00:00.015841768  4446 0xc47320 DEBUG   GST_POLL gstpoll.c:980:gst_poll_fd_ctl_write: 0xc4f810: fd (fd:0, idx:1), active : 1
0:00:00.019871234  4445 0xc03390 DEBUG   structure gststructure.c:2203:gst_structure_parse_field: trying field name 'klass'
0:00:00.015848050  4446 0xc47320 LOG   GST_POLL gstpoll.c:994:gst_poll_fd_ctl_write: 0xc4f810: pfd->events now 60 (POLLOUT:4)
0:00:00.019877394  4445 0xc03390 DEBUG   default gstvalue.c:2676:_priv_gst_value_parse_value: trying type name 'string'
0:00:00.015854601  4446 0xc47320 DEBUG   GST_POLL gstpoll.c:980:gst_poll_fd_ctl_write: 0xc4f810: fd (fd:0, idx:1), active : 1
0:00:00.019884358  4445 0xc03390 DEBUG   structure gststructure.c:2203:gst_structure_parse_field: trying field name 'description'
0:00:00.015860644  4446 0xc47320 LOG   GST_POLL gstpoll.c:994:gst_poll_fd_ctl_write: 0xc4f810: pfd->events now 60 (POLLOUT:4)
0:00:00.019890219  4445 0xc03390 DEBUG   default gstvalue.c:2676:_priv_gst_value_parse_value: trying type name 'string'
0:00:00.015867059  4446 0xc47320 DEBUG   GST_POLL gstpoll.c:980:gst_poll_fd_ctl_write: 0xc4f810: fd (fd:0, idx:1), active : 1
0:00:00.019896808  4445 0xc03390 DEBUG   structure gststructure.c:2203:gst_structure_parse_field: trying field name 'author'
0:00:00.015873360  4446 0xc47320 LOG   GST_POLL gstpoll.c:994:gst_poll_fd_ctl_write: 0xc4f810: pfd->events now 60 (POLLOUT:4)
0:00:00.019902500  4445 0xc03390 DEBUG   default gstvalue.c:2676:_priv_gst_value_parse_value: trying type name 'string'
0:00:00.015879644  4446 0xc47320 DEBUG   GST_POLL gstpoll.c:980:gst_poll_fd_ctl_write: 0xc4f810: fd (fd:0, idx:1), active : 1
0:00:00.019909351  4445 0xc03390 DEBUG   GST_REGISTRY gstregistrychunks.c:626:gst_registry_chunks_load_feature: Element factory : npadtemplates=2
0:00:00.015885808  4446 0xc47320 LOG   GST_POLL gstpoll.c:994:gst_poll_fd_ctl_write: 0xc4f810: pfd->events now 60 (POLLOUT:4)
0:00:00.019915182  4445 0xc03390 DEBUG   GST_REGISTRY gstregistrychunks.c:526:gst_registry_chunks_load_pad_template: Reading/casting for GstRegistryChunkPadTemplate at address 0xc20430
0:00:00.015892121  4446 0xc47320 DEBUG   GST_POLL gstpoll.c:980:gst_poll_fd_ctl_write: 0xc4f810: fd (fd:0, idx:1), active : 1
0:00:00.019925854  4445 0xc03390 DEBUG   GST_REGISTRY gstregistrychunks.c:539:gst_registry_chunks_load_pad_template: Added pad_template sink
0:00:00.015901110  4446 0xc47320 LOG   GST_POLL gstpoll.c:994:gst_poll_fd_ctl_write: 0xc4f810: pfd->events now 60 (POLLOUT:4)
0:00:00.019931755  4445 0xc03390 DEBUG   GST_REGISTRY gstregistrychunks.c:526:gst_registry_chunks_load_pad_template: Reading/casting for GstRegistryChunkPadTemplate at address 0xc20448
