******************************************************************************** conan test cci-7f446040/recipes/gstreamer/all/test_package/conanfile.py gstreamer/1.18.4@#0f08191cb7fd82c31737b0f93cbbcc58 -pr /home/conan/w/prod/BuildSingleReference/236112/060b81b6-3558-43e1-ba9b-b6fae694a800/profile_linux_5_libstdcpp11_gcc_release_64.gstreamer-shared-True.txt -c tools.system.package_manager:mode=install -c tools.system.package_manager:sudo=True ******************************************************************************** Configuration: [settings] arch=x86_64 build_type=Release compiler=gcc compiler.libcxx=libstdc++11 compiler.version=5 os=Linux [options] gstreamer:shared=True [build_requires] [env] [conf] tools.system.package_manager:mode=install tools.system.package_manager:sudo=True gstreamer/1.18.4 (test package): Installing package Requirements bzip2/1.0.8 from 'conan-center' - Cache glib/2.76.2 from 'conan-center' - Cache gstreamer/1.18.4 from local cache - Cache libelf/0.8.13 from 'conan-center' - Cache libffi/3.4.4 from 'conan-center' - Cache libmount/2.36.2 from 'conan-center' - Cache libselinux/3.3 from 'conan-center' - Cache pcre2/10.42 from 'conan-center' - Cache zlib/1.2.13 from 'conan-center' - Cache Packages bzip2/1.0.8:3df6ebb8a308d309e882b21988fd9ea103560e16 - Cache glib/2.76.2:b227e32c8e4f943175022435e062096cf00db73f - Cache gstreamer/1.18.4:3ad8b12e986bc654ebd8f9dbd570a3969420bafe - Cache libelf/0.8.13:76f87539fc90ff313e0b3182641a9bb558a717d2 - Cache libffi/3.4.4:76f87539fc90ff313e0b3182641a9bb558a717d2 - Cache libmount/2.36.2:76f87539fc90ff313e0b3182641a9bb558a717d2 - Cache libselinux/3.3:cad8a1faed4c8609424871dd208f18af9db1e8bf - Cache pcre2/10.42:81d8b745adfb126566532e259d43cc547bea5ad2 - Cache zlib/1.2.13:76f87539fc90ff313e0b3182641a9bb558a717d2 - Cache Installing (downloading, building) binaries... bzip2/1.0.8: Already installed! libelf/0.8.13: Already installed! libffi/3.4.4: Already installed! libmount/2.36.2: Already installed! zlib/1.2.13: Already installed! pcre2/10.42: Already installed! pcre2/10.42: Appending PATH environment variable: /home/conan/w/prod/BuildSingleReference/.conan/data/pcre2/10.42/_/_/package/81d8b745adfb126566532e259d43cc547bea5ad2/bin libselinux/3.3: Already installed! glib/2.76.2: Already installed! gstreamer/1.18.4: Already installed! gstreamer/1.18.4: Appending GST_PLUGIN_PATH env var : /home/conan/w/prod/BuildSingleReference/.conan/data/gstreamer/1.18.4/_/_/package/3ad8b12e986bc654ebd8f9dbd570a3969420bafe/lib/gstreamer-1.0 gstreamer/1.18.4: Creating GSTREAMER_ROOT env var : /home/conan/w/prod/BuildSingleReference/.conan/data/gstreamer/1.18.4/_/_/package/3ad8b12e986bc654ebd8f9dbd570a3969420bafe gstreamer/1.18.4: Creating GST_PLUGIN_SCANNER env var : /home/conan/w/prod/BuildSingleReference/.conan/data/gstreamer/1.18.4/_/_/package/3ad8b12e986bc654ebd8f9dbd570a3969420bafe/bin/gstreamer-1.0/gst-plugin-scanner gstreamer/1.18.4: Creating GSTREAMER_ROOT_X86_64 env var : /home/conan/w/prod/BuildSingleReference/.conan/data/gstreamer/1.18.4/_/_/package/3ad8b12e986bc654ebd8f9dbd570a3969420bafe gstreamer/1.18.4 (test package): Generator txt created conanbuildinfo.txt gstreamer/1.18.4 (test package): Calling generate() gstreamer/1.18.4 (test package): Preset 'release' added to CMakePresets.json. Invoke it manually using 'cmake --preset release' gstreamer/1.18.4 (test package): If your CMake version is not compatible with CMakePresets (<3.19) call cmake like: 'cmake -G "Unix Makefiles" -DCMAKE_TOOLCHAIN_FILE=/home/conan/w/prod/BuildSingleReference/cci-7f446040/recipes/gstreamer/all/test_package/build/Release/generators/conan_toolchain.cmake -DCMAKE_POLICY_DEFAULT_CMP0091=NEW -DCMAKE_BUILD_TYPE=Release' gstreamer/1.18.4 (test package): Aggregating env generators gstreamer/1.18.4 (test package): Generated conaninfo.txt gstreamer/1.18.4 (test package): Generated graphinfo Using lockfile: '/home/conan/w/prod/BuildSingleReference/cci-7f446040/recipes/gstreamer/all/test_package/build/Release/generators/conan.lock' Using cached profile from lockfile [HOOK - conan-center.py] pre_build(): [FPIC MANAGEMENT (KB-H007)] 'fPIC' option not found [HOOK - conan-center.py] pre_build(): [FPIC MANAGEMENT (KB-H007)] OK gstreamer/1.18.4 (test package): Calling build() gstreamer/1.18.4 (test package): CMake command: cmake -G "Unix Makefiles" -DCMAKE_TOOLCHAIN_FILE="/home/conan/w/prod/BuildSingleReference/cci-7f446040/recipes/gstreamer/all/test_package/build/Release/generators/conan_toolchain.cmake" -DCMAKE_POLICY_DEFAULT_CMP0091="NEW" -DCMAKE_BUILD_TYPE="Release" "/home/conan/w/prod/BuildSingleReference/cci-7f446040/recipes/gstreamer/all/test_package/." ----Running------ > cmake -G "Unix Makefiles" -DCMAKE_TOOLCHAIN_FILE="/home/conan/w/prod/BuildSingleReference/cci-7f446040/recipes/gstreamer/all/test_package/build/Release/generators/conan_toolchain.cmake" -DCMAKE_POLICY_DEFAULT_CMP0091="NEW" -DCMAKE_BUILD_TYPE="Release" "/home/conan/w/prod/BuildSingleReference/cci-7f446040/recipes/gstreamer/all/test_package/." ----------------- -- Using Conan toolchain: /home/conan/w/prod/BuildSingleReference/cci-7f446040/recipes/gstreamer/all/test_package/build/Release/generators/conan_toolchain.cmake -- The C compiler identification is GNU 5.4.0 -- Detecting C compiler ABI info -- Detecting C compiler ABI info - done -- Check for working C compiler: /usr/bin/gcc - skipped -- Detecting C compile features -- Detecting C compile features - done -- Conan: Component target declared 'gstreamer::gstreamer-1.0' -- Conan: Component target declared 'gstreamer::gstreamer-base-1.0' -- Conan: Component target declared 'gstreamer::gstreamer-controller-1.0' -- Conan: Component target declared 'gstreamer::gstreamer-net-1.0' -- Conan: Component target declared 'gstreamer::gstreamer-check-1.0' -- Conan: Target declared 'gstreamer::gstreamer' -- Conan: Component target declared 'glib::glib-2.0' -- Conan: Component target declared 'glib::gmodule-no-export-2.0' -- Conan: Component target declared 'glib::gmodule-export-2.0' -- Conan: Component target declared 'glib::gmodule-2.0' -- Conan: Component target declared 'glib::gobject-2.0' -- Conan: Component target declared 'glib::gthread-2.0' -- Conan: Component target declared 'glib::gio-2.0' -- Conan: Component target declared 'glib::gresource' -- Conan: Component target declared 'glib::gio-unix-2.0' -- Conan: Target declared 'glib::glib' -- Conan: Component target declared 'PCRE2::8BIT' -- Conan: Component target declared 'PCRE2::POSIX' -- Conan: Component target declared 'PCRE2::16BIT' -- Conan: Component target declared 'PCRE2::32BIT' -- Conan: Target declared 'pcre2::pcre2' -- Conan: Target declared 'ZLIB::ZLIB' -- Conan: Target declared 'BZip2::BZip2' -- Conan: Including build module from '/home/conan/w/prod/BuildSingleReference/.conan/data/bzip2/1.0.8/_/_/package/3df6ebb8a308d309e882b21988fd9ea103560e16/lib/cmake/conan-official-bzip2-variables.cmake' -- Conan: Target declared 'libffi::libffi' -- Conan: Target declared 'libmount::libmount' -- Conan: Component target declared 'libselinux::sepol' -- Conan: Component target declared 'libselinux::selinux' -- Conan: Target declared 'libselinux::libselinux' -- Conan: Target declared 'libelf::libelf' -- Found PkgConfig: /usr/bin/pkg-config (found version "0.29.1") -- Checking for module 'gstreamer-1.0' -- Found gstreamer-1.0, version 1.18.4 -- Checking for module 'gstreamer-base-1.0' -- Found gstreamer-base-1.0, version 1.18.4 -- Checking for module 'gstreamer-controller-1.0' -- Found gstreamer-controller-1.0, version 1.18.4 -- Checking for module 'gstreamer-net-1.0' -- Found gstreamer-net-1.0, version 1.18.4 -- Checking for module 'gstreamer-check-1.0' -- Found gstreamer-check-1.0, version 1.18.4 -- Checking for module 'gstcoreelements' -- No package 'gstcoreelements' found -- Configuring done -- Generating done -- Build files have been written to: /home/conan/w/prod/BuildSingleReference/cci-7f446040/recipes/gstreamer/all/test_package/build/Release gstreamer/1.18.4 (test package): CMake command: cmake --build "/home/conan/w/prod/BuildSingleReference/cci-7f446040/recipes/gstreamer/all/test_package/build/Release" '--' '-j3' ----Running------ > cmake --build "/home/conan/w/prod/BuildSingleReference/cci-7f446040/recipes/gstreamer/all/test_package/build/Release" '--' '-j3' ----------------- Scanning dependencies of target test_package [ 50%] Building C object CMakeFiles/test_package.dir/test_package.c.o [100%] Linking C executable test_package [100%] Built target test_package gstreamer/1.18.4 (test package): Running test() ----Running------ > . "/home/conan/w/prod/BuildSingleReference/cci-7f446040/recipes/gstreamer/all/test_package/build/Release/generators/conanrun.sh" && timeout --kill-after=10s 5s ./test_package ----------------- GStreamer version: GStreamer 1.18.4 fakesink has been created successfully fakesrc has been created successfully CMake Warning: Manually-specified variables were not used by the project: CMAKE_POLICY_DEFAULT_CMP0091
0:00:00.000067971  4445 0xc03390 INFO   GST_INIT gst.c:586:init_pre: Initializing GStreamer Core Library version 1.18.4
0:00:00.000110184  4445 0xc03390 INFO   GST_INIT gst.c:587:init_pre: Using library installed in /home/conan/w/prod/BuildSingleReference/.conan/data/gstreamer/1.18.4/_/_/package/3ad8b12e986bc654ebd8f9dbd570a3969420bafe/lib
0:00:00.000124046  4445 0xc03390 INFO   GST_INIT gst.c:607:init_pre: Linux jnlp-linux-gcc-5-1.59.0-v28j6 5.10.162+ #1 SMP Wed Mar 1 09:59:00 UTC 2023 x86_64
0:00:00.000223573  4445 0xc03390 DEBUG   GST_MEMORY gstallocator.c:589:_priv_gst_allocator_initialize: memory alignment: 7
0:00:00.000319056  4445 0xc03390 TRACE   GST_REFCOUNTING gstobject.c:208:gst_object_init: 0xc05f30 new
0:00:00.000327786  4445 0xc03390 DEBUG   GST_MEMORY gstallocator.c:565:gst_allocator_sysmem_init: init allocator 0xc05f30
0:00:00.000347595  4445 0xc03390 TRACE   GST_REFCOUNTING gstobject.c:294:gst_object_ref_sink: 0xc05f30 ref_sink 1->2
0:00:00.000356834  4445 0xc03390 TRACE   GST_REFCOUNTING gstobject.c:238:gst_object_ref: 0xc05f30 ref 1->2
0:00:00.000364440  4445 0xc03390 DEBUG   GST_MEMORY gstallocator.c:207:gst_allocator_register: registering allocator 0xc05f30 with name "SystemMemory"
0:00:00.000379365  4445 0xc03390 TRACE   GST_REFCOUNTING gstobject.c:238:gst_object_ref: 0xc05f30 ref 2->3
0:00:00.000427923  4445 0xc03390 TRACE   GST_CAPS gstcaps.c:263:gst_caps_new_empty: created caps 0xbffb60
0:00:00.000434900  4445 0xc03390 TRACE   GST_CAPS gstcaps.c:263:gst_caps_new_empty: created caps 0xbffbe0
0:00:00.000445203  4445 0xc03390 TRACE   caps-features gstcapsfeatures.c:191:gst_caps_features_new_empty: created caps features 0xbfed00
0:00:00.000451613  4445 0xc03390 TRACE   caps-features gstcapsfeatures.c:191:gst_caps_features_new_empty: created caps features 0xbffe70
0:00:00.000459429  4445 0xc03390 INFO   GST_INIT gstmessage.c:129:_priv_gst_message_initialize: init messages
0:00:00.000529401  4445 0xc03390 TRACE   structure gststructure.c:287:gst_structure_new_id_empty_with_size: created structure 0xc099e0
0:00:00.000538999  4445 0xc03390 DEBUG   GST_ELEMENT_PADS gstelement.c:312:gst_element_base_class_init: type GstElement : factory (nil)
0:00:00.000580890  4445 0xc03390 TRACE   structure gststructure.c:287:gst_structure_new_id_empty_with_size: created structure 0xc0aae0
0:00:00.000587650  4445 0xc03390 TRACE   GST_PERFORMANCE gststructure.c:509:gst_structure_copy: doing copy 0xc099e0 -> 0xc0aae0
0:00:00.000594644  4445 0xc03390 DEBUG   GST_ELEMENT_PADS gstelement.c:312:gst_element_base_class_init: type GstBin : factory (nil)
0:00:00.000917029  4445 0xc03390 INFO   GST_INIT gstcontext.c:85:_priv_gst_context_initialize: init contexts
0:00:00.001139335  4445 0xc03390 INFO   GST_PLUGIN_LOADING gstplugin.c:325:_priv_gst_plugin_initialize: registering 0 static plugins
0:00:00.001161627  4445 0xc03390 LOG   GST_PLUGIN_LOADING gstplugin.c:230:gst_plugin_register_static: attempting to load static plugin "staticelements" now...
0:00:00.001174799  4445 0xc03390 TRACE   GST_REFCOUNTING gstobject.c:208:gst_object_init: 0xc1a870 new
0:00:00.001185157  4445 0xc03390 LOG   GST_PLUGIN_LOADING gstplugin.c:514:gst_plugin_register_func: plugin "(NULL)" looks good
0:00:00.001202669  4445 0xc03390 TRACE   GST_REFCOUNTING gstobject.c:208:gst_object_init: 0xc1ad30 new
0:00:00.001220871  4445 0xc03390 TRACE   GST_REFCOUNTING gstobject.c:294:gst_object_ref_sink: 0xc1ad30 ref_sink 1->2
0:00:00.001229157  4445 0xc03390 TRACE   GST_REFCOUNTING gstobject.c:208:gst_object_init: 0xc1aef0 new
0:00:00.001239069  4445 0xc03390 LOG   GST_ELEMENT_FACTORY gstelementfactory.c:238:gst_element_register: Created new elementfactory for type GstBin
0:00:00.001247848  4445 0xc03390 TRACE   structure gststructure.c:287:gst_structure_new_id_empty_with_size: created structure 0xc1b150
0:00:00.001255267  4445 0xc03390 TRACE   GST_PERFORMANCE gststructure.c:509:gst_structure_copy: doing copy 0xc0aae0 -> 0xc1b150
0:00:00.001268269  4445 0xc03390 DEBUG   GST_REGISTRY gstregistry.c:590:gst_registry_add_feature: adding feature 0xc1aef0 (bin)
0:00:00.001295406  4445 0xc03390 DEBUG   GST_REFCOUNTING gstobject.c:709:gst_object_set_parent: set parent (ref and sink)
0:00:00.001303197  4445 0xc03390 TRACE   GST_REFCOUNTING gstobject.c:294:gst_object_ref_sink: 0xc1aef0 ref_sink 1->2
0:00:00.001309548  4445 0xc03390 LOG   GST_REGISTRY gstregistry.c:608:gst_registry_add_feature: emitting feature-added for bin
0:00:00.001321333  4445 0xc03390 TRACE   GST_REFCOUNTING gstobject.c:208:gst_object_init: 0xc1b4b0 new
0:00:00.001330094  4445 0xc03390 LOG   GST_ELEMENT_FACTORY gstelementfactory.c:238:gst_element_register: Created new elementfactory for type GstPipeline
0:00:00.001337737  4445 0xc03390 TRACE   structure gststructure.c:287:gst_structure_new_id_empty_with_size: created structure 0xc1b990
0:00:00.001344483  4445 0xc03390 TRACE   GST_PERFORMANCE gststructure.c:509:gst_structure_copy: doing copy 0xc0aae0 -> 0xc1b990
0:00:00.001351578  4445 0xc03390 DEBUG   GST_ELEMENT_PADS gstelement.c:312:gst_element_base_class_init: type GstPipeline : factory 0xc1b4b0
0:00:00.001376947  4445 0xc03390 TRACE   structure gststructure.c:287:gst_structure_new_id_empty_with_size: created structure 0xc0b6c0
0:00:00.001383763  4445 0xc03390 TRACE   GST_PERFORMANCE gststructure.c:509:gst_structure_copy: doing copy 0xc1b990 -> 0xc0b6c0
0:00:00.001391623  4445 0xc03390 DEBUG   GST_REGISTRY gstregistry.c:590:gst_registry_add_feature: adding feature 0xc1b4b0 (pipeline)
0:00:00.001397427  4445 0xc03390 DEBUG   GST_REFCOUNTING gstobject.c:709:gst_object_set_parent: set parent (ref and sink)
0:00:00.001404368  4445 0xc03390 TRACE   GST_REFCOUNTING gstobject.c:294:gst_object_ref_sink: 0xc1b4b0 ref_sink 1->2
0:00:00.001416843  4445 0xc03390 LOG   GST_REGISTRY gstregistry.c:608:gst_registry_add_feature: emitting feature-added for pipeline
0:00:00.001422648  4445 0xc03390 LOG   GST_PLUGIN_LOADING gstplugin.c:541:gst_plugin_register_func: plugin "(NULL)" initialised
0:00:00.001428330  4445 0xc03390 INFO   GST_PLUGIN_LOADING gstplugin.c:233:gst_plugin_register_static: registered static plugin "staticelements"
0:00:00.001435378  4445 0xc03390 DEBUG   GST_REGISTRY gstregistry.c:474:gst_registry_add_plugin: adding plugin 0xc1a870 for filename "(NULL)"
0:00:00.001441888  4445 0xc03390 TRACE   GST_REFCOUNTING gstobject.c:294:gst_object_ref_sink: 0xc1a870 ref_sink 1->2
0:00:00.001448155  4445 0xc03390 LOG   GST_REGISTRY gstregistry.c:487:gst_registry_add_plugin: emitting plugin-added for filename "(NULL)"
0:00:00.001454692  4445 0xc03390 INFO   GST_PLUGIN_LOADING gstplugin.c:235:gst_plugin_register_static: added static plugin "staticelements", result: 1
0:00:00.001471826  4445 0xc03390 INFO   GST_REGISTRY gstregistry.c:1755:ensure_current_registry: reading registry cache: /home/conan/.cache/gstreamer-1.0/registry.x86_64.bin
0:00:00.001590072  4445 0xc03390 INFO   GST_REGISTRY gstregistrybinary.c:584:priv_gst_registry_binary_read_cache: Unable to mmap file /home/conan/.cache/gstreamer-1.0/registry.x86_64.bin : Failed to open file “/home/conan/.cache/gstreamer-1.0/registry.x86_64.bin”: open() failed: No such file or directory
0:00:00.001608495  4445 0xc03390 INFO   GST_REGISTRY gstregistrybinary.c:594:priv_gst_registry_binary_read_cache: Unable to read file /home/conan/.cache/gstreamer-1.0/registry.x86_64.bin : Failed to open file “/home/conan/.cache/gstreamer-1.0/registry.x86_64.bin”: No such file or directory
0:00:00.001616493  4445 0xc03390 DEBUG   GST_REGISTRY gstregistry.c:1783:ensure_current_registry: Updating registry cache
0:00:00.001622483  4445 0xc03390 INFO   GST_REGISTRY gstregistry.c:1614:scan_and_update_registry: Validating plugins from registry cache: /home/conan/.cache/gstreamer-1.0/registry.x86_64.bin
0:00:00.001628028  4445 0xc03390 DEBUG   GST_REGISTRY gstregistry.c:1624:scan_and_update_registry: scanning paths added via --gst-plugin-path
0:00:00.001634627  4445 0xc03390 DEBUG   GST_REGISTRY gstregistry.c:1640:scan_and_update_registry: GST_PLUGIN_PATH set to /home/conan/w/prod/BuildSingleReference/.conan/data/gstreamer/1.18.4/_/_/package/3ad8b12e986bc654ebd8f9dbd570a3969420bafe/lib/gstreamer-1.0
0:00:00.001646902  4445 0xc03390 DEBUG   GST_REGISTRY gstregistry.c:1380:gst_registry_scan_path_internal: scanning path /home/conan/w/prod/BuildSingleReference/.conan/data/gstreamer/1.18.4/_/_/package/3ad8b12e986bc654ebd8f9dbd570a3969420bafe/lib/gstreamer-1.0
0:00:00.001689475  4445 0xc03390 LOG   GST_REGISTRY gstregistry.c:1300:gst_registry_scan_path_level: file /home/conan/w/prod/BuildSingleReference/.conan/data/gstreamer/1.18.4/_/_/package/3ad8b12e986bc654ebd8f9dbd570a3969420bafe/lib/gstreamer-1.0/libgstcoretracers.so looks like a possible module
0:00:00.001697758  4445 0xc03390 DEBUG   GST_REGISTRY gstregistry.c:1361:gst_registry_scan_path_level: file /home/conan/w/prod/BuildSingleReference/.conan/data/gstreamer/1.18.4/_/_/package/3ad8b12e986bc654ebd8f9dbd570a3969420bafe/lib/gstreamer-1.0/libgstcoretracers.so not yet in registry
0:00:00.001712030  4445 0xc03390 DEBUG   GST_REGISTRY gstregistry.c:1161:gst_registry_scan_plugin_file: Starting plugin scanner for file /home/conan/w/prod/BuildSingleReference/.conan/data/gstreamer/1.18.4/_/_/package/3ad8b12e986bc654ebd8f9dbd570a3969420bafe/lib/gstreamer-1.0/libgstcoretracers.so
0:00:00.001720094  4445 0xc03390 TRACE   GST_REFCOUNTING gstobject.c:238:gst_object_ref: 0xc1ad30 ref 1->2
0:00:00.001727277  4445 0xc03390 DEBUG   GST_POLL gstpoll.c:681:gst_poll_new: 0xc1cb40: new controllable : 0
0:00:00.001749991  4445 0xc03390 DEBUG   GST_POLL gstpoll.c:848:gst_poll_add_fd_unlocked: 0xc1cb40: fd (fd:4, idx:0)
0:00:00.001756689  4445 0xc03390 DEBUG   GST_POLL gstpoll.c:1015:gst_poll_fd_ctl_read_unlocked: 0xc1cb40: fd (fd:4, idx:0), active : 1
0:00:00.001762861  4445 0xc03390 DEBUG   GST_REGISTRY gstregistry.c:1172:gst_registry_scan_plugin_file: Using scan-helper to load plugin /home/conan/w/prod/BuildSingleReference/.conan/data/gstreamer/1.18.4/_/_/package/3ad8b12e986bc654ebd8f9dbd570a3969420bafe/lib/gstreamer-1.0/libgstcoretracers.so
0:00:00.001770319  4445 0xc03390 LOG   GST_PLUGIN_LOADING gstpluginloader.c:474:gst_plugin_loader_spawn: Trying GST_PLUGIN_SCANNER env var: /home/conan/w/prod/BuildSingleReference/.conan/data/gstreamer/1.18.4/_/_/package/3ad8b12e986bc654ebd8f9dbd570a3969420bafe/bin/gstreamer-1.0/gst-plugin-scanner
0:00:00.001777334  4445 0xc03390 LOG   GST_PLUGIN_LOADING gstpluginloader.c:432:gst_plugin_loader_try_helper: Trying to spawn gst-plugin-scanner helper at /home/conan/w/prod/BuildSingleReference/.conan/data/gstreamer/1.18.4/_/_/package/3ad8b12e986bc654ebd8f9dbd570a3969420bafe/bin/gstreamer-1.0/gst-plugin-scanner
0:00:00.002420729  4445 0xc03390 DEBUG   GST_POLL gstpoll.c:848:gst_poll_add_fd_unlocked: 0xc1cb40: fd (fd:7, idx:-1)
0:00:00.002439373  4445 0xc03390 DEBUG   GST_POLL gstpoll.c:848:gst_poll_add_fd_unlocked: 0xc1cb40: fd (fd:8, idx:-1)
0:00:00.002445954  4445 0xc03390 DEBUG   GST_POLL gstpoll.c:1015:gst_poll_fd_ctl_read_unlocked: 0xc1cb40: fd (fd:8, idx:2), active : 1
0:00:00.002452071  4445 0xc03390 DEBUG   GST_POLL gstpoll.c:980:gst_poll_fd_ctl_write: 0xc1cb40: fd (fd:7, idx:1), active : 1
0:00:00.002458026  4445 0xc03390 LOG   GST_POLL gstpoll.c:994:gst_poll_fd_ctl_write: 0xc1cb40: pfd->events now 60 (POLLOUT:4)
0:00:00.002464192  4445 0xc03390 DEBUG   GST_POLL gstpoll.c:980:gst_poll_fd_ctl_write: 0xc1cb40: fd (fd:7, idx:1), active : 1
0:00:00.002469929  4445 0xc03390 LOG   GST_POLL gstpoll.c:994:gst_poll_fd_ctl_write: 0xc1cb40: pfd->events now 60 (POLLOUT:4)
0:00:00.002484858  4445 0xc03390 DEBUG   GST_POLL gstpoll.c:1414:gst_poll_wait: 0xc1cb40: timeout :0:00:01.000000000
0:00:00.002503171  4445 0xc03390 LOG   GST_PLUGIN_LOADING gstpluginloader.c:1028:exchange_packets: Poll res = 1. 24 bytes pending for write
0:00:00.002510192  4445 0xc03390 DEBUG   GST_POLL gstpoll.c:1241:gst_poll_fd_has_error: 0xc1cb40: fd (fd:8, idx:2) 0
0:00:00.002515866  4445 0xc03390 DEBUG   GST_POLL gstpoll.c:1266:gst_poll_fd_can_read_unlocked: 0xc1cb40: fd (fd:8, idx:2) 0
0:00:00.002528133  4445 0xc03390 DEBUG   GST_POLL gstpoll.c:1195:gst_poll_fd_has_closed: 0xc1cb40: fd (fd:8, idx:2) 0
0:00:00.002533912  4445 0xc03390 DEBUG   GST_POLL gstpoll.c:1241:gst_poll_fd_has_error: 0xc1cb40: fd (fd:7, idx:1) 0
0:00:00.002539586  4445 0xc03390 DEBUG   GST_POLL gstpoll.c:1335:gst_poll_fd_can_write: 0xc1cb40: fd (fd:7, idx:1) 1
0:00:00.002545260  4445 0xc03390 LOG   GST_PLUGIN_LOADING gstpluginloader.c:690:write_one: Writing packet of size 12 bytes to fd 7
0:00:00.002556317  4445 0xc03390 DEBUG   GST_POLL gstpoll.c:1414:gst_poll_wait: 0xc1cb40: timeout :0:00:01.000000000
0:00:00.002563982  4445 0xc03390 LOG   GST_PLUGIN_LOADING gstpluginloader.c:1028:exchange_packets: Poll res = 1. 12 bytes pending for write
0:00:00.002570029  4445 0xc03390 DEBUG   GST_POLL gstpoll.c:1241:gst_poll_fd_has_error: 0xc1cb40: fd (fd:8, idx:2) 0
0:00:00.002575582  4445 0xc03390 DEBUG   GST_POLL gstpoll.c:1266:gst_poll_fd_can_read_unlocked: 0xc1cb40: fd (fd:8, idx:2) 0
0:00:00.002581080  4445 0xc03390 DEBUG   GST_POLL gstpoll.c:1195:gst_poll_fd_has_closed: 0xc1cb40: fd (fd:8, idx:2) 0
0:00:00.002586592  4445 0xc03390 DEBUG   GST_POLL gstpoll.c:1241:gst_poll_fd_has_error: 0xc1cb40: fd (fd:7, idx:1) 0
0:00:00.002592087  4445 0xc03390 DEBUG   GST_POLL gstpoll.c:1335:gst_poll_fd_can_write: 0xc1cb40: fd (fd:7, idx:1) 1
0:00:00.002597293  4445 0xc03390 LOG   GST_PLUGIN_LOADING gstpluginloader.c:690:write_one: Writing packet of size 12 bytes to fd 7
0:00:00.002604609  4445 0xc03390 DEBUG   GST_POLL gstpoll.c:980:gst_poll_fd_ctl_write: 0xc1cb40: fd (fd:7, idx:1), active : 0
0:00:00.002610464  4445 0xc03390 LOG   GST_POLL gstpoll.c:994:gst_poll_fd_ctl_write: 0xc1cb40: pfd->events now 56 (POLLOUT:4)
0:00:00.002616814  4445 0xc03390 DEBUG   GST_POLL gstpoll.c:1414:gst_poll_wait: 0xc1cb40: timeout :0:00:01.000000000
0:00:00.000064073  4446 0xc47320 INFO   GST_INIT gst.c:586:init_pre: Initializing GStreamer Core Library version 1.18.4
0:00:00.000100305  4446 0xc47320 INFO   GST_INIT gst.c:587:init_pre: Using library installed in /home/conan/w/prod/BuildSingleReference/.conan/data/gstreamer/1.18.4/_/_/package/3ad8b12e986bc654ebd8f9dbd570a3969420bafe/lib
0:00:00.000113493  4446 0xc47320 INFO   GST_INIT gst.c:607:init_pre: Linux jnlp-linux-gcc-5-1.59.0-v28j6 5.10.162+ #1 SMP Wed Mar 1 09:59:00 UTC 2023 x86_64
0:00:00.000193050  4446 0xc47320 DEBUG   GST_MEMORY gstallocator.c:589:_priv_gst_allocator_initialize: memory alignment: 7
0:00:00.000269068  4446 0xc47320 TRACE   GST_REFCOUNTING gstobject.c:208:gst_object_init: 0xc49f90 new
0:00:00.000277219  4446 0xc47320 DEBUG   GST_MEMORY gstallocator.c:565:gst_allocator_sysmem_init: init allocator 0xc49f90
0:00:00.000293703  4446 0xc47320 TRACE   GST_REFCOUNTING gstobject.c:294:gst_object_ref_sink: 0xc49f90 ref_sink 1->2
0:00:00.000302597  4446 0xc47320 TRACE   GST_REFCOUNTING gstobject.c:238:gst_object_ref: 0xc49f90 ref 1->2
0:00:00.000318476  4446 0xc47320 DEBUG   GST_MEMORY gstallocator.c:207:gst_allocator_register: registering allocator 0xc49f90 with name "SystemMemory"
0:00:00.000327490  4446 0xc47320 TRACE   GST_REFCOUNTING gstobject.c:238:gst_object_ref: 0xc49f90 ref 2->3
0:00:00.000369049  4446 0xc47320 TRACE   GST_CAPS gstcaps.c:263:gst_caps_new_empty: created caps 0xc43b60
0:00:00.000375896  4446 0xc47320 TRACE   GST_CAPS gstcaps.c:263:gst_caps_new_empty: created caps 0xc43be0
0:00:00.000385848  4446 0xc47320 TRACE   caps-features gstcapsfeatures.c:191:gst_caps_features_new_empty: created caps features 0xc42d00
0:00:00.000392125  4446 0xc47320 TRACE   caps-features gstcapsfeatures.c:191:gst_caps_features_new_empty: created caps features 0xc43e70
0:00:00.000399441  4446 0xc47320 INFO   GST_INIT gstmessage.c:129:_priv_gst_message_initialize: init messages
0:00:00.000453194  4446 0xc47320 TRACE   structure gststructure.c:287:gst_structure_new_id_empty_with_size: created structure 0xc4d9c0
0:00:00.000462956  4446 0xc47320 DEBUG   GST_ELEMENT_PADS gstelement.c:312:gst_element_base_class_init: type GstElement : factory (nil)
0:00:00.000495222  4446 0xc47320 TRACE   structure gststructure.c:287:gst_structure_new_id_empty_with_size: created structure 0xc4eac0
0:00:00.000501816  4446 0xc47320 TRACE   GST_PERFORMANCE gststructure.c:509:gst_structure_copy: doing copy 0xc4d9c0 -> 0xc4eac0
0:00:00.000508870  4446 0xc47320 DEBUG   GST_ELEMENT_PADS gstelement.c:312:gst_element_base_class_init: type GstBin : factory (nil)
0:00:00.000820191  4446 0xc47320 INFO   GST_INIT gstcontext.c:85:_priv_gst_context_initialize: init contexts
0:00:00.001037986  4446 0xc47320 INFO   GST_PLUGIN_LOADING gstplugin.c:325:_priv_gst_plugin_initialize: registering 0 static plugins
0:00:00.001050049  4446 0xc47320 LOG   GST_PLUGIN_LOADING gstplugin.c:230:gst_plugin_register_static: attempting to load static plugin "staticelements" now...
0:00:00.001062090  4446 0xc47320 TRACE   GST_REFCOUNTING gstobject.c:208:gst_object_init: 0xc5e850 new
0:00:00.001072367  4446 0xc47320 LOG   GST_PLUGIN_LOADING gstplugin.c:514:gst_plugin_register_func: plugin "(NULL)" looks good
0:00:00.001090324  4446 0xc47320 TRACE   GST_REFCOUNTING gstobject.c:208:gst_object_init: 0xc5ed10 new
0:00:00.001104128  4446 0xc47320 TRACE   GST_REFCOUNTING gstobject.c:294:gst_object_ref_sink: 0xc5ed10 ref_sink 1->2
0:00:00.001112361  4446 0xc47320 TRACE   GST_REFCOUNTING gstobject.c:208:gst_object_init: 0xc5eed0 new
0:00:00.001122383  4446 0xc47320 LOG   GST_ELEMENT_FACTORY gstelementfactory.c:238:gst_element_register: Created new elementfactory for type GstBin
0:00:00.001131146  4446 0xc47320 TRACE   structure gststructure.c:287:gst_structure_new_id_empty_with_size: created structure 0xc5f130
0:00:00.001138875  4446 0xc47320 TRACE   GST_PERFORMANCE gststructure.c:509:gst_structure_copy: doing copy 0xc4eac0 -> 0xc5f130
0:00:00.001160639  4446 0xc47320 DEBUG   GST_REGISTRY gstregistry.c:590:gst_registry_add_feature: adding feature 0xc5eed0 (bin)
0:00:00.001168239  4446 0xc47320 DEBUG   GST_REFCOUNTING gstobject.c:709:gst_object_set_parent: set parent (ref and sink)
0:00:00.001176172  4446 0xc47320 TRACE   GST_REFCOUNTING gstobject.c:294:gst_object_ref_sink: 0xc5eed0 ref_sink 1->2
0:00:00.001182966  4446 0xc47320 LOG   GST_REGISTRY gstregistry.c:608:gst_registry_add_feature: emitting feature-added for bin
0:00:00.001195070  4446 0xc47320 TRACE   GST_REFCOUNTING gstobject.c:208:gst_object_init: 0xc5f490 new
0:00:00.001204181  4446 0xc47320 LOG   GST_ELEMENT_FACTORY gstelementfactory.c:238:gst_element_register: Created new elementfactory for type GstPipeline
0:00:00.001211768  4446 0xc47320 TRACE   structure gststructure.c:287:gst_structure_new_id_empty_with_size: created structure 0xc5f970
0:00:00.001218675  4446 0xc47320 TRACE   GST_PERFORMANCE gststructure.c:509:gst_structure_copy: doing copy 0xc4eac0 -> 0xc5f970
0:00:00.001225645  4446 0xc47320 DEBUG   GST_ELEMENT_PADS gstelement.c:312:gst_element_base_class_init: type GstPipeline : factory 0xc5f490
0:00:00.001245768  4446 0xc47320 TRACE   structure gststructure.c:287:gst_structure_new_id_empty_with_size: created structure 0xc4f6a0
0:00:00.001252381  4446 0xc47320 TRACE   GST_PERFORMANCE gststructure.c:509:gst_structure_copy: doing copy 0xc5f970 -> 0xc4f6a0
0:00:00.001260072  4446 0xc47320 DEBUG   GST_REGISTRY gstregistry.c:590:gst_registry_add_feature: adding feature 0xc5f490 (pipeline)
0:00:00.001266090  4446 0xc47320 DEBUG   GST_REFCOUNTING gstobject.c:709:gst_object_set_parent: set parent (ref and sink)
0:00:00.001273347  4446 0xc47320 TRACE   GST_REFCOUNTING gstobject.c:294:gst_object_ref_sink: 0xc5f490 ref_sink 1->2
0:00:00.001280016  4446 0xc47320 LOG   GST_REGISTRY gstregistry.c:608:gst_registry_add_feature: emitting feature-added for pipeline
0:00:00.001285895  4446 0xc47320 LOG   GST_PLUGIN_LOADING gstplugin.c:541:gst_plugin_register_func: plugin "(NULL)" initialised
0:00:00.001291701  4446 0xc47320 INFO   GST_PLUGIN_LOADING gstplugin.c:233:gst_plugin_register_static: registered static plugin "staticelements"
0:00:00.001298762  4446 0xc47320 DEBUG   GST_REGISTRY gstregistry.c:474:gst_registry_add_plugin: adding plugin 0xc5e850 for filename "(NULL)"
0:00:00.001305518  4446 0xc47320 TRACE   GST_REFCOUNTING gstobject.c:294:gst_object_ref_sink: 0xc5e850 ref_sink 1->2
0:00:00.001312072  4446 0xc47320 LOG   GST_REGISTRY gstregistry.c:487:gst_registry_add_plugin: emitting plugin-added for filename "(NULL)"
0:00:00.001318827  4446 0xc47320 INFO   GST_PLUGIN_LOADING gstplugin.c:235:gst_plugin_register_static: added static plugin "staticelements", result: 1
0:00:00.001333194  4446 0xc47320 DEBUG   GST_REGISTRY gstregistry.c:1786:ensure_current_registry: Not updating registry cache (disabled)
0:00:00.001344878  4446 0xc47320 INFO   GST_REGISTRY gstregistry.c:1790:ensure_current_registry: registry reading and updating done, result = 1
0:00:00.001350245  4446 0xc47320 LOG   GST_REGISTRY gstregistry.c:1866:gst_update_registry: registry update succeeded
0:00:00.001356810  4446 0xc47320 INFO   GST_INIT gst.c:807:init_post: GLib runtime version: 2.76.2
0:00:00.001363550  4446 0xc47320 INFO   GST_INIT gst.c:809:init_post: GLib headers version: 2.76.2
0:00:00.001369025  4446 0xc47320 INFO   GST_INIT gst.c:810:init_post: initialized GStreamer successfully
0:00:00.001375462  4446 0xc47320 DEBUG   default gsttracerutils.c:77:_priv_gst_tracing_init: Initializing GstTracer
0:00:00.001392313  4446 0xc47320 DEBUG   GST_POLL gstpoll.c:681:gst_poll_new: 0xc4f810: new controllable : 0
0:00:00.001414538  4446 0xc47320 DEBUG   GST_POLL gstpoll.c:848:gst_poll_add_fd_unlocked: 0xc4f810: fd (fd:3, idx:0)
0:00:00.001421664  4446 0xc47320 DEBUG   GST_POLL gstpoll.c:1015:gst_poll_fd_ctl_read_unlocked: 0xc4f810: fd (fd:3, idx:0), active : 1
0:00:00.001436118  4446 0xc47320 DEBUG   GST_POLL gstpoll.c:848:gst_poll_add_fd_unlocked: 0xc4f810: fd (fd:0, idx:-1)
0:00:00.001442192  4446 0xc47320 DEBUG   GST_POLL gstpoll.c:848:gst_poll_add_fd_unlocked: 0xc4f810: fd (fd:5, idx:-1)
0:00:00.001448743  4446 0xc47320 DEBUG   GST_POLL gstpoll.c:1015:gst_poll_fd_ctl_read_unlocked: 0xc4f810: fd (fd:5, idx:2), active : 1
0:00:00.001454185  4446 0xc47320 DEBUG   GST_PLUGIN_LOADING gstpluginloader.c:583:_gst_plugin_loader_client_run: Plugin scanner child running. Waiting for instructions
0:00:00.001462306  4446 0xc47320 DEBUG   GST_POLL gstpoll.c:1414:gst_poll_wait: 0xc4f810: timeout :0:00:01.000000000
0:00:00.001474617  4446 0xc47320 LOG   GST_PLUGIN_LOADING gstpluginloader.c:1028:exchange_packets: Poll res = 1. 0 bytes pending for write
0:00:00.001481695  4446 0xc47320 DEBUG   GST_POLL gstpoll.c:1241:gst_poll_fd_has_error: 0xc4f810: fd (fd:5, idx:2) 0
0:00:00.001487938  4446 0xc47320 DEBUG   GST_POLL gstpoll.c:1266:gst_poll_fd_can_read_unlocked: 0xc4f810: fd (fd:5, idx:2) 1
0:00:00.001497697  4446 0xc47320 LOG   GST_PLUGIN_LOADING gstpluginloader.c:1006:read_one: No payload to read for 0 length packet type 5 tag 0
0:00:00.001504662  4446 0xc47320 DEBUG   GST_POLL gstpoll.c:980:gst_poll_fd_ctl_write: 0xc4f810: fd (fd:0, idx:1), active : 1
0:00:00.001510858  4446 0xc47320 LOG   GST_POLL gstpoll.c:994:gst_poll_fd_ctl_write: 0xc4f810: pfd->events now 60 (POLLOUT:4)
0:00:00.001516604  4446 0xc47320 LOG   GST_PLUGIN_LOADING gstpluginloader.c:934:handle_rx_packet: Got VERSION in child - replying 3
0:00:00.001523408  4446 0xc47320 DEBUG   GST_POLL gstpoll.c:1241:gst_poll_fd_has_error: 0xc4f810: fd (fd:0, idx:1) 0
0:00:00.001529529  4446 0xc47320 DEBUG   GST_POLL gstpoll.c:1335:gst_poll_fd_can_write: 0xc4f810: fd (fd:0, idx:1) 0
0:00:00.001535708  4446 0xc47320 DEBUG   GST_POLL gstpoll.c:1195:gst_poll_fd_has_closed: 0xc4f810: fd (fd:0, idx:1) 0
0:00:00.001547989  4446 0xc47320 DEBUG   GST_POLL gstpoll.c:1414:gst_poll_wait: 0xc4f810: timeout :0:00:01.000000000
0:00:00.001556025  4446 0xc47320 LOG   GST_PLUGIN_LOADING gstpluginloader.c:1028:exchange_packets: Poll res = 2. 80 bytes pending for write
0:00:00.001562755  4446 0xc47320 DEBUG   GST_POLL gstpoll.c:1241:gst_poll_fd_has_error: 0xc4f810: fd (fd:5, idx:2) 0
0:00:00.001568855  4446 0xc47320 DEBUG   GST_POLL gstpoll.c:1266:gst_poll_fd_can_read_unlocked: 0xc4f810: fd (fd:5, idx:2) 1
0:00:00.001576113  4446 0xc47320 LOG   GST_PLUGIN_LOADING gstpluginloader.c:1006:read_one: No payload to read for 0 length packet type 3 tag 0
0:00:00.001583016  4446 0xc47320 DEBUG   GST_POLL gstpoll.c:980:gst_poll_fd_ctl_write: 0xc4f810: fd (fd:0, idx:1), active : 1
0:00:00.001589144  4446 0xc47320 LOG   GST_POLL gstpoll.c:994:gst_poll_fd_ctl_write: 0xc4f810: pfd->events now 60 (POLLOUT:4)
0:00:00.001594296  4446 0xc47320 LOG   GST_PLUGIN_LOADING gstpluginloader.c:919:handle_rx_packet: Got SYNC in child - replying
0:00:00.001600716  4446 0xc47320 DEBUG   GST_POLL gstpoll.c:1241:gst_poll_fd_has_error: 0xc4f810: fd (fd:0, idx:1) 0
0:00:00.001606890  4446 0xc47320 DEBUG   GST_POLL gstpoll.c:1335:gst_poll_fd_can_write: 0xc4f810: fd (fd:0, idx:1) 1
0:00:00.001612616  4446 0xc47320 LOG   GST_PLUGIN_LOADING gstpluginloader.c:690:write_one: Writing packet of size 80 bytes to fd 0
0:00:00.001632537  4446 0xc47320 DEBUG   GST_POLL gstpoll.c:1414:gst_poll_wait: 0xc4f810: timeout :0:00:01.000000000
0:00:00.001640540  4446 0xc47320 LOG   GST_PLUGIN_LOADING gstpluginloader.c:1028:exchange_packets: Poll res = 1. 12 bytes pending for write
0:00:00.001647073  4446 0xc47320 DEBUG   GST_POLL gstpoll.c:1241:gst_poll_fd_has_error: 0xc4f810: fd (fd:5, idx:2) 0
0:00:00.001652852  4446 0xc47320 DEBUG   GST_POLL gstpoll.c:1266:gst_poll_fd_can_read_unlocked: 0xc4f810: fd (fd:5, idx:2) 0
0:00:00.001658597  4446 0xc47320 DEBUG   GST_POLL gstpoll.c:1195:gst_poll_fd_has_closed: 0xc4f810: fd (fd:5, idx:2) 0
0:00:00.005685433  4445 0xc03390 LOG   GST_PLUGIN_LOADING gstpluginloader.c:1028:exchange_packets: Poll res = 1. 0 bytes pending for write
0:00:00.001664314  4446 0xc47320 DEBUG   GST_POLL gstpoll.c:1241:gst_poll_fd_has_error: 0xc4f810: fd (fd:0, idx:1) 0
0:00:00.005703484  4445 0xc03390 DEBUG   GST_POLL gstpoll.c:1241:gst_poll_fd_has_error: 0xc1cb40: fd (fd:8, idx:2) 0
0:00:00.001677651  4446 0xc47320 DEBUG   GST_POLL gstpoll.c:1335:gst_poll_fd_can_write: 0xc4f810: fd (fd:0, idx:1) 1
0:00:00.005710006  4445 0xc03390 DEBUG   GST_POLL gstpoll.c:1266:gst_poll_fd_can_read_unlocked: 0xc1cb40: fd (fd:8, idx:2) 1
0:00:00.001684750  4446 0xc47320 LOG   GST_PLUGIN_LOADING gstpluginloader.c:690:write_one: Writing packet of size 12 bytes to fd 0
0:00:00.001693245  4446 0xc47320 DEBUG   GST_POLL gstpoll.c:980:gst_poll_fd_ctl_write: 0xc4f810: fd (fd:0, idx:1), active : 0
0:00:00.005722889  4445 0xc03390 LOG   GST_PLUGIN_LOADING gstpluginloader.c:805:check_protocol_version: Got VERSION 3 from child. Ours is 3
0:00:00.001703667  4446 0xc47320 LOG   GST_POLL gstpoll.c:994:gst_poll_fd_ctl_write: 0xc4f810: pfd->events now 56 (POLLOUT:4)
0:00:00.005734596  4445 0xc03390 DEBUG   GST_POLL gstpoll.c:1414:gst_poll_wait: 0xc1cb40: timeout :0:00:01.000000000
0:00:00.001711051  4446 0xc47320 DEBUG   GST_POLL gstpoll.c:1414:gst_poll_wait: 0xc4f810: timeout :0:00:01.000000000
0:00:00.005743503  4445 0xc03390 LOG   GST_PLUGIN_LOADING gstpluginloader.c:1028:exchange_packets: Poll res = 1. 0 bytes pending for write
0:00:00.005749975  4445 0xc03390 DEBUG   GST_POLL gstpoll.c:1241:gst_poll_fd_has_error: 0xc1cb40: fd (fd:8, idx:2) 0
0:00:00.005755535  4445 0xc03390 DEBUG   GST_POLL gstpoll.c:1266:gst_poll_fd_can_read_unlocked: 0xc1cb40: fd (fd:8, idx:2) 1
0:00:00.005762615  4445 0xc03390 LOG   GST_PLUGIN_LOADING gstpluginloader.c:1006:read_one: No payload to read for 0 length packet type 3 tag 0
0:00:00.005771889  4445 0xc03390 LOG   GST_PLUGIN_LOADING gstpluginloader.c:236:plugin_loader_load: Sending file /home/conan/w/prod/BuildSingleReference/.conan/data/gstreamer/1.18.4/_/_/package/3ad8b12e986bc654ebd8f9dbd570a3969420bafe/lib/gstreamer-1.0/libgstcoretracers.so to child. tag 0
0:00:00.005779689  4445 0xc03390 DEBUG   GST_POLL gstpoll.c:980:gst_poll_fd_ctl_write: 0xc1cb40: fd (fd:7, idx:1), active : 1
0:00:00.005785735  4445 0xc03390 LOG   GST_POLL gstpoll.c:994:gst_poll_fd_ctl_write: 0xc1cb40: pfd->events now 60 (POLLOUT:4)
0:00:00.005792397  4445 0xc03390 DEBUG   GST_POLL gstpoll.c:1414:gst_poll_wait: 0xc1cb40: timeout :0:00:01.000000000
0:00:00.005800092  4445 0xc03390 LOG   GST_PLUGIN_LOADING gstpluginloader.c:1028:exchange_packets: Poll res = 1. 173 bytes pending for write
0:00:00.005806371  4445 0xc03390 DEBUG   GST_POLL gstpoll.c:1241:gst_poll_fd_has_error: 0xc1cb40: fd (fd:8, idx:2) 0
0:00:00.005812069  4445 0xc03390 DEBUG   GST_POLL gstpoll.c:1266:gst_poll_fd_can_read_unlocked: 0xc1cb40: fd (fd:8, idx:2) 0
0:00:00.005817677  4445 0xc03390 DEBUG   GST_POLL gstpoll.c:1195:gst_poll_fd_has_closed: 0xc1cb40: fd (fd:8, idx:2) 0
0:00:00.005823168  4445 0xc03390 DEBUG   GST_POLL gstpoll.c:1241:gst_poll_fd_has_error: 0xc1cb40: fd (fd:7, idx:1) 0
0:00:00.005828676  4445 0xc03390 DEBUG   GST_POLL gstpoll.c:1335:gst_poll_fd_can_write: 0xc1cb40: fd (fd:7, idx:1) 1
0:00:00.005833962  4445 0xc03390 LOG   GST_PLUGIN_LOADING gstpluginloader.c:690:write_one: Writing packet of size 173 bytes to fd 7
0:00:00.005850495  4445 0xc03390 DEBUG   GST_POLL gstpoll.c:980:gst_poll_fd_ctl_write: 0xc1cb40: fd (fd:7, idx:1), active : 0
0:00:00.005856646  4445 0xc03390 LOG   GST_POLL gstpoll.c:994:gst_poll_fd_ctl_write: 0xc1cb40: pfd->events now 56 (POLLOUT:4)
0:00:00.001843622  4446 0xc47320 LOG   GST_PLUGIN_LOADING gstpluginloader.c:1028:exchange_packets: Poll res = 1. 0 bytes pending for write
0:00:00.001852408  4446 0xc47320 DEBUG   GST_POLL gstpoll.c:1241:gst_poll_fd_has_error: 0xc4f810: fd (fd:5, idx:2) 0
0:00:00.005878839  4445 0xc03390 LOG   GST_REGISTRY gstregistry.c:1300:gst_registry_scan_path_level: file /home/conan/w/prod/BuildSingleReference/.conan/data/gstreamer/1.18.4/_/_/package/3ad8b12e986bc654ebd8f9dbd570a3969420bafe/lib/gstreamer-1.0/libgstcoreelements.so looks like a possible module
0:00:00.001863430  4446 0xc47320 DEBUG   GST_POLL gstpoll.c:1266:gst_poll_fd_can_read_unlocked: 0xc4f810: fd (fd:5, idx:2) 1
0:00:00.005898357  4445 0xc03390 DEBUG   GST_REGISTRY gstregistry.c:1361:gst_registry_scan_path_level: file /home/conan/w/prod/BuildSingleReference/.conan/data/gstreamer/1.18.4/_/_/package/3ad8b12e986bc654ebd8f9dbd570a3969420bafe/lib/gstreamer-1.0/libgstcoreelements.so not yet in registry
0:00:00.001874166  4446 0xc47320 DEBUG   GST_PLUGIN_LOADING gstpluginloader.c:722:do_plugin_load: Plugin scanner loading file /home/conan/w/prod/BuildSingleReference/.conan/data/gstreamer/1.18.4/_/_/package/3ad8b12e986bc654ebd8f9dbd570a3969420bafe/lib/gstreamer-1.0/libgstcoretracers.so. tag 0
0:00:00.005906295  4445 0xc03390 DEBUG   GST_REGISTRY gstregistry.c:1172:gst_registry_scan_plugin_file: Using scan-helper to load plugin /home/conan/w/prod/BuildSingleReference/.conan/data/gstreamer/1.18.4/_/_/package/3ad8b12e986bc654ebd8f9dbd570a3969420bafe/lib/gstreamer-1.0/libgstcoreelements.so
0:00:00.001884521  4446 0xc47320 DEBUG   GST_PLUGIN_LOADING gstplugin.c:768:_priv_gst_plugin_load_file_for_registry: attempt to load plugin "/home/conan/w/prod/BuildSingleReference/.conan/data/gstreamer/1.18.4/_/_/package/3ad8b12e986bc654ebd8f9dbd570a3969420bafe/lib/gstreamer-1.0/libgstcoretracers.so"
0:00:00.005913882  4445 0xc03390 LOG   GST_PLUGIN_LOADING gstpluginloader.c:236:plugin_loader_load: Sending file /home/conan/w/prod/BuildSingleReference/.conan/data/gstreamer/1.18.4/_/_/package/3ad8b12e986bc654ebd8f9dbd570a3969420bafe/lib/gstreamer-1.0/libgstcoreelements.so to child. tag 1
0:00:00.005922227  4445 0xc03390 DEBUG   GST_POLL gstpoll.c:980:gst_poll_fd_ctl_write: 0xc1cb40: fd (fd:7, idx:1), active : 1
0:00:00.005928144  4445 0xc03390 LOG   GST_POLL gstpoll.c:994:gst_poll_fd_ctl_write: 0xc1cb40: pfd->events now 60 (POLLOUT:4)
0:00:00.005934545  4445 0xc03390 DEBUG   GST_POLL gstpoll.c:1414:gst_poll_wait: 0xc1cb40: timeout :0:00:01.000000000
0:00:00.005942217  4445 0xc03390 LOG   GST_PLUGIN_LOADING gstpluginloader.c:1028:exchange_packets: Poll res = 1. 174 bytes pending for write
0:00:00.005948193  4445 0xc03390 DEBUG   GST_POLL gstpoll.c:1241:gst_poll_fd_has_error: 0xc1cb40: fd (fd:8, idx:2) 0
0:00:00.005953786  4445 0xc03390 DEBUG   GST_POLL gstpoll.c:1266:gst_poll_fd_can_read_unlocked: 0xc1cb40: fd (fd:8, idx:2) 0
0:00:00.005959406  4445 0xc03390 DEBUG   GST_POLL gstpoll.c:1195:gst_poll_fd_has_closed: 0xc1cb40: fd (fd:8, idx:2) 0
0:00:00.005978009  4445 0xc03390 DEBUG   GST_POLL gstpoll.c:1241:gst_poll_fd_has_error: 0xc1cb40: fd (fd:7, idx:1) 0
0:00:00.005993348  4445 0xc03390 DEBUG   GST_POLL gstpoll.c:1335:gst_poll_fd_can_write: 0xc1cb40: fd (fd:7, idx:1) 1
0:00:00.006005526  4445 0xc03390 LOG   GST_PLUGIN_LOADING gstpluginloader.c:690:write_one: Writing packet of size 174 bytes to fd 7
0:00:00.006023889  4445 0xc03390 DEBUG   GST_POLL gstpoll.c:980:gst_poll_fd_ctl_write: 0xc1cb40: fd (fd:7, idx:1), active : 0
0:00:00.006029896  4445 0xc03390 LOG   GST_POLL gstpoll.c:994:gst_poll_fd_ctl_write: 0xc1cb40: pfd->events now 56 (POLLOUT:4)
0:00:00.006049227  4445 0xc03390 DEBUG   GST_REGISTRY gstregistry.c:1384:gst_registry_scan_path_internal: registry changed in path /home/conan/w/prod/BuildSingleReference/.conan/data/gstreamer/1.18.4/_/_/package/3ad8b12e986bc654ebd8f9dbd570a3969420bafe/lib/gstreamer-1.0: 0
0:00:00.006057514  4445 0xc03390 DEBUG   GST_REGISTRY gstregistry.c:1659:scan_and_update_registry: GST_PLUGIN_SYSTEM_PATH not set
0:00:00.006069084  4445 0xc03390 DEBUG   GST_REGISTRY gstregistry.c:1666:scan_and_update_registry: scanning home plugins /home/conan/.local/share/gstreamer-1.0/plugins
0:00:00.006075475  4445 0xc03390 DEBUG   GST_REGISTRY gstregistry.c:1380:gst_registry_scan_path_internal: scanning path /home/conan/.local/share/gstreamer-1.0/plugins
0:00:00.006094207  4445 0xc03390 DEBUG   GST_REGISTRY gstregistry.c:1384:gst_registry_scan_path_internal: registry changed in path /home/conan/.local/share/gstreamer-1.0/plugins: 0
0:00:00.006100834  4445 0xc03390 DEBUG   GST_REGISTRY gstregistry.c:1691:scan_and_update_registry: scanning main plugins /home/conan/w/prod/BuildSingleReference/.conan/data/gstreamer/1.18.4/_/_/package/3ad8b12e986bc654ebd8f9dbd570a3969420bafe/lib/gstreamer-1.0
0:00:00.006107137  4445 0xc03390 DEBUG   GST_REGISTRY gstregistry.c:1380:gst_registry_scan_path_internal: scanning path /home/conan/w/prod/BuildSingleReference/.conan/data/gstreamer/1.18.4/_/_/package/3ad8b12e986bc654ebd8f9dbd570a3969420bafe/lib/gstreamer-1.0
0:00:00.006141390  4445 0xc03390 LOG   GST_REGISTRY gstregistry.c:1300:gst_registry_scan_path_level: file /home/conan/w/prod/BuildSingleReference/.conan/data/gstreamer/1.18.4/_/_/package/3ad8b12e986bc654ebd8f9dbd570a3969420bafe/lib/gstreamer-1.0/libgstcoretracers.so looks like a possible module
0:00:00.006149009  4445 0xc03390 DEBUG   GST_REGISTRY gstregistry.c:1361:gst_registry_scan_path_level: file /home/conan/w/prod/BuildSingleReference/.conan/data/gstreamer/1.18.4/_/_/package/3ad8b12e986bc654ebd8f9dbd570a3969420bafe/lib/gstreamer-1.0/libgstcoretracers.so not yet in registry
0:00:00.006155498  4445 0xc03390 DEBUG   GST_REGISTRY gstregistry.c:1172:gst_registry_scan_plugin_file: Using scan-helper to load plugin /home/conan/w/prod/BuildSingleReference/.conan/data/gstreamer/1.18.4/_/_/package/3ad8b12e986bc654ebd8f9dbd570a3969420bafe/lib/gstreamer-1.0/libgstcoretracers.so
0:00:00.006162715  4445 0xc03390 LOG   GST_PLUGIN_LOADING gstpluginloader.c:236:plugin_loader_load: Sending file /home/conan/w/prod/BuildSingleReference/.conan/data/gstreamer/1.18.4/_/_/package/3ad8b12e986bc654ebd8f9dbd570a3969420bafe/lib/gstreamer-1.0/libgstcoretracers.so to child. tag 2
0:00:00.006169954  4445 0xc03390 DEBUG   GST_POLL gstpoll.c:980:gst_poll_fd_ctl_write: 0xc1cb40: fd (fd:7, idx:1), active : 1
0:00:00.006175952  4445 0xc03390 LOG   GST_POLL gstpoll.c:994:gst_poll_fd_ctl_write: 0xc1cb40: pfd->events now 60 (POLLOUT:4)
0:00:00.002147569  4446 0xc47320 TRACE   GST_REFCOUNTING gstobject.c:208:gst_object_init: 0xc60ea0 new
0:00:00.006182533  4445 0xc03390 DEBUG   GST_POLL gstpoll.c:1414:gst_poll_wait: 0xc1cb40: timeout :0:00:01.000000000
0:00:00.006203300  4445 0xc03390 LOG   GST_PLUGIN_LOADING gstpluginloader.c:1028:exchange_packets: Poll res = 1. 173 bytes pending for write
0:00:00.002178387  4446 0xc47320 LOG   GST_PLUGIN_LOADING gstplugin.c:890:_priv_gst_plugin_load_file_for_registry: Plugin 0xc60ea0 for file "/home/conan/w/prod/BuildSingleReference/.conan/data/gstreamer/1.18.4/_/_/package/3ad8b12e986bc654ebd8f9dbd570a3969420bafe/lib/gstreamer-1.0/libgstcoretracers.so" prepared, calling entry function...
0:00:00.006209731  4445 0xc03390 DEBUG   GST_POLL gstpoll.c:1241:gst_poll_fd_has_error: 0xc1cb40: fd (fd:8, idx:2) 0
0:00:00.006216418  4445 0xc03390 DEBUG   GST_POLL gstpoll.c:1266:gst_poll_fd_can_read_unlocked: 0xc1cb40: fd (fd:8, idx:2) 0
0:00:00.002190319  4446 0xc47320 LOG   GST_PLUGIN_LOADING gstplugin.c:897:_priv_gst_plugin_load_file_for_registry: Plugin 0xc60ea0 for file "/home/conan/w/prod/BuildSingleReference/.conan/data/gstreamer/1.18.4/_/_/package/3ad8b12e986bc654ebd8f9dbd570a3969420bafe/lib/gstreamer-1.0/libgstcoretracers.so" prepared, registering...
0:00:00.006222053  4445 0xc03390 DEBUG   GST_POLL gstpoll.c:1195:gst_poll_fd_has_closed: 0xc1cb40: fd (fd:8, idx:2) 0
0:00:00.002198318  4446 0xc47320 LOG   GST_PLUGIN_LOADING gstplugin.c:514:gst_plugin_register_func: plugin "/home/conan/w/prod/BuildSingleReference/.conan/data/gstreamer/1.18.4/_/_/package/3ad8b12e986bc654ebd8f9dbd570a3969420bafe/lib/gstreamer-1.0/libgstcoretracers.so" looks good
0:00:00.006228145  4445 0xc03390 DEBUG   GST_POLL gstpoll.c:1241:gst_poll_fd_has_error: 0xc1cb40: fd (fd:7, idx:1) 0
0:00:00.006234867  4445 0xc03390 DEBUG   GST_POLL gstpoll.c:1335:gst_poll_fd_can_write: 0xc1cb40: fd (fd:7, idx:1) 1
0:00:00.006240208  4445 0xc03390 LOG   GST_PLUGIN_LOADING gstpluginloader.c:690:write_one: Writing packet of size 173 bytes to fd 7
0:00:00.006247808  4445 0xc03390 DEBUG   GST_POLL gstpoll.c:980:gst_poll_fd_ctl_write: 0xc1cb40: fd (fd:7, idx:1), active : 0
0:00:00.002219666  4446 0xc47320 TRACE   GST_REFCOUNTING gstobject.c:208:gst_object_init: 0xc61180 new
0:00:00.006253498  4445 0xc03390 LOG   GST_POLL gstpoll.c:994:gst_poll_fd_ctl_write: 0xc1cb40: pfd->events now 56 (POLLOUT:4)
0:00:00.002233223  4446 0xc47320 DEBUG   GST_TRACER gsttracer.c:169:gst_tracer_register: new tracer factory for latency
0:00:00.006267259  4445 0xc03390 LOG   GST_REGISTRY gstregistry.c:1300:gst_registry_scan_path_level: file /home/conan/w/prod/BuildSingleReference/.conan/data/gstreamer/1.18.4/_/_/package/3ad8b12e986bc654ebd8f9dbd570a3969420bafe/lib/gstreamer-1.0/libgstcoreelements.so looks like a possible module
0:00:00.002242406  4446 0xc47320 DEBUG   GST_TRACER gsttracer.c:177:gst_tracer_register: tracer factory for 12969696:GstLatencyTracer
0:00:00.006274565  4445 0xc03390 DEBUG   GST_REGISTRY gstregistry.c:1361:gst_registry_scan_path_level: file /home/conan/w/prod/BuildSingleReference/.conan/data/gstreamer/1.18.4/_/_/package/3ad8b12e986bc654ebd8f9dbd570a3969420bafe/lib/gstreamer-1.0/libgstcoreelements.so not yet in registry
0:00:00.002250832  4446 0xc47320 DEBUG   GST_REGISTRY gstregistry.c:590:gst_registry_add_feature: adding feature 0xc61180 (latency)
0:00:00.006281266  4445 0xc03390 DEBUG   GST_REGISTRY gstregistry.c:1172:gst_registry_scan_plugin_file: Using scan-helper to load plugin /home/conan/w/prod/BuildSingleReference/.conan/data/gstreamer/1.18.4/_/_/package/3ad8b12e986bc654ebd8f9dbd570a3969420bafe/lib/gstreamer-1.0/libgstcoreelements.so
0:00:00.002263738  4446 0xc47320 DEBUG   GST_REFCOUNTING gstobject.c:709:gst_object_set_parent: set parent (ref and sink)
0:00:00.006294150  4445 0xc03390 LOG   GST_PLUGIN_LOADING gstpluginloader.c:236:plugin_loader_load: Sending file /home/conan/w/prod/BuildSingleReference/.conan/data/gstreamer/1.18.4/_/_/package/3ad8b12e986bc654ebd8f9dbd570a3969420bafe/lib/gstreamer-1.0/libgstcoreelements.so to child. tag 3
0:00:00.002271600  4446 0xc47320 TRACE   GST_REFCOUNTING gstobject.c:294:gst_object_ref_sink: 0xc61180 ref_sink 1->2
0:00:00.006301538  4445 0xc03390 DEBUG   GST_POLL gstpoll.c:980:gst_poll_fd_ctl_write: 0xc1cb40: fd (fd:7, idx:1), active : 1
0:00:00.002278421  4446 0xc47320 LOG   GST_REGISTRY gstregistry.c:608:gst_registry_add_feature: emitting feature-added for latency
0:00:00.006307769  4445 0xc03390 LOG   GST_POLL gstpoll.c:994:gst_poll_fd_ctl_write: 0xc1cb40: pfd->events now 60 (POLLOUT:4)
0:00:00.006315001  4445 0xc03390 DEBUG   GST_POLL gstpoll.c:1414:gst_poll_wait: 0xc1cb40: timeout :0:00:01.000000000
0:00:00.002292649  4446 0xc47320 TRACE   GST_REFCOUNTING gstobject.c:208:gst_object_init: 0xc61670 new
0:00:00.006322383  4445 0xc03390 LOG   GST_PLUGIN_LOADING gstpluginloader.c:1028:exchange_packets: Poll res = 1. 174 bytes pending for write
0:00:00.006329280  4445 0xc03390 DEBUG   GST_POLL gstpoll.c:1241:gst_poll_fd_has_error: 0xc1cb40: fd (fd:8, idx:2) 0
