0:00:00.017195353  4445 0xc03390 DEBUG   default gstvalue.c:2676:_priv_gst_value_parse_value: trying type name 'string'
0:00:00.013172746  4446 0xc47320 DEBUG   GST_POLL gstpoll.c:980:gst_poll_fd_ctl_write: 0xc4f810: fd (fd:0, idx:1), active : 1
0:00:00.017202322  4445 0xc03390 DEBUG   structure gststructure.c:2203:gst_structure_parse_field: trying field name 'author'
0:00:00.013178906  4446 0xc47320 LOG   GST_POLL gstpoll.c:994:gst_poll_fd_ctl_write: 0xc4f810: pfd->events now 60 (POLLOUT:4)
0:00:00.017207957  4445 0xc03390 DEBUG   default gstvalue.c:2676:_priv_gst_value_parse_value: trying type name 'string'
0:00:00.013185266  4446 0xc47320 DEBUG   GST_POLL gstpoll.c:980:gst_poll_fd_ctl_write: 0xc4f810: fd (fd:0, idx:1), active : 1
0:00:00.017215319  4445 0xc03390 DEBUG   GST_REGISTRY gstregistrychunks.c:626:gst_registry_chunks_load_feature: Element factory : npadtemplates=2
0:00:00.013191300  4446 0xc47320 LOG   GST_POLL gstpoll.c:994:gst_poll_fd_ctl_write: 0xc4f810: pfd->events now 60 (POLLOUT:4)
0:00:00.017223339  4445 0xc03390 DEBUG   GST_REGISTRY gstregistrychunks.c:526:gst_registry_chunks_load_pad_template: Reading/casting for GstRegistryChunkPadTemplate at address 0xc1f050
0:00:00.013198108  4446 0xc47320 DEBUG   GST_POLL gstpoll.c:980:gst_poll_fd_ctl_write: 0xc4f810: fd (fd:0, idx:1), active : 1
0:00:00.017229630  4445 0xc03390 DEBUG   GST_REGISTRY gstregistrychunks.c:539:gst_registry_chunks_load_pad_template: Added pad_template src_%u
0:00:00.013204815  4446 0xc47320 LOG   GST_POLL gstpoll.c:994:gst_poll_fd_ctl_write: 0xc4f810: pfd->events now 60 (POLLOUT:4)
0:00:00.017241086  4445 0xc03390 DEBUG   GST_REGISTRY gstregistrychunks.c:526:gst_registry_chunks_load_pad_template: Reading/casting for GstRegistryChunkPadTemplate at address 0xc1f068
0:00:00.013216867  4446 0xc47320 DEBUG   GST_POLL gstpoll.c:980:gst_poll_fd_ctl_write: 0xc4f810: fd (fd:0, idx:1), active : 1
0:00:00.017247785  4445 0xc03390 DEBUG   GST_REGISTRY gstregistrychunks.c:539:gst_registry_chunks_load_pad_template: Added pad_template sink
0:00:00.013223148  4446 0xc47320 LOG   GST_POLL gstpoll.c:994:gst_poll_fd_ctl_write: 0xc4f810: pfd->events now 60 (POLLOUT:4)
0:00:00.017255361  4445 0xc03390 DEBUG   GST_REGISTRY gstregistry.c:590:gst_registry_add_feature: adding feature 0xc20d90 (tee)
0:00:00.013229692  4446 0xc47320 DEBUG   GST_POLL gstpoll.c:980:gst_poll_fd_ctl_write: 0xc4f810: fd (fd:0, idx:1), active : 1
0:00:00.017261668  4445 0xc03390 DEBUG   GST_REFCOUNTING gstobject.c:709:gst_object_set_parent: set parent (ref and sink)
0:00:00.013236556  4446 0xc47320 LOG   GST_POLL gstpoll.c:994:gst_poll_fd_ctl_write: 0xc4f810: pfd->events now 60 (POLLOUT:4)
0:00:00.017269103  4445 0xc03390 TRACE   GST_REFCOUNTING gstobject.c:294:gst_object_ref_sink: 0xc20d90 ref_sink 1->2
0:00:00.013243727  4446 0xc47320 DEBUG   GST_POLL gstpoll.c:980:gst_poll_fd_ctl_write: 0xc4f810: fd (fd:0, idx:1), active : 1
0:00:00.017276154  4445 0xc03390 LOG   GST_REGISTRY gstregistry.c:608:gst_registry_add_feature: emitting feature-added for tee
0:00:00.013250628  4446 0xc47320 LOG   GST_POLL gstpoll.c:994:gst_poll_fd_ctl_write: 0xc4f810: pfd->events now 60 (POLLOUT:4)
0:00:00.017283245  4445 0xc03390 DEBUG   GST_REGISTRY gstregistrychunks.c:741:gst_registry_chunks_load_feature: Added feature tee, plugin 0xc1d070 coreelements
0:00:00.013258191  4446 0xc47320 DEBUG   GST_POLL gstpoll.c:980:gst_poll_fd_ctl_write: 0xc4f810: fd (fd:0, idx:1), active : 1
0:00:00.017290232  4445 0xc03390 DEBUG   GST_REGISTRY gstregistrychunks.c:583:gst_registry_chunks_load_feature: Plugin 'coreelements' feature 'filesink' typename : 'GstElementFactory'
0:00:00.013264696  4446 0xc47320 LOG   GST_POLL gstpoll.c:994:gst_poll_fd_ctl_write: 0xc4f810: pfd->events now 60 (POLLOUT:4)
0:00:00.017298131  4445 0xc03390 TRACE   GST_REFCOUNTING gstobject.c:208:gst_object_init: 0xc212f0 new
0:00:00.013272313  4446 0xc47320 DEBUG   GST_POLL gstpoll.c:980:gst_poll_fd_ctl_write: 0xc4f810: fd (fd:0, idx:1), active : 1
0:00:00.017305765  4445 0xc03390 LOG   GST_REGISTRY gstregistrychunks.c:610:gst_registry_chunks_load_feature: Reading/casting for GstRegistryChunkElementFactory at address 0xc1f098
0:00:00.013280127  4446 0xc47320 LOG   GST_POLL gstpoll.c:994:gst_poll_fd_ctl_write: 0xc4f810: pfd->events now 60 (POLLOUT:4)
0:00:00.017312932  4445 0xc03390 TRACE   structure gststructure.c:287:gst_structure_new_id_empty_with_size: created structure 0xc213e0
0:00:00.013287851  4446 0xc47320 DEBUG   GST_POLL gstpoll.c:980:gst_poll_fd_ctl_write: 0xc4f810: fd (fd:0, idx:1), active : 1
0:00:00.017323840  4445 0xc03390 DEBUG   structure gststructure.c:2203:gst_structure_parse_field: trying field name 'long-name'
0:00:00.013298831  4446 0xc47320 LOG   GST_POLL gstpoll.c:994:gst_poll_fd_ctl_write: 0xc4f810: pfd->events now 60 (POLLOUT:4)
0:00:00.017330205  4445 0xc03390 DEBUG   default gstvalue.c:2676:_priv_gst_value_parse_value: trying type name 'string'
0:00:00.013305456  4446 0xc47320 DEBUG   GST_POLL gstpoll.c:980:gst_poll_fd_ctl_write: 0xc4f810: fd (fd:0, idx:1), active : 1
0:00:00.017336803  4445 0xc03390 DEBUG   structure gststructure.c:2203:gst_structure_parse_field: trying field name 'klass'
0:00:00.013311648  4446 0xc47320 LOG   GST_POLL gstpoll.c:994:gst_poll_fd_ctl_write: 0xc4f810: pfd->events now 60 (POLLOUT:4)
0:00:00.017342895  4445 0xc03390 DEBUG   default gstvalue.c:2676:_priv_gst_value_parse_value: trying type name 'string'
0:00:00.013318203  4446 0xc47320 DEBUG   GST_POLL gstpoll.c:980:gst_poll_fd_ctl_write: 0xc4f810: fd (fd:0, idx:1), active : 1
0:00:00.017349254  4445 0xc03390 DEBUG   structure gststructure.c:2203:gst_structure_parse_field: trying field name 'description'
0:00:00.013324296  4446 0xc47320 LOG   GST_POLL gstpoll.c:994:gst_poll_fd_ctl_write: 0xc4f810: pfd->events now 60 (POLLOUT:4)
0:00:00.017355162  4445 0xc03390 DEBUG   default gstvalue.c:2676:_priv_gst_value_parse_value: trying type name 'string'
0:00:00.013330995  4446 0xc47320 DEBUG   GST_POLL gstpoll.c:980:gst_poll_fd_ctl_write: 0xc4f810: fd (fd:0, idx:1), active : 1
0:00:00.017361539  4445 0xc03390 DEBUG   structure gststructure.c:2203:gst_structure_parse_field: trying field name 'author'
0:00:00.013337114  4446 0xc47320 LOG   GST_POLL gstpoll.c:994:gst_poll_fd_ctl_write: 0xc4f810: pfd->events now 60 (POLLOUT:4)
0:00:00.017367402  4445 0xc03390 DEBUG   default gstvalue.c:2676:_priv_gst_value_parse_value: trying type name 'string'
0:00:00.013343553  4446 0xc47320 DEBUG   GST_POLL gstpoll.c:980:gst_poll_fd_ctl_write: 0xc4f810: fd (fd:0, idx:1), active : 1
0:00:00.017393958  4445 0xc03390 DEBUG   GST_REGISTRY gstregistrychunks.c:626:gst_registry_chunks_load_feature: Element factory : npadtemplates=1
0:00:00.013367876  4446 0xc47320 LOG   GST_POLL gstpoll.c:994:gst_poll_fd_ctl_write: 0xc4f810: pfd->events now 60 (POLLOUT:4)
0:00:00.017400245  4445 0xc03390 DEBUG   GST_REGISTRY gstregistrychunks.c:526:gst_registry_chunks_load_pad_template: Reading/casting for GstRegistryChunkPadTemplate at address 0xc1f178
0:00:00.013375548  4446 0xc47320 DEBUG   GST_POLL gstpoll.c:980:gst_poll_fd_ctl_write: 0xc4f810: fd (fd:0, idx:1), active : 1
0:00:00.017406476  4445 0xc03390 DEBUG   GST_REGISTRY gstregistrychunks.c:539:gst_registry_chunks_load_pad_template: Added pad_template sink
0:00:00.013381648  4446 0xc47320 LOG   GST_POLL gstpoll.c:994:gst_poll_fd_ctl_write: 0xc4f810: pfd->events now 60 (POLLOUT:4)
0:00:00.017418076  4445 0xc03390 DEBUG   GST_REGISTRY gstregistrychunks.c:639:gst_registry_chunks_load_feature: Reading 1 UriTypes at address 0xc1f189
0:00:00.013392591  4446 0xc47320 DEBUG   GST_POLL gstpoll.c:980:gst_poll_fd_ctl_write: 0xc4f810: fd (fd:0, idx:1), active : 1
0:00:00.013399568  4446 0xc47320 LOG   GST_POLL gstpoll.c:994:gst_poll_fd_ctl_write: 0xc4f810: pfd->events now 60 (POLLOUT:4)
0:00:00.017426987  4445 0xc03390 DEBUG   GST_REGISTRY gstregistrychunks.c:654:gst_registry_chunks_load_feature: Reading 1 Interfaces at address 0xc1f199
0:00:00.013405934  4446 0xc47320 DEBUG   GST_POLL gstpoll.c:980:gst_poll_fd_ctl_write: 0xc4f810: fd (fd:0, idx:1), active : 1
0:00:00.017437463  4445 0xc03390 DEBUG   GST_REGISTRY gstregistry.c:590:gst_registry_add_feature: adding feature 0xc212f0 (filesink)
0:00:00.013412183  4446 0xc47320 LOG   GST_POLL gstpoll.c:994:gst_poll_fd_ctl_write: 0xc4f810: pfd->events now 60 (POLLOUT:4)
0:00:00.017443870  4445 0xc03390 DEBUG   GST_REFCOUNTING gstobject.c:709:gst_object_set_parent: set parent (ref and sink)
0:00:00.013419443  4446 0xc47320 DEBUG   GST_POLL gstpoll.c:980:gst_poll_fd_ctl_write: 0xc4f810: fd (fd:0, idx:1), active : 1
0:00:00.017451652  4445 0xc03390 TRACE   GST_REFCOUNTING gstobject.c:294:gst_object_ref_sink: 0xc212f0 ref_sink 1->2
0:00:00.013425784  4446 0xc47320 LOG   GST_POLL gstpoll.c:994:gst_poll_fd_ctl_write: 0xc4f810: pfd->events now 60 (POLLOUT:4)
0:00:00.017458826  4445 0xc03390 LOG   GST_REGISTRY gstregistry.c:608:gst_registry_add_feature: emitting feature-added for filesink
0:00:00.013433540  4446 0xc47320 DEBUG   GST_POLL gstpoll.c:980:gst_poll_fd_ctl_write: 0xc4f810: fd (fd:0, idx:1), active : 1
0:00:00.017465807  4445 0xc03390 DEBUG   GST_REGISTRY gstregistrychunks.c:741:gst_registry_chunks_load_feature: Added feature filesink, plugin 0xc1d070 coreelements
0:00:00.013439912  4446 0xc47320 LOG   GST_POLL gstpoll.c:994:gst_poll_fd_ctl_write: 0xc4f810: pfd->events now 60 (POLLOUT:4)
0:00:00.017472820  4445 0xc03390 DEBUG   GST_REGISTRY gstregistrychunks.c:583:gst_registry_chunks_load_feature: Plugin 'coreelements' feature 'queue2' typename : 'GstElementFactory'
0:00:00.013447424  4446 0xc47320 DEBUG   GST_POLL gstpoll.c:980:gst_poll_fd_ctl_write: 0xc4f810: fd (fd:0, idx:1), active : 1
0:00:00.017480961  4445 0xc03390 TRACE   GST_REFCOUNTING gstobject.c:208:gst_object_init: 0xc21560 new
0:00:00.013454619  4446 0xc47320 LOG   GST_POLL gstpoll.c:994:gst_poll_fd_ctl_write: 0xc4f810: pfd->events now 60 (POLLOUT:4)
0:00:00.017488683  4445 0xc03390 LOG   GST_REGISTRY gstregistrychunks.c:610:gst_registry_chunks_load_feature: Reading/casting for GstRegistryChunkElementFactory at address 0xc1f1c0
0:00:00.013462962  4446 0xc47320 DEBUG   GST_POLL gstpoll.c:980:gst_poll_fd_ctl_write: 0xc4f810: fd (fd:0, idx:1), active : 1
0:00:00.017495344  4445 0xc03390 TRACE   structure gststructure.c:287:gst_structure_new_id_empty_with_size: created structure 0xc21870
0:00:00.013470134  4446 0xc47320 LOG   GST_POLL gstpoll.c:994:gst_poll_fd_ctl_write: 0xc4f810: pfd->events now 60 (POLLOUT:4)
0:00:00.017505887  4445 0xc03390 DEBUG   structure gststructure.c:2203:gst_structure_parse_field: trying field name 'long-name'
0:00:00.013481393  4446 0xc47320 DEBUG   GST_POLL gstpoll.c:980:gst_poll_fd_ctl_write: 0xc4f810: fd (fd:0, idx:1), active : 1
0:00:00.017511856  4445 0xc03390 DEBUG   default gstvalue.c:2676:_priv_gst_value_parse_value: trying type name 'string'
0:00:00.013487570  4446 0xc47320 LOG   GST_POLL gstpoll.c:994:gst_poll_fd_ctl_write: 0xc4f810: pfd->events now 60 (POLLOUT:4)
0:00:00.017518692  4445 0xc03390 DEBUG   structure gststructure.c:2203:gst_structure_parse_field: trying field name 'klass'
0:00:00.013494045  4446 0xc47320 DEBUG   GST_POLL gstpoll.c:980:gst_poll_fd_ctl_write: 0xc4f810: fd (fd:0, idx:1), active : 1
0:00:00.017524789  4445 0xc03390 DEBUG   default gstvalue.c:2676:_priv_gst_value_parse_value: trying type name 'string'
0:00:00.013500093  4446 0xc47320 LOG   GST_POLL gstpoll.c:994:gst_poll_fd_ctl_write: 0xc4f810: pfd->events now 60 (POLLOUT:4)
0:00:00.017531122  4445 0xc03390 DEBUG   structure gststructure.c:2203:gst_structure_parse_field: trying field name 'description'
0:00:00.013506600  4446 0xc47320 DEBUG   GST_POLL gstpoll.c:980:gst_poll_fd_ctl_write: 0xc4f810: fd (fd:0, idx:1), active : 1
0:00:00.017536984  4445 0xc03390 DEBUG   default gstvalue.c:2676:_priv_gst_value_parse_value: trying type name 'string'
0:00:00.013512899  4446 0xc47320 LOG   GST_POLL gstpoll.c:994:gst_poll_fd_ctl_write: 0xc4f810: pfd->events now 60 (POLLOUT:4)
0:00:00.017543298  4445 0xc03390 DEBUG   structure gststructure.c:2203:gst_structure_parse_field: trying field name 'author'
0:00:00.013519380  4446 0xc47320 DEBUG   GST_POLL gstpoll.c:980:gst_poll_fd_ctl_write: 0xc4f810: fd (fd:0, idx:1), active : 1
0:00:00.017549142  4445 0xc03390 DEBUG   default gstvalue.c:2676:_priv_gst_value_parse_value: trying type name 'string'
0:00:00.013525417  4446 0xc47320 LOG   GST_POLL gstpoll.c:994:gst_poll_fd_ctl_write: 0xc4f810: pfd->events now 60 (POLLOUT:4)
0:00:00.017556119  4445 0xc03390 DEBUG   GST_REGISTRY gstregistrychunks.c:626:gst_registry_chunks_load_feature: Element factory : npadtemplates=2
0:00:00.013531876  4446 0xc47320 DEBUG   GST_POLL gstpoll.c:980:gst_poll_fd_ctl_write: 0xc4f810: fd (fd:0, idx:1), active : 1
0:00:00.017561903  4445 0xc03390 DEBUG   GST_REGISTRY gstregistrychunks.c:526:gst_registry_chunks_load_pad_template: Reading/casting for GstRegistryChunkPadTemplate at address 0xc1f2b0
0:00:00.013537878  4446 0xc47320 LOG   GST_POLL gstpoll.c:994:gst_poll_fd_ctl_write: 0xc4f810: pfd->events now 60 (POLLOUT:4)
0:00:00.017567792  4445 0xc03390 DEBUG   GST_REGISTRY gstregistrychunks.c:539:gst_registry_chunks_load_pad_template: Added pad_template sink
0:00:00.013544307  4446 0xc47320 DEBUG   GST_POLL gstpoll.c:980:gst_poll_fd_ctl_write: 0xc4f810: fd (fd:0, idx:1), active : 1
0:00:00.017577618  4445 0xc03390 DEBUG   GST_REGISTRY gstregistrychunks.c:526:gst_registry_chunks_load_pad_template: Reading/casting for GstRegistryChunkPadTemplate at address 0xc1f2c8
0:00:00.013553132  4446 0xc47320 LOG   GST_POLL gstpoll.c:994:gst_poll_fd_ctl_write: 0xc4f810: pfd->events now 60 (POLLOUT:4)
0:00:00.017583758  4445 0xc03390 DEBUG   GST_REGISTRY gstregistrychunks.c:539:gst_registry_chunks_load_pad_template: Added pad_template src
0:00:00.013559876  4446 0xc47320 DEBUG   GST_POLL gstpoll.c:980:gst_poll_fd_ctl_write: 0xc4f810: fd (fd:0, idx:1), active : 1
0:00:00.017591157  4445 0xc03390 DEBUG   GST_REGISTRY gstregistry.c:590:gst_registry_add_feature: adding feature 0xc21560 (queue2)
0:00:00.013566150  4446 0xc47320 LOG   GST_POLL gstpoll.c:994:gst_poll_fd_ctl_write: 0xc4f810: pfd->events now 60 (POLLOUT:4)
0:00:00.017597445  4445 0xc03390 DEBUG   GST_REFCOUNTING gstobject.c:709:gst_object_set_parent: set parent (ref and sink)
0:00:00.013572902  4446 0xc47320 DEBUG   GST_POLL gstpoll.c:980:gst_poll_fd_ctl_write: 0xc4f810: fd (fd:0, idx:1), active : 1
0:00:00.017605389  4445 0xc03390 TRACE   GST_REFCOUNTING gstobject.c:294:gst_object_ref_sink: 0xc21560 ref_sink 1->2
0:00:00.013579190  4446 0xc47320 LOG   GST_POLL gstpoll.c:994:gst_poll_fd_ctl_write: 0xc4f810: pfd->events now 60 (POLLOUT:4)
0:00:00.017612415  4445 0xc03390 LOG   GST_REGISTRY gstregistry.c:608:gst_registry_add_feature: emitting feature-added for queue2
0:00:00.013587215  4446 0xc47320 DEBUG   GST_POLL gstpoll.c:980:gst_poll_fd_ctl_write: 0xc4f810: fd (fd:0, idx:1), active : 1
0:00:00.017619162  4445 0xc03390 DEBUG   GST_REGISTRY gstregistrychunks.c:741:gst_registry_chunks_load_feature: Added feature queue2, plugin 0xc1d070 coreelements
0:00:00.013593596  4446 0xc47320 LOG   GST_POLL gstpoll.c:994:gst_poll_fd_ctl_write: 0xc4f810: pfd->events now 60 (POLLOUT:4)
0:00:00.017626065  4445 0xc03390 DEBUG   GST_REGISTRY gstregistrychunks.c:583:gst_registry_chunks_load_feature: Plugin 'coreelements' feature 'queue' typename : 'GstElementFactory'
0:00:00.013600912  4446 0xc47320 DEBUG   GST_POLL gstpoll.c:980:gst_poll_fd_ctl_write: 0xc4f810: fd (fd:0, idx:1), active : 1
0:00:00.017633358  4445 0xc03390 TRACE   GST_REFCOUNTING gstobject.c:208:gst_object_init: 0xc219f0 new
0:00:00.013607492  4446 0xc47320 LOG   GST_POLL gstpoll.c:994:gst_poll_fd_ctl_write: 0xc4f810: pfd->events now 60 (POLLOUT:4)
0:00:00.017641244  4445 0xc03390 LOG   GST_REGISTRY gstregistrychunks.c:610:gst_registry_chunks_load_feature: Reading/casting for GstRegistryChunkElementFactory at address 0xc1f2f0
0:00:00.013615634  4446 0xc47320 DEBUG   GST_POLL gstpoll.c:980:gst_poll_fd_ctl_write: 0xc4f810: fd (fd:0, idx:1), active : 1
0:00:00.017647886  4445 0xc03390 TRACE   structure gststructure.c:287:gst_structure_new_id_empty_with_size: created structure 0xc21ae0
0:00:00.013622757  4446 0xc47320 LOG   GST_POLL gstpoll.c:994:gst_poll_fd_ctl_write: 0xc4f810: pfd->events now 60 (POLLOUT:4)
0:00:00.017658463  4445 0xc03390 DEBUG   structure gststructure.c:2203:gst_structure_parse_field: trying field name 'long-name'
0:00:00.013633851  4446 0xc47320 DEBUG   GST_POLL gstpoll.c:980:gst_poll_fd_ctl_write: 0xc4f810: fd (fd:0, idx:1), active : 1
0:00:00.017664469  4445 0xc03390 DEBUG   default gstvalue.c:2676:_priv_gst_value_parse_value: trying type name 'string'
0:00:00.013640191  4446 0xc47320 LOG   GST_POLL gstpoll.c:994:gst_poll_fd_ctl_write: 0xc4f810: pfd->events now 60 (POLLOUT:4)
0:00:00.017671061  4445 0xc03390 DEBUG   structure gststructure.c:2203:gst_structure_parse_field: trying field name 'klass'
0:00:00.013646872  4446 0xc47320 DEBUG   GST_POLL gstpoll.c:980:gst_poll_fd_ctl_write: 0xc4f810: fd (fd:0, idx:1), active : 1
0:00:00.017676895  4445 0xc03390 DEBUG   default gstvalue.c:2676:_priv_gst_value_parse_value: trying type name 'string'
0:00:00.013652956  4446 0xc47320 LOG   GST_POLL gstpoll.c:994:gst_poll_fd_ctl_write: 0xc4f810: pfd->events now 60 (POLLOUT:4)
0:00:00.017683021  4445 0xc03390 DEBUG   structure gststructure.c:2203:gst_structure_parse_field: trying field name 'description'
0:00:00.013659272  4446 0xc47320 DEBUG   GST_POLL gstpoll.c:980:gst_poll_fd_ctl_write: 0xc4f810: fd (fd:0, idx:1), active : 1
0:00:00.017688848  4445 0xc03390 DEBUG   default gstvalue.c:2676:_priv_gst_value_parse_value: trying type name 'string'
0:00:00.013665443  4446 0xc47320 LOG   GST_POLL gstpoll.c:994:gst_poll_fd_ctl_write: 0xc4f810: pfd->events now 60 (POLLOUT:4)
0:00:00.017695041  4445 0xc03390 DEBUG   structure gststructure.c:2203:gst_structure_parse_field: trying field name 'author'
0:00:00.013671810  4446 0xc47320 DEBUG   GST_POLL gstpoll.c:980:gst_poll_fd_ctl_write: 0xc4f810: fd (fd:0, idx:1), active : 1
0:00:00.017700703  4445 0xc03390 DEBUG   default gstvalue.c:2676:_priv_gst_value_parse_value: trying type name 'string'
0:00:00.013677877  4446 0xc47320 LOG   GST_POLL gstpoll.c:994:gst_poll_fd_ctl_write: 0xc4f810: pfd->events now 60 (POLLOUT:4)
0:00:00.017708140  4445 0xc03390 DEBUG   GST_REGISTRY gstregistrychunks.c:626:gst_registry_chunks_load_feature: Element factory : npadtemplates=2
0:00:00.013684324  4446 0xc47320 DEBUG   GST_POLL gstpoll.c:980:gst_poll_fd_ctl_write: 0xc4f810: fd (fd:0, idx:1), active : 1
0:00:00.017713959  4445 0xc03390 DEBUG   GST_REGISTRY gstregistrychunks.c:526:gst_registry_chunks_load_pad_template: Reading/casting for GstRegistryChunkPadTemplate at address 0xc1f3a8
0:00:00.013690411  4446 0xc47320 LOG   GST_POLL gstpoll.c:994:gst_poll_fd_ctl_write: 0xc4f810: pfd->events now 60 (POLLOUT:4)
0:00:00.017719749  4445 0xc03390 DEBUG   GST_REGISTRY gstregistrychunks.c:539:gst_registry_chunks_load_pad_template: Added pad_template sink
0:00:00.013696931  4446 0xc47320 DEBUG   GST_POLL gstpoll.c:980:gst_poll_fd_ctl_write: 0xc4f810: fd (fd:0, idx:1), active : 1
0:00:00.017725576  4445 0xc03390 DEBUG   GST_REGISTRY gstregistrychunks.c:526:gst_registry_chunks_load_pad_template: Reading/casting for GstRegistryChunkPadTemplate at address 0xc1f3c0
0:00:00.013710456  4446 0xc47320 LOG   GST_POLL gstpoll.c:994:gst_poll_fd_ctl_write: 0xc4f810: pfd->events now 60 (POLLOUT:4)
0:00:00.017739777  4445 0xc03390 DEBUG   GST_REGISTRY gstregistrychunks.c:539:gst_registry_chunks_load_pad_template: Added pad_template src
0:00:00.013717380  4446 0xc47320 DEBUG   GST_POLL gstpoll.c:980:gst_poll_fd_ctl_write: 0xc4f810: fd (fd:0, idx:1), active : 1
0:00:00.017747863  4445 0xc03390 DEBUG   GST_REGISTRY gstregistry.c:590:gst_registry_add_feature: adding feature 0xc219f0 (queue)
0:00:00.013723397  4446 0xc47320 LOG   GST_POLL gstpoll.c:994:gst_poll_fd_ctl_write: 0xc4f810: pfd->events now 60 (POLLOUT:4)
0:00:00.017754127  4445 0xc03390 DEBUG   GST_REFCOUNTING gstobject.c:709:gst_object_set_parent: set parent (ref and sink)
0:00:00.013729783  4446 0xc47320 DEBUG   GST_POLL gstpoll.c:980:gst_poll_fd_ctl_write: 0xc4f810: fd (fd:0, idx:1), active : 1
0:00:00.017761558  4445 0xc03390 TRACE   GST_REFCOUNTING gstobject.c:294:gst_object_ref_sink: 0xc219f0 ref_sink 1->2
0:00:00.013735995  4446 0xc47320 LOG   GST_POLL gstpoll.c:994:gst_poll_fd_ctl_write: 0xc4f810: pfd->events now 60 (POLLOUT:4)
0:00:00.017768642  4445 0xc03390 LOG   GST_REGISTRY gstregistry.c:608:gst_registry_add_feature: emitting feature-added for queue
0:00:00.013743405  4446 0xc47320 DEBUG   GST_POLL gstpoll.c:980:gst_poll_fd_ctl_write: 0xc4f810: fd (fd:0, idx:1), active : 1
0:00:00.017775218  4445 0xc03390 DEBUG   GST_REGISTRY gstregistrychunks.c:741:gst_registry_chunks_load_feature: Added feature queue, plugin 0xc1d070 coreelements
0:00:00.013749506  4446 0xc47320 LOG   GST_POLL gstpoll.c:994:gst_poll_fd_ctl_write: 0xc4f810: pfd->events now 60 (POLLOUT:4)
0:00:00.017781963  4445 0xc03390 DEBUG   GST_REGISTRY gstregistrychunks.c:583:gst_registry_chunks_load_feature: Plugin 'coreelements' feature 'output-selector' typename : 'GstElementFactory'
0:00:00.013756593  4446 0xc47320 DEBUG   GST_POLL gstpoll.c:980:gst_poll_fd_ctl_write: 0xc4f810: fd (fd:0, idx:1), active : 1
0:00:00.017789484  4445 0xc03390 TRACE   GST_REFCOUNTING gstobject.c:208:gst_object_init: 0xc21d30 new
0:00:00.013763274  4446 0xc47320 LOG   GST_POLL gstpoll.c:994:gst_poll_fd_ctl_write: 0xc4f810: pfd->events now 60 (POLLOUT:4)
0:00:00.017796575  4445 0xc03390 LOG   GST_REGISTRY gstregistrychunks.c:610:gst_registry_chunks_load_feature: Reading/casting for GstRegistryChunkElementFactory at address 0xc1f3f8
0:00:00.013771188  4446 0xc47320 DEBUG   GST_POLL gstpoll.c:980:gst_poll_fd_ctl_write: 0xc4f810: fd (fd:0, idx:1), active : 1
0:00:00.013777915  4446 0xc47320 LOG   GST_POLL gstpoll.c:994:gst_poll_fd_ctl_write: 0xc4f810: pfd->events now 60 (POLLOUT:4)
0:00:00.017806967  4445 0xc03390 TRACE   structure gststructure.c:287:gst_structure_new_id_empty_with_size: created structure 0xc22050
0:00:00.013783863  4446 0xc47320 DEBUG   GST_POLL gstpoll.c:980:gst_poll_fd_ctl_write: 0xc4f810: fd (fd:0, idx:1), active : 1
0:00:00.017817835  4445 0xc03390 DEBUG   structure gststructure.c:2203:gst_structure_parse_field: trying field name 'long-name'
0:00:00.013793176  4446 0xc47320 LOG   GST_POLL gstpoll.c:994:gst_poll_fd_ctl_write: 0xc4f810: pfd->events now 60 (POLLOUT:4)
0:00:00.017823967  4445 0xc03390 DEBUG   default gstvalue.c:2676:_priv_gst_value_parse_value: trying type name 'string'
0:00:00.013799660  4446 0xc47320 DEBUG   GST_POLL gstpoll.c:980:gst_poll_fd_ctl_write: 0xc4f810: fd (fd:0, idx:1), active : 1
0:00:00.017830644  4445 0xc03390 DEBUG   structure gststructure.c:2203:gst_structure_parse_field: trying field name 'klass'
0:00:00.013805862  4446 0xc47320 LOG   GST_POLL gstpoll.c:994:gst_poll_fd_ctl_write: 0xc4f810: pfd->events now 60 (POLLOUT:4)
0:00:00.017836601  4445 0xc03390 DEBUG   default gstvalue.c:2676:_priv_gst_value_parse_value: trying type name 'string'
0:00:00.013812136  4446 0xc47320 DEBUG   GST_POLL gstpoll.c:980:gst_poll_fd_ctl_write: 0xc4f810: fd (fd:0, idx:1), active : 1
0:00:00.017842676  4445 0xc03390 DEBUG   structure gststructure.c:2203:gst_structure_parse_field: trying field name 'description'
0:00:00.013818213  4446 0xc47320 LOG   GST_POLL gstpoll.c:994:gst_poll_fd_ctl_write: 0xc4f810: pfd->events now 60 (POLLOUT:4)
0:00:00.017848536  4445 0xc03390 DEBUG   default gstvalue.c:2676:_priv_gst_value_parse_value: trying type name 'string'
0:00:00.013824591  4446 0xc47320 DEBUG   GST_POLL gstpoll.c:980:gst_poll_fd_ctl_write: 0xc4f810: fd (fd:0, idx:1), active : 1
0:00:00.017854764  4445 0xc03390 DEBUG   structure gststructure.c:2203:gst_structure_parse_field: trying field name 'author'
0:00:00.013830652  4446 0xc47320 LOG   GST_POLL gstpoll.c:994:gst_poll_fd_ctl_write: 0xc4f810: pfd->events now 60 (POLLOUT:4)
0:00:00.017860418  4445 0xc03390 DEBUG   default gstvalue.c:2676:_priv_gst_value_parse_value: trying type name 'string'
0:00:00.013837016  4446 0xc47320 DEBUG   GST_POLL gstpoll.c:980:gst_poll_fd_ctl_write: 0xc4f810: fd (fd:0, idx:1), active : 1
0:00:00.017866859  4445 0xc03390 DEBUG   GST_REGISTRY gstregistrychunks.c:626:gst_registry_chunks_load_feature: Element factory : npadtemplates=2
0:00:00.013843097  4446 0xc47320 LOG   GST_POLL gstpoll.c:994:gst_poll_fd_ctl_write: 0xc4f810: pfd->events now 60 (POLLOUT:4)
0:00:00.017872613  4445 0xc03390 DEBUG   GST_REGISTRY gstregistrychunks.c:526:gst_registry_chunks_load_pad_template: Reading/casting for GstRegistryChunkPadTemplate at address 0xc1f4d0
0:00:00.013849466  4446 0xc47320 DEBUG   GST_POLL gstpoll.c:980:gst_poll_fd_ctl_write: 0xc4f810: fd (fd:0, idx:1), active : 1
0:00:00.017878493  4445 0xc03390 DEBUG   GST_REGISTRY gstregistrychunks.c:539:gst_registry_chunks_load_pad_template: Added pad_template src_%u
0:00:00.013855606  4446 0xc47320 LOG   GST_POLL gstpoll.c:994:gst_poll_fd_ctl_write: 0xc4f810: pfd->events now 60 (POLLOUT:4)
0:00:00.017884610  4445 0xc03390 DEBUG   GST_REGISTRY gstregistrychunks.c:526:gst_registry_chunks_load_pad_template: Reading/casting for GstRegistryChunkPadTemplate at address 0xc1f4e8
0:00:00.013867730  4446 0xc47320 DEBUG   GST_POLL gstpoll.c:980:gst_poll_fd_ctl_write: 0xc4f810: fd (fd:0, idx:1), active : 1
0:00:00.017897072  4445 0xc03390 DEBUG   GST_REGISTRY gstregistrychunks.c:539:gst_registry_chunks_load_pad_template: Added pad_template sink
0:00:00.013874063  4446 0xc47320 LOG   GST_POLL gstpoll.c:994:gst_poll_fd_ctl_write: 0xc4f810: pfd->events now 60 (POLLOUT:4)
0:00:00.017904938  4445 0xc03390 DEBUG   GST_REGISTRY gstregistry.c:590:gst_registry_add_feature: adding feature 0xc21d30 (output-selector)
0:00:00.013880577  4446 0xc47320 DEBUG   GST_POLL gstpoll.c:980:gst_poll_fd_ctl_write: 0xc4f810: fd (fd:0, idx:1), active : 1
0:00:00.017912464  4445 0xc03390 DEBUG   GST_REFCOUNTING gstobject.c:709:gst_object_set_parent: set parent (ref and sink)
0:00:00.013886645  4446 0xc47320 LOG   GST_POLL gstpoll.c:994:gst_poll_fd_ctl_write: 0xc4f810: pfd->events now 60 (POLLOUT:4)
0:00:00.017920116  4445 0xc03390 TRACE   GST_REFCOUNTING gstobject.c:294:gst_object_ref_sink: 0xc21d30 ref_sink 1->2
0:00:00.013894542  4446 0xc47320 DEBUG   GST_POLL gstpoll.c:980:gst_poll_fd_ctl_write: 0xc4f810: fd (fd:0, idx:1), active : 1
0:00:00.017927222  4445 0xc03390 LOG   GST_REGISTRY gstregistry.c:608:gst_registry_add_feature: emitting feature-added for output-selector
0:00:00.013901652  4446 0xc47320 LOG   GST_POLL gstpoll.c:994:gst_poll_fd_ctl_write: 0xc4f810: pfd->events now 60 (POLLOUT:4)
0:00:00.017933998  4445 0xc03390 DEBUG   GST_REGISTRY gstregistrychunks.c:741:gst_registry_chunks_load_feature: Added feature output-selector, plugin 0xc1d070 coreelements
0:00:00.013908632  4446 0xc47320 DEBUG   GST_POLL gstpoll.c:980:gst_poll_fd_ctl_write: 0xc4f810: fd (fd:0, idx:1), active : 1
0:00:00.017941040  4445 0xc03390 DEBUG   GST_REGISTRY gstregistrychunks.c:583:gst_registry_chunks_load_feature: Plugin 'coreelements' feature 'input-selector' typename : 'GstElementFactory'
0:00:00.013915036  4446 0xc47320 LOG   GST_POLL gstpoll.c:994:gst_poll_fd_ctl_write: 0xc4f810: pfd->events now 60 (POLLOUT:4)
0:00:00.017948527  4445 0xc03390 TRACE   GST_REFCOUNTING gstobject.c:208:gst_object_init: 0xc22440 new
0:00:00.013922643  4446 0xc47320 DEBUG   GST_POLL gstpoll.c:980:gst_poll_fd_ctl_write: 0xc4f810: fd (fd:0, idx:1), active : 1
0:00:00.017955791  4445 0xc03390 LOG   GST_REGISTRY gstregistrychunks.c:610:gst_registry_chunks_load_feature: Reading/casting for GstRegistryChunkElementFactory at address 0xc1f520
0:00:00.013930141  4446 0xc47320 LOG   GST_POLL gstpoll.c:994:gst_poll_fd_ctl_write: 0xc4f810: pfd->events now 60 (POLLOUT:4)
0:00:00.017962392  4445 0xc03390 TRACE   structure gststructure.c:287:gst_structure_new_id_empty_with_size: created structure 0xc226e0
0:00:00.013952044  4446 0xc47320 DEBUG   GST_POLL gstpoll.c:980:gst_poll_fd_ctl_write: 0xc4f810: fd (fd:0, idx:1), active : 1
0:00:00.017983716  4445 0xc03390 DEBUG   structure gststructure.c:2203:gst_structure_parse_field: trying field name 'long-name'
0:00:00.013975298  4446 0xc47320 LOG   GST_POLL gstpoll.c:994:gst_poll_fd_ctl_write: 0xc4f810: pfd->events now 60 (POLLOUT:4)
0:00:00.018005779  4445 0xc03390 DEBUG   default gstvalue.c:2676:_priv_gst_value_parse_value: trying type name 'string'
0:00:00.013984350  4446 0xc47320 DEBUG   GST_POLL gstpoll.c:980:gst_poll_fd_ctl_write: 0xc4f810: fd (fd:0, idx:1), active : 1
0:00:00.018013822  4445 0xc03390 DEBUG   structure gststructure.c:2203:gst_structure_parse_field: trying field name 'klass'
0:00:00.013990530  4446 0xc47320 LOG   GST_POLL gstpoll.c:994:gst_poll_fd_ctl_write: 0xc4f810: pfd->events now 60 (POLLOUT:4)
0:00:00.018019661  4445 0xc03390 DEBUG   default gstvalue.c:2676:_priv_gst_value_parse_value: trying type name 'string'
0:00:00.013997335  4446 0xc47320 LOG   GST_PLUGIN_LOADING gstpluginloader.c:646:put_chunk: Expanding tx buf from 10158 to 13209 for chunk of size 209
0:00:00.018026466  4445 0xc03390 DEBUG   structure gststructure.c:2203:gst_structure_parse_field: trying field name 'description'
0:00:00.018033436  4445 0xc03390 DEBUG   default gstvalue.c:2676:_priv_gst_value_parse_value: trying type name 'string'
0:00:00.018039066  4445 0xc03390 DEBUG   structure gststructure.c:2203:gst_structure_parse_field: trying field name 'author'
0:00:00.014015244  4446 0xc47320 DEBUG   GST_POLL gstpoll.c:980:gst_poll_fd_ctl_write: 0xc4f810: fd (fd:0, idx:1), active : 1
0:00:00.018044130  4445 0xc03390 DEBUG   default gstvalue.c:2676:_priv_gst_value_parse_value: trying type name 'string'
0:00:00.014021812  4446 0xc47320 LOG   GST_POLL gstpoll.c:994:gst_poll_fd_ctl_write: 0xc4f810: pfd->events now 60 (POLLOUT:4)
0:00:00.018052546  4445 0xc03390 DEBUG   GST_REGISTRY gstregistrychunks.c:626:gst_registry_chunks_load_feature: Element factory : npadtemplates=2
0:00:00.014028477  4446 0xc47320 DEBUG   GST_POLL gstpoll.c:980:gst_poll_fd_ctl_write: 0xc4f810: fd (fd:0, idx:1), active : 1
0:00:00.018058394  4445 0xc03390 DEBUG   GST_REGISTRY gstregistrychunks.c:526:gst_registry_chunks_load_pad_template: Reading/casting for GstRegistryChunkPadTemplate at address 0xc1f650
0:00:00.014034779  4446 0xc47320 LOG   GST_POLL gstpoll.c:994:gst_poll_fd_ctl_write: 0xc4f810: pfd->events now 60 (POLLOUT:4)
0:00:00.018064464  4445 0xc03390 DEBUG   GST_REGISTRY gstregistrychunks.c:539:gst_registry_chunks_load_pad_template: Added pad_template src
0:00:00.014041293  4446 0xc47320 DEBUG   GST_POLL gstpoll.c:980:gst_poll_fd_ctl_write: 0xc4f810: fd (fd:0, idx:1), active : 1
0:00:00.018070204  4445 0xc03390 DEBUG   GST_REGISTRY gstregistrychunks.c:526:gst_registry_chunks_load_pad_template: Reading/casting for GstRegistryChunkPadTemplate at address 0xc1f660
0:00:00.014047695  4446 0xc47320 LOG   GST_POLL gstpoll.c:994:gst_poll_fd_ctl_write: 0xc4f810: pfd->events now 60 (POLLOUT:4)
0:00:00.018077021  4445 0xc03390 DEBUG   GST_REGISTRY gstregistrychunks.c:539:gst_registry_chunks_load_pad_template: Added pad_template sink_%u
0:00:00.014058968  4446 0xc47320 DEBUG   GST_POLL gstpoll.c:980:gst_poll_fd_ctl_write: 0xc4f810: fd (fd:0, idx:1), active : 1
0:00:00.018090267  4445 0xc03390 DEBUG   GST_REGISTRY gstregistry.c:590:gst_registry_add_feature: adding feature 0xc22440 (input-selector)
0:00:00.014065257  4446 0xc47320 LOG   GST_POLL gstpoll.c:994:gst_poll_fd_ctl_write: 0xc4f810: pfd->events now 60 (POLLOUT:4)
0:00:00.018096450  4445 0xc03390 DEBUG   GST_REFCOUNTING gstobject.c:709:gst_object_set_parent: set parent (ref and sink)
0:00:00.014071572  4446 0xc47320 DEBUG   GST_POLL gstpoll.c:980:gst_poll_fd_ctl_write: 0xc4f810: fd (fd:0, idx:1), active : 1
0:00:00.018104033  4445 0xc03390 TRACE   GST_REFCOUNTING gstobject.c:294:gst_object_ref_sink: 0xc22440 ref_sink 1->2
0:00:00.014078032  4446 0xc47320 LOG   GST_POLL gstpoll.c:994:gst_poll_fd_ctl_write: 0xc4f810: pfd->events now 60 (POLLOUT:4)
0:00:00.018110993  4445 0xc03390 LOG   GST_REGISTRY gstregistry.c:608:gst_registry_add_feature: emitting feature-added for input-selector
0:00:00.014085845  4446 0xc47320 DEBUG   GST_POLL gstpoll.c:980:gst_poll_fd_ctl_write: 0xc4f810: fd (fd:0, idx:1), active : 1
0:00:00.018117991  4445 0xc03390 DEBUG   GST_REGISTRY gstregistrychunks.c:741:gst_registry_chunks_load_feature: Added feature input-selector, plugin 0xc1d070 coreelements
0:00:00.014092039  4446 0xc47320 LOG   GST_POLL gstpoll.c:994:gst_poll_fd_ctl_write: 0xc4f810: pfd->events now 60 (POLLOUT:4)
0:00:00.018125319  4445 0xc03390 DEBUG   GST_REGISTRY gstregistrychunks.c:583:gst_registry_chunks_load_feature: Plugin 'coreelements' feature 'identity' typename : 'GstElementFactory'
0:00:00.014099576  4446 0xc47320 DEBUG   GST_POLL gstpoll.c:980:gst_poll_fd_ctl_write: 0xc4f810: fd (fd:0, idx:1), active : 1
0:00:00.018133259  4445 0xc03390 TRACE   GST_REFCOUNTING gstobject.c:208:gst_object_init: 0xc22320 new
0:00:00.014106609  4446 0xc47320 LOG   GST_POLL gstpoll.c:994:gst_poll_fd_ctl_write: 0xc4f810: pfd->events now 60 (POLLOUT:4)
0:00:00.018141167  4445 0xc03390 LOG   GST_REGISTRY gstregistrychunks.c:610:gst_registry_chunks_load_feature: Reading/casting for GstRegistryChunkElementFactory at address 0xc1f690
0:00:00.014115330  4446 0xc47320 DEBUG   GST_POLL gstpoll.c:980:gst_poll_fd_ctl_write: 0xc4f810: fd (fd:0, idx:1), active : 1
0:00:00.018148123  4445 0xc03390 TRACE   structure gststructure.c:287:gst_structure_new_id_empty_with_size: created structure 0xc22a20
0:00:00.014122585  4446 0xc47320 LOG   GST_POLL gstpoll.c:994:gst_poll_fd_ctl_write: 0xc4f810: pfd->events now 60 (POLLOUT:4)
0:00:00.018154354  4445 0xc03390 DEBUG   structure gststructure.c:2203:gst_structure_parse_field: trying field name 'long-name'
0:00:00.014129501  4446 0xc47320 DEBUG   GST_POLL gstpoll.c:980:gst_poll_fd_ctl_write: 0xc4f810: fd (fd:0, idx:1), active : 1
0:00:00.018160401  4445 0xc03390 DEBUG   default gstvalue.c:2676:_priv_gst_value_parse_value: trying type name 'string'
0:00:00.014139739  4446 0xc47320 LOG   GST_POLL gstpoll.c:994:gst_poll_fd_ctl_write: 0xc4f810: pfd->events now 60 (POLLOUT:4)
0:00:00.018169765  4445 0xc03390 DEBUG   structure gststructure.c:2203:gst_structure_parse_field: trying field name 'klass'
0:00:00.014146301  4446 0xc47320 DEBUG   GST_POLL gstpoll.c:980:gst_poll_fd_ctl_write: 0xc4f810: fd (fd:0, idx:1), active : 1
0:00:00.018175889  4445 0xc03390 DEBUG   default gstvalue.c:2676:_priv_gst_value_parse_value: trying type name 'string'
0:00:00.014152447  4446 0xc47320 LOG   GST_POLL gstpoll.c:994:gst_poll_fd_ctl_write: 0xc4f810: pfd->events now 60 (POLLOUT:4)
0:00:00.018182079  4445 0xc03390 DEBUG   structure gststructure.c:2203:gst_structure_parse_field: trying field name 'description'
0:00:00.014158885  4446 0xc47320 DEBUG   GST_POLL gstpoll.c:980:gst_poll_fd_ctl_write: 0xc4f810: fd (fd:0, idx:1), active : 1
0:00:00.018188004  4445 0xc03390 DEBUG   default gstvalue.c:2676:_priv_gst_value_parse_value: trying type name 'string'
0:00:00.014165183  4446 0xc47320 LOG   GST_POLL gstpoll.c:994:gst_poll_fd_ctl_write: 0xc4f810: pfd->events now 60 (POLLOUT:4)
0:00:00.018195124  4445 0xc03390 DEBUG   structure gststructure.c:2203:gst_structure_parse_field: trying field name 'author'
0:00:00.014171523  4446 0xc47320 DEBUG   GST_POLL gstpoll.c:980:gst_poll_fd_ctl_write: 0xc4f810: fd (fd:0, idx:1), active : 1
0:00:00.018200954  4445 0xc03390 DEBUG   default gstvalue.c:2676:_priv_gst_value_parse_value: trying type name 'string'
0:00:00.014177722  4446 0xc47320 LOG   GST_POLL gstpoll.c:994:gst_poll_fd_ctl_write: 0xc4f810: pfd->events now 60 (POLLOUT:4)
0:00:00.018207829  4445 0xc03390 DEBUG   GST_REGISTRY gstregistrychunks.c:626:gst_registry_chunks_load_feature: Element factory : npadtemplates=2
0:00:00.014184135  4446 0xc47320 DEBUG   GST_POLL gstpoll.c:980:gst_poll_fd_ctl_write: 0xc4f810: fd (fd:0, idx:1), active : 1
0:00:00.018213557  4445 0xc03390 DEBUG   GST_REGISTRY gstregistrychunks.c:526:gst_registry_chunks_load_pad_template: Reading/casting for GstRegistryChunkPadTemplate at address 0xc1f760
0:00:00.014190334  4446 0xc47320 LOG   GST_POLL gstpoll.c:994:gst_poll_fd_ctl_write: 0xc4f810: pfd->events now 60 (POLLOUT:4)
0:00:00.018219767  4445 0xc03390 DEBUG   GST_REGISTRY gstregistrychunks.c:539:gst_registry_chunks_load_pad_template: Added pad_template sink
0:00:00.014196640  4446 0xc47320 DEBUG   GST_POLL gstpoll.c:980:gst_poll_fd_ctl_write: 0xc4f810: fd (fd:0, idx:1), active : 1
0:00:00.018225871  4445 0xc03390 DEBUG   GST_REGISTRY gstregistrychunks.c:526:gst_registry_chunks_load_pad_template: Reading/casting for GstRegistryChunkPadTemplate at address 0xc1f778
0:00:00.014202953  4446 0xc47320 LOG   GST_POLL gstpoll.c:994:gst_poll_fd_ctl_write: 0xc4f810: pfd->events now 60 (POLLOUT:4)
0:00:00.018232519  4445 0xc03390 DEBUG   GST_REGISTRY gstregistrychunks.c:539:gst_registry_chunks_load_pad_template: Added pad_template src
0:00:00.014209203  4446 0xc47320 DEBUG   GST_POLL gstpoll.c:980:gst_poll_fd_ctl_write: 0xc4f810: fd (fd:0, idx:1), active : 1
0:00:00.018245496  4445 0xc03390 DEBUG   GST_REGISTRY gstregistry.c:590:gst_registry_add_feature: adding feature 0xc22320 (identity)
0:00:00.014219147  4446 0xc47320 LOG   GST_POLL gstpoll.c:994:gst_poll_fd_ctl_write: 0xc4f810: pfd->events now 60 (POLLOUT:4)
0:00:00.018251687  4445 0xc03390 DEBUG   GST_REFCOUNTING gstobject.c:709:gst_object_set_parent: set parent (ref and sink)
0:00:00.014226993  4446 0xc47320 DEBUG   GST_POLL gstpoll.c:980:gst_poll_fd_ctl_write: 0xc4f810: fd (fd:0, idx:1), active : 1
0:00:00.018258958  4445 0xc03390 TRACE   GST_REFCOUNTING gstobject.c:294:gst_object_ref_sink: 0xc22320 ref_sink 1->2
0:00:00.014232930  4446 0xc47320 LOG   GST_POLL gstpoll.c:994:gst_poll_fd_ctl_write: 0xc4f810: pfd->events now 60 (POLLOUT:4)
0:00:00.018265714  4445 0xc03390 LOG   GST_REGISTRY gstregistry.c:608:gst_registry_add_feature: emitting feature-added for identity
0:00:00.014240645  4446 0xc47320 DEBUG   GST_POLL gstpoll.c:980:gst_poll_fd_ctl_write: 0xc4f810: fd (fd:0, idx:1), active : 1
0:00:00.018272406  4445 0xc03390 DEBUG   GST_REGISTRY gstregistrychunks.c:741:gst_registry_chunks_load_feature: Added feature identity, plugin 0xc1d070 coreelements
0:00:00.014246728  4446 0xc47320 LOG   GST_POLL gstpoll.c:994:gst_poll_fd_ctl_write: 0xc4f810: pfd->events now 60 (POLLOUT:4)
0:00:00.018279270  4445 0xc03390 DEBUG   GST_REGISTRY gstregistrychunks.c:583:gst_registry_chunks_load_feature: Plugin 'coreelements' feature 'funnel' typename : 'GstElementFactory'
0:00:00.014253762  4446 0xc47320 DEBUG   GST_POLL gstpoll.c:980:gst_poll_fd_ctl_write: 0xc4f810: fd (fd:0, idx:1), active : 1
0:00:00.018286803  4445 0xc03390 TRACE   GST_REFCOUNTING gstobject.c:208:gst_object_init: 0xc22c20 new
0:00:00.014260537  4446 0xc47320 LOG   GST_POLL gstpoll.c:994:gst_poll_fd_ctl_write: 0xc4f810: pfd->events now 60 (POLLOUT:4)
0:00:00.018294357  4445 0xc03390 LOG   GST_REGISTRY gstregistrychunks.c:610:gst_registry_chunks_load_feature: Reading/casting for GstRegistryChunkElementFactory at address 0xc1f7a8
0:00:00.014268739  4446 0xc47320 DEBUG   GST_POLL gstpoll.c:980:gst_poll_fd_ctl_write: 0xc4f810: fd (fd:0, idx:1), active : 1
0:00:00.018301008  4445 0xc03390 TRACE   structure gststructure.c:287:gst_structure_new_id_empty_with_size: created structure 0xc22de0
0:00:00.014275706  4446 0xc47320 LOG   GST_POLL gstpoll.c:994:gst_poll_fd_ctl_write: 0xc4f810: pfd->events now 60 (POLLOUT:4)
0:00:00.018307101  4445 0xc03390 DEBUG   structure gststructure.c:2203:gst_structure_parse_field: trying field name 'long-name'
0:00:00.014282577  4446 0xc47320 DEBUG   GST_POLL gstpoll.c:980:gst_poll_fd_ctl_write: 0xc4f810: fd (fd:0, idx:1), active : 1
0:00:00.018313002  4445 0xc03390 DEBUG   default gstvalue.c:2676:_priv_gst_value_parse_value: trying type name 'string'
0:00:00.014288823  4446 0xc47320 LOG   GST_POLL gstpoll.c:994:gst_poll_fd_ctl_write: 0xc4f810: pfd->events now 60 (POLLOUT:4)
0:00:00.018325263  4445 0xc03390 DEBUG   structure gststructure.c:2203:gst_structure_parse_field: trying field name 'klass'
0:00:00.014300042  4446 0xc47320 DEBUG   GST_POLL gstpoll.c:980:gst_poll_fd_ctl_write: 0xc4f810: fd (fd:0, idx:1), active : 1
0:00:00.018331345  4445 0xc03390 DEBUG   default gstvalue.c:2676:_priv_gst_value_parse_value: trying type name 'string'
0:00:00.014306688  4446 0xc47320 LOG   GST_POLL gstpoll.c:994:gst_poll_fd_ctl_write: 0xc4f810: pfd->events now 60 (POLLOUT:4)
0:00:00.018337604  4445 0xc03390 DEBUG   structure gststructure.c:2203:gst_structure_parse_field: trying field name 'description'
0:00:00.014313422  4446 0xc47320 DEBUG   GST_POLL gstpoll.c:980:gst_poll_fd_ctl_write: 0xc4f810: fd (fd:0, idx:1), active : 1
0:00:00.018343275  4445 0xc03390 DEBUG   default gstvalue.c:2676:_priv_gst_value_parse_value: trying type name 'string'
0:00:00.014319485  4446 0xc47320 LOG   GST_POLL gstpoll.c:994:gst_poll_fd_ctl_write: 0xc4f810: pfd->events now 60 (POLLOUT:4)
0:00:00.018349452  4445 0xc03390 DEBUG   structure gststructure.c:2203:gst_structure_parse_field: trying field name 'author'
0:00:00.014325872  4446 0xc47320 DEBUG   GST_POLL gstpoll.c:980:gst_poll_fd_ctl_write: 0xc4f810: fd (fd:0, idx:1), active : 1
0:00:00.018355305  4445 0xc03390 DEBUG   default gstvalue.c:2676:_priv_gst_value_parse_value: trying type name 'string'
0:00:00.014332003  4446 0xc47320 LOG   GST_POLL gstpoll.c:994:gst_poll_fd_ctl_write: 0xc4f810: pfd->events now 60 (POLLOUT:4)
0:00:00.018361989  4445 0xc03390 DEBUG   GST_REGISTRY gstregistrychunks.c:626:gst_registry_chunks_load_feature: Element factory : npadtemplates=2
0:00:00.014338238  4446 0xc47320 DEBUG   GST_POLL gstpoll.c:980:gst_poll_fd_ctl_write: 0xc4f810: fd (fd:0, idx:1), active : 1
0:00:00.014344254  4446 0xc47320 LOG   GST_POLL gstpoll.c:994:gst_poll_fd_ctl_write: 0xc4f810: pfd->events now 60 (POLLOUT:4)
0:00:00.018367873  4445 0xc03390 DEBUG   GST_REGISTRY gstregistrychunks.c:526:gst_registry_chunks_load_pad_template: Reading/casting for GstRegistryChunkPadTemplate at address 0xc1f880
0:00:00.014350288  4446 0xc47320 DEBUG   GST_POLL gstpoll.c:980:gst_poll_fd_ctl_write: 0xc4f810: fd (fd:0, idx:1), active : 1
0:00:00.018379574  4445 0xc03390 DEBUG   GST_REGISTRY gstregistrychunks.c:539:gst_registry_chunks_load_pad_template: Added pad_template src
0:00:00.014356324  4446 0xc47320 LOG   GST_POLL gstpoll.c:994:gst_poll_fd_ctl_write: 0xc4f810: pfd->events now 60 (POLLOUT:4)
0:00:00.018389005  4445 0xc03390 DEBUG   GST_REGISTRY gstregistrychunks.c:526:gst_registry_chunks_load_pad_template: Reading/casting for GstRegistryChunkPadTemplate at address 0xc1f890
0:00:00.014362701  4446 0xc47320 DEBUG   GST_POLL gstpoll.c:980:gst_poll_fd_ctl_write: 0xc4f810: fd (fd:0, idx:1), active : 1
0:00:00.018395865  4445 0xc03390 DEBUG   GST_REGISTRY gstregistrychunks.c:539:gst_registry_chunks_load_pad_template: Added pad_template sink_%u
0:00:00.014370500  4446 0xc47320 LOG   GST_POLL gstpoll.c:994:gst_poll_fd_ctl_write: 0xc4f810: pfd->events now 60 (POLLOUT:4)
0:00:00.018411454  4445 0xc03390 DEBUG   GST_REGISTRY gstregistry.c:590:gst_registry_add_feature: adding feature 0xc22c20 (funnel)
0:00:00.014384739  4446 0xc47320 DEBUG   GST_POLL gstpoll.c:980:gst_poll_fd_ctl_write: 0xc4f810: fd (fd:0, idx:1), active : 1
0:00:00.018417857  4445 0xc03390 DEBUG   GST_REFCOUNTING gstobject.c:709:gst_object_set_parent: set parent (ref and sink)
0:00:00.014392760  4446 0xc47320 LOG   GST_POLL gstpoll.c:994:gst_poll_fd_ctl_write: 0xc4f810: pfd->events now 60 (POLLOUT:4)
0:00:00.018425691  4445 0xc03390 TRACE   GST_REFCOUNTING gstobject.c:294:gst_object_ref_sink: 0xc22c20 ref_sink 1->2
0:00:00.014399718  4446 0xc47320 DEBUG   GST_POLL gstpoll.c:980:gst_poll_fd_ctl_write: 0xc4f810: fd (fd:0, idx:1), active : 1
0:00:00.018432447  4445 0xc03390 LOG   GST_REGISTRY gstregistry.c:608:gst_registry_add_feature: emitting feature-added for funnel
0:00:00.014407091  4446 0xc47320 LOG   GST_POLL gstpoll.c:994:gst_poll_fd_ctl_write: 0xc4f810: pfd->events now 60 (POLLOUT:4)
0:00:00.018439456  4445 0xc03390 DEBUG   GST_REGISTRY gstregistrychunks.c:741:gst_registry_chunks_load_feature: Added feature funnel, plugin 0xc1d070 coreelements
0:00:00.014413966  4446 0xc47320 DEBUG   GST_POLL gstpoll.c:980:gst_poll_fd_ctl_write: 0xc4f810: fd (fd:0, idx:1), active : 1
0:00:00.018446683  4445 0xc03390 DEBUG   GST_REGISTRY gstregistrychunks.c:583:gst_registry_chunks_load_feature: Plugin 'coreelements' feature 'filesrc' typename : 'GstElementFactory'
0:00:00.014420754  4446 0xc47320 LOG   GST_POLL gstpoll.c:994:gst_poll_fd_ctl_write: 0xc4f810: pfd->events now 60 (POLLOUT:4)
0:00:00.018454129  4445 0xc03390 TRACE   GST_REFCOUNTING gstobject.c:208:gst_object_init: 0xc230c0 new
0:00:00.014428067  4446 0xc47320 DEBUG   GST_POLL gstpoll.c:980:gst_poll_fd_ctl_write: 0xc4f810: fd (fd:0, idx:1), active : 1
0:00:00.018461687  4445 0xc03390 LOG   GST_REGISTRY gstregistrychunks.c:610:gst_registry_chunks_load_feature: Reading/casting for GstRegistryChunkElementFactory at address 0xc1f8c0
0:00:00.014435907  4446 0xc47320 LOG   GST_POLL gstpoll.c:994:gst_poll_fd_ctl_write: 0xc4f810: pfd->events now 60 (POLLOUT:4)
0:00:00.018468387  4445 0xc03390 TRACE   structure gststructure.c:287:gst_structure_new_id_empty_with_size: created structure 0xc23280
0:00:00.014443186  4446 0xc47320 DEBUG   GST_POLL gstpoll.c:980:gst_poll_fd_ctl_write: 0xc4f810: fd (fd:0, idx:1), active : 1
0:00:00.018474695  4445 0xc03390 DEBUG   structure gststructure.c:2203:gst_structure_parse_field: trying field name 'long-name'
0:00:00.014449625  4446 0xc47320 LOG   GST_POLL gstpoll.c:994:gst_poll_fd_ctl_write: 0xc4f810: pfd->events now 60 (POLLOUT:4)
0:00:00.018480287  4445 0xc03390 DEBUG   default gstvalue.c:2676:_priv_gst_value_parse_value: trying type name 'string'
0:00:00.014456054  4446 0xc47320 DEBUG   GST_POLL gstpoll.c:980:gst_poll_fd_ctl_write: 0xc4f810: fd (fd:0, idx:1), active : 1
0:00:00.018491517  4445 0xc03390 DEBUG   structure gststructure.c:2203:gst_structure_parse_field: trying field name 'klass'
0:00:00.014466316  4446 0xc47320 LOG   GST_POLL gstpoll.c:994:gst_poll_fd_ctl_write: 0xc4f810: pfd->events now 60 (POLLOUT:4)
0:00:00.018497125  4445 0xc03390 DEBUG   default gstvalue.c:2676:_priv_gst_value_parse_value: trying type name 'string'
0:00:00.014472828  4446 0xc47320 DEBUG   GST_POLL gstpoll.c:980:gst_poll_fd_ctl_write: 0xc4f810: fd (fd:0, idx:1), active : 1
0:00:00.018503248  4445 0xc03390 DEBUG   structure gststructure.c:2203:gst_structure_parse_field: trying field name 'description'
0:00:00.014478937  4446 0xc47320 LOG   GST_POLL gstpoll.c:994:gst_poll_fd_ctl_write: 0xc4f810: pfd->events now 60 (POLLOUT:4)
0:00:00.018508864  4445 0xc03390 DEBUG   default gstvalue.c:2676:_priv_gst_value_parse_value: trying type name 'string'
0:00:00.014485339  4446 0xc47320 DEBUG   GST_POLL gstpoll.c:980:gst_poll_fd_ctl_write: 0xc4f810: fd (fd:0, idx:1), active : 1
0:00:00.018515242  4445 0xc03390 DEBUG   structure gststructure.c:2203:gst_structure_parse_field: trying field name 'author'
0:00:00.014491616  4446 0xc47320 LOG   GST_POLL gstpoll.c:994:gst_poll_fd_ctl_write: 0xc4f810: pfd->events now 60 (POLLOUT:4)
0:00:00.018520976  4445 0xc03390 DEBUG   default gstvalue.c:2676:_priv_gst_value_parse_value: trying type name 'string'
0:00:00.014497870  4446 0xc47320 DEBUG   GST_POLL gstpoll.c:980:gst_poll_fd_ctl_write: 0xc4f810: fd (fd:0, idx:1), active : 1
0:00:00.018527414  4445 0xc03390 DEBUG   GST_REGISTRY gstregistrychunks.c:626:gst_registry_chunks_load_feature: Element factory : npadtemplates=1
0:00:00.014504149  4446 0xc47320 LOG   GST_POLL gstpoll.c:994:gst_poll_fd_ctl_write: 0xc4f810: pfd->events now 60 (POLLOUT:4)
0:00:00.018533500  4445 0xc03390 DEBUG   GST_REGISTRY gstregistrychunks.c:526:gst_registry_chunks_load_pad_template: Reading/casting for GstRegistryChunkPadTemplate at address 0xc1f9a0
0:00:00.014510750  4446 0xc47320 DEBUG   GST_POLL gstpoll.c:980:gst_poll_fd_ctl_write: 0xc4f810: fd (fd:0, idx:1), active : 1
0:00:00.018539601  4445 0xc03390 DEBUG   GST_REGISTRY gstregistrychunks.c:539:gst_registry_chunks_load_pad_template: Added pad_template src
0:00:00.014516856  4446 0xc47320 LOG   GST_POLL gstpoll.c:994:gst_poll_fd_ctl_write: 0xc4f810: pfd->events now 60 (POLLOUT:4)
0:00:00.018546957  4445 0xc03390 DEBUG   GST_REGISTRY gstregistrychunks.c:639:gst_registry_chunks_load_feature: Reading 1 UriTypes at address 0xc1f9b0
0:00:00.014523061  4446 0xc47320 DEBUG   GST_POLL gstpoll.c:980:gst_poll_fd_ctl_write: 0xc4f810: fd (fd:0, idx:1), active : 1
0:00:00.018553710  4445 0xc03390 DEBUG   GST_REGISTRY gstregistrychunks.c:654:gst_registry_chunks_load_feature: Reading 1 Interfaces at address 0xc1f9b9
0:00:00.014529038  4446 0xc47320 LOG   GST_POLL gstpoll.c:994:gst_poll_fd_ctl_write: 0xc4f810: pfd->events now 60 (POLLOUT:4)
0:00:00.018561384  4445 0xc03390 DEBUG   GST_REGISTRY gstregistry.c:590:gst_registry_add_feature: adding feature 0xc230c0 (filesrc)
0:00:00.014539798  4446 0xc47320 DEBUG   GST_POLL gstpoll.c:980:gst_poll_fd_ctl_write: 0xc4f810: fd (fd:0, idx:1), active : 1
0:00:00.018569219  4445 0xc03390 DEBUG   GST_REFCOUNTING gstobject.c:709:gst_object_set_parent: set parent (ref and sink)
0:00:00.014545929  4446 0xc47320 LOG   GST_POLL gstpoll.c:994:gst_poll_fd_ctl_write: 0xc4f810: pfd->events now 60 (POLLOUT:4)
0:00:00.018576721  4445 0xc03390 TRACE   GST_REFCOUNTING gstobject.c:294:gst_object_ref_sink: 0xc230c0 ref_sink 1->2
0:00:00.014552567  4446 0xc47320 DEBUG   GST_POLL gstpoll.c:980:gst_poll_fd_ctl_write: 0xc4f810: fd (fd:0, idx:1), active : 1
0:00:00.018583625  4445 0xc03390 LOG   GST_REGISTRY gstregistry.c:608:gst_registry_add_feature: emitting feature-added for filesrc
0:00:00.014558676  4446 0xc47320 LOG   GST_POLL gstpoll.c:994:gst_poll_fd_ctl_write: 0xc4f810: pfd->events now 60 (POLLOUT:4)
