0:00:00.011612018  4446 0xc47320 DEBUG   GST_POLL gstpoll.c:1266:gst_poll_fd_can_read_unlocked: 0xc4f810: fd (fd:5, idx:2) 1
0:00:00.015642854  4445 0xc03390 LOG   GST_PLUGIN_LOADING gstpluginloader.c:1028:exchange_packets: Poll res = 1. 0 bytes pending for write
0:00:00.011622772  4446 0xc47320 DEBUG   GST_PLUGIN_LOADING gstpluginloader.c:722:do_plugin_load: Plugin scanner loading file /home/conan/w/prod/BuildSingleReference/.conan/data/gstreamer/1.18.4/_/_/package/3ad8b12e986bc654ebd8f9dbd570a3969420bafe/lib/gstreamer-1.0/libgstcoretracers.so. tag 2
0:00:00.015663322  4445 0xc03390 DEBUG   GST_POLL gstpoll.c:1241:gst_poll_fd_has_error: 0xc1cb40: fd (fd:8, idx:2) 0
0:00:00.011638835  4446 0xc47320 TRACE   GST_REFCOUNTING gstobject.c:238:gst_object_ref: 0xc60ea0 ref 1->2
0:00:00.015669848  4445 0xc03390 DEBUG   GST_POLL gstpoll.c:1266:gst_poll_fd_can_read_unlocked: 0xc1cb40: fd (fd:8, idx:2) 1
0:00:00.011647267  4446 0xc47320 TRACE   GST_REFCOUNTING gstobject.c:238:gst_object_ref: 0xc61da0 ref 1->2
0:00:00.011654382  4446 0xc47320 TRACE   GST_REFCOUNTING gstobject.c:238:gst_object_ref: 0xc61b50 ref 1->2
0:00:00.015682243  4445 0xc03390 DEBUG   GST_PLUGIN_LOADING gstpluginloader.c:850:handle_rx_packet: Received plugin details from child w/ tag 0. 476 bytes info
0:00:00.011660764  4446 0xc47320 TRACE   GST_REFCOUNTING gstobject.c:238:gst_object_ref: 0xc61880 ref 1->2
0:00:00.015700238  4445 0xc03390 LOG   GST_REGISTRY gstregistrychunks.c:837:_priv_gst_registry_chunks_load_plugin: Reading/casting for GstRegistryChunkPluginElement at address 0xc1d070
0:00:00.011674926  4446 0xc47320 TRACE   GST_REFCOUNTING gstobject.c:238:gst_object_ref: 0xc61670 ref 1->2
0:00:00.011682573  4446 0xc47320 TRACE   GST_REFCOUNTING gstobject.c:238:gst_object_ref: 0xc61180 ref 1->2
0:00:00.011690815  4446 0xc47320 TRACE   GST_REFCOUNTING gstobject.c:265:gst_object_unref: 0xc61180 unref 2->1
0:00:00.015719702  4445 0xc03390 TRACE   GST_REFCOUNTING gstobject.c:208:gst_object_init: 0xc1d6e0 new
0:00:00.011697178  4446 0xc47320 TRACE   GST_REFCOUNTING gstobject.c:265:gst_object_unref: 0xc61670 unref 2->1
0:00:00.011703935  4446 0xc47320 TRACE   GST_REFCOUNTING gstobject.c:265:gst_object_unref: 0xc61880 unref 2->1
0:00:00.011710118  4446 0xc47320 TRACE   GST_REFCOUNTING gstobject.c:265:gst_object_unref: 0xc61b50 unref 2->1
0:00:00.011716326  4446 0xc47320 TRACE   GST_REFCOUNTING gstobject.c:265:gst_object_unref: 0xc61da0 unref 2->1
0:00:00.011723970  4446 0xc47320 DEBUG   GST_REGISTRY gstregistrychunks.c:498:_priv_gst_registry_chunks_save_plugin: Found 5 features in plugin 0xc60ea0 (coretracers)
0:00:00.015754499  4445 0xc03390 LOG   GST_REGISTRY gstregistrychunks.c:858:_priv_gst_registry_chunks_load_plugin: read strings for name='coretracers'
0:00:00.011730300  4446 0xc47320 DEBUG   GST_POLL gstpoll.c:980:gst_poll_fd_ctl_write: 0xc4f810: fd (fd:0, idx:1), active : 1
0:00:00.015761272  4445 0xc03390 LOG   GST_REGISTRY gstregistrychunks.c:859:_priv_gst_registry_chunks_load_plugin: desc.description='GStreamer core tracers'
0:00:00.011736593  4446 0xc47320 LOG   GST_POLL gstpoll.c:994:gst_poll_fd_ctl_write: 0xc4f810: pfd->events now 60 (POLLOUT:4)
0:00:00.015767754  4445 0xc03390 LOG   GST_REGISTRY gstregistrychunks.c:860:_priv_gst_registry_chunks_load_plugin: filename='/home/conan/w/prod/BuildSingleReference/.conan/data/gstreamer/1.18.4/_/_/package/3ad8b12e986bc654ebd8f9dbd570a3969420bafe/lib/gstreamer-1.0/libgstcoretracers.so'
0:00:00.011743048  4446 0xc47320 DEBUG   GST_POLL gstpoll.c:980:gst_poll_fd_ctl_write: 0xc4f810: fd (fd:0, idx:1), active : 1
0:00:00.015774207  4445 0xc03390 LOG   GST_REGISTRY gstregistrychunks.c:861:_priv_gst_registry_chunks_load_plugin: desc.version='1.18.4'
0:00:00.011749264  4446 0xc47320 LOG   GST_POLL gstpoll.c:994:gst_poll_fd_ctl_write: 0xc4f810: pfd->events now 60 (POLLOUT:4)
0:00:00.015779920  4445 0xc03390 LOG   GST_REGISTRY gstregistrychunks.c:862:_priv_gst_registry_chunks_load_plugin: desc.license='LGPL'
0:00:00.011755682  4446 0xc47320 DEBUG   GST_POLL gstpoll.c:980:gst_poll_fd_ctl_write: 0xc4f810: fd (fd:0, idx:1), active : 1
0:00:00.015785443  4445 0xc03390 LOG   GST_REGISTRY gstregistrychunks.c:863:_priv_gst_registry_chunks_load_plugin: desc.source='gstreamer'
0:00:00.011766518  4446 0xc47320 LOG   GST_POLL gstpoll.c:994:gst_poll_fd_ctl_write: 0xc4f810: pfd->events now 60 (POLLOUT:4)
0:00:00.015795824  4445 0xc03390 LOG   GST_REGISTRY gstregistrychunks.c:864:_priv_gst_registry_chunks_load_plugin: desc.package='GStreamer source release'
0:00:00.011773051  4446 0xc47320 DEBUG   GST_POLL gstpoll.c:980:gst_poll_fd_ctl_write: 0xc4f810: fd (fd:0, idx:1), active : 1
0:00:00.015802364  4445 0xc03390 LOG   GST_REGISTRY gstregistrychunks.c:865:_priv_gst_registry_chunks_load_plugin: desc.origin='Unknown package origin'
0:00:00.011779154  4446 0xc47320 LOG   GST_POLL gstpoll.c:994:gst_poll_fd_ctl_write: 0xc4f810: pfd->events now 60 (POLLOUT:4)
0:00:00.015808487  4445 0xc03390 LOG   GST_REGISTRY gstregistrychunks.c:866:_priv_gst_registry_chunks_load_plugin: desc.datetime=2021-03-15
0:00:00.011785323  4446 0xc47320 DEBUG   GST_POLL gstpoll.c:980:gst_poll_fd_ctl_write: 0xc4f810: fd (fd:0, idx:1), active : 1
0:00:00.015817742  4445 0xc03390 DEBUG   GST_REGISTRY gstregistry.c:474:gst_registry_add_plugin: adding plugin 0xc1d6e0 for filename "/home/conan/w/prod/BuildSingleReference/.conan/data/gstreamer/1.18.4/_/_/package/3ad8b12e986bc654ebd8f9dbd570a3969420bafe/lib/gstreamer-1.0/libgstcoretracers.so"
0:00:00.011791356  4446 0xc47320 LOG   GST_POLL gstpoll.c:994:gst_poll_fd_ctl_write: 0xc4f810: pfd->events now 60 (POLLOUT:4)
0:00:00.011799464  4446 0xc47320 DEBUG   GST_POLL gstpoll.c:980:gst_poll_fd_ctl_write: 0xc4f810: fd (fd:0, idx:1), active : 1
0:00:00.015827785  4445 0xc03390 TRACE   GST_REFCOUNTING gstobject.c:294:gst_object_ref_sink: 0xc1d6e0 ref_sink 1->2
0:00:00.011805214  4446 0xc47320 LOG   GST_POLL gstpoll.c:994:gst_poll_fd_ctl_write: 0xc4f810: pfd->events now 60 (POLLOUT:4)
0:00:00.015835860  4445 0xc03390 LOG   GST_REGISTRY gstregistry.c:487:gst_registry_add_plugin: emitting plugin-added for filename "/home/conan/w/prod/BuildSingleReference/.conan/data/gstreamer/1.18.4/_/_/package/3ad8b12e986bc654ebd8f9dbd570a3969420bafe/lib/gstreamer-1.0/libgstcoretracers.so"
0:00:00.011811313  4446 0xc47320 DEBUG   GST_POLL gstpoll.c:980:gst_poll_fd_ctl_write: 0xc4f810: fd (fd:0, idx:1), active : 1
0:00:00.015843367  4445 0xc03390 DEBUG   GST_REGISTRY gstregistrychunks.c:887:_priv_gst_registry_chunks_load_plugin: Added plugin 'coretracers' plugin with 5 features from binary registry
0:00:00.011817245  4446 0xc47320 LOG   GST_POLL gstpoll.c:994:gst_poll_fd_ctl_write: 0xc4f810: pfd->events now 60 (POLLOUT:4)
0:00:00.015850255  4445 0xc03390 DEBUG   GST_REGISTRY gstregistrychunks.c:583:gst_registry_chunks_load_feature: Plugin 'coretracers' feature 'leaks' typename : 'GstTracerFactory'
0:00:00.011824728  4446 0xc47320 DEBUG   GST_POLL gstpoll.c:980:gst_poll_fd_ctl_write: 0xc4f810: fd (fd:0, idx:1), active : 1
0:00:00.011831320  4446 0xc47320 LOG   GST_POLL gstpoll.c:994:gst_poll_fd_ctl_write: 0xc4f810: pfd->events now 60 (POLLOUT:4)
0:00:00.015863756  4445 0xc03390 TRACE   GST_REFCOUNTING gstobject.c:208:gst_object_init: 0xc1d9f0 new
0:00:00.011837154  4446 0xc47320 DEBUG   GST_POLL gstpoll.c:980:gst_poll_fd_ctl_write: 0xc4f810: fd (fd:0, idx:1), active : 1
0:00:00.011850572  4446 0xc47320 LOG   GST_POLL gstpoll.c:994:gst_poll_fd_ctl_write: 0xc4f810: pfd->events now 60 (POLLOUT:4)
0:00:00.015879232  4445 0xc03390 DEBUG   GST_REGISTRY gstregistrychunks.c:718:gst_registry_chunks_load_feature: Reading/casting for GstRegistryChunkPluginFeature at address 0xc1d1b8
0:00:00.011856480  4446 0xc47320 DEBUG   GST_POLL gstpoll.c:980:gst_poll_fd_ctl_write: 0xc4f810: fd (fd:0, idx:1), active : 1
0:00:00.015887776  4445 0xc03390 DEBUG   GST_REGISTRY gstregistry.c:590:gst_registry_add_feature: adding feature 0xc1d9f0 (leaks)
0:00:00.011862662  4446 0xc47320 LOG   GST_POLL gstpoll.c:994:gst_poll_fd_ctl_write: 0xc4f810: pfd->events now 60 (POLLOUT:4)
0:00:00.015894076  4445 0xc03390 DEBUG   GST_REFCOUNTING gstobject.c:709:gst_object_set_parent: set parent (ref and sink)
0:00:00.011868833  4446 0xc47320 DEBUG   GST_POLL gstpoll.c:980:gst_poll_fd_ctl_write: 0xc4f810: fd (fd:0, idx:1), active : 1
0:00:00.015901186  4445 0xc03390 TRACE   GST_REFCOUNTING gstobject.c:294:gst_object_ref_sink: 0xc1d9f0 ref_sink 1->2
0:00:00.011875473  4446 0xc47320 LOG   GST_POLL gstpoll.c:994:gst_poll_fd_ctl_write: 0xc4f810: pfd->events now 60 (POLLOUT:4)
0:00:00.015907816  4445 0xc03390 LOG   GST_REGISTRY gstregistry.c:608:gst_registry_add_feature: emitting feature-added for leaks
0:00:00.011882750  4446 0xc47320 DEBUG   GST_POLL gstpoll.c:980:gst_poll_fd_ctl_write: 0xc4f810: fd (fd:0, idx:1), active : 1
0:00:00.015915035  4445 0xc03390 DEBUG   GST_REGISTRY gstregistrychunks.c:741:gst_registry_chunks_load_feature: Added feature leaks, plugin 0xc1d6e0 coretracers
0:00:00.011888939  4446 0xc47320 LOG   GST_POLL gstpoll.c:994:gst_poll_fd_ctl_write: 0xc4f810: pfd->events now 60 (POLLOUT:4)
0:00:00.015921728  4445 0xc03390 DEBUG   GST_REGISTRY gstregistrychunks.c:583:gst_registry_chunks_load_feature: Plugin 'coretracers' feature 'stats' typename : 'GstTracerFactory'
0:00:00.011896226  4446 0xc47320 DEBUG   GST_POLL gstpoll.c:980:gst_poll_fd_ctl_write: 0xc4f810: fd (fd:0, idx:1), active : 1
0:00:00.015928893  4445 0xc03390 TRACE   GST_REFCOUNTING gstobject.c:208:gst_object_init: 0xc1dbf0 new
0:00:00.011902837  4446 0xc47320 LOG   GST_POLL gstpoll.c:994:gst_poll_fd_ctl_write: 0xc4f810: pfd->events now 60 (POLLOUT:4)
0:00:00.015936222  4445 0xc03390 DEBUG   GST_REGISTRY gstregistrychunks.c:718:gst_registry_chunks_load_feature: Reading/casting for GstRegistryChunkPluginFeature at address 0xc1d1d8
0:00:00.011910496  4446 0xc47320 DEBUG   GST_POLL gstpoll.c:980:gst_poll_fd_ctl_write: 0xc4f810: fd (fd:0, idx:1), active : 1
0:00:00.015943500  4445 0xc03390 DEBUG   GST_REGISTRY gstregistry.c:590:gst_registry_add_feature: adding feature 0xc1dbf0 (stats)
0:00:00.011917602  4446 0xc47320 LOG   GST_POLL gstpoll.c:994:gst_poll_fd_ctl_write: 0xc4f810: pfd->events now 60 (POLLOUT:4)
0:00:00.015949284  4445 0xc03390 DEBUG   GST_REFCOUNTING gstobject.c:709:gst_object_set_parent: set parent (ref and sink)
0:00:00.011928993  4446 0xc47320 DEBUG   GST_POLL gstpoll.c:980:gst_poll_fd_ctl_write: 0xc4f810: fd (fd:0, idx:1), active : 1
0:00:00.015958903  4445 0xc03390 TRACE   GST_REFCOUNTING gstobject.c:294:gst_object_ref_sink: 0xc1dbf0 ref_sink 1->2
0:00:00.015983668  4445 0xc03390 LOG   GST_REGISTRY gstregistry.c:608:gst_registry_add_feature: emitting feature-added for stats
0:00:00.016001297  4445 0xc03390 DEBUG   GST_REGISTRY gstregistrychunks.c:741:gst_registry_chunks_load_feature: Added feature stats, plugin 0xc1d6e0 coretracers
0:00:00.016011681  4445 0xc03390 DEBUG   GST_REGISTRY gstregistrychunks.c:583:gst_registry_chunks_load_feature: Plugin 'coretracers' feature 'rusage' typename : 'GstTracerFactory'
0:00:00.016020662  4445 0xc03390 TRACE   GST_REFCOUNTING gstobject.c:208:gst_object_init: 0xc1ddf0 new
0:00:00.011935211  4446 0xc47320 LOG   GST_POLL gstpoll.c:994:gst_poll_fd_ctl_write: 0xc4f810: pfd->events now 60 (POLLOUT:4)
0:00:00.016028626  4445 0xc03390 DEBUG   GST_REGISTRY gstregistrychunks.c:718:gst_registry_chunks_load_feature: Reading/casting for GstRegistryChunkPluginFeature at address 0xc1d1f8
0:00:00.012007031  4446 0xc47320 LOG   GST_PLUGIN_LOADING gstpluginloader.c:646:put_chunk: Expanding tx buf from 7717 to 10158 for chunk of size 17
0:00:00.016036422  4445 0xc03390 DEBUG   GST_REGISTRY gstregistry.c:590:gst_registry_add_feature: adding feature 0xc1ddf0 (rusage)
0:00:00.016043500  4445 0xc03390 DEBUG   GST_REFCOUNTING gstobject.c:709:gst_object_set_parent: set parent (ref and sink)
0:00:00.012017882  4446 0xc47320 DEBUG   GST_POLL gstpoll.c:980:gst_poll_fd_ctl_write: 0xc4f810: fd (fd:0, idx:1), active : 1
0:00:00.016050208  4445 0xc03390 TRACE   GST_REFCOUNTING gstobject.c:294:gst_object_ref_sink: 0xc1ddf0 ref_sink 1->2
0:00:00.012024854  4446 0xc47320 LOG   GST_POLL gstpoll.c:994:gst_poll_fd_ctl_write: 0xc4f810: pfd->events now 60 (POLLOUT:4)
0:00:00.016056748  4445 0xc03390 LOG   GST_REGISTRY gstregistry.c:608:gst_registry_add_feature: emitting feature-added for rusage
0:00:00.012031782  4446 0xc47320 DEBUG   GST_POLL gstpoll.c:980:gst_poll_fd_ctl_write: 0xc4f810: fd (fd:0, idx:1), active : 1
0:00:00.016062980  4445 0xc03390 DEBUG   GST_REGISTRY gstregistrychunks.c:741:gst_registry_chunks_load_feature: Added feature rusage, plugin 0xc1d6e0 coretracers
0:00:00.012037890  4446 0xc47320 LOG   GST_POLL gstpoll.c:994:gst_poll_fd_ctl_write: 0xc4f810: pfd->events now 60 (POLLOUT:4)
0:00:00.016069663  4445 0xc03390 DEBUG   GST_REGISTRY gstregistrychunks.c:583:gst_registry_chunks_load_feature: Plugin 'coretracers' feature 'log' typename : 'GstTracerFactory'
0:00:00.012044252  4446 0xc47320 DEBUG   GST_POLL gstpoll.c:980:gst_poll_fd_ctl_write: 0xc4f810: fd (fd:0, idx:1), active : 1
0:00:00.016076458  4445 0xc03390 TRACE   GST_REFCOUNTING gstobject.c:208:gst_object_init: 0xc1dff0 new
0:00:00.012055489  4446 0xc47320 LOG   GST_POLL gstpoll.c:994:gst_poll_fd_ctl_write: 0xc4f810: pfd->events now 60 (POLLOUT:4)
0:00:00.016085667  4445 0xc03390 DEBUG   GST_REGISTRY gstregistrychunks.c:718:gst_registry_chunks_load_feature: Reading/casting for GstRegistryChunkPluginFeature at address 0xc1d218
0:00:00.012062005  4446 0xc47320 DEBUG   GST_POLL gstpoll.c:980:gst_poll_fd_ctl_write: 0xc4f810: fd (fd:0, idx:1), active : 1
0:00:00.016092837  4445 0xc03390 DEBUG   GST_REGISTRY gstregistry.c:590:gst_registry_add_feature: adding feature 0xc1dff0 (log)
0:00:00.012068160  4446 0xc47320 LOG   GST_POLL gstpoll.c:994:gst_poll_fd_ctl_write: 0xc4f810: pfd->events now 60 (POLLOUT:4)
0:00:00.016098782  4445 0xc03390 DEBUG   GST_REFCOUNTING gstobject.c:709:gst_object_set_parent: set parent (ref and sink)
0:00:00.012074432  4446 0xc47320 DEBUG   GST_POLL gstpoll.c:980:gst_poll_fd_ctl_write: 0xc4f810: fd (fd:0, idx:1), active : 1
0:00:00.016105576  4445 0xc03390 TRACE   GST_REFCOUNTING gstobject.c:294:gst_object_ref_sink: 0xc1dff0 ref_sink 1->2
0:00:00.012080523  4446 0xc47320 LOG   GST_POLL gstpoll.c:994:gst_poll_fd_ctl_write: 0xc4f810: pfd->events now 60 (POLLOUT:4)
0:00:00.016112085  4445 0xc03390 LOG   GST_REGISTRY gstregistry.c:608:gst_registry_add_feature: emitting feature-added for log
0:00:00.012087232  4446 0xc47320 DEBUG   GST_POLL gstpoll.c:980:gst_poll_fd_ctl_write: 0xc4f810: fd (fd:0, idx:1), active : 1
0:00:00.016118441  4445 0xc03390 DEBUG   GST_REGISTRY gstregistrychunks.c:741:gst_registry_chunks_load_feature: Added feature log, plugin 0xc1d6e0 coretracers
0:00:00.012093473  4446 0xc47320 LOG   GST_POLL gstpoll.c:994:gst_poll_fd_ctl_write: 0xc4f810: pfd->events now 60 (POLLOUT:4)
0:00:00.016124967  4445 0xc03390 DEBUG   GST_REGISTRY gstregistrychunks.c:583:gst_registry_chunks_load_feature: Plugin 'coretracers' feature 'latency' typename : 'GstTracerFactory'
0:00:00.012099771  4446 0xc47320 DEBUG   GST_POLL gstpoll.c:980:gst_poll_fd_ctl_write: 0xc4f810: fd (fd:0, idx:1), active : 1
0:00:00.016131992  4445 0xc03390 TRACE   GST_REFCOUNTING gstobject.c:208:gst_object_init: 0xc1e1f0 new
0:00:00.012105839  4446 0xc47320 LOG   GST_POLL gstpoll.c:994:gst_poll_fd_ctl_write: 0xc4f810: pfd->events now 60 (POLLOUT:4)
0:00:00.016138996  4445 0xc03390 DEBUG   GST_REGISTRY gstregistrychunks.c:718:gst_registry_chunks_load_feature: Reading/casting for GstRegistryChunkPluginFeature at address 0xc1d240
0:00:00.012113655  4446 0xc47320 DEBUG   GST_POLL gstpoll.c:980:gst_poll_fd_ctl_write: 0xc4f810: fd (fd:0, idx:1), active : 1
0:00:00.016146166  4445 0xc03390 DEBUG   GST_REGISTRY gstregistry.c:590:gst_registry_add_feature: adding feature 0xc1e1f0 (latency)
0:00:00.012120024  4446 0xc47320 LOG   GST_POLL gstpoll.c:994:gst_poll_fd_ctl_write: 0xc4f810: pfd->events now 60 (POLLOUT:4)
0:00:00.016152103  4445 0xc03390 DEBUG   GST_REFCOUNTING gstobject.c:709:gst_object_set_parent: set parent (ref and sink)
0:00:00.012127478  4446 0xc47320 DEBUG   GST_POLL gstpoll.c:980:gst_poll_fd_ctl_write: 0xc4f810: fd (fd:0, idx:1), active : 1
0:00:00.016165536  4445 0xc03390 TRACE   GST_REFCOUNTING gstobject.c:294:gst_object_ref_sink: 0xc1e1f0 ref_sink 1->2
0:00:00.012140040  4446 0xc47320 LOG   GST_POLL gstpoll.c:994:gst_poll_fd_ctl_write: 0xc4f810: pfd->events now 60 (POLLOUT:4)
0:00:00.016172253  4445 0xc03390 LOG   GST_REGISTRY gstregistry.c:608:gst_registry_add_feature: emitting feature-added for latency
0:00:00.012147148  4446 0xc47320 DEBUG   GST_POLL gstpoll.c:980:gst_poll_fd_ctl_write: 0xc4f810: fd (fd:0, idx:1), active : 1
0:00:00.016178879  4445 0xc03390 DEBUG   GST_REGISTRY gstregistrychunks.c:741:gst_registry_chunks_load_feature: Added feature latency, plugin 0xc1d6e0 coretracers
0:00:00.012153315  4446 0xc47320 LOG   GST_POLL gstpoll.c:994:gst_poll_fd_ctl_write: 0xc4f810: pfd->events now 60 (POLLOUT:4)
0:00:00.016186277  4445 0xc03390 LOG   GST_PLUGIN_LOADING gstpluginloader.c:889:handle_rx_packet: marking plugin 0xc1d6e0 as registered as /home/conan/w/prod/BuildSingleReference/.conan/data/gstreamer/1.18.4/_/_/package/3ad8b12e986bc654ebd8f9dbd570a3969420bafe/lib/gstreamer-1.0/libgstcoretracers.so
0:00:00.012160078  4446 0xc47320 DEBUG   GST_POLL gstpoll.c:980:gst_poll_fd_ctl_write: 0xc4f810: fd (fd:0, idx:1), active : 1
0:00:00.012168196  4446 0xc47320 LOG   GST_POLL gstpoll.c:994:gst_poll_fd_ctl_write: 0xc4f810: pfd->events now 60 (POLLOUT:4)
0:00:00.016197969  4445 0xc03390 DEBUG   GST_POLL gstpoll.c:1414:gst_poll_wait: 0xc1cb40: timeout :0:00:01.000000000
0:00:00.012174023  4446 0xc47320 DEBUG   GST_POLL gstpoll.c:980:gst_poll_fd_ctl_write: 0xc4f810: fd (fd:0, idx:1), active : 1
0:00:00.012180179  4446 0xc47320 LOG   GST_POLL gstpoll.c:994:gst_poll_fd_ctl_write: 0xc4f810: pfd->events now 60 (POLLOUT:4)
0:00:00.012186941  4446 0xc47320 TRACE   GST_REFCOUNTING gstobject.c:265:gst_object_unref: 0xc60ea0 unref 2->1
0:00:00.012193761  4446 0xc47320 DEBUG   GST_POLL gstpoll.c:1241:gst_poll_fd_has_error: 0xc4f810: fd (fd:0, idx:1) 0
0:00:00.012199788  4446 0xc47320 DEBUG   GST_POLL gstpoll.c:1335:gst_poll_fd_can_write: 0xc4f810: fd (fd:0, idx:1) 1
0:00:00.012205334  4446 0xc47320 LOG   GST_PLUGIN_LOADING gstpluginloader.c:690:write_one: Writing packet of size 6872 bytes to fd 0
0:00:00.012222888  4446 0xc47320 DEBUG   GST_POLL gstpoll.c:1414:gst_poll_wait: 0xc4f810: timeout :0:00:01.000000000
0:00:00.012231936  4446 0xc47320 LOG   GST_PLUGIN_LOADING gstpluginloader.c:1028:exchange_packets: Poll res = 2. 488 bytes pending for write
0:00:00.012238520  4446 0xc47320 DEBUG   GST_POLL gstpoll.c:1241:gst_poll_fd_has_error: 0xc4f810: fd (fd:5, idx:2) 0
0:00:00.016265233  4445 0xc03390 LOG   GST_PLUGIN_LOADING gstpluginloader.c:1028:exchange_packets: Poll res = 1. 0 bytes pending for write
0:00:00.012244344  4446 0xc47320 DEBUG   GST_POLL gstpoll.c:1266:gst_poll_fd_can_read_unlocked: 0xc4f810: fd (fd:5, idx:2) 1
0:00:00.016275047  4445 0xc03390 DEBUG   GST_POLL gstpoll.c:1241:gst_poll_fd_has_error: 0xc1cb40: fd (fd:8, idx:2) 0
0:00:00.016284921  4445 0xc03390 DEBUG   GST_POLL gstpoll.c:1266:gst_poll_fd_can_read_unlocked: 0xc1cb40: fd (fd:8, idx:2) 1
0:00:00.012258582  4446 0xc47320 DEBUG   GST_PLUGIN_LOADING gstpluginloader.c:722:do_plugin_load: Plugin scanner loading file /home/conan/w/prod/BuildSingleReference/.conan/data/gstreamer/1.18.4/_/_/package/3ad8b12e986bc654ebd8f9dbd570a3969420bafe/lib/gstreamer-1.0/libgstcoreelements.so. tag 3
0:00:00.016292907  4445 0xc03390 LOG   GST_PLUGIN_LOADING gstpluginloader.c:986:read_one: Expanding rx buf from 512 to 7384
0:00:00.012266560  4446 0xc47320 TRACE   GST_REFCOUNTING gstobject.c:238:gst_object_ref: 0xc63180 ref 1->2
0:00:00.012275214  4446 0xc47320 TRACE   GST_REFCOUNTING gstobject.c:238:gst_object_ref: 0xc7e350 ref 1->2
0:00:00.012281956  4446 0xc47320 TRACE   GST_REFCOUNTING gstobject.c:238:gst_object_ref: 0xc7d690 ref 1->2
0:00:00.016313622  4445 0xc03390 DEBUG   GST_PLUGIN_LOADING gstpluginloader.c:850:handle_rx_packet: Received plugin details from child w/ tag 1. 6860 bytes info
0:00:00.012288490  4446 0xc47320 TRACE   GST_REFCOUNTING gstobject.c:238:gst_object_ref: 0xc7bf20 ref 1->2
0:00:00.016320441  4445 0xc03390 LOG   GST_REGISTRY gstregistrychunks.c:837:_priv_gst_registry_chunks_load_plugin: Reading/casting for GstRegistryChunkPluginElement at address 0xc1e990
0:00:00.012295577  4446 0xc47320 TRACE   GST_REFCOUNTING gstobject.c:238:gst_object_ref: 0xc7b0d0 ref 1->2
0:00:00.016328048  4445 0xc03390 TRACE   GST_REFCOUNTING gstobject.c:208:gst_object_init: 0xc1d070 new
0:00:00.012302608  4446 0xc47320 TRACE   GST_REFCOUNTING gstobject.c:238:gst_object_ref: 0xc79f70 ref 1->2
0:00:00.012309932  4446 0xc47320 TRACE   GST_REFCOUNTING gstobject.c:238:gst_object_ref: 0xc78e70 ref 1->2
0:00:00.016340542  4445 0xc03390 LOG   GST_REGISTRY gstregistrychunks.c:858:_priv_gst_registry_chunks_load_plugin: read strings for name='coreelements'
0:00:00.012316252  4446 0xc47320 TRACE   GST_REFCOUNTING gstobject.c:238:gst_object_ref: 0xc77520 ref 1->2
0:00:00.016346790  4445 0xc03390 LOG   GST_REGISTRY gstregistrychunks.c:859:_priv_gst_registry_chunks_load_plugin: desc.description='GStreamer core elements'
0:00:00.012322849  4446 0xc47320 TRACE   GST_REFCOUNTING gstobject.c:238:gst_object_ref: 0xc75a10 ref 1->2
0:00:00.016353718  4445 0xc03390 LOG   GST_REGISTRY gstregistrychunks.c:860:_priv_gst_registry_chunks_load_plugin: filename='/home/conan/w/prod/BuildSingleReference/.conan/data/gstreamer/1.18.4/_/_/package/3ad8b12e986bc654ebd8f9dbd570a3969420bafe/lib/gstreamer-1.0/libgstcoreelements.so'
0:00:00.012329570  4446 0xc47320 TRACE   GST_REFCOUNTING gstobject.c:238:gst_object_ref: 0xc74900 ref 1->2
0:00:00.016359919  4445 0xc03390 LOG   GST_REGISTRY gstregistrychunks.c:861:_priv_gst_registry_chunks_load_plugin: desc.version='1.18.4'
0:00:00.012336362  4446 0xc47320 TRACE   GST_REFCOUNTING gstobject.c:238:gst_object_ref: 0xc736e0 ref 1->2
0:00:00.012346491  4446 0xc47320 TRACE   GST_REFCOUNTING gstobject.c:238:gst_object_ref: 0xc720b0 ref 1->2
0:00:00.016376250  4445 0xc03390 LOG   GST_REGISTRY gstregistrychunks.c:862:_priv_gst_registry_chunks_load_plugin: desc.license='LGPL'
0:00:00.012352976  4446 0xc47320 TRACE   GST_REFCOUNTING gstobject.c:238:gst_object_ref: 0xc71400 ref 1->2
0:00:00.016383127  4445 0xc03390 LOG   GST_REGISTRY gstregistrychunks.c:863:_priv_gst_registry_chunks_load_plugin: desc.source='gstreamer'
0:00:00.012359688  4446 0xc47320 TRACE   GST_REFCOUNTING gstobject.c:238:gst_object_ref: 0xc707d0 ref 1->2
0:00:00.016392893  4445 0xc03390 LOG   GST_REGISTRY gstregistrychunks.c:864:_priv_gst_registry_chunks_load_plugin: desc.package='GStreamer source release'
0:00:00.012368085  4446 0xc47320 TRACE   GST_REFCOUNTING gstobject.c:238:gst_object_ref: 0xc67d20 ref 1->2
0:00:00.016398746  4445 0xc03390 LOG   GST_REGISTRY gstregistrychunks.c:865:_priv_gst_registry_chunks_load_plugin: desc.origin='Unknown package origin'
0:00:00.012375136  4446 0xc47320 TRACE   GST_REFCOUNTING gstobject.c:238:gst_object_ref: 0xc6dbd0 ref 1->2
0:00:00.016404626  4445 0xc03390 LOG   GST_REGISTRY gstregistrychunks.c:866:_priv_gst_registry_chunks_load_plugin: desc.datetime=2021-03-15
0:00:00.012381787  4446 0xc47320 TRACE   GST_REFCOUNTING gstobject.c:238:gst_object_ref: 0xc6b5a0 ref 1->2
0:00:00.016413489  4445 0xc03390 DEBUG   GST_REGISTRY gstregistry.c:474:gst_registry_add_plugin: adding plugin 0xc1d070 for filename "/home/conan/w/prod/BuildSingleReference/.conan/data/gstreamer/1.18.4/_/_/package/3ad8b12e986bc654ebd8f9dbd570a3969420bafe/lib/gstreamer-1.0/libgstcoreelements.so"
0:00:00.012388473  4446 0xc47320 TRACE   GST_REFCOUNTING gstobject.c:238:gst_object_ref: 0xc69a50 ref 1->2
0:00:00.016421209  4445 0xc03390 TRACE   GST_REFCOUNTING gstobject.c:294:gst_object_ref_sink: 0xc1d070 ref_sink 1->2
0:00:00.012395273  4446 0xc47320 TRACE   GST_REFCOUNTING gstobject.c:238:gst_object_ref: 0xc68a10 ref 1->2
0:00:00.016428890  4445 0xc03390 LOG   GST_REGISTRY gstregistry.c:487:gst_registry_add_plugin: emitting plugin-added for filename "/home/conan/w/prod/BuildSingleReference/.conan/data/gstreamer/1.18.4/_/_/package/3ad8b12e986bc654ebd8f9dbd570a3969420bafe/lib/gstreamer-1.0/libgstcoreelements.so"
0:00:00.012403254  4446 0xc47320 TRACE   GST_REFCOUNTING gstobject.c:238:gst_object_ref: 0xc66f60 ref 1->2
0:00:00.016436378  4445 0xc03390 DEBUG   GST_REGISTRY gstregistrychunks.c:887:_priv_gst_registry_chunks_load_plugin: Added plugin 'coreelements' plugin with 22 features from binary registry
0:00:00.012410679  4446 0xc47320 TRACE   GST_REFCOUNTING gstobject.c:238:gst_object_ref: 0xc66090 ref 1->2
0:00:00.016443533  4445 0xc03390 DEBUG   GST_REGISTRY gstregistrychunks.c:583:gst_registry_chunks_load_feature: Plugin 'coreelements' feature 'streamiddemux' typename : 'GstElementFactory'
0:00:00.012417970  4446 0xc47320 TRACE   GST_REFCOUNTING gstobject.c:238:gst_object_ref: 0xc652f0 ref 1->2
0:00:00.012429967  4446 0xc47320 TRACE   GST_REFCOUNTING gstobject.c:238:gst_object_ref: 0xc63630 ref 1->2
0:00:00.016457882  4445 0xc03390 TRACE   GST_REFCOUNTING gstobject.c:208:gst_object_init: 0xc1e2b0 new
0:00:00.012436990  4446 0xc47320 DEBUG   GST_REGISTRY gstregistrychunks.c:265:gst_registry_chunks_save_feature: saved 0 interfaces 0 pad templates
0:00:00.016466905  4445 0xc03390 LOG   GST_REGISTRY gstregistrychunks.c:610:gst_registry_chunks_load_feature: Reading/casting for GstRegistryChunkElementFactory at address 0xc1eae8
0:00:00.012447497  4446 0xc47320 DEBUG   GST_REGISTRY gstregistrychunks.c:265:gst_registry_chunks_save_feature: saved 0 interfaces 0 pad templates
0:00:00.016475128  4445 0xc03390 TRACE   structure gststructure.c:287:gst_structure_new_id_empty_with_size: created structure 0xc1e4b0
0:00:00.012456749  4446 0xc47320 DEBUG   GST_REGISTRY gstregistrychunks.c:265:gst_registry_chunks_save_feature: saved 0 interfaces 0 pad templates
0:00:00.016484255  4445 0xc03390 DEBUG   structure gststructure.c:2203:gst_structure_parse_field: trying field name 'long-name'
0:00:00.012466154  4446 0xc47320 DEBUG   GST_REGISTRY gstregistrychunks.c:265:gst_registry_chunks_save_feature: saved 1 interfaces 0 pad templates
0:00:00.016498384  4445 0xc03390 DEBUG   default gstvalue.c:2676:_priv_gst_value_parse_value: trying type name 'string'
0:00:00.012472559  4446 0xc47320 DEBUG   GST_REGISTRY gstregistrychunks.c:284:gst_registry_chunks_save_feature: Saved 1 UriTypes
0:00:00.016509253  4445 0xc03390 DEBUG   structure gststructure.c:2203:gst_structure_parse_field: trying field name 'klass'
0:00:00.012483171  4446 0xc47320 DEBUG   GST_REGISTRY gstregistrychunks.c:265:gst_registry_chunks_save_feature: saved 0 interfaces 0 pad templates
0:00:00.016515207  4445 0xc03390 DEBUG   default gstvalue.c:2676:_priv_gst_value_parse_value: trying type name 'string'
0:00:00.012492729  4446 0xc47320 DEBUG   GST_REGISTRY gstregistrychunks.c:265:gst_registry_chunks_save_feature: saved 0 interfaces 0 pad templates
0:00:00.016521959  4445 0xc03390 DEBUG   structure gststructure.c:2203:gst_structure_parse_field: trying field name 'description'
0:00:00.016528052  4445 0xc03390 DEBUG   default gstvalue.c:2676:_priv_gst_value_parse_value: trying type name 'string'
0:00:00.012501727  4446 0xc47320 DEBUG   GST_REGISTRY gstregistrychunks.c:265:gst_registry_chunks_save_feature: saved 0 interfaces 0 pad templates
0:00:00.016534368  4445 0xc03390 DEBUG   structure gststructure.c:2203:gst_structure_parse_field: trying field name 'author'
0:00:00.012511678  4446 0xc47320 DEBUG   GST_REGISTRY gstregistrychunks.c:265:gst_registry_chunks_save_feature: saved 1 interfaces 0 pad templates
0:00:00.016540039  4445 0xc03390 DEBUG   default gstvalue.c:2676:_priv_gst_value_parse_value: trying type name 'string'
0:00:00.012522926  4446 0xc47320 DEBUG   GST_REGISTRY gstregistrychunks.c:284:gst_registry_chunks_save_feature: Saved 1 UriTypes
0:00:00.016553393  4445 0xc03390 DEBUG   GST_REGISTRY gstregistrychunks.c:626:gst_registry_chunks_load_feature: Element factory : npadtemplates=2
0:00:00.012531995  4446 0xc47320 DEBUG   GST_REGISTRY gstregistrychunks.c:265:gst_registry_chunks_save_feature: saved 1 interfaces 0 pad templates
0:00:00.016559384  4445 0xc03390 DEBUG   GST_REGISTRY gstregistrychunks.c:526:gst_registry_chunks_load_pad_template: Reading/casting for GstRegistryChunkPadTemplate at address 0xc1ebc0
0:00:00.012538246  4446 0xc47320 DEBUG   GST_REGISTRY gstregistrychunks.c:284:gst_registry_chunks_save_feature: Saved 1 UriTypes
0:00:00.016568398  4445 0xc03390 DEBUG   GST_REGISTRY gstregistrychunks.c:539:gst_registry_chunks_load_pad_template: Added pad_template src_%u
0:00:00.016574101  4445 0xc03390 DEBUG   GST_REGISTRY gstregistrychunks.c:526:gst_registry_chunks_load_pad_template: Reading/casting for GstRegistryChunkPadTemplate at address 0xc1ebd8
0:00:00.012547026  4446 0xc47320 DEBUG   GST_REGISTRY gstregistrychunks.c:265:gst_registry_chunks_save_feature: saved 1 interfaces 0 pad templates
0:00:00.016579807  4445 0xc03390 DEBUG   GST_REGISTRY gstregistrychunks.c:539:gst_registry_chunks_load_pad_template: Added pad_template sink
0:00:00.012554763  4446 0xc47320 DEBUG   GST_REGISTRY gstregistrychunks.c:284:gst_registry_chunks_save_feature: Saved 1 UriTypes
0:00:00.016588127  4445 0xc03390 DEBUG   GST_REGISTRY gstregistry.c:590:gst_registry_add_feature: adding feature 0xc1e2b0 (streamiddemux)
0:00:00.012563251  4446 0xc47320 DEBUG   GST_REGISTRY gstregistrychunks.c:265:gst_registry_chunks_save_feature: saved 0 interfaces 0 pad templates
0:00:00.016595921  4445 0xc03390 DEBUG   GST_REFCOUNTING gstobject.c:709:gst_object_set_parent: set parent (ref and sink)
0:00:00.012572197  4446 0xc47320 DEBUG   GST_REGISTRY gstregistrychunks.c:265:gst_registry_chunks_save_feature: saved 0 interfaces 0 pad templates
0:00:00.016603629  4445 0xc03390 TRACE   GST_REFCOUNTING gstobject.c:294:gst_object_ref_sink: 0xc1e2b0 ref_sink 1->2
0:00:00.012580906  4446 0xc47320 DEBUG   GST_REGISTRY gstregistrychunks.c:265:gst_registry_chunks_save_feature: saved 0 interfaces 0 pad templates
0:00:00.016610565  4445 0xc03390 LOG   GST_REGISTRY gstregistry.c:608:gst_registry_add_feature: emitting feature-added for streamiddemux
0:00:00.016617782  4445 0xc03390 DEBUG   GST_REGISTRY gstregistrychunks.c:741:gst_registry_chunks_load_feature: Added feature streamiddemux, plugin 0xc1d070 coreelements
0:00:00.012590724  4446 0xc47320 DEBUG   GST_REGISTRY gstregistrychunks.c:265:gst_registry_chunks_save_feature: saved 0 interfaces 0 pad templates
0:00:00.016624613  4445 0xc03390 DEBUG   GST_REGISTRY gstregistrychunks.c:583:gst_registry_chunks_load_feature: Plugin 'coreelements' feature 'valve' typename : 'GstElementFactory'
0:00:00.012601197  4446 0xc47320 DEBUG   GST_REGISTRY gstregistrychunks.c:265:gst_registry_chunks_save_feature: saved 0 interfaces 0 pad templates
0:00:00.016636895  4445 0xc03390 TRACE   GST_REFCOUNTING gstobject.c:208:gst_object_init: 0xc1e810 new
0:00:00.012613101  4446 0xc47320 DEBUG   GST_REGISTRY gstregistrychunks.c:265:gst_registry_chunks_save_feature: saved 0 interfaces 0 pad templates
0:00:00.016644211  4445 0xc03390 LOG   GST_REGISTRY gstregistrychunks.c:610:gst_registry_chunks_load_feature: Reading/casting for GstRegistryChunkElementFactory at address 0xc1ec08
0:00:00.012622232  4446 0xc47320 DEBUG   GST_REGISTRY gstregistrychunks.c:265:gst_registry_chunks_save_feature: saved 1 interfaces 0 pad templates
0:00:00.016651010  4445 0xc03390 TRACE   structure gststructure.c:287:gst_structure_new_id_empty_with_size: created structure 0xc20660
0:00:00.012628651  4446 0xc47320 DEBUG   GST_REGISTRY gstregistrychunks.c:284:gst_registry_chunks_save_feature: Saved 1 UriTypes
0:00:00.016657911  4445 0xc03390 DEBUG   structure gststructure.c:2203:gst_structure_parse_field: trying field name 'long-name'
0:00:00.016664240  4445 0xc03390 DEBUG   default gstvalue.c:2676:_priv_gst_value_parse_value: trying type name 'string'
0:00:00.012638081  4446 0xc47320 DEBUG   GST_REGISTRY gstregistrychunks.c:265:gst_registry_chunks_save_feature: saved 0 interfaces 0 pad templates
0:00:00.016670318  4445 0xc03390 DEBUG   structure gststructure.c:2203:gst_structure_parse_field: trying field name 'klass'
0:00:00.012648140  4446 0xc47320 DEBUG   GST_REGISTRY gstregistrychunks.c:265:gst_registry_chunks_save_feature: saved 0 interfaces 0 pad templates
0:00:00.016676262  4445 0xc03390 DEBUG   default gstvalue.c:2676:_priv_gst_value_parse_value: trying type name 'string'
0:00:00.016684231  4445 0xc03390 DEBUG   structure gststructure.c:2203:gst_structure_parse_field: trying field name 'description'
0:00:00.012658158  4446 0xc47320 DEBUG   GST_REGISTRY gstregistrychunks.c:265:gst_registry_chunks_save_feature: saved 0 interfaces 0 pad templates
0:00:00.016689405  4445 0xc03390 DEBUG   default gstvalue.c:2676:_priv_gst_value_parse_value: trying type name 'string'
0:00:00.012668037  4446 0xc47320 DEBUG   GST_REGISTRY gstregistrychunks.c:265:gst_registry_chunks_save_feature: saved 0 interfaces 0 pad templates
0:00:00.016695670  4445 0xc03390 DEBUG   structure gststructure.c:2203:gst_structure_parse_field: trying field name 'author'
0:00:00.016703713  4445 0xc03390 DEBUG   default gstvalue.c:2676:_priv_gst_value_parse_value: trying type name 'string'
0:00:00.012679127  4446 0xc47320 DEBUG   GST_REGISTRY gstregistrychunks.c:265:gst_registry_chunks_save_feature: saved 0 interfaces 0 pad templates
0:00:00.016709781  4445 0xc03390 DEBUG   GST_REGISTRY gstregistrychunks.c:626:gst_registry_chunks_load_feature: Element factory : npadtemplates=2
0:00:00.016715587  4445 0xc03390 DEBUG   GST_REGISTRY gstregistrychunks.c:526:gst_registry_chunks_load_pad_template: Reading/casting for GstRegistryChunkPadTemplate at address 0xc1ecf8
0:00:00.012689180  4446 0xc47320 TRACE   GST_REFCOUNTING gstobject.c:265:gst_object_unref: 0xc63630 unref 2->1
0:00:00.016725546  4445 0xc03390 DEBUG   GST_REGISTRY gstregistrychunks.c:539:gst_registry_chunks_load_pad_template: Added pad_template sink
0:00:00.012701547  4446 0xc47320 TRACE   GST_REFCOUNTING gstobject.c:265:gst_object_unref: 0xc652f0 unref 2->1
0:00:00.016731236  4445 0xc03390 DEBUG   GST_REGISTRY gstregistrychunks.c:526:gst_registry_chunks_load_pad_template: Reading/casting for GstRegistryChunkPadTemplate at address 0xc1ed10
0:00:00.012709106  4446 0xc47320 TRACE   GST_REFCOUNTING gstobject.c:265:gst_object_unref: 0xc66090 unref 2->1
0:00:00.016738350  4445 0xc03390 DEBUG   GST_REGISTRY gstregistrychunks.c:539:gst_registry_chunks_load_pad_template: Added pad_template src
0:00:00.012716190  4446 0xc47320 TRACE   GST_REFCOUNTING gstobject.c:265:gst_object_unref: 0xc66f60 unref 2->1
0:00:00.016747025  4445 0xc03390 DEBUG   GST_REGISTRY gstregistry.c:590:gst_registry_add_feature: adding feature 0xc1e810 (valve)
0:00:00.012723330  4446 0xc47320 TRACE   GST_REFCOUNTING gstobject.c:265:gst_object_unref: 0xc68a10 unref 2->1
0:00:00.016753262  4445 0xc03390 DEBUG   GST_REFCOUNTING gstobject.c:709:gst_object_set_parent: set parent (ref and sink)
0:00:00.012730450  4446 0xc47320 TRACE   GST_REFCOUNTING gstobject.c:265:gst_object_unref: 0xc69a50 unref 2->1
0:00:00.016760570  4445 0xc03390 TRACE   GST_REFCOUNTING gstobject.c:294:gst_object_ref_sink: 0xc1e810 ref_sink 1->2
0:00:00.012737369  4446 0xc47320 TRACE   GST_REFCOUNTING gstobject.c:265:gst_object_unref: 0xc6b5a0 unref 2->1
0:00:00.016767670  4445 0xc03390 LOG   GST_REGISTRY gstregistry.c:608:gst_registry_add_feature: emitting feature-added for valve
0:00:00.012744243  4446 0xc47320 TRACE   GST_REFCOUNTING gstobject.c:265:gst_object_unref: 0xc6dbd0 unref 2->1
0:00:00.016774541  4445 0xc03390 DEBUG   GST_REGISTRY gstregistrychunks.c:741:gst_registry_chunks_load_feature: Added feature valve, plugin 0xc1d070 coreelements
0:00:00.012751093  4446 0xc47320 TRACE   GST_REFCOUNTING gstobject.c:265:gst_object_unref: 0xc67d20 unref 2->1
0:00:00.016781419  4445 0xc03390 DEBUG   GST_REGISTRY gstregistrychunks.c:583:gst_registry_chunks_load_feature: Plugin 'coreelements' feature 'multiqueue' typename : 'GstElementFactory'
0:00:00.012757956  4446 0xc47320 TRACE   GST_REFCOUNTING gstobject.c:265:gst_object_unref: 0xc707d0 unref 2->1
0:00:00.016788730  4445 0xc03390 TRACE   GST_REFCOUNTING gstobject.c:208:gst_object_init: 0xc207e0 new
0:00:00.012764758  4446 0xc47320 TRACE   GST_REFCOUNTING gstobject.c:265:gst_object_unref: 0xc71400 unref 2->1
0:00:00.016795969  4445 0xc03390 LOG   GST_REGISTRY gstregistrychunks.c:610:gst_registry_chunks_load_feature: Reading/casting for GstRegistryChunkElementFactory at address 0xc1ed40
0:00:00.012771601  4446 0xc47320 TRACE   GST_REFCOUNTING gstobject.c:265:gst_object_unref: 0xc720b0 unref 2->1
0:00:00.016810575  4445 0xc03390 TRACE   structure gststructure.c:287:gst_structure_new_id_empty_with_size: created structure 0xc208d0
0:00:00.012785186  4446 0xc47320 TRACE   GST_REFCOUNTING gstobject.c:265:gst_object_unref: 0xc736e0 unref 2->1
0:00:00.016817410  4445 0xc03390 DEBUG   structure gststructure.c:2203:gst_structure_parse_field: trying field name 'long-name'
0:00:00.012792512  4446 0xc47320 TRACE   GST_REFCOUNTING gstobject.c:265:gst_object_unref: 0xc74900 unref 2->1
0:00:00.016823504  4445 0xc03390 DEBUG   default gstvalue.c:2676:_priv_gst_value_parse_value: trying type name 'string'
0:00:00.012799368  4446 0xc47320 TRACE   GST_REFCOUNTING gstobject.c:265:gst_object_unref: 0xc75a10 unref 2->1
0:00:00.016829979  4445 0xc03390 DEBUG   structure gststructure.c:2203:gst_structure_parse_field: trying field name 'klass'
0:00:00.012806298  4446 0xc47320 TRACE   GST_REFCOUNTING gstobject.c:265:gst_object_unref: 0xc77520 unref 2->1
0:00:00.016835593  4445 0xc03390 DEBUG   default gstvalue.c:2676:_priv_gst_value_parse_value: trying type name 'string'
0:00:00.012813160  4446 0xc47320 TRACE   GST_REFCOUNTING gstobject.c:265:gst_object_unref: 0xc78e70 unref 2->1
0:00:00.016842789  4445 0xc03390 DEBUG   structure gststructure.c:2203:gst_structure_parse_field: trying field name 'description'
0:00:00.012820090  4446 0xc47320 TRACE   GST_REFCOUNTING gstobject.c:265:gst_object_unref: 0xc79f70 unref 2->1
0:00:00.016849067  4445 0xc03390 DEBUG   default gstvalue.c:2676:_priv_gst_value_parse_value: trying type name 'string'
0:00:00.012827018  4446 0xc47320 TRACE   GST_REFCOUNTING gstobject.c:265:gst_object_unref: 0xc7b0d0 unref 2->1
0:00:00.016856608  4445 0xc03390 DEBUG   structure gststructure.c:2203:gst_structure_parse_field: trying field name 'author'
0:00:00.012833944  4446 0xc47320 TRACE   GST_REFCOUNTING gstobject.c:265:gst_object_unref: 0xc7bf20 unref 2->1
0:00:00.016862898  4445 0xc03390 DEBUG   default gstvalue.c:2676:_priv_gst_value_parse_value: trying type name 'string'
0:00:00.012840949  4446 0xc47320 TRACE   GST_REFCOUNTING gstobject.c:265:gst_object_unref: 0xc7d690 unref 2->1
0:00:00.016870771  4445 0xc03390 DEBUG   GST_REGISTRY gstregistrychunks.c:626:gst_registry_chunks_load_feature: Element factory : npadtemplates=2
0:00:00.012848105  4446 0xc47320 TRACE   GST_REFCOUNTING gstobject.c:265:gst_object_unref: 0xc7e350 unref 2->1
0:00:00.016877189  4445 0xc03390 DEBUG   GST_REGISTRY gstregistrychunks.c:526:gst_registry_chunks_load_pad_template: Reading/casting for GstRegistryChunkPadTemplate at address 0xc1ee00
0:00:00.016884259  4445 0xc03390 DEBUG   GST_REGISTRY gstregistrychunks.c:539:gst_registry_chunks_load_pad_template: Added pad_template src_%u
0:00:00.012856764  4446 0xc47320 DEBUG   GST_REGISTRY gstregistrychunks.c:498:_priv_gst_registry_chunks_save_plugin: Found 22 features in plugin 0xc63180 (coreelements)
0:00:00.016893674  4445 0xc03390 DEBUG   GST_REGISTRY gstregistrychunks.c:526:gst_registry_chunks_load_pad_template: Reading/casting for GstRegistryChunkPadTemplate at address 0xc1ee18
0:00:00.012869933  4446 0xc47320 DEBUG   GST_POLL gstpoll.c:980:gst_poll_fd_ctl_write: 0xc4f810: fd (fd:0, idx:1), active : 1
0:00:00.016900139  4445 0xc03390 DEBUG   GST_REGISTRY gstregistrychunks.c:539:gst_registry_chunks_load_pad_template: Added pad_template sink_%u
0:00:00.012876359  4446 0xc47320 LOG   GST_POLL gstpoll.c:994:gst_poll_fd_ctl_write: 0xc4f810: pfd->events now 60 (POLLOUT:4)
0:00:00.016907640  4445 0xc03390 DEBUG   GST_REGISTRY gstregistry.c:590:gst_registry_add_feature: adding feature 0xc207e0 (multiqueue)
0:00:00.012882941  4446 0xc47320 DEBUG   GST_POLL gstpoll.c:980:gst_poll_fd_ctl_write: 0xc4f810: fd (fd:0, idx:1), active : 1
0:00:00.016913637  4445 0xc03390 DEBUG   GST_REFCOUNTING gstobject.c:709:gst_object_set_parent: set parent (ref and sink)
0:00:00.012889090  4446 0xc47320 LOG   GST_POLL gstpoll.c:994:gst_poll_fd_ctl_write: 0xc4f810: pfd->events now 60 (POLLOUT:4)
0:00:00.016921382  4445 0xc03390 TRACE   GST_REFCOUNTING gstobject.c:294:gst_object_ref_sink: 0xc207e0 ref_sink 1->2
0:00:00.012895639  4446 0xc47320 DEBUG   GST_POLL gstpoll.c:980:gst_poll_fd_ctl_write: 0xc4f810: fd (fd:0, idx:1), active : 1
0:00:00.016928351  4445 0xc03390 LOG   GST_REGISTRY gstregistry.c:608:gst_registry_add_feature: emitting feature-added for multiqueue
0:00:00.012902852  4446 0xc47320 LOG   GST_POLL gstpoll.c:994:gst_poll_fd_ctl_write: 0xc4f810: pfd->events now 60 (POLLOUT:4)
0:00:00.016935554  4445 0xc03390 DEBUG   GST_REGISTRY gstregistrychunks.c:741:gst_registry_chunks_load_feature: Added feature multiqueue, plugin 0xc1d070 coreelements
0:00:00.012910144  4446 0xc47320 DEBUG   GST_POLL gstpoll.c:980:gst_poll_fd_ctl_write: 0xc4f810: fd (fd:0, idx:1), active : 1
0:00:00.016942477  4445 0xc03390 DEBUG   GST_REGISTRY gstregistrychunks.c:583:gst_registry_chunks_load_feature: Plugin 'coreelements' feature 'typefind' typename : 'GstElementFactory'
0:00:00.012916724  4446 0xc47320 LOG   GST_POLL gstpoll.c:994:gst_poll_fd_ctl_write: 0xc4f810: pfd->events now 60 (POLLOUT:4)
0:00:00.016949770  4445 0xc03390 TRACE   GST_REFCOUNTING gstobject.c:208:gst_object_init: 0xc20a00 new
0:00:00.012923918  4446 0xc47320 DEBUG   GST_POLL gstpoll.c:980:gst_poll_fd_ctl_write: 0xc4f810: fd (fd:0, idx:1), active : 1
0:00:00.016957174  4445 0xc03390 LOG   GST_REGISTRY gstregistrychunks.c:610:gst_registry_chunks_load_feature: Reading/casting for GstRegistryChunkElementFactory at address 0xc1ee48
0:00:00.012931345  4446 0xc47320 LOG   GST_POLL gstpoll.c:994:gst_poll_fd_ctl_write: 0xc4f810: pfd->events now 60 (POLLOUT:4)
0:00:00.016978662  4445 0xc03390 TRACE   structure gststructure.c:287:gst_structure_new_id_empty_with_size: created structure 0xc20bc0
0:00:00.012954556  4446 0xc47320 DEBUG   GST_POLL gstpoll.c:980:gst_poll_fd_ctl_write: 0xc4f810: fd (fd:0, idx:1), active : 1
0:00:00.016995399  4445 0xc03390 DEBUG   structure gststructure.c:2203:gst_structure_parse_field: trying field name 'long-name'
0:00:00.012973678  4446 0xc47320 LOG   GST_POLL gstpoll.c:994:gst_poll_fd_ctl_write: 0xc4f810: pfd->events now 60 (POLLOUT:4)
0:00:00.017006305  4445 0xc03390 DEBUG   default gstvalue.c:2676:_priv_gst_value_parse_value: trying type name 'string'
0:00:00.012982631  4446 0xc47320 DEBUG   GST_POLL gstpoll.c:980:gst_poll_fd_ctl_write: 0xc4f810: fd (fd:0, idx:1), active : 1
0:00:00.017015058  4445 0xc03390 DEBUG   structure gststructure.c:2203:gst_structure_parse_field: trying field name 'klass'
0:00:00.012989267  4446 0xc47320 LOG   GST_POLL gstpoll.c:994:gst_poll_fd_ctl_write: 0xc4f810: pfd->events now 60 (POLLOUT:4)
0:00:00.017020945  4445 0xc03390 DEBUG   default gstvalue.c:2676:_priv_gst_value_parse_value: trying type name 'string'
0:00:00.012996293  4446 0xc47320 DEBUG   GST_POLL gstpoll.c:980:gst_poll_fd_ctl_write: 0xc4f810: fd (fd:0, idx:1), active : 1
0:00:00.017027241  4445 0xc03390 DEBUG   structure gststructure.c:2203:gst_structure_parse_field: trying field name 'description'
0:00:00.013002550  4446 0xc47320 LOG   GST_POLL gstpoll.c:994:gst_poll_fd_ctl_write: 0xc4f810: pfd->events now 60 (POLLOUT:4)
0:00:00.017033219  4445 0xc03390 DEBUG   default gstvalue.c:2676:_priv_gst_value_parse_value: trying type name 'string'
0:00:00.013008974  4446 0xc47320 DEBUG   GST_POLL gstpoll.c:980:gst_poll_fd_ctl_write: 0xc4f810: fd (fd:0, idx:1), active : 1
0:00:00.017039769  4445 0xc03390 DEBUG   structure gststructure.c:2203:gst_structure_parse_field: trying field name 'author'
0:00:00.013015118  4446 0xc47320 LOG   GST_POLL gstpoll.c:994:gst_poll_fd_ctl_write: 0xc4f810: pfd->events now 60 (POLLOUT:4)
0:00:00.017045616  4445 0xc03390 DEBUG   default gstvalue.c:2676:_priv_gst_value_parse_value: trying type name 'string'
0:00:00.013021548  4446 0xc47320 DEBUG   GST_POLL gstpoll.c:980:gst_poll_fd_ctl_write: 0xc4f810: fd (fd:0, idx:1), active : 1
0:00:00.017052358  4445 0xc03390 DEBUG   GST_REGISTRY gstregistrychunks.c:626:gst_registry_chunks_load_feature: Element factory : npadtemplates=2
0:00:00.013027785  4446 0xc47320 LOG   GST_POLL gstpoll.c:994:gst_poll_fd_ctl_write: 0xc4f810: pfd->events now 60 (POLLOUT:4)
0:00:00.017058280  4445 0xc03390 DEBUG   GST_REGISTRY gstregistrychunks.c:526:gst_registry_chunks_load_pad_template: Reading/casting for GstRegistryChunkPadTemplate at address 0xc1ef20
0:00:00.013034131  4446 0xc47320 DEBUG   GST_POLL gstpoll.c:980:gst_poll_fd_ctl_write: 0xc4f810: fd (fd:0, idx:1), active : 1
0:00:00.017064394  4445 0xc03390 DEBUG   GST_REGISTRY gstregistrychunks.c:539:gst_registry_chunks_load_pad_template: Added pad_template sink
0:00:00.013040430  4446 0xc47320 LOG   GST_POLL gstpoll.c:994:gst_poll_fd_ctl_write: 0xc4f810: pfd->events now 60 (POLLOUT:4)
0:00:00.017070063  4445 0xc03390 DEBUG   GST_REGISTRY gstregistrychunks.c:526:gst_registry_chunks_load_pad_template: Reading/casting for GstRegistryChunkPadTemplate at address 0xc1ef38
0:00:00.013052835  4446 0xc47320 DEBUG   GST_POLL gstpoll.c:980:gst_poll_fd_ctl_write: 0xc4f810: fd (fd:0, idx:1), active : 1
0:00:00.017082108  4445 0xc03390 DEBUG   GST_REGISTRY gstregistrychunks.c:539:gst_registry_chunks_load_pad_template: Added pad_template src
0:00:00.013059473  4446 0xc47320 LOG   GST_POLL gstpoll.c:994:gst_poll_fd_ctl_write: 0xc4f810: pfd->events now 60 (POLLOUT:4)
0:00:00.013065953  4446 0xc47320 DEBUG   GST_POLL gstpoll.c:980:gst_poll_fd_ctl_write: 0xc4f810: fd (fd:0, idx:1), active : 1
0:00:00.017094839  4445 0xc03390 DEBUG   GST_REGISTRY gstregistry.c:590:gst_registry_add_feature: adding feature 0xc20a00 (typefind)
0:00:00.013071931  4446 0xc47320 LOG   GST_POLL gstpoll.c:994:gst_poll_fd_ctl_write: 0xc4f810: pfd->events now 60 (POLLOUT:4)
0:00:00.017101577  4445 0xc03390 DEBUG   GST_REFCOUNTING gstobject.c:709:gst_object_set_parent: set parent (ref and sink)
0:00:00.013078301  4446 0xc47320 DEBUG   GST_POLL gstpoll.c:980:gst_poll_fd_ctl_write: 0xc4f810: fd (fd:0, idx:1), active : 1
0:00:00.017109173  4445 0xc03390 TRACE   GST_REFCOUNTING gstobject.c:294:gst_object_ref_sink: 0xc20a00 ref_sink 1->2
0:00:00.013084414  4446 0xc47320 LOG   GST_POLL gstpoll.c:994:gst_poll_fd_ctl_write: 0xc4f810: pfd->events now 60 (POLLOUT:4)
0:00:00.017116290  4445 0xc03390 LOG   GST_REGISTRY gstregistry.c:608:gst_registry_add_feature: emitting feature-added for typefind
0:00:00.013091318  4446 0xc47320 DEBUG   GST_POLL gstpoll.c:980:gst_poll_fd_ctl_write: 0xc4f810: fd (fd:0, idx:1), active : 1
0:00:00.017123195  4445 0xc03390 DEBUG   GST_REGISTRY gstregistrychunks.c:741:gst_registry_chunks_load_feature: Added feature typefind, plugin 0xc1d070 coreelements
0:00:00.013097470  4446 0xc47320 LOG   GST_POLL gstpoll.c:994:gst_poll_fd_ctl_write: 0xc4f810: pfd->events now 60 (POLLOUT:4)
0:00:00.017130409  4445 0xc03390 DEBUG   GST_REGISTRY gstregistrychunks.c:583:gst_registry_chunks_load_feature: Plugin 'coreelements' feature 'tee' typename : 'GstElementFactory'
0:00:00.013104875  4446 0xc47320 DEBUG   GST_POLL gstpoll.c:980:gst_poll_fd_ctl_write: 0xc4f810: fd (fd:0, idx:1), active : 1
0:00:00.013111706  4446 0xc47320 LOG   GST_POLL gstpoll.c:994:gst_poll_fd_ctl_write: 0xc4f810: pfd->events now 60 (POLLOUT:4)
0:00:00.017138748  4445 0xc03390 TRACE   GST_REFCOUNTING gstobject.c:208:gst_object_init: 0xc20d90 new
0:00:00.013118142  4446 0xc47320 DEBUG   GST_POLL gstpoll.c:980:gst_poll_fd_ctl_write: 0xc4f810: fd (fd:0, idx:1), active : 1
0:00:00.017148531  4445 0xc03390 LOG   GST_REGISTRY gstregistrychunks.c:610:gst_registry_chunks_load_feature: Reading/casting for GstRegistryChunkElementFactory at address 0xc1ef60
0:00:00.013124187  4446 0xc47320 LOG   GST_POLL gstpoll.c:994:gst_poll_fd_ctl_write: 0xc4f810: pfd->events now 60 (POLLOUT:4)
0:00:00.017155143  4445 0xc03390 TRACE   structure gststructure.c:287:gst_structure_new_id_empty_with_size: created structure 0xc21170
0:00:00.013135151  4446 0xc47320 DEBUG   GST_POLL gstpoll.c:980:gst_poll_fd_ctl_write: 0xc4f810: fd (fd:0, idx:1), active : 1
0:00:00.017165691  4445 0xc03390 DEBUG   structure gststructure.c:2203:gst_structure_parse_field: trying field name 'long-name'
0:00:00.013141445  4446 0xc47320 LOG   GST_POLL gstpoll.c:994:gst_poll_fd_ctl_write: 0xc4f810: pfd->events now 60 (POLLOUT:4)
0:00:00.017171416  4445 0xc03390 DEBUG   default gstvalue.c:2676:_priv_gst_value_parse_value: trying type name 'string'
0:00:00.013147784  4446 0xc47320 DEBUG   GST_POLL gstpoll.c:980:gst_poll_fd_ctl_write: 0xc4f810: fd (fd:0, idx:1), active : 1
0:00:00.017177988  4445 0xc03390 DEBUG   structure gststructure.c:2203:gst_structure_parse_field: trying field name 'klass'
0:00:00.013153971  4446 0xc47320 LOG   GST_POLL gstpoll.c:994:gst_poll_fd_ctl_write: 0xc4f810: pfd->events now 60 (POLLOUT:4)
0:00:00.017183711  4445 0xc03390 DEBUG   default gstvalue.c:2676:_priv_gst_value_parse_value: trying type name 'string'
0:00:00.013160271  4446 0xc47320 DEBUG   GST_POLL gstpoll.c:980:gst_poll_fd_ctl_write: 0xc4f810: fd (fd:0, idx:1), active : 1
0:00:00.017189820  4445 0xc03390 DEBUG   structure gststructure.c:2203:gst_structure_parse_field: trying field name 'description'
0:00:00.013166323  4446 0xc47320 LOG   GST_POLL gstpoll.c:994:gst_poll_fd_ctl_write: 0xc4f810: pfd->events now 60 (POLLOUT:4)
