0:00:00.016510751  4484 0x55d730fd3360 LOG   GST_POLL gstpoll.c:994:gst_poll_fd_ctl_write: 0x55d730ff7910: pfd->events now 60 (POLLOUT:4)
0:00:00.021647913  4483 0x565458563360 DEBUG   default gstvalue.c:2676:_priv_gst_value_parse_value: trying type name 'string'
0:00:00.016517684  4484 0x55d730fd3360 DEBUG   GST_POLL gstpoll.c:979:gst_poll_fd_ctl_write: 0x55d730ff7910: fd (fd:0, idx:1), active : 1
0:00:00.021654912  4483 0x565458563360 DEBUG   structure gststructure.c:2203:gst_structure_parse_field: trying field name 'klass'
0:00:00.016524230  4484 0x55d730fd3360 LOG   GST_POLL gstpoll.c:994:gst_poll_fd_ctl_write: 0x55d730ff7910: pfd->events now 60 (POLLOUT:4)
0:00:00.021661287  4483 0x565458563360 DEBUG   default gstvalue.c:2676:_priv_gst_value_parse_value: trying type name 'string'
0:00:00.016531370  4484 0x55d730fd3360 DEBUG   GST_POLL gstpoll.c:979:gst_poll_fd_ctl_write: 0x55d730ff7910: fd (fd:0, idx:1), active : 1
0:00:00.021668090  4483 0x565458563360 DEBUG   structure gststructure.c:2203:gst_structure_parse_field: trying field name 'description'
0:00:00.016538433  4484 0x55d730fd3360 LOG   GST_POLL gstpoll.c:994:gst_poll_fd_ctl_write: 0x55d730ff7910: pfd->events now 60 (POLLOUT:4)
0:00:00.021674596  4483 0x565458563360 DEBUG   default gstvalue.c:2676:_priv_gst_value_parse_value: trying type name 'string'
0:00:00.016545400  4484 0x55d730fd3360 DEBUG   GST_POLL gstpoll.c:979:gst_poll_fd_ctl_write: 0x55d730ff7910: fd (fd:0, idx:1), active : 1
0:00:00.021681239  4483 0x565458563360 DEBUG   structure gststructure.c:2203:gst_structure_parse_field: trying field name 'author'
0:00:00.016551929  4484 0x55d730fd3360 LOG   GST_POLL gstpoll.c:994:gst_poll_fd_ctl_write: 0x55d730ff7910: pfd->events now 60 (POLLOUT:4)
0:00:00.021687964  4483 0x565458563360 DEBUG   default gstvalue.c:2676:_priv_gst_value_parse_value: trying type name 'string'
0:00:00.016559277  4484 0x55d730fd3360 DEBUG   GST_POLL gstpoll.c:979:gst_poll_fd_ctl_write: 0x55d730ff7910: fd (fd:0, idx:1), active : 1
0:00:00.021701339  4483 0x565458563360 DEBUG   GST_REGISTRY gstregistrychunks.c:626:gst_registry_chunks_load_feature: Element factory : npadtemplates=2
0:00:00.016569749  4484 0x55d730fd3360 LOG   GST_POLL gstpoll.c:994:gst_poll_fd_ctl_write: 0x55d730ff7910: pfd->events now 60 (POLLOUT:4)
0:00:00.021719293  4483 0x565458563360 DEBUG   GST_REGISTRY gstregistrychunks.c:525:gst_registry_chunks_load_pad_template: Reading/casting for GstRegistryChunkPadTemplate at address 0x56545858aaf0
0:00:00.016588638  4484 0x55d730fd3360 DEBUG   GST_POLL gstpoll.c:979:gst_poll_fd_ctl_write: 0x55d730ff7910: fd (fd:0, idx:1), active : 1
0:00:00.021726379  4483 0x565458563360 DEBUG   GST_REGISTRY gstregistrychunks.c:539:gst_registry_chunks_load_pad_template: Added pad_template sink
0:00:00.016595243  4484 0x55d730fd3360 LOG   GST_POLL gstpoll.c:994:gst_poll_fd_ctl_write: 0x55d730ff7910: pfd->events now 60 (POLLOUT:4)
0:00:00.021732910  4483 0x565458563360 DEBUG   GST_REGISTRY gstregistrychunks.c:525:gst_registry_chunks_load_pad_template: Reading/casting for GstRegistryChunkPadTemplate at address 0x56545858ab08
0:00:00.016602419  4484 0x55d730fd3360 DEBUG   GST_POLL gstpoll.c:979:gst_poll_fd_ctl_write: 0x55d730ff7910: fd (fd:0, idx:1), active : 1
0:00:00.021739121  4483 0x565458563360 DEBUG   GST_REGISTRY gstregistrychunks.c:539:gst_registry_chunks_load_pad_template: Added pad_template src
0:00:00.016609567  4484 0x55d730fd3360 LOG   GST_POLL gstpoll.c:994:gst_poll_fd_ctl_write: 0x55d730ff7910: pfd->events now 60 (POLLOUT:4)
0:00:00.021746981  4483 0x565458563360 DEBUG   GST_REGISTRY gstregistry.c:589:gst_registry_add_feature: adding feature 0x565458595630 (downloadbuffer)
0:00:00.016616674  4484 0x55d730fd3360 DEBUG   GST_POLL gstpoll.c:979:gst_poll_fd_ctl_write: 0x55d730ff7910: fd (fd:0, idx:1), active : 1
0:00:00.021753807  4483 0x565458563360 DEBUG   GST_REFCOUNTING gstobject.c:708:gst_object_set_parent: set parent (ref and sink)
0:00:00.016623695  4484 0x55d730fd3360 LOG   GST_POLL gstpoll.c:994:gst_poll_fd_ctl_write: 0x55d730ff7910: pfd->events now 60 (POLLOUT:4)
0:00:00.021761483  4483 0x565458563360 TRACE   GST_REFCOUNTING gstobject.c:292:gst_object_ref_sink: 0x565458595630 ref_sink 1->2
0:00:00.016630850  4484 0x55d730fd3360 DEBUG   GST_POLL gstpoll.c:979:gst_poll_fd_ctl_write: 0x55d730ff7910: fd (fd:0, idx:1), active : 1
0:00:00.021768793  4483 0x565458563360 LOG   GST_REGISTRY gstregistry.c:607:gst_registry_add_feature: emitting feature-added for downloadbuffer
0:00:00.016637773  4484 0x55d730fd3360 LOG   GST_POLL gstpoll.c:994:gst_poll_fd_ctl_write: 0x55d730ff7910: pfd->events now 60 (POLLOUT:4)
0:00:00.021776106  4483 0x565458563360 DEBUG   GST_REGISTRY gstregistrychunks.c:740:gst_registry_chunks_load_feature: Added feature downloadbuffer, plugin 0x565458591ea0 coreelements
0:00:00.016651688  4484 0x55d730fd3360 DEBUG   GST_POLL gstpoll.c:979:gst_poll_fd_ctl_write: 0x55d730ff7910: fd (fd:0, idx:1), active : 1
0:00:00.021787679  4483 0x565458563360 DEBUG   GST_REGISTRY gstregistrychunks.c:582:gst_registry_chunks_load_feature: Plugin 'coreelements' feature 'dataurisrc' typename : 'GstElementFactory'
0:00:00.016659102  4484 0x55d730fd3360 LOG   GST_POLL gstpoll.c:994:gst_poll_fd_ctl_write: 0x55d730ff7910: pfd->events now 60 (POLLOUT:4)
0:00:00.016670721  4484 0x55d730fd3360 DEBUG   GST_POLL gstpoll.c:979:gst_poll_fd_ctl_write: 0x55d730ff7910: fd (fd:0, idx:1), active : 1
0:00:00.016677518  4484 0x55d730fd3360 LOG   GST_POLL gstpoll.c:994:gst_poll_fd_ctl_write: 0x55d730ff7910: pfd->events now 60 (POLLOUT:4)
0:00:00.021810662  4483 0x565458563360 TRACE   GST_REFCOUNTING gstobject.c:208:gst_object_init: 0x565458595e10 new
0:00:00.016684041  4484 0x55d730fd3360 DEBUG   GST_POLL gstpoll.c:979:gst_poll_fd_ctl_write: 0x55d730ff7910: fd (fd:0, idx:1), active : 1
0:00:00.021821430  4483 0x565458563360 LOG   GST_REGISTRY gstregistrychunks.c:609:gst_registry_chunks_load_feature: Reading/casting for GstRegistryChunkElementFactory at address 0x56545858ab38
0:00:00.016691058  4484 0x55d730fd3360 LOG   GST_POLL gstpoll.c:994:gst_poll_fd_ctl_write: 0x55d730ff7910: pfd->events now 60 (POLLOUT:4)
0:00:00.021828333  4483 0x565458563360 TRACE   structure gststructure.c:287:gst_structure_new_id_empty_with_size: created structure 0x565458596120
0:00:00.016698364  4484 0x55d730fd3360 LOG   GST_PLUGIN_LOADING gstpluginloader.c:645:put_chunk: Expanding tx buf from 13209 to 17023 for chunk of size 229
0:00:00.021835039  4483 0x565458563360 DEBUG   structure gststructure.c:2203:gst_structure_parse_field: trying field name 'long-name'
0:00:00.021841821  4483 0x565458563360 DEBUG   default gstvalue.c:2676:_priv_gst_value_parse_value: trying type name 'string'
0:00:00.016711843  4484 0x55d730fd3360 DEBUG   GST_POLL gstpoll.c:979:gst_poll_fd_ctl_write: 0x55d730ff7910: fd (fd:0, idx:1), active : 1
0:00:00.021848672  4483 0x565458563360 DEBUG   structure gststructure.c:2203:gst_structure_parse_field: trying field name 'klass'
0:00:00.016718833  4484 0x55d730fd3360 LOG   GST_POLL gstpoll.c:994:gst_poll_fd_ctl_write: 0x55d730ff7910: pfd->events now 60 (POLLOUT:4)
0:00:00.021855374  4483 0x565458563360 DEBUG   default gstvalue.c:2676:_priv_gst_value_parse_value: trying type name 'string'
0:00:00.016726397  4484 0x55d730fd3360 DEBUG   GST_POLL gstpoll.c:979:gst_poll_fd_ctl_write: 0x55d730ff7910: fd (fd:0, idx:1), active : 1
0:00:00.021862322  4483 0x565458563360 DEBUG   structure gststructure.c:2203:gst_structure_parse_field: trying field name 'description'
0:00:00.016733200  4484 0x55d730fd3360 LOG   GST_POLL gstpoll.c:994:gst_poll_fd_ctl_write: 0x55d730ff7910: pfd->events now 60 (POLLOUT:4)
0:00:00.021869053  4483 0x565458563360 DEBUG   default gstvalue.c:2676:_priv_gst_value_parse_value: trying type name 'string'
0:00:00.016740444  4484 0x55d730fd3360 DEBUG   GST_POLL gstpoll.c:979:gst_poll_fd_ctl_write: 0x55d730ff7910: fd (fd:0, idx:1), active : 1
0:00:00.021876624  4483 0x565458563360 DEBUG   structure gststructure.c:2203:gst_structure_parse_field: trying field name 'author'
0:00:00.016747030  4484 0x55d730fd3360 LOG   GST_POLL gstpoll.c:994:gst_poll_fd_ctl_write: 0x55d730ff7910: pfd->events now 60 (POLLOUT:4)
0:00:00.021883188  4483 0x565458563360 DEBUG   default gstvalue.c:2676:_priv_gst_value_parse_value: trying type name 'string'
0:00:00.016762116  4484 0x55d730fd3360 DEBUG   GST_POLL gstpoll.c:979:gst_poll_fd_ctl_write: 0x55d730ff7910: fd (fd:0, idx:1), active : 1
0:00:00.021899220  4483 0x565458563360 DEBUG   GST_REGISTRY gstregistrychunks.c:626:gst_registry_chunks_load_feature: Element factory : npadtemplates=1
0:00:00.016768965  4484 0x55d730fd3360 LOG   GST_POLL gstpoll.c:994:gst_poll_fd_ctl_write: 0x55d730ff7910: pfd->events now 60 (POLLOUT:4)
0:00:00.021905290  4483 0x565458563360 DEBUG   GST_REGISTRY gstregistrychunks.c:525:gst_registry_chunks_load_pad_template: Reading/casting for GstRegistryChunkPadTemplate at address 0x56545858ac50
0:00:00.016775858  4484 0x55d730fd3360 DEBUG   GST_POLL gstpoll.c:979:gst_poll_fd_ctl_write: 0x55d730ff7910: fd (fd:0, idx:1), active : 1
0:00:00.021911379  4483 0x565458563360 DEBUG   GST_REGISTRY gstregistrychunks.c:539:gst_registry_chunks_load_pad_template: Added pad_template src
0:00:00.016782745  4484 0x55d730fd3360 LOG   GST_POLL gstpoll.c:994:gst_poll_fd_ctl_write: 0x55d730ff7910: pfd->events now 60 (POLLOUT:4)
0:00:00.021919019  4483 0x565458563360 DEBUG   GST_REGISTRY gstregistrychunks.c:639:gst_registry_chunks_load_feature: Reading 1 UriTypes at address 0x56545858ac60
0:00:00.016789841  4484 0x55d730fd3360 DEBUG   GST_POLL gstpoll.c:979:gst_poll_fd_ctl_write: 0x55d730ff7910: fd (fd:0, idx:1), active : 1
0:00:00.021925757  4483 0x565458563360 DEBUG   GST_REGISTRY gstregistrychunks.c:654:gst_registry_chunks_load_feature: Reading 1 Interfaces at address 0x56545858ac69
0:00:00.016796641  4484 0x55d730fd3360 LOG   GST_POLL gstpoll.c:994:gst_poll_fd_ctl_write: 0x55d730ff7910: pfd->events now 60 (POLLOUT:4)
0:00:00.021933907  4483 0x565458563360 DEBUG   GST_REGISTRY gstregistry.c:589:gst_registry_add_feature: adding feature 0x565458595e10 (dataurisrc)
0:00:00.016803512  4484 0x55d730fd3360 DEBUG   GST_POLL gstpoll.c:979:gst_poll_fd_ctl_write: 0x55d730ff7910: fd (fd:0, idx:1), active : 1
0:00:00.021940379  4483 0x565458563360 DEBUG   GST_REFCOUNTING gstobject.c:708:gst_object_set_parent: set parent (ref and sink)
0:00:00.016810126  4484 0x55d730fd3360 LOG   GST_POLL gstpoll.c:994:gst_poll_fd_ctl_write: 0x55d730ff7910: pfd->events now 60 (POLLOUT:4)
0:00:00.021947987  4483 0x565458563360 TRACE   GST_REFCOUNTING gstobject.c:292:gst_object_ref_sink: 0x565458595e10 ref_sink 1->2
0:00:00.016816941  4484 0x55d730fd3360 DEBUG   GST_POLL gstpoll.c:979:gst_poll_fd_ctl_write: 0x55d730ff7910: fd (fd:0, idx:1), active : 1
0:00:00.021955367  4483 0x565458563360 LOG   GST_REGISTRY gstregistry.c:607:gst_registry_add_feature: emitting feature-added for dataurisrc
0:00:00.016824061  4484 0x55d730fd3360 LOG   GST_POLL gstpoll.c:994:gst_poll_fd_ctl_write: 0x55d730ff7910: pfd->events now 60 (POLLOUT:4)
0:00:00.021963397  4483 0x565458563360 DEBUG   GST_REGISTRY gstregistrychunks.c:740:gst_registry_chunks_load_feature: Added feature dataurisrc, plugin 0x565458591ea0 coreelements
0:00:00.016832104  4484 0x55d730fd3360 DEBUG   GST_POLL gstpoll.c:979:gst_poll_fd_ctl_write: 0x55d730ff7910: fd (fd:0, idx:1), active : 1
0:00:00.021970909  4483 0x565458563360 DEBUG   GST_REGISTRY gstregistrychunks.c:582:gst_registry_chunks_load_feature: Plugin 'coreelements' feature 'concat' typename : 'GstElementFactory'
0:00:00.016845055  4484 0x55d730fd3360 LOG   GST_POLL gstpoll.c:994:gst_poll_fd_ctl_write: 0x55d730ff7910: pfd->events now 60 (POLLOUT:4)
0:00:00.021982070  4483 0x565458563360 TRACE   GST_REFCOUNTING gstobject.c:208:gst_object_init: 0x565458596860 new
0:00:00.016852430  4484 0x55d730fd3360 DEBUG   GST_POLL gstpoll.c:979:gst_poll_fd_ctl_write: 0x55d730ff7910: fd (fd:0, idx:1), active : 1
0:00:00.021990034  4483 0x565458563360 LOG   GST_REGISTRY gstregistrychunks.c:609:gst_registry_chunks_load_feature: Reading/casting for GstRegistryChunkElementFactory at address 0x56545858ac90
0:00:00.016859565  4484 0x55d730fd3360 LOG   GST_POLL gstpoll.c:994:gst_poll_fd_ctl_write: 0x55d730ff7910: pfd->events now 60 (POLLOUT:4)
0:00:00.021997692  4483 0x565458563360 TRACE   structure gststructure.c:287:gst_structure_new_id_empty_with_size: created structure 0x565458596a90
0:00:00.016866804  4484 0x55d730fd3360 DEBUG   GST_POLL gstpoll.c:979:gst_poll_fd_ctl_write: 0x55d730ff7910: fd (fd:0, idx:1), active : 1
0:00:00.022004182  4483 0x565458563360 DEBUG   structure gststructure.c:2203:gst_structure_parse_field: trying field name 'long-name'
0:00:00.016873610  4484 0x55d730fd3360 LOG   GST_POLL gstpoll.c:994:gst_poll_fd_ctl_write: 0x55d730ff7910: pfd->events now 60 (POLLOUT:4)
0:00:00.022010719  4483 0x565458563360 DEBUG   default gstvalue.c:2676:_priv_gst_value_parse_value: trying type name 'string'
0:00:00.016880767  4484 0x55d730fd3360 DEBUG   GST_POLL gstpoll.c:979:gst_poll_fd_ctl_write: 0x55d730ff7910: fd (fd:0, idx:1), active : 1
0:00:00.022017327  4483 0x565458563360 DEBUG   structure gststructure.c:2203:gst_structure_parse_field: trying field name 'klass'
0:00:00.016887294  4484 0x55d730fd3360 LOG   GST_POLL gstpoll.c:994:gst_poll_fd_ctl_write: 0x55d730ff7910: pfd->events now 60 (POLLOUT:4)
0:00:00.022023828  4483 0x565458563360 DEBUG   default gstvalue.c:2676:_priv_gst_value_parse_value: trying type name 'string'
0:00:00.016894250  4484 0x55d730fd3360 DEBUG   GST_POLL gstpoll.c:979:gst_poll_fd_ctl_write: 0x55d730ff7910: fd (fd:0, idx:1), active : 1
0:00:00.022030390  4483 0x565458563360 DEBUG   structure gststructure.c:2203:gst_structure_parse_field: trying field name 'description'
0:00:00.016900732  4484 0x55d730fd3360 LOG   GST_POLL gstpoll.c:994:gst_poll_fd_ctl_write: 0x55d730ff7910: pfd->events now 60 (POLLOUT:4)
0:00:00.022036564  4483 0x565458563360 DEBUG   default gstvalue.c:2676:_priv_gst_value_parse_value: trying type name 'string'
0:00:00.016908705  4484 0x55d730fd3360 DEBUG   GST_POLL gstpoll.c:979:gst_poll_fd_ctl_write: 0x55d730ff7910: fd (fd:0, idx:1), active : 1
0:00:00.022044304  4483 0x565458563360 DEBUG   structure gststructure.c:2203:gst_structure_parse_field: trying field name 'author'
0:00:00.016915861  4484 0x55d730fd3360 LOG   GST_POLL gstpoll.c:994:gst_poll_fd_ctl_write: 0x55d730ff7910: pfd->events now 60 (POLLOUT:4)
0:00:00.022051831  4483 0x565458563360 DEBUG   default gstvalue.c:2676:_priv_gst_value_parse_value: trying type name 'string'
0:00:00.016927738  4484 0x55d730fd3360 DEBUG   GST_POLL gstpoll.c:979:gst_poll_fd_ctl_write: 0x55d730ff7910: fd (fd:0, idx:1), active : 1
0:00:00.022064340  4483 0x565458563360 DEBUG   GST_REGISTRY gstregistrychunks.c:626:gst_registry_chunks_load_feature: Element factory : npadtemplates=2
0:00:00.016934986  4484 0x55d730fd3360 LOG   GST_POLL gstpoll.c:994:gst_poll_fd_ctl_write: 0x55d730ff7910: pfd->events now 60 (POLLOUT:4)
0:00:00.022070850  4483 0x565458563360 DEBUG   GST_REGISTRY gstregistrychunks.c:525:gst_registry_chunks_load_pad_template: Reading/casting for GstRegistryChunkPadTemplate at address 0x56545858ad68
0:00:00.016942667  4484 0x55d730fd3360 DEBUG   GST_POLL gstpoll.c:979:gst_poll_fd_ctl_write: 0x55d730ff7910: fd (fd:0, idx:1), active : 1
0:00:00.022078203  4483 0x565458563360 DEBUG   GST_REGISTRY gstregistrychunks.c:539:gst_registry_chunks_load_pad_template: Added pad_template src
0:00:00.016949795  4484 0x55d730fd3360 LOG   GST_POLL gstpoll.c:994:gst_poll_fd_ctl_write: 0x55d730ff7910: pfd->events now 60 (POLLOUT:4)
0:00:00.022085321  4483 0x565458563360 DEBUG   GST_REGISTRY gstregistrychunks.c:525:gst_registry_chunks_load_pad_template: Reading/casting for GstRegistryChunkPadTemplate at address 0x56545858ad78
0:00:00.016956791  4484 0x55d730fd3360 DEBUG   GST_POLL gstpoll.c:979:gst_poll_fd_ctl_write: 0x55d730ff7910: fd (fd:0, idx:1), active : 1
0:00:00.022092527  4483 0x565458563360 DEBUG   GST_REGISTRY gstregistrychunks.c:539:gst_registry_chunks_load_pad_template: Added pad_template sink_%u
0:00:00.016964170  4484 0x55d730fd3360 LOG   GST_POLL gstpoll.c:994:gst_poll_fd_ctl_write: 0x55d730ff7910: pfd->events now 60 (POLLOUT:4)
0:00:00.022101119  4483 0x565458563360 DEBUG   GST_REGISTRY gstregistry.c:589:gst_registry_add_feature: adding feature 0x565458596860 (concat)
0:00:00.016971204  4484 0x55d730fd3360 DEBUG   GST_POLL gstpoll.c:979:gst_poll_fd_ctl_write: 0x55d730ff7910: fd (fd:0, idx:1), active : 1
0:00:00.022107639  4483 0x565458563360 DEBUG   GST_REFCOUNTING gstobject.c:708:gst_object_set_parent: set parent (ref and sink)
0:00:00.016977895  4484 0x55d730fd3360 LOG   GST_POLL gstpoll.c:994:gst_poll_fd_ctl_write: 0x55d730ff7910: pfd->events now 60 (POLLOUT:4)
0:00:00.022115606  4483 0x565458563360 TRACE   GST_REFCOUNTING gstobject.c:292:gst_object_ref_sink: 0x565458596860 ref_sink 1->2
0:00:00.016984982  4484 0x55d730fd3360 DEBUG   GST_POLL gstpoll.c:979:gst_poll_fd_ctl_write: 0x55d730ff7910: fd (fd:0, idx:1), active : 1
0:00:00.022123428  4483 0x565458563360 LOG   GST_REGISTRY gstregistry.c:607:gst_registry_add_feature: emitting feature-added for concat
0:00:00.016992454  4484 0x55d730fd3360 LOG   GST_POLL gstpoll.c:994:gst_poll_fd_ctl_write: 0x55d730ff7910: pfd->events now 60 (POLLOUT:4)
0:00:00.022133474  4483 0x565458563360 DEBUG   GST_REGISTRY gstregistrychunks.c:740:gst_registry_chunks_load_feature: Added feature concat, plugin 0x565458591ea0 coreelements
0:00:00.017002150  4484 0x55d730fd3360 DEBUG   GST_POLL gstpoll.c:979:gst_poll_fd_ctl_write: 0x55d730ff7910: fd (fd:0, idx:1), active : 1
0:00:00.022147467  4483 0x565458563360 DEBUG   GST_REGISTRY gstregistrychunks.c:582:gst_registry_chunks_load_feature: Plugin 'coreelements' feature 'clocksync' typename : 'GstElementFactory'
0:00:00.017014955  4484 0x55d730fd3360 LOG   GST_POLL gstpoll.c:994:gst_poll_fd_ctl_write: 0x55d730ff7910: pfd->events now 60 (POLLOUT:4)
0:00:00.022155847  4483 0x565458563360 TRACE   GST_REFCOUNTING gstobject.c:208:gst_object_init: 0x565458596710 new
0:00:00.017023290  4484 0x55d730fd3360 DEBUG   GST_POLL gstpoll.c:979:gst_poll_fd_ctl_write: 0x55d730ff7910: fd (fd:0, idx:1), active : 1
0:00:00.017031709  4484 0x55d730fd3360 LOG   GST_POLL gstpoll.c:994:gst_poll_fd_ctl_write: 0x55d730ff7910: pfd->events now 60 (POLLOUT:4)
0:00:00.022167619  4483 0x565458563360 LOG   GST_REGISTRY gstregistrychunks.c:609:gst_registry_chunks_load_feature: Reading/casting for GstRegistryChunkElementFactory at address 0x56545858ada8
0:00:00.017039069  4484 0x55d730fd3360 DEBUG   GST_POLL gstpoll.c:979:gst_poll_fd_ctl_write: 0x55d730ff7910: fd (fd:0, idx:1), active : 1
0:00:00.022175402  4483 0x565458563360 TRACE   structure gststructure.c:287:gst_structure_new_id_empty_with_size: created structure 0x565458597060
0:00:00.017045530  4484 0x55d730fd3360 LOG   GST_POLL gstpoll.c:994:gst_poll_fd_ctl_write: 0x55d730ff7910: pfd->events now 60 (POLLOUT:4)
0:00:00.022182151  4483 0x565458563360 DEBUG   structure gststructure.c:2203:gst_structure_parse_field: trying field name 'long-name'
0:00:00.017052668  4484 0x55d730fd3360 DEBUG   GST_POLL gstpoll.c:979:gst_poll_fd_ctl_write: 0x55d730ff7910: fd (fd:0, idx:1), active : 1
0:00:00.022188931  4483 0x565458563360 DEBUG   default gstvalue.c:2676:_priv_gst_value_parse_value: trying type name 'string'
0:00:00.017060504  4484 0x55d730fd3360 LOG   GST_POLL gstpoll.c:994:gst_poll_fd_ctl_write: 0x55d730ff7910: pfd->events now 60 (POLLOUT:4)
0:00:00.022196442  4483 0x565458563360 DEBUG   structure gststructure.c:2203:gst_structure_parse_field: trying field name 'klass'
0:00:00.017068110  4484 0x55d730fd3360 DEBUG   GST_POLL gstpoll.c:979:gst_poll_fd_ctl_write: 0x55d730ff7910: fd (fd:0, idx:1), active : 1
0:00:00.022203859  4483 0x565458563360 DEBUG   default gstvalue.c:2676:_priv_gst_value_parse_value: trying type name 'string'
0:00:00.017074943  4484 0x55d730fd3360 LOG   GST_POLL gstpoll.c:994:gst_poll_fd_ctl_write: 0x55d730ff7910: pfd->events now 60 (POLLOUT:4)
0:00:00.022211310  4483 0x565458563360 DEBUG   structure gststructure.c:2203:gst_structure_parse_field: trying field name 'description'
0:00:00.017082390  4484 0x55d730fd3360 DEBUG   GST_POLL gstpoll.c:979:gst_poll_fd_ctl_write: 0x55d730ff7910: fd (fd:0, idx:1), active : 1
0:00:00.022218259  4483 0x565458563360 DEBUG   default gstvalue.c:2676:_priv_gst_value_parse_value: trying type name 'string'
0:00:00.017089381  4484 0x55d730fd3360 LOG   GST_POLL gstpoll.c:994:gst_poll_fd_ctl_write: 0x55d730ff7910: pfd->events now 60 (POLLOUT:4)
0:00:00.022225970  4483 0x565458563360 DEBUG   structure gststructure.c:2203:gst_structure_parse_field: trying field name 'author'
0:00:00.017097113  4484 0x55d730fd3360 DEBUG   GST_POLL gstpoll.c:979:gst_poll_fd_ctl_write: 0x55d730ff7910: fd (fd:0, idx:1), active : 1
0:00:00.022238969  4483 0x565458563360 DEBUG   default gstvalue.c:2676:_priv_gst_value_parse_value: trying type name 'string'
0:00:00.017107958  4484 0x55d730fd3360 LOG   GST_POLL gstpoll.c:994:gst_poll_fd_ctl_write: 0x55d730ff7910: pfd->events now 60 (POLLOUT:4)
0:00:00.022246313  4483 0x565458563360 DEBUG   GST_REGISTRY gstregistrychunks.c:626:gst_registry_chunks_load_feature: Element factory : npadtemplates=2
0:00:00.017115207  4484 0x55d730fd3360 DEBUG   GST_POLL gstpoll.c:979:gst_poll_fd_ctl_write: 0x55d730ff7910: fd (fd:0, idx:1), active : 1
0:00:00.022252739  4483 0x565458563360 DEBUG   GST_REGISTRY gstregistrychunks.c:525:gst_registry_chunks_load_pad_template: Reading/casting for GstRegistryChunkPadTemplate at address 0x56545858ae78
0:00:00.017122341  4484 0x55d730fd3360 LOG   GST_POLL gstpoll.c:994:gst_poll_fd_ctl_write: 0x55d730ff7910: pfd->events now 60 (POLLOUT:4)
0:00:00.022259293  4483 0x565458563360 DEBUG   GST_REGISTRY gstregistrychunks.c:539:gst_registry_chunks_load_pad_template: Added pad_template sink
0:00:00.017129344  4484 0x55d730fd3360 DEBUG   GST_POLL gstpoll.c:979:gst_poll_fd_ctl_write: 0x55d730ff7910: fd (fd:0, idx:1), active : 1
0:00:00.022265715  4483 0x565458563360 DEBUG   GST_REGISTRY gstregistrychunks.c:525:gst_registry_chunks_load_pad_template: Reading/casting for GstRegistryChunkPadTemplate at address 0x56545858ae90
0:00:00.017136072  4484 0x55d730fd3360 LOG   GST_POLL gstpoll.c:994:gst_poll_fd_ctl_write: 0x55d730ff7910: pfd->events now 60 (POLLOUT:4)
0:00:00.022272279  4483 0x565458563360 DEBUG   GST_REGISTRY gstregistrychunks.c:539:gst_registry_chunks_load_pad_template: Added pad_template src
0:00:00.017143223  4484 0x55d730fd3360 DEBUG   GST_POLL gstpoll.c:979:gst_poll_fd_ctl_write: 0x55d730ff7910: fd (fd:0, idx:1), active : 1
0:00:00.022280267  4483 0x565458563360 DEBUG   GST_REGISTRY gstregistry.c:589:gst_registry_add_feature: adding feature 0x565458596710 (clocksync)
0:00:00.017149775  4484 0x55d730fd3360 LOG   GST_POLL gstpoll.c:994:gst_poll_fd_ctl_write: 0x55d730ff7910: pfd->events now 60 (POLLOUT:4)
0:00:00.022286772  4483 0x565458563360 DEBUG   GST_REFCOUNTING gstobject.c:708:gst_object_set_parent: set parent (ref and sink)
0:00:00.017156603  4484 0x55d730fd3360 DEBUG   GST_POLL gstpoll.c:979:gst_poll_fd_ctl_write: 0x55d730ff7910: fd (fd:0, idx:1), active : 1
0:00:00.022294151  4483 0x565458563360 TRACE   GST_REFCOUNTING gstobject.c:292:gst_object_ref_sink: 0x565458596710 ref_sink 1->2
0:00:00.017163043  4484 0x55d730fd3360 LOG   GST_POLL gstpoll.c:994:gst_poll_fd_ctl_write: 0x55d730ff7910: pfd->events now 60 (POLLOUT:4)
0:00:00.022301382  4483 0x565458563360 LOG   GST_REGISTRY gstregistry.c:607:gst_registry_add_feature: emitting feature-added for clocksync
0:00:00.017184951  4484 0x55d730fd3360 DEBUG   GST_POLL gstpoll.c:979:gst_poll_fd_ctl_write: 0x55d730ff7910: fd (fd:0, idx:1), active : 1
0:00:00.022325082  4483 0x565458563360 DEBUG   GST_REGISTRY gstregistrychunks.c:740:gst_registry_chunks_load_feature: Added feature clocksync, plugin 0x565458591ea0 coreelements
0:00:00.017199018  4484 0x55d730fd3360 LOG   GST_POLL gstpoll.c:994:gst_poll_fd_ctl_write: 0x55d730ff7910: pfd->events now 60 (POLLOUT:4)
0:00:00.017206658  4484 0x55d730fd3360 DEBUG   GST_POLL gstpoll.c:979:gst_poll_fd_ctl_write: 0x55d730ff7910: fd (fd:0, idx:1), active : 1
0:00:00.022339956  4483 0x565458563360 DEBUG   GST_REGISTRY gstregistrychunks.c:582:gst_registry_chunks_load_feature: Plugin 'coreelements' feature 'capsfilter' typename : 'GstElementFactory'
0:00:00.017213547  4484 0x55d730fd3360 LOG   GST_POLL gstpoll.c:994:gst_poll_fd_ctl_write: 0x55d730ff7910: pfd->events now 60 (POLLOUT:4)
0:00:00.017220578  4484 0x55d730fd3360 DEBUG   GST_POLL gstpoll.c:979:gst_poll_fd_ctl_write: 0x55d730ff7910: fd (fd:0, idx:1), active : 1
0:00:00.022354504  4483 0x565458563360 TRACE   GST_REFCOUNTING gstobject.c:208:gst_object_init: 0x5654585975c0 new
0:00:00.017227758  4484 0x55d730fd3360 LOG   GST_POLL gstpoll.c:994:gst_poll_fd_ctl_write: 0x55d730ff7910: pfd->events now 60 (POLLOUT:4)
0:00:00.022364890  4483 0x565458563360 LOG   GST_REGISTRY gstregistrychunks.c:609:gst_registry_chunks_load_feature: Reading/casting for GstRegistryChunkElementFactory at address 0x56545858aec0
0:00:00.017234771  4484 0x55d730fd3360 DEBUG   GST_POLL gstpoll.c:979:gst_poll_fd_ctl_write: 0x55d730ff7910: fd (fd:0, idx:1), active : 1
0:00:00.022372279  4483 0x565458563360 TRACE   structure gststructure.c:287:gst_structure_new_id_empty_with_size: created structure 0x5654585978d0
0:00:00.017241410  4484 0x55d730fd3360 LOG   GST_POLL gstpoll.c:994:gst_poll_fd_ctl_write: 0x55d730ff7910: pfd->events now 60 (POLLOUT:4)
0:00:00.022378725  4483 0x565458563360 DEBUG   structure gststructure.c:2203:gst_structure_parse_field: trying field name 'long-name'
0:00:00.017248496  4484 0x55d730fd3360 DEBUG   GST_POLL gstpoll.c:979:gst_poll_fd_ctl_write: 0x55d730ff7910: fd (fd:0, idx:1), active : 1
0:00:00.022385852  4483 0x565458563360 DEBUG   default gstvalue.c:2676:_priv_gst_value_parse_value: trying type name 'string'
0:00:00.017255486  4484 0x55d730fd3360 LOG   GST_POLL gstpoll.c:994:gst_poll_fd_ctl_write: 0x55d730ff7910: pfd->events now 60 (POLLOUT:4)
0:00:00.022393044  4483 0x565458563360 DEBUG   structure gststructure.c:2203:gst_structure_parse_field: trying field name 'klass'
0:00:00.017262532  4484 0x55d730fd3360 DEBUG   GST_POLL gstpoll.c:979:gst_poll_fd_ctl_write: 0x55d730ff7910: fd (fd:0, idx:1), active : 1
0:00:00.022399356  4483 0x565458563360 DEBUG   default gstvalue.c:2676:_priv_gst_value_parse_value: trying type name 'string'
0:00:00.017269487  4484 0x55d730fd3360 LOG   GST_POLL gstpoll.c:994:gst_poll_fd_ctl_write: 0x55d730ff7910: pfd->events now 60 (POLLOUT:4)
0:00:00.022406279  4483 0x565458563360 DEBUG   structure gststructure.c:2203:gst_structure_parse_field: trying field name 'description'
0:00:00.017276795  4484 0x55d730fd3360 DEBUG   GST_POLL gstpoll.c:979:gst_poll_fd_ctl_write: 0x55d730ff7910: fd (fd:0, idx:1), active : 1
0:00:00.022412651  4483 0x565458563360 DEBUG   default gstvalue.c:2676:_priv_gst_value_parse_value: trying type name 'string'
0:00:00.017290117  4484 0x55d730fd3360 LOG   GST_POLL gstpoll.c:994:gst_poll_fd_ctl_write: 0x55d730ff7910: pfd->events now 60 (POLLOUT:4)
0:00:00.022427213  4483 0x565458563360 DEBUG   structure gststructure.c:2203:gst_structure_parse_field: trying field name 'author'
0:00:00.017297375  4484 0x55d730fd3360 DEBUG   GST_POLL gstpoll.c:979:gst_poll_fd_ctl_write: 0x55d730ff7910: fd (fd:0, idx:1), active : 1
0:00:00.022434053  4483 0x565458563360 DEBUG   default gstvalue.c:2676:_priv_gst_value_parse_value: trying type name 'string'
0:00:00.017304899  4484 0x55d730fd3360 LOG   GST_POLL gstpoll.c:994:gst_poll_fd_ctl_write: 0x55d730ff7910: pfd->events now 60 (POLLOUT:4)
0:00:00.022441702  4483 0x565458563360 DEBUG   GST_REGISTRY gstregistrychunks.c:626:gst_registry_chunks_load_feature: Element factory : npadtemplates=2
0:00:00.017311967  4484 0x55d730fd3360 DEBUG   GST_POLL gstpoll.c:979:gst_poll_fd_ctl_write: 0x55d730ff7910: fd (fd:0, idx:1), active : 1
0:00:00.022447933  4483 0x565458563360 DEBUG   GST_REGISTRY gstregistrychunks.c:525:gst_registry_chunks_load_pad_template: Reading/casting for GstRegistryChunkPadTemplate at address 0x56545858afa0
0:00:00.017319056  4484 0x55d730fd3360 LOG   GST_POLL gstpoll.c:994:gst_poll_fd_ctl_write: 0x55d730ff7910: pfd->events now 60 (POLLOUT:4)
0:00:00.022455196  4483 0x565458563360 DEBUG   GST_REGISTRY gstregistrychunks.c:539:gst_registry_chunks_load_pad_template: Added pad_template sink
0:00:00.017326398  4484 0x55d730fd3360 DEBUG   GST_POLL gstpoll.c:979:gst_poll_fd_ctl_write: 0x55d730ff7910: fd (fd:0, idx:1), active : 1
0:00:00.022462081  4483 0x565458563360 DEBUG   GST_REGISTRY gstregistrychunks.c:525:gst_registry_chunks_load_pad_template: Reading/casting for GstRegistryChunkPadTemplate at address 0x56545858afb8
0:00:00.017333201  4484 0x55d730fd3360 LOG   GST_POLL gstpoll.c:994:gst_poll_fd_ctl_write: 0x55d730ff7910: pfd->events now 60 (POLLOUT:4)
0:00:00.017340547  4484 0x55d730fd3360 DEBUG   GST_POLL gstpoll.c:979:gst_poll_fd_ctl_write: 0x55d730ff7910: fd (fd:0, idx:1), active : 1
0:00:00.022476277  4483 0x565458563360 DEBUG   GST_REGISTRY gstregistrychunks.c:539:gst_registry_chunks_load_pad_template: Added pad_template src
0:00:00.017347149  4484 0x55d730fd3360 LOG   GST_POLL gstpoll.c:994:gst_poll_fd_ctl_write: 0x55d730ff7910: pfd->events now 60 (POLLOUT:4)
0:00:00.022484891  4483 0x565458563360 DEBUG   GST_REGISTRY gstregistry.c:589:gst_registry_add_feature: adding feature 0x5654585975c0 (capsfilter)
0:00:00.017354656  4484 0x55d730fd3360 DEBUG   GST_POLL gstpoll.c:979:gst_poll_fd_ctl_write: 0x55d730ff7910: fd (fd:0, idx:1), active : 1
0:00:00.022491776  4483 0x565458563360 DEBUG   GST_REFCOUNTING gstobject.c:708:gst_object_set_parent: set parent (ref and sink)
0:00:00.017361655  4484 0x55d730fd3360 LOG   GST_POLL gstpoll.c:994:gst_poll_fd_ctl_write: 0x55d730ff7910: pfd->events now 60 (POLLOUT:4)
0:00:00.022500153  4483 0x565458563360 TRACE   GST_REFCOUNTING gstobject.c:292:gst_object_ref_sink: 0x5654585975c0 ref_sink 1->2
0:00:00.017369234  4484 0x55d730fd3360 DEBUG   GST_POLL gstpoll.c:979:gst_poll_fd_ctl_write: 0x55d730ff7910: fd (fd:0, idx:1), active : 1
0:00:00.022514606  4483 0x565458563360 LOG   GST_REGISTRY gstregistry.c:607:gst_registry_add_feature: emitting feature-added for capsfilter
0:00:00.017382963  4484 0x55d730fd3360 LOG   GST_POLL gstpoll.c:994:gst_poll_fd_ctl_write: 0x55d730ff7910: pfd->events now 60 (POLLOUT:4)
0:00:00.022522385  4483 0x565458563360 DEBUG   GST_REGISTRY gstregistrychunks.c:740:gst_registry_chunks_load_feature: Added feature capsfilter, plugin 0x565458591ea0 coreelements
0:00:00.017390761  4484 0x55d730fd3360 DEBUG   GST_POLL gstpoll.c:979:gst_poll_fd_ctl_write: 0x55d730ff7910: fd (fd:0, idx:1), active : 1
0:00:00.017397607  4484 0x55d730fd3360 LOG   GST_POLL gstpoll.c:994:gst_poll_fd_ctl_write: 0x55d730ff7910: pfd->events now 60 (POLLOUT:4)
0:00:00.022534297  4483 0x565458563360 LOG   GST_PLUGIN_LOADING gstpluginloader.c:887:handle_rx_packet: marking plugin 0x565458591ea0 as registered as /home/conan/w/prod/BuildSingleReference/.conan/data/gstreamer/1.18.4/_/_/package/5a2a240dc39d481eff30f147f0e2f01ae047b26f/lib/gstreamer-1.0/libgstcoreelements.so
0:00:00.017404795  4484 0x55d730fd3360 DEBUG   GST_POLL gstpoll.c:979:gst_poll_fd_ctl_write: 0x55d730ff7910: fd (fd:0, idx:1), active : 1
0:00:00.017411612  4484 0x55d730fd3360 LOG   GST_POLL gstpoll.c:994:gst_poll_fd_ctl_write: 0x55d730ff7910: pfd->events now 60 (POLLOUT:4)
0:00:00.022545662  4483 0x565458563360 DEBUG   GST_POLL gstpoll.c:1414:gst_poll_wait: 0x5654585883d0: timeout :0:00:01.000000000
0:00:00.017418786  4484 0x55d730fd3360 DEBUG   GST_POLL gstpoll.c:979:gst_poll_fd_ctl_write: 0x55d730ff7910: fd (fd:0, idx:1), active : 1
0:00:00.017425663  4484 0x55d730fd3360 LOG   GST_POLL gstpoll.c:994:gst_poll_fd_ctl_write: 0x55d730ff7910: pfd->events now 60 (POLLOUT:4)
0:00:00.017432183  4484 0x55d730fd3360 DEBUG   GST_POLL gstpoll.c:979:gst_poll_fd_ctl_write: 0x55d730ff7910: fd (fd:0, idx:1), active : 1
0:00:00.017438621  4484 0x55d730fd3360 LOG   GST_POLL gstpoll.c:994:gst_poll_fd_ctl_write: 0x55d730ff7910: pfd->events now 60 (POLLOUT:4)
0:00:00.017445303  4484 0x55d730fd3360 DEBUG   GST_POLL gstpoll.c:979:gst_poll_fd_ctl_write: 0x55d730ff7910: fd (fd:0, idx:1), active : 1
0:00:00.017451632  4484 0x55d730fd3360 LOG   GST_POLL gstpoll.c:994:gst_poll_fd_ctl_write: 0x55d730ff7910: pfd->events now 60 (POLLOUT:4)
0:00:00.017458598  4484 0x55d730fd3360 DEBUG   GST_POLL gstpoll.c:979:gst_poll_fd_ctl_write: 0x55d730ff7910: fd (fd:0, idx:1), active : 1
0:00:00.017465104  4484 0x55d730fd3360 LOG   GST_POLL gstpoll.c:994:gst_poll_fd_ctl_write: 0x55d730ff7910: pfd->events now 60 (POLLOUT:4)
0:00:00.017471801  4484 0x55d730fd3360 DEBUG   GST_POLL gstpoll.c:979:gst_poll_fd_ctl_write: 0x55d730ff7910: fd (fd:0, idx:1), active : 1
0:00:00.017478420  4484 0x55d730fd3360 LOG   GST_POLL gstpoll.c:994:gst_poll_fd_ctl_write: 0x55d730ff7910: pfd->events now 60 (POLLOUT:4)
0:00:00.017485089  4484 0x55d730fd3360 DEBUG   GST_POLL gstpoll.c:979:gst_poll_fd_ctl_write: 0x55d730ff7910: fd (fd:0, idx:1), active : 1
0:00:00.017498672  4484 0x55d730fd3360 LOG   GST_POLL gstpoll.c:994:gst_poll_fd_ctl_write: 0x55d730ff7910: pfd->events now 60 (POLLOUT:4)
0:00:00.017505592  4484 0x55d730fd3360 DEBUG   GST_POLL gstpoll.c:979:gst_poll_fd_ctl_write: 0x55d730ff7910: fd (fd:0, idx:1), active : 1
0:00:00.017512180  4484 0x55d730fd3360 LOG   GST_POLL gstpoll.c:994:gst_poll_fd_ctl_write: 0x55d730ff7910: pfd->events now 60 (POLLOUT:4)
0:00:00.017518798  4484 0x55d730fd3360 DEBUG   GST_POLL gstpoll.c:979:gst_poll_fd_ctl_write: 0x55d730ff7910: fd (fd:0, idx:1), active : 1
0:00:00.017525261  4484 0x55d730fd3360 LOG   GST_POLL gstpoll.c:994:gst_poll_fd_ctl_write: 0x55d730ff7910: pfd->events now 60 (POLLOUT:4)
0:00:00.017532194  4484 0x55d730fd3360 DEBUG   GST_POLL gstpoll.c:979:gst_poll_fd_ctl_write: 0x55d730ff7910: fd (fd:0, idx:1), active : 1
0:00:00.017538584  4484 0x55d730fd3360 LOG   GST_POLL gstpoll.c:994:gst_poll_fd_ctl_write: 0x55d730ff7910: pfd->events now 60 (POLLOUT:4)
0:00:00.017551423  4484 0x55d730fd3360 TRACE   GST_REFCOUNTING gstobject.c:264:gst_object_unref: 0x55d730ffc6e0 unref 2->1
0:00:00.017560618  4484 0x55d730fd3360 DEBUG   GST_POLL gstpoll.c:1241:gst_poll_fd_has_error: 0x55d730ff7910: fd (fd:0, idx:1) 0
0:00:00.017568218  4484 0x55d730fd3360 DEBUG   GST_POLL gstpoll.c:1335:gst_poll_fd_can_write: 0x55d730ff7910: fd (fd:0, idx:1) 1
0:00:00.017575050  4484 0x55d730fd3360 LOG   GST_PLUGIN_LOADING gstpluginloader.c:690:write_one: Writing packet of size 488 bytes to fd 0
0:00:00.017597323  4484 0x55d730fd3360 DEBUG   GST_POLL gstpoll.c:1414:gst_poll_wait: 0x55d730ff7910: timeout :0:00:01.000000000
0:00:00.017610267  4484 0x55d730fd3360 LOG   GST_PLUGIN_LOADING gstpluginloader.c:1027:exchange_packets: Poll res = 2. 6872 bytes pending for write
0:00:00.017617886  4484 0x55d730fd3360 DEBUG   GST_POLL gstpoll.c:1241:gst_poll_fd_has_error: 0x55d730ff7910: fd (fd:5, idx:2) 0
0:00:00.017626108  4484 0x55d730fd3360 DEBUG   GST_POLL gstpoll.c:1266:gst_poll_fd_can_read_unlocked: 0x55d730ff7910: fd (fd:5, idx:2) 1
0:00:00.017637120  4484 0x55d730fd3360 LOG   GST_PLUGIN_LOADING gstpluginloader.c:1005:read_one: No payload to read for 0 length packet type 1 tag 0
0:00:00.017648950  4484 0x55d730fd3360 DEBUG   GST_POLL gstpoll.c:1014:gst_poll_fd_ctl_read_unlocked: 0x55d730ff7910: fd (fd:5, idx:2), active : 0
0:00:00.017656355  4484 0x55d730fd3360 DEBUG   GST_POLL gstpoll.c:979:gst_poll_fd_ctl_write: 0x55d730ff7910: fd (fd:0, idx:1), active : 1
0:00:00.022783001  4483 0x565458563360 LOG   GST_PLUGIN_LOADING gstpluginloader.c:1027:exchange_packets: Poll res = 1. 0 bytes pending for write
0:00:00.017662608  4484 0x55d730fd3360 LOG   GST_POLL gstpoll.c:994:gst_poll_fd_ctl_write: 0x55d730ff7910: pfd->events now 60 (POLLOUT:4)
0:00:00.017676934  4484 0x55d730fd3360 DEBUG   GST_POLL gstpoll.c:1241:gst_poll_fd_has_error: 0x55d730ff7910: fd (fd:0, idx:1) 0
0:00:00.022810694  4483 0x565458563360 DEBUG   GST_POLL gstpoll.c:1241:gst_poll_fd_has_error: 0x5654585883d0: fd (fd:8, idx:2) 0
0:00:00.017683293  4484 0x55d730fd3360 DEBUG   GST_POLL gstpoll.c:1335:gst_poll_fd_can_write: 0x55d730ff7910: fd (fd:0, idx:1) 1
0:00:00.022820227  4483 0x565458563360 DEBUG   GST_POLL gstpoll.c:1266:gst_poll_fd_can_read_unlocked: 0x5654585883d0: fd (fd:8, idx:2) 1
0:00:00.017695858  4484 0x55d730fd3360 LOG   GST_PLUGIN_LOADING gstpluginloader.c:690:write_one: Writing packet of size 6872 bytes to fd 0
0:00:00.022839765  4483 0x565458563360 DEBUG   GST_PLUGIN_LOADING gstpluginloader.c:848:handle_rx_packet: Received plugin details from child w/ tag 2. 476 bytes info
0:00:00.017708704  4484 0x55d730fd3360 DEBUG   GST_POLL gstpoll.c:1414:gst_poll_wait: 0x55d730ff7910: timeout :0:00:01.000000000
0:00:00.022847767  4483 0x565458563360 LOG   GST_REGISTRY gstregistrychunks.c:836:_priv_gst_registry_chunks_load_plugin: Reading/casting for GstRegistryChunkPluginElement at address 0x565458589500
0:00:00.017717682  4484 0x55d730fd3360 LOG   GST_PLUGIN_LOADING gstpluginloader.c:1027:exchange_packets: Poll res = 1. 12 bytes pending for write
0:00:00.017724772  4484 0x55d730fd3360 DEBUG   GST_POLL gstpoll.c:1241:gst_poll_fd_has_error: 0x55d730ff7910: fd (fd:0, idx:1) 0
0:00:00.022862414  4483 0x565458563360 TRACE   GST_REFCOUNTING gstobject.c:208:gst_object_init: 0x565458597d70 new
0:00:00.017731110  4484 0x55d730fd3360 DEBUG   GST_POLL gstpoll.c:1335:gst_poll_fd_can_write: 0x55d730ff7910: fd (fd:0, idx:1) 1
0:00:00.017738435  4484 0x55d730fd3360 LOG   GST_PLUGIN_LOADING gstpluginloader.c:690:write_one: Writing packet of size 12 bytes to fd 0
0:00:00.022879050  4483 0x565458563360 LOG   GST_REGISTRY gstregistrychunks.c:858:_priv_gst_registry_chunks_load_plugin: read strings for name='coretracers'
0:00:00.017746501  4484 0x55d730fd3360 DEBUG   GST_POLL gstpoll.c:979:gst_poll_fd_ctl_write: 0x55d730ff7910: fd (fd:0, idx:1), active : 0
0:00:00.022885927  4483 0x565458563360 LOG   GST_REGISTRY gstregistrychunks.c:859:_priv_gst_registry_chunks_load_plugin: desc.description='GStreamer core tracers'
0:00:00.017754430  4484 0x55d730fd3360 LOG   GST_POLL gstpoll.c:994:gst_poll_fd_ctl_write: 0x55d730ff7910: pfd->events now 56 (POLLOUT:4)
0:00:00.022892291  4483 0x565458563360 LOG   GST_REGISTRY gstregistrychunks.c:860:_priv_gst_registry_chunks_load_plugin: filename='/home/conan/w/prod/BuildSingleReference/.conan/data/gstreamer/1.18.4/_/_/package/5a2a240dc39d481eff30f147f0e2f01ae047b26f/lib/gstreamer-1.0/libgstcoretracers.so'
0:00:00.022898784  4483 0x565458563360 LOG   GST_REGISTRY gstregistrychunks.c:861:_priv_gst_registry_chunks_load_plugin: desc.version='1.18.4'
0:00:00.022904273  4483 0x565458563360 LOG   GST_REGISTRY gstregistrychunks.c:862:_priv_gst_registry_chunks_load_plugin: desc.license='LGPL'
0:00:00.022909768  4483 0x565458563360 LOG   GST_REGISTRY gstregistrychunks.c:863:_priv_gst_registry_chunks_load_plugin: desc.source='gstreamer'
0:00:00.017778047  4484 0x55d730fd3360 DEBUG   GST_POLL gstpoll.c:772:gst_poll_free: 0x55d730ff7910: freeing
0:00:00.022915187  4483 0x565458563360 LOG   GST_REGISTRY gstregistrychunks.c:864:_priv_gst_registry_chunks_load_plugin: desc.package='GStreamer source release'
0:00:00.022921103  4483 0x565458563360 LOG   GST_REGISTRY gstregistrychunks.c:865:_priv_gst_registry_chunks_load_plugin: desc.origin='Unknown package origin'
0:00:00.022937350  4483 0x565458563360 LOG   GST_REGISTRY gstregistrychunks.c:866:_priv_gst_registry_chunks_load_plugin: desc.datetime=2021-03-15
0:00:00.022947708  4483 0x565458563360 DEBUG   GST_REGISTRY gstregistry.c:446:gst_registry_add_plugin: Replacing existing plugin "/home/conan/w/prod/BuildSingleReference/.conan/data/gstreamer/1.18.4/_/_/package/5a2a240dc39d481eff30f147f0e2f01ae047b26f/lib/gstreamer-1.0/libgstcoretracers.so" 0x565458588a80 with new plugin 0x565458597d70 for filename "/home/conan/w/prod/BuildSingleReference/.conan/data/gstreamer/1.18.4/_/_/package/5a2a240dc39d481eff30f147f0e2f01ae047b26f/lib/gstreamer-1.0/libgstcoretracers.so"
0:00:00.022962493  4483 0x565458563360 TRACE   GST_REFCOUNTING gstobject.c:264:gst_object_unref: 0x565458588a80 unref 1->0
0:00:00.022972308  4483 0x565458563360 TRACE   GST_REFCOUNTING gstobject.c:381:gst_object_dispose: 0x565458588a80 dispose
0:00:00.022981372  4483 0x565458563360 DEBUG   GST_PLUGIN_LOADING gstplugin.c:136:gst_plugin_finalize: finalizing plugin
0:00:00.022992342  4483 0x565458563360 TRACE   GST_REFCOUNTING gstobject.c:423:gst_object_finalize: 0x565458588a80 finalize
0:00:00.023007014  4483 0x565458563360 DEBUG   GST_REGISTRY gstregistry.c:473:gst_registry_add_plugin: adding plugin 0x565458597d70 for filename "/home/conan/w/prod/BuildSingleReference/.conan/data/gstreamer/1.18.4/_/_/package/5a2a240dc39d481eff30f147f0e2f01ae047b26f/lib/gstreamer-1.0/libgstcoretracers.so"
0:00:00.023014416  4483 0x565458563360 TRACE   GST_REFCOUNTING gstobject.c:292:gst_object_ref_sink: 0x565458597d70 ref_sink 1->2
0:00:00.023021551  4483 0x565458563360 LOG   GST_REGISTRY gstregistry.c:486:gst_registry_add_plugin: emitting plugin-added for filename "/home/conan/w/prod/BuildSingleReference/.conan/data/gstreamer/1.18.4/_/_/package/5a2a240dc39d481eff30f147f0e2f01ae047b26f/lib/gstreamer-1.0/libgstcoretracers.so"
0:00:00.023028992  4483 0x565458563360 DEBUG   GST_REGISTRY gstregistrychunks.c:886:_priv_gst_registry_chunks_load_plugin: Added plugin 'coretracers' plugin with 5 features from binary registry
0:00:00.023036027  4483 0x565458563360 DEBUG   GST_REGISTRY gstregistrychunks.c:582:gst_registry_chunks_load_feature: Plugin 'coretracers' feature 'leaks' typename : 'GstTracerFactory'
0:00:00.023046073  4483 0x565458563360 TRACE   GST_REFCOUNTING gstobject.c:208:gst_object_init: 0x565458588a70 new
0:00:00.023056963  4483 0x565458563360 DEBUG   GST_REGISTRY gstregistrychunks.c:716:gst_registry_chunks_load_feature: Reading/casting for GstRegistryChunkPluginFeature at address 0x565458589648
0:00:00.023064683  4483 0x565458563360 DEBUG   GST_REGISTRY gstregistry.c:580:gst_registry_add_feature: replacing existing feature 0x565458588e10 (leaks)
0:00:00.023073710  4483 0x565458563360 DEBUG   GST_REGISTRY gstregistry.c:589:gst_registry_add_feature: adding feature 0x565458588a70 (leaks)
0:00:00.023079867  4483 0x565458563360 TRACE   GST_REFCOUNTING gstobject.c:788:gst_object_unparent: unparent
0:00:00.023086989  4483 0x565458563360 TRACE   GST_REFCOUNTING gstobject.c:264:gst_object_unref: 0x565458588e10 unref 1->0
0:00:00.023093710  4483 0x565458563360 TRACE   GST_REFCOUNTING gstobject.c:381:gst_object_dispose: 0x565458588e10 dispose
0:00:00.023106356  4483 0x565458563360 DEBUG   GST_PLUGIN_LOADING gstpluginfeature.c:67:gst_plugin_feature_finalize: finalizing feature 0x565458588e10: 'leaks'
0:00:00.023113153  4483 0x565458563360 TRACE   GST_REFCOUNTING gstobject.c:423:gst_object_finalize: 0x565458588e10 finalize
0:00:00.023120353  4483 0x565458563360 DEBUG   GST_REFCOUNTING gstobject.c:708:gst_object_set_parent: set parent (ref and sink)
0:00:00.023127464  4483 0x565458563360 TRACE   GST_REFCOUNTING gstobject.c:292:gst_object_ref_sink: 0x565458588a70 ref_sink 1->2
0:00:00.023134002  4483 0x565458563360 LOG   GST_REGISTRY gstregistry.c:607:gst_registry_add_feature: emitting feature-added for leaks
0:00:00.023140984  4483 0x565458563360 DEBUG   GST_REGISTRY gstregistrychunks.c:740:gst_registry_chunks_load_feature: Added feature leaks, plugin 0x565458597d70 coretracers
0:00:00.023147616  4483 0x565458563360 DEBUG   GST_REGISTRY gstregistrychunks.c:582:gst_registry_chunks_load_feature: Plugin 'coretracers' feature 'stats' typename : 'GstTracerFactory'
0:00:00.023154762  4483 0x565458563360 TRACE   GST_REFCOUNTING gstobject.c:208:gst_object_init: 0x565458588e10 new
0:00:00.023162136  4483 0x565458563360 DEBUG   GST_REGISTRY gstregistrychunks.c:716:gst_registry_chunks_load_feature: Reading/casting for GstRegistryChunkPluginFeature at address 0x565458589668
0:00:00.023169388  4483 0x565458563360 DEBUG   GST_REGISTRY gstregistry.c:580:gst_registry_add_feature: replacing existing feature 0x565458589020 (stats)
0:00:00.023176293  4483 0x565458563360 DEBUG   GST_REGISTRY gstregistry.c:589:gst_registry_add_feature: adding feature 0x565458588e10 (stats)
0:00:00.023182182  4483 0x565458563360 TRACE   GST_REFCOUNTING gstobject.c:788:gst_object_unparent: unparent
0:00:00.023188888  4483 0x565458563360 TRACE   GST_REFCOUNTING gstobject.c:264:gst_object_unref: 0x565458589020 unref 1->0
0:00:00.023195498  4483 0x565458563360 TRACE   GST_REFCOUNTING gstobject.c:381:gst_object_dispose: 0x565458589020 dispose
0:00:00.023202287  4483 0x565458563360 DEBUG   GST_PLUGIN_LOADING gstpluginfeature.c:67:gst_plugin_feature_finalize: finalizing feature 0x565458589020: 'stats'
0:00:00.023208501  4483 0x565458563360 TRACE   GST_REFCOUNTING gstobject.c:423:gst_object_finalize: 0x565458589020 finalize
0:00:00.023214773  4483 0x565458563360 DEBUG   GST_REFCOUNTING gstobject.c:708:gst_object_set_parent: set parent (ref and sink)
0:00:00.023221619  4483 0x565458563360 TRACE   GST_REFCOUNTING gstobject.c:292:gst_object_ref_sink: 0x565458588e10 ref_sink 1->2
0:00:00.023228009  4483 0x565458563360 LOG   GST_REGISTRY gstregistry.c:607:gst_registry_add_feature: emitting feature-added for stats
0:00:00.023234433  4483 0x565458563360 DEBUG   GST_REGISTRY gstregistrychunks.c:740:gst_registry_chunks_load_feature: Added feature stats, plugin 0x565458597d70 coretracers
0:00:00.023240995  4483 0x565458563360 DEBUG   GST_REGISTRY gstregistrychunks.c:582:gst_registry_chunks_load_feature: Plugin 'coretracers' feature 'rusage' typename : 'GstTracerFactory'
0:00:00.023252549  4483 0x565458563360 TRACE   GST_REFCOUNTING gstobject.c:208:gst_object_init: 0x565458589020 new
0:00:00.023259902  4483 0x565458563360 DEBUG   GST_REGISTRY gstregistrychunks.c:716:gst_registry_chunks_load_feature: Reading/casting for GstRegistryChunkPluginFeature at address 0x565458589688
0:00:00.023266629  4483 0x565458563360 DEBUG   GST_REGISTRY gstregistry.c:580:gst_registry_add_feature: replacing existing feature 0x565458589170 (rusage)
0:00:00.023273384  4483 0x565458563360 DEBUG   GST_REGISTRY gstregistry.c:589:gst_registry_add_feature: adding feature 0x565458589020 (rusage)
0:00:00.023279279  4483 0x565458563360 TRACE   GST_REFCOUNTING gstobject.c:788:gst_object_unparent: unparent
0:00:00.023286211  4483 0x565458563360 TRACE   GST_REFCOUNTING gstobject.c:264:gst_object_unref: 0x565458589170 unref 1->0
0:00:00.023292776  4483 0x565458563360 TRACE   GST_REFCOUNTING gstobject.c:381:gst_object_dispose: 0x565458589170 dispose
0:00:00.023299579  4483 0x565458563360 DEBUG   GST_PLUGIN_LOADING gstpluginfeature.c:67:gst_plugin_feature_finalize: finalizing feature 0x565458589170: 'rusage'
0:00:00.023331622  4483 0x565458563360 TRACE   GST_REFCOUNTING gstobject.c:423:gst_object_finalize: 0x565458589170 finalize
0:00:00.023347464  4483 0x565458563360 DEBUG   GST_REFCOUNTING gstobject.c:708:gst_object_set_parent: set parent (ref and sink)
0:00:00.023361528  4483 0x565458563360 TRACE   GST_REFCOUNTING gstobject.c:292:gst_object_ref_sink: 0x565458589020 ref_sink 1->2
0:00:00.023372961  4483 0x565458563360 LOG   GST_REGISTRY gstregistry.c:607:gst_registry_add_feature: emitting feature-added for rusage
0:00:00.023381567  4483 0x565458563360 DEBUG   GST_REGISTRY gstregistrychunks.c:740:gst_registry_chunks_load_feature: Added feature rusage, plugin 0x565458597d70 coretracers
0:00:00.023388287  4483 0x565458563360 DEBUG   GST_REGISTRY gstregistrychunks.c:582:gst_registry_chunks_load_feature: Plugin 'coretracers' feature 'log' typename : 'GstTracerFactory'
0:00:00.023396333  4483 0x565458563360 TRACE   GST_REFCOUNTING gstobject.c:208:gst_object_init: 0x565458598320 new
0:00:00.023404739  4483 0x565458563360 DEBUG   GST_REGISTRY gstregistrychunks.c:716:gst_registry_chunks_load_feature: Reading/casting for GstRegistryChunkPluginFeature at address 0x5654585896a8
0:00:00.023412016  4483 0x565458563360 DEBUG   GST_REGISTRY gstregistry.c:580:gst_registry_add_feature: replacing existing feature 0x5654585892d0 (log)
0:00:00.023418922  4483 0x565458563360 DEBUG   GST_REGISTRY gstregistry.c:589:gst_registry_add_feature: adding feature 0x565458598320 (log)
0:00:00.023424845  4483 0x565458563360 TRACE   GST_REFCOUNTING gstobject.c:788:gst_object_unparent: unparent
0:00:00.023431649  4483 0x565458563360 TRACE   GST_REFCOUNTING gstobject.c:264:gst_object_unref: 0x5654585892d0 unref 1->0
0:00:00.023438151  4483 0x565458563360 TRACE   GST_REFCOUNTING gstobject.c:381:gst_object_dispose: 0x5654585892d0 dispose
0:00:00.023445054  4483 0x565458563360 DEBUG   GST_PLUGIN_LOADING gstpluginfeature.c:67:gst_plugin_feature_finalize: finalizing feature 0x5654585892d0: 'log'
0:00:00.023457513  4483 0x565458563360 TRACE   GST_REFCOUNTING gstobject.c:423:gst_object_finalize: 0x5654585892d0 finalize
0:00:00.023463967  4483 0x565458563360 DEBUG   GST_REFCOUNTING gstobject.c:708:gst_object_set_parent: set parent (ref and sink)
0:00:00.023470853  4483 0x565458563360 TRACE   GST_REFCOUNTING gstobject.c:292:gst_object_ref_sink: 0x565458598320 ref_sink 1->2
0:00:00.023477386  4483 0x565458563360 LOG   GST_REGISTRY gstregistry.c:607:gst_registry_add_feature: emitting feature-added for log
0:00:00.023483878  4483 0x565458563360 DEBUG   GST_REGISTRY gstregistrychunks.c:740:gst_registry_chunks_load_feature: Added feature log, plugin 0x565458597d70 coretracers
0:00:00.023490470  4483 0x565458563360 DEBUG   GST_REGISTRY gstregistrychunks.c:582:gst_registry_chunks_load_feature: Plugin 'coretracers' feature 'latency' typename : 'GstTracerFactory'
0:00:00.023497431  4483 0x565458563360 TRACE   GST_REFCOUNTING gstobject.c:208:gst_object_init: 0x5654585892d0 new
0:00:00.023504678  4483 0x565458563360 DEBUG   GST_REGISTRY gstregistrychunks.c:716:gst_registry_chunks_load_feature: Reading/casting for GstRegistryChunkPluginFeature at address 0x5654585896d0
