0:00:00.011671408  4484 0x55d730fd3360 LOG   GST_POLL gstpoll.c:994:gst_poll_fd_ctl_write: 0x55d730ff7910: pfd->events now 60 (POLLOUT:4)
0:00:00.011677641  4484 0x55d730fd3360 DEBUG   GST_POLL gstpoll.c:979:gst_poll_fd_ctl_write: 0x55d730ff7910: fd (fd:0, idx:1), active : 1
0:00:00.011683753  4484 0x55d730fd3360 LOG   GST_POLL gstpoll.c:994:gst_poll_fd_ctl_write: 0x55d730ff7910: pfd->events now 60 (POLLOUT:4)
0:00:00.011689790  4484 0x55d730fd3360 LOG   GST_PLUGIN_LOADING gstpluginloader.c:645:put_chunk: Expanding tx buf from 5764 to 7717 for chunk of size 229
0:00:00.011696635  4484 0x55d730fd3360 DEBUG   GST_POLL gstpoll.c:979:gst_poll_fd_ctl_write: 0x55d730ff7910: fd (fd:0, idx:1), active : 1
0:00:00.011702548  4484 0x55d730fd3360 LOG   GST_POLL gstpoll.c:994:gst_poll_fd_ctl_write: 0x55d730ff7910: pfd->events now 60 (POLLOUT:4)
0:00:00.011708754  4484 0x55d730fd3360 DEBUG   GST_POLL gstpoll.c:979:gst_poll_fd_ctl_write: 0x55d730ff7910: fd (fd:0, idx:1), active : 1
0:00:00.011714752  4484 0x55d730fd3360 LOG   GST_POLL gstpoll.c:994:gst_poll_fd_ctl_write: 0x55d730ff7910: pfd->events now 60 (POLLOUT:4)
0:00:00.011720963  4484 0x55d730fd3360 DEBUG   GST_POLL gstpoll.c:979:gst_poll_fd_ctl_write: 0x55d730ff7910: fd (fd:0, idx:1), active : 1
0:00:00.011726963  4484 0x55d730fd3360 LOG   GST_POLL gstpoll.c:994:gst_poll_fd_ctl_write: 0x55d730ff7910: pfd->events now 60 (POLLOUT:4)
0:00:00.011733128  4484 0x55d730fd3360 DEBUG   GST_POLL gstpoll.c:979:gst_poll_fd_ctl_write: 0x55d730ff7910: fd (fd:0, idx:1), active : 1
0:00:00.011739106  4484 0x55d730fd3360 LOG   GST_POLL gstpoll.c:994:gst_poll_fd_ctl_write: 0x55d730ff7910: pfd->events now 60 (POLLOUT:4)
0:00:00.011745271  4484 0x55d730fd3360 DEBUG   GST_POLL gstpoll.c:979:gst_poll_fd_ctl_write: 0x55d730ff7910: fd (fd:0, idx:1), active : 1
0:00:00.011751202  4484 0x55d730fd3360 LOG   GST_POLL gstpoll.c:994:gst_poll_fd_ctl_write: 0x55d730ff7910: pfd->events now 60 (POLLOUT:4)
0:00:00.011757456  4484 0x55d730fd3360 DEBUG   GST_POLL gstpoll.c:979:gst_poll_fd_ctl_write: 0x55d730ff7910: fd (fd:0, idx:1), active : 1
0:00:00.011763891  4484 0x55d730fd3360 LOG   GST_POLL gstpoll.c:994:gst_poll_fd_ctl_write: 0x55d730ff7910: pfd->events now 60 (POLLOUT:4)
0:00:00.011770065  4484 0x55d730fd3360 DEBUG   GST_POLL gstpoll.c:979:gst_poll_fd_ctl_write: 0x55d730ff7910: fd (fd:0, idx:1), active : 1
0:00:00.011779959  4484 0x55d730fd3360 LOG   GST_POLL gstpoll.c:994:gst_poll_fd_ctl_write: 0x55d730ff7910: pfd->events now 60 (POLLOUT:4)
0:00:00.011786425  4484 0x55d730fd3360 DEBUG   GST_POLL gstpoll.c:979:gst_poll_fd_ctl_write: 0x55d730ff7910: fd (fd:0, idx:1), active : 1
0:00:00.011792455  4484 0x55d730fd3360 LOG   GST_POLL gstpoll.c:994:gst_poll_fd_ctl_write: 0x55d730ff7910: pfd->events now 60 (POLLOUT:4)
0:00:00.011798696  4484 0x55d730fd3360 DEBUG   GST_POLL gstpoll.c:979:gst_poll_fd_ctl_write: 0x55d730ff7910: fd (fd:0, idx:1), active : 1
0:00:00.011804639  4484 0x55d730fd3360 LOG   GST_POLL gstpoll.c:994:gst_poll_fd_ctl_write: 0x55d730ff7910: pfd->events now 60 (POLLOUT:4)
0:00:00.011810988  4484 0x55d730fd3360 DEBUG   GST_POLL gstpoll.c:979:gst_poll_fd_ctl_write: 0x55d730ff7910: fd (fd:0, idx:1), active : 1
0:00:00.011817177  4484 0x55d730fd3360 LOG   GST_POLL gstpoll.c:994:gst_poll_fd_ctl_write: 0x55d730ff7910: pfd->events now 60 (POLLOUT:4)
0:00:00.011823374  4484 0x55d730fd3360 DEBUG   GST_POLL gstpoll.c:979:gst_poll_fd_ctl_write: 0x55d730ff7910: fd (fd:0, idx:1), active : 1
0:00:00.011830204  4484 0x55d730fd3360 LOG   GST_POLL gstpoll.c:994:gst_poll_fd_ctl_write: 0x55d730ff7910: pfd->events now 60 (POLLOUT:4)
0:00:00.011836620  4484 0x55d730fd3360 DEBUG   GST_POLL gstpoll.c:979:gst_poll_fd_ctl_write: 0x55d730ff7910: fd (fd:0, idx:1), active : 1
0:00:00.011842576  4484 0x55d730fd3360 LOG   GST_POLL gstpoll.c:994:gst_poll_fd_ctl_write: 0x55d730ff7910: pfd->events now 60 (POLLOUT:4)
0:00:00.011848753  4484 0x55d730fd3360 DEBUG   GST_POLL gstpoll.c:979:gst_poll_fd_ctl_write: 0x55d730ff7910: fd (fd:0, idx:1), active : 1
0:00:00.011854692  4484 0x55d730fd3360 LOG   GST_POLL gstpoll.c:994:gst_poll_fd_ctl_write: 0x55d730ff7910: pfd->events now 60 (POLLOUT:4)
0:00:00.011860969  4484 0x55d730fd3360 DEBUG   GST_POLL gstpoll.c:979:gst_poll_fd_ctl_write: 0x55d730ff7910: fd (fd:0, idx:1), active : 1
0:00:00.011866925  4484 0x55d730fd3360 LOG   GST_POLL gstpoll.c:994:gst_poll_fd_ctl_write: 0x55d730ff7910: pfd->events now 60 (POLLOUT:4)
0:00:00.011873325  4484 0x55d730fd3360 DEBUG   GST_POLL gstpoll.c:979:gst_poll_fd_ctl_write: 0x55d730ff7910: fd (fd:0, idx:1), active : 1
0:00:00.011879286  4484 0x55d730fd3360 LOG   GST_POLL gstpoll.c:994:gst_poll_fd_ctl_write: 0x55d730ff7910: pfd->events now 60 (POLLOUT:4)
0:00:00.011885862  4484 0x55d730fd3360 DEBUG   GST_POLL gstpoll.c:979:gst_poll_fd_ctl_write: 0x55d730ff7910: fd (fd:0, idx:1), active : 1
0:00:00.011891872  4484 0x55d730fd3360 LOG   GST_POLL gstpoll.c:994:gst_poll_fd_ctl_write: 0x55d730ff7910: pfd->events now 60 (POLLOUT:4)
0:00:00.011898076  4484 0x55d730fd3360 DEBUG   GST_POLL gstpoll.c:979:gst_poll_fd_ctl_write: 0x55d730ff7910: fd (fd:0, idx:1), active : 1
0:00:00.011904190  4484 0x55d730fd3360 LOG   GST_POLL gstpoll.c:994:gst_poll_fd_ctl_write: 0x55d730ff7910: pfd->events now 60 (POLLOUT:4)
0:00:00.011910487  4484 0x55d730fd3360 DEBUG   GST_POLL gstpoll.c:979:gst_poll_fd_ctl_write: 0x55d730ff7910: fd (fd:0, idx:1), active : 1
0:00:00.011916423  4484 0x55d730fd3360 LOG   GST_POLL gstpoll.c:994:gst_poll_fd_ctl_write: 0x55d730ff7910: pfd->events now 60 (POLLOUT:4)
0:00:00.011929744  4484 0x55d730fd3360 DEBUG   GST_POLL gstpoll.c:979:gst_poll_fd_ctl_write: 0x55d730ff7910: fd (fd:0, idx:1), active : 1
0:00:00.011935851  4484 0x55d730fd3360 LOG   GST_POLL gstpoll.c:994:gst_poll_fd_ctl_write: 0x55d730ff7910: pfd->events now 60 (POLLOUT:4)
0:00:00.011942342  4484 0x55d730fd3360 DEBUG   GST_POLL gstpoll.c:979:gst_poll_fd_ctl_write: 0x55d730ff7910: fd (fd:0, idx:1), active : 1
0:00:00.011948433  4484 0x55d730fd3360 LOG   GST_POLL gstpoll.c:994:gst_poll_fd_ctl_write: 0x55d730ff7910: pfd->events now 60 (POLLOUT:4)
0:00:00.011954624  4484 0x55d730fd3360 DEBUG   GST_POLL gstpoll.c:979:gst_poll_fd_ctl_write: 0x55d730ff7910: fd (fd:0, idx:1), active : 1
0:00:00.011960554  4484 0x55d730fd3360 LOG   GST_POLL gstpoll.c:994:gst_poll_fd_ctl_write: 0x55d730ff7910: pfd->events now 60 (POLLOUT:4)
0:00:00.011966768  4484 0x55d730fd3360 DEBUG   GST_POLL gstpoll.c:979:gst_poll_fd_ctl_write: 0x55d730ff7910: fd (fd:0, idx:1), active : 1
0:00:00.011972702  4484 0x55d730fd3360 LOG   GST_POLL gstpoll.c:994:gst_poll_fd_ctl_write: 0x55d730ff7910: pfd->events now 60 (POLLOUT:4)
0:00:00.011978899  4484 0x55d730fd3360 DEBUG   GST_POLL gstpoll.c:979:gst_poll_fd_ctl_write: 0x55d730ff7910: fd (fd:0, idx:1), active : 1
0:00:00.011984842  4484 0x55d730fd3360 LOG   GST_POLL gstpoll.c:994:gst_poll_fd_ctl_write: 0x55d730ff7910: pfd->events now 60 (POLLOUT:4)
0:00:00.011991276  4484 0x55d730fd3360 DEBUG   GST_POLL gstpoll.c:979:gst_poll_fd_ctl_write: 0x55d730ff7910: fd (fd:0, idx:1), active : 1
0:00:00.011997264  4484 0x55d730fd3360 LOG   GST_POLL gstpoll.c:994:gst_poll_fd_ctl_write: 0x55d730ff7910: pfd->events now 60 (POLLOUT:4)
0:00:00.012003435  4484 0x55d730fd3360 DEBUG   GST_POLL gstpoll.c:979:gst_poll_fd_ctl_write: 0x55d730ff7910: fd (fd:0, idx:1), active : 1
0:00:00.012009428  4484 0x55d730fd3360 LOG   GST_POLL gstpoll.c:994:gst_poll_fd_ctl_write: 0x55d730ff7910: pfd->events now 60 (POLLOUT:4)
0:00:00.012015648  4484 0x55d730fd3360 DEBUG   GST_POLL gstpoll.c:979:gst_poll_fd_ctl_write: 0x55d730ff7910: fd (fd:0, idx:1), active : 1
0:00:00.012021782  4484 0x55d730fd3360 LOG   GST_POLL gstpoll.c:994:gst_poll_fd_ctl_write: 0x55d730ff7910: pfd->events now 60 (POLLOUT:4)
0:00:00.012027944  4484 0x55d730fd3360 DEBUG   GST_POLL gstpoll.c:979:gst_poll_fd_ctl_write: 0x55d730ff7910: fd (fd:0, idx:1), active : 1
0:00:00.012034016  4484 0x55d730fd3360 LOG   GST_POLL gstpoll.c:994:gst_poll_fd_ctl_write: 0x55d730ff7910: pfd->events now 60 (POLLOUT:4)
0:00:00.012040313  4484 0x55d730fd3360 DEBUG   GST_POLL gstpoll.c:979:gst_poll_fd_ctl_write: 0x55d730ff7910: fd (fd:0, idx:1), active : 1
0:00:00.012046313  4484 0x55d730fd3360 LOG   GST_POLL gstpoll.c:994:gst_poll_fd_ctl_write: 0x55d730ff7910: pfd->events now 60 (POLLOUT:4)
0:00:00.012052980  4484 0x55d730fd3360 DEBUG   GST_POLL gstpoll.c:979:gst_poll_fd_ctl_write: 0x55d730ff7910: fd (fd:0, idx:1), active : 1
0:00:00.012058936  4484 0x55d730fd3360 LOG   GST_POLL gstpoll.c:994:gst_poll_fd_ctl_write: 0x55d730ff7910: pfd->events now 60 (POLLOUT:4)
0:00:00.012070671  4484 0x55d730fd3360 DEBUG   GST_POLL gstpoll.c:979:gst_poll_fd_ctl_write: 0x55d730ff7910: fd (fd:0, idx:1), active : 1
0:00:00.012076745  4484 0x55d730fd3360 LOG   GST_POLL gstpoll.c:994:gst_poll_fd_ctl_write: 0x55d730ff7910: pfd->events now 60 (POLLOUT:4)
0:00:00.012082927  4484 0x55d730fd3360 DEBUG   GST_POLL gstpoll.c:979:gst_poll_fd_ctl_write: 0x55d730ff7910: fd (fd:0, idx:1), active : 1
0:00:00.012088880  4484 0x55d730fd3360 LOG   GST_POLL gstpoll.c:994:gst_poll_fd_ctl_write: 0x55d730ff7910: pfd->events now 60 (POLLOUT:4)
0:00:00.012095110  4484 0x55d730fd3360 DEBUG   GST_POLL gstpoll.c:979:gst_poll_fd_ctl_write: 0x55d730ff7910: fd (fd:0, idx:1), active : 1
0:00:00.012101203  4484 0x55d730fd3360 LOG   GST_POLL gstpoll.c:994:gst_poll_fd_ctl_write: 0x55d730ff7910: pfd->events now 60 (POLLOUT:4)
0:00:00.012107396  4484 0x55d730fd3360 DEBUG   GST_POLL gstpoll.c:979:gst_poll_fd_ctl_write: 0x55d730ff7910: fd (fd:0, idx:1), active : 1
0:00:00.012113336  4484 0x55d730fd3360 LOG   GST_POLL gstpoll.c:994:gst_poll_fd_ctl_write: 0x55d730ff7910: pfd->events now 60 (POLLOUT:4)
0:00:00.012119508  4484 0x55d730fd3360 DEBUG   GST_POLL gstpoll.c:979:gst_poll_fd_ctl_write: 0x55d730ff7910: fd (fd:0, idx:1), active : 1
0:00:00.012125466  4484 0x55d730fd3360 LOG   GST_POLL gstpoll.c:994:gst_poll_fd_ctl_write: 0x55d730ff7910: pfd->events now 60 (POLLOUT:4)
0:00:00.012131639  4484 0x55d730fd3360 DEBUG   GST_POLL gstpoll.c:979:gst_poll_fd_ctl_write: 0x55d730ff7910: fd (fd:0, idx:1), active : 1
0:00:00.012137556  4484 0x55d730fd3360 LOG   GST_POLL gstpoll.c:994:gst_poll_fd_ctl_write: 0x55d730ff7910: pfd->events now 60 (POLLOUT:4)
0:00:00.012143719  4484 0x55d730fd3360 DEBUG   GST_POLL gstpoll.c:979:gst_poll_fd_ctl_write: 0x55d730ff7910: fd (fd:0, idx:1), active : 1
0:00:00.012149686  4484 0x55d730fd3360 LOG   GST_POLL gstpoll.c:994:gst_poll_fd_ctl_write: 0x55d730ff7910: pfd->events now 60 (POLLOUT:4)
0:00:00.012156071  4484 0x55d730fd3360 DEBUG   GST_POLL gstpoll.c:979:gst_poll_fd_ctl_write: 0x55d730ff7910: fd (fd:0, idx:1), active : 1
0:00:00.012162133  4484 0x55d730fd3360 LOG   GST_POLL gstpoll.c:994:gst_poll_fd_ctl_write: 0x55d730ff7910: pfd->events now 60 (POLLOUT:4)
0:00:00.012178103  4484 0x55d730fd3360 DEBUG   GST_POLL gstpoll.c:979:gst_poll_fd_ctl_write: 0x55d730ff7910: fd (fd:0, idx:1), active : 1
0:00:00.012185676  4484 0x55d730fd3360 LOG   GST_POLL gstpoll.c:994:gst_poll_fd_ctl_write: 0x55d730ff7910: pfd->events now 60 (POLLOUT:4)
0:00:00.012191978  4484 0x55d730fd3360 DEBUG   GST_POLL gstpoll.c:979:gst_poll_fd_ctl_write: 0x55d730ff7910: fd (fd:0, idx:1), active : 1
0:00:00.012197993  4484 0x55d730fd3360 LOG   GST_POLL gstpoll.c:994:gst_poll_fd_ctl_write: 0x55d730ff7910: pfd->events now 60 (POLLOUT:4)
0:00:00.012204213  4484 0x55d730fd3360 DEBUG   GST_POLL gstpoll.c:979:gst_poll_fd_ctl_write: 0x55d730ff7910: fd (fd:0, idx:1), active : 1
0:00:00.012210163  4484 0x55d730fd3360 LOG   GST_POLL gstpoll.c:994:gst_poll_fd_ctl_write: 0x55d730ff7910: pfd->events now 60 (POLLOUT:4)
0:00:00.012216348  4484 0x55d730fd3360 DEBUG   GST_POLL gstpoll.c:979:gst_poll_fd_ctl_write: 0x55d730ff7910: fd (fd:0, idx:1), active : 1
0:00:00.012227523  4484 0x55d730fd3360 LOG   GST_POLL gstpoll.c:994:gst_poll_fd_ctl_write: 0x55d730ff7910: pfd->events now 60 (POLLOUT:4)
0:00:00.012233901  4484 0x55d730fd3360 DEBUG   GST_POLL gstpoll.c:979:gst_poll_fd_ctl_write: 0x55d730ff7910: fd (fd:0, idx:1), active : 1
0:00:00.012239889  4484 0x55d730fd3360 LOG   GST_POLL gstpoll.c:994:gst_poll_fd_ctl_write: 0x55d730ff7910: pfd->events now 60 (POLLOUT:4)
0:00:00.012246131  4484 0x55d730fd3360 DEBUG   GST_POLL gstpoll.c:979:gst_poll_fd_ctl_write: 0x55d730ff7910: fd (fd:0, idx:1), active : 1
0:00:00.012252165  4484 0x55d730fd3360 LOG   GST_POLL gstpoll.c:994:gst_poll_fd_ctl_write: 0x55d730ff7910: pfd->events now 60 (POLLOUT:4)
0:00:00.012258340  4484 0x55d730fd3360 DEBUG   GST_POLL gstpoll.c:979:gst_poll_fd_ctl_write: 0x55d730ff7910: fd (fd:0, idx:1), active : 1
0:00:00.012264385  4484 0x55d730fd3360 LOG   GST_POLL gstpoll.c:994:gst_poll_fd_ctl_write: 0x55d730ff7910: pfd->events now 60 (POLLOUT:4)
0:00:00.012270602  4484 0x55d730fd3360 DEBUG   GST_POLL gstpoll.c:979:gst_poll_fd_ctl_write: 0x55d730ff7910: fd (fd:0, idx:1), active : 1
0:00:00.012276553  4484 0x55d730fd3360 LOG   GST_POLL gstpoll.c:994:gst_poll_fd_ctl_write: 0x55d730ff7910: pfd->events now 60 (POLLOUT:4)
0:00:00.012282825  4484 0x55d730fd3360 DEBUG   GST_POLL gstpoll.c:979:gst_poll_fd_ctl_write: 0x55d730ff7910: fd (fd:0, idx:1), active : 1
0:00:00.012288796  4484 0x55d730fd3360 LOG   GST_POLL gstpoll.c:994:gst_poll_fd_ctl_write: 0x55d730ff7910: pfd->events now 60 (POLLOUT:4)
0:00:00.012295091  4484 0x55d730fd3360 DEBUG   GST_POLL gstpoll.c:979:gst_poll_fd_ctl_write: 0x55d730ff7910: fd (fd:0, idx:1), active : 1
0:00:00.012301349  4484 0x55d730fd3360 LOG   GST_POLL gstpoll.c:994:gst_poll_fd_ctl_write: 0x55d730ff7910: pfd->events now 60 (POLLOUT:4)
0:00:00.012307556  4484 0x55d730fd3360 DEBUG   GST_POLL gstpoll.c:979:gst_poll_fd_ctl_write: 0x55d730ff7910: fd (fd:0, idx:1), active : 1
0:00:00.012313625  4484 0x55d730fd3360 LOG   GST_POLL gstpoll.c:994:gst_poll_fd_ctl_write: 0x55d730ff7910: pfd->events now 60 (POLLOUT:4)
0:00:00.012319819  4484 0x55d730fd3360 DEBUG   GST_POLL gstpoll.c:979:gst_poll_fd_ctl_write: 0x55d730ff7910: fd (fd:0, idx:1), active : 1
0:00:00.012325743  4484 0x55d730fd3360 LOG   GST_POLL gstpoll.c:994:gst_poll_fd_ctl_write: 0x55d730ff7910: pfd->events now 60 (POLLOUT:4)
0:00:00.012332172  4484 0x55d730fd3360 DEBUG   GST_POLL gstpoll.c:979:gst_poll_fd_ctl_write: 0x55d730ff7910: fd (fd:0, idx:1), active : 1
0:00:00.012338143  4484 0x55d730fd3360 LOG   GST_POLL gstpoll.c:994:gst_poll_fd_ctl_write: 0x55d730ff7910: pfd->events now 60 (POLLOUT:4)
0:00:00.012344261  4484 0x55d730fd3360 DEBUG   GST_POLL gstpoll.c:979:gst_poll_fd_ctl_write: 0x55d730ff7910: fd (fd:0, idx:1), active : 1
0:00:00.012350451  4484 0x55d730fd3360 LOG   GST_POLL gstpoll.c:994:gst_poll_fd_ctl_write: 0x55d730ff7910: pfd->events now 60 (POLLOUT:4)
0:00:00.012356613  4484 0x55d730fd3360 DEBUG   GST_POLL gstpoll.c:979:gst_poll_fd_ctl_write: 0x55d730ff7910: fd (fd:0, idx:1), active : 1
0:00:00.012368281  4484 0x55d730fd3360 LOG   GST_POLL gstpoll.c:994:gst_poll_fd_ctl_write: 0x55d730ff7910: pfd->events now 60 (POLLOUT:4)
0:00:00.012374853  4484 0x55d730fd3360 DEBUG   GST_POLL gstpoll.c:979:gst_poll_fd_ctl_write: 0x55d730ff7910: fd (fd:0, idx:1), active : 1
0:00:00.012380824  4484 0x55d730fd3360 LOG   GST_POLL gstpoll.c:994:gst_poll_fd_ctl_write: 0x55d730ff7910: pfd->events now 60 (POLLOUT:4)
0:00:00.012386951  4484 0x55d730fd3360 DEBUG   GST_POLL gstpoll.c:979:gst_poll_fd_ctl_write: 0x55d730ff7910: fd (fd:0, idx:1), active : 1
0:00:00.012392982  4484 0x55d730fd3360 LOG   GST_POLL gstpoll.c:994:gst_poll_fd_ctl_write: 0x55d730ff7910: pfd->events now 60 (POLLOUT:4)
0:00:00.012403313  4484 0x55d730fd3360 TRACE   GST_REFCOUNTING gstobject.c:264:gst_object_unref: 0x55d730ffc6e0 unref 2->1
0:00:00.012411230  4484 0x55d730fd3360 DEBUG   GST_POLL gstpoll.c:1241:gst_poll_fd_has_error: 0x55d730ff7910: fd (fd:0, idx:1) 0
0:00:00.012418539  4484 0x55d730fd3360 DEBUG   GST_POLL gstpoll.c:1335:gst_poll_fd_can_write: 0x55d730ff7910: fd (fd:0, idx:1) 1
0:00:00.012427375  4484 0x55d730fd3360 LOG   GST_PLUGIN_LOADING gstpluginloader.c:690:write_one: Writing packet of size 488 bytes to fd 0
0:00:00.012458831  4484 0x55d730fd3360 DEBUG   GST_POLL gstpoll.c:1414:gst_poll_wait: 0x55d730ff7910: timeout :0:00:01.000000000
0:00:00.012480081  4484 0x55d730fd3360 LOG   GST_PLUGIN_LOADING gstpluginloader.c:1027:exchange_packets: Poll res = 2. 6872 bytes pending for write
0:00:00.012491225  4484 0x55d730fd3360 DEBUG   GST_POLL gstpoll.c:1241:gst_poll_fd_has_error: 0x55d730ff7910: fd (fd:5, idx:2) 0
0:00:00.012503065  4484 0x55d730fd3360 DEBUG   GST_POLL gstpoll.c:1266:gst_poll_fd_can_read_unlocked: 0x55d730ff7910: fd (fd:5, idx:2) 1
0:00:00.017642620  4483 0x565458563360 LOG   GST_PLUGIN_LOADING gstpluginloader.c:1027:exchange_packets: Poll res = 1. 0 bytes pending for write
0:00:00.012520136  4484 0x55d730fd3360 DEBUG   GST_PLUGIN_LOADING gstpluginloader.c:722:do_plugin_load: Plugin scanner loading file /home/conan/w/prod/BuildSingleReference/.conan/data/gstreamer/1.18.4/_/_/package/5a2a240dc39d481eff30f147f0e2f01ae047b26f/lib/gstreamer-1.0/libgstcoretracers.so. tag 2
0:00:00.017677859  4483 0x565458563360 DEBUG   GST_POLL gstpoll.c:1241:gst_poll_fd_has_error: 0x5654585883d0: fd (fd:8, idx:2) 0
0:00:00.012547061  4484 0x55d730fd3360 TRACE   GST_REFCOUNTING gstobject.c:237:gst_object_ref: 0x55d730ff90d0 ref 1->2
0:00:00.017687520  4483 0x565458563360 DEBUG   GST_POLL gstpoll.c:1266:gst_poll_fd_can_read_unlocked: 0x5654585883d0: fd (fd:8, idx:2) 1
0:00:00.012556981  4484 0x55d730fd3360 TRACE   GST_REFCOUNTING gstobject.c:237:gst_object_ref: 0x55d730ffac30 ref 1->2
0:00:00.012564554  4484 0x55d730fd3360 TRACE   GST_REFCOUNTING gstobject.c:237:gst_object_ref: 0x55d730ffaaf0 ref 1->2
0:00:00.012571210  4484 0x55d730fd3360 TRACE   GST_REFCOUNTING gstobject.c:237:gst_object_ref: 0x55d730ffa720 ref 1->2
0:00:00.012577852  4484 0x55d730fd3360 TRACE   GST_REFCOUNTING gstobject.c:237:gst_object_ref: 0x55d730ffa330 ref 1->2
0:00:00.017711925  4483 0x565458563360 DEBUG   GST_PLUGIN_LOADING gstpluginloader.c:848:handle_rx_packet: Received plugin details from child w/ tag 0. 476 bytes info
0:00:00.012591235  4484 0x55d730fd3360 TRACE   GST_REFCOUNTING gstobject.c:237:gst_object_ref: 0x55d730ffa050 ref 1->2
0:00:00.017729408  4483 0x565458563360 LOG   GST_REGISTRY gstregistrychunks.c:836:_priv_gst_registry_chunks_load_plugin: Reading/casting for GstRegistryChunkPluginElement at address 0x565458583da0
0:00:00.012601867  4484 0x55d730fd3360 TRACE   GST_REFCOUNTING gstobject.c:264:gst_object_unref: 0x55d730ffa050 unref 2->1
0:00:00.012609063  4484 0x55d730fd3360 TRACE   GST_REFCOUNTING gstobject.c:264:gst_object_unref: 0x55d730ffa330 unref 2->1
0:00:00.012615741  4484 0x55d730fd3360 TRACE   GST_REFCOUNTING gstobject.c:264:gst_object_unref: 0x55d730ffa720 unref 2->1
0:00:00.012622410  4484 0x55d730fd3360 TRACE   GST_REFCOUNTING gstobject.c:264:gst_object_unref: 0x55d730ffaaf0 unref 2->1
0:00:00.017756648  4483 0x565458563360 TRACE   GST_REFCOUNTING gstobject.c:208:gst_object_init: 0x565458588a80 new
0:00:00.012629254  4484 0x55d730fd3360 TRACE   GST_REFCOUNTING gstobject.c:264:gst_object_unref: 0x55d730ffac30 unref 2->1
0:00:00.012637947  4484 0x55d730fd3360 DEBUG   GST_REGISTRY gstregistrychunks.c:497:_priv_gst_registry_chunks_save_plugin: Found 5 features in plugin 0x55d730ff90d0 (coretracers)
0:00:00.012650390  4484 0x55d730fd3360 DEBUG   GST_POLL gstpoll.c:979:gst_poll_fd_ctl_write: 0x55d730ff7910: fd (fd:0, idx:1), active : 1
0:00:00.012656848  4484 0x55d730fd3360 LOG   GST_POLL gstpoll.c:994:gst_poll_fd_ctl_write: 0x55d730ff7910: pfd->events now 60 (POLLOUT:4)
0:00:00.012663539  4484 0x55d730fd3360 DEBUG   GST_POLL gstpoll.c:979:gst_poll_fd_ctl_write: 0x55d730ff7910: fd (fd:0, idx:1), active : 1
0:00:00.017797525  4483 0x565458563360 LOG   GST_REGISTRY gstregistrychunks.c:858:_priv_gst_registry_chunks_load_plugin: read strings for name='coretracers'
0:00:00.012669693  4484 0x55d730fd3360 LOG   GST_POLL gstpoll.c:994:gst_poll_fd_ctl_write: 0x55d730ff7910: pfd->events now 60 (POLLOUT:4)
0:00:00.017806258  4483 0x565458563360 LOG   GST_REGISTRY gstregistrychunks.c:859:_priv_gst_registry_chunks_load_plugin: desc.description='GStreamer core tracers'
0:00:00.012676453  4484 0x55d730fd3360 DEBUG   GST_POLL gstpoll.c:979:gst_poll_fd_ctl_write: 0x55d730ff7910: fd (fd:0, idx:1), active : 1
0:00:00.017813147  4483 0x565458563360 LOG   GST_REGISTRY gstregistrychunks.c:860:_priv_gst_registry_chunks_load_plugin: filename='/home/conan/w/prod/BuildSingleReference/.conan/data/gstreamer/1.18.4/_/_/package/5a2a240dc39d481eff30f147f0e2f01ae047b26f/lib/gstreamer-1.0/libgstcoretracers.so'
0:00:00.012682993  4484 0x55d730fd3360 LOG   GST_POLL gstpoll.c:994:gst_poll_fd_ctl_write: 0x55d730ff7910: pfd->events now 60 (POLLOUT:4)
0:00:00.017819975  4483 0x565458563360 LOG   GST_REGISTRY gstregistrychunks.c:861:_priv_gst_registry_chunks_load_plugin: desc.version='1.18.4'
0:00:00.012689992  4484 0x55d730fd3360 DEBUG   GST_POLL gstpoll.c:979:gst_poll_fd_ctl_write: 0x55d730ff7910: fd (fd:0, idx:1), active : 1
0:00:00.017826319  4483 0x565458563360 LOG   GST_REGISTRY gstregistrychunks.c:862:_priv_gst_registry_chunks_load_plugin: desc.license='LGPL'
0:00:00.012701761  4484 0x55d730fd3360 LOG   GST_POLL gstpoll.c:994:gst_poll_fd_ctl_write: 0x55d730ff7910: pfd->events now 60 (POLLOUT:4)
0:00:00.017837779  4483 0x565458563360 LOG   GST_REGISTRY gstregistrychunks.c:863:_priv_gst_registry_chunks_load_plugin: desc.source='gstreamer'
0:00:00.012708824  4484 0x55d730fd3360 DEBUG   GST_POLL gstpoll.c:979:gst_poll_fd_ctl_write: 0x55d730ff7910: fd (fd:0, idx:1), active : 1
0:00:00.017844072  4483 0x565458563360 LOG   GST_REGISTRY gstregistrychunks.c:864:_priv_gst_registry_chunks_load_plugin: desc.package='GStreamer source release'
0:00:00.012715371  4484 0x55d730fd3360 LOG   GST_POLL gstpoll.c:994:gst_poll_fd_ctl_write: 0x55d730ff7910: pfd->events now 60 (POLLOUT:4)
0:00:00.017851171  4483 0x565458563360 LOG   GST_REGISTRY gstregistrychunks.c:865:_priv_gst_registry_chunks_load_plugin: desc.origin='Unknown package origin'
0:00:00.012722142  4484 0x55d730fd3360 DEBUG   GST_POLL gstpoll.c:979:gst_poll_fd_ctl_write: 0x55d730ff7910: fd (fd:0, idx:1), active : 1
0:00:00.017857502  4483 0x565458563360 LOG   GST_REGISTRY gstregistrychunks.c:866:_priv_gst_registry_chunks_load_plugin: desc.datetime=2021-03-15
0:00:00.012728601  4484 0x55d730fd3360 LOG   GST_POLL gstpoll.c:994:gst_poll_fd_ctl_write: 0x55d730ff7910: pfd->events now 60 (POLLOUT:4)
0:00:00.012735449  4484 0x55d730fd3360 DEBUG   GST_POLL gstpoll.c:979:gst_poll_fd_ctl_write: 0x55d730ff7910: fd (fd:0, idx:1), active : 1
0:00:00.012741516  4484 0x55d730fd3360 LOG   GST_POLL gstpoll.c:994:gst_poll_fd_ctl_write: 0x55d730ff7910: pfd->events now 60 (POLLOUT:4)
0:00:00.017876022  4483 0x565458563360 DEBUG   GST_REGISTRY gstregistry.c:473:gst_registry_add_plugin: adding plugin 0x565458588a80 for filename "/home/conan/w/prod/BuildSingleReference/.conan/data/gstreamer/1.18.4/_/_/package/5a2a240dc39d481eff30f147f0e2f01ae047b26f/lib/gstreamer-1.0/libgstcoretracers.so"
0:00:00.012747885  4484 0x55d730fd3360 DEBUG   GST_POLL gstpoll.c:979:gst_poll_fd_ctl_write: 0x55d730ff7910: fd (fd:0, idx:1), active : 1
0:00:00.017886444  4483 0x565458563360 TRACE   GST_REFCOUNTING gstobject.c:292:gst_object_ref_sink: 0x565458588a80 ref_sink 1->2
0:00:00.012754440  4484 0x55d730fd3360 LOG   GST_POLL gstpoll.c:994:gst_poll_fd_ctl_write: 0x55d730ff7910: pfd->events now 60 (POLLOUT:4)
0:00:00.017895247  4483 0x565458563360 LOG   GST_REGISTRY gstregistry.c:486:gst_registry_add_plugin: emitting plugin-added for filename "/home/conan/w/prod/BuildSingleReference/.conan/data/gstreamer/1.18.4/_/_/package/5a2a240dc39d481eff30f147f0e2f01ae047b26f/lib/gstreamer-1.0/libgstcoretracers.so"
0:00:00.012762813  4484 0x55d730fd3360 DEBUG   GST_POLL gstpoll.c:979:gst_poll_fd_ctl_write: 0x55d730ff7910: fd (fd:0, idx:1), active : 1
0:00:00.017903943  4483 0x565458563360 DEBUG   GST_REGISTRY gstregistrychunks.c:886:_priv_gst_registry_chunks_load_plugin: Added plugin 'coretracers' plugin with 5 features from binary registry
0:00:00.012770652  4484 0x55d730fd3360 LOG   GST_POLL gstpoll.c:994:gst_poll_fd_ctl_write: 0x55d730ff7910: pfd->events now 60 (POLLOUT:4)
0:00:00.017912049  4483 0x565458563360 DEBUG   GST_REGISTRY gstregistrychunks.c:582:gst_registry_chunks_load_feature: Plugin 'coretracers' feature 'leaks' typename : 'GstTracerFactory'
0:00:00.012784529  4484 0x55d730fd3360 DEBUG   GST_POLL gstpoll.c:979:gst_poll_fd_ctl_write: 0x55d730ff7910: fd (fd:0, idx:1), active : 1
0:00:00.012791240  4484 0x55d730fd3360 LOG   GST_POLL gstpoll.c:994:gst_poll_fd_ctl_write: 0x55d730ff7910: pfd->events now 60 (POLLOUT:4)
0:00:00.012797615  4484 0x55d730fd3360 DEBUG   GST_POLL gstpoll.c:979:gst_poll_fd_ctl_write: 0x55d730ff7910: fd (fd:0, idx:1), active : 1
0:00:00.017928554  4483 0x565458563360 TRACE   GST_REFCOUNTING gstobject.c:208:gst_object_init: 0x565458588e10 new
0:00:00.012803883  4484 0x55d730fd3360 LOG   GST_POLL gstpoll.c:994:gst_poll_fd_ctl_write: 0x55d730ff7910: pfd->events now 60 (POLLOUT:4)
0:00:00.012810571  4484 0x55d730fd3360 DEBUG   GST_POLL gstpoll.c:979:gst_poll_fd_ctl_write: 0x55d730ff7910: fd (fd:0, idx:1), active : 1
0:00:00.017944808  4483 0x565458563360 DEBUG   GST_REGISTRY gstregistrychunks.c:716:gst_registry_chunks_load_feature: Reading/casting for GstRegistryChunkPluginFeature at address 0x565458583ee8
0:00:00.012816685  4484 0x55d730fd3360 LOG   GST_POLL gstpoll.c:994:gst_poll_fd_ctl_write: 0x55d730ff7910: pfd->events now 60 (POLLOUT:4)
0:00:00.017954967  4483 0x565458563360 DEBUG   GST_REGISTRY gstregistry.c:589:gst_registry_add_feature: adding feature 0x565458588e10 (leaks)
0:00:00.012823344  4484 0x55d730fd3360 DEBUG   GST_POLL gstpoll.c:979:gst_poll_fd_ctl_write: 0x55d730ff7910: fd (fd:0, idx:1), active : 1
0:00:00.012830285  4484 0x55d730fd3360 LOG   GST_POLL gstpoll.c:994:gst_poll_fd_ctl_write: 0x55d730ff7910: pfd->events now 60 (POLLOUT:4)
0:00:00.017963654  4483 0x565458563360 DEBUG   GST_REFCOUNTING gstobject.c:708:gst_object_set_parent: set parent (ref and sink)
0:00:00.012836701  4484 0x55d730fd3360 DEBUG   GST_POLL gstpoll.c:979:gst_poll_fd_ctl_write: 0x55d730ff7910: fd (fd:0, idx:1), active : 1
0:00:00.012843062  4484 0x55d730fd3360 LOG   GST_POLL gstpoll.c:994:gst_poll_fd_ctl_write: 0x55d730ff7910: pfd->events now 60 (POLLOUT:4)
0:00:00.017973631  4483 0x565458563360 TRACE   GST_REFCOUNTING gstobject.c:292:gst_object_ref_sink: 0x565458588e10 ref_sink 1->2
0:00:00.012849290  4484 0x55d730fd3360 DEBUG   GST_POLL gstpoll.c:979:gst_poll_fd_ctl_write: 0x55d730ff7910: fd (fd:0, idx:1), active : 1
0:00:00.017985868  4483 0x565458563360 LOG   GST_REGISTRY gstregistry.c:607:gst_registry_add_feature: emitting feature-added for leaks
0:00:00.012855626  4484 0x55d730fd3360 LOG   GST_POLL gstpoll.c:994:gst_poll_fd_ctl_write: 0x55d730ff7910: pfd->events now 60 (POLLOUT:4)
0:00:00.017993779  4483 0x565458563360 DEBUG   GST_REGISTRY gstregistrychunks.c:740:gst_registry_chunks_load_feature: Added feature leaks, plugin 0x565458588a80 coretracers
0:00:00.012862451  4484 0x55d730fd3360 LOG   GST_PLUGIN_LOADING gstpluginloader.c:645:put_chunk: Expanding tx buf from 7717 to 10158 for chunk of size 17
0:00:00.018001089  4483 0x565458563360 DEBUG   GST_REGISTRY gstregistrychunks.c:582:gst_registry_chunks_load_feature: Plugin 'coretracers' feature 'stats' typename : 'GstTracerFactory'
0:00:00.012874085  4484 0x55d730fd3360 DEBUG   GST_POLL gstpoll.c:979:gst_poll_fd_ctl_write: 0x55d730ff7910: fd (fd:0, idx:1), active : 1
0:00:00.018019982  4483 0x565458563360 TRACE   GST_REFCOUNTING gstobject.c:208:gst_object_init: 0x565458589020 new
0:00:00.012886904  4484 0x55d730fd3360 LOG   GST_POLL gstpoll.c:994:gst_poll_fd_ctl_write: 0x55d730ff7910: pfd->events now 60 (POLLOUT:4)
0:00:00.018028395  4483 0x565458563360 DEBUG   GST_REGISTRY gstregistrychunks.c:716:gst_registry_chunks_load_feature: Reading/casting for GstRegistryChunkPluginFeature at address 0x565458583f08
0:00:00.012896201  4484 0x55d730fd3360 DEBUG   GST_POLL gstpoll.c:979:gst_poll_fd_ctl_write: 0x55d730ff7910: fd (fd:0, idx:1), active : 1
0:00:00.018035792  4483 0x565458563360 DEBUG   GST_REGISTRY gstregistry.c:589:gst_registry_add_feature: adding feature 0x565458589020 (stats)
0:00:00.012903346  4484 0x55d730fd3360 LOG   GST_POLL gstpoll.c:994:gst_poll_fd_ctl_write: 0x55d730ff7910: pfd->events now 60 (POLLOUT:4)
0:00:00.018042325  4483 0x565458563360 DEBUG   GST_REFCOUNTING gstobject.c:708:gst_object_set_parent: set parent (ref and sink)
0:00:00.012911086  4484 0x55d730fd3360 DEBUG   GST_POLL gstpoll.c:979:gst_poll_fd_ctl_write: 0x55d730ff7910: fd (fd:0, idx:1), active : 1
0:00:00.018049769  4483 0x565458563360 TRACE   GST_REFCOUNTING gstobject.c:292:gst_object_ref_sink: 0x565458589020 ref_sink 1->2
0:00:00.012917561  4484 0x55d730fd3360 LOG   GST_POLL gstpoll.c:994:gst_poll_fd_ctl_write: 0x55d730ff7910: pfd->events now 60 (POLLOUT:4)
0:00:00.018056903  4483 0x565458563360 LOG   GST_REGISTRY gstregistry.c:607:gst_registry_add_feature: emitting feature-added for stats
0:00:00.012925230  4484 0x55d730fd3360 DEBUG   GST_POLL gstpoll.c:979:gst_poll_fd_ctl_write: 0x55d730ff7910: fd (fd:0, idx:1), active : 1
0:00:00.018063885  4483 0x565458563360 DEBUG   GST_REGISTRY gstregistrychunks.c:740:gst_registry_chunks_load_feature: Added feature stats, plugin 0x565458588a80 coretracers
0:00:00.012931637  4484 0x55d730fd3360 LOG   GST_POLL gstpoll.c:994:gst_poll_fd_ctl_write: 0x55d730ff7910: pfd->events now 60 (POLLOUT:4)
0:00:00.018071037  4483 0x565458563360 DEBUG   GST_REGISTRY gstregistrychunks.c:582:gst_registry_chunks_load_feature: Plugin 'coretracers' feature 'rusage' typename : 'GstTracerFactory'
0:00:00.012939204  4484 0x55d730fd3360 DEBUG   GST_POLL gstpoll.c:979:gst_poll_fd_ctl_write: 0x55d730ff7910: fd (fd:0, idx:1), active : 1
0:00:00.018078629  4483 0x565458563360 TRACE   GST_REFCOUNTING gstobject.c:208:gst_object_init: 0x565458589170 new
0:00:00.012945981  4484 0x55d730fd3360 LOG   GST_POLL gstpoll.c:994:gst_poll_fd_ctl_write: 0x55d730ff7910: pfd->events now 60 (POLLOUT:4)
0:00:00.018086366  4483 0x565458563360 DEBUG   GST_REGISTRY gstregistrychunks.c:716:gst_registry_chunks_load_feature: Reading/casting for GstRegistryChunkPluginFeature at address 0x565458583f28
0:00:00.012954444  4484 0x55d730fd3360 DEBUG   GST_POLL gstpoll.c:979:gst_poll_fd_ctl_write: 0x55d730ff7910: fd (fd:0, idx:1), active : 1
0:00:00.018094147  4483 0x565458563360 DEBUG   GST_REGISTRY gstregistry.c:589:gst_registry_add_feature: adding feature 0x565458589170 (rusage)
0:00:00.012969522  4484 0x55d730fd3360 LOG   GST_POLL gstpoll.c:994:gst_poll_fd_ctl_write: 0x55d730ff7910: pfd->events now 60 (POLLOUT:4)
0:00:00.018105683  4483 0x565458563360 DEBUG   GST_REFCOUNTING gstobject.c:708:gst_object_set_parent: set parent (ref and sink)
0:00:00.012976631  4484 0x55d730fd3360 DEBUG   GST_POLL gstpoll.c:979:gst_poll_fd_ctl_write: 0x55d730ff7910: fd (fd:0, idx:1), active : 1
0:00:00.018112968  4483 0x565458563360 TRACE   GST_REFCOUNTING gstobject.c:292:gst_object_ref_sink: 0x565458589170 ref_sink 1->2
0:00:00.012983202  4484 0x55d730fd3360 LOG   GST_POLL gstpoll.c:994:gst_poll_fd_ctl_write: 0x55d730ff7910: pfd->events now 60 (POLLOUT:4)
0:00:00.018119716  4483 0x565458563360 LOG   GST_REGISTRY gstregistry.c:607:gst_registry_add_feature: emitting feature-added for rusage
0:00:00.012990034  4484 0x55d730fd3360 DEBUG   GST_POLL gstpoll.c:979:gst_poll_fd_ctl_write: 0x55d730ff7910: fd (fd:0, idx:1), active : 1
0:00:00.018126619  4483 0x565458563360 DEBUG   GST_REGISTRY gstregistrychunks.c:740:gst_registry_chunks_load_feature: Added feature rusage, plugin 0x565458588a80 coretracers
0:00:00.012996779  4484 0x55d730fd3360 LOG   GST_POLL gstpoll.c:994:gst_poll_fd_ctl_write: 0x55d730ff7910: pfd->events now 60 (POLLOUT:4)
0:00:00.018133453  4483 0x565458563360 DEBUG   GST_REGISTRY gstregistrychunks.c:582:gst_registry_chunks_load_feature: Plugin 'coretracers' feature 'log' typename : 'GstTracerFactory'
0:00:00.013003504  4484 0x55d730fd3360 DEBUG   GST_POLL gstpoll.c:979:gst_poll_fd_ctl_write: 0x55d730ff7910: fd (fd:0, idx:1), active : 1
0:00:00.018140552  4483 0x565458563360 TRACE   GST_REFCOUNTING gstobject.c:208:gst_object_init: 0x5654585892d0 new
0:00:00.013010132  4484 0x55d730fd3360 LOG   GST_POLL gstpoll.c:994:gst_poll_fd_ctl_write: 0x55d730ff7910: pfd->events now 60 (POLLOUT:4)
0:00:00.018148118  4483 0x565458563360 DEBUG   GST_REGISTRY gstregistrychunks.c:716:gst_registry_chunks_load_feature: Reading/casting for GstRegistryChunkPluginFeature at address 0x565458583f48
0:00:00.013017075  4484 0x55d730fd3360 DEBUG   GST_POLL gstpoll.c:979:gst_poll_fd_ctl_write: 0x55d730ff7910: fd (fd:0, idx:1), active : 1
0:00:00.018155924  4483 0x565458563360 DEBUG   GST_REGISTRY gstregistry.c:589:gst_registry_add_feature: adding feature 0x5654585892d0 (log)
0:00:00.013023743  4484 0x55d730fd3360 LOG   GST_POLL gstpoll.c:994:gst_poll_fd_ctl_write: 0x55d730ff7910: pfd->events now 60 (POLLOUT:4)
0:00:00.018162415  4483 0x565458563360 DEBUG   GST_REFCOUNTING gstobject.c:708:gst_object_set_parent: set parent (ref and sink)
0:00:00.013031275  4484 0x55d730fd3360 DEBUG   GST_POLL gstpoll.c:979:gst_poll_fd_ctl_write: 0x55d730ff7910: fd (fd:0, idx:1), active : 1
0:00:00.018169863  4483 0x565458563360 TRACE   GST_REFCOUNTING gstobject.c:292:gst_object_ref_sink: 0x5654585892d0 ref_sink 1->2
0:00:00.013037823  4484 0x55d730fd3360 LOG   GST_POLL gstpoll.c:994:gst_poll_fd_ctl_write: 0x55d730ff7910: pfd->events now 60 (POLLOUT:4)
0:00:00.018176578  4483 0x565458563360 LOG   GST_REGISTRY gstregistry.c:607:gst_registry_add_feature: emitting feature-added for log
0:00:00.013050233  4484 0x55d730fd3360 DEBUG   GST_POLL gstpoll.c:979:gst_poll_fd_ctl_write: 0x55d730ff7910: fd (fd:0, idx:1), active : 1
0:00:00.018186296  4483 0x565458563360 DEBUG   GST_REGISTRY gstregistrychunks.c:740:gst_registry_chunks_load_feature: Added feature log, plugin 0x565458588a80 coretracers
0:00:00.013057157  4484 0x55d730fd3360 LOG   GST_POLL gstpoll.c:994:gst_poll_fd_ctl_write: 0x55d730ff7910: pfd->events now 60 (POLLOUT:4)
0:00:00.018194199  4483 0x565458563360 DEBUG   GST_REGISTRY gstregistrychunks.c:582:gst_registry_chunks_load_feature: Plugin 'coretracers' feature 'latency' typename : 'GstTracerFactory'
0:00:00.013064626  4484 0x55d730fd3360 TRACE   GST_REFCOUNTING gstobject.c:264:gst_object_unref: 0x55d730ff90d0 unref 2->1
0:00:00.018201310  4483 0x565458563360 TRACE   GST_REFCOUNTING gstobject.c:208:gst_object_init: 0x565458589430 new
0:00:00.013072109  4484 0x55d730fd3360 DEBUG   GST_POLL gstpoll.c:1241:gst_poll_fd_has_error: 0x55d730ff7910: fd (fd:0, idx:1) 0
0:00:00.018208845  4483 0x565458563360 DEBUG   GST_REGISTRY gstregistrychunks.c:716:gst_registry_chunks_load_feature: Reading/casting for GstRegistryChunkPluginFeature at address 0x565458583f70
0:00:00.013079057  4484 0x55d730fd3360 DEBUG   GST_POLL gstpoll.c:1335:gst_poll_fd_can_write: 0x55d730ff7910: fd (fd:0, idx:1) 1
0:00:00.018215837  4483 0x565458563360 DEBUG   GST_REGISTRY gstregistry.c:589:gst_registry_add_feature: adding feature 0x565458589430 (latency)
0:00:00.013085959  4484 0x55d730fd3360 LOG   GST_PLUGIN_LOADING gstpluginloader.c:690:write_one: Writing packet of size 6872 bytes to fd 0
0:00:00.018222142  4483 0x565458563360 DEBUG   GST_REFCOUNTING gstobject.c:708:gst_object_set_parent: set parent (ref and sink)
0:00:00.018229542  4483 0x565458563360 TRACE   GST_REFCOUNTING gstobject.c:292:gst_object_ref_sink: 0x565458589430 ref_sink 1->2
0:00:00.013099008  4484 0x55d730fd3360 DEBUG   GST_POLL gstpoll.c:1414:gst_poll_wait: 0x55d730ff7910: timeout :0:00:01.000000000
0:00:00.018235885  4483 0x565458563360 LOG   GST_REGISTRY gstregistry.c:607:gst_registry_add_feature: emitting feature-added for latency
0:00:00.013108399  4484 0x55d730fd3360 LOG   GST_PLUGIN_LOADING gstpluginloader.c:1027:exchange_packets: Poll res = 2. 488 bytes pending for write
0:00:00.018242910  4483 0x565458563360 DEBUG   GST_REGISTRY gstregistrychunks.c:740:gst_registry_chunks_load_feature: Added feature latency, plugin 0x565458588a80 coretracers
0:00:00.013115890  4484 0x55d730fd3360 DEBUG   GST_POLL gstpoll.c:1241:gst_poll_fd_has_error: 0x55d730ff7910: fd (fd:5, idx:2) 0
0:00:00.018253128  4483 0x565458563360 LOG   GST_PLUGIN_LOADING gstpluginloader.c:887:handle_rx_packet: marking plugin 0x565458588a80 as registered as /home/conan/w/prod/BuildSingleReference/.conan/data/gstreamer/1.18.4/_/_/package/5a2a240dc39d481eff30f147f0e2f01ae047b26f/lib/gstreamer-1.0/libgstcoretracers.so
0:00:00.013122805  4484 0x55d730fd3360 DEBUG   GST_POLL gstpoll.c:1266:gst_poll_fd_can_read_unlocked: 0x55d730ff7910: fd (fd:5, idx:2) 1
0:00:00.018266202  4483 0x565458563360 DEBUG   GST_POLL gstpoll.c:1414:gst_poll_wait: 0x5654585883d0: timeout :0:00:01.000000000
0:00:00.013137730  4484 0x55d730fd3360 DEBUG   GST_PLUGIN_LOADING gstpluginloader.c:722:do_plugin_load: Plugin scanner loading file /home/conan/w/prod/BuildSingleReference/.conan/data/gstreamer/1.18.4/_/_/package/5a2a240dc39d481eff30f147f0e2f01ae047b26f/lib/gstreamer-1.0/libgstcoreelements.so. tag 3
0:00:00.018277899  4483 0x565458563360 LOG   GST_PLUGIN_LOADING gstpluginloader.c:1027:exchange_packets: Poll res = 1. 0 bytes pending for write
0:00:00.013145499  4484 0x55d730fd3360 TRACE   GST_REFCOUNTING gstobject.c:237:gst_object_ref: 0x55d730ffc6e0 ref 1->2
0:00:00.018285682  4483 0x565458563360 DEBUG   GST_POLL gstpoll.c:1241:gst_poll_fd_has_error: 0x5654585883d0: fd (fd:8, idx:2) 0
0:00:00.013154148  4484 0x55d730fd3360 TRACE   GST_REFCOUNTING gstobject.c:237:gst_object_ref: 0x55d731019f20 ref 1->2
0:00:00.018293085  4483 0x565458563360 DEBUG   GST_POLL gstpoll.c:1266:gst_poll_fd_can_read_unlocked: 0x5654585883d0: fd (fd:8, idx:2) 1
0:00:00.013161541  4484 0x55d730fd3360 TRACE   GST_REFCOUNTING gstobject.c:237:gst_object_ref: 0x55d731019230 ref 1->2
0:00:00.013182726  4484 0x55d730fd3360 TRACE   GST_REFCOUNTING gstobject.c:237:gst_object_ref: 0x55d731017750 ref 1->2
0:00:00.013197444  4484 0x55d730fd3360 TRACE   GST_REFCOUNTING gstobject.c:237:gst_object_ref: 0x55d731016760 ref 1->2
0:00:00.018301697  4483 0x565458563360 LOG   GST_PLUGIN_LOADING gstpluginloader.c:985:read_one: Expanding rx buf from 512 to 7384
0:00:00.013211158  4484 0x55d730fd3360 TRACE   GST_REFCOUNTING gstobject.c:237:gst_object_ref: 0x55d731015380 ref 1->2
0:00:00.013227767  4484 0x55d730fd3360 TRACE   GST_REFCOUNTING gstobject.c:237:gst_object_ref: 0x55d731013f00 ref 1->2
0:00:00.013240669  4484 0x55d730fd3360 TRACE   GST_REFCOUNTING gstobject.c:237:gst_object_ref: 0x55d731012750 ref 1->2
0:00:00.013252769  4484 0x55d730fd3360 TRACE   GST_REFCOUNTING gstobject.c:237:gst_object_ref: 0x55d7310103a0 ref 1->2
0:00:00.018386219  4483 0x565458563360 DEBUG   GST_PLUGIN_LOADING gstpluginloader.c:848:handle_rx_packet: Received plugin details from child w/ tag 1. 6860 bytes info
0:00:00.013261815  4484 0x55d730fd3360 TRACE   GST_REFCOUNTING gstobject.c:237:gst_object_ref: 0x55d73100f280 ref 1->2
0:00:00.018400170  4483 0x565458563360 LOG   GST_REGISTRY gstregistrychunks.c:836:_priv_gst_registry_chunks_load_plugin: Reading/casting for GstRegistryChunkPluginElement at address 0x565458589500
0:00:00.013269447  4484 0x55d730fd3360 TRACE   GST_REFCOUNTING gstobject.c:237:gst_object_ref: 0x55d73100dff0 ref 1->2
0:00:00.013278671  4484 0x55d730fd3360 TRACE   GST_REFCOUNTING gstobject.c:237:gst_object_ref: 0x55d73100ca00 ref 1->2
0:00:00.018412686  4483 0x565458563360 TRACE   GST_REFCOUNTING gstobject.c:208:gst_object_init: 0x565458591ea0 new
0:00:00.013285502  4484 0x55d730fd3360 TRACE   GST_REFCOUNTING gstobject.c:237:gst_object_ref: 0x55d73100bd40 ref 1->2
0:00:00.013322780  4484 0x55d730fd3360 TRACE   GST_REFCOUNTING gstobject.c:237:gst_object_ref: 0x55d73100af60 ref 1->2
0:00:00.018459117  4483 0x565458563360 LOG   GST_REGISTRY gstregistrychunks.c:858:_priv_gst_registry_chunks_load_plugin: read strings for name='coreelements'
0:00:00.018468110  4483 0x565458563360 LOG   GST_REGISTRY gstregistrychunks.c:859:_priv_gst_registry_chunks_load_plugin: desc.description='GStreamer core elements'
0:00:00.013332717  4484 0x55d730fd3360 TRACE   GST_REFCOUNTING gstobject.c:237:gst_object_ref: 0x55d73100a0e0 ref 1->2
0:00:00.018474281  4483 0x565458563360 LOG   GST_REGISTRY gstregistrychunks.c:860:_priv_gst_registry_chunks_load_plugin: filename='/home/conan/w/prod/BuildSingleReference/.conan/data/gstreamer/1.18.4/_/_/package/5a2a240dc39d481eff30f147f0e2f01ae047b26f/lib/gstreamer-1.0/libgstcoreelements.so'
0:00:00.018480704  4483 0x565458563360 LOG   GST_REGISTRY gstregistrychunks.c:861:_priv_gst_registry_chunks_load_plugin: desc.version='1.18.4'
0:00:00.013345670  4484 0x55d730fd3360 TRACE   GST_REFCOUNTING gstobject.c:237:gst_object_ref: 0x55d731007c30 ref 1->2
0:00:00.018486530  4483 0x565458563360 LOG   GST_REGISTRY gstregistrychunks.c:862:_priv_gst_registry_chunks_load_plugin: desc.license='LGPL'
0:00:00.018493052  4483 0x565458563360 LOG   GST_REGISTRY gstregistrychunks.c:863:_priv_gst_registry_chunks_load_plugin: desc.source='gstreamer'
0:00:00.013360100  4484 0x55d730fd3360 TRACE   GST_REFCOUNTING gstobject.c:237:gst_object_ref: 0x55d731005650 ref 1->2
0:00:00.018498701  4483 0x565458563360 LOG   GST_REGISTRY gstregistrychunks.c:864:_priv_gst_registry_chunks_load_plugin: desc.package='GStreamer source release'
0:00:00.018505855  4483 0x565458563360 LOG   GST_REGISTRY gstregistrychunks.c:865:_priv_gst_registry_chunks_load_plugin: desc.origin='Unknown package origin'
0:00:00.013371786  4484 0x55d730fd3360 TRACE   GST_REFCOUNTING gstobject.c:237:gst_object_ref: 0x55d7310039d0 ref 1->2
0:00:00.018511293  4483 0x565458563360 LOG   GST_REGISTRY gstregistrychunks.c:866:_priv_gst_registry_chunks_load_plugin: desc.datetime=2021-03-15
0:00:00.013381884  4484 0x55d730fd3360 TRACE   GST_REFCOUNTING gstobject.c:237:gst_object_ref: 0x55d731002830 ref 1->2
0:00:00.018519768  4483 0x565458563360 DEBUG   GST_REGISTRY gstregistry.c:473:gst_registry_add_plugin: adding plugin 0x565458591ea0 for filename "/home/conan/w/prod/BuildSingleReference/.conan/data/gstreamer/1.18.4/_/_/package/5a2a240dc39d481eff30f147f0e2f01ae047b26f/lib/gstreamer-1.0/libgstcoreelements.so"
0:00:00.013389150  4484 0x55d730fd3360 TRACE   GST_REFCOUNTING gstobject.c:237:gst_object_ref: 0x55d7310008a0 ref 1->2
0:00:00.018527611  4483 0x565458563360 TRACE   GST_REFCOUNTING gstobject.c:292:gst_object_ref_sink: 0x565458591ea0 ref_sink 1->2
0:00:00.013396678  4484 0x55d730fd3360 TRACE   GST_REFCOUNTING gstobject.c:237:gst_object_ref: 0x55d730fffa60 ref 1->2
0:00:00.018535320  4483 0x565458563360 LOG   GST_REGISTRY gstregistry.c:486:gst_registry_add_plugin: emitting plugin-added for filename "/home/conan/w/prod/BuildSingleReference/.conan/data/gstreamer/1.18.4/_/_/package/5a2a240dc39d481eff30f147f0e2f01ae047b26f/lib/gstreamer-1.0/libgstcoreelements.so"
0:00:00.013403893  4484 0x55d730fd3360 TRACE   GST_REFCOUNTING gstobject.c:237:gst_object_ref: 0x55d730ffed90 ref 1->2
0:00:00.018548516  4483 0x565458563360 DEBUG   GST_REGISTRY gstregistrychunks.c:886:_priv_gst_registry_chunks_load_plugin: Added plugin 'coreelements' plugin with 22 features from binary registry
0:00:00.013416235  4484 0x55d730fd3360 TRACE   GST_REFCOUNTING gstobject.c:237:gst_object_ref: 0x55d730ffcd40 ref 1->2
0:00:00.018556085  4483 0x565458563360 DEBUG   GST_REGISTRY gstregistrychunks.c:582:gst_registry_chunks_load_feature: Plugin 'coreelements' feature 'streamiddemux' typename : 'GstElementFactory'
0:00:00.013425332  4484 0x55d730fd3360 DEBUG   GST_REGISTRY gstregistrychunks.c:264:gst_registry_chunks_save_feature: saved 0 interfaces 0 pad templates
0:00:00.018567357  4483 0x565458563360 TRACE   GST_REFCOUNTING gstobject.c:208:gst_object_init: 0x565458593a40 new
0:00:00.013437641  4484 0x55d730fd3360 DEBUG   GST_REGISTRY gstregistrychunks.c:264:gst_registry_chunks_save_feature: saved 0 interfaces 0 pad templates
0:00:00.018576331  4483 0x565458563360 LOG   GST_REGISTRY gstregistrychunks.c:609:gst_registry_chunks_load_feature: Reading/casting for GstRegistryChunkElementFactory at address 0x565458589658
0:00:00.013447015  4484 0x55d730fd3360 DEBUG   GST_REGISTRY gstregistrychunks.c:264:gst_registry_chunks_save_feature: saved 0 interfaces 0 pad templates
0:00:00.018585310  4483 0x565458563360 TRACE   structure gststructure.c:287:gst_structure_new_id_empty_with_size: created structure 0x565458588ed0
0:00:00.013456587  4484 0x55d730fd3360 DEBUG   GST_REGISTRY gstregistrychunks.c:264:gst_registry_chunks_save_feature: saved 1 interfaces 0 pad templates
0:00:00.018592893  4483 0x565458563360 DEBUG   structure gststructure.c:2203:gst_structure_parse_field: trying field name 'long-name'
0:00:00.013463527  4484 0x55d730fd3360 DEBUG   GST_REGISTRY gstregistrychunks.c:284:gst_registry_chunks_save_feature: Saved 1 UriTypes
0:00:00.018605996  4483 0x565458563360 DEBUG   default gstvalue.c:2676:_priv_gst_value_parse_value: trying type name 'string'
0:00:00.013473511  4484 0x55d730fd3360 DEBUG   GST_REGISTRY gstregistrychunks.c:264:gst_registry_chunks_save_feature: saved 0 interfaces 0 pad templates
0:00:00.018633796  4483 0x565458563360 DEBUG   structure gststructure.c:2203:gst_structure_parse_field: trying field name 'klass'
0:00:00.013500868  4484 0x55d730fd3360 DEBUG   GST_REGISTRY gstregistrychunks.c:264:gst_registry_chunks_save_feature: saved 0 interfaces 0 pad templates
0:00:00.018641847  4483 0x565458563360 DEBUG   default gstvalue.c:2676:_priv_gst_value_parse_value: trying type name 'string'
0:00:00.013513361  4484 0x55d730fd3360 DEBUG   GST_REGISTRY gstregistrychunks.c:264:gst_registry_chunks_save_feature: saved 0 interfaces 0 pad templates
0:00:00.018649007  4483 0x565458563360 DEBUG   structure gststructure.c:2203:gst_structure_parse_field: trying field name 'description'
0:00:00.013522784  4484 0x55d730fd3360 DEBUG   GST_REGISTRY gstregistrychunks.c:264:gst_registry_chunks_save_feature: saved 1 interfaces 0 pad templates
0:00:00.018661450  4483 0x565458563360 DEBUG   default gstvalue.c:2676:_priv_gst_value_parse_value: trying type name 'string'
0:00:00.013530376  4484 0x55d730fd3360 DEBUG   GST_REGISTRY gstregistrychunks.c:284:gst_registry_chunks_save_feature: Saved 1 UriTypes
0:00:00.018668692  4483 0x565458563360 DEBUG   structure gststructure.c:2203:gst_structure_parse_field: trying field name 'author'
0:00:00.013539306  4484 0x55d730fd3360 DEBUG   GST_REGISTRY gstregistrychunks.c:264:gst_registry_chunks_save_feature: saved 1 interfaces 0 pad templates
0:00:00.018674910  4483 0x565458563360 DEBUG   default gstvalue.c:2676:_priv_gst_value_parse_value: trying type name 'string'
0:00:00.013546353  4484 0x55d730fd3360 DEBUG   GST_REGISTRY gstregistrychunks.c:284:gst_registry_chunks_save_feature: Saved 1 UriTypes
0:00:00.018682893  4483 0x565458563360 DEBUG   GST_REGISTRY gstregistrychunks.c:626:gst_registry_chunks_load_feature: Element factory : npadtemplates=2
0:00:00.018691056  4483 0x565458563360 DEBUG   GST_REGISTRY gstregistrychunks.c:525:gst_registry_chunks_load_pad_template: Reading/casting for GstRegistryChunkPadTemplate at address 0x565458589730
0:00:00.013558724  4484 0x55d730fd3360 DEBUG   GST_REGISTRY gstregistrychunks.c:264:gst_registry_chunks_save_feature: saved 1 interfaces 0 pad templates
0:00:00.018699898  4483 0x565458563360 DEBUG   GST_REGISTRY gstregistrychunks.c:539:gst_registry_chunks_load_pad_template: Added pad_template src_%u
0:00:00.013569813  4484 0x55d730fd3360 DEBUG   GST_REGISTRY gstregistrychunks.c:284:gst_registry_chunks_save_feature: Saved 1 UriTypes
0:00:00.013585791  4484 0x55d730fd3360 DEBUG   GST_REGISTRY gstregistrychunks.c:264:gst_registry_chunks_save_feature: saved 0 interfaces 0 pad templates
0:00:00.018730834  4483 0x565458563360 DEBUG   GST_REGISTRY gstregistrychunks.c:525:gst_registry_chunks_load_pad_template: Reading/casting for GstRegistryChunkPadTemplate at address 0x565458589748
0:00:00.013599634  4484 0x55d730fd3360 DEBUG   GST_REGISTRY gstregistrychunks.c:264:gst_registry_chunks_save_feature: saved 0 interfaces 0 pad templates
0:00:00.018739291  4483 0x565458563360 DEBUG   GST_REGISTRY gstregistrychunks.c:539:gst_registry_chunks_load_pad_template: Added pad_template sink
0:00:00.013616595  4484 0x55d730fd3360 DEBUG   GST_REGISTRY gstregistrychunks.c:264:gst_registry_chunks_save_feature: saved 0 interfaces 0 pad templates
0:00:00.018751232  4483 0x565458563360 DEBUG   GST_REGISTRY gstregistry.c:589:gst_registry_add_feature: adding feature 0x565458593a40 (streamiddemux)
0:00:00.013626772  4484 0x55d730fd3360 DEBUG   GST_REGISTRY gstregistrychunks.c:264:gst_registry_chunks_save_feature: saved 0 interfaces 0 pad templates
0:00:00.018761817  4483 0x565458563360 DEBUG   GST_REFCOUNTING gstobject.c:708:gst_object_set_parent: set parent (ref and sink)
0:00:00.013636578  4484 0x55d730fd3360 DEBUG   GST_REGISTRY gstregistrychunks.c:264:gst_registry_chunks_save_feature: saved 0 interfaces 0 pad templates
0:00:00.018771041  4483 0x565458563360 TRACE   GST_REFCOUNTING gstobject.c:292:gst_object_ref_sink: 0x565458593a40 ref_sink 1->2
0:00:00.013658039  4484 0x55d730fd3360 DEBUG   GST_REGISTRY gstregistrychunks.c:264:gst_registry_chunks_save_feature: saved 0 interfaces 0 pad templates
0:00:00.018792204  4483 0x565458563360 LOG   GST_REGISTRY gstregistry.c:607:gst_registry_add_feature: emitting feature-added for streamiddemux
0:00:00.013667316  4484 0x55d730fd3360 DEBUG   GST_REGISTRY gstregistrychunks.c:264:gst_registry_chunks_save_feature: saved 1 interfaces 0 pad templates
0:00:00.018802144  4483 0x565458563360 DEBUG   GST_REGISTRY gstregistrychunks.c:740:gst_registry_chunks_load_feature: Added feature streamiddemux, plugin 0x565458591ea0 coreelements
0:00:00.013673956  4484 0x55d730fd3360 DEBUG   GST_REGISTRY gstregistrychunks.c:284:gst_registry_chunks_save_feature: Saved 1 UriTypes
