0:00:00.015067909  4484 0x55d730fd3360 DEBUG   GST_POLL gstpoll.c:979:gst_poll_fd_ctl_write: 0x55d730ff7910: fd (fd:0, idx:1), active : 1
0:00:00.020208559  4483 0x565458563360 LOG   GST_REGISTRY gstregistrychunks.c:609:gst_registry_chunks_load_feature: Reading/casting for GstRegistryChunkElementFactory at address 0x56545858a090
0:00:00.015076341  4484 0x55d730fd3360 LOG   GST_POLL gstpoll.c:994:gst_poll_fd_ctl_write: 0x55d730ff7910: pfd->events now 60 (POLLOUT:4)
0:00:00.020217747  4483 0x565458563360 TRACE   structure gststructure.c:287:gst_structure_new_id_empty_with_size: created structure 0x56545858e420
0:00:00.015084213  4484 0x55d730fd3360 DEBUG   GST_POLL gstpoll.c:979:gst_poll_fd_ctl_write: 0x55d730ff7910: fd (fd:0, idx:1), active : 1
0:00:00.020224526  4483 0x565458563360 DEBUG   structure gststructure.c:2203:gst_structure_parse_field: trying field name 'long-name'
0:00:00.015093269  4484 0x55d730fd3360 LOG   GST_POLL gstpoll.c:994:gst_poll_fd_ctl_write: 0x55d730ff7910: pfd->events now 60 (POLLOUT:4)
0:00:00.020230989  4483 0x565458563360 DEBUG   default gstvalue.c:2676:_priv_gst_value_parse_value: trying type name 'string'
0:00:00.015100587  4484 0x55d730fd3360 LOG   GST_PLUGIN_LOADING gstpluginloader.c:645:put_chunk: Expanding tx buf from 10158 to 13209 for chunk of size 209
0:00:00.020237879  4483 0x565458563360 DEBUG   structure gststructure.c:2203:gst_structure_parse_field: trying field name 'klass'
0:00:00.020244450  4483 0x565458563360 DEBUG   default gstvalue.c:2676:_priv_gst_value_parse_value: trying type name 'string'
0:00:00.020251144  4483 0x565458563360 DEBUG   structure gststructure.c:2203:gst_structure_parse_field: trying field name 'description'
0:00:00.020256968  4483 0x565458563360 DEBUG   default gstvalue.c:2676:_priv_gst_value_parse_value: trying type name 'string'
0:00:00.015128336  4484 0x55d730fd3360 DEBUG   GST_POLL gstpoll.c:979:gst_poll_fd_ctl_write: 0x55d730ff7910: fd (fd:0, idx:1), active : 1
0:00:00.020263280  4483 0x565458563360 DEBUG   structure gststructure.c:2203:gst_structure_parse_field: trying field name 'author'
0:00:00.015141448  4484 0x55d730fd3360 LOG   GST_POLL gstpoll.c:994:gst_poll_fd_ctl_write: 0x55d730ff7910: pfd->events now 60 (POLLOUT:4)
0:00:00.020277195  4483 0x565458563360 DEBUG   default gstvalue.c:2676:_priv_gst_value_parse_value: trying type name 'string'
0:00:00.015149081  4484 0x55d730fd3360 DEBUG   GST_POLL gstpoll.c:979:gst_poll_fd_ctl_write: 0x55d730ff7910: fd (fd:0, idx:1), active : 1
0:00:00.015155914  4484 0x55d730fd3360 LOG   GST_POLL gstpoll.c:994:gst_poll_fd_ctl_write: 0x55d730ff7910: pfd->events now 60 (POLLOUT:4)
0:00:00.020291321  4483 0x565458563360 DEBUG   GST_REGISTRY gstregistrychunks.c:626:gst_registry_chunks_load_feature: Element factory : npadtemplates=2
0:00:00.015163382  4484 0x55d730fd3360 DEBUG   GST_POLL gstpoll.c:979:gst_poll_fd_ctl_write: 0x55d730ff7910: fd (fd:0, idx:1), active : 1
0:00:00.020298944  4483 0x565458563360 DEBUG   GST_REGISTRY gstregistrychunks.c:525:gst_registry_chunks_load_pad_template: Reading/casting for GstRegistryChunkPadTemplate at address 0x56545858a1c0
0:00:00.015186212  4484 0x55d730fd3360 LOG   GST_POLL gstpoll.c:994:gst_poll_fd_ctl_write: 0x55d730ff7910: pfd->events now 60 (POLLOUT:4)
0:00:00.020325012  4483 0x565458563360 DEBUG   GST_REGISTRY gstregistrychunks.c:539:gst_registry_chunks_load_pad_template: Added pad_template src
0:00:00.015198956  4484 0x55d730fd3360 DEBUG   GST_POLL gstpoll.c:979:gst_poll_fd_ctl_write: 0x55d730ff7910: fd (fd:0, idx:1), active : 1
0:00:00.020337096  4483 0x565458563360 DEBUG   GST_REGISTRY gstregistrychunks.c:525:gst_registry_chunks_load_pad_template: Reading/casting for GstRegistryChunkPadTemplate at address 0x56545858a1d0
0:00:00.015207195  4484 0x55d730fd3360 LOG   GST_POLL gstpoll.c:994:gst_poll_fd_ctl_write: 0x55d730ff7910: pfd->events now 60 (POLLOUT:4)
0:00:00.020345858  4483 0x565458563360 DEBUG   GST_REGISTRY gstregistrychunks.c:539:gst_registry_chunks_load_pad_template: Added pad_template sink_%u
0:00:00.015214541  4484 0x55d730fd3360 DEBUG   GST_POLL gstpoll.c:979:gst_poll_fd_ctl_write: 0x55d730ff7910: fd (fd:0, idx:1), active : 1
0:00:00.020354635  4483 0x565458563360 DEBUG   GST_REGISTRY gstregistry.c:589:gst_registry_add_feature: adding feature 0x56545858e330 (input-selector)
0:00:00.015221984  4484 0x55d730fd3360 LOG   GST_POLL gstpoll.c:994:gst_poll_fd_ctl_write: 0x55d730ff7910: pfd->events now 60 (POLLOUT:4)
0:00:00.020361295  4483 0x565458563360 DEBUG   GST_REFCOUNTING gstobject.c:708:gst_object_set_parent: set parent (ref and sink)
0:00:00.015229884  4484 0x55d730fd3360 DEBUG   GST_POLL gstpoll.c:979:gst_poll_fd_ctl_write: 0x55d730ff7910: fd (fd:0, idx:1), active : 1
0:00:00.020369396  4483 0x565458563360 TRACE   GST_REFCOUNTING gstobject.c:292:gst_object_ref_sink: 0x56545858e330 ref_sink 1->2
0:00:00.015237214  4484 0x55d730fd3360 LOG   GST_POLL gstpoll.c:994:gst_poll_fd_ctl_write: 0x55d730ff7910: pfd->events now 60 (POLLOUT:4)
0:00:00.020376728  4483 0x565458563360 LOG   GST_REGISTRY gstregistry.c:607:gst_registry_add_feature: emitting feature-added for input-selector
0:00:00.015245524  4484 0x55d730fd3360 DEBUG   GST_POLL gstpoll.c:979:gst_poll_fd_ctl_write: 0x55d730ff7910: fd (fd:0, idx:1), active : 1
0:00:00.020391530  4483 0x565458563360 DEBUG   GST_REGISTRY gstregistrychunks.c:740:gst_registry_chunks_load_feature: Added feature input-selector, plugin 0x565458591ea0 coreelements
0:00:00.015259460  4484 0x55d730fd3360 LOG   GST_POLL gstpoll.c:994:gst_poll_fd_ctl_write: 0x55d730ff7910: pfd->events now 60 (POLLOUT:4)
0:00:00.020399068  4483 0x565458563360 DEBUG   GST_REGISTRY gstregistrychunks.c:582:gst_registry_chunks_load_feature: Plugin 'coreelements' feature 'identity' typename : 'GstElementFactory'
0:00:00.015267598  4484 0x55d730fd3360 DEBUG   GST_POLL gstpoll.c:979:gst_poll_fd_ctl_write: 0x55d730ff7910: fd (fd:0, idx:1), active : 1
0:00:00.020407703  4483 0x565458563360 TRACE   GST_REFCOUNTING gstobject.c:208:gst_object_init: 0x56545858e9b0 new
0:00:00.015274753  4484 0x55d730fd3360 LOG   GST_POLL gstpoll.c:994:gst_poll_fd_ctl_write: 0x55d730ff7910: pfd->events now 60 (POLLOUT:4)
0:00:00.020415935  4483 0x565458563360 LOG   GST_REGISTRY gstregistrychunks.c:609:gst_registry_chunks_load_feature: Reading/casting for GstRegistryChunkElementFactory at address 0x56545858a200
0:00:00.015283692  4484 0x55d730fd3360 DEBUG   GST_POLL gstpoll.c:979:gst_poll_fd_ctl_write: 0x55d730ff7910: fd (fd:0, idx:1), active : 1
0:00:00.020423196  4483 0x565458563360 TRACE   structure gststructure.c:287:gst_structure_new_id_empty_with_size: created structure 0x56545858ebe0
0:00:00.015291361  4484 0x55d730fd3360 LOG   GST_POLL gstpoll.c:994:gst_poll_fd_ctl_write: 0x55d730ff7910: pfd->events now 60 (POLLOUT:4)
0:00:00.020429631  4483 0x565458563360 DEBUG   structure gststructure.c:2203:gst_structure_parse_field: trying field name 'long-name'
0:00:00.015298466  4484 0x55d730fd3360 DEBUG   GST_POLL gstpoll.c:979:gst_poll_fd_ctl_write: 0x55d730ff7910: fd (fd:0, idx:1), active : 1
0:00:00.020436225  4483 0x565458563360 DEBUG   default gstvalue.c:2676:_priv_gst_value_parse_value: trying type name 'string'
0:00:00.015305101  4484 0x55d730fd3360 LOG   GST_POLL gstpoll.c:994:gst_poll_fd_ctl_write: 0x55d730ff7910: pfd->events now 60 (POLLOUT:4)
0:00:00.020443369  4483 0x565458563360 DEBUG   structure gststructure.c:2203:gst_structure_parse_field: trying field name 'klass'
0:00:00.015312198  4484 0x55d730fd3360 DEBUG   GST_POLL gstpoll.c:979:gst_poll_fd_ctl_write: 0x55d730ff7910: fd (fd:0, idx:1), active : 1
0:00:00.020449982  4483 0x565458563360 DEBUG   default gstvalue.c:2676:_priv_gst_value_parse_value: trying type name 'string'
0:00:00.015318915  4484 0x55d730fd3360 LOG   GST_POLL gstpoll.c:994:gst_poll_fd_ctl_write: 0x55d730ff7910: pfd->events now 60 (POLLOUT:4)
0:00:00.020456607  4483 0x565458563360 DEBUG   structure gststructure.c:2203:gst_structure_parse_field: trying field name 'description'
0:00:00.015325645  4484 0x55d730fd3360 DEBUG   GST_POLL gstpoll.c:979:gst_poll_fd_ctl_write: 0x55d730ff7910: fd (fd:0, idx:1), active : 1
0:00:00.020462915  4483 0x565458563360 DEBUG   default gstvalue.c:2676:_priv_gst_value_parse_value: trying type name 'string'
0:00:00.015332652  4484 0x55d730fd3360 LOG   GST_POLL gstpoll.c:994:gst_poll_fd_ctl_write: 0x55d730ff7910: pfd->events now 60 (POLLOUT:4)
0:00:00.020478887  4483 0x565458563360 DEBUG   structure gststructure.c:2203:gst_structure_parse_field: trying field name 'author'
0:00:00.015347675  4484 0x55d730fd3360 DEBUG   GST_POLL gstpoll.c:979:gst_poll_fd_ctl_write: 0x55d730ff7910: fd (fd:0, idx:1), active : 1
0:00:00.020485878  4483 0x565458563360 DEBUG   default gstvalue.c:2676:_priv_gst_value_parse_value: trying type name 'string'
0:00:00.015354892  4484 0x55d730fd3360 LOG   GST_POLL gstpoll.c:994:gst_poll_fd_ctl_write: 0x55d730ff7910: pfd->events now 60 (POLLOUT:4)
0:00:00.020492995  4483 0x565458563360 DEBUG   GST_REGISTRY gstregistrychunks.c:626:gst_registry_chunks_load_feature: Element factory : npadtemplates=2
0:00:00.015362054  4484 0x55d730fd3360 DEBUG   GST_POLL gstpoll.c:979:gst_poll_fd_ctl_write: 0x55d730ff7910: fd (fd:0, idx:1), active : 1
0:00:00.020499286  4483 0x565458563360 DEBUG   GST_REGISTRY gstregistrychunks.c:525:gst_registry_chunks_load_pad_template: Reading/casting for GstRegistryChunkPadTemplate at address 0x56545858a2d0
0:00:00.015368657  4484 0x55d730fd3360 LOG   GST_POLL gstpoll.c:994:gst_poll_fd_ctl_write: 0x55d730ff7910: pfd->events now 60 (POLLOUT:4)
0:00:00.020505319  4483 0x565458563360 DEBUG   GST_REGISTRY gstregistrychunks.c:539:gst_registry_chunks_load_pad_template: Added pad_template sink
0:00:00.015375957  4484 0x55d730fd3360 DEBUG   GST_POLL gstpoll.c:979:gst_poll_fd_ctl_write: 0x55d730ff7910: fd (fd:0, idx:1), active : 1
0:00:00.020511464  4483 0x565458563360 DEBUG   GST_REGISTRY gstregistrychunks.c:525:gst_registry_chunks_load_pad_template: Reading/casting for GstRegistryChunkPadTemplate at address 0x56545858a2e8
0:00:00.015382566  4484 0x55d730fd3360 LOG   GST_POLL gstpoll.c:994:gst_poll_fd_ctl_write: 0x55d730ff7910: pfd->events now 60 (POLLOUT:4)
0:00:00.020518644  4483 0x565458563360 DEBUG   GST_REGISTRY gstregistrychunks.c:539:gst_registry_chunks_load_pad_template: Added pad_template src
0:00:00.015389979  4484 0x55d730fd3360 DEBUG   GST_POLL gstpoll.c:979:gst_poll_fd_ctl_write: 0x55d730ff7910: fd (fd:0, idx:1), active : 1
0:00:00.015396950  4484 0x55d730fd3360 LOG   GST_POLL gstpoll.c:994:gst_poll_fd_ctl_write: 0x55d730ff7910: pfd->events now 60 (POLLOUT:4)
0:00:00.020531015  4483 0x565458563360 DEBUG   GST_REGISTRY gstregistry.c:589:gst_registry_add_feature: adding feature 0x56545858e9b0 (identity)
0:00:00.015403592  4484 0x55d730fd3360 DEBUG   GST_POLL gstpoll.c:979:gst_poll_fd_ctl_write: 0x55d730ff7910: fd (fd:0, idx:1), active : 1
0:00:00.020539683  4483 0x565458563360 DEBUG   GST_REFCOUNTING gstobject.c:708:gst_object_set_parent: set parent (ref and sink)
0:00:00.015410604  4484 0x55d730fd3360 LOG   GST_POLL gstpoll.c:994:gst_poll_fd_ctl_write: 0x55d730ff7910: pfd->events now 60 (POLLOUT:4)
0:00:00.020547701  4483 0x565458563360 TRACE   GST_REFCOUNTING gstobject.c:292:gst_object_ref_sink: 0x56545858e9b0 ref_sink 1->2
0:00:00.015417801  4484 0x55d730fd3360 DEBUG   GST_POLL gstpoll.c:979:gst_poll_fd_ctl_write: 0x55d730ff7910: fd (fd:0, idx:1), active : 1
0:00:00.020554984  4483 0x565458563360 LOG   GST_REGISTRY gstregistry.c:607:gst_registry_add_feature: emitting feature-added for identity
0:00:00.015430812  4484 0x55d730fd3360 LOG   GST_POLL gstpoll.c:994:gst_poll_fd_ctl_write: 0x55d730ff7910: pfd->events now 60 (POLLOUT:4)
0:00:00.020567836  4483 0x565458563360 DEBUG   GST_REGISTRY gstregistrychunks.c:740:gst_registry_chunks_load_feature: Added feature identity, plugin 0x565458591ea0 coreelements
0:00:00.015437755  4484 0x55d730fd3360 DEBUG   GST_POLL gstpoll.c:979:gst_poll_fd_ctl_write: 0x55d730ff7910: fd (fd:0, idx:1), active : 1
0:00:00.020574910  4483 0x565458563360 DEBUG   GST_REGISTRY gstregistrychunks.c:582:gst_registry_chunks_load_feature: Plugin 'coreelements' feature 'funnel' typename : 'GstElementFactory'
0:00:00.015444361  4484 0x55d730fd3360 LOG   GST_POLL gstpoll.c:994:gst_poll_fd_ctl_write: 0x55d730ff7910: pfd->events now 60 (POLLOUT:4)
0:00:00.020582562  4483 0x565458563360 TRACE   GST_REFCOUNTING gstobject.c:208:gst_object_init: 0x56545858f020 new
0:00:00.015451580  4484 0x55d730fd3360 DEBUG   GST_POLL gstpoll.c:979:gst_poll_fd_ctl_write: 0x55d730ff7910: fd (fd:0, idx:1), active : 1
0:00:00.020590150  4483 0x565458563360 LOG   GST_REGISTRY gstregistrychunks.c:609:gst_registry_chunks_load_feature: Reading/casting for GstRegistryChunkElementFactory at address 0x56545858a318
0:00:00.015458217  4484 0x55d730fd3360 LOG   GST_POLL gstpoll.c:994:gst_poll_fd_ctl_write: 0x55d730ff7910: pfd->events now 60 (POLLOUT:4)
0:00:00.020597201  4483 0x565458563360 TRACE   structure gststructure.c:287:gst_structure_new_id_empty_with_size: created structure 0x56545858f320
0:00:00.015465573  4484 0x55d730fd3360 DEBUG   GST_POLL gstpoll.c:979:gst_poll_fd_ctl_write: 0x55d730ff7910: fd (fd:0, idx:1), active : 1
0:00:00.020603638  4483 0x565458563360 DEBUG   structure gststructure.c:2203:gst_structure_parse_field: trying field name 'long-name'
0:00:00.015472545  4484 0x55d730fd3360 LOG   GST_POLL gstpoll.c:994:gst_poll_fd_ctl_write: 0x55d730ff7910: pfd->events now 60 (POLLOUT:4)
0:00:00.020610260  4483 0x565458563360 DEBUG   default gstvalue.c:2676:_priv_gst_value_parse_value: trying type name 'string'
0:00:00.015479559  4484 0x55d730fd3360 DEBUG   GST_POLL gstpoll.c:979:gst_poll_fd_ctl_write: 0x55d730ff7910: fd (fd:0, idx:1), active : 1
0:00:00.020617125  4483 0x565458563360 DEBUG   structure gststructure.c:2203:gst_structure_parse_field: trying field name 'klass'
0:00:00.015486124  4484 0x55d730fd3360 LOG   GST_POLL gstpoll.c:994:gst_poll_fd_ctl_write: 0x55d730ff7910: pfd->events now 60 (POLLOUT:4)
0:00:00.020623473  4483 0x565458563360 DEBUG   default gstvalue.c:2676:_priv_gst_value_parse_value: trying type name 'string'
0:00:00.015493283  4484 0x55d730fd3360 DEBUG   GST_POLL gstpoll.c:979:gst_poll_fd_ctl_write: 0x55d730ff7910: fd (fd:0, idx:1), active : 1
0:00:00.020630186  4483 0x565458563360 DEBUG   structure gststructure.c:2203:gst_structure_parse_field: trying field name 'description'
0:00:00.015500241  4484 0x55d730fd3360 LOG   GST_POLL gstpoll.c:994:gst_poll_fd_ctl_write: 0x55d730ff7910: pfd->events now 60 (POLLOUT:4)
0:00:00.020641816  4483 0x565458563360 DEBUG   default gstvalue.c:2676:_priv_gst_value_parse_value: trying type name 'string'
0:00:00.015510880  4484 0x55d730fd3360 DEBUG   GST_POLL gstpoll.c:979:gst_poll_fd_ctl_write: 0x55d730ff7910: fd (fd:0, idx:1), active : 1
0:00:00.020649023  4483 0x565458563360 DEBUG   structure gststructure.c:2203:gst_structure_parse_field: trying field name 'author'
0:00:00.015517718  4484 0x55d730fd3360 LOG   GST_POLL gstpoll.c:994:gst_poll_fd_ctl_write: 0x55d730ff7910: pfd->events now 60 (POLLOUT:4)
0:00:00.020656327  4483 0x565458563360 DEBUG   default gstvalue.c:2676:_priv_gst_value_parse_value: trying type name 'string'
0:00:00.015525055  4484 0x55d730fd3360 DEBUG   GST_POLL gstpoll.c:979:gst_poll_fd_ctl_write: 0x55d730ff7910: fd (fd:0, idx:1), active : 1
0:00:00.020663291  4483 0x565458563360 DEBUG   GST_REGISTRY gstregistrychunks.c:626:gst_registry_chunks_load_feature: Element factory : npadtemplates=2
0:00:00.015531660  4484 0x55d730fd3360 LOG   GST_POLL gstpoll.c:994:gst_poll_fd_ctl_write: 0x55d730ff7910: pfd->events now 60 (POLLOUT:4)
0:00:00.020669719  4483 0x565458563360 DEBUG   GST_REGISTRY gstregistrychunks.c:525:gst_registry_chunks_load_pad_template: Reading/casting for GstRegistryChunkPadTemplate at address 0x56545858a3f0
0:00:00.015538531  4484 0x55d730fd3360 DEBUG   GST_POLL gstpoll.c:979:gst_poll_fd_ctl_write: 0x55d730ff7910: fd (fd:0, idx:1), active : 1
0:00:00.020675893  4483 0x565458563360 DEBUG   GST_REGISTRY gstregistrychunks.c:539:gst_registry_chunks_load_pad_template: Added pad_template src
0:00:00.015545244  4484 0x55d730fd3360 LOG   GST_POLL gstpoll.c:994:gst_poll_fd_ctl_write: 0x55d730ff7910: pfd->events now 60 (POLLOUT:4)
0:00:00.020682248  4483 0x565458563360 DEBUG   GST_REGISTRY gstregistrychunks.c:525:gst_registry_chunks_load_pad_template: Reading/casting for GstRegistryChunkPadTemplate at address 0x56545858a400
0:00:00.015552402  4484 0x55d730fd3360 DEBUG   GST_POLL gstpoll.c:979:gst_poll_fd_ctl_write: 0x55d730ff7910: fd (fd:0, idx:1), active : 1
0:00:00.020688704  4483 0x565458563360 DEBUG   GST_REGISTRY gstregistrychunks.c:539:gst_registry_chunks_load_pad_template: Added pad_template sink_%u
0:00:00.015559042  4484 0x55d730fd3360 LOG   GST_POLL gstpoll.c:994:gst_poll_fd_ctl_write: 0x55d730ff7910: pfd->events now 60 (POLLOUT:4)
0:00:00.020695806  4483 0x565458563360 DEBUG   GST_REGISTRY gstregistry.c:589:gst_registry_add_feature: adding feature 0x56545858f020 (funnel)
0:00:00.015566167  4484 0x55d730fd3360 DEBUG   GST_POLL gstpoll.c:979:gst_poll_fd_ctl_write: 0x55d730ff7910: fd (fd:0, idx:1), active : 1
0:00:00.015573132  4484 0x55d730fd3360 LOG   GST_POLL gstpoll.c:994:gst_poll_fd_ctl_write: 0x55d730ff7910: pfd->events now 60 (POLLOUT:4)
0:00:00.020702476  4483 0x565458563360 DEBUG   GST_REFCOUNTING gstobject.c:708:gst_object_set_parent: set parent (ref and sink)
0:00:00.015580050  4484 0x55d730fd3360 DEBUG   GST_POLL gstpoll.c:979:gst_poll_fd_ctl_write: 0x55d730ff7910: fd (fd:0, idx:1), active : 1
0:00:00.020717429  4483 0x565458563360 TRACE   GST_REFCOUNTING gstobject.c:292:gst_object_ref_sink: 0x56545858f020 ref_sink 1->2
0:00:00.015592719  4484 0x55d730fd3360 LOG   GST_POLL gstpoll.c:994:gst_poll_fd_ctl_write: 0x55d730ff7910: pfd->events now 60 (POLLOUT:4)
0:00:00.020728639  4483 0x565458563360 LOG   GST_REGISTRY gstregistry.c:607:gst_registry_add_feature: emitting feature-added for funnel
0:00:00.015599575  4484 0x55d730fd3360 DEBUG   GST_POLL gstpoll.c:979:gst_poll_fd_ctl_write: 0x55d730ff7910: fd (fd:0, idx:1), active : 1
0:00:00.020736070  4483 0x565458563360 DEBUG   GST_REGISTRY gstregistrychunks.c:740:gst_registry_chunks_load_feature: Added feature funnel, plugin 0x565458591ea0 coreelements
0:00:00.015606344  4484 0x55d730fd3360 LOG   GST_POLL gstpoll.c:994:gst_poll_fd_ctl_write: 0x55d730ff7910: pfd->events now 60 (POLLOUT:4)
0:00:00.020743456  4483 0x565458563360 DEBUG   GST_REGISTRY gstregistrychunks.c:582:gst_registry_chunks_load_feature: Plugin 'coreelements' feature 'filesrc' typename : 'GstElementFactory'
0:00:00.015613561  4484 0x55d730fd3360 DEBUG   GST_POLL gstpoll.c:979:gst_poll_fd_ctl_write: 0x55d730ff7910: fd (fd:0, idx:1), active : 1
0:00:00.020750994  4483 0x565458563360 TRACE   GST_REFCOUNTING gstobject.c:208:gst_object_init: 0x56545858f740 new
0:00:00.015621130  4484 0x55d730fd3360 LOG   GST_POLL gstpoll.c:994:gst_poll_fd_ctl_write: 0x55d730ff7910: pfd->events now 60 (POLLOUT:4)
0:00:00.020759570  4483 0x565458563360 LOG   GST_REGISTRY gstregistrychunks.c:609:gst_registry_chunks_load_feature: Reading/casting for GstRegistryChunkElementFactory at address 0x56545858a430
0:00:00.015628211  4484 0x55d730fd3360 DEBUG   GST_POLL gstpoll.c:979:gst_poll_fd_ctl_write: 0x55d730ff7910: fd (fd:0, idx:1), active : 1
0:00:00.020766487  4483 0x565458563360 TRACE   structure gststructure.c:287:gst_structure_new_id_empty_with_size: created structure 0x56545858fa40
0:00:00.015634950  4484 0x55d730fd3360 LOG   GST_POLL gstpoll.c:994:gst_poll_fd_ctl_write: 0x55d730ff7910: pfd->events now 60 (POLLOUT:4)
0:00:00.020772821  4483 0x565458563360 DEBUG   structure gststructure.c:2203:gst_structure_parse_field: trying field name 'long-name'
0:00:00.020779241  4483 0x565458563360 DEBUG   default gstvalue.c:2676:_priv_gst_value_parse_value: trying type name 'string'
0:00:00.015641774  4484 0x55d730fd3360 DEBUG   GST_POLL gstpoll.c:979:gst_poll_fd_ctl_write: 0x55d730ff7910: fd (fd:0, idx:1), active : 1
0:00:00.020785635  4483 0x565458563360 DEBUG   structure gststructure.c:2203:gst_structure_parse_field: trying field name 'klass'
0:00:00.015654224  4484 0x55d730fd3360 LOG   GST_POLL gstpoll.c:994:gst_poll_fd_ctl_write: 0x55d730ff7910: pfd->events now 60 (POLLOUT:4)
0:00:00.020791953  4483 0x565458563360 DEBUG   default gstvalue.c:2676:_priv_gst_value_parse_value: trying type name 'string'
0:00:00.015661179  4484 0x55d730fd3360 DEBUG   GST_POLL gstpoll.c:979:gst_poll_fd_ctl_write: 0x55d730ff7910: fd (fd:0, idx:1), active : 1
0:00:00.020798768  4483 0x565458563360 DEBUG   structure gststructure.c:2203:gst_structure_parse_field: trying field name 'description'
0:00:00.015667850  4484 0x55d730fd3360 LOG   GST_POLL gstpoll.c:994:gst_poll_fd_ctl_write: 0x55d730ff7910: pfd->events now 60 (POLLOUT:4)
0:00:00.020810944  4483 0x565458563360 DEBUG   default gstvalue.c:2676:_priv_gst_value_parse_value: trying type name 'string'
0:00:00.015680164  4484 0x55d730fd3360 DEBUG   GST_POLL gstpoll.c:979:gst_poll_fd_ctl_write: 0x55d730ff7910: fd (fd:0, idx:1), active : 1
0:00:00.020818318  4483 0x565458563360 DEBUG   structure gststructure.c:2203:gst_structure_parse_field: trying field name 'author'
0:00:00.015686684  4484 0x55d730fd3360 LOG   GST_POLL gstpoll.c:994:gst_poll_fd_ctl_write: 0x55d730ff7910: pfd->events now 60 (POLLOUT:4)
0:00:00.020825089  4483 0x565458563360 DEBUG   default gstvalue.c:2676:_priv_gst_value_parse_value: trying type name 'string'
0:00:00.015694356  4484 0x55d730fd3360 DEBUG   GST_POLL gstpoll.c:979:gst_poll_fd_ctl_write: 0x55d730ff7910: fd (fd:0, idx:1), active : 1
0:00:00.020832249  4483 0x565458563360 DEBUG   GST_REGISTRY gstregistrychunks.c:626:gst_registry_chunks_load_feature: Element factory : npadtemplates=1
0:00:00.015701311  4484 0x55d730fd3360 LOG   GST_POLL gstpoll.c:994:gst_poll_fd_ctl_write: 0x55d730ff7910: pfd->events now 60 (POLLOUT:4)
0:00:00.020838712  4483 0x565458563360 DEBUG   GST_REGISTRY gstregistrychunks.c:525:gst_registry_chunks_load_pad_template: Reading/casting for GstRegistryChunkPadTemplate at address 0x56545858a510
0:00:00.015708216  4484 0x55d730fd3360 DEBUG   GST_POLL gstpoll.c:979:gst_poll_fd_ctl_write: 0x55d730ff7910: fd (fd:0, idx:1), active : 1
0:00:00.020844990  4483 0x565458563360 DEBUG   GST_REGISTRY gstregistrychunks.c:539:gst_registry_chunks_load_pad_template: Added pad_template src
0:00:00.015714972  4484 0x55d730fd3360 LOG   GST_POLL gstpoll.c:994:gst_poll_fd_ctl_write: 0x55d730ff7910: pfd->events now 60 (POLLOUT:4)
0:00:00.020851984  4483 0x565458563360 DEBUG   GST_REGISTRY gstregistrychunks.c:639:gst_registry_chunks_load_feature: Reading 1 UriTypes at address 0x56545858a520
0:00:00.015722070  4484 0x55d730fd3360 DEBUG   GST_POLL gstpoll.c:979:gst_poll_fd_ctl_write: 0x55d730ff7910: fd (fd:0, idx:1), active : 1
0:00:00.020859699  4483 0x565458563360 DEBUG   GST_REGISTRY gstregistrychunks.c:654:gst_registry_chunks_load_feature: Reading 1 Interfaces at address 0x56545858a529
0:00:00.015728766  4484 0x55d730fd3360 LOG   GST_POLL gstpoll.c:994:gst_poll_fd_ctl_write: 0x55d730ff7910: pfd->events now 60 (POLLOUT:4)
0:00:00.020867793  4483 0x565458563360 DEBUG   GST_REGISTRY gstregistry.c:589:gst_registry_add_feature: adding feature 0x56545858f740 (filesrc)
0:00:00.015737835  4484 0x55d730fd3360 DEBUG   GST_POLL gstpoll.c:979:gst_poll_fd_ctl_write: 0x55d730ff7910: fd (fd:0, idx:1), active : 1
0:00:00.020874608  4483 0x565458563360 DEBUG   GST_REFCOUNTING gstobject.c:708:gst_object_set_parent: set parent (ref and sink)
0:00:00.020883771  4483 0x565458563360 TRACE   GST_REFCOUNTING gstobject.c:292:gst_object_ref_sink: 0x56545858f740 ref_sink 1->2
0:00:00.015749340  4484 0x55d730fd3360 LOG   GST_POLL gstpoll.c:994:gst_poll_fd_ctl_write: 0x55d730ff7910: pfd->events now 60 (POLLOUT:4)
0:00:00.020890403  4483 0x565458563360 LOG   GST_REGISTRY gstregistry.c:607:gst_registry_add_feature: emitting feature-added for filesrc
0:00:00.020903510  4483 0x565458563360 DEBUG   GST_REGISTRY gstregistrychunks.c:740:gst_registry_chunks_load_feature: Added feature filesrc, plugin 0x565458591ea0 coreelements
0:00:00.015769080  4484 0x55d730fd3360 DEBUG   GST_POLL gstpoll.c:979:gst_poll_fd_ctl_write: 0x55d730ff7910: fd (fd:0, idx:1), active : 1
0:00:00.020910225  4483 0x565458563360 DEBUG   GST_REGISTRY gstregistrychunks.c:582:gst_registry_chunks_load_feature: Plugin 'coreelements' feature 'fdsink' typename : 'GstElementFactory'
0:00:00.015782592  4484 0x55d730fd3360 LOG   GST_POLL gstpoll.c:994:gst_poll_fd_ctl_write: 0x55d730ff7910: pfd->events now 60 (POLLOUT:4)
0:00:00.020918262  4483 0x565458563360 TRACE   GST_REFCOUNTING gstobject.c:208:gst_object_init: 0x56545858fef0 new
0:00:00.015793820  4484 0x55d730fd3360 DEBUG   GST_POLL gstpoll.c:979:gst_poll_fd_ctl_write: 0x55d730ff7910: fd (fd:0, idx:1), active : 1
0:00:00.020929771  4483 0x565458563360 LOG   GST_REGISTRY gstregistrychunks.c:609:gst_registry_chunks_load_feature: Reading/casting for GstRegistryChunkElementFactory at address 0x56545858a550
0:00:00.015800666  4484 0x55d730fd3360 LOG   GST_POLL gstpoll.c:994:gst_poll_fd_ctl_write: 0x55d730ff7910: pfd->events now 60 (POLLOUT:4)
0:00:00.020937328  4483 0x565458563360 TRACE   structure gststructure.c:287:gst_structure_new_id_empty_with_size: created structure 0x565458590270
0:00:00.015808056  4484 0x55d730fd3360 DEBUG   GST_POLL gstpoll.c:979:gst_poll_fd_ctl_write: 0x55d730ff7910: fd (fd:0, idx:1), active : 1
0:00:00.020943519  4483 0x565458563360 DEBUG   structure gststructure.c:2203:gst_structure_parse_field: trying field name 'long-name'
0:00:00.015814766  4484 0x55d730fd3360 LOG   GST_POLL gstpoll.c:994:gst_poll_fd_ctl_write: 0x55d730ff7910: pfd->events now 60 (POLLOUT:4)
0:00:00.020950827  4483 0x565458563360 DEBUG   default gstvalue.c:2676:_priv_gst_value_parse_value: trying type name 'string'
0:00:00.015821852  4484 0x55d730fd3360 DEBUG   GST_POLL gstpoll.c:979:gst_poll_fd_ctl_write: 0x55d730ff7910: fd (fd:0, idx:1), active : 1
0:00:00.020958247  4483 0x565458563360 DEBUG   structure gststructure.c:2203:gst_structure_parse_field: trying field name 'klass'
0:00:00.015828544  4484 0x55d730fd3360 LOG   GST_POLL gstpoll.c:994:gst_poll_fd_ctl_write: 0x55d730ff7910: pfd->events now 60 (POLLOUT:4)
0:00:00.020964594  4483 0x565458563360 DEBUG   default gstvalue.c:2676:_priv_gst_value_parse_value: trying type name 'string'
0:00:00.015835738  4484 0x55d730fd3360 DEBUG   GST_POLL gstpoll.c:979:gst_poll_fd_ctl_write: 0x55d730ff7910: fd (fd:0, idx:1), active : 1
0:00:00.020971702  4483 0x565458563360 DEBUG   structure gststructure.c:2203:gst_structure_parse_field: trying field name 'description'
0:00:00.015842879  4484 0x55d730fd3360 LOG   GST_POLL gstpoll.c:994:gst_poll_fd_ctl_write: 0x55d730ff7910: pfd->events now 60 (POLLOUT:4)
0:00:00.020978842  4483 0x565458563360 DEBUG   default gstvalue.c:2676:_priv_gst_value_parse_value: trying type name 'string'
0:00:00.015850156  4484 0x55d730fd3360 DEBUG   GST_POLL gstpoll.c:979:gst_poll_fd_ctl_write: 0x55d730ff7910: fd (fd:0, idx:1), active : 1
0:00:00.020993252  4483 0x565458563360 DEBUG   structure gststructure.c:2203:gst_structure_parse_field: trying field name 'author'
0:00:00.015861121  4484 0x55d730fd3360 LOG   GST_POLL gstpoll.c:994:gst_poll_fd_ctl_write: 0x55d730ff7910: pfd->events now 60 (POLLOUT:4)
0:00:00.021000288  4483 0x565458563360 DEBUG   default gstvalue.c:2676:_priv_gst_value_parse_value: trying type name 'string'
0:00:00.015869929  4484 0x55d730fd3360 DEBUG   GST_POLL gstpoll.c:979:gst_poll_fd_ctl_write: 0x55d730ff7910: fd (fd:0, idx:1), active : 1
0:00:00.021007599  4483 0x565458563360 DEBUG   GST_REGISTRY gstregistrychunks.c:626:gst_registry_chunks_load_feature: Element factory : npadtemplates=1
0:00:00.015876964  4484 0x55d730fd3360 LOG   GST_POLL gstpoll.c:994:gst_poll_fd_ctl_write: 0x55d730ff7910: pfd->events now 60 (POLLOUT:4)
0:00:00.021014444  4483 0x565458563360 DEBUG   GST_REGISTRY gstregistrychunks.c:525:gst_registry_chunks_load_pad_template: Reading/casting for GstRegistryChunkPadTemplate at address 0x56545858a630
0:00:00.015884067  4484 0x55d730fd3360 DEBUG   GST_POLL gstpoll.c:979:gst_poll_fd_ctl_write: 0x55d730ff7910: fd (fd:0, idx:1), active : 1
0:00:00.021020991  4483 0x565458563360 DEBUG   GST_REGISTRY gstregistrychunks.c:539:gst_registry_chunks_load_pad_template: Added pad_template sink
0:00:00.015890932  4484 0x55d730fd3360 LOG   GST_POLL gstpoll.c:994:gst_poll_fd_ctl_write: 0x55d730ff7910: pfd->events now 60 (POLLOUT:4)
0:00:00.021028225  4483 0x565458563360 DEBUG   GST_REGISTRY gstregistrychunks.c:639:gst_registry_chunks_load_feature: Reading 1 UriTypes at address 0x56545858a641
0:00:00.015898098  4484 0x55d730fd3360 DEBUG   GST_POLL gstpoll.c:979:gst_poll_fd_ctl_write: 0x55d730ff7910: fd (fd:0, idx:1), active : 1
0:00:00.021035323  4483 0x565458563360 DEBUG   GST_REGISTRY gstregistrychunks.c:654:gst_registry_chunks_load_feature: Reading 1 Interfaces at address 0x56545858a64f
0:00:00.015904915  4484 0x55d730fd3360 LOG   GST_POLL gstpoll.c:994:gst_poll_fd_ctl_write: 0x55d730ff7910: pfd->events now 60 (POLLOUT:4)
0:00:00.021043236  4483 0x565458563360 DEBUG   GST_REGISTRY gstregistry.c:589:gst_registry_add_feature: adding feature 0x56545858fef0 (fdsink)
0:00:00.015911922  4484 0x55d730fd3360 DEBUG   GST_POLL gstpoll.c:979:gst_poll_fd_ctl_write: 0x55d730ff7910: fd (fd:0, idx:1), active : 1
0:00:00.021050137  4483 0x565458563360 DEBUG   GST_REFCOUNTING gstobject.c:708:gst_object_set_parent: set parent (ref and sink)
0:00:00.015919017  4484 0x55d730fd3360 LOG   GST_POLL gstpoll.c:994:gst_poll_fd_ctl_write: 0x55d730ff7910: pfd->events now 60 (POLLOUT:4)
0:00:00.021058595  4483 0x565458563360 TRACE   GST_REFCOUNTING gstobject.c:292:gst_object_ref_sink: 0x56545858fef0 ref_sink 1->2
0:00:00.015926801  4484 0x55d730fd3360 DEBUG   GST_POLL gstpoll.c:979:gst_poll_fd_ctl_write: 0x55d730ff7910: fd (fd:0, idx:1), active : 1
0:00:00.021066047  4483 0x565458563360 LOG   GST_REGISTRY gstregistry.c:607:gst_registry_add_feature: emitting feature-added for fdsink
0:00:00.015934578  4484 0x55d730fd3360 LOG   GST_POLL gstpoll.c:994:gst_poll_fd_ctl_write: 0x55d730ff7910: pfd->events now 60 (POLLOUT:4)
0:00:00.021079997  4483 0x565458563360 DEBUG   GST_REGISTRY gstregistrychunks.c:740:gst_registry_chunks_load_feature: Added feature fdsink, plugin 0x565458591ea0 coreelements
0:00:00.015948822  4484 0x55d730fd3360 DEBUG   GST_POLL gstpoll.c:979:gst_poll_fd_ctl_write: 0x55d730ff7910: fd (fd:0, idx:1), active : 1
0:00:00.021087404  4483 0x565458563360 DEBUG   GST_REGISTRY gstregistrychunks.c:582:gst_registry_chunks_load_feature: Plugin 'coreelements' feature 'fdsrc' typename : 'GstElementFactory'
0:00:00.015955747  4484 0x55d730fd3360 LOG   GST_POLL gstpoll.c:994:gst_poll_fd_ctl_write: 0x55d730ff7910: pfd->events now 60 (POLLOUT:4)
0:00:00.021095784  4483 0x565458563360 TRACE   GST_REFCOUNTING gstobject.c:208:gst_object_init: 0x5654585944b0 new
0:00:00.015962959  4484 0x55d730fd3360 DEBUG   GST_POLL gstpoll.c:979:gst_poll_fd_ctl_write: 0x55d730ff7910: fd (fd:0, idx:1), active : 1
0:00:00.021103210  4483 0x565458563360 LOG   GST_REGISTRY gstregistrychunks.c:609:gst_registry_chunks_load_feature: Reading/casting for GstRegistryChunkElementFactory at address 0x56545858a678
0:00:00.015971647  4484 0x55d730fd3360 LOG   GST_POLL gstpoll.c:994:gst_poll_fd_ctl_write: 0x55d730ff7910: pfd->events now 60 (POLLOUT:4)
0:00:00.021110439  4483 0x565458563360 TRACE   structure gststructure.c:287:gst_structure_new_id_empty_with_size: created structure 0x5654585946e0
0:00:00.015979027  4484 0x55d730fd3360 DEBUG   GST_POLL gstpoll.c:979:gst_poll_fd_ctl_write: 0x55d730ff7910: fd (fd:0, idx:1), active : 1
0:00:00.021117020  4483 0x565458563360 DEBUG   structure gststructure.c:2203:gst_structure_parse_field: trying field name 'long-name'
0:00:00.015986118  4484 0x55d730fd3360 LOG   GST_POLL gstpoll.c:994:gst_poll_fd_ctl_write: 0x55d730ff7910: pfd->events now 60 (POLLOUT:4)
0:00:00.021123402  4483 0x565458563360 DEBUG   default gstvalue.c:2676:_priv_gst_value_parse_value: trying type name 'string'
0:00:00.015993095  4484 0x55d730fd3360 DEBUG   GST_POLL gstpoll.c:979:gst_poll_fd_ctl_write: 0x55d730ff7910: fd (fd:0, idx:1), active : 1
0:00:00.021130482  4483 0x565458563360 DEBUG   structure gststructure.c:2203:gst_structure_parse_field: trying field name 'klass'
0:00:00.016000096  4484 0x55d730fd3360 LOG   GST_POLL gstpoll.c:994:gst_poll_fd_ctl_write: 0x55d730ff7910: pfd->events now 60 (POLLOUT:4)
0:00:00.021136811  4483 0x565458563360 DEBUG   default gstvalue.c:2676:_priv_gst_value_parse_value: trying type name 'string'
0:00:00.016007245  4484 0x55d730fd3360 DEBUG   GST_POLL gstpoll.c:979:gst_poll_fd_ctl_write: 0x55d730ff7910: fd (fd:0, idx:1), active : 1
0:00:00.021143167  4483 0x565458563360 DEBUG   structure gststructure.c:2203:gst_structure_parse_field: trying field name 'description'
0:00:00.016014034  4484 0x55d730fd3360 LOG   GST_POLL gstpoll.c:994:gst_poll_fd_ctl_write: 0x55d730ff7910: pfd->events now 60 (POLLOUT:4)
0:00:00.021149644  4483 0x565458563360 DEBUG   default gstvalue.c:2676:_priv_gst_value_parse_value: trying type name 'string'
0:00:00.016021021  4484 0x55d730fd3360 DEBUG   GST_POLL gstpoll.c:979:gst_poll_fd_ctl_write: 0x55d730ff7910: fd (fd:0, idx:1), active : 1
0:00:00.021163546  4483 0x565458563360 DEBUG   structure gststructure.c:2203:gst_structure_parse_field: trying field name 'author'
0:00:00.016032050  4484 0x55d730fd3360 LOG   GST_POLL gstpoll.c:994:gst_poll_fd_ctl_write: 0x55d730ff7910: pfd->events now 60 (POLLOUT:4)
0:00:00.021169978  4483 0x565458563360 DEBUG   default gstvalue.c:2676:_priv_gst_value_parse_value: trying type name 'string'
0:00:00.016039216  4484 0x55d730fd3360 DEBUG   GST_POLL gstpoll.c:979:gst_poll_fd_ctl_write: 0x55d730ff7910: fd (fd:0, idx:1), active : 1
0:00:00.021176728  4483 0x565458563360 DEBUG   GST_REGISTRY gstregistrychunks.c:626:gst_registry_chunks_load_feature: Element factory : npadtemplates=1
0:00:00.016045812  4484 0x55d730fd3360 LOG   GST_POLL gstpoll.c:994:gst_poll_fd_ctl_write: 0x55d730ff7910: pfd->events now 60 (POLLOUT:4)
0:00:00.021182853  4483 0x565458563360 DEBUG   GST_REGISTRY gstregistrychunks.c:525:gst_registry_chunks_load_pad_template: Reading/casting for GstRegistryChunkPadTemplate at address 0x56545858a758
0:00:00.016052590  4484 0x55d730fd3360 DEBUG   GST_POLL gstpoll.c:979:gst_poll_fd_ctl_write: 0x55d730ff7910: fd (fd:0, idx:1), active : 1
0:00:00.021189243  4483 0x565458563360 DEBUG   GST_REGISTRY gstregistrychunks.c:539:gst_registry_chunks_load_pad_template: Added pad_template src
0:00:00.016059442  4484 0x55d730fd3360 LOG   GST_POLL gstpoll.c:994:gst_poll_fd_ctl_write: 0x55d730ff7910: pfd->events now 60 (POLLOUT:4)
0:00:00.021195609  4483 0x565458563360 DEBUG   GST_REGISTRY gstregistrychunks.c:639:gst_registry_chunks_load_feature: Reading 1 UriTypes at address 0x56545858a768
0:00:00.016066783  4484 0x55d730fd3360 DEBUG   GST_POLL gstpoll.c:979:gst_poll_fd_ctl_write: 0x55d730ff7910: fd (fd:0, idx:1), active : 1
0:00:00.021202829  4483 0x565458563360 DEBUG   GST_REGISTRY gstregistrychunks.c:654:gst_registry_chunks_load_feature: Reading 1 Interfaces at address 0x56545858a76f
0:00:00.016073530  4484 0x55d730fd3360 LOG   GST_POLL gstpoll.c:994:gst_poll_fd_ctl_write: 0x55d730ff7910: pfd->events now 60 (POLLOUT:4)
0:00:00.021210627  4483 0x565458563360 DEBUG   GST_REGISTRY gstregistry.c:589:gst_registry_add_feature: adding feature 0x5654585944b0 (fdsrc)
0:00:00.016080495  4484 0x55d730fd3360 DEBUG   GST_POLL gstpoll.c:979:gst_poll_fd_ctl_write: 0x55d730ff7910: fd (fd:0, idx:1), active : 1
0:00:00.021216930  4483 0x565458563360 DEBUG   GST_REFCOUNTING gstobject.c:708:gst_object_set_parent: set parent (ref and sink)
0:00:00.016087063  4484 0x55d730fd3360 LOG   GST_POLL gstpoll.c:994:gst_poll_fd_ctl_write: 0x55d730ff7910: pfd->events now 60 (POLLOUT:4)
0:00:00.021224453  4483 0x565458563360 TRACE   GST_REFCOUNTING gstobject.c:292:gst_object_ref_sink: 0x5654585944b0 ref_sink 1->2
0:00:00.016094185  4484 0x55d730fd3360 DEBUG   GST_POLL gstpoll.c:979:gst_poll_fd_ctl_write: 0x55d730ff7910: fd (fd:0, idx:1), active : 1
0:00:00.021231132  4483 0x565458563360 LOG   GST_REGISTRY gstregistry.c:607:gst_registry_add_feature: emitting feature-added for fdsrc
0:00:00.016100930  4484 0x55d730fd3360 LOG   GST_POLL gstpoll.c:994:gst_poll_fd_ctl_write: 0x55d730ff7910: pfd->events now 60 (POLLOUT:4)
0:00:00.021243644  4483 0x565458563360 DEBUG   GST_REGISTRY gstregistrychunks.c:740:gst_registry_chunks_load_feature: Added feature fdsrc, plugin 0x565458591ea0 coreelements
0:00:00.016112420  4484 0x55d730fd3360 DEBUG   GST_POLL gstpoll.c:979:gst_poll_fd_ctl_write: 0x55d730ff7910: fd (fd:0, idx:1), active : 1
0:00:00.021250959  4483 0x565458563360 DEBUG   GST_REGISTRY gstregistrychunks.c:582:gst_registry_chunks_load_feature: Plugin 'coreelements' feature 'fakesink' typename : 'GstElementFactory'
0:00:00.016119362  4484 0x55d730fd3360 LOG   GST_POLL gstpoll.c:994:gst_poll_fd_ctl_write: 0x55d730ff7910: pfd->events now 60 (POLLOUT:4)
0:00:00.021258912  4483 0x565458563360 TRACE   GST_REFCOUNTING gstobject.c:208:gst_object_init: 0x565458594b60 new
0:00:00.016126589  4484 0x55d730fd3360 DEBUG   GST_POLL gstpoll.c:979:gst_poll_fd_ctl_write: 0x55d730ff7910: fd (fd:0, idx:1), active : 1
0:00:00.021266971  4483 0x565458563360 LOG   GST_REGISTRY gstregistrychunks.c:609:gst_registry_chunks_load_feature: Reading/casting for GstRegistryChunkElementFactory at address 0x56545858a798
0:00:00.016134961  4484 0x55d730fd3360 LOG   GST_POLL gstpoll.c:994:gst_poll_fd_ctl_write: 0x55d730ff7910: pfd->events now 60 (POLLOUT:4)
0:00:00.021274152  4483 0x565458563360 TRACE   structure gststructure.c:287:gst_structure_new_id_empty_with_size: created structure 0x565458594d90
0:00:00.016143168  4484 0x55d730fd3360 DEBUG   GST_POLL gstpoll.c:979:gst_poll_fd_ctl_write: 0x55d730ff7910: fd (fd:0, idx:1), active : 1
0:00:00.021281483  4483 0x565458563360 DEBUG   structure gststructure.c:2203:gst_structure_parse_field: trying field name 'long-name'
0:00:00.016150098  4484 0x55d730fd3360 LOG   GST_POLL gstpoll.c:994:gst_poll_fd_ctl_write: 0x55d730ff7910: pfd->events now 60 (POLLOUT:4)
0:00:00.021288169  4483 0x565458563360 DEBUG   default gstvalue.c:2676:_priv_gst_value_parse_value: trying type name 'string'
0:00:00.016156901  4484 0x55d730fd3360 DEBUG   GST_POLL gstpoll.c:979:gst_poll_fd_ctl_write: 0x55d730ff7910: fd (fd:0, idx:1), active : 1
0:00:00.021294849  4483 0x565458563360 DEBUG   structure gststructure.c:2203:gst_structure_parse_field: trying field name 'klass'
0:00:00.016163464  4484 0x55d730fd3360 LOG   GST_POLL gstpoll.c:994:gst_poll_fd_ctl_write: 0x55d730ff7910: pfd->events now 60 (POLLOUT:4)
0:00:00.016181892  4484 0x55d730fd3360 DEBUG   GST_POLL gstpoll.c:979:gst_poll_fd_ctl_write: 0x55d730ff7910: fd (fd:0, idx:1), active : 1
0:00:00.021301042  4483 0x565458563360 DEBUG   default gstvalue.c:2676:_priv_gst_value_parse_value: trying type name 'string'
0:00:00.016190079  4484 0x55d730fd3360 LOG   GST_POLL gstpoll.c:994:gst_poll_fd_ctl_write: 0x55d730ff7910: pfd->events now 60 (POLLOUT:4)
0:00:00.016196990  4484 0x55d730fd3360 DEBUG   GST_POLL gstpoll.c:979:gst_poll_fd_ctl_write: 0x55d730ff7910: fd (fd:0, idx:1), active : 1
0:00:00.021330706  4483 0x565458563360 DEBUG   structure gststructure.c:2203:gst_structure_parse_field: trying field name 'description'
0:00:00.016203513  4484 0x55d730fd3360 LOG   GST_POLL gstpoll.c:994:gst_poll_fd_ctl_write: 0x55d730ff7910: pfd->events now 60 (POLLOUT:4)
0:00:00.021349397  4483 0x565458563360 DEBUG   default gstvalue.c:2676:_priv_gst_value_parse_value: trying type name 'string'
0:00:00.016217711  4484 0x55d730fd3360 DEBUG   GST_POLL gstpoll.c:979:gst_poll_fd_ctl_write: 0x55d730ff7910: fd (fd:0, idx:1), active : 1
0:00:00.021359036  4483 0x565458563360 DEBUG   structure gststructure.c:2203:gst_structure_parse_field: trying field name 'author'
0:00:00.016226453  4484 0x55d730fd3360 LOG   GST_POLL gstpoll.c:994:gst_poll_fd_ctl_write: 0x55d730ff7910: pfd->events now 60 (POLLOUT:4)
0:00:00.021365379  4483 0x565458563360 DEBUG   default gstvalue.c:2676:_priv_gst_value_parse_value: trying type name 'string'
0:00:00.016234543  4484 0x55d730fd3360 DEBUG   GST_POLL gstpoll.c:979:gst_poll_fd_ctl_write: 0x55d730ff7910: fd (fd:0, idx:1), active : 1
0:00:00.016241398  4484 0x55d730fd3360 LOG   GST_POLL gstpoll.c:994:gst_poll_fd_ctl_write: 0x55d730ff7910: pfd->events now 60 (POLLOUT:4)
0:00:00.021375876  4483 0x565458563360 DEBUG   GST_REGISTRY gstregistrychunks.c:626:gst_registry_chunks_load_feature: Element factory : npadtemplates=1
0:00:00.016248006  4484 0x55d730fd3360 DEBUG   GST_POLL gstpoll.c:979:gst_poll_fd_ctl_write: 0x55d730ff7910: fd (fd:0, idx:1), active : 1
0:00:00.021383633  4483 0x565458563360 DEBUG   GST_REGISTRY gstregistrychunks.c:525:gst_registry_chunks_load_pad_template: Reading/casting for GstRegistryChunkPadTemplate at address 0x56545858a8c0
0:00:00.016254515  4484 0x55d730fd3360 LOG   GST_POLL gstpoll.c:994:gst_poll_fd_ctl_write: 0x55d730ff7910: pfd->events now 60 (POLLOUT:4)
0:00:00.021390761  4483 0x565458563360 DEBUG   GST_REGISTRY gstregistrychunks.c:539:gst_registry_chunks_load_pad_template: Added pad_template sink
0:00:00.016261413  4484 0x55d730fd3360 DEBUG   GST_POLL gstpoll.c:979:gst_poll_fd_ctl_write: 0x55d730ff7910: fd (fd:0, idx:1), active : 1
0:00:00.016268095  4484 0x55d730fd3360 LOG   GST_POLL gstpoll.c:994:gst_poll_fd_ctl_write: 0x55d730ff7910: pfd->events now 60 (POLLOUT:4)
0:00:00.021402903  4483 0x565458563360 DEBUG   GST_REGISTRY gstregistry.c:589:gst_registry_add_feature: adding feature 0x565458594b60 (fakesink)
0:00:00.016274747  4484 0x55d730fd3360 DEBUG   GST_POLL gstpoll.c:979:gst_poll_fd_ctl_write: 0x55d730ff7910: fd (fd:0, idx:1), active : 1
0:00:00.021411064  4483 0x565458563360 DEBUG   GST_REFCOUNTING gstobject.c:708:gst_object_set_parent: set parent (ref and sink)
0:00:00.016281570  4484 0x55d730fd3360 LOG   GST_POLL gstpoll.c:994:gst_poll_fd_ctl_write: 0x55d730ff7910: pfd->events now 60 (POLLOUT:4)
0:00:00.021419332  4483 0x565458563360 TRACE   GST_REFCOUNTING gstobject.c:292:gst_object_ref_sink: 0x565458594b60 ref_sink 1->2
0:00:00.016289092  4484 0x55d730fd3360 DEBUG   GST_POLL gstpoll.c:979:gst_poll_fd_ctl_write: 0x55d730ff7910: fd (fd:0, idx:1), active : 1
0:00:00.021426549  4483 0x565458563360 LOG   GST_REGISTRY gstregistry.c:607:gst_registry_add_feature: emitting feature-added for fakesink
0:00:00.016296301  4484 0x55d730fd3360 LOG   GST_POLL gstpoll.c:994:gst_poll_fd_ctl_write: 0x55d730ff7910: pfd->events now 60 (POLLOUT:4)
0:00:00.021450426  4483 0x565458563360 DEBUG   GST_REGISTRY gstregistrychunks.c:740:gst_registry_chunks_load_feature: Added feature fakesink, plugin 0x565458591ea0 coreelements
0:00:00.016318539  4484 0x55d730fd3360 DEBUG   GST_POLL gstpoll.c:979:gst_poll_fd_ctl_write: 0x55d730ff7910: fd (fd:0, idx:1), active : 1
0:00:00.021457998  4483 0x565458563360 DEBUG   GST_REGISTRY gstregistrychunks.c:582:gst_registry_chunks_load_feature: Plugin 'coreelements' feature 'fakesrc' typename : 'GstElementFactory'
0:00:00.016326028  4484 0x55d730fd3360 LOG   GST_POLL gstpoll.c:994:gst_poll_fd_ctl_write: 0x55d730ff7910: pfd->events now 60 (POLLOUT:4)
0:00:00.021466758  4483 0x565458563360 TRACE   GST_REFCOUNTING gstobject.c:208:gst_object_init: 0x5654585950f0 new
0:00:00.016334038  4484 0x55d730fd3360 DEBUG   GST_POLL gstpoll.c:979:gst_poll_fd_ctl_write: 0x55d730ff7910: fd (fd:0, idx:1), active : 1
0:00:00.021475274  4483 0x565458563360 LOG   GST_REGISTRY gstregistrychunks.c:609:gst_registry_chunks_load_feature: Reading/casting for GstRegistryChunkElementFactory at address 0x56545858a8f0
0:00:00.016342509  4484 0x55d730fd3360 LOG   GST_POLL gstpoll.c:994:gst_poll_fd_ctl_write: 0x55d730ff7910: pfd->events now 60 (POLLOUT:4)
0:00:00.021482155  4483 0x565458563360 TRACE   structure gststructure.c:287:gst_structure_new_id_empty_with_size: created structure 0x5654585951e0
0:00:00.016350430  4484 0x55d730fd3360 DEBUG   GST_POLL gstpoll.c:979:gst_poll_fd_ctl_write: 0x55d730ff7910: fd (fd:0, idx:1), active : 1
0:00:00.021488636  4483 0x565458563360 DEBUG   structure gststructure.c:2203:gst_structure_parse_field: trying field name 'long-name'
0:00:00.016357243  4484 0x55d730fd3360 LOG   GST_POLL gstpoll.c:994:gst_poll_fd_ctl_write: 0x55d730ff7910: pfd->events now 60 (POLLOUT:4)
0:00:00.021496286  4483 0x565458563360 DEBUG   default gstvalue.c:2676:_priv_gst_value_parse_value: trying type name 'string'
0:00:00.016364564  4484 0x55d730fd3360 DEBUG   GST_POLL gstpoll.c:979:gst_poll_fd_ctl_write: 0x55d730ff7910: fd (fd:0, idx:1), active : 1
0:00:00.021503134  4483 0x565458563360 DEBUG   structure gststructure.c:2203:gst_structure_parse_field: trying field name 'klass'
0:00:00.016371503  4484 0x55d730fd3360 LOG   GST_POLL gstpoll.c:994:gst_poll_fd_ctl_write: 0x55d730ff7910: pfd->events now 60 (POLLOUT:4)
0:00:00.021509741  4483 0x565458563360 DEBUG   default gstvalue.c:2676:_priv_gst_value_parse_value: trying type name 'string'
0:00:00.016379027  4484 0x55d730fd3360 DEBUG   GST_POLL gstpoll.c:979:gst_poll_fd_ctl_write: 0x55d730ff7910: fd (fd:0, idx:1), active : 1
0:00:00.021516864  4483 0x565458563360 DEBUG   structure gststructure.c:2203:gst_structure_parse_field: trying field name 'description'
0:00:00.016385950  4484 0x55d730fd3360 LOG   GST_POLL gstpoll.c:994:gst_poll_fd_ctl_write: 0x55d730ff7910: pfd->events now 60 (POLLOUT:4)
0:00:00.021523359  4483 0x565458563360 DEBUG   default gstvalue.c:2676:_priv_gst_value_parse_value: trying type name 'string'
0:00:00.016393134  4484 0x55d730fd3360 DEBUG   GST_POLL gstpoll.c:979:gst_poll_fd_ctl_write: 0x55d730ff7910: fd (fd:0, idx:1), active : 1
0:00:00.021536542  4483 0x565458563360 DEBUG   structure gststructure.c:2203:gst_structure_parse_field: trying field name 'author'
0:00:00.016405247  4484 0x55d730fd3360 LOG   GST_POLL gstpoll.c:994:gst_poll_fd_ctl_write: 0x55d730ff7910: pfd->events now 60 (POLLOUT:4)
0:00:00.021543566  4483 0x565458563360 DEBUG   default gstvalue.c:2676:_priv_gst_value_parse_value: trying type name 'string'
0:00:00.016412314  4484 0x55d730fd3360 DEBUG   GST_POLL gstpoll.c:979:gst_poll_fd_ctl_write: 0x55d730ff7910: fd (fd:0, idx:1), active : 1
0:00:00.021550604  4483 0x565458563360 DEBUG   GST_REGISTRY gstregistrychunks.c:626:gst_registry_chunks_load_feature: Element factory : npadtemplates=1
0:00:00.016419071  4484 0x55d730fd3360 LOG   GST_POLL gstpoll.c:994:gst_poll_fd_ctl_write: 0x55d730ff7910: pfd->events now 60 (POLLOUT:4)
0:00:00.021556743  4483 0x565458563360 DEBUG   GST_REGISTRY gstregistrychunks.c:525:gst_registry_chunks_load_pad_template: Reading/casting for GstRegistryChunkPadTemplate at address 0x56545858a9f0
0:00:00.016426344  4484 0x55d730fd3360 DEBUG   GST_POLL gstpoll.c:979:gst_poll_fd_ctl_write: 0x55d730ff7910: fd (fd:0, idx:1), active : 1
0:00:00.021563447  4483 0x565458563360 DEBUG   GST_REGISTRY gstregistrychunks.c:539:gst_registry_chunks_load_pad_template: Added pad_template src
0:00:00.016433461  4484 0x55d730fd3360 LOG   GST_POLL gstpoll.c:994:gst_poll_fd_ctl_write: 0x55d730ff7910: pfd->events now 60 (POLLOUT:4)
0:00:00.021571024  4483 0x565458563360 DEBUG   GST_REGISTRY gstregistry.c:589:gst_registry_add_feature: adding feature 0x5654585950f0 (fakesrc)
0:00:00.016440167  4484 0x55d730fd3360 DEBUG   GST_POLL gstpoll.c:979:gst_poll_fd_ctl_write: 0x55d730ff7910: fd (fd:0, idx:1), active : 1
0:00:00.021577610  4483 0x565458563360 DEBUG   GST_REFCOUNTING gstobject.c:708:gst_object_set_parent: set parent (ref and sink)
0:00:00.016446743  4484 0x55d730fd3360 LOG   GST_POLL gstpoll.c:994:gst_poll_fd_ctl_write: 0x55d730ff7910: pfd->events now 60 (POLLOUT:4)
0:00:00.021585467  4483 0x565458563360 TRACE   GST_REFCOUNTING gstobject.c:292:gst_object_ref_sink: 0x5654585950f0 ref_sink 1->2
0:00:00.016453680  4484 0x55d730fd3360 DEBUG   GST_POLL gstpoll.c:979:gst_poll_fd_ctl_write: 0x55d730ff7910: fd (fd:0, idx:1), active : 1
0:00:00.021592355  4483 0x565458563360 LOG   GST_REGISTRY gstregistry.c:607:gst_registry_add_feature: emitting feature-added for fakesrc
0:00:00.016461010  4484 0x55d730fd3360 LOG   GST_POLL gstpoll.c:994:gst_poll_fd_ctl_write: 0x55d730ff7910: pfd->events now 60 (POLLOUT:4)
0:00:00.021599708  4483 0x565458563360 DEBUG   GST_REGISTRY gstregistrychunks.c:740:gst_registry_chunks_load_feature: Added feature fakesrc, plugin 0x565458591ea0 coreelements
0:00:00.016467675  4484 0x55d730fd3360 DEBUG   GST_POLL gstpoll.c:979:gst_poll_fd_ctl_write: 0x55d730ff7910: fd (fd:0, idx:1), active : 1
0:00:00.021606665  4483 0x565458563360 DEBUG   GST_REGISTRY gstregistrychunks.c:582:gst_registry_chunks_load_feature: Plugin 'coreelements' feature 'downloadbuffer' typename : 'GstElementFactory'
0:00:00.016474904  4484 0x55d730fd3360 LOG   GST_POLL gstpoll.c:994:gst_poll_fd_ctl_write: 0x55d730ff7910: pfd->events now 60 (POLLOUT:4)
0:00:00.021620428  4483 0x565458563360 TRACE   GST_REFCOUNTING gstobject.c:208:gst_object_init: 0x565458595630 new
0:00:00.016487941  4484 0x55d730fd3360 DEBUG   GST_POLL gstpoll.c:979:gst_poll_fd_ctl_write: 0x55d730ff7910: fd (fd:0, idx:1), active : 1
0:00:00.021628177  4483 0x565458563360 LOG   GST_REGISTRY gstregistrychunks.c:609:gst_registry_chunks_load_feature: Reading/casting for GstRegistryChunkElementFactory at address 0x56545858aa28
0:00:00.016496239  4484 0x55d730fd3360 LOG   GST_POLL gstpoll.c:994:gst_poll_fd_ctl_write: 0x55d730ff7910: pfd->events now 60 (POLLOUT:4)
0:00:00.021635015  4483 0x565458563360 TRACE   structure gststructure.c:287:gst_structure_new_id_empty_with_size: created structure 0x565458595930
0:00:00.016503789  4484 0x55d730fd3360 DEBUG   GST_POLL gstpoll.c:979:gst_poll_fd_ctl_write: 0x55d730ff7910: fd (fd:0, idx:1), active : 1
0:00:00.021641262  4483 0x565458563360 DEBUG   structure gststructure.c:2203:gst_structure_parse_field: trying field name 'long-name'
