0:00:00.018811099  4483 0x565458563360 DEBUG   GST_REGISTRY gstregistrychunks.c:582:gst_registry_chunks_load_feature: Plugin 'coreelements' feature 'valve' typename : 'GstElementFactory'
0:00:00.013682652  4484 0x55d730fd3360 DEBUG   GST_REGISTRY gstregistrychunks.c:264:gst_registry_chunks_save_feature: saved 0 interfaces 0 pad templates
0:00:00.018819303  4483 0x565458563360 TRACE   GST_REFCOUNTING gstobject.c:208:gst_object_init: 0x565458592ae0 new
0:00:00.013691690  4484 0x55d730fd3360 DEBUG   GST_REGISTRY gstregistrychunks.c:264:gst_registry_chunks_save_feature: saved 0 interfaces 0 pad templates
0:00:00.018827706  4483 0x565458563360 LOG   GST_REGISTRY gstregistrychunks.c:609:gst_registry_chunks_load_feature: Reading/casting for GstRegistryChunkElementFactory at address 0x565458589778
0:00:00.013701121  4484 0x55d730fd3360 DEBUG   GST_REGISTRY gstregistrychunks.c:264:gst_registry_chunks_save_feature: saved 0 interfaces 0 pad templates
0:00:00.018835463  4483 0x565458563360 TRACE   structure gststructure.c:287:gst_structure_new_id_empty_with_size: created structure 0x56545858b380
0:00:00.013710166  4484 0x55d730fd3360 DEBUG   GST_REGISTRY gstregistrychunks.c:264:gst_registry_chunks_save_feature: saved 0 interfaces 0 pad templates
0:00:00.018844270  4483 0x565458563360 DEBUG   structure gststructure.c:2203:gst_structure_parse_field: trying field name 'long-name'
0:00:00.018853348  4483 0x565458563360 DEBUG   default gstvalue.c:2676:_priv_gst_value_parse_value: trying type name 'string'
0:00:00.013719824  4484 0x55d730fd3360 DEBUG   GST_REGISTRY gstregistrychunks.c:264:gst_registry_chunks_save_feature: saved 0 interfaces 0 pad templates
0:00:00.018859910  4483 0x565458563360 DEBUG   structure gststructure.c:2203:gst_structure_parse_field: trying field name 'klass'
0:00:00.018866351  4483 0x565458563360 DEBUG   default gstvalue.c:2676:_priv_gst_value_parse_value: trying type name 'string'
0:00:00.013732110  4484 0x55d730fd3360 TRACE   GST_REFCOUNTING gstobject.c:264:gst_object_unref: 0x55d730ffcd40 unref 2->1
0:00:00.018872650  4483 0x565458563360 DEBUG   structure gststructure.c:2203:gst_structure_parse_field: trying field name 'description'
0:00:00.013741608  4484 0x55d730fd3360 TRACE   GST_REFCOUNTING gstobject.c:264:gst_object_unref: 0x55d730ffed90 unref 2->1
0:00:00.018885202  4483 0x565458563360 DEBUG   default gstvalue.c:2676:_priv_gst_value_parse_value: trying type name 'string'
0:00:00.013754572  4484 0x55d730fd3360 TRACE   GST_REFCOUNTING gstobject.c:264:gst_object_unref: 0x55d730fffa60 unref 2->1
0:00:00.018892280  4483 0x565458563360 DEBUG   structure gststructure.c:2203:gst_structure_parse_field: trying field name 'author'
0:00:00.013761699  4484 0x55d730fd3360 TRACE   GST_REFCOUNTING gstobject.c:264:gst_object_unref: 0x55d7310008a0 unref 2->1
0:00:00.018898530  4483 0x565458563360 DEBUG   default gstvalue.c:2676:_priv_gst_value_parse_value: trying type name 'string'
0:00:00.013769057  4484 0x55d730fd3360 TRACE   GST_REFCOUNTING gstobject.c:264:gst_object_unref: 0x55d731002830 unref 2->1
0:00:00.018907662  4483 0x565458563360 DEBUG   GST_REGISTRY gstregistrychunks.c:626:gst_registry_chunks_load_feature: Element factory : npadtemplates=2
0:00:00.013776218  4484 0x55d730fd3360 TRACE   GST_REFCOUNTING gstobject.c:264:gst_object_unref: 0x55d7310039d0 unref 2->1
0:00:00.018914308  4483 0x565458563360 DEBUG   GST_REGISTRY gstregistrychunks.c:525:gst_registry_chunks_load_pad_template: Reading/casting for GstRegistryChunkPadTemplate at address 0x565458589868
0:00:00.013783274  4484 0x55d730fd3360 TRACE   GST_REFCOUNTING gstobject.c:264:gst_object_unref: 0x55d731005650 unref 2->1
0:00:00.018920690  4483 0x565458563360 DEBUG   GST_REGISTRY gstregistrychunks.c:539:gst_registry_chunks_load_pad_template: Added pad_template sink
0:00:00.013790315  4484 0x55d730fd3360 TRACE   GST_REFCOUNTING gstobject.c:264:gst_object_unref: 0x55d731007c30 unref 2->1
0:00:00.018926770  4483 0x565458563360 DEBUG   GST_REGISTRY gstregistrychunks.c:525:gst_registry_chunks_load_pad_template: Reading/casting for GstRegistryChunkPadTemplate at address 0x565458589880
0:00:00.013797537  4484 0x55d730fd3360 TRACE   GST_REFCOUNTING gstobject.c:264:gst_object_unref: 0x55d73100a0e0 unref 2->1
0:00:00.018933384  4483 0x565458563360 DEBUG   GST_REGISTRY gstregistrychunks.c:539:gst_registry_chunks_load_pad_template: Added pad_template src
0:00:00.013804678  4484 0x55d730fd3360 TRACE   GST_REFCOUNTING gstobject.c:264:gst_object_unref: 0x55d73100af60 unref 2->1
0:00:00.018942067  4483 0x565458563360 DEBUG   GST_REGISTRY gstregistry.c:589:gst_registry_add_feature: adding feature 0x565458592ae0 (valve)
0:00:00.013812081  4484 0x55d730fd3360 TRACE   GST_REFCOUNTING gstobject.c:264:gst_object_unref: 0x55d73100bd40 unref 2->1
0:00:00.018948745  4483 0x565458563360 DEBUG   GST_REFCOUNTING gstobject.c:708:gst_object_set_parent: set parent (ref and sink)
0:00:00.013819204  4484 0x55d730fd3360 TRACE   GST_REFCOUNTING gstobject.c:264:gst_object_unref: 0x55d73100ca00 unref 2->1
0:00:00.018956639  4483 0x565458563360 TRACE   GST_REFCOUNTING gstobject.c:292:gst_object_ref_sink: 0x565458592ae0 ref_sink 1->2
0:00:00.013826230  4484 0x55d730fd3360 TRACE   GST_REFCOUNTING gstobject.c:264:gst_object_unref: 0x55d73100dff0 unref 2->1
0:00:00.018963646  4483 0x565458563360 LOG   GST_REGISTRY gstregistry.c:607:gst_registry_add_feature: emitting feature-added for valve
0:00:00.013839325  4484 0x55d730fd3360 TRACE   GST_REFCOUNTING gstobject.c:264:gst_object_unref: 0x55d73100f280 unref 2->1
0:00:00.018975604  4483 0x565458563360 DEBUG   GST_REGISTRY gstregistrychunks.c:740:gst_registry_chunks_load_feature: Added feature valve, plugin 0x565458591ea0 coreelements
0:00:00.013846270  4484 0x55d730fd3360 TRACE   GST_REFCOUNTING gstobject.c:264:gst_object_unref: 0x55d7310103a0 unref 2->1
0:00:00.018982739  4483 0x565458563360 DEBUG   GST_REGISTRY gstregistrychunks.c:582:gst_registry_chunks_load_feature: Plugin 'coreelements' feature 'multiqueue' typename : 'GstElementFactory'
0:00:00.013853236  4484 0x55d730fd3360 TRACE   GST_REFCOUNTING gstobject.c:264:gst_object_unref: 0x55d731012750 unref 2->1
0:00:00.018990360  4483 0x565458563360 TRACE   GST_REFCOUNTING gstobject.c:208:gst_object_init: 0x56545858b5d0 new
0:00:00.013860318  4484 0x55d730fd3360 TRACE   GST_REFCOUNTING gstobject.c:264:gst_object_unref: 0x55d731013f00 unref 2->1
0:00:00.018997833  4483 0x565458563360 LOG   GST_REGISTRY gstregistrychunks.c:609:gst_registry_chunks_load_feature: Reading/casting for GstRegistryChunkElementFactory at address 0x5654585898b0
0:00:00.013867529  4484 0x55d730fd3360 TRACE   GST_REFCOUNTING gstobject.c:264:gst_object_unref: 0x55d731015380 unref 2->1
0:00:00.019004696  4483 0x565458563360 TRACE   structure gststructure.c:287:gst_structure_new_id_empty_with_size: created structure 0x56545858b800
0:00:00.013874458  4484 0x55d730fd3360 TRACE   GST_REFCOUNTING gstobject.c:264:gst_object_unref: 0x55d731016760 unref 2->1
0:00:00.019011428  4483 0x565458563360 DEBUG   structure gststructure.c:2203:gst_structure_parse_field: trying field name 'long-name'
0:00:00.013881707  4484 0x55d730fd3360 TRACE   GST_REFCOUNTING gstobject.c:264:gst_object_unref: 0x55d731017750 unref 2->1
0:00:00.019017760  4483 0x565458563360 DEBUG   default gstvalue.c:2676:_priv_gst_value_parse_value: trying type name 'string'
0:00:00.013888706  4484 0x55d730fd3360 TRACE   GST_REFCOUNTING gstobject.c:264:gst_object_unref: 0x55d731019230 unref 2->1
0:00:00.019024840  4483 0x565458563360 DEBUG   structure gststructure.c:2203:gst_structure_parse_field: trying field name 'klass'
0:00:00.013895695  4484 0x55d730fd3360 TRACE   GST_REFCOUNTING gstobject.c:264:gst_object_unref: 0x55d731019f20 unref 2->1
0:00:00.019031323  4483 0x565458563360 DEBUG   default gstvalue.c:2676:_priv_gst_value_parse_value: trying type name 'string'
0:00:00.013904275  4484 0x55d730fd3360 DEBUG   GST_REGISTRY gstregistrychunks.c:497:_priv_gst_registry_chunks_save_plugin: Found 22 features in plugin 0x55d730ffc6e0 (coreelements)
0:00:00.019038679  4483 0x565458563360 DEBUG   structure gststructure.c:2203:gst_structure_parse_field: trying field name 'description'
0:00:00.013911972  4484 0x55d730fd3360 DEBUG   GST_POLL gstpoll.c:979:gst_poll_fd_ctl_write: 0x55d730ff7910: fd (fd:0, idx:1), active : 1
0:00:00.019047379  4483 0x565458563360 DEBUG   default gstvalue.c:2676:_priv_gst_value_parse_value: trying type name 'string'
0:00:00.013923434  4484 0x55d730fd3360 LOG   GST_POLL gstpoll.c:994:gst_poll_fd_ctl_write: 0x55d730ff7910: pfd->events now 60 (POLLOUT:4)
0:00:00.019059927  4483 0x565458563360 DEBUG   structure gststructure.c:2203:gst_structure_parse_field: trying field name 'author'
0:00:00.013930627  4484 0x55d730fd3360 DEBUG   GST_POLL gstpoll.c:979:gst_poll_fd_ctl_write: 0x55d730ff7910: fd (fd:0, idx:1), active : 1
0:00:00.019066457  4483 0x565458563360 DEBUG   default gstvalue.c:2676:_priv_gst_value_parse_value: trying type name 'string'
0:00:00.013937149  4484 0x55d730fd3360 LOG   GST_POLL gstpoll.c:994:gst_poll_fd_ctl_write: 0x55d730ff7910: pfd->events now 60 (POLLOUT:4)
0:00:00.019074158  4483 0x565458563360 DEBUG   GST_REGISTRY gstregistrychunks.c:626:gst_registry_chunks_load_feature: Element factory : npadtemplates=2
0:00:00.013944120  4484 0x55d730fd3360 DEBUG   GST_POLL gstpoll.c:979:gst_poll_fd_ctl_write: 0x55d730ff7910: fd (fd:0, idx:1), active : 1
0:00:00.019080627  4483 0x565458563360 DEBUG   GST_REGISTRY gstregistrychunks.c:525:gst_registry_chunks_load_pad_template: Reading/casting for GstRegistryChunkPadTemplate at address 0x565458589970
0:00:00.013950467  4484 0x55d730fd3360 LOG   GST_POLL gstpoll.c:994:gst_poll_fd_ctl_write: 0x55d730ff7910: pfd->events now 60 (POLLOUT:4)
0:00:00.019086884  4483 0x565458563360 DEBUG   GST_REGISTRY gstregistrychunks.c:539:gst_registry_chunks_load_pad_template: Added pad_template src_%u
0:00:00.013956994  4484 0x55d730fd3360 DEBUG   GST_POLL gstpoll.c:979:gst_poll_fd_ctl_write: 0x55d730ff7910: fd (fd:0, idx:1), active : 1
0:00:00.019093053  4483 0x565458563360 DEBUG   GST_REGISTRY gstregistrychunks.c:525:gst_registry_chunks_load_pad_template: Reading/casting for GstRegistryChunkPadTemplate at address 0x565458589988
0:00:00.013963358  4484 0x55d730fd3360 LOG   GST_POLL gstpoll.c:994:gst_poll_fd_ctl_write: 0x55d730ff7910: pfd->events now 60 (POLLOUT:4)
0:00:00.019099657  4483 0x565458563360 DEBUG   GST_REGISTRY gstregistrychunks.c:539:gst_registry_chunks_load_pad_template: Added pad_template sink_%u
0:00:00.013969971  4484 0x55d730fd3360 DEBUG   GST_POLL gstpoll.c:979:gst_poll_fd_ctl_write: 0x55d730ff7910: fd (fd:0, idx:1), active : 1
0:00:00.019107516  4483 0x565458563360 DEBUG   GST_REGISTRY gstregistry.c:589:gst_registry_add_feature: adding feature 0x56545858b5d0 (multiqueue)
0:00:00.013976241  4484 0x55d730fd3360 LOG   GST_POLL gstpoll.c:994:gst_poll_fd_ctl_write: 0x55d730ff7910: pfd->events now 60 (POLLOUT:4)
0:00:00.019113873  4483 0x565458563360 DEBUG   GST_REFCOUNTING gstobject.c:708:gst_object_set_parent: set parent (ref and sink)
0:00:00.013982774  4484 0x55d730fd3360 DEBUG   GST_POLL gstpoll.c:979:gst_poll_fd_ctl_write: 0x55d730ff7910: fd (fd:0, idx:1), active : 1
0:00:00.019121811  4483 0x565458563360 TRACE   GST_REFCOUNTING gstobject.c:292:gst_object_ref_sink: 0x56545858b5d0 ref_sink 1->2
0:00:00.013989341  4484 0x55d730fd3360 LOG   GST_POLL gstpoll.c:994:gst_poll_fd_ctl_write: 0x55d730ff7910: pfd->events now 60 (POLLOUT:4)
0:00:00.019134479  4483 0x565458563360 LOG   GST_REGISTRY gstregistry.c:607:gst_registry_add_feature: emitting feature-added for multiqueue
0:00:00.014003192  4484 0x55d730fd3360 DEBUG   GST_POLL gstpoll.c:979:gst_poll_fd_ctl_write: 0x55d730ff7910: fd (fd:0, idx:1), active : 1
0:00:00.019142093  4483 0x565458563360 DEBUG   GST_REGISTRY gstregistrychunks.c:740:gst_registry_chunks_load_feature: Added feature multiqueue, plugin 0x565458591ea0 coreelements
0:00:00.014009678  4484 0x55d730fd3360 LOG   GST_POLL gstpoll.c:994:gst_poll_fd_ctl_write: 0x55d730ff7910: pfd->events now 60 (POLLOUT:4)
0:00:00.019149233  4483 0x565458563360 DEBUG   GST_REGISTRY gstregistrychunks.c:582:gst_registry_chunks_load_feature: Plugin 'coreelements' feature 'typefind' typename : 'GstElementFactory'
0:00:00.014017496  4484 0x55d730fd3360 DEBUG   GST_POLL gstpoll.c:979:gst_poll_fd_ctl_write: 0x55d730ff7910: fd (fd:0, idx:1), active : 1
0:00:00.019156813  4483 0x565458563360 TRACE   GST_REFCOUNTING gstobject.c:208:gst_object_init: 0x56545858bab0 new
0:00:00.014024335  4484 0x55d730fd3360 LOG   GST_POLL gstpoll.c:994:gst_poll_fd_ctl_write: 0x55d730ff7910: pfd->events now 60 (POLLOUT:4)
0:00:00.019164350  4483 0x565458563360 LOG   GST_REGISTRY gstregistrychunks.c:609:gst_registry_chunks_load_feature: Reading/casting for GstRegistryChunkElementFactory at address 0x5654585899b8
0:00:00.014032918  4484 0x55d730fd3360 DEBUG   GST_POLL gstpoll.c:979:gst_poll_fd_ctl_write: 0x55d730ff7910: fd (fd:0, idx:1), active : 1
0:00:00.019171902  4483 0x565458563360 TRACE   structure gststructure.c:287:gst_structure_new_id_empty_with_size: created structure 0x56545858bce0
0:00:00.014039281  4484 0x55d730fd3360 LOG   GST_POLL gstpoll.c:994:gst_poll_fd_ctl_write: 0x55d730ff7910: pfd->events now 60 (POLLOUT:4)
0:00:00.019178489  4483 0x565458563360 DEBUG   structure gststructure.c:2203:gst_structure_parse_field: trying field name 'long-name'
0:00:00.014047125  4484 0x55d730fd3360 DEBUG   GST_POLL gstpoll.c:979:gst_poll_fd_ctl_write: 0x55d730ff7910: fd (fd:0, idx:1), active : 1
0:00:00.019184816  4483 0x565458563360 DEBUG   default gstvalue.c:2676:_priv_gst_value_parse_value: trying type name 'string'
0:00:00.014053375  4484 0x55d730fd3360 LOG   GST_POLL gstpoll.c:994:gst_poll_fd_ctl_write: 0x55d730ff7910: pfd->events now 60 (POLLOUT:4)
0:00:00.019191420  4483 0x565458563360 DEBUG   structure gststructure.c:2203:gst_structure_parse_field: trying field name 'klass'
0:00:00.014060298  4484 0x55d730fd3360 DEBUG   GST_POLL gstpoll.c:979:gst_poll_fd_ctl_write: 0x55d730ff7910: fd (fd:0, idx:1), active : 1
0:00:00.019197991  4483 0x565458563360 DEBUG   default gstvalue.c:2676:_priv_gst_value_parse_value: trying type name 'string'
0:00:00.014066643  4484 0x55d730fd3360 LOG   GST_POLL gstpoll.c:994:gst_poll_fd_ctl_write: 0x55d730ff7910: pfd->events now 60 (POLLOUT:4)
0:00:00.019204579  4483 0x565458563360 DEBUG   structure gststructure.c:2203:gst_structure_parse_field: trying field name 'description'
0:00:00.014073082  4484 0x55d730fd3360 DEBUG   GST_POLL gstpoll.c:979:gst_poll_fd_ctl_write: 0x55d730ff7910: fd (fd:0, idx:1), active : 1
0:00:00.019215450  4483 0x565458563360 DEBUG   default gstvalue.c:2676:_priv_gst_value_parse_value: trying type name 'string'
0:00:00.014083958  4484 0x55d730fd3360 LOG   GST_POLL gstpoll.c:994:gst_poll_fd_ctl_write: 0x55d730ff7910: pfd->events now 60 (POLLOUT:4)
0:00:00.019222539  4483 0x565458563360 DEBUG   structure gststructure.c:2203:gst_structure_parse_field: trying field name 'author'
0:00:00.014090662  4484 0x55d730fd3360 DEBUG   GST_POLL gstpoll.c:979:gst_poll_fd_ctl_write: 0x55d730ff7910: fd (fd:0, idx:1), active : 1
0:00:00.019229117  4483 0x565458563360 DEBUG   default gstvalue.c:2676:_priv_gst_value_parse_value: trying type name 'string'
0:00:00.014097533  4484 0x55d730fd3360 LOG   GST_POLL gstpoll.c:994:gst_poll_fd_ctl_write: 0x55d730ff7910: pfd->events now 60 (POLLOUT:4)
0:00:00.019236653  4483 0x565458563360 DEBUG   GST_REGISTRY gstregistrychunks.c:626:gst_registry_chunks_load_feature: Element factory : npadtemplates=2
0:00:00.014104358  4484 0x55d730fd3360 DEBUG   GST_POLL gstpoll.c:979:gst_poll_fd_ctl_write: 0x55d730ff7910: fd (fd:0, idx:1), active : 1
0:00:00.019243199  4483 0x565458563360 DEBUG   GST_REGISTRY gstregistrychunks.c:525:gst_registry_chunks_load_pad_template: Reading/casting for GstRegistryChunkPadTemplate at address 0x565458589a90
0:00:00.014111519  4484 0x55d730fd3360 LOG   GST_POLL gstpoll.c:994:gst_poll_fd_ctl_write: 0x55d730ff7910: pfd->events now 60 (POLLOUT:4)
0:00:00.019249437  4483 0x565458563360 DEBUG   GST_REGISTRY gstregistrychunks.c:539:gst_registry_chunks_load_pad_template: Added pad_template sink
0:00:00.014118183  4484 0x55d730fd3360 DEBUG   GST_POLL gstpoll.c:979:gst_poll_fd_ctl_write: 0x55d730ff7910: fd (fd:0, idx:1), active : 1
0:00:00.019255719  4483 0x565458563360 DEBUG   GST_REGISTRY gstregistrychunks.c:525:gst_registry_chunks_load_pad_template: Reading/casting for GstRegistryChunkPadTemplate at address 0x565458589aa8
0:00:00.014124767  4484 0x55d730fd3360 LOG   GST_POLL gstpoll.c:994:gst_poll_fd_ctl_write: 0x55d730ff7910: pfd->events now 60 (POLLOUT:4)
0:00:00.019262050  4483 0x565458563360 DEBUG   GST_REGISTRY gstregistrychunks.c:539:gst_registry_chunks_load_pad_template: Added pad_template src
0:00:00.014131575  4484 0x55d730fd3360 DEBUG   GST_POLL gstpoll.c:979:gst_poll_fd_ctl_write: 0x55d730ff7910: fd (fd:0, idx:1), active : 1
0:00:00.014137819  4484 0x55d730fd3360 LOG   GST_POLL gstpoll.c:994:gst_poll_fd_ctl_write: 0x55d730ff7910: pfd->events now 60 (POLLOUT:4)
0:00:00.019273873  4483 0x565458563360 DEBUG   GST_REGISTRY gstregistry.c:589:gst_registry_add_feature: adding feature 0x56545858bab0 (typefind)
0:00:00.014144406  4484 0x55d730fd3360 DEBUG   GST_POLL gstpoll.c:979:gst_poll_fd_ctl_write: 0x55d730ff7910: fd (fd:0, idx:1), active : 1
0:00:00.019280884  4483 0x565458563360 DEBUG   GST_REFCOUNTING gstobject.c:708:gst_object_set_parent: set parent (ref and sink)
0:00:00.014151119  4484 0x55d730fd3360 LOG   GST_POLL gstpoll.c:994:gst_poll_fd_ctl_write: 0x55d730ff7910: pfd->events now 60 (POLLOUT:4)
0:00:00.019289045  4483 0x565458563360 TRACE   GST_REFCOUNTING gstobject.c:292:gst_object_ref_sink: 0x56545858bab0 ref_sink 1->2
0:00:00.014162270  4484 0x55d730fd3360 DEBUG   GST_POLL gstpoll.c:979:gst_poll_fd_ctl_write: 0x55d730ff7910: fd (fd:0, idx:1), active : 1
0:00:00.019298478  4483 0x565458563360 LOG   GST_REGISTRY gstregistry.c:607:gst_registry_add_feature: emitting feature-added for typefind
0:00:00.014183943  4484 0x55d730fd3360 LOG   GST_POLL gstpoll.c:994:gst_poll_fd_ctl_write: 0x55d730ff7910: pfd->events now 60 (POLLOUT:4)
0:00:00.019325091  4483 0x565458563360 DEBUG   GST_REGISTRY gstregistrychunks.c:740:gst_registry_chunks_load_feature: Added feature typefind, plugin 0x565458591ea0 coreelements
0:00:00.014200562  4484 0x55d730fd3360 DEBUG   GST_POLL gstpoll.c:979:gst_poll_fd_ctl_write: 0x55d730ff7910: fd (fd:0, idx:1), active : 1
0:00:00.019337818  4483 0x565458563360 DEBUG   GST_REGISTRY gstregistrychunks.c:582:gst_registry_chunks_load_feature: Plugin 'coreelements' feature 'tee' typename : 'GstElementFactory'
0:00:00.014211987  4484 0x55d730fd3360 LOG   GST_POLL gstpoll.c:994:gst_poll_fd_ctl_write: 0x55d730ff7910: pfd->events now 60 (POLLOUT:4)
0:00:00.019351458  4483 0x565458563360 TRACE   GST_REFCOUNTING gstobject.c:208:gst_object_init: 0x56545858bf80 new
0:00:00.014219764  4484 0x55d730fd3360 DEBUG   GST_POLL gstpoll.c:979:gst_poll_fd_ctl_write: 0x55d730ff7910: fd (fd:0, idx:1), active : 1
0:00:00.019360582  4483 0x565458563360 LOG   GST_REGISTRY gstregistrychunks.c:609:gst_registry_chunks_load_feature: Reading/casting for GstRegistryChunkElementFactory at address 0x565458589ad0
0:00:00.014227736  4484 0x55d730fd3360 LOG   GST_POLL gstpoll.c:994:gst_poll_fd_ctl_write: 0x55d730ff7910: pfd->events now 60 (POLLOUT:4)
0:00:00.019367938  4483 0x565458563360 TRACE   structure gststructure.c:287:gst_structure_new_id_empty_with_size: created structure 0x56545858c1c0
0:00:00.014235938  4484 0x55d730fd3360 DEBUG   GST_POLL gstpoll.c:979:gst_poll_fd_ctl_write: 0x55d730ff7910: fd (fd:0, idx:1), active : 1
0:00:00.019374528  4483 0x565458563360 DEBUG   structure gststructure.c:2203:gst_structure_parse_field: trying field name 'long-name'
0:00:00.014243022  4484 0x55d730fd3360 LOG   GST_POLL gstpoll.c:994:gst_poll_fd_ctl_write: 0x55d730ff7910: pfd->events now 60 (POLLOUT:4)
0:00:00.019381285  4483 0x565458563360 DEBUG   default gstvalue.c:2676:_priv_gst_value_parse_value: trying type name 'string'
0:00:00.014250139  4484 0x55d730fd3360 DEBUG   GST_POLL gstpoll.c:979:gst_poll_fd_ctl_write: 0x55d730ff7910: fd (fd:0, idx:1), active : 1
0:00:00.019388479  4483 0x565458563360 DEBUG   structure gststructure.c:2203:gst_structure_parse_field: trying field name 'klass'
0:00:00.014257084  4484 0x55d730fd3360 LOG   GST_POLL gstpoll.c:994:gst_poll_fd_ctl_write: 0x55d730ff7910: pfd->events now 60 (POLLOUT:4)
0:00:00.019394974  4483 0x565458563360 DEBUG   default gstvalue.c:2676:_priv_gst_value_parse_value: trying type name 'string'
0:00:00.014264130  4484 0x55d730fd3360 DEBUG   GST_POLL gstpoll.c:979:gst_poll_fd_ctl_write: 0x55d730ff7910: fd (fd:0, idx:1), active : 1
0:00:00.019401625  4483 0x565458563360 DEBUG   structure gststructure.c:2203:gst_structure_parse_field: trying field name 'description'
0:00:00.014276302  4484 0x55d730fd3360 LOG   GST_POLL gstpoll.c:994:gst_poll_fd_ctl_write: 0x55d730ff7910: pfd->events now 60 (POLLOUT:4)
0:00:00.019412370  4483 0x565458563360 DEBUG   default gstvalue.c:2676:_priv_gst_value_parse_value: trying type name 'string'
0:00:00.014283437  4484 0x55d730fd3360 DEBUG   GST_POLL gstpoll.c:979:gst_poll_fd_ctl_write: 0x55d730ff7910: fd (fd:0, idx:1), active : 1
0:00:00.019419807  4483 0x565458563360 DEBUG   structure gststructure.c:2203:gst_structure_parse_field: trying field name 'author'
0:00:00.014289915  4484 0x55d730fd3360 LOG   GST_POLL gstpoll.c:994:gst_poll_fd_ctl_write: 0x55d730ff7910: pfd->events now 60 (POLLOUT:4)
0:00:00.019426147  4483 0x565458563360 DEBUG   default gstvalue.c:2676:_priv_gst_value_parse_value: trying type name 'string'
0:00:00.014296799  4484 0x55d730fd3360 DEBUG   GST_POLL gstpoll.c:979:gst_poll_fd_ctl_write: 0x55d730ff7910: fd (fd:0, idx:1), active : 1
0:00:00.019434306  4483 0x565458563360 DEBUG   GST_REGISTRY gstregistrychunks.c:626:gst_registry_chunks_load_feature: Element factory : npadtemplates=2
0:00:00.014303588  4484 0x55d730fd3360 LOG   GST_POLL gstpoll.c:994:gst_poll_fd_ctl_write: 0x55d730ff7910: pfd->events now 60 (POLLOUT:4)
0:00:00.019440792  4483 0x565458563360 DEBUG   GST_REGISTRY gstregistrychunks.c:525:gst_registry_chunks_load_pad_template: Reading/casting for GstRegistryChunkPadTemplate at address 0x565458589bc0
0:00:00.014310698  4484 0x55d730fd3360 DEBUG   GST_POLL gstpoll.c:979:gst_poll_fd_ctl_write: 0x55d730ff7910: fd (fd:0, idx:1), active : 1
0:00:00.019447487  4483 0x565458563360 DEBUG   GST_REGISTRY gstregistrychunks.c:539:gst_registry_chunks_load_pad_template: Added pad_template src_%u
0:00:00.014317556  4484 0x55d730fd3360 LOG   GST_POLL gstpoll.c:994:gst_poll_fd_ctl_write: 0x55d730ff7910: pfd->events now 60 (POLLOUT:4)
0:00:00.019453862  4483 0x565458563360 DEBUG   GST_REGISTRY gstregistrychunks.c:525:gst_registry_chunks_load_pad_template: Reading/casting for GstRegistryChunkPadTemplate at address 0x565458589bd8
0:00:00.014324618  4484 0x55d730fd3360 DEBUG   GST_POLL gstpoll.c:979:gst_poll_fd_ctl_write: 0x55d730ff7910: fd (fd:0, idx:1), active : 1
0:00:00.019460182  4483 0x565458563360 DEBUG   GST_REGISTRY gstregistrychunks.c:539:gst_registry_chunks_load_pad_template: Added pad_template sink
0:00:00.014331364  4484 0x55d730fd3360 LOG   GST_POLL gstpoll.c:994:gst_poll_fd_ctl_write: 0x55d730ff7910: pfd->events now 60 (POLLOUT:4)
0:00:00.019468969  4483 0x565458563360 DEBUG   GST_REGISTRY gstregistry.c:589:gst_registry_add_feature: adding feature 0x56545858bf80 (tee)
0:00:00.014338332  4484 0x55d730fd3360 DEBUG   GST_POLL gstpoll.c:979:gst_poll_fd_ctl_write: 0x55d730ff7910: fd (fd:0, idx:1), active : 1
0:00:00.019475606  4483 0x565458563360 DEBUG   GST_REFCOUNTING gstobject.c:708:gst_object_set_parent: set parent (ref and sink)
0:00:00.014344921  4484 0x55d730fd3360 LOG   GST_POLL gstpoll.c:994:gst_poll_fd_ctl_write: 0x55d730ff7910: pfd->events now 60 (POLLOUT:4)
0:00:00.019484078  4483 0x565458563360 TRACE   GST_REFCOUNTING gstobject.c:292:gst_object_ref_sink: 0x56545858bf80 ref_sink 1->2
0:00:00.014356144  4484 0x55d730fd3360 DEBUG   GST_POLL gstpoll.c:979:gst_poll_fd_ctl_write: 0x55d730ff7910: fd (fd:0, idx:1), active : 1
0:00:00.019492296  4483 0x565458563360 LOG   GST_REGISTRY gstregistry.c:607:gst_registry_add_feature: emitting feature-added for tee
0:00:00.014362971  4484 0x55d730fd3360 LOG   GST_POLL gstpoll.c:994:gst_poll_fd_ctl_write: 0x55d730ff7910: pfd->events now 60 (POLLOUT:4)
0:00:00.019499893  4483 0x565458563360 DEBUG   GST_REGISTRY gstregistrychunks.c:740:gst_registry_chunks_load_feature: Added feature tee, plugin 0x565458591ea0 coreelements
0:00:00.014370050  4484 0x55d730fd3360 DEBUG   GST_POLL gstpoll.c:979:gst_poll_fd_ctl_write: 0x55d730ff7910: fd (fd:0, idx:1), active : 1
0:00:00.019507029  4483 0x565458563360 DEBUG   GST_REGISTRY gstregistrychunks.c:582:gst_registry_chunks_load_feature: Plugin 'coreelements' feature 'filesink' typename : 'GstElementFactory'
0:00:00.014376874  4484 0x55d730fd3360 LOG   GST_POLL gstpoll.c:994:gst_poll_fd_ctl_write: 0x55d730ff7910: pfd->events now 60 (POLLOUT:4)
0:00:00.019514766  4483 0x565458563360 TRACE   GST_REFCOUNTING gstobject.c:208:gst_object_init: 0x56545858c4f0 new
0:00:00.014383673  4484 0x55d730fd3360 DEBUG   GST_POLL gstpoll.c:979:gst_poll_fd_ctl_write: 0x55d730ff7910: fd (fd:0, idx:1), active : 1
0:00:00.019522390  4483 0x565458563360 LOG   GST_REGISTRY gstregistrychunks.c:609:gst_registry_chunks_load_feature: Reading/casting for GstRegistryChunkElementFactory at address 0x565458589c08
0:00:00.014390306  4484 0x55d730fd3360 LOG   GST_POLL gstpoll.c:994:gst_poll_fd_ctl_write: 0x55d730ff7910: pfd->events now 60 (POLLOUT:4)
0:00:00.019529588  4483 0x565458563360 TRACE   structure gststructure.c:287:gst_structure_new_id_empty_with_size: created structure 0x56545858c7f0
0:00:00.014398275  4484 0x55d730fd3360 DEBUG   GST_POLL gstpoll.c:979:gst_poll_fd_ctl_write: 0x55d730ff7910: fd (fd:0, idx:1), active : 1
0:00:00.019536132  4483 0x565458563360 DEBUG   structure gststructure.c:2203:gst_structure_parse_field: trying field name 'long-name'
0:00:00.014405392  4484 0x55d730fd3360 LOG   GST_POLL gstpoll.c:994:gst_poll_fd_ctl_write: 0x55d730ff7910: pfd->events now 60 (POLLOUT:4)
0:00:00.019542767  4483 0x565458563360 DEBUG   default gstvalue.c:2676:_priv_gst_value_parse_value: trying type name 'string'
0:00:00.014412321  4484 0x55d730fd3360 DEBUG   GST_POLL gstpoll.c:979:gst_poll_fd_ctl_write: 0x55d730ff7910: fd (fd:0, idx:1), active : 1
0:00:00.019549517  4483 0x565458563360 DEBUG   structure gststructure.c:2203:gst_structure_parse_field: trying field name 'klass'
0:00:00.014419107  4484 0x55d730fd3360 LOG   GST_POLL gstpoll.c:994:gst_poll_fd_ctl_write: 0x55d730ff7910: pfd->events now 60 (POLLOUT:4)
0:00:00.019555966  4483 0x565458563360 DEBUG   default gstvalue.c:2676:_priv_gst_value_parse_value: trying type name 'string'
0:00:00.014426615  4484 0x55d730fd3360 DEBUG   GST_POLL gstpoll.c:979:gst_poll_fd_ctl_write: 0x55d730ff7910: fd (fd:0, idx:1), active : 1
0:00:00.019562817  4483 0x565458563360 DEBUG   structure gststructure.c:2203:gst_structure_parse_field: trying field name 'description'
0:00:00.014438074  4484 0x55d730fd3360 LOG   GST_POLL gstpoll.c:994:gst_poll_fd_ctl_write: 0x55d730ff7910: pfd->events now 60 (POLLOUT:4)
0:00:00.019576302  4483 0x565458563360 DEBUG   default gstvalue.c:2676:_priv_gst_value_parse_value: trying type name 'string'
0:00:00.014445436  4484 0x55d730fd3360 DEBUG   GST_POLL gstpoll.c:979:gst_poll_fd_ctl_write: 0x55d730ff7910: fd (fd:0, idx:1), active : 1
0:00:00.014452270  4484 0x55d730fd3360 LOG   GST_POLL gstpoll.c:994:gst_poll_fd_ctl_write: 0x55d730ff7910: pfd->events now 60 (POLLOUT:4)
0:00:00.019583296  4483 0x565458563360 DEBUG   structure gststructure.c:2203:gst_structure_parse_field: trying field name 'author'
0:00:00.014458929  4484 0x55d730fd3360 DEBUG   GST_POLL gstpoll.c:979:gst_poll_fd_ctl_write: 0x55d730ff7910: fd (fd:0, idx:1), active : 1
0:00:00.019595001  4483 0x565458563360 DEBUG   default gstvalue.c:2676:_priv_gst_value_parse_value: trying type name 'string'
0:00:00.014465715  4484 0x55d730fd3360 LOG   GST_POLL gstpoll.c:994:gst_poll_fd_ctl_write: 0x55d730ff7910: pfd->events now 60 (POLLOUT:4)
0:00:00.019602579  4483 0x565458563360 DEBUG   GST_REGISTRY gstregistrychunks.c:626:gst_registry_chunks_load_feature: Element factory : npadtemplates=1
0:00:00.014472781  4484 0x55d730fd3360 DEBUG   GST_POLL gstpoll.c:979:gst_poll_fd_ctl_write: 0x55d730ff7910: fd (fd:0, idx:1), active : 1
0:00:00.019610473  4483 0x565458563360 DEBUG   GST_REGISTRY gstregistrychunks.c:525:gst_registry_chunks_load_pad_template: Reading/casting for GstRegistryChunkPadTemplate at address 0x565458589ce8
0:00:00.014479747  4484 0x55d730fd3360 LOG   GST_POLL gstpoll.c:994:gst_poll_fd_ctl_write: 0x55d730ff7910: pfd->events now 60 (POLLOUT:4)
0:00:00.019617535  4483 0x565458563360 DEBUG   GST_REGISTRY gstregistrychunks.c:539:gst_registry_chunks_load_pad_template: Added pad_template sink
0:00:00.014486915  4484 0x55d730fd3360 DEBUG   GST_POLL gstpoll.c:979:gst_poll_fd_ctl_write: 0x55d730ff7910: fd (fd:0, idx:1), active : 1
0:00:00.019624613  4483 0x565458563360 DEBUG   GST_REGISTRY gstregistrychunks.c:639:gst_registry_chunks_load_feature: Reading 1 UriTypes at address 0x565458589cf9
0:00:00.014493517  4484 0x55d730fd3360 LOG   GST_POLL gstpoll.c:994:gst_poll_fd_ctl_write: 0x55d730ff7910: pfd->events now 60 (POLLOUT:4)
0:00:00.019633739  4483 0x565458563360 DEBUG   GST_REGISTRY gstregistrychunks.c:654:gst_registry_chunks_load_feature: Reading 1 Interfaces at address 0x565458589d09
0:00:00.014500361  4484 0x55d730fd3360 DEBUG   GST_POLL gstpoll.c:979:gst_poll_fd_ctl_write: 0x55d730ff7910: fd (fd:0, idx:1), active : 1
0:00:00.019642187  4483 0x565458563360 DEBUG   GST_REGISTRY gstregistry.c:589:gst_registry_add_feature: adding feature 0x56545858c4f0 (filesink)
0:00:00.014508891  4484 0x55d730fd3360 LOG   GST_POLL gstpoll.c:994:gst_poll_fd_ctl_write: 0x55d730ff7910: pfd->events now 60 (POLLOUT:4)
0:00:00.019648773  4483 0x565458563360 DEBUG   GST_REFCOUNTING gstobject.c:708:gst_object_set_parent: set parent (ref and sink)
0:00:00.014517747  4484 0x55d730fd3360 DEBUG   GST_POLL gstpoll.c:979:gst_poll_fd_ctl_write: 0x55d730ff7910: fd (fd:0, idx:1), active : 1
0:00:00.019663704  4483 0x565458563360 TRACE   GST_REFCOUNTING gstobject.c:292:gst_object_ref_sink: 0x56545858c4f0 ref_sink 1->2
0:00:00.014531467  4484 0x55d730fd3360 LOG   GST_POLL gstpoll.c:994:gst_poll_fd_ctl_write: 0x55d730ff7910: pfd->events now 60 (POLLOUT:4)
0:00:00.019671177  4483 0x565458563360 LOG   GST_REGISTRY gstregistry.c:607:gst_registry_add_feature: emitting feature-added for filesink
0:00:00.014539987  4484 0x55d730fd3360 DEBUG   GST_POLL gstpoll.c:979:gst_poll_fd_ctl_write: 0x55d730ff7910: fd (fd:0, idx:1), active : 1
0:00:00.019678609  4483 0x565458563360 DEBUG   GST_REGISTRY gstregistrychunks.c:740:gst_registry_chunks_load_feature: Added feature filesink, plugin 0x565458591ea0 coreelements
0:00:00.014546586  4484 0x55d730fd3360 LOG   GST_POLL gstpoll.c:994:gst_poll_fd_ctl_write: 0x55d730ff7910: pfd->events now 60 (POLLOUT:4)
0:00:00.019685525  4483 0x565458563360 DEBUG   GST_REGISTRY gstregistrychunks.c:582:gst_registry_chunks_load_feature: Plugin 'coreelements' feature 'queue2' typename : 'GstElementFactory'
0:00:00.014554084  4484 0x55d730fd3360 DEBUG   GST_POLL gstpoll.c:979:gst_poll_fd_ctl_write: 0x55d730ff7910: fd (fd:0, idx:1), active : 1
0:00:00.019693716  4483 0x565458563360 TRACE   GST_REFCOUNTING gstobject.c:208:gst_object_init: 0x56545858ca20 new
0:00:00.014560752  4484 0x55d730fd3360 LOG   GST_POLL gstpoll.c:994:gst_poll_fd_ctl_write: 0x55d730ff7910: pfd->events now 60 (POLLOUT:4)
0:00:00.019701644  4483 0x565458563360 LOG   GST_REGISTRY gstregistrychunks.c:609:gst_registry_chunks_load_feature: Reading/casting for GstRegistryChunkElementFactory at address 0x565458589d30
0:00:00.014569546  4484 0x55d730fd3360 DEBUG   GST_POLL gstpoll.c:979:gst_poll_fd_ctl_write: 0x55d730ff7910: fd (fd:0, idx:1), active : 1
0:00:00.019713916  4483 0x565458563360 TRACE   structure gststructure.c:287:gst_structure_new_id_empty_with_size: created structure 0x56545858cd80
0:00:00.014582104  4484 0x55d730fd3360 LOG   GST_POLL gstpoll.c:994:gst_poll_fd_ctl_write: 0x55d730ff7910: pfd->events now 60 (POLLOUT:4)
0:00:00.019721128  4483 0x565458563360 DEBUG   structure gststructure.c:2203:gst_structure_parse_field: trying field name 'long-name'
0:00:00.014590134  4484 0x55d730fd3360 DEBUG   GST_POLL gstpoll.c:979:gst_poll_fd_ctl_write: 0x55d730ff7910: fd (fd:0, idx:1), active : 1
0:00:00.019727787  4483 0x565458563360 DEBUG   default gstvalue.c:2676:_priv_gst_value_parse_value: trying type name 'string'
0:00:00.014596758  4484 0x55d730fd3360 LOG   GST_POLL gstpoll.c:994:gst_poll_fd_ctl_write: 0x55d730ff7910: pfd->events now 60 (POLLOUT:4)
0:00:00.019734345  4483 0x565458563360 DEBUG   structure gststructure.c:2203:gst_structure_parse_field: trying field name 'klass'
0:00:00.014603424  4484 0x55d730fd3360 DEBUG   GST_POLL gstpoll.c:979:gst_poll_fd_ctl_write: 0x55d730ff7910: fd (fd:0, idx:1), active : 1
0:00:00.019741114  4483 0x565458563360 DEBUG   default gstvalue.c:2676:_priv_gst_value_parse_value: trying type name 'string'
0:00:00.014610245  4484 0x55d730fd3360 LOG   GST_POLL gstpoll.c:994:gst_poll_fd_ctl_write: 0x55d730ff7910: pfd->events now 60 (POLLOUT:4)
0:00:00.019753077  4483 0x565458563360 DEBUG   structure gststructure.c:2203:gst_structure_parse_field: trying field name 'description'
0:00:00.014621431  4484 0x55d730fd3360 DEBUG   GST_POLL gstpoll.c:979:gst_poll_fd_ctl_write: 0x55d730ff7910: fd (fd:0, idx:1), active : 1
0:00:00.019759748  4483 0x565458563360 DEBUG   default gstvalue.c:2676:_priv_gst_value_parse_value: trying type name 'string'
0:00:00.014628463  4484 0x55d730fd3360 LOG   GST_POLL gstpoll.c:994:gst_poll_fd_ctl_write: 0x55d730ff7910: pfd->events now 60 (POLLOUT:4)
0:00:00.019770804  4483 0x565458563360 DEBUG   structure gststructure.c:2203:gst_structure_parse_field: trying field name 'author'
0:00:00.014637367  4484 0x55d730fd3360 DEBUG   GST_POLL gstpoll.c:979:gst_poll_fd_ctl_write: 0x55d730ff7910: fd (fd:0, idx:1), active : 1
0:00:00.019777209  4483 0x565458563360 DEBUG   default gstvalue.c:2676:_priv_gst_value_parse_value: trying type name 'string'
0:00:00.019789244  4483 0x565458563360 DEBUG   GST_REGISTRY gstregistrychunks.c:626:gst_registry_chunks_load_feature: Element factory : npadtemplates=2
0:00:00.014654722  4484 0x55d730fd3360 LOG   GST_POLL gstpoll.c:994:gst_poll_fd_ctl_write: 0x55d730ff7910: pfd->events now 60 (POLLOUT:4)
0:00:00.019795002  4483 0x565458563360 DEBUG   GST_REGISTRY gstregistrychunks.c:525:gst_registry_chunks_load_pad_template: Reading/casting for GstRegistryChunkPadTemplate at address 0x565458589e20
0:00:00.019801937  4483 0x565458563360 DEBUG   GST_REGISTRY gstregistrychunks.c:539:gst_registry_chunks_load_pad_template: Added pad_template sink
0:00:00.014667124  4484 0x55d730fd3360 DEBUG   GST_POLL gstpoll.c:979:gst_poll_fd_ctl_write: 0x55d730ff7910: fd (fd:0, idx:1), active : 1
0:00:00.019807654  4483 0x565458563360 DEBUG   GST_REGISTRY gstregistrychunks.c:525:gst_registry_chunks_load_pad_template: Reading/casting for GstRegistryChunkPadTemplate at address 0x565458589e38
0:00:00.019813873  4483 0x565458563360 DEBUG   GST_REGISTRY gstregistrychunks.c:539:gst_registry_chunks_load_pad_template: Added pad_template src
0:00:00.014679252  4484 0x55d730fd3360 LOG   GST_POLL gstpoll.c:994:gst_poll_fd_ctl_write: 0x55d730ff7910: pfd->events now 60 (POLLOUT:4)
0:00:00.019821229  4483 0x565458563360 DEBUG   GST_REGISTRY gstregistry.c:589:gst_registry_add_feature: adding feature 0x56545858ca20 (queue2)
0:00:00.014691758  4484 0x55d730fd3360 DEBUG   GST_POLL gstpoll.c:979:gst_poll_fd_ctl_write: 0x55d730ff7910: fd (fd:0, idx:1), active : 1
0:00:00.019827499  4483 0x565458563360 DEBUG   GST_REFCOUNTING gstobject.c:708:gst_object_set_parent: set parent (ref and sink)
0:00:00.014700441  4484 0x55d730fd3360 LOG   GST_POLL gstpoll.c:994:gst_poll_fd_ctl_write: 0x55d730ff7910: pfd->events now 60 (POLLOUT:4)
0:00:00.019836987  4483 0x565458563360 TRACE   GST_REFCOUNTING gstobject.c:292:gst_object_ref_sink: 0x56545858ca20 ref_sink 1->2
0:00:00.014707544  4484 0x55d730fd3360 DEBUG   GST_POLL gstpoll.c:979:gst_poll_fd_ctl_write: 0x55d730ff7910: fd (fd:0, idx:1), active : 1
0:00:00.019844102  4483 0x565458563360 LOG   GST_REGISTRY gstregistry.c:607:gst_registry_add_feature: emitting feature-added for queue2
0:00:00.014719940  4484 0x55d730fd3360 LOG   GST_POLL gstpoll.c:994:gst_poll_fd_ctl_write: 0x55d730ff7910: pfd->events now 60 (POLLOUT:4)
0:00:00.019856616  4483 0x565458563360 DEBUG   GST_REGISTRY gstregistrychunks.c:740:gst_registry_chunks_load_feature: Added feature queue2, plugin 0x565458591ea0 coreelements
0:00:00.014727962  4484 0x55d730fd3360 DEBUG   GST_POLL gstpoll.c:979:gst_poll_fd_ctl_write: 0x55d730ff7910: fd (fd:0, idx:1), active : 1
0:00:00.019864033  4483 0x565458563360 DEBUG   GST_REGISTRY gstregistrychunks.c:582:gst_registry_chunks_load_feature: Plugin 'coreelements' feature 'queue' typename : 'GstElementFactory'
0:00:00.014734721  4484 0x55d730fd3360 LOG   GST_POLL gstpoll.c:994:gst_poll_fd_ctl_write: 0x55d730ff7910: pfd->events now 60 (POLLOUT:4)
0:00:00.019871936  4483 0x565458563360 TRACE   GST_REFCOUNTING gstobject.c:208:gst_object_init: 0x56545858d170 new
0:00:00.014741506  4484 0x55d730fd3360 DEBUG   GST_POLL gstpoll.c:979:gst_poll_fd_ctl_write: 0x55d730ff7910: fd (fd:0, idx:1), active : 1
0:00:00.019879903  4483 0x565458563360 LOG   GST_REGISTRY gstregistrychunks.c:609:gst_registry_chunks_load_feature: Reading/casting for GstRegistryChunkElementFactory at address 0x565458589e60
0:00:00.014748030  4484 0x55d730fd3360 LOG   GST_POLL gstpoll.c:994:gst_poll_fd_ctl_write: 0x55d730ff7910: pfd->events now 60 (POLLOUT:4)
0:00:00.019886960  4483 0x565458563360 TRACE   structure gststructure.c:287:gst_structure_new_id_empty_with_size: created structure 0x56545858d540
0:00:00.014755416  4484 0x55d730fd3360 DEBUG   GST_POLL gstpoll.c:979:gst_poll_fd_ctl_write: 0x55d730ff7910: fd (fd:0, idx:1), active : 1
0:00:00.019893659  4483 0x565458563360 DEBUG   structure gststructure.c:2203:gst_structure_parse_field: trying field name 'long-name'
0:00:00.014762345  4484 0x55d730fd3360 LOG   GST_POLL gstpoll.c:994:gst_poll_fd_ctl_write: 0x55d730ff7910: pfd->events now 60 (POLLOUT:4)
0:00:00.019900282  4483 0x565458563360 DEBUG   default gstvalue.c:2676:_priv_gst_value_parse_value: trying type name 'string'
0:00:00.014769167  4484 0x55d730fd3360 DEBUG   GST_POLL gstpoll.c:979:gst_poll_fd_ctl_write: 0x55d730ff7910: fd (fd:0, idx:1), active : 1
0:00:00.019907116  4483 0x565458563360 DEBUG   structure gststructure.c:2203:gst_structure_parse_field: trying field name 'klass'
0:00:00.014775775  4484 0x55d730fd3360 LOG   GST_POLL gstpoll.c:994:gst_poll_fd_ctl_write: 0x55d730ff7910: pfd->events now 60 (POLLOUT:4)
0:00:00.019913485  4483 0x565458563360 DEBUG   default gstvalue.c:2676:_priv_gst_value_parse_value: trying type name 'string'
0:00:00.014782450  4484 0x55d730fd3360 DEBUG   GST_POLL gstpoll.c:979:gst_poll_fd_ctl_write: 0x55d730ff7910: fd (fd:0, idx:1), active : 1
0:00:00.019920118  4483 0x565458563360 DEBUG   structure gststructure.c:2203:gst_structure_parse_field: trying field name 'description'
0:00:00.014789440  4484 0x55d730fd3360 LOG   GST_POLL gstpoll.c:994:gst_poll_fd_ctl_write: 0x55d730ff7910: pfd->events now 60 (POLLOUT:4)
0:00:00.019926607  4483 0x565458563360 DEBUG   default gstvalue.c:2676:_priv_gst_value_parse_value: trying type name 'string'
0:00:00.014801132  4484 0x55d730fd3360 DEBUG   GST_POLL gstpoll.c:979:gst_poll_fd_ctl_write: 0x55d730ff7910: fd (fd:0, idx:1), active : 1
0:00:00.019937333  4483 0x565458563360 DEBUG   structure gststructure.c:2203:gst_structure_parse_field: trying field name 'author'
0:00:00.014807728  4484 0x55d730fd3360 LOG   GST_POLL gstpoll.c:994:gst_poll_fd_ctl_write: 0x55d730ff7910: pfd->events now 60 (POLLOUT:4)
0:00:00.019943647  4483 0x565458563360 DEBUG   default gstvalue.c:2676:_priv_gst_value_parse_value: trying type name 'string'
0:00:00.014814812  4484 0x55d730fd3360 DEBUG   GST_POLL gstpoll.c:979:gst_poll_fd_ctl_write: 0x55d730ff7910: fd (fd:0, idx:1), active : 1
0:00:00.019951002  4483 0x565458563360 DEBUG   GST_REGISTRY gstregistrychunks.c:626:gst_registry_chunks_load_feature: Element factory : npadtemplates=2
0:00:00.014821331  4484 0x55d730fd3360 LOG   GST_POLL gstpoll.c:994:gst_poll_fd_ctl_write: 0x55d730ff7910: pfd->events now 60 (POLLOUT:4)
0:00:00.019957279  4483 0x565458563360 DEBUG   GST_REGISTRY gstregistrychunks.c:525:gst_registry_chunks_load_pad_template: Reading/casting for GstRegistryChunkPadTemplate at address 0x565458589f18
0:00:00.014828332  4484 0x55d730fd3360 DEBUG   GST_POLL gstpoll.c:979:gst_poll_fd_ctl_write: 0x55d730ff7910: fd (fd:0, idx:1), active : 1
0:00:00.019964142  4483 0x565458563360 DEBUG   GST_REGISTRY gstregistrychunks.c:539:gst_registry_chunks_load_pad_template: Added pad_template sink
0:00:00.014834803  4484 0x55d730fd3360 LOG   GST_POLL gstpoll.c:994:gst_poll_fd_ctl_write: 0x55d730ff7910: pfd->events now 60 (POLLOUT:4)
0:00:00.019970604  4483 0x565458563360 DEBUG   GST_REGISTRY gstregistrychunks.c:525:gst_registry_chunks_load_pad_template: Reading/casting for GstRegistryChunkPadTemplate at address 0x565458589f30
0:00:00.014841712  4484 0x55d730fd3360 DEBUG   GST_POLL gstpoll.c:979:gst_poll_fd_ctl_write: 0x55d730ff7910: fd (fd:0, idx:1), active : 1
0:00:00.019977444  4483 0x565458563360 DEBUG   GST_REGISTRY gstregistrychunks.c:539:gst_registry_chunks_load_pad_template: Added pad_template src
0:00:00.014848165  4484 0x55d730fd3360 LOG   GST_POLL gstpoll.c:994:gst_poll_fd_ctl_write: 0x55d730ff7910: pfd->events now 60 (POLLOUT:4)
0:00:00.019985384  4483 0x565458563360 DEBUG   GST_REGISTRY gstregistry.c:589:gst_registry_add_feature: adding feature 0x56545858d170 (queue)
0:00:00.014855080  4484 0x55d730fd3360 DEBUG   GST_POLL gstpoll.c:979:gst_poll_fd_ctl_write: 0x55d730ff7910: fd (fd:0, idx:1), active : 1
0:00:00.019992142  4483 0x565458563360 DEBUG   GST_REFCOUNTING gstobject.c:708:gst_object_set_parent: set parent (ref and sink)
0:00:00.014861835  4484 0x55d730fd3360 LOG   GST_POLL gstpoll.c:994:gst_poll_fd_ctl_write: 0x55d730ff7910: pfd->events now 60 (POLLOUT:4)
0:00:00.019999972  4483 0x565458563360 TRACE   GST_REFCOUNTING gstobject.c:292:gst_object_ref_sink: 0x56545858d170 ref_sink 1->2
0:00:00.014868596  4484 0x55d730fd3360 DEBUG   GST_POLL gstpoll.c:979:gst_poll_fd_ctl_write: 0x55d730ff7910: fd (fd:0, idx:1), active : 1
0:00:00.020006772  4483 0x565458563360 LOG   GST_REGISTRY gstregistry.c:607:gst_registry_add_feature: emitting feature-added for queue
0:00:00.014879998  4484 0x55d730fd3360 LOG   GST_POLL gstpoll.c:994:gst_poll_fd_ctl_write: 0x55d730ff7910: pfd->events now 60 (POLLOUT:4)
0:00:00.020016659  4483 0x565458563360 DEBUG   GST_REGISTRY gstregistrychunks.c:740:gst_registry_chunks_load_feature: Added feature queue, plugin 0x565458591ea0 coreelements
0:00:00.014887257  4484 0x55d730fd3360 DEBUG   GST_POLL gstpoll.c:979:gst_poll_fd_ctl_write: 0x55d730ff7910: fd (fd:0, idx:1), active : 1
0:00:00.020023579  4483 0x565458563360 DEBUG   GST_REGISTRY gstregistrychunks.c:582:gst_registry_chunks_load_feature: Plugin 'coreelements' feature 'output-selector' typename : 'GstElementFactory'
0:00:00.014893869  4484 0x55d730fd3360 LOG   GST_POLL gstpoll.c:994:gst_poll_fd_ctl_write: 0x55d730ff7910: pfd->events now 60 (POLLOUT:4)
0:00:00.020031047  4483 0x565458563360 TRACE   GST_REFCOUNTING gstobject.c:208:gst_object_init: 0x56545858d970 new
0:00:00.014900655  4484 0x55d730fd3360 DEBUG   GST_POLL gstpoll.c:979:gst_poll_fd_ctl_write: 0x55d730ff7910: fd (fd:0, idx:1), active : 1
0:00:00.020038577  4483 0x565458563360 LOG   GST_REGISTRY gstregistrychunks.c:609:gst_registry_chunks_load_feature: Reading/casting for GstRegistryChunkElementFactory at address 0x565458589f68
0:00:00.014907296  4484 0x55d730fd3360 LOG   GST_POLL gstpoll.c:994:gst_poll_fd_ctl_write: 0x55d730ff7910: pfd->events now 60 (POLLOUT:4)
0:00:00.020045676  4483 0x565458563360 TRACE   structure gststructure.c:287:gst_structure_new_id_empty_with_size: created structure 0x56545858dc70
0:00:00.014914038  4484 0x55d730fd3360 DEBUG   GST_POLL gstpoll.c:979:gst_poll_fd_ctl_write: 0x55d730ff7910: fd (fd:0, idx:1), active : 1
0:00:00.020052190  4483 0x565458563360 DEBUG   structure gststructure.c:2203:gst_structure_parse_field: trying field name 'long-name'
0:00:00.014920892  4484 0x55d730fd3360 LOG   GST_POLL gstpoll.c:994:gst_poll_fd_ctl_write: 0x55d730ff7910: pfd->events now 60 (POLLOUT:4)
0:00:00.020058428  4483 0x565458563360 DEBUG   default gstvalue.c:2676:_priv_gst_value_parse_value: trying type name 'string'
0:00:00.014927551  4484 0x55d730fd3360 DEBUG   GST_POLL gstpoll.c:979:gst_poll_fd_ctl_write: 0x55d730ff7910: fd (fd:0, idx:1), active : 1
0:00:00.020065027  4483 0x565458563360 DEBUG   structure gststructure.c:2203:gst_structure_parse_field: trying field name 'klass'
0:00:00.014934144  4484 0x55d730fd3360 LOG   GST_POLL gstpoll.c:994:gst_poll_fd_ctl_write: 0x55d730ff7910: pfd->events now 60 (POLLOUT:4)
0:00:00.020071644  4483 0x565458563360 DEBUG   default gstvalue.c:2676:_priv_gst_value_parse_value: trying type name 'string'
0:00:00.014941066  4484 0x55d730fd3360 DEBUG   GST_POLL gstpoll.c:979:gst_poll_fd_ctl_write: 0x55d730ff7910: fd (fd:0, idx:1), active : 1
0:00:00.020078370  4483 0x565458563360 DEBUG   structure gststructure.c:2203:gst_structure_parse_field: trying field name 'description'
0:00:00.014947652  4484 0x55d730fd3360 LOG   GST_POLL gstpoll.c:994:gst_poll_fd_ctl_write: 0x55d730ff7910: pfd->events now 60 (POLLOUT:4)
0:00:00.020084867  4483 0x565458563360 DEBUG   default gstvalue.c:2676:_priv_gst_value_parse_value: trying type name 'string'
0:00:00.014959197  4484 0x55d730fd3360 DEBUG   GST_POLL gstpoll.c:979:gst_poll_fd_ctl_write: 0x55d730ff7910: fd (fd:0, idx:1), active : 1
0:00:00.020095497  4483 0x565458563360 DEBUG   structure gststructure.c:2203:gst_structure_parse_field: trying field name 'author'
0:00:00.014965808  4484 0x55d730fd3360 LOG   GST_POLL gstpoll.c:994:gst_poll_fd_ctl_write: 0x55d730ff7910: pfd->events now 60 (POLLOUT:4)
0:00:00.020101999  4483 0x565458563360 DEBUG   default gstvalue.c:2676:_priv_gst_value_parse_value: trying type name 'string'
0:00:00.014972521  4484 0x55d730fd3360 DEBUG   GST_POLL gstpoll.c:979:gst_poll_fd_ctl_write: 0x55d730ff7910: fd (fd:0, idx:1), active : 1
0:00:00.020109099  4483 0x565458563360 DEBUG   GST_REGISTRY gstregistrychunks.c:626:gst_registry_chunks_load_feature: Element factory : npadtemplates=2
0:00:00.014979470  4484 0x55d730fd3360 LOG   GST_POLL gstpoll.c:994:gst_poll_fd_ctl_write: 0x55d730ff7910: pfd->events now 60 (POLLOUT:4)
0:00:00.020115652  4483 0x565458563360 DEBUG   GST_REGISTRY gstregistrychunks.c:525:gst_registry_chunks_load_pad_template: Reading/casting for GstRegistryChunkPadTemplate at address 0x56545858a040
0:00:00.014986475  4484 0x55d730fd3360 DEBUG   GST_POLL gstpoll.c:979:gst_poll_fd_ctl_write: 0x55d730ff7910: fd (fd:0, idx:1), active : 1
0:00:00.020122048  4483 0x565458563360 DEBUG   GST_REGISTRY gstregistrychunks.c:539:gst_registry_chunks_load_pad_template: Added pad_template src_%u
0:00:00.014993082  4484 0x55d730fd3360 LOG   GST_POLL gstpoll.c:994:gst_poll_fd_ctl_write: 0x55d730ff7910: pfd->events now 60 (POLLOUT:4)
0:00:00.020133078  4483 0x565458563360 DEBUG   GST_REGISTRY gstregistrychunks.c:525:gst_registry_chunks_load_pad_template: Reading/casting for GstRegistryChunkPadTemplate at address 0x56545858a058
0:00:00.015000345  4484 0x55d730fd3360 DEBUG   GST_POLL gstpoll.c:979:gst_poll_fd_ctl_write: 0x55d730ff7910: fd (fd:0, idx:1), active : 1
0:00:00.020139615  4483 0x565458563360 DEBUG   GST_REGISTRY gstregistrychunks.c:539:gst_registry_chunks_load_pad_template: Added pad_template sink
0:00:00.015008370  4484 0x55d730fd3360 LOG   GST_POLL gstpoll.c:994:gst_poll_fd_ctl_write: 0x55d730ff7910: pfd->events now 60 (POLLOUT:4)
0:00:00.020147347  4483 0x565458563360 DEBUG   GST_REGISTRY gstregistry.c:589:gst_registry_add_feature: adding feature 0x56545858d970 (output-selector)
0:00:00.015015361  4484 0x55d730fd3360 DEBUG   GST_POLL gstpoll.c:979:gst_poll_fd_ctl_write: 0x55d730ff7910: fd (fd:0, idx:1), active : 1
0:00:00.020155638  4483 0x565458563360 DEBUG   GST_REFCOUNTING gstobject.c:708:gst_object_set_parent: set parent (ref and sink)
0:00:00.015022543  4484 0x55d730fd3360 LOG   GST_POLL gstpoll.c:994:gst_poll_fd_ctl_write: 0x55d730ff7910: pfd->events now 60 (POLLOUT:4)
0:00:00.020163316  4483 0x565458563360 TRACE   GST_REFCOUNTING gstobject.c:292:gst_object_ref_sink: 0x56545858d970 ref_sink 1->2
0:00:00.015031522  4484 0x55d730fd3360 DEBUG   GST_POLL gstpoll.c:979:gst_poll_fd_ctl_write: 0x55d730ff7910: fd (fd:0, idx:1), active : 1
0:00:00.020176756  4483 0x565458563360 LOG   GST_REGISTRY gstregistry.c:607:gst_registry_add_feature: emitting feature-added for output-selector
0:00:00.015044933  4484 0x55d730fd3360 LOG   GST_POLL gstpoll.c:994:gst_poll_fd_ctl_write: 0x55d730ff7910: pfd->events now 60 (POLLOUT:4)
0:00:00.020185090  4483 0x565458563360 DEBUG   GST_REGISTRY gstregistrychunks.c:740:gst_registry_chunks_load_feature: Added feature output-selector, plugin 0x565458591ea0 coreelements
0:00:00.015053004  4484 0x55d730fd3360 DEBUG   GST_POLL gstpoll.c:979:gst_poll_fd_ctl_write: 0x55d730ff7910: fd (fd:0, idx:1), active : 1
0:00:00.020192399  4483 0x565458563360 DEBUG   GST_REGISTRY gstregistrychunks.c:582:gst_registry_chunks_load_feature: Plugin 'coreelements' feature 'input-selector' typename : 'GstElementFactory'
0:00:00.015060489  4484 0x55d730fd3360 LOG   GST_POLL gstpoll.c:994:gst_poll_fd_ctl_write: 0x55d730ff7910: pfd->events now 60 (POLLOUT:4)
0:00:00.020200650  4483 0x565458563360 TRACE   GST_REFCOUNTING gstobject.c:208:gst_object_init: 0x56545858e330 new
