0:00:00.011452613  4434 0x55aca8d26360 LOG   GST_POLL gstpoll.c:994:gst_poll_fd_ctl_write: 0x55aca8d4a970: pfd->events now 60 (POLLOUT:4)
0:00:00.011458567  4434 0x55aca8d26360 DEBUG   GST_POLL gstpoll.c:979:gst_poll_fd_ctl_write: 0x55aca8d4a970: fd (fd:0, idx:1), active : 1
0:00:00.011464234  4434 0x55aca8d26360 LOG   GST_POLL gstpoll.c:994:gst_poll_fd_ctl_write: 0x55aca8d4a970: pfd->events now 60 (POLLOUT:4)
0:00:00.011470152  4434 0x55aca8d26360 LOG   GST_PLUGIN_LOADING gstpluginloader.c:645:put_chunk: Expanding tx buf from 5764 to 7717 for chunk of size 229
0:00:00.011476406  4434 0x55aca8d26360 DEBUG   GST_POLL gstpoll.c:979:gst_poll_fd_ctl_write: 0x55aca8d4a970: fd (fd:0, idx:1), active : 1
0:00:00.011482092  4434 0x55aca8d26360 LOG   GST_POLL gstpoll.c:994:gst_poll_fd_ctl_write: 0x55aca8d4a970: pfd->events now 60 (POLLOUT:4)
0:00:00.011488081  4434 0x55aca8d26360 DEBUG   GST_POLL gstpoll.c:979:gst_poll_fd_ctl_write: 0x55aca8d4a970: fd (fd:0, idx:1), active : 1
0:00:00.011493749  4434 0x55aca8d26360 LOG   GST_POLL gstpoll.c:994:gst_poll_fd_ctl_write: 0x55aca8d4a970: pfd->events now 60 (POLLOUT:4)
0:00:00.011499663  4434 0x55aca8d26360 DEBUG   GST_POLL gstpoll.c:979:gst_poll_fd_ctl_write: 0x55aca8d4a970: fd (fd:0, idx:1), active : 1
0:00:00.011505343  4434 0x55aca8d26360 LOG   GST_POLL gstpoll.c:994:gst_poll_fd_ctl_write: 0x55aca8d4a970: pfd->events now 60 (POLLOUT:4)
0:00:00.011511180  4434 0x55aca8d26360 DEBUG   GST_POLL gstpoll.c:979:gst_poll_fd_ctl_write: 0x55aca8d4a970: fd (fd:0, idx:1), active : 1
0:00:00.011516853  4434 0x55aca8d26360 LOG   GST_POLL gstpoll.c:994:gst_poll_fd_ctl_write: 0x55aca8d4a970: pfd->events now 60 (POLLOUT:4)
0:00:00.011522737  4434 0x55aca8d26360 DEBUG   GST_POLL gstpoll.c:979:gst_poll_fd_ctl_write: 0x55aca8d4a970: fd (fd:0, idx:1), active : 1
0:00:00.011528395  4434 0x55aca8d26360 LOG   GST_POLL gstpoll.c:994:gst_poll_fd_ctl_write: 0x55aca8d4a970: pfd->events now 60 (POLLOUT:4)
0:00:00.011534246  4434 0x55aca8d26360 DEBUG   GST_POLL gstpoll.c:979:gst_poll_fd_ctl_write: 0x55aca8d4a970: fd (fd:0, idx:1), active : 1
0:00:00.011539916  4434 0x55aca8d26360 LOG   GST_POLL gstpoll.c:994:gst_poll_fd_ctl_write: 0x55aca8d4a970: pfd->events now 60 (POLLOUT:4)
0:00:00.011545813  4434 0x55aca8d26360 DEBUG   GST_POLL gstpoll.c:979:gst_poll_fd_ctl_write: 0x55aca8d4a970: fd (fd:0, idx:1), active : 1
0:00:00.011555248  4434 0x55aca8d26360 LOG   GST_POLL gstpoll.c:994:gst_poll_fd_ctl_write: 0x55aca8d4a970: pfd->events now 60 (POLLOUT:4)
0:00:00.011561415  4434 0x55aca8d26360 DEBUG   GST_POLL gstpoll.c:979:gst_poll_fd_ctl_write: 0x55aca8d4a970: fd (fd:0, idx:1), active : 1
0:00:00.011567093  4434 0x55aca8d26360 LOG   GST_POLL gstpoll.c:994:gst_poll_fd_ctl_write: 0x55aca8d4a970: pfd->events now 60 (POLLOUT:4)
0:00:00.011573060  4434 0x55aca8d26360 DEBUG   GST_POLL gstpoll.c:979:gst_poll_fd_ctl_write: 0x55aca8d4a970: fd (fd:0, idx:1), active : 1
0:00:00.011578708  4434 0x55aca8d26360 LOG   GST_POLL gstpoll.c:994:gst_poll_fd_ctl_write: 0x55aca8d4a970: pfd->events now 60 (POLLOUT:4)
0:00:00.011584617  4434 0x55aca8d26360 DEBUG   GST_POLL gstpoll.c:979:gst_poll_fd_ctl_write: 0x55aca8d4a970: fd (fd:0, idx:1), active : 1
0:00:00.011590319  4434 0x55aca8d26360 LOG   GST_POLL gstpoll.c:994:gst_poll_fd_ctl_write: 0x55aca8d4a970: pfd->events now 60 (POLLOUT:4)
0:00:00.011596192  4434 0x55aca8d26360 DEBUG   GST_POLL gstpoll.c:979:gst_poll_fd_ctl_write: 0x55aca8d4a970: fd (fd:0, idx:1), active : 1
0:00:00.011601890  4434 0x55aca8d26360 LOG   GST_POLL gstpoll.c:994:gst_poll_fd_ctl_write: 0x55aca8d4a970: pfd->events now 60 (POLLOUT:4)
0:00:00.011607811  4434 0x55aca8d26360 DEBUG   GST_POLL gstpoll.c:979:gst_poll_fd_ctl_write: 0x55aca8d4a970: fd (fd:0, idx:1), active : 1
0:00:00.011613444  4434 0x55aca8d26360 LOG   GST_POLL gstpoll.c:994:gst_poll_fd_ctl_write: 0x55aca8d4a970: pfd->events now 60 (POLLOUT:4)
0:00:00.011619376  4434 0x55aca8d26360 DEBUG   GST_POLL gstpoll.c:979:gst_poll_fd_ctl_write: 0x55aca8d4a970: fd (fd:0, idx:1), active : 1
0:00:00.011625066  4434 0x55aca8d26360 LOG   GST_POLL gstpoll.c:994:gst_poll_fd_ctl_write: 0x55aca8d4a970: pfd->events now 60 (POLLOUT:4)
0:00:00.011630952  4434 0x55aca8d26360 DEBUG   GST_POLL gstpoll.c:979:gst_poll_fd_ctl_write: 0x55aca8d4a970: fd (fd:0, idx:1), active : 1
0:00:00.011636614  4434 0x55aca8d26360 LOG   GST_POLL gstpoll.c:994:gst_poll_fd_ctl_write: 0x55aca8d4a970: pfd->events now 60 (POLLOUT:4)
0:00:00.011642508  4434 0x55aca8d26360 DEBUG   GST_POLL gstpoll.c:979:gst_poll_fd_ctl_write: 0x55aca8d4a970: fd (fd:0, idx:1), active : 1
0:00:00.011648196  4434 0x55aca8d26360 LOG   GST_POLL gstpoll.c:994:gst_poll_fd_ctl_write: 0x55aca8d4a970: pfd->events now 60 (POLLOUT:4)
0:00:00.011654116  4434 0x55aca8d26360 DEBUG   GST_POLL gstpoll.c:979:gst_poll_fd_ctl_write: 0x55aca8d4a970: fd (fd:0, idx:1), active : 1
0:00:00.011659810  4434 0x55aca8d26360 LOG   GST_POLL gstpoll.c:994:gst_poll_fd_ctl_write: 0x55aca8d4a970: pfd->events now 60 (POLLOUT:4)
0:00:00.011665747  4434 0x55aca8d26360 DEBUG   GST_POLL gstpoll.c:979:gst_poll_fd_ctl_write: 0x55aca8d4a970: fd (fd:0, idx:1), active : 1
0:00:00.011671415  4434 0x55aca8d26360 LOG   GST_POLL gstpoll.c:994:gst_poll_fd_ctl_write: 0x55aca8d4a970: pfd->events now 60 (POLLOUT:4)
0:00:00.011677413  4434 0x55aca8d26360 DEBUG   GST_POLL gstpoll.c:979:gst_poll_fd_ctl_write: 0x55aca8d4a970: fd (fd:0, idx:1), active : 1
0:00:00.011683086  4434 0x55aca8d26360 LOG   GST_POLL gstpoll.c:994:gst_poll_fd_ctl_write: 0x55aca8d4a970: pfd->events now 60 (POLLOUT:4)
0:00:00.011694543  4434 0x55aca8d26360 DEBUG   GST_POLL gstpoll.c:979:gst_poll_fd_ctl_write: 0x55aca8d4a970: fd (fd:0, idx:1), active : 1
0:00:00.011700492  4434 0x55aca8d26360 LOG   GST_POLL gstpoll.c:994:gst_poll_fd_ctl_write: 0x55aca8d4a970: pfd->events now 60 (POLLOUT:4)
0:00:00.011706449  4434 0x55aca8d26360 DEBUG   GST_POLL gstpoll.c:979:gst_poll_fd_ctl_write: 0x55aca8d4a970: fd (fd:0, idx:1), active : 1
0:00:00.011712130  4434 0x55aca8d26360 LOG   GST_POLL gstpoll.c:994:gst_poll_fd_ctl_write: 0x55aca8d4a970: pfd->events now 60 (POLLOUT:4)
0:00:00.011718029  4434 0x55aca8d26360 DEBUG   GST_POLL gstpoll.c:979:gst_poll_fd_ctl_write: 0x55aca8d4a970: fd (fd:0, idx:1), active : 1
0:00:00.011723701  4434 0x55aca8d26360 LOG   GST_POLL gstpoll.c:994:gst_poll_fd_ctl_write: 0x55aca8d4a970: pfd->events now 60 (POLLOUT:4)
0:00:00.011729635  4434 0x55aca8d26360 DEBUG   GST_POLL gstpoll.c:979:gst_poll_fd_ctl_write: 0x55aca8d4a970: fd (fd:0, idx:1), active : 1
0:00:00.011735379  4434 0x55aca8d26360 LOG   GST_POLL gstpoll.c:994:gst_poll_fd_ctl_write: 0x55aca8d4a970: pfd->events now 60 (POLLOUT:4)
0:00:00.011741260  4434 0x55aca8d26360 DEBUG   GST_POLL gstpoll.c:979:gst_poll_fd_ctl_write: 0x55aca8d4a970: fd (fd:0, idx:1), active : 1
0:00:00.011746940  4434 0x55aca8d26360 LOG   GST_POLL gstpoll.c:994:gst_poll_fd_ctl_write: 0x55aca8d4a970: pfd->events now 60 (POLLOUT:4)
0:00:00.011752852  4434 0x55aca8d26360 DEBUG   GST_POLL gstpoll.c:979:gst_poll_fd_ctl_write: 0x55aca8d4a970: fd (fd:0, idx:1), active : 1
0:00:00.011758551  4434 0x55aca8d26360 LOG   GST_POLL gstpoll.c:994:gst_poll_fd_ctl_write: 0x55aca8d4a970: pfd->events now 60 (POLLOUT:4)
0:00:00.011764459  4434 0x55aca8d26360 DEBUG   GST_POLL gstpoll.c:979:gst_poll_fd_ctl_write: 0x55aca8d4a970: fd (fd:0, idx:1), active : 1
0:00:00.011770126  4434 0x55aca8d26360 LOG   GST_POLL gstpoll.c:994:gst_poll_fd_ctl_write: 0x55aca8d4a970: pfd->events now 60 (POLLOUT:4)
0:00:00.011776016  4434 0x55aca8d26360 DEBUG   GST_POLL gstpoll.c:979:gst_poll_fd_ctl_write: 0x55aca8d4a970: fd (fd:0, idx:1), active : 1
0:00:00.011781685  4434 0x55aca8d26360 LOG   GST_POLL gstpoll.c:994:gst_poll_fd_ctl_write: 0x55aca8d4a970: pfd->events now 60 (POLLOUT:4)
0:00:00.011787642  4434 0x55aca8d26360 DEBUG   GST_POLL gstpoll.c:979:gst_poll_fd_ctl_write: 0x55aca8d4a970: fd (fd:0, idx:1), active : 1
0:00:00.011793343  4434 0x55aca8d26360 LOG   GST_POLL gstpoll.c:994:gst_poll_fd_ctl_write: 0x55aca8d4a970: pfd->events now 60 (POLLOUT:4)
0:00:00.011799324  4434 0x55aca8d26360 DEBUG   GST_POLL gstpoll.c:979:gst_poll_fd_ctl_write: 0x55aca8d4a970: fd (fd:0, idx:1), active : 1
0:00:00.011805008  4434 0x55aca8d26360 LOG   GST_POLL gstpoll.c:994:gst_poll_fd_ctl_write: 0x55aca8d4a970: pfd->events now 60 (POLLOUT:4)
0:00:00.011810981  4434 0x55aca8d26360 DEBUG   GST_POLL gstpoll.c:979:gst_poll_fd_ctl_write: 0x55aca8d4a970: fd (fd:0, idx:1), active : 1
0:00:00.011816692  4434 0x55aca8d26360 LOG   GST_POLL gstpoll.c:994:gst_poll_fd_ctl_write: 0x55aca8d4a970: pfd->events now 60 (POLLOUT:4)
0:00:00.011826736  4434 0x55aca8d26360 DEBUG   GST_POLL gstpoll.c:979:gst_poll_fd_ctl_write: 0x55aca8d4a970: fd (fd:0, idx:1), active : 1
0:00:00.011832586  4434 0x55aca8d26360 LOG   GST_POLL gstpoll.c:994:gst_poll_fd_ctl_write: 0x55aca8d4a970: pfd->events now 60 (POLLOUT:4)
0:00:00.011838498  4434 0x55aca8d26360 DEBUG   GST_POLL gstpoll.c:979:gst_poll_fd_ctl_write: 0x55aca8d4a970: fd (fd:0, idx:1), active : 1
0:00:00.011844175  4434 0x55aca8d26360 LOG   GST_POLL gstpoll.c:994:gst_poll_fd_ctl_write: 0x55aca8d4a970: pfd->events now 60 (POLLOUT:4)
0:00:00.011850158  4434 0x55aca8d26360 DEBUG   GST_POLL gstpoll.c:979:gst_poll_fd_ctl_write: 0x55aca8d4a970: fd (fd:0, idx:1), active : 1
0:00:00.011855870  4434 0x55aca8d26360 LOG   GST_POLL gstpoll.c:994:gst_poll_fd_ctl_write: 0x55aca8d4a970: pfd->events now 60 (POLLOUT:4)
0:00:00.011861796  4434 0x55aca8d26360 DEBUG   GST_POLL gstpoll.c:979:gst_poll_fd_ctl_write: 0x55aca8d4a970: fd (fd:0, idx:1), active : 1
0:00:00.011867488  4434 0x55aca8d26360 LOG   GST_POLL gstpoll.c:994:gst_poll_fd_ctl_write: 0x55aca8d4a970: pfd->events now 60 (POLLOUT:4)
0:00:00.011873368  4434 0x55aca8d26360 DEBUG   GST_POLL gstpoll.c:979:gst_poll_fd_ctl_write: 0x55aca8d4a970: fd (fd:0, idx:1), active : 1
0:00:00.011879045  4434 0x55aca8d26360 LOG   GST_POLL gstpoll.c:994:gst_poll_fd_ctl_write: 0x55aca8d4a970: pfd->events now 60 (POLLOUT:4)
0:00:00.011884923  4434 0x55aca8d26360 DEBUG   GST_POLL gstpoll.c:979:gst_poll_fd_ctl_write: 0x55aca8d4a970: fd (fd:0, idx:1), active : 1
0:00:00.011890594  4434 0x55aca8d26360 LOG   GST_POLL gstpoll.c:994:gst_poll_fd_ctl_write: 0x55aca8d4a970: pfd->events now 60 (POLLOUT:4)
0:00:00.011896503  4434 0x55aca8d26360 DEBUG   GST_POLL gstpoll.c:979:gst_poll_fd_ctl_write: 0x55aca8d4a970: fd (fd:0, idx:1), active : 1
0:00:00.011902165  4434 0x55aca8d26360 LOG   GST_POLL gstpoll.c:994:gst_poll_fd_ctl_write: 0x55aca8d4a970: pfd->events now 60 (POLLOUT:4)
0:00:00.011908096  4434 0x55aca8d26360 DEBUG   GST_POLL gstpoll.c:979:gst_poll_fd_ctl_write: 0x55aca8d4a970: fd (fd:0, idx:1), active : 1
0:00:00.011913797  4434 0x55aca8d26360 LOG   GST_POLL gstpoll.c:994:gst_poll_fd_ctl_write: 0x55aca8d4a970: pfd->events now 60 (POLLOUT:4)
0:00:00.011919747  4434 0x55aca8d26360 DEBUG   GST_POLL gstpoll.c:979:gst_poll_fd_ctl_write: 0x55aca8d4a970: fd (fd:0, idx:1), active : 1
0:00:00.011929737  4434 0x55aca8d26360 LOG   GST_POLL gstpoll.c:994:gst_poll_fd_ctl_write: 0x55aca8d4a970: pfd->events now 60 (POLLOUT:4)
0:00:00.011936037  4434 0x55aca8d26360 DEBUG   GST_POLL gstpoll.c:979:gst_poll_fd_ctl_write: 0x55aca8d4a970: fd (fd:0, idx:1), active : 1
0:00:00.011941778  4434 0x55aca8d26360 LOG   GST_POLL gstpoll.c:994:gst_poll_fd_ctl_write: 0x55aca8d4a970: pfd->events now 60 (POLLOUT:4)
0:00:00.011947723  4434 0x55aca8d26360 DEBUG   GST_POLL gstpoll.c:979:gst_poll_fd_ctl_write: 0x55aca8d4a970: fd (fd:0, idx:1), active : 1
0:00:00.011953399  4434 0x55aca8d26360 LOG   GST_POLL gstpoll.c:994:gst_poll_fd_ctl_write: 0x55aca8d4a970: pfd->events now 60 (POLLOUT:4)
0:00:00.011959281  4434 0x55aca8d26360 DEBUG   GST_POLL gstpoll.c:979:gst_poll_fd_ctl_write: 0x55aca8d4a970: fd (fd:0, idx:1), active : 1
0:00:00.011969025  4434 0x55aca8d26360 LOG   GST_POLL gstpoll.c:994:gst_poll_fd_ctl_write: 0x55aca8d4a970: pfd->events now 60 (POLLOUT:4)
0:00:00.011975152  4434 0x55aca8d26360 DEBUG   GST_POLL gstpoll.c:979:gst_poll_fd_ctl_write: 0x55aca8d4a970: fd (fd:0, idx:1), active : 1
0:00:00.011980830  4434 0x55aca8d26360 LOG   GST_POLL gstpoll.c:994:gst_poll_fd_ctl_write: 0x55aca8d4a970: pfd->events now 60 (POLLOUT:4)
0:00:00.011986834  4434 0x55aca8d26360 DEBUG   GST_POLL gstpoll.c:979:gst_poll_fd_ctl_write: 0x55aca8d4a970: fd (fd:0, idx:1), active : 1
0:00:00.011992536  4434 0x55aca8d26360 LOG   GST_POLL gstpoll.c:994:gst_poll_fd_ctl_write: 0x55aca8d4a970: pfd->events now 60 (POLLOUT:4)
0:00:00.011998465  4434 0x55aca8d26360 DEBUG   GST_POLL gstpoll.c:979:gst_poll_fd_ctl_write: 0x55aca8d4a970: fd (fd:0, idx:1), active : 1
0:00:00.012004159  4434 0x55aca8d26360 LOG   GST_POLL gstpoll.c:994:gst_poll_fd_ctl_write: 0x55aca8d4a970: pfd->events now 60 (POLLOUT:4)
0:00:00.012010093  4434 0x55aca8d26360 DEBUG   GST_POLL gstpoll.c:979:gst_poll_fd_ctl_write: 0x55aca8d4a970: fd (fd:0, idx:1), active : 1
0:00:00.012015793  4434 0x55aca8d26360 LOG   GST_POLL gstpoll.c:994:gst_poll_fd_ctl_write: 0x55aca8d4a970: pfd->events now 60 (POLLOUT:4)
0:00:00.012021685  4434 0x55aca8d26360 DEBUG   GST_POLL gstpoll.c:979:gst_poll_fd_ctl_write: 0x55aca8d4a970: fd (fd:0, idx:1), active : 1
0:00:00.012040247  4434 0x55aca8d26360 LOG   GST_POLL gstpoll.c:994:gst_poll_fd_ctl_write: 0x55aca8d4a970: pfd->events now 60 (POLLOUT:4)
0:00:00.012046240  4434 0x55aca8d26360 DEBUG   GST_POLL gstpoll.c:979:gst_poll_fd_ctl_write: 0x55aca8d4a970: fd (fd:0, idx:1), active : 1
0:00:00.012051768  4434 0x55aca8d26360 LOG   GST_POLL gstpoll.c:994:gst_poll_fd_ctl_write: 0x55aca8d4a970: pfd->events now 60 (POLLOUT:4)
0:00:00.012065718  4434 0x55aca8d26360 DEBUG   GST_POLL gstpoll.c:979:gst_poll_fd_ctl_write: 0x55aca8d4a970: fd (fd:0, idx:1), active : 1
0:00:00.012072439  4434 0x55aca8d26360 LOG   GST_POLL gstpoll.c:994:gst_poll_fd_ctl_write: 0x55aca8d4a970: pfd->events now 60 (POLLOUT:4)
0:00:00.012078250  4434 0x55aca8d26360 DEBUG   GST_POLL gstpoll.c:979:gst_poll_fd_ctl_write: 0x55aca8d4a970: fd (fd:0, idx:1), active : 1
0:00:00.012083747  4434 0x55aca8d26360 LOG   GST_POLL gstpoll.c:994:gst_poll_fd_ctl_write: 0x55aca8d4a970: pfd->events now 60 (POLLOUT:4)
0:00:00.012089532  4434 0x55aca8d26360 DEBUG   GST_POLL gstpoll.c:979:gst_poll_fd_ctl_write: 0x55aca8d4a970: fd (fd:0, idx:1), active : 1
0:00:00.012095052  4434 0x55aca8d26360 LOG   GST_POLL gstpoll.c:994:gst_poll_fd_ctl_write: 0x55aca8d4a970: pfd->events now 60 (POLLOUT:4)
0:00:00.012100742  4434 0x55aca8d26360 DEBUG   GST_POLL gstpoll.c:979:gst_poll_fd_ctl_write: 0x55aca8d4a970: fd (fd:0, idx:1), active : 1
0:00:00.012106220  4434 0x55aca8d26360 LOG   GST_POLL gstpoll.c:994:gst_poll_fd_ctl_write: 0x55aca8d4a970: pfd->events now 60 (POLLOUT:4)
0:00:00.012111930  4434 0x55aca8d26360 DEBUG   GST_POLL gstpoll.c:979:gst_poll_fd_ctl_write: 0x55aca8d4a970: fd (fd:0, idx:1), active : 1
0:00:00.012120973  4434 0x55aca8d26360 LOG   GST_POLL gstpoll.c:994:gst_poll_fd_ctl_write: 0x55aca8d4a970: pfd->events now 60 (POLLOUT:4)
0:00:00.012126980  4434 0x55aca8d26360 DEBUG   GST_POLL gstpoll.c:979:gst_poll_fd_ctl_write: 0x55aca8d4a970: fd (fd:0, idx:1), active : 1
0:00:00.012132491  4434 0x55aca8d26360 LOG   GST_POLL gstpoll.c:994:gst_poll_fd_ctl_write: 0x55aca8d4a970: pfd->events now 60 (POLLOUT:4)
0:00:00.012138199  4434 0x55aca8d26360 DEBUG   GST_POLL gstpoll.c:979:gst_poll_fd_ctl_write: 0x55aca8d4a970: fd (fd:0, idx:1), active : 1
0:00:00.012143699  4434 0x55aca8d26360 LOG   GST_POLL gstpoll.c:994:gst_poll_fd_ctl_write: 0x55aca8d4a970: pfd->events now 60 (POLLOUT:4)
0:00:00.012152385  4434 0x55aca8d26360 TRACE   GST_REFCOUNTING gstobject.c:264:gst_object_unref: 0x55aca8d4e670 unref 2->1
0:00:00.012159312  4434 0x55aca8d26360 DEBUG   GST_POLL gstpoll.c:1241:gst_poll_fd_has_error: 0x55aca8d4a970: fd (fd:0, idx:1) 0
0:00:00.012165547  4434 0x55aca8d26360 DEBUG   GST_POLL gstpoll.c:1335:gst_poll_fd_can_write: 0x55aca8d4a970: fd (fd:0, idx:1) 1
0:00:00.012171307  4434 0x55aca8d26360 LOG   GST_PLUGIN_LOADING gstpluginloader.c:690:write_one: Writing packet of size 488 bytes to fd 0
0:00:00.012189527  4434 0x55aca8d26360 DEBUG   GST_POLL gstpoll.c:1414:gst_poll_wait: 0x55aca8d4a970: timeout :0:00:01.000000000
0:00:00.012199364  4434 0x55aca8d26360 LOG   GST_PLUGIN_LOADING gstpluginloader.c:1027:exchange_packets: Poll res = 2. 6872 bytes pending for write
0:00:00.012205825  4434 0x55aca8d26360 DEBUG   GST_POLL gstpoll.c:1241:gst_poll_fd_has_error: 0x55aca8d4a970: fd (fd:5, idx:2) 0
0:00:00.012211779  4434 0x55aca8d26360 DEBUG   GST_POLL gstpoll.c:1266:gst_poll_fd_can_read_unlocked: 0x55aca8d4a970: fd (fd:5, idx:2) 1
0:00:00.012221203  4434 0x55aca8d26360 DEBUG   GST_PLUGIN_LOADING gstpluginloader.c:722:do_plugin_load: Plugin scanner loading file /home/conan/w/prod/BuildSingleReference/.conan/data/gstreamer/1.18.4/_/_/package/62e0ab6106dfea3ec3ecb5db13d8d55a63451b50/lib/gstreamer-1.0/libgstcoretracers.so. tag 2
0:00:00.016873505  4433 0x55c0ee01c360 LOG   GST_PLUGIN_LOADING gstpluginloader.c:1027:exchange_packets: Poll res = 1. 0 bytes pending for write
0:00:00.012228418  4434 0x55aca8d26360 TRACE   GST_REFCOUNTING gstobject.c:237:gst_object_ref: 0x55aca8d4c2f0 ref 1->2
0:00:00.012240869  4434 0x55aca8d26360 TRACE   GST_REFCOUNTING gstobject.c:237:gst_object_ref: 0x55aca8d4de90 ref 1->2
0:00:00.016894379  4433 0x55c0ee01c360 DEBUG   GST_POLL gstpoll.c:1241:gst_poll_fd_has_error: 0x55c0ee041530: fd (fd:8, idx:2) 0
0:00:00.012247467  4434 0x55aca8d26360 TRACE   GST_REFCOUNTING gstobject.c:237:gst_object_ref: 0x55aca8d4dbf0 ref 1->2
0:00:00.016904897  4433 0x55c0ee01c360 DEBUG   GST_POLL gstpoll.c:1266:gst_poll_fd_can_read_unlocked: 0x55c0ee041530: fd (fd:8, idx:2) 1
0:00:00.012254332  4434 0x55aca8d26360 TRACE   GST_REFCOUNTING gstobject.c:237:gst_object_ref: 0x55aca8d4d7f0 ref 1->2
0:00:00.012261238  4434 0x55aca8d26360 TRACE   GST_REFCOUNTING gstobject.c:237:gst_object_ref: 0x55aca8d4d5d0 ref 1->2
0:00:00.016936222  4433 0x55c0ee01c360 DEBUG   GST_PLUGIN_LOADING gstpluginloader.c:848:handle_rx_packet: Received plugin details from child w/ tag 0. 476 bytes info
0:00:00.012289767  4434 0x55aca8d26360 TRACE   GST_REFCOUNTING gstobject.c:237:gst_object_ref: 0x55aca8d4d060 ref 1->2
0:00:00.016946843  4433 0x55c0ee01c360 LOG   GST_REGISTRY gstregistrychunks.c:836:_priv_gst_registry_chunks_load_plugin: Reading/casting for GstRegistryChunkPluginElement at address 0x55c0ee03ce00
0:00:00.012298750  4434 0x55aca8d26360 TRACE   GST_REFCOUNTING gstobject.c:264:gst_object_unref: 0x55aca8d4d060 unref 2->1
0:00:00.012305955  4434 0x55aca8d26360 TRACE   GST_REFCOUNTING gstobject.c:264:gst_object_unref: 0x55aca8d4d5d0 unref 2->1
0:00:00.016963738  4433 0x55c0ee01c360 TRACE   GST_REFCOUNTING gstobject.c:208:gst_object_init: 0x55c0ee041b90 new
0:00:00.012312328  4434 0x55aca8d26360 TRACE   GST_REFCOUNTING gstobject.c:264:gst_object_unref: 0x55aca8d4d7f0 unref 2->1
0:00:00.012319641  4434 0x55aca8d26360 TRACE   GST_REFCOUNTING gstobject.c:264:gst_object_unref: 0x55aca8d4dbf0 unref 2->1
0:00:00.012326008  4434 0x55aca8d26360 TRACE   GST_REFCOUNTING gstobject.c:264:gst_object_unref: 0x55aca8d4de90 unref 2->1
0:00:00.012333627  4434 0x55aca8d26360 DEBUG   GST_REGISTRY gstregistrychunks.c:497:_priv_gst_registry_chunks_save_plugin: Found 5 features in plugin 0x55aca8d4c2f0 (coretracers)
0:00:00.016992648  4433 0x55c0ee01c360 LOG   GST_REGISTRY gstregistrychunks.c:858:_priv_gst_registry_chunks_load_plugin: read strings for name='coretracers'
0:00:00.012340065  4434 0x55aca8d26360 DEBUG   GST_POLL gstpoll.c:979:gst_poll_fd_ctl_write: 0x55aca8d4a970: fd (fd:0, idx:1), active : 1
0:00:00.016999642  4433 0x55c0ee01c360 LOG   GST_REGISTRY gstregistrychunks.c:859:_priv_gst_registry_chunks_load_plugin: desc.description='GStreamer core tracers'
0:00:00.012347834  4434 0x55aca8d26360 LOG   GST_POLL gstpoll.c:994:gst_poll_fd_ctl_write: 0x55aca8d4a970: pfd->events now 60 (POLLOUT:4)
0:00:00.017006207  4433 0x55c0ee01c360 LOG   GST_REGISTRY gstregistrychunks.c:860:_priv_gst_registry_chunks_load_plugin: filename='/home/conan/w/prod/BuildSingleReference/.conan/data/gstreamer/1.18.4/_/_/package/62e0ab6106dfea3ec3ecb5db13d8d55a63451b50/lib/gstreamer-1.0/libgstcoretracers.so'
0:00:00.012354542  4434 0x55aca8d26360 DEBUG   GST_POLL gstpoll.c:979:gst_poll_fd_ctl_write: 0x55aca8d4a970: fd (fd:0, idx:1), active : 1
0:00:00.017012402  4433 0x55c0ee01c360 LOG   GST_REGISTRY gstregistrychunks.c:861:_priv_gst_registry_chunks_load_plugin: desc.version='1.18.4'
0:00:00.012361052  4434 0x55aca8d26360 LOG   GST_POLL gstpoll.c:994:gst_poll_fd_ctl_write: 0x55aca8d4a970: pfd->events now 60 (POLLOUT:4)
0:00:00.017018289  4433 0x55c0ee01c360 LOG   GST_REGISTRY gstregistrychunks.c:862:_priv_gst_registry_chunks_load_plugin: desc.license='LGPL'
0:00:00.012367778  4434 0x55aca8d26360 DEBUG   GST_POLL gstpoll.c:979:gst_poll_fd_ctl_write: 0x55aca8d4a970: fd (fd:0, idx:1), active : 1
0:00:00.017024135  4433 0x55c0ee01c360 LOG   GST_REGISTRY gstregistrychunks.c:863:_priv_gst_registry_chunks_load_plugin: desc.source='gstreamer'
0:00:00.012374173  4434 0x55aca8d26360 LOG   GST_POLL gstpoll.c:994:gst_poll_fd_ctl_write: 0x55aca8d4a970: pfd->events now 60 (POLLOUT:4)
0:00:00.017041648  4433 0x55c0ee01c360 LOG   GST_REGISTRY gstregistrychunks.c:864:_priv_gst_registry_chunks_load_plugin: desc.package='GStreamer source release'
0:00:00.012390293  4434 0x55aca8d26360 DEBUG   GST_POLL gstpoll.c:979:gst_poll_fd_ctl_write: 0x55aca8d4a970: fd (fd:0, idx:1), active : 1
0:00:00.017048166  4433 0x55c0ee01c360 LOG   GST_REGISTRY gstregistrychunks.c:865:_priv_gst_registry_chunks_load_plugin: desc.origin='Unknown package origin'
0:00:00.012396611  4434 0x55aca8d26360 LOG   GST_POLL gstpoll.c:994:gst_poll_fd_ctl_write: 0x55aca8d4a970: pfd->events now 60 (POLLOUT:4)
0:00:00.017054134  4433 0x55c0ee01c360 LOG   GST_REGISTRY gstregistrychunks.c:866:_priv_gst_registry_chunks_load_plugin: desc.datetime=2021-03-15
0:00:00.012403413  4434 0x55aca8d26360 DEBUG   GST_POLL gstpoll.c:979:gst_poll_fd_ctl_write: 0x55aca8d4a970: fd (fd:0, idx:1), active : 1
0:00:00.012409851  4434 0x55aca8d26360 LOG   GST_POLL gstpoll.c:994:gst_poll_fd_ctl_write: 0x55aca8d4a970: pfd->events now 60 (POLLOUT:4)
0:00:00.017068026  4433 0x55c0ee01c360 DEBUG   GST_REGISTRY gstregistry.c:473:gst_registry_add_plugin: adding plugin 0x55c0ee041b90 for filename "/home/conan/w/prod/BuildSingleReference/.conan/data/gstreamer/1.18.4/_/_/package/62e0ab6106dfea3ec3ecb5db13d8d55a63451b50/lib/gstreamer-1.0/libgstcoretracers.so"
0:00:00.012415950  4434 0x55aca8d26360 DEBUG   GST_POLL gstpoll.c:979:gst_poll_fd_ctl_write: 0x55aca8d4a970: fd (fd:0, idx:1), active : 1
0:00:00.012423219  4434 0x55aca8d26360 LOG   GST_POLL gstpoll.c:994:gst_poll_fd_ctl_write: 0x55aca8d4a970: pfd->events now 60 (POLLOUT:4)
0:00:00.017076788  4433 0x55c0ee01c360 TRACE   GST_REFCOUNTING gstobject.c:292:gst_object_ref_sink: 0x55c0ee041b90 ref_sink 1->2
0:00:00.012429327  4434 0x55aca8d26360 DEBUG   GST_POLL gstpoll.c:979:gst_poll_fd_ctl_write: 0x55aca8d4a970: fd (fd:0, idx:1), active : 1
0:00:00.017086395  4433 0x55c0ee01c360 LOG   GST_REGISTRY gstregistry.c:486:gst_registry_add_plugin: emitting plugin-added for filename "/home/conan/w/prod/BuildSingleReference/.conan/data/gstreamer/1.18.4/_/_/package/62e0ab6106dfea3ec3ecb5db13d8d55a63451b50/lib/gstreamer-1.0/libgstcoretracers.so"
0:00:00.012435568  4434 0x55aca8d26360 LOG   GST_POLL gstpoll.c:994:gst_poll_fd_ctl_write: 0x55aca8d4a970: pfd->events now 60 (POLLOUT:4)
0:00:00.017094168  4433 0x55c0ee01c360 DEBUG   GST_REGISTRY gstregistrychunks.c:886:_priv_gst_registry_chunks_load_plugin: Added plugin 'coretracers' plugin with 5 features from binary registry
0:00:00.012442166  4434 0x55aca8d26360 DEBUG   GST_POLL gstpoll.c:979:gst_poll_fd_ctl_write: 0x55aca8d4a970: fd (fd:0, idx:1), active : 1
0:00:00.017101519  4433 0x55c0ee01c360 DEBUG   GST_REGISTRY gstregistrychunks.c:582:gst_registry_chunks_load_feature: Plugin 'coretracers' feature 'leaks' typename : 'GstTracerFactory'
0:00:00.012448854  4434 0x55aca8d26360 LOG   GST_POLL gstpoll.c:994:gst_poll_fd_ctl_write: 0x55aca8d4a970: pfd->events now 60 (POLLOUT:4)
0:00:00.012456329  4434 0x55aca8d26360 DEBUG   GST_POLL gstpoll.c:979:gst_poll_fd_ctl_write: 0x55aca8d4a970: fd (fd:0, idx:1), active : 1
0:00:00.012466219  4434 0x55aca8d26360 LOG   GST_POLL gstpoll.c:994:gst_poll_fd_ctl_write: 0x55aca8d4a970: pfd->events now 60 (POLLOUT:4)
0:00:00.017113352  4433 0x55c0ee01c360 TRACE   GST_REFCOUNTING gstobject.c:208:gst_object_init: 0x55c0ee041f40 new
0:00:00.012472419  4434 0x55aca8d26360 DEBUG   GST_POLL gstpoll.c:979:gst_poll_fd_ctl_write: 0x55aca8d4a970: fd (fd:0, idx:1), active : 1
0:00:00.017132362  4433 0x55c0ee01c360 DEBUG   GST_REGISTRY gstregistrychunks.c:716:gst_registry_chunks_load_feature: Reading/casting for GstRegistryChunkPluginFeature at address 0x55c0ee03cf48
0:00:00.012478680  4434 0x55aca8d26360 LOG   GST_POLL gstpoll.c:994:gst_poll_fd_ctl_write: 0x55aca8d4a970: pfd->events now 60 (POLLOUT:4)
0:00:00.017140616  4433 0x55c0ee01c360 DEBUG   GST_REGISTRY gstregistry.c:589:gst_registry_add_feature: adding feature 0x55c0ee041f40 (leaks)
0:00:00.012487381  4434 0x55aca8d26360 DEBUG   GST_POLL gstpoll.c:979:gst_poll_fd_ctl_write: 0x55aca8d4a970: fd (fd:0, idx:1), active : 1
0:00:00.012495046  4434 0x55aca8d26360 LOG   GST_POLL gstpoll.c:994:gst_poll_fd_ctl_write: 0x55aca8d4a970: pfd->events now 60 (POLLOUT:4)
0:00:00.017148729  4433 0x55c0ee01c360 DEBUG   GST_REFCOUNTING gstobject.c:708:gst_object_set_parent: set parent (ref and sink)
0:00:00.012501070  4434 0x55aca8d26360 DEBUG   GST_POLL gstpoll.c:979:gst_poll_fd_ctl_write: 0x55aca8d4a970: fd (fd:0, idx:1), active : 1
0:00:00.017158396  4433 0x55c0ee01c360 TRACE   GST_REFCOUNTING gstobject.c:292:gst_object_ref_sink: 0x55c0ee041f40 ref_sink 1->2
0:00:00.012507288  4434 0x55aca8d26360 LOG   GST_POLL gstpoll.c:994:gst_poll_fd_ctl_write: 0x55aca8d4a970: pfd->events now 60 (POLLOUT:4)
0:00:00.017165518  4433 0x55c0ee01c360 LOG   GST_REGISTRY gstregistry.c:607:gst_registry_add_feature: emitting feature-added for leaks
0:00:00.012513679  4434 0x55aca8d26360 DEBUG   GST_POLL gstpoll.c:979:gst_poll_fd_ctl_write: 0x55aca8d4a970: fd (fd:0, idx:1), active : 1
0:00:00.017172609  4433 0x55c0ee01c360 DEBUG   GST_REGISTRY gstregistrychunks.c:740:gst_registry_chunks_load_feature: Added feature leaks, plugin 0x55c0ee041b90 coretracers
0:00:00.012519992  4434 0x55aca8d26360 LOG   GST_POLL gstpoll.c:994:gst_poll_fd_ctl_write: 0x55aca8d4a970: pfd->events now 60 (POLLOUT:4)
0:00:00.017179318  4433 0x55c0ee01c360 DEBUG   GST_REGISTRY gstregistrychunks.c:582:gst_registry_chunks_load_feature: Plugin 'coretracers' feature 'stats' typename : 'GstTracerFactory'
0:00:00.012527201  4434 0x55aca8d26360 DEBUG   GST_POLL gstpoll.c:979:gst_poll_fd_ctl_write: 0x55aca8d4a970: fd (fd:0, idx:1), active : 1
0:00:00.017186609  4433 0x55c0ee01c360 TRACE   GST_REFCOUNTING gstobject.c:208:gst_object_init: 0x55c0ee042090 new
0:00:00.012533476  4434 0x55aca8d26360 LOG   GST_POLL gstpoll.c:994:gst_poll_fd_ctl_write: 0x55aca8d4a970: pfd->events now 60 (POLLOUT:4)
0:00:00.017193904  4433 0x55c0ee01c360 DEBUG   GST_REGISTRY gstregistrychunks.c:716:gst_registry_chunks_load_feature: Reading/casting for GstRegistryChunkPluginFeature at address 0x55c0ee03cf68
0:00:00.012541665  4434 0x55aca8d26360 DEBUG   GST_POLL gstpoll.c:979:gst_poll_fd_ctl_write: 0x55aca8d4a970: fd (fd:0, idx:1), active : 1
0:00:00.017205515  4433 0x55c0ee01c360 DEBUG   GST_REGISTRY gstregistry.c:589:gst_registry_add_feature: adding feature 0x55c0ee042090 (stats)
0:00:00.012552909  4434 0x55aca8d26360 LOG   GST_POLL gstpoll.c:994:gst_poll_fd_ctl_write: 0x55aca8d4a970: pfd->events now 60 (POLLOUT:4)
0:00:00.017211850  4433 0x55c0ee01c360 DEBUG   GST_REFCOUNTING gstobject.c:708:gst_object_set_parent: set parent (ref and sink)
0:00:00.012560511  4434 0x55aca8d26360 LOG   GST_PLUGIN_LOADING gstpluginloader.c:645:put_chunk: Expanding tx buf from 7717 to 10158 for chunk of size 17
0:00:00.017219011  4433 0x55c0ee01c360 TRACE   GST_REFCOUNTING gstobject.c:292:gst_object_ref_sink: 0x55c0ee042090 ref_sink 1->2
0:00:00.012570769  4434 0x55aca8d26360 DEBUG   GST_POLL gstpoll.c:979:gst_poll_fd_ctl_write: 0x55aca8d4a970: fd (fd:0, idx:1), active : 1
0:00:00.017225519  4433 0x55c0ee01c360 LOG   GST_REGISTRY gstregistry.c:607:gst_registry_add_feature: emitting feature-added for stats
0:00:00.012577283  4434 0x55aca8d26360 LOG   GST_POLL gstpoll.c:994:gst_poll_fd_ctl_write: 0x55aca8d4a970: pfd->events now 60 (POLLOUT:4)
0:00:00.017234074  4433 0x55c0ee01c360 DEBUG   GST_REGISTRY gstregistrychunks.c:740:gst_registry_chunks_load_feature: Added feature stats, plugin 0x55c0ee041b90 coretracers
0:00:00.012583837  4434 0x55aca8d26360 DEBUG   GST_POLL gstpoll.c:979:gst_poll_fd_ctl_write: 0x55aca8d4a970: fd (fd:0, idx:1), active : 1
0:00:00.017240853  4433 0x55c0ee01c360 DEBUG   GST_REGISTRY gstregistrychunks.c:582:gst_registry_chunks_load_feature: Plugin 'coretracers' feature 'rusage' typename : 'GstTracerFactory'
0:00:00.012590192  4434 0x55aca8d26360 LOG   GST_POLL gstpoll.c:994:gst_poll_fd_ctl_write: 0x55aca8d4a970: pfd->events now 60 (POLLOUT:4)
0:00:00.017247875  4433 0x55c0ee01c360 TRACE   GST_REFCOUNTING gstobject.c:208:gst_object_init: 0x55c0ee0421e0 new
0:00:00.012596749  4434 0x55aca8d26360 DEBUG   GST_POLL gstpoll.c:979:gst_poll_fd_ctl_write: 0x55aca8d4a970: fd (fd:0, idx:1), active : 1
0:00:00.017254999  4433 0x55c0ee01c360 DEBUG   GST_REGISTRY gstregistrychunks.c:716:gst_registry_chunks_load_feature: Reading/casting for GstRegistryChunkPluginFeature at address 0x55c0ee03cf88
0:00:00.012603103  4434 0x55aca8d26360 LOG   GST_POLL gstpoll.c:994:gst_poll_fd_ctl_write: 0x55aca8d4a970: pfd->events now 60 (POLLOUT:4)
0:00:00.017261964  4433 0x55c0ee01c360 DEBUG   GST_REGISTRY gstregistry.c:589:gst_registry_add_feature: adding feature 0x55c0ee0421e0 (rusage)
0:00:00.012609699  4434 0x55aca8d26360 DEBUG   GST_POLL gstpoll.c:979:gst_poll_fd_ctl_write: 0x55aca8d4a970: fd (fd:0, idx:1), active : 1
0:00:00.017268226  4433 0x55c0ee01c360 DEBUG   GST_REFCOUNTING gstobject.c:708:gst_object_set_parent: set parent (ref and sink)
0:00:00.012616490  4434 0x55aca8d26360 LOG   GST_POLL gstpoll.c:994:gst_poll_fd_ctl_write: 0x55aca8d4a970: pfd->events now 60 (POLLOUT:4)
0:00:00.017275508  4433 0x55c0ee01c360 TRACE   GST_REFCOUNTING gstobject.c:292:gst_object_ref_sink: 0x55c0ee0421e0 ref_sink 1->2
0:00:00.012623411  4434 0x55aca8d26360 DEBUG   GST_POLL gstpoll.c:979:gst_poll_fd_ctl_write: 0x55aca8d4a970: fd (fd:0, idx:1), active : 1
0:00:00.017286201  4433 0x55c0ee01c360 LOG   GST_REGISTRY gstregistry.c:607:gst_registry_add_feature: emitting feature-added for rusage
0:00:00.012634379  4434 0x55aca8d26360 LOG   GST_POLL gstpoll.c:994:gst_poll_fd_ctl_write: 0x55aca8d4a970: pfd->events now 60 (POLLOUT:4)
0:00:00.017293160  4433 0x55c0ee01c360 DEBUG   GST_REGISTRY gstregistrychunks.c:740:gst_registry_chunks_load_feature: Added feature rusage, plugin 0x55c0ee041b90 coretracers
0:00:00.012640848  4434 0x55aca8d26360 DEBUG   GST_POLL gstpoll.c:979:gst_poll_fd_ctl_write: 0x55aca8d4a970: fd (fd:0, idx:1), active : 1
0:00:00.017299740  4433 0x55c0ee01c360 DEBUG   GST_REGISTRY gstregistrychunks.c:582:gst_registry_chunks_load_feature: Plugin 'coretracers' feature 'log' typename : 'GstTracerFactory'
0:00:00.012647451  4434 0x55aca8d26360 LOG   GST_POLL gstpoll.c:994:gst_poll_fd_ctl_write: 0x55aca8d4a970: pfd->events now 60 (POLLOUT:4)
0:00:00.017306781  4433 0x55c0ee01c360 TRACE   GST_REFCOUNTING gstobject.c:208:gst_object_init: 0x55c0ee042340 new
0:00:00.012654449  4434 0x55aca8d26360 DEBUG   GST_POLL gstpoll.c:979:gst_poll_fd_ctl_write: 0x55aca8d4a970: fd (fd:0, idx:1), active : 1
0:00:00.017313987  4433 0x55c0ee01c360 DEBUG   GST_REGISTRY gstregistrychunks.c:716:gst_registry_chunks_load_feature: Reading/casting for GstRegistryChunkPluginFeature at address 0x55c0ee03cfa8
0:00:00.012661625  4434 0x55aca8d26360 LOG   GST_POLL gstpoll.c:994:gst_poll_fd_ctl_write: 0x55aca8d4a970: pfd->events now 60 (POLLOUT:4)
0:00:00.017320965  4433 0x55c0ee01c360 DEBUG   GST_REGISTRY gstregistry.c:589:gst_registry_add_feature: adding feature 0x55c0ee042340 (log)
0:00:00.012668550  4434 0x55aca8d26360 DEBUG   GST_POLL gstpoll.c:979:gst_poll_fd_ctl_write: 0x55aca8d4a970: fd (fd:0, idx:1), active : 1
0:00:00.017326892  4433 0x55c0ee01c360 DEBUG   GST_REFCOUNTING gstobject.c:708:gst_object_set_parent: set parent (ref and sink)
0:00:00.012675225  4434 0x55aca8d26360 LOG   GST_POLL gstpoll.c:994:gst_poll_fd_ctl_write: 0x55aca8d4a970: pfd->events now 60 (POLLOUT:4)
0:00:00.017333810  4433 0x55c0ee01c360 TRACE   GST_REFCOUNTING gstobject.c:292:gst_object_ref_sink: 0x55c0ee042340 ref_sink 1->2
0:00:00.012681728  4434 0x55aca8d26360 DEBUG   GST_POLL gstpoll.c:979:gst_poll_fd_ctl_write: 0x55aca8d4a970: fd (fd:0, idx:1), active : 1
0:00:00.017340436  4433 0x55c0ee01c360 LOG   GST_REGISTRY gstregistry.c:607:gst_registry_add_feature: emitting feature-added for log
0:00:00.012688569  4434 0x55aca8d26360 LOG   GST_POLL gstpoll.c:994:gst_poll_fd_ctl_write: 0x55aca8d4a970: pfd->events now 60 (POLLOUT:4)
0:00:00.017347113  4433 0x55c0ee01c360 DEBUG   GST_REGISTRY gstregistrychunks.c:740:gst_registry_chunks_load_feature: Added feature log, plugin 0x55c0ee041b90 coretracers
0:00:00.012695151  4434 0x55aca8d26360 DEBUG   GST_POLL gstpoll.c:979:gst_poll_fd_ctl_write: 0x55aca8d4a970: fd (fd:0, idx:1), active : 1
0:00:00.017353527  4433 0x55c0ee01c360 DEBUG   GST_REGISTRY gstregistrychunks.c:582:gst_registry_chunks_load_feature: Plugin 'coretracers' feature 'latency' typename : 'GstTracerFactory'
0:00:00.012701580  4434 0x55aca8d26360 LOG   GST_POLL gstpoll.c:994:gst_poll_fd_ctl_write: 0x55aca8d4a970: pfd->events now 60 (POLLOUT:4)
0:00:00.017364516  4433 0x55c0ee01c360 TRACE   GST_REFCOUNTING gstobject.c:208:gst_object_init: 0x55c0ee0424a0 new
0:00:00.012712214  4434 0x55aca8d26360 DEBUG   GST_POLL gstpoll.c:979:gst_poll_fd_ctl_write: 0x55aca8d4a970: fd (fd:0, idx:1), active : 1
0:00:00.017371850  4433 0x55c0ee01c360 DEBUG   GST_REGISTRY gstregistrychunks.c:716:gst_registry_chunks_load_feature: Reading/casting for GstRegistryChunkPluginFeature at address 0x55c0ee03cfd0
0:00:00.012719558  4434 0x55aca8d26360 LOG   GST_POLL gstpoll.c:994:gst_poll_fd_ctl_write: 0x55aca8d4a970: pfd->events now 60 (POLLOUT:4)
0:00:00.017379046  4433 0x55c0ee01c360 DEBUG   GST_REGISTRY gstregistry.c:589:gst_registry_add_feature: adding feature 0x55c0ee0424a0 (latency)
0:00:00.012726632  4434 0x55aca8d26360 DEBUG   GST_POLL gstpoll.c:979:gst_poll_fd_ctl_write: 0x55aca8d4a970: fd (fd:0, idx:1), active : 1
0:00:00.017385133  4433 0x55c0ee01c360 DEBUG   GST_REFCOUNTING gstobject.c:708:gst_object_set_parent: set parent (ref and sink)
0:00:00.012733347  4434 0x55aca8d26360 LOG   GST_POLL gstpoll.c:994:gst_poll_fd_ctl_write: 0x55aca8d4a970: pfd->events now 60 (POLLOUT:4)
0:00:00.017392148  4433 0x55c0ee01c360 TRACE   GST_REFCOUNTING gstobject.c:292:gst_object_ref_sink: 0x55c0ee0424a0 ref_sink 1->2
0:00:00.012740617  4434 0x55aca8d26360 TRACE   GST_REFCOUNTING gstobject.c:264:gst_object_unref: 0x55aca8d4c2f0 unref 2->1
0:00:00.017398725  4433 0x55c0ee01c360 LOG   GST_REGISTRY gstregistry.c:607:gst_registry_add_feature: emitting feature-added for latency
0:00:00.012747939  4434 0x55aca8d26360 DEBUG   GST_POLL gstpoll.c:1241:gst_poll_fd_has_error: 0x55aca8d4a970: fd (fd:0, idx:1) 0
0:00:00.017405570  4433 0x55c0ee01c360 DEBUG   GST_REGISTRY gstregistrychunks.c:740:gst_registry_chunks_load_feature: Added feature latency, plugin 0x55c0ee041b90 coretracers
0:00:00.012754686  4434 0x55aca8d26360 DEBUG   GST_POLL gstpoll.c:1335:gst_poll_fd_can_write: 0x55aca8d4a970: fd (fd:0, idx:1) 1
0:00:00.017412720  4433 0x55c0ee01c360 LOG   GST_PLUGIN_LOADING gstpluginloader.c:887:handle_rx_packet: marking plugin 0x55c0ee041b90 as registered as /home/conan/w/prod/BuildSingleReference/.conan/data/gstreamer/1.18.4/_/_/package/62e0ab6106dfea3ec3ecb5db13d8d55a63451b50/lib/gstreamer-1.0/libgstcoretracers.so
0:00:00.012761183  4434 0x55aca8d26360 LOG   GST_PLUGIN_LOADING gstpluginloader.c:690:write_one: Writing packet of size 6872 bytes to fd 0
0:00:00.017423386  4433 0x55c0ee01c360 DEBUG   GST_POLL gstpoll.c:1414:gst_poll_wait: 0x55c0ee041530: timeout :0:00:01.000000000
0:00:00.012772365  4434 0x55aca8d26360 DEBUG   GST_POLL gstpoll.c:1414:gst_poll_wait: 0x55aca8d4a970: timeout :0:00:01.000000000
0:00:00.017434050  4433 0x55c0ee01c360 LOG   GST_PLUGIN_LOADING gstpluginloader.c:1027:exchange_packets: Poll res = 1. 0 bytes pending for write
0:00:00.012781210  4434 0x55aca8d26360 LOG   GST_PLUGIN_LOADING gstpluginloader.c:1027:exchange_packets: Poll res = 2. 488 bytes pending for write
0:00:00.017441602  4433 0x55c0ee01c360 DEBUG   GST_POLL gstpoll.c:1241:gst_poll_fd_has_error: 0x55c0ee041530: fd (fd:8, idx:2) 0
0:00:00.012795551  4434 0x55aca8d26360 DEBUG   GST_POLL gstpoll.c:1241:gst_poll_fd_has_error: 0x55aca8d4a970: fd (fd:5, idx:2) 0
0:00:00.017452049  4433 0x55c0ee01c360 DEBUG   GST_POLL gstpoll.c:1266:gst_poll_fd_can_read_unlocked: 0x55c0ee041530: fd (fd:8, idx:2) 1
0:00:00.012802293  4434 0x55aca8d26360 DEBUG   GST_POLL gstpoll.c:1266:gst_poll_fd_can_read_unlocked: 0x55aca8d4a970: fd (fd:5, idx:2) 1
0:00:00.017460485  4433 0x55c0ee01c360 LOG   GST_PLUGIN_LOADING gstpluginloader.c:985:read_one: Expanding rx buf from 512 to 7384
0:00:00.012811176  4434 0x55aca8d26360 DEBUG   GST_PLUGIN_LOADING gstpluginloader.c:722:do_plugin_load: Plugin scanner loading file /home/conan/w/prod/BuildSingleReference/.conan/data/gstreamer/1.18.4/_/_/package/62e0ab6106dfea3ec3ecb5db13d8d55a63451b50/lib/gstreamer-1.0/libgstcoreelements.so. tag 3
0:00:00.012818737  4434 0x55aca8d26360 TRACE   GST_REFCOUNTING gstobject.c:237:gst_object_ref: 0x55aca8d4e670 ref 1->2
0:00:00.017478867  4433 0x55c0ee01c360 DEBUG   GST_PLUGIN_LOADING gstpluginloader.c:848:handle_rx_packet: Received plugin details from child w/ tag 1. 6860 bytes info
0:00:00.012825544  4434 0x55aca8d26360 TRACE   GST_REFCOUNTING gstobject.c:237:gst_object_ref: 0x55aca8d6d1d0 ref 1->2
0:00:00.017485826  4433 0x55c0ee01c360 LOG   GST_REGISTRY gstregistrychunks.c:836:_priv_gst_registry_chunks_load_plugin: Reading/casting for GstRegistryChunkPluginElement at address 0x55c0ee042570
0:00:00.012834197  4434 0x55aca8d26360 TRACE   GST_REFCOUNTING gstobject.c:237:gst_object_ref: 0x55aca8d6c4e0 ref 1->2
0:00:00.017492988  4433 0x55c0ee01c360 TRACE   GST_REFCOUNTING gstobject.c:208:gst_object_init: 0x55c0ee044250 new
0:00:00.012841192  4434 0x55aca8d26360 TRACE   GST_REFCOUNTING gstobject.c:237:gst_object_ref: 0x55aca8d6aa00 ref 1->2
0:00:00.017502402  4433 0x55c0ee01c360 LOG   GST_REGISTRY gstregistrychunks.c:858:_priv_gst_registry_chunks_load_plugin: read strings for name='coreelements'
0:00:00.012848140  4434 0x55aca8d26360 TRACE   GST_REFCOUNTING gstobject.c:237:gst_object_ref: 0x55aca8d69a10 ref 1->2
0:00:00.017508866  4433 0x55c0ee01c360 LOG   GST_REGISTRY gstregistrychunks.c:859:_priv_gst_registry_chunks_load_plugin: desc.description='GStreamer core elements'
0:00:00.012857380  4434 0x55aca8d26360 TRACE   GST_REFCOUNTING gstobject.c:237:gst_object_ref: 0x55aca8d68630 ref 1->2
0:00:00.017515210  4433 0x55c0ee01c360 LOG   GST_REGISTRY gstregistrychunks.c:860:_priv_gst_registry_chunks_load_plugin: filename='/home/conan/w/prod/BuildSingleReference/.conan/data/gstreamer/1.18.4/_/_/package/62e0ab6106dfea3ec3ecb5db13d8d55a63451b50/lib/gstreamer-1.0/libgstcoreelements.so'
0:00:00.012864313  4434 0x55aca8d26360 TRACE   GST_REFCOUNTING gstobject.c:237:gst_object_ref: 0x55aca8d671b0 ref 1->2
0:00:00.017521224  4433 0x55c0ee01c360 LOG   GST_REGISTRY gstregistrychunks.c:861:_priv_gst_registry_chunks_load_plugin: desc.version='1.18.4'
0:00:00.012884099  4434 0x55aca8d26360 TRACE   GST_REFCOUNTING gstobject.c:237:gst_object_ref: 0x55aca8d65a00 ref 1->2
0:00:00.017543933  4433 0x55c0ee01c360 LOG   GST_REGISTRY gstregistrychunks.c:862:_priv_gst_registry_chunks_load_plugin: desc.license='LGPL'
0:00:00.012892606  4434 0x55aca8d26360 TRACE   GST_REFCOUNTING gstobject.c:237:gst_object_ref: 0x55aca8d63650 ref 1->2
0:00:00.017549655  4433 0x55c0ee01c360 LOG   GST_REGISTRY gstregistrychunks.c:863:_priv_gst_registry_chunks_load_plugin: desc.source='gstreamer'
0:00:00.012899443  4434 0x55aca8d26360 TRACE   GST_REFCOUNTING gstobject.c:237:gst_object_ref: 0x55aca8d62530 ref 1->2
0:00:00.017555525  4433 0x55c0ee01c360 LOG   GST_REGISTRY gstregistrychunks.c:864:_priv_gst_registry_chunks_load_plugin: desc.package='GStreamer source release'
0:00:00.012906355  4434 0x55aca8d26360 TRACE   GST_REFCOUNTING gstobject.c:237:gst_object_ref: 0x55aca8d611c0 ref 1->2
0:00:00.017562309  4433 0x55c0ee01c360 LOG   GST_REGISTRY gstregistrychunks.c:865:_priv_gst_registry_chunks_load_plugin: desc.origin='Unknown package origin'
0:00:00.017568783  4433 0x55c0ee01c360 LOG   GST_REGISTRY gstregistrychunks.c:866:_priv_gst_registry_chunks_load_plugin: desc.datetime=2021-03-15
0:00:00.012913062  4434 0x55aca8d26360 TRACE   GST_REFCOUNTING gstobject.c:237:gst_object_ref: 0x55aca8d5fca0 ref 1->2
0:00:00.017594505  4433 0x55c0ee01c360 DEBUG   GST_REGISTRY gstregistry.c:473:gst_registry_add_plugin: adding plugin 0x55c0ee044250 for filename "/home/conan/w/prod/BuildSingleReference/.conan/data/gstreamer/1.18.4/_/_/package/62e0ab6106dfea3ec3ecb5db13d8d55a63451b50/lib/gstreamer-1.0/libgstcoreelements.so"
0:00:00.012942502  4434 0x55aca8d26360 TRACE   GST_REFCOUNTING gstobject.c:237:gst_object_ref: 0x55aca8d5ef90 ref 1->2
0:00:00.017602003  4433 0x55c0ee01c360 TRACE   GST_REFCOUNTING gstobject.c:292:gst_object_ref_sink: 0x55c0ee044250 ref_sink 1->2
0:00:00.012949521  4434 0x55aca8d26360 TRACE   GST_REFCOUNTING gstobject.c:237:gst_object_ref: 0x55aca8d5e1b0 ref 1->2
0:00:00.017609188  4433 0x55c0ee01c360 LOG   GST_REGISTRY gstregistry.c:486:gst_registry_add_plugin: emitting plugin-added for filename "/home/conan/w/prod/BuildSingleReference/.conan/data/gstreamer/1.18.4/_/_/package/62e0ab6106dfea3ec3ecb5db13d8d55a63451b50/lib/gstreamer-1.0/libgstcoreelements.so"
0:00:00.012957129  4434 0x55aca8d26360 TRACE   GST_REFCOUNTING gstobject.c:237:gst_object_ref: 0x55aca8d5d350 ref 1->2
0:00:00.017616300  4433 0x55c0ee01c360 DEBUG   GST_REGISTRY gstregistrychunks.c:886:_priv_gst_registry_chunks_load_plugin: Added plugin 'coreelements' plugin with 22 features from binary registry
0:00:00.012964204  4434 0x55aca8d26360 TRACE   GST_REFCOUNTING gstobject.c:237:gst_object_ref: 0x55aca8d5aea0 ref 1->2
0:00:00.017623231  4433 0x55c0ee01c360 DEBUG   GST_REGISTRY gstregistrychunks.c:582:gst_registry_chunks_load_feature: Plugin 'coreelements' feature 'streamiddemux' typename : 'GstElementFactory'
0:00:00.012971119  4434 0x55aca8d26360 TRACE   GST_REFCOUNTING gstobject.c:237:gst_object_ref: 0x55aca8d588b0 ref 1->2
0:00:00.017632118  4433 0x55c0ee01c360 TRACE   GST_REFCOUNTING gstobject.c:208:gst_object_init: 0x55c0ee0418c0 new
0:00:00.012982390  4434 0x55aca8d26360 TRACE   GST_REFCOUNTING gstobject.c:237:gst_object_ref: 0x55aca8d56c40 ref 1->2
0:00:00.017639996  4433 0x55c0ee01c360 LOG   GST_REGISTRY gstregistrychunks.c:609:gst_registry_chunks_load_feature: Reading/casting for GstRegistryChunkElementFactory at address 0x55c0ee0426c8
0:00:00.012989473  4434 0x55aca8d26360 TRACE   GST_REFCOUNTING gstobject.c:237:gst_object_ref: 0x55aca8d55a70 ref 1->2
0:00:00.017647721  4433 0x55c0ee01c360 TRACE   structure gststructure.c:287:gst_structure_new_id_empty_with_size: created structure 0x55c0ee044380
0:00:00.012996386  4434 0x55aca8d26360 TRACE   GST_REFCOUNTING gstobject.c:237:gst_object_ref: 0x55aca8d53ad0 ref 1->2
0:00:00.017654417  4433 0x55c0ee01c360 DEBUG   structure gststructure.c:2203:gst_structure_parse_field: trying field name 'long-name'
0:00:00.013003346  4434 0x55aca8d26360 TRACE   GST_REFCOUNTING gstobject.c:237:gst_object_ref: 0x55aca8d52c90 ref 1->2
0:00:00.013010326  4434 0x55aca8d26360 TRACE   GST_REFCOUNTING gstobject.c:237:gst_object_ref: 0x55aca8d51fb0 ref 1->2
0:00:00.017665787  4433 0x55c0ee01c360 DEBUG   default gstvalue.c:2676:_priv_gst_value_parse_value: trying type name 'string'
0:00:00.013016862  4434 0x55aca8d26360 TRACE   GST_REFCOUNTING gstobject.c:237:gst_object_ref: 0x55aca8d500b0 ref 1->2
0:00:00.017676601  4433 0x55c0ee01c360 DEBUG   structure gststructure.c:2203:gst_structure_parse_field: trying field name 'klass'
0:00:00.013023943  4434 0x55aca8d26360 DEBUG   GST_REGISTRY gstregistrychunks.c:264:gst_registry_chunks_save_feature: saved 0 interfaces 0 pad templates
0:00:00.017683294  4433 0x55c0ee01c360 DEBUG   default gstvalue.c:2676:_priv_gst_value_parse_value: trying type name 'string'
0:00:00.013034291  4434 0x55aca8d26360 DEBUG   GST_REGISTRY gstregistrychunks.c:264:gst_registry_chunks_save_feature: saved 0 interfaces 0 pad templates
0:00:00.017690259  4433 0x55c0ee01c360 DEBUG   structure gststructure.c:2203:gst_structure_parse_field: trying field name 'description'
0:00:00.017696897  4433 0x55c0ee01c360 DEBUG   default gstvalue.c:2676:_priv_gst_value_parse_value: trying type name 'string'
0:00:00.017703580  4433 0x55c0ee01c360 DEBUG   structure gststructure.c:2203:gst_structure_parse_field: trying field name 'author'
0:00:00.013051502  4434 0x55aca8d26360 DEBUG   GST_REGISTRY gstregistrychunks.c:264:gst_registry_chunks_save_feature: saved 0 interfaces 0 pad templates
0:00:00.017710521  4433 0x55c0ee01c360 DEBUG   default gstvalue.c:2676:_priv_gst_value_parse_value: trying type name 'string'
0:00:00.013061645  4434 0x55aca8d26360 DEBUG   GST_REGISTRY gstregistrychunks.c:264:gst_registry_chunks_save_feature: saved 1 interfaces 0 pad templates
0:00:00.017717386  4433 0x55c0ee01c360 DEBUG   GST_REGISTRY gstregistrychunks.c:626:gst_registry_chunks_load_feature: Element factory : npadtemplates=2
0:00:00.013068166  4434 0x55aca8d26360 DEBUG   GST_REGISTRY gstregistrychunks.c:284:gst_registry_chunks_save_feature: Saved 1 UriTypes
0:00:00.013081325  4434 0x55aca8d26360 DEBUG   GST_REGISTRY gstregistrychunks.c:264:gst_registry_chunks_save_feature: saved 0 interfaces 0 pad templates
0:00:00.013089531  4434 0x55aca8d26360 DEBUG   GST_REGISTRY gstregistrychunks.c:264:gst_registry_chunks_save_feature: saved 0 interfaces 0 pad templates
0:00:00.017724409  4433 0x55c0ee01c360 DEBUG   GST_REGISTRY gstregistrychunks.c:525:gst_registry_chunks_load_pad_template: Reading/casting for GstRegistryChunkPadTemplate at address 0x55c0ee0427a0
0:00:00.013097837  4434 0x55aca8d26360 DEBUG   GST_REGISTRY gstregistrychunks.c:264:gst_registry_chunks_save_feature: saved 0 interfaces 0 pad templates
0:00:00.013115065  4434 0x55aca8d26360 DEBUG   GST_REGISTRY gstregistrychunks.c:264:gst_registry_chunks_save_feature: saved 1 interfaces 0 pad templates
0:00:00.017770967  4433 0x55c0ee01c360 DEBUG   GST_REGISTRY gstregistrychunks.c:539:gst_registry_chunks_load_pad_template: Added pad_template src_%u
0:00:00.013120921  4434 0x55aca8d26360 DEBUG   GST_REGISTRY gstregistrychunks.c:284:gst_registry_chunks_save_feature: Saved 1 UriTypes
0:00:00.017783699  4433 0x55c0ee01c360 DEBUG   GST_REGISTRY gstregistrychunks.c:525:gst_registry_chunks_load_pad_template: Reading/casting for GstRegistryChunkPadTemplate at address 0x55c0ee0427b8
0:00:00.013145538  4434 0x55aca8d26360 DEBUG   GST_REGISTRY gstregistrychunks.c:264:gst_registry_chunks_save_feature: saved 1 interfaces 0 pad templates
0:00:00.017805718  4433 0x55c0ee01c360 DEBUG   GST_REGISTRY gstregistrychunks.c:539:gst_registry_chunks_load_pad_template: Added pad_template sink
0:00:00.013152741  4434 0x55aca8d26360 DEBUG   GST_REGISTRY gstregistrychunks.c:284:gst_registry_chunks_save_feature: Saved 1 UriTypes
0:00:00.017814430  4433 0x55c0ee01c360 DEBUG   GST_REGISTRY gstregistry.c:589:gst_registry_add_feature: adding feature 0x55c0ee0418c0 (streamiddemux)
0:00:00.013162051  4434 0x55aca8d26360 DEBUG   GST_REGISTRY gstregistrychunks.c:264:gst_registry_chunks_save_feature: saved 1 interfaces 0 pad templates
0:00:00.017822009  4433 0x55c0ee01c360 DEBUG   GST_REFCOUNTING gstobject.c:708:gst_object_set_parent: set parent (ref and sink)
0:00:00.013168566  4434 0x55aca8d26360 DEBUG   GST_REGISTRY gstregistrychunks.c:284:gst_registry_chunks_save_feature: Saved 1 UriTypes
0:00:00.017829638  4433 0x55c0ee01c360 TRACE   GST_REFCOUNTING gstobject.c:292:gst_object_ref_sink: 0x55c0ee0418c0 ref_sink 1->2
0:00:00.013178410  4434 0x55aca8d26360 DEBUG   GST_REGISTRY gstregistrychunks.c:264:gst_registry_chunks_save_feature: saved 0 interfaces 0 pad templates
0:00:00.017836406  4433 0x55c0ee01c360 LOG   GST_REGISTRY gstregistry.c:607:gst_registry_add_feature: emitting feature-added for streamiddemux
0:00:00.013186733  4434 0x55aca8d26360 DEBUG   GST_REGISTRY gstregistrychunks.c:264:gst_registry_chunks_save_feature: saved 0 interfaces 0 pad templates
0:00:00.017843658  4433 0x55c0ee01c360 DEBUG   GST_REGISTRY gstregistrychunks.c:740:gst_registry_chunks_load_feature: Added feature streamiddemux, plugin 0x55c0ee044250 coreelements
0:00:00.013194714  4434 0x55aca8d26360 DEBUG   GST_REGISTRY gstregistrychunks.c:264:gst_registry_chunks_save_feature: saved 0 interfaces 0 pad templates
0:00:00.017855704  4433 0x55c0ee01c360 DEBUG   GST_REGISTRY gstregistrychunks.c:582:gst_registry_chunks_load_feature: Plugin 'coreelements' feature 'valve' typename : 'GstElementFactory'
0:00:00.013205993  4434 0x55aca8d26360 DEBUG   GST_REGISTRY gstregistrychunks.c:264:gst_registry_chunks_save_feature: saved 0 interfaces 0 pad templates
0:00:00.017863826  4433 0x55c0ee01c360 TRACE   GST_REFCOUNTING gstobject.c:208:gst_object_init: 0x55c0ee04c1f0 new
0:00:00.013213955  4434 0x55aca8d26360 DEBUG   GST_REGISTRY gstregistrychunks.c:264:gst_registry_chunks_save_feature: saved 0 interfaces 0 pad templates
0:00:00.017871914  4433 0x55c0ee01c360 LOG   GST_REGISTRY gstregistrychunks.c:609:gst_registry_chunks_load_feature: Reading/casting for GstRegistryChunkElementFactory at address 0x55c0ee0427e8
