0:00:00.013221871  4434 0x55aca8d26360 DEBUG   GST_REGISTRY gstregistrychunks.c:264:gst_registry_chunks_save_feature: saved 0 interfaces 0 pad templates
0:00:00.017878823  4433 0x55c0ee01c360 TRACE   structure gststructure.c:287:gst_structure_new_id_empty_with_size: created structure 0x55c0ee044660
0:00:00.013229993  4434 0x55aca8d26360 DEBUG   GST_REGISTRY gstregistrychunks.c:264:gst_registry_chunks_save_feature: saved 1 interfaces 0 pad templates
0:00:00.017885111  4433 0x55c0ee01c360 DEBUG   structure gststructure.c:2203:gst_structure_parse_field: trying field name 'long-name'
0:00:00.013236154  4434 0x55aca8d26360 DEBUG   GST_REGISTRY gstregistrychunks.c:284:gst_registry_chunks_save_feature: Saved 1 UriTypes
0:00:00.017892898  4433 0x55c0ee01c360 DEBUG   default gstvalue.c:2676:_priv_gst_value_parse_value: trying type name 'string'
0:00:00.013244286  4434 0x55aca8d26360 DEBUG   GST_REGISTRY gstregistrychunks.c:264:gst_registry_chunks_save_feature: saved 0 interfaces 0 pad templates
0:00:00.017900040  4433 0x55c0ee01c360 DEBUG   structure gststructure.c:2203:gst_structure_parse_field: trying field name 'klass'
0:00:00.013252267  4434 0x55aca8d26360 DEBUG   GST_REGISTRY gstregistrychunks.c:264:gst_registry_chunks_save_feature: saved 0 interfaces 0 pad templates
0:00:00.017906778  4433 0x55c0ee01c360 DEBUG   default gstvalue.c:2676:_priv_gst_value_parse_value: trying type name 'string'
0:00:00.013260847  4434 0x55aca8d26360 DEBUG   GST_REGISTRY gstregistrychunks.c:264:gst_registry_chunks_save_feature: saved 0 interfaces 0 pad templates
0:00:00.017915684  4433 0x55c0ee01c360 DEBUG   structure gststructure.c:2203:gst_structure_parse_field: trying field name 'description'
0:00:00.017923186  4433 0x55c0ee01c360 DEBUG   default gstvalue.c:2676:_priv_gst_value_parse_value: trying type name 'string'
0:00:00.013269036  4434 0x55aca8d26360 DEBUG   GST_REGISTRY gstregistrychunks.c:264:gst_registry_chunks_save_feature: saved 0 interfaces 0 pad templates
0:00:00.017929580  4433 0x55c0ee01c360 DEBUG   structure gststructure.c:2203:gst_structure_parse_field: trying field name 'author'
0:00:00.013279543  4434 0x55aca8d26360 DEBUG   GST_REGISTRY gstregistrychunks.c:264:gst_registry_chunks_save_feature: saved 0 interfaces 0 pad templates
0:00:00.017939200  4433 0x55c0ee01c360 DEBUG   default gstvalue.c:2676:_priv_gst_value_parse_value: trying type name 'string'
0:00:00.013290801  4434 0x55aca8d26360 TRACE   GST_REFCOUNTING gstobject.c:264:gst_object_unref: 0x55aca8d500b0 unref 2->1
0:00:00.017948041  4433 0x55c0ee01c360 DEBUG   GST_REGISTRY gstregistrychunks.c:626:gst_registry_chunks_load_feature: Element factory : npadtemplates=2
0:00:00.013298312  4434 0x55aca8d26360 TRACE   GST_REFCOUNTING gstobject.c:264:gst_object_unref: 0x55aca8d51fb0 unref 2->1
0:00:00.017954251  4433 0x55c0ee01c360 DEBUG   GST_REGISTRY gstregistrychunks.c:525:gst_registry_chunks_load_pad_template: Reading/casting for GstRegistryChunkPadTemplate at address 0x55c0ee0428d8
0:00:00.013305220  4434 0x55aca8d26360 TRACE   GST_REFCOUNTING gstobject.c:264:gst_object_unref: 0x55aca8d52c90 unref 2->1
0:00:00.017961222  4433 0x55c0ee01c360 DEBUG   GST_REGISTRY gstregistrychunks.c:539:gst_registry_chunks_load_pad_template: Added pad_template sink
0:00:00.013312055  4434 0x55aca8d26360 TRACE   GST_REFCOUNTING gstobject.c:264:gst_object_unref: 0x55aca8d53ad0 unref 2->1
0:00:00.017967937  4433 0x55c0ee01c360 DEBUG   GST_REGISTRY gstregistrychunks.c:525:gst_registry_chunks_load_pad_template: Reading/casting for GstRegistryChunkPadTemplate at address 0x55c0ee0428f0
0:00:00.013318726  4434 0x55aca8d26360 TRACE   GST_REFCOUNTING gstobject.c:264:gst_object_unref: 0x55aca8d55a70 unref 2->1
0:00:00.017974832  4433 0x55c0ee01c360 DEBUG   GST_REGISTRY gstregistrychunks.c:539:gst_registry_chunks_load_pad_template: Added pad_template src
0:00:00.013325393  4434 0x55aca8d26360 TRACE   GST_REFCOUNTING gstobject.c:264:gst_object_unref: 0x55aca8d56c40 unref 2->1
0:00:00.017982555  4433 0x55c0ee01c360 DEBUG   GST_REGISTRY gstregistry.c:589:gst_registry_add_feature: adding feature 0x55c0ee04c1f0 (valve)
0:00:00.013332069  4434 0x55aca8d26360 TRACE   GST_REFCOUNTING gstobject.c:264:gst_object_unref: 0x55aca8d588b0 unref 2->1
0:00:00.017988515  4433 0x55c0ee01c360 DEBUG   GST_REFCOUNTING gstobject.c:708:gst_object_set_parent: set parent (ref and sink)
0:00:00.013338747  4434 0x55aca8d26360 TRACE   GST_REFCOUNTING gstobject.c:264:gst_object_unref: 0x55aca8d5aea0 unref 2->1
0:00:00.017995654  4433 0x55c0ee01c360 TRACE   GST_REFCOUNTING gstobject.c:292:gst_object_ref_sink: 0x55c0ee04c1f0 ref_sink 1->2
0:00:00.013345446  4434 0x55aca8d26360 TRACE   GST_REFCOUNTING gstobject.c:264:gst_object_unref: 0x55aca8d5d350 unref 2->1
0:00:00.018002164  4433 0x55c0ee01c360 LOG   GST_REGISTRY gstregistry.c:607:gst_registry_add_feature: emitting feature-added for valve
0:00:00.013352101  4434 0x55aca8d26360 TRACE   GST_REFCOUNTING gstobject.c:264:gst_object_unref: 0x55aca8d5e1b0 unref 2->1
0:00:00.018008915  4433 0x55c0ee01c360 DEBUG   GST_REGISTRY gstregistrychunks.c:740:gst_registry_chunks_load_feature: Added feature valve, plugin 0x55c0ee044250 coreelements
0:00:00.013358704  4434 0x55aca8d26360 TRACE   GST_REFCOUNTING gstobject.c:264:gst_object_unref: 0x55aca8d5ef90 unref 2->1
0:00:00.018019409  4433 0x55c0ee01c360 DEBUG   GST_REGISTRY gstregistrychunks.c:582:gst_registry_chunks_load_feature: Plugin 'coreelements' feature 'multiqueue' typename : 'GstElementFactory'
0:00:00.013367317  4434 0x55aca8d26360 TRACE   GST_REFCOUNTING gstobject.c:264:gst_object_unref: 0x55aca8d5fca0 unref 2->1
0:00:00.018026481  4433 0x55c0ee01c360 TRACE   GST_REFCOUNTING gstobject.c:208:gst_object_init: 0x55c0ee0448b0 new
0:00:00.013374008  4434 0x55aca8d26360 TRACE   GST_REFCOUNTING gstobject.c:264:gst_object_unref: 0x55aca8d611c0 unref 2->1
0:00:00.018033790  4433 0x55c0ee01c360 LOG   GST_REGISTRY gstregistrychunks.c:609:gst_registry_chunks_load_feature: Reading/casting for GstRegistryChunkElementFactory at address 0x55c0ee042920
0:00:00.013381281  4434 0x55aca8d26360 TRACE   GST_REFCOUNTING gstobject.c:264:gst_object_unref: 0x55aca8d62530 unref 2->1
0:00:00.018040264  4433 0x55c0ee01c360 TRACE   structure gststructure.c:287:gst_structure_new_id_empty_with_size: created structure 0x55c0ee044a30
0:00:00.013388028  4434 0x55aca8d26360 TRACE   GST_REFCOUNTING gstobject.c:264:gst_object_unref: 0x55aca8d63650 unref 2->1
0:00:00.018046389  4433 0x55c0ee01c360 DEBUG   structure gststructure.c:2203:gst_structure_parse_field: trying field name 'long-name'
0:00:00.013394793  4434 0x55aca8d26360 TRACE   GST_REFCOUNTING gstobject.c:264:gst_object_unref: 0x55aca8d65a00 unref 2->1
0:00:00.018052483  4433 0x55c0ee01c360 DEBUG   default gstvalue.c:2676:_priv_gst_value_parse_value: trying type name 'string'
0:00:00.013401479  4434 0x55aca8d26360 TRACE   GST_REFCOUNTING gstobject.c:264:gst_object_unref: 0x55aca8d671b0 unref 2->1
0:00:00.018058981  4433 0x55c0ee01c360 DEBUG   structure gststructure.c:2203:gst_structure_parse_field: trying field name 'klass'
0:00:00.013408178  4434 0x55aca8d26360 TRACE   GST_REFCOUNTING gstobject.c:264:gst_object_unref: 0x55aca8d68630 unref 2->1
0:00:00.018064968  4433 0x55c0ee01c360 DEBUG   default gstvalue.c:2676:_priv_gst_value_parse_value: trying type name 'string'
0:00:00.013414950  4434 0x55aca8d26360 TRACE   GST_REFCOUNTING gstobject.c:264:gst_object_unref: 0x55aca8d69a10 unref 2->1
0:00:00.018071295  4433 0x55c0ee01c360 DEBUG   structure gststructure.c:2203:gst_structure_parse_field: trying field name 'description'
0:00:00.013421729  4434 0x55aca8d26360 TRACE   GST_REFCOUNTING gstobject.c:264:gst_object_unref: 0x55aca8d6aa00 unref 2->1
0:00:00.018077791  4433 0x55c0ee01c360 DEBUG   default gstvalue.c:2676:_priv_gst_value_parse_value: trying type name 'string'
0:00:00.013428416  4434 0x55aca8d26360 TRACE   GST_REFCOUNTING gstobject.c:264:gst_object_unref: 0x55aca8d6c4e0 unref 2->1
0:00:00.018084899  4433 0x55c0ee01c360 DEBUG   structure gststructure.c:2203:gst_structure_parse_field: trying field name 'author'
0:00:00.013435121  4434 0x55aca8d26360 TRACE   GST_REFCOUNTING gstobject.c:264:gst_object_unref: 0x55aca8d6d1d0 unref 2->1
0:00:00.018091164  4433 0x55c0ee01c360 DEBUG   default gstvalue.c:2676:_priv_gst_value_parse_value: trying type name 'string'
0:00:00.013447471  4434 0x55aca8d26360 DEBUG   GST_REGISTRY gstregistrychunks.c:497:_priv_gst_registry_chunks_save_plugin: Found 22 features in plugin 0x55aca8d4e670 (coreelements)
0:00:00.018102862  4433 0x55c0ee01c360 DEBUG   GST_REGISTRY gstregistrychunks.c:626:gst_registry_chunks_load_feature: Element factory : npadtemplates=2
0:00:00.013454137  4434 0x55aca8d26360 DEBUG   GST_POLL gstpoll.c:979:gst_poll_fd_ctl_write: 0x55aca8d4a970: fd (fd:0, idx:1), active : 1
0:00:00.018110108  4433 0x55c0ee01c360 DEBUG   GST_REGISTRY gstregistrychunks.c:525:gst_registry_chunks_load_pad_template: Reading/casting for GstRegistryChunkPadTemplate at address 0x55c0ee0429e0
0:00:00.013460595  4434 0x55aca8d26360 LOG   GST_POLL gstpoll.c:994:gst_poll_fd_ctl_write: 0x55aca8d4a970: pfd->events now 60 (POLLOUT:4)
0:00:00.018122300  4433 0x55c0ee01c360 DEBUG   GST_REGISTRY gstregistrychunks.c:539:gst_registry_chunks_load_pad_template: Added pad_template src_%u
0:00:00.013470446  4434 0x55aca8d26360 DEBUG   GST_POLL gstpoll.c:979:gst_poll_fd_ctl_write: 0x55aca8d4a970: fd (fd:0, idx:1), active : 1
0:00:00.018128171  4433 0x55c0ee01c360 DEBUG   GST_REGISTRY gstregistrychunks.c:525:gst_registry_chunks_load_pad_template: Reading/casting for GstRegistryChunkPadTemplate at address 0x55c0ee0429f8
0:00:00.013476643  4434 0x55aca8d26360 LOG   GST_POLL gstpoll.c:994:gst_poll_fd_ctl_write: 0x55aca8d4a970: pfd->events now 60 (POLLOUT:4)
0:00:00.018134127  4433 0x55c0ee01c360 DEBUG   GST_REGISTRY gstregistrychunks.c:539:gst_registry_chunks_load_pad_template: Added pad_template sink_%u
0:00:00.013482957  4434 0x55aca8d26360 DEBUG   GST_POLL gstpoll.c:979:gst_poll_fd_ctl_write: 0x55aca8d4a970: fd (fd:0, idx:1), active : 1
0:00:00.018141282  4433 0x55c0ee01c360 DEBUG   GST_REGISTRY gstregistry.c:589:gst_registry_add_feature: adding feature 0x55c0ee0448b0 (multiqueue)
0:00:00.013488901  4434 0x55aca8d26360 LOG   GST_POLL gstpoll.c:994:gst_poll_fd_ctl_write: 0x55aca8d4a970: pfd->events now 60 (POLLOUT:4)
0:00:00.018147185  4433 0x55c0ee01c360 DEBUG   GST_REFCOUNTING gstobject.c:708:gst_object_set_parent: set parent (ref and sink)
0:00:00.013495329  4434 0x55aca8d26360 DEBUG   GST_POLL gstpoll.c:979:gst_poll_fd_ctl_write: 0x55aca8d4a970: fd (fd:0, idx:1), active : 1
0:00:00.018154808  4433 0x55c0ee01c360 TRACE   GST_REFCOUNTING gstobject.c:292:gst_object_ref_sink: 0x55c0ee0448b0 ref_sink 1->2
0:00:00.013501881  4434 0x55aca8d26360 LOG   GST_POLL gstpoll.c:994:gst_poll_fd_ctl_write: 0x55aca8d4a970: pfd->events now 60 (POLLOUT:4)
0:00:00.018161454  4433 0x55c0ee01c360 LOG   GST_REGISTRY gstregistry.c:607:gst_registry_add_feature: emitting feature-added for multiqueue
0:00:00.013509402  4434 0x55aca8d26360 DEBUG   GST_POLL gstpoll.c:979:gst_poll_fd_ctl_write: 0x55aca8d4a970: fd (fd:0, idx:1), active : 1
0:00:00.018168380  4433 0x55c0ee01c360 DEBUG   GST_REGISTRY gstregistrychunks.c:740:gst_registry_chunks_load_feature: Added feature multiqueue, plugin 0x55c0ee044250 coreelements
0:00:00.013515456  4434 0x55aca8d26360 LOG   GST_POLL gstpoll.c:994:gst_poll_fd_ctl_write: 0x55aca8d4a970: pfd->events now 60 (POLLOUT:4)
0:00:00.018178877  4433 0x55c0ee01c360 DEBUG   GST_REGISTRY gstregistrychunks.c:582:gst_registry_chunks_load_feature: Plugin 'coreelements' feature 'typefind' typename : 'GstElementFactory'
0:00:00.013526627  4434 0x55aca8d26360 DEBUG   GST_POLL gstpoll.c:979:gst_poll_fd_ctl_write: 0x55aca8d4a970: fd (fd:0, idx:1), active : 1
0:00:00.018186218  4433 0x55c0ee01c360 TRACE   GST_REFCOUNTING gstobject.c:208:gst_object_init: 0x55c0ee044cb0 new
0:00:00.013533162  4434 0x55aca8d26360 LOG   GST_POLL gstpoll.c:994:gst_poll_fd_ctl_write: 0x55aca8d4a970: pfd->events now 60 (POLLOUT:4)
0:00:00.018193294  4433 0x55c0ee01c360 LOG   GST_REGISTRY gstregistrychunks.c:609:gst_registry_chunks_load_feature: Reading/casting for GstRegistryChunkElementFactory at address 0x55c0ee042a28
0:00:00.013540741  4434 0x55aca8d26360 DEBUG   GST_POLL gstpoll.c:979:gst_poll_fd_ctl_write: 0x55aca8d4a970: fd (fd:0, idx:1), active : 1
0:00:00.013547223  4434 0x55aca8d26360 LOG   GST_POLL gstpoll.c:994:gst_poll_fd_ctl_write: 0x55aca8d4a970: pfd->events now 60 (POLLOUT:4)
0:00:00.018202828  4433 0x55c0ee01c360 TRACE   structure gststructure.c:287:gst_structure_new_id_empty_with_size: created structure 0x55c0ee044ee0
0:00:00.013552979  4434 0x55aca8d26360 DEBUG   GST_POLL gstpoll.c:979:gst_poll_fd_ctl_write: 0x55aca8d4a970: fd (fd:0, idx:1), active : 1
0:00:00.018209115  4433 0x55c0ee01c360 DEBUG   structure gststructure.c:2203:gst_structure_parse_field: trying field name 'long-name'
0:00:00.013559061  4434 0x55aca8d26360 LOG   GST_POLL gstpoll.c:994:gst_poll_fd_ctl_write: 0x55aca8d4a970: pfd->events now 60 (POLLOUT:4)
0:00:00.018215513  4433 0x55c0ee01c360 DEBUG   default gstvalue.c:2676:_priv_gst_value_parse_value: trying type name 'string'
0:00:00.013565128  4434 0x55aca8d26360 DEBUG   GST_POLL gstpoll.c:979:gst_poll_fd_ctl_write: 0x55aca8d4a970: fd (fd:0, idx:1), active : 1
0:00:00.018221940  4433 0x55c0ee01c360 DEBUG   structure gststructure.c:2203:gst_structure_parse_field: trying field name 'klass'
0:00:00.013570988  4434 0x55aca8d26360 LOG   GST_POLL gstpoll.c:994:gst_poll_fd_ctl_write: 0x55aca8d4a970: pfd->events now 60 (POLLOUT:4)
0:00:00.018227958  4433 0x55c0ee01c360 DEBUG   default gstvalue.c:2676:_priv_gst_value_parse_value: trying type name 'string'
0:00:00.013577087  4434 0x55aca8d26360 DEBUG   GST_POLL gstpoll.c:979:gst_poll_fd_ctl_write: 0x55aca8d4a970: fd (fd:0, idx:1), active : 1
0:00:00.018234342  4433 0x55c0ee01c360 DEBUG   structure gststructure.c:2203:gst_structure_parse_field: trying field name 'description'
0:00:00.013583038  4434 0x55aca8d26360 LOG   GST_POLL gstpoll.c:994:gst_poll_fd_ctl_write: 0x55aca8d4a970: pfd->events now 60 (POLLOUT:4)
0:00:00.018240254  4433 0x55c0ee01c360 DEBUG   default gstvalue.c:2676:_priv_gst_value_parse_value: trying type name 'string'
0:00:00.013589148  4434 0x55aca8d26360 DEBUG   GST_POLL gstpoll.c:979:gst_poll_fd_ctl_write: 0x55aca8d4a970: fd (fd:0, idx:1), active : 1
0:00:00.018246717  4433 0x55c0ee01c360 DEBUG   structure gststructure.c:2203:gst_structure_parse_field: trying field name 'author'
0:00:00.013599151  4434 0x55aca8d26360 LOG   GST_POLL gstpoll.c:994:gst_poll_fd_ctl_write: 0x55aca8d4a970: pfd->events now 60 (POLLOUT:4)
0:00:00.018255406  4433 0x55c0ee01c360 DEBUG   default gstvalue.c:2676:_priv_gst_value_parse_value: trying type name 'string'
0:00:00.013605600  4434 0x55aca8d26360 DEBUG   GST_POLL gstpoll.c:979:gst_poll_fd_ctl_write: 0x55aca8d4a970: fd (fd:0, idx:1), active : 1
0:00:00.018262474  4433 0x55c0ee01c360 DEBUG   GST_REGISTRY gstregistrychunks.c:626:gst_registry_chunks_load_feature: Element factory : npadtemplates=2
0:00:00.013611401  4434 0x55aca8d26360 LOG   GST_POLL gstpoll.c:994:gst_poll_fd_ctl_write: 0x55aca8d4a970: pfd->events now 60 (POLLOUT:4)
0:00:00.018268325  4433 0x55c0ee01c360 DEBUG   GST_REGISTRY gstregistrychunks.c:525:gst_registry_chunks_load_pad_template: Reading/casting for GstRegistryChunkPadTemplate at address 0x55c0ee042b00
0:00:00.013617488  4434 0x55aca8d26360 DEBUG   GST_POLL gstpoll.c:979:gst_poll_fd_ctl_write: 0x55aca8d4a970: fd (fd:0, idx:1), active : 1
0:00:00.018274162  4433 0x55c0ee01c360 DEBUG   GST_REGISTRY gstregistrychunks.c:539:gst_registry_chunks_load_pad_template: Added pad_template sink
0:00:00.013623411  4434 0x55aca8d26360 LOG   GST_POLL gstpoll.c:994:gst_poll_fd_ctl_write: 0x55aca8d4a970: pfd->events now 60 (POLLOUT:4)
0:00:00.018279774  4433 0x55c0ee01c360 DEBUG   GST_REGISTRY gstregistrychunks.c:525:gst_registry_chunks_load_pad_template: Reading/casting for GstRegistryChunkPadTemplate at address 0x55c0ee042b18
0:00:00.013629526  4434 0x55aca8d26360 DEBUG   GST_POLL gstpoll.c:979:gst_poll_fd_ctl_write: 0x55aca8d4a970: fd (fd:0, idx:1), active : 1
0:00:00.018285652  4433 0x55c0ee01c360 DEBUG   GST_REGISTRY gstregistrychunks.c:539:gst_registry_chunks_load_pad_template: Added pad_template src
0:00:00.013635498  4434 0x55aca8d26360 LOG   GST_POLL gstpoll.c:994:gst_poll_fd_ctl_write: 0x55aca8d4a970: pfd->events now 60 (POLLOUT:4)
0:00:00.018292833  4433 0x55c0ee01c360 DEBUG   GST_REGISTRY gstregistry.c:589:gst_registry_add_feature: adding feature 0x55c0ee044cb0 (typefind)
0:00:00.013641658  4434 0x55aca8d26360 DEBUG   GST_POLL gstpoll.c:979:gst_poll_fd_ctl_write: 0x55aca8d4a970: fd (fd:0, idx:1), active : 1
0:00:00.018298906  4433 0x55c0ee01c360 DEBUG   GST_REFCOUNTING gstobject.c:708:gst_object_set_parent: set parent (ref and sink)
0:00:00.013647601  4434 0x55aca8d26360 LOG   GST_POLL gstpoll.c:994:gst_poll_fd_ctl_write: 0x55aca8d4a970: pfd->events now 60 (POLLOUT:4)
0:00:00.018306165  4433 0x55c0ee01c360 TRACE   GST_REFCOUNTING gstobject.c:292:gst_object_ref_sink: 0x55c0ee044cb0 ref_sink 1->2
0:00:00.013653713  4434 0x55aca8d26360 DEBUG   GST_POLL gstpoll.c:979:gst_poll_fd_ctl_write: 0x55aca8d4a970: fd (fd:0, idx:1), active : 1
0:00:00.018312769  4433 0x55c0ee01c360 LOG   GST_REGISTRY gstregistry.c:607:gst_registry_add_feature: emitting feature-added for typefind
0:00:00.013660517  4434 0x55aca8d26360 LOG   GST_POLL gstpoll.c:994:gst_poll_fd_ctl_write: 0x55aca8d4a970: pfd->events now 60 (POLLOUT:4)
0:00:00.018319581  4433 0x55c0ee01c360 DEBUG   GST_REGISTRY gstregistrychunks.c:740:gst_registry_chunks_load_feature: Added feature typefind, plugin 0x55c0ee044250 coreelements
0:00:00.013671154  4434 0x55aca8d26360 DEBUG   GST_POLL gstpoll.c:979:gst_poll_fd_ctl_write: 0x55aca8d4a970: fd (fd:0, idx:1), active : 1
0:00:00.018327790  4433 0x55c0ee01c360 DEBUG   GST_REGISTRY gstregistrychunks.c:582:gst_registry_chunks_load_feature: Plugin 'coreelements' feature 'tee' typename : 'GstElementFactory'
0:00:00.013677486  4434 0x55aca8d26360 LOG   GST_POLL gstpoll.c:994:gst_poll_fd_ctl_write: 0x55aca8d4a970: pfd->events now 60 (POLLOUT:4)
0:00:00.018334579  4433 0x55c0ee01c360 TRACE   GST_REFCOUNTING gstobject.c:208:gst_object_init: 0x55c0ee045180 new
0:00:00.013683726  4434 0x55aca8d26360 DEBUG   GST_POLL gstpoll.c:979:gst_poll_fd_ctl_write: 0x55aca8d4a970: fd (fd:0, idx:1), active : 1
0:00:00.018341517  4433 0x55c0ee01c360 LOG   GST_REGISTRY gstregistrychunks.c:609:gst_registry_chunks_load_feature: Reading/casting for GstRegistryChunkElementFactory at address 0x55c0ee042b40
0:00:00.013689801  4434 0x55aca8d26360 LOG   GST_POLL gstpoll.c:994:gst_poll_fd_ctl_write: 0x55aca8d4a970: pfd->events now 60 (POLLOUT:4)
0:00:00.018347907  4433 0x55c0ee01c360 TRACE   structure gststructure.c:287:gst_structure_new_id_empty_with_size: created structure 0x55c0ee0453c0
0:00:00.013696096  4434 0x55aca8d26360 DEBUG   GST_POLL gstpoll.c:979:gst_poll_fd_ctl_write: 0x55aca8d4a970: fd (fd:0, idx:1), active : 1
0:00:00.018353884  4433 0x55c0ee01c360 DEBUG   structure gststructure.c:2203:gst_structure_parse_field: trying field name 'long-name'
0:00:00.013702069  4434 0x55aca8d26360 LOG   GST_POLL gstpoll.c:994:gst_poll_fd_ctl_write: 0x55aca8d4a970: pfd->events now 60 (POLLOUT:4)
0:00:00.018359800  4433 0x55c0ee01c360 DEBUG   default gstvalue.c:2676:_priv_gst_value_parse_value: trying type name 'string'
0:00:00.013708321  4434 0x55aca8d26360 DEBUG   GST_POLL gstpoll.c:979:gst_poll_fd_ctl_write: 0x55aca8d4a970: fd (fd:0, idx:1), active : 1
0:00:00.018366273  4433 0x55c0ee01c360 DEBUG   structure gststructure.c:2203:gst_structure_parse_field: trying field name 'klass'
0:00:00.013714336  4434 0x55aca8d26360 LOG   GST_POLL gstpoll.c:994:gst_poll_fd_ctl_write: 0x55aca8d4a970: pfd->events now 60 (POLLOUT:4)
0:00:00.018372160  4433 0x55c0ee01c360 DEBUG   default gstvalue.c:2676:_priv_gst_value_parse_value: trying type name 'string'
0:00:00.013720522  4434 0x55aca8d26360 DEBUG   GST_POLL gstpoll.c:979:gst_poll_fd_ctl_write: 0x55aca8d4a970: fd (fd:0, idx:1), active : 1
0:00:00.018378432  4433 0x55c0ee01c360 DEBUG   structure gststructure.c:2203:gst_structure_parse_field: trying field name 'description'
0:00:00.013726586  4434 0x55aca8d26360 LOG   GST_POLL gstpoll.c:994:gst_poll_fd_ctl_write: 0x55aca8d4a970: pfd->events now 60 (POLLOUT:4)
0:00:00.018384415  4433 0x55c0ee01c360 DEBUG   default gstvalue.c:2676:_priv_gst_value_parse_value: trying type name 'string'
0:00:00.013732849  4434 0x55aca8d26360 DEBUG   GST_POLL gstpoll.c:979:gst_poll_fd_ctl_write: 0x55aca8d4a970: fd (fd:0, idx:1), active : 1
0:00:00.018390853  4433 0x55c0ee01c360 DEBUG   structure gststructure.c:2203:gst_structure_parse_field: trying field name 'author'
0:00:00.013742465  4434 0x55aca8d26360 LOG   GST_POLL gstpoll.c:994:gst_poll_fd_ctl_write: 0x55aca8d4a970: pfd->events now 60 (POLLOUT:4)
0:00:00.018398830  4433 0x55c0ee01c360 DEBUG   default gstvalue.c:2676:_priv_gst_value_parse_value: trying type name 'string'
0:00:00.013748814  4434 0x55aca8d26360 DEBUG   GST_POLL gstpoll.c:979:gst_poll_fd_ctl_write: 0x55aca8d4a970: fd (fd:0, idx:1), active : 1
0:00:00.018405855  4433 0x55c0ee01c360 DEBUG   GST_REGISTRY gstregistrychunks.c:626:gst_registry_chunks_load_feature: Element factory : npadtemplates=2
0:00:00.013754910  4434 0x55aca8d26360 LOG   GST_POLL gstpoll.c:994:gst_poll_fd_ctl_write: 0x55aca8d4a970: pfd->events now 60 (POLLOUT:4)
0:00:00.018411574  4433 0x55c0ee01c360 DEBUG   GST_REGISTRY gstregistrychunks.c:525:gst_registry_chunks_load_pad_template: Reading/casting for GstRegistryChunkPadTemplate at address 0x55c0ee042c30
0:00:00.013761085  4434 0x55aca8d26360 DEBUG   GST_POLL gstpoll.c:979:gst_poll_fd_ctl_write: 0x55aca8d4a970: fd (fd:0, idx:1), active : 1
0:00:00.018417390  4433 0x55c0ee01c360 DEBUG   GST_REGISTRY gstregistrychunks.c:539:gst_registry_chunks_load_pad_template: Added pad_template src_%u
0:00:00.013767060  4434 0x55aca8d26360 LOG   GST_POLL gstpoll.c:994:gst_poll_fd_ctl_write: 0x55aca8d4a970: pfd->events now 60 (POLLOUT:4)
0:00:00.018423110  4433 0x55c0ee01c360 DEBUG   GST_REGISTRY gstregistrychunks.c:525:gst_registry_chunks_load_pad_template: Reading/casting for GstRegistryChunkPadTemplate at address 0x55c0ee042c48
0:00:00.013773275  4434 0x55aca8d26360 DEBUG   GST_POLL gstpoll.c:979:gst_poll_fd_ctl_write: 0x55aca8d4a970: fd (fd:0, idx:1), active : 1
0:00:00.018429201  4433 0x55c0ee01c360 DEBUG   GST_REGISTRY gstregistrychunks.c:539:gst_registry_chunks_load_pad_template: Added pad_template sink
0:00:00.013779481  4434 0x55aca8d26360 LOG   GST_POLL gstpoll.c:994:gst_poll_fd_ctl_write: 0x55aca8d4a970: pfd->events now 60 (POLLOUT:4)
0:00:00.018436622  4433 0x55c0ee01c360 DEBUG   GST_REGISTRY gstregistry.c:589:gst_registry_add_feature: adding feature 0x55c0ee045180 (tee)
0:00:00.013785722  4434 0x55aca8d26360 DEBUG   GST_POLL gstpoll.c:979:gst_poll_fd_ctl_write: 0x55aca8d4a970: fd (fd:0, idx:1), active : 1
0:00:00.018442740  4433 0x55c0ee01c360 DEBUG   GST_REFCOUNTING gstobject.c:708:gst_object_set_parent: set parent (ref and sink)
0:00:00.013791778  4434 0x55aca8d26360 LOG   GST_POLL gstpoll.c:994:gst_poll_fd_ctl_write: 0x55aca8d4a970: pfd->events now 60 (POLLOUT:4)
0:00:00.018449887  4433 0x55c0ee01c360 TRACE   GST_REFCOUNTING gstobject.c:292:gst_object_ref_sink: 0x55c0ee045180 ref_sink 1->2
0:00:00.013798136  4434 0x55aca8d26360 DEBUG   GST_POLL gstpoll.c:979:gst_poll_fd_ctl_write: 0x55aca8d4a970: fd (fd:0, idx:1), active : 1
0:00:00.018456405  4433 0x55c0ee01c360 LOG   GST_REGISTRY gstregistry.c:607:gst_registry_add_feature: emitting feature-added for tee
0:00:00.013804175  4434 0x55aca8d26360 LOG   GST_POLL gstpoll.c:994:gst_poll_fd_ctl_write: 0x55aca8d4a970: pfd->events now 60 (POLLOUT:4)
0:00:00.018463055  4433 0x55c0ee01c360 DEBUG   GST_REGISTRY gstregistrychunks.c:740:gst_registry_chunks_load_feature: Added feature tee, plugin 0x55c0ee044250 coreelements
0:00:00.013814910  4434 0x55aca8d26360 DEBUG   GST_POLL gstpoll.c:979:gst_poll_fd_ctl_write: 0x55aca8d4a970: fd (fd:0, idx:1), active : 1
0:00:00.018471475  4433 0x55c0ee01c360 DEBUG   GST_REGISTRY gstregistrychunks.c:582:gst_registry_chunks_load_feature: Plugin 'coreelements' feature 'filesink' typename : 'GstElementFactory'
0:00:00.013821005  4434 0x55aca8d26360 LOG   GST_POLL gstpoll.c:994:gst_poll_fd_ctl_write: 0x55aca8d4a970: pfd->events now 60 (POLLOUT:4)
0:00:00.018478235  4433 0x55c0ee01c360 TRACE   GST_REFCOUNTING gstobject.c:208:gst_object_init: 0x55c0ee0456f0 new
0:00:00.013827091  4434 0x55aca8d26360 DEBUG   GST_POLL gstpoll.c:979:gst_poll_fd_ctl_write: 0x55aca8d4a970: fd (fd:0, idx:1), active : 1
0:00:00.018485090  4433 0x55c0ee01c360 LOG   GST_REGISTRY gstregistrychunks.c:609:gst_registry_chunks_load_feature: Reading/casting for GstRegistryChunkElementFactory at address 0x55c0ee042c78
0:00:00.013833086  4434 0x55aca8d26360 LOG   GST_POLL gstpoll.c:994:gst_poll_fd_ctl_write: 0x55aca8d4a970: pfd->events now 60 (POLLOUT:4)
0:00:00.018491325  4433 0x55c0ee01c360 TRACE   structure gststructure.c:287:gst_structure_new_id_empty_with_size: created structure 0x55c0ee0459f0
0:00:00.013839358  4434 0x55aca8d26360 DEBUG   GST_POLL gstpoll.c:979:gst_poll_fd_ctl_write: 0x55aca8d4a970: fd (fd:0, idx:1), active : 1
0:00:00.018497250  4433 0x55c0ee01c360 DEBUG   structure gststructure.c:2203:gst_structure_parse_field: trying field name 'long-name'
0:00:00.013845375  4434 0x55aca8d26360 LOG   GST_POLL gstpoll.c:994:gst_poll_fd_ctl_write: 0x55aca8d4a970: pfd->events now 60 (POLLOUT:4)
0:00:00.018503076  4433 0x55c0ee01c360 DEBUG   default gstvalue.c:2676:_priv_gst_value_parse_value: trying type name 'string'
0:00:00.013851610  4434 0x55aca8d26360 DEBUG   GST_POLL gstpoll.c:979:gst_poll_fd_ctl_write: 0x55aca8d4a970: fd (fd:0, idx:1), active : 1
0:00:00.018509302  4433 0x55c0ee01c360 DEBUG   structure gststructure.c:2203:gst_structure_parse_field: trying field name 'klass'
0:00:00.013857651  4434 0x55aca8d26360 LOG   GST_POLL gstpoll.c:994:gst_poll_fd_ctl_write: 0x55aca8d4a970: pfd->events now 60 (POLLOUT:4)
0:00:00.018515334  4433 0x55c0ee01c360 DEBUG   default gstvalue.c:2676:_priv_gst_value_parse_value: trying type name 'string'
0:00:00.013863932  4434 0x55aca8d26360 DEBUG   GST_POLL gstpoll.c:979:gst_poll_fd_ctl_write: 0x55aca8d4a970: fd (fd:0, idx:1), active : 1
0:00:00.018521642  4433 0x55c0ee01c360 DEBUG   structure gststructure.c:2203:gst_structure_parse_field: trying field name 'description'
0:00:00.013869886  4434 0x55aca8d26360 LOG   GST_POLL gstpoll.c:994:gst_poll_fd_ctl_write: 0x55aca8d4a970: pfd->events now 60 (POLLOUT:4)
0:00:00.018527445  4433 0x55c0ee01c360 DEBUG   default gstvalue.c:2676:_priv_gst_value_parse_value: trying type name 'string'
0:00:00.013876213  4434 0x55aca8d26360 DEBUG   GST_POLL gstpoll.c:979:gst_poll_fd_ctl_write: 0x55aca8d4a970: fd (fd:0, idx:1), active : 1
0:00:00.018533829  4433 0x55c0ee01c360 DEBUG   structure gststructure.c:2203:gst_structure_parse_field: trying field name 'author'
0:00:00.013886141  4434 0x55aca8d26360 LOG   GST_POLL gstpoll.c:994:gst_poll_fd_ctl_write: 0x55aca8d4a970: pfd->events now 60 (POLLOUT:4)
0:00:00.018542527  4433 0x55c0ee01c360 DEBUG   default gstvalue.c:2676:_priv_gst_value_parse_value: trying type name 'string'
0:00:00.013892481  4434 0x55aca8d26360 DEBUG   GST_POLL gstpoll.c:979:gst_poll_fd_ctl_write: 0x55aca8d4a970: fd (fd:0, idx:1), active : 1
0:00:00.018549244  4433 0x55c0ee01c360 DEBUG   GST_REGISTRY gstregistrychunks.c:626:gst_registry_chunks_load_feature: Element factory : npadtemplates=1
0:00:00.013898458  4434 0x55aca8d26360 LOG   GST_POLL gstpoll.c:994:gst_poll_fd_ctl_write: 0x55aca8d4a970: pfd->events now 60 (POLLOUT:4)
0:00:00.018555115  4433 0x55c0ee01c360 DEBUG   GST_REGISTRY gstregistrychunks.c:525:gst_registry_chunks_load_pad_template: Reading/casting for GstRegistryChunkPadTemplate at address 0x55c0ee042d58
0:00:00.013904651  4434 0x55aca8d26360 DEBUG   GST_POLL gstpoll.c:979:gst_poll_fd_ctl_write: 0x55aca8d4a970: fd (fd:0, idx:1), active : 1
0:00:00.018560928  4433 0x55c0ee01c360 DEBUG   GST_REGISTRY gstregistrychunks.c:539:gst_registry_chunks_load_pad_template: Added pad_template sink
0:00:00.013910673  4434 0x55aca8d26360 LOG   GST_POLL gstpoll.c:994:gst_poll_fd_ctl_write: 0x55aca8d4a970: pfd->events now 60 (POLLOUT:4)
0:00:00.018567483  4433 0x55c0ee01c360 DEBUG   GST_REGISTRY gstregistrychunks.c:639:gst_registry_chunks_load_feature: Reading 1 UriTypes at address 0x55c0ee042d69
0:00:00.013916988  4434 0x55aca8d26360 DEBUG   GST_POLL gstpoll.c:979:gst_poll_fd_ctl_write: 0x55aca8d4a970: fd (fd:0, idx:1), active : 1
0:00:00.018575296  4433 0x55c0ee01c360 DEBUG   GST_REGISTRY gstregistrychunks.c:654:gst_registry_chunks_load_feature: Reading 1 Interfaces at address 0x55c0ee042d79
0:00:00.013922986  4434 0x55aca8d26360 LOG   GST_POLL gstpoll.c:994:gst_poll_fd_ctl_write: 0x55aca8d4a970: pfd->events now 60 (POLLOUT:4)
0:00:00.018582509  4433 0x55c0ee01c360 DEBUG   GST_REGISTRY gstregistry.c:589:gst_registry_add_feature: adding feature 0x55c0ee0456f0 (filesink)
0:00:00.013934230  4434 0x55aca8d26360 DEBUG   GST_POLL gstpoll.c:979:gst_poll_fd_ctl_write: 0x55aca8d4a970: fd (fd:0, idx:1), active : 1
0:00:00.018590015  4433 0x55c0ee01c360 DEBUG   GST_REFCOUNTING gstobject.c:708:gst_object_set_parent: set parent (ref and sink)
0:00:00.013940451  4434 0x55aca8d26360 LOG   GST_POLL gstpoll.c:994:gst_poll_fd_ctl_write: 0x55aca8d4a970: pfd->events now 60 (POLLOUT:4)
0:00:00.018597355  4433 0x55c0ee01c360 TRACE   GST_REFCOUNTING gstobject.c:292:gst_object_ref_sink: 0x55c0ee0456f0 ref_sink 1->2
0:00:00.013946757  4434 0x55aca8d26360 DEBUG   GST_POLL gstpoll.c:979:gst_poll_fd_ctl_write: 0x55aca8d4a970: fd (fd:0, idx:1), active : 1
0:00:00.018603901  4433 0x55c0ee01c360 LOG   GST_REGISTRY gstregistry.c:607:gst_registry_add_feature: emitting feature-added for filesink
0:00:00.013952921  4434 0x55aca8d26360 LOG   GST_POLL gstpoll.c:994:gst_poll_fd_ctl_write: 0x55aca8d4a970: pfd->events now 60 (POLLOUT:4)
0:00:00.018610657  4433 0x55c0ee01c360 DEBUG   GST_REGISTRY gstregistrychunks.c:740:gst_registry_chunks_load_feature: Added feature filesink, plugin 0x55c0ee044250 coreelements
0:00:00.013962895  4434 0x55aca8d26360 DEBUG   GST_POLL gstpoll.c:979:gst_poll_fd_ctl_write: 0x55aca8d4a970: fd (fd:0, idx:1), active : 1
0:00:00.018619426  4433 0x55c0ee01c360 DEBUG   GST_REGISTRY gstregistrychunks.c:582:gst_registry_chunks_load_feature: Plugin 'coreelements' feature 'queue2' typename : 'GstElementFactory'
0:00:00.013969132  4434 0x55aca8d26360 LOG   GST_POLL gstpoll.c:994:gst_poll_fd_ctl_write: 0x55aca8d4a970: pfd->events now 60 (POLLOUT:4)
0:00:00.018626436  4433 0x55c0ee01c360 TRACE   GST_REFCOUNTING gstobject.c:208:gst_object_init: 0x55c0ee045de0 new
0:00:00.013975400  4434 0x55aca8d26360 DEBUG   GST_POLL gstpoll.c:979:gst_poll_fd_ctl_write: 0x55aca8d4a970: fd (fd:0, idx:1), active : 1
0:00:00.018633418  4433 0x55c0ee01c360 LOG   GST_REGISTRY gstregistrychunks.c:609:gst_registry_chunks_load_feature: Reading/casting for GstRegistryChunkElementFactory at address 0x55c0ee042da0
0:00:00.013981618  4434 0x55aca8d26360 LOG   GST_POLL gstpoll.c:994:gst_poll_fd_ctl_write: 0x55aca8d4a970: pfd->events now 60 (POLLOUT:4)
0:00:00.013987931  4434 0x55aca8d26360 DEBUG   GST_POLL gstpoll.c:979:gst_poll_fd_ctl_write: 0x55aca8d4a970: fd (fd:0, idx:1), active : 1
0:00:00.018642621  4433 0x55c0ee01c360 TRACE   structure gststructure.c:287:gst_structure_new_id_empty_with_size: created structure 0x55c0ee045f60
0:00:00.013993551  4434 0x55aca8d26360 LOG   GST_POLL gstpoll.c:994:gst_poll_fd_ctl_write: 0x55aca8d4a970: pfd->events now 60 (POLLOUT:4)
0:00:00.018649923  4433 0x55c0ee01c360 DEBUG   structure gststructure.c:2203:gst_structure_parse_field: trying field name 'long-name'
0:00:00.013999782  4434 0x55aca8d26360 DEBUG   GST_POLL gstpoll.c:979:gst_poll_fd_ctl_write: 0x55aca8d4a970: fd (fd:0, idx:1), active : 1
0:00:00.018655670  4433 0x55c0ee01c360 DEBUG   default gstvalue.c:2676:_priv_gst_value_parse_value: trying type name 'string'
0:00:00.014005944  4434 0x55aca8d26360 LOG   GST_POLL gstpoll.c:994:gst_poll_fd_ctl_write: 0x55aca8d4a970: pfd->events now 60 (POLLOUT:4)
0:00:00.018662545  4433 0x55c0ee01c360 DEBUG   structure gststructure.c:2203:gst_structure_parse_field: trying field name 'klass'
0:00:00.014012326  4434 0x55aca8d26360 DEBUG   GST_POLL gstpoll.c:979:gst_poll_fd_ctl_write: 0x55aca8d4a970: fd (fd:0, idx:1), active : 1
0:00:00.018668263  4433 0x55c0ee01c360 DEBUG   default gstvalue.c:2676:_priv_gst_value_parse_value: trying type name 'string'
0:00:00.014018441  4434 0x55aca8d26360 LOG   GST_POLL gstpoll.c:994:gst_poll_fd_ctl_write: 0x55aca8d4a970: pfd->events now 60 (POLLOUT:4)
0:00:00.018675107  4433 0x55c0ee01c360 DEBUG   structure gststructure.c:2203:gst_structure_parse_field: trying field name 'description'
0:00:00.014024731  4434 0x55aca8d26360 DEBUG   GST_POLL gstpoll.c:979:gst_poll_fd_ctl_write: 0x55aca8d4a970: fd (fd:0, idx:1), active : 1
0:00:00.018681024  4433 0x55c0ee01c360 DEBUG   default gstvalue.c:2676:_priv_gst_value_parse_value: trying type name 'string'
0:00:00.014030778  4434 0x55aca8d26360 LOG   GST_POLL gstpoll.c:994:gst_poll_fd_ctl_write: 0x55aca8d4a970: pfd->events now 60 (POLLOUT:4)
0:00:00.018691577  4433 0x55c0ee01c360 DEBUG   structure gststructure.c:2203:gst_structure_parse_field: trying field name 'author'
0:00:00.014039316  4434 0x55aca8d26360 DEBUG   GST_POLL gstpoll.c:979:gst_poll_fd_ctl_write: 0x55aca8d4a970: fd (fd:0, idx:1), active : 1
0:00:00.014053604  4434 0x55aca8d26360 LOG   GST_POLL gstpoll.c:994:gst_poll_fd_ctl_write: 0x55aca8d4a970: pfd->events now 60 (POLLOUT:4)
0:00:00.018707879  4433 0x55c0ee01c360 DEBUG   default gstvalue.c:2676:_priv_gst_value_parse_value: trying type name 'string'
0:00:00.014060758  4434 0x55aca8d26360 DEBUG   GST_POLL gstpoll.c:979:gst_poll_fd_ctl_write: 0x55aca8d4a970: fd (fd:0, idx:1), active : 1
0:00:00.018718191  4433 0x55c0ee01c360 DEBUG   GST_REGISTRY gstregistrychunks.c:626:gst_registry_chunks_load_feature: Element factory : npadtemplates=2
0:00:00.014066908  4434 0x55aca8d26360 LOG   GST_POLL gstpoll.c:994:gst_poll_fd_ctl_write: 0x55aca8d4a970: pfd->events now 60 (POLLOUT:4)
0:00:00.018724306  4433 0x55c0ee01c360 DEBUG   GST_REGISTRY gstregistrychunks.c:525:gst_registry_chunks_load_pad_template: Reading/casting for GstRegistryChunkPadTemplate at address 0x55c0ee042e90
0:00:00.014073168  4434 0x55aca8d26360 DEBUG   GST_POLL gstpoll.c:979:gst_poll_fd_ctl_write: 0x55aca8d4a970: fd (fd:0, idx:1), active : 1
0:00:00.018730209  4433 0x55c0ee01c360 DEBUG   GST_REGISTRY gstregistrychunks.c:539:gst_registry_chunks_load_pad_template: Added pad_template sink
0:00:00.014079264  4434 0x55aca8d26360 LOG   GST_POLL gstpoll.c:994:gst_poll_fd_ctl_write: 0x55aca8d4a970: pfd->events now 60 (POLLOUT:4)
0:00:00.018735886  4433 0x55c0ee01c360 DEBUG   GST_REGISTRY gstregistrychunks.c:525:gst_registry_chunks_load_pad_template: Reading/casting for GstRegistryChunkPadTemplate at address 0x55c0ee042ea8
0:00:00.014085559  4434 0x55aca8d26360 DEBUG   GST_POLL gstpoll.c:979:gst_poll_fd_ctl_write: 0x55aca8d4a970: fd (fd:0, idx:1), active : 1
0:00:00.018741720  4433 0x55c0ee01c360 DEBUG   GST_REGISTRY gstregistrychunks.c:539:gst_registry_chunks_load_pad_template: Added pad_template src
0:00:00.014091873  4434 0x55aca8d26360 LOG   GST_POLL gstpoll.c:994:gst_poll_fd_ctl_write: 0x55aca8d4a970: pfd->events now 60 (POLLOUT:4)
0:00:00.018749165  4433 0x55c0ee01c360 DEBUG   GST_REGISTRY gstregistry.c:589:gst_registry_add_feature: adding feature 0x55c0ee045de0 (queue2)
0:00:00.014098121  4434 0x55aca8d26360 DEBUG   GST_POLL gstpoll.c:979:gst_poll_fd_ctl_write: 0x55aca8d4a970: fd (fd:0, idx:1), active : 1
0:00:00.018755185  4433 0x55c0ee01c360 DEBUG   GST_REFCOUNTING gstobject.c:708:gst_object_set_parent: set parent (ref and sink)
0:00:00.014104303  4434 0x55aca8d26360 LOG   GST_POLL gstpoll.c:994:gst_poll_fd_ctl_write: 0x55aca8d4a970: pfd->events now 60 (POLLOUT:4)
0:00:00.018762288  4433 0x55c0ee01c360 TRACE   GST_REFCOUNTING gstobject.c:292:gst_object_ref_sink: 0x55c0ee045de0 ref_sink 1->2
0:00:00.014110554  4434 0x55aca8d26360 DEBUG   GST_POLL gstpoll.c:979:gst_poll_fd_ctl_write: 0x55aca8d4a970: fd (fd:0, idx:1), active : 1
0:00:00.018768875  4433 0x55c0ee01c360 LOG   GST_REGISTRY gstregistry.c:607:gst_registry_add_feature: emitting feature-added for queue2
0:00:00.014121245  4434 0x55aca8d26360 LOG   GST_POLL gstpoll.c:994:gst_poll_fd_ctl_write: 0x55aca8d4a970: pfd->events now 60 (POLLOUT:4)
0:00:00.018778253  4433 0x55c0ee01c360 DEBUG   GST_REGISTRY gstregistrychunks.c:740:gst_registry_chunks_load_feature: Added feature queue2, plugin 0x55c0ee044250 coreelements
0:00:00.014127574  4434 0x55aca8d26360 DEBUG   GST_POLL gstpoll.c:979:gst_poll_fd_ctl_write: 0x55aca8d4a970: fd (fd:0, idx:1), active : 1
0:00:00.018785016  4433 0x55c0ee01c360 DEBUG   GST_REGISTRY gstregistrychunks.c:582:gst_registry_chunks_load_feature: Plugin 'coreelements' feature 'queue' typename : 'GstElementFactory'
0:00:00.014133579  4434 0x55aca8d26360 LOG   GST_POLL gstpoll.c:994:gst_poll_fd_ctl_write: 0x55aca8d4a970: pfd->events now 60 (POLLOUT:4)
0:00:00.018792040  4433 0x55c0ee01c360 TRACE   GST_REFCOUNTING gstobject.c:208:gst_object_init: 0x55c0ee0462d0 new
0:00:00.014139793  4434 0x55aca8d26360 DEBUG   GST_POLL gstpoll.c:979:gst_poll_fd_ctl_write: 0x55aca8d4a970: fd (fd:0, idx:1), active : 1
0:00:00.018799160  4433 0x55c0ee01c360 LOG   GST_REGISTRY gstregistrychunks.c:609:gst_registry_chunks_load_feature: Reading/casting for GstRegistryChunkElementFactory at address 0x55c0ee042ed0
0:00:00.014146458  4434 0x55aca8d26360 LOG   GST_POLL gstpoll.c:994:gst_poll_fd_ctl_write: 0x55aca8d4a970: pfd->events now 60 (POLLOUT:4)
0:00:00.018805546  4433 0x55c0ee01c360 TRACE   structure gststructure.c:287:gst_structure_new_id_empty_with_size: created structure 0x55c0ee046620
0:00:00.014153446  4434 0x55aca8d26360 DEBUG   GST_POLL gstpoll.c:979:gst_poll_fd_ctl_write: 0x55aca8d4a970: fd (fd:0, idx:1), active : 1
0:00:00.018811671  4433 0x55c0ee01c360 DEBUG   structure gststructure.c:2203:gst_structure_parse_field: trying field name 'long-name'
0:00:00.014159584  4434 0x55aca8d26360 LOG   GST_POLL gstpoll.c:994:gst_poll_fd_ctl_write: 0x55aca8d4a970: pfd->events now 60 (POLLOUT:4)
0:00:00.018817765  4433 0x55c0ee01c360 DEBUG   default gstvalue.c:2676:_priv_gst_value_parse_value: trying type name 'string'
0:00:00.014165738  4434 0x55aca8d26360 DEBUG   GST_POLL gstpoll.c:979:gst_poll_fd_ctl_write: 0x55aca8d4a970: fd (fd:0, idx:1), active : 1
0:00:00.018824250  4433 0x55c0ee01c360 DEBUG   structure gststructure.c:2203:gst_structure_parse_field: trying field name 'klass'
0:00:00.014171849  4434 0x55aca8d26360 LOG   GST_POLL gstpoll.c:994:gst_poll_fd_ctl_write: 0x55aca8d4a970: pfd->events now 60 (POLLOUT:4)
0:00:00.018830263  4433 0x55c0ee01c360 DEBUG   default gstvalue.c:2676:_priv_gst_value_parse_value: trying type name 'string'
0:00:00.014178533  4434 0x55aca8d26360 DEBUG   GST_POLL gstpoll.c:979:gst_poll_fd_ctl_write: 0x55aca8d4a970: fd (fd:0, idx:1), active : 1
0:00:00.018836492  4433 0x55c0ee01c360 DEBUG   structure gststructure.c:2203:gst_structure_parse_field: trying field name 'description'
0:00:00.014184573  4434 0x55aca8d26360 LOG   GST_POLL gstpoll.c:994:gst_poll_fd_ctl_write: 0x55aca8d4a970: pfd->events now 60 (POLLOUT:4)
0:00:00.018842652  4433 0x55c0ee01c360 DEBUG   default gstvalue.c:2676:_priv_gst_value_parse_value: trying type name 'string'
0:00:00.014194451  4434 0x55aca8d26360 DEBUG   GST_POLL gstpoll.c:979:gst_poll_fd_ctl_write: 0x55aca8d4a970: fd (fd:0, idx:1), active : 1
0:00:00.018851022  4433 0x55c0ee01c360 DEBUG   structure gststructure.c:2203:gst_structure_parse_field: trying field name 'author'
0:00:00.014200791  4434 0x55aca8d26360 LOG   GST_POLL gstpoll.c:994:gst_poll_fd_ctl_write: 0x55aca8d4a970: pfd->events now 60 (POLLOUT:4)
0:00:00.018856905  4433 0x55c0ee01c360 DEBUG   default gstvalue.c:2676:_priv_gst_value_parse_value: trying type name 'string'
0:00:00.014206986  4434 0x55aca8d26360 DEBUG   GST_POLL gstpoll.c:979:gst_poll_fd_ctl_write: 0x55aca8d4a970: fd (fd:0, idx:1), active : 1
0:00:00.018863463  4433 0x55c0ee01c360 DEBUG   GST_REGISTRY gstregistrychunks.c:626:gst_registry_chunks_load_feature: Element factory : npadtemplates=2
0:00:00.014212974  4434 0x55aca8d26360 LOG   GST_POLL gstpoll.c:994:gst_poll_fd_ctl_write: 0x55aca8d4a970: pfd->events now 60 (POLLOUT:4)
0:00:00.018869391  4433 0x55c0ee01c360 DEBUG   GST_REGISTRY gstregistrychunks.c:525:gst_registry_chunks_load_pad_template: Reading/casting for GstRegistryChunkPadTemplate at address 0x55c0ee042f88
0:00:00.014219147  4434 0x55aca8d26360 DEBUG   GST_POLL gstpoll.c:979:gst_poll_fd_ctl_write: 0x55aca8d4a970: fd (fd:0, idx:1), active : 1
0:00:00.018875217  4433 0x55c0ee01c360 DEBUG   GST_REGISTRY gstregistrychunks.c:539:gst_registry_chunks_load_pad_template: Added pad_template sink
0:00:00.014225151  4434 0x55aca8d26360 LOG   GST_POLL gstpoll.c:994:gst_poll_fd_ctl_write: 0x55aca8d4a970: pfd->events now 60 (POLLOUT:4)
0:00:00.018881097  4433 0x55c0ee01c360 DEBUG   GST_REGISTRY gstregistrychunks.c:525:gst_registry_chunks_load_pad_template: Reading/casting for GstRegistryChunkPadTemplate at address 0x55c0ee042fa0
0:00:00.014231404  4434 0x55aca8d26360 DEBUG   GST_POLL gstpoll.c:979:gst_poll_fd_ctl_write: 0x55aca8d4a970: fd (fd:0, idx:1), active : 1
0:00:00.018887504  4433 0x55c0ee01c360 DEBUG   GST_REGISTRY gstregistrychunks.c:539:gst_registry_chunks_load_pad_template: Added pad_template src
0:00:00.014237438  4434 0x55aca8d26360 LOG   GST_POLL gstpoll.c:994:gst_poll_fd_ctl_write: 0x55aca8d4a970: pfd->events now 60 (POLLOUT:4)
0:00:00.018894679  4433 0x55c0ee01c360 DEBUG   GST_REGISTRY gstregistry.c:589:gst_registry_add_feature: adding feature 0x55c0ee0462d0 (queue)
0:00:00.014243702  4434 0x55aca8d26360 DEBUG   GST_POLL gstpoll.c:979:gst_poll_fd_ctl_write: 0x55aca8d4a970: fd (fd:0, idx:1), active : 1
0:00:00.018900680  4433 0x55c0ee01c360 DEBUG   GST_REFCOUNTING gstobject.c:708:gst_object_set_parent: set parent (ref and sink)
0:00:00.014249707  4434 0x55aca8d26360 LOG   GST_POLL gstpoll.c:994:gst_poll_fd_ctl_write: 0x55aca8d4a970: pfd->events now 60 (POLLOUT:4)
0:00:00.018907954  4433 0x55c0ee01c360 TRACE   GST_REFCOUNTING gstobject.c:292:gst_object_ref_sink: 0x55c0ee0462d0 ref_sink 1->2
0:00:00.014255986  4434 0x55aca8d26360 DEBUG   GST_POLL gstpoll.c:979:gst_poll_fd_ctl_write: 0x55aca8d4a970: fd (fd:0, idx:1), active : 1
0:00:00.018914648  4433 0x55c0ee01c360 LOG   GST_REGISTRY gstregistry.c:607:gst_registry_add_feature: emitting feature-added for queue
0:00:00.014266141  4434 0x55aca8d26360 LOG   GST_POLL gstpoll.c:994:gst_poll_fd_ctl_write: 0x55aca8d4a970: pfd->events now 60 (POLLOUT:4)
0:00:00.018923033  4433 0x55c0ee01c360 DEBUG   GST_REGISTRY gstregistrychunks.c:740:gst_registry_chunks_load_feature: Added feature queue, plugin 0x55c0ee044250 coreelements
0:00:00.014272496  4434 0x55aca8d26360 DEBUG   GST_POLL gstpoll.c:979:gst_poll_fd_ctl_write: 0x55aca8d4a970: fd (fd:0, idx:1), active : 1
0:00:00.018929673  4433 0x55c0ee01c360 DEBUG   GST_REGISTRY gstregistrychunks.c:582:gst_registry_chunks_load_feature: Plugin 'coreelements' feature 'output-selector' typename : 'GstElementFactory'
0:00:00.014278536  4434 0x55aca8d26360 LOG   GST_POLL gstpoll.c:994:gst_poll_fd_ctl_write: 0x55aca8d4a970: pfd->events now 60 (POLLOUT:4)
0:00:00.018936441  4433 0x55c0ee01c360 TRACE   GST_REFCOUNTING gstobject.c:208:gst_object_init: 0x55c0ee046a50 new
0:00:00.014284820  4434 0x55aca8d26360 DEBUG   GST_POLL gstpoll.c:979:gst_poll_fd_ctl_write: 0x55aca8d4a970: fd (fd:0, idx:1), active : 1
0:00:00.018943497  4433 0x55c0ee01c360 LOG   GST_REGISTRY gstregistrychunks.c:609:gst_registry_chunks_load_feature: Reading/casting for GstRegistryChunkElementFactory at address 0x55c0ee042fd8
0:00:00.014290820  4434 0x55aca8d26360 LOG   GST_POLL gstpoll.c:994:gst_poll_fd_ctl_write: 0x55aca8d4a970: pfd->events now 60 (POLLOUT:4)
0:00:00.018949836  4433 0x55c0ee01c360 TRACE   structure gststructure.c:287:gst_structure_new_id_empty_with_size: created structure 0x55c0ee046d50
0:00:00.014297754  4434 0x55aca8d26360 DEBUG   GST_POLL gstpoll.c:979:gst_poll_fd_ctl_write: 0x55aca8d4a970: fd (fd:0, idx:1), active : 1
0:00:00.018955988  4433 0x55c0ee01c360 DEBUG   structure gststructure.c:2203:gst_structure_parse_field: trying field name 'long-name'
0:00:00.014303873  4434 0x55aca8d26360 LOG   GST_POLL gstpoll.c:994:gst_poll_fd_ctl_write: 0x55aca8d4a970: pfd->events now 60 (POLLOUT:4)
0:00:00.018961800  4433 0x55c0ee01c360 DEBUG   default gstvalue.c:2676:_priv_gst_value_parse_value: trying type name 'string'
0:00:00.014310101  4434 0x55aca8d26360 DEBUG   GST_POLL gstpoll.c:979:gst_poll_fd_ctl_write: 0x55aca8d4a970: fd (fd:0, idx:1), active : 1
0:00:00.018968299  4433 0x55c0ee01c360 DEBUG   structure gststructure.c:2203:gst_structure_parse_field: trying field name 'klass'
0:00:00.014316076  4434 0x55aca8d26360 LOG   GST_POLL gstpoll.c:994:gst_poll_fd_ctl_write: 0x55aca8d4a970: pfd->events now 60 (POLLOUT:4)
0:00:00.018974370  4433 0x55c0ee01c360 DEBUG   default gstvalue.c:2676:_priv_gst_value_parse_value: trying type name 'string'
0:00:00.014322410  4434 0x55aca8d26360 DEBUG   GST_POLL gstpoll.c:979:gst_poll_fd_ctl_write: 0x55aca8d4a970: fd (fd:0, idx:1), active : 1
0:00:00.018980696  4433 0x55c0ee01c360 DEBUG   structure gststructure.c:2203:gst_structure_parse_field: trying field name 'description'
0:00:00.014328506  4434 0x55aca8d26360 LOG   GST_POLL gstpoll.c:994:gst_poll_fd_ctl_write: 0x55aca8d4a970: pfd->events now 60 (POLLOUT:4)
0:00:00.018986621  4433 0x55c0ee01c360 DEBUG   default gstvalue.c:2676:_priv_gst_value_parse_value: trying type name 'string'
0:00:00.014339236  4434 0x55aca8d26360 DEBUG   GST_POLL gstpoll.c:979:gst_poll_fd_ctl_write: 0x55aca8d4a970: fd (fd:0, idx:1), active : 1
0:00:00.018995953  4433 0x55c0ee01c360 DEBUG   structure gststructure.c:2203:gst_structure_parse_field: trying field name 'author'
0:00:00.014345401  4434 0x55aca8d26360 LOG   GST_POLL gstpoll.c:994:gst_poll_fd_ctl_write: 0x55aca8d4a970: pfd->events now 60 (POLLOUT:4)
0:00:00.014351676  4434 0x55aca8d26360 DEBUG   GST_POLL gstpoll.c:979:gst_poll_fd_ctl_write: 0x55aca8d4a970: fd (fd:0, idx:1), active : 1
0:00:00.019007405  4433 0x55c0ee01c360 DEBUG   default gstvalue.c:2676:_priv_gst_value_parse_value: trying type name 'string'
0:00:00.014357434  4434 0x55aca8d26360 LOG   GST_POLL gstpoll.c:994:gst_poll_fd_ctl_write: 0x55aca8d4a970: pfd->events now 60 (POLLOUT:4)
0:00:00.019014310  4433 0x55c0ee01c360 DEBUG   GST_REGISTRY gstregistrychunks.c:626:gst_registry_chunks_load_feature: Element factory : npadtemplates=2
0:00:00.014363615  4434 0x55aca8d26360 DEBUG   GST_POLL gstpoll.c:979:gst_poll_fd_ctl_write: 0x55aca8d4a970: fd (fd:0, idx:1), active : 1
0:00:00.019020318  4433 0x55c0ee01c360 DEBUG   GST_REGISTRY gstregistrychunks.c:525:gst_registry_chunks_load_pad_template: Reading/casting for GstRegistryChunkPadTemplate at address 0x55c0ee0430b0
0:00:00.014369696  4434 0x55aca8d26360 LOG   GST_POLL gstpoll.c:994:gst_poll_fd_ctl_write: 0x55aca8d4a970: pfd->events now 60 (POLLOUT:4)
0:00:00.019026390  4433 0x55c0ee01c360 DEBUG   GST_REGISTRY gstregistrychunks.c:539:gst_registry_chunks_load_pad_template: Added pad_template src_%u
0:00:00.014375931  4434 0x55aca8d26360 DEBUG   GST_POLL gstpoll.c:979:gst_poll_fd_ctl_write: 0x55aca8d4a970: fd (fd:0, idx:1), active : 1
0:00:00.019032233  4433 0x55c0ee01c360 DEBUG   GST_REGISTRY gstregistrychunks.c:525:gst_registry_chunks_load_pad_template: Reading/casting for GstRegistryChunkPadTemplate at address 0x55c0ee0430c8
0:00:00.014382037  4434 0x55aca8d26360 LOG   GST_POLL gstpoll.c:994:gst_poll_fd_ctl_write: 0x55aca8d4a970: pfd->events now 60 (POLLOUT:4)
0:00:00.019038053  4433 0x55c0ee01c360 DEBUG   GST_REGISTRY gstregistrychunks.c:539:gst_registry_chunks_load_pad_template: Added pad_template sink
0:00:00.014388158  4434 0x55aca8d26360 DEBUG   GST_POLL gstpoll.c:979:gst_poll_fd_ctl_write: 0x55aca8d4a970: fd (fd:0, idx:1), active : 1
0:00:00.019045249  4433 0x55c0ee01c360 DEBUG   GST_REGISTRY gstregistry.c:589:gst_registry_add_feature: adding feature 0x55c0ee046a50 (output-selector)
0:00:00.014394192  4434 0x55aca8d26360 LOG   GST_POLL gstpoll.c:994:gst_poll_fd_ctl_write: 0x55aca8d4a970: pfd->events now 60 (POLLOUT:4)
0:00:00.019052408  4433 0x55c0ee01c360 DEBUG   GST_REFCOUNTING gstobject.c:708:gst_object_set_parent: set parent (ref and sink)
0:00:00.014400398  4434 0x55aca8d26360 DEBUG   GST_POLL gstpoll.c:979:gst_poll_fd_ctl_write: 0x55aca8d4a970: fd (fd:0, idx:1), active : 1
0:00:00.019059770  4433 0x55c0ee01c360 TRACE   GST_REFCOUNTING gstobject.c:292:gst_object_ref_sink: 0x55c0ee046a50 ref_sink 1->2
0:00:00.014411478  4434 0x55aca8d26360 LOG   GST_POLL gstpoll.c:994:gst_poll_fd_ctl_write: 0x55aca8d4a970: pfd->events now 60 (POLLOUT:4)
0:00:00.019068124  4433 0x55c0ee01c360 LOG   GST_REGISTRY gstregistry.c:607:gst_registry_add_feature: emitting feature-added for output-selector
0:00:00.014417909  4434 0x55aca8d26360 DEBUG   GST_POLL gstpoll.c:979:gst_poll_fd_ctl_write: 0x55aca8d4a970: fd (fd:0, idx:1), active : 1
0:00:00.019075108  4433 0x55c0ee01c360 DEBUG   GST_REGISTRY gstregistrychunks.c:740:gst_registry_chunks_load_feature: Added feature output-selector, plugin 0x55c0ee044250 coreelements
0:00:00.014423922  4434 0x55aca8d26360 LOG   GST_POLL gstpoll.c:994:gst_poll_fd_ctl_write: 0x55aca8d4a970: pfd->events now 60 (POLLOUT:4)
0:00:00.019081658  4433 0x55c0ee01c360 DEBUG   GST_REGISTRY gstregistrychunks.c:582:gst_registry_chunks_load_feature: Plugin 'coreelements' feature 'input-selector' typename : 'GstElementFactory'
0:00:00.014430072  4434 0x55aca8d26360 DEBUG   GST_POLL gstpoll.c:979:gst_poll_fd_ctl_write: 0x55aca8d4a970: fd (fd:0, idx:1), active : 1
