0:00:00.015721399  4434 0x55aca8d26360 LOG   GST_POLL gstpoll.c:994:gst_poll_fd_ctl_write: 0x55aca8d4a970: pfd->events now 60 (POLLOUT:4)
0:00:00.020380385  4433 0x55c0ee01c360 TRACE   structure gststructure.c:287:gst_structure_new_id_empty_with_size: created structure 0x55c0ee04ed20
0:00:00.015728567  4434 0x55aca8d26360 DEBUG   GST_POLL gstpoll.c:979:gst_poll_fd_ctl_write: 0x55aca8d4a970: fd (fd:0, idx:1), active : 1
0:00:00.020386584  4433 0x55c0ee01c360 DEBUG   structure gststructure.c:2203:gst_structure_parse_field: trying field name 'long-name'
0:00:00.015734865  4434 0x55aca8d26360 LOG   GST_POLL gstpoll.c:994:gst_poll_fd_ctl_write: 0x55aca8d4a970: pfd->events now 60 (POLLOUT:4)
0:00:00.020392667  4433 0x55c0ee01c360 DEBUG   default gstvalue.c:2676:_priv_gst_value_parse_value: trying type name 'string'
0:00:00.015741522  4434 0x55aca8d26360 DEBUG   GST_POLL gstpoll.c:979:gst_poll_fd_ctl_write: 0x55aca8d4a970: fd (fd:0, idx:1), active : 1
0:00:00.020399274  4433 0x55c0ee01c360 DEBUG   structure gststructure.c:2203:gst_structure_parse_field: trying field name 'klass'
0:00:00.015747806  4434 0x55aca8d26360 LOG   GST_POLL gstpoll.c:994:gst_poll_fd_ctl_write: 0x55aca8d4a970: pfd->events now 60 (POLLOUT:4)
0:00:00.020405355  4433 0x55c0ee01c360 DEBUG   default gstvalue.c:2676:_priv_gst_value_parse_value: trying type name 'string'
0:00:00.015754402  4434 0x55aca8d26360 DEBUG   GST_POLL gstpoll.c:979:gst_poll_fd_ctl_write: 0x55aca8d4a970: fd (fd:0, idx:1), active : 1
0:00:00.020411907  4433 0x55c0ee01c360 DEBUG   structure gststructure.c:2203:gst_structure_parse_field: trying field name 'description'
0:00:00.015760650  4434 0x55aca8d26360 LOG   GST_POLL gstpoll.c:994:gst_poll_fd_ctl_write: 0x55aca8d4a970: pfd->events now 60 (POLLOUT:4)
0:00:00.020418177  4433 0x55c0ee01c360 DEBUG   default gstvalue.c:2676:_priv_gst_value_parse_value: trying type name 'string'
0:00:00.015767340  4434 0x55aca8d26360 DEBUG   GST_POLL gstpoll.c:979:gst_poll_fd_ctl_write: 0x55aca8d4a970: fd (fd:0, idx:1), active : 1
0:00:00.020428707  4433 0x55c0ee01c360 DEBUG   structure gststructure.c:2203:gst_structure_parse_field: trying field name 'author'
0:00:00.015776516  4434 0x55aca8d26360 LOG   GST_POLL gstpoll.c:994:gst_poll_fd_ctl_write: 0x55aca8d4a970: pfd->events now 60 (POLLOUT:4)
0:00:00.020435168  4433 0x55c0ee01c360 DEBUG   default gstvalue.c:2676:_priv_gst_value_parse_value: trying type name 'string'
0:00:00.015783659  4434 0x55aca8d26360 DEBUG   GST_POLL gstpoll.c:979:gst_poll_fd_ctl_write: 0x55aca8d4a970: fd (fd:0, idx:1), active : 1
0:00:00.020441889  4433 0x55c0ee01c360 DEBUG   GST_REGISTRY gstregistrychunks.c:626:gst_registry_chunks_load_feature: Element factory : npadtemplates=2
0:00:00.015789899  4434 0x55aca8d26360 LOG   GST_POLL gstpoll.c:994:gst_poll_fd_ctl_write: 0x55aca8d4a970: pfd->events now 60 (POLLOUT:4)
0:00:00.015800408  4434 0x55aca8d26360 DEBUG   GST_POLL gstpoll.c:979:gst_poll_fd_ctl_write: 0x55aca8d4a970: fd (fd:0, idx:1), active : 1
0:00:00.020454963  4433 0x55c0ee01c360 DEBUG   GST_REGISTRY gstregistrychunks.c:525:gst_registry_chunks_load_pad_template: Reading/casting for GstRegistryChunkPadTemplate at address 0x55c0ee043b60
0:00:00.015806498  4434 0x55aca8d26360 LOG   GST_POLL gstpoll.c:994:gst_poll_fd_ctl_write: 0x55aca8d4a970: pfd->events now 60 (POLLOUT:4)
0:00:00.020463120  4433 0x55c0ee01c360 DEBUG   GST_REGISTRY gstregistrychunks.c:539:gst_registry_chunks_load_pad_template: Added pad_template sink
0:00:00.015812941  4434 0x55aca8d26360 DEBUG   GST_POLL gstpoll.c:979:gst_poll_fd_ctl_write: 0x55aca8d4a970: fd (fd:0, idx:1), active : 1
0:00:00.020469236  4433 0x55c0ee01c360 DEBUG   GST_REGISTRY gstregistrychunks.c:525:gst_registry_chunks_load_pad_template: Reading/casting for GstRegistryChunkPadTemplate at address 0x55c0ee043b78
0:00:00.015819292  4434 0x55aca8d26360 LOG   GST_POLL gstpoll.c:994:gst_poll_fd_ctl_write: 0x55aca8d4a970: pfd->events now 60 (POLLOUT:4)
0:00:00.020475578  4433 0x55c0ee01c360 DEBUG   GST_REGISTRY gstregistrychunks.c:539:gst_registry_chunks_load_pad_template: Added pad_template src
0:00:00.015825876  4434 0x55aca8d26360 DEBUG   GST_POLL gstpoll.c:979:gst_poll_fd_ctl_write: 0x55aca8d4a970: fd (fd:0, idx:1), active : 1
0:00:00.020482749  4433 0x55c0ee01c360 DEBUG   GST_REGISTRY gstregistry.c:589:gst_registry_add_feature: adding feature 0x55c0ee04ea20 (downloadbuffer)
0:00:00.015832078  4434 0x55aca8d26360 LOG   GST_POLL gstpoll.c:994:gst_poll_fd_ctl_write: 0x55aca8d4a970: pfd->events now 60 (POLLOUT:4)
0:00:00.020489129  4433 0x55c0ee01c360 DEBUG   GST_REFCOUNTING gstobject.c:708:gst_object_set_parent: set parent (ref and sink)
0:00:00.015838602  4434 0x55aca8d26360 DEBUG   GST_POLL gstpoll.c:979:gst_poll_fd_ctl_write: 0x55aca8d4a970: fd (fd:0, idx:1), active : 1
0:00:00.020496873  4433 0x55c0ee01c360 TRACE   GST_REFCOUNTING gstobject.c:292:gst_object_ref_sink: 0x55c0ee04ea20 ref_sink 1->2
0:00:00.015845027  4434 0x55aca8d26360 LOG   GST_POLL gstpoll.c:994:gst_poll_fd_ctl_write: 0x55aca8d4a970: pfd->events now 60 (POLLOUT:4)
0:00:00.020503845  4433 0x55c0ee01c360 LOG   GST_REGISTRY gstregistry.c:607:gst_registry_add_feature: emitting feature-added for downloadbuffer
0:00:00.015856651  4434 0x55aca8d26360 DEBUG   GST_POLL gstpoll.c:979:gst_poll_fd_ctl_write: 0x55aca8d4a970: fd (fd:0, idx:1), active : 1
0:00:00.020513283  4433 0x55c0ee01c360 DEBUG   GST_REGISTRY gstregistrychunks.c:740:gst_registry_chunks_load_feature: Added feature downloadbuffer, plugin 0x55c0ee044250 coreelements
0:00:00.015863041  4434 0x55aca8d26360 LOG   GST_POLL gstpoll.c:994:gst_poll_fd_ctl_write: 0x55aca8d4a970: pfd->events now 60 (POLLOUT:4)
0:00:00.020519964  4433 0x55c0ee01c360 DEBUG   GST_REGISTRY gstregistrychunks.c:582:gst_registry_chunks_load_feature: Plugin 'coreelements' feature 'dataurisrc' typename : 'GstElementFactory'
0:00:00.015869854  4434 0x55aca8d26360 LOG   GST_PLUGIN_LOADING gstpluginloader.c:645:put_chunk: Expanding tx buf from 13209 to 17023 for chunk of size 229
0:00:00.020527232  4433 0x55c0ee01c360 TRACE   GST_REFCOUNTING gstobject.c:208:gst_object_init: 0x55c0ee04f200 new
0:00:00.015879694  4434 0x55aca8d26360 DEBUG   GST_POLL gstpoll.c:979:gst_poll_fd_ctl_write: 0x55aca8d4a970: fd (fd:0, idx:1), active : 1
0:00:00.020534683  4433 0x55c0ee01c360 LOG   GST_REGISTRY gstregistrychunks.c:609:gst_registry_chunks_load_feature: Reading/casting for GstRegistryChunkElementFactory at address 0x55c0ee043ba8
0:00:00.015886298  4434 0x55aca8d26360 LOG   GST_POLL gstpoll.c:994:gst_poll_fd_ctl_write: 0x55aca8d4a970: pfd->events now 60 (POLLOUT:4)
0:00:00.020542871  4433 0x55c0ee01c360 TRACE   structure gststructure.c:287:gst_structure_new_id_empty_with_size: created structure 0x55c0ee04f510
0:00:00.015892913  4434 0x55aca8d26360 DEBUG   GST_POLL gstpoll.c:979:gst_poll_fd_ctl_write: 0x55aca8d4a970: fd (fd:0, idx:1), active : 1
0:00:00.020549055  4433 0x55c0ee01c360 DEBUG   structure gststructure.c:2203:gst_structure_parse_field: trying field name 'long-name'
0:00:00.015899442  4434 0x55aca8d26360 LOG   GST_POLL gstpoll.c:994:gst_poll_fd_ctl_write: 0x55aca8d4a970: pfd->events now 60 (POLLOUT:4)
0:00:00.020555817  4433 0x55c0ee01c360 DEBUG   default gstvalue.c:2676:_priv_gst_value_parse_value: trying type name 'string'
0:00:00.015905859  4434 0x55aca8d26360 DEBUG   GST_POLL gstpoll.c:979:gst_poll_fd_ctl_write: 0x55aca8d4a970: fd (fd:0, idx:1), active : 1
0:00:00.020562674  4433 0x55c0ee01c360 DEBUG   structure gststructure.c:2203:gst_structure_parse_field: trying field name 'klass'
0:00:00.015912198  4434 0x55aca8d26360 LOG   GST_POLL gstpoll.c:994:gst_poll_fd_ctl_write: 0x55aca8d4a970: pfd->events now 60 (POLLOUT:4)
0:00:00.020568911  4433 0x55c0ee01c360 DEBUG   default gstvalue.c:2676:_priv_gst_value_parse_value: trying type name 'string'
0:00:00.015918696  4434 0x55aca8d26360 DEBUG   GST_POLL gstpoll.c:979:gst_poll_fd_ctl_write: 0x55aca8d4a970: fd (fd:0, idx:1), active : 1
0:00:00.020575523  4433 0x55c0ee01c360 DEBUG   structure gststructure.c:2203:gst_structure_parse_field: trying field name 'description'
0:00:00.020581850  4433 0x55c0ee01c360 DEBUG   default gstvalue.c:2676:_priv_gst_value_parse_value: trying type name 'string'
0:00:00.015928826  4434 0x55aca8d26360 LOG   GST_POLL gstpoll.c:994:gst_poll_fd_ctl_write: 0x55aca8d4a970: pfd->events now 60 (POLLOUT:4)
0:00:00.020592337  4433 0x55c0ee01c360 DEBUG   structure gststructure.c:2203:gst_structure_parse_field: trying field name 'author'
0:00:00.015940562  4434 0x55aca8d26360 DEBUG   GST_POLL gstpoll.c:979:gst_poll_fd_ctl_write: 0x55aca8d4a970: fd (fd:0, idx:1), active : 1
0:00:00.020598861  4433 0x55c0ee01c360 DEBUG   default gstvalue.c:2676:_priv_gst_value_parse_value: trying type name 'string'
0:00:00.015946929  4434 0x55aca8d26360 LOG   GST_POLL gstpoll.c:994:gst_poll_fd_ctl_write: 0x55aca8d4a970: pfd->events now 60 (POLLOUT:4)
0:00:00.020606309  4433 0x55c0ee01c360 DEBUG   GST_REGISTRY gstregistrychunks.c:626:gst_registry_chunks_load_feature: Element factory : npadtemplates=1
0:00:00.015953508  4434 0x55aca8d26360 DEBUG   GST_POLL gstpoll.c:979:gst_poll_fd_ctl_write: 0x55aca8d4a970: fd (fd:0, idx:1), active : 1
0:00:00.020612567  4433 0x55c0ee01c360 DEBUG   GST_REGISTRY gstregistrychunks.c:525:gst_registry_chunks_load_pad_template: Reading/casting for GstRegistryChunkPadTemplate at address 0x55c0ee043cc0
0:00:00.015960939  4434 0x55aca8d26360 LOG   GST_POLL gstpoll.c:994:gst_poll_fd_ctl_write: 0x55aca8d4a970: pfd->events now 60 (POLLOUT:4)
0:00:00.020618835  4433 0x55c0ee01c360 DEBUG   GST_REGISTRY gstregistrychunks.c:539:gst_registry_chunks_load_pad_template: Added pad_template src
0:00:00.015967419  4434 0x55aca8d26360 DEBUG   GST_POLL gstpoll.c:979:gst_poll_fd_ctl_write: 0x55aca8d4a970: fd (fd:0, idx:1), active : 1
0:00:00.020625221  4433 0x55c0ee01c360 DEBUG   GST_REGISTRY gstregistrychunks.c:639:gst_registry_chunks_load_feature: Reading 1 UriTypes at address 0x55c0ee043cd0
0:00:00.015973610  4434 0x55aca8d26360 LOG   GST_POLL gstpoll.c:994:gst_poll_fd_ctl_write: 0x55aca8d4a970: pfd->events now 60 (POLLOUT:4)
0:00:00.020631949  4433 0x55c0ee01c360 DEBUG   GST_REGISTRY gstregistrychunks.c:654:gst_registry_chunks_load_feature: Reading 1 Interfaces at address 0x55c0ee043cd9
0:00:00.015980019  4434 0x55aca8d26360 DEBUG   GST_POLL gstpoll.c:979:gst_poll_fd_ctl_write: 0x55aca8d4a970: fd (fd:0, idx:1), active : 1
0:00:00.020639842  4433 0x55c0ee01c360 DEBUG   GST_REGISTRY gstregistry.c:589:gst_registry_add_feature: adding feature 0x55c0ee04f200 (dataurisrc)
0:00:00.015986490  4434 0x55aca8d26360 LOG   GST_POLL gstpoll.c:994:gst_poll_fd_ctl_write: 0x55aca8d4a970: pfd->events now 60 (POLLOUT:4)
0:00:00.020646380  4433 0x55c0ee01c360 DEBUG   GST_REFCOUNTING gstobject.c:708:gst_object_set_parent: set parent (ref and sink)
0:00:00.015994829  4434 0x55aca8d26360 DEBUG   GST_POLL gstpoll.c:979:gst_poll_fd_ctl_write: 0x55aca8d4a970: fd (fd:0, idx:1), active : 1
0:00:00.020653846  4433 0x55c0ee01c360 TRACE   GST_REFCOUNTING gstobject.c:292:gst_object_ref_sink: 0x55c0ee04f200 ref_sink 1->2
0:00:00.016001265  4434 0x55aca8d26360 LOG   GST_POLL gstpoll.c:994:gst_poll_fd_ctl_write: 0x55aca8d4a970: pfd->events now 60 (POLLOUT:4)
0:00:00.020660850  4433 0x55c0ee01c360 LOG   GST_REGISTRY gstregistry.c:607:gst_registry_add_feature: emitting feature-added for dataurisrc
0:00:00.016009008  4434 0x55aca8d26360 DEBUG   GST_POLL gstpoll.c:979:gst_poll_fd_ctl_write: 0x55aca8d4a970: fd (fd:0, idx:1), active : 1
0:00:00.020671403  4433 0x55c0ee01c360 DEBUG   GST_REGISTRY gstregistrychunks.c:740:gst_registry_chunks_load_feature: Added feature dataurisrc, plugin 0x55c0ee044250 coreelements
0:00:00.016019122  4434 0x55aca8d26360 LOG   GST_POLL gstpoll.c:994:gst_poll_fd_ctl_write: 0x55aca8d4a970: pfd->events now 60 (POLLOUT:4)
0:00:00.020678413  4433 0x55c0ee01c360 DEBUG   GST_REGISTRY gstregistrychunks.c:582:gst_registry_chunks_load_feature: Plugin 'coreelements' feature 'concat' typename : 'GstElementFactory'
0:00:00.016026268  4434 0x55aca8d26360 DEBUG   GST_POLL gstpoll.c:979:gst_poll_fd_ctl_write: 0x55aca8d4a970: fd (fd:0, idx:1), active : 1
0:00:00.020685613  4433 0x55c0ee01c360 TRACE   GST_REFCOUNTING gstobject.c:208:gst_object_init: 0x55c0ee04fc50 new
0:00:00.016032861  4434 0x55aca8d26360 LOG   GST_POLL gstpoll.c:994:gst_poll_fd_ctl_write: 0x55aca8d4a970: pfd->events now 60 (POLLOUT:4)
0:00:00.020692958  4433 0x55c0ee01c360 LOG   GST_REGISTRY gstregistrychunks.c:609:gst_registry_chunks_load_feature: Reading/casting for GstRegistryChunkElementFactory at address 0x55c0ee043d00
0:00:00.016040791  4434 0x55aca8d26360 DEBUG   GST_POLL gstpoll.c:979:gst_poll_fd_ctl_write: 0x55aca8d4a970: fd (fd:0, idx:1), active : 1
0:00:00.020709513  4433 0x55c0ee01c360 TRACE   structure gststructure.c:287:gst_structure_new_id_empty_with_size: created structure 0x55c0ee04fe80
0:00:00.016057124  4434 0x55aca8d26360 LOG   GST_POLL gstpoll.c:994:gst_poll_fd_ctl_write: 0x55aca8d4a970: pfd->events now 60 (POLLOUT:4)
0:00:00.020716083  4433 0x55c0ee01c360 DEBUG   structure gststructure.c:2203:gst_structure_parse_field: trying field name 'long-name'
0:00:00.016064681  4434 0x55aca8d26360 DEBUG   GST_POLL gstpoll.c:979:gst_poll_fd_ctl_write: 0x55aca8d4a970: fd (fd:0, idx:1), active : 1
0:00:00.020722306  4433 0x55c0ee01c360 DEBUG   default gstvalue.c:2676:_priv_gst_value_parse_value: trying type name 'string'
0:00:00.016071039  4434 0x55aca8d26360 LOG   GST_POLL gstpoll.c:994:gst_poll_fd_ctl_write: 0x55aca8d4a970: pfd->events now 60 (POLLOUT:4)
0:00:00.020729102  4433 0x55c0ee01c360 DEBUG   structure gststructure.c:2203:gst_structure_parse_field: trying field name 'klass'
0:00:00.016077644  4434 0x55aca8d26360 DEBUG   GST_POLL gstpoll.c:979:gst_poll_fd_ctl_write: 0x55aca8d4a970: fd (fd:0, idx:1), active : 1
0:00:00.020735495  4433 0x55c0ee01c360 DEBUG   default gstvalue.c:2676:_priv_gst_value_parse_value: trying type name 'string'
0:00:00.016084063  4434 0x55aca8d26360 LOG   GST_POLL gstpoll.c:994:gst_poll_fd_ctl_write: 0x55aca8d4a970: pfd->events now 60 (POLLOUT:4)
0:00:00.020742069  4433 0x55c0ee01c360 DEBUG   structure gststructure.c:2203:gst_structure_parse_field: trying field name 'description'
0:00:00.016090683  4434 0x55aca8d26360 DEBUG   GST_POLL gstpoll.c:979:gst_poll_fd_ctl_write: 0x55aca8d4a970: fd (fd:0, idx:1), active : 1
0:00:00.020748294  4433 0x55c0ee01c360 DEBUG   default gstvalue.c:2676:_priv_gst_value_parse_value: trying type name 'string'
0:00:00.016096992  4434 0x55aca8d26360 LOG   GST_POLL gstpoll.c:994:gst_poll_fd_ctl_write: 0x55aca8d4a970: pfd->events now 60 (POLLOUT:4)
0:00:00.016107962  4434 0x55aca8d26360 DEBUG   GST_POLL gstpoll.c:979:gst_poll_fd_ctl_write: 0x55aca8d4a970: fd (fd:0, idx:1), active : 1
0:00:00.020762703  4433 0x55c0ee01c360 DEBUG   structure gststructure.c:2203:gst_structure_parse_field: trying field name 'author'
0:00:00.016113859  4434 0x55aca8d26360 LOG   GST_POLL gstpoll.c:994:gst_poll_fd_ctl_write: 0x55aca8d4a970: pfd->events now 60 (POLLOUT:4)
0:00:00.020770379  4433 0x55c0ee01c360 DEBUG   default gstvalue.c:2676:_priv_gst_value_parse_value: trying type name 'string'
0:00:00.016120389  4434 0x55aca8d26360 DEBUG   GST_POLL gstpoll.c:979:gst_poll_fd_ctl_write: 0x55aca8d4a970: fd (fd:0, idx:1), active : 1
0:00:00.020777301  4433 0x55c0ee01c360 DEBUG   GST_REGISTRY gstregistrychunks.c:626:gst_registry_chunks_load_feature: Element factory : npadtemplates=2
0:00:00.016126637  4434 0x55aca8d26360 LOG   GST_POLL gstpoll.c:994:gst_poll_fd_ctl_write: 0x55aca8d4a970: pfd->events now 60 (POLLOUT:4)
0:00:00.020783305  4433 0x55c0ee01c360 DEBUG   GST_REGISTRY gstregistrychunks.c:525:gst_registry_chunks_load_pad_template: Reading/casting for GstRegistryChunkPadTemplate at address 0x55c0ee043dd8
0:00:00.016133242  4434 0x55aca8d26360 DEBUG   GST_POLL gstpoll.c:979:gst_poll_fd_ctl_write: 0x55aca8d4a970: fd (fd:0, idx:1), active : 1
0:00:00.020789480  4433 0x55c0ee01c360 DEBUG   GST_REGISTRY gstregistrychunks.c:539:gst_registry_chunks_load_pad_template: Added pad_template src
0:00:00.016139666  4434 0x55aca8d26360 LOG   GST_POLL gstpoll.c:994:gst_poll_fd_ctl_write: 0x55aca8d4a970: pfd->events now 60 (POLLOUT:4)
0:00:00.020795765  4433 0x55c0ee01c360 DEBUG   GST_REGISTRY gstregistrychunks.c:525:gst_registry_chunks_load_pad_template: Reading/casting for GstRegistryChunkPadTemplate at address 0x55c0ee043de8
0:00:00.016146374  4434 0x55aca8d26360 DEBUG   GST_POLL gstpoll.c:979:gst_poll_fd_ctl_write: 0x55aca8d4a970: fd (fd:0, idx:1), active : 1
0:00:00.020802316  4433 0x55c0ee01c360 DEBUG   GST_REGISTRY gstregistrychunks.c:539:gst_registry_chunks_load_pad_template: Added pad_template sink_%u
0:00:00.016152804  4434 0x55aca8d26360 LOG   GST_POLL gstpoll.c:994:gst_poll_fd_ctl_write: 0x55aca8d4a970: pfd->events now 60 (POLLOUT:4)
0:00:00.020810185  4433 0x55c0ee01c360 DEBUG   GST_REGISTRY gstregistry.c:589:gst_registry_add_feature: adding feature 0x55c0ee04fc50 (concat)
0:00:00.016159445  4434 0x55aca8d26360 DEBUG   GST_POLL gstpoll.c:979:gst_poll_fd_ctl_write: 0x55aca8d4a970: fd (fd:0, idx:1), active : 1
0:00:00.020816392  4433 0x55c0ee01c360 DEBUG   GST_REFCOUNTING gstobject.c:708:gst_object_set_parent: set parent (ref and sink)
0:00:00.016165844  4434 0x55aca8d26360 LOG   GST_POLL gstpoll.c:994:gst_poll_fd_ctl_write: 0x55aca8d4a970: pfd->events now 60 (POLLOUT:4)
0:00:00.020823750  4433 0x55c0ee01c360 TRACE   GST_REFCOUNTING gstobject.c:292:gst_object_ref_sink: 0x55c0ee04fc50 ref_sink 1->2
0:00:00.016172369  4434 0x55aca8d26360 DEBUG   GST_POLL gstpoll.c:979:gst_poll_fd_ctl_write: 0x55aca8d4a970: fd (fd:0, idx:1), active : 1
0:00:00.020830366  4433 0x55c0ee01c360 LOG   GST_REGISTRY gstregistry.c:607:gst_registry_add_feature: emitting feature-added for concat
0:00:00.016183161  4434 0x55aca8d26360 LOG   GST_POLL gstpoll.c:994:gst_poll_fd_ctl_write: 0x55aca8d4a970: pfd->events now 60 (POLLOUT:4)
0:00:00.020840343  4433 0x55c0ee01c360 DEBUG   GST_REGISTRY gstregistrychunks.c:740:gst_registry_chunks_load_feature: Added feature concat, plugin 0x55c0ee044250 coreelements
0:00:00.016190045  4434 0x55aca8d26360 DEBUG   GST_POLL gstpoll.c:979:gst_poll_fd_ctl_write: 0x55aca8d4a970: fd (fd:0, idx:1), active : 1
0:00:00.020847221  4433 0x55c0ee01c360 DEBUG   GST_REGISTRY gstregistrychunks.c:582:gst_registry_chunks_load_feature: Plugin 'coreelements' feature 'clocksync' typename : 'GstElementFactory'
0:00:00.016196433  4434 0x55aca8d26360 LOG   GST_POLL gstpoll.c:994:gst_poll_fd_ctl_write: 0x55aca8d4a970: pfd->events now 60 (POLLOUT:4)
0:00:00.020854329  4433 0x55c0ee01c360 TRACE   GST_REFCOUNTING gstobject.c:208:gst_object_init: 0x55c0ee04fb00 new
0:00:00.016202993  4434 0x55aca8d26360 DEBUG   GST_POLL gstpoll.c:979:gst_poll_fd_ctl_write: 0x55aca8d4a970: fd (fd:0, idx:1), active : 1
0:00:00.020861549  4433 0x55c0ee01c360 LOG   GST_REGISTRY gstregistrychunks.c:609:gst_registry_chunks_load_feature: Reading/casting for GstRegistryChunkElementFactory at address 0x55c0ee043e18
0:00:00.016209425  4434 0x55aca8d26360 LOG   GST_POLL gstpoll.c:994:gst_poll_fd_ctl_write: 0x55aca8d4a970: pfd->events now 60 (POLLOUT:4)
0:00:00.020868016  4433 0x55c0ee01c360 TRACE   structure gststructure.c:287:gst_structure_new_id_empty_with_size: created structure 0x55c0ee050450
0:00:00.016216173  4434 0x55aca8d26360 DEBUG   GST_POLL gstpoll.c:979:gst_poll_fd_ctl_write: 0x55aca8d4a970: fd (fd:0, idx:1), active : 1
0:00:00.020873956  4433 0x55c0ee01c360 DEBUG   structure gststructure.c:2203:gst_structure_parse_field: trying field name 'long-name'
0:00:00.016222477  4434 0x55aca8d26360 LOG   GST_POLL gstpoll.c:994:gst_poll_fd_ctl_write: 0x55aca8d4a970: pfd->events now 60 (POLLOUT:4)
0:00:00.020880096  4433 0x55c0ee01c360 DEBUG   default gstvalue.c:2676:_priv_gst_value_parse_value: trying type name 'string'
0:00:00.016229091  4434 0x55aca8d26360 DEBUG   GST_POLL gstpoll.c:979:gst_poll_fd_ctl_write: 0x55aca8d4a970: fd (fd:0, idx:1), active : 1
0:00:00.020886623  4433 0x55c0ee01c360 DEBUG   structure gststructure.c:2203:gst_structure_parse_field: trying field name 'klass'
0:00:00.016235525  4434 0x55aca8d26360 LOG   GST_POLL gstpoll.c:994:gst_poll_fd_ctl_write: 0x55aca8d4a970: pfd->events now 60 (POLLOUT:4)
0:00:00.020892732  4433 0x55c0ee01c360 DEBUG   default gstvalue.c:2676:_priv_gst_value_parse_value: trying type name 'string'
0:00:00.016242104  4434 0x55aca8d26360 DEBUG   GST_POLL gstpoll.c:979:gst_poll_fd_ctl_write: 0x55aca8d4a970: fd (fd:0, idx:1), active : 1
0:00:00.020899217  4433 0x55c0ee01c360 DEBUG   structure gststructure.c:2203:gst_structure_parse_field: trying field name 'description'
0:00:00.016248512  4434 0x55aca8d26360 LOG   GST_POLL gstpoll.c:994:gst_poll_fd_ctl_write: 0x55aca8d4a970: pfd->events now 60 (POLLOUT:4)
0:00:00.020909424  4433 0x55c0ee01c360 DEBUG   default gstvalue.c:2676:_priv_gst_value_parse_value: trying type name 'string'
0:00:00.016258356  4434 0x55aca8d26360 DEBUG   GST_POLL gstpoll.c:979:gst_poll_fd_ctl_write: 0x55aca8d4a970: fd (fd:0, idx:1), active : 1
0:00:00.020916120  4433 0x55c0ee01c360 DEBUG   structure gststructure.c:2203:gst_structure_parse_field: trying field name 'author'
0:00:00.016264830  4434 0x55aca8d26360 LOG   GST_POLL gstpoll.c:994:gst_poll_fd_ctl_write: 0x55aca8d4a970: pfd->events now 60 (POLLOUT:4)
0:00:00.020922274  4433 0x55c0ee01c360 DEBUG   default gstvalue.c:2676:_priv_gst_value_parse_value: trying type name 'string'
0:00:00.016271452  4434 0x55aca8d26360 DEBUG   GST_POLL gstpoll.c:979:gst_poll_fd_ctl_write: 0x55aca8d4a970: fd (fd:0, idx:1), active : 1
0:00:00.020928780  4433 0x55c0ee01c360 DEBUG   GST_REGISTRY gstregistrychunks.c:626:gst_registry_chunks_load_feature: Element factory : npadtemplates=2
0:00:00.016277874  4434 0x55aca8d26360 LOG   GST_POLL gstpoll.c:994:gst_poll_fd_ctl_write: 0x55aca8d4a970: pfd->events now 60 (POLLOUT:4)
0:00:00.020934655  4433 0x55c0ee01c360 DEBUG   GST_REGISTRY gstregistrychunks.c:525:gst_registry_chunks_load_pad_template: Reading/casting for GstRegistryChunkPadTemplate at address 0x55c0ee043ee8
0:00:00.016284642  4434 0x55aca8d26360 DEBUG   GST_POLL gstpoll.c:979:gst_poll_fd_ctl_write: 0x55aca8d4a970: fd (fd:0, idx:1), active : 1
0:00:00.020940728  4433 0x55c0ee01c360 DEBUG   GST_REGISTRY gstregistrychunks.c:539:gst_registry_chunks_load_pad_template: Added pad_template sink
0:00:00.016291032  4434 0x55aca8d26360 LOG   GST_POLL gstpoll.c:994:gst_poll_fd_ctl_write: 0x55aca8d4a970: pfd->events now 60 (POLLOUT:4)
0:00:00.020947092  4433 0x55c0ee01c360 DEBUG   GST_REGISTRY gstregistrychunks.c:525:gst_registry_chunks_load_pad_template: Reading/casting for GstRegistryChunkPadTemplate at address 0x55c0ee043f00
0:00:00.016297803  4434 0x55aca8d26360 DEBUG   GST_POLL gstpoll.c:979:gst_poll_fd_ctl_write: 0x55aca8d4a970: fd (fd:0, idx:1), active : 1
0:00:00.020953872  4433 0x55c0ee01c360 DEBUG   GST_REGISTRY gstregistrychunks.c:539:gst_registry_chunks_load_pad_template: Added pad_template src
0:00:00.016304211  4434 0x55aca8d26360 LOG   GST_POLL gstpoll.c:994:gst_poll_fd_ctl_write: 0x55aca8d4a970: pfd->events now 60 (POLLOUT:4)
0:00:00.020964124  4433 0x55c0ee01c360 DEBUG   GST_REGISTRY gstregistry.c:589:gst_registry_add_feature: adding feature 0x55c0ee04fb00 (clocksync)
0:00:00.016310971  4434 0x55aca8d26360 DEBUG   GST_POLL gstpoll.c:979:gst_poll_fd_ctl_write: 0x55aca8d4a970: fd (fd:0, idx:1), active : 1
0:00:00.020971205  4433 0x55c0ee01c360 DEBUG   GST_REFCOUNTING gstobject.c:708:gst_object_set_parent: set parent (ref and sink)
0:00:00.016319476  4434 0x55aca8d26360 LOG   GST_POLL gstpoll.c:994:gst_poll_fd_ctl_write: 0x55aca8d4a970: pfd->events now 60 (POLLOUT:4)
0:00:00.020978573  4433 0x55c0ee01c360 TRACE   GST_REFCOUNTING gstobject.c:292:gst_object_ref_sink: 0x55c0ee04fb00 ref_sink 1->2
0:00:00.016326508  4434 0x55aca8d26360 DEBUG   GST_POLL gstpoll.c:979:gst_poll_fd_ctl_write: 0x55aca8d4a970: fd (fd:0, idx:1), active : 1
0:00:00.020989348  4433 0x55c0ee01c360 LOG   GST_REGISTRY gstregistry.c:607:gst_registry_add_feature: emitting feature-added for clocksync
0:00:00.016337485  4434 0x55aca8d26360 LOG   GST_POLL gstpoll.c:994:gst_poll_fd_ctl_write: 0x55aca8d4a970: pfd->events now 60 (POLLOUT:4)
0:00:00.020996403  4433 0x55c0ee01c360 DEBUG   GST_REGISTRY gstregistrychunks.c:740:gst_registry_chunks_load_feature: Added feature clocksync, plugin 0x55c0ee044250 coreelements
0:00:00.016344259  4434 0x55aca8d26360 DEBUG   GST_POLL gstpoll.c:979:gst_poll_fd_ctl_write: 0x55aca8d4a970: fd (fd:0, idx:1), active : 1
0:00:00.021002980  4433 0x55c0ee01c360 DEBUG   GST_REGISTRY gstregistrychunks.c:582:gst_registry_chunks_load_feature: Plugin 'coreelements' feature 'capsfilter' typename : 'GstElementFactory'
0:00:00.016350833  4434 0x55aca8d26360 LOG   GST_POLL gstpoll.c:994:gst_poll_fd_ctl_write: 0x55aca8d4a970: pfd->events now 60 (POLLOUT:4)
0:00:00.021010163  4433 0x55c0ee01c360 TRACE   GST_REFCOUNTING gstobject.c:208:gst_object_init: 0x55c0ee0509b0 new
0:00:00.016357733  4434 0x55aca8d26360 DEBUG   GST_POLL gstpoll.c:979:gst_poll_fd_ctl_write: 0x55aca8d4a970: fd (fd:0, idx:1), active : 1
0:00:00.021017441  4433 0x55c0ee01c360 LOG   GST_REGISTRY gstregistrychunks.c:609:gst_registry_chunks_load_feature: Reading/casting for GstRegistryChunkElementFactory at address 0x55c0ee043f30
0:00:00.016364856  4434 0x55aca8d26360 LOG   GST_POLL gstpoll.c:994:gst_poll_fd_ctl_write: 0x55aca8d4a970: pfd->events now 60 (POLLOUT:4)
0:00:00.021023960  4433 0x55c0ee01c360 TRACE   structure gststructure.c:287:gst_structure_new_id_empty_with_size: created structure 0x55c0ee050cc0
0:00:00.016372263  4434 0x55aca8d26360 DEBUG   GST_POLL gstpoll.c:979:gst_poll_fd_ctl_write: 0x55aca8d4a970: fd (fd:0, idx:1), active : 1
0:00:00.021030055  4433 0x55c0ee01c360 DEBUG   structure gststructure.c:2203:gst_structure_parse_field: trying field name 'long-name'
0:00:00.016378773  4434 0x55aca8d26360 LOG   GST_POLL gstpoll.c:994:gst_poll_fd_ctl_write: 0x55aca8d4a970: pfd->events now 60 (POLLOUT:4)
0:00:00.021036149  4433 0x55c0ee01c360 DEBUG   default gstvalue.c:2676:_priv_gst_value_parse_value: trying type name 'string'
0:00:00.016385339  4434 0x55aca8d26360 DEBUG   GST_POLL gstpoll.c:979:gst_poll_fd_ctl_write: 0x55aca8d4a970: fd (fd:0, idx:1), active : 1
0:00:00.021042729  4433 0x55c0ee01c360 DEBUG   structure gststructure.c:2203:gst_structure_parse_field: trying field name 'klass'
0:00:00.016391703  4434 0x55aca8d26360 LOG   GST_POLL gstpoll.c:994:gst_poll_fd_ctl_write: 0x55aca8d4a970: pfd->events now 60 (POLLOUT:4)
0:00:00.021048906  4433 0x55c0ee01c360 DEBUG   default gstvalue.c:2676:_priv_gst_value_parse_value: trying type name 'string'
0:00:00.016398319  4434 0x55aca8d26360 DEBUG   GST_POLL gstpoll.c:979:gst_poll_fd_ctl_write: 0x55aca8d4a970: fd (fd:0, idx:1), active : 1
0:00:00.021055219  4433 0x55c0ee01c360 DEBUG   structure gststructure.c:2203:gst_structure_parse_field: trying field name 'description'
0:00:00.016404653  4434 0x55aca8d26360 LOG   GST_POLL gstpoll.c:994:gst_poll_fd_ctl_write: 0x55aca8d4a970: pfd->events now 60 (POLLOUT:4)
0:00:00.021065229  4433 0x55c0ee01c360 DEBUG   default gstvalue.c:2676:_priv_gst_value_parse_value: trying type name 'string'
0:00:00.016414147  4434 0x55aca8d26360 DEBUG   GST_POLL gstpoll.c:979:gst_poll_fd_ctl_write: 0x55aca8d4a970: fd (fd:0, idx:1), active : 1
0:00:00.021072157  4433 0x55c0ee01c360 DEBUG   structure gststructure.c:2203:gst_structure_parse_field: trying field name 'author'
0:00:00.016420457  4434 0x55aca8d26360 LOG   GST_POLL gstpoll.c:994:gst_poll_fd_ctl_write: 0x55aca8d4a970: pfd->events now 60 (POLLOUT:4)
0:00:00.021078230  4433 0x55c0ee01c360 DEBUG   default gstvalue.c:2676:_priv_gst_value_parse_value: trying type name 'string'
0:00:00.016426969  4434 0x55aca8d26360 DEBUG   GST_POLL gstpoll.c:979:gst_poll_fd_ctl_write: 0x55aca8d4a970: fd (fd:0, idx:1), active : 1
0:00:00.021084980  4433 0x55c0ee01c360 DEBUG   GST_REGISTRY gstregistrychunks.c:626:gst_registry_chunks_load_feature: Element factory : npadtemplates=2
0:00:00.016433180  4434 0x55aca8d26360 LOG   GST_POLL gstpoll.c:994:gst_poll_fd_ctl_write: 0x55aca8d4a970: pfd->events now 60 (POLLOUT:4)
0:00:00.021090962  4433 0x55c0ee01c360 DEBUG   GST_REGISTRY gstregistrychunks.c:525:gst_registry_chunks_load_pad_template: Reading/casting for GstRegistryChunkPadTemplate at address 0x55c0ee044010
0:00:00.016439674  4434 0x55aca8d26360 DEBUG   GST_POLL gstpoll.c:979:gst_poll_fd_ctl_write: 0x55aca8d4a970: fd (fd:0, idx:1), active : 1
0:00:00.021096980  4433 0x55c0ee01c360 DEBUG   GST_REGISTRY gstregistrychunks.c:539:gst_registry_chunks_load_pad_template: Added pad_template sink
0:00:00.016445906  4434 0x55aca8d26360 LOG   GST_POLL gstpoll.c:994:gst_poll_fd_ctl_write: 0x55aca8d4a970: pfd->events now 60 (POLLOUT:4)
0:00:00.021102806  4433 0x55c0ee01c360 DEBUG   GST_REGISTRY gstregistrychunks.c:525:gst_registry_chunks_load_pad_template: Reading/casting for GstRegistryChunkPadTemplate at address 0x55c0ee044028
0:00:00.016452436  4434 0x55aca8d26360 DEBUG   GST_POLL gstpoll.c:979:gst_poll_fd_ctl_write: 0x55aca8d4a970: fd (fd:0, idx:1), active : 1
0:00:00.021108750  4433 0x55c0ee01c360 DEBUG   GST_REGISTRY gstregistrychunks.c:539:gst_registry_chunks_load_pad_template: Added pad_template src
0:00:00.016458693  4434 0x55aca8d26360 LOG   GST_POLL gstpoll.c:994:gst_poll_fd_ctl_write: 0x55aca8d4a970: pfd->events now 60 (POLLOUT:4)
0:00:00.016465156  4434 0x55aca8d26360 DEBUG   GST_POLL gstpoll.c:979:gst_poll_fd_ctl_write: 0x55aca8d4a970: fd (fd:0, idx:1), active : 1
0:00:00.021124386  4433 0x55c0ee01c360 DEBUG   GST_REGISTRY gstregistry.c:589:gst_registry_add_feature: adding feature 0x55c0ee0509b0 (capsfilter)
0:00:00.016470916  4434 0x55aca8d26360 LOG   GST_POLL gstpoll.c:994:gst_poll_fd_ctl_write: 0x55aca8d4a970: pfd->events now 60 (POLLOUT:4)
0:00:00.021130775  4433 0x55c0ee01c360 DEBUG   GST_REFCOUNTING gstobject.c:708:gst_object_set_parent: set parent (ref and sink)
0:00:00.016479251  4434 0x55aca8d26360 DEBUG   GST_POLL gstpoll.c:979:gst_poll_fd_ctl_write: 0x55aca8d4a970: fd (fd:0, idx:1), active : 1
0:00:00.021138085  4433 0x55c0ee01c360 TRACE   GST_REFCOUNTING gstobject.c:292:gst_object_ref_sink: 0x55c0ee0509b0 ref_sink 1->2
0:00:00.016490128  4434 0x55aca8d26360 LOG   GST_POLL gstpoll.c:994:gst_poll_fd_ctl_write: 0x55aca8d4a970: pfd->events now 60 (POLLOUT:4)
0:00:00.021146800  4433 0x55c0ee01c360 LOG   GST_REGISTRY gstregistry.c:607:gst_registry_add_feature: emitting feature-added for capsfilter
0:00:00.016496853  4434 0x55aca8d26360 DEBUG   GST_POLL gstpoll.c:979:gst_poll_fd_ctl_write: 0x55aca8d4a970: fd (fd:0, idx:1), active : 1
0:00:00.021153516  4433 0x55c0ee01c360 DEBUG   GST_REGISTRY gstregistrychunks.c:740:gst_registry_chunks_load_feature: Added feature capsfilter, plugin 0x55c0ee044250 coreelements
0:00:00.016503082  4434 0x55aca8d26360 LOG   GST_POLL gstpoll.c:994:gst_poll_fd_ctl_write: 0x55aca8d4a970: pfd->events now 60 (POLLOUT:4)
0:00:00.021160572  4433 0x55c0ee01c360 LOG   GST_PLUGIN_LOADING gstpluginloader.c:887:handle_rx_packet: marking plugin 0x55c0ee044250 as registered as /home/conan/w/prod/BuildSingleReference/.conan/data/gstreamer/1.18.4/_/_/package/62e0ab6106dfea3ec3ecb5db13d8d55a63451b50/lib/gstreamer-1.0/libgstcoreelements.so
0:00:00.016509651  4434 0x55aca8d26360 DEBUG   GST_POLL gstpoll.c:979:gst_poll_fd_ctl_write: 0x55aca8d4a970: fd (fd:0, idx:1), active : 1
0:00:00.016515902  4434 0x55aca8d26360 LOG   GST_POLL gstpoll.c:994:gst_poll_fd_ctl_write: 0x55aca8d4a970: pfd->events now 60 (POLLOUT:4)
0:00:00.021169898  4433 0x55c0ee01c360 DEBUG   GST_POLL gstpoll.c:1414:gst_poll_wait: 0x55c0ee041530: timeout :0:00:01.000000000
0:00:00.016522033  4434 0x55aca8d26360 DEBUG   GST_POLL gstpoll.c:979:gst_poll_fd_ctl_write: 0x55aca8d4a970: fd (fd:0, idx:1), active : 1
0:00:00.016528299  4434 0x55aca8d26360 LOG   GST_POLL gstpoll.c:994:gst_poll_fd_ctl_write: 0x55aca8d4a970: pfd->events now 60 (POLLOUT:4)
0:00:00.016534339  4434 0x55aca8d26360 DEBUG   GST_POLL gstpoll.c:979:gst_poll_fd_ctl_write: 0x55aca8d4a970: fd (fd:0, idx:1), active : 1
0:00:00.016540111  4434 0x55aca8d26360 LOG   GST_POLL gstpoll.c:994:gst_poll_fd_ctl_write: 0x55aca8d4a970: pfd->events now 60 (POLLOUT:4)
0:00:00.016546168  4434 0x55aca8d26360 DEBUG   GST_POLL gstpoll.c:979:gst_poll_fd_ctl_write: 0x55aca8d4a970: fd (fd:0, idx:1), active : 1
0:00:00.016551939  4434 0x55aca8d26360 LOG   GST_POLL gstpoll.c:994:gst_poll_fd_ctl_write: 0x55aca8d4a970: pfd->events now 60 (POLLOUT:4)
0:00:00.016557962  4434 0x55aca8d26360 DEBUG   GST_POLL gstpoll.c:979:gst_poll_fd_ctl_write: 0x55aca8d4a970: fd (fd:0, idx:1), active : 1
0:00:00.016563716  4434 0x55aca8d26360 LOG   GST_POLL gstpoll.c:994:gst_poll_fd_ctl_write: 0x55aca8d4a970: pfd->events now 60 (POLLOUT:4)
0:00:00.016569752  4434 0x55aca8d26360 DEBUG   GST_POLL gstpoll.c:979:gst_poll_fd_ctl_write: 0x55aca8d4a970: fd (fd:0, idx:1), active : 1
0:00:00.016575499  4434 0x55aca8d26360 LOG   GST_POLL gstpoll.c:994:gst_poll_fd_ctl_write: 0x55aca8d4a970: pfd->events now 60 (POLLOUT:4)
0:00:00.016581501  4434 0x55aca8d26360 DEBUG   GST_POLL gstpoll.c:979:gst_poll_fd_ctl_write: 0x55aca8d4a970: fd (fd:0, idx:1), active : 1
0:00:00.016590913  4434 0x55aca8d26360 LOG   GST_POLL gstpoll.c:994:gst_poll_fd_ctl_write: 0x55aca8d4a970: pfd->events now 60 (POLLOUT:4)
0:00:00.016597145  4434 0x55aca8d26360 DEBUG   GST_POLL gstpoll.c:979:gst_poll_fd_ctl_write: 0x55aca8d4a970: fd (fd:0, idx:1), active : 1
0:00:00.016602936  4434 0x55aca8d26360 LOG   GST_POLL gstpoll.c:994:gst_poll_fd_ctl_write: 0x55aca8d4a970: pfd->events now 60 (POLLOUT:4)
0:00:00.016608964  4434 0x55aca8d26360 DEBUG   GST_POLL gstpoll.c:979:gst_poll_fd_ctl_write: 0x55aca8d4a970: fd (fd:0, idx:1), active : 1
0:00:00.016614756  4434 0x55aca8d26360 LOG   GST_POLL gstpoll.c:994:gst_poll_fd_ctl_write: 0x55aca8d4a970: pfd->events now 60 (POLLOUT:4)
0:00:00.016620751  4434 0x55aca8d26360 DEBUG   GST_POLL gstpoll.c:979:gst_poll_fd_ctl_write: 0x55aca8d4a970: fd (fd:0, idx:1), active : 1
0:00:00.016626491  4434 0x55aca8d26360 LOG   GST_POLL gstpoll.c:994:gst_poll_fd_ctl_write: 0x55aca8d4a970: pfd->events now 60 (POLLOUT:4)
0:00:00.016635655  4434 0x55aca8d26360 TRACE   GST_REFCOUNTING gstobject.c:264:gst_object_unref: 0x55aca8d4e670 unref 2->1
0:00:00.016642657  4434 0x55aca8d26360 DEBUG   GST_POLL gstpoll.c:1241:gst_poll_fd_has_error: 0x55aca8d4a970: fd (fd:0, idx:1) 0
0:00:00.016648972  4434 0x55aca8d26360 DEBUG   GST_POLL gstpoll.c:1335:gst_poll_fd_can_write: 0x55aca8d4a970: fd (fd:0, idx:1) 1
0:00:00.016654967  4434 0x55aca8d26360 LOG   GST_PLUGIN_LOADING gstpluginloader.c:690:write_one: Writing packet of size 488 bytes to fd 0
0:00:00.016670312  4434 0x55aca8d26360 DEBUG   GST_POLL gstpoll.c:1414:gst_poll_wait: 0x55aca8d4a970: timeout :0:00:01.000000000
0:00:00.016679176  4434 0x55aca8d26360 LOG   GST_PLUGIN_LOADING gstpluginloader.c:1027:exchange_packets: Poll res = 2. 6872 bytes pending for write
0:00:00.016685970  4434 0x55aca8d26360 DEBUG   GST_POLL gstpoll.c:1241:gst_poll_fd_has_error: 0x55aca8d4a970: fd (fd:5, idx:2) 0
0:00:00.016692145  4434 0x55aca8d26360 DEBUG   GST_POLL gstpoll.c:1266:gst_poll_fd_can_read_unlocked: 0x55aca8d4a970: fd (fd:5, idx:2) 1
0:00:00.021345732  4433 0x55c0ee01c360 LOG   GST_PLUGIN_LOADING gstpluginloader.c:1027:exchange_packets: Poll res = 1. 0 bytes pending for write
0:00:00.016699975  4434 0x55aca8d26360 LOG   GST_PLUGIN_LOADING gstpluginloader.c:1005:read_one: No payload to read for 0 length packet type 1 tag 0
0:00:00.021356192  4433 0x55c0ee01c360 DEBUG   GST_POLL gstpoll.c:1241:gst_poll_fd_has_error: 0x55c0ee041530: fd (fd:8, idx:2) 0
0:00:00.016707291  4434 0x55aca8d26360 DEBUG   GST_POLL gstpoll.c:1014:gst_poll_fd_ctl_read_unlocked: 0x55aca8d4a970: fd (fd:5, idx:2), active : 0
0:00:00.021363697  4433 0x55c0ee01c360 DEBUG   GST_POLL gstpoll.c:1266:gst_poll_fd_can_read_unlocked: 0x55c0ee041530: fd (fd:8, idx:2) 1
0:00:00.016714153  4434 0x55aca8d26360 DEBUG   GST_POLL gstpoll.c:979:gst_poll_fd_ctl_write: 0x55aca8d4a970: fd (fd:0, idx:1), active : 1
0:00:00.021374349  4433 0x55c0ee01c360 DEBUG   GST_PLUGIN_LOADING gstpluginloader.c:848:handle_rx_packet: Received plugin details from child w/ tag 2. 476 bytes info
0:00:00.016720631  4434 0x55aca8d26360 LOG   GST_POLL gstpoll.c:994:gst_poll_fd_ctl_write: 0x55aca8d4a970: pfd->events now 60 (POLLOUT:4)
0:00:00.021381120  4433 0x55c0ee01c360 LOG   GST_REGISTRY gstregistrychunks.c:836:_priv_gst_registry_chunks_load_plugin: Reading/casting for GstRegistryChunkPluginElement at address 0x55c0ee042570
0:00:00.016733635  4434 0x55aca8d26360 DEBUG   GST_POLL gstpoll.c:1241:gst_poll_fd_has_error: 0x55aca8d4a970: fd (fd:0, idx:1) 0
0:00:00.021390904  4433 0x55c0ee01c360 TRACE   GST_REFCOUNTING gstobject.c:208:gst_object_init: 0x55c0ee051160 new
0:00:00.016740584  4434 0x55aca8d26360 DEBUG   GST_POLL gstpoll.c:1335:gst_poll_fd_can_write: 0x55aca8d4a970: fd (fd:0, idx:1) 1
0:00:00.016746908  4434 0x55aca8d26360 LOG   GST_PLUGIN_LOADING gstpluginloader.c:690:write_one: Writing packet of size 6872 bytes to fd 0
0:00:00.021401688  4433 0x55c0ee01c360 LOG   GST_REGISTRY gstregistrychunks.c:858:_priv_gst_registry_chunks_load_plugin: read strings for name='coretracers'
0:00:00.021409503  4433 0x55c0ee01c360 LOG   GST_REGISTRY gstregistrychunks.c:859:_priv_gst_registry_chunks_load_plugin: desc.description='GStreamer core tracers'
0:00:00.016757004  4434 0x55aca8d26360 DEBUG   GST_POLL gstpoll.c:1414:gst_poll_wait: 0x55aca8d4a970: timeout :0:00:01.000000000
0:00:00.021415284  4433 0x55c0ee01c360 LOG   GST_REGISTRY gstregistrychunks.c:860:_priv_gst_registry_chunks_load_plugin: filename='/home/conan/w/prod/BuildSingleReference/.conan/data/gstreamer/1.18.4/_/_/package/62e0ab6106dfea3ec3ecb5db13d8d55a63451b50/lib/gstreamer-1.0/libgstcoretracers.so'
0:00:00.016765456  4434 0x55aca8d26360 LOG   GST_PLUGIN_LOADING gstpluginloader.c:1027:exchange_packets: Poll res = 1. 12 bytes pending for write
0:00:00.021421433  4433 0x55c0ee01c360 LOG   GST_REGISTRY gstregistrychunks.c:861:_priv_gst_registry_chunks_load_plugin: desc.version='1.18.4'
0:00:00.016772569  4434 0x55aca8d26360 DEBUG   GST_POLL gstpoll.c:1241:gst_poll_fd_has_error: 0x55aca8d4a970: fd (fd:0, idx:1) 0
0:00:00.021428194  4433 0x55c0ee01c360 LOG   GST_REGISTRY gstregistrychunks.c:862:_priv_gst_registry_chunks_load_plugin: desc.license='LGPL'
0:00:00.016779222  4434 0x55aca8d26360 DEBUG   GST_POLL gstpoll.c:1335:gst_poll_fd_can_write: 0x55aca8d4a970: fd (fd:0, idx:1) 1
0:00:00.021434960  4433 0x55c0ee01c360 LOG   GST_REGISTRY gstregistrychunks.c:863:_priv_gst_registry_chunks_load_plugin: desc.source='gstreamer'
0:00:00.016785651  4434 0x55aca8d26360 LOG   GST_PLUGIN_LOADING gstpluginloader.c:690:write_one: Writing packet of size 12 bytes to fd 0
0:00:00.021441903  4433 0x55c0ee01c360 LOG   GST_REGISTRY gstregistrychunks.c:864:_priv_gst_registry_chunks_load_plugin: desc.package='GStreamer source release'
0:00:00.016793859  4434 0x55aca8d26360 DEBUG   GST_POLL gstpoll.c:979:gst_poll_fd_ctl_write: 0x55aca8d4a970: fd (fd:0, idx:1), active : 0
0:00:00.021448461  4433 0x55c0ee01c360 LOG   GST_REGISTRY gstregistrychunks.c:865:_priv_gst_registry_chunks_load_plugin: desc.origin='Unknown package origin'
0:00:00.016800488  4434 0x55aca8d26360 LOG   GST_POLL gstpoll.c:994:gst_poll_fd_ctl_write: 0x55aca8d4a970: pfd->events now 56 (POLLOUT:4)
0:00:00.021456427  4433 0x55c0ee01c360 LOG   GST_REGISTRY gstregistrychunks.c:866:_priv_gst_registry_chunks_load_plugin: desc.datetime=2021-03-15
0:00:00.016815940  4434 0x55aca8d26360 DEBUG   GST_POLL gstpoll.c:772:gst_poll_free: 0x55aca8d4a970: freeing
0:00:00.021472803  4433 0x55c0ee01c360 DEBUG   GST_REGISTRY gstregistry.c:446:gst_registry_add_plugin: Replacing existing plugin "/home/conan/w/prod/BuildSingleReference/.conan/data/gstreamer/1.18.4/_/_/package/62e0ab6106dfea3ec3ecb5db13d8d55a63451b50/lib/gstreamer-1.0/libgstcoretracers.so" 0x55c0ee041b90 with new plugin 0x55c0ee051160 for filename "/home/conan/w/prod/BuildSingleReference/.conan/data/gstreamer/1.18.4/_/_/package/62e0ab6106dfea3ec3ecb5db13d8d55a63451b50/lib/gstreamer-1.0/libgstcoretracers.so"
0:00:00.021483251  4433 0x55c0ee01c360 TRACE   GST_REFCOUNTING gstobject.c:264:gst_object_unref: 0x55c0ee041b90 unref 1->0
0:00:00.021490949  4433 0x55c0ee01c360 TRACE   GST_REFCOUNTING gstobject.c:381:gst_object_dispose: 0x55c0ee041b90 dispose
0:00:00.021499178  4433 0x55c0ee01c360 DEBUG   GST_PLUGIN_LOADING gstplugin.c:136:gst_plugin_finalize: finalizing plugin
0:00:00.021507492  4433 0x55c0ee01c360 TRACE   GST_REFCOUNTING gstobject.c:423:gst_object_finalize: 0x55c0ee041b90 finalize
0:00:00.021518559  4433 0x55c0ee01c360 DEBUG   GST_REGISTRY gstregistry.c:473:gst_registry_add_plugin: adding plugin 0x55c0ee051160 for filename "/home/conan/w/prod/BuildSingleReference/.conan/data/gstreamer/1.18.4/_/_/package/62e0ab6106dfea3ec3ecb5db13d8d55a63451b50/lib/gstreamer-1.0/libgstcoretracers.so"
0:00:00.021525725  4433 0x55c0ee01c360 TRACE   GST_REFCOUNTING gstobject.c:292:gst_object_ref_sink: 0x55c0ee051160 ref_sink 1->2
0:00:00.021532663  4433 0x55c0ee01c360 LOG   GST_REGISTRY gstregistry.c:486:gst_registry_add_plugin: emitting plugin-added for filename "/home/conan/w/prod/BuildSingleReference/.conan/data/gstreamer/1.18.4/_/_/package/62e0ab6106dfea3ec3ecb5db13d8d55a63451b50/lib/gstreamer-1.0/libgstcoretracers.so"
0:00:00.021539420  4433 0x55c0ee01c360 DEBUG   GST_REGISTRY gstregistrychunks.c:886:_priv_gst_registry_chunks_load_plugin: Added plugin 'coretracers' plugin with 5 features from binary registry
0:00:00.021545827  4433 0x55c0ee01c360 DEBUG   GST_REGISTRY gstregistrychunks.c:582:gst_registry_chunks_load_feature: Plugin 'coretracers' feature 'leaks' typename : 'GstTracerFactory'
0:00:00.021553017  4433 0x55c0ee01c360 TRACE   GST_REFCOUNTING gstobject.c:208:gst_object_init: 0x55c0ee041b80 new
0:00:00.021560512  4433 0x55c0ee01c360 DEBUG   GST_REGISTRY gstregistrychunks.c:716:gst_registry_chunks_load_feature: Reading/casting for GstRegistryChunkPluginFeature at address 0x55c0ee0426b8
0:00:00.021567943  4433 0x55c0ee01c360 DEBUG   GST_REGISTRY gstregistry.c:580:gst_registry_add_feature: replacing existing feature 0x55c0ee041f40 (leaks)
0:00:00.021575251  4433 0x55c0ee01c360 DEBUG   GST_REGISTRY gstregistry.c:589:gst_registry_add_feature: adding feature 0x55c0ee041b80 (leaks)
0:00:00.021581175  4433 0x55c0ee01c360 TRACE   GST_REFCOUNTING gstobject.c:788:gst_object_unparent: unparent
0:00:00.021587991  4433 0x55c0ee01c360 TRACE   GST_REFCOUNTING gstobject.c:264:gst_object_unref: 0x55c0ee041f40 unref 1->0
0:00:00.021594519  4433 0x55c0ee01c360 TRACE   GST_REFCOUNTING gstobject.c:381:gst_object_dispose: 0x55c0ee041f40 dispose
0:00:00.021605504  4433 0x55c0ee01c360 DEBUG   GST_PLUGIN_LOADING gstpluginfeature.c:67:gst_plugin_feature_finalize: finalizing feature 0x55c0ee041f40: 'leaks'
0:00:00.021612123  4433 0x55c0ee01c360 TRACE   GST_REFCOUNTING gstobject.c:423:gst_object_finalize: 0x55c0ee041f40 finalize
0:00:00.021618640  4433 0x55c0ee01c360 DEBUG   GST_REFCOUNTING gstobject.c:708:gst_object_set_parent: set parent (ref and sink)
0:00:00.021625566  4433 0x55c0ee01c360 TRACE   GST_REFCOUNTING gstobject.c:292:gst_object_ref_sink: 0x55c0ee041b80 ref_sink 1->2
0:00:00.021631919  4433 0x55c0ee01c360 LOG   GST_REGISTRY gstregistry.c:607:gst_registry_add_feature: emitting feature-added for leaks
0:00:00.021638440  4433 0x55c0ee01c360 DEBUG   GST_REGISTRY gstregistrychunks.c:740:gst_registry_chunks_load_feature: Added feature leaks, plugin 0x55c0ee051160 coretracers
0:00:00.021644739  4433 0x55c0ee01c360 DEBUG   GST_REGISTRY gstregistrychunks.c:582:gst_registry_chunks_load_feature: Plugin 'coretracers' feature 'stats' typename : 'GstTracerFactory'
0:00:00.021651446  4433 0x55c0ee01c360 TRACE   GST_REFCOUNTING gstobject.c:208:gst_object_init: 0x55c0ee041f40 new
0:00:00.021658394  4433 0x55c0ee01c360 DEBUG   GST_REGISTRY gstregistrychunks.c:716:gst_registry_chunks_load_feature: Reading/casting for GstRegistryChunkPluginFeature at address 0x55c0ee0426d8
0:00:00.021665292  4433 0x55c0ee01c360 DEBUG   GST_REGISTRY gstregistry.c:580:gst_registry_add_feature: replacing existing feature 0x55c0ee042090 (stats)
0:00:00.021684078  4433 0x55c0ee01c360 DEBUG   GST_REGISTRY gstregistry.c:589:gst_registry_add_feature: adding feature 0x55c0ee041f40 (stats)
0:00:00.021689593  4433 0x55c0ee01c360 TRACE   GST_REFCOUNTING gstobject.c:788:gst_object_unparent: unparent
0:00:00.021696015  4433 0x55c0ee01c360 TRACE   GST_REFCOUNTING gstobject.c:264:gst_object_unref: 0x55c0ee042090 unref 1->0
0:00:00.021702235  4433 0x55c0ee01c360 TRACE   GST_REFCOUNTING gstobject.c:381:gst_object_dispose: 0x55c0ee042090 dispose
0:00:00.021725053  4433 0x55c0ee01c360 DEBUG   GST_PLUGIN_LOADING gstpluginfeature.c:67:gst_plugin_feature_finalize: finalizing feature 0x55c0ee042090: 'stats'
0:00:00.021737088  4433 0x55c0ee01c360 TRACE   GST_REFCOUNTING gstobject.c:423:gst_object_finalize: 0x55c0ee042090 finalize
0:00:00.021748052  4433 0x55c0ee01c360 DEBUG   GST_REFCOUNTING gstobject.c:708:gst_object_set_parent: set parent (ref and sink)
0:00:00.021759751  4433 0x55c0ee01c360 TRACE   GST_REFCOUNTING gstobject.c:292:gst_object_ref_sink: 0x55c0ee041f40 ref_sink 1->2
0:00:00.021767477  4433 0x55c0ee01c360 LOG   GST_REGISTRY gstregistry.c:607:gst_registry_add_feature: emitting feature-added for stats
0:00:00.021773915  4433 0x55c0ee01c360 DEBUG   GST_REGISTRY gstregistrychunks.c:740:gst_registry_chunks_load_feature: Added feature stats, plugin 0x55c0ee051160 coretracers
0:00:00.021779957  4433 0x55c0ee01c360 DEBUG   GST_REGISTRY gstregistrychunks.c:582:gst_registry_chunks_load_feature: Plugin 'coretracers' feature 'rusage' typename : 'GstTracerFactory'
0:00:00.021791874  4433 0x55c0ee01c360 TRACE   GST_REFCOUNTING gstobject.c:208:gst_object_init: 0x55c0ee051590 new
0:00:00.021799548  4433 0x55c0ee01c360 DEBUG   GST_REGISTRY gstregistrychunks.c:716:gst_registry_chunks_load_feature: Reading/casting for GstRegistryChunkPluginFeature at address 0x55c0ee0426f8
0:00:00.021806258  4433 0x55c0ee01c360 DEBUG   GST_REGISTRY gstregistry.c:580:gst_registry_add_feature: replacing existing feature 0x55c0ee0421e0 (rusage)
0:00:00.021812614  4433 0x55c0ee01c360 DEBUG   GST_REGISTRY gstregistry.c:589:gst_registry_add_feature: adding feature 0x55c0ee051590 (rusage)
0:00:00.021818170  4433 0x55c0ee01c360 TRACE   GST_REFCOUNTING gstobject.c:788:gst_object_unparent: unparent
0:00:00.021824755  4433 0x55c0ee01c360 TRACE   GST_REFCOUNTING gstobject.c:264:gst_object_unref: 0x55c0ee0421e0 unref 1->0
0:00:00.021830980  4433 0x55c0ee01c360 TRACE   GST_REFCOUNTING gstobject.c:381:gst_object_dispose: 0x55c0ee0421e0 dispose
0:00:00.021837507  4433 0x55c0ee01c360 DEBUG   GST_PLUGIN_LOADING gstpluginfeature.c:67:gst_plugin_feature_finalize: finalizing feature 0x55c0ee0421e0: 'rusage'
0:00:00.021843333  4433 0x55c0ee01c360 TRACE   GST_REFCOUNTING gstobject.c:423:gst_object_finalize: 0x55c0ee0421e0 finalize
0:00:00.021849160  4433 0x55c0ee01c360 DEBUG   GST_REFCOUNTING gstobject.c:708:gst_object_set_parent: set parent (ref and sink)
0:00:00.021855656  4433 0x55c0ee01c360 TRACE   GST_REFCOUNTING gstobject.c:292:gst_object_ref_sink: 0x55c0ee051590 ref_sink 1->2
0:00:00.021861740  4433 0x55c0ee01c360 LOG   GST_REGISTRY gstregistry.c:607:gst_registry_add_feature: emitting feature-added for rusage
0:00:00.021868026  4433 0x55c0ee01c360 DEBUG   GST_REGISTRY gstregistrychunks.c:740:gst_registry_chunks_load_feature: Added feature rusage, plugin 0x55c0ee051160 coretracers
0:00:00.021874116  4433 0x55c0ee01c360 DEBUG   GST_REGISTRY gstregistrychunks.c:582:gst_registry_chunks_load_feature: Plugin 'coretracers' feature 'log' typename : 'GstTracerFactory'
0:00:00.021880381  4433 0x55c0ee01c360 TRACE   GST_REFCOUNTING gstobject.c:208:gst_object_init: 0x55c0ee0421e0 new
0:00:00.021886988  4433 0x55c0ee01c360 DEBUG   GST_REGISTRY gstregistrychunks.c:716:gst_registry_chunks_load_feature: Reading/casting for GstRegistryChunkPluginFeature at address 0x55c0ee042718
0:00:00.021893560  4433 0x55c0ee01c360 DEBUG   GST_REGISTRY gstregistry.c:580:gst_registry_add_feature: replacing existing feature 0x55c0ee042340 (log)
0:00:00.021899685  4433 0x55c0ee01c360 DEBUG   GST_REGISTRY gstregistry.c:589:gst_registry_add_feature: adding feature 0x55c0ee0421e0 (log)
0:00:00.021905183  4433 0x55c0ee01c360 TRACE   GST_REFCOUNTING gstobject.c:788:gst_object_unparent: unparent
0:00:00.021911582  4433 0x55c0ee01c360 TRACE   GST_REFCOUNTING gstobject.c:264:gst_object_unref: 0x55c0ee042340 unref 1->0
0:00:00.021917708  4433 0x55c0ee01c360 TRACE   GST_REFCOUNTING gstobject.c:381:gst_object_dispose: 0x55c0ee042340 dispose
0:00:00.021924140  4433 0x55c0ee01c360 DEBUG   GST_PLUGIN_LOADING gstpluginfeature.c:67:gst_plugin_feature_finalize: finalizing feature 0x55c0ee042340: 'log'
0:00:00.021933956  4433 0x55c0ee01c360 TRACE   GST_REFCOUNTING gstobject.c:423:gst_object_finalize: 0x55c0ee042340 finalize
0:00:00.021939994  4433 0x55c0ee01c360 DEBUG   GST_REFCOUNTING gstobject.c:708:gst_object_set_parent: set parent (ref and sink)
0:00:00.021946580  4433 0x55c0ee01c360 TRACE   GST_REFCOUNTING gstobject.c:292:gst_object_ref_sink: 0x55c0ee0421e0 ref_sink 1->2
0:00:00.021952665  4433 0x55c0ee01c360 LOG   GST_REGISTRY gstregistry.c:607:gst_registry_add_feature: emitting feature-added for log
0:00:00.021958844  4433 0x55c0ee01c360 DEBUG   GST_REGISTRY gstregistrychunks.c:740:gst_registry_chunks_load_feature: Added feature log, plugin 0x55c0ee051160 coretracers
0:00:00.021964933  4433 0x55c0ee01c360 DEBUG   GST_REGISTRY gstregistrychunks.c:582:gst_registry_chunks_load_feature: Plugin 'coretracers' feature 'latency' typename : 'GstTracerFactory'
0:00:00.021971310  4433 0x55c0ee01c360 TRACE   GST_REFCOUNTING gstobject.c:208:gst_object_init: 0x55c0ee042340 new
0:00:00.021977867  4433 0x55c0ee01c360 DEBUG   GST_REGISTRY gstregistrychunks.c:716:gst_registry_chunks_load_feature: Reading/casting for GstRegistryChunkPluginFeature at address 0x55c0ee042740
