0:00:00.007170094  4433 0x55c0ee01c360 DEBUG   GST_POLL gstpoll.c:979:gst_poll_fd_ctl_write: 0x55c0ee041530: fd (fd:7, idx:1), active : 0
0:00:00.002520524  4434 0x55aca8d26360 DEBUG   GST_REGISTRY gstregistry.c:589:gst_registry_add_feature: adding feature 0x55aca8d4d060 (latency)
0:00:00.007181503  4433 0x55c0ee01c360 LOG   GST_POLL gstpoll.c:994:gst_poll_fd_ctl_write: 0x55c0ee041530: pfd->events now 56 (POLLOUT:4)
0:00:00.002529355  4434 0x55aca8d26360 DEBUG   GST_REFCOUNTING gstobject.c:708:gst_object_set_parent: set parent (ref and sink)
0:00:00.002537190  4434 0x55aca8d26360 TRACE   GST_REFCOUNTING gstobject.c:292:gst_object_ref_sink: 0x55aca8d4d060 ref_sink 1->2
0:00:00.007196105  4433 0x55c0ee01c360 LOG   GST_REGISTRY gstregistry.c:1299:gst_registry_scan_path_level: file /home/conan/w/prod/BuildSingleReference/.conan/data/gstreamer/1.18.4/_/_/package/62e0ab6106dfea3ec3ecb5db13d8d55a63451b50/lib/gstreamer-1.0/libgstcoreelements.so looks like a possible module
0:00:00.002543867  4434 0x55aca8d26360 LOG   GST_REGISTRY gstregistry.c:607:gst_registry_add_feature: emitting feature-added for latency
0:00:00.007203920  4433 0x55c0ee01c360 DEBUG   GST_REGISTRY gstregistry.c:1360:gst_registry_scan_path_level: file /home/conan/w/prod/BuildSingleReference/.conan/data/gstreamer/1.18.4/_/_/package/62e0ab6106dfea3ec3ecb5db13d8d55a63451b50/lib/gstreamer-1.0/libgstcoreelements.so not yet in registry
0:00:00.007210628  4433 0x55c0ee01c360 DEBUG   GST_REGISTRY gstregistry.c:1172:gst_registry_scan_plugin_file: Using scan-helper to load plugin /home/conan/w/prod/BuildSingleReference/.conan/data/gstreamer/1.18.4/_/_/package/62e0ab6106dfea3ec3ecb5db13d8d55a63451b50/lib/gstreamer-1.0/libgstcoreelements.so
0:00:00.002559666  4434 0x55aca8d26360 TRACE   GST_REFCOUNTING gstobject.c:208:gst_object_init: 0x55aca8d4d5d0 new
0:00:00.007217292  4433 0x55c0ee01c360 LOG   GST_PLUGIN_LOADING gstpluginloader.c:235:plugin_loader_load: Sending file /home/conan/w/prod/BuildSingleReference/.conan/data/gstreamer/1.18.4/_/_/package/62e0ab6106dfea3ec3ecb5db13d8d55a63451b50/lib/gstreamer-1.0/libgstcoreelements.so to child. tag 3
0:00:00.002568222  4434 0x55aca8d26360 DEBUG   GST_TRACER gsttracer.c:169:gst_tracer_register: new tracer factory for log
0:00:00.007224856  4433 0x55c0ee01c360 DEBUG   GST_POLL gstpoll.c:979:gst_poll_fd_ctl_write: 0x55c0ee041530: fd (fd:7, idx:1), active : 1
0:00:00.002576713  4434 0x55aca8d26360 DEBUG   GST_TRACER gsttracer.c:176:gst_tracer_register: tracer factory for 2832520016:GstLogTracer
0:00:00.007232505  4433 0x55c0ee01c360 LOG   GST_POLL gstpoll.c:994:gst_poll_fd_ctl_write: 0x55c0ee041530: pfd->events now 60 (POLLOUT:4)
0:00:00.002584535  4434 0x55aca8d26360 DEBUG   GST_REGISTRY gstregistry.c:589:gst_registry_add_feature: adding feature 0x55aca8d4d5d0 (log)
0:00:00.007241369  4433 0x55c0ee01c360 DEBUG   GST_POLL gstpoll.c:1414:gst_poll_wait: 0x55c0ee041530: timeout :0:00:01.000000000
0:00:00.002590904  4434 0x55aca8d26360 DEBUG   GST_REFCOUNTING gstobject.c:708:gst_object_set_parent: set parent (ref and sink)
0:00:00.007250065  4433 0x55c0ee01c360 LOG   GST_PLUGIN_LOADING gstpluginloader.c:1027:exchange_packets: Poll res = 1. 174 bytes pending for write
0:00:00.002598391  4434 0x55aca8d26360 TRACE   GST_REFCOUNTING gstobject.c:292:gst_object_ref_sink: 0x55aca8d4d5d0 ref_sink 1->2
0:00:00.007261353  4433 0x55c0ee01c360 DEBUG   GST_POLL gstpoll.c:1241:gst_poll_fd_has_error: 0x55c0ee041530: fd (fd:8, idx:2) 0
0:00:00.002609265  4434 0x55aca8d26360 LOG   GST_REGISTRY gstregistry.c:607:gst_registry_add_feature: emitting feature-added for log
0:00:00.007268554  4433 0x55c0ee01c360 DEBUG   GST_POLL gstpoll.c:1266:gst_poll_fd_can_read_unlocked: 0x55c0ee041530: fd (fd:8, idx:2) 0
0:00:00.007275483  4433 0x55c0ee01c360 DEBUG   GST_POLL gstpoll.c:1195:gst_poll_fd_has_closed: 0x55c0ee041530: fd (fd:8, idx:2) 0
0:00:00.002620709  4434 0x55aca8d26360 TRACE   GST_REFCOUNTING gstobject.c:208:gst_object_init: 0x55aca8d4d7f0 new
0:00:00.007281925  4433 0x55c0ee01c360 DEBUG   GST_POLL gstpoll.c:1241:gst_poll_fd_has_error: 0x55c0ee041530: fd (fd:7, idx:1) 0
0:00:00.002630930  4434 0x55aca8d26360 DEBUG   GST_TRACER gsttracer.c:169:gst_tracer_register: new tracer factory for rusage
0:00:00.007288644  4433 0x55c0ee01c360 DEBUG   GST_POLL gstpoll.c:1335:gst_poll_fd_can_write: 0x55c0ee041530: fd (fd:7, idx:1) 1
0:00:00.002638947  4434 0x55aca8d26360 DEBUG   GST_TRACER gsttracer.c:176:gst_tracer_register: tracer factory for 2832520352:GstRUsageTracer
0:00:00.007295135  4433 0x55c0ee01c360 LOG   GST_PLUGIN_LOADING gstpluginloader.c:690:write_one: Writing packet of size 174 bytes to fd 7
0:00:00.002646497  4434 0x55aca8d26360 DEBUG   GST_REGISTRY gstregistry.c:589:gst_registry_add_feature: adding feature 0x55aca8d4d7f0 (rusage)
0:00:00.007304154  4433 0x55c0ee01c360 DEBUG   GST_POLL gstpoll.c:979:gst_poll_fd_ctl_write: 0x55c0ee041530: fd (fd:7, idx:1), active : 0
0:00:00.002652770  4434 0x55aca8d26360 DEBUG   GST_REFCOUNTING gstobject.c:708:gst_object_set_parent: set parent (ref and sink)
0:00:00.007311032  4433 0x55c0ee01c360 LOG   GST_POLL gstpoll.c:994:gst_poll_fd_ctl_write: 0x55c0ee041530: pfd->events now 56 (POLLOUT:4)
0:00:00.002660122  4434 0x55aca8d26360 TRACE   GST_REFCOUNTING gstobject.c:292:gst_object_ref_sink: 0x55aca8d4d7f0 ref_sink 1->2
0:00:00.002666930  4434 0x55aca8d26360 LOG   GST_REGISTRY gstregistry.c:607:gst_registry_add_feature: emitting feature-added for rusage
0:00:00.007322198  4433 0x55c0ee01c360 DEBUG   GST_REGISTRY gstregistry.c:1383:gst_registry_scan_path_internal: registry changed in path /home/conan/w/prod/BuildSingleReference/.conan/data/gstreamer/1.18.4/_/_/package/62e0ab6106dfea3ec3ecb5db13d8d55a63451b50/lib/gstreamer-1.0: 0
0:00:00.007333235  4433 0x55c0ee01c360 DEBUG   GST_POLL gstpoll.c:979:gst_poll_fd_ctl_write: 0x55c0ee041530: fd (fd:7, idx:1), active : 1
0:00:00.002682870  4434 0x55aca8d26360 TRACE   GST_REFCOUNTING gstobject.c:208:gst_object_init: 0x55aca8d4dbf0 new
0:00:00.007339642  4433 0x55c0ee01c360 LOG   GST_POLL gstpoll.c:994:gst_poll_fd_ctl_write: 0x55c0ee041530: pfd->events now 60 (POLLOUT:4)
0:00:00.002691665  4434 0x55aca8d26360 DEBUG   GST_TRACER gsttracer.c:169:gst_tracer_register: new tracer factory for stats
0:00:00.007348133  4433 0x55c0ee01c360 DEBUG   GST_POLL gstpoll.c:1414:gst_poll_wait: 0x55c0ee041530: timeout :0:00:01.000000000
0:00:00.002706087  4434 0x55aca8d26360 DEBUG   GST_TRACER gsttracer.c:176:gst_tracer_register: tracer factory for 2832521696:GstStatsTracer
0:00:00.007363800  4433 0x55c0ee01c360 LOG   GST_PLUGIN_LOADING gstpluginloader.c:1027:exchange_packets: Poll res = 1. 12 bytes pending for write
0:00:00.002713798  4434 0x55aca8d26360 DEBUG   GST_REGISTRY gstregistry.c:589:gst_registry_add_feature: adding feature 0x55aca8d4dbf0 (stats)
0:00:00.007370974  4433 0x55c0ee01c360 DEBUG   GST_POLL gstpoll.c:1241:gst_poll_fd_has_error: 0x55c0ee041530: fd (fd:8, idx:2) 0
0:00:00.002720042  4434 0x55aca8d26360 DEBUG   GST_REFCOUNTING gstobject.c:708:gst_object_set_parent: set parent (ref and sink)
0:00:00.007377724  4433 0x55c0ee01c360 DEBUG   GST_POLL gstpoll.c:1266:gst_poll_fd_can_read_unlocked: 0x55c0ee041530: fd (fd:8, idx:2) 0
0:00:00.002727480  4434 0x55aca8d26360 TRACE   GST_REFCOUNTING gstobject.c:292:gst_object_ref_sink: 0x55aca8d4dbf0 ref_sink 1->2
0:00:00.007384315  4433 0x55c0ee01c360 DEBUG   GST_POLL gstpoll.c:1195:gst_poll_fd_has_closed: 0x55c0ee041530: fd (fd:8, idx:2) 0
0:00:00.002734481  4434 0x55aca8d26360 LOG   GST_REGISTRY gstregistry.c:607:gst_registry_add_feature: emitting feature-added for stats
0:00:00.007391302  4433 0x55c0ee01c360 DEBUG   GST_POLL gstpoll.c:1241:gst_poll_fd_has_error: 0x55c0ee041530: fd (fd:7, idx:1) 0
0:00:00.007398089  4433 0x55c0ee01c360 DEBUG   GST_POLL gstpoll.c:1335:gst_poll_fd_can_write: 0x55c0ee041530: fd (fd:7, idx:1) 1
0:00:00.002745424  4434 0x55aca8d26360 TRACE   GST_REFCOUNTING gstobject.c:208:gst_object_init: 0x55aca8d4de90 new
0:00:00.007403991  4433 0x55c0ee01c360 LOG   GST_PLUGIN_LOADING gstpluginloader.c:690:write_one: Writing packet of size 12 bytes to fd 7
0:00:00.002753726  4434 0x55aca8d26360 DEBUG   GST_TRACER gsttracer.c:169:gst_tracer_register: new tracer factory for leaks
0:00:00.007412291  4433 0x55c0ee01c360 DEBUG   GST_POLL gstpoll.c:979:gst_poll_fd_ctl_write: 0x55c0ee041530: fd (fd:7, idx:1), active : 0
0:00:00.002764394  4434 0x55aca8d26360 DEBUG   GST_TRACER gsttracer.c:176:gst_tracer_register: tracer factory for 2832522448:GstLeaksTracer
0:00:00.002771930  4434 0x55aca8d26360 DEBUG   GST_REGISTRY gstregistry.c:589:gst_registry_add_feature: adding feature 0x55aca8d4de90 (leaks)
0:00:00.002777623  4434 0x55aca8d26360 DEBUG   GST_REFCOUNTING gstobject.c:708:gst_object_set_parent: set parent (ref and sink)
0:00:00.002784847  4434 0x55aca8d26360 TRACE   GST_REFCOUNTING gstobject.c:292:gst_object_ref_sink: 0x55aca8d4de90 ref_sink 1->2
0:00:00.002791221  4434 0x55aca8d26360 LOG   GST_REGISTRY gstregistry.c:607:gst_registry_add_feature: emitting feature-added for leaks
0:00:00.007419106  4433 0x55c0ee01c360 LOG   GST_POLL gstpoll.c:994:gst_poll_fd_ctl_write: 0x55c0ee041530: pfd->events now 56 (POLLOUT:4)
0:00:00.002797584  4434 0x55aca8d26360 LOG   GST_PLUGIN_LOADING gstplugin.c:541:gst_plugin_register_func: plugin "/home/conan/w/prod/BuildSingleReference/.conan/data/gstreamer/1.18.4/_/_/package/62e0ab6106dfea3ec3ecb5db13d8d55a63451b50/lib/gstreamer-1.0/libgstcoretracers.so" initialised
0:00:00.007461192  4433 0x55c0ee01c360 DEBUG   GST_POLL gstpoll.c:1414:gst_poll_wait: 0x55c0ee041530: timeout :0:00:01.000000000
0:00:00.002811738  4434 0x55aca8d26360 INFO   GST_PLUGIN_LOADING gstplugin.c:915:_priv_gst_plugin_load_file_for_registry: plugin "/home/conan/w/prod/BuildSingleReference/.conan/data/gstreamer/1.18.4/_/_/package/62e0ab6106dfea3ec3ecb5db13d8d55a63451b50/lib/gstreamer-1.0/libgstcoretracers.so" loaded
0:00:00.002821070  4434 0x55aca8d26360 TRACE   GST_REFCOUNTING gstobject.c:237:gst_object_ref: 0x55aca8d4c2f0 ref 1->2
0:00:00.002828461  4434 0x55aca8d26360 DEBUG   GST_REGISTRY gstregistry.c:473:gst_registry_add_plugin: adding plugin 0x55aca8d4c2f0 for filename "/home/conan/w/prod/BuildSingleReference/.conan/data/gstreamer/1.18.4/_/_/package/62e0ab6106dfea3ec3ecb5db13d8d55a63451b50/lib/gstreamer-1.0/libgstcoretracers.so"
0:00:00.002835570  4434 0x55aca8d26360 TRACE   GST_REFCOUNTING gstobject.c:292:gst_object_ref_sink: 0x55aca8d4c2f0 ref_sink 2->3
0:00:00.002842580  4434 0x55aca8d26360 LOG   GST_REGISTRY gstregistry.c:486:gst_registry_add_plugin: emitting plugin-added for filename "/home/conan/w/prod/BuildSingleReference/.conan/data/gstreamer/1.18.4/_/_/package/62e0ab6106dfea3ec3ecb5db13d8d55a63451b50/lib/gstreamer-1.0/libgstcoretracers.so"
0:00:00.002850073  4434 0x55aca8d26360 TRACE   GST_REFCOUNTING gstobject.c:237:gst_object_ref: 0x55aca8d4de90 ref 1->2
0:00:00.002857597  4434 0x55aca8d26360 TRACE   GST_REFCOUNTING gstobject.c:237:gst_object_ref: 0x55aca8d4dbf0 ref 1->2
0:00:00.002864775  4434 0x55aca8d26360 TRACE   GST_REFCOUNTING gstobject.c:237:gst_object_ref: 0x55aca8d4d7f0 ref 1->2
0:00:00.002872049  4434 0x55aca8d26360 TRACE   GST_REFCOUNTING gstobject.c:237:gst_object_ref: 0x55aca8d4d5d0 ref 1->2
0:00:00.002879058  4434 0x55aca8d26360 TRACE   GST_REFCOUNTING gstobject.c:237:gst_object_ref: 0x55aca8d4d060 ref 1->2
0:00:00.002892101  4434 0x55aca8d26360 TRACE   GST_REFCOUNTING gstobject.c:264:gst_object_unref: 0x55aca8d4d060 unref 2->1
0:00:00.002899873  4434 0x55aca8d26360 TRACE   GST_REFCOUNTING gstobject.c:264:gst_object_unref: 0x55aca8d4d5d0 unref 2->1
0:00:00.002906682  4434 0x55aca8d26360 TRACE   GST_REFCOUNTING gstobject.c:264:gst_object_unref: 0x55aca8d4d7f0 unref 2->1
0:00:00.002913474  4434 0x55aca8d26360 TRACE   GST_REFCOUNTING gstobject.c:264:gst_object_unref: 0x55aca8d4dbf0 unref 2->1
0:00:00.002920209  4434 0x55aca8d26360 TRACE   GST_REFCOUNTING gstobject.c:264:gst_object_unref: 0x55aca8d4de90 unref 2->1
0:00:00.002937141  4434 0x55aca8d26360 DEBUG   GST_REGISTRY gstregistrychunks.c:497:_priv_gst_registry_chunks_save_plugin: Found 5 features in plugin 0x55aca8d4c2f0 (coretracers)
0:00:00.002947770  4434 0x55aca8d26360 DEBUG   GST_POLL gstpoll.c:979:gst_poll_fd_ctl_write: 0x55aca8d4a970: fd (fd:0, idx:1), active : 1
0:00:00.002954727  4434 0x55aca8d26360 LOG   GST_POLL gstpoll.c:994:gst_poll_fd_ctl_write: 0x55aca8d4a970: pfd->events now 60 (POLLOUT:4)
0:00:00.002967929  4434 0x55aca8d26360 DEBUG   GST_POLL gstpoll.c:979:gst_poll_fd_ctl_write: 0x55aca8d4a970: fd (fd:0, idx:1), active : 1
0:00:00.002977101  4434 0x55aca8d26360 LOG   GST_POLL gstpoll.c:994:gst_poll_fd_ctl_write: 0x55aca8d4a970: pfd->events now 60 (POLLOUT:4)
0:00:00.002988639  4434 0x55aca8d26360 DEBUG   GST_POLL gstpoll.c:979:gst_poll_fd_ctl_write: 0x55aca8d4a970: fd (fd:0, idx:1), active : 1
0:00:00.002997134  4434 0x55aca8d26360 LOG   GST_POLL gstpoll.c:994:gst_poll_fd_ctl_write: 0x55aca8d4a970: pfd->events now 60 (POLLOUT:4)
0:00:00.003008042  4434 0x55aca8d26360 DEBUG   GST_POLL gstpoll.c:979:gst_poll_fd_ctl_write: 0x55aca8d4a970: fd (fd:0, idx:1), active : 1
0:00:00.003018585  4434 0x55aca8d26360 LOG   GST_POLL gstpoll.c:994:gst_poll_fd_ctl_write: 0x55aca8d4a970: pfd->events now 60 (POLLOUT:4)
0:00:00.003028886  4434 0x55aca8d26360 DEBUG   GST_POLL gstpoll.c:979:gst_poll_fd_ctl_write: 0x55aca8d4a970: fd (fd:0, idx:1), active : 1
0:00:00.003038893  4434 0x55aca8d26360 LOG   GST_POLL gstpoll.c:994:gst_poll_fd_ctl_write: 0x55aca8d4a970: pfd->events now 60 (POLLOUT:4)
0:00:00.003130336  4434 0x55aca8d26360 DEBUG   GST_POLL gstpoll.c:979:gst_poll_fd_ctl_write: 0x55aca8d4a970: fd (fd:0, idx:1), active : 1
0:00:00.003141939  4434 0x55aca8d26360 LOG   GST_POLL gstpoll.c:994:gst_poll_fd_ctl_write: 0x55aca8d4a970: pfd->events now 60 (POLLOUT:4)
0:00:00.003150701  4434 0x55aca8d26360 DEBUG   GST_POLL gstpoll.c:979:gst_poll_fd_ctl_write: 0x55aca8d4a970: fd (fd:0, idx:1), active : 1
0:00:00.003161290  4434 0x55aca8d26360 LOG   GST_POLL gstpoll.c:994:gst_poll_fd_ctl_write: 0x55aca8d4a970: pfd->events now 60 (POLLOUT:4)
0:00:00.003184169  4434 0x55aca8d26360 DEBUG   GST_POLL gstpoll.c:979:gst_poll_fd_ctl_write: 0x55aca8d4a970: fd (fd:0, idx:1), active : 1
0:00:00.003195371  4434 0x55aca8d26360 LOG   GST_POLL gstpoll.c:994:gst_poll_fd_ctl_write: 0x55aca8d4a970: pfd->events now 60 (POLLOUT:4)
0:00:00.003205164  4434 0x55aca8d26360 DEBUG   GST_POLL gstpoll.c:979:gst_poll_fd_ctl_write: 0x55aca8d4a970: fd (fd:0, idx:1), active : 1
0:00:00.003214438  4434 0x55aca8d26360 LOG   GST_POLL gstpoll.c:994:gst_poll_fd_ctl_write: 0x55aca8d4a970: pfd->events now 60 (POLLOUT:4)
0:00:00.003223455  4434 0x55aca8d26360 DEBUG   GST_POLL gstpoll.c:979:gst_poll_fd_ctl_write: 0x55aca8d4a970: fd (fd:0, idx:1), active : 1
0:00:00.003231674  4434 0x55aca8d26360 LOG   GST_POLL gstpoll.c:994:gst_poll_fd_ctl_write: 0x55aca8d4a970: pfd->events now 60 (POLLOUT:4)
0:00:00.003240340  4434 0x55aca8d26360 DEBUG   GST_POLL gstpoll.c:979:gst_poll_fd_ctl_write: 0x55aca8d4a970: fd (fd:0, idx:1), active : 1
0:00:00.003247798  4434 0x55aca8d26360 LOG   GST_POLL gstpoll.c:994:gst_poll_fd_ctl_write: 0x55aca8d4a970: pfd->events now 60 (POLLOUT:4)
0:00:00.003257852  4434 0x55aca8d26360 DEBUG   GST_POLL gstpoll.c:979:gst_poll_fd_ctl_write: 0x55aca8d4a970: fd (fd:0, idx:1), active : 1
0:00:00.003267978  4434 0x55aca8d26360 LOG   GST_POLL gstpoll.c:994:gst_poll_fd_ctl_write: 0x55aca8d4a970: pfd->events now 60 (POLLOUT:4)
0:00:00.003278207  4434 0x55aca8d26360 DEBUG   GST_POLL gstpoll.c:979:gst_poll_fd_ctl_write: 0x55aca8d4a970: fd (fd:0, idx:1), active : 1
0:00:00.003293534  4434 0x55aca8d26360 LOG   GST_POLL gstpoll.c:994:gst_poll_fd_ctl_write: 0x55aca8d4a970: pfd->events now 60 (POLLOUT:4)
0:00:00.003302381  4434 0x55aca8d26360 DEBUG   GST_POLL gstpoll.c:979:gst_poll_fd_ctl_write: 0x55aca8d4a970: fd (fd:0, idx:1), active : 1
0:00:00.003310735  4434 0x55aca8d26360 LOG   GST_POLL gstpoll.c:994:gst_poll_fd_ctl_write: 0x55aca8d4a970: pfd->events now 60 (POLLOUT:4)
0:00:00.003319574  4434 0x55aca8d26360 DEBUG   GST_POLL gstpoll.c:979:gst_poll_fd_ctl_write: 0x55aca8d4a970: fd (fd:0, idx:1), active : 1
0:00:00.003325971  4434 0x55aca8d26360 LOG   GST_POLL gstpoll.c:994:gst_poll_fd_ctl_write: 0x55aca8d4a970: pfd->events now 60 (POLLOUT:4)
0:00:00.003331923  4434 0x55aca8d26360 DEBUG   GST_POLL gstpoll.c:979:gst_poll_fd_ctl_write: 0x55aca8d4a970: fd (fd:0, idx:1), active : 1
0:00:00.003338938  4434 0x55aca8d26360 LOG   GST_POLL gstpoll.c:994:gst_poll_fd_ctl_write: 0x55aca8d4a970: pfd->events now 60 (POLLOUT:4)
0:00:00.003349952  4434 0x55aca8d26360 DEBUG   GST_POLL gstpoll.c:979:gst_poll_fd_ctl_write: 0x55aca8d4a970: fd (fd:0, idx:1), active : 1
0:00:00.003359290  4434 0x55aca8d26360 LOG   GST_POLL gstpoll.c:994:gst_poll_fd_ctl_write: 0x55aca8d4a970: pfd->events now 60 (POLLOUT:4)
0:00:00.003369855  4434 0x55aca8d26360 DEBUG   GST_POLL gstpoll.c:979:gst_poll_fd_ctl_write: 0x55aca8d4a970: fd (fd:0, idx:1), active : 1
0:00:00.003380465  4434 0x55aca8d26360 LOG   GST_POLL gstpoll.c:994:gst_poll_fd_ctl_write: 0x55aca8d4a970: pfd->events now 60 (POLLOUT:4)
0:00:00.003391272  4434 0x55aca8d26360 DEBUG   GST_POLL gstpoll.c:979:gst_poll_fd_ctl_write: 0x55aca8d4a970: fd (fd:0, idx:1), active : 1
0:00:00.003400794  4434 0x55aca8d26360 LOG   GST_POLL gstpoll.c:994:gst_poll_fd_ctl_write: 0x55aca8d4a970: pfd->events now 60 (POLLOUT:4)
0:00:00.003411330  4434 0x55aca8d26360 DEBUG   GST_POLL gstpoll.c:979:gst_poll_fd_ctl_write: 0x55aca8d4a970: fd (fd:0, idx:1), active : 1
0:00:00.003421300  4434 0x55aca8d26360 LOG   GST_POLL gstpoll.c:994:gst_poll_fd_ctl_write: 0x55aca8d4a970: pfd->events now 60 (POLLOUT:4)
0:00:00.003430185  4434 0x55aca8d26360 DEBUG   GST_POLL gstpoll.c:979:gst_poll_fd_ctl_write: 0x55aca8d4a970: fd (fd:0, idx:1), active : 1
0:00:00.003438502  4434 0x55aca8d26360 LOG   GST_POLL gstpoll.c:994:gst_poll_fd_ctl_write: 0x55aca8d4a970: pfd->events now 60 (POLLOUT:4)
0:00:00.003447192  4434 0x55aca8d26360 DEBUG   GST_POLL gstpoll.c:979:gst_poll_fd_ctl_write: 0x55aca8d4a970: fd (fd:0, idx:1), active : 1
0:00:00.003455399  4434 0x55aca8d26360 LOG   GST_POLL gstpoll.c:994:gst_poll_fd_ctl_write: 0x55aca8d4a970: pfd->events now 60 (POLLOUT:4)
0:00:00.003463923  4434 0x55aca8d26360 DEBUG   GST_POLL gstpoll.c:979:gst_poll_fd_ctl_write: 0x55aca8d4a970: fd (fd:0, idx:1), active : 1
0:00:00.003474932  4434 0x55aca8d26360 LOG   GST_POLL gstpoll.c:994:gst_poll_fd_ctl_write: 0x55aca8d4a970: pfd->events now 60 (POLLOUT:4)
0:00:00.003486041  4434 0x55aca8d26360 DEBUG   GST_POLL gstpoll.c:979:gst_poll_fd_ctl_write: 0x55aca8d4a970: fd (fd:0, idx:1), active : 1
0:00:00.003501569  4434 0x55aca8d26360 LOG   GST_POLL gstpoll.c:994:gst_poll_fd_ctl_write: 0x55aca8d4a970: pfd->events now 60 (POLLOUT:4)
0:00:00.003513023  4434 0x55aca8d26360 DEBUG   GST_POLL gstpoll.c:979:gst_poll_fd_ctl_write: 0x55aca8d4a970: fd (fd:0, idx:1), active : 1
0:00:00.003522015  4434 0x55aca8d26360 LOG   GST_POLL gstpoll.c:994:gst_poll_fd_ctl_write: 0x55aca8d4a970: pfd->events now 60 (POLLOUT:4)
0:00:00.003530880  4434 0x55aca8d26360 DEBUG   GST_POLL gstpoll.c:979:gst_poll_fd_ctl_write: 0x55aca8d4a970: fd (fd:0, idx:1), active : 1
0:00:00.003541503  4434 0x55aca8d26360 LOG   GST_POLL gstpoll.c:994:gst_poll_fd_ctl_write: 0x55aca8d4a970: pfd->events now 60 (POLLOUT:4)
0:00:00.003553090  4434 0x55aca8d26360 DEBUG   GST_POLL gstpoll.c:979:gst_poll_fd_ctl_write: 0x55aca8d4a970: fd (fd:0, idx:1), active : 1
0:00:00.003563352  4434 0x55aca8d26360 LOG   GST_POLL gstpoll.c:994:gst_poll_fd_ctl_write: 0x55aca8d4a970: pfd->events now 60 (POLLOUT:4)
0:00:00.003575709  4434 0x55aca8d26360 TRACE   GST_REFCOUNTING gstobject.c:264:gst_object_unref: 0x55aca8d4c2f0 unref 2->1
0:00:00.003587375  4434 0x55aca8d26360 DEBUG   GST_POLL gstpoll.c:1241:gst_poll_fd_has_error: 0x55aca8d4a970: fd (fd:0, idx:1) 0
0:00:00.003599445  4434 0x55aca8d26360 DEBUG   GST_POLL gstpoll.c:1335:gst_poll_fd_can_write: 0x55aca8d4a970: fd (fd:0, idx:1) 0
0:00:00.003609039  4434 0x55aca8d26360 DEBUG   GST_POLL gstpoll.c:1195:gst_poll_fd_has_closed: 0x55aca8d4a970: fd (fd:0, idx:1) 0
0:00:00.003620363  4434 0x55aca8d26360 DEBUG   GST_POLL gstpoll.c:1414:gst_poll_wait: 0x55aca8d4a970: timeout :0:00:01.000000000
0:00:00.003634560  4434 0x55aca8d26360 LOG   GST_PLUGIN_LOADING gstpluginloader.c:1027:exchange_packets: Poll res = 2. 488 bytes pending for write
0:00:00.003648119  4434 0x55aca8d26360 DEBUG   GST_POLL gstpoll.c:1241:gst_poll_fd_has_error: 0x55aca8d4a970: fd (fd:5, idx:2) 0
0:00:00.003659613  4434 0x55aca8d26360 DEBUG   GST_POLL gstpoll.c:1266:gst_poll_fd_can_read_unlocked: 0x55aca8d4a970: fd (fd:5, idx:2) 1
0:00:00.003676304  4434 0x55aca8d26360 DEBUG   GST_PLUGIN_LOADING gstpluginloader.c:722:do_plugin_load: Plugin scanner loading file /home/conan/w/prod/BuildSingleReference/.conan/data/gstreamer/1.18.4/_/_/package/62e0ab6106dfea3ec3ecb5db13d8d55a63451b50/lib/gstreamer-1.0/libgstcoreelements.so. tag 1
0:00:00.003690719  4434 0x55aca8d26360 DEBUG   GST_PLUGIN_LOADING gstplugin.c:767:_priv_gst_plugin_load_file_for_registry: attempt to load plugin "/home/conan/w/prod/BuildSingleReference/.conan/data/gstreamer/1.18.4/_/_/package/62e0ab6106dfea3ec3ecb5db13d8d55a63451b50/lib/gstreamer-1.0/libgstcoreelements.so"
0:00:00.004146959  4434 0x55aca8d26360 TRACE   GST_REFCOUNTING gstobject.c:208:gst_object_init: 0x55aca8d4e670 new
0:00:00.004171745  4434 0x55aca8d26360 LOG   GST_PLUGIN_LOADING gstplugin.c:889:_priv_gst_plugin_load_file_for_registry: Plugin 0x55aca8d4e670 for file "/home/conan/w/prod/BuildSingleReference/.conan/data/gstreamer/1.18.4/_/_/package/62e0ab6106dfea3ec3ecb5db13d8d55a63451b50/lib/gstreamer-1.0/libgstcoreelements.so" prepared, calling entry function...
0:00:00.004180933  4434 0x55aca8d26360 LOG   GST_PLUGIN_LOADING gstplugin.c:896:_priv_gst_plugin_load_file_for_registry: Plugin 0x55aca8d4e670 for file "/home/conan/w/prod/BuildSingleReference/.conan/data/gstreamer/1.18.4/_/_/package/62e0ab6106dfea3ec3ecb5db13d8d55a63451b50/lib/gstreamer-1.0/libgstcoreelements.so" prepared, registering...
0:00:00.004197196  4434 0x55aca8d26360 LOG   GST_PLUGIN_LOADING gstplugin.c:514:gst_plugin_register_func: plugin "/home/conan/w/prod/BuildSingleReference/.conan/data/gstreamer/1.18.4/_/_/package/62e0ab6106dfea3ec3ecb5db13d8d55a63451b50/lib/gstreamer-1.0/libgstcoreelements.so" looks good
0:00:00.004234870  4434 0x55aca8d26360 TRACE   GST_REFCOUNTING gstobject.c:208:gst_object_init: 0x55aca8d500b0 new
0:00:00.004244984  4434 0x55aca8d26360 LOG   GST_ELEMENT_FACTORY gstelementfactory.c:237:gst_element_register: Created new elementfactory for type GstCapsFilter
0:00:00.004252990  4434 0x55aca8d26360 TRACE   structure gststructure.c:287:gst_structure_new_id_empty_with_size: created structure 0x55aca8d506d0
0:00:00.004259769  4434 0x55aca8d26360 TRACE   GST_PERFORMANCE gststructure.c:508:gst_structure_copy: doing copy 0x55aca8d35130 -> 0x55aca8d506d0
0:00:00.004267028  4434 0x55aca8d26360 DEBUG   GST_ELEMENT_PADS gstelement.c:311:gst_element_base_class_init: type GstBaseTransform : factory (nil)
0:00:00.004279733  4434 0x55aca8d26360 DEBUG   basetransform gstbasetransform.c:333:gst_base_transform_class_init: gst_base_transform_class_init
0:00:00.004290948  4434 0x55aca8d26360 TRACE   structure gststructure.c:287:gst_structure_new_id_empty_with_size: created structure 0x55aca8d50ce0
0:00:00.004297130  4434 0x55aca8d26360 TRACE   GST_PERFORMANCE gststructure.c:508:gst_structure_copy: doing copy 0x55aca8d506d0 -> 0x55aca8d50ce0
0:00:00.004303504  4434 0x55aca8d26360 DEBUG   GST_ELEMENT_PADS gstelement.c:311:gst_element_base_class_init: type GstCapsFilter : factory 0x55aca8d500b0
0:00:00.004322223  4434 0x55aca8d26360 TRACE   GST_CAPS gstcaps.c:263:gst_caps_new_empty: created caps 0x55aca8d4f0c0
0:00:00.004329579  4434 0x55aca8d26360 TRACE   GST_CAPS gstcaps.c:442:gst_static_caps_get: created 0x7fc83d1e0ef0 from string ANY
0:00:00.004336427  4434 0x55aca8d26360 TRACE   GST_REFCOUNTING gstminiobject.c:465:gst_mini_object_ref: 0x55aca8d4f0c0 ref 1->2
0:00:00.004356275  4434 0x55aca8d26360 TRACE   GST_REFCOUNTING gstobject.c:208:gst_object_init: 0x55aca8d51690 new
0:00:00.004367498  4434 0x55aca8d26360 TRACE   GST_REFCOUNTING gstminiobject.c:465:gst_mini_object_ref: 0x55aca8d4f0c0 ref 2->3
0:00:00.004377741  4434 0x55aca8d26360 TRACE   GST_REFCOUNTING gstminiobject.c:647:gst_mini_object_unref: 0x55aca8d4f0c0 unref 3->2
0:00:00.004384824  4434 0x55aca8d26360 TRACE   GST_REFCOUNTING gstobject.c:292:gst_object_ref_sink: 0x55aca8d51690 ref_sink 1->2
0:00:00.004391199  4434 0x55aca8d26360 TRACE   GST_CAPS gstcaps.c:263:gst_caps_new_empty: created caps 0x55aca8d4ede0
0:00:00.004397170  4434 0x55aca8d26360 TRACE   GST_CAPS gstcaps.c:442:gst_static_caps_get: created 0x7fc83d1e0f30 from string ANY
0:00:00.004403164  4434 0x55aca8d26360 TRACE   GST_REFCOUNTING gstminiobject.c:465:gst_mini_object_ref: 0x55aca8d4ede0 ref 1->2
0:00:00.004416006  4434 0x55aca8d26360 TRACE   GST_REFCOUNTING gstobject.c:208:gst_object_init: 0x55aca8d51900 new
0:00:00.004423503  4434 0x55aca8d26360 TRACE   GST_REFCOUNTING gstminiobject.c:465:gst_mini_object_ref: 0x55aca8d4ede0 ref 2->3
0:00:00.004430853  4434 0x55aca8d26360 TRACE   GST_REFCOUNTING gstminiobject.c:647:gst_mini_object_unref: 0x55aca8d4ede0 unref 3->2
0:00:00.004437464  4434 0x55aca8d26360 TRACE   GST_REFCOUNTING gstobject.c:292:gst_object_ref_sink: 0x55aca8d51900 ref_sink 1->2
0:00:00.004445877  4434 0x55aca8d26360 TRACE   structure gststructure.c:287:gst_structure_new_id_empty_with_size: created structure 0x55aca8d51a90
0:00:00.004452324  4434 0x55aca8d26360 TRACE   GST_PERFORMANCE gststructure.c:508:gst_structure_copy: doing copy 0x55aca8d50ce0 -> 0x55aca8d51a90
0:00:00.004461494  4434 0x55aca8d26360 DEBUG   GST_REGISTRY gstregistry.c:589:gst_registry_add_feature: adding feature 0x55aca8d500b0 (capsfilter)
0:00:00.004468944  4434 0x55aca8d26360 DEBUG   GST_REFCOUNTING gstobject.c:708:gst_object_set_parent: set parent (ref and sink)
0:00:00.004475516  4434 0x55aca8d26360 TRACE   GST_REFCOUNTING gstobject.c:292:gst_object_ref_sink: 0x55aca8d500b0 ref_sink 1->2
0:00:00.004481788  4434 0x55aca8d26360 LOG   GST_REGISTRY gstregistry.c:607:gst_registry_add_feature: emitting feature-added for capsfilter
0:00:00.004495137  4434 0x55aca8d26360 TRACE   GST_REFCOUNTING gstobject.c:208:gst_object_init: 0x55aca8d51fb0 new
0:00:00.004503532  4434 0x55aca8d26360 LOG   GST_ELEMENT_FACTORY gstelementfactory.c:237:gst_element_register: Created new elementfactory for type GstClockSync
0:00:00.004510401  4434 0x55aca8d26360 TRACE   structure gststructure.c:287:gst_structure_new_id_empty_with_size: created structure 0x55aca8d52390
0:00:00.004516195  4434 0x55aca8d26360 TRACE   GST_PERFORMANCE gststructure.c:508:gst_structure_copy: doing copy 0x55aca8d35130 -> 0x55aca8d52390
0:00:00.004522416  4434 0x55aca8d26360 DEBUG   GST_ELEMENT_PADS gstelement.c:311:gst_element_base_class_init: type GstClockSync : factory 0x55aca8d51fb0
0:00:00.004532854  4434 0x55aca8d26360 TRACE   GST_CAPS gstcaps.c:263:gst_caps_new_empty: created caps 0x55aca8d520e0
0:00:00.004539125  4434 0x55aca8d26360 TRACE   GST_CAPS gstcaps.c:442:gst_static_caps_get: created 0x7fc83d1e0f70 from string ANY
0:00:00.004545038  4434 0x55aca8d26360 TRACE   GST_REFCOUNTING gstminiobject.c:465:gst_mini_object_ref: 0x55aca8d520e0 ref 1->2
0:00:00.004552527  4434 0x55aca8d26360 TRACE   GST_REFCOUNTING gstobject.c:208:gst_object_init: 0x55aca8d525d0 new
0:00:00.004560115  4434 0x55aca8d26360 TRACE   GST_REFCOUNTING gstminiobject.c:465:gst_mini_object_ref: 0x55aca8d520e0 ref 2->3
0:00:00.004567603  4434 0x55aca8d26360 TRACE   GST_REFCOUNTING gstminiobject.c:647:gst_mini_object_unref: 0x55aca8d520e0 unref 3->2
0:00:00.004574189  4434 0x55aca8d26360 TRACE   GST_REFCOUNTING gstobject.c:292:gst_object_ref_sink: 0x55aca8d525d0 ref_sink 1->2
0:00:00.004580437  4434 0x55aca8d26360 TRACE   GST_CAPS gstcaps.c:263:gst_caps_new_empty: created caps 0x55aca8d35750
0:00:00.004590770  4434 0x55aca8d26360 TRACE   GST_CAPS gstcaps.c:442:gst_static_caps_get: created 0x7fc83d1e0fb0 from string ANY
0:00:00.004596911  4434 0x55aca8d26360 TRACE   GST_REFCOUNTING gstminiobject.c:465:gst_mini_object_ref: 0x55aca8d35750 ref 1->2
0:00:00.004604008  4434 0x55aca8d26360 TRACE   GST_REFCOUNTING gstobject.c:208:gst_object_init: 0x55aca8d527c0 new
0:00:00.004611295  4434 0x55aca8d26360 TRACE   GST_REFCOUNTING gstminiobject.c:465:gst_mini_object_ref: 0x55aca8d35750 ref 2->3
0:00:00.004618549  4434 0x55aca8d26360 TRACE   GST_REFCOUNTING gstminiobject.c:647:gst_mini_object_unref: 0x55aca8d35750 unref 3->2
0:00:00.004625104  4434 0x55aca8d26360 TRACE   GST_REFCOUNTING gstobject.c:292:gst_object_ref_sink: 0x55aca8d527c0 ref_sink 1->2
0:00:00.004631931  4434 0x55aca8d26360 TRACE   structure gststructure.c:287:gst_structure_new_id_empty_with_size: created structure 0x55aca8d52aa0
0:00:00.004638177  4434 0x55aca8d26360 TRACE   GST_PERFORMANCE gststructure.c:508:gst_structure_copy: doing copy 0x55aca8d52390 -> 0x55aca8d52aa0
0:00:00.004645964  4434 0x55aca8d26360 DEBUG   GST_REGISTRY gstregistry.c:589:gst_registry_add_feature: adding feature 0x55aca8d51fb0 (clocksync)
0:00:00.004651761  4434 0x55aca8d26360 DEBUG   GST_REFCOUNTING gstobject.c:708:gst_object_set_parent: set parent (ref and sink)
0:00:00.004658251  4434 0x55aca8d26360 TRACE   GST_REFCOUNTING gstobject.c:292:gst_object_ref_sink: 0x55aca8d51fb0 ref_sink 1->2
0:00:00.004664305  4434 0x55aca8d26360 LOG   GST_REGISTRY gstregistry.c:607:gst_registry_add_feature: emitting feature-added for clocksync
0:00:00.004679478  4434 0x55aca8d26360 TRACE   GST_REFCOUNTING gstobject.c:208:gst_object_init: 0x55aca8d52c90 new
0:00:00.004687804  4434 0x55aca8d26360 LOG   GST_ELEMENT_FACTORY gstelementfactory.c:237:gst_element_register: Created new elementfactory for type GstConcat
0:00:00.004697516  4434 0x55aca8d26360 TRACE   structure gststructure.c:287:gst_structure_new_id_empty_with_size: created structure 0x55aca8d53070
0:00:00.004703325  4434 0x55aca8d26360 TRACE   GST_PERFORMANCE gststructure.c:508:gst_structure_copy: doing copy 0x55aca8d35130 -> 0x55aca8d53070
0:00:00.004709559  4434 0x55aca8d26360 DEBUG   GST_ELEMENT_PADS gstelement.c:311:gst_element_base_class_init: type GstConcat : factory 0x55aca8d52c90
0:00:00.004720223  4434 0x55aca8d26360 TRACE   GST_CAPS gstcaps.c:263:gst_caps_new_empty: created caps 0x55aca8d52dc0
0:00:00.004726520  4434 0x55aca8d26360 TRACE   GST_CAPS gstcaps.c:442:gst_static_caps_get: created 0x7fc83d1e1030 from string ANY
0:00:00.004732582  4434 0x55aca8d26360 TRACE   GST_REFCOUNTING gstminiobject.c:465:gst_mini_object_ref: 0x55aca8d52dc0 ref 1->2
0:00:00.004739730  4434 0x55aca8d26360 TRACE   GST_REFCOUNTING gstobject.c:208:gst_object_init: 0x55aca8d53330 new
0:00:00.004747017  4434 0x55aca8d26360 TRACE   GST_REFCOUNTING gstminiobject.c:465:gst_mini_object_ref: 0x55aca8d52dc0 ref 2->3
0:00:00.004758393  4434 0x55aca8d26360 TRACE   GST_REFCOUNTING gstminiobject.c:647:gst_mini_object_unref: 0x55aca8d52dc0 unref 3->2
0:00:00.004783736  4434 0x55aca8d26360 TRACE   GST_REFCOUNTING gstobject.c:292:gst_object_ref_sink: 0x55aca8d53330 ref_sink 1->2
0:00:00.004790395  4434 0x55aca8d26360 TRACE   GST_CAPS gstcaps.c:263:gst_caps_new_empty: created caps 0x55aca8d52960
0:00:00.004796503  4434 0x55aca8d26360 TRACE   GST_CAPS gstcaps.c:442:gst_static_caps_get: created 0x7fc83d1e0ff0 from string ANY
0:00:00.004802611  4434 0x55aca8d26360 TRACE   GST_REFCOUNTING gstminiobject.c:465:gst_mini_object_ref: 0x55aca8d52960 ref 1->2
0:00:00.004809796  4434 0x55aca8d26360 TRACE   GST_REFCOUNTING gstobject.c:208:gst_object_init: 0x55aca8d534b0 new
0:00:00.004817187  4434 0x55aca8d26360 TRACE   GST_REFCOUNTING gstminiobject.c:465:gst_mini_object_ref: 0x55aca8d52960 ref 2->3
0:00:00.004824589  4434 0x55aca8d26360 TRACE   GST_REFCOUNTING gstminiobject.c:647:gst_mini_object_unref: 0x55aca8d52960 unref 3->2
0:00:00.004831180  4434 0x55aca8d26360 TRACE   GST_REFCOUNTING gstobject.c:292:gst_object_ref_sink: 0x55aca8d534b0 ref_sink 1->2
0:00:00.004838574  4434 0x55aca8d26360 TRACE   structure gststructure.c:287:gst_structure_new_id_empty_with_size: created structure 0x55aca8d53790
0:00:00.004845002  4434 0x55aca8d26360 TRACE   GST_PERFORMANCE gststructure.c:508:gst_structure_copy: doing copy 0x55aca8d53070 -> 0x55aca8d53790
0:00:00.004853115  4434 0x55aca8d26360 DEBUG   GST_REGISTRY gstregistry.c:589:gst_registry_add_feature: adding feature 0x55aca8d52c90 (concat)
0:00:00.004859083  4434 0x55aca8d26360 DEBUG   GST_REFCOUNTING gstobject.c:708:gst_object_set_parent: set parent (ref and sink)
0:00:00.004865664  4434 0x55aca8d26360 TRACE   GST_REFCOUNTING gstobject.c:292:gst_object_ref_sink: 0x55aca8d52c90 ref_sink 1->2
0:00:00.004871915  4434 0x55aca8d26360 LOG   GST_REGISTRY gstregistry.c:607:gst_registry_add_feature: emitting feature-added for concat
0:00:00.004890348  4434 0x55aca8d26360 TRACE   GST_REFCOUNTING gstobject.c:208:gst_object_init: 0x55aca8d53ad0 new
0:00:00.004899010  4434 0x55aca8d26360 LOG   GST_ELEMENT_FACTORY gstelementfactory.c:237:gst_element_register: Created new elementfactory for type GstDataURISrc
0:00:00.004908884  4434 0x55aca8d26360 TRACE   structure gststructure.c:287:gst_structure_new_id_empty_with_size: created structure 0x55aca8d53ff0
0:00:00.004914958  4434 0x55aca8d26360 TRACE   GST_PERFORMANCE gststructure.c:508:gst_structure_copy: doing copy 0x55aca8d35130 -> 0x55aca8d53ff0
0:00:00.004921485  4434 0x55aca8d26360 DEBUG   GST_ELEMENT_PADS gstelement.c:311:gst_element_base_class_init: type GstBaseSrc : factory (nil)
0:00:00.004960913  4434 0x55aca8d26360 TRACE   structure gststructure.c:287:gst_structure_new_id_empty_with_size: created structure 0x55aca8d4a360
0:00:00.004972802  4434 0x55aca8d26360 TRACE   GST_PERFORMANCE gststructure.c:508:gst_structure_copy: doing copy 0x55aca8d53ff0 -> 0x55aca8d4a360
0:00:00.004987132  4434 0x55aca8d26360 DEBUG   GST_ELEMENT_PADS gstelement.c:311:gst_element_base_class_init: type GstDataURISrc : factory 0x55aca8d53ad0
0:00:00.004996442  4434 0x55aca8d26360 TRACE   GST_CAPS gstcaps.c:263:gst_caps_new_empty: created caps 0x55aca8d53c00
0:00:00.005003016  4434 0x55aca8d26360 TRACE   GST_CAPS gstcaps.c:442:gst_static_caps_get: created 0x7fc83d1e1090 from string ANY
0:00:00.005009374  4434 0x55aca8d26360 TRACE   GST_REFCOUNTING gstminiobject.c:465:gst_mini_object_ref: 0x55aca8d53c00 ref 1->2
0:00:00.005017435  4434 0x55aca8d26360 TRACE   GST_REFCOUNTING gstobject.c:208:gst_object_init: 0x55aca8d55390 new
0:00:00.005025458  4434 0x55aca8d26360 TRACE   GST_REFCOUNTING gstminiobject.c:465:gst_mini_object_ref: 0x55aca8d53c00 ref 2->3
0:00:00.005033427  4434 0x55aca8d26360 TRACE   GST_REFCOUNTING gstminiobject.c:647:gst_mini_object_unref: 0x55aca8d53c00 unref 3->2
0:00:00.005040399  4434 0x55aca8d26360 TRACE   GST_REFCOUNTING gstobject.c:292:gst_object_ref_sink: 0x55aca8d55390 ref_sink 1->2
0:00:00.005075029  4434 0x55aca8d26360 TRACE   structure gststructure.c:287:gst_structure_new_id_empty_with_size: created structure 0x55aca8d55700
0:00:00.005086833  4434 0x55aca8d26360 TRACE   GST_PERFORMANCE gststructure.c:508:gst_structure_copy: doing copy 0x55aca8d4a360 -> 0x55aca8d55700
0:00:00.005099987  4434 0x55aca8d26360 DEBUG   GST_REGISTRY gstregistry.c:589:gst_registry_add_feature: adding feature 0x55aca8d53ad0 (dataurisrc)
0:00:00.005106398  4434 0x55aca8d26360 DEBUG   GST_REFCOUNTING gstobject.c:708:gst_object_set_parent: set parent (ref and sink)
0:00:00.005113352  4434 0x55aca8d26360 TRACE   GST_REFCOUNTING gstobject.c:292:gst_object_ref_sink: 0x55aca8d53ad0 ref_sink 1->2
0:00:00.005119840  4434 0x55aca8d26360 LOG   GST_REGISTRY gstregistry.c:607:gst_registry_add_feature: emitting feature-added for dataurisrc
0:00:00.005131694  4434 0x55aca8d26360 TRACE   GST_REFCOUNTING gstobject.c:208:gst_object_init: 0x55aca8d55a70 new
0:00:00.005140755  4434 0x55aca8d26360 LOG   GST_ELEMENT_FACTORY gstelementfactory.c:237:gst_element_register: Created new elementfactory for type GstDownloadBuffer
0:00:00.005153454  4434 0x55aca8d26360 TRACE   structure gststructure.c:287:gst_structure_new_id_empty_with_size: created structure 0x55aca8d55e50
0:00:00.005159627  4434 0x55aca8d26360 TRACE   GST_PERFORMANCE gststructure.c:508:gst_structure_copy: doing copy 0x55aca8d35130 -> 0x55aca8d55e50
0:00:00.005166202  4434 0x55aca8d26360 DEBUG   GST_ELEMENT_PADS gstelement.c:311:gst_element_base_class_init: type GstDownloadBuffer : factory 0x55aca8d55a70
0:00:00.005182214  4434 0x55aca8d26360 TRACE   GST_CAPS gstcaps.c:263:gst_caps_new_empty: created caps 0x55aca8d55ba0
0:00:00.005188598  4434 0x55aca8d26360 TRACE   GST_CAPS gstcaps.c:442:gst_static_caps_get: created 0x7fc83d1e10d0 from string ANY
0:00:00.005194755  4434 0x55aca8d26360 TRACE   GST_REFCOUNTING gstminiobject.c:465:gst_mini_object_ref: 0x55aca8d55ba0 ref 1->2
0:00:00.005206807  4434 0x55aca8d26360 TRACE   GST_REFCOUNTING gstobject.c:208:gst_object_init: 0x55aca8d563b0 new
0:00:00.005214723  4434 0x55aca8d26360 TRACE   GST_REFCOUNTING gstminiobject.c:465:gst_mini_object_ref: 0x55aca8d55ba0 ref 2->3
0:00:00.005222389  4434 0x55aca8d26360 TRACE   GST_REFCOUNTING gstminiobject.c:647:gst_mini_object_unref: 0x55aca8d55ba0 unref 3->2
0:00:00.005229173  4434 0x55aca8d26360 TRACE   GST_REFCOUNTING gstobject.c:292:gst_object_ref_sink: 0x55aca8d563b0 ref_sink 1->2
0:00:00.005235500  4434 0x55aca8d26360 TRACE   GST_CAPS gstcaps.c:263:gst_caps_new_empty: created caps 0x55aca8d56520
0:00:00.005241530  4434 0x55aca8d26360 TRACE   GST_CAPS gstcaps.c:442:gst_static_caps_get: created 0x7fc83d1e1110 from string ANY
0:00:00.005247563  4434 0x55aca8d26360 TRACE   GST_REFCOUNTING gstminiobject.c:465:gst_mini_object_ref: 0x55aca8d56520 ref 1->2
0:00:00.005254680  4434 0x55aca8d26360 TRACE   GST_REFCOUNTING gstobject.c:208:gst_object_init: 0x55aca8d56590 new
0:00:00.005261941  4434 0x55aca8d26360 TRACE   GST_REFCOUNTING gstminiobject.c:465:gst_mini_object_ref: 0x55aca8d56520 ref 2->3
0:00:00.005269218  4434 0x55aca8d26360 TRACE   GST_REFCOUNTING gstminiobject.c:647:gst_mini_object_unref: 0x55aca8d56520 unref 3->2
0:00:00.005276009  4434 0x55aca8d26360 TRACE   GST_REFCOUNTING gstobject.c:292:gst_object_ref_sink: 0x55aca8d56590 ref_sink 1->2
0:00:00.005284181  4434 0x55aca8d26360 TRACE   structure gststructure.c:287:gst_structure_new_id_empty_with_size: created structure 0x55aca8d56890
0:00:00.005290688  4434 0x55aca8d26360 TRACE   GST_PERFORMANCE gststructure.c:508:gst_structure_copy: doing copy 0x55aca8d55e50 -> 0x55aca8d56890
0:00:00.005298787  4434 0x55aca8d26360 DEBUG   GST_REGISTRY gstregistry.c:589:gst_registry_add_feature: adding feature 0x55aca8d55a70 (downloadbuffer)
0:00:00.005304895  4434 0x55aca8d26360 DEBUG   GST_REFCOUNTING gstobject.c:708:gst_object_set_parent: set parent (ref and sink)
0:00:00.005311552  4434 0x55aca8d26360 TRACE   GST_REFCOUNTING gstobject.c:292:gst_object_ref_sink: 0x55aca8d55a70 ref_sink 1->2
0:00:00.005317795  4434 0x55aca8d26360 LOG   GST_REGISTRY gstregistry.c:607:gst_registry_add_feature: emitting feature-added for downloadbuffer
0:00:00.005332064  4434 0x55aca8d26360 TRACE   GST_REFCOUNTING gstobject.c:208:gst_object_init: 0x55aca8d56c40 new
0:00:00.005340423  4434 0x55aca8d26360 LOG   GST_ELEMENT_FACTORY gstelementfactory.c:237:gst_element_register: Created new elementfactory for type GstFakeSrc
0:00:00.005350439  4434 0x55aca8d26360 TRACE   structure gststructure.c:287:gst_structure_new_id_empty_with_size: created structure 0x55aca8d57160
0:00:00.005356394  4434 0x55aca8d26360 TRACE   GST_PERFORMANCE gststructure.c:508:gst_structure_copy: doing copy 0x55aca8d53ff0 -> 0x55aca8d57160
0:00:00.005362739  4434 0x55aca8d26360 DEBUG   GST_ELEMENT_PADS gstelement.c:311:gst_element_base_class_init: type GstFakeSrc : factory 0x55aca8d56c40
0:00:00.005399624  4434 0x55aca8d26360 TRACE   GST_CAPS gstcaps.c:263:gst_caps_new_empty: created caps 0x55aca8d56d70
0:00:00.005411083  4434 0x55aca8d26360 TRACE   GST_CAPS gstcaps.c:442:gst_static_caps_get: created 0x7fc83d1e1190 from string ANY
0:00:00.005417480  4434 0x55aca8d26360 TRACE   GST_REFCOUNTING gstminiobject.c:465:gst_mini_object_ref: 0x55aca8d56d70 ref 1->2
0:00:00.005425032  4434 0x55aca8d26360 TRACE   GST_REFCOUNTING gstobject.c:208:gst_object_init: 0x55aca8d580c0 new
0:00:00.005432684  4434 0x55aca8d26360 TRACE   GST_REFCOUNTING gstminiobject.c:465:gst_mini_object_ref: 0x55aca8d56d70 ref 2->3
0:00:00.005440276  4434 0x55aca8d26360 TRACE   GST_REFCOUNTING gstminiobject.c:647:gst_mini_object_unref: 0x55aca8d56d70 unref 3->2
0:00:00.005447217  4434 0x55aca8d26360 TRACE   GST_REFCOUNTING gstobject.c:292:gst_object_ref_sink: 0x55aca8d580c0 ref_sink 1->2
0:00:00.005455632  4434 0x55aca8d26360 TRACE   structure gststructure.c:287:gst_structure_new_id_empty_with_size: created structure 0x55aca8d58320
0:00:00.005462192  4434 0x55aca8d26360 TRACE   GST_PERFORMANCE gststructure.c:508:gst_structure_copy: doing copy 0x55aca8d57160 -> 0x55aca8d58320
0:00:00.005469974  4434 0x55aca8d26360 DEBUG   GST_REGISTRY gstregistry.c:589:gst_registry_add_feature: adding feature 0x55aca8d56c40 (fakesrc)
0:00:00.005475986  4434 0x55aca8d26360 DEBUG   GST_REFCOUNTING gstobject.c:708:gst_object_set_parent: set parent (ref and sink)
0:00:00.005482586  4434 0x55aca8d26360 TRACE   GST_REFCOUNTING gstobject.c:292:gst_object_ref_sink: 0x55aca8d56c40 ref_sink 1->2
0:00:00.005488906  4434 0x55aca8d26360 LOG   GST_REGISTRY gstregistry.c:607:gst_registry_add_feature: emitting feature-added for fakesrc
0:00:00.005508880  4434 0x55aca8d26360 TRACE   GST_REFCOUNTING gstobject.c:208:gst_object_init: 0x55aca8d588b0 new
0:00:00.005517516  4434 0x55aca8d26360 LOG   GST_ELEMENT_FACTORY gstelementfactory.c:237:gst_element_register: Created new elementfactory for type GstFakeSink
0:00:00.005524530  4434 0x55aca8d26360 TRACE   structure gststructure.c:287:gst_structure_new_id_empty_with_size: created structure 0x55aca8d58dc0
0:00:00.005533070  4434 0x55aca8d26360 TRACE   GST_PERFORMANCE gststructure.c:508:gst_structure_copy: doing copy 0x55aca8d35130 -> 0x55aca8d58dc0
0:00:00.005539657  4434 0x55aca8d26360 DEBUG   GST_ELEMENT_PADS gstelement.c:311:gst_element_base_class_init: type GstBaseSink : factory (nil)
0:00:00.005570373  4434 0x55aca8d26360 TRACE   structure gststructure.c:287:gst_structure_new_id_empty_with_size: created structure 0x55aca8d59a80
0:00:00.005576674  4434 0x55aca8d26360 TRACE   GST_PERFORMANCE gststructure.c:508:gst_structure_copy: doing copy 0x55aca8d58dc0 -> 0x55aca8d59a80
0:00:00.005582989  4434 0x55aca8d26360 DEBUG   GST_ELEMENT_PADS gstelement.c:311:gst_element_base_class_init: type GstFakeSink : factory 0x55aca8d588b0
0:00:00.005608352  4434 0x55aca8d26360 TRACE   GST_CAPS gstcaps.c:263:gst_caps_new_empty: created caps 0x55aca8d589e0
0:00:00.005615274  4434 0x55aca8d26360 TRACE   GST_CAPS gstcaps.c:442:gst_static_caps_get: created 0x7fc83d1e1150 from string ANY
0:00:00.005625992  4434 0x55aca8d26360 TRACE   GST_REFCOUNTING gstminiobject.c:465:gst_mini_object_ref: 0x55aca8d589e0 ref 1->2
0:00:00.005633914  4434 0x55aca8d26360 TRACE   GST_REFCOUNTING gstobject.c:208:gst_object_init: 0x55aca8d5a580 new
0:00:00.005641635  4434 0x55aca8d26360 TRACE   GST_REFCOUNTING gstminiobject.c:465:gst_mini_object_ref: 0x55aca8d589e0 ref 2->3
0:00:00.005649433  4434 0x55aca8d26360 TRACE   GST_REFCOUNTING gstminiobject.c:647:gst_mini_object_unref: 0x55aca8d589e0 unref 3->2
0:00:00.005656303  4434 0x55aca8d26360 TRACE   GST_REFCOUNTING gstobject.c:292:gst_object_ref_sink: 0x55aca8d5a580 ref_sink 1->2
0:00:00.005664267  4434 0x55aca8d26360 TRACE   structure gststructure.c:287:gst_structure_new_id_empty_with_size: created structure 0x55aca8d5a980
0:00:00.005670709  4434 0x55aca8d26360 TRACE   GST_PERFORMANCE gststructure.c:508:gst_structure_copy: doing copy 0x55aca8d59a80 -> 0x55aca8d5a980
0:00:00.005678340  4434 0x55aca8d26360 DEBUG   GST_REGISTRY gstregistry.c:589:gst_registry_add_feature: adding feature 0x55aca8d588b0 (fakesink)
0:00:00.005684375  4434 0x55aca8d26360 DEBUG   GST_REFCOUNTING gstobject.c:708:gst_object_set_parent: set parent (ref and sink)
0:00:00.005691303  4434 0x55aca8d26360 TRACE   GST_REFCOUNTING gstobject.c:292:gst_object_ref_sink: 0x55aca8d588b0 ref_sink 1->2
0:00:00.005697830  4434 0x55aca8d26360 LOG   GST_REGISTRY gstregistry.c:607:gst_registry_add_feature: emitting feature-added for fakesink
0:00:00.005723239  4434 0x55aca8d26360 TRACE   GST_REFCOUNTING gstobject.c:208:gst_object_init: 0x55aca8d5aea0 new
0:00:00.005732995  4434 0x55aca8d26360 LOG   GST_ELEMENT_FACTORY gstelementfactory.c:237:gst_element_register: Created new elementfactory for type GstFdSrc
0:00:00.005740835  4434 0x55aca8d26360 TRACE   structure gststructure.c:287:gst_structure_new_id_empty_with_size: created structure 0x55aca8d5b3f0
0:00:00.005747275  4434 0x55aca8d26360 TRACE   GST_PERFORMANCE gststructure.c:508:gst_structure_copy: doing copy 0x55aca8d53ff0 -> 0x55aca8d5b3f0
0:00:00.005754330  4434 0x55aca8d26360 DEBUG   GST_ELEMENT_PADS gstelement.c:311:gst_element_base_class_init: type GstPushSrc : factory (nil)
0:00:00.005762083  4434 0x55aca8d26360 TRACE   structure gststructure.c:287:gst_structure_new_id_empty_with_size: created structure 0x55aca8d5b890
0:00:00.005768570  4434 0x55aca8d26360 TRACE   GST_PERFORMANCE gststructure.c:508:gst_structure_copy: doing copy 0x55aca8d5b3f0 -> 0x55aca8d5b890
0:00:00.005775504  4434 0x55aca8d26360 DEBUG   GST_ELEMENT_PADS gstelement.c:311:gst_element_base_class_init: type GstFdSrc : factory 0x55aca8d5aea0
0:00:00.005786719  4434 0x55aca8d26360 TRACE   GST_CAPS gstcaps.c:263:gst_caps_new_empty: created caps 0x55aca8d5afd0
0:00:00.005798450  4434 0x55aca8d26360 TRACE   GST_CAPS gstcaps.c:442:gst_static_caps_get: created 0x7fc83d1e1250 from string ANY
0:00:00.005805575  4434 0x55aca8d26360 TRACE   GST_REFCOUNTING gstminiobject.c:465:gst_mini_object_ref: 0x55aca8d5afd0 ref 1->2
0:00:00.005818704  4434 0x55aca8d26360 TRACE   GST_REFCOUNTING gstobject.c:208:gst_object_init: 0x55aca8d5bb30 new
0:00:00.005827207  4434 0x55aca8d26360 TRACE   GST_REFCOUNTING gstminiobject.c:465:gst_mini_object_ref: 0x55aca8d5afd0 ref 2->3
0:00:00.005844127  4434 0x55aca8d26360 TRACE   GST_REFCOUNTING gstminiobject.c:647:gst_mini_object_unref: 0x55aca8d5afd0 unref 3->2
0:00:00.005851537  4434 0x55aca8d26360 TRACE   GST_REFCOUNTING gstobject.c:292:gst_object_ref_sink: 0x55aca8d5bb30 ref_sink 1->2
0:00:00.005872111  4434 0x55aca8d26360 TRACE   structure gststructure.c:287:gst_structure_new_id_empty_with_size: created structure 0x55aca8d545a0
0:00:00.005879167  4434 0x55aca8d26360 TRACE   GST_PERFORMANCE gststructure.c:508:gst_structure_copy: doing copy 0x55aca8d5b890 -> 0x55aca8d545a0
0:00:00.005889344  4434 0x55aca8d26360 DEBUG   GST_REGISTRY gstregistry.c:589:gst_registry_add_feature: adding feature 0x55aca8d5aea0 (fdsrc)
0:00:00.005895604  4434 0x55aca8d26360 DEBUG   GST_REFCOUNTING gstobject.c:708:gst_object_set_parent: set parent (ref and sink)
0:00:00.005902706  4434 0x55aca8d26360 TRACE   GST_REFCOUNTING gstobject.c:292:gst_object_ref_sink: 0x55aca8d5aea0 ref_sink 1->2
0:00:00.005909251  4434 0x55aca8d26360 LOG   GST_REGISTRY gstregistry.c:607:gst_registry_add_feature: emitting feature-added for fdsrc
0:00:00.005920590  4434 0x55aca8d26360 TRACE   GST_REFCOUNTING gstobject.c:208:gst_object_init: 0x55aca8d5d350 new
0:00:00.005935058  4434 0x55aca8d26360 LOG   GST_ELEMENT_FACTORY gstelementfactory.c:237:gst_element_register: Created new elementfactory for type GstFdSink
0:00:00.005942434  4434 0x55aca8d26360 TRACE   structure gststructure.c:287:gst_structure_new_id_empty_with_size: created structure 0x55aca8d5d890
0:00:00.005948384  4434 0x55aca8d26360 TRACE   GST_PERFORMANCE gststructure.c:508:gst_structure_copy: doing copy 0x55aca8d58dc0 -> 0x55aca8d5d890
0:00:00.005954792  4434 0x55aca8d26360 DEBUG   GST_ELEMENT_PADS gstelement.c:311:gst_element_base_class_init: type GstFdSink : factory 0x55aca8d5d350
0:00:00.005962317  4434 0x55aca8d26360 TRACE   GST_CAPS gstcaps.c:263:gst_caps_new_empty: created caps 0x55aca8d5d480
0:00:00.005968712  4434 0x55aca8d26360 TRACE   GST_CAPS gstcaps.c:442:gst_static_caps_get: created 0x7fc83d1e11f0 from string ANY
0:00:00.005974961  4434 0x55aca8d26360 TRACE   GST_REFCOUNTING gstminiobject.c:465:gst_mini_object_ref: 0x55aca8d5d480 ref 1->2
0:00:00.005982703  4434 0x55aca8d26360 TRACE   GST_REFCOUNTING gstobject.c:208:gst_object_init: 0x55aca8d5dab0 new
0:00:00.005990263  4434 0x55aca8d26360 TRACE   GST_REFCOUNTING gstminiobject.c:465:gst_mini_object_ref: 0x55aca8d5d480 ref 2->3
0:00:00.005997857  4434 0x55aca8d26360 TRACE   GST_REFCOUNTING gstminiobject.c:647:gst_mini_object_unref: 0x55aca8d5d480 unref 3->2
0:00:00.006004783  4434 0x55aca8d26360 TRACE   GST_REFCOUNTING gstobject.c:292:gst_object_ref_sink: 0x55aca8d5dab0 ref_sink 1->2
0:00:00.006020065  4434 0x55aca8d26360 TRACE   structure gststructure.c:287:gst_structure_new_id_empty_with_size: created structure 0x55aca8d5dd90
0:00:00.006029404  4434 0x55aca8d26360 TRACE   GST_PERFORMANCE gststructure.c:508:gst_structure_copy: doing copy 0x55aca8d5d890 -> 0x55aca8d5dd90
0:00:00.006037960  4434 0x55aca8d26360 DEBUG   GST_REGISTRY gstregistry.c:589:gst_registry_add_feature: adding feature 0x55aca8d5d350 (fdsink)
0:00:00.006062847  4434 0x55aca8d26360 DEBUG   GST_REFCOUNTING gstobject.c:708:gst_object_set_parent: set parent (ref and sink)
0:00:00.006071337  4434 0x55aca8d26360 TRACE   GST_REFCOUNTING gstobject.c:292:gst_object_ref_sink: 0x55aca8d5d350 ref_sink 1->2
0:00:00.006077709  4434 0x55aca8d26360 LOG   GST_REGISTRY gstregistry.c:607:gst_registry_add_feature: emitting feature-added for fdsink
0:00:00.006089292  4434 0x55aca8d26360 TRACE   GST_REFCOUNTING gstobject.c:208:gst_object_init: 0x55aca8d5e1b0 new
0:00:00.006097799  4434 0x55aca8d26360 LOG   GST_ELEMENT_FACTORY gstelementfactory.c:237:gst_element_register: Created new elementfactory for type GstFileSrc
