0:00:00.019088595  4433 0x55c0ee01c360 TRACE   GST_REFCOUNTING gstobject.c:208:gst_object_init: 0x55c0ee047410 new
0:00:00.014436102  4434 0x55aca8d26360 LOG   GST_POLL gstpoll.c:994:gst_poll_fd_ctl_write: 0x55aca8d4a970: pfd->events now 60 (POLLOUT:4)
0:00:00.019095781  4433 0x55c0ee01c360 LOG   GST_REGISTRY gstregistrychunks.c:609:gst_registry_chunks_load_feature: Reading/casting for GstRegistryChunkElementFactory at address 0x55c0ee043100
0:00:00.014443484  4434 0x55aca8d26360 DEBUG   GST_POLL gstpoll.c:979:gst_poll_fd_ctl_write: 0x55aca8d4a970: fd (fd:0, idx:1), active : 1
0:00:00.014449923  4434 0x55aca8d26360 LOG   GST_POLL gstpoll.c:994:gst_poll_fd_ctl_write: 0x55aca8d4a970: pfd->events now 60 (POLLOUT:4)
0:00:00.019104343  4433 0x55c0ee01c360 TRACE   structure gststructure.c:287:gst_structure_new_id_empty_with_size: created structure 0x55c0ee047500
0:00:00.014456008  4434 0x55aca8d26360 LOG   GST_PLUGIN_LOADING gstpluginloader.c:645:put_chunk: Expanding tx buf from 10158 to 13209 for chunk of size 209
0:00:00.019111946  4433 0x55c0ee01c360 DEBUG   structure gststructure.c:2203:gst_structure_parse_field: trying field name 'long-name'
0:00:00.019123869  4433 0x55c0ee01c360 DEBUG   default gstvalue.c:2676:_priv_gst_value_parse_value: trying type name 'string'
0:00:00.019130040  4433 0x55c0ee01c360 DEBUG   structure gststructure.c:2203:gst_structure_parse_field: trying field name 'klass'
0:00:00.014476632  4434 0x55aca8d26360 DEBUG   GST_POLL gstpoll.c:979:gst_poll_fd_ctl_write: 0x55aca8d4a970: fd (fd:0, idx:1), active : 1
0:00:00.019135744  4433 0x55c0ee01c360 DEBUG   default gstvalue.c:2676:_priv_gst_value_parse_value: trying type name 'string'
0:00:00.014484173  4434 0x55aca8d26360 LOG   GST_POLL gstpoll.c:994:gst_poll_fd_ctl_write: 0x55aca8d4a970: pfd->events now 60 (POLLOUT:4)
0:00:00.019142025  4433 0x55c0ee01c360 DEBUG   structure gststructure.c:2203:gst_structure_parse_field: trying field name 'description'
0:00:00.014490875  4434 0x55aca8d26360 DEBUG   GST_POLL gstpoll.c:979:gst_poll_fd_ctl_write: 0x55aca8d4a970: fd (fd:0, idx:1), active : 1
0:00:00.019152553  4433 0x55c0ee01c360 DEBUG   default gstvalue.c:2676:_priv_gst_value_parse_value: trying type name 'string'
0:00:00.014501086  4434 0x55aca8d26360 LOG   GST_POLL gstpoll.c:994:gst_poll_fd_ctl_write: 0x55aca8d4a970: pfd->events now 60 (POLLOUT:4)
0:00:00.019159082  4433 0x55c0ee01c360 DEBUG   structure gststructure.c:2203:gst_structure_parse_field: trying field name 'author'
0:00:00.014507448  4434 0x55aca8d26360 DEBUG   GST_POLL gstpoll.c:979:gst_poll_fd_ctl_write: 0x55aca8d4a970: fd (fd:0, idx:1), active : 1
0:00:00.019165114  4433 0x55c0ee01c360 DEBUG   default gstvalue.c:2676:_priv_gst_value_parse_value: trying type name 'string'
0:00:00.014513576  4434 0x55aca8d26360 LOG   GST_POLL gstpoll.c:994:gst_poll_fd_ctl_write: 0x55aca8d4a970: pfd->events now 60 (POLLOUT:4)
0:00:00.019172254  4433 0x55c0ee01c360 DEBUG   GST_REGISTRY gstregistrychunks.c:626:gst_registry_chunks_load_feature: Element factory : npadtemplates=2
0:00:00.014519766  4434 0x55aca8d26360 DEBUG   GST_POLL gstpoll.c:979:gst_poll_fd_ctl_write: 0x55aca8d4a970: fd (fd:0, idx:1), active : 1
0:00:00.019178168  4433 0x55c0ee01c360 DEBUG   GST_REGISTRY gstregistrychunks.c:525:gst_registry_chunks_load_pad_template: Reading/casting for GstRegistryChunkPadTemplate at address 0x55c0ee043230
0:00:00.014526403  4434 0x55aca8d26360 LOG   GST_POLL gstpoll.c:994:gst_poll_fd_ctl_write: 0x55aca8d4a970: pfd->events now 60 (POLLOUT:4)
0:00:00.019184025  4433 0x55c0ee01c360 DEBUG   GST_REGISTRY gstregistrychunks.c:539:gst_registry_chunks_load_pad_template: Added pad_template src
0:00:00.014532753  4434 0x55aca8d26360 DEBUG   GST_POLL gstpoll.c:979:gst_poll_fd_ctl_write: 0x55aca8d4a970: fd (fd:0, idx:1), active : 1
0:00:00.019189820  4433 0x55c0ee01c360 DEBUG   GST_REGISTRY gstregistrychunks.c:525:gst_registry_chunks_load_pad_template: Reading/casting for GstRegistryChunkPadTemplate at address 0x55c0ee043240
0:00:00.014538855  4434 0x55aca8d26360 LOG   GST_POLL gstpoll.c:994:gst_poll_fd_ctl_write: 0x55aca8d4a970: pfd->events now 60 (POLLOUT:4)
0:00:00.019197727  4433 0x55c0ee01c360 DEBUG   GST_REGISTRY gstregistrychunks.c:539:gst_registry_chunks_load_pad_template: Added pad_template sink_%u
0:00:00.014545438  4434 0x55aca8d26360 DEBUG   GST_POLL gstpoll.c:979:gst_poll_fd_ctl_write: 0x55aca8d4a970: fd (fd:0, idx:1), active : 1
0:00:00.019204870  4433 0x55c0ee01c360 DEBUG   GST_REGISTRY gstregistry.c:589:gst_registry_add_feature: adding feature 0x55c0ee047410 (input-selector)
0:00:00.014551935  4434 0x55aca8d26360 LOG   GST_POLL gstpoll.c:994:gst_poll_fd_ctl_write: 0x55aca8d4a970: pfd->events now 60 (POLLOUT:4)
0:00:00.019210901  4433 0x55c0ee01c360 DEBUG   GST_REFCOUNTING gstobject.c:708:gst_object_set_parent: set parent (ref and sink)
0:00:00.014559209  4434 0x55aca8d26360 DEBUG   GST_POLL gstpoll.c:979:gst_poll_fd_ctl_write: 0x55aca8d4a970: fd (fd:0, idx:1), active : 1
0:00:00.019218380  4433 0x55c0ee01c360 TRACE   GST_REFCOUNTING gstobject.c:292:gst_object_ref_sink: 0x55c0ee047410 ref_sink 1->2
0:00:00.014565721  4434 0x55aca8d26360 LOG   GST_POLL gstpoll.c:994:gst_poll_fd_ctl_write: 0x55aca8d4a970: pfd->events now 60 (POLLOUT:4)
0:00:00.019228714  4433 0x55c0ee01c360 LOG   GST_REGISTRY gstregistry.c:607:gst_registry_add_feature: emitting feature-added for input-selector
0:00:00.014576941  4434 0x55aca8d26360 DEBUG   GST_POLL gstpoll.c:979:gst_poll_fd_ctl_write: 0x55aca8d4a970: fd (fd:0, idx:1), active : 1
0:00:00.019235568  4433 0x55c0ee01c360 DEBUG   GST_REGISTRY gstregistrychunks.c:740:gst_registry_chunks_load_feature: Added feature input-selector, plugin 0x55c0ee044250 coreelements
0:00:00.014583084  4434 0x55aca8d26360 LOG   GST_POLL gstpoll.c:994:gst_poll_fd_ctl_write: 0x55aca8d4a970: pfd->events now 60 (POLLOUT:4)
0:00:00.019242263  4433 0x55c0ee01c360 DEBUG   GST_REGISTRY gstregistrychunks.c:582:gst_registry_chunks_load_feature: Plugin 'coreelements' feature 'identity' typename : 'GstElementFactory'
0:00:00.014589934  4434 0x55aca8d26360 DEBUG   GST_POLL gstpoll.c:979:gst_poll_fd_ctl_write: 0x55aca8d4a970: fd (fd:0, idx:1), active : 1
0:00:00.019249325  4433 0x55c0ee01c360 TRACE   GST_REFCOUNTING gstobject.c:208:gst_object_init: 0x55c0ee047a90 new
0:00:00.014596426  4434 0x55aca8d26360 LOG   GST_POLL gstpoll.c:994:gst_poll_fd_ctl_write: 0x55aca8d4a970: pfd->events now 60 (POLLOUT:4)
0:00:00.019256496  4433 0x55c0ee01c360 LOG   GST_REGISTRY gstregistrychunks.c:609:gst_registry_chunks_load_feature: Reading/casting for GstRegistryChunkElementFactory at address 0x55c0ee043270
0:00:00.014604123  4434 0x55aca8d26360 DEBUG   GST_POLL gstpoll.c:979:gst_poll_fd_ctl_write: 0x55aca8d4a970: fd (fd:0, idx:1), active : 1
0:00:00.019262933  4433 0x55c0ee01c360 TRACE   structure gststructure.c:287:gst_structure_new_id_empty_with_size: created structure 0x55c0ee047cc0
0:00:00.014610703  4434 0x55aca8d26360 LOG   GST_POLL gstpoll.c:994:gst_poll_fd_ctl_write: 0x55aca8d4a970: pfd->events now 60 (POLLOUT:4)
0:00:00.019268826  4433 0x55c0ee01c360 DEBUG   structure gststructure.c:2203:gst_structure_parse_field: trying field name 'long-name'
0:00:00.014617134  4434 0x55aca8d26360 DEBUG   GST_POLL gstpoll.c:979:gst_poll_fd_ctl_write: 0x55aca8d4a970: fd (fd:0, idx:1), active : 1
0:00:00.019274710  4433 0x55c0ee01c360 DEBUG   default gstvalue.c:2676:_priv_gst_value_parse_value: trying type name 'string'
0:00:00.014623256  4434 0x55aca8d26360 LOG   GST_POLL gstpoll.c:994:gst_poll_fd_ctl_write: 0x55aca8d4a970: pfd->events now 60 (POLLOUT:4)
0:00:00.019281004  4433 0x55c0ee01c360 DEBUG   structure gststructure.c:2203:gst_structure_parse_field: trying field name 'klass'
0:00:00.014629652  4434 0x55aca8d26360 DEBUG   GST_POLL gstpoll.c:979:gst_poll_fd_ctl_write: 0x55aca8d4a970: fd (fd:0, idx:1), active : 1
0:00:00.019286845  4433 0x55c0ee01c360 DEBUG   default gstvalue.c:2676:_priv_gst_value_parse_value: trying type name 'string'
0:00:00.014635776  4434 0x55aca8d26360 LOG   GST_POLL gstpoll.c:994:gst_poll_fd_ctl_write: 0x55aca8d4a970: pfd->events now 60 (POLLOUT:4)
0:00:00.019293208  4433 0x55c0ee01c360 DEBUG   structure gststructure.c:2203:gst_structure_parse_field: trying field name 'description'
0:00:00.014642081  4434 0x55aca8d26360 DEBUG   GST_POLL gstpoll.c:979:gst_poll_fd_ctl_write: 0x55aca8d4a970: fd (fd:0, idx:1), active : 1
0:00:00.019303025  4433 0x55c0ee01c360 DEBUG   default gstvalue.c:2676:_priv_gst_value_parse_value: trying type name 'string'
0:00:00.014651394  4434 0x55aca8d26360 LOG   GST_POLL gstpoll.c:994:gst_poll_fd_ctl_write: 0x55aca8d4a970: pfd->events now 60 (POLLOUT:4)
0:00:00.019309563  4433 0x55c0ee01c360 DEBUG   structure gststructure.c:2203:gst_structure_parse_field: trying field name 'author'
0:00:00.014657750  4434 0x55aca8d26360 DEBUG   GST_POLL gstpoll.c:979:gst_poll_fd_ctl_write: 0x55aca8d4a970: fd (fd:0, idx:1), active : 1
0:00:00.019315636  4433 0x55c0ee01c360 DEBUG   default gstvalue.c:2676:_priv_gst_value_parse_value: trying type name 'string'
0:00:00.014663823  4434 0x55aca8d26360 LOG   GST_POLL gstpoll.c:994:gst_poll_fd_ctl_write: 0x55aca8d4a970: pfd->events now 60 (POLLOUT:4)
0:00:00.019322170  4433 0x55c0ee01c360 DEBUG   GST_REGISTRY gstregistrychunks.c:626:gst_registry_chunks_load_feature: Element factory : npadtemplates=2
0:00:00.014670131  4434 0x55aca8d26360 DEBUG   GST_POLL gstpoll.c:979:gst_poll_fd_ctl_write: 0x55aca8d4a970: fd (fd:0, idx:1), active : 1
0:00:00.019329882  4433 0x55c0ee01c360 DEBUG   GST_REGISTRY gstregistrychunks.c:525:gst_registry_chunks_load_pad_template: Reading/casting for GstRegistryChunkPadTemplate at address 0x55c0ee043340
0:00:00.014676141  4434 0x55aca8d26360 LOG   GST_POLL gstpoll.c:994:gst_poll_fd_ctl_write: 0x55aca8d4a970: pfd->events now 60 (POLLOUT:4)
0:00:00.019336117  4433 0x55c0ee01c360 DEBUG   GST_REGISTRY gstregistrychunks.c:539:gst_registry_chunks_load_pad_template: Added pad_template sink
0:00:00.014684493  4434 0x55aca8d26360 DEBUG   GST_POLL gstpoll.c:979:gst_poll_fd_ctl_write: 0x55aca8d4a970: fd (fd:0, idx:1), active : 1
0:00:00.019341912  4433 0x55c0ee01c360 DEBUG   GST_REGISTRY gstregistrychunks.c:525:gst_registry_chunks_load_pad_template: Reading/casting for GstRegistryChunkPadTemplate at address 0x55c0ee043358
0:00:00.014690606  4434 0x55aca8d26360 LOG   GST_POLL gstpoll.c:994:gst_poll_fd_ctl_write: 0x55aca8d4a970: pfd->events now 60 (POLLOUT:4)
0:00:00.019347820  4433 0x55c0ee01c360 DEBUG   GST_REGISTRY gstregistrychunks.c:539:gst_registry_chunks_load_pad_template: Added pad_template src
0:00:00.014696916  4434 0x55aca8d26360 DEBUG   GST_POLL gstpoll.c:979:gst_poll_fd_ctl_write: 0x55aca8d4a970: fd (fd:0, idx:1), active : 1
0:00:00.019354583  4433 0x55c0ee01c360 DEBUG   GST_REGISTRY gstregistry.c:589:gst_registry_add_feature: adding feature 0x55c0ee047a90 (identity)
0:00:00.014702967  4434 0x55aca8d26360 LOG   GST_POLL gstpoll.c:994:gst_poll_fd_ctl_write: 0x55aca8d4a970: pfd->events now 60 (POLLOUT:4)
0:00:00.019360650  4433 0x55c0ee01c360 DEBUG   GST_REFCOUNTING gstobject.c:708:gst_object_set_parent: set parent (ref and sink)
0:00:00.014709247  4434 0x55aca8d26360 DEBUG   GST_POLL gstpoll.c:979:gst_poll_fd_ctl_write: 0x55aca8d4a970: fd (fd:0, idx:1), active : 1
0:00:00.019367920  4433 0x55c0ee01c360 TRACE   GST_REFCOUNTING gstobject.c:292:gst_object_ref_sink: 0x55c0ee047a90 ref_sink 1->2
0:00:00.014715468  4434 0x55aca8d26360 LOG   GST_POLL gstpoll.c:994:gst_poll_fd_ctl_write: 0x55aca8d4a970: pfd->events now 60 (POLLOUT:4)
0:00:00.019384411  4433 0x55c0ee01c360 LOG   GST_REGISTRY gstregistry.c:607:gst_registry_add_feature: emitting feature-added for identity
0:00:00.014732363  4434 0x55aca8d26360 DEBUG   GST_POLL gstpoll.c:979:gst_poll_fd_ctl_write: 0x55aca8d4a970: fd (fd:0, idx:1), active : 1
0:00:00.019391447  4433 0x55c0ee01c360 DEBUG   GST_REGISTRY gstregistrychunks.c:740:gst_registry_chunks_load_feature: Added feature identity, plugin 0x55c0ee044250 coreelements
0:00:00.014738771  4434 0x55aca8d26360 LOG   GST_POLL gstpoll.c:994:gst_poll_fd_ctl_write: 0x55aca8d4a970: pfd->events now 60 (POLLOUT:4)
0:00:00.019398275  4433 0x55c0ee01c360 DEBUG   GST_REGISTRY gstregistrychunks.c:582:gst_registry_chunks_load_feature: Plugin 'coreelements' feature 'funnel' typename : 'GstElementFactory'
0:00:00.014746046  4434 0x55aca8d26360 DEBUG   GST_POLL gstpoll.c:979:gst_poll_fd_ctl_write: 0x55aca8d4a970: fd (fd:0, idx:1), active : 1
0:00:00.019405243  4433 0x55c0ee01c360 TRACE   GST_REFCOUNTING gstobject.c:208:gst_object_init: 0x55c0ee048150 new
0:00:00.014752381  4434 0x55aca8d26360 LOG   GST_POLL gstpoll.c:994:gst_poll_fd_ctl_write: 0x55aca8d4a970: pfd->events now 60 (POLLOUT:4)
0:00:00.019412489  4433 0x55c0ee01c360 LOG   GST_REGISTRY gstregistrychunks.c:609:gst_registry_chunks_load_feature: Reading/casting for GstRegistryChunkElementFactory at address 0x55c0ee043388
0:00:00.014760253  4434 0x55aca8d26360 DEBUG   GST_POLL gstpoll.c:979:gst_poll_fd_ctl_write: 0x55aca8d4a970: fd (fd:0, idx:1), active : 1
0:00:00.019419100  4433 0x55c0ee01c360 TRACE   structure gststructure.c:287:gst_structure_new_id_empty_with_size: created structure 0x55c0ee048450
0:00:00.014766841  4434 0x55aca8d26360 LOG   GST_POLL gstpoll.c:994:gst_poll_fd_ctl_write: 0x55aca8d4a970: pfd->events now 60 (POLLOUT:4)
0:00:00.019425133  4433 0x55c0ee01c360 DEBUG   structure gststructure.c:2203:gst_structure_parse_field: trying field name 'long-name'
0:00:00.014773656  4434 0x55aca8d26360 DEBUG   GST_POLL gstpoll.c:979:gst_poll_fd_ctl_write: 0x55aca8d4a970: fd (fd:0, idx:1), active : 1
0:00:00.019430988  4433 0x55c0ee01c360 DEBUG   default gstvalue.c:2676:_priv_gst_value_parse_value: trying type name 'string'
0:00:00.014779785  4434 0x55aca8d26360 LOG   GST_POLL gstpoll.c:994:gst_poll_fd_ctl_write: 0x55aca8d4a970: pfd->events now 60 (POLLOUT:4)
0:00:00.019437538  4433 0x55c0ee01c360 DEBUG   structure gststructure.c:2203:gst_structure_parse_field: trying field name 'klass'
0:00:00.014786193  4434 0x55aca8d26360 DEBUG   GST_POLL gstpoll.c:979:gst_poll_fd_ctl_write: 0x55aca8d4a970: fd (fd:0, idx:1), active : 1
0:00:00.019443560  4433 0x55c0ee01c360 DEBUG   default gstvalue.c:2676:_priv_gst_value_parse_value: trying type name 'string'
0:00:00.014792358  4434 0x55aca8d26360 LOG   GST_POLL gstpoll.c:994:gst_poll_fd_ctl_write: 0x55aca8d4a970: pfd->events now 60 (POLLOUT:4)
0:00:00.019449908  4433 0x55c0ee01c360 DEBUG   structure gststructure.c:2203:gst_structure_parse_field: trying field name 'description'
0:00:00.014802663  4434 0x55aca8d26360 DEBUG   GST_POLL gstpoll.c:979:gst_poll_fd_ctl_write: 0x55aca8d4a970: fd (fd:0, idx:1), active : 1
0:00:00.019458708  4433 0x55c0ee01c360 DEBUG   default gstvalue.c:2676:_priv_gst_value_parse_value: trying type name 'string'
0:00:00.014809028  4434 0x55aca8d26360 LOG   GST_POLL gstpoll.c:994:gst_poll_fd_ctl_write: 0x55aca8d4a970: pfd->events now 60 (POLLOUT:4)
0:00:00.019465805  4433 0x55c0ee01c360 DEBUG   structure gststructure.c:2203:gst_structure_parse_field: trying field name 'author'
0:00:00.014815448  4434 0x55aca8d26360 DEBUG   GST_POLL gstpoll.c:979:gst_poll_fd_ctl_write: 0x55aca8d4a970: fd (fd:0, idx:1), active : 1
0:00:00.019471773  4433 0x55c0ee01c360 DEBUG   default gstvalue.c:2676:_priv_gst_value_parse_value: trying type name 'string'
0:00:00.014821531  4434 0x55aca8d26360 LOG   GST_POLL gstpoll.c:994:gst_poll_fd_ctl_write: 0x55aca8d4a970: pfd->events now 60 (POLLOUT:4)
0:00:00.019497362  4433 0x55c0ee01c360 DEBUG   GST_REGISTRY gstregistrychunks.c:626:gst_registry_chunks_load_feature: Element factory : npadtemplates=2
0:00:00.014846531  4434 0x55aca8d26360 DEBUG   GST_POLL gstpoll.c:979:gst_poll_fd_ctl_write: 0x55aca8d4a970: fd (fd:0, idx:1), active : 1
0:00:00.019503543  4433 0x55c0ee01c360 DEBUG   GST_REGISTRY gstregistrychunks.c:525:gst_registry_chunks_load_pad_template: Reading/casting for GstRegistryChunkPadTemplate at address 0x55c0ee043460
0:00:00.014852892  4434 0x55aca8d26360 LOG   GST_POLL gstpoll.c:994:gst_poll_fd_ctl_write: 0x55aca8d4a970: pfd->events now 60 (POLLOUT:4)
0:00:00.019509739  4433 0x55c0ee01c360 DEBUG   GST_REGISTRY gstregistrychunks.c:539:gst_registry_chunks_load_pad_template: Added pad_template src
0:00:00.014859392  4434 0x55aca8d26360 DEBUG   GST_POLL gstpoll.c:979:gst_poll_fd_ctl_write: 0x55aca8d4a970: fd (fd:0, idx:1), active : 1
0:00:00.019515701  4433 0x55c0ee01c360 DEBUG   GST_REGISTRY gstregistrychunks.c:525:gst_registry_chunks_load_pad_template: Reading/casting for GstRegistryChunkPadTemplate at address 0x55c0ee043470
0:00:00.014865709  4434 0x55aca8d26360 LOG   GST_POLL gstpoll.c:994:gst_poll_fd_ctl_write: 0x55aca8d4a970: pfd->events now 60 (POLLOUT:4)
0:00:00.019521972  4433 0x55c0ee01c360 DEBUG   GST_REGISTRY gstregistrychunks.c:539:gst_registry_chunks_load_pad_template: Added pad_template sink_%u
0:00:00.014872164  4434 0x55aca8d26360 DEBUG   GST_POLL gstpoll.c:979:gst_poll_fd_ctl_write: 0x55aca8d4a970: fd (fd:0, idx:1), active : 1
0:00:00.019529174  4433 0x55c0ee01c360 DEBUG   GST_REGISTRY gstregistry.c:589:gst_registry_add_feature: adding feature 0x55c0ee048150 (funnel)
0:00:00.014878448  4434 0x55aca8d26360 LOG   GST_POLL gstpoll.c:994:gst_poll_fd_ctl_write: 0x55aca8d4a970: pfd->events now 60 (POLLOUT:4)
0:00:00.019535329  4433 0x55c0ee01c360 DEBUG   GST_REFCOUNTING gstobject.c:708:gst_object_set_parent: set parent (ref and sink)
0:00:00.014884988  4434 0x55aca8d26360 DEBUG   GST_POLL gstpoll.c:979:gst_poll_fd_ctl_write: 0x55aca8d4a970: fd (fd:0, idx:1), active : 1
0:00:00.019543208  4433 0x55c0ee01c360 TRACE   GST_REFCOUNTING gstobject.c:292:gst_object_ref_sink: 0x55c0ee048150 ref_sink 1->2
0:00:00.014894926  4434 0x55aca8d26360 LOG   GST_POLL gstpoll.c:994:gst_poll_fd_ctl_write: 0x55aca8d4a970: pfd->events now 60 (POLLOUT:4)
0:00:00.019551533  4433 0x55c0ee01c360 LOG   GST_REGISTRY gstregistry.c:607:gst_registry_add_feature: emitting feature-added for funnel
0:00:00.014901651  4434 0x55aca8d26360 DEBUG   GST_POLL gstpoll.c:979:gst_poll_fd_ctl_write: 0x55aca8d4a970: fd (fd:0, idx:1), active : 1
0:00:00.019558634  4433 0x55c0ee01c360 DEBUG   GST_REGISTRY gstregistrychunks.c:740:gst_registry_chunks_load_feature: Added feature funnel, plugin 0x55c0ee044250 coreelements
0:00:00.014907985  4434 0x55aca8d26360 LOG   GST_POLL gstpoll.c:994:gst_poll_fd_ctl_write: 0x55aca8d4a970: pfd->events now 60 (POLLOUT:4)
0:00:00.019565513  4433 0x55c0ee01c360 DEBUG   GST_REGISTRY gstregistrychunks.c:582:gst_registry_chunks_load_feature: Plugin 'coreelements' feature 'filesrc' typename : 'GstElementFactory'
0:00:00.014914619  4434 0x55aca8d26360 DEBUG   GST_POLL gstpoll.c:979:gst_poll_fd_ctl_write: 0x55aca8d4a970: fd (fd:0, idx:1), active : 1
0:00:00.019572556  4433 0x55c0ee01c360 TRACE   GST_REFCOUNTING gstobject.c:208:gst_object_init: 0x55c0ee048870 new
0:00:00.014920906  4434 0x55aca8d26360 LOG   GST_POLL gstpoll.c:994:gst_poll_fd_ctl_write: 0x55aca8d4a970: pfd->events now 60 (POLLOUT:4)
0:00:00.019580024  4433 0x55c0ee01c360 LOG   GST_REGISTRY gstregistrychunks.c:609:gst_registry_chunks_load_feature: Reading/casting for GstRegistryChunkElementFactory at address 0x55c0ee0434a0
0:00:00.014933416  4434 0x55aca8d26360 DEBUG   GST_POLL gstpoll.c:979:gst_poll_fd_ctl_write: 0x55aca8d4a970: fd (fd:0, idx:1), active : 1
0:00:00.019589503  4433 0x55c0ee01c360 TRACE   structure gststructure.c:287:gst_structure_new_id_empty_with_size: created structure 0x55c0ee048b70
0:00:00.014940029  4434 0x55aca8d26360 LOG   GST_POLL gstpoll.c:994:gst_poll_fd_ctl_write: 0x55aca8d4a970: pfd->events now 60 (POLLOUT:4)
0:00:00.019596255  4433 0x55c0ee01c360 DEBUG   structure gststructure.c:2203:gst_structure_parse_field: trying field name 'long-name'
0:00:00.014946647  4434 0x55aca8d26360 DEBUG   GST_POLL gstpoll.c:979:gst_poll_fd_ctl_write: 0x55aca8d4a970: fd (fd:0, idx:1), active : 1
0:00:00.019602452  4433 0x55c0ee01c360 DEBUG   default gstvalue.c:2676:_priv_gst_value_parse_value: trying type name 'string'
0:00:00.014953029  4434 0x55aca8d26360 LOG   GST_POLL gstpoll.c:994:gst_poll_fd_ctl_write: 0x55aca8d4a970: pfd->events now 60 (POLLOUT:4)
0:00:00.019609778  4433 0x55c0ee01c360 DEBUG   structure gststructure.c:2203:gst_structure_parse_field: trying field name 'klass'
0:00:00.014959646  4434 0x55aca8d26360 DEBUG   GST_POLL gstpoll.c:979:gst_poll_fd_ctl_write: 0x55aca8d4a970: fd (fd:0, idx:1), active : 1
0:00:00.019616243  4433 0x55c0ee01c360 DEBUG   default gstvalue.c:2676:_priv_gst_value_parse_value: trying type name 'string'
0:00:00.014965939  4434 0x55aca8d26360 LOG   GST_POLL gstpoll.c:994:gst_poll_fd_ctl_write: 0x55aca8d4a970: pfd->events now 60 (POLLOUT:4)
0:00:00.019622899  4433 0x55c0ee01c360 DEBUG   structure gststructure.c:2203:gst_structure_parse_field: trying field name 'description'
0:00:00.014976827  4434 0x55aca8d26360 DEBUG   GST_POLL gstpoll.c:979:gst_poll_fd_ctl_write: 0x55aca8d4a970: fd (fd:0, idx:1), active : 1
0:00:00.019632988  4433 0x55c0ee01c360 DEBUG   default gstvalue.c:2676:_priv_gst_value_parse_value: trying type name 'string'
0:00:00.014983372  4434 0x55aca8d26360 LOG   GST_POLL gstpoll.c:994:gst_poll_fd_ctl_write: 0x55aca8d4a970: pfd->events now 60 (POLLOUT:4)
0:00:00.019640394  4433 0x55c0ee01c360 DEBUG   structure gststructure.c:2203:gst_structure_parse_field: trying field name 'author'
0:00:00.014990019  4434 0x55aca8d26360 DEBUG   GST_POLL gstpoll.c:979:gst_poll_fd_ctl_write: 0x55aca8d4a970: fd (fd:0, idx:1), active : 1
0:00:00.019646575  4433 0x55c0ee01c360 DEBUG   default gstvalue.c:2676:_priv_gst_value_parse_value: trying type name 'string'
0:00:00.014996332  4434 0x55aca8d26360 LOG   GST_POLL gstpoll.c:994:gst_poll_fd_ctl_write: 0x55aca8d4a970: pfd->events now 60 (POLLOUT:4)
0:00:00.019653418  4433 0x55c0ee01c360 DEBUG   GST_REGISTRY gstregistrychunks.c:626:gst_registry_chunks_load_feature: Element factory : npadtemplates=1
0:00:00.015002827  4434 0x55aca8d26360 DEBUG   GST_POLL gstpoll.c:979:gst_poll_fd_ctl_write: 0x55aca8d4a970: fd (fd:0, idx:1), active : 1
0:00:00.019659855  4433 0x55c0ee01c360 DEBUG   GST_REGISTRY gstregistrychunks.c:525:gst_registry_chunks_load_pad_template: Reading/casting for GstRegistryChunkPadTemplate at address 0x55c0ee043580
0:00:00.015009100  4434 0x55aca8d26360 LOG   GST_POLL gstpoll.c:994:gst_poll_fd_ctl_write: 0x55aca8d4a970: pfd->events now 60 (POLLOUT:4)
0:00:00.019666101  4433 0x55c0ee01c360 DEBUG   GST_REGISTRY gstregistrychunks.c:539:gst_registry_chunks_load_pad_template: Added pad_template src
0:00:00.015015686  4434 0x55aca8d26360 DEBUG   GST_POLL gstpoll.c:979:gst_poll_fd_ctl_write: 0x55aca8d4a970: fd (fd:0, idx:1), active : 1
0:00:00.019672672  4433 0x55c0ee01c360 DEBUG   GST_REGISTRY gstregistrychunks.c:639:gst_registry_chunks_load_feature: Reading 1 UriTypes at address 0x55c0ee043590
0:00:00.015021936  4434 0x55aca8d26360 LOG   GST_POLL gstpoll.c:994:gst_poll_fd_ctl_write: 0x55aca8d4a970: pfd->events now 60 (POLLOUT:4)
0:00:00.019679800  4433 0x55c0ee01c360 DEBUG   GST_REGISTRY gstregistrychunks.c:654:gst_registry_chunks_load_feature: Reading 1 Interfaces at address 0x55c0ee043599
0:00:00.015028485  4434 0x55aca8d26360 DEBUG   GST_POLL gstpoll.c:979:gst_poll_fd_ctl_write: 0x55aca8d4a970: fd (fd:0, idx:1), active : 1
0:00:00.019687715  4433 0x55c0ee01c360 DEBUG   GST_REGISTRY gstregistry.c:589:gst_registry_add_feature: adding feature 0x55c0ee048870 (filesrc)
0:00:00.015034739  4434 0x55aca8d26360 LOG   GST_POLL gstpoll.c:994:gst_poll_fd_ctl_write: 0x55aca8d4a970: pfd->events now 60 (POLLOUT:4)
0:00:00.019694489  4433 0x55c0ee01c360 DEBUG   GST_REFCOUNTING gstobject.c:708:gst_object_set_parent: set parent (ref and sink)
0:00:00.019701960  4433 0x55c0ee01c360 TRACE   GST_REFCOUNTING gstobject.c:292:gst_object_ref_sink: 0x55c0ee048870 ref_sink 1->2
0:00:00.015042978  4434 0x55aca8d26360 DEBUG   GST_POLL gstpoll.c:979:gst_poll_fd_ctl_write: 0x55aca8d4a970: fd (fd:0, idx:1), active : 1
0:00:00.015064044  4434 0x55aca8d26360 LOG   GST_POLL gstpoll.c:994:gst_poll_fd_ctl_write: 0x55aca8d4a970: pfd->events now 60 (POLLOUT:4)
0:00:00.015070257  4434 0x55aca8d26360 DEBUG   GST_POLL gstpoll.c:979:gst_poll_fd_ctl_write: 0x55aca8d4a970: fd (fd:0, idx:1), active : 1
0:00:00.015076059  4434 0x55aca8d26360 LOG   GST_POLL gstpoll.c:994:gst_poll_fd_ctl_write: 0x55aca8d4a970: pfd->events now 60 (POLLOUT:4)
0:00:00.019727711  4433 0x55c0ee01c360 LOG   GST_REGISTRY gstregistry.c:607:gst_registry_add_feature: emitting feature-added for filesrc
0:00:00.015082270  4434 0x55aca8d26360 DEBUG   GST_POLL gstpoll.c:979:gst_poll_fd_ctl_write: 0x55aca8d4a970: fd (fd:0, idx:1), active : 1
0:00:00.015088464  4434 0x55aca8d26360 LOG   GST_POLL gstpoll.c:994:gst_poll_fd_ctl_write: 0x55aca8d4a970: pfd->events now 60 (POLLOUT:4)
0:00:00.019742377  4433 0x55c0ee01c360 DEBUG   GST_REGISTRY gstregistrychunks.c:740:gst_registry_chunks_load_feature: Added feature filesrc, plugin 0x55c0ee044250 coreelements
0:00:00.015094622  4434 0x55aca8d26360 DEBUG   GST_POLL gstpoll.c:979:gst_poll_fd_ctl_write: 0x55aca8d4a970: fd (fd:0, idx:1), active : 1
0:00:00.019752372  4433 0x55c0ee01c360 DEBUG   GST_REGISTRY gstregistrychunks.c:582:gst_registry_chunks_load_feature: Plugin 'coreelements' feature 'fdsink' typename : 'GstElementFactory'
0:00:00.015100888  4434 0x55aca8d26360 LOG   GST_POLL gstpoll.c:994:gst_poll_fd_ctl_write: 0x55aca8d4a970: pfd->events now 60 (POLLOUT:4)
0:00:00.019760750  4433 0x55c0ee01c360 TRACE   GST_REFCOUNTING gstobject.c:208:gst_object_init: 0x55c0ee049020 new
0:00:00.015107303  4434 0x55aca8d26360 DEBUG   GST_POLL gstpoll.c:979:gst_poll_fd_ctl_write: 0x55aca8d4a970: fd (fd:0, idx:1), active : 1
0:00:00.019768913  4433 0x55c0ee01c360 LOG   GST_REGISTRY gstregistrychunks.c:609:gst_registry_chunks_load_feature: Reading/casting for GstRegistryChunkElementFactory at address 0x55c0ee0435c0
0:00:00.015115840  4434 0x55aca8d26360 LOG   GST_POLL gstpoll.c:994:gst_poll_fd_ctl_write: 0x55aca8d4a970: pfd->events now 60 (POLLOUT:4)
0:00:00.019775727  4433 0x55c0ee01c360 TRACE   structure gststructure.c:287:gst_structure_new_id_empty_with_size: created structure 0x55c0ee0493a0
0:00:00.015123723  4434 0x55aca8d26360 DEBUG   GST_POLL gstpoll.c:979:gst_poll_fd_ctl_write: 0x55aca8d4a970: fd (fd:0, idx:1), active : 1
0:00:00.019782084  4433 0x55c0ee01c360 DEBUG   structure gststructure.c:2203:gst_structure_parse_field: trying field name 'long-name'
0:00:00.015130230  4434 0x55aca8d26360 LOG   GST_POLL gstpoll.c:994:gst_poll_fd_ctl_write: 0x55aca8d4a970: pfd->events now 60 (POLLOUT:4)
0:00:00.019788346  4433 0x55c0ee01c360 DEBUG   default gstvalue.c:2676:_priv_gst_value_parse_value: trying type name 'string'
0:00:00.015136785  4434 0x55aca8d26360 DEBUG   GST_POLL gstpoll.c:979:gst_poll_fd_ctl_write: 0x55aca8d4a970: fd (fd:0, idx:1), active : 1
0:00:00.019795340  4433 0x55c0ee01c360 DEBUG   structure gststructure.c:2203:gst_structure_parse_field: trying field name 'klass'
0:00:00.015143012  4434 0x55aca8d26360 LOG   GST_POLL gstpoll.c:994:gst_poll_fd_ctl_write: 0x55aca8d4a970: pfd->events now 60 (POLLOUT:4)
0:00:00.019805898  4433 0x55c0ee01c360 DEBUG   default gstvalue.c:2676:_priv_gst_value_parse_value: trying type name 'string'
0:00:00.015154339  4434 0x55aca8d26360 DEBUG   GST_POLL gstpoll.c:979:gst_poll_fd_ctl_write: 0x55aca8d4a970: fd (fd:0, idx:1), active : 1
0:00:00.019812689  4433 0x55c0ee01c360 DEBUG   structure gststructure.c:2203:gst_structure_parse_field: trying field name 'description'
0:00:00.015160673  4434 0x55aca8d26360 LOG   GST_POLL gstpoll.c:994:gst_poll_fd_ctl_write: 0x55aca8d4a970: pfd->events now 60 (POLLOUT:4)
0:00:00.019818940  4433 0x55c0ee01c360 DEBUG   default gstvalue.c:2676:_priv_gst_value_parse_value: trying type name 'string'
0:00:00.015167245  4434 0x55aca8d26360 DEBUG   GST_POLL gstpoll.c:979:gst_poll_fd_ctl_write: 0x55aca8d4a970: fd (fd:0, idx:1), active : 1
0:00:00.019826056  4433 0x55c0ee01c360 DEBUG   structure gststructure.c:2203:gst_structure_parse_field: trying field name 'author'
0:00:00.015173471  4434 0x55aca8d26360 LOG   GST_POLL gstpoll.c:994:gst_poll_fd_ctl_write: 0x55aca8d4a970: pfd->events now 60 (POLLOUT:4)
0:00:00.019832372  4433 0x55c0ee01c360 DEBUG   default gstvalue.c:2676:_priv_gst_value_parse_value: trying type name 'string'
0:00:00.015180739  4434 0x55aca8d26360 DEBUG   GST_POLL gstpoll.c:979:gst_poll_fd_ctl_write: 0x55aca8d4a970: fd (fd:0, idx:1), active : 1
0:00:00.019839109  4433 0x55c0ee01c360 DEBUG   GST_REGISTRY gstregistrychunks.c:626:gst_registry_chunks_load_feature: Element factory : npadtemplates=1
0:00:00.015187008  4434 0x55aca8d26360 LOG   GST_POLL gstpoll.c:994:gst_poll_fd_ctl_write: 0x55aca8d4a970: pfd->events now 60 (POLLOUT:4)
0:00:00.019845334  4433 0x55c0ee01c360 DEBUG   GST_REGISTRY gstregistrychunks.c:525:gst_registry_chunks_load_pad_template: Reading/casting for GstRegistryChunkPadTemplate at address 0x55c0ee0436a0
0:00:00.015193954  4434 0x55aca8d26360 DEBUG   GST_POLL gstpoll.c:979:gst_poll_fd_ctl_write: 0x55aca8d4a970: fd (fd:0, idx:1), active : 1
0:00:00.019851656  4433 0x55c0ee01c360 DEBUG   GST_REGISTRY gstregistrychunks.c:539:gst_registry_chunks_load_pad_template: Added pad_template sink
0:00:00.015200164  4434 0x55aca8d26360 LOG   GST_POLL gstpoll.c:994:gst_poll_fd_ctl_write: 0x55aca8d4a970: pfd->events now 60 (POLLOUT:4)
0:00:00.019858157  4433 0x55c0ee01c360 DEBUG   GST_REGISTRY gstregistrychunks.c:639:gst_registry_chunks_load_feature: Reading 1 UriTypes at address 0x55c0ee0436b1
0:00:00.015206713  4434 0x55aca8d26360 DEBUG   GST_POLL gstpoll.c:979:gst_poll_fd_ctl_write: 0x55aca8d4a970: fd (fd:0, idx:1), active : 1
0:00:00.019865022  4433 0x55c0ee01c360 DEBUG   GST_REGISTRY gstregistrychunks.c:654:gst_registry_chunks_load_feature: Reading 1 Interfaces at address 0x55c0ee0436bf
0:00:00.015212917  4434 0x55aca8d26360 LOG   GST_POLL gstpoll.c:994:gst_poll_fd_ctl_write: 0x55aca8d4a970: pfd->events now 60 (POLLOUT:4)
0:00:00.019873011  4433 0x55c0ee01c360 DEBUG   GST_REGISTRY gstregistry.c:589:gst_registry_add_feature: adding feature 0x55c0ee049020 (fdsink)
0:00:00.015219991  4434 0x55aca8d26360 DEBUG   GST_POLL gstpoll.c:979:gst_poll_fd_ctl_write: 0x55aca8d4a970: fd (fd:0, idx:1), active : 1
0:00:00.019883271  4433 0x55c0ee01c360 DEBUG   GST_REFCOUNTING gstobject.c:708:gst_object_set_parent: set parent (ref and sink)
0:00:00.015231363  4434 0x55aca8d26360 LOG   GST_POLL gstpoll.c:994:gst_poll_fd_ctl_write: 0x55aca8d4a970: pfd->events now 60 (POLLOUT:4)
0:00:00.019891115  4433 0x55c0ee01c360 TRACE   GST_REFCOUNTING gstobject.c:292:gst_object_ref_sink: 0x55c0ee049020 ref_sink 1->2
0:00:00.015238821  4434 0x55aca8d26360 DEBUG   GST_POLL gstpoll.c:979:gst_poll_fd_ctl_write: 0x55aca8d4a970: fd (fd:0, idx:1), active : 1
0:00:00.019898206  4433 0x55c0ee01c360 LOG   GST_REGISTRY gstregistry.c:607:gst_registry_add_feature: emitting feature-added for fdsink
0:00:00.015246033  4434 0x55aca8d26360 LOG   GST_POLL gstpoll.c:994:gst_poll_fd_ctl_write: 0x55aca8d4a970: pfd->events now 60 (POLLOUT:4)
0:00:00.019905278  4433 0x55c0ee01c360 DEBUG   GST_REGISTRY gstregistrychunks.c:740:gst_registry_chunks_load_feature: Added feature fdsink, plugin 0x55c0ee044250 coreelements
0:00:00.015252867  4434 0x55aca8d26360 DEBUG   GST_POLL gstpoll.c:979:gst_poll_fd_ctl_write: 0x55aca8d4a970: fd (fd:0, idx:1), active : 1
0:00:00.019911973  4433 0x55c0ee01c360 DEBUG   GST_REGISTRY gstregistrychunks.c:582:gst_registry_chunks_load_feature: Plugin 'coreelements' feature 'fdsrc' typename : 'GstElementFactory'
0:00:00.015259632  4434 0x55aca8d26360 LOG   GST_POLL gstpoll.c:994:gst_poll_fd_ctl_write: 0x55aca8d4a970: pfd->events now 60 (POLLOUT:4)
0:00:00.019918962  4433 0x55c0ee01c360 TRACE   GST_REFCOUNTING gstobject.c:208:gst_object_init: 0x55c0ee04d8a0 new
0:00:00.015266560  4434 0x55aca8d26360 DEBUG   GST_POLL gstpoll.c:979:gst_poll_fd_ctl_write: 0x55aca8d4a970: fd (fd:0, idx:1), active : 1
0:00:00.019926415  4433 0x55c0ee01c360 LOG   GST_REGISTRY gstregistrychunks.c:609:gst_registry_chunks_load_feature: Reading/casting for GstRegistryChunkElementFactory at address 0x55c0ee0436e8
0:00:00.015273865  4434 0x55aca8d26360 LOG   GST_POLL gstpoll.c:994:gst_poll_fd_ctl_write: 0x55aca8d4a970: pfd->events now 60 (POLLOUT:4)
0:00:00.019933215  4433 0x55c0ee01c360 TRACE   structure gststructure.c:287:gst_structure_new_id_empty_with_size: created structure 0x55c0ee04dad0
0:00:00.015281286  4434 0x55aca8d26360 DEBUG   GST_POLL gstpoll.c:979:gst_poll_fd_ctl_write: 0x55aca8d4a970: fd (fd:0, idx:1), active : 1
0:00:00.019939392  4433 0x55c0ee01c360 DEBUG   structure gststructure.c:2203:gst_structure_parse_field: trying field name 'long-name'
0:00:00.015287579  4434 0x55aca8d26360 LOG   GST_POLL gstpoll.c:994:gst_poll_fd_ctl_write: 0x55aca8d4a970: pfd->events now 60 (POLLOUT:4)
0:00:00.019945522  4433 0x55c0ee01c360 DEBUG   default gstvalue.c:2676:_priv_gst_value_parse_value: trying type name 'string'
0:00:00.015294081  4434 0x55aca8d26360 DEBUG   GST_POLL gstpoll.c:979:gst_poll_fd_ctl_write: 0x55aca8d4a970: fd (fd:0, idx:1), active : 1
0:00:00.019952199  4433 0x55c0ee01c360 DEBUG   structure gststructure.c:2203:gst_structure_parse_field: trying field name 'klass'
0:00:00.015300368  4434 0x55aca8d26360 LOG   GST_POLL gstpoll.c:994:gst_poll_fd_ctl_write: 0x55aca8d4a970: pfd->events now 60 (POLLOUT:4)
0:00:00.019962743  4433 0x55c0ee01c360 DEBUG   default gstvalue.c:2676:_priv_gst_value_parse_value: trying type name 'string'
0:00:00.015311439  4434 0x55aca8d26360 DEBUG   GST_POLL gstpoll.c:979:gst_poll_fd_ctl_write: 0x55aca8d4a970: fd (fd:0, idx:1), active : 1
0:00:00.019969364  4433 0x55c0ee01c360 DEBUG   structure gststructure.c:2203:gst_structure_parse_field: trying field name 'description'
0:00:00.015317710  4434 0x55aca8d26360 LOG   GST_POLL gstpoll.c:994:gst_poll_fd_ctl_write: 0x55aca8d4a970: pfd->events now 60 (POLLOUT:4)
0:00:00.019975479  4433 0x55c0ee01c360 DEBUG   default gstvalue.c:2676:_priv_gst_value_parse_value: trying type name 'string'
0:00:00.015324259  4434 0x55aca8d26360 DEBUG   GST_POLL gstpoll.c:979:gst_poll_fd_ctl_write: 0x55aca8d4a970: fd (fd:0, idx:1), active : 1
0:00:00.019982096  4433 0x55c0ee01c360 DEBUG   structure gststructure.c:2203:gst_structure_parse_field: trying field name 'author'
0:00:00.015330578  4434 0x55aca8d26360 LOG   GST_POLL gstpoll.c:994:gst_poll_fd_ctl_write: 0x55aca8d4a970: pfd->events now 60 (POLLOUT:4)
0:00:00.019988130  4433 0x55c0ee01c360 DEBUG   default gstvalue.c:2676:_priv_gst_value_parse_value: trying type name 'string'
0:00:00.015337082  4434 0x55aca8d26360 DEBUG   GST_POLL gstpoll.c:979:gst_poll_fd_ctl_write: 0x55aca8d4a970: fd (fd:0, idx:1), active : 1
0:00:00.019994715  4433 0x55c0ee01c360 DEBUG   GST_REGISTRY gstregistrychunks.c:626:gst_registry_chunks_load_feature: Element factory : npadtemplates=1
0:00:00.015343402  4434 0x55aca8d26360 LOG   GST_POLL gstpoll.c:994:gst_poll_fd_ctl_write: 0x55aca8d4a970: pfd->events now 60 (POLLOUT:4)
0:00:00.020000832  4433 0x55c0ee01c360 DEBUG   GST_REGISTRY gstregistrychunks.c:525:gst_registry_chunks_load_pad_template: Reading/casting for GstRegistryChunkPadTemplate at address 0x55c0ee0437c8
0:00:00.015349911  4434 0x55aca8d26360 DEBUG   GST_POLL gstpoll.c:979:gst_poll_fd_ctl_write: 0x55aca8d4a970: fd (fd:0, idx:1), active : 1
0:00:00.020007062  4433 0x55c0ee01c360 DEBUG   GST_REGISTRY gstregistrychunks.c:539:gst_registry_chunks_load_pad_template: Added pad_template src
0:00:00.015356244  4434 0x55aca8d26360 LOG   GST_POLL gstpoll.c:994:gst_poll_fd_ctl_write: 0x55aca8d4a970: pfd->events now 60 (POLLOUT:4)
0:00:00.020013510  4433 0x55c0ee01c360 DEBUG   GST_REGISTRY gstregistrychunks.c:639:gst_registry_chunks_load_feature: Reading 1 UriTypes at address 0x55c0ee0437d8
0:00:00.015362794  4434 0x55aca8d26360 DEBUG   GST_POLL gstpoll.c:979:gst_poll_fd_ctl_write: 0x55aca8d4a970: fd (fd:0, idx:1), active : 1
0:00:00.020020164  4433 0x55c0ee01c360 DEBUG   GST_REGISTRY gstregistrychunks.c:654:gst_registry_chunks_load_feature: Reading 1 Interfaces at address 0x55c0ee0437df
0:00:00.015369090  4434 0x55aca8d26360 LOG   GST_POLL gstpoll.c:994:gst_poll_fd_ctl_write: 0x55aca8d4a970: pfd->events now 60 (POLLOUT:4)
0:00:00.020027616  4433 0x55c0ee01c360 DEBUG   GST_REGISTRY gstregistry.c:589:gst_registry_add_feature: adding feature 0x55c0ee04d8a0 (fdsrc)
0:00:00.015375608  4434 0x55aca8d26360 DEBUG   GST_POLL gstpoll.c:979:gst_poll_fd_ctl_write: 0x55aca8d4a970: fd (fd:0, idx:1), active : 1
0:00:00.020038196  4433 0x55c0ee01c360 DEBUG   GST_REFCOUNTING gstobject.c:708:gst_object_set_parent: set parent (ref and sink)
0:00:00.015386431  4434 0x55aca8d26360 LOG   GST_POLL gstpoll.c:994:gst_poll_fd_ctl_write: 0x55aca8d4a970: pfd->events now 60 (POLLOUT:4)
0:00:00.015393778  4434 0x55aca8d26360 DEBUG   GST_POLL gstpoll.c:979:gst_poll_fd_ctl_write: 0x55aca8d4a970: fd (fd:0, idx:1), active : 1
0:00:00.020048946  4433 0x55c0ee01c360 TRACE   GST_REFCOUNTING gstobject.c:292:gst_object_ref_sink: 0x55c0ee04d8a0 ref_sink 1->2
0:00:00.015399707  4434 0x55aca8d26360 LOG   GST_POLL gstpoll.c:994:gst_poll_fd_ctl_write: 0x55aca8d4a970: pfd->events now 60 (POLLOUT:4)
0:00:00.020056565  4433 0x55c0ee01c360 LOG   GST_REGISTRY gstregistry.c:607:gst_registry_add_feature: emitting feature-added for fdsrc
0:00:00.015406297  4434 0x55aca8d26360 DEBUG   GST_POLL gstpoll.c:979:gst_poll_fd_ctl_write: 0x55aca8d4a970: fd (fd:0, idx:1), active : 1
0:00:00.020063444  4433 0x55c0ee01c360 DEBUG   GST_REGISTRY gstregistrychunks.c:740:gst_registry_chunks_load_feature: Added feature fdsrc, plugin 0x55c0ee044250 coreelements
0:00:00.015412559  4434 0x55aca8d26360 LOG   GST_POLL gstpoll.c:994:gst_poll_fd_ctl_write: 0x55aca8d4a970: pfd->events now 60 (POLLOUT:4)
0:00:00.020070432  4433 0x55c0ee01c360 DEBUG   GST_REGISTRY gstregistrychunks.c:582:gst_registry_chunks_load_feature: Plugin 'coreelements' feature 'fakesink' typename : 'GstElementFactory'
0:00:00.015419078  4434 0x55aca8d26360 DEBUG   GST_POLL gstpoll.c:979:gst_poll_fd_ctl_write: 0x55aca8d4a970: fd (fd:0, idx:1), active : 1
0:00:00.020077663  4433 0x55c0ee01c360 TRACE   GST_REFCOUNTING gstobject.c:208:gst_object_init: 0x55c0ee04df50 new
0:00:00.015425362  4434 0x55aca8d26360 LOG   GST_POLL gstpoll.c:994:gst_poll_fd_ctl_write: 0x55aca8d4a970: pfd->events now 60 (POLLOUT:4)
0:00:00.020085071  4433 0x55c0ee01c360 LOG   GST_REGISTRY gstregistrychunks.c:609:gst_registry_chunks_load_feature: Reading/casting for GstRegistryChunkElementFactory at address 0x55c0ee043808
0:00:00.015432939  4434 0x55aca8d26360 DEBUG   GST_POLL gstpoll.c:979:gst_poll_fd_ctl_write: 0x55aca8d4a970: fd (fd:0, idx:1), active : 1
0:00:00.020091792  4433 0x55c0ee01c360 TRACE   structure gststructure.c:287:gst_structure_new_id_empty_with_size: created structure 0x55c0ee04e180
0:00:00.015439557  4434 0x55aca8d26360 LOG   GST_POLL gstpoll.c:994:gst_poll_fd_ctl_write: 0x55aca8d4a970: pfd->events now 60 (POLLOUT:4)
0:00:00.020098015  4433 0x55c0ee01c360 DEBUG   structure gststructure.c:2203:gst_structure_parse_field: trying field name 'long-name'
0:00:00.015446693  4434 0x55aca8d26360 DEBUG   GST_POLL gstpoll.c:979:gst_poll_fd_ctl_write: 0x55aca8d4a970: fd (fd:0, idx:1), active : 1
0:00:00.020104170  4433 0x55c0ee01c360 DEBUG   default gstvalue.c:2676:_priv_gst_value_parse_value: trying type name 'string'
0:00:00.015452946  4434 0x55aca8d26360 LOG   GST_POLL gstpoll.c:994:gst_poll_fd_ctl_write: 0x55aca8d4a970: pfd->events now 60 (POLLOUT:4)
0:00:00.015463371  4434 0x55aca8d26360 DEBUG   GST_POLL gstpoll.c:979:gst_poll_fd_ctl_write: 0x55aca8d4a970: fd (fd:0, idx:1), active : 1
0:00:00.020110938  4433 0x55c0ee01c360 DEBUG   structure gststructure.c:2203:gst_structure_parse_field: trying field name 'klass'
0:00:00.015469388  4434 0x55aca8d26360 LOG   GST_POLL gstpoll.c:994:gst_poll_fd_ctl_write: 0x55aca8d4a970: pfd->events now 60 (POLLOUT:4)
0:00:00.020125904  4433 0x55c0ee01c360 DEBUG   default gstvalue.c:2676:_priv_gst_value_parse_value: trying type name 'string'
0:00:00.015475987  4434 0x55aca8d26360 DEBUG   GST_POLL gstpoll.c:979:gst_poll_fd_ctl_write: 0x55aca8d4a970: fd (fd:0, idx:1), active : 1
0:00:00.020132681  4433 0x55c0ee01c360 DEBUG   structure gststructure.c:2203:gst_structure_parse_field: trying field name 'description'
0:00:00.015482273  4434 0x55aca8d26360 LOG   GST_POLL gstpoll.c:994:gst_poll_fd_ctl_write: 0x55aca8d4a970: pfd->events now 60 (POLLOUT:4)
0:00:00.020138732  4433 0x55c0ee01c360 DEBUG   default gstvalue.c:2676:_priv_gst_value_parse_value: trying type name 'string'
0:00:00.015488825  4434 0x55aca8d26360 DEBUG   GST_POLL gstpoll.c:979:gst_poll_fd_ctl_write: 0x55aca8d4a970: fd (fd:0, idx:1), active : 1
0:00:00.020145179  4433 0x55c0ee01c360 DEBUG   structure gststructure.c:2203:gst_structure_parse_field: trying field name 'author'
0:00:00.015495125  4434 0x55aca8d26360 LOG   GST_POLL gstpoll.c:994:gst_poll_fd_ctl_write: 0x55aca8d4a970: pfd->events now 60 (POLLOUT:4)
0:00:00.020151200  4433 0x55c0ee01c360 DEBUG   default gstvalue.c:2676:_priv_gst_value_parse_value: trying type name 'string'
0:00:00.015501653  4434 0x55aca8d26360 DEBUG   GST_POLL gstpoll.c:979:gst_poll_fd_ctl_write: 0x55aca8d4a970: fd (fd:0, idx:1), active : 1
0:00:00.020160542  4433 0x55c0ee01c360 DEBUG   GST_REGISTRY gstregistrychunks.c:626:gst_registry_chunks_load_feature: Element factory : npadtemplates=1
0:00:00.015507967  4434 0x55aca8d26360 LOG   GST_POLL gstpoll.c:994:gst_poll_fd_ctl_write: 0x55aca8d4a970: pfd->events now 60 (POLLOUT:4)
0:00:00.020166679  4433 0x55c0ee01c360 DEBUG   GST_REGISTRY gstregistrychunks.c:525:gst_registry_chunks_load_pad_template: Reading/casting for GstRegistryChunkPadTemplate at address 0x55c0ee043930
0:00:00.015515365  4434 0x55aca8d26360 DEBUG   GST_POLL gstpoll.c:979:gst_poll_fd_ctl_write: 0x55aca8d4a970: fd (fd:0, idx:1), active : 1
0:00:00.020172706  4433 0x55c0ee01c360 DEBUG   GST_REGISTRY gstregistrychunks.c:539:gst_registry_chunks_load_pad_template: Added pad_template sink
0:00:00.015521539  4434 0x55aca8d26360 LOG   GST_POLL gstpoll.c:994:gst_poll_fd_ctl_write: 0x55aca8d4a970: pfd->events now 60 (POLLOUT:4)
0:00:00.020179789  4433 0x55c0ee01c360 DEBUG   GST_REGISTRY gstregistry.c:589:gst_registry_add_feature: adding feature 0x55c0ee04df50 (fakesink)
0:00:00.015527989  4434 0x55aca8d26360 DEBUG   GST_POLL gstpoll.c:979:gst_poll_fd_ctl_write: 0x55aca8d4a970: fd (fd:0, idx:1), active : 1
0:00:00.020185811  4433 0x55c0ee01c360 DEBUG   GST_REFCOUNTING gstobject.c:708:gst_object_set_parent: set parent (ref and sink)
0:00:00.015534268  4434 0x55aca8d26360 LOG   GST_POLL gstpoll.c:994:gst_poll_fd_ctl_write: 0x55aca8d4a970: pfd->events now 60 (POLLOUT:4)
0:00:00.020197348  4433 0x55c0ee01c360 TRACE   GST_REFCOUNTING gstobject.c:292:gst_object_ref_sink: 0x55c0ee04df50 ref_sink 1->2
0:00:00.015545185  4434 0x55aca8d26360 DEBUG   GST_POLL gstpoll.c:979:gst_poll_fd_ctl_write: 0x55aca8d4a970: fd (fd:0, idx:1), active : 1
0:00:00.020204476  4433 0x55c0ee01c360 LOG   GST_REGISTRY gstregistry.c:607:gst_registry_add_feature: emitting feature-added for fakesink
0:00:00.015552412  4434 0x55aca8d26360 LOG   GST_POLL gstpoll.c:994:gst_poll_fd_ctl_write: 0x55aca8d4a970: pfd->events now 60 (POLLOUT:4)
0:00:00.020211628  4433 0x55c0ee01c360 DEBUG   GST_REGISTRY gstregistrychunks.c:740:gst_registry_chunks_load_feature: Added feature fakesink, plugin 0x55c0ee044250 coreelements
0:00:00.015559146  4434 0x55aca8d26360 DEBUG   GST_POLL gstpoll.c:979:gst_poll_fd_ctl_write: 0x55aca8d4a970: fd (fd:0, idx:1), active : 1
0:00:00.020218202  4433 0x55c0ee01c360 DEBUG   GST_REGISTRY gstregistrychunks.c:582:gst_registry_chunks_load_feature: Plugin 'coreelements' feature 'fakesrc' typename : 'GstElementFactory'
0:00:00.015565837  4434 0x55aca8d26360 LOG   GST_POLL gstpoll.c:994:gst_poll_fd_ctl_write: 0x55aca8d4a970: pfd->events now 60 (POLLOUT:4)
0:00:00.020225307  4433 0x55c0ee01c360 TRACE   GST_REFCOUNTING gstobject.c:208:gst_object_init: 0x55c0ee04e4e0 new
0:00:00.015572814  4434 0x55aca8d26360 DEBUG   GST_POLL gstpoll.c:979:gst_poll_fd_ctl_write: 0x55aca8d4a970: fd (fd:0, idx:1), active : 1
0:00:00.020232629  4433 0x55c0ee01c360 LOG   GST_REGISTRY gstregistrychunks.c:609:gst_registry_chunks_load_feature: Reading/casting for GstRegistryChunkElementFactory at address 0x55c0ee043960
0:00:00.015579963  4434 0x55aca8d26360 LOG   GST_POLL gstpoll.c:994:gst_poll_fd_ctl_write: 0x55aca8d4a970: pfd->events now 60 (POLLOUT:4)
0:00:00.020239289  4433 0x55c0ee01c360 TRACE   structure gststructure.c:287:gst_structure_new_id_empty_with_size: created structure 0x55c0ee04e5d0
0:00:00.015587273  4434 0x55aca8d26360 DEBUG   GST_POLL gstpoll.c:979:gst_poll_fd_ctl_write: 0x55aca8d4a970: fd (fd:0, idx:1), active : 1
0:00:00.020245647  4433 0x55c0ee01c360 DEBUG   structure gststructure.c:2203:gst_structure_parse_field: trying field name 'long-name'
0:00:00.015593800  4434 0x55aca8d26360 LOG   GST_POLL gstpoll.c:994:gst_poll_fd_ctl_write: 0x55aca8d4a970: pfd->events now 60 (POLLOUT:4)
0:00:00.020251791  4433 0x55c0ee01c360 DEBUG   default gstvalue.c:2676:_priv_gst_value_parse_value: trying type name 'string'
0:00:00.015600277  4434 0x55aca8d26360 DEBUG   GST_POLL gstpoll.c:979:gst_poll_fd_ctl_write: 0x55aca8d4a970: fd (fd:0, idx:1), active : 1
0:00:00.020258263  4433 0x55c0ee01c360 DEBUG   structure gststructure.c:2203:gst_structure_parse_field: trying field name 'klass'
0:00:00.015606482  4434 0x55aca8d26360 LOG   GST_POLL gstpoll.c:994:gst_poll_fd_ctl_write: 0x55aca8d4a970: pfd->events now 60 (POLLOUT:4)
0:00:00.020264350  4433 0x55c0ee01c360 DEBUG   default gstvalue.c:2676:_priv_gst_value_parse_value: trying type name 'string'
0:00:00.015613025  4434 0x55aca8d26360 DEBUG   GST_POLL gstpoll.c:979:gst_poll_fd_ctl_write: 0x55aca8d4a970: fd (fd:0, idx:1), active : 1
0:00:00.020275215  4433 0x55c0ee01c360 DEBUG   structure gststructure.c:2203:gst_structure_parse_field: trying field name 'description'
0:00:00.015623105  4434 0x55aca8d26360 LOG   GST_POLL gstpoll.c:994:gst_poll_fd_ctl_write: 0x55aca8d4a970: pfd->events now 60 (POLLOUT:4)
0:00:00.020281652  4433 0x55c0ee01c360 DEBUG   default gstvalue.c:2676:_priv_gst_value_parse_value: trying type name 'string'
0:00:00.015630162  4434 0x55aca8d26360 DEBUG   GST_POLL gstpoll.c:979:gst_poll_fd_ctl_write: 0x55aca8d4a970: fd (fd:0, idx:1), active : 1
0:00:00.020288391  4433 0x55c0ee01c360 DEBUG   structure gststructure.c:2203:gst_structure_parse_field: trying field name 'author'
0:00:00.015636499  4434 0x55aca8d26360 LOG   GST_POLL gstpoll.c:994:gst_poll_fd_ctl_write: 0x55aca8d4a970: pfd->events now 60 (POLLOUT:4)
0:00:00.020294578  4433 0x55c0ee01c360 DEBUG   default gstvalue.c:2676:_priv_gst_value_parse_value: trying type name 'string'
0:00:00.015642983  4434 0x55aca8d26360 DEBUG   GST_POLL gstpoll.c:979:gst_poll_fd_ctl_write: 0x55aca8d4a970: fd (fd:0, idx:1), active : 1
0:00:00.020301581  4433 0x55c0ee01c360 DEBUG   GST_REGISTRY gstregistrychunks.c:626:gst_registry_chunks_load_feature: Element factory : npadtemplates=1
0:00:00.015649253  4434 0x55aca8d26360 LOG   GST_POLL gstpoll.c:994:gst_poll_fd_ctl_write: 0x55aca8d4a970: pfd->events now 60 (POLLOUT:4)
0:00:00.020307665  4433 0x55c0ee01c360 DEBUG   GST_REGISTRY gstregistrychunks.c:525:gst_registry_chunks_load_pad_template: Reading/casting for GstRegistryChunkPadTemplate at address 0x55c0ee043a60
0:00:00.015656313  4434 0x55aca8d26360 DEBUG   GST_POLL gstpoll.c:979:gst_poll_fd_ctl_write: 0x55aca8d4a970: fd (fd:0, idx:1), active : 1
0:00:00.020313886  4433 0x55c0ee01c360 DEBUG   GST_REGISTRY gstregistrychunks.c:539:gst_registry_chunks_load_pad_template: Added pad_template src
0:00:00.015662505  4434 0x55aca8d26360 LOG   GST_POLL gstpoll.c:994:gst_poll_fd_ctl_write: 0x55aca8d4a970: pfd->events now 60 (POLLOUT:4)
0:00:00.020320875  4433 0x55c0ee01c360 DEBUG   GST_REGISTRY gstregistry.c:589:gst_registry_add_feature: adding feature 0x55c0ee04e4e0 (fakesrc)
0:00:00.015668916  4434 0x55aca8d26360 DEBUG   GST_POLL gstpoll.c:979:gst_poll_fd_ctl_write: 0x55aca8d4a970: fd (fd:0, idx:1), active : 1
0:00:00.020327123  4433 0x55c0ee01c360 DEBUG   GST_REFCOUNTING gstobject.c:708:gst_object_set_parent: set parent (ref and sink)
0:00:00.015675230  4434 0x55aca8d26360 LOG   GST_POLL gstpoll.c:994:gst_poll_fd_ctl_write: 0x55aca8d4a970: pfd->events now 60 (POLLOUT:4)
0:00:00.020334455  4433 0x55c0ee01c360 TRACE   GST_REFCOUNTING gstobject.c:292:gst_object_ref_sink: 0x55c0ee04e4e0 ref_sink 1->2
0:00:00.015682432  4434 0x55aca8d26360 DEBUG   GST_POLL gstpoll.c:979:gst_poll_fd_ctl_write: 0x55aca8d4a970: fd (fd:0, idx:1), active : 1
0:00:00.020341515  4433 0x55c0ee01c360 LOG   GST_REGISTRY gstregistry.c:607:gst_registry_add_feature: emitting feature-added for fakesrc
0:00:00.015689483  4434 0x55aca8d26360 LOG   GST_POLL gstpoll.c:994:gst_poll_fd_ctl_write: 0x55aca8d4a970: pfd->events now 60 (POLLOUT:4)
0:00:00.020352324  4433 0x55c0ee01c360 DEBUG   GST_REGISTRY gstregistrychunks.c:740:gst_registry_chunks_load_feature: Added feature fakesrc, plugin 0x55c0ee044250 coreelements
0:00:00.015700290  4434 0x55aca8d26360 DEBUG   GST_POLL gstpoll.c:979:gst_poll_fd_ctl_write: 0x55aca8d4a970: fd (fd:0, idx:1), active : 1
0:00:00.020359310  4433 0x55c0ee01c360 DEBUG   GST_REGISTRY gstregistrychunks.c:582:gst_registry_chunks_load_feature: Plugin 'coreelements' feature 'downloadbuffer' typename : 'GstElementFactory'
0:00:00.015706911  4434 0x55aca8d26360 LOG   GST_POLL gstpoll.c:994:gst_poll_fd_ctl_write: 0x55aca8d4a970: pfd->events now 60 (POLLOUT:4)
0:00:00.020366452  4433 0x55c0ee01c360 TRACE   GST_REFCOUNTING gstobject.c:208:gst_object_init: 0x55c0ee04ea20 new
0:00:00.015713978  4434 0x55aca8d26360 DEBUG   GST_POLL gstpoll.c:979:gst_poll_fd_ctl_write: 0x55aca8d4a970: fd (fd:0, idx:1), active : 1
0:00:00.020373805  4433 0x55c0ee01c360 LOG   GST_REGISTRY gstregistrychunks.c:609:gst_registry_chunks_load_feature: Reading/casting for GstRegistryChunkElementFactory at address 0x55c0ee043a98
