0:00:00.017164984  4385 0x555717e57320 LOG   GST_POLL gstpoll.c:994:gst_poll_fd_ctl_write: 0x555717e7b930: pfd->events now 60 (POLLOUT:4)
0:00:00.021787956  4384 0x56520e440320 DEBUG   default gstvalue.c:2676:_priv_gst_value_parse_value: trying type name 'string'
0:00:00.017172088  4385 0x555717e57320 DEBUG   GST_POLL gstpoll.c:980:gst_poll_fd_ctl_write: 0x555717e7b930: fd (fd:0, idx:1), active : 1
0:00:00.021795267  4384 0x56520e440320 DEBUG   GST_REGISTRY gstregistrychunks.c:626:gst_registry_chunks_load_feature: Element factory : npadtemplates=2
0:00:00.017178815  4385 0x555717e57320 LOG   GST_POLL gstpoll.c:994:gst_poll_fd_ctl_write: 0x555717e7b930: pfd->events now 60 (POLLOUT:4)
0:00:00.021804885  4384 0x56520e440320 DEBUG   GST_REGISTRY gstregistrychunks.c:526:gst_registry_chunks_load_pad_template: Reading/casting for GstRegistryChunkPadTemplate at address 0x56520e467b60
0:00:00.017185963  4385 0x555717e57320 DEBUG   GST_POLL gstpoll.c:980:gst_poll_fd_ctl_write: 0x555717e7b930: fd (fd:0, idx:1), active : 1
0:00:00.021811406  4384 0x56520e440320 DEBUG   GST_REGISTRY gstregistrychunks.c:539:gst_registry_chunks_load_pad_template: Added pad_template sink
0:00:00.017194393  4385 0x555717e57320 LOG   GST_POLL gstpoll.c:994:gst_poll_fd_ctl_write: 0x555717e7b930: pfd->events now 60 (POLLOUT:4)
0:00:00.021817527  4384 0x56520e440320 DEBUG   GST_REGISTRY gstregistrychunks.c:526:gst_registry_chunks_load_pad_template: Reading/casting for GstRegistryChunkPadTemplate at address 0x56520e467b78
0:00:00.017201648  4385 0x555717e57320 DEBUG   GST_POLL gstpoll.c:980:gst_poll_fd_ctl_write: 0x555717e7b930: fd (fd:0, idx:1), active : 1
0:00:00.021823806  4384 0x56520e440320 DEBUG   GST_REGISTRY gstregistrychunks.c:539:gst_registry_chunks_load_pad_template: Added pad_template src
0:00:00.017208245  4385 0x555717e57320 LOG   GST_POLL gstpoll.c:994:gst_poll_fd_ctl_write: 0x555717e7b930: pfd->events now 60 (POLLOUT:4)
0:00:00.021835323  4384 0x56520e440320 DEBUG   GST_REGISTRY gstregistry.c:590:gst_registry_add_feature: adding feature 0x56520e472a20 (downloadbuffer)
0:00:00.017217333  4385 0x555717e57320 DEBUG   GST_POLL gstpoll.c:980:gst_poll_fd_ctl_write: 0x555717e7b930: fd (fd:0, idx:1), active : 1
0:00:00.021842143  4384 0x56520e440320 DEBUG   GST_REFCOUNTING gstobject.c:709:gst_object_set_parent: set parent (ref and sink)
0:00:00.017225169  4385 0x555717e57320 LOG   GST_POLL gstpoll.c:994:gst_poll_fd_ctl_write: 0x555717e7b930: pfd->events now 60 (POLLOUT:4)
0:00:00.021849976  4384 0x56520e440320 TRACE   GST_REFCOUNTING gstobject.c:294:gst_object_ref_sink: 0x56520e472a20 ref_sink 1->2
0:00:00.017232674  4385 0x555717e57320 DEBUG   GST_POLL gstpoll.c:980:gst_poll_fd_ctl_write: 0x555717e7b930: fd (fd:0, idx:1), active : 1
0:00:00.021857194  4384 0x56520e440320 LOG   GST_REGISTRY gstregistry.c:608:gst_registry_add_feature: emitting feature-added for downloadbuffer
0:00:00.017240033  4385 0x555717e57320 LOG   GST_POLL gstpoll.c:994:gst_poll_fd_ctl_write: 0x555717e7b930: pfd->events now 60 (POLLOUT:4)
0:00:00.021864506  4384 0x56520e440320 DEBUG   GST_REGISTRY gstregistrychunks.c:741:gst_registry_chunks_load_feature: Added feature downloadbuffer, plugin 0x56520e468250 coreelements
0:00:00.017247148  4385 0x555717e57320 DEBUG   GST_POLL gstpoll.c:980:gst_poll_fd_ctl_write: 0x555717e7b930: fd (fd:0, idx:1), active : 1
0:00:00.021871345  4384 0x56520e440320 DEBUG   GST_REGISTRY gstregistrychunks.c:583:gst_registry_chunks_load_feature: Plugin 'coreelements' feature 'dataurisrc' typename : 'GstElementFactory'
0:00:00.017253728  4385 0x555717e57320 LOG   GST_POLL gstpoll.c:994:gst_poll_fd_ctl_write: 0x555717e7b930: pfd->events now 60 (POLLOUT:4)
0:00:00.021879382  4384 0x56520e440320 TRACE   GST_REFCOUNTING gstobject.c:208:gst_object_init: 0x56520e473200 new
0:00:00.017261321  4385 0x555717e57320 DEBUG   GST_POLL gstpoll.c:980:gst_poll_fd_ctl_write: 0x555717e7b930: fd (fd:0, idx:1), active : 1
0:00:00.021887813  4384 0x56520e440320 LOG   GST_REGISTRY gstregistrychunks.c:610:gst_registry_chunks_load_feature: Reading/casting for GstRegistryChunkElementFactory at address 0x56520e467ba8
0:00:00.017269647  4385 0x555717e57320 LOG   GST_POLL gstpoll.c:994:gst_poll_fd_ctl_write: 0x555717e7b930: pfd->events now 60 (POLLOUT:4)
0:00:00.021894711  4384 0x56520e440320 TRACE   structure gststructure.c:287:gst_structure_new_id_empty_with_size: created structure 0x56520e473510
0:00:00.017277704  4385 0x555717e57320 DEBUG   GST_POLL gstpoll.c:980:gst_poll_fd_ctl_write: 0x555717e7b930: fd (fd:0, idx:1), active : 1
0:00:00.021901260  4384 0x56520e440320 DEBUG   structure gststructure.c:2203:gst_structure_parse_field: trying field name 'long-name'
0:00:00.017284529  4385 0x555717e57320 LOG   GST_POLL gstpoll.c:994:gst_poll_fd_ctl_write: 0x555717e7b930: pfd->events now 60 (POLLOUT:4)
0:00:00.021907687  4384 0x56520e440320 DEBUG   default gstvalue.c:2676:_priv_gst_value_parse_value: trying type name 'string'
0:00:00.017296134  4385 0x555717e57320 DEBUG   GST_POLL gstpoll.c:980:gst_poll_fd_ctl_write: 0x555717e7b930: fd (fd:0, idx:1), active : 1
0:00:00.021918306  4384 0x56520e440320 DEBUG   structure gststructure.c:2203:gst_structure_parse_field: trying field name 'klass'
0:00:00.017302786  4385 0x555717e57320 LOG   GST_POLL gstpoll.c:994:gst_poll_fd_ctl_write: 0x555717e7b930: pfd->events now 60 (POLLOUT:4)
0:00:00.021924788  4384 0x56520e440320 DEBUG   default gstvalue.c:2676:_priv_gst_value_parse_value: trying type name 'string'
0:00:00.017309765  4385 0x555717e57320 DEBUG   GST_POLL gstpoll.c:980:gst_poll_fd_ctl_write: 0x555717e7b930: fd (fd:0, idx:1), active : 1
0:00:00.021931845  4384 0x56520e440320 DEBUG   structure gststructure.c:2203:gst_structure_parse_field: trying field name 'description'
0:00:00.017316387  4385 0x555717e57320 LOG   GST_POLL gstpoll.c:994:gst_poll_fd_ctl_write: 0x555717e7b930: pfd->events now 60 (POLLOUT:4)
0:00:00.021938452  4384 0x56520e440320 DEBUG   default gstvalue.c:2676:_priv_gst_value_parse_value: trying type name 'string'
0:00:00.017323382  4385 0x555717e57320 DEBUG   GST_POLL gstpoll.c:980:gst_poll_fd_ctl_write: 0x555717e7b930: fd (fd:0, idx:1), active : 1
0:00:00.021945518  4384 0x56520e440320 DEBUG   structure gststructure.c:2203:gst_structure_parse_field: trying field name 'author'
0:00:00.017330126  4385 0x555717e57320 LOG   GST_POLL gstpoll.c:994:gst_poll_fd_ctl_write: 0x555717e7b930: pfd->events now 60 (POLLOUT:4)
0:00:00.021951754  4384 0x56520e440320 DEBUG   default gstvalue.c:2676:_priv_gst_value_parse_value: trying type name 'string'
0:00:00.017337137  4385 0x555717e57320 DEBUG   GST_POLL gstpoll.c:980:gst_poll_fd_ctl_write: 0x555717e7b930: fd (fd:0, idx:1), active : 1
0:00:00.021960422  4384 0x56520e440320 DEBUG   GST_REGISTRY gstregistrychunks.c:626:gst_registry_chunks_load_feature: Element factory : npadtemplates=1
0:00:00.017343764  4385 0x555717e57320 LOG   GST_POLL gstpoll.c:994:gst_poll_fd_ctl_write: 0x555717e7b930: pfd->events now 60 (POLLOUT:4)
0:00:00.021966546  4384 0x56520e440320 DEBUG   GST_REGISTRY gstregistrychunks.c:526:gst_registry_chunks_load_pad_template: Reading/casting for GstRegistryChunkPadTemplate at address 0x56520e467cc0
0:00:00.017350819  4385 0x555717e57320 DEBUG   GST_POLL gstpoll.c:980:gst_poll_fd_ctl_write: 0x555717e7b930: fd (fd:0, idx:1), active : 1
0:00:00.021972841  4384 0x56520e440320 DEBUG   GST_REGISTRY gstregistrychunks.c:539:gst_registry_chunks_load_pad_template: Added pad_template src
0:00:00.017357420  4385 0x555717e57320 LOG   GST_POLL gstpoll.c:994:gst_poll_fd_ctl_write: 0x555717e7b930: pfd->events now 60 (POLLOUT:4)
0:00:00.021979633  4384 0x56520e440320 DEBUG   GST_REGISTRY gstregistrychunks.c:639:gst_registry_chunks_load_feature: Reading 1 UriTypes at address 0x56520e467cd0
0:00:00.017364870  4385 0x555717e57320 LOG   GST_PLUGIN_LOADING gstpluginloader.c:646:put_chunk: Expanding tx buf from 13209 to 17023 for chunk of size 229
0:00:00.021986514  4384 0x56520e440320 DEBUG   GST_REGISTRY gstregistrychunks.c:654:gst_registry_chunks_load_feature: Reading 1 Interfaces at address 0x56520e467cd9
0:00:00.017375665  4385 0x555717e57320 DEBUG   GST_POLL gstpoll.c:980:gst_poll_fd_ctl_write: 0x555717e7b930: fd (fd:0, idx:1), active : 1
0:00:00.021999777  4384 0x56520e440320 DEBUG   GST_REGISTRY gstregistry.c:590:gst_registry_add_feature: adding feature 0x56520e473200 (dataurisrc)
0:00:00.017382643  4385 0x555717e57320 LOG   GST_POLL gstpoll.c:994:gst_poll_fd_ctl_write: 0x555717e7b930: pfd->events now 60 (POLLOUT:4)
0:00:00.022006493  4384 0x56520e440320 DEBUG   GST_REFCOUNTING gstobject.c:709:gst_object_set_parent: set parent (ref and sink)
0:00:00.017390085  4385 0x555717e57320 DEBUG   GST_POLL gstpoll.c:980:gst_poll_fd_ctl_write: 0x555717e7b930: fd (fd:0, idx:1), active : 1
0:00:00.022014387  4384 0x56520e440320 TRACE   GST_REFCOUNTING gstobject.c:294:gst_object_ref_sink: 0x56520e473200 ref_sink 1->2
0:00:00.017396884  4385 0x555717e57320 LOG   GST_POLL gstpoll.c:994:gst_poll_fd_ctl_write: 0x555717e7b930: pfd->events now 60 (POLLOUT:4)
0:00:00.022021665  4384 0x56520e440320 LOG   GST_REGISTRY gstregistry.c:608:gst_registry_add_feature: emitting feature-added for dataurisrc
0:00:00.017404939  4385 0x555717e57320 DEBUG   GST_POLL gstpoll.c:980:gst_poll_fd_ctl_write: 0x555717e7b930: fd (fd:0, idx:1), active : 1
0:00:00.022028982  4384 0x56520e440320 DEBUG   GST_REGISTRY gstregistrychunks.c:741:gst_registry_chunks_load_feature: Added feature dataurisrc, plugin 0x56520e468250 coreelements
0:00:00.017411722  4385 0x555717e57320 LOG   GST_POLL gstpoll.c:994:gst_poll_fd_ctl_write: 0x555717e7b930: pfd->events now 60 (POLLOUT:4)
0:00:00.022035952  4384 0x56520e440320 DEBUG   GST_REGISTRY gstregistrychunks.c:583:gst_registry_chunks_load_feature: Plugin 'coreelements' feature 'concat' typename : 'GstElementFactory'
0:00:00.017418874  4385 0x555717e57320 DEBUG   GST_POLL gstpoll.c:980:gst_poll_fd_ctl_write: 0x555717e7b930: fd (fd:0, idx:1), active : 1
0:00:00.022043705  4384 0x56520e440320 TRACE   GST_REFCOUNTING gstobject.c:208:gst_object_init: 0x56520e473c50 new
0:00:00.017425482  4385 0x555717e57320 LOG   GST_POLL gstpoll.c:994:gst_poll_fd_ctl_write: 0x555717e7b930: pfd->events now 60 (POLLOUT:4)
0:00:00.022052138  4384 0x56520e440320 LOG   GST_REGISTRY gstregistrychunks.c:610:gst_registry_chunks_load_feature: Reading/casting for GstRegistryChunkElementFactory at address 0x56520e467d00
0:00:00.017434211  4385 0x555717e57320 DEBUG   GST_POLL gstpoll.c:980:gst_poll_fd_ctl_write: 0x555717e7b930: fd (fd:0, idx:1), active : 1
0:00:00.022059057  4384 0x56520e440320 TRACE   structure gststructure.c:287:gst_structure_new_id_empty_with_size: created structure 0x56520e473e80
0:00:00.017441765  4385 0x555717e57320 LOG   GST_POLL gstpoll.c:994:gst_poll_fd_ctl_write: 0x555717e7b930: pfd->events now 60 (POLLOUT:4)
0:00:00.022065310  4384 0x56520e440320 DEBUG   structure gststructure.c:2203:gst_structure_parse_field: trying field name 'long-name'
0:00:00.017448955  4385 0x555717e57320 DEBUG   GST_POLL gstpoll.c:980:gst_poll_fd_ctl_write: 0x555717e7b930: fd (fd:0, idx:1), active : 1
0:00:00.022071608  4384 0x56520e440320 DEBUG   default gstvalue.c:2676:_priv_gst_value_parse_value: trying type name 'string'
0:00:00.017459538  4385 0x555717e57320 LOG   GST_POLL gstpoll.c:994:gst_poll_fd_ctl_write: 0x555717e7b930: pfd->events now 60 (POLLOUT:4)
0:00:00.022081407  4384 0x56520e440320 DEBUG   structure gststructure.c:2203:gst_structure_parse_field: trying field name 'klass'
0:00:00.022087711  4384 0x56520e440320 DEBUG   default gstvalue.c:2676:_priv_gst_value_parse_value: trying type name 'string'
0:00:00.022093989  4384 0x56520e440320 DEBUG   structure gststructure.c:2203:gst_structure_parse_field: trying field name 'description'
0:00:00.022099877  4384 0x56520e440320 DEBUG   default gstvalue.c:2676:_priv_gst_value_parse_value: trying type name 'string'
0:00:00.022109248  4384 0x56520e440320 DEBUG   structure gststructure.c:2203:gst_structure_parse_field: trying field name 'author'
0:00:00.022115393  4384 0x56520e440320 DEBUG   default gstvalue.c:2676:_priv_gst_value_parse_value: trying type name 'string'
0:00:00.017496159  4385 0x555717e57320 DEBUG   GST_POLL gstpoll.c:980:gst_poll_fd_ctl_write: 0x555717e7b930: fd (fd:0, idx:1), active : 1
0:00:00.022122530  4384 0x56520e440320 DEBUG   GST_REGISTRY gstregistrychunks.c:626:gst_registry_chunks_load_feature: Element factory : npadtemplates=2
0:00:00.017505390  4385 0x555717e57320 LOG   GST_POLL gstpoll.c:994:gst_poll_fd_ctl_write: 0x555717e7b930: pfd->events now 60 (POLLOUT:4)
0:00:00.022128657  4384 0x56520e440320 DEBUG   GST_REGISTRY gstregistrychunks.c:526:gst_registry_chunks_load_pad_template: Reading/casting for GstRegistryChunkPadTemplate at address 0x56520e467dd8
0:00:00.017512866  4385 0x555717e57320 DEBUG   GST_POLL gstpoll.c:980:gst_poll_fd_ctl_write: 0x555717e7b930: fd (fd:0, idx:1), active : 1
0:00:00.022135077  4384 0x56520e440320 DEBUG   GST_REGISTRY gstregistrychunks.c:539:gst_registry_chunks_load_pad_template: Added pad_template src
0:00:00.017519711  4385 0x555717e57320 LOG   GST_POLL gstpoll.c:994:gst_poll_fd_ctl_write: 0x555717e7b930: pfd->events now 60 (POLLOUT:4)
0:00:00.022146255  4384 0x56520e440320 DEBUG   GST_REGISTRY gstregistrychunks.c:526:gst_registry_chunks_load_pad_template: Reading/casting for GstRegistryChunkPadTemplate at address 0x56520e467de8
0:00:00.017529945  4385 0x555717e57320 DEBUG   GST_POLL gstpoll.c:980:gst_poll_fd_ctl_write: 0x555717e7b930: fd (fd:0, idx:1), active : 1
0:00:00.022152693  4384 0x56520e440320 DEBUG   GST_REGISTRY gstregistrychunks.c:539:gst_registry_chunks_load_pad_template: Added pad_template sink_%u
0:00:00.017536664  4385 0x555717e57320 LOG   GST_POLL gstpoll.c:994:gst_poll_fd_ctl_write: 0x555717e7b930: pfd->events now 60 (POLLOUT:4)
0:00:00.022160482  4384 0x56520e440320 DEBUG   GST_REGISTRY gstregistry.c:590:gst_registry_add_feature: adding feature 0x56520e473c50 (concat)
0:00:00.017543930  4385 0x555717e57320 DEBUG   GST_POLL gstpoll.c:980:gst_poll_fd_ctl_write: 0x555717e7b930: fd (fd:0, idx:1), active : 1
0:00:00.022166921  4384 0x56520e440320 DEBUG   GST_REFCOUNTING gstobject.c:709:gst_object_set_parent: set parent (ref and sink)
0:00:00.017550661  4385 0x555717e57320 LOG   GST_POLL gstpoll.c:994:gst_poll_fd_ctl_write: 0x555717e7b930: pfd->events now 60 (POLLOUT:4)
0:00:00.022179169  4384 0x56520e440320 TRACE   GST_REFCOUNTING gstobject.c:294:gst_object_ref_sink: 0x56520e473c50 ref_sink 1->2
0:00:00.017561975  4385 0x555717e57320 DEBUG   GST_POLL gstpoll.c:980:gst_poll_fd_ctl_write: 0x555717e7b930: fd (fd:0, idx:1), active : 1
0:00:00.022186366  4384 0x56520e440320 LOG   GST_REGISTRY gstregistry.c:608:gst_registry_add_feature: emitting feature-added for concat
0:00:00.017569236  4385 0x555717e57320 LOG   GST_POLL gstpoll.c:994:gst_poll_fd_ctl_write: 0x555717e7b930: pfd->events now 60 (POLLOUT:4)
0:00:00.022203143  4384 0x56520e440320 DEBUG   GST_REGISTRY gstregistrychunks.c:741:gst_registry_chunks_load_feature: Added feature concat, plugin 0x56520e468250 coreelements
0:00:00.017584176  4385 0x555717e57320 DEBUG   GST_POLL gstpoll.c:980:gst_poll_fd_ctl_write: 0x555717e7b930: fd (fd:0, idx:1), active : 1
0:00:00.022211934  4384 0x56520e440320 DEBUG   GST_REGISTRY gstregistrychunks.c:583:gst_registry_chunks_load_feature: Plugin 'coreelements' feature 'clocksync' typename : 'GstElementFactory'
0:00:00.017594528  4385 0x555717e57320 LOG   GST_POLL gstpoll.c:994:gst_poll_fd_ctl_write: 0x555717e7b930: pfd->events now 60 (POLLOUT:4)
0:00:00.022220551  4384 0x56520e440320 TRACE   GST_REFCOUNTING gstobject.c:208:gst_object_init: 0x56520e473b00 new
0:00:00.017602227  4385 0x555717e57320 DEBUG   GST_POLL gstpoll.c:980:gst_poll_fd_ctl_write: 0x555717e7b930: fd (fd:0, idx:1), active : 1
0:00:00.022229244  4384 0x56520e440320 LOG   GST_REGISTRY gstregistrychunks.c:610:gst_registry_chunks_load_feature: Reading/casting for GstRegistryChunkElementFactory at address 0x56520e467e18
0:00:00.017610842  4385 0x555717e57320 LOG   GST_POLL gstpoll.c:994:gst_poll_fd_ctl_write: 0x555717e7b930: pfd->events now 60 (POLLOUT:4)
0:00:00.022236354  4384 0x56520e440320 TRACE   structure gststructure.c:287:gst_structure_new_id_empty_with_size: created structure 0x56520e474450
0:00:00.017619315  4385 0x555717e57320 DEBUG   GST_POLL gstpoll.c:980:gst_poll_fd_ctl_write: 0x555717e7b930: fd (fd:0, idx:1), active : 1
0:00:00.022242757  4384 0x56520e440320 DEBUG   structure gststructure.c:2203:gst_structure_parse_field: trying field name 'long-name'
0:00:00.017626250  4385 0x555717e57320 LOG   GST_POLL gstpoll.c:994:gst_poll_fd_ctl_write: 0x555717e7b930: pfd->events now 60 (POLLOUT:4)
0:00:00.022248986  4384 0x56520e440320 DEBUG   default gstvalue.c:2676:_priv_gst_value_parse_value: trying type name 'string'
0:00:00.017633413  4385 0x555717e57320 DEBUG   GST_POLL gstpoll.c:980:gst_poll_fd_ctl_write: 0x555717e7b930: fd (fd:0, idx:1), active : 1
0:00:00.022255996  4384 0x56520e440320 DEBUG   structure gststructure.c:2203:gst_structure_parse_field: trying field name 'klass'
0:00:00.017640337  4385 0x555717e57320 LOG   GST_POLL gstpoll.c:994:gst_poll_fd_ctl_write: 0x555717e7b930: pfd->events now 60 (POLLOUT:4)
0:00:00.022262407  4384 0x56520e440320 DEBUG   default gstvalue.c:2676:_priv_gst_value_parse_value: trying type name 'string'
0:00:00.017647594  4385 0x555717e57320 DEBUG   GST_POLL gstpoll.c:980:gst_poll_fd_ctl_write: 0x555717e7b930: fd (fd:0, idx:1), active : 1
0:00:00.022273529  4384 0x56520e440320 DEBUG   structure gststructure.c:2203:gst_structure_parse_field: trying field name 'description'
0:00:00.017656169  4385 0x555717e57320 LOG   GST_POLL gstpoll.c:994:gst_poll_fd_ctl_write: 0x555717e7b930: pfd->events now 60 (POLLOUT:4)
0:00:00.022280089  4384 0x56520e440320 DEBUG   default gstvalue.c:2676:_priv_gst_value_parse_value: trying type name 'string'
0:00:00.017663826  4385 0x555717e57320 DEBUG   GST_POLL gstpoll.c:980:gst_poll_fd_ctl_write: 0x555717e7b930: fd (fd:0, idx:1), active : 1
0:00:00.022287409  4384 0x56520e440320 DEBUG   structure gststructure.c:2203:gst_structure_parse_field: trying field name 'author'
0:00:00.017670727  4385 0x555717e57320 LOG   GST_POLL gstpoll.c:994:gst_poll_fd_ctl_write: 0x555717e7b930: pfd->events now 60 (POLLOUT:4)
0:00:00.022293787  4384 0x56520e440320 DEBUG   default gstvalue.c:2676:_priv_gst_value_parse_value: trying type name 'string'
0:00:00.017678029  4385 0x555717e57320 DEBUG   GST_POLL gstpoll.c:980:gst_poll_fd_ctl_write: 0x555717e7b930: fd (fd:0, idx:1), active : 1
0:00:00.022300988  4384 0x56520e440320 DEBUG   GST_REGISTRY gstregistrychunks.c:626:gst_registry_chunks_load_feature: Element factory : npadtemplates=2
0:00:00.017684799  4385 0x555717e57320 LOG   GST_POLL gstpoll.c:994:gst_poll_fd_ctl_write: 0x555717e7b930: pfd->events now 60 (POLLOUT:4)
0:00:00.022307238  4384 0x56520e440320 DEBUG   GST_REGISTRY gstregistrychunks.c:526:gst_registry_chunks_load_pad_template: Reading/casting for GstRegistryChunkPadTemplate at address 0x56520e467ee8
0:00:00.022313670  4384 0x56520e440320 DEBUG   GST_REGISTRY gstregistrychunks.c:539:gst_registry_chunks_load_pad_template: Added pad_template sink
0:00:00.017691715  4385 0x555717e57320 DEBUG   GST_POLL gstpoll.c:980:gst_poll_fd_ctl_write: 0x555717e7b930: fd (fd:0, idx:1), active : 1
0:00:00.022319225  4384 0x56520e440320 DEBUG   GST_REGISTRY gstregistrychunks.c:526:gst_registry_chunks_load_pad_template: Reading/casting for GstRegistryChunkPadTemplate at address 0x56520e467f00
0:00:00.017703685  4385 0x555717e57320 LOG   GST_POLL gstpoll.c:994:gst_poll_fd_ctl_write: 0x555717e7b930: pfd->events now 60 (POLLOUT:4)
0:00:00.022325482  4384 0x56520e440320 DEBUG   GST_REGISTRY gstregistrychunks.c:539:gst_registry_chunks_load_pad_template: Added pad_template src
0:00:00.017710870  4385 0x555717e57320 DEBUG   GST_POLL gstpoll.c:980:gst_poll_fd_ctl_write: 0x555717e7b930: fd (fd:0, idx:1), active : 1
0:00:00.022333380  4384 0x56520e440320 DEBUG   GST_REGISTRY gstregistry.c:590:gst_registry_add_feature: adding feature 0x56520e473b00 (clocksync)
0:00:00.017717450  4385 0x555717e57320 LOG   GST_POLL gstpoll.c:994:gst_poll_fd_ctl_write: 0x555717e7b930: pfd->events now 60 (POLLOUT:4)
0:00:00.022339889  4384 0x56520e440320 DEBUG   GST_REFCOUNTING gstobject.c:709:gst_object_set_parent: set parent (ref and sink)
0:00:00.017724551  4385 0x555717e57320 DEBUG   GST_POLL gstpoll.c:980:gst_poll_fd_ctl_write: 0x555717e7b930: fd (fd:0, idx:1), active : 1
0:00:00.022347500  4384 0x56520e440320 TRACE   GST_REFCOUNTING gstobject.c:294:gst_object_ref_sink: 0x56520e473b00 ref_sink 1->2
0:00:00.017736847  4385 0x555717e57320 LOG   GST_POLL gstpoll.c:994:gst_poll_fd_ctl_write: 0x555717e7b930: pfd->events now 60 (POLLOUT:4)
0:00:00.022358754  4384 0x56520e440320 LOG   GST_REGISTRY gstregistry.c:608:gst_registry_add_feature: emitting feature-added for clocksync
0:00:00.017744280  4385 0x555717e57320 DEBUG   GST_POLL gstpoll.c:980:gst_poll_fd_ctl_write: 0x555717e7b930: fd (fd:0, idx:1), active : 1
0:00:00.022365929  4384 0x56520e440320 DEBUG   GST_REGISTRY gstregistrychunks.c:741:gst_registry_chunks_load_feature: Added feature clocksync, plugin 0x56520e468250 coreelements
0:00:00.017751113  4385 0x555717e57320 LOG   GST_POLL gstpoll.c:994:gst_poll_fd_ctl_write: 0x555717e7b930: pfd->events now 60 (POLLOUT:4)
0:00:00.022373074  4384 0x56520e440320 DEBUG   GST_REGISTRY gstregistrychunks.c:583:gst_registry_chunks_load_feature: Plugin 'coreelements' feature 'capsfilter' typename : 'GstElementFactory'
0:00:00.017758176  4385 0x555717e57320 DEBUG   GST_POLL gstpoll.c:980:gst_poll_fd_ctl_write: 0x555717e7b930: fd (fd:0, idx:1), active : 1
0:00:00.022381028  4384 0x56520e440320 TRACE   GST_REFCOUNTING gstobject.c:208:gst_object_init: 0x56520e4749b0 new
0:00:00.017764800  4385 0x555717e57320 LOG   GST_POLL gstpoll.c:994:gst_poll_fd_ctl_write: 0x555717e7b930: pfd->events now 60 (POLLOUT:4)
0:00:00.022389192  4384 0x56520e440320 LOG   GST_REGISTRY gstregistrychunks.c:610:gst_registry_chunks_load_feature: Reading/casting for GstRegistryChunkElementFactory at address 0x56520e467f30
0:00:00.017771964  4385 0x555717e57320 DEBUG   GST_POLL gstpoll.c:980:gst_poll_fd_ctl_write: 0x555717e7b930: fd (fd:0, idx:1), active : 1
0:00:00.022396043  4384 0x56520e440320 TRACE   structure gststructure.c:287:gst_structure_new_id_empty_with_size: created structure 0x56520e474cc0
0:00:00.017778936  4385 0x555717e57320 LOG   GST_POLL gstpoll.c:994:gst_poll_fd_ctl_write: 0x555717e7b930: pfd->events now 60 (POLLOUT:4)
0:00:00.022402441  4384 0x56520e440320 DEBUG   structure gststructure.c:2203:gst_structure_parse_field: trying field name 'long-name'
0:00:00.017786128  4385 0x555717e57320 DEBUG   GST_POLL gstpoll.c:980:gst_poll_fd_ctl_write: 0x555717e7b930: fd (fd:0, idx:1), active : 1
0:00:00.022408771  4384 0x56520e440320 DEBUG   default gstvalue.c:2676:_priv_gst_value_parse_value: trying type name 'string'
0:00:00.017792889  4385 0x555717e57320 LOG   GST_POLL gstpoll.c:994:gst_poll_fd_ctl_write: 0x555717e7b930: pfd->events now 60 (POLLOUT:4)
0:00:00.022415736  4384 0x56520e440320 DEBUG   structure gststructure.c:2203:gst_structure_parse_field: trying field name 'klass'
0:00:00.017800095  4385 0x555717e57320 DEBUG   GST_POLL gstpoll.c:980:gst_poll_fd_ctl_write: 0x555717e7b930: fd (fd:0, idx:1), active : 1
0:00:00.022422028  4384 0x56520e440320 DEBUG   default gstvalue.c:2676:_priv_gst_value_parse_value: trying type name 'string'
0:00:00.017806809  4385 0x555717e57320 LOG   GST_POLL gstpoll.c:994:gst_poll_fd_ctl_write: 0x555717e7b930: pfd->events now 60 (POLLOUT:4)
0:00:00.022428940  4384 0x56520e440320 DEBUG   structure gststructure.c:2203:gst_structure_parse_field: trying field name 'description'
0:00:00.017817988  4385 0x555717e57320 DEBUG   GST_POLL gstpoll.c:980:gst_poll_fd_ctl_write: 0x555717e7b930: fd (fd:0, idx:1), active : 1
0:00:00.022439092  4384 0x56520e440320 DEBUG   default gstvalue.c:2676:_priv_gst_value_parse_value: trying type name 'string'
0:00:00.017824864  4385 0x555717e57320 LOG   GST_POLL gstpoll.c:994:gst_poll_fd_ctl_write: 0x555717e7b930: pfd->events now 60 (POLLOUT:4)
0:00:00.022447442  4384 0x56520e440320 DEBUG   structure gststructure.c:2203:gst_structure_parse_field: trying field name 'author'
0:00:00.017832044  4385 0x555717e57320 DEBUG   GST_POLL gstpoll.c:980:gst_poll_fd_ctl_write: 0x555717e7b930: fd (fd:0, idx:1), active : 1
0:00:00.022453634  4384 0x56520e440320 DEBUG   default gstvalue.c:2676:_priv_gst_value_parse_value: trying type name 'string'
0:00:00.017838922  4385 0x555717e57320 LOG   GST_POLL gstpoll.c:994:gst_poll_fd_ctl_write: 0x555717e7b930: pfd->events now 60 (POLLOUT:4)
0:00:00.022461351  4384 0x56520e440320 DEBUG   GST_REGISTRY gstregistrychunks.c:626:gst_registry_chunks_load_feature: Element factory : npadtemplates=2
0:00:00.017846132  4385 0x555717e57320 DEBUG   GST_POLL gstpoll.c:980:gst_poll_fd_ctl_write: 0x555717e7b930: fd (fd:0, idx:1), active : 1
0:00:00.022467527  4384 0x56520e440320 DEBUG   GST_REGISTRY gstregistrychunks.c:526:gst_registry_chunks_load_pad_template: Reading/casting for GstRegistryChunkPadTemplate at address 0x56520e468010
0:00:00.017852927  4385 0x555717e57320 LOG   GST_POLL gstpoll.c:994:gst_poll_fd_ctl_write: 0x555717e7b930: pfd->events now 60 (POLLOUT:4)
0:00:00.022474482  4384 0x56520e440320 DEBUG   GST_REGISTRY gstregistrychunks.c:539:gst_registry_chunks_load_pad_template: Added pad_template sink
0:00:00.017860255  4385 0x555717e57320 DEBUG   GST_POLL gstpoll.c:980:gst_poll_fd_ctl_write: 0x555717e7b930: fd (fd:0, idx:1), active : 1
0:00:00.022481065  4384 0x56520e440320 DEBUG   GST_REGISTRY gstregistrychunks.c:526:gst_registry_chunks_load_pad_template: Reading/casting for GstRegistryChunkPadTemplate at address 0x56520e468028
0:00:00.017867223  4385 0x555717e57320 LOG   GST_POLL gstpoll.c:994:gst_poll_fd_ctl_write: 0x555717e7b930: pfd->events now 60 (POLLOUT:4)
0:00:00.022488798  4384 0x56520e440320 DEBUG   GST_REGISTRY gstregistrychunks.c:539:gst_registry_chunks_load_pad_template: Added pad_template src
0:00:00.017874435  4385 0x555717e57320 DEBUG   GST_POLL gstpoll.c:980:gst_poll_fd_ctl_write: 0x555717e7b930: fd (fd:0, idx:1), active : 1
0:00:00.022500200  4384 0x56520e440320 DEBUG   GST_REGISTRY gstregistry.c:590:gst_registry_add_feature: adding feature 0x56520e4749b0 (capsfilter)
0:00:00.017881190  4385 0x555717e57320 LOG   GST_POLL gstpoll.c:994:gst_poll_fd_ctl_write: 0x555717e7b930: pfd->events now 60 (POLLOUT:4)
0:00:00.022506860  4384 0x56520e440320 DEBUG   GST_REFCOUNTING gstobject.c:709:gst_object_set_parent: set parent (ref and sink)
0:00:00.017890419  4385 0x555717e57320 DEBUG   GST_POLL gstpoll.c:980:gst_poll_fd_ctl_write: 0x555717e7b930: fd (fd:0, idx:1), active : 1
0:00:00.022514617  4384 0x56520e440320 TRACE   GST_REFCOUNTING gstobject.c:294:gst_object_ref_sink: 0x56520e4749b0 ref_sink 1->2
0:00:00.017901073  4385 0x555717e57320 LOG   GST_POLL gstpoll.c:994:gst_poll_fd_ctl_write: 0x555717e7b930: pfd->events now 60 (POLLOUT:4)
0:00:00.022526887  4384 0x56520e440320 LOG   GST_REGISTRY gstregistry.c:608:gst_registry_add_feature: emitting feature-added for capsfilter
0:00:00.017909922  4385 0x555717e57320 DEBUG   GST_POLL gstpoll.c:980:gst_poll_fd_ctl_write: 0x555717e7b930: fd (fd:0, idx:1), active : 1
0:00:00.022538557  4384 0x56520e440320 DEBUG   GST_REGISTRY gstregistrychunks.c:741:gst_registry_chunks_load_feature: Added feature capsfilter, plugin 0x56520e468250 coreelements
0:00:00.017920962  4385 0x555717e57320 LOG   GST_POLL gstpoll.c:994:gst_poll_fd_ctl_write: 0x555717e7b930: pfd->events now 60 (POLLOUT:4)
0:00:00.022546266  4384 0x56520e440320 LOG   GST_PLUGIN_LOADING gstpluginloader.c:889:handle_rx_packet: marking plugin 0x56520e468250 as registered as /home/conan/w/prod/BuildSingleReference/.conan/data/gstreamer/1.18.4/_/_/package/7087a3df2991f0089c7fdba3f9b2a18fafecf068/lib/gstreamer-1.0/libgstcoreelements.so
0:00:00.017928727  4385 0x555717e57320 DEBUG   GST_POLL gstpoll.c:980:gst_poll_fd_ctl_write: 0x555717e7b930: fd (fd:0, idx:1), active : 1
0:00:00.017936811  4385 0x555717e57320 LOG   GST_POLL gstpoll.c:994:gst_poll_fd_ctl_write: 0x555717e7b930: pfd->events now 60 (POLLOUT:4)
0:00:00.022556686  4384 0x56520e440320 DEBUG   GST_POLL gstpoll.c:1414:gst_poll_wait: 0x56520e465530: timeout :0:00:01.000000000
0:00:00.017943387  4385 0x555717e57320 DEBUG   GST_POLL gstpoll.c:980:gst_poll_fd_ctl_write: 0x555717e7b930: fd (fd:0, idx:1), active : 1
0:00:00.017950109  4385 0x555717e57320 LOG   GST_POLL gstpoll.c:994:gst_poll_fd_ctl_write: 0x555717e7b930: pfd->events now 60 (POLLOUT:4)
0:00:00.017956682  4385 0x555717e57320 DEBUG   GST_POLL gstpoll.c:980:gst_poll_fd_ctl_write: 0x555717e7b930: fd (fd:0, idx:1), active : 1
0:00:00.017962830  4385 0x555717e57320 LOG   GST_POLL gstpoll.c:994:gst_poll_fd_ctl_write: 0x555717e7b930: pfd->events now 60 (POLLOUT:4)
0:00:00.017971097  4385 0x555717e57320 DEBUG   GST_POLL gstpoll.c:980:gst_poll_fd_ctl_write: 0x555717e7b930: fd (fd:0, idx:1), active : 1
0:00:00.017979036  4385 0x555717e57320 LOG   GST_POLL gstpoll.c:994:gst_poll_fd_ctl_write: 0x555717e7b930: pfd->events now 60 (POLLOUT:4)
0:00:00.017985797  4385 0x555717e57320 DEBUG   GST_POLL gstpoll.c:980:gst_poll_fd_ctl_write: 0x555717e7b930: fd (fd:0, idx:1), active : 1
0:00:00.017991918  4385 0x555717e57320 LOG   GST_POLL gstpoll.c:994:gst_poll_fd_ctl_write: 0x555717e7b930: pfd->events now 60 (POLLOUT:4)
0:00:00.017998555  4385 0x555717e57320 DEBUG   GST_POLL gstpoll.c:980:gst_poll_fd_ctl_write: 0x555717e7b930: fd (fd:0, idx:1), active : 1
0:00:00.018004691  4385 0x555717e57320 LOG   GST_POLL gstpoll.c:994:gst_poll_fd_ctl_write: 0x555717e7b930: pfd->events now 60 (POLLOUT:4)
0:00:00.018011208  4385 0x555717e57320 DEBUG   GST_POLL gstpoll.c:980:gst_poll_fd_ctl_write: 0x555717e7b930: fd (fd:0, idx:1), active : 1
0:00:00.018021005  4385 0x555717e57320 LOG   GST_POLL gstpoll.c:994:gst_poll_fd_ctl_write: 0x555717e7b930: pfd->events now 60 (POLLOUT:4)
0:00:00.018027702  4385 0x555717e57320 DEBUG   GST_POLL gstpoll.c:980:gst_poll_fd_ctl_write: 0x555717e7b930: fd (fd:0, idx:1), active : 1
0:00:00.018033815  4385 0x555717e57320 LOG   GST_POLL gstpoll.c:994:gst_poll_fd_ctl_write: 0x555717e7b930: pfd->events now 60 (POLLOUT:4)
0:00:00.018040356  4385 0x555717e57320 DEBUG   GST_POLL gstpoll.c:980:gst_poll_fd_ctl_write: 0x555717e7b930: fd (fd:0, idx:1), active : 1
0:00:00.018046486  4385 0x555717e57320 LOG   GST_POLL gstpoll.c:994:gst_poll_fd_ctl_write: 0x555717e7b930: pfd->events now 60 (POLLOUT:4)
0:00:00.018052977  4385 0x555717e57320 DEBUG   GST_POLL gstpoll.c:980:gst_poll_fd_ctl_write: 0x555717e7b930: fd (fd:0, idx:1), active : 1
0:00:00.018059156  4385 0x555717e57320 LOG   GST_POLL gstpoll.c:994:gst_poll_fd_ctl_write: 0x555717e7b930: pfd->events now 60 (POLLOUT:4)
0:00:00.018065741  4385 0x555717e57320 DEBUG   GST_POLL gstpoll.c:980:gst_poll_fd_ctl_write: 0x555717e7b930: fd (fd:0, idx:1), active : 1
0:00:00.018071843  4385 0x555717e57320 LOG   GST_POLL gstpoll.c:994:gst_poll_fd_ctl_write: 0x555717e7b930: pfd->events now 60 (POLLOUT:4)
0:00:00.018078329  4385 0x555717e57320 DEBUG   GST_POLL gstpoll.c:980:gst_poll_fd_ctl_write: 0x555717e7b930: fd (fd:0, idx:1), active : 1
0:00:00.018084448  4385 0x555717e57320 LOG   GST_POLL gstpoll.c:994:gst_poll_fd_ctl_write: 0x555717e7b930: pfd->events now 60 (POLLOUT:4)
0:00:00.018091140  4385 0x555717e57320 DEBUG   GST_POLL gstpoll.c:980:gst_poll_fd_ctl_write: 0x555717e7b930: fd (fd:0, idx:1), active : 1
0:00:00.018097293  4385 0x555717e57320 LOG   GST_POLL gstpoll.c:994:gst_poll_fd_ctl_write: 0x555717e7b930: pfd->events now 60 (POLLOUT:4)
0:00:00.018103773  4385 0x555717e57320 DEBUG   GST_POLL gstpoll.c:980:gst_poll_fd_ctl_write: 0x555717e7b930: fd (fd:0, idx:1), active : 1
0:00:00.018109875  4385 0x555717e57320 LOG   GST_POLL gstpoll.c:994:gst_poll_fd_ctl_write: 0x555717e7b930: pfd->events now 60 (POLLOUT:4)
0:00:00.018116442  4385 0x555717e57320 DEBUG   GST_POLL gstpoll.c:980:gst_poll_fd_ctl_write: 0x555717e7b930: fd (fd:0, idx:1), active : 1
0:00:00.018122599  4385 0x555717e57320 LOG   GST_POLL gstpoll.c:994:gst_poll_fd_ctl_write: 0x555717e7b930: pfd->events now 60 (POLLOUT:4)
0:00:00.018129173  4385 0x555717e57320 DEBUG   GST_POLL gstpoll.c:980:gst_poll_fd_ctl_write: 0x555717e7b930: fd (fd:0, idx:1), active : 1
0:00:00.018135302  4385 0x555717e57320 LOG   GST_POLL gstpoll.c:994:gst_poll_fd_ctl_write: 0x555717e7b930: pfd->events now 60 (POLLOUT:4)
0:00:00.018141812  4385 0x555717e57320 DEBUG   GST_POLL gstpoll.c:980:gst_poll_fd_ctl_write: 0x555717e7b930: fd (fd:0, idx:1), active : 1
0:00:00.018147959  4385 0x555717e57320 LOG   GST_POLL gstpoll.c:994:gst_poll_fd_ctl_write: 0x555717e7b930: pfd->events now 60 (POLLOUT:4)
0:00:00.018154441  4385 0x555717e57320 DEBUG   GST_POLL gstpoll.c:980:gst_poll_fd_ctl_write: 0x555717e7b930: fd (fd:0, idx:1), active : 1
0:00:00.018164579  4385 0x555717e57320 LOG   GST_POLL gstpoll.c:994:gst_poll_fd_ctl_write: 0x555717e7b930: pfd->events now 60 (POLLOUT:4)
0:00:00.018171279  4385 0x555717e57320 DEBUG   GST_POLL gstpoll.c:980:gst_poll_fd_ctl_write: 0x555717e7b930: fd (fd:0, idx:1), active : 1
0:00:00.018177382  4385 0x555717e57320 LOG   GST_POLL gstpoll.c:994:gst_poll_fd_ctl_write: 0x555717e7b930: pfd->events now 60 (POLLOUT:4)
0:00:00.018183922  4385 0x555717e57320 DEBUG   GST_POLL gstpoll.c:980:gst_poll_fd_ctl_write: 0x555717e7b930: fd (fd:0, idx:1), active : 1
0:00:00.018190104  4385 0x555717e57320 LOG   GST_POLL gstpoll.c:994:gst_poll_fd_ctl_write: 0x555717e7b930: pfd->events now 60 (POLLOUT:4)
0:00:00.018196818  4385 0x555717e57320 DEBUG   GST_POLL gstpoll.c:980:gst_poll_fd_ctl_write: 0x555717e7b930: fd (fd:0, idx:1), active : 1
0:00:00.018202931  4385 0x555717e57320 LOG   GST_POLL gstpoll.c:994:gst_poll_fd_ctl_write: 0x555717e7b930: pfd->events now 60 (POLLOUT:4)
0:00:00.018215338  4385 0x555717e57320 TRACE   GST_REFCOUNTING gstobject.c:265:gst_object_unref: 0x555717e7f450 unref 2->1
0:00:00.018223681  4385 0x555717e57320 DEBUG   GST_POLL gstpoll.c:1241:gst_poll_fd_has_error: 0x555717e7b930: fd (fd:0, idx:1) 0
0:00:00.018230451  4385 0x555717e57320 DEBUG   GST_POLL gstpoll.c:1335:gst_poll_fd_can_write: 0x555717e7b930: fd (fd:0, idx:1) 1
0:00:00.018236885  4385 0x555717e57320 LOG   GST_PLUGIN_LOADING gstpluginloader.c:690:write_one: Writing packet of size 488 bytes to fd 0
0:00:00.018255022  4385 0x555717e57320 DEBUG   GST_POLL gstpoll.c:1414:gst_poll_wait: 0x555717e7b930: timeout :0:00:01.000000000
0:00:00.018265302  4385 0x555717e57320 LOG   GST_PLUGIN_LOADING gstpluginloader.c:1028:exchange_packets: Poll res = 2. 6872 bytes pending for write
0:00:00.022889403  4384 0x56520e440320 LOG   GST_PLUGIN_LOADING gstpluginloader.c:1028:exchange_packets: Poll res = 1. 0 bytes pending for write
0:00:00.018272735  4385 0x555717e57320 DEBUG   GST_POLL gstpoll.c:1241:gst_poll_fd_has_error: 0x555717e7b930: fd (fd:5, idx:2) 0
0:00:00.022899177  4384 0x56520e440320 DEBUG   GST_POLL gstpoll.c:1241:gst_poll_fd_has_error: 0x56520e465530: fd (fd:8, idx:2) 0
0:00:00.018281431  4385 0x555717e57320 DEBUG   GST_POLL gstpoll.c:1266:gst_poll_fd_can_read_unlocked: 0x555717e7b930: fd (fd:5, idx:2) 1
0:00:00.022906777  4384 0x56520e440320 DEBUG   GST_POLL gstpoll.c:1266:gst_poll_fd_can_read_unlocked: 0x56520e465530: fd (fd:8, idx:2) 1
0:00:00.018291669  4385 0x555717e57320 LOG   GST_PLUGIN_LOADING gstpluginloader.c:1006:read_one: No payload to read for 0 length packet type 1 tag 0
0:00:00.022918058  4384 0x56520e440320 DEBUG   GST_PLUGIN_LOADING gstpluginloader.c:850:handle_rx_packet: Received plugin details from child w/ tag 2. 476 bytes info
0:00:00.018299366  4385 0x555717e57320 DEBUG   GST_POLL gstpoll.c:1015:gst_poll_fd_ctl_read_unlocked: 0x555717e7b930: fd (fd:5, idx:2), active : 0
0:00:00.022925146  4384 0x56520e440320 LOG   GST_REGISTRY gstregistrychunks.c:837:_priv_gst_registry_chunks_load_plugin: Reading/casting for GstRegistryChunkPluginElement at address 0x56520e466570
0:00:00.018308661  4385 0x555717e57320 DEBUG   GST_POLL gstpoll.c:980:gst_poll_fd_ctl_write: 0x555717e7b930: fd (fd:0, idx:1), active : 1
0:00:00.022933606  4384 0x56520e440320 TRACE   GST_REFCOUNTING gstobject.c:208:gst_object_init: 0x56520e475160 new
0:00:00.018320054  4385 0x555717e57320 LOG   GST_POLL gstpoll.c:994:gst_poll_fd_ctl_write: 0x555717e7b930: pfd->events now 60 (POLLOUT:4)
0:00:00.018327285  4385 0x555717e57320 DEBUG   GST_POLL gstpoll.c:1241:gst_poll_fd_has_error: 0x555717e7b930: fd (fd:0, idx:1) 0
0:00:00.022946780  4384 0x56520e440320 LOG   GST_REGISTRY gstregistrychunks.c:858:_priv_gst_registry_chunks_load_plugin: read strings for name='coretracers'
0:00:00.018333933  4385 0x555717e57320 DEBUG   GST_POLL gstpoll.c:1335:gst_poll_fd_can_write: 0x555717e7b930: fd (fd:0, idx:1) 1
0:00:00.022955340  4384 0x56520e440320 LOG   GST_REGISTRY gstregistrychunks.c:859:_priv_gst_registry_chunks_load_plugin: desc.description='GStreamer core tracers'
0:00:00.018340442  4385 0x555717e57320 LOG   GST_PLUGIN_LOADING gstpluginloader.c:690:write_one: Writing packet of size 6872 bytes to fd 0
0:00:00.022962165  4384 0x56520e440320 LOG   GST_REGISTRY gstregistrychunks.c:860:_priv_gst_registry_chunks_load_plugin: filename='/home/conan/w/prod/BuildSingleReference/.conan/data/gstreamer/1.18.4/_/_/package/7087a3df2991f0089c7fdba3f9b2a18fafecf068/lib/gstreamer-1.0/libgstcoretracers.so'
0:00:00.022969053  4384 0x56520e440320 LOG   GST_REGISTRY gstregistrychunks.c:861:_priv_gst_registry_chunks_load_plugin: desc.version='1.18.4'
0:00:00.018351918  4385 0x555717e57320 DEBUG   GST_POLL gstpoll.c:1414:gst_poll_wait: 0x555717e7b930: timeout :0:00:01.000000000
0:00:00.022974641  4384 0x56520e440320 LOG   GST_REGISTRY gstregistrychunks.c:862:_priv_gst_registry_chunks_load_plugin: desc.license='LGPL'
0:00:00.022980693  4384 0x56520e440320 LOG   GST_REGISTRY gstregistrychunks.c:863:_priv_gst_registry_chunks_load_plugin: desc.source='gstreamer'
0:00:00.018360890  4385 0x555717e57320 LOG   GST_PLUGIN_LOADING gstpluginloader.c:1028:exchange_packets: Poll res = 1. 12 bytes pending for write
0:00:00.022986186  4384 0x56520e440320 LOG   GST_REGISTRY gstregistrychunks.c:864:_priv_gst_registry_chunks_load_plugin: desc.package='GStreamer source release'
0:00:00.018370043  4385 0x555717e57320 DEBUG   GST_POLL gstpoll.c:1241:gst_poll_fd_has_error: 0x555717e7b930: fd (fd:0, idx:1) 0
0:00:00.022992370  4384 0x56520e440320 LOG   GST_REGISTRY gstregistrychunks.c:865:_priv_gst_registry_chunks_load_plugin: desc.origin='Unknown package origin'
0:00:00.018377039  4385 0x555717e57320 DEBUG   GST_POLL gstpoll.c:1335:gst_poll_fd_can_write: 0x555717e7b930: fd (fd:0, idx:1) 1
0:00:00.022998456  4384 0x56520e440320 LOG   GST_REGISTRY gstregistrychunks.c:866:_priv_gst_registry_chunks_load_plugin: desc.datetime=2021-03-15
0:00:00.018383713  4385 0x555717e57320 LOG   GST_PLUGIN_LOADING gstpluginloader.c:690:write_one: Writing packet of size 12 bytes to fd 0
0:00:00.023008200  4384 0x56520e440320 DEBUG   GST_REGISTRY gstregistry.c:449:gst_registry_add_plugin: Replacing existing plugin "/home/conan/w/prod/BuildSingleReference/.conan/data/gstreamer/1.18.4/_/_/package/7087a3df2991f0089c7fdba3f9b2a18fafecf068/lib/gstreamer-1.0/libgstcoretracers.so" 0x56520e465b90 with new plugin 0x56520e475160 for filename "/home/conan/w/prod/BuildSingleReference/.conan/data/gstreamer/1.18.4/_/_/package/7087a3df2991f0089c7fdba3f9b2a18fafecf068/lib/gstreamer-1.0/libgstcoretracers.so"
0:00:00.018392399  4385 0x555717e57320 DEBUG   GST_POLL gstpoll.c:980:gst_poll_fd_ctl_write: 0x555717e7b930: fd (fd:0, idx:1), active : 0
0:00:00.018404052  4385 0x555717e57320 LOG   GST_POLL gstpoll.c:994:gst_poll_fd_ctl_write: 0x555717e7b930: pfd->events now 56 (POLLOUT:4)
0:00:00.023024242  4384 0x56520e440320 TRACE   GST_REFCOUNTING gstobject.c:265:gst_object_unref: 0x56520e465b90 unref 1->0
0:00:00.023033488  4384 0x56520e440320 TRACE   GST_REFCOUNTING gstobject.c:381:gst_object_dispose: 0x56520e465b90 dispose
0:00:00.018420497  4385 0x555717e57320 DEBUG   GST_POLL gstpoll.c:772:gst_poll_free: 0x555717e7b930: freeing
0:00:00.023042674  4384 0x56520e440320 DEBUG   GST_PLUGIN_LOADING gstplugin.c:136:gst_plugin_finalize: finalizing plugin
0:00:00.023051632  4384 0x56520e440320 TRACE   GST_REFCOUNTING gstobject.c:423:gst_object_finalize: 0x56520e465b90 finalize
0:00:00.023065662  4384 0x56520e440320 DEBUG   GST_REGISTRY gstregistry.c:474:gst_registry_add_plugin: adding plugin 0x56520e475160 for filename "/home/conan/w/prod/BuildSingleReference/.conan/data/gstreamer/1.18.4/_/_/package/7087a3df2991f0089c7fdba3f9b2a18fafecf068/lib/gstreamer-1.0/libgstcoretracers.so"
0:00:00.023073161  4384 0x56520e440320 TRACE   GST_REFCOUNTING gstobject.c:294:gst_object_ref_sink: 0x56520e475160 ref_sink 1->2
0:00:00.023080452  4384 0x56520e440320 LOG   GST_REGISTRY gstregistry.c:487:gst_registry_add_plugin: emitting plugin-added for filename "/home/conan/w/prod/BuildSingleReference/.conan/data/gstreamer/1.18.4/_/_/package/7087a3df2991f0089c7fdba3f9b2a18fafecf068/lib/gstreamer-1.0/libgstcoretracers.so"
0:00:00.023087577  4384 0x56520e440320 DEBUG   GST_REGISTRY gstregistrychunks.c:887:_priv_gst_registry_chunks_load_plugin: Added plugin 'coretracers' plugin with 5 features from binary registry
0:00:00.023094400  4384 0x56520e440320 DEBUG   GST_REGISTRY gstregistrychunks.c:583:gst_registry_chunks_load_feature: Plugin 'coretracers' feature 'leaks' typename : 'GstTracerFactory'
0:00:00.023102436  4384 0x56520e440320 TRACE   GST_REFCOUNTING gstobject.c:208:gst_object_init: 0x56520e465b80 new
0:00:00.023111369  4384 0x56520e440320 DEBUG   GST_REGISTRY gstregistrychunks.c:718:gst_registry_chunks_load_feature: Reading/casting for GstRegistryChunkPluginFeature at address 0x56520e4666b8
0:00:00.023118836  4384 0x56520e440320 DEBUG   GST_REGISTRY gstregistry.c:581:gst_registry_add_feature: replacing existing feature 0x56520e465f40 (leaks)
0:00:00.023126266  4384 0x56520e440320 DEBUG   GST_REGISTRY gstregistry.c:590:gst_registry_add_feature: adding feature 0x56520e465b80 (leaks)
0:00:00.023132439  4384 0x56520e440320 TRACE   GST_REFCOUNTING gstobject.c:788:gst_object_unparent: unparent
0:00:00.023146747  4384 0x56520e440320 TRACE   GST_REFCOUNTING gstobject.c:265:gst_object_unref: 0x56520e465f40 unref 1->0
0:00:00.023153966  4384 0x56520e440320 TRACE   GST_REFCOUNTING gstobject.c:381:gst_object_dispose: 0x56520e465f40 dispose
0:00:00.023166168  4384 0x56520e440320 DEBUG   GST_PLUGIN_LOADING gstpluginfeature.c:67:gst_plugin_feature_finalize: finalizing feature 0x56520e465f40: 'leaks'
0:00:00.023172749  4384 0x56520e440320 TRACE   GST_REFCOUNTING gstobject.c:423:gst_object_finalize: 0x56520e465f40 finalize
0:00:00.023179771  4384 0x56520e440320 DEBUG   GST_REFCOUNTING gstobject.c:709:gst_object_set_parent: set parent (ref and sink)
0:00:00.023186818  4384 0x56520e440320 TRACE   GST_REFCOUNTING gstobject.c:294:gst_object_ref_sink: 0x56520e465b80 ref_sink 1->2
0:00:00.023205470  4384 0x56520e440320 LOG   GST_REGISTRY gstregistry.c:608:gst_registry_add_feature: emitting feature-added for leaks
0:00:00.023214234  4384 0x56520e440320 DEBUG   GST_REGISTRY gstregistrychunks.c:741:gst_registry_chunks_load_feature: Added feature leaks, plugin 0x56520e475160 coretracers
0:00:00.023220833  4384 0x56520e440320 DEBUG   GST_REGISTRY gstregistrychunks.c:583:gst_registry_chunks_load_feature: Plugin 'coretracers' feature 'stats' typename : 'GstTracerFactory'
0:00:00.023228771  4384 0x56520e440320 TRACE   GST_REFCOUNTING gstobject.c:208:gst_object_init: 0x56520e465f40 new
0:00:00.023237212  4384 0x56520e440320 DEBUG   GST_REGISTRY gstregistrychunks.c:718:gst_registry_chunks_load_feature: Reading/casting for GstRegistryChunkPluginFeature at address 0x56520e4666d8
0:00:00.023244674  4384 0x56520e440320 DEBUG   GST_REGISTRY gstregistry.c:581:gst_registry_add_feature: replacing existing feature 0x56520e466090 (stats)
0:00:00.023251815  4384 0x56520e440320 DEBUG   GST_REGISTRY gstregistry.c:590:gst_registry_add_feature: adding feature 0x56520e465f40 (stats)
0:00:00.023257700  4384 0x56520e440320 TRACE   GST_REFCOUNTING gstobject.c:788:gst_object_unparent: unparent
0:00:00.023264765  4384 0x56520e440320 TRACE   GST_REFCOUNTING gstobject.c:265:gst_object_unref: 0x56520e466090 unref 1->0
0:00:00.023271397  4384 0x56520e440320 TRACE   GST_REFCOUNTING gstobject.c:381:gst_object_dispose: 0x56520e466090 dispose
0:00:00.023278552  4384 0x56520e440320 DEBUG   GST_PLUGIN_LOADING gstpluginfeature.c:67:gst_plugin_feature_finalize: finalizing feature 0x56520e466090: 'stats'
0:00:00.023284770  4384 0x56520e440320 TRACE   GST_REFCOUNTING gstobject.c:423:gst_object_finalize: 0x56520e466090 finalize
0:00:00.023291352  4384 0x56520e440320 DEBUG   GST_REFCOUNTING gstobject.c:709:gst_object_set_parent: set parent (ref and sink)
0:00:00.023298363  4384 0x56520e440320 TRACE   GST_REFCOUNTING gstobject.c:294:gst_object_ref_sink: 0x56520e465f40 ref_sink 1->2
0:00:00.023304792  4384 0x56520e440320 LOG   GST_REGISTRY gstregistry.c:608:gst_registry_add_feature: emitting feature-added for stats
0:00:00.023311460  4384 0x56520e440320 DEBUG   GST_REGISTRY gstregistrychunks.c:741:gst_registry_chunks_load_feature: Added feature stats, plugin 0x56520e475160 coretracers
0:00:00.023317983  4384 0x56520e440320 DEBUG   GST_REGISTRY gstregistrychunks.c:583:gst_registry_chunks_load_feature: Plugin 'coretracers' feature 'rusage' typename : 'GstTracerFactory'
0:00:00.023330172  4384 0x56520e440320 TRACE   GST_REFCOUNTING gstobject.c:208:gst_object_init: 0x56520e475590 new
0:00:00.023338234  4384 0x56520e440320 DEBUG   GST_REGISTRY gstregistrychunks.c:718:gst_registry_chunks_load_feature: Reading/casting for GstRegistryChunkPluginFeature at address 0x56520e4666f8
0:00:00.023345529  4384 0x56520e440320 DEBUG   GST_REGISTRY gstregistry.c:581:gst_registry_add_feature: replacing existing feature 0x56520e4661e0 (rusage)
0:00:00.023352424  4384 0x56520e440320 DEBUG   GST_REGISTRY gstregistry.c:590:gst_registry_add_feature: adding feature 0x56520e475590 (rusage)
0:00:00.023358319  4384 0x56520e440320 TRACE   GST_REFCOUNTING gstobject.c:788:gst_object_unparent: unparent
0:00:00.023365377  4384 0x56520e440320 TRACE   GST_REFCOUNTING gstobject.c:265:gst_object_unref: 0x56520e4661e0 unref 1->0
0:00:00.023372085  4384 0x56520e440320 TRACE   GST_REFCOUNTING gstobject.c:381:gst_object_dispose: 0x56520e4661e0 dispose
0:00:00.023379230  4384 0x56520e440320 DEBUG   GST_PLUGIN_LOADING gstpluginfeature.c:67:gst_plugin_feature_finalize: finalizing feature 0x56520e4661e0: 'rusage'
0:00:00.023385380  4384 0x56520e440320 TRACE   GST_REFCOUNTING gstobject.c:423:gst_object_finalize: 0x56520e4661e0 finalize
0:00:00.023391956  4384 0x56520e440320 DEBUG   GST_REFCOUNTING gstobject.c:709:gst_object_set_parent: set parent (ref and sink)
0:00:00.023399083  4384 0x56520e440320 TRACE   GST_REFCOUNTING gstobject.c:294:gst_object_ref_sink: 0x56520e475590 ref_sink 1->2
0:00:00.023405531  4384 0x56520e440320 LOG   GST_REGISTRY gstregistry.c:608:gst_registry_add_feature: emitting feature-added for rusage
0:00:00.023412640  4384 0x56520e440320 DEBUG   GST_REGISTRY gstregistrychunks.c:741:gst_registry_chunks_load_feature: Added feature rusage, plugin 0x56520e475160 coretracers
0:00:00.023419167  4384 0x56520e440320 DEBUG   GST_REGISTRY gstregistrychunks.c:583:gst_registry_chunks_load_feature: Plugin 'coretracers' feature 'log' typename : 'GstTracerFactory'
0:00:00.023426365  4384 0x56520e440320 TRACE   GST_REFCOUNTING gstobject.c:208:gst_object_init: 0x56520e4661e0 new
0:00:00.023434243  4384 0x56520e440320 DEBUG   GST_REGISTRY gstregistrychunks.c:718:gst_registry_chunks_load_feature: Reading/casting for GstRegistryChunkPluginFeature at address 0x56520e466718
0:00:00.023441306  4384 0x56520e440320 DEBUG   GST_REGISTRY gstregistry.c:581:gst_registry_add_feature: replacing existing feature 0x56520e466340 (log)
0:00:00.023447943  4384 0x56520e440320 DEBUG   GST_REGISTRY gstregistry.c:590:gst_registry_add_feature: adding feature 0x56520e4661e0 (log)
0:00:00.023453727  4384 0x56520e440320 TRACE   GST_REFCOUNTING gstobject.c:788:gst_object_unparent: unparent
0:00:00.023460931  4384 0x56520e440320 TRACE   GST_REFCOUNTING gstobject.c:265:gst_object_unref: 0x56520e466340 unref 1->0
0:00:00.023467376  4384 0x56520e440320 TRACE   GST_REFCOUNTING gstobject.c:381:gst_object_dispose: 0x56520e466340 dispose
0:00:00.023474381  4384 0x56520e440320 DEBUG   GST_PLUGIN_LOADING gstpluginfeature.c:67:gst_plugin_feature_finalize: finalizing feature 0x56520e466340: 'log'
0:00:00.023485371  4384 0x56520e440320 TRACE   GST_REFCOUNTING gstobject.c:423:gst_object_finalize: 0x56520e466340 finalize
0:00:00.023492034  4384 0x56520e440320 DEBUG   GST_REFCOUNTING gstobject.c:709:gst_object_set_parent: set parent (ref and sink)
0:00:00.023499082  4384 0x56520e440320 TRACE   GST_REFCOUNTING gstobject.c:294:gst_object_ref_sink: 0x56520e4661e0 ref_sink 1->2
0:00:00.023505505  4384 0x56520e440320 LOG   GST_REGISTRY gstregistry.c:608:gst_registry_add_feature: emitting feature-added for log
0:00:00.023512220  4384 0x56520e440320 DEBUG   GST_REGISTRY gstregistrychunks.c:741:gst_registry_chunks_load_feature: Added feature log, plugin 0x56520e475160 coretracers
0:00:00.023518793  4384 0x56520e440320 DEBUG   GST_REGISTRY gstregistrychunks.c:583:gst_registry_chunks_load_feature: Plugin 'coretracers' feature 'latency' typename : 'GstTracerFactory'
0:00:00.023526064  4384 0x56520e440320 TRACE   GST_REFCOUNTING gstobject.c:208:gst_object_init: 0x56520e466340 new
0:00:00.023533945  4384 0x56520e440320 DEBUG   GST_REGISTRY gstregistrychunks.c:718:gst_registry_chunks_load_feature: Reading/casting for GstRegistryChunkPluginFeature at address 0x56520e466740
0:00:00.023541289  4384 0x56520e440320 DEBUG   GST_REGISTRY gstregistry.c:581:gst_registry_add_feature: replacing existing feature 0x56520e4664a0 (latency)
