0:00:00.015805642  4385 0x555717e57320 DEBUG   GST_POLL gstpoll.c:980:gst_poll_fd_ctl_write: 0x555717e7b930: fd (fd:0, idx:1), active : 1
0:00:00.020429009  4384 0x56520e440320 DEBUG   default gstvalue.c:2676:_priv_gst_value_parse_value: trying type name 'string'
0:00:00.015812182  4385 0x555717e57320 LOG   GST_POLL gstpoll.c:994:gst_poll_fd_ctl_write: 0x555717e7b930: pfd->events now 60 (POLLOUT:4)
0:00:00.020436135  4384 0x56520e440320 DEBUG   structure gststructure.c:2203:gst_structure_parse_field: trying field name 'description'
0:00:00.015819329  4385 0x555717e57320 DEBUG   GST_POLL gstpoll.c:980:gst_poll_fd_ctl_write: 0x555717e7b930: fd (fd:0, idx:1), active : 1
0:00:00.020442506  4384 0x56520e440320 DEBUG   default gstvalue.c:2676:_priv_gst_value_parse_value: trying type name 'string'
0:00:00.015826160  4385 0x555717e57320 LOG   GST_POLL gstpoll.c:994:gst_poll_fd_ctl_write: 0x555717e7b930: pfd->events now 60 (POLLOUT:4)
0:00:00.020449865  4384 0x56520e440320 DEBUG   structure gststructure.c:2203:gst_structure_parse_field: trying field name 'author'
0:00:00.015833353  4385 0x555717e57320 DEBUG   GST_POLL gstpoll.c:980:gst_poll_fd_ctl_write: 0x555717e7b930: fd (fd:0, idx:1), active : 1
0:00:00.020456234  4384 0x56520e440320 DEBUG   default gstvalue.c:2676:_priv_gst_value_parse_value: trying type name 'string'
0:00:00.015840059  4385 0x555717e57320 LOG   GST_POLL gstpoll.c:994:gst_poll_fd_ctl_write: 0x555717e7b930: pfd->events now 60 (POLLOUT:4)
0:00:00.020465074  4384 0x56520e440320 DEBUG   GST_REGISTRY gstregistrychunks.c:626:gst_registry_chunks_load_feature: Element factory : npadtemplates=2
0:00:00.015847194  4385 0x555717e57320 DEBUG   GST_POLL gstpoll.c:980:gst_poll_fd_ctl_write: 0x555717e7b930: fd (fd:0, idx:1), active : 1
0:00:00.020471376  4384 0x56520e440320 DEBUG   GST_REGISTRY gstregistrychunks.c:526:gst_registry_chunks_load_pad_template: Reading/casting for GstRegistryChunkPadTemplate at address 0x56520e467230
0:00:00.015861202  4385 0x555717e57320 LOG   GST_POLL gstpoll.c:994:gst_poll_fd_ctl_write: 0x555717e7b930: pfd->events now 60 (POLLOUT:4)
0:00:00.020483005  4384 0x56520e440320 DEBUG   GST_REGISTRY gstregistrychunks.c:539:gst_registry_chunks_load_pad_template: Added pad_template src
0:00:00.015869128  4385 0x555717e57320 LOG   GST_PLUGIN_LOADING gstpluginloader.c:646:put_chunk: Expanding tx buf from 10158 to 13209 for chunk of size 209
0:00:00.020489507  4384 0x56520e440320 DEBUG   GST_REGISTRY gstregistrychunks.c:526:gst_registry_chunks_load_pad_template: Reading/casting for GstRegistryChunkPadTemplate at address 0x56520e467240
0:00:00.020498313  4384 0x56520e440320 DEBUG   GST_REGISTRY gstregistrychunks.c:539:gst_registry_chunks_load_pad_template: Added pad_template sink_%u
0:00:00.020505768  4384 0x56520e440320 DEBUG   GST_REGISTRY gstregistry.c:590:gst_registry_add_feature: adding feature 0x56520e46b410 (input-selector)
0:00:00.015889082  4385 0x555717e57320 DEBUG   GST_POLL gstpoll.c:980:gst_poll_fd_ctl_write: 0x555717e7b930: fd (fd:0, idx:1), active : 1
0:00:00.020512429  4384 0x56520e440320 DEBUG   GST_REFCOUNTING gstobject.c:709:gst_object_set_parent: set parent (ref and sink)
0:00:00.015896528  4385 0x555717e57320 LOG   GST_POLL gstpoll.c:994:gst_poll_fd_ctl_write: 0x555717e7b930: pfd->events now 60 (POLLOUT:4)
0:00:00.020520592  4384 0x56520e440320 TRACE   GST_REFCOUNTING gstobject.c:294:gst_object_ref_sink: 0x56520e46b410 ref_sink 1->2
0:00:00.015904187  4385 0x555717e57320 DEBUG   GST_POLL gstpoll.c:980:gst_poll_fd_ctl_write: 0x555717e7b930: fd (fd:0, idx:1), active : 1
0:00:00.020527840  4384 0x56520e440320 LOG   GST_REGISTRY gstregistry.c:608:gst_registry_add_feature: emitting feature-added for input-selector
0:00:00.015911170  4385 0x555717e57320 LOG   GST_POLL gstpoll.c:994:gst_poll_fd_ctl_write: 0x555717e7b930: pfd->events now 60 (POLLOUT:4)
0:00:00.020535249  4384 0x56520e440320 DEBUG   GST_REGISTRY gstregistrychunks.c:741:gst_registry_chunks_load_feature: Added feature input-selector, plugin 0x56520e468250 coreelements
0:00:00.015918453  4385 0x555717e57320 DEBUG   GST_POLL gstpoll.c:980:gst_poll_fd_ctl_write: 0x555717e7b930: fd (fd:0, idx:1), active : 1
0:00:00.020542297  4384 0x56520e440320 DEBUG   GST_REGISTRY gstregistrychunks.c:583:gst_registry_chunks_load_feature: Plugin 'coreelements' feature 'identity' typename : 'GstElementFactory'
0:00:00.015925370  4385 0x555717e57320 LOG   GST_POLL gstpoll.c:994:gst_poll_fd_ctl_write: 0x555717e7b930: pfd->events now 60 (POLLOUT:4)
0:00:00.020550155  4384 0x56520e440320 TRACE   GST_REFCOUNTING gstobject.c:208:gst_object_init: 0x56520e46ba90 new
0:00:00.015932490  4385 0x555717e57320 DEBUG   GST_POLL gstpoll.c:980:gst_poll_fd_ctl_write: 0x555717e7b930: fd (fd:0, idx:1), active : 1
0:00:00.020558441  4384 0x56520e440320 LOG   GST_REGISTRY gstregistrychunks.c:610:gst_registry_chunks_load_feature: Reading/casting for GstRegistryChunkElementFactory at address 0x56520e467270
0:00:00.015940400  4385 0x555717e57320 LOG   GST_POLL gstpoll.c:994:gst_poll_fd_ctl_write: 0x555717e7b930: pfd->events now 60 (POLLOUT:4)
0:00:00.020569699  4384 0x56520e440320 TRACE   structure gststructure.c:287:gst_structure_new_id_empty_with_size: created structure 0x56520e46bcc0
0:00:00.015953085  4385 0x555717e57320 DEBUG   GST_POLL gstpoll.c:980:gst_poll_fd_ctl_write: 0x555717e7b930: fd (fd:0, idx:1), active : 1
0:00:00.020576232  4384 0x56520e440320 DEBUG   structure gststructure.c:2203:gst_structure_parse_field: trying field name 'long-name'
0:00:00.015960150  4385 0x555717e57320 LOG   GST_POLL gstpoll.c:994:gst_poll_fd_ctl_write: 0x555717e7b930: pfd->events now 60 (POLLOUT:4)
0:00:00.020582625  4384 0x56520e440320 DEBUG   default gstvalue.c:2676:_priv_gst_value_parse_value: trying type name 'string'
0:00:00.015968367  4385 0x555717e57320 DEBUG   GST_POLL gstpoll.c:980:gst_poll_fd_ctl_write: 0x555717e7b930: fd (fd:0, idx:1), active : 1
0:00:00.020589495  4384 0x56520e440320 DEBUG   structure gststructure.c:2203:gst_structure_parse_field: trying field name 'klass'
0:00:00.015976062  4385 0x555717e57320 LOG   GST_POLL gstpoll.c:994:gst_poll_fd_ctl_write: 0x555717e7b930: pfd->events now 60 (POLLOUT:4)
0:00:00.020597317  4384 0x56520e440320 DEBUG   default gstvalue.c:2676:_priv_gst_value_parse_value: trying type name 'string'
0:00:00.015983133  4385 0x555717e57320 DEBUG   GST_POLL gstpoll.c:980:gst_poll_fd_ctl_write: 0x555717e7b930: fd (fd:0, idx:1), active : 1
0:00:00.020605122  4384 0x56520e440320 DEBUG   structure gststructure.c:2203:gst_structure_parse_field: trying field name 'description'
0:00:00.015989828  4385 0x555717e57320 LOG   GST_POLL gstpoll.c:994:gst_poll_fd_ctl_write: 0x555717e7b930: pfd->events now 60 (POLLOUT:4)
0:00:00.020611557  4384 0x56520e440320 DEBUG   default gstvalue.c:2676:_priv_gst_value_parse_value: trying type name 'string'
0:00:00.015997021  4385 0x555717e57320 DEBUG   GST_POLL gstpoll.c:980:gst_poll_fd_ctl_write: 0x555717e7b930: fd (fd:0, idx:1), active : 1
0:00:00.020619124  4384 0x56520e440320 DEBUG   structure gststructure.c:2203:gst_structure_parse_field: trying field name 'author'
0:00:00.016003781  4385 0x555717e57320 LOG   GST_POLL gstpoll.c:994:gst_poll_fd_ctl_write: 0x555717e7b930: pfd->events now 60 (POLLOUT:4)
0:00:00.020625873  4384 0x56520e440320 DEBUG   default gstvalue.c:2676:_priv_gst_value_parse_value: trying type name 'string'
0:00:00.016010864  4385 0x555717e57320 DEBUG   GST_POLL gstpoll.c:980:gst_poll_fd_ctl_write: 0x555717e7b930: fd (fd:0, idx:1), active : 1
0:00:00.020633326  4384 0x56520e440320 DEBUG   GST_REGISTRY gstregistrychunks.c:626:gst_registry_chunks_load_feature: Element factory : npadtemplates=2
0:00:00.016017598  4385 0x555717e57320 LOG   GST_POLL gstpoll.c:994:gst_poll_fd_ctl_write: 0x555717e7b930: pfd->events now 60 (POLLOUT:4)
0:00:00.020641459  4384 0x56520e440320 DEBUG   GST_REGISTRY gstregistrychunks.c:526:gst_registry_chunks_load_pad_template: Reading/casting for GstRegistryChunkPadTemplate at address 0x56520e467340
0:00:00.016024699  4385 0x555717e57320 DEBUG   GST_POLL gstpoll.c:980:gst_poll_fd_ctl_write: 0x555717e7b930: fd (fd:0, idx:1), active : 1
0:00:00.020652183  4384 0x56520e440320 DEBUG   GST_REGISTRY gstregistrychunks.c:539:gst_registry_chunks_load_pad_template: Added pad_template sink
0:00:00.016035370  4385 0x555717e57320 LOG   GST_POLL gstpoll.c:994:gst_poll_fd_ctl_write: 0x555717e7b930: pfd->events now 60 (POLLOUT:4)
0:00:00.020658669  4384 0x56520e440320 DEBUG   GST_REGISTRY gstregistrychunks.c:526:gst_registry_chunks_load_pad_template: Reading/casting for GstRegistryChunkPadTemplate at address 0x56520e467358
0:00:00.016042445  4385 0x555717e57320 DEBUG   GST_POLL gstpoll.c:980:gst_poll_fd_ctl_write: 0x555717e7b930: fd (fd:0, idx:1), active : 1
0:00:00.020664951  4384 0x56520e440320 DEBUG   GST_REGISTRY gstregistrychunks.c:539:gst_registry_chunks_load_pad_template: Added pad_template src
0:00:00.016049169  4385 0x555717e57320 LOG   GST_POLL gstpoll.c:994:gst_poll_fd_ctl_write: 0x555717e7b930: pfd->events now 60 (POLLOUT:4)
0:00:00.020672837  4384 0x56520e440320 DEBUG   GST_REGISTRY gstregistry.c:590:gst_registry_add_feature: adding feature 0x56520e46ba90 (identity)
0:00:00.016056424  4385 0x555717e57320 DEBUG   GST_POLL gstpoll.c:980:gst_poll_fd_ctl_write: 0x555717e7b930: fd (fd:0, idx:1), active : 1
0:00:00.020679325  4384 0x56520e440320 DEBUG   GST_REFCOUNTING gstobject.c:709:gst_object_set_parent: set parent (ref and sink)
0:00:00.016063043  4385 0x555717e57320 LOG   GST_POLL gstpoll.c:994:gst_poll_fd_ctl_write: 0x555717e7b930: pfd->events now 60 (POLLOUT:4)
0:00:00.020687414  4384 0x56520e440320 TRACE   GST_REFCOUNTING gstobject.c:294:gst_object_ref_sink: 0x56520e46ba90 ref_sink 1->2
0:00:00.016070175  4385 0x555717e57320 DEBUG   GST_POLL gstpoll.c:980:gst_poll_fd_ctl_write: 0x555717e7b930: fd (fd:0, idx:1), active : 1
0:00:00.020694518  4384 0x56520e440320 LOG   GST_REGISTRY gstregistry.c:608:gst_registry_add_feature: emitting feature-added for identity
0:00:00.016077576  4385 0x555717e57320 LOG   GST_POLL gstpoll.c:994:gst_poll_fd_ctl_write: 0x555717e7b930: pfd->events now 60 (POLLOUT:4)
0:00:00.020702020  4384 0x56520e440320 DEBUG   GST_REGISTRY gstregistrychunks.c:741:gst_registry_chunks_load_feature: Added feature identity, plugin 0x56520e468250 coreelements
0:00:00.016084608  4385 0x555717e57320 DEBUG   GST_POLL gstpoll.c:980:gst_poll_fd_ctl_write: 0x555717e7b930: fd (fd:0, idx:1), active : 1
0:00:00.020709277  4384 0x56520e440320 DEBUG   GST_REGISTRY gstregistrychunks.c:583:gst_registry_chunks_load_feature: Plugin 'coreelements' feature 'funnel' typename : 'GstElementFactory'
0:00:00.016091402  4385 0x555717e57320 LOG   GST_POLL gstpoll.c:994:gst_poll_fd_ctl_write: 0x555717e7b930: pfd->events now 60 (POLLOUT:4)
0:00:00.020717147  4384 0x56520e440320 TRACE   GST_REFCOUNTING gstobject.c:208:gst_object_init: 0x56520e46c150 new
0:00:00.016099222  4385 0x555717e57320 DEBUG   GST_POLL gstpoll.c:980:gst_poll_fd_ctl_write: 0x555717e7b930: fd (fd:0, idx:1), active : 1
0:00:00.020725424  4384 0x56520e440320 LOG   GST_REGISTRY gstregistrychunks.c:610:gst_registry_chunks_load_feature: Reading/casting for GstRegistryChunkElementFactory at address 0x56520e467388
0:00:00.016107276  4385 0x555717e57320 LOG   GST_POLL gstpoll.c:994:gst_poll_fd_ctl_write: 0x555717e7b930: pfd->events now 60 (POLLOUT:4)
0:00:00.020736348  4384 0x56520e440320 TRACE   structure gststructure.c:287:gst_structure_new_id_empty_with_size: created structure 0x56520e46c450
0:00:00.016119558  4385 0x555717e57320 DEBUG   GST_POLL gstpoll.c:980:gst_poll_fd_ctl_write: 0x555717e7b930: fd (fd:0, idx:1), active : 1
0:00:00.020743040  4384 0x56520e440320 DEBUG   structure gststructure.c:2203:gst_structure_parse_field: trying field name 'long-name'
0:00:00.016126236  4385 0x555717e57320 LOG   GST_POLL gstpoll.c:994:gst_poll_fd_ctl_write: 0x555717e7b930: pfd->events now 60 (POLLOUT:4)
0:00:00.020749276  4384 0x56520e440320 DEBUG   default gstvalue.c:2676:_priv_gst_value_parse_value: trying type name 'string'
0:00:00.016133310  4385 0x555717e57320 DEBUG   GST_POLL gstpoll.c:980:gst_poll_fd_ctl_write: 0x555717e7b930: fd (fd:0, idx:1), active : 1
0:00:00.020756685  4384 0x56520e440320 DEBUG   structure gststructure.c:2203:gst_structure_parse_field: trying field name 'klass'
0:00:00.016140068  4385 0x555717e57320 LOG   GST_POLL gstpoll.c:994:gst_poll_fd_ctl_write: 0x555717e7b930: pfd->events now 60 (POLLOUT:4)
0:00:00.020763479  4384 0x56520e440320 DEBUG   default gstvalue.c:2676:_priv_gst_value_parse_value: trying type name 'string'
0:00:00.016147225  4385 0x555717e57320 DEBUG   GST_POLL gstpoll.c:980:gst_poll_fd_ctl_write: 0x555717e7b930: fd (fd:0, idx:1), active : 1
0:00:00.020770550  4384 0x56520e440320 DEBUG   structure gststructure.c:2203:gst_structure_parse_field: trying field name 'description'
0:00:00.016153993  4385 0x555717e57320 LOG   GST_POLL gstpoll.c:994:gst_poll_fd_ctl_write: 0x555717e7b930: pfd->events now 60 (POLLOUT:4)
0:00:00.020777083  4384 0x56520e440320 DEBUG   default gstvalue.c:2676:_priv_gst_value_parse_value: trying type name 'string'
0:00:00.016161121  4385 0x555717e57320 DEBUG   GST_POLL gstpoll.c:980:gst_poll_fd_ctl_write: 0x555717e7b930: fd (fd:0, idx:1), active : 1
0:00:00.020784200  4384 0x56520e440320 DEBUG   structure gststructure.c:2203:gst_structure_parse_field: trying field name 'author'
0:00:00.016167856  4385 0x555717e57320 LOG   GST_POLL gstpoll.c:994:gst_poll_fd_ctl_write: 0x555717e7b930: pfd->events now 60 (POLLOUT:4)
0:00:00.020790549  4384 0x56520e440320 DEBUG   default gstvalue.c:2676:_priv_gst_value_parse_value: trying type name 'string'
0:00:00.016175122  4385 0x555717e57320 DEBUG   GST_POLL gstpoll.c:980:gst_poll_fd_ctl_write: 0x555717e7b930: fd (fd:0, idx:1), active : 1
0:00:00.020798213  4384 0x56520e440320 DEBUG   GST_REGISTRY gstregistrychunks.c:626:gst_registry_chunks_load_feature: Element factory : npadtemplates=2
0:00:00.016181856  4385 0x555717e57320 LOG   GST_POLL gstpoll.c:994:gst_poll_fd_ctl_write: 0x555717e7b930: pfd->events now 60 (POLLOUT:4)
0:00:00.020804530  4384 0x56520e440320 DEBUG   GST_REGISTRY gstregistrychunks.c:526:gst_registry_chunks_load_pad_template: Reading/casting for GstRegistryChunkPadTemplate at address 0x56520e467460
0:00:00.016189056  4385 0x555717e57320 DEBUG   GST_POLL gstpoll.c:980:gst_poll_fd_ctl_write: 0x555717e7b930: fd (fd:0, idx:1), active : 1
0:00:00.020815119  4384 0x56520e440320 DEBUG   GST_REGISTRY gstregistrychunks.c:539:gst_registry_chunks_load_pad_template: Added pad_template src
0:00:00.016198028  4385 0x555717e57320 LOG   GST_POLL gstpoll.c:994:gst_poll_fd_ctl_write: 0x555717e7b930: pfd->events now 60 (POLLOUT:4)
0:00:00.020821620  4384 0x56520e440320 DEBUG   GST_REGISTRY gstregistrychunks.c:526:gst_registry_chunks_load_pad_template: Reading/casting for GstRegistryChunkPadTemplate at address 0x56520e467470
0:00:00.016205345  4385 0x555717e57320 DEBUG   GST_POLL gstpoll.c:980:gst_poll_fd_ctl_write: 0x555717e7b930: fd (fd:0, idx:1), active : 1
0:00:00.020828244  4384 0x56520e440320 DEBUG   GST_REGISTRY gstregistrychunks.c:539:gst_registry_chunks_load_pad_template: Added pad_template sink_%u
0:00:00.016212110  4385 0x555717e57320 LOG   GST_POLL gstpoll.c:994:gst_poll_fd_ctl_write: 0x555717e7b930: pfd->events now 60 (POLLOUT:4)
0:00:00.020836154  4384 0x56520e440320 DEBUG   GST_REGISTRY gstregistry.c:590:gst_registry_add_feature: adding feature 0x56520e46c150 (funnel)
0:00:00.016219218  4385 0x555717e57320 DEBUG   GST_POLL gstpoll.c:980:gst_poll_fd_ctl_write: 0x555717e7b930: fd (fd:0, idx:1), active : 1
0:00:00.020842638  4384 0x56520e440320 DEBUG   GST_REFCOUNTING gstobject.c:709:gst_object_set_parent: set parent (ref and sink)
0:00:00.016225819  4385 0x555717e57320 LOG   GST_POLL gstpoll.c:994:gst_poll_fd_ctl_write: 0x555717e7b930: pfd->events now 60 (POLLOUT:4)
0:00:00.020850606  4384 0x56520e440320 TRACE   GST_REFCOUNTING gstobject.c:294:gst_object_ref_sink: 0x56520e46c150 ref_sink 1->2
0:00:00.016233058  4385 0x555717e57320 DEBUG   GST_POLL gstpoll.c:980:gst_poll_fd_ctl_write: 0x555717e7b930: fd (fd:0, idx:1), active : 1
0:00:00.020857751  4384 0x56520e440320 LOG   GST_REGISTRY gstregistry.c:608:gst_registry_add_feature: emitting feature-added for funnel
0:00:00.016240561  4385 0x555717e57320 LOG   GST_POLL gstpoll.c:994:gst_poll_fd_ctl_write: 0x555717e7b930: pfd->events now 60 (POLLOUT:4)
0:00:00.020865213  4384 0x56520e440320 DEBUG   GST_REGISTRY gstregistrychunks.c:741:gst_registry_chunks_load_feature: Added feature funnel, plugin 0x56520e468250 coreelements
0:00:00.016247824  4385 0x555717e57320 DEBUG   GST_POLL gstpoll.c:980:gst_poll_fd_ctl_write: 0x555717e7b930: fd (fd:0, idx:1), active : 1
0:00:00.020872473  4384 0x56520e440320 DEBUG   GST_REGISTRY gstregistrychunks.c:583:gst_registry_chunks_load_feature: Plugin 'coreelements' feature 'filesrc' typename : 'GstElementFactory'
0:00:00.016254839  4385 0x555717e57320 LOG   GST_POLL gstpoll.c:994:gst_poll_fd_ctl_write: 0x555717e7b930: pfd->events now 60 (POLLOUT:4)
0:00:00.020880502  4384 0x56520e440320 TRACE   GST_REFCOUNTING gstobject.c:208:gst_object_init: 0x56520e46c870 new
0:00:00.016262455  4385 0x555717e57320 DEBUG   GST_POLL gstpoll.c:980:gst_poll_fd_ctl_write: 0x555717e7b930: fd (fd:0, idx:1), active : 1
0:00:00.020889009  4384 0x56520e440320 LOG   GST_REGISTRY gstregistrychunks.c:610:gst_registry_chunks_load_feature: Reading/casting for GstRegistryChunkElementFactory at address 0x56520e4674a0
0:00:00.016270939  4385 0x555717e57320 LOG   GST_POLL gstpoll.c:994:gst_poll_fd_ctl_write: 0x555717e7b930: pfd->events now 60 (POLLOUT:4)
0:00:00.020900004  4384 0x56520e440320 TRACE   structure gststructure.c:287:gst_structure_new_id_empty_with_size: created structure 0x56520e46cb70
0:00:00.016283149  4385 0x555717e57320 DEBUG   GST_POLL gstpoll.c:980:gst_poll_fd_ctl_write: 0x555717e7b930: fd (fd:0, idx:1), active : 1
0:00:00.020906540  4384 0x56520e440320 DEBUG   structure gststructure.c:2203:gst_structure_parse_field: trying field name 'long-name'
0:00:00.016289939  4385 0x555717e57320 LOG   GST_POLL gstpoll.c:994:gst_poll_fd_ctl_write: 0x555717e7b930: pfd->events now 60 (POLLOUT:4)
0:00:00.020912646  4384 0x56520e440320 DEBUG   default gstvalue.c:2676:_priv_gst_value_parse_value: trying type name 'string'
0:00:00.016297009  4385 0x555717e57320 DEBUG   GST_POLL gstpoll.c:980:gst_poll_fd_ctl_write: 0x555717e7b930: fd (fd:0, idx:1), active : 1
0:00:00.020919648  4384 0x56520e440320 DEBUG   structure gststructure.c:2203:gst_structure_parse_field: trying field name 'klass'
0:00:00.016303852  4385 0x555717e57320 LOG   GST_POLL gstpoll.c:994:gst_poll_fd_ctl_write: 0x555717e7b930: pfd->events now 60 (POLLOUT:4)
0:00:00.020926363  4384 0x56520e440320 DEBUG   default gstvalue.c:2676:_priv_gst_value_parse_value: trying type name 'string'
0:00:00.016310944  4385 0x555717e57320 DEBUG   GST_POLL gstpoll.c:980:gst_poll_fd_ctl_write: 0x555717e7b930: fd (fd:0, idx:1), active : 1
0:00:00.020933388  4384 0x56520e440320 DEBUG   structure gststructure.c:2203:gst_structure_parse_field: trying field name 'description'
0:00:00.016317633  4385 0x555717e57320 LOG   GST_POLL gstpoll.c:994:gst_poll_fd_ctl_write: 0x555717e7b930: pfd->events now 60 (POLLOUT:4)
0:00:00.020939863  4384 0x56520e440320 DEBUG   default gstvalue.c:2676:_priv_gst_value_parse_value: trying type name 'string'
0:00:00.016324708  4385 0x555717e57320 DEBUG   GST_POLL gstpoll.c:980:gst_poll_fd_ctl_write: 0x555717e7b930: fd (fd:0, idx:1), active : 1
0:00:00.020947367  4384 0x56520e440320 DEBUG   structure gststructure.c:2203:gst_structure_parse_field: trying field name 'author'
0:00:00.016331449  4385 0x555717e57320 LOG   GST_POLL gstpoll.c:994:gst_poll_fd_ctl_write: 0x555717e7b930: pfd->events now 60 (POLLOUT:4)
0:00:00.020953749  4384 0x56520e440320 DEBUG   default gstvalue.c:2676:_priv_gst_value_parse_value: trying type name 'string'
0:00:00.016338695  4385 0x555717e57320 DEBUG   GST_POLL gstpoll.c:980:gst_poll_fd_ctl_write: 0x555717e7b930: fd (fd:0, idx:1), active : 1
0:00:00.020961022  4384 0x56520e440320 DEBUG   GST_REGISTRY gstregistrychunks.c:626:gst_registry_chunks_load_feature: Element factory : npadtemplates=1
0:00:00.016345522  4385 0x555717e57320 LOG   GST_POLL gstpoll.c:994:gst_poll_fd_ctl_write: 0x555717e7b930: pfd->events now 60 (POLLOUT:4)
0:00:00.020967298  4384 0x56520e440320 DEBUG   GST_REGISTRY gstregistrychunks.c:526:gst_registry_chunks_load_pad_template: Reading/casting for GstRegistryChunkPadTemplate at address 0x56520e467580
0:00:00.016352968  4385 0x555717e57320 DEBUG   GST_POLL gstpoll.c:980:gst_poll_fd_ctl_write: 0x555717e7b930: fd (fd:0, idx:1), active : 1
0:00:00.020978477  4384 0x56520e440320 DEBUG   GST_REGISTRY gstregistrychunks.c:539:gst_registry_chunks_load_pad_template: Added pad_template src
0:00:00.016361807  4385 0x555717e57320 LOG   GST_POLL gstpoll.c:994:gst_poll_fd_ctl_write: 0x555717e7b930: pfd->events now 60 (POLLOUT:4)
0:00:00.020985721  4384 0x56520e440320 DEBUG   GST_REGISTRY gstregistrychunks.c:639:gst_registry_chunks_load_feature: Reading 1 UriTypes at address 0x56520e467590
0:00:00.016369214  4385 0x555717e57320 DEBUG   GST_POLL gstpoll.c:980:gst_poll_fd_ctl_write: 0x555717e7b930: fd (fd:0, idx:1), active : 1
0:00:00.020993059  4384 0x56520e440320 DEBUG   GST_REGISTRY gstregistrychunks.c:654:gst_registry_chunks_load_feature: Reading 1 Interfaces at address 0x56520e467599
0:00:00.016376082  4385 0x555717e57320 LOG   GST_POLL gstpoll.c:994:gst_poll_fd_ctl_write: 0x555717e7b930: pfd->events now 60 (POLLOUT:4)
0:00:00.021001919  4384 0x56520e440320 DEBUG   GST_REGISTRY gstregistry.c:590:gst_registry_add_feature: adding feature 0x56520e46c870 (filesrc)
0:00:00.016383342  4385 0x555717e57320 DEBUG   GST_POLL gstpoll.c:980:gst_poll_fd_ctl_write: 0x555717e7b930: fd (fd:0, idx:1), active : 1
0:00:00.021008901  4384 0x56520e440320 DEBUG   GST_REFCOUNTING gstobject.c:709:gst_object_set_parent: set parent (ref and sink)
0:00:00.016391907  4385 0x555717e57320 LOG   GST_POLL gstpoll.c:994:gst_poll_fd_ctl_write: 0x555717e7b930: pfd->events now 60 (POLLOUT:4)
0:00:00.021016653  4384 0x56520e440320 TRACE   GST_REFCOUNTING gstobject.c:294:gst_object_ref_sink: 0x56520e46c870 ref_sink 1->2
0:00:00.016399417  4385 0x555717e57320 DEBUG   GST_POLL gstpoll.c:980:gst_poll_fd_ctl_write: 0x555717e7b930: fd (fd:0, idx:1), active : 1
0:00:00.021023689  4384 0x56520e440320 LOG   GST_REGISTRY gstregistry.c:608:gst_registry_add_feature: emitting feature-added for filesrc
0:00:00.016406245  4385 0x555717e57320 LOG   GST_POLL gstpoll.c:994:gst_poll_fd_ctl_write: 0x555717e7b930: pfd->events now 60 (POLLOUT:4)
0:00:00.021030920  4384 0x56520e440320 DEBUG   GST_REGISTRY gstregistrychunks.c:741:gst_registry_chunks_load_feature: Added feature filesrc, plugin 0x56520e468250 coreelements
0:00:00.016413557  4385 0x555717e57320 DEBUG   GST_POLL gstpoll.c:980:gst_poll_fd_ctl_write: 0x555717e7b930: fd (fd:0, idx:1), active : 1
0:00:00.021038205  4384 0x56520e440320 DEBUG   GST_REGISTRY gstregistrychunks.c:583:gst_registry_chunks_load_feature: Plugin 'coreelements' feature 'fdsink' typename : 'GstElementFactory'
0:00:00.016420494  4385 0x555717e57320 LOG   GST_POLL gstpoll.c:994:gst_poll_fd_ctl_write: 0x555717e7b930: pfd->events now 60 (POLLOUT:4)
0:00:00.021046198  4384 0x56520e440320 TRACE   GST_REFCOUNTING gstobject.c:208:gst_object_init: 0x56520e46d020 new
0:00:00.016427985  4385 0x555717e57320 DEBUG   GST_POLL gstpoll.c:980:gst_poll_fd_ctl_write: 0x555717e7b930: fd (fd:0, idx:1), active : 1
0:00:00.021054394  4384 0x56520e440320 LOG   GST_REGISTRY gstregistrychunks.c:610:gst_registry_chunks_load_feature: Reading/casting for GstRegistryChunkElementFactory at address 0x56520e4675c0
0:00:00.016436356  4385 0x555717e57320 LOG   GST_POLL gstpoll.c:994:gst_poll_fd_ctl_write: 0x555717e7b930: pfd->events now 60 (POLLOUT:4)
0:00:00.021066249  4384 0x56520e440320 TRACE   structure gststructure.c:287:gst_structure_new_id_empty_with_size: created structure 0x56520e46d3a0
0:00:00.016449348  4385 0x555717e57320 DEBUG   GST_POLL gstpoll.c:980:gst_poll_fd_ctl_write: 0x555717e7b930: fd (fd:0, idx:1), active : 1
0:00:00.021072757  4384 0x56520e440320 DEBUG   structure gststructure.c:2203:gst_structure_parse_field: trying field name 'long-name'
0:00:00.016455996  4385 0x555717e57320 LOG   GST_POLL gstpoll.c:994:gst_poll_fd_ctl_write: 0x555717e7b930: pfd->events now 60 (POLLOUT:4)
0:00:00.021079086  4384 0x56520e440320 DEBUG   default gstvalue.c:2676:_priv_gst_value_parse_value: trying type name 'string'
0:00:00.016463153  4385 0x555717e57320 DEBUG   GST_POLL gstpoll.c:980:gst_poll_fd_ctl_write: 0x555717e7b930: fd (fd:0, idx:1), active : 1
0:00:00.021086410  4384 0x56520e440320 DEBUG   structure gststructure.c:2203:gst_structure_parse_field: trying field name 'klass'
0:00:00.016479749  4385 0x555717e57320 LOG   GST_POLL gstpoll.c:994:gst_poll_fd_ctl_write: 0x555717e7b930: pfd->events now 60 (POLLOUT:4)
0:00:00.021101218  4384 0x56520e440320 DEBUG   default gstvalue.c:2676:_priv_gst_value_parse_value: trying type name 'string'
0:00:00.016487121  4385 0x555717e57320 DEBUG   GST_POLL gstpoll.c:980:gst_poll_fd_ctl_write: 0x555717e7b930: fd (fd:0, idx:1), active : 1
0:00:00.021108835  4384 0x56520e440320 DEBUG   structure gststructure.c:2203:gst_structure_parse_field: trying field name 'description'
0:00:00.016494016  4385 0x555717e57320 LOG   GST_POLL gstpoll.c:994:gst_poll_fd_ctl_write: 0x555717e7b930: pfd->events now 60 (POLLOUT:4)
0:00:00.021115470  4384 0x56520e440320 DEBUG   default gstvalue.c:2676:_priv_gst_value_parse_value: trying type name 'string'
0:00:00.016501242  4385 0x555717e57320 DEBUG   GST_POLL gstpoll.c:980:gst_poll_fd_ctl_write: 0x555717e7b930: fd (fd:0, idx:1), active : 1
0:00:00.021123448  4384 0x56520e440320 DEBUG   structure gststructure.c:2203:gst_structure_parse_field: trying field name 'author'
0:00:00.016507916  4385 0x555717e57320 LOG   GST_POLL gstpoll.c:994:gst_poll_fd_ctl_write: 0x555717e7b930: pfd->events now 60 (POLLOUT:4)
0:00:00.021129952  4384 0x56520e440320 DEBUG   default gstvalue.c:2676:_priv_gst_value_parse_value: trying type name 'string'
0:00:00.016515095  4385 0x555717e57320 DEBUG   GST_POLL gstpoll.c:980:gst_poll_fd_ctl_write: 0x555717e7b930: fd (fd:0, idx:1), active : 1
0:00:00.016521773  4385 0x555717e57320 LOG   GST_POLL gstpoll.c:994:gst_poll_fd_ctl_write: 0x555717e7b930: pfd->events now 60 (POLLOUT:4)
0:00:00.021137276  4384 0x56520e440320 DEBUG   GST_REGISTRY gstregistrychunks.c:626:gst_registry_chunks_load_feature: Element factory : npadtemplates=1
0:00:00.016528299  4385 0x555717e57320 DEBUG   GST_POLL gstpoll.c:980:gst_poll_fd_ctl_write: 0x555717e7b930: fd (fd:0, idx:1), active : 1
0:00:00.021150105  4384 0x56520e440320 DEBUG   GST_REGISTRY gstregistrychunks.c:526:gst_registry_chunks_load_pad_template: Reading/casting for GstRegistryChunkPadTemplate at address 0x56520e4676a0
0:00:00.016542352  4385 0x555717e57320 LOG   GST_POLL gstpoll.c:994:gst_poll_fd_ctl_write: 0x555717e7b930: pfd->events now 60 (POLLOUT:4)
0:00:00.021163972  4384 0x56520e440320 DEBUG   GST_REGISTRY gstregistrychunks.c:539:gst_registry_chunks_load_pad_template: Added pad_template sink
0:00:00.016549800  4385 0x555717e57320 DEBUG   GST_POLL gstpoll.c:980:gst_poll_fd_ctl_write: 0x555717e7b930: fd (fd:0, idx:1), active : 1
0:00:00.021171546  4384 0x56520e440320 DEBUG   GST_REGISTRY gstregistrychunks.c:639:gst_registry_chunks_load_feature: Reading 1 UriTypes at address 0x56520e4676b1
0:00:00.016556631  4385 0x555717e57320 LOG   GST_POLL gstpoll.c:994:gst_poll_fd_ctl_write: 0x555717e7b930: pfd->events now 60 (POLLOUT:4)
0:00:00.021179005  4384 0x56520e440320 DEBUG   GST_REGISTRY gstregistrychunks.c:654:gst_registry_chunks_load_feature: Reading 1 Interfaces at address 0x56520e4676bf
0:00:00.016563918  4385 0x555717e57320 DEBUG   GST_POLL gstpoll.c:980:gst_poll_fd_ctl_write: 0x555717e7b930: fd (fd:0, idx:1), active : 1
0:00:00.021187543  4384 0x56520e440320 DEBUG   GST_REGISTRY gstregistry.c:590:gst_registry_add_feature: adding feature 0x56520e46d020 (fdsink)
0:00:00.016570687  4385 0x555717e57320 LOG   GST_POLL gstpoll.c:994:gst_poll_fd_ctl_write: 0x555717e7b930: pfd->events now 60 (POLLOUT:4)
0:00:00.021203469  4384 0x56520e440320 DEBUG   GST_REFCOUNTING gstobject.c:709:gst_object_set_parent: set parent (ref and sink)
0:00:00.016586243  4385 0x555717e57320 DEBUG   GST_POLL gstpoll.c:980:gst_poll_fd_ctl_write: 0x555717e7b930: fd (fd:0, idx:1), active : 1
0:00:00.021212807  4384 0x56520e440320 TRACE   GST_REFCOUNTING gstobject.c:294:gst_object_ref_sink: 0x56520e46d020 ref_sink 1->2
0:00:00.016595025  4385 0x555717e57320 LOG   GST_POLL gstpoll.c:994:gst_poll_fd_ctl_write: 0x555717e7b930: pfd->events now 60 (POLLOUT:4)
0:00:00.021220126  4384 0x56520e440320 LOG   GST_REGISTRY gstregistry.c:608:gst_registry_add_feature: emitting feature-added for fdsink
0:00:00.016603408  4385 0x555717e57320 DEBUG   GST_POLL gstpoll.c:980:gst_poll_fd_ctl_write: 0x555717e7b930: fd (fd:0, idx:1), active : 1
0:00:00.021227598  4384 0x56520e440320 DEBUG   GST_REGISTRY gstregistrychunks.c:741:gst_registry_chunks_load_feature: Added feature fdsink, plugin 0x56520e468250 coreelements
0:00:00.016610352  4385 0x555717e57320 LOG   GST_POLL gstpoll.c:994:gst_poll_fd_ctl_write: 0x555717e7b930: pfd->events now 60 (POLLOUT:4)
0:00:00.021234672  4384 0x56520e440320 DEBUG   GST_REGISTRY gstregistrychunks.c:583:gst_registry_chunks_load_feature: Plugin 'coreelements' feature 'fdsrc' typename : 'GstElementFactory'
0:00:00.016617532  4385 0x555717e57320 DEBUG   GST_POLL gstpoll.c:980:gst_poll_fd_ctl_write: 0x555717e7b930: fd (fd:0, idx:1), active : 1
0:00:00.021242732  4384 0x56520e440320 TRACE   GST_REFCOUNTING gstobject.c:208:gst_object_init: 0x56520e4718a0 new
0:00:00.016624225  4385 0x555717e57320 LOG   GST_POLL gstpoll.c:994:gst_poll_fd_ctl_write: 0x555717e7b930: pfd->events now 60 (POLLOUT:4)
0:00:00.021251154  4384 0x56520e440320 LOG   GST_REGISTRY gstregistrychunks.c:610:gst_registry_chunks_load_feature: Reading/casting for GstRegistryChunkElementFactory at address 0x56520e4676e8
0:00:00.016637533  4385 0x555717e57320 DEBUG   GST_POLL gstpoll.c:980:gst_poll_fd_ctl_write: 0x555717e7b930: fd (fd:0, idx:1), active : 1
0:00:00.021259140  4384 0x56520e440320 TRACE   structure gststructure.c:287:gst_structure_new_id_empty_with_size: created structure 0x56520e471ad0
0:00:00.016644294  4385 0x555717e57320 LOG   GST_POLL gstpoll.c:994:gst_poll_fd_ctl_write: 0x555717e7b930: pfd->events now 60 (POLLOUT:4)
0:00:00.021265749  4384 0x56520e440320 DEBUG   structure gststructure.c:2203:gst_structure_parse_field: trying field name 'long-name'
0:00:00.016651496  4385 0x555717e57320 DEBUG   GST_POLL gstpoll.c:980:gst_poll_fd_ctl_write: 0x555717e7b930: fd (fd:0, idx:1), active : 1
0:00:00.021272549  4384 0x56520e440320 DEBUG   default gstvalue.c:2676:_priv_gst_value_parse_value: trying type name 'string'
0:00:00.016658313  4385 0x555717e57320 LOG   GST_POLL gstpoll.c:994:gst_poll_fd_ctl_write: 0x555717e7b930: pfd->events now 60 (POLLOUT:4)
0:00:00.021280504  4384 0x56520e440320 DEBUG   structure gststructure.c:2203:gst_structure_parse_field: trying field name 'klass'
0:00:00.016665426  4385 0x555717e57320 DEBUG   GST_POLL gstpoll.c:980:gst_poll_fd_ctl_write: 0x555717e7b930: fd (fd:0, idx:1), active : 1
0:00:00.021287112  4384 0x56520e440320 DEBUG   default gstvalue.c:2676:_priv_gst_value_parse_value: trying type name 'string'
0:00:00.016672213  4385 0x555717e57320 LOG   GST_POLL gstpoll.c:994:gst_poll_fd_ctl_write: 0x555717e7b930: pfd->events now 60 (POLLOUT:4)
0:00:00.021294118  4384 0x56520e440320 DEBUG   structure gststructure.c:2203:gst_structure_parse_field: trying field name 'description'
0:00:00.016679525  4385 0x555717e57320 DEBUG   GST_POLL gstpoll.c:980:gst_poll_fd_ctl_write: 0x555717e7b930: fd (fd:0, idx:1), active : 1
0:00:00.021300437  4384 0x56520e440320 DEBUG   default gstvalue.c:2676:_priv_gst_value_parse_value: trying type name 'string'
0:00:00.016686256  4385 0x555717e57320 LOG   GST_POLL gstpoll.c:994:gst_poll_fd_ctl_write: 0x555717e7b930: pfd->events now 60 (POLLOUT:4)
0:00:00.021308563  4384 0x56520e440320 DEBUG   structure gststructure.c:2203:gst_structure_parse_field: trying field name 'author'
0:00:00.016693526  4385 0x555717e57320 DEBUG   GST_POLL gstpoll.c:980:gst_poll_fd_ctl_write: 0x555717e7b930: fd (fd:0, idx:1), active : 1
0:00:00.021314791  4384 0x56520e440320 DEBUG   default gstvalue.c:2676:_priv_gst_value_parse_value: trying type name 'string'
0:00:00.016700344  4385 0x555717e57320 LOG   GST_POLL gstpoll.c:994:gst_poll_fd_ctl_write: 0x555717e7b930: pfd->events now 60 (POLLOUT:4)
0:00:00.021322678  4384 0x56520e440320 DEBUG   GST_REGISTRY gstregistrychunks.c:626:gst_registry_chunks_load_feature: Element factory : npadtemplates=1
0:00:00.016707383  4385 0x555717e57320 DEBUG   GST_POLL gstpoll.c:980:gst_poll_fd_ctl_write: 0x555717e7b930: fd (fd:0, idx:1), active : 1
0:00:00.021329076  4384 0x56520e440320 DEBUG   GST_REGISTRY gstregistrychunks.c:526:gst_registry_chunks_load_pad_template: Reading/casting for GstRegistryChunkPadTemplate at address 0x56520e4677c8
0:00:00.016718173  4385 0x555717e57320 LOG   GST_POLL gstpoll.c:994:gst_poll_fd_ctl_write: 0x555717e7b930: pfd->events now 60 (POLLOUT:4)
0:00:00.021339836  4384 0x56520e440320 DEBUG   GST_REGISTRY gstregistrychunks.c:539:gst_registry_chunks_load_pad_template: Added pad_template src
0:00:00.016725512  4385 0x555717e57320 DEBUG   GST_POLL gstpoll.c:980:gst_poll_fd_ctl_write: 0x555717e7b930: fd (fd:0, idx:1), active : 1
0:00:00.021346916  4384 0x56520e440320 DEBUG   GST_REGISTRY gstregistrychunks.c:639:gst_registry_chunks_load_feature: Reading 1 UriTypes at address 0x56520e4677d8
0:00:00.016732311  4385 0x555717e57320 LOG   GST_POLL gstpoll.c:994:gst_poll_fd_ctl_write: 0x555717e7b930: pfd->events now 60 (POLLOUT:4)
0:00:00.021354329  4384 0x56520e440320 DEBUG   GST_REGISTRY gstregistrychunks.c:654:gst_registry_chunks_load_feature: Reading 1 Interfaces at address 0x56520e4677df
0:00:00.016739336  4385 0x555717e57320 DEBUG   GST_POLL gstpoll.c:980:gst_poll_fd_ctl_write: 0x555717e7b930: fd (fd:0, idx:1), active : 1
0:00:00.021362209  4384 0x56520e440320 DEBUG   GST_REGISTRY gstregistry.c:590:gst_registry_add_feature: adding feature 0x56520e4718a0 (fdsrc)
0:00:00.016746034  4385 0x555717e57320 LOG   GST_POLL gstpoll.c:994:gst_poll_fd_ctl_write: 0x555717e7b930: pfd->events now 60 (POLLOUT:4)
0:00:00.021368909  4384 0x56520e440320 DEBUG   GST_REFCOUNTING gstobject.c:709:gst_object_set_parent: set parent (ref and sink)
0:00:00.016753010  4385 0x555717e57320 DEBUG   GST_POLL gstpoll.c:980:gst_poll_fd_ctl_write: 0x555717e7b930: fd (fd:0, idx:1), active : 1
0:00:00.016759925  4385 0x555717e57320 LOG   GST_POLL gstpoll.c:994:gst_poll_fd_ctl_write: 0x555717e7b930: pfd->events now 60 (POLLOUT:4)
0:00:00.021379891  4384 0x56520e440320 TRACE   GST_REFCOUNTING gstobject.c:294:gst_object_ref_sink: 0x56520e4718a0 ref_sink 1->2
0:00:00.016766448  4385 0x555717e57320 DEBUG   GST_POLL gstpoll.c:980:gst_poll_fd_ctl_write: 0x555717e7b930: fd (fd:0, idx:1), active : 1
0:00:00.021387840  4384 0x56520e440320 LOG   GST_REGISTRY gstregistry.c:608:gst_registry_add_feature: emitting feature-added for fdsrc
0:00:00.016773290  4385 0x555717e57320 LOG   GST_POLL gstpoll.c:994:gst_poll_fd_ctl_write: 0x555717e7b930: pfd->events now 60 (POLLOUT:4)
0:00:00.021395546  4384 0x56520e440320 DEBUG   GST_REGISTRY gstregistrychunks.c:741:gst_registry_chunks_load_feature: Added feature fdsrc, plugin 0x56520e468250 coreelements
0:00:00.016780332  4385 0x555717e57320 DEBUG   GST_POLL gstpoll.c:980:gst_poll_fd_ctl_write: 0x555717e7b930: fd (fd:0, idx:1), active : 1
0:00:00.021402866  4384 0x56520e440320 DEBUG   GST_REGISTRY gstregistrychunks.c:583:gst_registry_chunks_load_feature: Plugin 'coreelements' feature 'fakesink' typename : 'GstElementFactory'
0:00:00.016786970  4385 0x555717e57320 LOG   GST_POLL gstpoll.c:994:gst_poll_fd_ctl_write: 0x555717e7b930: pfd->events now 60 (POLLOUT:4)
0:00:00.021410816  4384 0x56520e440320 TRACE   GST_REFCOUNTING gstobject.c:208:gst_object_init: 0x56520e471f50 new
0:00:00.016794145  4385 0x555717e57320 DEBUG   GST_POLL gstpoll.c:980:gst_poll_fd_ctl_write: 0x555717e7b930: fd (fd:0, idx:1), active : 1
0:00:00.021423802  4384 0x56520e440320 LOG   GST_REGISTRY gstregistrychunks.c:610:gst_registry_chunks_load_feature: Reading/casting for GstRegistryChunkElementFactory at address 0x56520e467808
0:00:00.016805633  4385 0x555717e57320 LOG   GST_POLL gstpoll.c:994:gst_poll_fd_ctl_write: 0x555717e7b930: pfd->events now 60 (POLLOUT:4)
0:00:00.021430949  4384 0x56520e440320 TRACE   structure gststructure.c:287:gst_structure_new_id_empty_with_size: created structure 0x56520e472180
0:00:00.016814031  4385 0x555717e57320 DEBUG   GST_POLL gstpoll.c:980:gst_poll_fd_ctl_write: 0x555717e7b930: fd (fd:0, idx:1), active : 1
0:00:00.021437506  4384 0x56520e440320 DEBUG   structure gststructure.c:2203:gst_structure_parse_field: trying field name 'long-name'
0:00:00.016820792  4385 0x555717e57320 LOG   GST_POLL gstpoll.c:994:gst_poll_fd_ctl_write: 0x555717e7b930: pfd->events now 60 (POLLOUT:4)
0:00:00.021443780  4384 0x56520e440320 DEBUG   default gstvalue.c:2676:_priv_gst_value_parse_value: trying type name 'string'
0:00:00.016827962  4385 0x555717e57320 DEBUG   GST_POLL gstpoll.c:980:gst_poll_fd_ctl_write: 0x555717e7b930: fd (fd:0, idx:1), active : 1
0:00:00.021450794  4384 0x56520e440320 DEBUG   structure gststructure.c:2203:gst_structure_parse_field: trying field name 'klass'
0:00:00.016834797  4385 0x555717e57320 LOG   GST_POLL gstpoll.c:994:gst_poll_fd_ctl_write: 0x555717e7b930: pfd->events now 60 (POLLOUT:4)
0:00:00.021457437  4384 0x56520e440320 DEBUG   default gstvalue.c:2676:_priv_gst_value_parse_value: trying type name 'string'
0:00:00.016841842  4385 0x555717e57320 DEBUG   GST_POLL gstpoll.c:980:gst_poll_fd_ctl_write: 0x555717e7b930: fd (fd:0, idx:1), active : 1
0:00:00.021464389  4384 0x56520e440320 DEBUG   structure gststructure.c:2203:gst_structure_parse_field: trying field name 'description'
0:00:00.016848580  4385 0x555717e57320 LOG   GST_POLL gstpoll.c:994:gst_poll_fd_ctl_write: 0x555717e7b930: pfd->events now 60 (POLLOUT:4)
0:00:00.021470860  4384 0x56520e440320 DEBUG   default gstvalue.c:2676:_priv_gst_value_parse_value: trying type name 'string'
0:00:00.016855630  4385 0x555717e57320 DEBUG   GST_POLL gstpoll.c:980:gst_poll_fd_ctl_write: 0x555717e7b930: fd (fd:0, idx:1), active : 1
0:00:00.021477869  4384 0x56520e440320 DEBUG   structure gststructure.c:2203:gst_structure_parse_field: trying field name 'author'
0:00:00.016862399  4385 0x555717e57320 LOG   GST_POLL gstpoll.c:994:gst_poll_fd_ctl_write: 0x555717e7b930: pfd->events now 60 (POLLOUT:4)
0:00:00.021484486  4384 0x56520e440320 DEBUG   default gstvalue.c:2676:_priv_gst_value_parse_value: trying type name 'string'
0:00:00.016869583  4385 0x555717e57320 DEBUG   GST_POLL gstpoll.c:980:gst_poll_fd_ctl_write: 0x555717e7b930: fd (fd:0, idx:1), active : 1
0:00:00.021495300  4384 0x56520e440320 DEBUG   GST_REGISTRY gstregistrychunks.c:626:gst_registry_chunks_load_feature: Element factory : npadtemplates=1
0:00:00.016876128  4385 0x555717e57320 LOG   GST_POLL gstpoll.c:994:gst_poll_fd_ctl_write: 0x555717e7b930: pfd->events now 60 (POLLOUT:4)
0:00:00.021506352  4384 0x56520e440320 DEBUG   GST_REGISTRY gstregistrychunks.c:526:gst_registry_chunks_load_pad_template: Reading/casting for GstRegistryChunkPadTemplate at address 0x56520e467930
0:00:00.016889976  4385 0x555717e57320 DEBUG   GST_POLL gstpoll.c:980:gst_poll_fd_ctl_write: 0x555717e7b930: fd (fd:0, idx:1), active : 1
0:00:00.021512919  4384 0x56520e440320 DEBUG   GST_REGISTRY gstregistrychunks.c:539:gst_registry_chunks_load_pad_template: Added pad_template sink
0:00:00.016896722  4385 0x555717e57320 LOG   GST_POLL gstpoll.c:994:gst_poll_fd_ctl_write: 0x555717e7b930: pfd->events now 60 (POLLOUT:4)
0:00:00.021520900  4384 0x56520e440320 DEBUG   GST_REGISTRY gstregistry.c:590:gst_registry_add_feature: adding feature 0x56520e471f50 (fakesink)
0:00:00.016903852  4385 0x555717e57320 DEBUG   GST_POLL gstpoll.c:980:gst_poll_fd_ctl_write: 0x555717e7b930: fd (fd:0, idx:1), active : 1
0:00:00.021527400  4384 0x56520e440320 DEBUG   GST_REFCOUNTING gstobject.c:709:gst_object_set_parent: set parent (ref and sink)
0:00:00.016910510  4385 0x555717e57320 LOG   GST_POLL gstpoll.c:994:gst_poll_fd_ctl_write: 0x555717e7b930: pfd->events now 60 (POLLOUT:4)
0:00:00.021535205  4384 0x56520e440320 TRACE   GST_REFCOUNTING gstobject.c:294:gst_object_ref_sink: 0x56520e471f50 ref_sink 1->2
0:00:00.016917684  4385 0x555717e57320 DEBUG   GST_POLL gstpoll.c:980:gst_poll_fd_ctl_write: 0x555717e7b930: fd (fd:0, idx:1), active : 1
0:00:00.021542362  4384 0x56520e440320 LOG   GST_REGISTRY gstregistry.c:608:gst_registry_add_feature: emitting feature-added for fakesink
0:00:00.016925153  4385 0x555717e57320 LOG   GST_POLL gstpoll.c:994:gst_poll_fd_ctl_write: 0x555717e7b930: pfd->events now 60 (POLLOUT:4)
0:00:00.021549839  4384 0x56520e440320 DEBUG   GST_REGISTRY gstregistrychunks.c:741:gst_registry_chunks_load_feature: Added feature fakesink, plugin 0x56520e468250 coreelements
0:00:00.016932175  4385 0x555717e57320 DEBUG   GST_POLL gstpoll.c:980:gst_poll_fd_ctl_write: 0x555717e7b930: fd (fd:0, idx:1), active : 1
0:00:00.021556788  4384 0x56520e440320 DEBUG   GST_REGISTRY gstregistrychunks.c:583:gst_registry_chunks_load_feature: Plugin 'coreelements' feature 'fakesrc' typename : 'GstElementFactory'
0:00:00.016939189  4385 0x555717e57320 LOG   GST_POLL gstpoll.c:994:gst_poll_fd_ctl_write: 0x555717e7b930: pfd->events now 60 (POLLOUT:4)
0:00:00.021564712  4384 0x56520e440320 TRACE   GST_REFCOUNTING gstobject.c:208:gst_object_init: 0x56520e4724e0 new
0:00:00.016946786  4385 0x555717e57320 DEBUG   GST_POLL gstpoll.c:980:gst_poll_fd_ctl_write: 0x555717e7b930: fd (fd:0, idx:1), active : 1
0:00:00.021572899  4384 0x56520e440320 LOG   GST_REGISTRY gstregistrychunks.c:610:gst_registry_chunks_load_feature: Reading/casting for GstRegistryChunkElementFactory at address 0x56520e467960
0:00:00.016954871  4385 0x555717e57320 LOG   GST_POLL gstpoll.c:994:gst_poll_fd_ctl_write: 0x555717e7b930: pfd->events now 60 (POLLOUT:4)
0:00:00.021579669  4384 0x56520e440320 TRACE   structure gststructure.c:287:gst_structure_new_id_empty_with_size: created structure 0x56520e4725d0
0:00:00.016962790  4385 0x555717e57320 DEBUG   GST_POLL gstpoll.c:980:gst_poll_fd_ctl_write: 0x555717e7b930: fd (fd:0, idx:1), active : 1
0:00:00.021592643  4384 0x56520e440320 DEBUG   structure gststructure.c:2203:gst_structure_parse_field: trying field name 'long-name'
0:00:00.016975863  4385 0x555717e57320 LOG   GST_POLL gstpoll.c:994:gst_poll_fd_ctl_write: 0x555717e7b930: pfd->events now 60 (POLLOUT:4)
0:00:00.021599014  4384 0x56520e440320 DEBUG   default gstvalue.c:2676:_priv_gst_value_parse_value: trying type name 'string'
0:00:00.016983219  4385 0x555717e57320 DEBUG   GST_POLL gstpoll.c:980:gst_poll_fd_ctl_write: 0x555717e7b930: fd (fd:0, idx:1), active : 1
0:00:00.021606136  4384 0x56520e440320 DEBUG   structure gststructure.c:2203:gst_structure_parse_field: trying field name 'klass'
0:00:00.016989890  4385 0x555717e57320 LOG   GST_POLL gstpoll.c:994:gst_poll_fd_ctl_write: 0x555717e7b930: pfd->events now 60 (POLLOUT:4)
0:00:00.021612620  4384 0x56520e440320 DEBUG   default gstvalue.c:2676:_priv_gst_value_parse_value: trying type name 'string'
0:00:00.016997079  4385 0x555717e57320 DEBUG   GST_POLL gstpoll.c:980:gst_poll_fd_ctl_write: 0x555717e7b930: fd (fd:0, idx:1), active : 1
0:00:00.021619542  4384 0x56520e440320 DEBUG   structure gststructure.c:2203:gst_structure_parse_field: trying field name 'description'
0:00:00.017003784  4385 0x555717e57320 LOG   GST_POLL gstpoll.c:994:gst_poll_fd_ctl_write: 0x555717e7b930: pfd->events now 60 (POLLOUT:4)
0:00:00.021625966  4384 0x56520e440320 DEBUG   default gstvalue.c:2676:_priv_gst_value_parse_value: trying type name 'string'
0:00:00.017010899  4385 0x555717e57320 DEBUG   GST_POLL gstpoll.c:980:gst_poll_fd_ctl_write: 0x555717e7b930: fd (fd:0, idx:1), active : 1
0:00:00.021633257  4384 0x56520e440320 DEBUG   structure gststructure.c:2203:gst_structure_parse_field: trying field name 'author'
0:00:00.017017642  4385 0x555717e57320 LOG   GST_POLL gstpoll.c:994:gst_poll_fd_ctl_write: 0x555717e7b930: pfd->events now 60 (POLLOUT:4)
0:00:00.021639495  4384 0x56520e440320 DEBUG   default gstvalue.c:2676:_priv_gst_value_parse_value: trying type name 'string'
0:00:00.017024734  4385 0x555717e57320 DEBUG   GST_POLL gstpoll.c:980:gst_poll_fd_ctl_write: 0x555717e7b930: fd (fd:0, idx:1), active : 1
0:00:00.021647260  4384 0x56520e440320 DEBUG   GST_REGISTRY gstregistrychunks.c:626:gst_registry_chunks_load_feature: Element factory : npadtemplates=1
0:00:00.017031302  4385 0x555717e57320 LOG   GST_POLL gstpoll.c:994:gst_poll_fd_ctl_write: 0x555717e7b930: pfd->events now 60 (POLLOUT:4)
0:00:00.021653491  4384 0x56520e440320 DEBUG   GST_REGISTRY gstregistrychunks.c:526:gst_registry_chunks_load_pad_template: Reading/casting for GstRegistryChunkPadTemplate at address 0x56520e467a60
0:00:00.017038302  4385 0x555717e57320 DEBUG   GST_POLL gstpoll.c:980:gst_poll_fd_ctl_write: 0x555717e7b930: fd (fd:0, idx:1), active : 1
0:00:00.021660017  4384 0x56520e440320 DEBUG   GST_REGISTRY gstregistrychunks.c:539:gst_registry_chunks_load_pad_template: Added pad_template src
0:00:00.017044956  4385 0x555717e57320 LOG   GST_POLL gstpoll.c:994:gst_poll_fd_ctl_write: 0x555717e7b930: pfd->events now 60 (POLLOUT:4)
0:00:00.021672008  4384 0x56520e440320 DEBUG   GST_REGISTRY gstregistry.c:590:gst_registry_add_feature: adding feature 0x56520e4724e0 (fakesrc)
0:00:00.017054030  4385 0x555717e57320 DEBUG   GST_POLL gstpoll.c:980:gst_poll_fd_ctl_write: 0x555717e7b930: fd (fd:0, idx:1), active : 1
0:00:00.021678650  4384 0x56520e440320 DEBUG   GST_REFCOUNTING gstobject.c:709:gst_object_set_parent: set parent (ref and sink)
0:00:00.017061502  4385 0x555717e57320 LOG   GST_POLL gstpoll.c:994:gst_poll_fd_ctl_write: 0x555717e7b930: pfd->events now 60 (POLLOUT:4)
0:00:00.021686442  4384 0x56520e440320 TRACE   GST_REFCOUNTING gstobject.c:294:gst_object_ref_sink: 0x56520e4724e0 ref_sink 1->2
0:00:00.017069189  4385 0x555717e57320 DEBUG   GST_POLL gstpoll.c:980:gst_poll_fd_ctl_write: 0x555717e7b930: fd (fd:0, idx:1), active : 1
0:00:00.021693397  4384 0x56520e440320 LOG   GST_REGISTRY gstregistry.c:608:gst_registry_add_feature: emitting feature-added for fakesrc
0:00:00.017076013  4385 0x555717e57320 LOG   GST_POLL gstpoll.c:994:gst_poll_fd_ctl_write: 0x555717e7b930: pfd->events now 60 (POLLOUT:4)
0:00:00.021700630  4384 0x56520e440320 DEBUG   GST_REGISTRY gstregistrychunks.c:741:gst_registry_chunks_load_feature: Added feature fakesrc, plugin 0x56520e468250 coreelements
0:00:00.017083385  4385 0x555717e57320 DEBUG   GST_POLL gstpoll.c:980:gst_poll_fd_ctl_write: 0x555717e7b930: fd (fd:0, idx:1), active : 1
0:00:00.021707587  4384 0x56520e440320 DEBUG   GST_REGISTRY gstregistrychunks.c:583:gst_registry_chunks_load_feature: Plugin 'coreelements' feature 'downloadbuffer' typename : 'GstElementFactory'
0:00:00.017090068  4385 0x555717e57320 LOG   GST_POLL gstpoll.c:994:gst_poll_fd_ctl_write: 0x555717e7b930: pfd->events now 60 (POLLOUT:4)
0:00:00.021715673  4384 0x56520e440320 TRACE   GST_REFCOUNTING gstobject.c:208:gst_object_init: 0x56520e472a20 new
0:00:00.017097558  4385 0x555717e57320 DEBUG   GST_POLL gstpoll.c:980:gst_poll_fd_ctl_write: 0x555717e7b930: fd (fd:0, idx:1), active : 1
0:00:00.021723813  4384 0x56520e440320 LOG   GST_REGISTRY gstregistrychunks.c:610:gst_registry_chunks_load_feature: Reading/casting for GstRegistryChunkElementFactory at address 0x56520e467a98
0:00:00.017105859  4385 0x555717e57320 LOG   GST_POLL gstpoll.c:994:gst_poll_fd_ctl_write: 0x555717e7b930: pfd->events now 60 (POLLOUT:4)
0:00:00.021730794  4384 0x56520e440320 TRACE   structure gststructure.c:287:gst_structure_new_id_empty_with_size: created structure 0x56520e472d20
0:00:00.017113979  4385 0x555717e57320 DEBUG   GST_POLL gstpoll.c:980:gst_poll_fd_ctl_write: 0x555717e7b930: fd (fd:0, idx:1), active : 1
0:00:00.021736954  4384 0x56520e440320 DEBUG   structure gststructure.c:2203:gst_structure_parse_field: trying field name 'long-name'
0:00:00.017120773  4385 0x555717e57320 LOG   GST_POLL gstpoll.c:994:gst_poll_fd_ctl_write: 0x555717e7b930: pfd->events now 60 (POLLOUT:4)
0:00:00.021743257  4384 0x56520e440320 DEBUG   default gstvalue.c:2676:_priv_gst_value_parse_value: trying type name 'string'
0:00:00.017127846  4385 0x555717e57320 DEBUG   GST_POLL gstpoll.c:980:gst_poll_fd_ctl_write: 0x555717e7b930: fd (fd:0, idx:1), active : 1
0:00:00.021754543  4384 0x56520e440320 DEBUG   structure gststructure.c:2203:gst_structure_parse_field: trying field name 'klass'
0:00:00.017137053  4385 0x555717e57320 LOG   GST_POLL gstpoll.c:994:gst_poll_fd_ctl_write: 0x555717e7b930: pfd->events now 60 (POLLOUT:4)
0:00:00.021761043  4384 0x56520e440320 DEBUG   default gstvalue.c:2676:_priv_gst_value_parse_value: trying type name 'string'
0:00:00.017144356  4385 0x555717e57320 DEBUG   GST_POLL gstpoll.c:980:gst_poll_fd_ctl_write: 0x555717e7b930: fd (fd:0, idx:1), active : 1
0:00:00.021768120  4384 0x56520e440320 DEBUG   structure gststructure.c:2203:gst_structure_parse_field: trying field name 'description'
0:00:00.017151240  4385 0x555717e57320 LOG   GST_POLL gstpoll.c:994:gst_poll_fd_ctl_write: 0x555717e7b930: pfd->events now 60 (POLLOUT:4)
0:00:00.021774425  4384 0x56520e440320 DEBUG   default gstvalue.c:2676:_priv_gst_value_parse_value: trying type name 'string'
0:00:00.017158277  4385 0x555717e57320 DEBUG   GST_POLL gstpoll.c:980:gst_poll_fd_ctl_write: 0x555717e7b930: fd (fd:0, idx:1), active : 1
0:00:00.021781525  4384 0x56520e440320 DEBUG   structure gststructure.c:2203:gst_structure_parse_field: trying field name 'author'
