0:00:00.012457076  4385 0x555717e57320 DEBUG   GST_POLL gstpoll.c:980:gst_poll_fd_ctl_write: 0x555717e7b930: fd (fd:0, idx:1), active : 1
0:00:00.012463140  4385 0x555717e57320 LOG   GST_POLL gstpoll.c:994:gst_poll_fd_ctl_write: 0x555717e7b930: pfd->events now 60 (POLLOUT:4)
0:00:00.012474403  4385 0x555717e57320 LOG   GST_PLUGIN_LOADING gstpluginloader.c:646:put_chunk: Expanding tx buf from 5764 to 7717 for chunk of size 229
0:00:00.012481305  4385 0x555717e57320 DEBUG   GST_POLL gstpoll.c:980:gst_poll_fd_ctl_write: 0x555717e7b930: fd (fd:0, idx:1), active : 1
0:00:00.012487408  4385 0x555717e57320 LOG   GST_POLL gstpoll.c:994:gst_poll_fd_ctl_write: 0x555717e7b930: pfd->events now 60 (POLLOUT:4)
0:00:00.012493904  4385 0x555717e57320 DEBUG   GST_POLL gstpoll.c:980:gst_poll_fd_ctl_write: 0x555717e7b930: fd (fd:0, idx:1), active : 1
0:00:00.012499970  4385 0x555717e57320 LOG   GST_POLL gstpoll.c:994:gst_poll_fd_ctl_write: 0x555717e7b930: pfd->events now 60 (POLLOUT:4)
0:00:00.012506448  4385 0x555717e57320 DEBUG   GST_POLL gstpoll.c:980:gst_poll_fd_ctl_write: 0x555717e7b930: fd (fd:0, idx:1), active : 1
0:00:00.012512485  4385 0x555717e57320 LOG   GST_POLL gstpoll.c:994:gst_poll_fd_ctl_write: 0x555717e7b930: pfd->events now 60 (POLLOUT:4)
0:00:00.012518908  4385 0x555717e57320 DEBUG   GST_POLL gstpoll.c:980:gst_poll_fd_ctl_write: 0x555717e7b930: fd (fd:0, idx:1), active : 1
0:00:00.012525084  4385 0x555717e57320 LOG   GST_POLL gstpoll.c:994:gst_poll_fd_ctl_write: 0x555717e7b930: pfd->events now 60 (POLLOUT:4)
0:00:00.012531499  4385 0x555717e57320 DEBUG   GST_POLL gstpoll.c:980:gst_poll_fd_ctl_write: 0x555717e7b930: fd (fd:0, idx:1), active : 1
0:00:00.012537559  4385 0x555717e57320 LOG   GST_POLL gstpoll.c:994:gst_poll_fd_ctl_write: 0x555717e7b930: pfd->events now 60 (POLLOUT:4)
0:00:00.012543921  4385 0x555717e57320 DEBUG   GST_POLL gstpoll.c:980:gst_poll_fd_ctl_write: 0x555717e7b930: fd (fd:0, idx:1), active : 1
0:00:00.012549982  4385 0x555717e57320 LOG   GST_POLL gstpoll.c:994:gst_poll_fd_ctl_write: 0x555717e7b930: pfd->events now 60 (POLLOUT:4)
0:00:00.012556428  4385 0x555717e57320 DEBUG   GST_POLL gstpoll.c:980:gst_poll_fd_ctl_write: 0x555717e7b930: fd (fd:0, idx:1), active : 1
0:00:00.012566630  4385 0x555717e57320 LOG   GST_POLL gstpoll.c:994:gst_poll_fd_ctl_write: 0x555717e7b930: pfd->events now 60 (POLLOUT:4)
0:00:00.012573248  4385 0x555717e57320 DEBUG   GST_POLL gstpoll.c:980:gst_poll_fd_ctl_write: 0x555717e7b930: fd (fd:0, idx:1), active : 1
0:00:00.012596035  4385 0x555717e57320 LOG   GST_POLL gstpoll.c:994:gst_poll_fd_ctl_write: 0x555717e7b930: pfd->events now 60 (POLLOUT:4)
0:00:00.012610124  4385 0x555717e57320 DEBUG   GST_POLL gstpoll.c:980:gst_poll_fd_ctl_write: 0x555717e7b930: fd (fd:0, idx:1), active : 1
0:00:00.012617675  4385 0x555717e57320 LOG   GST_POLL gstpoll.c:994:gst_poll_fd_ctl_write: 0x555717e7b930: pfd->events now 60 (POLLOUT:4)
0:00:00.012624213  4385 0x555717e57320 DEBUG   GST_POLL gstpoll.c:980:gst_poll_fd_ctl_write: 0x555717e7b930: fd (fd:0, idx:1), active : 1
0:00:00.012630299  4385 0x555717e57320 LOG   GST_POLL gstpoll.c:994:gst_poll_fd_ctl_write: 0x555717e7b930: pfd->events now 60 (POLLOUT:4)
0:00:00.012636804  4385 0x555717e57320 DEBUG   GST_POLL gstpoll.c:980:gst_poll_fd_ctl_write: 0x555717e7b930: fd (fd:0, idx:1), active : 1
0:00:00.012642835  4385 0x555717e57320 LOG   GST_POLL gstpoll.c:994:gst_poll_fd_ctl_write: 0x555717e7b930: pfd->events now 60 (POLLOUT:4)
0:00:00.012649262  4385 0x555717e57320 DEBUG   GST_POLL gstpoll.c:980:gst_poll_fd_ctl_write: 0x555717e7b930: fd (fd:0, idx:1), active : 1
0:00:00.012655273  4385 0x555717e57320 LOG   GST_POLL gstpoll.c:994:gst_poll_fd_ctl_write: 0x555717e7b930: pfd->events now 60 (POLLOUT:4)
0:00:00.012661845  4385 0x555717e57320 DEBUG   GST_POLL gstpoll.c:980:gst_poll_fd_ctl_write: 0x555717e7b930: fd (fd:0, idx:1), active : 1
0:00:00.012667866  4385 0x555717e57320 LOG   GST_POLL gstpoll.c:994:gst_poll_fd_ctl_write: 0x555717e7b930: pfd->events now 60 (POLLOUT:4)
0:00:00.012674250  4385 0x555717e57320 DEBUG   GST_POLL gstpoll.c:980:gst_poll_fd_ctl_write: 0x555717e7b930: fd (fd:0, idx:1), active : 1
0:00:00.012680305  4385 0x555717e57320 LOG   GST_POLL gstpoll.c:994:gst_poll_fd_ctl_write: 0x555717e7b930: pfd->events now 60 (POLLOUT:4)
0:00:00.012686866  4385 0x555717e57320 DEBUG   GST_POLL gstpoll.c:980:gst_poll_fd_ctl_write: 0x555717e7b930: fd (fd:0, idx:1), active : 1
0:00:00.012693037  4385 0x555717e57320 LOG   GST_POLL gstpoll.c:994:gst_poll_fd_ctl_write: 0x555717e7b930: pfd->events now 60 (POLLOUT:4)
0:00:00.012699609  4385 0x555717e57320 DEBUG   GST_POLL gstpoll.c:980:gst_poll_fd_ctl_write: 0x555717e7b930: fd (fd:0, idx:1), active : 1
0:00:00.012705621  4385 0x555717e57320 LOG   GST_POLL gstpoll.c:994:gst_poll_fd_ctl_write: 0x555717e7b930: pfd->events now 60 (POLLOUT:4)
0:00:00.012712010  4385 0x555717e57320 DEBUG   GST_POLL gstpoll.c:980:gst_poll_fd_ctl_write: 0x555717e7b930: fd (fd:0, idx:1), active : 1
0:00:00.012718099  4385 0x555717e57320 LOG   GST_POLL gstpoll.c:994:gst_poll_fd_ctl_write: 0x555717e7b930: pfd->events now 60 (POLLOUT:4)
0:00:00.012724549  4385 0x555717e57320 DEBUG   GST_POLL gstpoll.c:980:gst_poll_fd_ctl_write: 0x555717e7b930: fd (fd:0, idx:1), active : 1
0:00:00.012730627  4385 0x555717e57320 LOG   GST_POLL gstpoll.c:994:gst_poll_fd_ctl_write: 0x555717e7b930: pfd->events now 60 (POLLOUT:4)
0:00:00.012743272  4385 0x555717e57320 DEBUG   GST_POLL gstpoll.c:980:gst_poll_fd_ctl_write: 0x555717e7b930: fd (fd:0, idx:1), active : 1
0:00:00.012749519  4385 0x555717e57320 LOG   GST_POLL gstpoll.c:994:gst_poll_fd_ctl_write: 0x555717e7b930: pfd->events now 60 (POLLOUT:4)
0:00:00.012756045  4385 0x555717e57320 DEBUG   GST_POLL gstpoll.c:980:gst_poll_fd_ctl_write: 0x555717e7b930: fd (fd:0, idx:1), active : 1
0:00:00.012762048  4385 0x555717e57320 LOG   GST_POLL gstpoll.c:994:gst_poll_fd_ctl_write: 0x555717e7b930: pfd->events now 60 (POLLOUT:4)
0:00:00.012768396  4385 0x555717e57320 DEBUG   GST_POLL gstpoll.c:980:gst_poll_fd_ctl_write: 0x555717e7b930: fd (fd:0, idx:1), active : 1
0:00:00.012774446  4385 0x555717e57320 LOG   GST_POLL gstpoll.c:994:gst_poll_fd_ctl_write: 0x555717e7b930: pfd->events now 60 (POLLOUT:4)
0:00:00.012780868  4385 0x555717e57320 DEBUG   GST_POLL gstpoll.c:980:gst_poll_fd_ctl_write: 0x555717e7b930: fd (fd:0, idx:1), active : 1
0:00:00.012786850  4385 0x555717e57320 LOG   GST_POLL gstpoll.c:994:gst_poll_fd_ctl_write: 0x555717e7b930: pfd->events now 60 (POLLOUT:4)
0:00:00.012793211  4385 0x555717e57320 DEBUG   GST_POLL gstpoll.c:980:gst_poll_fd_ctl_write: 0x555717e7b930: fd (fd:0, idx:1), active : 1
0:00:00.012799269  4385 0x555717e57320 LOG   GST_POLL gstpoll.c:994:gst_poll_fd_ctl_write: 0x555717e7b930: pfd->events now 60 (POLLOUT:4)
0:00:00.012805560  4385 0x555717e57320 DEBUG   GST_POLL gstpoll.c:980:gst_poll_fd_ctl_write: 0x555717e7b930: fd (fd:0, idx:1), active : 1
0:00:00.012811672  4385 0x555717e57320 LOG   GST_POLL gstpoll.c:994:gst_poll_fd_ctl_write: 0x555717e7b930: pfd->events now 60 (POLLOUT:4)
0:00:00.012818220  4385 0x555717e57320 DEBUG   GST_POLL gstpoll.c:980:gst_poll_fd_ctl_write: 0x555717e7b930: fd (fd:0, idx:1), active : 1
0:00:00.012824253  4385 0x555717e57320 LOG   GST_POLL gstpoll.c:994:gst_poll_fd_ctl_write: 0x555717e7b930: pfd->events now 60 (POLLOUT:4)
0:00:00.012830638  4385 0x555717e57320 DEBUG   GST_POLL gstpoll.c:980:gst_poll_fd_ctl_write: 0x555717e7b930: fd (fd:0, idx:1), active : 1
0:00:00.012836655  4385 0x555717e57320 LOG   GST_POLL gstpoll.c:994:gst_poll_fd_ctl_write: 0x555717e7b930: pfd->events now 60 (POLLOUT:4)
0:00:00.012842990  4385 0x555717e57320 DEBUG   GST_POLL gstpoll.c:980:gst_poll_fd_ctl_write: 0x555717e7b930: fd (fd:0, idx:1), active : 1
0:00:00.012849015  4385 0x555717e57320 LOG   GST_POLL gstpoll.c:994:gst_poll_fd_ctl_write: 0x555717e7b930: pfd->events now 60 (POLLOUT:4)
0:00:00.012855446  4385 0x555717e57320 DEBUG   GST_POLL gstpoll.c:980:gst_poll_fd_ctl_write: 0x555717e7b930: fd (fd:0, idx:1), active : 1
0:00:00.012861501  4385 0x555717e57320 LOG   GST_POLL gstpoll.c:994:gst_poll_fd_ctl_write: 0x555717e7b930: pfd->events now 60 (POLLOUT:4)
0:00:00.012868008  4385 0x555717e57320 DEBUG   GST_POLL gstpoll.c:980:gst_poll_fd_ctl_write: 0x555717e7b930: fd (fd:0, idx:1), active : 1
0:00:00.012874033  4385 0x555717e57320 LOG   GST_POLL gstpoll.c:994:gst_poll_fd_ctl_write: 0x555717e7b930: pfd->events now 60 (POLLOUT:4)
0:00:00.012884324  4385 0x555717e57320 DEBUG   GST_POLL gstpoll.c:980:gst_poll_fd_ctl_write: 0x555717e7b930: fd (fd:0, idx:1), active : 1
0:00:00.012890501  4385 0x555717e57320 LOG   GST_POLL gstpoll.c:994:gst_poll_fd_ctl_write: 0x555717e7b930: pfd->events now 60 (POLLOUT:4)
0:00:00.012896933  4385 0x555717e57320 DEBUG   GST_POLL gstpoll.c:980:gst_poll_fd_ctl_write: 0x555717e7b930: fd (fd:0, idx:1), active : 1
0:00:00.012902937  4385 0x555717e57320 LOG   GST_POLL gstpoll.c:994:gst_poll_fd_ctl_write: 0x555717e7b930: pfd->events now 60 (POLLOUT:4)
0:00:00.012909345  4385 0x555717e57320 DEBUG   GST_POLL gstpoll.c:980:gst_poll_fd_ctl_write: 0x555717e7b930: fd (fd:0, idx:1), active : 1
0:00:00.012915393  4385 0x555717e57320 LOG   GST_POLL gstpoll.c:994:gst_poll_fd_ctl_write: 0x555717e7b930: pfd->events now 60 (POLLOUT:4)
0:00:00.012921884  4385 0x555717e57320 DEBUG   GST_POLL gstpoll.c:980:gst_poll_fd_ctl_write: 0x555717e7b930: fd (fd:0, idx:1), active : 1
0:00:00.012927928  4385 0x555717e57320 LOG   GST_POLL gstpoll.c:994:gst_poll_fd_ctl_write: 0x555717e7b930: pfd->events now 60 (POLLOUT:4)
0:00:00.012934286  4385 0x555717e57320 DEBUG   GST_POLL gstpoll.c:980:gst_poll_fd_ctl_write: 0x555717e7b930: fd (fd:0, idx:1), active : 1
0:00:00.012940297  4385 0x555717e57320 LOG   GST_POLL gstpoll.c:994:gst_poll_fd_ctl_write: 0x555717e7b930: pfd->events now 60 (POLLOUT:4)
0:00:00.012946625  4385 0x555717e57320 DEBUG   GST_POLL gstpoll.c:980:gst_poll_fd_ctl_write: 0x555717e7b930: fd (fd:0, idx:1), active : 1
0:00:00.012952723  4385 0x555717e57320 LOG   GST_POLL gstpoll.c:994:gst_poll_fd_ctl_write: 0x555717e7b930: pfd->events now 60 (POLLOUT:4)
0:00:00.012959067  4385 0x555717e57320 DEBUG   GST_POLL gstpoll.c:980:gst_poll_fd_ctl_write: 0x555717e7b930: fd (fd:0, idx:1), active : 1
0:00:00.012965141  4385 0x555717e57320 LOG   GST_POLL gstpoll.c:994:gst_poll_fd_ctl_write: 0x555717e7b930: pfd->events now 60 (POLLOUT:4)
0:00:00.012973724  4385 0x555717e57320 DEBUG   GST_POLL gstpoll.c:980:gst_poll_fd_ctl_write: 0x555717e7b930: fd (fd:0, idx:1), active : 1
0:00:00.012979765  4385 0x555717e57320 LOG   GST_POLL gstpoll.c:994:gst_poll_fd_ctl_write: 0x555717e7b930: pfd->events now 60 (POLLOUT:4)
0:00:00.012986198  4385 0x555717e57320 DEBUG   GST_POLL gstpoll.c:980:gst_poll_fd_ctl_write: 0x555717e7b930: fd (fd:0, idx:1), active : 1
0:00:00.012992207  4385 0x555717e57320 LOG   GST_POLL gstpoll.c:994:gst_poll_fd_ctl_write: 0x555717e7b930: pfd->events now 60 (POLLOUT:4)
0:00:00.012998649  4385 0x555717e57320 DEBUG   GST_POLL gstpoll.c:980:gst_poll_fd_ctl_write: 0x555717e7b930: fd (fd:0, idx:1), active : 1
0:00:00.013004741  4385 0x555717e57320 LOG   GST_POLL gstpoll.c:994:gst_poll_fd_ctl_write: 0x555717e7b930: pfd->events now 60 (POLLOUT:4)
0:00:00.013011108  4385 0x555717e57320 DEBUG   GST_POLL gstpoll.c:980:gst_poll_fd_ctl_write: 0x555717e7b930: fd (fd:0, idx:1), active : 1
0:00:00.013017241  4385 0x555717e57320 LOG   GST_POLL gstpoll.c:994:gst_poll_fd_ctl_write: 0x555717e7b930: pfd->events now 60 (POLLOUT:4)
0:00:00.013023583  4385 0x555717e57320 DEBUG   GST_POLL gstpoll.c:980:gst_poll_fd_ctl_write: 0x555717e7b930: fd (fd:0, idx:1), active : 1
0:00:00.013033610  4385 0x555717e57320 LOG   GST_POLL gstpoll.c:994:gst_poll_fd_ctl_write: 0x555717e7b930: pfd->events now 60 (POLLOUT:4)
0:00:00.013040237  4385 0x555717e57320 DEBUG   GST_POLL gstpoll.c:980:gst_poll_fd_ctl_write: 0x555717e7b930: fd (fd:0, idx:1), active : 1
0:00:00.013046513  4385 0x555717e57320 LOG   GST_POLL gstpoll.c:994:gst_poll_fd_ctl_write: 0x555717e7b930: pfd->events now 60 (POLLOUT:4)
0:00:00.013053126  4385 0x555717e57320 DEBUG   GST_POLL gstpoll.c:980:gst_poll_fd_ctl_write: 0x555717e7b930: fd (fd:0, idx:1), active : 1
0:00:00.013059230  4385 0x555717e57320 LOG   GST_POLL gstpoll.c:994:gst_poll_fd_ctl_write: 0x555717e7b930: pfd->events now 60 (POLLOUT:4)
0:00:00.013065619  4385 0x555717e57320 DEBUG   GST_POLL gstpoll.c:980:gst_poll_fd_ctl_write: 0x555717e7b930: fd (fd:0, idx:1), active : 1
0:00:00.013071616  4385 0x555717e57320 LOG   GST_POLL gstpoll.c:994:gst_poll_fd_ctl_write: 0x555717e7b930: pfd->events now 60 (POLLOUT:4)
0:00:00.013078059  4385 0x555717e57320 DEBUG   GST_POLL gstpoll.c:980:gst_poll_fd_ctl_write: 0x555717e7b930: fd (fd:0, idx:1), active : 1
0:00:00.013084103  4385 0x555717e57320 LOG   GST_POLL gstpoll.c:994:gst_poll_fd_ctl_write: 0x555717e7b930: pfd->events now 60 (POLLOUT:4)
0:00:00.013090576  4385 0x555717e57320 DEBUG   GST_POLL gstpoll.c:980:gst_poll_fd_ctl_write: 0x555717e7b930: fd (fd:0, idx:1), active : 1
0:00:00.013096669  4385 0x555717e57320 LOG   GST_POLL gstpoll.c:994:gst_poll_fd_ctl_write: 0x555717e7b930: pfd->events now 60 (POLLOUT:4)
0:00:00.013103078  4385 0x555717e57320 DEBUG   GST_POLL gstpoll.c:980:gst_poll_fd_ctl_write: 0x555717e7b930: fd (fd:0, idx:1), active : 1
0:00:00.013109106  4385 0x555717e57320 LOG   GST_POLL gstpoll.c:994:gst_poll_fd_ctl_write: 0x555717e7b930: pfd->events now 60 (POLLOUT:4)
0:00:00.013115561  4385 0x555717e57320 DEBUG   GST_POLL gstpoll.c:980:gst_poll_fd_ctl_write: 0x555717e7b930: fd (fd:0, idx:1), active : 1
0:00:00.013121571  4385 0x555717e57320 LOG   GST_POLL gstpoll.c:994:gst_poll_fd_ctl_write: 0x555717e7b930: pfd->events now 60 (POLLOUT:4)
0:00:00.013128029  4385 0x555717e57320 DEBUG   GST_POLL gstpoll.c:980:gst_poll_fd_ctl_write: 0x555717e7b930: fd (fd:0, idx:1), active : 1
0:00:00.013134299  4385 0x555717e57320 LOG   GST_POLL gstpoll.c:994:gst_poll_fd_ctl_write: 0x555717e7b930: pfd->events now 60 (POLLOUT:4)
0:00:00.013140850  4385 0x555717e57320 DEBUG   GST_POLL gstpoll.c:980:gst_poll_fd_ctl_write: 0x555717e7b930: fd (fd:0, idx:1), active : 1
0:00:00.013146933  4385 0x555717e57320 LOG   GST_POLL gstpoll.c:994:gst_poll_fd_ctl_write: 0x555717e7b930: pfd->events now 60 (POLLOUT:4)
0:00:00.013153337  4385 0x555717e57320 DEBUG   GST_POLL gstpoll.c:980:gst_poll_fd_ctl_write: 0x555717e7b930: fd (fd:0, idx:1), active : 1
0:00:00.013159472  4385 0x555717e57320 LOG   GST_POLL gstpoll.c:994:gst_poll_fd_ctl_write: 0x555717e7b930: pfd->events now 60 (POLLOUT:4)
0:00:00.013165953  4385 0x555717e57320 DEBUG   GST_POLL gstpoll.c:980:gst_poll_fd_ctl_write: 0x555717e7b930: fd (fd:0, idx:1), active : 1
0:00:00.013175648  4385 0x555717e57320 LOG   GST_POLL gstpoll.c:994:gst_poll_fd_ctl_write: 0x555717e7b930: pfd->events now 60 (POLLOUT:4)
0:00:00.013182246  4385 0x555717e57320 DEBUG   GST_POLL gstpoll.c:980:gst_poll_fd_ctl_write: 0x555717e7b930: fd (fd:0, idx:1), active : 1
0:00:00.013188314  4385 0x555717e57320 LOG   GST_POLL gstpoll.c:994:gst_poll_fd_ctl_write: 0x555717e7b930: pfd->events now 60 (POLLOUT:4)
0:00:00.013194849  4385 0x555717e57320 DEBUG   GST_POLL gstpoll.c:980:gst_poll_fd_ctl_write: 0x555717e7b930: fd (fd:0, idx:1), active : 1
0:00:00.013200956  4385 0x555717e57320 LOG   GST_POLL gstpoll.c:994:gst_poll_fd_ctl_write: 0x555717e7b930: pfd->events now 60 (POLLOUT:4)
0:00:00.013213637  4385 0x555717e57320 TRACE   GST_REFCOUNTING gstobject.c:265:gst_object_unref: 0x555717e7f450 unref 2->1
0:00:00.013222383  4385 0x555717e57320 DEBUG   GST_POLL gstpoll.c:1241:gst_poll_fd_has_error: 0x555717e7b930: fd (fd:0, idx:1) 0
0:00:00.013229126  4385 0x555717e57320 DEBUG   GST_POLL gstpoll.c:1335:gst_poll_fd_can_write: 0x555717e7b930: fd (fd:0, idx:1) 1
0:00:00.013235393  4385 0x555717e57320 LOG   GST_PLUGIN_LOADING gstpluginloader.c:690:write_one: Writing packet of size 488 bytes to fd 0
0:00:00.013255991  4385 0x555717e57320 DEBUG   GST_POLL gstpoll.c:1414:gst_poll_wait: 0x555717e7b930: timeout :0:00:01.000000000
0:00:00.013266979  4385 0x555717e57320 LOG   GST_PLUGIN_LOADING gstpluginloader.c:1028:exchange_packets: Poll res = 2. 6872 bytes pending for write
0:00:00.013274115  4385 0x555717e57320 DEBUG   GST_POLL gstpoll.c:1241:gst_poll_fd_has_error: 0x555717e7b930: fd (fd:5, idx:2) 0
0:00:00.013280596  4385 0x555717e57320 DEBUG   GST_POLL gstpoll.c:1266:gst_poll_fd_can_read_unlocked: 0x555717e7b930: fd (fd:5, idx:2) 1
0:00:00.013292048  4385 0x555717e57320 DEBUG   GST_PLUGIN_LOADING gstpluginloader.c:722:do_plugin_load: Plugin scanner loading file /home/conan/w/prod/BuildSingleReference/.conan/data/gstreamer/1.18.4/_/_/package/7087a3df2991f0089c7fdba3f9b2a18fafecf068/lib/gstreamer-1.0/libgstcoretracers.so. tag 2
0:00:00.017913345  4384 0x56520e440320 LOG   GST_PLUGIN_LOADING gstpluginloader.c:1028:exchange_packets: Poll res = 1. 0 bytes pending for write
0:00:00.013301069  4385 0x555717e57320 TRACE   GST_REFCOUNTING gstobject.c:238:gst_object_ref: 0x555717e7cf50 ref 1->2
0:00:00.017940106  4384 0x56520e440320 DEBUG   GST_POLL gstpoll.c:1241:gst_poll_fd_has_error: 0x56520e465530: fd (fd:8, idx:2) 0
0:00:00.013321704  4385 0x555717e57320 TRACE   GST_REFCOUNTING gstobject.c:238:gst_object_ref: 0x555717e7eeb0 ref 1->2
0:00:00.017950116  4384 0x56520e440320 DEBUG   GST_POLL gstpoll.c:1266:gst_poll_fd_can_read_unlocked: 0x56520e465530: fd (fd:8, idx:2) 1
0:00:00.013332265  4385 0x555717e57320 TRACE   GST_REFCOUNTING gstobject.c:238:gst_object_ref: 0x555717e7eb40 ref 1->2
0:00:00.013340725  4385 0x555717e57320 TRACE   GST_REFCOUNTING gstobject.c:238:gst_object_ref: 0x555717e7e900 ref 1->2
0:00:00.017966207  4384 0x56520e440320 DEBUG   GST_PLUGIN_LOADING gstpluginloader.c:850:handle_rx_packet: Received plugin details from child w/ tag 0. 476 bytes info
0:00:00.013347878  4385 0x555717e57320 TRACE   GST_REFCOUNTING gstobject.c:238:gst_object_ref: 0x555717e7e570 ref 1->2
0:00:00.017984483  4384 0x56520e440320 LOG   GST_REGISTRY gstregistrychunks.c:837:_priv_gst_registry_chunks_load_plugin: Reading/casting for GstRegistryChunkPluginElement at address 0x56520e460dc0
0:00:00.013367155  4385 0x555717e57320 TRACE   GST_REFCOUNTING gstobject.c:238:gst_object_ref: 0x555717e7e010 ref 1->2
0:00:00.013379270  4385 0x555717e57320 TRACE   GST_REFCOUNTING gstobject.c:265:gst_object_unref: 0x555717e7e010 unref 2->1
0:00:00.018004903  4384 0x56520e440320 TRACE   GST_REFCOUNTING gstobject.c:208:gst_object_init: 0x56520e465b90 new
0:00:00.013386605  4385 0x555717e57320 TRACE   GST_REFCOUNTING gstobject.c:265:gst_object_unref: 0x555717e7e570 unref 2->1
0:00:00.013396646  4385 0x555717e57320 TRACE   GST_REFCOUNTING gstobject.c:265:gst_object_unref: 0x555717e7e900 unref 2->1
0:00:00.013403571  4385 0x555717e57320 TRACE   GST_REFCOUNTING gstobject.c:265:gst_object_unref: 0x555717e7eb40 unref 2->1
0:00:00.013410419  4385 0x555717e57320 TRACE   GST_REFCOUNTING gstobject.c:265:gst_object_unref: 0x555717e7eeb0 unref 2->1
0:00:00.013419204  4385 0x555717e57320 DEBUG   GST_REGISTRY gstregistrychunks.c:498:_priv_gst_registry_chunks_save_plugin: Found 5 features in plugin 0x555717e7cf50 (coretracers)
0:00:00.018040083  4384 0x56520e440320 LOG   GST_REGISTRY gstregistrychunks.c:858:_priv_gst_registry_chunks_load_plugin: read strings for name='coretracers'
0:00:00.013426427  4385 0x555717e57320 DEBUG   GST_POLL gstpoll.c:980:gst_poll_fd_ctl_write: 0x555717e7b930: fd (fd:0, idx:1), active : 1
0:00:00.018047802  4384 0x56520e440320 LOG   GST_REGISTRY gstregistrychunks.c:859:_priv_gst_registry_chunks_load_plugin: desc.description='GStreamer core tracers'
0:00:00.013433505  4385 0x555717e57320 LOG   GST_POLL gstpoll.c:994:gst_poll_fd_ctl_write: 0x555717e7b930: pfd->events now 60 (POLLOUT:4)
0:00:00.018055154  4384 0x56520e440320 LOG   GST_REGISTRY gstregistrychunks.c:860:_priv_gst_registry_chunks_load_plugin: filename='/home/conan/w/prod/BuildSingleReference/.conan/data/gstreamer/1.18.4/_/_/package/7087a3df2991f0089c7fdba3f9b2a18fafecf068/lib/gstreamer-1.0/libgstcoretracers.so'
0:00:00.013440799  4385 0x555717e57320 DEBUG   GST_POLL gstpoll.c:980:gst_poll_fd_ctl_write: 0x555717e7b930: fd (fd:0, idx:1), active : 1
0:00:00.018061529  4384 0x56520e440320 LOG   GST_REGISTRY gstregistrychunks.c:861:_priv_gst_registry_chunks_load_plugin: desc.version='1.18.4'
0:00:00.013447689  4385 0x555717e57320 LOG   GST_POLL gstpoll.c:994:gst_poll_fd_ctl_write: 0x555717e7b930: pfd->events now 60 (POLLOUT:4)
0:00:00.018068989  4384 0x56520e440320 LOG   GST_REGISTRY gstregistrychunks.c:862:_priv_gst_registry_chunks_load_plugin: desc.license='LGPL'
0:00:00.013455012  4385 0x555717e57320 DEBUG   GST_POLL gstpoll.c:980:gst_poll_fd_ctl_write: 0x555717e7b930: fd (fd:0, idx:1), active : 1
0:00:00.018076076  4384 0x56520e440320 LOG   GST_REGISTRY gstregistrychunks.c:863:_priv_gst_registry_chunks_load_plugin: desc.source='gstreamer'
0:00:00.013461789  4385 0x555717e57320 LOG   GST_POLL gstpoll.c:994:gst_poll_fd_ctl_write: 0x555717e7b930: pfd->events now 60 (POLLOUT:4)
0:00:00.018088271  4384 0x56520e440320 LOG   GST_REGISTRY gstregistrychunks.c:864:_priv_gst_registry_chunks_load_plugin: desc.package='GStreamer source release'
0:00:00.013475354  4385 0x555717e57320 DEBUG   GST_POLL gstpoll.c:980:gst_poll_fd_ctl_write: 0x555717e7b930: fd (fd:0, idx:1), active : 1
0:00:00.018096229  4384 0x56520e440320 LOG   GST_REGISTRY gstregistrychunks.c:865:_priv_gst_registry_chunks_load_plugin: desc.origin='Unknown package origin'
0:00:00.013482272  4385 0x555717e57320 LOG   GST_POLL gstpoll.c:994:gst_poll_fd_ctl_write: 0x555717e7b930: pfd->events now 60 (POLLOUT:4)
0:00:00.018103441  4384 0x56520e440320 LOG   GST_REGISTRY gstregistrychunks.c:866:_priv_gst_registry_chunks_load_plugin: desc.datetime=2021-03-15
0:00:00.013489685  4385 0x555717e57320 DEBUG   GST_POLL gstpoll.c:980:gst_poll_fd_ctl_write: 0x555717e7b930: fd (fd:0, idx:1), active : 1
0:00:00.013496490  4385 0x555717e57320 LOG   GST_POLL gstpoll.c:994:gst_poll_fd_ctl_write: 0x555717e7b930: pfd->events now 60 (POLLOUT:4)
0:00:00.018118751  4384 0x56520e440320 DEBUG   GST_REGISTRY gstregistry.c:474:gst_registry_add_plugin: adding plugin 0x56520e465b90 for filename "/home/conan/w/prod/BuildSingleReference/.conan/data/gstreamer/1.18.4/_/_/package/7087a3df2991f0089c7fdba3f9b2a18fafecf068/lib/gstreamer-1.0/libgstcoretracers.so"
0:00:00.013503017  4385 0x555717e57320 DEBUG   GST_POLL gstpoll.c:980:gst_poll_fd_ctl_write: 0x555717e7b930: fd (fd:0, idx:1), active : 1
0:00:00.013509733  4385 0x555717e57320 LOG   GST_POLL gstpoll.c:994:gst_poll_fd_ctl_write: 0x555717e7b930: pfd->events now 60 (POLLOUT:4)
0:00:00.018128806  4384 0x56520e440320 TRACE   GST_REFCOUNTING gstobject.c:294:gst_object_ref_sink: 0x56520e465b90 ref_sink 1->2
0:00:00.013516293  4385 0x555717e57320 DEBUG   GST_POLL gstpoll.c:980:gst_poll_fd_ctl_write: 0x555717e7b930: fd (fd:0, idx:1), active : 1
0:00:00.013523061  4385 0x555717e57320 LOG   GST_POLL gstpoll.c:994:gst_poll_fd_ctl_write: 0x555717e7b930: pfd->events now 60 (POLLOUT:4)
0:00:00.018138666  4384 0x56520e440320 LOG   GST_REGISTRY gstregistry.c:487:gst_registry_add_plugin: emitting plugin-added for filename "/home/conan/w/prod/BuildSingleReference/.conan/data/gstreamer/1.18.4/_/_/package/7087a3df2991f0089c7fdba3f9b2a18fafecf068/lib/gstreamer-1.0/libgstcoretracers.so"
0:00:00.013529472  4385 0x555717e57320 DEBUG   GST_POLL gstpoll.c:980:gst_poll_fd_ctl_write: 0x555717e7b930: fd (fd:0, idx:1), active : 1
0:00:00.018155409  4384 0x56520e440320 DEBUG   GST_REGISTRY gstregistrychunks.c:887:_priv_gst_registry_chunks_load_plugin: Added plugin 'coretracers' plugin with 5 features from binary registry
0:00:00.013537101  4385 0x555717e57320 LOG   GST_POLL gstpoll.c:994:gst_poll_fd_ctl_write: 0x555717e7b930: pfd->events now 60 (POLLOUT:4)
0:00:00.018163347  4384 0x56520e440320 DEBUG   GST_REGISTRY gstregistrychunks.c:583:gst_registry_chunks_load_feature: Plugin 'coretracers' feature 'leaks' typename : 'GstTracerFactory'
0:00:00.013545462  4385 0x555717e57320 DEBUG   GST_POLL gstpoll.c:980:gst_poll_fd_ctl_write: 0x555717e7b930: fd (fd:0, idx:1), active : 1
0:00:00.013557594  4385 0x555717e57320 LOG   GST_POLL gstpoll.c:994:gst_poll_fd_ctl_write: 0x555717e7b930: pfd->events now 60 (POLLOUT:4)
0:00:00.018176991  4384 0x56520e440320 TRACE   GST_REFCOUNTING gstobject.c:208:gst_object_init: 0x56520e465f40 new
0:00:00.013564368  4385 0x555717e57320 DEBUG   GST_POLL gstpoll.c:980:gst_poll_fd_ctl_write: 0x555717e7b930: fd (fd:0, idx:1), active : 1
0:00:00.018190063  4384 0x56520e440320 DEBUG   GST_REGISTRY gstregistrychunks.c:718:gst_registry_chunks_load_feature: Reading/casting for GstRegistryChunkPluginFeature at address 0x56520e460f08
0:00:00.013571030  4385 0x555717e57320 LOG   GST_POLL gstpoll.c:994:gst_poll_fd_ctl_write: 0x555717e7b930: pfd->events now 60 (POLLOUT:4)
0:00:00.018240706  4384 0x56520e440320 DEBUG   GST_REGISTRY gstregistry.c:590:gst_registry_add_feature: adding feature 0x56520e465f40 (leaks)
0:00:00.013628915  4385 0x555717e57320 DEBUG   GST_POLL gstpoll.c:980:gst_poll_fd_ctl_write: 0x555717e7b930: fd (fd:0, idx:1), active : 1
0:00:00.018251094  4384 0x56520e440320 DEBUG   GST_REFCOUNTING gstobject.c:709:gst_object_set_parent: set parent (ref and sink)
0:00:00.013636443  4385 0x555717e57320 LOG   GST_POLL gstpoll.c:994:gst_poll_fd_ctl_write: 0x555717e7b930: pfd->events now 60 (POLLOUT:4)
0:00:00.018259592  4384 0x56520e440320 TRACE   GST_REFCOUNTING gstobject.c:294:gst_object_ref_sink: 0x56520e465f40 ref_sink 1->2
0:00:00.013643430  4385 0x555717e57320 DEBUG   GST_POLL gstpoll.c:980:gst_poll_fd_ctl_write: 0x555717e7b930: fd (fd:0, idx:1), active : 1
0:00:00.018267040  4384 0x56520e440320 LOG   GST_REGISTRY gstregistry.c:608:gst_registry_add_feature: emitting feature-added for leaks
0:00:00.013650282  4385 0x555717e57320 LOG   GST_POLL gstpoll.c:994:gst_poll_fd_ctl_write: 0x555717e7b930: pfd->events now 60 (POLLOUT:4)
0:00:00.018275059  4384 0x56520e440320 DEBUG   GST_REGISTRY gstregistrychunks.c:741:gst_registry_chunks_load_feature: Added feature leaks, plugin 0x56520e465b90 coretracers
0:00:00.013657327  4385 0x555717e57320 DEBUG   GST_POLL gstpoll.c:980:gst_poll_fd_ctl_write: 0x555717e7b930: fd (fd:0, idx:1), active : 1
0:00:00.018282668  4384 0x56520e440320 DEBUG   GST_REGISTRY gstregistrychunks.c:583:gst_registry_chunks_load_feature: Plugin 'coretracers' feature 'stats' typename : 'GstTracerFactory'
0:00:00.013664682  4385 0x555717e57320 LOG   GST_POLL gstpoll.c:994:gst_poll_fd_ctl_write: 0x555717e7b930: pfd->events now 60 (POLLOUT:4)
0:00:00.013672716  4385 0x555717e57320 DEBUG   GST_POLL gstpoll.c:980:gst_poll_fd_ctl_write: 0x555717e7b930: fd (fd:0, idx:1), active : 1
0:00:00.018291750  4384 0x56520e440320 TRACE   GST_REFCOUNTING gstobject.c:208:gst_object_init: 0x56520e466090 new
0:00:00.013678959  4385 0x555717e57320 LOG   GST_POLL gstpoll.c:994:gst_poll_fd_ctl_write: 0x555717e7b930: pfd->events now 60 (POLLOUT:4)
0:00:00.018302844  4384 0x56520e440320 DEBUG   GST_REGISTRY gstregistrychunks.c:718:gst_registry_chunks_load_feature: Reading/casting for GstRegistryChunkPluginFeature at address 0x56520e460f28
0:00:00.013685988  4385 0x555717e57320 DEBUG   GST_POLL gstpoll.c:980:gst_poll_fd_ctl_write: 0x555717e7b930: fd (fd:0, idx:1), active : 1
0:00:00.018316411  4384 0x56520e440320 DEBUG   GST_REGISTRY gstregistry.c:590:gst_registry_add_feature: adding feature 0x56520e466090 (stats)
0:00:00.013697870  4385 0x555717e57320 LOG   GST_POLL gstpoll.c:994:gst_poll_fd_ctl_write: 0x555717e7b930: pfd->events now 60 (POLLOUT:4)
0:00:00.018323414  4384 0x56520e440320 DEBUG   GST_REFCOUNTING gstobject.c:709:gst_object_set_parent: set parent (ref and sink)
0:00:00.013706905  4385 0x555717e57320 LOG   GST_PLUGIN_LOADING gstpluginloader.c:646:put_chunk: Expanding tx buf from 7717 to 10158 for chunk of size 17
0:00:00.018331306  4384 0x56520e440320 TRACE   GST_REFCOUNTING gstobject.c:294:gst_object_ref_sink: 0x56520e466090 ref_sink 1->2
0:00:00.013717915  4385 0x555717e57320 DEBUG   GST_POLL gstpoll.c:980:gst_poll_fd_ctl_write: 0x555717e7b930: fd (fd:0, idx:1), active : 1
0:00:00.018338601  4384 0x56520e440320 LOG   GST_REGISTRY gstregistry.c:608:gst_registry_add_feature: emitting feature-added for stats
0:00:00.013724803  4385 0x555717e57320 LOG   GST_POLL gstpoll.c:994:gst_poll_fd_ctl_write: 0x555717e7b930: pfd->events now 60 (POLLOUT:4)
0:00:00.018347042  4384 0x56520e440320 DEBUG   GST_REGISTRY gstregistrychunks.c:741:gst_registry_chunks_load_feature: Added feature stats, plugin 0x56520e465b90 coretracers
0:00:00.013732018  4385 0x555717e57320 DEBUG   GST_POLL gstpoll.c:980:gst_poll_fd_ctl_write: 0x555717e7b930: fd (fd:0, idx:1), active : 1
0:00:00.018354308  4384 0x56520e440320 DEBUG   GST_REGISTRY gstregistrychunks.c:583:gst_registry_chunks_load_feature: Plugin 'coretracers' feature 'rusage' typename : 'GstTracerFactory'
0:00:00.013738723  4385 0x555717e57320 LOG   GST_POLL gstpoll.c:994:gst_poll_fd_ctl_write: 0x555717e7b930: pfd->events now 60 (POLLOUT:4)
0:00:00.018362286  4384 0x56520e440320 TRACE   GST_REFCOUNTING gstobject.c:208:gst_object_init: 0x56520e4661e0 new
0:00:00.013745738  4385 0x555717e57320 DEBUG   GST_POLL gstpoll.c:980:gst_poll_fd_ctl_write: 0x555717e7b930: fd (fd:0, idx:1), active : 1
0:00:00.018370689  4384 0x56520e440320 DEBUG   GST_REGISTRY gstregistrychunks.c:718:gst_registry_chunks_load_feature: Reading/casting for GstRegistryChunkPluginFeature at address 0x56520e460f48
0:00:00.013752583  4385 0x555717e57320 LOG   GST_POLL gstpoll.c:994:gst_poll_fd_ctl_write: 0x555717e7b930: pfd->events now 60 (POLLOUT:4)
0:00:00.018378228  4384 0x56520e440320 DEBUG   GST_REGISTRY gstregistry.c:590:gst_registry_add_feature: adding feature 0x56520e4661e0 (rusage)
0:00:00.013760482  4385 0x555717e57320 DEBUG   GST_POLL gstpoll.c:980:gst_poll_fd_ctl_write: 0x555717e7b930: fd (fd:0, idx:1), active : 1
0:00:00.018384923  4384 0x56520e440320 DEBUG   GST_REFCOUNTING gstobject.c:709:gst_object_set_parent: set parent (ref and sink)
0:00:00.013767850  4385 0x555717e57320 LOG   GST_POLL gstpoll.c:994:gst_poll_fd_ctl_write: 0x555717e7b930: pfd->events now 60 (POLLOUT:4)
0:00:00.018392560  4384 0x56520e440320 TRACE   GST_REFCOUNTING gstobject.c:294:gst_object_ref_sink: 0x56520e4661e0 ref_sink 1->2
0:00:00.013775266  4385 0x555717e57320 DEBUG   GST_POLL gstpoll.c:980:gst_poll_fd_ctl_write: 0x555717e7b930: fd (fd:0, idx:1), active : 1
0:00:00.018403766  4384 0x56520e440320 LOG   GST_REGISTRY gstregistry.c:608:gst_registry_add_feature: emitting feature-added for rusage
0:00:00.013786649  4385 0x555717e57320 LOG   GST_POLL gstpoll.c:994:gst_poll_fd_ctl_write: 0x555717e7b930: pfd->events now 60 (POLLOUT:4)
0:00:00.018411157  4384 0x56520e440320 DEBUG   GST_REGISTRY gstregistrychunks.c:741:gst_registry_chunks_load_feature: Added feature rusage, plugin 0x56520e465b90 coretracers
0:00:00.013793866  4385 0x555717e57320 DEBUG   GST_POLL gstpoll.c:980:gst_poll_fd_ctl_write: 0x555717e7b930: fd (fd:0, idx:1), active : 1
0:00:00.018418377  4384 0x56520e440320 DEBUG   GST_REGISTRY gstregistrychunks.c:583:gst_registry_chunks_load_feature: Plugin 'coretracers' feature 'log' typename : 'GstTracerFactory'
0:00:00.013800791  4385 0x555717e57320 LOG   GST_POLL gstpoll.c:994:gst_poll_fd_ctl_write: 0x555717e7b930: pfd->events now 60 (POLLOUT:4)
0:00:00.018426349  4384 0x56520e440320 TRACE   GST_REFCOUNTING gstobject.c:208:gst_object_init: 0x56520e466340 new
0:00:00.013808278  4385 0x555717e57320 DEBUG   GST_POLL gstpoll.c:980:gst_poll_fd_ctl_write: 0x555717e7b930: fd (fd:0, idx:1), active : 1
0:00:00.018434884  4384 0x56520e440320 DEBUG   GST_REGISTRY gstregistrychunks.c:718:gst_registry_chunks_load_feature: Reading/casting for GstRegistryChunkPluginFeature at address 0x56520e460f68
0:00:00.013816592  4385 0x555717e57320 LOG   GST_POLL gstpoll.c:994:gst_poll_fd_ctl_write: 0x555717e7b930: pfd->events now 60 (POLLOUT:4)
0:00:00.018442700  4384 0x56520e440320 DEBUG   GST_REGISTRY gstregistry.c:590:gst_registry_add_feature: adding feature 0x56520e466340 (log)
0:00:00.013824970  4385 0x555717e57320 DEBUG   GST_POLL gstpoll.c:980:gst_poll_fd_ctl_write: 0x555717e7b930: fd (fd:0, idx:1), active : 1
0:00:00.018449025  4384 0x56520e440320 DEBUG   GST_REFCOUNTING gstobject.c:709:gst_object_set_parent: set parent (ref and sink)
0:00:00.013832199  4385 0x555717e57320 LOG   GST_POLL gstpoll.c:994:gst_poll_fd_ctl_write: 0x555717e7b930: pfd->events now 60 (POLLOUT:4)
0:00:00.018456581  4384 0x56520e440320 TRACE   GST_REFCOUNTING gstobject.c:294:gst_object_ref_sink: 0x56520e466340 ref_sink 1->2
0:00:00.013839338  4385 0x555717e57320 DEBUG   GST_POLL gstpoll.c:980:gst_poll_fd_ctl_write: 0x555717e7b930: fd (fd:0, idx:1), active : 1
0:00:00.018463768  4384 0x56520e440320 LOG   GST_REGISTRY gstregistry.c:608:gst_registry_add_feature: emitting feature-added for log
0:00:00.013846663  4385 0x555717e57320 LOG   GST_POLL gstpoll.c:994:gst_poll_fd_ctl_write: 0x555717e7b930: pfd->events now 60 (POLLOUT:4)
0:00:00.018470833  4384 0x56520e440320 DEBUG   GST_REGISTRY gstregistrychunks.c:741:gst_registry_chunks_load_feature: Added feature log, plugin 0x56520e465b90 coretracers
0:00:00.013853765  4385 0x555717e57320 DEBUG   GST_POLL gstpoll.c:980:gst_poll_fd_ctl_write: 0x555717e7b930: fd (fd:0, idx:1), active : 1
0:00:00.018477746  4384 0x56520e440320 DEBUG   GST_REGISTRY gstregistrychunks.c:583:gst_registry_chunks_load_feature: Plugin 'coretracers' feature 'latency' typename : 'GstTracerFactory'
0:00:00.013860593  4385 0x555717e57320 LOG   GST_POLL gstpoll.c:994:gst_poll_fd_ctl_write: 0x555717e7b930: pfd->events now 60 (POLLOUT:4)
0:00:00.018489822  4384 0x56520e440320 TRACE   GST_REFCOUNTING gstobject.c:208:gst_object_init: 0x56520e4664a0 new
0:00:00.013871795  4385 0x555717e57320 DEBUG   GST_POLL gstpoll.c:980:gst_poll_fd_ctl_write: 0x555717e7b930: fd (fd:0, idx:1), active : 1
0:00:00.018498337  4384 0x56520e440320 DEBUG   GST_REGISTRY gstregistrychunks.c:718:gst_registry_chunks_load_feature: Reading/casting for GstRegistryChunkPluginFeature at address 0x56520e460f90
0:00:00.013880085  4385 0x555717e57320 LOG   GST_POLL gstpoll.c:994:gst_poll_fd_ctl_write: 0x555717e7b930: pfd->events now 60 (POLLOUT:4)
0:00:00.018506057  4384 0x56520e440320 DEBUG   GST_REGISTRY gstregistry.c:590:gst_registry_add_feature: adding feature 0x56520e4664a0 (latency)
0:00:00.013888316  4385 0x555717e57320 DEBUG   GST_POLL gstpoll.c:980:gst_poll_fd_ctl_write: 0x555717e7b930: fd (fd:0, idx:1), active : 1
0:00:00.018512729  4384 0x56520e440320 DEBUG   GST_REFCOUNTING gstobject.c:709:gst_object_set_parent: set parent (ref and sink)
0:00:00.013895795  4385 0x555717e57320 LOG   GST_POLL gstpoll.c:994:gst_poll_fd_ctl_write: 0x555717e7b930: pfd->events now 60 (POLLOUT:4)
0:00:00.018520449  4384 0x56520e440320 TRACE   GST_REFCOUNTING gstobject.c:294:gst_object_ref_sink: 0x56520e4664a0 ref_sink 1->2
0:00:00.013904570  4385 0x555717e57320 TRACE   GST_REFCOUNTING gstobject.c:265:gst_object_unref: 0x555717e7cf50 unref 2->1
0:00:00.018527549  4384 0x56520e440320 LOG   GST_REGISTRY gstregistry.c:608:gst_registry_add_feature: emitting feature-added for latency
0:00:00.013912759  4385 0x555717e57320 DEBUG   GST_POLL gstpoll.c:1241:gst_poll_fd_has_error: 0x555717e7b930: fd (fd:0, idx:1) 0
0:00:00.018535101  4384 0x56520e440320 DEBUG   GST_REGISTRY gstregistrychunks.c:741:gst_registry_chunks_load_feature: Added feature latency, plugin 0x56520e465b90 coretracers
0:00:00.013920179  4385 0x555717e57320 DEBUG   GST_POLL gstpoll.c:1335:gst_poll_fd_can_write: 0x555717e7b930: fd (fd:0, idx:1) 1
0:00:00.018542927  4384 0x56520e440320 LOG   GST_PLUGIN_LOADING gstpluginloader.c:889:handle_rx_packet: marking plugin 0x56520e465b90 as registered as /home/conan/w/prod/BuildSingleReference/.conan/data/gstreamer/1.18.4/_/_/package/7087a3df2991f0089c7fdba3f9b2a18fafecf068/lib/gstreamer-1.0/libgstcoretracers.so
0:00:00.013926950  4385 0x555717e57320 LOG   GST_PLUGIN_LOADING gstpluginloader.c:690:write_one: Writing packet of size 6872 bytes to fd 0
0:00:00.018556728  4384 0x56520e440320 DEBUG   GST_POLL gstpoll.c:1414:gst_poll_wait: 0x56520e465530: timeout :0:00:01.000000000
0:00:00.013939745  4385 0x555717e57320 DEBUG   GST_POLL gstpoll.c:1414:gst_poll_wait: 0x555717e7b930: timeout :0:00:01.000000000
0:00:00.018567865  4384 0x56520e440320 LOG   GST_PLUGIN_LOADING gstpluginloader.c:1028:exchange_packets: Poll res = 1. 0 bytes pending for write
0:00:00.013949822  4385 0x555717e57320 LOG   GST_PLUGIN_LOADING gstpluginloader.c:1028:exchange_packets: Poll res = 2. 488 bytes pending for write
0:00:00.018575902  4384 0x56520e440320 DEBUG   GST_POLL gstpoll.c:1241:gst_poll_fd_has_error: 0x56520e465530: fd (fd:8, idx:2) 0
0:00:00.013963133  4385 0x555717e57320 DEBUG   GST_POLL gstpoll.c:1241:gst_poll_fd_has_error: 0x555717e7b930: fd (fd:5, idx:2) 0
0:00:00.018584842  4384 0x56520e440320 DEBUG   GST_POLL gstpoll.c:1266:gst_poll_fd_can_read_unlocked: 0x56520e465530: fd (fd:8, idx:2) 1
0:00:00.013971910  4385 0x555717e57320 DEBUG   GST_POLL gstpoll.c:1266:gst_poll_fd_can_read_unlocked: 0x555717e7b930: fd (fd:5, idx:2) 1
0:00:00.018595043  4384 0x56520e440320 LOG   GST_PLUGIN_LOADING gstpluginloader.c:986:read_one: Expanding rx buf from 512 to 7384
0:00:00.013982387  4385 0x555717e57320 DEBUG   GST_PLUGIN_LOADING gstpluginloader.c:722:do_plugin_load: Plugin scanner loading file /home/conan/w/prod/BuildSingleReference/.conan/data/gstreamer/1.18.4/_/_/package/7087a3df2991f0089c7fdba3f9b2a18fafecf068/lib/gstreamer-1.0/libgstcoreelements.so. tag 3
0:00:00.013991296  4385 0x555717e57320 TRACE   GST_REFCOUNTING gstobject.c:238:gst_object_ref: 0x555717e7f450 ref 1->2
0:00:00.018614510  4384 0x56520e440320 DEBUG   GST_PLUGIN_LOADING gstpluginloader.c:850:handle_rx_packet: Received plugin details from child w/ tag 1. 6860 bytes info
0:00:00.013999002  4385 0x555717e57320 TRACE   GST_REFCOUNTING gstobject.c:238:gst_object_ref: 0x555717e9dec0 ref 1->2
0:00:00.018621600  4384 0x56520e440320 LOG   GST_REGISTRY gstregistrychunks.c:837:_priv_gst_registry_chunks_load_plugin: Reading/casting for GstRegistryChunkPluginElement at address 0x56520e466570
0:00:00.014006677  4385 0x555717e57320 TRACE   GST_REFCOUNTING gstobject.c:238:gst_object_ref: 0x555717e9d1d0 ref 1->2
0:00:00.018629395  4384 0x56520e440320 TRACE   GST_REFCOUNTING gstobject.c:208:gst_object_init: 0x56520e468250 new
0:00:00.014014181  4385 0x555717e57320 TRACE   GST_REFCOUNTING gstobject.c:238:gst_object_ref: 0x555717e9b6f0 ref 1->2
0:00:00.014021830  4385 0x555717e57320 TRACE   GST_REFCOUNTING gstobject.c:238:gst_object_ref: 0x555717e9a700 ref 1->2
0:00:00.018641955  4384 0x56520e440320 LOG   GST_REGISTRY gstregistrychunks.c:858:_priv_gst_registry_chunks_load_plugin: read strings for name='coreelements'
0:00:00.014029016  4385 0x555717e57320 TRACE   GST_REFCOUNTING gstobject.c:238:gst_object_ref: 0x555717e99320 ref 1->2
0:00:00.018650205  4384 0x56520e440320 LOG   GST_REGISTRY gstregistrychunks.c:859:_priv_gst_registry_chunks_load_plugin: desc.description='GStreamer core elements'
0:00:00.014036571  4385 0x555717e57320 TRACE   GST_REFCOUNTING gstobject.c:238:gst_object_ref: 0x555717e97ea0 ref 1->2
0:00:00.018657919  4384 0x56520e440320 LOG   GST_REGISTRY gstregistrychunks.c:860:_priv_gst_registry_chunks_load_plugin: filename='/home/conan/w/prod/BuildSingleReference/.conan/data/gstreamer/1.18.4/_/_/package/7087a3df2991f0089c7fdba3f9b2a18fafecf068/lib/gstreamer-1.0/libgstcoreelements.so'
0:00:00.014044153  4385 0x555717e57320 TRACE   GST_REFCOUNTING gstobject.c:238:gst_object_ref: 0x555717e966f0 ref 1->2
0:00:00.018664866  4384 0x56520e440320 LOG   GST_REGISTRY gstregistrychunks.c:861:_priv_gst_registry_chunks_load_plugin: desc.version='1.18.4'
0:00:00.014055991  4385 0x555717e57320 TRACE   GST_REFCOUNTING gstobject.c:238:gst_object_ref: 0x555717e94340 ref 1->2
0:00:00.018676846  4384 0x56520e440320 LOG   GST_REGISTRY gstregistrychunks.c:862:_priv_gst_registry_chunks_load_plugin: desc.license='LGPL'
0:00:00.014063647  4385 0x555717e57320 TRACE   GST_REFCOUNTING gstobject.c:238:gst_object_ref: 0x555717e93220 ref 1->2
0:00:00.018684375  4384 0x56520e440320 LOG   GST_REGISTRY gstregistrychunks.c:863:_priv_gst_registry_chunks_load_plugin: desc.source='gstreamer'
0:00:00.014071491  4385 0x555717e57320 TRACE   GST_REFCOUNTING gstobject.c:238:gst_object_ref: 0x555717e91f90 ref 1->2
0:00:00.018692392  4384 0x56520e440320 LOG   GST_REGISTRY gstregistrychunks.c:864:_priv_gst_registry_chunks_load_plugin: desc.package='GStreamer source release'
0:00:00.014078852  4385 0x555717e57320 TRACE   GST_REFCOUNTING gstobject.c:238:gst_object_ref: 0x555717e909a0 ref 1->2
0:00:00.018699913  4384 0x56520e440320 LOG   GST_REGISTRY gstregistrychunks.c:865:_priv_gst_registry_chunks_load_plugin: desc.origin='Unknown package origin'
0:00:00.014086253  4385 0x555717e57320 TRACE   GST_REFCOUNTING gstobject.c:238:gst_object_ref: 0x555717e8fd30 ref 1->2
0:00:00.018707099  4384 0x56520e440320 LOG   GST_REGISTRY gstregistrychunks.c:866:_priv_gst_registry_chunks_load_plugin: desc.datetime=2021-03-15
0:00:00.014093768  4385 0x555717e57320 TRACE   GST_REFCOUNTING gstobject.c:238:gst_object_ref: 0x555717e8ef50 ref 1->2
0:00:00.018717013  4384 0x56520e440320 DEBUG   GST_REGISTRY gstregistry.c:474:gst_registry_add_plugin: adding plugin 0x56520e468250 for filename "/home/conan/w/prod/BuildSingleReference/.conan/data/gstreamer/1.18.4/_/_/package/7087a3df2991f0089c7fdba3f9b2a18fafecf068/lib/gstreamer-1.0/libgstcoreelements.so"
0:00:00.014101230  4385 0x555717e57320 TRACE   GST_REFCOUNTING gstobject.c:238:gst_object_ref: 0x555717e8e0d0 ref 1->2
0:00:00.018724989  4384 0x56520e440320 TRACE   GST_REFCOUNTING gstobject.c:294:gst_object_ref_sink: 0x56520e468250 ref_sink 1->2
0:00:00.014108937  4385 0x555717e57320 TRACE   GST_REFCOUNTING gstobject.c:238:gst_object_ref: 0x555717e8bc20 ref 1->2
0:00:00.018732762  4384 0x56520e440320 LOG   GST_REGISTRY gstregistry.c:487:gst_registry_add_plugin: emitting plugin-added for filename "/home/conan/w/prod/BuildSingleReference/.conan/data/gstreamer/1.18.4/_/_/package/7087a3df2991f0089c7fdba3f9b2a18fafecf068/lib/gstreamer-1.0/libgstcoreelements.so"
0:00:00.014116356  4385 0x555717e57320 TRACE   GST_REFCOUNTING gstobject.c:238:gst_object_ref: 0x555717e89640 ref 1->2
0:00:00.018740339  4384 0x56520e440320 DEBUG   GST_REGISTRY gstregistrychunks.c:887:_priv_gst_registry_chunks_load_plugin: Added plugin 'coreelements' plugin with 22 features from binary registry
0:00:00.014123801  4385 0x555717e57320 TRACE   GST_REFCOUNTING gstobject.c:238:gst_object_ref: 0x555717e87990 ref 1->2
0:00:00.018747866  4384 0x56520e440320 DEBUG   GST_REGISTRY gstregistrychunks.c:583:gst_registry_chunks_load_feature: Plugin 'coreelements' feature 'streamiddemux' typename : 'GstElementFactory'
0:00:00.014131373  4385 0x555717e57320 TRACE   GST_REFCOUNTING gstobject.c:238:gst_object_ref: 0x555717e867c0 ref 1->2
0:00:00.014142533  4385 0x555717e57320 TRACE   GST_REFCOUNTING gstobject.c:238:gst_object_ref: 0x555717e84920 ref 1->2
0:00:00.018762850  4384 0x56520e440320 TRACE   GST_REFCOUNTING gstobject.c:208:gst_object_init: 0x56520e4658c0 new
0:00:00.014149593  4385 0x555717e57320 TRACE   GST_REFCOUNTING gstobject.c:238:gst_object_ref: 0x555717e83a40 ref 1->2
0:00:00.018772385  4384 0x56520e440320 LOG   GST_REGISTRY gstregistrychunks.c:610:gst_registry_chunks_load_feature: Reading/casting for GstRegistryChunkElementFactory at address 0x56520e4666c8
0:00:00.014157108  4385 0x555717e57320 TRACE   GST_REFCOUNTING gstobject.c:238:gst_object_ref: 0x555717e82d40 ref 1->2
0:00:00.018780673  4384 0x56520e440320 TRACE   structure gststructure.c:287:gst_structure_new_id_empty_with_size: created structure 0x56520e468380
0:00:00.014164515  4385 0x555717e57320 TRACE   GST_REFCOUNTING gstobject.c:238:gst_object_ref: 0x555717e80e10 ref 1->2
0:00:00.018789124  4384 0x56520e440320 DEBUG   structure gststructure.c:2203:gst_structure_parse_field: trying field name 'long-name'
0:00:00.014172648  4385 0x555717e57320 DEBUG   GST_REGISTRY gstregistrychunks.c:265:gst_registry_chunks_save_feature: saved 0 interfaces 0 pad templates
0:00:00.018801518  4384 0x56520e440320 DEBUG   default gstvalue.c:2676:_priv_gst_value_parse_value: trying type name 'string'
0:00:00.014185803  4385 0x555717e57320 DEBUG   GST_REGISTRY gstregistrychunks.c:265:gst_registry_chunks_save_feature: saved 0 interfaces 0 pad templates
0:00:00.018812758  4384 0x56520e440320 DEBUG   structure gststructure.c:2203:gst_structure_parse_field: trying field name 'klass'
0:00:00.014196688  4385 0x555717e57320 DEBUG   GST_REGISTRY gstregistrychunks.c:265:gst_registry_chunks_save_feature: saved 0 interfaces 0 pad templates
0:00:00.018819982  4384 0x56520e440320 DEBUG   default gstvalue.c:2676:_priv_gst_value_parse_value: trying type name 'string'
0:00:00.014207296  4385 0x555717e57320 DEBUG   GST_REGISTRY gstregistrychunks.c:265:gst_registry_chunks_save_feature: saved 1 interfaces 0 pad templates
0:00:00.018827480  4384 0x56520e440320 DEBUG   structure gststructure.c:2203:gst_structure_parse_field: trying field name 'description'
0:00:00.014214508  4385 0x555717e57320 DEBUG   GST_REGISTRY gstregistrychunks.c:284:gst_registry_chunks_save_feature: Saved 1 UriTypes
0:00:00.018835726  4384 0x56520e440320 DEBUG   default gstvalue.c:2676:_priv_gst_value_parse_value: trying type name 'string'
0:00:00.018844573  4384 0x56520e440320 DEBUG   structure gststructure.c:2203:gst_structure_parse_field: trying field name 'author'
0:00:00.014225959  4385 0x555717e57320 DEBUG   GST_REGISTRY gstregistrychunks.c:265:gst_registry_chunks_save_feature: saved 0 interfaces 0 pad templates
0:00:00.018850458  4384 0x56520e440320 DEBUG   default gstvalue.c:2676:_priv_gst_value_parse_value: trying type name 'string'
0:00:00.018863166  4384 0x56520e440320 DEBUG   GST_REGISTRY gstregistrychunks.c:626:gst_registry_chunks_load_feature: Element factory : npadtemplates=2
0:00:00.014243550  4385 0x555717e57320 DEBUG   GST_REGISTRY gstregistrychunks.c:265:gst_registry_chunks_save_feature: saved 0 interfaces 0 pad templates
0:00:00.018869312  4384 0x56520e440320 DEBUG   GST_REGISTRY gstregistrychunks.c:526:gst_registry_chunks_load_pad_template: Reading/casting for GstRegistryChunkPadTemplate at address 0x56520e4667a0
0:00:00.014256365  4385 0x555717e57320 DEBUG   GST_REGISTRY gstregistrychunks.c:265:gst_registry_chunks_save_feature: saved 0 interfaces 0 pad templates
0:00:00.018878383  4384 0x56520e440320 DEBUG   GST_REGISTRY gstregistrychunks.c:539:gst_registry_chunks_load_pad_template: Added pad_template src_%u
0:00:00.018884711  4384 0x56520e440320 DEBUG   GST_REGISTRY gstregistrychunks.c:526:gst_registry_chunks_load_pad_template: Reading/casting for GstRegistryChunkPadTemplate at address 0x56520e4667b8
0:00:00.014267875  4385 0x555717e57320 DEBUG   GST_REGISTRY gstregistrychunks.c:265:gst_registry_chunks_save_feature: saved 1 interfaces 0 pad templates
0:00:00.018890864  4384 0x56520e440320 DEBUG   GST_REGISTRY gstregistrychunks.c:539:gst_registry_chunks_load_pad_template: Added pad_template sink
0:00:00.014274918  4385 0x555717e57320 DEBUG   GST_REGISTRY gstregistrychunks.c:284:gst_registry_chunks_save_feature: Saved 1 UriTypes
0:00:00.018899369  4384 0x56520e440320 DEBUG   GST_REGISTRY gstregistry.c:590:gst_registry_add_feature: adding feature 0x56520e4658c0 (streamiddemux)
0:00:00.014284874  4385 0x555717e57320 DEBUG   GST_REGISTRY gstregistrychunks.c:265:gst_registry_chunks_save_feature: saved 1 interfaces 0 pad templates
0:00:00.018908128  4384 0x56520e440320 DEBUG   GST_REFCOUNTING gstobject.c:709:gst_object_set_parent: set parent (ref and sink)
0:00:00.014291552  4385 0x555717e57320 DEBUG   GST_REGISTRY gstregistrychunks.c:284:gst_registry_chunks_save_feature: Saved 1 UriTypes
0:00:00.018916280  4384 0x56520e440320 TRACE   GST_REFCOUNTING gstobject.c:294:gst_object_ref_sink: 0x56520e4658c0 ref_sink 1->2
0:00:00.014301302  4385 0x555717e57320 DEBUG   GST_REGISTRY gstregistrychunks.c:265:gst_registry_chunks_save_feature: saved 1 interfaces 0 pad templates
0:00:00.018923582  4384 0x56520e440320 LOG   GST_REGISTRY gstregistry.c:608:gst_registry_add_feature: emitting feature-added for streamiddemux
0:00:00.014307954  4385 0x555717e57320 DEBUG   GST_REGISTRY gstregistrychunks.c:284:gst_registry_chunks_save_feature: Saved 1 UriTypes
0:00:00.018931288  4384 0x56520e440320 DEBUG   GST_REGISTRY gstregistrychunks.c:741:gst_registry_chunks_load_feature: Added feature streamiddemux, plugin 0x56520e468250 coreelements
0:00:00.014317715  4385 0x555717e57320 DEBUG   GST_REGISTRY gstregistrychunks.c:265:gst_registry_chunks_save_feature: saved 0 interfaces 0 pad templates
0:00:00.018938393  4384 0x56520e440320 DEBUG   GST_REGISTRY gstregistrychunks.c:583:gst_registry_chunks_load_feature: Plugin 'coreelements' feature 'valve' typename : 'GstElementFactory'
0:00:00.014328397  4385 0x555717e57320 DEBUG   GST_REGISTRY gstregistrychunks.c:265:gst_registry_chunks_save_feature: saved 0 interfaces 0 pad templates
0:00:00.018953012  4384 0x56520e440320 TRACE   GST_REFCOUNTING gstobject.c:208:gst_object_init: 0x56520e4701f0 new
0:00:00.014338570  4385 0x555717e57320 DEBUG   GST_REGISTRY gstregistrychunks.c:265:gst_registry_chunks_save_feature: saved 0 interfaces 0 pad templates
0:00:00.018961551  4384 0x56520e440320 LOG   GST_REGISTRY gstregistrychunks.c:610:gst_registry_chunks_load_feature: Reading/casting for GstRegistryChunkElementFactory at address 0x56520e4667e8
0:00:00.018968809  4384 0x56520e440320 TRACE   structure gststructure.c:287:gst_structure_new_id_empty_with_size: created structure 0x56520e468660
0:00:00.014350146  4385 0x555717e57320 DEBUG   GST_REGISTRY gstregistrychunks.c:265:gst_registry_chunks_save_feature: saved 0 interfaces 0 pad templates
0:00:00.018974981  4384 0x56520e440320 DEBUG   structure gststructure.c:2203:gst_structure_parse_field: trying field name 'long-name'
