0:00:00.014361267  4385 0x555717e57320 DEBUG   GST_REGISTRY gstregistrychunks.c:265:gst_registry_chunks_save_feature: saved 0 interfaces 0 pad templates
0:00:00.018981564  4384 0x56520e440320 DEBUG   default gstvalue.c:2676:_priv_gst_value_parse_value: trying type name 'string'
0:00:00.014371127  4385 0x555717e57320 DEBUG   GST_REGISTRY gstregistrychunks.c:265:gst_registry_chunks_save_feature: saved 0 interfaces 0 pad templates
0:00:00.018990852  4384 0x56520e440320 DEBUG   structure gststructure.c:2203:gst_structure_parse_field: trying field name 'klass'
0:00:00.018999697  4384 0x56520e440320 DEBUG   default gstvalue.c:2676:_priv_gst_value_parse_value: trying type name 'string'
0:00:00.014381364  4385 0x555717e57320 DEBUG   GST_REGISTRY gstregistrychunks.c:265:gst_registry_chunks_save_feature: saved 1 interfaces 0 pad templates
0:00:00.019006214  4384 0x56520e440320 DEBUG   structure gststructure.c:2203:gst_structure_parse_field: trying field name 'description'
0:00:00.014388548  4385 0x555717e57320 DEBUG   GST_REGISTRY gstregistrychunks.c:284:gst_registry_chunks_save_feature: Saved 1 UriTypes
0:00:00.019012824  4384 0x56520e440320 DEBUG   default gstvalue.c:2676:_priv_gst_value_parse_value: trying type name 'string'
0:00:00.014399177  4385 0x555717e57320 DEBUG   GST_REGISTRY gstregistrychunks.c:265:gst_registry_chunks_save_feature: saved 0 interfaces 0 pad templates
0:00:00.019020634  4384 0x56520e440320 DEBUG   structure gststructure.c:2203:gst_structure_parse_field: trying field name 'author'
0:00:00.019028018  4384 0x56520e440320 DEBUG   default gstvalue.c:2676:_priv_gst_value_parse_value: trying type name 'string'
0:00:00.014409542  4385 0x555717e57320 DEBUG   GST_REGISTRY gstregistrychunks.c:265:gst_registry_chunks_save_feature: saved 0 interfaces 0 pad templates
0:00:00.019036905  4384 0x56520e440320 DEBUG   GST_REGISTRY gstregistrychunks.c:626:gst_registry_chunks_load_feature: Element factory : npadtemplates=2
0:00:00.014420464  4385 0x555717e57320 DEBUG   GST_REGISTRY gstregistrychunks.c:265:gst_registry_chunks_save_feature: saved 0 interfaces 0 pad templates
0:00:00.019043399  4384 0x56520e440320 DEBUG   GST_REGISTRY gstregistrychunks.c:526:gst_registry_chunks_load_pad_template: Reading/casting for GstRegistryChunkPadTemplate at address 0x56520e4668d8
0:00:00.019053481  4384 0x56520e440320 DEBUG   GST_REGISTRY gstregistrychunks.c:539:gst_registry_chunks_load_pad_template: Added pad_template sink
0:00:00.014434779  4385 0x555717e57320 DEBUG   GST_REGISTRY gstregistrychunks.c:265:gst_registry_chunks_save_feature: saved 0 interfaces 0 pad templates
0:00:00.019059372  4384 0x56520e440320 DEBUG   GST_REGISTRY gstregistrychunks.c:526:gst_registry_chunks_load_pad_template: Reading/casting for GstRegistryChunkPadTemplate at address 0x56520e4668f0
0:00:00.019066133  4384 0x56520e440320 DEBUG   GST_REGISTRY gstregistrychunks.c:539:gst_registry_chunks_load_pad_template: Added pad_template src
0:00:00.014446816  4385 0x555717e57320 DEBUG   GST_REGISTRY gstregistrychunks.c:265:gst_registry_chunks_save_feature: saved 0 interfaces 0 pad templates
0:00:00.019073935  4384 0x56520e440320 DEBUG   GST_REGISTRY gstregistry.c:590:gst_registry_add_feature: adding feature 0x56520e4701f0 (valve)
0:00:00.019080562  4384 0x56520e440320 DEBUG   GST_REFCOUNTING gstobject.c:709:gst_object_set_parent: set parent (ref and sink)
0:00:00.019102144  4384 0x56520e440320 TRACE   GST_REFCOUNTING gstobject.c:294:gst_object_ref_sink: 0x56520e4701f0 ref_sink 1->2
0:00:00.014460739  4385 0x555717e57320 TRACE   GST_REFCOUNTING gstobject.c:265:gst_object_unref: 0x555717e80e10 unref 2->1
0:00:00.019109429  4384 0x56520e440320 LOG   GST_REGISTRY gstregistry.c:608:gst_registry_add_feature: emitting feature-added for valve
0:00:00.014497553  4385 0x555717e57320 TRACE   GST_REFCOUNTING gstobject.c:265:gst_object_unref: 0x555717e82d40 unref 2->1
0:00:00.019118518  4384 0x56520e440320 DEBUG   GST_REGISTRY gstregistrychunks.c:741:gst_registry_chunks_load_feature: Added feature valve, plugin 0x56520e468250 coreelements
0:00:00.014505526  4385 0x555717e57320 TRACE   GST_REFCOUNTING gstobject.c:265:gst_object_unref: 0x555717e83a40 unref 2->1
0:00:00.019127372  4384 0x56520e440320 DEBUG   GST_REGISTRY gstregistrychunks.c:583:gst_registry_chunks_load_feature: Plugin 'coreelements' feature 'multiqueue' typename : 'GstElementFactory'
0:00:00.014513385  4385 0x555717e57320 TRACE   GST_REFCOUNTING gstobject.c:265:gst_object_unref: 0x555717e84920 unref 2->1
0:00:00.014520818  4385 0x555717e57320 TRACE   GST_REFCOUNTING gstobject.c:265:gst_object_unref: 0x555717e867c0 unref 2->1
0:00:00.019136280  4384 0x56520e440320 TRACE   GST_REFCOUNTING gstobject.c:208:gst_object_init: 0x56520e4688b0 new
0:00:00.014527842  4385 0x555717e57320 TRACE   GST_REFCOUNTING gstobject.c:265:gst_object_unref: 0x555717e87990 unref 2->1
0:00:00.019155302  4384 0x56520e440320 LOG   GST_REGISTRY gstregistrychunks.c:610:gst_registry_chunks_load_feature: Reading/casting for GstRegistryChunkElementFactory at address 0x56520e466920
0:00:00.014537119  4385 0x555717e57320 TRACE   GST_REFCOUNTING gstobject.c:265:gst_object_unref: 0x555717e89640 unref 2->1
0:00:00.019162786  4384 0x56520e440320 TRACE   structure gststructure.c:287:gst_structure_new_id_empty_with_size: created structure 0x56520e468a30
0:00:00.014549933  4385 0x555717e57320 TRACE   GST_REFCOUNTING gstobject.c:265:gst_object_unref: 0x555717e8bc20 unref 2->1
0:00:00.019171284  4384 0x56520e440320 DEBUG   structure gststructure.c:2203:gst_structure_parse_field: trying field name 'long-name'
0:00:00.014557376  4385 0x555717e57320 TRACE   GST_REFCOUNTING gstobject.c:265:gst_object_unref: 0x555717e8e0d0 unref 2->1
0:00:00.019178751  4384 0x56520e440320 DEBUG   default gstvalue.c:2676:_priv_gst_value_parse_value: trying type name 'string'
0:00:00.014564974  4385 0x555717e57320 TRACE   GST_REFCOUNTING gstobject.c:265:gst_object_unref: 0x555717e8ef50 unref 2->1
0:00:00.019187109  4384 0x56520e440320 DEBUG   structure gststructure.c:2203:gst_structure_parse_field: trying field name 'klass'
0:00:00.019193808  4384 0x56520e440320 DEBUG   default gstvalue.c:2676:_priv_gst_value_parse_value: trying type name 'string'
0:00:00.014572469  4385 0x555717e57320 TRACE   GST_REFCOUNTING gstobject.c:265:gst_object_unref: 0x555717e8fd30 unref 2->1
0:00:00.019214697  4384 0x56520e440320 DEBUG   structure gststructure.c:2203:gst_structure_parse_field: trying field name 'description'
0:00:00.014598593  4385 0x555717e57320 TRACE   GST_REFCOUNTING gstobject.c:265:gst_object_unref: 0x555717e909a0 unref 2->1
0:00:00.019221708  4384 0x56520e440320 DEBUG   default gstvalue.c:2676:_priv_gst_value_parse_value: trying type name 'string'
0:00:00.014606145  4385 0x555717e57320 TRACE   GST_REFCOUNTING gstobject.c:265:gst_object_unref: 0x555717e91f90 unref 2->1
0:00:00.019229025  4384 0x56520e440320 DEBUG   structure gststructure.c:2203:gst_structure_parse_field: trying field name 'author'
0:00:00.014613564  4385 0x555717e57320 TRACE   GST_REFCOUNTING gstobject.c:265:gst_object_unref: 0x555717e93220 unref 2->1
0:00:00.019235377  4384 0x56520e440320 DEBUG   default gstvalue.c:2676:_priv_gst_value_parse_value: trying type name 'string'
0:00:00.014621132  4385 0x555717e57320 TRACE   GST_REFCOUNTING gstobject.c:265:gst_object_unref: 0x555717e94340 unref 2->1
0:00:00.019243629  4384 0x56520e440320 DEBUG   GST_REGISTRY gstregistrychunks.c:626:gst_registry_chunks_load_feature: Element factory : npadtemplates=2
0:00:00.014628529  4385 0x555717e57320 TRACE   GST_REFCOUNTING gstobject.c:265:gst_object_unref: 0x555717e966f0 unref 2->1
0:00:00.019249996  4384 0x56520e440320 DEBUG   GST_REGISTRY gstregistrychunks.c:526:gst_registry_chunks_load_pad_template: Reading/casting for GstRegistryChunkPadTemplate at address 0x56520e4669e0
0:00:00.014636000  4385 0x555717e57320 TRACE   GST_REFCOUNTING gstobject.c:265:gst_object_unref: 0x555717e97ea0 unref 2->1
0:00:00.019257591  4384 0x56520e440320 DEBUG   GST_REGISTRY gstregistrychunks.c:539:gst_registry_chunks_load_pad_template: Added pad_template src_%u
0:00:00.014643467  4385 0x555717e57320 TRACE   GST_REFCOUNTING gstobject.c:265:gst_object_unref: 0x555717e99320 unref 2->1
0:00:00.019272081  4384 0x56520e440320 DEBUG   GST_REGISTRY gstregistrychunks.c:526:gst_registry_chunks_load_pad_template: Reading/casting for GstRegistryChunkPadTemplate at address 0x56520e4669f8
0:00:00.014655626  4385 0x555717e57320 TRACE   GST_REFCOUNTING gstobject.c:265:gst_object_unref: 0x555717e9a700 unref 2->1
0:00:00.019279189  4384 0x56520e440320 DEBUG   GST_REGISTRY gstregistrychunks.c:539:gst_registry_chunks_load_pad_template: Added pad_template sink_%u
0:00:00.014663139  4385 0x555717e57320 TRACE   GST_REFCOUNTING gstobject.c:265:gst_object_unref: 0x555717e9b6f0 unref 2->1
0:00:00.019287653  4384 0x56520e440320 DEBUG   GST_REGISTRY gstregistry.c:590:gst_registry_add_feature: adding feature 0x56520e4688b0 (multiqueue)
0:00:00.014670472  4385 0x555717e57320 TRACE   GST_REFCOUNTING gstobject.c:265:gst_object_unref: 0x555717e9d1d0 unref 2->1
0:00:00.019294569  4384 0x56520e440320 DEBUG   GST_REFCOUNTING gstobject.c:709:gst_object_set_parent: set parent (ref and sink)
0:00:00.014677856  4385 0x555717e57320 TRACE   GST_REFCOUNTING gstobject.c:265:gst_object_unref: 0x555717e9dec0 unref 2->1
0:00:00.019303265  4384 0x56520e440320 TRACE   GST_REFCOUNTING gstobject.c:294:gst_object_ref_sink: 0x56520e4688b0 ref_sink 1->2
0:00:00.014687915  4385 0x555717e57320 DEBUG   GST_REGISTRY gstregistrychunks.c:498:_priv_gst_registry_chunks_save_plugin: Found 22 features in plugin 0x555717e7f450 (coreelements)
0:00:00.019310417  4384 0x56520e440320 LOG   GST_REGISTRY gstregistry.c:608:gst_registry_add_feature: emitting feature-added for multiqueue
0:00:00.014695827  4385 0x555717e57320 DEBUG   GST_POLL gstpoll.c:980:gst_poll_fd_ctl_write: 0x555717e7b930: fd (fd:0, idx:1), active : 1
0:00:00.019318190  4384 0x56520e440320 DEBUG   GST_REGISTRY gstregistrychunks.c:741:gst_registry_chunks_load_feature: Added feature multiqueue, plugin 0x56520e468250 coreelements
0:00:00.014703199  4385 0x555717e57320 LOG   GST_POLL gstpoll.c:994:gst_poll_fd_ctl_write: 0x555717e7b930: pfd->events now 60 (POLLOUT:4)
0:00:00.019325343  4384 0x56520e440320 DEBUG   GST_REGISTRY gstregistrychunks.c:583:gst_registry_chunks_load_feature: Plugin 'coreelements' feature 'typefind' typename : 'GstElementFactory'
0:00:00.014710563  4385 0x555717e57320 DEBUG   GST_POLL gstpoll.c:980:gst_poll_fd_ctl_write: 0x555717e7b930: fd (fd:0, idx:1), active : 1
0:00:00.019333858  4384 0x56520e440320 TRACE   GST_REFCOUNTING gstobject.c:208:gst_object_init: 0x56520e468cb0 new
0:00:00.014717359  4385 0x555717e57320 LOG   GST_POLL gstpoll.c:994:gst_poll_fd_ctl_write: 0x555717e7b930: pfd->events now 60 (POLLOUT:4)
0:00:00.019342357  4384 0x56520e440320 LOG   GST_REGISTRY gstregistrychunks.c:610:gst_registry_chunks_load_feature: Reading/casting for GstRegistryChunkElementFactory at address 0x56520e466a28
0:00:00.014724644  4385 0x555717e57320 DEBUG   GST_POLL gstpoll.c:980:gst_poll_fd_ctl_write: 0x555717e7b930: fd (fd:0, idx:1), active : 1
0:00:00.014732185  4385 0x555717e57320 LOG   GST_POLL gstpoll.c:994:gst_poll_fd_ctl_write: 0x555717e7b930: pfd->events now 60 (POLLOUT:4)
0:00:00.019352683  4384 0x56520e440320 TRACE   structure gststructure.c:287:gst_structure_new_id_empty_with_size: created structure 0x56520e468ee0
0:00:00.014743075  4385 0x555717e57320 DEBUG   GST_POLL gstpoll.c:980:gst_poll_fd_ctl_write: 0x555717e7b930: fd (fd:0, idx:1), active : 1
0:00:00.019364651  4384 0x56520e440320 DEBUG   structure gststructure.c:2203:gst_structure_parse_field: trying field name 'long-name'
0:00:00.014750206  4385 0x555717e57320 LOG   GST_POLL gstpoll.c:994:gst_poll_fd_ctl_write: 0x555717e7b930: pfd->events now 60 (POLLOUT:4)
0:00:00.019371726  4384 0x56520e440320 DEBUG   default gstvalue.c:2676:_priv_gst_value_parse_value: trying type name 'string'
0:00:00.014757401  4385 0x555717e57320 DEBUG   GST_POLL gstpoll.c:980:gst_poll_fd_ctl_write: 0x555717e7b930: fd (fd:0, idx:1), active : 1
0:00:00.019379271  4384 0x56520e440320 DEBUG   structure gststructure.c:2203:gst_structure_parse_field: trying field name 'klass'
0:00:00.014764106  4385 0x555717e57320 LOG   GST_POLL gstpoll.c:994:gst_poll_fd_ctl_write: 0x555717e7b930: pfd->events now 60 (POLLOUT:4)
0:00:00.019385930  4384 0x56520e440320 DEBUG   default gstvalue.c:2676:_priv_gst_value_parse_value: trying type name 'string'
0:00:00.014771210  4385 0x555717e57320 DEBUG   GST_POLL gstpoll.c:980:gst_poll_fd_ctl_write: 0x555717e7b930: fd (fd:0, idx:1), active : 1
0:00:00.019393116  4384 0x56520e440320 DEBUG   structure gststructure.c:2203:gst_structure_parse_field: trying field name 'description'
0:00:00.014777913  4385 0x555717e57320 LOG   GST_POLL gstpoll.c:994:gst_poll_fd_ctl_write: 0x555717e7b930: pfd->events now 60 (POLLOUT:4)
0:00:00.019399477  4384 0x56520e440320 DEBUG   default gstvalue.c:2676:_priv_gst_value_parse_value: trying type name 'string'
0:00:00.014784939  4385 0x555717e57320 DEBUG   GST_POLL gstpoll.c:980:gst_poll_fd_ctl_write: 0x555717e7b930: fd (fd:0, idx:1), active : 1
0:00:00.019407205  4384 0x56520e440320 DEBUG   structure gststructure.c:2203:gst_structure_parse_field: trying field name 'author'
0:00:00.014791685  4385 0x555717e57320 LOG   GST_POLL gstpoll.c:994:gst_poll_fd_ctl_write: 0x555717e7b930: pfd->events now 60 (POLLOUT:4)
0:00:00.019413532  4384 0x56520e440320 DEBUG   default gstvalue.c:2676:_priv_gst_value_parse_value: trying type name 'string'
0:00:00.014798745  4385 0x555717e57320 DEBUG   GST_POLL gstpoll.c:980:gst_poll_fd_ctl_write: 0x555717e7b930: fd (fd:0, idx:1), active : 1
0:00:00.019421170  4384 0x56520e440320 DEBUG   GST_REGISTRY gstregistrychunks.c:626:gst_registry_chunks_load_feature: Element factory : npadtemplates=2
0:00:00.014805514  4385 0x555717e57320 LOG   GST_POLL gstpoll.c:994:gst_poll_fd_ctl_write: 0x555717e7b930: pfd->events now 60 (POLLOUT:4)
0:00:00.019427594  4384 0x56520e440320 DEBUG   GST_REGISTRY gstregistrychunks.c:526:gst_registry_chunks_load_pad_template: Reading/casting for GstRegistryChunkPadTemplate at address 0x56520e466b00
0:00:00.014812603  4385 0x555717e57320 DEBUG   GST_POLL gstpoll.c:980:gst_poll_fd_ctl_write: 0x555717e7b930: fd (fd:0, idx:1), active : 1
0:00:00.019434199  4384 0x56520e440320 DEBUG   GST_REGISTRY gstregistrychunks.c:539:gst_registry_chunks_load_pad_template: Added pad_template sink
0:00:00.014823430  4385 0x555717e57320 LOG   GST_POLL gstpoll.c:994:gst_poll_fd_ctl_write: 0x555717e7b930: pfd->events now 60 (POLLOUT:4)
0:00:00.019445089  4384 0x56520e440320 DEBUG   GST_REGISTRY gstregistrychunks.c:526:gst_registry_chunks_load_pad_template: Reading/casting for GstRegistryChunkPadTemplate at address 0x56520e466b18
0:00:00.014830656  4385 0x555717e57320 DEBUG   GST_POLL gstpoll.c:980:gst_poll_fd_ctl_write: 0x555717e7b930: fd (fd:0, idx:1), active : 1
0:00:00.019452139  4384 0x56520e440320 DEBUG   GST_REGISTRY gstregistrychunks.c:539:gst_registry_chunks_load_pad_template: Added pad_template src
0:00:00.014837294  4385 0x555717e57320 LOG   GST_POLL gstpoll.c:994:gst_poll_fd_ctl_write: 0x555717e7b930: pfd->events now 60 (POLLOUT:4)
0:00:00.019460600  4384 0x56520e440320 DEBUG   GST_REGISTRY gstregistry.c:590:gst_registry_add_feature: adding feature 0x56520e468cb0 (typefind)
0:00:00.014844400  4385 0x555717e57320 DEBUG   GST_POLL gstpoll.c:980:gst_poll_fd_ctl_write: 0x555717e7b930: fd (fd:0, idx:1), active : 1
0:00:00.019467079  4384 0x56520e440320 DEBUG   GST_REFCOUNTING gstobject.c:709:gst_object_set_parent: set parent (ref and sink)
0:00:00.014851096  4385 0x555717e57320 LOG   GST_POLL gstpoll.c:994:gst_poll_fd_ctl_write: 0x555717e7b930: pfd->events now 60 (POLLOUT:4)
0:00:00.019475360  4384 0x56520e440320 TRACE   GST_REFCOUNTING gstobject.c:294:gst_object_ref_sink: 0x56520e468cb0 ref_sink 1->2
0:00:00.014858210  4385 0x555717e57320 DEBUG   GST_POLL gstpoll.c:980:gst_poll_fd_ctl_write: 0x555717e7b930: fd (fd:0, idx:1), active : 1
0:00:00.019482817  4384 0x56520e440320 LOG   GST_REGISTRY gstregistry.c:608:gst_registry_add_feature: emitting feature-added for typefind
0:00:00.014865474  4385 0x555717e57320 LOG   GST_POLL gstpoll.c:994:gst_poll_fd_ctl_write: 0x555717e7b930: pfd->events now 60 (POLLOUT:4)
0:00:00.019490320  4384 0x56520e440320 DEBUG   GST_REGISTRY gstregistrychunks.c:741:gst_registry_chunks_load_feature: Added feature typefind, plugin 0x56520e468250 coreelements
0:00:00.014872658  4385 0x555717e57320 DEBUG   GST_POLL gstpoll.c:980:gst_poll_fd_ctl_write: 0x555717e7b930: fd (fd:0, idx:1), active : 1
0:00:00.019497717  4384 0x56520e440320 DEBUG   GST_REGISTRY gstregistrychunks.c:583:gst_registry_chunks_load_feature: Plugin 'coreelements' feature 'tee' typename : 'GstElementFactory'
0:00:00.014879746  4385 0x555717e57320 LOG   GST_POLL gstpoll.c:994:gst_poll_fd_ctl_write: 0x555717e7b930: pfd->events now 60 (POLLOUT:4)
0:00:00.019505772  4384 0x56520e440320 TRACE   GST_REFCOUNTING gstobject.c:208:gst_object_init: 0x56520e469180 new
0:00:00.014887520  4385 0x555717e57320 DEBUG   GST_POLL gstpoll.c:980:gst_poll_fd_ctl_write: 0x555717e7b930: fd (fd:0, idx:1), active : 1
0:00:00.019514227  4384 0x56520e440320 LOG   GST_REGISTRY gstregistrychunks.c:610:gst_registry_chunks_load_feature: Reading/casting for GstRegistryChunkElementFactory at address 0x56520e466b40
0:00:00.014895944  4385 0x555717e57320 LOG   GST_POLL gstpoll.c:994:gst_poll_fd_ctl_write: 0x555717e7b930: pfd->events now 60 (POLLOUT:4)
0:00:00.019525992  4384 0x56520e440320 TRACE   structure gststructure.c:287:gst_structure_new_id_empty_with_size: created structure 0x56520e4693c0
0:00:00.014909004  4385 0x555717e57320 DEBUG   GST_POLL gstpoll.c:980:gst_poll_fd_ctl_write: 0x555717e7b930: fd (fd:0, idx:1), active : 1
0:00:00.019532670  4384 0x56520e440320 DEBUG   structure gststructure.c:2203:gst_structure_parse_field: trying field name 'long-name'
0:00:00.014915765  4385 0x555717e57320 LOG   GST_POLL gstpoll.c:994:gst_poll_fd_ctl_write: 0x555717e7b930: pfd->events now 60 (POLLOUT:4)
0:00:00.019539185  4384 0x56520e440320 DEBUG   default gstvalue.c:2676:_priv_gst_value_parse_value: trying type name 'string'
0:00:00.014922945  4385 0x555717e57320 DEBUG   GST_POLL gstpoll.c:980:gst_poll_fd_ctl_write: 0x555717e7b930: fd (fd:0, idx:1), active : 1
0:00:00.019546442  4384 0x56520e440320 DEBUG   structure gststructure.c:2203:gst_structure_parse_field: trying field name 'klass'
0:00:00.014929665  4385 0x555717e57320 LOG   GST_POLL gstpoll.c:994:gst_poll_fd_ctl_write: 0x555717e7b930: pfd->events now 60 (POLLOUT:4)
0:00:00.019552744  4384 0x56520e440320 DEBUG   default gstvalue.c:2676:_priv_gst_value_parse_value: trying type name 'string'
0:00:00.014937116  4385 0x555717e57320 DEBUG   GST_POLL gstpoll.c:980:gst_poll_fd_ctl_write: 0x555717e7b930: fd (fd:0, idx:1), active : 1
0:00:00.019559652  4384 0x56520e440320 DEBUG   structure gststructure.c:2203:gst_structure_parse_field: trying field name 'description'
0:00:00.014944118  4385 0x555717e57320 LOG   GST_POLL gstpoll.c:994:gst_poll_fd_ctl_write: 0x555717e7b930: pfd->events now 60 (POLLOUT:4)
0:00:00.019566210  4384 0x56520e440320 DEBUG   default gstvalue.c:2676:_priv_gst_value_parse_value: trying type name 'string'
0:00:00.014951396  4385 0x555717e57320 DEBUG   GST_POLL gstpoll.c:980:gst_poll_fd_ctl_write: 0x555717e7b930: fd (fd:0, idx:1), active : 1
0:00:00.019573389  4384 0x56520e440320 DEBUG   structure gststructure.c:2203:gst_structure_parse_field: trying field name 'author'
0:00:00.014958343  4385 0x555717e57320 LOG   GST_POLL gstpoll.c:994:gst_poll_fd_ctl_write: 0x555717e7b930: pfd->events now 60 (POLLOUT:4)
0:00:00.019579777  4384 0x56520e440320 DEBUG   default gstvalue.c:2676:_priv_gst_value_parse_value: trying type name 'string'
0:00:00.014965668  4385 0x555717e57320 DEBUG   GST_POLL gstpoll.c:980:gst_poll_fd_ctl_write: 0x555717e7b930: fd (fd:0, idx:1), active : 1
0:00:00.019588768  4384 0x56520e440320 DEBUG   GST_REGISTRY gstregistrychunks.c:626:gst_registry_chunks_load_feature: Element factory : npadtemplates=2
0:00:00.014974549  4385 0x555717e57320 LOG   GST_POLL gstpoll.c:994:gst_poll_fd_ctl_write: 0x555717e7b930: pfd->events now 60 (POLLOUT:4)
0:00:00.019595830  4384 0x56520e440320 DEBUG   GST_REGISTRY gstregistrychunks.c:526:gst_registry_chunks_load_pad_template: Reading/casting for GstRegistryChunkPadTemplate at address 0x56520e466c30
0:00:00.014981931  4385 0x555717e57320 DEBUG   GST_POLL gstpoll.c:980:gst_poll_fd_ctl_write: 0x555717e7b930: fd (fd:0, idx:1), active : 1
0:00:00.019603351  4384 0x56520e440320 DEBUG   GST_REGISTRY gstregistrychunks.c:539:gst_registry_chunks_load_pad_template: Added pad_template src_%u
0:00:00.014992964  4385 0x555717e57320 LOG   GST_POLL gstpoll.c:994:gst_poll_fd_ctl_write: 0x555717e7b930: pfd->events now 60 (POLLOUT:4)
0:00:00.019614416  4384 0x56520e440320 DEBUG   GST_REGISTRY gstregistrychunks.c:526:gst_registry_chunks_load_pad_template: Reading/casting for GstRegistryChunkPadTemplate at address 0x56520e466c48
0:00:00.015000236  4385 0x555717e57320 DEBUG   GST_POLL gstpoll.c:980:gst_poll_fd_ctl_write: 0x555717e7b930: fd (fd:0, idx:1), active : 1
0:00:00.019621500  4384 0x56520e440320 DEBUG   GST_REGISTRY gstregistrychunks.c:539:gst_registry_chunks_load_pad_template: Added pad_template sink
0:00:00.015007029  4385 0x555717e57320 LOG   GST_POLL gstpoll.c:994:gst_poll_fd_ctl_write: 0x555717e7b930: pfd->events now 60 (POLLOUT:4)
0:00:00.019630223  4384 0x56520e440320 DEBUG   GST_REGISTRY gstregistry.c:590:gst_registry_add_feature: adding feature 0x56520e469180 (tee)
0:00:00.015014169  4385 0x555717e57320 DEBUG   GST_POLL gstpoll.c:980:gst_poll_fd_ctl_write: 0x555717e7b930: fd (fd:0, idx:1), active : 1
0:00:00.019637074  4384 0x56520e440320 DEBUG   GST_REFCOUNTING gstobject.c:709:gst_object_set_parent: set parent (ref and sink)
0:00:00.015021050  4385 0x555717e57320 LOG   GST_POLL gstpoll.c:994:gst_poll_fd_ctl_write: 0x555717e7b930: pfd->events now 60 (POLLOUT:4)
0:00:00.019645299  4384 0x56520e440320 TRACE   GST_REFCOUNTING gstobject.c:294:gst_object_ref_sink: 0x56520e469180 ref_sink 1->2
0:00:00.015028242  4385 0x555717e57320 DEBUG   GST_POLL gstpoll.c:980:gst_poll_fd_ctl_write: 0x555717e7b930: fd (fd:0, idx:1), active : 1
0:00:00.019652299  4384 0x56520e440320 LOG   GST_REGISTRY gstregistry.c:608:gst_registry_add_feature: emitting feature-added for tee
0:00:00.015035041  4385 0x555717e57320 LOG   GST_POLL gstpoll.c:994:gst_poll_fd_ctl_write: 0x555717e7b930: pfd->events now 60 (POLLOUT:4)
0:00:00.019659602  4384 0x56520e440320 DEBUG   GST_REGISTRY gstregistrychunks.c:741:gst_registry_chunks_load_feature: Added feature tee, plugin 0x56520e468250 coreelements
0:00:00.015042349  4385 0x555717e57320 DEBUG   GST_POLL gstpoll.c:980:gst_poll_fd_ctl_write: 0x555717e7b930: fd (fd:0, idx:1), active : 1
0:00:00.019666709  4384 0x56520e440320 DEBUG   GST_REGISTRY gstregistrychunks.c:583:gst_registry_chunks_load_feature: Plugin 'coreelements' feature 'filesink' typename : 'GstElementFactory'
0:00:00.015049098  4385 0x555717e57320 LOG   GST_POLL gstpoll.c:994:gst_poll_fd_ctl_write: 0x555717e7b930: pfd->events now 60 (POLLOUT:4)
0:00:00.019674712  4384 0x56520e440320 TRACE   GST_REFCOUNTING gstobject.c:208:gst_object_init: 0x56520e4696f0 new
0:00:00.015056630  4385 0x555717e57320 DEBUG   GST_POLL gstpoll.c:980:gst_poll_fd_ctl_write: 0x555717e7b930: fd (fd:0, idx:1), active : 1
0:00:00.019682969  4384 0x56520e440320 LOG   GST_REGISTRY gstregistrychunks.c:610:gst_registry_chunks_load_feature: Reading/casting for GstRegistryChunkElementFactory at address 0x56520e466c78
0:00:00.015064965  4385 0x555717e57320 LOG   GST_POLL gstpoll.c:994:gst_poll_fd_ctl_write: 0x555717e7b930: pfd->events now 60 (POLLOUT:4)
0:00:00.019694065  4384 0x56520e440320 TRACE   structure gststructure.c:287:gst_structure_new_id_empty_with_size: created structure 0x56520e4699f0
0:00:00.015077190  4385 0x555717e57320 DEBUG   GST_POLL gstpoll.c:980:gst_poll_fd_ctl_write: 0x555717e7b930: fd (fd:0, idx:1), active : 1
0:00:00.019700700  4384 0x56520e440320 DEBUG   structure gststructure.c:2203:gst_structure_parse_field: trying field name 'long-name'
0:00:00.015083915  4385 0x555717e57320 LOG   GST_POLL gstpoll.c:994:gst_poll_fd_ctl_write: 0x555717e7b930: pfd->events now 60 (POLLOUT:4)
0:00:00.019707112  4384 0x56520e440320 DEBUG   default gstvalue.c:2676:_priv_gst_value_parse_value: trying type name 'string'
0:00:00.015091269  4385 0x555717e57320 DEBUG   GST_POLL gstpoll.c:980:gst_poll_fd_ctl_write: 0x555717e7b930: fd (fd:0, idx:1), active : 1
0:00:00.019714198  4384 0x56520e440320 DEBUG   structure gststructure.c:2203:gst_structure_parse_field: trying field name 'klass'
0:00:00.015097999  4385 0x555717e57320 LOG   GST_POLL gstpoll.c:994:gst_poll_fd_ctl_write: 0x555717e7b930: pfd->events now 60 (POLLOUT:4)
0:00:00.019720942  4384 0x56520e440320 DEBUG   default gstvalue.c:2676:_priv_gst_value_parse_value: trying type name 'string'
0:00:00.015105236  4385 0x555717e57320 DEBUG   GST_POLL gstpoll.c:980:gst_poll_fd_ctl_write: 0x555717e7b930: fd (fd:0, idx:1), active : 1
0:00:00.019728112  4384 0x56520e440320 DEBUG   structure gststructure.c:2203:gst_structure_parse_field: trying field name 'description'
0:00:00.015112182  4385 0x555717e57320 LOG   GST_POLL gstpoll.c:994:gst_poll_fd_ctl_write: 0x555717e7b930: pfd->events now 60 (POLLOUT:4)
0:00:00.019734563  4384 0x56520e440320 DEBUG   default gstvalue.c:2676:_priv_gst_value_parse_value: trying type name 'string'
0:00:00.015119462  4385 0x555717e57320 DEBUG   GST_POLL gstpoll.c:980:gst_poll_fd_ctl_write: 0x555717e7b930: fd (fd:0, idx:1), active : 1
0:00:00.019741793  4384 0x56520e440320 DEBUG   structure gststructure.c:2203:gst_structure_parse_field: trying field name 'author'
0:00:00.015126366  4385 0x555717e57320 LOG   GST_POLL gstpoll.c:994:gst_poll_fd_ctl_write: 0x555717e7b930: pfd->events now 60 (POLLOUT:4)
0:00:00.019748429  4384 0x56520e440320 DEBUG   default gstvalue.c:2676:_priv_gst_value_parse_value: trying type name 'string'
0:00:00.015133733  4385 0x555717e57320 DEBUG   GST_POLL gstpoll.c:980:gst_poll_fd_ctl_write: 0x555717e7b930: fd (fd:0, idx:1), active : 1
0:00:00.019756133  4384 0x56520e440320 DEBUG   GST_REGISTRY gstregistrychunks.c:626:gst_registry_chunks_load_feature: Element factory : npadtemplates=1
0:00:00.015140614  4385 0x555717e57320 LOG   GST_POLL gstpoll.c:994:gst_poll_fd_ctl_write: 0x555717e7b930: pfd->events now 60 (POLLOUT:4)
0:00:00.019762479  4384 0x56520e440320 DEBUG   GST_REGISTRY gstregistrychunks.c:526:gst_registry_chunks_load_pad_template: Reading/casting for GstRegistryChunkPadTemplate at address 0x56520e466d58
0:00:00.015148009  4385 0x555717e57320 DEBUG   GST_POLL gstpoll.c:980:gst_poll_fd_ctl_write: 0x555717e7b930: fd (fd:0, idx:1), active : 1
0:00:00.019769379  4384 0x56520e440320 DEBUG   GST_REGISTRY gstregistrychunks.c:539:gst_registry_chunks_load_pad_template: Added pad_template sink
0:00:00.015164682  4385 0x555717e57320 LOG   GST_POLL gstpoll.c:994:gst_poll_fd_ctl_write: 0x555717e7b930: pfd->events now 60 (POLLOUT:4)
0:00:00.019787006  4384 0x56520e440320 DEBUG   GST_REGISTRY gstregistrychunks.c:639:gst_registry_chunks_load_feature: Reading 1 UriTypes at address 0x56520e466d69
0:00:00.015172151  4385 0x555717e57320 DEBUG   GST_POLL gstpoll.c:980:gst_poll_fd_ctl_write: 0x555717e7b930: fd (fd:0, idx:1), active : 1
0:00:00.019794390  4384 0x56520e440320 DEBUG   GST_REGISTRY gstregistrychunks.c:654:gst_registry_chunks_load_feature: Reading 1 Interfaces at address 0x56520e466d79
0:00:00.015178901  4385 0x555717e57320 LOG   GST_POLL gstpoll.c:994:gst_poll_fd_ctl_write: 0x555717e7b930: pfd->events now 60 (POLLOUT:4)
0:00:00.019803063  4384 0x56520e440320 DEBUG   GST_REGISTRY gstregistry.c:590:gst_registry_add_feature: adding feature 0x56520e4696f0 (filesink)
0:00:00.015186028  4385 0x555717e57320 DEBUG   GST_POLL gstpoll.c:980:gst_poll_fd_ctl_write: 0x555717e7b930: fd (fd:0, idx:1), active : 1
0:00:00.019809727  4384 0x56520e440320 DEBUG   GST_REFCOUNTING gstobject.c:709:gst_object_set_parent: set parent (ref and sink)
0:00:00.015192676  4385 0x555717e57320 LOG   GST_POLL gstpoll.c:994:gst_poll_fd_ctl_write: 0x555717e7b930: pfd->events now 60 (POLLOUT:4)
0:00:00.019817856  4384 0x56520e440320 TRACE   GST_REFCOUNTING gstobject.c:294:gst_object_ref_sink: 0x56520e4696f0 ref_sink 1->2
0:00:00.015200323  4385 0x555717e57320 DEBUG   GST_POLL gstpoll.c:980:gst_poll_fd_ctl_write: 0x555717e7b930: fd (fd:0, idx:1), active : 1
0:00:00.019825011  4384 0x56520e440320 LOG   GST_REGISTRY gstregistry.c:608:gst_registry_add_feature: emitting feature-added for filesink
0:00:00.015207721  4385 0x555717e57320 LOG   GST_POLL gstpoll.c:994:gst_poll_fd_ctl_write: 0x555717e7b930: pfd->events now 60 (POLLOUT:4)
0:00:00.019832390  4384 0x56520e440320 DEBUG   GST_REGISTRY gstregistrychunks.c:741:gst_registry_chunks_load_feature: Added feature filesink, plugin 0x56520e468250 coreelements
0:00:00.015214938  4385 0x555717e57320 DEBUG   GST_POLL gstpoll.c:980:gst_poll_fd_ctl_write: 0x555717e7b930: fd (fd:0, idx:1), active : 1
0:00:00.019839740  4384 0x56520e440320 DEBUG   GST_REGISTRY gstregistrychunks.c:583:gst_registry_chunks_load_feature: Plugin 'coreelements' feature 'queue2' typename : 'GstElementFactory'
0:00:00.015222042  4385 0x555717e57320 LOG   GST_POLL gstpoll.c:994:gst_poll_fd_ctl_write: 0x555717e7b930: pfd->events now 60 (POLLOUT:4)
0:00:00.019847889  4384 0x56520e440320 TRACE   GST_REFCOUNTING gstobject.c:208:gst_object_init: 0x56520e469de0 new
0:00:00.015229950  4385 0x555717e57320 DEBUG   GST_POLL gstpoll.c:980:gst_poll_fd_ctl_write: 0x555717e7b930: fd (fd:0, idx:1), active : 1
0:00:00.019856275  4384 0x56520e440320 LOG   GST_REGISTRY gstregistrychunks.c:610:gst_registry_chunks_load_feature: Reading/casting for GstRegistryChunkElementFactory at address 0x56520e466da0
0:00:00.015238233  4385 0x555717e57320 LOG   GST_POLL gstpoll.c:994:gst_poll_fd_ctl_write: 0x555717e7b930: pfd->events now 60 (POLLOUT:4)
0:00:00.015253789  4385 0x555717e57320 DEBUG   GST_POLL gstpoll.c:980:gst_poll_fd_ctl_write: 0x555717e7b930: fd (fd:0, idx:1), active : 1
0:00:00.019873675  4384 0x56520e440320 TRACE   structure gststructure.c:287:gst_structure_new_id_empty_with_size: created structure 0x56520e469f60
0:00:00.015260112  4385 0x555717e57320 LOG   GST_POLL gstpoll.c:994:gst_poll_fd_ctl_write: 0x555717e7b930: pfd->events now 60 (POLLOUT:4)
0:00:00.019881937  4384 0x56520e440320 DEBUG   structure gststructure.c:2203:gst_structure_parse_field: trying field name 'long-name'
0:00:00.015267445  4385 0x555717e57320 DEBUG   GST_POLL gstpoll.c:980:gst_poll_fd_ctl_write: 0x555717e7b930: fd (fd:0, idx:1), active : 1
0:00:00.019888801  4384 0x56520e440320 DEBUG   default gstvalue.c:2676:_priv_gst_value_parse_value: trying type name 'string'
0:00:00.015274190  4385 0x555717e57320 LOG   GST_POLL gstpoll.c:994:gst_poll_fd_ctl_write: 0x555717e7b930: pfd->events now 60 (POLLOUT:4)
0:00:00.019896567  4384 0x56520e440320 DEBUG   structure gststructure.c:2203:gst_structure_parse_field: trying field name 'klass'
0:00:00.015281246  4385 0x555717e57320 DEBUG   GST_POLL gstpoll.c:980:gst_poll_fd_ctl_write: 0x555717e7b930: fd (fd:0, idx:1), active : 1
0:00:00.019903006  4384 0x56520e440320 DEBUG   default gstvalue.c:2676:_priv_gst_value_parse_value: trying type name 'string'
0:00:00.015288025  4385 0x555717e57320 LOG   GST_POLL gstpoll.c:994:gst_poll_fd_ctl_write: 0x555717e7b930: pfd->events now 60 (POLLOUT:4)
0:00:00.019910026  4384 0x56520e440320 DEBUG   structure gststructure.c:2203:gst_structure_parse_field: trying field name 'description'
0:00:00.015295192  4385 0x555717e57320 DEBUG   GST_POLL gstpoll.c:980:gst_poll_fd_ctl_write: 0x555717e7b930: fd (fd:0, idx:1), active : 1
0:00:00.019916671  4384 0x56520e440320 DEBUG   default gstvalue.c:2676:_priv_gst_value_parse_value: trying type name 'string'
0:00:00.015301939  4385 0x555717e57320 LOG   GST_POLL gstpoll.c:994:gst_poll_fd_ctl_write: 0x555717e7b930: pfd->events now 60 (POLLOUT:4)
0:00:00.019924395  4384 0x56520e440320 DEBUG   structure gststructure.c:2203:gst_structure_parse_field: trying field name 'author'
0:00:00.015309248  4385 0x555717e57320 DEBUG   GST_POLL gstpoll.c:980:gst_poll_fd_ctl_write: 0x555717e7b930: fd (fd:0, idx:1), active : 1
0:00:00.019930980  4384 0x56520e440320 DEBUG   default gstvalue.c:2676:_priv_gst_value_parse_value: trying type name 'string'
0:00:00.015316211  4385 0x555717e57320 LOG   GST_POLL gstpoll.c:994:gst_poll_fd_ctl_write: 0x555717e7b930: pfd->events now 60 (POLLOUT:4)
0:00:00.019939644  4384 0x56520e440320 DEBUG   GST_REGISTRY gstregistrychunks.c:626:gst_registry_chunks_load_feature: Element factory : npadtemplates=2
0:00:00.015323182  4385 0x555717e57320 DEBUG   GST_POLL gstpoll.c:980:gst_poll_fd_ctl_write: 0x555717e7b930: fd (fd:0, idx:1), active : 1
0:00:00.019946292  4384 0x56520e440320 DEBUG   GST_REGISTRY gstregistrychunks.c:526:gst_registry_chunks_load_pad_template: Reading/casting for GstRegistryChunkPadTemplate at address 0x56520e466e90
0:00:00.015329919  4385 0x555717e57320 LOG   GST_POLL gstpoll.c:994:gst_poll_fd_ctl_write: 0x555717e7b930: pfd->events now 60 (POLLOUT:4)
0:00:00.019957006  4384 0x56520e440320 DEBUG   GST_REGISTRY gstregistrychunks.c:539:gst_registry_chunks_load_pad_template: Added pad_template sink
0:00:00.015340388  4385 0x555717e57320 DEBUG   GST_POLL gstpoll.c:980:gst_poll_fd_ctl_write: 0x555717e7b930: fd (fd:0, idx:1), active : 1
0:00:00.019963413  4384 0x56520e440320 DEBUG   GST_REGISTRY gstregistrychunks.c:526:gst_registry_chunks_load_pad_template: Reading/casting for GstRegistryChunkPadTemplate at address 0x56520e466ea8
0:00:00.015347164  4385 0x555717e57320 LOG   GST_POLL gstpoll.c:994:gst_poll_fd_ctl_write: 0x555717e7b930: pfd->events now 60 (POLLOUT:4)
0:00:00.019969827  4384 0x56520e440320 DEBUG   GST_REGISTRY gstregistrychunks.c:539:gst_registry_chunks_load_pad_template: Added pad_template src
0:00:00.015354279  4385 0x555717e57320 DEBUG   GST_POLL gstpoll.c:980:gst_poll_fd_ctl_write: 0x555717e7b930: fd (fd:0, idx:1), active : 1
0:00:00.019977725  4384 0x56520e440320 DEBUG   GST_REGISTRY gstregistry.c:590:gst_registry_add_feature: adding feature 0x56520e469de0 (queue2)
0:00:00.015360905  4385 0x555717e57320 LOG   GST_POLL gstpoll.c:994:gst_poll_fd_ctl_write: 0x555717e7b930: pfd->events now 60 (POLLOUT:4)
0:00:00.019984386  4384 0x56520e440320 DEBUG   GST_REFCOUNTING gstobject.c:709:gst_object_set_parent: set parent (ref and sink)
0:00:00.015368059  4385 0x555717e57320 DEBUG   GST_POLL gstpoll.c:980:gst_poll_fd_ctl_write: 0x555717e7b930: fd (fd:0, idx:1), active : 1
0:00:00.019992154  4384 0x56520e440320 TRACE   GST_REFCOUNTING gstobject.c:294:gst_object_ref_sink: 0x56520e469de0 ref_sink 1->2
0:00:00.015374916  4385 0x555717e57320 LOG   GST_POLL gstpoll.c:994:gst_poll_fd_ctl_write: 0x555717e7b930: pfd->events now 60 (POLLOUT:4)
0:00:00.019999312  4384 0x56520e440320 LOG   GST_REGISTRY gstregistry.c:608:gst_registry_add_feature: emitting feature-added for queue2
0:00:00.015382483  4385 0x555717e57320 DEBUG   GST_POLL gstpoll.c:980:gst_poll_fd_ctl_write: 0x555717e7b930: fd (fd:0, idx:1), active : 1
0:00:00.020006697  4384 0x56520e440320 DEBUG   GST_REGISTRY gstregistrychunks.c:741:gst_registry_chunks_load_feature: Added feature queue2, plugin 0x56520e468250 coreelements
0:00:00.015389410  4385 0x555717e57320 LOG   GST_POLL gstpoll.c:994:gst_poll_fd_ctl_write: 0x555717e7b930: pfd->events now 60 (POLLOUT:4)
0:00:00.020013708  4384 0x56520e440320 DEBUG   GST_REGISTRY gstregistrychunks.c:583:gst_registry_chunks_load_feature: Plugin 'coreelements' feature 'queue' typename : 'GstElementFactory'
0:00:00.015396490  4385 0x555717e57320 DEBUG   GST_POLL gstpoll.c:980:gst_poll_fd_ctl_write: 0x555717e7b930: fd (fd:0, idx:1), active : 1
0:00:00.020021913  4384 0x56520e440320 TRACE   GST_REFCOUNTING gstobject.c:208:gst_object_init: 0x56520e46a2d0 new
0:00:00.015403209  4385 0x555717e57320 LOG   GST_POLL gstpoll.c:994:gst_poll_fd_ctl_write: 0x555717e7b930: pfd->events now 60 (POLLOUT:4)
0:00:00.020030368  4384 0x56520e440320 LOG   GST_REGISTRY gstregistrychunks.c:610:gst_registry_chunks_load_feature: Reading/casting for GstRegistryChunkElementFactory at address 0x56520e466ed0
0:00:00.015416973  4385 0x555717e57320 DEBUG   GST_POLL gstpoll.c:980:gst_poll_fd_ctl_write: 0x555717e7b930: fd (fd:0, idx:1), active : 1
0:00:00.020038726  4384 0x56520e440320 TRACE   structure gststructure.c:287:gst_structure_new_id_empty_with_size: created structure 0x56520e46a620
0:00:00.015423833  4385 0x555717e57320 LOG   GST_POLL gstpoll.c:994:gst_poll_fd_ctl_write: 0x555717e7b930: pfd->events now 60 (POLLOUT:4)
0:00:00.020045417  4384 0x56520e440320 DEBUG   structure gststructure.c:2203:gst_structure_parse_field: trying field name 'long-name'
0:00:00.015431184  4385 0x555717e57320 DEBUG   GST_POLL gstpoll.c:980:gst_poll_fd_ctl_write: 0x555717e7b930: fd (fd:0, idx:1), active : 1
0:00:00.020052806  4384 0x56520e440320 DEBUG   default gstvalue.c:2676:_priv_gst_value_parse_value: trying type name 'string'
0:00:00.015438057  4385 0x555717e57320 LOG   GST_POLL gstpoll.c:994:gst_poll_fd_ctl_write: 0x555717e7b930: pfd->events now 60 (POLLOUT:4)
0:00:00.020060076  4384 0x56520e440320 DEBUG   structure gststructure.c:2203:gst_structure_parse_field: trying field name 'klass'
0:00:00.015445308  4385 0x555717e57320 DEBUG   GST_POLL gstpoll.c:980:gst_poll_fd_ctl_write: 0x555717e7b930: fd (fd:0, idx:1), active : 1
0:00:00.020066699  4384 0x56520e440320 DEBUG   default gstvalue.c:2676:_priv_gst_value_parse_value: trying type name 'string'
0:00:00.015452075  4385 0x555717e57320 LOG   GST_POLL gstpoll.c:994:gst_poll_fd_ctl_write: 0x555717e7b930: pfd->events now 60 (POLLOUT:4)
0:00:00.020074215  4384 0x56520e440320 DEBUG   structure gststructure.c:2203:gst_structure_parse_field: trying field name 'description'
0:00:00.015459259  4385 0x555717e57320 DEBUG   GST_POLL gstpoll.c:980:gst_poll_fd_ctl_write: 0x555717e7b930: fd (fd:0, idx:1), active : 1
0:00:00.020080540  4384 0x56520e440320 DEBUG   default gstvalue.c:2676:_priv_gst_value_parse_value: trying type name 'string'
0:00:00.020088567  4384 0x56520e440320 DEBUG   structure gststructure.c:2203:gst_structure_parse_field: trying field name 'author'
0:00:00.015471050  4385 0x555717e57320 LOG   GST_POLL gstpoll.c:994:gst_poll_fd_ctl_write: 0x555717e7b930: pfd->events now 60 (POLLOUT:4)
0:00:00.020094440  4384 0x56520e440320 DEBUG   default gstvalue.c:2676:_priv_gst_value_parse_value: trying type name 'string'
0:00:00.015478471  4385 0x555717e57320 DEBUG   GST_POLL gstpoll.c:980:gst_poll_fd_ctl_write: 0x555717e7b930: fd (fd:0, idx:1), active : 1
0:00:00.020101996  4384 0x56520e440320 DEBUG   GST_REGISTRY gstregistrychunks.c:626:gst_registry_chunks_load_feature: Element factory : npadtemplates=2
0:00:00.015485247  4385 0x555717e57320 LOG   GST_POLL gstpoll.c:994:gst_poll_fd_ctl_write: 0x555717e7b930: pfd->events now 60 (POLLOUT:4)
0:00:00.020108392  4384 0x56520e440320 DEBUG   GST_REGISTRY gstregistrychunks.c:526:gst_registry_chunks_load_pad_template: Reading/casting for GstRegistryChunkPadTemplate at address 0x56520e466f88
0:00:00.015492318  4385 0x555717e57320 DEBUG   GST_POLL gstpoll.c:980:gst_poll_fd_ctl_write: 0x555717e7b930: fd (fd:0, idx:1), active : 1
0:00:00.020115232  4384 0x56520e440320 DEBUG   GST_REGISTRY gstregistrychunks.c:539:gst_registry_chunks_load_pad_template: Added pad_template sink
0:00:00.015503232  4385 0x555717e57320 LOG   GST_POLL gstpoll.c:994:gst_poll_fd_ctl_write: 0x555717e7b930: pfd->events now 60 (POLLOUT:4)
0:00:00.020124679  4384 0x56520e440320 DEBUG   GST_REGISTRY gstregistrychunks.c:526:gst_registry_chunks_load_pad_template: Reading/casting for GstRegistryChunkPadTemplate at address 0x56520e466fa0
0:00:00.015510292  4385 0x555717e57320 DEBUG   GST_POLL gstpoll.c:980:gst_poll_fd_ctl_write: 0x555717e7b930: fd (fd:0, idx:1), active : 1
0:00:00.020131715  4384 0x56520e440320 DEBUG   GST_REGISTRY gstregistrychunks.c:539:gst_registry_chunks_load_pad_template: Added pad_template src
0:00:00.015517028  4385 0x555717e57320 LOG   GST_POLL gstpoll.c:994:gst_poll_fd_ctl_write: 0x555717e7b930: pfd->events now 60 (POLLOUT:4)
0:00:00.015524129  4385 0x555717e57320 DEBUG   GST_POLL gstpoll.c:980:gst_poll_fd_ctl_write: 0x555717e7b930: fd (fd:0, idx:1), active : 1
0:00:00.020145665  4384 0x56520e440320 DEBUG   GST_REGISTRY gstregistry.c:590:gst_registry_add_feature: adding feature 0x56520e46a2d0 (queue)
0:00:00.015530269  4385 0x555717e57320 LOG   GST_POLL gstpoll.c:994:gst_poll_fd_ctl_write: 0x555717e7b930: pfd->events now 60 (POLLOUT:4)
0:00:00.020152488  4384 0x56520e440320 DEBUG   GST_REFCOUNTING gstobject.c:709:gst_object_set_parent: set parent (ref and sink)
0:00:00.015537409  4385 0x555717e57320 DEBUG   GST_POLL gstpoll.c:980:gst_poll_fd_ctl_write: 0x555717e7b930: fd (fd:0, idx:1), active : 1
0:00:00.020160769  4384 0x56520e440320 TRACE   GST_REFCOUNTING gstobject.c:294:gst_object_ref_sink: 0x56520e46a2d0 ref_sink 1->2
0:00:00.015544110  4385 0x555717e57320 LOG   GST_POLL gstpoll.c:994:gst_poll_fd_ctl_write: 0x555717e7b930: pfd->events now 60 (POLLOUT:4)
0:00:00.020168101  4384 0x56520e440320 LOG   GST_REGISTRY gstregistry.c:608:gst_registry_add_feature: emitting feature-added for queue
0:00:00.015551246  4385 0x555717e57320 DEBUG   GST_POLL gstpoll.c:980:gst_poll_fd_ctl_write: 0x555717e7b930: fd (fd:0, idx:1), active : 1
0:00:00.020175363  4384 0x56520e440320 DEBUG   GST_REGISTRY gstregistrychunks.c:741:gst_registry_chunks_load_feature: Added feature queue, plugin 0x56520e468250 coreelements
0:00:00.015557945  4385 0x555717e57320 LOG   GST_POLL gstpoll.c:994:gst_poll_fd_ctl_write: 0x555717e7b930: pfd->events now 60 (POLLOUT:4)
0:00:00.020182614  4384 0x56520e440320 DEBUG   GST_REGISTRY gstregistrychunks.c:583:gst_registry_chunks_load_feature: Plugin 'coreelements' feature 'output-selector' typename : 'GstElementFactory'
0:00:00.015565418  4385 0x555717e57320 DEBUG   GST_POLL gstpoll.c:980:gst_poll_fd_ctl_write: 0x555717e7b930: fd (fd:0, idx:1), active : 1
0:00:00.020190557  4384 0x56520e440320 TRACE   GST_REFCOUNTING gstobject.c:208:gst_object_init: 0x56520e46aa50 new
0:00:00.015572070  4385 0x555717e57320 LOG   GST_POLL gstpoll.c:994:gst_poll_fd_ctl_write: 0x555717e7b930: pfd->events now 60 (POLLOUT:4)
0:00:00.020209014  4384 0x56520e440320 LOG   GST_REGISTRY gstregistrychunks.c:610:gst_registry_chunks_load_feature: Reading/casting for GstRegistryChunkElementFactory at address 0x56520e466fd8
0:00:00.020225060  4384 0x56520e440320 TRACE   structure gststructure.c:287:gst_structure_new_id_empty_with_size: created structure 0x56520e46ad50
0:00:00.015606725  4385 0x555717e57320 DEBUG   GST_POLL gstpoll.c:980:gst_poll_fd_ctl_write: 0x555717e7b930: fd (fd:0, idx:1), active : 1
0:00:00.020231149  4384 0x56520e440320 DEBUG   structure gststructure.c:2203:gst_structure_parse_field: trying field name 'long-name'
0:00:00.015618350  4385 0x555717e57320 LOG   GST_POLL gstpoll.c:994:gst_poll_fd_ctl_write: 0x555717e7b930: pfd->events now 60 (POLLOUT:4)
0:00:00.020238494  4384 0x56520e440320 DEBUG   default gstvalue.c:2676:_priv_gst_value_parse_value: trying type name 'string'
0:00:00.015626266  4385 0x555717e57320 DEBUG   GST_POLL gstpoll.c:980:gst_poll_fd_ctl_write: 0x555717e7b930: fd (fd:0, idx:1), active : 1
0:00:00.020248306  4384 0x56520e440320 DEBUG   structure gststructure.c:2203:gst_structure_parse_field: trying field name 'klass'
0:00:00.015632729  4385 0x555717e57320 LOG   GST_POLL gstpoll.c:994:gst_poll_fd_ctl_write: 0x555717e7b930: pfd->events now 60 (POLLOUT:4)
0:00:00.020255063  4384 0x56520e440320 DEBUG   default gstvalue.c:2676:_priv_gst_value_parse_value: trying type name 'string'
0:00:00.015639882  4385 0x555717e57320 DEBUG   GST_POLL gstpoll.c:980:gst_poll_fd_ctl_write: 0x555717e7b930: fd (fd:0, idx:1), active : 1
0:00:00.020262192  4384 0x56520e440320 DEBUG   structure gststructure.c:2203:gst_structure_parse_field: trying field name 'description'
0:00:00.015646482  4385 0x555717e57320 LOG   GST_POLL gstpoll.c:994:gst_poll_fd_ctl_write: 0x555717e7b930: pfd->events now 60 (POLLOUT:4)
0:00:00.020268720  4384 0x56520e440320 DEBUG   default gstvalue.c:2676:_priv_gst_value_parse_value: trying type name 'string'
0:00:00.015653536  4385 0x555717e57320 DEBUG   GST_POLL gstpoll.c:980:gst_poll_fd_ctl_write: 0x555717e7b930: fd (fd:0, idx:1), active : 1
0:00:00.020276406  4384 0x56520e440320 DEBUG   structure gststructure.c:2203:gst_structure_parse_field: trying field name 'author'
0:00:00.015660204  4385 0x555717e57320 LOG   GST_POLL gstpoll.c:994:gst_poll_fd_ctl_write: 0x555717e7b930: pfd->events now 60 (POLLOUT:4)
0:00:00.020285823  4384 0x56520e440320 DEBUG   default gstvalue.c:2676:_priv_gst_value_parse_value: trying type name 'string'
0:00:00.015667181  4385 0x555717e57320 DEBUG   GST_POLL gstpoll.c:980:gst_poll_fd_ctl_write: 0x555717e7b930: fd (fd:0, idx:1), active : 1
0:00:00.020293423  4384 0x56520e440320 DEBUG   GST_REGISTRY gstregistrychunks.c:626:gst_registry_chunks_load_feature: Element factory : npadtemplates=2
0:00:00.015675287  4385 0x555717e57320 LOG   GST_POLL gstpoll.c:994:gst_poll_fd_ctl_write: 0x555717e7b930: pfd->events now 60 (POLLOUT:4)
0:00:00.020299911  4384 0x56520e440320 DEBUG   GST_REGISTRY gstregistrychunks.c:526:gst_registry_chunks_load_pad_template: Reading/casting for GstRegistryChunkPadTemplate at address 0x56520e4670b0
0:00:00.015683393  4385 0x555717e57320 DEBUG   GST_POLL gstpoll.c:980:gst_poll_fd_ctl_write: 0x555717e7b930: fd (fd:0, idx:1), active : 1
0:00:00.020312005  4384 0x56520e440320 DEBUG   GST_REGISTRY gstregistrychunks.c:539:gst_registry_chunks_load_pad_template: Added pad_template src_%u
0:00:00.015694728  4385 0x555717e57320 LOG   GST_POLL gstpoll.c:994:gst_poll_fd_ctl_write: 0x555717e7b930: pfd->events now 60 (POLLOUT:4)
0:00:00.020318603  4384 0x56520e440320 DEBUG   GST_REGISTRY gstregistrychunks.c:526:gst_registry_chunks_load_pad_template: Reading/casting for GstRegistryChunkPadTemplate at address 0x56520e4670c8
0:00:00.015702247  4385 0x555717e57320 DEBUG   GST_POLL gstpoll.c:980:gst_poll_fd_ctl_write: 0x555717e7b930: fd (fd:0, idx:1), active : 1
0:00:00.020324950  4384 0x56520e440320 DEBUG   GST_REGISTRY gstregistrychunks.c:539:gst_registry_chunks_load_pad_template: Added pad_template sink
0:00:00.015709028  4385 0x555717e57320 LOG   GST_POLL gstpoll.c:994:gst_poll_fd_ctl_write: 0x555717e7b930: pfd->events now 60 (POLLOUT:4)
0:00:00.020333155  4384 0x56520e440320 DEBUG   GST_REGISTRY gstregistry.c:590:gst_registry_add_feature: adding feature 0x56520e46aa50 (output-selector)
0:00:00.015715948  4385 0x555717e57320 DEBUG   GST_POLL gstpoll.c:980:gst_poll_fd_ctl_write: 0x555717e7b930: fd (fd:0, idx:1), active : 1
0:00:00.015723058  4385 0x555717e57320 LOG   GST_POLL gstpoll.c:994:gst_poll_fd_ctl_write: 0x555717e7b930: pfd->events now 60 (POLLOUT:4)
0:00:00.020342439  4384 0x56520e440320 DEBUG   GST_REFCOUNTING gstobject.c:709:gst_object_set_parent: set parent (ref and sink)
0:00:00.015729801  4385 0x555717e57320 DEBUG   GST_POLL gstpoll.c:980:gst_poll_fd_ctl_write: 0x555717e7b930: fd (fd:0, idx:1), active : 1
0:00:00.020351842  4384 0x56520e440320 TRACE   GST_REFCOUNTING gstobject.c:294:gst_object_ref_sink: 0x56520e46aa50 ref_sink 1->2
0:00:00.015736515  4385 0x555717e57320 LOG   GST_POLL gstpoll.c:994:gst_poll_fd_ctl_write: 0x555717e7b930: pfd->events now 60 (POLLOUT:4)
0:00:00.020359226  4384 0x56520e440320 LOG   GST_REGISTRY gstregistry.c:608:gst_registry_add_feature: emitting feature-added for output-selector
0:00:00.015743589  4385 0x555717e57320 DEBUG   GST_POLL gstpoll.c:980:gst_poll_fd_ctl_write: 0x555717e7b930: fd (fd:0, idx:1), active : 1
0:00:00.020366640  4384 0x56520e440320 DEBUG   GST_REGISTRY gstregistrychunks.c:741:gst_registry_chunks_load_feature: Added feature output-selector, plugin 0x56520e468250 coreelements
0:00:00.015750313  4385 0x555717e57320 LOG   GST_POLL gstpoll.c:994:gst_poll_fd_ctl_write: 0x555717e7b930: pfd->events now 60 (POLLOUT:4)
0:00:00.020373657  4384 0x56520e440320 DEBUG   GST_REGISTRY gstregistrychunks.c:583:gst_registry_chunks_load_feature: Plugin 'coreelements' feature 'input-selector' typename : 'GstElementFactory'
0:00:00.015757371  4385 0x555717e57320 DEBUG   GST_POLL gstpoll.c:980:gst_poll_fd_ctl_write: 0x555717e7b930: fd (fd:0, idx:1), active : 1
0:00:00.020381662  4384 0x56520e440320 TRACE   GST_REFCOUNTING gstobject.c:208:gst_object_init: 0x56520e46b410 new
0:00:00.015764136  4385 0x555717e57320 LOG   GST_POLL gstpoll.c:994:gst_poll_fd_ctl_write: 0x555717e7b930: pfd->events now 60 (POLLOUT:4)
0:00:00.020390165  4384 0x56520e440320 LOG   GST_REGISTRY gstregistrychunks.c:610:gst_registry_chunks_load_feature: Reading/casting for GstRegistryChunkElementFactory at address 0x56520e467100
0:00:00.015777051  4385 0x555717e57320 DEBUG   GST_POLL gstpoll.c:980:gst_poll_fd_ctl_write: 0x555717e7b930: fd (fd:0, idx:1), active : 1
0:00:00.020401426  4384 0x56520e440320 TRACE   structure gststructure.c:287:gst_structure_new_id_empty_with_size: created structure 0x56520e46b500
0:00:00.015783892  4385 0x555717e57320 LOG   GST_POLL gstpoll.c:994:gst_poll_fd_ctl_write: 0x555717e7b930: pfd->events now 60 (POLLOUT:4)
0:00:00.020408459  4384 0x56520e440320 DEBUG   structure gststructure.c:2203:gst_structure_parse_field: trying field name 'long-name'
0:00:00.015791810  4385 0x555717e57320 DEBUG   GST_POLL gstpoll.c:980:gst_poll_fd_ctl_write: 0x555717e7b930: fd (fd:0, idx:1), active : 1
0:00:00.020414912  4384 0x56520e440320 DEBUG   default gstvalue.c:2676:_priv_gst_value_parse_value: trying type name 'string'
0:00:00.015798590  4385 0x555717e57320 LOG   GST_POLL gstpoll.c:994:gst_poll_fd_ctl_write: 0x555717e7b930: pfd->events now 60 (POLLOUT:4)
0:00:00.020422259  4384 0x56520e440320 DEBUG   structure gststructure.c:2203:gst_structure_parse_field: trying field name 'klass'
