0:00:00.016264513  4114 0x235e320 LOG   GST_POLL gstpoll.c:994:gst_poll_fd_ctl_write: 0x2366820: pfd->events now 60 (POLLOUT:4)
0:00:00.021071337  4113 0x22fe370 DEBUG   GST_REGISTRY gstregistrychunks.c:582:gst_registry_chunks_load_feature: Plugin 'coreelements' feature 'filesrc' typename : 'GstElementFactory'
0:00:00.016271915  4114 0x235e320 DEBUG   GST_POLL gstpoll.c:979:gst_poll_fd_ctl_write: 0x2366820: fd (fd:0, idx:1), active : 1
0:00:00.021079042  4113 0x22fe370 TRACE   GST_REFCOUNTING gstobject.c:208:gst_object_init: 0x231e100 new
0:00:00.016278569  4114 0x235e320 LOG   GST_POLL gstpoll.c:994:gst_poll_fd_ctl_write: 0x2366820: pfd->events now 60 (POLLOUT:4)
0:00:00.021087364  4113 0x22fe370 LOG   GST_REGISTRY gstregistrychunks.c:609:gst_registry_chunks_load_feature: Reading/casting for GstRegistryChunkElementFactory at address 0x231a8c0
0:00:00.016287195  4114 0x235e320 DEBUG   GST_POLL gstpoll.c:979:gst_poll_fd_ctl_write: 0x2366820: fd (fd:0, idx:1), active : 1
0:00:00.021094022  4113 0x22fe370 TRACE   structure gststructure.c:287:gst_structure_new_id_empty_with_size: created structure 0x231e2c0
0:00:00.016294870  4114 0x235e320 LOG   GST_POLL gstpoll.c:994:gst_poll_fd_ctl_write: 0x2366820: pfd->events now 60 (POLLOUT:4)
0:00:00.021100346  4113 0x22fe370 DEBUG   structure gststructure.c:2203:gst_structure_parse_field: trying field name 'long-name'
0:00:00.016301838  4114 0x235e320 DEBUG   GST_POLL gstpoll.c:979:gst_poll_fd_ctl_write: 0x2366820: fd (fd:0, idx:1), active : 1
0:00:00.021105973  4113 0x22fe370 DEBUG   default gstvalue.c:2676:_priv_gst_value_parse_value: trying type name 'string'
0:00:00.016308045  4114 0x235e320 LOG   GST_POLL gstpoll.c:994:gst_poll_fd_ctl_write: 0x2366820: pfd->events now 60 (POLLOUT:4)
0:00:00.021119515  4113 0x22fe370 DEBUG   structure gststructure.c:2203:gst_structure_parse_field: trying field name 'klass'
0:00:00.016320379  4114 0x235e320 DEBUG   GST_POLL gstpoll.c:979:gst_poll_fd_ctl_write: 0x2366820: fd (fd:0, idx:1), active : 1
0:00:00.021125347  4113 0x22fe370 DEBUG   default gstvalue.c:2676:_priv_gst_value_parse_value: trying type name 'string'
0:00:00.016326704  4114 0x235e320 LOG   GST_POLL gstpoll.c:994:gst_poll_fd_ctl_write: 0x2366820: pfd->events now 60 (POLLOUT:4)
0:00:00.021131923  4113 0x22fe370 DEBUG   structure gststructure.c:2203:gst_structure_parse_field: trying field name 'description'
0:00:00.016333328  4114 0x235e320 DEBUG   GST_POLL gstpoll.c:979:gst_poll_fd_ctl_write: 0x2366820: fd (fd:0, idx:1), active : 1
0:00:00.021137611  4113 0x22fe370 DEBUG   default gstvalue.c:2676:_priv_gst_value_parse_value: trying type name 'string'
0:00:00.016339466  4114 0x235e320 LOG   GST_POLL gstpoll.c:994:gst_poll_fd_ctl_write: 0x2366820: pfd->events now 60 (POLLOUT:4)
0:00:00.021144782  4113 0x22fe370 DEBUG   structure gststructure.c:2203:gst_structure_parse_field: trying field name 'author'
0:00:00.016346143  4114 0x235e320 DEBUG   GST_POLL gstpoll.c:979:gst_poll_fd_ctl_write: 0x2366820: fd (fd:0, idx:1), active : 1
0:00:00.021150724  4113 0x22fe370 DEBUG   default gstvalue.c:2676:_priv_gst_value_parse_value: trying type name 'string'
0:00:00.016352331  4114 0x235e320 LOG   GST_POLL gstpoll.c:994:gst_poll_fd_ctl_write: 0x2366820: pfd->events now 60 (POLLOUT:4)
0:00:00.021157577  4113 0x22fe370 DEBUG   GST_REGISTRY gstregistrychunks.c:626:gst_registry_chunks_load_feature: Element factory : npadtemplates=1
0:00:00.016359067  4114 0x235e320 DEBUG   GST_POLL gstpoll.c:979:gst_poll_fd_ctl_write: 0x2366820: fd (fd:0, idx:1), active : 1
0:00:00.021163466  4113 0x22fe370 DEBUG   GST_REGISTRY gstregistrychunks.c:525:gst_registry_chunks_load_pad_template: Reading/casting for GstRegistryChunkPadTemplate at address 0x231a9a0
0:00:00.016365276  4114 0x235e320 LOG   GST_POLL gstpoll.c:994:gst_poll_fd_ctl_write: 0x2366820: pfd->events now 60 (POLLOUT:4)
0:00:00.021169855  4113 0x22fe370 DEBUG   GST_REGISTRY gstregistrychunks.c:539:gst_registry_chunks_load_pad_template: Added pad_template src
0:00:00.016371835  4114 0x235e320 DEBUG   GST_POLL gstpoll.c:979:gst_poll_fd_ctl_write: 0x2366820: fd (fd:0, idx:1), active : 1
0:00:00.021176611  4113 0x22fe370 DEBUG   GST_REGISTRY gstregistrychunks.c:639:gst_registry_chunks_load_feature: Reading 1 UriTypes at address 0x231a9b0
0:00:00.016378079  4114 0x235e320 LOG   GST_POLL gstpoll.c:994:gst_poll_fd_ctl_write: 0x2366820: pfd->events now 60 (POLLOUT:4)
0:00:00.021183482  4113 0x22fe370 DEBUG   GST_REGISTRY gstregistrychunks.c:654:gst_registry_chunks_load_feature: Reading 1 Interfaces at address 0x231a9b9
0:00:00.016384630  4114 0x235e320 DEBUG   GST_POLL gstpoll.c:979:gst_poll_fd_ctl_write: 0x2366820: fd (fd:0, idx:1), active : 1
0:00:00.021191870  4113 0x22fe370 DEBUG   GST_REGISTRY gstregistry.c:589:gst_registry_add_feature: adding feature 0x231e100 (filesrc)
0:00:00.016395991  4114 0x235e320 LOG   GST_POLL gstpoll.c:994:gst_poll_fd_ctl_write: 0x2366820: pfd->events now 60 (POLLOUT:4)
0:00:00.021199860  4113 0x22fe370 DEBUG   GST_REFCOUNTING gstobject.c:708:gst_object_set_parent: set parent (ref and sink)
0:00:00.016402589  4114 0x235e320 DEBUG   GST_POLL gstpoll.c:979:gst_poll_fd_ctl_write: 0x2366820: fd (fd:0, idx:1), active : 1
0:00:00.021207552  4113 0x22fe370 TRACE   GST_REFCOUNTING gstobject.c:292:gst_object_ref_sink: 0x231e100 ref_sink 1->2
0:00:00.016408822  4114 0x235e320 LOG   GST_POLL gstpoll.c:994:gst_poll_fd_ctl_write: 0x2366820: pfd->events now 60 (POLLOUT:4)
0:00:00.021214435  4113 0x22fe370 LOG   GST_REGISTRY gstregistry.c:607:gst_registry_add_feature: emitting feature-added for filesrc
0:00:00.016415274  4114 0x235e320 DEBUG   GST_POLL gstpoll.c:979:gst_poll_fd_ctl_write: 0x2366820: fd (fd:0, idx:1), active : 1
0:00:00.021221540  4113 0x22fe370 DEBUG   GST_REGISTRY gstregistrychunks.c:740:gst_registry_chunks_load_feature: Added feature filesrc, plugin 0x2318070 coreelements
0:00:00.016421541  4114 0x235e320 LOG   GST_POLL gstpoll.c:994:gst_poll_fd_ctl_write: 0x2366820: pfd->events now 60 (POLLOUT:4)
0:00:00.021228625  4113 0x22fe370 DEBUG   GST_REGISTRY gstregistrychunks.c:582:gst_registry_chunks_load_feature: Plugin 'coreelements' feature 'fdsink' typename : 'GstElementFactory'
0:00:00.016428949  4114 0x235e320 DEBUG   GST_POLL gstpoll.c:979:gst_poll_fd_ctl_write: 0x2366820: fd (fd:0, idx:1), active : 1
0:00:00.021236338  4113 0x22fe370 TRACE   GST_REFCOUNTING gstobject.c:208:gst_object_init: 0x231e4e0 new
0:00:00.016435865  4114 0x235e320 LOG   GST_POLL gstpoll.c:994:gst_poll_fd_ctl_write: 0x2366820: pfd->events now 60 (POLLOUT:4)
0:00:00.021244543  4113 0x22fe370 LOG   GST_REGISTRY gstregistrychunks.c:609:gst_registry_chunks_load_feature: Reading/casting for GstRegistryChunkElementFactory at address 0x231a9e0
0:00:00.016444270  4114 0x235e320 DEBUG   GST_POLL gstpoll.c:979:gst_poll_fd_ctl_write: 0x2366820: fd (fd:0, idx:1), active : 1
0:00:00.021251555  4113 0x22fe370 TRACE   structure gststructure.c:287:gst_structure_new_id_empty_with_size: created structure 0x231e5d0
0:00:00.016451709  4114 0x235e320 LOG   GST_POLL gstpoll.c:994:gst_poll_fd_ctl_write: 0x2366820: pfd->events now 60 (POLLOUT:4)
0:00:00.021257858  4113 0x22fe370 DEBUG   structure gststructure.c:2203:gst_structure_parse_field: trying field name 'long-name'
0:00:00.016459109  4114 0x235e320 DEBUG   GST_POLL gstpoll.c:979:gst_poll_fd_ctl_write: 0x2366820: fd (fd:0, idx:1), active : 1
0:00:00.021263935  4113 0x22fe370 DEBUG   default gstvalue.c:2676:_priv_gst_value_parse_value: trying type name 'string'
0:00:00.016465186  4114 0x235e320 LOG   GST_POLL gstpoll.c:994:gst_poll_fd_ctl_write: 0x2366820: pfd->events now 60 (POLLOUT:4)
0:00:00.021270697  4113 0x22fe370 DEBUG   structure gststructure.c:2203:gst_structure_parse_field: trying field name 'klass'
0:00:00.016475640  4114 0x235e320 DEBUG   GST_POLL gstpoll.c:979:gst_poll_fd_ctl_write: 0x2366820: fd (fd:0, idx:1), active : 1
0:00:00.021278693  4113 0x22fe370 DEBUG   default gstvalue.c:2676:_priv_gst_value_parse_value: trying type name 'string'
0:00:00.016481911  4114 0x235e320 LOG   GST_POLL gstpoll.c:994:gst_poll_fd_ctl_write: 0x2366820: pfd->events now 60 (POLLOUT:4)
0:00:00.021285873  4113 0x22fe370 DEBUG   structure gststructure.c:2203:gst_structure_parse_field: trying field name 'description'
0:00:00.016488342  4114 0x235e320 DEBUG   GST_POLL gstpoll.c:979:gst_poll_fd_ctl_write: 0x2366820: fd (fd:0, idx:1), active : 1
0:00:00.021291588  4113 0x22fe370 DEBUG   default gstvalue.c:2676:_priv_gst_value_parse_value: trying type name 'string'
0:00:00.016494533  4114 0x235e320 LOG   GST_POLL gstpoll.c:994:gst_poll_fd_ctl_write: 0x2366820: pfd->events now 60 (POLLOUT:4)
0:00:00.021298696  4113 0x22fe370 DEBUG   structure gststructure.c:2203:gst_structure_parse_field: trying field name 'author'
0:00:00.016501082  4114 0x235e320 DEBUG   GST_POLL gstpoll.c:979:gst_poll_fd_ctl_write: 0x2366820: fd (fd:0, idx:1), active : 1
0:00:00.021304450  4113 0x22fe370 DEBUG   default gstvalue.c:2676:_priv_gst_value_parse_value: trying type name 'string'
0:00:00.016507298  4114 0x235e320 LOG   GST_POLL gstpoll.c:994:gst_poll_fd_ctl_write: 0x2366820: pfd->events now 60 (POLLOUT:4)
0:00:00.021311684  4113 0x22fe370 DEBUG   GST_REGISTRY gstregistrychunks.c:626:gst_registry_chunks_load_feature: Element factory : npadtemplates=1
0:00:00.016513732  4114 0x235e320 DEBUG   GST_POLL gstpoll.c:979:gst_poll_fd_ctl_write: 0x2366820: fd (fd:0, idx:1), active : 1
0:00:00.021317805  4113 0x22fe370 DEBUG   GST_REGISTRY gstregistrychunks.c:525:gst_registry_chunks_load_pad_template: Reading/casting for GstRegistryChunkPadTemplate at address 0x231aac0
0:00:00.016519696  4114 0x235e320 LOG   GST_POLL gstpoll.c:994:gst_poll_fd_ctl_write: 0x2366820: pfd->events now 60 (POLLOUT:4)
0:00:00.021324083  4113 0x22fe370 DEBUG   GST_REGISTRY gstregistrychunks.c:539:gst_registry_chunks_load_pad_template: Added pad_template sink
0:00:00.016526097  4114 0x235e320 DEBUG   GST_POLL gstpoll.c:979:gst_poll_fd_ctl_write: 0x2366820: fd (fd:0, idx:1), active : 1
0:00:00.021330971  4113 0x22fe370 DEBUG   GST_REGISTRY gstregistrychunks.c:639:gst_registry_chunks_load_feature: Reading 1 UriTypes at address 0x231aad1
0:00:00.016532081  4114 0x235e320 LOG   GST_POLL gstpoll.c:994:gst_poll_fd_ctl_write: 0x2366820: pfd->events now 60 (POLLOUT:4)
0:00:00.021337755  4113 0x22fe370 DEBUG   GST_REGISTRY gstregistrychunks.c:654:gst_registry_chunks_load_feature: Reading 1 Interfaces at address 0x231aadf
0:00:00.016538617  4114 0x235e320 DEBUG   GST_POLL gstpoll.c:979:gst_poll_fd_ctl_write: 0x2366820: fd (fd:0, idx:1), active : 1
0:00:00.021346093  4113 0x22fe370 DEBUG   GST_REGISTRY gstregistry.c:589:gst_registry_add_feature: adding feature 0x231e4e0 (fdsink)
0:00:00.016548796  4114 0x235e320 LOG   GST_POLL gstpoll.c:994:gst_poll_fd_ctl_write: 0x2366820: pfd->events now 60 (POLLOUT:4)
0:00:00.021352535  4113 0x22fe370 DEBUG   GST_REFCOUNTING gstobject.c:708:gst_object_set_parent: set parent (ref and sink)
0:00:00.016555188  4114 0x235e320 DEBUG   GST_POLL gstpoll.c:979:gst_poll_fd_ctl_write: 0x2366820: fd (fd:0, idx:1), active : 1
0:00:00.021360640  4113 0x22fe370 TRACE   GST_REFCOUNTING gstobject.c:292:gst_object_ref_sink: 0x231e4e0 ref_sink 1->2
0:00:00.016561434  4114 0x235e320 LOG   GST_POLL gstpoll.c:994:gst_poll_fd_ctl_write: 0x2366820: pfd->events now 60 (POLLOUT:4)
0:00:00.021367803  4113 0x22fe370 LOG   GST_REGISTRY gstregistry.c:607:gst_registry_add_feature: emitting feature-added for fdsink
0:00:00.016568533  4114 0x235e320 DEBUG   GST_POLL gstpoll.c:979:gst_poll_fd_ctl_write: 0x2366820: fd (fd:0, idx:1), active : 1
0:00:00.021374767  4113 0x22fe370 DEBUG   GST_REGISTRY gstregistrychunks.c:740:gst_registry_chunks_load_feature: Added feature fdsink, plugin 0x2318070 coreelements
0:00:00.016574753  4114 0x235e320 LOG   GST_POLL gstpoll.c:994:gst_poll_fd_ctl_write: 0x2366820: pfd->events now 60 (POLLOUT:4)
0:00:00.021382019  4113 0x22fe370 DEBUG   GST_REGISTRY gstregistrychunks.c:582:gst_registry_chunks_load_feature: Plugin 'coreelements' feature 'fdsrc' typename : 'GstElementFactory'
0:00:00.016582478  4114 0x235e320 DEBUG   GST_POLL gstpoll.c:979:gst_poll_fd_ctl_write: 0x2366820: fd (fd:0, idx:1), active : 1
0:00:00.016589518  4114 0x235e320 LOG   GST_POLL gstpoll.c:994:gst_poll_fd_ctl_write: 0x2366820: pfd->events now 60 (POLLOUT:4)
0:00:00.021390528  4113 0x22fe370 TRACE   GST_REFCOUNTING gstobject.c:208:gst_object_init: 0x231e3f0 new
0:00:00.016595652  4114 0x235e320 DEBUG   GST_POLL gstpoll.c:979:gst_poll_fd_ctl_write: 0x2366820: fd (fd:0, idx:1), active : 1
0:00:00.021400071  4113 0x22fe370 LOG   GST_REGISTRY gstregistrychunks.c:609:gst_registry_chunks_load_feature: Reading/casting for GstRegistryChunkElementFactory at address 0x231ab08
0:00:00.016601945  4114 0x235e320 LOG   GST_POLL gstpoll.c:994:gst_poll_fd_ctl_write: 0x2366820: pfd->events now 60 (POLLOUT:4)
0:00:00.021406889  4113 0x22fe370 TRACE   structure gststructure.c:287:gst_structure_new_id_empty_with_size: created structure 0x231e950
0:00:00.016608437  4114 0x235e320 DEBUG   GST_POLL gstpoll.c:979:gst_poll_fd_ctl_write: 0x2366820: fd (fd:0, idx:1), active : 1
0:00:00.021413333  4113 0x22fe370 DEBUG   structure gststructure.c:2203:gst_structure_parse_field: trying field name 'long-name'
0:00:00.016614855  4114 0x235e320 LOG   GST_POLL gstpoll.c:994:gst_poll_fd_ctl_write: 0x2366820: pfd->events now 60 (POLLOUT:4)
0:00:00.021419193  4113 0x22fe370 DEBUG   default gstvalue.c:2676:_priv_gst_value_parse_value: trying type name 'string'
0:00:00.016621413  4114 0x235e320 DEBUG   GST_POLL gstpoll.c:979:gst_poll_fd_ctl_write: 0x2366820: fd (fd:0, idx:1), active : 1
0:00:00.021426245  4113 0x22fe370 DEBUG   structure gststructure.c:2203:gst_structure_parse_field: trying field name 'klass'
0:00:00.016631712  4114 0x235e320 LOG   GST_POLL gstpoll.c:994:gst_poll_fd_ctl_write: 0x2366820: pfd->events now 60 (POLLOUT:4)
0:00:00.021435080  4113 0x22fe370 DEBUG   default gstvalue.c:2676:_priv_gst_value_parse_value: trying type name 'string'
0:00:00.016638291  4114 0x235e320 DEBUG   GST_POLL gstpoll.c:979:gst_poll_fd_ctl_write: 0x2366820: fd (fd:0, idx:1), active : 1
0:00:00.021441901  4113 0x22fe370 DEBUG   structure gststructure.c:2203:gst_structure_parse_field: trying field name 'description'
0:00:00.016654661  4114 0x235e320 LOG   GST_POLL gstpoll.c:994:gst_poll_fd_ctl_write: 0x2366820: pfd->events now 60 (POLLOUT:4)
0:00:00.021459228  4113 0x22fe370 DEBUG   default gstvalue.c:2676:_priv_gst_value_parse_value: trying type name 'string'
0:00:00.016661378  4114 0x235e320 DEBUG   GST_POLL gstpoll.c:979:gst_poll_fd_ctl_write: 0x2366820: fd (fd:0, idx:1), active : 1
0:00:00.021466568  4113 0x22fe370 DEBUG   structure gststructure.c:2203:gst_structure_parse_field: trying field name 'author'
0:00:00.016667513  4114 0x235e320 LOG   GST_POLL gstpoll.c:994:gst_poll_fd_ctl_write: 0x2366820: pfd->events now 60 (POLLOUT:4)
0:00:00.021472279  4113 0x22fe370 DEBUG   default gstvalue.c:2676:_priv_gst_value_parse_value: trying type name 'string'
0:00:00.016673916  4114 0x235e320 DEBUG   GST_POLL gstpoll.c:979:gst_poll_fd_ctl_write: 0x2366820: fd (fd:0, idx:1), active : 1
0:00:00.021479370  4113 0x22fe370 DEBUG   GST_REGISTRY gstregistrychunks.c:626:gst_registry_chunks_load_feature: Element factory : npadtemplates=1
0:00:00.016679937  4114 0x235e320 LOG   GST_POLL gstpoll.c:994:gst_poll_fd_ctl_write: 0x2366820: pfd->events now 60 (POLLOUT:4)
0:00:00.021485555  4113 0x22fe370 DEBUG   GST_REGISTRY gstregistrychunks.c:525:gst_registry_chunks_load_pad_template: Reading/casting for GstRegistryChunkPadTemplate at address 0x231abe8
0:00:00.016686813  4114 0x235e320 DEBUG   GST_POLL gstpoll.c:979:gst_poll_fd_ctl_write: 0x2366820: fd (fd:0, idx:1), active : 1
0:00:00.021491850  4113 0x22fe370 DEBUG   GST_REGISTRY gstregistrychunks.c:539:gst_registry_chunks_load_pad_template: Added pad_template src
0:00:00.016692871  4114 0x235e320 LOG   GST_POLL gstpoll.c:994:gst_poll_fd_ctl_write: 0x2366820: pfd->events now 60 (POLLOUT:4)
0:00:00.021498617  4113 0x22fe370 DEBUG   GST_REGISTRY gstregistrychunks.c:639:gst_registry_chunks_load_feature: Reading 1 UriTypes at address 0x231abf8
0:00:00.016699298  4114 0x235e320 DEBUG   GST_POLL gstpoll.c:979:gst_poll_fd_ctl_write: 0x2366820: fd (fd:0, idx:1), active : 1
0:00:00.021505699  4113 0x22fe370 DEBUG   GST_REGISTRY gstregistrychunks.c:654:gst_registry_chunks_load_feature: Reading 1 Interfaces at address 0x231abff
0:00:00.016705771  4114 0x235e320 LOG   GST_POLL gstpoll.c:994:gst_poll_fd_ctl_write: 0x2366820: pfd->events now 60 (POLLOUT:4)
0:00:00.021513999  4113 0x22fe370 DEBUG   GST_REGISTRY gstregistry.c:589:gst_registry_add_feature: adding feature 0x231e3f0 (fdsrc)
0:00:00.016716947  4114 0x235e320 DEBUG   GST_POLL gstpoll.c:979:gst_poll_fd_ctl_write: 0x2366820: fd (fd:0, idx:1), active : 1
0:00:00.021520905  4113 0x22fe370 DEBUG   GST_REFCOUNTING gstobject.c:708:gst_object_set_parent: set parent (ref and sink)
0:00:00.016723137  4114 0x235e320 LOG   GST_POLL gstpoll.c:994:gst_poll_fd_ctl_write: 0x2366820: pfd->events now 60 (POLLOUT:4)
0:00:00.021529075  4113 0x22fe370 TRACE   GST_REFCOUNTING gstobject.c:292:gst_object_ref_sink: 0x231e3f0 ref_sink 1->2
0:00:00.016729881  4114 0x235e320 DEBUG   GST_POLL gstpoll.c:979:gst_poll_fd_ctl_write: 0x2366820: fd (fd:0, idx:1), active : 1
0:00:00.021536301  4113 0x22fe370 LOG   GST_REGISTRY gstregistry.c:607:gst_registry_add_feature: emitting feature-added for fdsrc
0:00:00.016736796  4114 0x235e320 LOG   GST_POLL gstpoll.c:994:gst_poll_fd_ctl_write: 0x2366820: pfd->events now 60 (POLLOUT:4)
0:00:00.021543604  4113 0x22fe370 DEBUG   GST_REGISTRY gstregistrychunks.c:740:gst_registry_chunks_load_feature: Added feature fdsrc, plugin 0x2318070 coreelements
0:00:00.016743741  4114 0x235e320 DEBUG   GST_POLL gstpoll.c:979:gst_poll_fd_ctl_write: 0x2366820: fd (fd:0, idx:1), active : 1
0:00:00.021550922  4113 0x22fe370 DEBUG   GST_REGISTRY gstregistrychunks.c:582:gst_registry_chunks_load_feature: Plugin 'coreelements' feature 'fakesink' typename : 'GstElementFactory'
0:00:00.016750713  4114 0x235e320 LOG   GST_POLL gstpoll.c:994:gst_poll_fd_ctl_write: 0x2366820: pfd->events now 60 (POLLOUT:4)
0:00:00.016758614  4114 0x235e320 DEBUG   GST_POLL gstpoll.c:979:gst_poll_fd_ctl_write: 0x2366820: fd (fd:0, idx:1), active : 1
0:00:00.021559337  4113 0x22fe370 TRACE   GST_REFCOUNTING gstobject.c:208:gst_object_init: 0x231e7c0 new
0:00:00.016764512  4114 0x235e320 LOG   GST_POLL gstpoll.c:994:gst_poll_fd_ctl_write: 0x2366820: pfd->events now 60 (POLLOUT:4)
0:00:00.021569618  4113 0x22fe370 LOG   GST_REGISTRY gstregistrychunks.c:609:gst_registry_chunks_load_feature: Reading/casting for GstRegistryChunkElementFactory at address 0x231ac28
0:00:00.016771118  4114 0x235e320 DEBUG   GST_POLL gstpoll.c:979:gst_poll_fd_ctl_write: 0x2366820: fd (fd:0, idx:1), active : 1
0:00:00.021576485  4113 0x22fe370 TRACE   structure gststructure.c:287:gst_structure_new_id_empty_with_size: created structure 0x231ee60
0:00:00.016777423  4114 0x235e320 LOG   GST_POLL gstpoll.c:994:gst_poll_fd_ctl_write: 0x2366820: pfd->events now 60 (POLLOUT:4)
0:00:00.021582923  4113 0x22fe370 DEBUG   structure gststructure.c:2203:gst_structure_parse_field: trying field name 'long-name'
0:00:00.016784532  4114 0x235e320 DEBUG   GST_POLL gstpoll.c:979:gst_poll_fd_ctl_write: 0x2366820: fd (fd:0, idx:1), active : 1
0:00:00.021589035  4113 0x22fe370 DEBUG   default gstvalue.c:2676:_priv_gst_value_parse_value: trying type name 'string'
0:00:00.016790583  4114 0x235e320 LOG   GST_POLL gstpoll.c:994:gst_poll_fd_ctl_write: 0x2366820: pfd->events now 60 (POLLOUT:4)
0:00:00.021600386  4113 0x22fe370 DEBUG   structure gststructure.c:2203:gst_structure_parse_field: trying field name 'klass'
0:00:00.016801130  4114 0x235e320 DEBUG   GST_POLL gstpoll.c:979:gst_poll_fd_ctl_write: 0x2366820: fd (fd:0, idx:1), active : 1
0:00:00.021606362  4113 0x22fe370 DEBUG   default gstvalue.c:2676:_priv_gst_value_parse_value: trying type name 'string'
0:00:00.016807641  4114 0x235e320 LOG   GST_POLL gstpoll.c:994:gst_poll_fd_ctl_write: 0x2366820: pfd->events now 60 (POLLOUT:4)
0:00:00.021612964  4113 0x22fe370 DEBUG   structure gststructure.c:2203:gst_structure_parse_field: trying field name 'description'
0:00:00.016814118  4114 0x235e320 DEBUG   GST_POLL gstpoll.c:979:gst_poll_fd_ctl_write: 0x2366820: fd (fd:0, idx:1), active : 1
0:00:00.021618803  4113 0x22fe370 DEBUG   default gstvalue.c:2676:_priv_gst_value_parse_value: trying type name 'string'
0:00:00.016820400  4114 0x235e320 LOG   GST_POLL gstpoll.c:994:gst_poll_fd_ctl_write: 0x2366820: pfd->events now 60 (POLLOUT:4)
0:00:00.021625496  4113 0x22fe370 DEBUG   structure gststructure.c:2203:gst_structure_parse_field: trying field name 'author'
0:00:00.016826897  4114 0x235e320 DEBUG   GST_POLL gstpoll.c:979:gst_poll_fd_ctl_write: 0x2366820: fd (fd:0, idx:1), active : 1
0:00:00.021631210  4113 0x22fe370 DEBUG   default gstvalue.c:2676:_priv_gst_value_parse_value: trying type name 'string'
0:00:00.016833034  4114 0x235e320 LOG   GST_POLL gstpoll.c:994:gst_poll_fd_ctl_write: 0x2366820: pfd->events now 60 (POLLOUT:4)
0:00:00.016839641  4114 0x235e320 DEBUG   GST_POLL gstpoll.c:979:gst_poll_fd_ctl_write: 0x2366820: fd (fd:0, idx:1), active : 1
0:00:00.021643378  4113 0x22fe370 DEBUG   GST_REGISTRY gstregistrychunks.c:626:gst_registry_chunks_load_feature: Element factory : npadtemplates=1
0:00:00.016845363  4114 0x235e320 LOG   GST_POLL gstpoll.c:994:gst_poll_fd_ctl_write: 0x2366820: pfd->events now 60 (POLLOUT:4)
0:00:00.021649705  4113 0x22fe370 DEBUG   GST_REGISTRY gstregistrychunks.c:525:gst_registry_chunks_load_pad_template: Reading/casting for GstRegistryChunkPadTemplate at address 0x231ad50
0:00:00.016851890  4114 0x235e320 DEBUG   GST_POLL gstpoll.c:979:gst_poll_fd_ctl_write: 0x2366820: fd (fd:0, idx:1), active : 1
0:00:00.021656130  4113 0x22fe370 DEBUG   GST_REGISTRY gstregistrychunks.c:539:gst_registry_chunks_load_pad_template: Added pad_template sink
0:00:00.016858048  4114 0x235e320 LOG   GST_POLL gstpoll.c:994:gst_poll_fd_ctl_write: 0x2366820: pfd->events now 60 (POLLOUT:4)
0:00:00.021664234  4113 0x22fe370 DEBUG   GST_REGISTRY gstregistry.c:589:gst_registry_add_feature: adding feature 0x231e7c0 (fakesink)
0:00:00.016864733  4114 0x235e320 DEBUG   GST_POLL gstpoll.c:979:gst_poll_fd_ctl_write: 0x2366820: fd (fd:0, idx:1), active : 1
0:00:00.021671255  4113 0x22fe370 DEBUG   GST_REFCOUNTING gstobject.c:708:gst_object_set_parent: set parent (ref and sink)
0:00:00.016871980  4114 0x235e320 LOG   GST_POLL gstpoll.c:994:gst_poll_fd_ctl_write: 0x2366820: pfd->events now 60 (POLLOUT:4)
0:00:00.021683807  4113 0x22fe370 TRACE   GST_REFCOUNTING gstobject.c:292:gst_object_ref_sink: 0x231e7c0 ref_sink 1->2
0:00:00.016884232  4114 0x235e320 DEBUG   GST_POLL gstpoll.c:979:gst_poll_fd_ctl_write: 0x2366820: fd (fd:0, idx:1), active : 1
0:00:00.021690902  4113 0x22fe370 LOG   GST_REGISTRY gstregistry.c:607:gst_registry_add_feature: emitting feature-added for fakesink
0:00:00.016891706  4114 0x235e320 LOG   GST_POLL gstpoll.c:994:gst_poll_fd_ctl_write: 0x2366820: pfd->events now 60 (POLLOUT:4)
0:00:00.021698355  4113 0x22fe370 DEBUG   GST_REGISTRY gstregistrychunks.c:740:gst_registry_chunks_load_feature: Added feature fakesink, plugin 0x2318070 coreelements
0:00:00.016898632  4114 0x235e320 DEBUG   GST_POLL gstpoll.c:979:gst_poll_fd_ctl_write: 0x2366820: fd (fd:0, idx:1), active : 1
0:00:00.021706063  4113 0x22fe370 DEBUG   GST_REGISTRY gstregistrychunks.c:582:gst_registry_chunks_load_feature: Plugin 'coreelements' feature 'fakesrc' typename : 'GstElementFactory'
0:00:00.016905907  4114 0x235e320 LOG   GST_POLL gstpoll.c:994:gst_poll_fd_ctl_write: 0x2366820: pfd->events now 60 (POLLOUT:4)
0:00:00.021714095  4113 0x22fe370 TRACE   GST_REFCOUNTING gstobject.c:208:gst_object_init: 0x231ebb0 new
0:00:00.016913642  4114 0x235e320 DEBUG   GST_POLL gstpoll.c:979:gst_poll_fd_ctl_write: 0x2366820: fd (fd:0, idx:1), active : 1
0:00:00.021722424  4113 0x22fe370 LOG   GST_REGISTRY gstregistrychunks.c:609:gst_registry_chunks_load_feature: Reading/casting for GstRegistryChunkElementFactory at address 0x231ad80
0:00:00.016921821  4114 0x235e320 LOG   GST_POLL gstpoll.c:994:gst_poll_fd_ctl_write: 0x2366820: pfd->events now 60 (POLLOUT:4)
0:00:00.021729030  4113 0x22fe370 TRACE   structure gststructure.c:287:gst_structure_new_id_empty_with_size: created structure 0x231f240
0:00:00.016929995  4114 0x235e320 DEBUG   GST_POLL gstpoll.c:979:gst_poll_fd_ctl_write: 0x2366820: fd (fd:0, idx:1), active : 1
0:00:00.021735023  4113 0x22fe370 DEBUG   structure gststructure.c:2203:gst_structure_parse_field: trying field name 'long-name'
0:00:00.016936444  4114 0x235e320 LOG   GST_POLL gstpoll.c:994:gst_poll_fd_ctl_write: 0x2366820: pfd->events now 60 (POLLOUT:4)
0:00:00.021740985  4113 0x22fe370 DEBUG   default gstvalue.c:2676:_priv_gst_value_parse_value: trying type name 'string'
0:00:00.021747575  4113 0x22fe370 DEBUG   structure gststructure.c:2203:gst_structure_parse_field: trying field name 'klass'
0:00:00.016948292  4114 0x235e320 DEBUG   GST_POLL gstpoll.c:979:gst_poll_fd_ctl_write: 0x2366820: fd (fd:0, idx:1), active : 1
0:00:00.021752765  4113 0x22fe370 DEBUG   default gstvalue.c:2676:_priv_gst_value_parse_value: trying type name 'string'
0:00:00.016954966  4114 0x235e320 LOG   GST_POLL gstpoll.c:994:gst_poll_fd_ctl_write: 0x2366820: pfd->events now 60 (POLLOUT:4)
0:00:00.021759298  4113 0x22fe370 DEBUG   structure gststructure.c:2203:gst_structure_parse_field: trying field name 'description'
0:00:00.016961448  4114 0x235e320 DEBUG   GST_POLL gstpoll.c:979:gst_poll_fd_ctl_write: 0x2366820: fd (fd:0, idx:1), active : 1
0:00:00.021767788  4113 0x22fe370 DEBUG   default gstvalue.c:2676:_priv_gst_value_parse_value: trying type name 'string'
0:00:00.016969171  4114 0x235e320 LOG   GST_POLL gstpoll.c:994:gst_poll_fd_ctl_write: 0x2366820: pfd->events now 60 (POLLOUT:4)
0:00:00.021775375  4113 0x22fe370 DEBUG   structure gststructure.c:2203:gst_structure_parse_field: trying field name 'author'
0:00:00.016975610  4114 0x235e320 DEBUG   GST_POLL gstpoll.c:979:gst_poll_fd_ctl_write: 0x2366820: fd (fd:0, idx:1), active : 1
0:00:00.021786309  4113 0x22fe370 DEBUG   default gstvalue.c:2676:_priv_gst_value_parse_value: trying type name 'string'
0:00:00.016987449  4114 0x235e320 LOG   GST_POLL gstpoll.c:994:gst_poll_fd_ctl_write: 0x2366820: pfd->events now 60 (POLLOUT:4)
0:00:00.021794059  4113 0x22fe370 DEBUG   GST_REGISTRY gstregistrychunks.c:626:gst_registry_chunks_load_feature: Element factory : npadtemplates=1
0:00:00.016994008  4114 0x235e320 DEBUG   GST_POLL gstpoll.c:979:gst_poll_fd_ctl_write: 0x2366820: fd (fd:0, idx:1), active : 1
0:00:00.021800320  4113 0x22fe370 DEBUG   GST_REGISTRY gstregistrychunks.c:525:gst_registry_chunks_load_pad_template: Reading/casting for GstRegistryChunkPadTemplate at address 0x231ae80
0:00:00.017001336  4114 0x235e320 LOG   GST_POLL gstpoll.c:994:gst_poll_fd_ctl_write: 0x2366820: pfd->events now 60 (POLLOUT:4)
0:00:00.021806554  4113 0x22fe370 DEBUG   GST_REGISTRY gstregistrychunks.c:539:gst_registry_chunks_load_pad_template: Added pad_template src
0:00:00.017007859  4114 0x235e320 DEBUG   GST_POLL gstpoll.c:979:gst_poll_fd_ctl_write: 0x2366820: fd (fd:0, idx:1), active : 1
0:00:00.021814545  4113 0x22fe370 DEBUG   GST_REGISTRY gstregistry.c:589:gst_registry_add_feature: adding feature 0x231ebb0 (fakesrc)
0:00:00.017014265  4114 0x235e320 LOG   GST_POLL gstpoll.c:994:gst_poll_fd_ctl_write: 0x2366820: pfd->events now 60 (POLLOUT:4)
0:00:00.021821132  4113 0x22fe370 DEBUG   GST_REFCOUNTING gstobject.c:708:gst_object_set_parent: set parent (ref and sink)
0:00:00.017022195  4114 0x235e320 DEBUG   GST_POLL gstpoll.c:979:gst_poll_fd_ctl_write: 0x2366820: fd (fd:0, idx:1), active : 1
0:00:00.021829175  4113 0x22fe370 TRACE   GST_REFCOUNTING gstobject.c:292:gst_object_ref_sink: 0x231ebb0 ref_sink 1->2
0:00:00.017029013  4114 0x235e320 LOG   GST_POLL gstpoll.c:994:gst_poll_fd_ctl_write: 0x2366820: pfd->events now 60 (POLLOUT:4)
0:00:00.021836430  4113 0x22fe370 LOG   GST_REGISTRY gstregistry.c:607:gst_registry_add_feature: emitting feature-added for fakesrc
0:00:00.017037254  4114 0x235e320 DEBUG   GST_POLL gstpoll.c:979:gst_poll_fd_ctl_write: 0x2366820: fd (fd:0, idx:1), active : 1
0:00:00.021843495  4113 0x22fe370 DEBUG   GST_REGISTRY gstregistrychunks.c:740:gst_registry_chunks_load_feature: Added feature fakesrc, plugin 0x2318070 coreelements
0:00:00.017043718  4114 0x235e320 LOG   GST_POLL gstpoll.c:994:gst_poll_fd_ctl_write: 0x2366820: pfd->events now 60 (POLLOUT:4)
0:00:00.021873573  4113 0x22fe370 DEBUG   GST_REGISTRY gstregistrychunks.c:582:gst_registry_chunks_load_feature: Plugin 'coreelements' feature 'downloadbuffer' typename : 'GstElementFactory'
0:00:00.017074169  4114 0x235e320 DEBUG   GST_POLL gstpoll.c:979:gst_poll_fd_ctl_write: 0x2366820: fd (fd:0, idx:1), active : 1
0:00:00.017081423  4114 0x235e320 LOG   GST_POLL gstpoll.c:994:gst_poll_fd_ctl_write: 0x2366820: pfd->events now 60 (POLLOUT:4)
0:00:00.021882375  4113 0x22fe370 TRACE   GST_REFCOUNTING gstobject.c:208:gst_object_init: 0x231f030 new
0:00:00.017087889  4114 0x235e320 DEBUG   GST_POLL gstpoll.c:979:gst_poll_fd_ctl_write: 0x2366820: fd (fd:0, idx:1), active : 1
0:00:00.021892704  4113 0x22fe370 LOG   GST_REGISTRY gstregistrychunks.c:609:gst_registry_chunks_load_feature: Reading/casting for GstRegistryChunkElementFactory at address 0x231aeb8
0:00:00.017094193  4114 0x235e320 LOG   GST_POLL gstpoll.c:994:gst_poll_fd_ctl_write: 0x2366820: pfd->events now 60 (POLLOUT:4)
0:00:00.021899890  4113 0x22fe370 TRACE   structure gststructure.c:287:gst_structure_new_id_empty_with_size: created structure 0x231f560
0:00:00.017100876  4114 0x235e320 DEBUG   GST_POLL gstpoll.c:979:gst_poll_fd_ctl_write: 0x2366820: fd (fd:0, idx:1), active : 1
0:00:00.021906271  4113 0x22fe370 DEBUG   structure gststructure.c:2203:gst_structure_parse_field: trying field name 'long-name'
0:00:00.017107336  4114 0x235e320 LOG   GST_POLL gstpoll.c:994:gst_poll_fd_ctl_write: 0x2366820: pfd->events now 60 (POLLOUT:4)
0:00:00.021912359  4113 0x22fe370 DEBUG   default gstvalue.c:2676:_priv_gst_value_parse_value: trying type name 'string'
0:00:00.017114159  4114 0x235e320 DEBUG   GST_POLL gstpoll.c:979:gst_poll_fd_ctl_write: 0x2366820: fd (fd:0, idx:1), active : 1
0:00:00.021919508  4113 0x22fe370 DEBUG   structure gststructure.c:2203:gst_structure_parse_field: trying field name 'klass'
0:00:00.017120567  4114 0x235e320 LOG   GST_POLL gstpoll.c:994:gst_poll_fd_ctl_write: 0x2366820: pfd->events now 60 (POLLOUT:4)
0:00:00.021925503  4113 0x22fe370 DEBUG   default gstvalue.c:2676:_priv_gst_value_parse_value: trying type name 'string'
0:00:00.017127200  4114 0x235e320 DEBUG   GST_POLL gstpoll.c:979:gst_poll_fd_ctl_write: 0x2366820: fd (fd:0, idx:1), active : 1
0:00:00.021932161  4113 0x22fe370 DEBUG   structure gststructure.c:2203:gst_structure_parse_field: trying field name 'description'
0:00:00.017133510  4114 0x235e320 LOG   GST_POLL gstpoll.c:994:gst_poll_fd_ctl_write: 0x2366820: pfd->events now 60 (POLLOUT:4)
0:00:00.021938148  4113 0x22fe370 DEBUG   default gstvalue.c:2676:_priv_gst_value_parse_value: trying type name 'string'
0:00:00.017140190  4114 0x235e320 DEBUG   GST_POLL gstpoll.c:979:gst_poll_fd_ctl_write: 0x2366820: fd (fd:0, idx:1), active : 1
0:00:00.021945019  4113 0x22fe370 DEBUG   structure gststructure.c:2203:gst_structure_parse_field: trying field name 'author'
0:00:00.017146537  4114 0x235e320 LOG   GST_POLL gstpoll.c:994:gst_poll_fd_ctl_write: 0x2366820: pfd->events now 60 (POLLOUT:4)
0:00:00.021954824  4113 0x22fe370 DEBUG   default gstvalue.c:2676:_priv_gst_value_parse_value: trying type name 'string'
0:00:00.017156812  4114 0x235e320 DEBUG   GST_POLL gstpoll.c:979:gst_poll_fd_ctl_write: 0x2366820: fd (fd:0, idx:1), active : 1
0:00:00.021962095  4113 0x22fe370 DEBUG   GST_REGISTRY gstregistrychunks.c:626:gst_registry_chunks_load_feature: Element factory : npadtemplates=2
0:00:00.017163151  4114 0x235e320 LOG   GST_POLL gstpoll.c:994:gst_poll_fd_ctl_write: 0x2366820: pfd->events now 60 (POLLOUT:4)
0:00:00.021968308  4113 0x22fe370 DEBUG   GST_REGISTRY gstregistrychunks.c:525:gst_registry_chunks_load_pad_template: Reading/casting for GstRegistryChunkPadTemplate at address 0x231af80
0:00:00.017169978  4114 0x235e320 DEBUG   GST_POLL gstpoll.c:979:gst_poll_fd_ctl_write: 0x2366820: fd (fd:0, idx:1), active : 1
0:00:00.021974704  4113 0x22fe370 DEBUG   GST_REGISTRY gstregistrychunks.c:539:gst_registry_chunks_load_pad_template: Added pad_template sink
0:00:00.017176372  4114 0x235e320 LOG   GST_POLL gstpoll.c:994:gst_poll_fd_ctl_write: 0x2366820: pfd->events now 60 (POLLOUT:4)
0:00:00.021980642  4113 0x22fe370 DEBUG   GST_REGISTRY gstregistrychunks.c:525:gst_registry_chunks_load_pad_template: Reading/casting for GstRegistryChunkPadTemplate at address 0x231af98
0:00:00.017183393  4114 0x235e320 LOG   GST_PLUGIN_LOADING gstpluginloader.c:645:put_chunk: Expanding tx buf from 13209 to 17023 for chunk of size 229
0:00:00.021987889  4113 0x22fe370 DEBUG   GST_REGISTRY gstregistrychunks.c:539:gst_registry_chunks_load_pad_template: Added pad_template src
0:00:00.017194984  4114 0x235e320 DEBUG   GST_POLL gstpoll.c:979:gst_poll_fd_ctl_write: 0x2366820: fd (fd:0, idx:1), active : 1
0:00:00.021996331  4113 0x22fe370 DEBUG   GST_REGISTRY gstregistry.c:589:gst_registry_add_feature: adding feature 0x231f030 (downloadbuffer)
0:00:00.017201565  4114 0x235e320 LOG   GST_POLL gstpoll.c:994:gst_poll_fd_ctl_write: 0x2366820: pfd->events now 60 (POLLOUT:4)
0:00:00.022005161  4113 0x22fe370 DEBUG   GST_REFCOUNTING gstobject.c:708:gst_object_set_parent: set parent (ref and sink)
0:00:00.017208463  4114 0x235e320 DEBUG   GST_POLL gstpoll.c:979:gst_poll_fd_ctl_write: 0x2366820: fd (fd:0, idx:1), active : 1
0:00:00.022013293  4113 0x22fe370 TRACE   GST_REFCOUNTING gstobject.c:292:gst_object_ref_sink: 0x231f030 ref_sink 1->2
0:00:00.017214931  4114 0x235e320 LOG   GST_POLL gstpoll.c:994:gst_poll_fd_ctl_write: 0x2366820: pfd->events now 60 (POLLOUT:4)
0:00:00.022020734  4113 0x22fe370 LOG   GST_REGISTRY gstregistry.c:607:gst_registry_add_feature: emitting feature-added for downloadbuffer
0:00:00.017221667  4114 0x235e320 DEBUG   GST_POLL gstpoll.c:979:gst_poll_fd_ctl_write: 0x2366820: fd (fd:0, idx:1), active : 1
0:00:00.022027994  4113 0x22fe370 DEBUG   GST_REGISTRY gstregistrychunks.c:740:gst_registry_chunks_load_feature: Added feature downloadbuffer, plugin 0x2318070 coreelements
0:00:00.017228105  4114 0x235e320 LOG   GST_POLL gstpoll.c:994:gst_poll_fd_ctl_write: 0x2366820: pfd->events now 60 (POLLOUT:4)
0:00:00.022039692  4113 0x22fe370 DEBUG   GST_REGISTRY gstregistrychunks.c:582:gst_registry_chunks_load_feature: Plugin 'coreelements' feature 'dataurisrc' typename : 'GstElementFactory'
0:00:00.017240256  4114 0x235e320 DEBUG   GST_POLL gstpoll.c:979:gst_poll_fd_ctl_write: 0x2366820: fd (fd:0, idx:1), active : 1
0:00:00.017247606  4114 0x235e320 LOG   GST_POLL gstpoll.c:994:gst_poll_fd_ctl_write: 0x2366820: pfd->events now 60 (POLLOUT:4)
0:00:00.022048633  4113 0x22fe370 TRACE   GST_REFCOUNTING gstobject.c:208:gst_object_init: 0x231f840 new
0:00:00.017254024  4114 0x235e320 DEBUG   GST_POLL gstpoll.c:979:gst_poll_fd_ctl_write: 0x2366820: fd (fd:0, idx:1), active : 1
0:00:00.022058865  4113 0x22fe370 LOG   GST_REGISTRY gstregistrychunks.c:609:gst_registry_chunks_load_feature: Reading/casting for GstRegistryChunkElementFactory at address 0x231afc8
0:00:00.017260491  4114 0x235e320 LOG   GST_POLL gstpoll.c:994:gst_poll_fd_ctl_write: 0x2366820: pfd->events now 60 (POLLOUT:4)
0:00:00.022066493  4113 0x22fe370 TRACE   structure gststructure.c:287:gst_structure_new_id_empty_with_size: created structure 0x231fa40
0:00:00.017267285  4114 0x235e320 DEBUG   GST_POLL gstpoll.c:979:gst_poll_fd_ctl_write: 0x2366820: fd (fd:0, idx:1), active : 1
0:00:00.022072860  4113 0x22fe370 DEBUG   structure gststructure.c:2203:gst_structure_parse_field: trying field name 'long-name'
0:00:00.017273880  4114 0x235e320 LOG   GST_POLL gstpoll.c:994:gst_poll_fd_ctl_write: 0x2366820: pfd->events now 60 (POLLOUT:4)
0:00:00.022078876  4113 0x22fe370 DEBUG   default gstvalue.c:2676:_priv_gst_value_parse_value: trying type name 'string'
0:00:00.017280541  4114 0x235e320 DEBUG   GST_POLL gstpoll.c:979:gst_poll_fd_ctl_write: 0x2366820: fd (fd:0, idx:1), active : 1
0:00:00.022086051  4113 0x22fe370 DEBUG   structure gststructure.c:2203:gst_structure_parse_field: trying field name 'klass'
0:00:00.017286853  4114 0x235e320 LOG   GST_POLL gstpoll.c:994:gst_poll_fd_ctl_write: 0x2366820: pfd->events now 60 (POLLOUT:4)
0:00:00.022092105  4113 0x22fe370 DEBUG   default gstvalue.c:2676:_priv_gst_value_parse_value: trying type name 'string'
0:00:00.017305543  4114 0x235e320 DEBUG   GST_POLL gstpoll.c:979:gst_poll_fd_ctl_write: 0x2366820: fd (fd:0, idx:1), active : 1
0:00:00.022111760  4113 0x22fe370 DEBUG   structure gststructure.c:2203:gst_structure_parse_field: trying field name 'description'
0:00:00.017312141  4114 0x235e320 LOG   GST_POLL gstpoll.c:994:gst_poll_fd_ctl_write: 0x2366820: pfd->events now 60 (POLLOUT:4)
0:00:00.022117827  4113 0x22fe370 DEBUG   default gstvalue.c:2676:_priv_gst_value_parse_value: trying type name 'string'
0:00:00.017319530  4114 0x235e320 DEBUG   GST_POLL gstpoll.c:979:gst_poll_fd_ctl_write: 0x2366820: fd (fd:0, idx:1), active : 1
0:00:00.022124588  4113 0x22fe370 DEBUG   structure gststructure.c:2203:gst_structure_parse_field: trying field name 'author'
0:00:00.017331071  4114 0x235e320 LOG   GST_POLL gstpoll.c:994:gst_poll_fd_ctl_write: 0x2366820: pfd->events now 60 (POLLOUT:4)
0:00:00.022134413  4113 0x22fe370 DEBUG   default gstvalue.c:2676:_priv_gst_value_parse_value: trying type name 'string'
0:00:00.017337855  4114 0x235e320 DEBUG   GST_POLL gstpoll.c:979:gst_poll_fd_ctl_write: 0x2366820: fd (fd:0, idx:1), active : 1
0:00:00.022143125  4113 0x22fe370 DEBUG   GST_REGISTRY gstregistrychunks.c:626:gst_registry_chunks_load_feature: Element factory : npadtemplates=1
0:00:00.017344268  4114 0x235e320 LOG   GST_POLL gstpoll.c:994:gst_poll_fd_ctl_write: 0x2366820: pfd->events now 60 (POLLOUT:4)
0:00:00.022149254  4113 0x22fe370 DEBUG   GST_REGISTRY gstregistrychunks.c:525:gst_registry_chunks_load_pad_template: Reading/casting for GstRegistryChunkPadTemplate at address 0x231b0e0
0:00:00.017350668  4114 0x235e320 DEBUG   GST_POLL gstpoll.c:979:gst_poll_fd_ctl_write: 0x2366820: fd (fd:0, idx:1), active : 1
0:00:00.022155503  4113 0x22fe370 DEBUG   GST_REGISTRY gstregistrychunks.c:539:gst_registry_chunks_load_pad_template: Added pad_template src
0:00:00.017356933  4114 0x235e320 LOG   GST_POLL gstpoll.c:994:gst_poll_fd_ctl_write: 0x2366820: pfd->events now 60 (POLLOUT:4)
0:00:00.022162275  4113 0x22fe370 DEBUG   GST_REGISTRY gstregistrychunks.c:639:gst_registry_chunks_load_feature: Reading 1 UriTypes at address 0x231b0f0
0:00:00.017363458  4114 0x235e320 DEBUG   GST_POLL gstpoll.c:979:gst_poll_fd_ctl_write: 0x2366820: fd (fd:0, idx:1), active : 1
0:00:00.022169448  4113 0x22fe370 DEBUG   GST_REGISTRY gstregistrychunks.c:654:gst_registry_chunks_load_feature: Reading 1 Interfaces at address 0x231b0f9
0:00:00.017369714  4114 0x235e320 LOG   GST_POLL gstpoll.c:994:gst_poll_fd_ctl_write: 0x2366820: pfd->events now 60 (POLLOUT:4)
0:00:00.022177717  4113 0x22fe370 DEBUG   GST_REGISTRY gstregistry.c:589:gst_registry_add_feature: adding feature 0x231f840 (dataurisrc)
0:00:00.017377086  4114 0x235e320 DEBUG   GST_POLL gstpoll.c:979:gst_poll_fd_ctl_write: 0x2366820: fd (fd:0, idx:1), active : 1
0:00:00.022184608  4113 0x22fe370 DEBUG   GST_REFCOUNTING gstobject.c:708:gst_object_set_parent: set parent (ref and sink)
0:00:00.017385103  4114 0x235e320 LOG   GST_POLL gstpoll.c:994:gst_poll_fd_ctl_write: 0x2366820: pfd->events now 60 (POLLOUT:4)
0:00:00.022192791  4113 0x22fe370 TRACE   GST_REFCOUNTING gstobject.c:292:gst_object_ref_sink: 0x231f840 ref_sink 1->2
0:00:00.017392770  4114 0x235e320 DEBUG   GST_POLL gstpoll.c:979:gst_poll_fd_ctl_write: 0x2366820: fd (fd:0, idx:1), active : 1
0:00:00.022200095  4113 0x22fe370 LOG   GST_REGISTRY gstregistry.c:607:gst_registry_add_feature: emitting feature-added for dataurisrc
0:00:00.017400452  4114 0x235e320 LOG   GST_POLL gstpoll.c:994:gst_poll_fd_ctl_write: 0x2366820: pfd->events now 60 (POLLOUT:4)
0:00:00.022207045  4113 0x22fe370 DEBUG   GST_REGISTRY gstregistrychunks.c:740:gst_registry_chunks_load_feature: Added feature dataurisrc, plugin 0x2318070 coreelements
0:00:00.017414883  4114 0x235e320 DEBUG   GST_POLL gstpoll.c:979:gst_poll_fd_ctl_write: 0x2366820: fd (fd:0, idx:1), active : 1
0:00:00.022218798  4113 0x22fe370 DEBUG   GST_REGISTRY gstregistrychunks.c:582:gst_registry_chunks_load_feature: Plugin 'coreelements' feature 'concat' typename : 'GstElementFactory'
0:00:00.017421203  4114 0x235e320 LOG   GST_POLL gstpoll.c:994:gst_poll_fd_ctl_write: 0x2366820: pfd->events now 60 (POLLOUT:4)
0:00:00.022226939  4113 0x22fe370 TRACE   GST_REFCOUNTING gstobject.c:208:gst_object_init: 0x231fbf0 new
0:00:00.017427589  4114 0x235e320 DEBUG   GST_POLL gstpoll.c:979:gst_poll_fd_ctl_write: 0x2366820: fd (fd:0, idx:1), active : 1
0:00:00.022235170  4113 0x22fe370 LOG   GST_REGISTRY gstregistrychunks.c:609:gst_registry_chunks_load_feature: Reading/casting for GstRegistryChunkElementFactory at address 0x231b120
0:00:00.017434841  4114 0x235e320 LOG   GST_POLL gstpoll.c:994:gst_poll_fd_ctl_write: 0x2366820: pfd->events now 60 (POLLOUT:4)
0:00:00.022242175  4113 0x22fe370 TRACE   structure gststructure.c:287:gst_structure_new_id_empty_with_size: created structure 0x231fe80
0:00:00.017443571  4114 0x235e320 DEBUG   GST_POLL gstpoll.c:979:gst_poll_fd_ctl_write: 0x2366820: fd (fd:0, idx:1), active : 1
0:00:00.022248343  4113 0x22fe370 DEBUG   structure gststructure.c:2203:gst_structure_parse_field: trying field name 'long-name'
0:00:00.017449851  4114 0x235e320 LOG   GST_POLL gstpoll.c:994:gst_poll_fd_ctl_write: 0x2366820: pfd->events now 60 (POLLOUT:4)
0:00:00.022254155  4113 0x22fe370 DEBUG   default gstvalue.c:2676:_priv_gst_value_parse_value: trying type name 'string'
0:00:00.017456356  4114 0x235e320 DEBUG   GST_POLL gstpoll.c:979:gst_poll_fd_ctl_write: 0x2366820: fd (fd:0, idx:1), active : 1
0:00:00.022260851  4113 0x22fe370 DEBUG   structure gststructure.c:2203:gst_structure_parse_field: trying field name 'klass'
0:00:00.017462797  4114 0x235e320 LOG   GST_POLL gstpoll.c:994:gst_poll_fd_ctl_write: 0x2366820: pfd->events now 60 (POLLOUT:4)
0:00:00.022266765  4113 0x22fe370 DEBUG   default gstvalue.c:2676:_priv_gst_value_parse_value: trying type name 'string'
0:00:00.017469382  4114 0x235e320 DEBUG   GST_POLL gstpoll.c:979:gst_poll_fd_ctl_write: 0x2366820: fd (fd:0, idx:1), active : 1
0:00:00.022273482  4113 0x22fe370 DEBUG   structure gststructure.c:2203:gst_structure_parse_field: trying field name 'description'
0:00:00.017475854  4114 0x235e320 LOG   GST_POLL gstpoll.c:994:gst_poll_fd_ctl_write: 0x2366820: pfd->events now 60 (POLLOUT:4)
0:00:00.022279488  4113 0x22fe370 DEBUG   default gstvalue.c:2676:_priv_gst_value_parse_value: trying type name 'string'
0:00:00.017482398  4114 0x235e320 DEBUG   GST_POLL gstpoll.c:979:gst_poll_fd_ctl_write: 0x2366820: fd (fd:0, idx:1), active : 1
0:00:00.022286496  4113 0x22fe370 DEBUG   structure gststructure.c:2203:gst_structure_parse_field: trying field name 'author'
0:00:00.017488733  4114 0x235e320 LOG   GST_POLL gstpoll.c:994:gst_poll_fd_ctl_write: 0x2366820: pfd->events now 60 (POLLOUT:4)
0:00:00.022297018  4113 0x22fe370 DEBUG   default gstvalue.c:2676:_priv_gst_value_parse_value: trying type name 'string'
0:00:00.017498564  4114 0x235e320 DEBUG   GST_POLL gstpoll.c:979:gst_poll_fd_ctl_write: 0x2366820: fd (fd:0, idx:1), active : 1
0:00:00.022304575  4113 0x22fe370 DEBUG   GST_REGISTRY gstregistrychunks.c:626:gst_registry_chunks_load_feature: Element factory : npadtemplates=2
0:00:00.017505036  4114 0x235e320 LOG   GST_POLL gstpoll.c:994:gst_poll_fd_ctl_write: 0x2366820: pfd->events now 60 (POLLOUT:4)
0:00:00.017511986  4114 0x235e320 DEBUG   GST_POLL gstpoll.c:979:gst_poll_fd_ctl_write: 0x2366820: fd (fd:0, idx:1), active : 1
0:00:00.022313914  4113 0x22fe370 DEBUG   GST_REGISTRY gstregistrychunks.c:525:gst_registry_chunks_load_pad_template: Reading/casting for GstRegistryChunkPadTemplate at address 0x231b1f8
0:00:00.017517936  4114 0x235e320 LOG   GST_POLL gstpoll.c:994:gst_poll_fd_ctl_write: 0x2366820: pfd->events now 60 (POLLOUT:4)
0:00:00.022321503  4113 0x22fe370 DEBUG   GST_REGISTRY gstregistrychunks.c:539:gst_registry_chunks_load_pad_template: Added pad_template src
0:00:00.017524478  4114 0x235e320 DEBUG   GST_POLL gstpoll.c:979:gst_poll_fd_ctl_write: 0x2366820: fd (fd:0, idx:1), active : 1
0:00:00.022327567  4113 0x22fe370 DEBUG   GST_REGISTRY gstregistrychunks.c:525:gst_registry_chunks_load_pad_template: Reading/casting for GstRegistryChunkPadTemplate at address 0x231b208
0:00:00.017530528  4114 0x235e320 LOG   GST_POLL gstpoll.c:994:gst_poll_fd_ctl_write: 0x2366820: pfd->events now 60 (POLLOUT:4)
0:00:00.022333913  4113 0x22fe370 DEBUG   GST_REGISTRY gstregistrychunks.c:539:gst_registry_chunks_load_pad_template: Added pad_template sink_%u
0:00:00.017536957  4114 0x235e320 DEBUG   GST_POLL gstpoll.c:979:gst_poll_fd_ctl_write: 0x2366820: fd (fd:0, idx:1), active : 1
0:00:00.022341308  4113 0x22fe370 DEBUG   GST_REGISTRY gstregistry.c:589:gst_registry_add_feature: adding feature 0x231fbf0 (concat)
0:00:00.017542974  4114 0x235e320 LOG   GST_POLL gstpoll.c:994:gst_poll_fd_ctl_write: 0x2366820: pfd->events now 60 (POLLOUT:4)
0:00:00.022347663  4113 0x22fe370 DEBUG   GST_REFCOUNTING gstobject.c:708:gst_object_set_parent: set parent (ref and sink)
0:00:00.017568009  4114 0x235e320 DEBUG   GST_POLL gstpoll.c:979:gst_poll_fd_ctl_write: 0x2366820: fd (fd:0, idx:1), active : 1
0:00:00.022374015  4113 0x22fe370 TRACE   GST_REFCOUNTING gstobject.c:292:gst_object_ref_sink: 0x231fbf0 ref_sink 1->2
0:00:00.017574480  4114 0x235e320 LOG   GST_POLL gstpoll.c:994:gst_poll_fd_ctl_write: 0x2366820: pfd->events now 60 (POLLOUT:4)
0:00:00.022381775  4113 0x22fe370 LOG   GST_REGISTRY gstregistry.c:607:gst_registry_add_feature: emitting feature-added for concat
0:00:00.017582184  4114 0x235e320 DEBUG   GST_POLL gstpoll.c:979:gst_poll_fd_ctl_write: 0x2366820: fd (fd:0, idx:1), active : 1
0:00:00.022388933  4113 0x22fe370 DEBUG   GST_REGISTRY gstregistrychunks.c:740:gst_registry_chunks_load_feature: Added feature concat, plugin 0x2318070 coreelements
0:00:00.017593569  4114 0x235e320 LOG   GST_POLL gstpoll.c:994:gst_poll_fd_ctl_write: 0x2366820: pfd->events now 60 (POLLOUT:4)
0:00:00.022398028  4113 0x22fe370 DEBUG   GST_REGISTRY gstregistrychunks.c:582:gst_registry_chunks_load_feature: Plugin 'coreelements' feature 'clocksync' typename : 'GstElementFactory'
0:00:00.017600288  4114 0x235e320 DEBUG   GST_POLL gstpoll.c:979:gst_poll_fd_ctl_write: 0x2366820: fd (fd:0, idx:1), active : 1
0:00:00.022406455  4113 0x22fe370 TRACE   GST_REFCOUNTING gstobject.c:208:gst_object_init: 0x231f370 new
0:00:00.017606723  4114 0x235e320 LOG   GST_POLL gstpoll.c:994:gst_poll_fd_ctl_write: 0x2366820: pfd->events now 60 (POLLOUT:4)
0:00:00.022414507  4113 0x22fe370 LOG   GST_REGISTRY gstregistrychunks.c:609:gst_registry_chunks_load_feature: Reading/casting for GstRegistryChunkElementFactory at address 0x231b238
0:00:00.017614787  4114 0x235e320 DEBUG   GST_POLL gstpoll.c:979:gst_poll_fd_ctl_write: 0x2366820: fd (fd:0, idx:1), active : 1
0:00:00.022421282  4113 0x22fe370 TRACE   structure gststructure.c:287:gst_structure_new_id_empty_with_size: created structure 0x23203b0
0:00:00.017621986  4114 0x235e320 LOG   GST_POLL gstpoll.c:994:gst_poll_fd_ctl_write: 0x2366820: pfd->events now 60 (POLLOUT:4)
0:00:00.022427533  4113 0x22fe370 DEBUG   structure gststructure.c:2203:gst_structure_parse_field: trying field name 'long-name'
0:00:00.017628870  4114 0x235e320 DEBUG   GST_POLL gstpoll.c:979:gst_poll_fd_ctl_write: 0x2366820: fd (fd:0, idx:1), active : 1
0:00:00.022433396  4113 0x22fe370 DEBUG   default gstvalue.c:2676:_priv_gst_value_parse_value: trying type name 'string'
0:00:00.017635236  4114 0x235e320 LOG   GST_POLL gstpoll.c:994:gst_poll_fd_ctl_write: 0x2366820: pfd->events now 60 (POLLOUT:4)
0:00:00.022440188  4113 0x22fe370 DEBUG   structure gststructure.c:2203:gst_structure_parse_field: trying field name 'klass'
0:00:00.017641951  4114 0x235e320 DEBUG   GST_POLL gstpoll.c:979:gst_poll_fd_ctl_write: 0x2366820: fd (fd:0, idx:1), active : 1
0:00:00.022446101  4113 0x22fe370 DEBUG   default gstvalue.c:2676:_priv_gst_value_parse_value: trying type name 'string'
0:00:00.017648309  4114 0x235e320 LOG   GST_POLL gstpoll.c:994:gst_poll_fd_ctl_write: 0x2366820: pfd->events now 60 (POLLOUT:4)
0:00:00.022452750  4113 0x22fe370 DEBUG   structure gststructure.c:2203:gst_structure_parse_field: trying field name 'description'
0:00:00.017655016  4114 0x235e320 DEBUG   GST_POLL gstpoll.c:979:gst_poll_fd_ctl_write: 0x2366820: fd (fd:0, idx:1), active : 1
0:00:00.022458538  4113 0x22fe370 DEBUG   default gstvalue.c:2676:_priv_gst_value_parse_value: trying type name 'string'
0:00:00.017661580  4114 0x235e320 LOG   GST_POLL gstpoll.c:994:gst_poll_fd_ctl_write: 0x2366820: pfd->events now 60 (POLLOUT:4)
0:00:00.022466138  4113 0x22fe370 DEBUG   structure gststructure.c:2203:gst_structure_parse_field: trying field name 'author'
0:00:00.017672510  4114 0x235e320 DEBUG   GST_POLL gstpoll.c:979:gst_poll_fd_ctl_write: 0x2366820: fd (fd:0, idx:1), active : 1
0:00:00.022475561  4113 0x22fe370 DEBUG   default gstvalue.c:2676:_priv_gst_value_parse_value: trying type name 'string'
0:00:00.017679247  4114 0x235e320 LOG   GST_POLL gstpoll.c:994:gst_poll_fd_ctl_write: 0x2366820: pfd->events now 60 (POLLOUT:4)
