0:00:00.013100075  4114 0x235e320 LOG   GST_POLL gstpoll.c:994:gst_poll_fd_ctl_write: 0x2366820: pfd->events now 60 (POLLOUT:4)
0:00:00.013110888  4114 0x235e320 DEBUG   GST_POLL gstpoll.c:979:gst_poll_fd_ctl_write: 0x2366820: fd (fd:0, idx:1), active : 1
0:00:00.013116818  4114 0x235e320 LOG   GST_POLL gstpoll.c:994:gst_poll_fd_ctl_write: 0x2366820: pfd->events now 60 (POLLOUT:4)
0:00:00.013123135  4114 0x235e320 DEBUG   GST_POLL gstpoll.c:979:gst_poll_fd_ctl_write: 0x2366820: fd (fd:0, idx:1), active : 1
0:00:00.013129080  4114 0x235e320 LOG   GST_POLL gstpoll.c:994:gst_poll_fd_ctl_write: 0x2366820: pfd->events now 60 (POLLOUT:4)
0:00:00.013135350  4114 0x235e320 DEBUG   GST_POLL gstpoll.c:979:gst_poll_fd_ctl_write: 0x2366820: fd (fd:0, idx:1), active : 1
0:00:00.013141256  4114 0x235e320 LOG   GST_POLL gstpoll.c:994:gst_poll_fd_ctl_write: 0x2366820: pfd->events now 60 (POLLOUT:4)
0:00:00.013147431  4114 0x235e320 DEBUG   GST_POLL gstpoll.c:979:gst_poll_fd_ctl_write: 0x2366820: fd (fd:0, idx:1), active : 1
0:00:00.013153311  4114 0x235e320 LOG   GST_POLL gstpoll.c:994:gst_poll_fd_ctl_write: 0x2366820: pfd->events now 60 (POLLOUT:4)
0:00:00.013159623  4114 0x235e320 DEBUG   GST_POLL gstpoll.c:979:gst_poll_fd_ctl_write: 0x2366820: fd (fd:0, idx:1), active : 1
0:00:00.013165613  4114 0x235e320 LOG   GST_POLL gstpoll.c:994:gst_poll_fd_ctl_write: 0x2366820: pfd->events now 60 (POLLOUT:4)
0:00:00.013171868  4114 0x235e320 DEBUG   GST_POLL gstpoll.c:979:gst_poll_fd_ctl_write: 0x2366820: fd (fd:0, idx:1), active : 1
0:00:00.013177820  4114 0x235e320 LOG   GST_POLL gstpoll.c:994:gst_poll_fd_ctl_write: 0x2366820: pfd->events now 60 (POLLOUT:4)
0:00:00.013184147  4114 0x235e320 DEBUG   GST_POLL gstpoll.c:979:gst_poll_fd_ctl_write: 0x2366820: fd (fd:0, idx:1), active : 1
0:00:00.013190001  4114 0x235e320 LOG   GST_POLL gstpoll.c:994:gst_poll_fd_ctl_write: 0x2366820: pfd->events now 60 (POLLOUT:4)
0:00:00.013201380  4114 0x235e320 TRACE   GST_REFCOUNTING gstobject.c:264:gst_object_unref: 0x237a140 unref 2->1
0:00:00.013209083  4114 0x235e320 DEBUG   GST_POLL gstpoll.c:1241:gst_poll_fd_has_error: 0x2366820: fd (fd:0, idx:1) 0
0:00:00.013215650  4114 0x235e320 DEBUG   GST_POLL gstpoll.c:1335:gst_poll_fd_can_write: 0x2366820: fd (fd:0, idx:1) 1
0:00:00.013221928  4114 0x235e320 LOG   GST_PLUGIN_LOADING gstpluginloader.c:690:write_one: Writing packet of size 488 bytes to fd 0
0:00:00.013245506  4114 0x235e320 DEBUG   GST_POLL gstpoll.c:1414:gst_poll_wait: 0x2366820: timeout :0:00:01.000000000
0:00:00.013258420  4114 0x235e320 LOG   GST_PLUGIN_LOADING gstpluginloader.c:1027:exchange_packets: Poll res = 2. 6872 bytes pending for write
0:00:00.013265501  4114 0x235e320 DEBUG   GST_POLL gstpoll.c:1241:gst_poll_fd_has_error: 0x2366820: fd (fd:5, idx:2) 0
0:00:00.013271705  4114 0x235e320 DEBUG   GST_POLL gstpoll.c:1266:gst_poll_fd_can_read_unlocked: 0x2366820: fd (fd:5, idx:2) 1
0:00:00.013283091  4114 0x235e320 DEBUG   GST_PLUGIN_LOADING gstpluginloader.c:722:do_plugin_load: Plugin scanner loading file /home/conan/w/prod/BuildSingleReference/.conan/data/gstreamer/1.18.4/_/_/package/79b6a76dab3879a2afba8d14ba028b620dd3f25b/lib/gstreamer-1.0/libgstcoretracers.so. tag 2
0:00:00.013297220  4114 0x235e320 TRACE   GST_REFCOUNTING gstobject.c:237:gst_object_ref: 0x2377e90 ref 1->2
0:00:00.013305549  4114 0x235e320 TRACE   GST_REFCOUNTING gstobject.c:237:gst_object_ref: 0x2378d90 ref 1->2
0:00:00.013312440  4114 0x235e320 TRACE   GST_REFCOUNTING gstobject.c:237:gst_object_ref: 0x2378b40 ref 1->2
0:00:00.013319297  4114 0x235e320 TRACE   GST_REFCOUNTING gstobject.c:237:gst_object_ref: 0x2378870 ref 1->2
0:00:00.013326151  4114 0x235e320 TRACE   GST_REFCOUNTING gstobject.c:237:gst_object_ref: 0x2378660 ref 1->2
0:00:00.013332748  4114 0x235e320 TRACE   GST_REFCOUNTING gstobject.c:237:gst_object_ref: 0x2378170 ref 1->2
0:00:00.013342963  4114 0x235e320 TRACE   GST_REFCOUNTING gstobject.c:264:gst_object_unref: 0x2378170 unref 2->1
0:00:00.013349929  4114 0x235e320 TRACE   GST_REFCOUNTING gstobject.c:264:gst_object_unref: 0x2378660 unref 2->1
0:00:00.013356582  4114 0x235e320 TRACE   GST_REFCOUNTING gstobject.c:264:gst_object_unref: 0x2378870 unref 2->1
0:00:00.013363343  4114 0x235e320 TRACE   GST_REFCOUNTING gstobject.c:264:gst_object_unref: 0x2378b40 unref 2->1
0:00:00.013369929  4114 0x235e320 TRACE   GST_REFCOUNTING gstobject.c:264:gst_object_unref: 0x2378d90 unref 2->1
0:00:00.018169083  4113 0x22fe370 LOG   GST_PLUGIN_LOADING gstpluginloader.c:1027:exchange_packets: Poll res = 1. 0 bytes pending for write
0:00:00.013377932  4114 0x235e320 DEBUG   GST_REGISTRY gstregistrychunks.c:497:_priv_gst_registry_chunks_save_plugin: Found 5 features in plugin 0x2377e90 (coretracers)
0:00:00.013399362  4114 0x235e320 DEBUG   GST_POLL gstpoll.c:979:gst_poll_fd_ctl_write: 0x2366820: fd (fd:0, idx:1), active : 1
0:00:00.018201914  4113 0x22fe370 DEBUG   GST_POLL gstpoll.c:1241:gst_poll_fd_has_error: 0x2317b40: fd (fd:8, idx:2) 0
0:00:00.013405578  4114 0x235e320 LOG   GST_POLL gstpoll.c:994:gst_poll_fd_ctl_write: 0x2366820: pfd->events now 60 (POLLOUT:4)
0:00:00.018210793  4113 0x22fe370 DEBUG   GST_POLL gstpoll.c:1266:gst_poll_fd_can_read_unlocked: 0x2317b40: fd (fd:8, idx:2) 1
0:00:00.013412446  4114 0x235e320 DEBUG   GST_POLL gstpoll.c:979:gst_poll_fd_ctl_write: 0x2366820: fd (fd:0, idx:1), active : 1
0:00:00.013419012  4114 0x235e320 LOG   GST_POLL gstpoll.c:994:gst_poll_fd_ctl_write: 0x2366820: pfd->events now 60 (POLLOUT:4)
0:00:00.013425297  4114 0x235e320 DEBUG   GST_POLL gstpoll.c:979:gst_poll_fd_ctl_write: 0x2366820: fd (fd:0, idx:1), active : 1
0:00:00.018229292  4113 0x22fe370 DEBUG   GST_PLUGIN_LOADING gstpluginloader.c:848:handle_rx_packet: Received plugin details from child w/ tag 0. 476 bytes info
0:00:00.013431214  4114 0x235e320 LOG   GST_POLL gstpoll.c:994:gst_poll_fd_ctl_write: 0x2366820: pfd->events now 60 (POLLOUT:4)
0:00:00.018237700  4113 0x22fe370 LOG   GST_REGISTRY gstregistrychunks.c:836:_priv_gst_registry_chunks_load_plugin: Reading/casting for GstRegistryChunkPluginElement at address 0x2318070
0:00:00.013441886  4114 0x235e320 DEBUG   GST_POLL gstpoll.c:979:gst_poll_fd_ctl_write: 0x2366820: fd (fd:0, idx:1), active : 1
0:00:00.013448343  4114 0x235e320 LOG   GST_POLL gstpoll.c:994:gst_poll_fd_ctl_write: 0x2366820: pfd->events now 60 (POLLOUT:4)
0:00:00.013454636  4114 0x235e320 DEBUG   GST_POLL gstpoll.c:979:gst_poll_fd_ctl_write: 0x2366820: fd (fd:0, idx:1), active : 1
0:00:00.013460557  4114 0x235e320 LOG   GST_POLL gstpoll.c:994:gst_poll_fd_ctl_write: 0x2366820: pfd->events now 60 (POLLOUT:4)
0:00:00.018261892  4113 0x22fe370 TRACE   GST_REFCOUNTING gstobject.c:208:gst_object_init: 0x23186e0 new
0:00:00.013466877  4114 0x235e320 DEBUG   GST_POLL gstpoll.c:979:gst_poll_fd_ctl_write: 0x2366820: fd (fd:0, idx:1), active : 1
0:00:00.013473148  4114 0x235e320 LOG   GST_POLL gstpoll.c:994:gst_poll_fd_ctl_write: 0x2366820: pfd->events now 60 (POLLOUT:4)
0:00:00.013479190  4114 0x235e320 DEBUG   GST_POLL gstpoll.c:979:gst_poll_fd_ctl_write: 0x2366820: fd (fd:0, idx:1), active : 1
0:00:00.013485048  4114 0x235e320 LOG   GST_POLL gstpoll.c:994:gst_poll_fd_ctl_write: 0x2366820: pfd->events now 60 (POLLOUT:4)
0:00:00.013491249  4114 0x235e320 DEBUG   GST_POLL gstpoll.c:979:gst_poll_fd_ctl_write: 0x2366820: fd (fd:0, idx:1), active : 1
0:00:00.013497315  4114 0x235e320 LOG   GST_POLL gstpoll.c:994:gst_poll_fd_ctl_write: 0x2366820: pfd->events now 60 (POLLOUT:4)
0:00:00.013503478  4114 0x235e320 DEBUG   GST_POLL gstpoll.c:979:gst_poll_fd_ctl_write: 0x2366820: fd (fd:0, idx:1), active : 1
0:00:00.013509411  4114 0x235e320 LOG   GST_POLL gstpoll.c:994:gst_poll_fd_ctl_write: 0x2366820: pfd->events now 60 (POLLOUT:4)
0:00:00.018310401  4113 0x22fe370 LOG   GST_REGISTRY gstregistrychunks.c:858:_priv_gst_registry_chunks_load_plugin: read strings for name='coretracers'
0:00:00.013515671  4114 0x235e320 DEBUG   GST_POLL gstpoll.c:979:gst_poll_fd_ctl_write: 0x2366820: fd (fd:0, idx:1), active : 1
0:00:00.018319649  4113 0x22fe370 LOG   GST_REGISTRY gstregistrychunks.c:859:_priv_gst_registry_chunks_load_plugin: desc.description='GStreamer core tracers'
0:00:00.013521975  4114 0x235e320 LOG   GST_POLL gstpoll.c:994:gst_poll_fd_ctl_write: 0x2366820: pfd->events now 60 (POLLOUT:4)
0:00:00.018326883  4113 0x22fe370 LOG   GST_REGISTRY gstregistrychunks.c:860:_priv_gst_registry_chunks_load_plugin: filename='/home/conan/w/prod/BuildSingleReference/.conan/data/gstreamer/1.18.4/_/_/package/79b6a76dab3879a2afba8d14ba028b620dd3f25b/lib/gstreamer-1.0/libgstcoretracers.so'
0:00:00.013528652  4114 0x235e320 DEBUG   GST_POLL gstpoll.c:979:gst_poll_fd_ctl_write: 0x2366820: fd (fd:0, idx:1), active : 1
0:00:00.018333708  4113 0x22fe370 LOG   GST_REGISTRY gstregistrychunks.c:861:_priv_gst_registry_chunks_load_plugin: desc.version='1.18.4'
0:00:00.013534980  4114 0x235e320 LOG   GST_POLL gstpoll.c:994:gst_poll_fd_ctl_write: 0x2366820: pfd->events now 60 (POLLOUT:4)
0:00:00.018339854  4113 0x22fe370 LOG   GST_REGISTRY gstregistrychunks.c:862:_priv_gst_registry_chunks_load_plugin: desc.license='LGPL'
0:00:00.013546149  4114 0x235e320 DEBUG   GST_POLL gstpoll.c:979:gst_poll_fd_ctl_write: 0x2366820: fd (fd:0, idx:1), active : 1
0:00:00.018349037  4113 0x22fe370 LOG   GST_REGISTRY gstregistrychunks.c:863:_priv_gst_registry_chunks_load_plugin: desc.source='gstreamer'
0:00:00.013552728  4114 0x235e320 LOG   GST_POLL gstpoll.c:994:gst_poll_fd_ctl_write: 0x2366820: pfd->events now 60 (POLLOUT:4)
0:00:00.018356083  4113 0x22fe370 LOG   GST_REGISTRY gstregistrychunks.c:864:_priv_gst_registry_chunks_load_plugin: desc.package='GStreamer source release'
0:00:00.013559528  4114 0x235e320 DEBUG   GST_POLL gstpoll.c:979:gst_poll_fd_ctl_write: 0x2366820: fd (fd:0, idx:1), active : 1
0:00:00.018362685  4113 0x22fe370 LOG   GST_REGISTRY gstregistrychunks.c:865:_priv_gst_registry_chunks_load_plugin: desc.origin='Unknown package origin'
0:00:00.013565948  4114 0x235e320 LOG   GST_POLL gstpoll.c:994:gst_poll_fd_ctl_write: 0x2366820: pfd->events now 60 (POLLOUT:4)
0:00:00.018369425  4113 0x22fe370 LOG   GST_REGISTRY gstregistrychunks.c:866:_priv_gst_registry_chunks_load_plugin: desc.datetime=2021-03-15
0:00:00.013572612  4114 0x235e320 DEBUG   GST_POLL gstpoll.c:979:gst_poll_fd_ctl_write: 0x2366820: fd (fd:0, idx:1), active : 1
0:00:00.013578995  4114 0x235e320 LOG   GST_POLL gstpoll.c:994:gst_poll_fd_ctl_write: 0x2366820: pfd->events now 60 (POLLOUT:4)
0:00:00.018380744  4113 0x22fe370 DEBUG   GST_REGISTRY gstregistry.c:473:gst_registry_add_plugin: adding plugin 0x23186e0 for filename "/home/conan/w/prod/BuildSingleReference/.conan/data/gstreamer/1.18.4/_/_/package/79b6a76dab3879a2afba8d14ba028b620dd3f25b/lib/gstreamer-1.0/libgstcoretracers.so"
0:00:00.013585221  4114 0x235e320 DEBUG   GST_POLL gstpoll.c:979:gst_poll_fd_ctl_write: 0x2366820: fd (fd:0, idx:1), active : 1
0:00:00.018392055  4113 0x22fe370 TRACE   GST_REFCOUNTING gstobject.c:292:gst_object_ref_sink: 0x23186e0 ref_sink 1->2
0:00:00.013591661  4114 0x235e320 LOG   GST_POLL gstpoll.c:994:gst_poll_fd_ctl_write: 0x2366820: pfd->events now 60 (POLLOUT:4)
0:00:00.018400619  4113 0x22fe370 LOG   GST_REGISTRY gstregistry.c:486:gst_registry_add_plugin: emitting plugin-added for filename "/home/conan/w/prod/BuildSingleReference/.conan/data/gstreamer/1.18.4/_/_/package/79b6a76dab3879a2afba8d14ba028b620dd3f25b/lib/gstreamer-1.0/libgstcoretracers.so"
0:00:00.013600856  4114 0x235e320 LOG   GST_PLUGIN_LOADING gstpluginloader.c:645:put_chunk: Expanding tx buf from 7717 to 10158 for chunk of size 17
0:00:00.018409176  4113 0x22fe370 DEBUG   GST_REGISTRY gstregistrychunks.c:886:_priv_gst_registry_chunks_load_plugin: Added plugin 'coretracers' plugin with 5 features from binary registry
0:00:00.013612317  4114 0x235e320 DEBUG   GST_POLL gstpoll.c:979:gst_poll_fd_ctl_write: 0x2366820: fd (fd:0, idx:1), active : 1
0:00:00.018416985  4113 0x22fe370 DEBUG   GST_REGISTRY gstregistrychunks.c:582:gst_registry_chunks_load_feature: Plugin 'coretracers' feature 'leaks' typename : 'GstTracerFactory'
0:00:00.013618782  4114 0x235e320 LOG   GST_POLL gstpoll.c:994:gst_poll_fd_ctl_write: 0x2366820: pfd->events now 60 (POLLOUT:4)
0:00:00.013637023  4114 0x235e320 DEBUG   GST_POLL gstpoll.c:979:gst_poll_fd_ctl_write: 0x2366820: fd (fd:0, idx:1), active : 1
0:00:00.013651714  4114 0x235e320 LOG   GST_POLL gstpoll.c:994:gst_poll_fd_ctl_write: 0x2366820: pfd->events now 60 (POLLOUT:4)
0:00:00.013660720  4114 0x235e320 DEBUG   GST_POLL gstpoll.c:979:gst_poll_fd_ctl_write: 0x2366820: fd (fd:0, idx:1), active : 1
0:00:00.013669644  4114 0x235e320 LOG   GST_POLL gstpoll.c:994:gst_poll_fd_ctl_write: 0x2366820: pfd->events now 60 (POLLOUT:4)
0:00:00.018472964  4113 0x22fe370 TRACE   GST_REFCOUNTING gstobject.c:208:gst_object_init: 0x23189f0 new
0:00:00.013679286  4114 0x235e320 DEBUG   GST_POLL gstpoll.c:979:gst_poll_fd_ctl_write: 0x2366820: fd (fd:0, idx:1), active : 1
0:00:00.018485680  4113 0x22fe370 DEBUG   GST_REGISTRY gstregistrychunks.c:716:gst_registry_chunks_load_feature: Reading/casting for GstRegistryChunkPluginFeature at address 0x23181b8
0:00:00.018495340  4113 0x22fe370 DEBUG   GST_REGISTRY gstregistry.c:589:gst_registry_add_feature: adding feature 0x23189f0 (leaks)
0:00:00.013691606  4114 0x235e320 LOG   GST_POLL gstpoll.c:994:gst_poll_fd_ctl_write: 0x2366820: pfd->events now 60 (POLLOUT:4)
0:00:00.018501846  4113 0x22fe370 DEBUG   GST_REFCOUNTING gstobject.c:708:gst_object_set_parent: set parent (ref and sink)
0:00:00.013705275  4114 0x235e320 DEBUG   GST_POLL gstpoll.c:979:gst_poll_fd_ctl_write: 0x2366820: fd (fd:0, idx:1), active : 1
0:00:00.018509626  4113 0x22fe370 TRACE   GST_REFCOUNTING gstobject.c:292:gst_object_ref_sink: 0x23189f0 ref_sink 1->2
0:00:00.013713372  4114 0x235e320 LOG   GST_POLL gstpoll.c:994:gst_poll_fd_ctl_write: 0x2366820: pfd->events now 60 (POLLOUT:4)
0:00:00.018516899  4113 0x22fe370 LOG   GST_REGISTRY gstregistry.c:607:gst_registry_add_feature: emitting feature-added for leaks
0:00:00.013720349  4114 0x235e320 DEBUG   GST_POLL gstpoll.c:979:gst_poll_fd_ctl_write: 0x2366820: fd (fd:0, idx:1), active : 1
0:00:00.018524427  4113 0x22fe370 DEBUG   GST_REGISTRY gstregistrychunks.c:740:gst_registry_chunks_load_feature: Added feature leaks, plugin 0x23186e0 coretracers
0:00:00.013726777  4114 0x235e320 LOG   GST_POLL gstpoll.c:994:gst_poll_fd_ctl_write: 0x2366820: pfd->events now 60 (POLLOUT:4)
0:00:00.018531763  4113 0x22fe370 DEBUG   GST_REGISTRY gstregistrychunks.c:582:gst_registry_chunks_load_feature: Plugin 'coretracers' feature 'stats' typename : 'GstTracerFactory'
0:00:00.013733460  4114 0x235e320 DEBUG   GST_POLL gstpoll.c:979:gst_poll_fd_ctl_write: 0x2366820: fd (fd:0, idx:1), active : 1
0:00:00.018540282  4113 0x22fe370 TRACE   GST_REFCOUNTING gstobject.c:208:gst_object_init: 0x2318bf0 new
0:00:00.013739898  4114 0x235e320 LOG   GST_POLL gstpoll.c:994:gst_poll_fd_ctl_write: 0x2366820: pfd->events now 60 (POLLOUT:4)
0:00:00.018548529  4113 0x22fe370 DEBUG   GST_REGISTRY gstregistrychunks.c:716:gst_registry_chunks_load_feature: Reading/casting for GstRegistryChunkPluginFeature at address 0x23181d8
0:00:00.013753370  4114 0x235e320 DEBUG   GST_POLL gstpoll.c:979:gst_poll_fd_ctl_write: 0x2366820: fd (fd:0, idx:1), active : 1
0:00:00.018557790  4113 0x22fe370 DEBUG   GST_REGISTRY gstregistry.c:589:gst_registry_add_feature: adding feature 0x2318bf0 (stats)
0:00:00.013759929  4114 0x235e320 LOG   GST_POLL gstpoll.c:994:gst_poll_fd_ctl_write: 0x2366820: pfd->events now 60 (POLLOUT:4)
0:00:00.018564422  4113 0x22fe370 DEBUG   GST_REFCOUNTING gstobject.c:708:gst_object_set_parent: set parent (ref and sink)
0:00:00.013767110  4114 0x235e320 DEBUG   GST_POLL gstpoll.c:979:gst_poll_fd_ctl_write: 0x2366820: fd (fd:0, idx:1), active : 1
0:00:00.018571918  4113 0x22fe370 TRACE   GST_REFCOUNTING gstobject.c:292:gst_object_ref_sink: 0x2318bf0 ref_sink 1->2
0:00:00.013773637  4114 0x235e320 LOG   GST_POLL gstpoll.c:994:gst_poll_fd_ctl_write: 0x2366820: pfd->events now 60 (POLLOUT:4)
0:00:00.018578731  4113 0x22fe370 LOG   GST_REGISTRY gstregistry.c:607:gst_registry_add_feature: emitting feature-added for stats
0:00:00.013780418  4114 0x235e320 DEBUG   GST_POLL gstpoll.c:979:gst_poll_fd_ctl_write: 0x2366820: fd (fd:0, idx:1), active : 1
0:00:00.018585714  4113 0x22fe370 DEBUG   GST_REGISTRY gstregistrychunks.c:740:gst_registry_chunks_load_feature: Added feature stats, plugin 0x23186e0 coretracers
0:00:00.013786951  4114 0x235e320 LOG   GST_POLL gstpoll.c:994:gst_poll_fd_ctl_write: 0x2366820: pfd->events now 60 (POLLOUT:4)
0:00:00.018592906  4113 0x22fe370 DEBUG   GST_REGISTRY gstregistrychunks.c:582:gst_registry_chunks_load_feature: Plugin 'coretracers' feature 'rusage' typename : 'GstTracerFactory'
0:00:00.013793582  4114 0x235e320 DEBUG   GST_POLL gstpoll.c:979:gst_poll_fd_ctl_write: 0x2366820: fd (fd:0, idx:1), active : 1
0:00:00.018600827  4113 0x22fe370 TRACE   GST_REFCOUNTING gstobject.c:208:gst_object_init: 0x2318df0 new
0:00:00.013800700  4114 0x235e320 LOG   GST_POLL gstpoll.c:994:gst_poll_fd_ctl_write: 0x2366820: pfd->events now 60 (POLLOUT:4)
0:00:00.018608914  4113 0x22fe370 DEBUG   GST_REGISTRY gstregistrychunks.c:716:gst_registry_chunks_load_feature: Reading/casting for GstRegistryChunkPluginFeature at address 0x23181f8
0:00:00.013809317  4114 0x235e320 DEBUG   GST_POLL gstpoll.c:979:gst_poll_fd_ctl_write: 0x2366820: fd (fd:0, idx:1), active : 1
0:00:00.018616785  4113 0x22fe370 DEBUG   GST_REGISTRY gstregistry.c:589:gst_registry_add_feature: adding feature 0x2318df0 (rusage)
0:00:00.013816762  4114 0x235e320 LOG   GST_POLL gstpoll.c:994:gst_poll_fd_ctl_write: 0x2366820: pfd->events now 60 (POLLOUT:4)
0:00:00.018623142  4113 0x22fe370 DEBUG   GST_REFCOUNTING gstobject.c:708:gst_object_set_parent: set parent (ref and sink)
0:00:00.013825839  4114 0x235e320 TRACE   GST_REFCOUNTING gstobject.c:264:gst_object_unref: 0x2377e90 unref 2->1
0:00:00.018630563  4113 0x22fe370 TRACE   GST_REFCOUNTING gstobject.c:292:gst_object_ref_sink: 0x2318df0 ref_sink 1->2
0:00:00.013838023  4114 0x235e320 DEBUG   GST_POLL gstpoll.c:1241:gst_poll_fd_has_error: 0x2366820: fd (fd:0, idx:1) 0
0:00:00.018640863  4113 0x22fe370 LOG   GST_REGISTRY gstregistry.c:607:gst_registry_add_feature: emitting feature-added for rusage
0:00:00.013845014  4114 0x235e320 DEBUG   GST_POLL gstpoll.c:1335:gst_poll_fd_can_write: 0x2366820: fd (fd:0, idx:1) 1
0:00:00.018648838  4113 0x22fe370 DEBUG   GST_REGISTRY gstregistrychunks.c:740:gst_registry_chunks_load_feature: Added feature rusage, plugin 0x23186e0 coretracers
0:00:00.013851364  4114 0x235e320 LOG   GST_PLUGIN_LOADING gstpluginloader.c:690:write_one: Writing packet of size 6872 bytes to fd 0
0:00:00.018655928  4113 0x22fe370 DEBUG   GST_REGISTRY gstregistrychunks.c:582:gst_registry_chunks_load_feature: Plugin 'coretracers' feature 'log' typename : 'GstTracerFactory'
0:00:00.018663622  4113 0x22fe370 TRACE   GST_REFCOUNTING gstobject.c:208:gst_object_init: 0x2318ff0 new
0:00:00.013863400  4114 0x235e320 DEBUG   GST_POLL gstpoll.c:1414:gst_poll_wait: 0x2366820: timeout :0:00:01.000000000
0:00:00.018671164  4113 0x22fe370 DEBUG   GST_REGISTRY gstregistrychunks.c:716:gst_registry_chunks_load_feature: Reading/casting for GstRegistryChunkPluginFeature at address 0x2318218
0:00:00.013874216  4114 0x235e320 LOG   GST_PLUGIN_LOADING gstpluginloader.c:1027:exchange_packets: Poll res = 2. 488 bytes pending for write
0:00:00.018678863  4113 0x22fe370 DEBUG   GST_REGISTRY gstregistry.c:589:gst_registry_add_feature: adding feature 0x2318ff0 (log)
0:00:00.013881717  4114 0x235e320 DEBUG   GST_POLL gstpoll.c:1241:gst_poll_fd_has_error: 0x2366820: fd (fd:5, idx:2) 0
0:00:00.018685392  4113 0x22fe370 DEBUG   GST_REFCOUNTING gstobject.c:708:gst_object_set_parent: set parent (ref and sink)
0:00:00.013888652  4114 0x235e320 DEBUG   GST_POLL gstpoll.c:1266:gst_poll_fd_can_read_unlocked: 0x2366820: fd (fd:5, idx:2) 1
0:00:00.018692651  4113 0x22fe370 TRACE   GST_REFCOUNTING gstobject.c:292:gst_object_ref_sink: 0x2318ff0 ref_sink 1->2
0:00:00.018699684  4113 0x22fe370 LOG   GST_REGISTRY gstregistry.c:607:gst_registry_add_feature: emitting feature-added for log
0:00:00.013899494  4114 0x235e320 DEBUG   GST_PLUGIN_LOADING gstpluginloader.c:722:do_plugin_load: Plugin scanner loading file /home/conan/w/prod/BuildSingleReference/.conan/data/gstreamer/1.18.4/_/_/package/79b6a76dab3879a2afba8d14ba028b620dd3f25b/lib/gstreamer-1.0/libgstcoreelements.so. tag 3
0:00:00.018706177  4113 0x22fe370 DEBUG   GST_REGISTRY gstregistrychunks.c:740:gst_registry_chunks_load_feature: Added feature log, plugin 0x23186e0 coretracers
0:00:00.013908280  4114 0x235e320 TRACE   GST_REFCOUNTING gstobject.c:237:gst_object_ref: 0x237a140 ref 1->2
0:00:00.018713193  4113 0x22fe370 DEBUG   GST_REGISTRY gstregistrychunks.c:582:gst_registry_chunks_load_feature: Plugin 'coretracers' feature 'latency' typename : 'GstTracerFactory'
0:00:00.013916359  4114 0x235e320 TRACE   GST_REFCOUNTING gstobject.c:237:gst_object_ref: 0x2395370 ref 1->2
0:00:00.018727184  4113 0x22fe370 TRACE   GST_REFCOUNTING gstobject.c:208:gst_object_init: 0x23191f0 new
0:00:00.013927257  4114 0x235e320 TRACE   GST_REFCOUNTING gstobject.c:237:gst_object_ref: 0x2394640 ref 1->2
0:00:00.018735360  4113 0x22fe370 DEBUG   GST_REGISTRY gstregistrychunks.c:716:gst_registry_chunks_load_feature: Reading/casting for GstRegistryChunkPluginFeature at address 0x2318240
0:00:00.013935669  4114 0x235e320 TRACE   GST_REFCOUNTING gstobject.c:237:gst_object_ref: 0x2392e70 ref 1->2
0:00:00.018743325  4113 0x22fe370 DEBUG   GST_REGISTRY gstregistry.c:589:gst_registry_add_feature: adding feature 0x23191f0 (latency)
0:00:00.018749744  4113 0x22fe370 DEBUG   GST_REFCOUNTING gstobject.c:708:gst_object_set_parent: set parent (ref and sink)
0:00:00.013950846  4114 0x235e320 TRACE   GST_REFCOUNTING gstobject.c:237:gst_object_ref: 0x23920a0 ref 1->2
0:00:00.018756789  4113 0x22fe370 TRACE   GST_REFCOUNTING gstobject.c:292:gst_object_ref_sink: 0x23191f0 ref_sink 1->2
0:00:00.013958596  4114 0x235e320 TRACE   GST_REFCOUNTING gstobject.c:237:gst_object_ref: 0x2390f00 ref 1->2
0:00:00.018763806  4113 0x22fe370 LOG   GST_REGISTRY gstregistry.c:607:gst_registry_add_feature: emitting feature-added for latency
0:00:00.013965782  4114 0x235e320 TRACE   GST_REFCOUNTING gstobject.c:237:gst_object_ref: 0x238fe00 ref 1->2
0:00:00.018770691  4113 0x22fe370 DEBUG   GST_REGISTRY gstregistrychunks.c:740:gst_registry_chunks_load_feature: Added feature latency, plugin 0x23186e0 coretracers
0:00:00.013973038  4114 0x235e320 TRACE   GST_REFCOUNTING gstobject.c:237:gst_object_ref: 0x238e4b0 ref 1->2
0:00:00.013980121  4114 0x235e320 TRACE   GST_REFCOUNTING gstobject.c:237:gst_object_ref: 0x238c9a0 ref 1->2
0:00:00.013986796  4114 0x235e320 TRACE   GST_REFCOUNTING gstobject.c:237:gst_object_ref: 0x238b890 ref 1->2
0:00:00.018778832  4113 0x22fe370 LOG   GST_PLUGIN_LOADING gstpluginloader.c:887:handle_rx_packet: marking plugin 0x23186e0 as registered as /home/conan/w/prod/BuildSingleReference/.conan/data/gstreamer/1.18.4/_/_/package/79b6a76dab3879a2afba8d14ba028b620dd3f25b/lib/gstreamer-1.0/libgstcoretracers.so
0:00:00.013993588  4114 0x235e320 TRACE   GST_REFCOUNTING gstobject.c:237:gst_object_ref: 0x238a670 ref 1->2
0:00:00.014000588  4114 0x235e320 TRACE   GST_REFCOUNTING gstobject.c:237:gst_object_ref: 0x2389040 ref 1->2
0:00:00.018805092  4113 0x22fe370 DEBUG   GST_POLL gstpoll.c:1414:gst_poll_wait: 0x2317b40: timeout :0:00:01.000000000
0:00:00.014007197  4114 0x235e320 TRACE   GST_REFCOUNTING gstobject.c:237:gst_object_ref: 0x2388390 ref 1->2
0:00:00.014015913  4114 0x235e320 TRACE   GST_REFCOUNTING gstobject.c:237:gst_object_ref: 0x2387760 ref 1->2
0:00:00.018818086  4113 0x22fe370 LOG   GST_PLUGIN_LOADING gstpluginloader.c:1027:exchange_packets: Poll res = 1. 0 bytes pending for write
0:00:00.014027042  4114 0x235e320 TRACE   GST_REFCOUNTING gstobject.c:237:gst_object_ref: 0x237ecb0 ref 1->2
0:00:00.018831351  4113 0x22fe370 DEBUG   GST_POLL gstpoll.c:1241:gst_poll_fd_has_error: 0x2317b40: fd (fd:8, idx:2) 0
0:00:00.014034344  4114 0x235e320 TRACE   GST_REFCOUNTING gstobject.c:237:gst_object_ref: 0x2384b60 ref 1->2
0:00:00.018837974  4113 0x22fe370 DEBUG   GST_POLL gstpoll.c:1266:gst_poll_fd_can_read_unlocked: 0x2317b40: fd (fd:8, idx:2) 1
0:00:00.014041482  4114 0x235e320 TRACE   GST_REFCOUNTING gstobject.c:237:gst_object_ref: 0x2382530 ref 1->2
0:00:00.018847066  4113 0x22fe370 LOG   GST_PLUGIN_LOADING gstpluginloader.c:985:read_one: Expanding rx buf from 512 to 7384
0:00:00.014048899  4114 0x235e320 TRACE   GST_REFCOUNTING gstobject.c:237:gst_object_ref: 0x23809e0 ref 1->2
0:00:00.014056357  4114 0x235e320 TRACE   GST_REFCOUNTING gstobject.c:237:gst_object_ref: 0x237f9a0 ref 1->2
0:00:00.014063255  4114 0x235e320 TRACE   GST_REFCOUNTING gstobject.c:237:gst_object_ref: 0x237def0 ref 1->2
0:00:00.018867434  4113 0x22fe370 DEBUG   GST_PLUGIN_LOADING gstpluginloader.c:848:handle_rx_packet: Received plugin details from child w/ tag 1. 6860 bytes info
0:00:00.014070083  4114 0x235e320 TRACE   GST_REFCOUNTING gstobject.c:237:gst_object_ref: 0x237d020 ref 1->2
0:00:00.018874586  4113 0x22fe370 LOG   GST_REGISTRY gstregistrychunks.c:836:_priv_gst_registry_chunks_load_plugin: Reading/casting for GstRegistryChunkPluginElement at address 0x2319990
0:00:00.014077217  4114 0x235e320 TRACE   GST_REFCOUNTING gstobject.c:237:gst_object_ref: 0x237c280 ref 1->2
0:00:00.018882417  4113 0x22fe370 TRACE   GST_REFCOUNTING gstobject.c:208:gst_object_init: 0x2318070 new
0:00:00.014084534  4114 0x235e320 TRACE   GST_REFCOUNTING gstobject.c:237:gst_object_ref: 0x237a590 ref 1->2
0:00:00.014092412  4114 0x235e320 DEBUG   GST_REGISTRY gstregistrychunks.c:264:gst_registry_chunks_save_feature: saved 0 interfaces 0 pad templates
0:00:00.018896856  4113 0x22fe370 LOG   GST_REGISTRY gstregistrychunks.c:858:_priv_gst_registry_chunks_load_plugin: read strings for name='coreelements'
0:00:00.018903796  4113 0x22fe370 LOG   GST_REGISTRY gstregistrychunks.c:859:_priv_gst_registry_chunks_load_plugin: desc.description='GStreamer core elements'
0:00:00.014105238  4114 0x235e320 DEBUG   GST_REGISTRY gstregistrychunks.c:264:gst_registry_chunks_save_feature: saved 0 interfaces 0 pad templates
0:00:00.018910353  4113 0x22fe370 LOG   GST_REGISTRY gstregistrychunks.c:860:_priv_gst_registry_chunks_load_plugin: filename='/home/conan/w/prod/BuildSingleReference/.conan/data/gstreamer/1.18.4/_/_/package/79b6a76dab3879a2afba8d14ba028b620dd3f25b/lib/gstreamer-1.0/libgstcoreelements.so'
0:00:00.018916977  4113 0x22fe370 LOG   GST_REGISTRY gstregistrychunks.c:861:_priv_gst_registry_chunks_load_plugin: desc.version='1.18.4'
0:00:00.014115692  4114 0x235e320 DEBUG   GST_REGISTRY gstregistrychunks.c:264:gst_registry_chunks_save_feature: saved 0 interfaces 0 pad templates
0:00:00.018927562  4113 0x22fe370 LOG   GST_REGISTRY gstregistrychunks.c:862:_priv_gst_registry_chunks_load_plugin: desc.license='LGPL'
0:00:00.018933600  4113 0x22fe370 LOG   GST_REGISTRY gstregistrychunks.c:863:_priv_gst_registry_chunks_load_plugin: desc.source='gstreamer'
0:00:00.014133358  4114 0x235e320 DEBUG   GST_REGISTRY gstregistrychunks.c:264:gst_registry_chunks_save_feature: saved 1 interfaces 0 pad templates
0:00:00.018939299  4113 0x22fe370 LOG   GST_REGISTRY gstregistrychunks.c:864:_priv_gst_registry_chunks_load_plugin: desc.package='GStreamer source release'
0:00:00.014140882  4114 0x235e320 DEBUG   GST_REGISTRY gstregistrychunks.c:284:gst_registry_chunks_save_feature: Saved 1 UriTypes
0:00:00.018945410  4113 0x22fe370 LOG   GST_REGISTRY gstregistrychunks.c:865:_priv_gst_registry_chunks_load_plugin: desc.origin='Unknown package origin'
0:00:00.018951420  4113 0x22fe370 LOG   GST_REGISTRY gstregistrychunks.c:866:_priv_gst_registry_chunks_load_plugin: desc.datetime=2021-03-15
0:00:00.014151997  4114 0x235e320 DEBUG   GST_REGISTRY gstregistrychunks.c:264:gst_registry_chunks_save_feature: saved 0 interfaces 0 pad templates
0:00:00.018959854  4113 0x22fe370 DEBUG   GST_REGISTRY gstregistry.c:473:gst_registry_add_plugin: adding plugin 0x2318070 for filename "/home/conan/w/prod/BuildSingleReference/.conan/data/gstreamer/1.18.4/_/_/package/79b6a76dab3879a2afba8d14ba028b620dd3f25b/lib/gstreamer-1.0/libgstcoreelements.so"
0:00:00.014162061  4114 0x235e320 DEBUG   GST_REGISTRY gstregistrychunks.c:264:gst_registry_chunks_save_feature: saved 0 interfaces 0 pad templates
0:00:00.018968167  4113 0x22fe370 TRACE   GST_REFCOUNTING gstobject.c:292:gst_object_ref_sink: 0x2318070 ref_sink 1->2
0:00:00.014172722  4114 0x235e320 DEBUG   GST_REGISTRY gstregistrychunks.c:264:gst_registry_chunks_save_feature: saved 0 interfaces 0 pad templates
0:00:00.018976342  4113 0x22fe370 LOG   GST_REGISTRY gstregistry.c:486:gst_registry_add_plugin: emitting plugin-added for filename "/home/conan/w/prod/BuildSingleReference/.conan/data/gstreamer/1.18.4/_/_/package/79b6a76dab3879a2afba8d14ba028b620dd3f25b/lib/gstreamer-1.0/libgstcoreelements.so"
0:00:00.018984432  4113 0x22fe370 DEBUG   GST_REGISTRY gstregistrychunks.c:886:_priv_gst_registry_chunks_load_plugin: Added plugin 'coreelements' plugin with 22 features from binary registry
0:00:00.014184383  4114 0x235e320 DEBUG   GST_REGISTRY gstregistrychunks.c:264:gst_registry_chunks_save_feature: saved 1 interfaces 0 pad templates
0:00:00.018991581  4113 0x22fe370 DEBUG   GST_REGISTRY gstregistrychunks.c:582:gst_registry_chunks_load_feature: Plugin 'coreelements' feature 'streamiddemux' typename : 'GstElementFactory'
0:00:00.014191825  4114 0x235e320 DEBUG   GST_REGISTRY gstregistrychunks.c:284:gst_registry_chunks_save_feature: Saved 1 UriTypes
0:00:00.019002074  4113 0x22fe370 TRACE   GST_REFCOUNTING gstobject.c:208:gst_object_init: 0x23181a0 new
0:00:00.014203017  4114 0x235e320 DEBUG   GST_REGISTRY gstregistrychunks.c:264:gst_registry_chunks_save_feature: saved 1 interfaces 0 pad templates
0:00:00.019015373  4113 0x22fe370 LOG   GST_REGISTRY gstregistrychunks.c:609:gst_registry_chunks_load_feature: Reading/casting for GstRegistryChunkElementFactory at address 0x2319ae8
0:00:00.014215063  4114 0x235e320 DEBUG   GST_REGISTRY gstregistrychunks.c:284:gst_registry_chunks_save_feature: Saved 1 UriTypes
0:00:00.019024180  4113 0x22fe370 TRACE   structure gststructure.c:287:gst_structure_new_id_empty_with_size: created structure 0x2319560
0:00:00.014226676  4114 0x235e320 DEBUG   GST_REGISTRY gstregistrychunks.c:264:gst_registry_chunks_save_feature: saved 1 interfaces 0 pad templates
0:00:00.014233180  4114 0x235e320 DEBUG   GST_REGISTRY gstregistrychunks.c:284:gst_registry_chunks_save_feature: Saved 1 UriTypes
0:00:00.019034522  4113 0x22fe370 DEBUG   structure gststructure.c:2203:gst_structure_parse_field: trying field name 'long-name'
0:00:00.014242933  4114 0x235e320 DEBUG   GST_REGISTRY gstregistrychunks.c:264:gst_registry_chunks_save_feature: saved 0 interfaces 0 pad templates
0:00:00.019049980  4113 0x22fe370 DEBUG   default gstvalue.c:2676:_priv_gst_value_parse_value: trying type name 'string'
0:00:00.014252903  4114 0x235e320 DEBUG   GST_REGISTRY gstregistrychunks.c:264:gst_registry_chunks_save_feature: saved 0 interfaces 0 pad templates
0:00:00.019062212  4113 0x22fe370 DEBUG   structure gststructure.c:2203:gst_structure_parse_field: trying field name 'klass'
0:00:00.014262532  4114 0x235e320 DEBUG   GST_REGISTRY gstregistrychunks.c:264:gst_registry_chunks_save_feature: saved 0 interfaces 0 pad templates
0:00:00.019068637  4113 0x22fe370 DEBUG   default gstvalue.c:2676:_priv_gst_value_parse_value: trying type name 'string'
0:00:00.019076628  4113 0x22fe370 DEBUG   structure gststructure.c:2203:gst_structure_parse_field: trying field name 'description'
0:00:00.014275429  4114 0x235e320 DEBUG   GST_REGISTRY gstregistrychunks.c:264:gst_registry_chunks_save_feature: saved 0 interfaces 0 pad templates
0:00:00.019082177  4113 0x22fe370 DEBUG   default gstvalue.c:2676:_priv_gst_value_parse_value: trying type name 'string'
0:00:00.014286822  4114 0x235e320 DEBUG   GST_REGISTRY gstregistrychunks.c:264:gst_registry_chunks_save_feature: saved 0 interfaces 0 pad templates
0:00:00.019089802  4113 0x22fe370 DEBUG   structure gststructure.c:2203:gst_structure_parse_field: trying field name 'author'
0:00:00.019096649  4113 0x22fe370 DEBUG   default gstvalue.c:2676:_priv_gst_value_parse_value: trying type name 'string'
0:00:00.014296629  4114 0x235e320 DEBUG   GST_REGISTRY gstregistrychunks.c:264:gst_registry_chunks_save_feature: saved 0 interfaces 0 pad templates
0:00:00.019103982  4113 0x22fe370 DEBUG   GST_REGISTRY gstregistrychunks.c:626:gst_registry_chunks_load_feature: Element factory : npadtemplates=2
0:00:00.014307713  4114 0x235e320 DEBUG   GST_REGISTRY gstregistrychunks.c:264:gst_registry_chunks_save_feature: saved 1 interfaces 0 pad templates
0:00:00.019110543  4113 0x22fe370 DEBUG   GST_REGISTRY gstregistrychunks.c:525:gst_registry_chunks_load_pad_template: Reading/casting for GstRegistryChunkPadTemplate at address 0x2319bc0
0:00:00.014319278  4114 0x235e320 DEBUG   GST_REGISTRY gstregistrychunks.c:284:gst_registry_chunks_save_feature: Saved 1 UriTypes
0:00:00.019123787  4113 0x22fe370 DEBUG   GST_REGISTRY gstregistrychunks.c:539:gst_registry_chunks_load_pad_template: Added pad_template src_%u
0:00:00.019130389  4113 0x22fe370 DEBUG   GST_REGISTRY gstregistrychunks.c:525:gst_registry_chunks_load_pad_template: Reading/casting for GstRegistryChunkPadTemplate at address 0x2319bd8
0:00:00.014330132  4114 0x235e320 DEBUG   GST_REGISTRY gstregistrychunks.c:264:gst_registry_chunks_save_feature: saved 0 interfaces 0 pad templates
0:00:00.019136814  4113 0x22fe370 DEBUG   GST_REGISTRY gstregistrychunks.c:539:gst_registry_chunks_load_pad_template: Added pad_template sink
0:00:00.014342598  4114 0x235e320 DEBUG   GST_REGISTRY gstregistrychunks.c:264:gst_registry_chunks_save_feature: saved 0 interfaces 0 pad templates
0:00:00.019146455  4113 0x22fe370 DEBUG   GST_REGISTRY gstregistry.c:589:gst_registry_add_feature: adding feature 0x23181a0 (streamiddemux)
0:00:00.019154909  4113 0x22fe370 DEBUG   GST_REFCOUNTING gstobject.c:708:gst_object_set_parent: set parent (ref and sink)
0:00:00.014354240  4114 0x235e320 DEBUG   GST_REGISTRY gstregistrychunks.c:264:gst_registry_chunks_save_feature: saved 0 interfaces 0 pad templates
0:00:00.019163041  4113 0x22fe370 TRACE   GST_REFCOUNTING gstobject.c:292:gst_object_ref_sink: 0x23181a0 ref_sink 1->2
0:00:00.014367078  4114 0x235e320 DEBUG   GST_REGISTRY gstregistrychunks.c:264:gst_registry_chunks_save_feature: saved 0 interfaces 0 pad templates
0:00:00.019170612  4113 0x22fe370 LOG   GST_REGISTRY gstregistry.c:607:gst_registry_add_feature: emitting feature-added for streamiddemux
0:00:00.019178501  4113 0x22fe370 DEBUG   GST_REGISTRY gstregistrychunks.c:740:gst_registry_chunks_load_feature: Added feature streamiddemux, plugin 0x2318070 coreelements
0:00:00.014379718  4114 0x235e320 DEBUG   GST_REGISTRY gstregistrychunks.c:264:gst_registry_chunks_save_feature: saved 0 interfaces 0 pad templates
0:00:00.019185737  4113 0x22fe370 DEBUG   GST_REGISTRY gstregistrychunks.c:582:gst_registry_chunks_load_feature: Plugin 'coreelements' feature 'valve' typename : 'GstElementFactory'
0:00:00.014391594  4114 0x235e320 TRACE   GST_REFCOUNTING gstobject.c:264:gst_object_unref: 0x237a590 unref 2->1
0:00:00.019194249  4113 0x22fe370 TRACE   GST_REFCOUNTING gstobject.c:208:gst_object_init: 0x231b660 new
0:00:00.014400197  4114 0x235e320 TRACE   GST_REFCOUNTING gstobject.c:264:gst_object_unref: 0x237c280 unref 2->1
0:00:00.019204240  4113 0x22fe370 LOG   GST_REGISTRY gstregistrychunks.c:609:gst_registry_chunks_load_feature: Reading/casting for GstRegistryChunkElementFactory at address 0x2319c08
0:00:00.014407915  4114 0x235e320 TRACE   GST_REFCOUNTING gstobject.c:264:gst_object_unref: 0x237d020 unref 2->1
0:00:00.019216642  4113 0x22fe370 TRACE   structure gststructure.c:287:gst_structure_new_id_empty_with_size: created structure 0x231b830
0:00:00.014417402  4114 0x235e320 TRACE   GST_REFCOUNTING gstobject.c:264:gst_object_unref: 0x237def0 unref 2->1
0:00:00.019223417  4113 0x22fe370 DEBUG   structure gststructure.c:2203:gst_structure_parse_field: trying field name 'long-name'
0:00:00.014424904  4114 0x235e320 TRACE   GST_REFCOUNTING gstobject.c:264:gst_object_unref: 0x237f9a0 unref 2->1
0:00:00.019229543  4113 0x22fe370 DEBUG   default gstvalue.c:2676:_priv_gst_value_parse_value: trying type name 'string'
0:00:00.014432244  4114 0x235e320 TRACE   GST_REFCOUNTING gstobject.c:264:gst_object_unref: 0x23809e0 unref 2->1
0:00:00.019236731  4113 0x22fe370 DEBUG   structure gststructure.c:2203:gst_structure_parse_field: trying field name 'klass'
0:00:00.014439518  4114 0x235e320 TRACE   GST_REFCOUNTING gstobject.c:264:gst_object_unref: 0x2382530 unref 2->1
0:00:00.019242905  4113 0x22fe370 DEBUG   default gstvalue.c:2676:_priv_gst_value_parse_value: trying type name 'string'
0:00:00.014446940  4114 0x235e320 TRACE   GST_REFCOUNTING gstobject.c:264:gst_object_unref: 0x2384b60 unref 2->1
0:00:00.019250596  4113 0x22fe370 DEBUG   structure gststructure.c:2203:gst_structure_parse_field: trying field name 'description'
0:00:00.014454380  4114 0x235e320 TRACE   GST_REFCOUNTING gstobject.c:264:gst_object_unref: 0x237ecb0 unref 2->1
0:00:00.019257207  4113 0x22fe370 DEBUG   default gstvalue.c:2676:_priv_gst_value_parse_value: trying type name 'string'
0:00:00.014461703  4114 0x235e320 TRACE   GST_REFCOUNTING gstobject.c:264:gst_object_unref: 0x2387760 unref 2->1
0:00:00.019265772  4113 0x22fe370 DEBUG   structure gststructure.c:2203:gst_structure_parse_field: trying field name 'author'
0:00:00.014468820  4114 0x235e320 TRACE   GST_REFCOUNTING gstobject.c:264:gst_object_unref: 0x2388390 unref 2->1
0:00:00.019271613  4113 0x22fe370 DEBUG   default gstvalue.c:2676:_priv_gst_value_parse_value: trying type name 'string'
0:00:00.014476185  4114 0x235e320 TRACE   GST_REFCOUNTING gstobject.c:264:gst_object_unref: 0x2389040 unref 2->1
0:00:00.019280346  4113 0x22fe370 DEBUG   GST_REGISTRY gstregistrychunks.c:626:gst_registry_chunks_load_feature: Element factory : npadtemplates=2
0:00:00.014483427  4114 0x235e320 TRACE   GST_REFCOUNTING gstobject.c:264:gst_object_unref: 0x238a670 unref 2->1
0:00:00.019286580  4113 0x22fe370 DEBUG   GST_REGISTRY gstregistrychunks.c:525:gst_registry_chunks_load_pad_template: Reading/casting for GstRegistryChunkPadTemplate at address 0x2319cf8
0:00:00.014490746  4114 0x235e320 TRACE   GST_REFCOUNTING gstobject.c:264:gst_object_unref: 0x238b890 unref 2->1
0:00:00.019293540  4113 0x22fe370 DEBUG   GST_REGISTRY gstregistrychunks.c:539:gst_registry_chunks_load_pad_template: Added pad_template sink
0:00:00.014498113  4114 0x235e320 TRACE   GST_REFCOUNTING gstobject.c:264:gst_object_unref: 0x238c9a0 unref 2->1
0:00:00.019304718  4113 0x22fe370 DEBUG   GST_REGISTRY gstregistrychunks.c:525:gst_registry_chunks_load_pad_template: Reading/casting for GstRegistryChunkPadTemplate at address 0x2319d10
0:00:00.014506533  4114 0x235e320 TRACE   GST_REFCOUNTING gstobject.c:264:gst_object_unref: 0x238e4b0 unref 2->1
0:00:00.019311503  4113 0x22fe370 DEBUG   GST_REGISTRY gstregistrychunks.c:539:gst_registry_chunks_load_pad_template: Added pad_template src
0:00:00.014513776  4114 0x235e320 TRACE   GST_REFCOUNTING gstobject.c:264:gst_object_unref: 0x238fe00 unref 2->1
0:00:00.019319880  4113 0x22fe370 DEBUG   GST_REGISTRY gstregistry.c:589:gst_registry_add_feature: adding feature 0x231b660 (valve)
0:00:00.014521083  4114 0x235e320 TRACE   GST_REFCOUNTING gstobject.c:264:gst_object_unref: 0x2390f00 unref 2->1
0:00:00.019326351  4113 0x22fe370 DEBUG   GST_REFCOUNTING gstobject.c:708:gst_object_set_parent: set parent (ref and sink)
0:00:00.014528429  4114 0x235e320 TRACE   GST_REFCOUNTING gstobject.c:264:gst_object_unref: 0x23920a0 unref 2->1
0:00:00.019334494  4113 0x22fe370 TRACE   GST_REFCOUNTING gstobject.c:292:gst_object_ref_sink: 0x231b660 ref_sink 1->2
0:00:00.014535778  4114 0x235e320 TRACE   GST_REFCOUNTING gstobject.c:264:gst_object_unref: 0x2392e70 unref 2->1
0:00:00.019341383  4113 0x22fe370 LOG   GST_REGISTRY gstregistry.c:607:gst_registry_add_feature: emitting feature-added for valve
0:00:00.014542961  4114 0x235e320 TRACE   GST_REFCOUNTING gstobject.c:264:gst_object_unref: 0x2394640 unref 2->1
0:00:00.019348532  4113 0x22fe370 DEBUG   GST_REGISTRY gstregistrychunks.c:740:gst_registry_chunks_load_feature: Added feature valve, plugin 0x2318070 coreelements
0:00:00.014550295  4114 0x235e320 TRACE   GST_REFCOUNTING gstobject.c:264:gst_object_unref: 0x2395370 unref 2->1
0:00:00.019355719  4113 0x22fe370 DEBUG   GST_REGISTRY gstregistrychunks.c:582:gst_registry_chunks_load_feature: Plugin 'coreelements' feature 'multiqueue' typename : 'GstElementFactory'
0:00:00.014559418  4114 0x235e320 DEBUG   GST_REGISTRY gstregistrychunks.c:497:_priv_gst_registry_chunks_save_plugin: Found 22 features in plugin 0x237a140 (coreelements)
0:00:00.019363860  4113 0x22fe370 TRACE   GST_REFCOUNTING gstobject.c:208:gst_object_init: 0x231b960 new
0:00:00.014566892  4114 0x235e320 DEBUG   GST_POLL gstpoll.c:979:gst_poll_fd_ctl_write: 0x2366820: fd (fd:0, idx:1), active : 1
0:00:00.019372148  4113 0x22fe370 LOG   GST_REGISTRY gstregistrychunks.c:609:gst_registry_chunks_load_feature: Reading/casting for GstRegistryChunkElementFactory at address 0x2319d40
0:00:00.014574158  4114 0x235e320 LOG   GST_POLL gstpoll.c:994:gst_poll_fd_ctl_write: 0x2366820: pfd->events now 60 (POLLOUT:4)
0:00:00.019379125  4113 0x22fe370 TRACE   structure gststructure.c:287:gst_structure_new_id_empty_with_size: created structure 0x231ba50
0:00:00.014581666  4114 0x235e320 DEBUG   GST_POLL gstpoll.c:979:gst_poll_fd_ctl_write: 0x2366820: fd (fd:0, idx:1), active : 1
0:00:00.019388573  4113 0x22fe370 DEBUG   structure gststructure.c:2203:gst_structure_parse_field: trying field name 'long-name'
0:00:00.014589811  4114 0x235e320 LOG   GST_POLL gstpoll.c:994:gst_poll_fd_ctl_write: 0x2366820: pfd->events now 60 (POLLOUT:4)
0:00:00.019394636  4113 0x22fe370 DEBUG   default gstvalue.c:2676:_priv_gst_value_parse_value: trying type name 'string'
0:00:00.014596837  4114 0x235e320 DEBUG   GST_POLL gstpoll.c:979:gst_poll_fd_ctl_write: 0x2366820: fd (fd:0, idx:1), active : 1
0:00:00.019401940  4113 0x22fe370 DEBUG   structure gststructure.c:2203:gst_structure_parse_field: trying field name 'klass'
0:00:00.014603532  4114 0x235e320 LOG   GST_POLL gstpoll.c:994:gst_poll_fd_ctl_write: 0x2366820: pfd->events now 60 (POLLOUT:4)
0:00:00.019408237  4113 0x22fe370 DEBUG   default gstvalue.c:2676:_priv_gst_value_parse_value: trying type name 'string'
0:00:00.014610495  4114 0x235e320 DEBUG   GST_POLL gstpoll.c:979:gst_poll_fd_ctl_write: 0x2366820: fd (fd:0, idx:1), active : 1
0:00:00.019415078  4113 0x22fe370 DEBUG   structure gststructure.c:2203:gst_structure_parse_field: trying field name 'description'
0:00:00.014616888  4114 0x235e320 LOG   GST_POLL gstpoll.c:994:gst_poll_fd_ctl_write: 0x2366820: pfd->events now 60 (POLLOUT:4)
0:00:00.019420897  4113 0x22fe370 DEBUG   default gstvalue.c:2676:_priv_gst_value_parse_value: trying type name 'string'
0:00:00.014623669  4114 0x235e320 DEBUG   GST_POLL gstpoll.c:979:gst_poll_fd_ctl_write: 0x2366820: fd (fd:0, idx:1), active : 1
0:00:00.019427887  4113 0x22fe370 DEBUG   structure gststructure.c:2203:gst_structure_parse_field: trying field name 'author'
0:00:00.014630196  4114 0x235e320 LOG   GST_POLL gstpoll.c:994:gst_poll_fd_ctl_write: 0x2366820: pfd->events now 60 (POLLOUT:4)
0:00:00.019433794  4113 0x22fe370 DEBUG   default gstvalue.c:2676:_priv_gst_value_parse_value: trying type name 'string'
0:00:00.014637101  4114 0x235e320 DEBUG   GST_POLL gstpoll.c:979:gst_poll_fd_ctl_write: 0x2366820: fd (fd:0, idx:1), active : 1
0:00:00.019440766  4113 0x22fe370 DEBUG   GST_REGISTRY gstregistrychunks.c:626:gst_registry_chunks_load_feature: Element factory : npadtemplates=2
0:00:00.014653776  4114 0x235e320 LOG   GST_POLL gstpoll.c:994:gst_poll_fd_ctl_write: 0x2366820: pfd->events now 60 (POLLOUT:4)
0:00:00.019458708  4113 0x22fe370 DEBUG   GST_REGISTRY gstregistrychunks.c:525:gst_registry_chunks_load_pad_template: Reading/casting for GstRegistryChunkPadTemplate at address 0x2319e00
0:00:00.014662000  4114 0x235e320 DEBUG   GST_POLL gstpoll.c:979:gst_poll_fd_ctl_write: 0x2366820: fd (fd:0, idx:1), active : 1
0:00:00.019465381  4113 0x22fe370 DEBUG   GST_REGISTRY gstregistrychunks.c:539:gst_registry_chunks_load_pad_template: Added pad_template src_%u
0:00:00.014668622  4114 0x235e320 LOG   GST_POLL gstpoll.c:994:gst_poll_fd_ctl_write: 0x2366820: pfd->events now 60 (POLLOUT:4)
0:00:00.019476740  4113 0x22fe370 DEBUG   GST_REGISTRY gstregistrychunks.c:525:gst_registry_chunks_load_pad_template: Reading/casting for GstRegistryChunkPadTemplate at address 0x2319e18
0:00:00.014678632  4114 0x235e320 DEBUG   GST_POLL gstpoll.c:979:gst_poll_fd_ctl_write: 0x2366820: fd (fd:0, idx:1), active : 1
0:00:00.019483499  4113 0x22fe370 DEBUG   GST_REGISTRY gstregistrychunks.c:539:gst_registry_chunks_load_pad_template: Added pad_template sink_%u
0:00:00.014685351  4114 0x235e320 LOG   GST_POLL gstpoll.c:994:gst_poll_fd_ctl_write: 0x2366820: pfd->events now 60 (POLLOUT:4)
0:00:00.019491913  4113 0x22fe370 DEBUG   GST_REGISTRY gstregistry.c:589:gst_registry_add_feature: adding feature 0x231b960 (multiqueue)
0:00:00.014692215  4114 0x235e320 DEBUG   GST_POLL gstpoll.c:979:gst_poll_fd_ctl_write: 0x2366820: fd (fd:0, idx:1), active : 1
0:00:00.019498634  4113 0x22fe370 DEBUG   GST_REFCOUNTING gstobject.c:708:gst_object_set_parent: set parent (ref and sink)
0:00:00.014699603  4114 0x235e320 LOG   GST_POLL gstpoll.c:994:gst_poll_fd_ctl_write: 0x2366820: pfd->events now 60 (POLLOUT:4)
0:00:00.019506869  4113 0x22fe370 TRACE   GST_REFCOUNTING gstobject.c:292:gst_object_ref_sink: 0x231b960 ref_sink 1->2
0:00:00.014707009  4114 0x235e320 DEBUG   GST_POLL gstpoll.c:979:gst_poll_fd_ctl_write: 0x2366820: fd (fd:0, idx:1), active : 1
0:00:00.019514519  4113 0x22fe370 LOG   GST_REGISTRY gstregistry.c:607:gst_registry_add_feature: emitting feature-added for multiqueue
0:00:00.014714896  4114 0x235e320 LOG   GST_POLL gstpoll.c:994:gst_poll_fd_ctl_write: 0x2366820: pfd->events now 60 (POLLOUT:4)
0:00:00.019521797  4113 0x22fe370 DEBUG   GST_REGISTRY gstregistrychunks.c:740:gst_registry_chunks_load_feature: Added feature multiqueue, plugin 0x2318070 coreelements
0:00:00.014722246  4114 0x235e320 DEBUG   GST_POLL gstpoll.c:979:gst_poll_fd_ctl_write: 0x2366820: fd (fd:0, idx:1), active : 1
0:00:00.019529240  4113 0x22fe370 DEBUG   GST_REGISTRY gstregistrychunks.c:582:gst_registry_chunks_load_feature: Plugin 'coreelements' feature 'typefind' typename : 'GstElementFactory'
0:00:00.014729397  4114 0x235e320 LOG   GST_POLL gstpoll.c:994:gst_poll_fd_ctl_write: 0x2366820: pfd->events now 60 (POLLOUT:4)
0:00:00.019537438  4113 0x22fe370 TRACE   GST_REFCOUNTING gstobject.c:208:gst_object_init: 0x231bbd0 new
0:00:00.014737169  4114 0x235e320 DEBUG   GST_POLL gstpoll.c:979:gst_poll_fd_ctl_write: 0x2366820: fd (fd:0, idx:1), active : 1
0:00:00.019546223  4113 0x22fe370 LOG   GST_REGISTRY gstregistrychunks.c:609:gst_registry_chunks_load_feature: Reading/casting for GstRegistryChunkElementFactory at address 0x2319e48
0:00:00.014745735  4114 0x235e320 LOG   GST_POLL gstpoll.c:994:gst_poll_fd_ctl_write: 0x2366820: pfd->events now 60 (POLLOUT:4)
0:00:00.019553782  4113 0x22fe370 TRACE   structure gststructure.c:287:gst_structure_new_id_empty_with_size: created structure 0x231bd90
0:00:00.014754377  4114 0x235e320 DEBUG   GST_POLL gstpoll.c:979:gst_poll_fd_ctl_write: 0x2366820: fd (fd:0, idx:1), active : 1
0:00:00.019567459  4113 0x22fe370 DEBUG   structure gststructure.c:2203:gst_structure_parse_field: trying field name 'long-name'
0:00:00.014768335  4114 0x235e320 LOG   GST_POLL gstpoll.c:994:gst_poll_fd_ctl_write: 0x2366820: pfd->events now 60 (POLLOUT:4)
0:00:00.019573874  4113 0x22fe370 DEBUG   default gstvalue.c:2676:_priv_gst_value_parse_value: trying type name 'string'
0:00:00.014775597  4114 0x235e320 DEBUG   GST_POLL gstpoll.c:979:gst_poll_fd_ctl_write: 0x2366820: fd (fd:0, idx:1), active : 1
0:00:00.019581287  4113 0x22fe370 DEBUG   structure gststructure.c:2203:gst_structure_parse_field: trying field name 'klass'
0:00:00.014782309  4114 0x235e320 LOG   GST_POLL gstpoll.c:994:gst_poll_fd_ctl_write: 0x2366820: pfd->events now 60 (POLLOUT:4)
0:00:00.019587289  4113 0x22fe370 DEBUG   default gstvalue.c:2676:_priv_gst_value_parse_value: trying type name 'string'
0:00:00.014789220  4114 0x235e320 DEBUG   GST_POLL gstpoll.c:979:gst_poll_fd_ctl_write: 0x2366820: fd (fd:0, idx:1), active : 1
0:00:00.019594082  4113 0x22fe370 DEBUG   structure gststructure.c:2203:gst_structure_parse_field: trying field name 'description'
0:00:00.014795867  4114 0x235e320 LOG   GST_POLL gstpoll.c:994:gst_poll_fd_ctl_write: 0x2366820: pfd->events now 60 (POLLOUT:4)
0:00:00.019600054  4113 0x22fe370 DEBUG   default gstvalue.c:2676:_priv_gst_value_parse_value: trying type name 'string'
0:00:00.014802731  4114 0x235e320 DEBUG   GST_POLL gstpoll.c:979:gst_poll_fd_ctl_write: 0x2366820: fd (fd:0, idx:1), active : 1
0:00:00.019607408  4113 0x22fe370 DEBUG   structure gststructure.c:2203:gst_structure_parse_field: trying field name 'author'
0:00:00.014809309  4114 0x235e320 LOG   GST_POLL gstpoll.c:994:gst_poll_fd_ctl_write: 0x2366820: pfd->events now 60 (POLLOUT:4)
0:00:00.019613410  4113 0x22fe370 DEBUG   default gstvalue.c:2676:_priv_gst_value_parse_value: trying type name 'string'
0:00:00.014816581  4114 0x235e320 DEBUG   GST_POLL gstpoll.c:979:gst_poll_fd_ctl_write: 0x2366820: fd (fd:0, idx:1), active : 1
0:00:00.019621091  4113 0x22fe370 DEBUG   GST_REGISTRY gstregistrychunks.c:626:gst_registry_chunks_load_feature: Element factory : npadtemplates=2
