0:00:00.014823210  4114 0x235e320 LOG   GST_POLL gstpoll.c:994:gst_poll_fd_ctl_write: 0x2366820: pfd->events now 60 (POLLOUT:4)
0:00:00.019627572  4113 0x22fe370 DEBUG   GST_REGISTRY gstregistrychunks.c:525:gst_registry_chunks_load_pad_template: Reading/casting for GstRegistryChunkPadTemplate at address 0x2319f20
0:00:00.014830180  4114 0x235e320 DEBUG   GST_POLL gstpoll.c:979:gst_poll_fd_ctl_write: 0x2366820: fd (fd:0, idx:1), active : 1
0:00:00.019634128  4113 0x22fe370 DEBUG   GST_REGISTRY gstregistrychunks.c:539:gst_registry_chunks_load_pad_template: Added pad_template sink
0:00:00.014836763  4114 0x235e320 LOG   GST_POLL gstpoll.c:994:gst_poll_fd_ctl_write: 0x2366820: pfd->events now 60 (POLLOUT:4)
0:00:00.019640201  4113 0x22fe370 DEBUG   GST_REGISTRY gstregistrychunks.c:525:gst_registry_chunks_load_pad_template: Reading/casting for GstRegistryChunkPadTemplate at address 0x2319f38
0:00:00.014848120  4114 0x235e320 DEBUG   GST_POLL gstpoll.c:979:gst_poll_fd_ctl_write: 0x2366820: fd (fd:0, idx:1), active : 1
0:00:00.019651265  4113 0x22fe370 DEBUG   GST_REGISTRY gstregistrychunks.c:539:gst_registry_chunks_load_pad_template: Added pad_template src
0:00:00.014854728  4114 0x235e320 LOG   GST_POLL gstpoll.c:994:gst_poll_fd_ctl_write: 0x2366820: pfd->events now 60 (POLLOUT:4)
0:00:00.014861392  4114 0x235e320 DEBUG   GST_POLL gstpoll.c:979:gst_poll_fd_ctl_write: 0x2366820: fd (fd:0, idx:1), active : 1
0:00:00.019663435  4113 0x22fe370 DEBUG   GST_REGISTRY gstregistry.c:589:gst_registry_add_feature: adding feature 0x231bbd0 (typefind)
0:00:00.014867422  4114 0x235e320 LOG   GST_POLL gstpoll.c:994:gst_poll_fd_ctl_write: 0x2366820: pfd->events now 60 (POLLOUT:4)
0:00:00.019671146  4113 0x22fe370 DEBUG   GST_REFCOUNTING gstobject.c:708:gst_object_set_parent: set parent (ref and sink)
0:00:00.014874272  4114 0x235e320 DEBUG   GST_POLL gstpoll.c:979:gst_poll_fd_ctl_write: 0x2366820: fd (fd:0, idx:1), active : 1
0:00:00.019679515  4113 0x22fe370 TRACE   GST_REFCOUNTING gstobject.c:292:gst_object_ref_sink: 0x231bbd0 ref_sink 1->2
0:00:00.014880860  4114 0x235e320 LOG   GST_POLL gstpoll.c:994:gst_poll_fd_ctl_write: 0x2366820: pfd->events now 60 (POLLOUT:4)
0:00:00.019686654  4113 0x22fe370 LOG   GST_REGISTRY gstregistry.c:607:gst_registry_add_feature: emitting feature-added for typefind
0:00:00.014887683  4114 0x235e320 DEBUG   GST_POLL gstpoll.c:979:gst_poll_fd_ctl_write: 0x2366820: fd (fd:0, idx:1), active : 1
0:00:00.019693975  4113 0x22fe370 DEBUG   GST_REGISTRY gstregistrychunks.c:740:gst_registry_chunks_load_feature: Added feature typefind, plugin 0x2318070 coreelements
0:00:00.014894223  4114 0x235e320 LOG   GST_POLL gstpoll.c:994:gst_poll_fd_ctl_write: 0x2366820: pfd->events now 60 (POLLOUT:4)
0:00:00.019701294  4113 0x22fe370 DEBUG   GST_REGISTRY gstregistrychunks.c:582:gst_registry_chunks_load_feature: Plugin 'coreelements' feature 'tee' typename : 'GstElementFactory'
0:00:00.014901762  4114 0x235e320 DEBUG   GST_POLL gstpoll.c:979:gst_poll_fd_ctl_write: 0x2366820: fd (fd:0, idx:1), active : 1
0:00:00.019709380  4113 0x22fe370 TRACE   GST_REFCOUNTING gstobject.c:208:gst_object_init: 0x231bf10 new
0:00:00.014908903  4114 0x235e320 LOG   GST_POLL gstpoll.c:994:gst_poll_fd_ctl_write: 0x2366820: pfd->events now 60 (POLLOUT:4)
0:00:00.019717901  4113 0x22fe370 LOG   GST_REGISTRY gstregistrychunks.c:609:gst_registry_chunks_load_feature: Reading/casting for GstRegistryChunkElementFactory at address 0x2319f60
0:00:00.014917932  4114 0x235e320 DEBUG   GST_POLL gstpoll.c:979:gst_poll_fd_ctl_write: 0x2366820: fd (fd:0, idx:1), active : 1
0:00:00.019725285  4113 0x22fe370 TRACE   structure gststructure.c:287:gst_structure_new_id_empty_with_size: created structure 0x231c0e0
0:00:00.014925712  4114 0x235e320 LOG   GST_POLL gstpoll.c:994:gst_poll_fd_ctl_write: 0x2366820: pfd->events now 60 (POLLOUT:4)
0:00:00.019736033  4113 0x22fe370 DEBUG   structure gststructure.c:2203:gst_structure_parse_field: trying field name 'long-name'
0:00:00.014937349  4114 0x235e320 DEBUG   GST_POLL gstpoll.c:979:gst_poll_fd_ctl_write: 0x2366820: fd (fd:0, idx:1), active : 1
0:00:00.019742165  4113 0x22fe370 DEBUG   default gstvalue.c:2676:_priv_gst_value_parse_value: trying type name 'string'
0:00:00.019749690  4113 0x22fe370 DEBUG   structure gststructure.c:2203:gst_structure_parse_field: trying field name 'klass'
0:00:00.014948338  4114 0x235e320 LOG   GST_POLL gstpoll.c:994:gst_poll_fd_ctl_write: 0x2366820: pfd->events now 60 (POLLOUT:4)
0:00:00.019755441  4113 0x22fe370 DEBUG   default gstvalue.c:2676:_priv_gst_value_parse_value: trying type name 'string'
0:00:00.014957463  4114 0x235e320 DEBUG   GST_POLL gstpoll.c:979:gst_poll_fd_ctl_write: 0x2366820: fd (fd:0, idx:1), active : 1
0:00:00.019762777  4113 0x22fe370 DEBUG   structure gststructure.c:2203:gst_structure_parse_field: trying field name 'description'
0:00:00.014964271  4114 0x235e320 LOG   GST_POLL gstpoll.c:994:gst_poll_fd_ctl_write: 0x2366820: pfd->events now 60 (POLLOUT:4)
0:00:00.019769262  4113 0x22fe370 DEBUG   default gstvalue.c:2676:_priv_gst_value_parse_value: trying type name 'string'
0:00:00.014971352  4114 0x235e320 DEBUG   GST_POLL gstpoll.c:979:gst_poll_fd_ctl_write: 0x2366820: fd (fd:0, idx:1), active : 1
0:00:00.019776588  4113 0x22fe370 DEBUG   structure gststructure.c:2203:gst_structure_parse_field: trying field name 'author'
0:00:00.014978002  4114 0x235e320 LOG   GST_POLL gstpoll.c:994:gst_poll_fd_ctl_write: 0x2366820: pfd->events now 60 (POLLOUT:4)
0:00:00.019789452  4113 0x22fe370 DEBUG   default gstvalue.c:2676:_priv_gst_value_parse_value: trying type name 'string'
0:00:00.014991026  4114 0x235e320 DEBUG   GST_POLL gstpoll.c:979:gst_poll_fd_ctl_write: 0x2366820: fd (fd:0, idx:1), active : 1
0:00:00.019797894  4113 0x22fe370 DEBUG   GST_REGISTRY gstregistrychunks.c:626:gst_registry_chunks_load_feature: Element factory : npadtemplates=2
0:00:00.014997553  4114 0x235e320 LOG   GST_POLL gstpoll.c:994:gst_poll_fd_ctl_write: 0x2366820: pfd->events now 60 (POLLOUT:4)
0:00:00.019804266  4113 0x22fe370 DEBUG   GST_REGISTRY gstregistrychunks.c:525:gst_registry_chunks_load_pad_template: Reading/casting for GstRegistryChunkPadTemplate at address 0x231a050
0:00:00.015005698  4114 0x235e320 DEBUG   GST_POLL gstpoll.c:979:gst_poll_fd_ctl_write: 0x2366820: fd (fd:0, idx:1), active : 1
0:00:00.019810855  4113 0x22fe370 DEBUG   GST_REGISTRY gstregistrychunks.c:539:gst_registry_chunks_load_pad_template: Added pad_template src_%u
0:00:00.015012145  4114 0x235e320 LOG   GST_POLL gstpoll.c:994:gst_poll_fd_ctl_write: 0x2366820: pfd->events now 60 (POLLOUT:4)
0:00:00.019816887  4113 0x22fe370 DEBUG   GST_REGISTRY gstregistrychunks.c:525:gst_registry_chunks_load_pad_template: Reading/casting for GstRegistryChunkPadTemplate at address 0x231a068
0:00:00.015019137  4114 0x235e320 DEBUG   GST_POLL gstpoll.c:979:gst_poll_fd_ctl_write: 0x2366820: fd (fd:0, idx:1), active : 1
0:00:00.019828133  4113 0x22fe370 DEBUG   GST_REGISTRY gstregistrychunks.c:539:gst_registry_chunks_load_pad_template: Added pad_template sink
0:00:00.015029365  4114 0x235e320 LOG   GST_POLL gstpoll.c:994:gst_poll_fd_ctl_write: 0x2366820: pfd->events now 60 (POLLOUT:4)
0:00:00.019836403  4113 0x22fe370 DEBUG   GST_REGISTRY gstregistry.c:589:gst_registry_add_feature: adding feature 0x231bf10 (tee)
0:00:00.015036118  4114 0x235e320 DEBUG   GST_POLL gstpoll.c:979:gst_poll_fd_ctl_write: 0x2366820: fd (fd:0, idx:1), active : 1
0:00:00.019842959  4113 0x22fe370 DEBUG   GST_REFCOUNTING gstobject.c:708:gst_object_set_parent: set parent (ref and sink)
0:00:00.015043977  4114 0x235e320 LOG   GST_POLL gstpoll.c:994:gst_poll_fd_ctl_write: 0x2366820: pfd->events now 60 (POLLOUT:4)
0:00:00.019851264  4113 0x22fe370 TRACE   GST_REFCOUNTING gstobject.c:292:gst_object_ref_sink: 0x231bf10 ref_sink 1->2
0:00:00.015051509  4114 0x235e320 DEBUG   GST_POLL gstpoll.c:979:gst_poll_fd_ctl_write: 0x2366820: fd (fd:0, idx:1), active : 1
0:00:00.019858861  4113 0x22fe370 LOG   GST_REGISTRY gstregistry.c:607:gst_registry_add_feature: emitting feature-added for tee
0:00:00.015059175  4114 0x235e320 LOG   GST_POLL gstpoll.c:994:gst_poll_fd_ctl_write: 0x2366820: pfd->events now 60 (POLLOUT:4)
0:00:00.019866055  4113 0x22fe370 DEBUG   GST_REGISTRY gstregistrychunks.c:740:gst_registry_chunks_load_feature: Added feature tee, plugin 0x2318070 coreelements
0:00:00.015066635  4114 0x235e320 DEBUG   GST_POLL gstpoll.c:979:gst_poll_fd_ctl_write: 0x2366820: fd (fd:0, idx:1), active : 1
0:00:00.019873558  4113 0x22fe370 DEBUG   GST_REGISTRY gstregistrychunks.c:582:gst_registry_chunks_load_feature: Plugin 'coreelements' feature 'filesink' typename : 'GstElementFactory'
0:00:00.015073603  4114 0x235e320 LOG   GST_POLL gstpoll.c:994:gst_poll_fd_ctl_write: 0x2366820: pfd->events now 60 (POLLOUT:4)
0:00:00.019881870  4113 0x22fe370 TRACE   GST_REFCOUNTING gstobject.c:208:gst_object_init: 0x231c2e0 new
0:00:00.015081578  4114 0x235e320 DEBUG   GST_POLL gstpoll.c:979:gst_poll_fd_ctl_write: 0x2366820: fd (fd:0, idx:1), active : 1
0:00:00.019890562  4113 0x22fe370 LOG   GST_REGISTRY gstregistrychunks.c:609:gst_registry_chunks_load_feature: Reading/casting for GstRegistryChunkElementFactory at address 0x231a098
0:00:00.015089983  4114 0x235e320 LOG   GST_POLL gstpoll.c:994:gst_poll_fd_ctl_write: 0x2366820: pfd->events now 60 (POLLOUT:4)
0:00:00.019897606  4113 0x22fe370 TRACE   structure gststructure.c:287:gst_structure_new_id_empty_with_size: created structure 0x231c4a0
0:00:00.015098559  4114 0x235e320 DEBUG   GST_POLL gstpoll.c:979:gst_poll_fd_ctl_write: 0x2366820: fd (fd:0, idx:1), active : 1
0:00:00.019903977  4113 0x22fe370 DEBUG   structure gststructure.c:2203:gst_structure_parse_field: trying field name 'long-name'
0:00:00.015105178  4114 0x235e320 LOG   GST_POLL gstpoll.c:994:gst_poll_fd_ctl_write: 0x2366820: pfd->events now 60 (POLLOUT:4)
0:00:00.019914786  4113 0x22fe370 DEBUG   default gstvalue.c:2676:_priv_gst_value_parse_value: trying type name 'string'
0:00:00.015116888  4114 0x235e320 DEBUG   GST_POLL gstpoll.c:979:gst_poll_fd_ctl_write: 0x2366820: fd (fd:0, idx:1), active : 1
0:00:00.019922150  4113 0x22fe370 DEBUG   structure gststructure.c:2203:gst_structure_parse_field: trying field name 'klass'
0:00:00.015123331  4114 0x235e320 LOG   GST_POLL gstpoll.c:994:gst_poll_fd_ctl_write: 0x2366820: pfd->events now 60 (POLLOUT:4)
0:00:00.019928172  4113 0x22fe370 DEBUG   default gstvalue.c:2676:_priv_gst_value_parse_value: trying type name 'string'
0:00:00.015130426  4114 0x235e320 DEBUG   GST_POLL gstpoll.c:979:gst_poll_fd_ctl_write: 0x2366820: fd (fd:0, idx:1), active : 1
0:00:00.019935403  4113 0x22fe370 DEBUG   structure gststructure.c:2203:gst_structure_parse_field: trying field name 'description'
0:00:00.015137067  4114 0x235e320 LOG   GST_POLL gstpoll.c:994:gst_poll_fd_ctl_write: 0x2366820: pfd->events now 60 (POLLOUT:4)
0:00:00.019941540  4113 0x22fe370 DEBUG   default gstvalue.c:2676:_priv_gst_value_parse_value: trying type name 'string'
0:00:00.015143949  4114 0x235e320 DEBUG   GST_POLL gstpoll.c:979:gst_poll_fd_ctl_write: 0x2366820: fd (fd:0, idx:1), active : 1
0:00:00.019948549  4113 0x22fe370 DEBUG   structure gststructure.c:2203:gst_structure_parse_field: trying field name 'author'
0:00:00.015150484  4114 0x235e320 LOG   GST_POLL gstpoll.c:994:gst_poll_fd_ctl_write: 0x2366820: pfd->events now 60 (POLLOUT:4)
0:00:00.019954526  4113 0x22fe370 DEBUG   default gstvalue.c:2676:_priv_gst_value_parse_value: trying type name 'string'
0:00:00.015157432  4114 0x235e320 DEBUG   GST_POLL gstpoll.c:979:gst_poll_fd_ctl_write: 0x2366820: fd (fd:0, idx:1), active : 1
0:00:00.019962287  4113 0x22fe370 DEBUG   GST_REGISTRY gstregistrychunks.c:626:gst_registry_chunks_load_feature: Element factory : npadtemplates=1
0:00:00.015164062  4114 0x235e320 LOG   GST_POLL gstpoll.c:994:gst_poll_fd_ctl_write: 0x2366820: pfd->events now 60 (POLLOUT:4)
0:00:00.019968423  4113 0x22fe370 DEBUG   GST_REGISTRY gstregistrychunks.c:525:gst_registry_chunks_load_pad_template: Reading/casting for GstRegistryChunkPadTemplate at address 0x231a178
0:00:00.015170852  4114 0x235e320 DEBUG   GST_POLL gstpoll.c:979:gst_poll_fd_ctl_write: 0x2366820: fd (fd:0, idx:1), active : 1
0:00:00.019974893  4113 0x22fe370 DEBUG   GST_REGISTRY gstregistrychunks.c:539:gst_registry_chunks_load_pad_template: Added pad_template sink
0:00:00.015177462  4114 0x235e320 LOG   GST_POLL gstpoll.c:994:gst_poll_fd_ctl_write: 0x2366820: pfd->events now 60 (POLLOUT:4)
0:00:00.019981888  4113 0x22fe370 DEBUG   GST_REGISTRY gstregistrychunks.c:639:gst_registry_chunks_load_feature: Reading 1 UriTypes at address 0x231a189
0:00:00.015184389  4114 0x235e320 DEBUG   GST_POLL gstpoll.c:979:gst_poll_fd_ctl_write: 0x2366820: fd (fd:0, idx:1), active : 1
0:00:00.019993846  4113 0x22fe370 DEBUG   GST_REGISTRY gstregistrychunks.c:654:gst_registry_chunks_load_feature: Reading 1 Interfaces at address 0x231a199
0:00:00.015194562  4114 0x235e320 LOG   GST_POLL gstpoll.c:994:gst_poll_fd_ctl_write: 0x2366820: pfd->events now 60 (POLLOUT:4)
0:00:00.015201929  4114 0x235e320 DEBUG   GST_POLL gstpoll.c:979:gst_poll_fd_ctl_write: 0x2366820: fd (fd:0, idx:1), active : 1
0:00:00.020003303  4113 0x22fe370 DEBUG   GST_REGISTRY gstregistry.c:589:gst_registry_add_feature: adding feature 0x231c2e0 (filesink)
0:00:00.015208068  4114 0x235e320 LOG   GST_POLL gstpoll.c:994:gst_poll_fd_ctl_write: 0x2366820: pfd->events now 60 (POLLOUT:4)
0:00:00.020011714  4113 0x22fe370 DEBUG   GST_REFCOUNTING gstobject.c:708:gst_object_set_parent: set parent (ref and sink)
0:00:00.015214880  4114 0x235e320 DEBUG   GST_POLL gstpoll.c:979:gst_poll_fd_ctl_write: 0x2366820: fd (fd:0, idx:1), active : 1
0:00:00.020019752  4113 0x22fe370 TRACE   GST_REFCOUNTING gstobject.c:292:gst_object_ref_sink: 0x231c2e0 ref_sink 1->2
0:00:00.015221592  4114 0x235e320 LOG   GST_POLL gstpoll.c:994:gst_poll_fd_ctl_write: 0x2366820: pfd->events now 60 (POLLOUT:4)
0:00:00.020027049  4113 0x22fe370 LOG   GST_REGISTRY gstregistry.c:607:gst_registry_add_feature: emitting feature-added for filesink
0:00:00.015228567  4114 0x235e320 DEBUG   GST_POLL gstpoll.c:979:gst_poll_fd_ctl_write: 0x2366820: fd (fd:0, idx:1), active : 1
0:00:00.020034224  4113 0x22fe370 DEBUG   GST_REGISTRY gstregistrychunks.c:740:gst_registry_chunks_load_feature: Added feature filesink, plugin 0x2318070 coreelements
0:00:00.015235165  4114 0x235e320 LOG   GST_POLL gstpoll.c:994:gst_poll_fd_ctl_write: 0x2366820: pfd->events now 60 (POLLOUT:4)
0:00:00.020041430  4113 0x22fe370 DEBUG   GST_REGISTRY gstregistrychunks.c:582:gst_registry_chunks_load_feature: Plugin 'coreelements' feature 'queue2' typename : 'GstElementFactory'
0:00:00.015242432  4114 0x235e320 DEBUG   GST_POLL gstpoll.c:979:gst_poll_fd_ctl_write: 0x2366820: fd (fd:0, idx:1), active : 1
0:00:00.020049369  4113 0x22fe370 TRACE   GST_REFCOUNTING gstobject.c:208:gst_object_init: 0x231c650 new
0:00:00.015248864  4114 0x235e320 LOG   GST_POLL gstpoll.c:994:gst_poll_fd_ctl_write: 0x2366820: pfd->events now 60 (POLLOUT:4)
0:00:00.020057854  4113 0x22fe370 LOG   GST_REGISTRY gstregistrychunks.c:609:gst_registry_chunks_load_feature: Reading/casting for GstRegistryChunkElementFactory at address 0x231a1c0
0:00:00.015257789  4114 0x235e320 DEBUG   GST_POLL gstpoll.c:979:gst_poll_fd_ctl_write: 0x2366820: fd (fd:0, idx:1), active : 1
0:00:00.020065176  4113 0x22fe370 TRACE   structure gststructure.c:287:gst_structure_new_id_empty_with_size: created structure 0x231c820
0:00:00.015266113  4114 0x235e320 LOG   GST_POLL gstpoll.c:994:gst_poll_fd_ctl_write: 0x2366820: pfd->events now 60 (POLLOUT:4)
0:00:00.020071431  4113 0x22fe370 DEBUG   structure gststructure.c:2203:gst_structure_parse_field: trying field name 'long-name'
0:00:00.015281015  4114 0x235e320 DEBUG   GST_POLL gstpoll.c:979:gst_poll_fd_ctl_write: 0x2366820: fd (fd:0, idx:1), active : 1
0:00:00.020083771  4113 0x22fe370 DEBUG   default gstvalue.c:2676:_priv_gst_value_parse_value: trying type name 'string'
0:00:00.015287716  4114 0x235e320 LOG   GST_POLL gstpoll.c:994:gst_poll_fd_ctl_write: 0x2366820: pfd->events now 60 (POLLOUT:4)
0:00:00.020091835  4113 0x22fe370 DEBUG   structure gststructure.c:2203:gst_structure_parse_field: trying field name 'klass'
0:00:00.015294695  4114 0x235e320 DEBUG   GST_POLL gstpoll.c:979:gst_poll_fd_ctl_write: 0x2366820: fd (fd:0, idx:1), active : 1
0:00:00.020097752  4113 0x22fe370 DEBUG   default gstvalue.c:2676:_priv_gst_value_parse_value: trying type name 'string'
0:00:00.015301277  4114 0x235e320 LOG   GST_POLL gstpoll.c:994:gst_poll_fd_ctl_write: 0x2366820: pfd->events now 60 (POLLOUT:4)
0:00:00.020105237  4113 0x22fe370 DEBUG   structure gststructure.c:2203:gst_structure_parse_field: trying field name 'description'
0:00:00.015308141  4114 0x235e320 DEBUG   GST_POLL gstpoll.c:979:gst_poll_fd_ctl_write: 0x2366820: fd (fd:0, idx:1), active : 1
0:00:00.020111268  4113 0x22fe370 DEBUG   default gstvalue.c:2676:_priv_gst_value_parse_value: trying type name 'string'
0:00:00.015314706  4114 0x235e320 LOG   GST_POLL gstpoll.c:994:gst_poll_fd_ctl_write: 0x2366820: pfd->events now 60 (POLLOUT:4)
0:00:00.020118857  4113 0x22fe370 DEBUG   structure gststructure.c:2203:gst_structure_parse_field: trying field name 'author'
0:00:00.015321524  4114 0x235e320 DEBUG   GST_POLL gstpoll.c:979:gst_poll_fd_ctl_write: 0x2366820: fd (fd:0, idx:1), active : 1
0:00:00.020125052  4113 0x22fe370 DEBUG   default gstvalue.c:2676:_priv_gst_value_parse_value: trying type name 'string'
0:00:00.015328160  4114 0x235e320 LOG   GST_POLL gstpoll.c:994:gst_poll_fd_ctl_write: 0x2366820: pfd->events now 60 (POLLOUT:4)
0:00:00.020133469  4113 0x22fe370 DEBUG   GST_REGISTRY gstregistrychunks.c:626:gst_registry_chunks_load_feature: Element factory : npadtemplates=2
0:00:00.015335286  4114 0x235e320 DEBUG   GST_POLL gstpoll.c:979:gst_poll_fd_ctl_write: 0x2366820: fd (fd:0, idx:1), active : 1
0:00:00.020139901  4113 0x22fe370 DEBUG   GST_REGISTRY gstregistrychunks.c:525:gst_registry_chunks_load_pad_template: Reading/casting for GstRegistryChunkPadTemplate at address 0x231a2b0
0:00:00.015341746  4114 0x235e320 LOG   GST_POLL gstpoll.c:994:gst_poll_fd_ctl_write: 0x2366820: pfd->events now 60 (POLLOUT:4)
0:00:00.020146529  4113 0x22fe370 DEBUG   GST_REGISTRY gstregistrychunks.c:539:gst_registry_chunks_load_pad_template: Added pad_template sink
0:00:00.015348587  4114 0x235e320 DEBUG   GST_POLL gstpoll.c:979:gst_poll_fd_ctl_write: 0x2366820: fd (fd:0, idx:1), active : 1
0:00:00.020152803  4113 0x22fe370 DEBUG   GST_REGISTRY gstregistrychunks.c:525:gst_registry_chunks_load_pad_template: Reading/casting for GstRegistryChunkPadTemplate at address 0x231a2c8
0:00:00.015354907  4114 0x235e320 LOG   GST_POLL gstpoll.c:994:gst_poll_fd_ctl_write: 0x2366820: pfd->events now 60 (POLLOUT:4)
0:00:00.020165004  4113 0x22fe370 DEBUG   GST_REGISTRY gstregistrychunks.c:539:gst_registry_chunks_load_pad_template: Added pad_template src
0:00:00.015365937  4114 0x235e320 DEBUG   GST_POLL gstpoll.c:979:gst_poll_fd_ctl_write: 0x2366820: fd (fd:0, idx:1), active : 1
0:00:00.015372458  4114 0x235e320 LOG   GST_POLL gstpoll.c:994:gst_poll_fd_ctl_write: 0x2366820: pfd->events now 60 (POLLOUT:4)
0:00:00.020173612  4113 0x22fe370 DEBUG   GST_REGISTRY gstregistry.c:589:gst_registry_add_feature: adding feature 0x231c650 (queue2)
0:00:00.015391172  4114 0x235e320 DEBUG   GST_POLL gstpoll.c:979:gst_poll_fd_ctl_write: 0x2366820: fd (fd:0, idx:1), active : 1
0:00:00.020195832  4113 0x22fe370 DEBUG   GST_REFCOUNTING gstobject.c:708:gst_object_set_parent: set parent (ref and sink)
0:00:00.015397750  4114 0x235e320 LOG   GST_POLL gstpoll.c:994:gst_poll_fd_ctl_write: 0x2366820: pfd->events now 60 (POLLOUT:4)
0:00:00.020203792  4113 0x22fe370 TRACE   GST_REFCOUNTING gstobject.c:292:gst_object_ref_sink: 0x231c650 ref_sink 1->2
0:00:00.015404484  4114 0x235e320 DEBUG   GST_POLL gstpoll.c:979:gst_poll_fd_ctl_write: 0x2366820: fd (fd:0, idx:1), active : 1
0:00:00.020211023  4113 0x22fe370 LOG   GST_REGISTRY gstregistry.c:607:gst_registry_add_feature: emitting feature-added for queue2
0:00:00.015411335  4114 0x235e320 LOG   GST_POLL gstpoll.c:994:gst_poll_fd_ctl_write: 0x2366820: pfd->events now 60 (POLLOUT:4)
0:00:00.020218119  4113 0x22fe370 DEBUG   GST_REGISTRY gstregistrychunks.c:740:gst_registry_chunks_load_feature: Added feature queue2, plugin 0x2318070 coreelements
0:00:00.015418754  4114 0x235e320 DEBUG   GST_POLL gstpoll.c:979:gst_poll_fd_ctl_write: 0x2366820: fd (fd:0, idx:1), active : 1
0:00:00.020225316  4113 0x22fe370 DEBUG   GST_REGISTRY gstregistrychunks.c:582:gst_registry_chunks_load_feature: Plugin 'coreelements' feature 'queue' typename : 'GstElementFactory'
0:00:00.015425200  4114 0x235e320 LOG   GST_POLL gstpoll.c:994:gst_poll_fd_ctl_write: 0x2366820: pfd->events now 60 (POLLOUT:4)
0:00:00.020233402  4113 0x22fe370 TRACE   GST_REFCOUNTING gstobject.c:208:gst_object_init: 0x231caa0 new
0:00:00.015433227  4114 0x235e320 DEBUG   GST_POLL gstpoll.c:979:gst_poll_fd_ctl_write: 0x2366820: fd (fd:0, idx:1), active : 1
0:00:00.020241722  4113 0x22fe370 LOG   GST_REGISTRY gstregistrychunks.c:609:gst_registry_chunks_load_feature: Reading/casting for GstRegistryChunkElementFactory at address 0x231a2f0
0:00:00.015440954  4114 0x235e320 LOG   GST_POLL gstpoll.c:994:gst_poll_fd_ctl_write: 0x2366820: pfd->events now 60 (POLLOUT:4)
0:00:00.020248959  4113 0x22fe370 TRACE   structure gststructure.c:287:gst_structure_new_id_empty_with_size: created structure 0x231ccd0
0:00:00.015449575  4114 0x235e320 DEBUG   GST_POLL gstpoll.c:979:gst_poll_fd_ctl_write: 0x2366820: fd (fd:0, idx:1), active : 1
0:00:00.020255429  4113 0x22fe370 DEBUG   structure gststructure.c:2203:gst_structure_parse_field: trying field name 'long-name'
0:00:00.015460448  4114 0x235e320 LOG   GST_POLL gstpoll.c:994:gst_poll_fd_ctl_write: 0x2366820: pfd->events now 60 (POLLOUT:4)
0:00:00.020263916  4113 0x22fe370 DEBUG   default gstvalue.c:2676:_priv_gst_value_parse_value: trying type name 'string'
0:00:00.015467028  4114 0x235e320 DEBUG   GST_POLL gstpoll.c:979:gst_poll_fd_ctl_write: 0x2366820: fd (fd:0, idx:1), active : 1
0:00:00.020270705  4113 0x22fe370 DEBUG   structure gststructure.c:2203:gst_structure_parse_field: trying field name 'klass'
0:00:00.015473345  4114 0x235e320 LOG   GST_POLL gstpoll.c:994:gst_poll_fd_ctl_write: 0x2366820: pfd->events now 60 (POLLOUT:4)
0:00:00.020276566  4113 0x22fe370 DEBUG   default gstvalue.c:2676:_priv_gst_value_parse_value: trying type name 'string'
0:00:00.015479850  4114 0x235e320 DEBUG   GST_POLL gstpoll.c:979:gst_poll_fd_ctl_write: 0x2366820: fd (fd:0, idx:1), active : 1
0:00:00.020283277  4113 0x22fe370 DEBUG   structure gststructure.c:2203:gst_structure_parse_field: trying field name 'description'
0:00:00.015486244  4114 0x235e320 LOG   GST_POLL gstpoll.c:994:gst_poll_fd_ctl_write: 0x2366820: pfd->events now 60 (POLLOUT:4)
0:00:00.020289719  4113 0x22fe370 DEBUG   default gstvalue.c:2676:_priv_gst_value_parse_value: trying type name 'string'
0:00:00.015492954  4114 0x235e320 DEBUG   GST_POLL gstpoll.c:979:gst_poll_fd_ctl_write: 0x2366820: fd (fd:0, idx:1), active : 1
0:00:00.020296439  4113 0x22fe370 DEBUG   structure gststructure.c:2203:gst_structure_parse_field: trying field name 'author'
0:00:00.015499311  4114 0x235e320 LOG   GST_POLL gstpoll.c:994:gst_poll_fd_ctl_write: 0x2366820: pfd->events now 60 (POLLOUT:4)
0:00:00.020302507  4113 0x22fe370 DEBUG   default gstvalue.c:2676:_priv_gst_value_parse_value: trying type name 'string'
0:00:00.015505856  4114 0x235e320 DEBUG   GST_POLL gstpoll.c:979:gst_poll_fd_ctl_write: 0x2366820: fd (fd:0, idx:1), active : 1
0:00:00.020309985  4113 0x22fe370 DEBUG   GST_REGISTRY gstregistrychunks.c:626:gst_registry_chunks_load_feature: Element factory : npadtemplates=2
0:00:00.015511972  4114 0x235e320 LOG   GST_POLL gstpoll.c:994:gst_poll_fd_ctl_write: 0x2366820: pfd->events now 60 (POLLOUT:4)
0:00:00.020316084  4113 0x22fe370 DEBUG   GST_REGISTRY gstregistrychunks.c:525:gst_registry_chunks_load_pad_template: Reading/casting for GstRegistryChunkPadTemplate at address 0x231a3a8
0:00:00.015518477  4114 0x235e320 DEBUG   GST_POLL gstpoll.c:979:gst_poll_fd_ctl_write: 0x2366820: fd (fd:0, idx:1), active : 1
0:00:00.020322300  4113 0x22fe370 DEBUG   GST_REGISTRY gstregistrychunks.c:539:gst_registry_chunks_load_pad_template: Added pad_template sink
0:00:00.015524705  4114 0x235e320 LOG   GST_POLL gstpoll.c:994:gst_poll_fd_ctl_write: 0x2366820: pfd->events now 60 (POLLOUT:4)
0:00:00.020328536  4113 0x22fe370 DEBUG   GST_REGISTRY gstregistrychunks.c:525:gst_registry_chunks_load_pad_template: Reading/casting for GstRegistryChunkPadTemplate at address 0x231a3c0
0:00:00.015531543  4114 0x235e320 DEBUG   GST_POLL gstpoll.c:979:gst_poll_fd_ctl_write: 0x2366820: fd (fd:0, idx:1), active : 1
0:00:00.020339368  4113 0x22fe370 DEBUG   GST_REGISTRY gstregistrychunks.c:539:gst_registry_chunks_load_pad_template: Added pad_template src
0:00:00.015540497  4114 0x235e320 LOG   GST_POLL gstpoll.c:994:gst_poll_fd_ctl_write: 0x2366820: pfd->events now 60 (POLLOUT:4)
0:00:00.020347298  4113 0x22fe370 DEBUG   GST_REGISTRY gstregistry.c:589:gst_registry_add_feature: adding feature 0x231caa0 (queue)
0:00:00.015547251  4114 0x235e320 DEBUG   GST_POLL gstpoll.c:979:gst_poll_fd_ctl_write: 0x2366820: fd (fd:0, idx:1), active : 1
0:00:00.020354017  4113 0x22fe370 DEBUG   GST_REFCOUNTING gstobject.c:708:gst_object_set_parent: set parent (ref and sink)
0:00:00.015554747  4114 0x235e320 LOG   GST_POLL gstpoll.c:994:gst_poll_fd_ctl_write: 0x2366820: pfd->events now 60 (POLLOUT:4)
0:00:00.020361741  4113 0x22fe370 TRACE   GST_REFCOUNTING gstobject.c:292:gst_object_ref_sink: 0x231caa0 ref_sink 1->2
0:00:00.015562267  4114 0x235e320 DEBUG   GST_POLL gstpoll.c:979:gst_poll_fd_ctl_write: 0x2366820: fd (fd:0, idx:1), active : 1
0:00:00.020368983  4113 0x22fe370 LOG   GST_REGISTRY gstregistry.c:607:gst_registry_add_feature: emitting feature-added for queue
0:00:00.015569490  4114 0x235e320 LOG   GST_POLL gstpoll.c:994:gst_poll_fd_ctl_write: 0x2366820: pfd->events now 60 (POLLOUT:4)
0:00:00.020376436  4113 0x22fe370 DEBUG   GST_REGISTRY gstregistrychunks.c:740:gst_registry_chunks_load_feature: Added feature queue, plugin 0x2318070 coreelements
0:00:00.015577070  4114 0x235e320 DEBUG   GST_POLL gstpoll.c:979:gst_poll_fd_ctl_write: 0x2366820: fd (fd:0, idx:1), active : 1
0:00:00.020383602  4113 0x22fe370 DEBUG   GST_REGISTRY gstregistrychunks.c:582:gst_registry_chunks_load_feature: Plugin 'coreelements' feature 'output-selector' typename : 'GstElementFactory'
0:00:00.015583722  4114 0x235e320 LOG   GST_POLL gstpoll.c:994:gst_poll_fd_ctl_write: 0x2366820: pfd->events now 60 (POLLOUT:4)
0:00:00.020391794  4113 0x22fe370 TRACE   GST_REFCOUNTING gstobject.c:208:gst_object_init: 0x231ce00 new
0:00:00.015591507  4114 0x235e320 DEBUG   GST_POLL gstpoll.c:979:gst_poll_fd_ctl_write: 0x2366820: fd (fd:0, idx:1), active : 1
0:00:00.015599652  4114 0x235e320 LOG   GST_POLL gstpoll.c:994:gst_poll_fd_ctl_write: 0x2366820: pfd->events now 60 (POLLOUT:4)
0:00:00.020403555  4113 0x22fe370 LOG   GST_REGISTRY gstregistrychunks.c:609:gst_registry_chunks_load_feature: Reading/casting for GstRegistryChunkElementFactory at address 0x231a3f8
0:00:00.015605546  4114 0x235e320 DEBUG   GST_POLL gstpoll.c:979:gst_poll_fd_ctl_write: 0x2366820: fd (fd:0, idx:1), active : 1
0:00:00.020410124  4113 0x22fe370 TRACE   structure gststructure.c:287:gst_structure_new_id_empty_with_size: created structure 0x231d100
0:00:00.015611850  4114 0x235e320 LOG   GST_POLL gstpoll.c:994:gst_poll_fd_ctl_write: 0x2366820: pfd->events now 60 (POLLOUT:4)
0:00:00.020416089  4113 0x22fe370 DEBUG   structure gststructure.c:2203:gst_structure_parse_field: trying field name 'long-name'
0:00:00.015622521  4114 0x235e320 DEBUG   GST_POLL gstpoll.c:979:gst_poll_fd_ctl_write: 0x2366820: fd (fd:0, idx:1), active : 1
0:00:00.020425199  4113 0x22fe370 DEBUG   default gstvalue.c:2676:_priv_gst_value_parse_value: trying type name 'string'
0:00:00.015628953  4114 0x235e320 LOG   GST_POLL gstpoll.c:994:gst_poll_fd_ctl_write: 0x2366820: pfd->events now 60 (POLLOUT:4)
0:00:00.020433014  4113 0x22fe370 DEBUG   structure gststructure.c:2203:gst_structure_parse_field: trying field name 'klass'
0:00:00.015635695  4114 0x235e320 DEBUG   GST_POLL gstpoll.c:979:gst_poll_fd_ctl_write: 0x2366820: fd (fd:0, idx:1), active : 1
0:00:00.020438648  4113 0x22fe370 DEBUG   default gstvalue.c:2676:_priv_gst_value_parse_value: trying type name 'string'
0:00:00.015642020  4114 0x235e320 LOG   GST_POLL gstpoll.c:994:gst_poll_fd_ctl_write: 0x2366820: pfd->events now 60 (POLLOUT:4)
0:00:00.020446084  4113 0x22fe370 DEBUG   structure gststructure.c:2203:gst_structure_parse_field: trying field name 'description'
0:00:00.015648927  4114 0x235e320 DEBUG   GST_POLL gstpoll.c:979:gst_poll_fd_ctl_write: 0x2366820: fd (fd:0, idx:1), active : 1
0:00:00.020452020  4113 0x22fe370 DEBUG   default gstvalue.c:2676:_priv_gst_value_parse_value: trying type name 'string'
0:00:00.015664997  4114 0x235e320 LOG   GST_POLL gstpoll.c:994:gst_poll_fd_ctl_write: 0x2366820: pfd->events now 60 (POLLOUT:4)
0:00:00.020468913  4113 0x22fe370 DEBUG   structure gststructure.c:2203:gst_structure_parse_field: trying field name 'author'
0:00:00.015672980  4114 0x235e320 DEBUG   GST_POLL gstpoll.c:979:gst_poll_fd_ctl_write: 0x2366820: fd (fd:0, idx:1), active : 1
0:00:00.020475716  4113 0x22fe370 DEBUG   default gstvalue.c:2676:_priv_gst_value_parse_value: trying type name 'string'
0:00:00.015679466  4114 0x235e320 LOG   GST_POLL gstpoll.c:994:gst_poll_fd_ctl_write: 0x2366820: pfd->events now 60 (POLLOUT:4)
0:00:00.020483988  4113 0x22fe370 DEBUG   GST_REGISTRY gstregistrychunks.c:626:gst_registry_chunks_load_feature: Element factory : npadtemplates=2
0:00:00.015686330  4114 0x235e320 DEBUG   GST_POLL gstpoll.c:979:gst_poll_fd_ctl_write: 0x2366820: fd (fd:0, idx:1), active : 1
0:00:00.020490182  4113 0x22fe370 DEBUG   GST_REGISTRY gstregistrychunks.c:525:gst_registry_chunks_load_pad_template: Reading/casting for GstRegistryChunkPadTemplate at address 0x231a4d0
0:00:00.015692468  4114 0x235e320 LOG   GST_POLL gstpoll.c:994:gst_poll_fd_ctl_write: 0x2366820: pfd->events now 60 (POLLOUT:4)
0:00:00.020496480  4113 0x22fe370 DEBUG   GST_REGISTRY gstregistrychunks.c:539:gst_registry_chunks_load_pad_template: Added pad_template src_%u
0:00:00.015699219  4114 0x235e320 DEBUG   GST_POLL gstpoll.c:979:gst_poll_fd_ctl_write: 0x2366820: fd (fd:0, idx:1), active : 1
0:00:00.020502499  4113 0x22fe370 DEBUG   GST_REGISTRY gstregistrychunks.c:525:gst_registry_chunks_load_pad_template: Reading/casting for GstRegistryChunkPadTemplate at address 0x231a4e8
0:00:00.015705273  4114 0x235e320 LOG   GST_POLL gstpoll.c:994:gst_poll_fd_ctl_write: 0x2366820: pfd->events now 60 (POLLOUT:4)
0:00:00.020513605  4113 0x22fe370 DEBUG   GST_REGISTRY gstregistrychunks.c:539:gst_registry_chunks_load_pad_template: Added pad_template sink
0:00:00.015715320  4114 0x235e320 LOG   GST_PLUGIN_LOADING gstpluginloader.c:645:put_chunk: Expanding tx buf from 10158 to 13209 for chunk of size 209
0:00:00.020521757  4113 0x22fe370 DEBUG   GST_REGISTRY gstregistry.c:589:gst_registry_add_feature: adding feature 0x231ce00 (output-selector)
0:00:00.020530921  4113 0x22fe370 DEBUG   GST_REFCOUNTING gstobject.c:708:gst_object_set_parent: set parent (ref and sink)
0:00:00.015732852  4114 0x235e320 DEBUG   GST_POLL gstpoll.c:979:gst_poll_fd_ctl_write: 0x2366820: fd (fd:0, idx:1), active : 1
0:00:00.020538402  4113 0x22fe370 TRACE   GST_REFCOUNTING gstobject.c:292:gst_object_ref_sink: 0x231ce00 ref_sink 1->2
0:00:00.015739231  4114 0x235e320 LOG   GST_POLL gstpoll.c:994:gst_poll_fd_ctl_write: 0x2366820: pfd->events now 60 (POLLOUT:4)
0:00:00.020545738  4113 0x22fe370 LOG   GST_REGISTRY gstregistry.c:607:gst_registry_add_feature: emitting feature-added for output-selector
0:00:00.015746534  4114 0x235e320 DEBUG   GST_POLL gstpoll.c:979:gst_poll_fd_ctl_write: 0x2366820: fd (fd:0, idx:1), active : 1
0:00:00.020553156  4113 0x22fe370 DEBUG   GST_REGISTRY gstregistrychunks.c:740:gst_registry_chunks_load_feature: Added feature output-selector, plugin 0x2318070 coreelements
0:00:00.015753077  4114 0x235e320 LOG   GST_POLL gstpoll.c:994:gst_poll_fd_ctl_write: 0x2366820: pfd->events now 60 (POLLOUT:4)
0:00:00.020560327  4113 0x22fe370 DEBUG   GST_REGISTRY gstregistrychunks.c:582:gst_registry_chunks_load_feature: Plugin 'coreelements' feature 'input-selector' typename : 'GstElementFactory'
0:00:00.015760875  4114 0x235e320 DEBUG   GST_POLL gstpoll.c:979:gst_poll_fd_ctl_write: 0x2366820: fd (fd:0, idx:1), active : 1
0:00:00.015767703  4114 0x235e320 LOG   GST_POLL gstpoll.c:994:gst_poll_fd_ctl_write: 0x2366820: pfd->events now 60 (POLLOUT:4)
0:00:00.020568552  4113 0x22fe370 TRACE   GST_REFCOUNTING gstobject.c:208:gst_object_init: 0x231d420 new
0:00:00.015773799  4114 0x235e320 DEBUG   GST_POLL gstpoll.c:979:gst_poll_fd_ctl_write: 0x2366820: fd (fd:0, idx:1), active : 1
0:00:00.020578649  4113 0x22fe370 LOG   GST_REGISTRY gstregistrychunks.c:609:gst_registry_chunks_load_feature: Reading/casting for GstRegistryChunkElementFactory at address 0x231a520
0:00:00.015780068  4114 0x235e320 LOG   GST_POLL gstpoll.c:994:gst_poll_fd_ctl_write: 0x2366820: pfd->events now 60 (POLLOUT:4)
0:00:00.020585727  4113 0x22fe370 TRACE   structure gststructure.c:287:gst_structure_new_id_empty_with_size: created structure 0x231d630
0:00:00.015786751  4114 0x235e320 DEBUG   GST_POLL gstpoll.c:979:gst_poll_fd_ctl_write: 0x2366820: fd (fd:0, idx:1), active : 1
0:00:00.020591996  4113 0x22fe370 DEBUG   structure gststructure.c:2203:gst_structure_parse_field: trying field name 'long-name'
0:00:00.015798167  4114 0x235e320 LOG   GST_POLL gstpoll.c:994:gst_poll_fd_ctl_write: 0x2366820: pfd->events now 60 (POLLOUT:4)
0:00:00.020601718  4113 0x22fe370 DEBUG   default gstvalue.c:2676:_priv_gst_value_parse_value: trying type name 'string'
0:00:00.015804897  4114 0x235e320 DEBUG   GST_POLL gstpoll.c:979:gst_poll_fd_ctl_write: 0x2366820: fd (fd:0, idx:1), active : 1
0:00:00.020608893  4113 0x22fe370 DEBUG   structure gststructure.c:2203:gst_structure_parse_field: trying field name 'klass'
0:00:00.015811298  4114 0x235e320 LOG   GST_POLL gstpoll.c:994:gst_poll_fd_ctl_write: 0x2366820: pfd->events now 60 (POLLOUT:4)
0:00:00.020614604  4113 0x22fe370 DEBUG   default gstvalue.c:2676:_priv_gst_value_parse_value: trying type name 'string'
0:00:00.015818019  4114 0x235e320 DEBUG   GST_POLL gstpoll.c:979:gst_poll_fd_ctl_write: 0x2366820: fd (fd:0, idx:1), active : 1
0:00:00.020621557  4113 0x22fe370 DEBUG   structure gststructure.c:2203:gst_structure_parse_field: trying field name 'description'
0:00:00.015824343  4114 0x235e320 LOG   GST_POLL gstpoll.c:994:gst_poll_fd_ctl_write: 0x2366820: pfd->events now 60 (POLLOUT:4)
0:00:00.020627418  4113 0x22fe370 DEBUG   default gstvalue.c:2676:_priv_gst_value_parse_value: trying type name 'string'
0:00:00.015831148  4114 0x235e320 DEBUG   GST_POLL gstpoll.c:979:gst_poll_fd_ctl_write: 0x2366820: fd (fd:0, idx:1), active : 1
0:00:00.020635140  4113 0x22fe370 DEBUG   structure gststructure.c:2203:gst_structure_parse_field: trying field name 'author'
0:00:00.015837365  4114 0x235e320 LOG   GST_POLL gstpoll.c:994:gst_poll_fd_ctl_write: 0x2366820: pfd->events now 60 (POLLOUT:4)
0:00:00.020641082  4113 0x22fe370 DEBUG   default gstvalue.c:2676:_priv_gst_value_parse_value: trying type name 'string'
0:00:00.015844013  4114 0x235e320 DEBUG   GST_POLL gstpoll.c:979:gst_poll_fd_ctl_write: 0x2366820: fd (fd:0, idx:1), active : 1
0:00:00.020649960  4113 0x22fe370 DEBUG   GST_REGISTRY gstregistrychunks.c:626:gst_registry_chunks_load_feature: Element factory : npadtemplates=2
0:00:00.015850421  4114 0x235e320 LOG   GST_POLL gstpoll.c:994:gst_poll_fd_ctl_write: 0x2366820: pfd->events now 60 (POLLOUT:4)
0:00:00.020656295  4113 0x22fe370 DEBUG   GST_REGISTRY gstregistrychunks.c:525:gst_registry_chunks_load_pad_template: Reading/casting for GstRegistryChunkPadTemplate at address 0x231a650
0:00:00.015857615  4114 0x235e320 DEBUG   GST_POLL gstpoll.c:979:gst_poll_fd_ctl_write: 0x2366820: fd (fd:0, idx:1), active : 1
0:00:00.020662879  4113 0x22fe370 DEBUG   GST_REGISTRY gstregistrychunks.c:539:gst_registry_chunks_load_pad_template: Added pad_template src
0:00:00.015864016  4114 0x235e320 LOG   GST_POLL gstpoll.c:994:gst_poll_fd_ctl_write: 0x2366820: pfd->events now 60 (POLLOUT:4)
0:00:00.020668943  4113 0x22fe370 DEBUG   GST_REGISTRY gstregistrychunks.c:525:gst_registry_chunks_load_pad_template: Reading/casting for GstRegistryChunkPadTemplate at address 0x231a660
0:00:00.015870765  4114 0x235e320 DEBUG   GST_POLL gstpoll.c:979:gst_poll_fd_ctl_write: 0x2366820: fd (fd:0, idx:1), active : 1
0:00:00.020680711  4113 0x22fe370 DEBUG   GST_REGISTRY gstregistrychunks.c:539:gst_registry_chunks_load_pad_template: Added pad_template sink_%u
0:00:00.015881225  4114 0x235e320 LOG   GST_POLL gstpoll.c:994:gst_poll_fd_ctl_write: 0x2366820: pfd->events now 60 (POLLOUT:4)
0:00:00.020688909  4113 0x22fe370 DEBUG   GST_REGISTRY gstregistry.c:589:gst_registry_add_feature: adding feature 0x231d420 (input-selector)
0:00:00.015888757  4114 0x235e320 DEBUG   GST_POLL gstpoll.c:979:gst_poll_fd_ctl_write: 0x2366820: fd (fd:0, idx:1), active : 1
0:00:00.020695695  4113 0x22fe370 DEBUG   GST_REFCOUNTING gstobject.c:708:gst_object_set_parent: set parent (ref and sink)
0:00:00.015896426  4114 0x235e320 LOG   GST_POLL gstpoll.c:994:gst_poll_fd_ctl_write: 0x2366820: pfd->events now 60 (POLLOUT:4)
0:00:00.020703663  4113 0x22fe370 TRACE   GST_REFCOUNTING gstobject.c:292:gst_object_ref_sink: 0x231d420 ref_sink 1->2
0:00:00.015904093  4114 0x235e320 DEBUG   GST_POLL gstpoll.c:979:gst_poll_fd_ctl_write: 0x2366820: fd (fd:0, idx:1), active : 1
0:00:00.020710694  4113 0x22fe370 LOG   GST_REGISTRY gstregistry.c:607:gst_registry_add_feature: emitting feature-added for input-selector
0:00:00.015911433  4114 0x235e320 LOG   GST_POLL gstpoll.c:994:gst_poll_fd_ctl_write: 0x2366820: pfd->events now 60 (POLLOUT:4)
0:00:00.020718157  4113 0x22fe370 DEBUG   GST_REGISTRY gstregistrychunks.c:740:gst_registry_chunks_load_feature: Added feature input-selector, plugin 0x2318070 coreelements
0:00:00.015918320  4114 0x235e320 DEBUG   GST_POLL gstpoll.c:979:gst_poll_fd_ctl_write: 0x2366820: fd (fd:0, idx:1), active : 1
0:00:00.020725340  4113 0x22fe370 DEBUG   GST_REGISTRY gstregistrychunks.c:582:gst_registry_chunks_load_feature: Plugin 'coreelements' feature 'identity' typename : 'GstElementFactory'
0:00:00.015925512  4114 0x235e320 LOG   GST_POLL gstpoll.c:994:gst_poll_fd_ctl_write: 0x2366820: pfd->events now 60 (POLLOUT:4)
0:00:00.020733329  4113 0x22fe370 TRACE   GST_REFCOUNTING gstobject.c:208:gst_object_init: 0x231d870 new
0:00:00.015933147  4114 0x235e320 DEBUG   GST_POLL gstpoll.c:979:gst_poll_fd_ctl_write: 0x2366820: fd (fd:0, idx:1), active : 1
0:00:00.020741468  4113 0x22fe370 LOG   GST_REGISTRY gstregistrychunks.c:609:gst_registry_chunks_load_feature: Reading/casting for GstRegistryChunkElementFactory at address 0x231a690
0:00:00.015941362  4114 0x235e320 LOG   GST_POLL gstpoll.c:994:gst_poll_fd_ctl_write: 0x2366820: pfd->events now 60 (POLLOUT:4)
0:00:00.020748174  4113 0x22fe370 TRACE   structure gststructure.c:287:gst_structure_new_id_empty_with_size: created structure 0x231da20
0:00:00.015952336  4114 0x235e320 DEBUG   GST_POLL gstpoll.c:979:gst_poll_fd_ctl_write: 0x2366820: fd (fd:0, idx:1), active : 1
0:00:00.020755174  4113 0x22fe370 DEBUG   structure gststructure.c:2203:gst_structure_parse_field: trying field name 'long-name'
0:00:00.015958663  4114 0x235e320 LOG   GST_POLL gstpoll.c:994:gst_poll_fd_ctl_write: 0x2366820: pfd->events now 60 (POLLOUT:4)
0:00:00.020765851  4113 0x22fe370 DEBUG   default gstvalue.c:2676:_priv_gst_value_parse_value: trying type name 'string'
0:00:00.015967517  4114 0x235e320 DEBUG   GST_POLL gstpoll.c:979:gst_poll_fd_ctl_write: 0x2366820: fd (fd:0, idx:1), active : 1
0:00:00.020773043  4113 0x22fe370 DEBUG   structure gststructure.c:2203:gst_structure_parse_field: trying field name 'klass'
0:00:00.015973760  4114 0x235e320 LOG   GST_POLL gstpoll.c:994:gst_poll_fd_ctl_write: 0x2366820: pfd->events now 60 (POLLOUT:4)
0:00:00.015980735  4114 0x235e320 DEBUG   GST_POLL gstpoll.c:979:gst_poll_fd_ctl_write: 0x2366820: fd (fd:0, idx:1), active : 1
0:00:00.020779281  4113 0x22fe370 DEBUG   default gstvalue.c:2676:_priv_gst_value_parse_value: trying type name 'string'
0:00:00.015986499  4114 0x235e320 LOG   GST_POLL gstpoll.c:994:gst_poll_fd_ctl_write: 0x2366820: pfd->events now 60 (POLLOUT:4)
0:00:00.020790838  4113 0x22fe370 DEBUG   structure gststructure.c:2203:gst_structure_parse_field: trying field name 'description'
0:00:00.015993363  4114 0x235e320 DEBUG   GST_POLL gstpoll.c:979:gst_poll_fd_ctl_write: 0x2366820: fd (fd:0, idx:1), active : 1
0:00:00.020796978  4113 0x22fe370 DEBUG   default gstvalue.c:2676:_priv_gst_value_parse_value: trying type name 'string'
0:00:00.015999582  4114 0x235e320 LOG   GST_POLL gstpoll.c:994:gst_poll_fd_ctl_write: 0x2366820: pfd->events now 60 (POLLOUT:4)
0:00:00.020803850  4113 0x22fe370 DEBUG   structure gststructure.c:2203:gst_structure_parse_field: trying field name 'author'
0:00:00.016006200  4114 0x235e320 DEBUG   GST_POLL gstpoll.c:979:gst_poll_fd_ctl_write: 0x2366820: fd (fd:0, idx:1), active : 1
0:00:00.020809652  4113 0x22fe370 DEBUG   default gstvalue.c:2676:_priv_gst_value_parse_value: trying type name 'string'
0:00:00.016012556  4114 0x235e320 LOG   GST_POLL gstpoll.c:994:gst_poll_fd_ctl_write: 0x2366820: pfd->events now 60 (POLLOUT:4)
0:00:00.020817197  4113 0x22fe370 DEBUG   GST_REGISTRY gstregistrychunks.c:626:gst_registry_chunks_load_feature: Element factory : npadtemplates=2
0:00:00.016019117  4114 0x235e320 DEBUG   GST_POLL gstpoll.c:979:gst_poll_fd_ctl_write: 0x2366820: fd (fd:0, idx:1), active : 1
0:00:00.020823376  4113 0x22fe370 DEBUG   GST_REGISTRY gstregistrychunks.c:525:gst_registry_chunks_load_pad_template: Reading/casting for GstRegistryChunkPadTemplate at address 0x231a760
0:00:00.016025259  4114 0x235e320 LOG   GST_POLL gstpoll.c:994:gst_poll_fd_ctl_write: 0x2366820: pfd->events now 60 (POLLOUT:4)
0:00:00.020829969  4113 0x22fe370 DEBUG   GST_REGISTRY gstregistrychunks.c:539:gst_registry_chunks_load_pad_template: Added pad_template sink
0:00:00.016032006  4114 0x235e320 DEBUG   GST_POLL gstpoll.c:979:gst_poll_fd_ctl_write: 0x2366820: fd (fd:0, idx:1), active : 1
0:00:00.020835973  4113 0x22fe370 DEBUG   GST_REGISTRY gstregistrychunks.c:525:gst_registry_chunks_load_pad_template: Reading/casting for GstRegistryChunkPadTemplate at address 0x231a778
0:00:00.016042460  4114 0x235e320 LOG   GST_POLL gstpoll.c:994:gst_poll_fd_ctl_write: 0x2366820: pfd->events now 60 (POLLOUT:4)
0:00:00.020845926  4113 0x22fe370 DEBUG   GST_REGISTRY gstregistrychunks.c:539:gst_registry_chunks_load_pad_template: Added pad_template src
0:00:00.016049008  4114 0x235e320 DEBUG   GST_POLL gstpoll.c:979:gst_poll_fd_ctl_write: 0x2366820: fd (fd:0, idx:1), active : 1
0:00:00.020853580  4113 0x22fe370 DEBUG   GST_REGISTRY gstregistry.c:589:gst_registry_add_feature: adding feature 0x231d870 (identity)
0:00:00.016055255  4114 0x235e320 LOG   GST_POLL gstpoll.c:994:gst_poll_fd_ctl_write: 0x2366820: pfd->events now 60 (POLLOUT:4)
0:00:00.020859998  4113 0x22fe370 DEBUG   GST_REFCOUNTING gstobject.c:708:gst_object_set_parent: set parent (ref and sink)
0:00:00.016061857  4114 0x235e320 DEBUG   GST_POLL gstpoll.c:979:gst_poll_fd_ctl_write: 0x2366820: fd (fd:0, idx:1), active : 1
0:00:00.020868034  4113 0x22fe370 TRACE   GST_REFCOUNTING gstobject.c:292:gst_object_ref_sink: 0x231d870 ref_sink 1->2
0:00:00.016068090  4114 0x235e320 LOG   GST_POLL gstpoll.c:994:gst_poll_fd_ctl_write: 0x2366820: pfd->events now 60 (POLLOUT:4)
0:00:00.020875125  4113 0x22fe370 LOG   GST_REGISTRY gstregistry.c:607:gst_registry_add_feature: emitting feature-added for identity
0:00:00.016075736  4114 0x235e320 DEBUG   GST_POLL gstpoll.c:979:gst_poll_fd_ctl_write: 0x2366820: fd (fd:0, idx:1), active : 1
0:00:00.020882296  4113 0x22fe370 DEBUG   GST_REGISTRY gstregistrychunks.c:740:gst_registry_chunks_load_feature: Added feature identity, plugin 0x2318070 coreelements
0:00:00.016099071  4114 0x235e320 LOG   GST_POLL gstpoll.c:994:gst_poll_fd_ctl_write: 0x2366820: pfd->events now 60 (POLLOUT:4)
0:00:00.020901836  4113 0x22fe370 DEBUG   GST_REGISTRY gstregistrychunks.c:582:gst_registry_chunks_load_feature: Plugin 'coreelements' feature 'funnel' typename : 'GstElementFactory'
0:00:00.020912844  4113 0x22fe370 TRACE   GST_REFCOUNTING gstobject.c:208:gst_object_init: 0x231dc20 new
0:00:00.016110819  4114 0x235e320 DEBUG   GST_POLL gstpoll.c:979:gst_poll_fd_ctl_write: 0x2366820: fd (fd:0, idx:1), active : 1
0:00:00.020920765  4113 0x22fe370 LOG   GST_REGISTRY gstregistrychunks.c:609:gst_registry_chunks_load_feature: Reading/casting for GstRegistryChunkElementFactory at address 0x231a7a8
0:00:00.016123308  4114 0x235e320 LOG   GST_POLL gstpoll.c:994:gst_poll_fd_ctl_write: 0x2366820: pfd->events now 60 (POLLOUT:4)
0:00:00.020927313  4113 0x22fe370 TRACE   structure gststructure.c:287:gst_structure_new_id_empty_with_size: created structure 0x231de70
0:00:00.016133081  4114 0x235e320 DEBUG   GST_POLL gstpoll.c:979:gst_poll_fd_ctl_write: 0x2366820: fd (fd:0, idx:1), active : 1
0:00:00.020935298  4113 0x22fe370 DEBUG   structure gststructure.c:2203:gst_structure_parse_field: trying field name 'long-name'
0:00:00.016141780  4114 0x235e320 LOG   GST_POLL gstpoll.c:994:gst_poll_fd_ctl_write: 0x2366820: pfd->events now 60 (POLLOUT:4)
0:00:00.020948573  4113 0x22fe370 DEBUG   default gstvalue.c:2676:_priv_gst_value_parse_value: trying type name 'string'
0:00:00.020955966  4113 0x22fe370 DEBUG   structure gststructure.c:2203:gst_structure_parse_field: trying field name 'klass'
0:00:00.016154333  4114 0x235e320 DEBUG   GST_POLL gstpoll.c:979:gst_poll_fd_ctl_write: 0x2366820: fd (fd:0, idx:1), active : 1
0:00:00.020961420  4113 0x22fe370 DEBUG   default gstvalue.c:2676:_priv_gst_value_parse_value: trying type name 'string'
0:00:00.016164996  4114 0x235e320 LOG   GST_POLL gstpoll.c:994:gst_poll_fd_ctl_write: 0x2366820: pfd->events now 60 (POLLOUT:4)
0:00:00.020971383  4113 0x22fe370 DEBUG   structure gststructure.c:2203:gst_structure_parse_field: trying field name 'description'
0:00:00.016172691  4114 0x235e320 DEBUG   GST_POLL gstpoll.c:979:gst_poll_fd_ctl_write: 0x2366820: fd (fd:0, idx:1), active : 1
0:00:00.020977828  4113 0x22fe370 DEBUG   default gstvalue.c:2676:_priv_gst_value_parse_value: trying type name 'string'
0:00:00.016179004  4114 0x235e320 LOG   GST_POLL gstpoll.c:994:gst_poll_fd_ctl_write: 0x2366820: pfd->events now 60 (POLLOUT:4)
0:00:00.020984716  4113 0x22fe370 DEBUG   structure gststructure.c:2203:gst_structure_parse_field: trying field name 'author'
0:00:00.016185647  4114 0x235e320 DEBUG   GST_POLL gstpoll.c:979:gst_poll_fd_ctl_write: 0x2366820: fd (fd:0, idx:1), active : 1
0:00:00.020990596  4113 0x22fe370 DEBUG   default gstvalue.c:2676:_priv_gst_value_parse_value: trying type name 'string'
0:00:00.016191996  4114 0x235e320 LOG   GST_POLL gstpoll.c:994:gst_poll_fd_ctl_write: 0x2366820: pfd->events now 60 (POLLOUT:4)
0:00:00.020998307  4113 0x22fe370 DEBUG   GST_REGISTRY gstregistrychunks.c:626:gst_registry_chunks_load_feature: Element factory : npadtemplates=2
0:00:00.016199038  4114 0x235e320 DEBUG   GST_POLL gstpoll.c:979:gst_poll_fd_ctl_write: 0x2366820: fd (fd:0, idx:1), active : 1
0:00:00.021004695  4113 0x22fe370 DEBUG   GST_REGISTRY gstregistrychunks.c:525:gst_registry_chunks_load_pad_template: Reading/casting for GstRegistryChunkPadTemplate at address 0x231a880
0:00:00.016205776  4114 0x235e320 LOG   GST_POLL gstpoll.c:994:gst_poll_fd_ctl_write: 0x2366820: pfd->events now 60 (POLLOUT:4)
0:00:00.021010992  4113 0x22fe370 DEBUG   GST_REGISTRY gstregistrychunks.c:539:gst_registry_chunks_load_pad_template: Added pad_template src
0:00:00.016212295  4114 0x235e320 DEBUG   GST_POLL gstpoll.c:979:gst_poll_fd_ctl_write: 0x2366820: fd (fd:0, idx:1), active : 1
0:00:00.021016977  4113 0x22fe370 DEBUG   GST_REGISTRY gstregistrychunks.c:525:gst_registry_chunks_load_pad_template: Reading/casting for GstRegistryChunkPadTemplate at address 0x231a890
0:00:00.016218541  4114 0x235e320 LOG   GST_POLL gstpoll.c:994:gst_poll_fd_ctl_write: 0x2366820: pfd->events now 60 (POLLOUT:4)
0:00:00.021023438  4113 0x22fe370 DEBUG   GST_REGISTRY gstregistrychunks.c:539:gst_registry_chunks_load_pad_template: Added pad_template sink_%u
0:00:00.016225083  4114 0x235e320 DEBUG   GST_POLL gstpoll.c:979:gst_poll_fd_ctl_write: 0x2366820: fd (fd:0, idx:1), active : 1
0:00:00.021035763  4113 0x22fe370 DEBUG   GST_REGISTRY gstregistry.c:589:gst_registry_add_feature: adding feature 0x231dc20 (funnel)
0:00:00.016235017  4114 0x235e320 LOG   GST_POLL gstpoll.c:994:gst_poll_fd_ctl_write: 0x2366820: pfd->events now 60 (POLLOUT:4)
0:00:00.021042211  4113 0x22fe370 DEBUG   GST_REFCOUNTING gstobject.c:708:gst_object_set_parent: set parent (ref and sink)
0:00:00.016243382  4114 0x235e320 DEBUG   GST_POLL gstpoll.c:979:gst_poll_fd_ctl_write: 0x2366820: fd (fd:0, idx:1), active : 1
0:00:00.021050199  4113 0x22fe370 TRACE   GST_REFCOUNTING gstobject.c:292:gst_object_ref_sink: 0x231dc20 ref_sink 1->2
0:00:00.016250029  4114 0x235e320 LOG   GST_POLL gstpoll.c:994:gst_poll_fd_ctl_write: 0x2366820: pfd->events now 60 (POLLOUT:4)
0:00:00.021057200  4113 0x22fe370 LOG   GST_REGISTRY gstregistry.c:607:gst_registry_add_feature: emitting feature-added for funnel
0:00:00.016258282  4114 0x235e320 DEBUG   GST_POLL gstpoll.c:979:gst_poll_fd_ctl_write: 0x2366820: fd (fd:0, idx:1), active : 1
0:00:00.021064329  4113 0x22fe370 DEBUG   GST_REGISTRY gstregistrychunks.c:740:gst_registry_chunks_load_feature: Added feature funnel, plugin 0x2318070 coreelements
