0:00:00.022483363  4113 0x22fe370 DEBUG   GST_REGISTRY gstregistrychunks.c:626:gst_registry_chunks_load_feature: Element factory : npadtemplates=2
0:00:00.017686056  4114 0x235e320 DEBUG   GST_POLL gstpoll.c:979:gst_poll_fd_ctl_write: 0x2366820: fd (fd:0, idx:1), active : 1
0:00:00.022489534  4113 0x22fe370 DEBUG   GST_REGISTRY gstregistrychunks.c:525:gst_registry_chunks_load_pad_template: Reading/casting for GstRegistryChunkPadTemplate at address 0x231b308
0:00:00.022511958  4113 0x22fe370 DEBUG   GST_REGISTRY gstregistrychunks.c:539:gst_registry_chunks_load_pad_template: Added pad_template sink
0:00:00.017709303  4114 0x235e320 LOG   GST_POLL gstpoll.c:994:gst_poll_fd_ctl_write: 0x2366820: pfd->events now 60 (POLLOUT:4)
0:00:00.022517585  4113 0x22fe370 DEBUG   GST_REGISTRY gstregistrychunks.c:525:gst_registry_chunks_load_pad_template: Reading/casting for GstRegistryChunkPadTemplate at address 0x231b320
0:00:00.022524021  4113 0x22fe370 DEBUG   GST_REGISTRY gstregistrychunks.c:539:gst_registry_chunks_load_pad_template: Added pad_template src
0:00:00.017723488  4114 0x235e320 DEBUG   GST_POLL gstpoll.c:979:gst_poll_fd_ctl_write: 0x2366820: fd (fd:0, idx:1), active : 1
0:00:00.022531330  4113 0x22fe370 DEBUG   GST_REGISTRY gstregistry.c:589:gst_registry_add_feature: adding feature 0x231f370 (clocksync)
0:00:00.017735070  4114 0x235e320 LOG   GST_POLL gstpoll.c:994:gst_poll_fd_ctl_write: 0x2366820: pfd->events now 60 (POLLOUT:4)
0:00:00.022537869  4113 0x22fe370 DEBUG   GST_REFCOUNTING gstobject.c:708:gst_object_set_parent: set parent (ref and sink)
0:00:00.017743010  4114 0x235e320 DEBUG   GST_POLL gstpoll.c:979:gst_poll_fd_ctl_write: 0x2366820: fd (fd:0, idx:1), active : 1
0:00:00.022546845  4113 0x22fe370 TRACE   GST_REFCOUNTING gstobject.c:292:gst_object_ref_sink: 0x231f370 ref_sink 1->2
0:00:00.017749584  4114 0x235e320 LOG   GST_POLL gstpoll.c:994:gst_poll_fd_ctl_write: 0x2366820: pfd->events now 60 (POLLOUT:4)
0:00:00.022554180  4113 0x22fe370 LOG   GST_REGISTRY gstregistry.c:607:gst_registry_add_feature: emitting feature-added for clocksync
0:00:00.017756248  4114 0x235e320 DEBUG   GST_POLL gstpoll.c:979:gst_poll_fd_ctl_write: 0x2366820: fd (fd:0, idx:1), active : 1
0:00:00.022561681  4113 0x22fe370 DEBUG   GST_REGISTRY gstregistrychunks.c:740:gst_registry_chunks_load_feature: Added feature clocksync, plugin 0x2318070 coreelements
0:00:00.017762770  4114 0x235e320 LOG   GST_POLL gstpoll.c:994:gst_poll_fd_ctl_write: 0x2366820: pfd->events now 60 (POLLOUT:4)
0:00:00.022569348  4113 0x22fe370 DEBUG   GST_REGISTRY gstregistrychunks.c:582:gst_registry_chunks_load_feature: Plugin 'coreelements' feature 'capsfilter' typename : 'GstElementFactory'
0:00:00.017775030  4114 0x235e320 DEBUG   GST_POLL gstpoll.c:979:gst_poll_fd_ctl_write: 0x2366820: fd (fd:0, idx:1), active : 1
0:00:00.022579933  4113 0x22fe370 TRACE   GST_REFCOUNTING gstobject.c:208:gst_object_init: 0x23200d0 new
0:00:00.017781777  4114 0x235e320 LOG   GST_POLL gstpoll.c:994:gst_poll_fd_ctl_write: 0x2366820: pfd->events now 60 (POLLOUT:4)
0:00:00.022588346  4113 0x22fe370 LOG   GST_REGISTRY gstregistrychunks.c:609:gst_registry_chunks_load_feature: Reading/casting for GstRegistryChunkElementFactory at address 0x231b350
0:00:00.017788552  4114 0x235e320 DEBUG   GST_POLL gstpoll.c:979:gst_poll_fd_ctl_write: 0x2366820: fd (fd:0, idx:1), active : 1
0:00:00.022595274  4113 0x22fe370 TRACE   structure gststructure.c:287:gst_structure_new_id_empty_with_size: created structure 0x2320820
0:00:00.017796093  4114 0x235e320 LOG   GST_POLL gstpoll.c:994:gst_poll_fd_ctl_write: 0x2366820: pfd->events now 60 (POLLOUT:4)
0:00:00.022601922  4113 0x22fe370 DEBUG   structure gststructure.c:2203:gst_structure_parse_field: trying field name 'long-name'
0:00:00.017803357  4114 0x235e320 DEBUG   GST_POLL gstpoll.c:979:gst_poll_fd_ctl_write: 0x2366820: fd (fd:0, idx:1), active : 1
0:00:00.022608427  4113 0x22fe370 DEBUG   default gstvalue.c:2676:_priv_gst_value_parse_value: trying type name 'string'
0:00:00.017810056  4114 0x235e320 LOG   GST_POLL gstpoll.c:994:gst_poll_fd_ctl_write: 0x2366820: pfd->events now 60 (POLLOUT:4)
0:00:00.022615227  4113 0x22fe370 DEBUG   structure gststructure.c:2203:gst_structure_parse_field: trying field name 'klass'
0:00:00.017816793  4114 0x235e320 DEBUG   GST_POLL gstpoll.c:979:gst_poll_fd_ctl_write: 0x2366820: fd (fd:0, idx:1), active : 1
0:00:00.022620980  4113 0x22fe370 DEBUG   default gstvalue.c:2676:_priv_gst_value_parse_value: trying type name 'string'
0:00:00.017823150  4114 0x235e320 LOG   GST_POLL gstpoll.c:994:gst_poll_fd_ctl_write: 0x2366820: pfd->events now 60 (POLLOUT:4)
0:00:00.022627627  4113 0x22fe370 DEBUG   structure gststructure.c:2203:gst_structure_parse_field: trying field name 'description'
0:00:00.017829731  4114 0x235e320 DEBUG   GST_POLL gstpoll.c:979:gst_poll_fd_ctl_write: 0x2366820: fd (fd:0, idx:1), active : 1
0:00:00.022633474  4113 0x22fe370 DEBUG   default gstvalue.c:2676:_priv_gst_value_parse_value: trying type name 'string'
0:00:00.017836177  4114 0x235e320 LOG   GST_POLL gstpoll.c:994:gst_poll_fd_ctl_write: 0x2366820: pfd->events now 60 (POLLOUT:4)
0:00:00.022640758  4113 0x22fe370 DEBUG   structure gststructure.c:2203:gst_structure_parse_field: trying field name 'author'
0:00:00.017842841  4114 0x235e320 DEBUG   GST_POLL gstpoll.c:979:gst_poll_fd_ctl_write: 0x2366820: fd (fd:0, idx:1), active : 1
0:00:00.022646532  4113 0x22fe370 DEBUG   default gstvalue.c:2676:_priv_gst_value_parse_value: trying type name 'string'
0:00:00.017849127  4114 0x235e320 LOG   GST_POLL gstpoll.c:994:gst_poll_fd_ctl_write: 0x2366820: pfd->events now 60 (POLLOUT:4)
0:00:00.022658538  4113 0x22fe370 DEBUG   GST_REGISTRY gstregistrychunks.c:626:gst_registry_chunks_load_feature: Element factory : npadtemplates=2
0:00:00.017859364  4114 0x235e320 DEBUG   GST_POLL gstpoll.c:979:gst_poll_fd_ctl_write: 0x2366820: fd (fd:0, idx:1), active : 1
0:00:00.022664698  4113 0x22fe370 DEBUG   GST_REGISTRY gstregistrychunks.c:525:gst_registry_chunks_load_pad_template: Reading/casting for GstRegistryChunkPadTemplate at address 0x231b430
0:00:00.017865836  4114 0x235e320 LOG   GST_POLL gstpoll.c:994:gst_poll_fd_ctl_write: 0x2366820: pfd->events now 60 (POLLOUT:4)
0:00:00.022671105  4113 0x22fe370 DEBUG   GST_REGISTRY gstregistrychunks.c:539:gst_registry_chunks_load_pad_template: Added pad_template sink
0:00:00.017872710  4114 0x235e320 DEBUG   GST_POLL gstpoll.c:979:gst_poll_fd_ctl_write: 0x2366820: fd (fd:0, idx:1), active : 1
0:00:00.022677358  4113 0x22fe370 DEBUG   GST_REGISTRY gstregistrychunks.c:525:gst_registry_chunks_load_pad_template: Reading/casting for GstRegistryChunkPadTemplate at address 0x231b448
0:00:00.017879068  4114 0x235e320 LOG   GST_POLL gstpoll.c:994:gst_poll_fd_ctl_write: 0x2366820: pfd->events now 60 (POLLOUT:4)
0:00:00.022683784  4113 0x22fe370 DEBUG   GST_REGISTRY gstregistrychunks.c:539:gst_registry_chunks_load_pad_template: Added pad_template src
0:00:00.017885926  4114 0x235e320 DEBUG   GST_POLL gstpoll.c:979:gst_poll_fd_ctl_write: 0x2366820: fd (fd:0, idx:1), active : 1
0:00:00.022691638  4113 0x22fe370 DEBUG   GST_REGISTRY gstregistry.c:589:gst_registry_add_feature: adding feature 0x23200d0 (capsfilter)
0:00:00.017892407  4114 0x235e320 LOG   GST_POLL gstpoll.c:994:gst_poll_fd_ctl_write: 0x2366820: pfd->events now 60 (POLLOUT:4)
0:00:00.022698211  4113 0x22fe370 DEBUG   GST_REFCOUNTING gstobject.c:708:gst_object_set_parent: set parent (ref and sink)
0:00:00.017899388  4114 0x235e320 DEBUG   GST_POLL gstpoll.c:979:gst_poll_fd_ctl_write: 0x2366820: fd (fd:0, idx:1), active : 1
0:00:00.022706307  4113 0x22fe370 TRACE   GST_REFCOUNTING gstobject.c:292:gst_object_ref_sink: 0x23200d0 ref_sink 1->2
0:00:00.017906273  4114 0x235e320 LOG   GST_POLL gstpoll.c:994:gst_poll_fd_ctl_write: 0x2366820: pfd->events now 60 (POLLOUT:4)
0:00:00.022713529  4113 0x22fe370 LOG   GST_REGISTRY gstregistry.c:607:gst_registry_add_feature: emitting feature-added for capsfilter
0:00:00.017914649  4114 0x235e320 DEBUG   GST_POLL gstpoll.c:979:gst_poll_fd_ctl_write: 0x2366820: fd (fd:0, idx:1), active : 1
0:00:00.022720724  4113 0x22fe370 DEBUG   GST_REGISTRY gstregistrychunks.c:740:gst_registry_chunks_load_feature: Added feature capsfilter, plugin 0x2318070 coreelements
0:00:00.017921091  4114 0x235e320 LOG   GST_POLL gstpoll.c:994:gst_poll_fd_ctl_write: 0x2366820: pfd->events now 60 (POLLOUT:4)
0:00:00.017928433  4114 0x235e320 DEBUG   GST_POLL gstpoll.c:979:gst_poll_fd_ctl_write: 0x2366820: fd (fd:0, idx:1), active : 1
0:00:00.022729201  4113 0x22fe370 LOG   GST_PLUGIN_LOADING gstpluginloader.c:887:handle_rx_packet: marking plugin 0x2318070 as registered as /home/conan/w/prod/BuildSingleReference/.conan/data/gstreamer/1.18.4/_/_/package/79b6a76dab3879a2afba8d14ba028b620dd3f25b/lib/gstreamer-1.0/libgstcoreelements.so
0:00:00.017948531  4114 0x235e320 LOG   GST_POLL gstpoll.c:994:gst_poll_fd_ctl_write: 0x2366820: pfd->events now 60 (POLLOUT:4)
0:00:00.022751301  4113 0x22fe370 DEBUG   GST_POLL gstpoll.c:1414:gst_poll_wait: 0x2317b40: timeout :0:00:01.000000000
0:00:00.017955664  4114 0x235e320 DEBUG   GST_POLL gstpoll.c:979:gst_poll_fd_ctl_write: 0x2366820: fd (fd:0, idx:1), active : 1
0:00:00.017961966  4114 0x235e320 LOG   GST_POLL gstpoll.c:994:gst_poll_fd_ctl_write: 0x2366820: pfd->events now 60 (POLLOUT:4)
0:00:00.017968150  4114 0x235e320 DEBUG   GST_POLL gstpoll.c:979:gst_poll_fd_ctl_write: 0x2366820: fd (fd:0, idx:1), active : 1
0:00:00.017974389  4114 0x235e320 LOG   GST_POLL gstpoll.c:994:gst_poll_fd_ctl_write: 0x2366820: pfd->events now 60 (POLLOUT:4)
0:00:00.017980801  4114 0x235e320 DEBUG   GST_POLL gstpoll.c:979:gst_poll_fd_ctl_write: 0x2366820: fd (fd:0, idx:1), active : 1
0:00:00.017986636  4114 0x235e320 LOG   GST_POLL gstpoll.c:994:gst_poll_fd_ctl_write: 0x2366820: pfd->events now 60 (POLLOUT:4)
0:00:00.017992738  4114 0x235e320 DEBUG   GST_POLL gstpoll.c:979:gst_poll_fd_ctl_write: 0x2366820: fd (fd:0, idx:1), active : 1
0:00:00.017998557  4114 0x235e320 LOG   GST_POLL gstpoll.c:994:gst_poll_fd_ctl_write: 0x2366820: pfd->events now 60 (POLLOUT:4)
0:00:00.018004807  4114 0x235e320 DEBUG   GST_POLL gstpoll.c:979:gst_poll_fd_ctl_write: 0x2366820: fd (fd:0, idx:1), active : 1
0:00:00.018010838  4114 0x235e320 LOG   GST_POLL gstpoll.c:994:gst_poll_fd_ctl_write: 0x2366820: pfd->events now 60 (POLLOUT:4)
0:00:00.018017030  4114 0x235e320 DEBUG   GST_POLL gstpoll.c:979:gst_poll_fd_ctl_write: 0x2366820: fd (fd:0, idx:1), active : 1
0:00:00.018022863  4114 0x235e320 LOG   GST_POLL gstpoll.c:994:gst_poll_fd_ctl_write: 0x2366820: pfd->events now 60 (POLLOUT:4)
0:00:00.018034964  4114 0x235e320 TRACE   GST_REFCOUNTING gstobject.c:264:gst_object_unref: 0x237a140 unref 2->1
0:00:00.018042808  4114 0x235e320 DEBUG   GST_POLL gstpoll.c:1241:gst_poll_fd_has_error: 0x2366820: fd (fd:0, idx:1) 0
0:00:00.018049233  4114 0x235e320 DEBUG   GST_POLL gstpoll.c:1335:gst_poll_fd_can_write: 0x2366820: fd (fd:0, idx:1) 1
0:00:00.018055388  4114 0x235e320 LOG   GST_PLUGIN_LOADING gstpluginloader.c:690:write_one: Writing packet of size 488 bytes to fd 0
0:00:00.018073946  4114 0x235e320 DEBUG   GST_POLL gstpoll.c:1414:gst_poll_wait: 0x2366820: timeout :0:00:01.000000000
0:00:00.018084056  4114 0x235e320 LOG   GST_PLUGIN_LOADING gstpluginloader.c:1027:exchange_packets: Poll res = 2. 6872 bytes pending for write
0:00:00.018091144  4114 0x235e320 DEBUG   GST_POLL gstpoll.c:1241:gst_poll_fd_has_error: 0x2366820: fd (fd:5, idx:2) 0
0:00:00.022897744  4113 0x22fe370 LOG   GST_PLUGIN_LOADING gstpluginloader.c:1027:exchange_packets: Poll res = 1. 0 bytes pending for write
0:00:00.018101947  4114 0x235e320 DEBUG   GST_POLL gstpoll.c:1266:gst_poll_fd_can_read_unlocked: 0x2366820: fd (fd:5, idx:2) 1
0:00:00.022908398  4113 0x22fe370 DEBUG   GST_POLL gstpoll.c:1241:gst_poll_fd_has_error: 0x2317b40: fd (fd:8, idx:2) 0
0:00:00.018111473  4114 0x235e320 LOG   GST_PLUGIN_LOADING gstpluginloader.c:1005:read_one: No payload to read for 0 length packet type 1 tag 0
0:00:00.022916052  4113 0x22fe370 DEBUG   GST_POLL gstpoll.c:1266:gst_poll_fd_can_read_unlocked: 0x2317b40: fd (fd:8, idx:2) 1
0:00:00.018118964  4114 0x235e320 DEBUG   GST_POLL gstpoll.c:1014:gst_poll_fd_ctl_read_unlocked: 0x2366820: fd (fd:5, idx:2), active : 0
0:00:00.018126535  4114 0x235e320 DEBUG   GST_POLL gstpoll.c:979:gst_poll_fd_ctl_write: 0x2366820: fd (fd:0, idx:1), active : 1
0:00:00.022927570  4113 0x22fe370 DEBUG   GST_PLUGIN_LOADING gstpluginloader.c:848:handle_rx_packet: Received plugin details from child w/ tag 2. 476 bytes info
0:00:00.018132693  4114 0x235e320 LOG   GST_POLL gstpoll.c:994:gst_poll_fd_ctl_write: 0x2366820: pfd->events now 60 (POLLOUT:4)
0:00:00.022936340  4113 0x22fe370 LOG   GST_REGISTRY gstregistrychunks.c:836:_priv_gst_registry_chunks_load_plugin: Reading/casting for GstRegistryChunkPluginElement at address 0x2319990
0:00:00.018139269  4114 0x235e320 DEBUG   GST_POLL gstpoll.c:1241:gst_poll_fd_has_error: 0x2366820: fd (fd:0, idx:1) 0
0:00:00.022945070  4113 0x22fe370 TRACE   GST_REFCOUNTING gstobject.c:208:gst_object_init: 0x23205f0 new
0:00:00.018145736  4114 0x235e320 DEBUG   GST_POLL gstpoll.c:1335:gst_poll_fd_can_write: 0x2366820: fd (fd:0, idx:1) 1
0:00:00.018153027  4114 0x235e320 LOG   GST_PLUGIN_LOADING gstpluginloader.c:690:write_one: Writing packet of size 6872 bytes to fd 0
0:00:00.022958360  4113 0x22fe370 LOG   GST_REGISTRY gstregistrychunks.c:858:_priv_gst_registry_chunks_load_plugin: read strings for name='coretracers'
0:00:00.018163487  4114 0x235e320 DEBUG   GST_POLL gstpoll.c:1414:gst_poll_wait: 0x2366820: timeout :0:00:01.000000000
0:00:00.022965335  4113 0x22fe370 LOG   GST_REGISTRY gstregistrychunks.c:859:_priv_gst_registry_chunks_load_plugin: desc.description='GStreamer core tracers'
0:00:00.018172107  4114 0x235e320 LOG   GST_PLUGIN_LOADING gstpluginloader.c:1027:exchange_packets: Poll res = 1. 12 bytes pending for write
0:00:00.022974284  4113 0x22fe370 LOG   GST_REGISTRY gstregistrychunks.c:860:_priv_gst_registry_chunks_load_plugin: filename='/home/conan/w/prod/BuildSingleReference/.conan/data/gstreamer/1.18.4/_/_/package/79b6a76dab3879a2afba8d14ba028b620dd3f25b/lib/gstreamer-1.0/libgstcoretracers.so'
0:00:00.018179742  4114 0x235e320 DEBUG   GST_POLL gstpoll.c:1241:gst_poll_fd_has_error: 0x2366820: fd (fd:0, idx:1) 0
0:00:00.022982733  4113 0x22fe370 LOG   GST_REGISTRY gstregistrychunks.c:861:_priv_gst_registry_chunks_load_plugin: desc.version='1.18.4'
0:00:00.018186619  4114 0x235e320 DEBUG   GST_POLL gstpoll.c:1335:gst_poll_fd_can_write: 0x2366820: fd (fd:0, idx:1) 1
0:00:00.022989735  4113 0x22fe370 LOG   GST_REGISTRY gstregistrychunks.c:862:_priv_gst_registry_chunks_load_plugin: desc.license='LGPL'
0:00:00.018197029  4114 0x235e320 LOG   GST_PLUGIN_LOADING gstpluginloader.c:690:write_one: Writing packet of size 12 bytes to fd 0
0:00:00.023000213  4113 0x22fe370 LOG   GST_REGISTRY gstregistrychunks.c:863:_priv_gst_registry_chunks_load_plugin: desc.source='gstreamer'
0:00:00.018205450  4114 0x235e320 DEBUG   GST_POLL gstpoll.c:979:gst_poll_fd_ctl_write: 0x2366820: fd (fd:0, idx:1), active : 0
0:00:00.023006990  4113 0x22fe370 LOG   GST_REGISTRY gstregistrychunks.c:864:_priv_gst_registry_chunks_load_plugin: desc.package='GStreamer source release'
0:00:00.018211978  4114 0x235e320 LOG   GST_POLL gstpoll.c:994:gst_poll_fd_ctl_write: 0x2366820: pfd->events now 56 (POLLOUT:4)
0:00:00.023015081  4113 0x22fe370 LOG   GST_REGISTRY gstregistrychunks.c:865:_priv_gst_registry_chunks_load_plugin: desc.origin='Unknown package origin'
0:00:00.023021688  4113 0x22fe370 LOG   GST_REGISTRY gstregistrychunks.c:866:_priv_gst_registry_chunks_load_plugin: desc.datetime=2021-03-15
0:00:00.018230366  4114 0x235e320 DEBUG   GST_POLL gstpoll.c:772:gst_poll_free: 0x2366820: freeing
0:00:00.023031769  4113 0x22fe370 DEBUG   GST_REGISTRY gstregistry.c:446:gst_registry_add_plugin: Replacing existing plugin "/home/conan/w/prod/BuildSingleReference/.conan/data/gstreamer/1.18.4/_/_/package/79b6a76dab3879a2afba8d14ba028b620dd3f25b/lib/gstreamer-1.0/libgstcoretracers.so" 0x23186e0 with new plugin 0x23205f0 for filename "/home/conan/w/prod/BuildSingleReference/.conan/data/gstreamer/1.18.4/_/_/package/79b6a76dab3879a2afba8d14ba028b620dd3f25b/lib/gstreamer-1.0/libgstcoretracers.so"
0:00:00.023045738  4113 0x22fe370 TRACE   GST_REFCOUNTING gstobject.c:264:gst_object_unref: 0x23186e0 unref 1->0
0:00:00.023054200  4113 0x22fe370 TRACE   GST_REFCOUNTING gstobject.c:381:gst_object_dispose: 0x23186e0 dispose
0:00:00.023063924  4113 0x22fe370 DEBUG   GST_PLUGIN_LOADING gstplugin.c:136:gst_plugin_finalize: finalizing plugin
0:00:00.023073778  4113 0x22fe370 TRACE   GST_REFCOUNTING gstobject.c:423:gst_object_finalize: 0x23186e0 finalize
0:00:00.023089597  4113 0x22fe370 DEBUG   GST_REGISTRY gstregistry.c:473:gst_registry_add_plugin: adding plugin 0x23205f0 for filename "/home/conan/w/prod/BuildSingleReference/.conan/data/gstreamer/1.18.4/_/_/package/79b6a76dab3879a2afba8d14ba028b620dd3f25b/lib/gstreamer-1.0/libgstcoretracers.so"
0:00:00.023098609  4113 0x22fe370 TRACE   GST_REFCOUNTING gstobject.c:292:gst_object_ref_sink: 0x23205f0 ref_sink 1->2
0:00:00.023106597  4113 0x22fe370 LOG   GST_REGISTRY gstregistry.c:486:gst_registry_add_plugin: emitting plugin-added for filename "/home/conan/w/prod/BuildSingleReference/.conan/data/gstreamer/1.18.4/_/_/package/79b6a76dab3879a2afba8d14ba028b620dd3f25b/lib/gstreamer-1.0/libgstcoretracers.so"
0:00:00.023114563  4113 0x22fe370 DEBUG   GST_REGISTRY gstregistrychunks.c:886:_priv_gst_registry_chunks_load_plugin: Added plugin 'coretracers' plugin with 5 features from binary registry
0:00:00.023127701  4113 0x22fe370 DEBUG   GST_REGISTRY gstregistrychunks.c:582:gst_registry_chunks_load_feature: Plugin 'coretracers' feature 'leaks' typename : 'GstTracerFactory'
0:00:00.023136318  4113 0x22fe370 TRACE   GST_REFCOUNTING gstobject.c:208:gst_object_init: 0x2318580 new
0:00:00.023144855  4113 0x22fe370 DEBUG   GST_REGISTRY gstregistrychunks.c:716:gst_registry_chunks_load_feature: Reading/casting for GstRegistryChunkPluginFeature at address 0x2319ad8
0:00:00.023153075  4113 0x22fe370 DEBUG   GST_REGISTRY gstregistry.c:580:gst_registry_add_feature: replacing existing feature 0x23189f0 (leaks)
0:00:00.023160646  4113 0x22fe370 DEBUG   GST_REGISTRY gstregistry.c:589:gst_registry_add_feature: adding feature 0x2318580 (leaks)
0:00:00.023166850  4113 0x22fe370 TRACE   GST_REFCOUNTING gstobject.c:788:gst_object_unparent: unparent
0:00:00.023174482  4113 0x22fe370 TRACE   GST_REFCOUNTING gstobject.c:264:gst_object_unref: 0x23189f0 unref 1->0
0:00:00.023181440  4113 0x22fe370 TRACE   GST_REFCOUNTING gstobject.c:381:gst_object_dispose: 0x23189f0 dispose
0:00:00.023189301  4113 0x22fe370 DEBUG   GST_PLUGIN_LOADING gstpluginfeature.c:67:gst_plugin_feature_finalize: finalizing feature 0x23189f0: 'leaks'
0:00:00.023195881  4113 0x22fe370 TRACE   GST_REFCOUNTING gstobject.c:423:gst_object_finalize: 0x23189f0 finalize
0:00:00.023202812  4113 0x22fe370 DEBUG   GST_REFCOUNTING gstobject.c:708:gst_object_set_parent: set parent (ref and sink)
0:00:00.023210108  4113 0x22fe370 TRACE   GST_REFCOUNTING gstobject.c:292:gst_object_ref_sink: 0x2318580 ref_sink 1->2
0:00:00.023216987  4113 0x22fe370 LOG   GST_REGISTRY gstregistry.c:607:gst_registry_add_feature: emitting feature-added for leaks
0:00:00.023223881  4113 0x22fe370 DEBUG   GST_REGISTRY gstregistrychunks.c:740:gst_registry_chunks_load_feature: Added feature leaks, plugin 0x23205f0 coretracers
0:00:00.023231001  4113 0x22fe370 DEBUG   GST_REGISTRY gstregistrychunks.c:582:gst_registry_chunks_load_feature: Plugin 'coretracers' feature 'stats' typename : 'GstTracerFactory'
0:00:00.023238689  4113 0x22fe370 TRACE   GST_REFCOUNTING gstobject.c:208:gst_object_init: 0x23189f0 new
0:00:00.023246772  4113 0x22fe370 DEBUG   GST_REGISTRY gstregistrychunks.c:716:gst_registry_chunks_load_feature: Reading/casting for GstRegistryChunkPluginFeature at address 0x2319af8
0:00:00.023254530  4113 0x22fe370 DEBUG   GST_REGISTRY gstregistry.c:580:gst_registry_add_feature: replacing existing feature 0x2318bf0 (stats)
0:00:00.023261784  4113 0x22fe370 DEBUG   GST_REGISTRY gstregistry.c:589:gst_registry_add_feature: adding feature 0x23189f0 (stats)
0:00:00.023267603  4113 0x22fe370 TRACE   GST_REFCOUNTING gstobject.c:788:gst_object_unparent: unparent
0:00:00.023274646  4113 0x22fe370 TRACE   GST_REFCOUNTING gstobject.c:264:gst_object_unref: 0x2318bf0 unref 1->0
0:00:00.023281442  4113 0x22fe370 TRACE   GST_REFCOUNTING gstobject.c:381:gst_object_dispose: 0x2318bf0 dispose
0:00:00.023294467  4113 0x22fe370 DEBUG   GST_PLUGIN_LOADING gstpluginfeature.c:67:gst_plugin_feature_finalize: finalizing feature 0x2318bf0: 'stats'
0:00:00.023301041  4113 0x22fe370 TRACE   GST_REFCOUNTING gstobject.c:423:gst_object_finalize: 0x2318bf0 finalize
0:00:00.023307875  4113 0x22fe370 DEBUG   GST_REFCOUNTING gstobject.c:708:gst_object_set_parent: set parent (ref and sink)
0:00:00.023315567  4113 0x22fe370 TRACE   GST_REFCOUNTING gstobject.c:292:gst_object_ref_sink: 0x23189f0 ref_sink 1->2
0:00:00.023322364  4113 0x22fe370 LOG   GST_REGISTRY gstregistry.c:607:gst_registry_add_feature: emitting feature-added for stats
0:00:00.023329115  4113 0x22fe370 DEBUG   GST_REGISTRY gstregistrychunks.c:740:gst_registry_chunks_load_feature: Added feature stats, plugin 0x23205f0 coretracers
0:00:00.023336223  4113 0x22fe370 DEBUG   GST_REGISTRY gstregistrychunks.c:582:gst_registry_chunks_load_feature: Plugin 'coretracers' feature 'rusage' typename : 'GstTracerFactory'
0:00:00.023344019  4113 0x22fe370 TRACE   GST_REFCOUNTING gstobject.c:208:gst_object_init: 0x2318bf0 new
0:00:00.023352047  4113 0x22fe370 DEBUG   GST_REGISTRY gstregistrychunks.c:716:gst_registry_chunks_load_feature: Reading/casting for GstRegistryChunkPluginFeature at address 0x2319b18
0:00:00.023359542  4113 0x22fe370 DEBUG   GST_REGISTRY gstregistry.c:580:gst_registry_add_feature: replacing existing feature 0x2318df0 (rusage)
0:00:00.023366534  4113 0x22fe370 DEBUG   GST_REGISTRY gstregistry.c:589:gst_registry_add_feature: adding feature 0x2318bf0 (rusage)
0:00:00.023372409  4113 0x22fe370 TRACE   GST_REFCOUNTING gstobject.c:788:gst_object_unparent: unparent
0:00:00.023379706  4113 0x22fe370 TRACE   GST_REFCOUNTING gstobject.c:264:gst_object_unref: 0x2318df0 unref 1->0
0:00:00.023386461  4113 0x22fe370 TRACE   GST_REFCOUNTING gstobject.c:381:gst_object_dispose: 0x2318df0 dispose
0:00:00.023393810  4113 0x22fe370 DEBUG   GST_PLUGIN_LOADING gstpluginfeature.c:67:gst_plugin_feature_finalize: finalizing feature 0x2318df0: 'rusage'
0:00:00.023400317  4113 0x22fe370 TRACE   GST_REFCOUNTING gstobject.c:423:gst_object_finalize: 0x2318df0 finalize
0:00:00.023406898  4113 0x22fe370 DEBUG   GST_REFCOUNTING gstobject.c:708:gst_object_set_parent: set parent (ref and sink)
0:00:00.023414189  4113 0x22fe370 TRACE   GST_REFCOUNTING gstobject.c:292:gst_object_ref_sink: 0x2318bf0 ref_sink 1->2
0:00:00.023420947  4113 0x22fe370 LOG   GST_REGISTRY gstregistry.c:607:gst_registry_add_feature: emitting feature-added for rusage
0:00:00.023427971  4113 0x22fe370 DEBUG   GST_REGISTRY gstregistrychunks.c:740:gst_registry_chunks_load_feature: Added feature rusage, plugin 0x23205f0 coretracers
0:00:00.023435261  4113 0x22fe370 DEBUG   GST_REGISTRY gstregistrychunks.c:582:gst_registry_chunks_load_feature: Plugin 'coretracers' feature 'log' typename : 'GstTracerFactory'
0:00:00.023442703  4113 0x22fe370 TRACE   GST_REFCOUNTING gstobject.c:208:gst_object_init: 0x2318df0 new
0:00:00.023471878  4113 0x22fe370 DEBUG   GST_REGISTRY gstregistrychunks.c:716:gst_registry_chunks_load_feature: Reading/casting for GstRegistryChunkPluginFeature at address 0x2319b38
0:00:00.023481308  4113 0x22fe370 DEBUG   GST_REGISTRY gstregistry.c:580:gst_registry_add_feature: replacing existing feature 0x2318ff0 (log)
0:00:00.023488215  4113 0x22fe370 DEBUG   GST_REGISTRY gstregistry.c:589:gst_registry_add_feature: adding feature 0x2318df0 (log)
0:00:00.023494244  4113 0x22fe370 TRACE   GST_REFCOUNTING gstobject.c:788:gst_object_unparent: unparent
0:00:00.023501373  4113 0x22fe370 TRACE   GST_REFCOUNTING gstobject.c:264:gst_object_unref: 0x2318ff0 unref 1->0
0:00:00.023507884  4113 0x22fe370 TRACE   GST_REFCOUNTING gstobject.c:381:gst_object_dispose: 0x2318ff0 dispose
0:00:00.023515025  4113 0x22fe370 DEBUG   GST_PLUGIN_LOADING gstpluginfeature.c:67:gst_plugin_feature_finalize: finalizing feature 0x2318ff0: 'log'
0:00:00.023521315  4113 0x22fe370 TRACE   GST_REFCOUNTING gstobject.c:423:gst_object_finalize: 0x2318ff0 finalize
0:00:00.023527835  4113 0x22fe370 DEBUG   GST_REFCOUNTING gstobject.c:708:gst_object_set_parent: set parent (ref and sink)
0:00:00.023534906  4113 0x22fe370 TRACE   GST_REFCOUNTING gstobject.c:292:gst_object_ref_sink: 0x2318df0 ref_sink 1->2
0:00:00.023541623  4113 0x22fe370 LOG   GST_REGISTRY gstregistry.c:607:gst_registry_add_feature: emitting feature-added for log
0:00:00.023548364  4113 0x22fe370 DEBUG   GST_REGISTRY gstregistrychunks.c:740:gst_registry_chunks_load_feature: Added feature log, plugin 0x23205f0 coretracers
0:00:00.023555215  4113 0x22fe370 DEBUG   GST_REGISTRY gstregistrychunks.c:582:gst_registry_chunks_load_feature: Plugin 'coretracers' feature 'latency' typename : 'GstTracerFactory'
0:00:00.023562673  4113 0x22fe370 TRACE   GST_REFCOUNTING gstobject.c:208:gst_object_init: 0x2318ff0 new
0:00:00.023570164  4113 0x22fe370 DEBUG   GST_REGISTRY gstregistrychunks.c:716:gst_registry_chunks_load_feature: Reading/casting for GstRegistryChunkPluginFeature at address 0x2319b60
0:00:00.023577975  4113 0x22fe370 DEBUG   GST_REGISTRY gstregistry.c:580:gst_registry_add_feature: replacing existing feature 0x23191f0 (latency)
0:00:00.023585067  4113 0x22fe370 DEBUG   GST_REGISTRY gstregistry.c:589:gst_registry_add_feature: adding feature 0x2318ff0 (latency)
0:00:00.023590913  4113 0x22fe370 TRACE   GST_REFCOUNTING gstobject.c:788:gst_object_unparent: unparent
0:00:00.023598599  4113 0x22fe370 TRACE   GST_REFCOUNTING gstobject.c:264:gst_object_unref: 0x23191f0 unref 1->0
0:00:00.023605141  4113 0x22fe370 TRACE   GST_REFCOUNTING gstobject.c:381:gst_object_dispose: 0x23191f0 dispose
0:00:00.023612573  4113 0x22fe370 DEBUG   GST_PLUGIN_LOADING gstpluginfeature.c:67:gst_plugin_feature_finalize: finalizing feature 0x23191f0: 'latency'
0:00:00.023618938  4113 0x22fe370 TRACE   GST_REFCOUNTING gstobject.c:423:gst_object_finalize: 0x23191f0 finalize
0:00:00.023629740  4113 0x22fe370 DEBUG   GST_REFCOUNTING gstobject.c:708:gst_object_set_parent: set parent (ref and sink)
0:00:00.023637161  4113 0x22fe370 TRACE   GST_REFCOUNTING gstobject.c:292:gst_object_ref_sink: 0x2318ff0 ref_sink 1->2
0:00:00.023643918  4113 0x22fe370 LOG   GST_REGISTRY gstregistry.c:607:gst_registry_add_feature: emitting feature-added for latency
0:00:00.023650739  4113 0x22fe370 DEBUG   GST_REGISTRY gstregistrychunks.c:740:gst_registry_chunks_load_feature: Added feature latency, plugin 0x23205f0 coretracers
0:00:00.023658701  4113 0x22fe370 LOG   GST_PLUGIN_LOADING gstpluginloader.c:887:handle_rx_packet: marking plugin 0x23205f0 as registered as /home/conan/w/prod/BuildSingleReference/.conan/data/gstreamer/1.18.4/_/_/package/79b6a76dab3879a2afba8d14ba028b620dd3f25b/lib/gstreamer-1.0/libgstcoretracers.so
0:00:00.023668579  4113 0x22fe370 DEBUG   GST_POLL gstpoll.c:1414:gst_poll_wait: 0x2317b40: timeout :0:00:01.000000000
0:00:00.023678092  4113 0x22fe370 LOG   GST_PLUGIN_LOADING gstpluginloader.c:1027:exchange_packets: Poll res = 2. 0 bytes pending for write
0:00:00.023685285  4113 0x22fe370 DEBUG   GST_POLL gstpoll.c:1241:gst_poll_fd_has_error: 0x2317b40: fd (fd:8, idx:2) 0
0:00:00.023691864  4113 0x22fe370 DEBUG   GST_POLL gstpoll.c:1266:gst_poll_fd_can_read_unlocked: 0x2317b40: fd (fd:8, idx:2) 1
0:00:00.023702745  4113 0x22fe370 DEBUG   GST_PLUGIN_LOADING gstpluginloader.c:848:handle_rx_packet: Received plugin details from child w/ tag 3. 6860 bytes info
0:00:00.023708999  4113 0x22fe370 LOG   GST_REGISTRY gstregistrychunks.c:836:_priv_gst_registry_chunks_load_plugin: Reading/casting for GstRegistryChunkPluginElement at address 0x2319990
0:00:00.023716074  4113 0x22fe370 TRACE   GST_REFCOUNTING gstobject.c:208:gst_object_init: 0x2320ae0 new
0:00:00.023726870  4113 0x22fe370 LOG   GST_REGISTRY gstregistrychunks.c:858:_priv_gst_registry_chunks_load_plugin: read strings for name='coreelements'
0:00:00.023733370  4113 0x22fe370 LOG   GST_REGISTRY gstregistrychunks.c:859:_priv_gst_registry_chunks_load_plugin: desc.description='GStreamer core elements'
0:00:00.023739986  4113 0x22fe370 LOG   GST_REGISTRY gstregistrychunks.c:860:_priv_gst_registry_chunks_load_plugin: filename='/home/conan/w/prod/BuildSingleReference/.conan/data/gstreamer/1.18.4/_/_/package/79b6a76dab3879a2afba8d14ba028b620dd3f25b/lib/gstreamer-1.0/libgstcoreelements.so'
0:00:00.023746499  4113 0x22fe370 LOG   GST_REGISTRY gstregistrychunks.c:861:_priv_gst_registry_chunks_load_plugin: desc.version='1.18.4'
0:00:00.023751771  4113 0x22fe370 LOG   GST_REGISTRY gstregistrychunks.c:862:_priv_gst_registry_chunks_load_plugin: desc.license='LGPL'
0:00:00.023757150  4113 0x22fe370 LOG   GST_REGISTRY gstregistrychunks.c:863:_priv_gst_registry_chunks_load_plugin: desc.source='gstreamer'
0:00:00.023762936  4113 0x22fe370 LOG   GST_REGISTRY gstregistrychunks.c:864:_priv_gst_registry_chunks_load_plugin: desc.package='GStreamer source release'
0:00:00.023768733  4113 0x22fe370 LOG   GST_REGISTRY gstregistrychunks.c:865:_priv_gst_registry_chunks_load_plugin: desc.origin='Unknown package origin'
0:00:00.023786938  4113 0x22fe370 LOG   GST_REGISTRY gstregistrychunks.c:866:_priv_gst_registry_chunks_load_plugin: desc.datetime=2021-03-15
0:00:00.023798204  4113 0x22fe370 DEBUG   GST_REGISTRY gstregistry.c:446:gst_registry_add_plugin: Replacing existing plugin "/home/conan/w/prod/BuildSingleReference/.conan/data/gstreamer/1.18.4/_/_/package/79b6a76dab3879a2afba8d14ba028b620dd3f25b/lib/gstreamer-1.0/libgstcoreelements.so" 0x2318070 with new plugin 0x2320ae0 for filename "/home/conan/w/prod/BuildSingleReference/.conan/data/gstreamer/1.18.4/_/_/package/79b6a76dab3879a2afba8d14ba028b620dd3f25b/lib/gstreamer-1.0/libgstcoreelements.so"
0:00:00.023807252  4113 0x22fe370 TRACE   GST_REFCOUNTING gstobject.c:264:gst_object_unref: 0x2318070 unref 1->0
0:00:00.023816064  4113 0x22fe370 TRACE   GST_REFCOUNTING gstobject.c:381:gst_object_dispose: 0x2318070 dispose
0:00:00.023824552  4113 0x22fe370 DEBUG   GST_PLUGIN_LOADING gstplugin.c:136:gst_plugin_finalize: finalizing plugin
0:00:00.023830909  4113 0x22fe370 TRACE   GST_REFCOUNTING gstobject.c:423:gst_object_finalize: 0x2318070 finalize
0:00:00.023840008  4113 0x22fe370 DEBUG   GST_REGISTRY gstregistry.c:473:gst_registry_add_plugin: adding plugin 0x2320ae0 for filename "/home/conan/w/prod/BuildSingleReference/.conan/data/gstreamer/1.18.4/_/_/package/79b6a76dab3879a2afba8d14ba028b620dd3f25b/lib/gstreamer-1.0/libgstcoreelements.so"
0:00:00.023847823  4113 0x22fe370 TRACE   GST_REFCOUNTING gstobject.c:292:gst_object_ref_sink: 0x2320ae0 ref_sink 1->2
0:00:00.023855507  4113 0x22fe370 LOG   GST_REGISTRY gstregistry.c:486:gst_registry_add_plugin: emitting plugin-added for filename "/home/conan/w/prod/BuildSingleReference/.conan/data/gstreamer/1.18.4/_/_/package/79b6a76dab3879a2afba8d14ba028b620dd3f25b/lib/gstreamer-1.0/libgstcoreelements.so"
0:00:00.023862840  4113 0x22fe370 DEBUG   GST_REGISTRY gstregistrychunks.c:886:_priv_gst_registry_chunks_load_plugin: Added plugin 'coreelements' plugin with 22 features from binary registry
0:00:00.023869837  4113 0x22fe370 DEBUG   GST_REGISTRY gstregistrychunks.c:582:gst_registry_chunks_load_feature: Plugin 'coreelements' feature 'streamiddemux' typename : 'GstElementFactory'
0:00:00.023877907  4113 0x22fe370 TRACE   GST_REFCOUNTING gstobject.c:208:gst_object_init: 0x23186d0 new
0:00:00.023886017  4113 0x22fe370 LOG   GST_REGISTRY gstregistrychunks.c:609:gst_registry_chunks_load_feature: Reading/casting for GstRegistryChunkElementFactory at address 0x2319ae8
0:00:00.023893141  4113 0x22fe370 TRACE   structure gststructure.c:287:gst_structure_new_id_empty_with_size: created structure 0x2320950
0:00:00.023899612  4113 0x22fe370 DEBUG   structure gststructure.c:2203:gst_structure_parse_field: trying field name 'long-name'
0:00:00.023905898  4113 0x22fe370 DEBUG   default gstvalue.c:2676:_priv_gst_value_parse_value: trying type name 'string'
0:00:00.023913093  4113 0x22fe370 DEBUG   structure gststructure.c:2203:gst_structure_parse_field: trying field name 'klass'
0:00:00.023918803  4113 0x22fe370 DEBUG   default gstvalue.c:2676:_priv_gst_value_parse_value: trying type name 'string'
0:00:00.023929920  4113 0x22fe370 DEBUG   structure gststructure.c:2203:gst_structure_parse_field: trying field name 'description'
0:00:00.023935630  4113 0x22fe370 DEBUG   default gstvalue.c:2676:_priv_gst_value_parse_value: trying type name 'string'
0:00:00.023942291  4113 0x22fe370 DEBUG   structure gststructure.c:2203:gst_structure_parse_field: trying field name 'author'
0:00:00.023947687  4113 0x22fe370 DEBUG   default gstvalue.c:2676:_priv_gst_value_parse_value: trying type name 'string'
0:00:00.023954416  4113 0x22fe370 DEBUG   GST_REGISTRY gstregistrychunks.c:626:gst_registry_chunks_load_feature: Element factory : npadtemplates=2
0:00:00.023960313  4113 0x22fe370 DEBUG   GST_REGISTRY gstregistrychunks.c:525:gst_registry_chunks_load_pad_template: Reading/casting for GstRegistryChunkPadTemplate at address 0x2319bc0
0:00:00.023966404  4113 0x22fe370 DEBUG   GST_REGISTRY gstregistrychunks.c:539:gst_registry_chunks_load_pad_template: Added pad_template src_%u
0:00:00.023971954  4113 0x22fe370 DEBUG   GST_REGISTRY gstregistrychunks.c:525:gst_registry_chunks_load_pad_template: Reading/casting for GstRegistryChunkPadTemplate at address 0x2319bd8
0:00:00.023977828  4113 0x22fe370 DEBUG   GST_REGISTRY gstregistrychunks.c:539:gst_registry_chunks_load_pad_template: Added pad_template sink
0:00:00.023985264  4113 0x22fe370 DEBUG   GST_REGISTRY gstregistry.c:580:gst_registry_add_feature: replacing existing feature 0x23181a0 (streamiddemux)
0:00:00.023992902  4113 0x22fe370 DEBUG   GST_REGISTRY gstregistry.c:589:gst_registry_add_feature: adding feature 0x23186d0 (streamiddemux)
0:00:00.023998967  4113 0x22fe370 TRACE   GST_REFCOUNTING gstobject.c:788:gst_object_unparent: unparent
0:00:00.024006789  4113 0x22fe370 TRACE   GST_REFCOUNTING gstobject.c:264:gst_object_unref: 0x23181a0 unref 1->0
0:00:00.024013445  4113 0x22fe370 TRACE   GST_REFCOUNTING gstobject.c:381:gst_object_dispose: 0x23181a0 dispose
0:00:00.024020577  4113 0x22fe370 TRACE   structure gststructure.c:544:gst_structure_free: free structure 0x2319560
0:00:00.024029358  4113 0x22fe370 TRACE   GST_REFCOUNTING gstminiobject.c:721:gst_mini_object_replace: replace (nil) (0) with (nil) (0)
0:00:00.024036935  4113 0x22fe370 TRACE   GST_REFCOUNTING gstminiobject.c:721:gst_mini_object_replace: replace (nil) (0) with (nil) (0)
0:00:00.024044003  4113 0x22fe370 DEBUG   GST_PLUGIN_LOADING gstpluginfeature.c:67:gst_plugin_feature_finalize: finalizing feature 0x23181a0: 'streamiddemux'
0:00:00.024050317  4113 0x22fe370 TRACE   GST_REFCOUNTING gstobject.c:423:gst_object_finalize: 0x23181a0 finalize
0:00:00.024057164  4113 0x22fe370 DEBUG   GST_REFCOUNTING gstobject.c:708:gst_object_set_parent: set parent (ref and sink)
0:00:00.024064758  4113 0x22fe370 TRACE   GST_REFCOUNTING gstobject.c:292:gst_object_ref_sink: 0x23186d0 ref_sink 1->2
0:00:00.024071712  4113 0x22fe370 LOG   GST_REGISTRY gstregistry.c:607:gst_registry_add_feature: emitting feature-added for streamiddemux
0:00:00.024083326  4113 0x22fe370 DEBUG   GST_REGISTRY gstregistrychunks.c:740:gst_registry_chunks_load_feature: Added feature streamiddemux, plugin 0x2320ae0 coreelements
0:00:00.024090422  4113 0x22fe370 DEBUG   GST_REGISTRY gstregistrychunks.c:582:gst_registry_chunks_load_feature: Plugin 'coreelements' feature 'valve' typename : 'GstElementFactory'
0:00:00.024098170  4113 0x22fe370 TRACE   GST_REFCOUNTING gstobject.c:208:gst_object_init: 0x2319120 new
0:00:00.024106048  4113 0x22fe370 LOG   GST_REGISTRY gstregistrychunks.c:609:gst_registry_chunks_load_feature: Reading/casting for GstRegistryChunkElementFactory at address 0x2319c08
0:00:00.024112784  4113 0x22fe370 TRACE   structure gststructure.c:287:gst_structure_new_id_empty_with_size: created structure 0x2318160
0:00:00.024118747  4113 0x22fe370 DEBUG   structure gststructure.c:2203:gst_structure_parse_field: trying field name 'long-name'
0:00:00.024124448  4113 0x22fe370 DEBUG   default gstvalue.c:2676:_priv_gst_value_parse_value: trying type name 'string'
0:00:00.024130917  4113 0x22fe370 DEBUG   structure gststructure.c:2203:gst_structure_parse_field: trying field name 'klass'
0:00:00.024136301  4113 0x22fe370 DEBUG   default gstvalue.c:2676:_priv_gst_value_parse_value: trying type name 'string'
0:00:00.024142558  4113 0x22fe370 DEBUG   structure gststructure.c:2203:gst_structure_parse_field: trying field name 'description'
0:00:00.024148015  4113 0x22fe370 DEBUG   default gstvalue.c:2676:_priv_gst_value_parse_value: trying type name 'string'
0:00:00.024154953  4113 0x22fe370 DEBUG   structure gststructure.c:2203:gst_structure_parse_field: trying field name 'author'
0:00:00.024160425  4113 0x22fe370 DEBUG   default gstvalue.c:2676:_priv_gst_value_parse_value: trying type name 'string'
0:00:00.024167629  4113 0x22fe370 DEBUG   GST_REGISTRY gstregistrychunks.c:626:gst_registry_chunks_load_feature: Element factory : npadtemplates=2
0:00:00.024173378  4113 0x22fe370 DEBUG   GST_REGISTRY gstregistrychunks.c:525:gst_registry_chunks_load_pad_template: Reading/casting for GstRegistryChunkPadTemplate at address 0x2319cf8
0:00:00.024179224  4113 0x22fe370 DEBUG   GST_REGISTRY gstregistrychunks.c:539:gst_registry_chunks_load_pad_template: Added pad_template sink
0:00:00.024185125  4113 0x22fe370 DEBUG   GST_REGISTRY gstregistrychunks.c:525:gst_registry_chunks_load_pad_template: Reading/casting for GstRegistryChunkPadTemplate at address 0x2319d10
0:00:00.024191081  4113 0x22fe370 DEBUG   GST_REGISTRY gstregistrychunks.c:539:gst_registry_chunks_load_pad_template: Added pad_template src
0:00:00.024198613  4113 0x22fe370 DEBUG   GST_REGISTRY gstregistry.c:580:gst_registry_add_feature: replacing existing feature 0x231b660 (valve)
0:00:00.024205721  4113 0x22fe370 DEBUG   GST_REGISTRY gstregistry.c:589:gst_registry_add_feature: adding feature 0x2319120 (valve)
0:00:00.024211732  4113 0x22fe370 TRACE   GST_REFCOUNTING gstobject.c:788:gst_object_unparent: unparent
0:00:00.024224918  4113 0x22fe370 TRACE   GST_REFCOUNTING gstobject.c:264:gst_object_unref: 0x231b660 unref 1->0
0:00:00.024231917  4113 0x22fe370 TRACE   GST_REFCOUNTING gstobject.c:381:gst_object_dispose: 0x231b660 dispose
0:00:00.024238958  4113 0x22fe370 TRACE   structure gststructure.c:544:gst_structure_free: free structure 0x231b830
0:00:00.024246121  4113 0x22fe370 TRACE   GST_REFCOUNTING gstminiobject.c:721:gst_mini_object_replace: replace (nil) (0) with (nil) (0)
0:00:00.024253409  4113 0x22fe370 TRACE   GST_REFCOUNTING gstminiobject.c:721:gst_mini_object_replace: replace (nil) (0) with (nil) (0)
0:00:00.024260130  4113 0x22fe370 DEBUG   GST_PLUGIN_LOADING gstpluginfeature.c:67:gst_plugin_feature_finalize: finalizing feature 0x231b660: 'valve'
0:00:00.024266524  4113 0x22fe370 TRACE   GST_REFCOUNTING gstobject.c:423:gst_object_finalize: 0x231b660 finalize
0:00:00.024273142  4113 0x22fe370 DEBUG   GST_REFCOUNTING gstobject.c:708:gst_object_set_parent: set parent (ref and sink)
0:00:00.024280369  4113 0x22fe370 TRACE   GST_REFCOUNTING gstobject.c:292:gst_object_ref_sink: 0x2319120 ref_sink 1->2
0:00:00.024286955  4113 0x22fe370 LOG   GST_REGISTRY gstregistry.c:607:gst_registry_add_feature: emitting feature-added for valve
0:00:00.024293737  4113 0x22fe370 DEBUG   GST_REGISTRY gstregistrychunks.c:740:gst_registry_chunks_load_feature: Added feature valve, plugin 0x2320ae0 coreelements
0:00:00.024300881  4113 0x22fe370 DEBUG   GST_REGISTRY gstregistrychunks.c:582:gst_registry_chunks_load_feature: Plugin 'coreelements' feature 'multiqueue' typename : 'GstElementFactory'
0:00:00.024309013  4113 0x22fe370 TRACE   GST_REFCOUNTING gstobject.c:208:gst_object_init: 0x2319840 new
0:00:00.024316686  4113 0x22fe370 LOG   GST_REGISTRY gstregistrychunks.c:609:gst_registry_chunks_load_feature: Reading/casting for GstRegistryChunkElementFactory at address 0x2319d40
0:00:00.024324051  4113 0x22fe370 TRACE   structure gststructure.c:287:gst_structure_new_id_empty_with_size: created structure 0x2320c10
0:00:00.024330234  4113 0x22fe370 DEBUG   structure gststructure.c:2203:gst_structure_parse_field: trying field name 'long-name'
0:00:00.024335847  4113 0x22fe370 DEBUG   default gstvalue.c:2676:_priv_gst_value_parse_value: trying type name 'string'
0:00:00.024342513  4113 0x22fe370 DEBUG   structure gststructure.c:2203:gst_structure_parse_field: trying field name 'klass'
0:00:00.024347946  4113 0x22fe370 DEBUG   default gstvalue.c:2676:_priv_gst_value_parse_value: trying type name 'string'
0:00:00.024354097  4113 0x22fe370 DEBUG   structure gststructure.c:2203:gst_structure_parse_field: trying field name 'description'
0:00:00.024359670  4113 0x22fe370 DEBUG   default gstvalue.c:2676:_priv_gst_value_parse_value: trying type name 'string'
0:00:00.024366025  4113 0x22fe370 DEBUG   structure gststructure.c:2203:gst_structure_parse_field: trying field name 'author'
0:00:00.024371427  4113 0x22fe370 DEBUG   default gstvalue.c:2676:_priv_gst_value_parse_value: trying type name 'string'
0:00:00.024383095  4113 0x22fe370 DEBUG   GST_REGISTRY gstregistrychunks.c:626:gst_registry_chunks_load_feature: Element factory : npadtemplates=2
0:00:00.024388944  4113 0x22fe370 DEBUG   GST_REGISTRY gstregistrychunks.c:525:gst_registry_chunks_load_pad_template: Reading/casting for GstRegistryChunkPadTemplate at address 0x2319e00
0:00:00.024395096  4113 0x22fe370 DEBUG   GST_REGISTRY gstregistrychunks.c:539:gst_registry_chunks_load_pad_template: Added pad_template src_%u
0:00:00.024400751  4113 0x22fe370 DEBUG   GST_REGISTRY gstregistrychunks.c:525:gst_registry_chunks_load_pad_template: Reading/casting for GstRegistryChunkPadTemplate at address 0x2319e18
0:00:00.024406810  4113 0x22fe370 DEBUG   GST_REGISTRY gstregistrychunks.c:539:gst_registry_chunks_load_pad_template: Added pad_template sink_%u
0:00:00.024414411  4113 0x22fe370 DEBUG   GST_REGISTRY gstregistry.c:580:gst_registry_add_feature: replacing existing feature 0x231b960 (multiqueue)
0:00:00.024422062  4113 0x22fe370 DEBUG   GST_REGISTRY gstregistry.c:589:gst_registry_add_feature: adding feature 0x2319840 (multiqueue)
0:00:00.024428455  4113 0x22fe370 TRACE   GST_REFCOUNTING gstobject.c:788:gst_object_unparent: unparent
0:00:00.024435930  4113 0x22fe370 TRACE   GST_REFCOUNTING gstobject.c:264:gst_object_unref: 0x231b960 unref 1->0
0:00:00.024442616  4113 0x22fe370 TRACE   GST_REFCOUNTING gstobject.c:381:gst_object_dispose: 0x231b960 dispose
0:00:00.024462529  4113 0x22fe370 TRACE   structure gststructure.c:544:gst_structure_free: free structure 0x231ba50
0:00:00.024470919  4113 0x22fe370 TRACE   GST_REFCOUNTING gstminiobject.c:721:gst_mini_object_replace: replace (nil) (0) with (nil) (0)
0:00:00.024478208  4113 0x22fe370 TRACE   GST_REFCOUNTING gstminiobject.c:721:gst_mini_object_replace: replace (nil) (0) with (nil) (0)
0:00:00.024485261  4113 0x22fe370 DEBUG   GST_PLUGIN_LOADING gstpluginfeature.c:67:gst_plugin_feature_finalize: finalizing feature 0x231b960: 'multiqueue'
0:00:00.024491786  4113 0x22fe370 TRACE   GST_REFCOUNTING gstobject.c:423:gst_object_finalize: 0x231b960 finalize
0:00:00.024498755  4113 0x22fe370 DEBUG   GST_REFCOUNTING gstobject.c:708:gst_object_set_parent: set parent (ref and sink)
0:00:00.024505988  4113 0x22fe370 TRACE   GST_REFCOUNTING gstobject.c:292:gst_object_ref_sink: 0x2319840 ref_sink 1->2
0:00:00.024512606  4113 0x22fe370 LOG   GST_REGISTRY gstregistry.c:607:gst_registry_add_feature: emitting feature-added for multiqueue
0:00:00.024519224  4113 0x22fe370 DEBUG   GST_REGISTRY gstregistrychunks.c:740:gst_registry_chunks_load_feature: Added feature multiqueue, plugin 0x2320ae0 coreelements
0:00:00.024526134  4113 0x22fe370 DEBUG   GST_REGISTRY gstregistrychunks.c:582:gst_registry_chunks_load_feature: Plugin 'coreelements' feature 'typefind' typename : 'GstElementFactory'
0:00:00.024534261  4113 0x22fe370 TRACE   GST_REFCOUNTING gstobject.c:208:gst_object_init: 0x231b880 new
0:00:00.024547041  4113 0x22fe370 LOG   GST_REGISTRY gstregistrychunks.c:609:gst_registry_chunks_load_feature: Reading/casting for GstRegistryChunkElementFactory at address 0x2319e48
0:00:00.024554554  4113 0x22fe370 TRACE   structure gststructure.c:287:gst_structure_new_id_empty_with_size: created structure 0x231ba00
0:00:00.024560767  4113 0x22fe370 DEBUG   structure gststructure.c:2203:gst_structure_parse_field: trying field name 'long-name'
0:00:00.024566545  4113 0x22fe370 DEBUG   default gstvalue.c:2676:_priv_gst_value_parse_value: trying type name 'string'
0:00:00.024573166  4113 0x22fe370 DEBUG   structure gststructure.c:2203:gst_structure_parse_field: trying field name 'klass'
0:00:00.024578868  4113 0x22fe370 DEBUG   default gstvalue.c:2676:_priv_gst_value_parse_value: trying type name 'string'
0:00:00.024585282  4113 0x22fe370 DEBUG   structure gststructure.c:2203:gst_structure_parse_field: trying field name 'description'
0:00:00.024591414  4113 0x22fe370 DEBUG   default gstvalue.c:2676:_priv_gst_value_parse_value: trying type name 'string'
0:00:00.024598282  4113 0x22fe370 DEBUG   structure gststructure.c:2203:gst_structure_parse_field: trying field name 'author'
0:00:00.024603791  4113 0x22fe370 DEBUG   default gstvalue.c:2676:_priv_gst_value_parse_value: trying type name 'string'
0:00:00.024611030  4113 0x22fe370 DEBUG   GST_REGISTRY gstregistrychunks.c:626:gst_registry_chunks_load_feature: Element factory : npadtemplates=2
0:00:00.024616894  4113 0x22fe370 DEBUG   GST_REGISTRY gstregistrychunks.c:525:gst_registry_chunks_load_pad_template: Reading/casting for GstRegistryChunkPadTemplate at address 0x2319f20
0:00:00.024622967  4113 0x22fe370 DEBUG   GST_REGISTRY gstregistrychunks.c:539:gst_registry_chunks_load_pad_template: Added pad_template sink
0:00:00.024628669  4113 0x22fe370 DEBUG   GST_REGISTRY gstregistrychunks.c:525:gst_registry_chunks_load_pad_template: Reading/casting for GstRegistryChunkPadTemplate at address 0x2319f38
0:00:00.024634713  4113 0x22fe370 DEBUG   GST_REGISTRY gstregistrychunks.c:539:gst_registry_chunks_load_pad_template: Added pad_template src
0:00:00.024642350  4113 0x22fe370 DEBUG   GST_REGISTRY gstregistry.c:580:gst_registry_add_feature: replacing existing feature 0x231bbd0 (typefind)
0:00:00.024649596  4113 0x22fe370 DEBUG   GST_REGISTRY gstregistry.c:589:gst_registry_add_feature: adding feature 0x231b880 (typefind)
0:00:00.024655502  4113 0x22fe370 TRACE   GST_REFCOUNTING gstobject.c:788:gst_object_unparent: unparent
0:00:00.024662949  4113 0x22fe370 TRACE   GST_REFCOUNTING gstobject.c:264:gst_object_unref: 0x231bbd0 unref 1->0
0:00:00.024669751  4113 0x22fe370 TRACE   GST_REFCOUNTING gstobject.c:381:gst_object_dispose: 0x231bbd0 dispose
0:00:00.024676741  4113 0x22fe370 TRACE   structure gststructure.c:544:gst_structure_free: free structure 0x231bd90
0:00:00.024683921  4113 0x22fe370 TRACE   GST_REFCOUNTING gstminiobject.c:721:gst_mini_object_replace: replace (nil) (0) with (nil) (0)
0:00:00.024696195  4113 0x22fe370 TRACE   GST_REFCOUNTING gstminiobject.c:721:gst_mini_object_replace: replace (nil) (0) with (nil) (0)
0:00:00.024702936  4113 0x22fe370 DEBUG   GST_PLUGIN_LOADING gstpluginfeature.c:67:gst_plugin_feature_finalize: finalizing feature 0x231bbd0: 'typefind'
0:00:00.024709366  4113 0x22fe370 TRACE   GST_REFCOUNTING gstobject.c:423:gst_object_finalize: 0x231bbd0 finalize
0:00:00.024716250  4113 0x22fe370 DEBUG   GST_REFCOUNTING gstobject.c:708:gst_object_set_parent: set parent (ref and sink)
0:00:00.024723248  4113 0x22fe370 TRACE   GST_REFCOUNTING gstobject.c:292:gst_object_ref_sink: 0x231b880 ref_sink 1->2
0:00:00.024730089  4113 0x22fe370 LOG   GST_REGISTRY gstregistry.c:607:gst_registry_add_feature: emitting feature-added for typefind
0:00:00.024736644  4113 0x22fe370 DEBUG   GST_REGISTRY gstregistrychunks.c:740:gst_registry_chunks_load_feature: Added feature typefind, plugin 0x2320ae0 coreelements
0:00:00.024743573  4113 0x22fe370 DEBUG   GST_REGISTRY gstregistrychunks.c:582:gst_registry_chunks_load_feature: Plugin 'coreelements' feature 'tee' typename : 'GstElementFactory'
0:00:00.024751233  4113 0x22fe370 TRACE   GST_REFCOUNTING gstobject.c:208:gst_object_init: 0x231bb80 new
0:00:00.024759168  4113 0x22fe370 LOG   GST_REGISTRY gstregistrychunks.c:609:gst_registry_chunks_load_feature: Reading/casting for GstRegistryChunkElementFactory at address 0x2319f60
0:00:00.024765727  4113 0x22fe370 TRACE   structure gststructure.c:287:gst_structure_new_id_empty_with_size: created structure 0x231bd90
0:00:00.024771629  4113 0x22fe370 DEBUG   structure gststructure.c:2203:gst_structure_parse_field: trying field name 'long-name'
0:00:00.024777539  4113 0x22fe370 DEBUG   default gstvalue.c:2676:_priv_gst_value_parse_value: trying type name 'string'
0:00:00.024789598  4113 0x22fe370 DEBUG   structure gststructure.c:2203:gst_structure_parse_field: trying field name 'klass'
0:00:00.024795194  4113 0x22fe370 DEBUG   default gstvalue.c:2676:_priv_gst_value_parse_value: trying type name 'string'
0:00:00.024801663  4113 0x22fe370 DEBUG   structure gststructure.c:2203:gst_structure_parse_field: trying field name 'description'
0:00:00.024807235  4113 0x22fe370 DEBUG   default gstvalue.c:2676:_priv_gst_value_parse_value: trying type name 'string'
