0:00:00.013697675  4421 0x16ea320 DEBUG   GST_POLL gstpoll.c:980:gst_poll_fd_ctl_write: 0x16f2820: fd (fd:0, idx:1), active : 1
0:00:00.013703486  4421 0x16ea320 LOG   GST_POLL gstpoll.c:994:gst_poll_fd_ctl_write: 0x16f2820: pfd->events now 60 (POLLOUT:4)
0:00:00.013709444  4421 0x16ea320 DEBUG   GST_POLL gstpoll.c:980:gst_poll_fd_ctl_write: 0x16f2820: fd (fd:0, idx:1), active : 1
0:00:00.013717488  4421 0x16ea320 LOG   GST_POLL gstpoll.c:994:gst_poll_fd_ctl_write: 0x16f2820: pfd->events now 60 (POLLOUT:4)
0:00:00.013724811  4421 0x16ea320 DEBUG   GST_POLL gstpoll.c:980:gst_poll_fd_ctl_write: 0x16f2820: fd (fd:0, idx:1), active : 1
0:00:00.013733328  4421 0x16ea320 LOG   GST_POLL gstpoll.c:994:gst_poll_fd_ctl_write: 0x16f2820: pfd->events now 60 (POLLOUT:4)
0:00:00.013742530  4421 0x16ea320 DEBUG   GST_POLL gstpoll.c:980:gst_poll_fd_ctl_write: 0x16f2820: fd (fd:0, idx:1), active : 1
0:00:00.013771132  4421 0x16ea320 LOG   GST_POLL gstpoll.c:994:gst_poll_fd_ctl_write: 0x16f2820: pfd->events now 60 (POLLOUT:4)
0:00:00.013781504  4421 0x16ea320 DEBUG   GST_POLL gstpoll.c:980:gst_poll_fd_ctl_write: 0x16f2820: fd (fd:0, idx:1), active : 1
0:00:00.013791374  4421 0x16ea320 LOG   GST_POLL gstpoll.c:994:gst_poll_fd_ctl_write: 0x16f2820: pfd->events now 60 (POLLOUT:4)
0:00:00.013803083  4421 0x16ea320 DEBUG   GST_POLL gstpoll.c:980:gst_poll_fd_ctl_write: 0x16f2820: fd (fd:0, idx:1), active : 1
0:00:00.013812839  4421 0x16ea320 LOG   GST_POLL gstpoll.c:994:gst_poll_fd_ctl_write: 0x16f2820: pfd->events now 60 (POLLOUT:4)
0:00:00.013820615  4421 0x16ea320 DEBUG   GST_POLL gstpoll.c:980:gst_poll_fd_ctl_write: 0x16f2820: fd (fd:0, idx:1), active : 1
0:00:00.013826199  4421 0x16ea320 LOG   GST_POLL gstpoll.c:994:gst_poll_fd_ctl_write: 0x16f2820: pfd->events now 60 (POLLOUT:4)
0:00:00.013838103  4421 0x16ea320 TRACE   GST_REFCOUNTING gstobject.c:265:gst_object_unref: 0x1706180 unref 2->1
0:00:00.013845812  4421 0x16ea320 DEBUG   GST_POLL gstpoll.c:1241:gst_poll_fd_has_error: 0x16f2820: fd (fd:0, idx:1) 0
0:00:00.013851772  4421 0x16ea320 DEBUG   GST_POLL gstpoll.c:1335:gst_poll_fd_can_write: 0x16f2820: fd (fd:0, idx:1) 1
0:00:00.013857564  4421 0x16ea320 LOG   GST_PLUGIN_LOADING gstpluginloader.c:690:write_one: Writing packet of size 488 bytes to fd 0
0:00:00.013880389  4421 0x16ea320 DEBUG   GST_POLL gstpoll.c:1414:gst_poll_wait: 0x16f2820: timeout :0:00:01.000000000
0:00:00.013892620  4421 0x16ea320 LOG   GST_PLUGIN_LOADING gstpluginloader.c:1028:exchange_packets: Poll res = 2. 6872 bytes pending for write
0:00:00.013901439  4421 0x16ea320 DEBUG   GST_POLL gstpoll.c:1241:gst_poll_fd_has_error: 0x16f2820: fd (fd:5, idx:2) 0
0:00:00.013907460  4421 0x16ea320 DEBUG   GST_POLL gstpoll.c:1266:gst_poll_fd_can_read_unlocked: 0x16f2820: fd (fd:5, idx:2) 1
0:00:00.018752270  4420 0x2453390 LOG   GST_PLUGIN_LOADING gstpluginloader.c:1028:exchange_packets: Poll res = 1. 0 bytes pending for write
0:00:00.013919832  4421 0x16ea320 DEBUG   GST_PLUGIN_LOADING gstpluginloader.c:722:do_plugin_load: Plugin scanner loading file /home/conan/w/prod/BuildSingleReference/.conan/data/gstreamer/1.18.4/_/_/package/bec7fecef66b28e957582014d79b970659fc2b7f/lib/gstreamer-1.0/libgstcoretracers.so. tag 2
0:00:00.018793304  4420 0x2453390 DEBUG   GST_POLL gstpoll.c:1241:gst_poll_fd_has_error: 0x246cb60: fd (fd:8, idx:2) 0
0:00:00.013956269  4421 0x16ea320 TRACE   GST_REFCOUNTING gstobject.c:238:gst_object_ref: 0x1703eb0 ref 1->2
0:00:00.018803635  4420 0x2453390 DEBUG   GST_POLL gstpoll.c:1266:gst_poll_fd_can_read_unlocked: 0x246cb60: fd (fd:8, idx:2) 1
0:00:00.013966090  4421 0x16ea320 TRACE   GST_REFCOUNTING gstobject.c:238:gst_object_ref: 0x1704db0 ref 1->2
0:00:00.013973408  4421 0x16ea320 TRACE   GST_REFCOUNTING gstobject.c:238:gst_object_ref: 0x1704b60 ref 1->2
0:00:00.018819729  4420 0x2453390 DEBUG   GST_PLUGIN_LOADING gstpluginloader.c:850:handle_rx_packet: Received plugin details from child w/ tag 0. 476 bytes info
0:00:00.013979807  4421 0x16ea320 TRACE   GST_REFCOUNTING gstobject.c:238:gst_object_ref: 0x1704890 ref 1->2
0:00:00.013989516  4421 0x16ea320 TRACE   GST_REFCOUNTING gstobject.c:238:gst_object_ref: 0x1704680 ref 1->2
0:00:00.018830099  4420 0x2453390 LOG   GST_REGISTRY gstregistrychunks.c:837:_priv_gst_registry_chunks_load_plugin: Reading/casting for GstRegistryChunkPluginElement at address 0x246d090
0:00:00.013995951  4421 0x16ea320 TRACE   GST_REFCOUNTING gstobject.c:238:gst_object_ref: 0x1704190 ref 1->2
0:00:00.014006709  4421 0x16ea320 TRACE   GST_REFCOUNTING gstobject.c:265:gst_object_unref: 0x1704190 unref 2->1
0:00:00.018855843  4420 0x2453390 TRACE   GST_REFCOUNTING gstobject.c:208:gst_object_init: 0x246d700 new
0:00:00.014016300  4421 0x16ea320 TRACE   GST_REFCOUNTING gstobject.c:265:gst_object_unref: 0x1704680 unref 2->1
0:00:00.014026006  4421 0x16ea320 TRACE   GST_REFCOUNTING gstobject.c:265:gst_object_unref: 0x1704890 unref 2->1
0:00:00.014032533  4421 0x16ea320 TRACE   GST_REFCOUNTING gstobject.c:265:gst_object_unref: 0x1704b60 unref 2->1
0:00:00.014038927  4421 0x16ea320 TRACE   GST_REFCOUNTING gstobject.c:265:gst_object_unref: 0x1704db0 unref 2->1
0:00:00.014047320  4421 0x16ea320 DEBUG   GST_REGISTRY gstregistrychunks.c:498:_priv_gst_registry_chunks_save_plugin: Found 5 features in plugin 0x1703eb0 (coretracers)
0:00:00.014053797  4421 0x16ea320 DEBUG   GST_POLL gstpoll.c:980:gst_poll_fd_ctl_write: 0x16f2820: fd (fd:0, idx:1), active : 1
0:00:00.014059424  4421 0x16ea320 LOG   GST_POLL gstpoll.c:994:gst_poll_fd_ctl_write: 0x16f2820: pfd->events now 60 (POLLOUT:4)
0:00:00.018899735  4420 0x2453390 LOG   GST_REGISTRY gstregistrychunks.c:858:_priv_gst_registry_chunks_load_plugin: read strings for name='coretracers'
0:00:00.014065360  4421 0x16ea320 DEBUG   GST_POLL gstpoll.c:980:gst_poll_fd_ctl_write: 0x16f2820: fd (fd:0, idx:1), active : 1
0:00:00.018909365  4420 0x2453390 LOG   GST_REGISTRY gstregistrychunks.c:859:_priv_gst_registry_chunks_load_plugin: desc.description='GStreamer core tracers'
0:00:00.014079685  4421 0x16ea320 LOG   GST_POLL gstpoll.c:994:gst_poll_fd_ctl_write: 0x16f2820: pfd->events now 60 (POLLOUT:4)
0:00:00.018922071  4420 0x2453390 LOG   GST_REGISTRY gstregistrychunks.c:860:_priv_gst_registry_chunks_load_plugin: filename='/home/conan/w/prod/BuildSingleReference/.conan/data/gstreamer/1.18.4/_/_/package/bec7fecef66b28e957582014d79b970659fc2b7f/lib/gstreamer-1.0/libgstcoretracers.so'
0:00:00.014087083  4421 0x16ea320 DEBUG   GST_POLL gstpoll.c:980:gst_poll_fd_ctl_write: 0x16f2820: fd (fd:0, idx:1), active : 1
0:00:00.018931435  4420 0x2453390 LOG   GST_REGISTRY gstregistrychunks.c:861:_priv_gst_registry_chunks_load_plugin: desc.version='1.18.4'
0:00:00.014093405  4421 0x16ea320 LOG   GST_POLL gstpoll.c:994:gst_poll_fd_ctl_write: 0x16f2820: pfd->events now 60 (POLLOUT:4)
0:00:00.018938605  4420 0x2453390 LOG   GST_REGISTRY gstregistrychunks.c:862:_priv_gst_registry_chunks_load_plugin: desc.license='LGPL'
0:00:00.014100140  4421 0x16ea320 DEBUG   GST_POLL gstpoll.c:980:gst_poll_fd_ctl_write: 0x16f2820: fd (fd:0, idx:1), active : 1
0:00:00.018944478  4420 0x2453390 LOG   GST_REGISTRY gstregistrychunks.c:863:_priv_gst_registry_chunks_load_plugin: desc.source='gstreamer'
0:00:00.014106346  4421 0x16ea320 LOG   GST_POLL gstpoll.c:994:gst_poll_fd_ctl_write: 0x16f2820: pfd->events now 60 (POLLOUT:4)
0:00:00.018950507  4420 0x2453390 LOG   GST_REGISTRY gstregistrychunks.c:864:_priv_gst_registry_chunks_load_plugin: desc.package='GStreamer source release'
0:00:00.014112740  4421 0x16ea320 DEBUG   GST_POLL gstpoll.c:980:gst_poll_fd_ctl_write: 0x16f2820: fd (fd:0, idx:1), active : 1
0:00:00.018956770  4420 0x2453390 LOG   GST_REGISTRY gstregistrychunks.c:865:_priv_gst_registry_chunks_load_plugin: desc.origin='Unknown package origin'
0:00:00.014118703  4421 0x16ea320 LOG   GST_POLL gstpoll.c:994:gst_poll_fd_ctl_write: 0x16f2820: pfd->events now 60 (POLLOUT:4)
0:00:00.018962654  4420 0x2453390 LOG   GST_REGISTRY gstregistrychunks.c:866:_priv_gst_registry_chunks_load_plugin: desc.datetime=2021-03-15
0:00:00.014125152  4421 0x16ea320 DEBUG   GST_POLL gstpoll.c:980:gst_poll_fd_ctl_write: 0x16f2820: fd (fd:0, idx:1), active : 1
0:00:00.018973846  4420 0x2453390 DEBUG   GST_REGISTRY gstregistry.c:474:gst_registry_add_plugin: adding plugin 0x246d700 for filename "/home/conan/w/prod/BuildSingleReference/.conan/data/gstreamer/1.18.4/_/_/package/bec7fecef66b28e957582014d79b970659fc2b7f/lib/gstreamer-1.0/libgstcoretracers.so"
0:00:00.014133387  4421 0x16ea320 LOG   GST_POLL gstpoll.c:994:gst_poll_fd_ctl_write: 0x16f2820: pfd->events now 60 (POLLOUT:4)
0:00:00.014142260  4421 0x16ea320 DEBUG   GST_POLL gstpoll.c:980:gst_poll_fd_ctl_write: 0x16f2820: fd (fd:0, idx:1), active : 1
0:00:00.018986217  4420 0x2453390 TRACE   GST_REFCOUNTING gstobject.c:294:gst_object_ref_sink: 0x246d700 ref_sink 1->2
0:00:00.014147977  4421 0x16ea320 LOG   GST_POLL gstpoll.c:994:gst_poll_fd_ctl_write: 0x16f2820: pfd->events now 60 (POLLOUT:4)
0:00:00.018996527  4420 0x2453390 LOG   GST_REGISTRY gstregistry.c:487:gst_registry_add_plugin: emitting plugin-added for filename "/home/conan/w/prod/BuildSingleReference/.conan/data/gstreamer/1.18.4/_/_/package/bec7fecef66b28e957582014d79b970659fc2b7f/lib/gstreamer-1.0/libgstcoretracers.so"
0:00:00.014160340  4421 0x16ea320 DEBUG   GST_POLL gstpoll.c:980:gst_poll_fd_ctl_write: 0x16f2820: fd (fd:0, idx:1), active : 1
0:00:00.019005266  4420 0x2453390 DEBUG   GST_REGISTRY gstregistrychunks.c:887:_priv_gst_registry_chunks_load_plugin: Added plugin 'coretracers' plugin with 5 features from binary registry
0:00:00.014166317  4421 0x16ea320 LOG   GST_POLL gstpoll.c:994:gst_poll_fd_ctl_write: 0x16f2820: pfd->events now 60 (POLLOUT:4)
0:00:00.019013363  4420 0x2453390 DEBUG   GST_REGISTRY gstregistrychunks.c:583:gst_registry_chunks_load_feature: Plugin 'coretracers' feature 'leaks' typename : 'GstTracerFactory'
0:00:00.014173463  4421 0x16ea320 DEBUG   GST_POLL gstpoll.c:980:gst_poll_fd_ctl_write: 0x16f2820: fd (fd:0, idx:1), active : 1
0:00:00.014180819  4421 0x16ea320 LOG   GST_POLL gstpoll.c:994:gst_poll_fd_ctl_write: 0x16f2820: pfd->events now 60 (POLLOUT:4)
0:00:00.014186404  4421 0x16ea320 DEBUG   GST_POLL gstpoll.c:980:gst_poll_fd_ctl_write: 0x16f2820: fd (fd:0, idx:1), active : 1
0:00:00.019029168  4420 0x2453390 TRACE   GST_REFCOUNTING gstobject.c:208:gst_object_init: 0x246da10 new
0:00:00.014194329  4421 0x16ea320 LOG   GST_POLL gstpoll.c:994:gst_poll_fd_ctl_write: 0x16f2820: pfd->events now 60 (POLLOUT:4)
0:00:00.019040812  4420 0x2453390 DEBUG   GST_REGISTRY gstregistrychunks.c:718:gst_registry_chunks_load_feature: Reading/casting for GstRegistryChunkPluginFeature at address 0x246d1d8
0:00:00.014201634  4421 0x16ea320 DEBUG   GST_POLL gstpoll.c:980:gst_poll_fd_ctl_write: 0x16f2820: fd (fd:0, idx:1), active : 1
0:00:00.014209481  4421 0x16ea320 LOG   GST_POLL gstpoll.c:994:gst_poll_fd_ctl_write: 0x16f2820: pfd->events now 60 (POLLOUT:4)
0:00:00.019052367  4420 0x2453390 DEBUG   GST_REGISTRY gstregistry.c:590:gst_registry_add_feature: adding feature 0x246da10 (leaks)
0:00:00.014215213  4421 0x16ea320 DEBUG   GST_POLL gstpoll.c:980:gst_poll_fd_ctl_write: 0x16f2820: fd (fd:0, idx:1), active : 1
0:00:00.019060242  4420 0x2453390 DEBUG   GST_REFCOUNTING gstobject.c:709:gst_object_set_parent: set parent (ref and sink)
0:00:00.014221257  4421 0x16ea320 LOG   GST_POLL gstpoll.c:994:gst_poll_fd_ctl_write: 0x16f2820: pfd->events now 60 (POLLOUT:4)
0:00:00.019068395  4420 0x2453390 TRACE   GST_REFCOUNTING gstobject.c:294:gst_object_ref_sink: 0x246da10 ref_sink 1->2
0:00:00.014228628  4421 0x16ea320 DEBUG   GST_POLL gstpoll.c:980:gst_poll_fd_ctl_write: 0x16f2820: fd (fd:0, idx:1), active : 1
0:00:00.019075586  4420 0x2453390 LOG   GST_REGISTRY gstregistry.c:608:gst_registry_add_feature: emitting feature-added for leaks
0:00:00.014236164  4421 0x16ea320 LOG   GST_POLL gstpoll.c:994:gst_poll_fd_ctl_write: 0x16f2820: pfd->events now 60 (POLLOUT:4)
0:00:00.019083014  4420 0x2453390 DEBUG   GST_REGISTRY gstregistrychunks.c:741:gst_registry_chunks_load_feature: Added feature leaks, plugin 0x246d700 coretracers
0:00:00.014247748  4421 0x16ea320 DEBUG   GST_POLL gstpoll.c:980:gst_poll_fd_ctl_write: 0x16f2820: fd (fd:0, idx:1), active : 1
0:00:00.019091565  4420 0x2453390 DEBUG   GST_REGISTRY gstregistrychunks.c:583:gst_registry_chunks_load_feature: Plugin 'coretracers' feature 'stats' typename : 'GstTracerFactory'
0:00:00.014256389  4421 0x16ea320 LOG   GST_POLL gstpoll.c:994:gst_poll_fd_ctl_write: 0x16f2820: pfd->events now 60 (POLLOUT:4)
0:00:00.019100398  4420 0x2453390 TRACE   GST_REFCOUNTING gstobject.c:208:gst_object_init: 0x246dc10 new
0:00:00.014263820  4421 0x16ea320 DEBUG   GST_POLL gstpoll.c:980:gst_poll_fd_ctl_write: 0x16f2820: fd (fd:0, idx:1), active : 1
0:00:00.019109185  4420 0x2453390 DEBUG   GST_REGISTRY gstregistrychunks.c:718:gst_registry_chunks_load_feature: Reading/casting for GstRegistryChunkPluginFeature at address 0x246d1f8
0:00:00.014270316  4421 0x16ea320 LOG   GST_POLL gstpoll.c:994:gst_poll_fd_ctl_write: 0x16f2820: pfd->events now 60 (POLLOUT:4)
0:00:00.019119932  4420 0x2453390 DEBUG   GST_REGISTRY gstregistry.c:590:gst_registry_add_feature: adding feature 0x246dc10 (stats)
0:00:00.014284209  4421 0x16ea320 LOG   GST_PLUGIN_LOADING gstpluginloader.c:646:put_chunk: Expanding tx buf from 7717 to 10158 for chunk of size 17
0:00:00.019127472  4420 0x2453390 DEBUG   GST_REFCOUNTING gstobject.c:709:gst_object_set_parent: set parent (ref and sink)
0:00:00.019135147  4420 0x2453390 TRACE   GST_REFCOUNTING gstobject.c:294:gst_object_ref_sink: 0x246dc10 ref_sink 1->2
0:00:00.014295985  4421 0x16ea320 DEBUG   GST_POLL gstpoll.c:980:gst_poll_fd_ctl_write: 0x16f2820: fd (fd:0, idx:1), active : 1
0:00:00.019141351  4420 0x2453390 LOG   GST_REGISTRY gstregistry.c:608:gst_registry_add_feature: emitting feature-added for stats
0:00:00.014302239  4421 0x16ea320 LOG   GST_POLL gstpoll.c:994:gst_poll_fd_ctl_write: 0x16f2820: pfd->events now 60 (POLLOUT:4)
0:00:00.019148328  4420 0x2453390 DEBUG   GST_REGISTRY gstregistrychunks.c:741:gst_registry_chunks_load_feature: Added feature stats, plugin 0x246d700 coretracers
0:00:00.014308912  4421 0x16ea320 DEBUG   GST_POLL gstpoll.c:980:gst_poll_fd_ctl_write: 0x16f2820: fd (fd:0, idx:1), active : 1
0:00:00.019155386  4420 0x2453390 DEBUG   GST_REGISTRY gstregistrychunks.c:583:gst_registry_chunks_load_feature: Plugin 'coretracers' feature 'rusage' typename : 'GstTracerFactory'
0:00:00.014317704  4421 0x16ea320 LOG   GST_POLL gstpoll.c:994:gst_poll_fd_ctl_write: 0x16f2820: pfd->events now 60 (POLLOUT:4)
0:00:00.019163866  4420 0x2453390 TRACE   GST_REFCOUNTING gstobject.c:208:gst_object_init: 0x246de10 new
0:00:00.014325264  4421 0x16ea320 DEBUG   GST_POLL gstpoll.c:980:gst_poll_fd_ctl_write: 0x16f2820: fd (fd:0, idx:1), active : 1
0:00:00.019172751  4420 0x2453390 DEBUG   GST_REGISTRY gstregistrychunks.c:718:gst_registry_chunks_load_feature: Reading/casting for GstRegistryChunkPluginFeature at address 0x246d218
0:00:00.014336997  4421 0x16ea320 LOG   GST_POLL gstpoll.c:994:gst_poll_fd_ctl_write: 0x16f2820: pfd->events now 60 (POLLOUT:4)
0:00:00.014343885  4421 0x16ea320 DEBUG   GST_POLL gstpoll.c:980:gst_poll_fd_ctl_write: 0x16f2820: fd (fd:0, idx:1), active : 1
0:00:00.019184203  4420 0x2453390 DEBUG   GST_REGISTRY gstregistry.c:590:gst_registry_add_feature: adding feature 0x246de10 (rusage)
0:00:00.014349588  4421 0x16ea320 LOG   GST_POLL gstpoll.c:994:gst_poll_fd_ctl_write: 0x16f2820: pfd->events now 60 (POLLOUT:4)
0:00:00.019193038  4420 0x2453390 DEBUG   GST_REFCOUNTING gstobject.c:709:gst_object_set_parent: set parent (ref and sink)
0:00:00.014355845  4421 0x16ea320 DEBUG   GST_POLL gstpoll.c:980:gst_poll_fd_ctl_write: 0x16f2820: fd (fd:0, idx:1), active : 1
0:00:00.019200917  4420 0x2453390 TRACE   GST_REFCOUNTING gstobject.c:294:gst_object_ref_sink: 0x246de10 ref_sink 1->2
0:00:00.014361983  4421 0x16ea320 LOG   GST_POLL gstpoll.c:994:gst_poll_fd_ctl_write: 0x16f2820: pfd->events now 60 (POLLOUT:4)
0:00:00.019208232  4420 0x2453390 LOG   GST_REGISTRY gstregistry.c:608:gst_registry_add_feature: emitting feature-added for rusage
0:00:00.014369296  4421 0x16ea320 DEBUG   GST_POLL gstpoll.c:980:gst_poll_fd_ctl_write: 0x16f2820: fd (fd:0, idx:1), active : 1
0:00:00.019215239  4420 0x2453390 DEBUG   GST_REGISTRY gstregistrychunks.c:741:gst_registry_chunks_load_feature: Added feature rusage, plugin 0x246d700 coretracers
0:00:00.014377488  4421 0x16ea320 LOG   GST_POLL gstpoll.c:994:gst_poll_fd_ctl_write: 0x16f2820: pfd->events now 60 (POLLOUT:4)
0:00:00.019222092  4420 0x2453390 DEBUG   GST_REGISTRY gstregistrychunks.c:583:gst_registry_chunks_load_feature: Plugin 'coretracers' feature 'log' typename : 'GstTracerFactory'
0:00:00.014384797  4421 0x16ea320 DEBUG   GST_POLL gstpoll.c:980:gst_poll_fd_ctl_write: 0x16f2820: fd (fd:0, idx:1), active : 1
0:00:00.019230372  4420 0x2453390 TRACE   GST_REFCOUNTING gstobject.c:208:gst_object_init: 0x246e010 new
0:00:00.014391111  4421 0x16ea320 LOG   GST_POLL gstpoll.c:994:gst_poll_fd_ctl_write: 0x16f2820: pfd->events now 60 (POLLOUT:4)
0:00:00.014398750  4421 0x16ea320 DEBUG   GST_POLL gstpoll.c:980:gst_poll_fd_ctl_write: 0x16f2820: fd (fd:0, idx:1), active : 1
0:00:00.019239271  4420 0x2453390 DEBUG   GST_REGISTRY gstregistrychunks.c:718:gst_registry_chunks_load_feature: Reading/casting for GstRegistryChunkPluginFeature at address 0x246d238
0:00:00.014404152  4421 0x16ea320 LOG   GST_POLL gstpoll.c:994:gst_poll_fd_ctl_write: 0x16f2820: pfd->events now 60 (POLLOUT:4)
0:00:00.014410536  4421 0x16ea320 DEBUG   GST_POLL gstpoll.c:980:gst_poll_fd_ctl_write: 0x16f2820: fd (fd:0, idx:1), active : 1
0:00:00.019251315  4420 0x2453390 DEBUG   GST_REGISTRY gstregistry.c:590:gst_registry_add_feature: adding feature 0x246e010 (log)
0:00:00.014415893  4421 0x16ea320 LOG   GST_POLL gstpoll.c:994:gst_poll_fd_ctl_write: 0x16f2820: pfd->events now 60 (POLLOUT:4)
0:00:00.019266315  4420 0x2453390 DEBUG   GST_REFCOUNTING gstobject.c:709:gst_object_set_parent: set parent (ref and sink)
0:00:00.014427238  4421 0x16ea320 DEBUG   GST_POLL gstpoll.c:980:gst_poll_fd_ctl_write: 0x16f2820: fd (fd:0, idx:1), active : 1
0:00:00.019274139  4420 0x2453390 TRACE   GST_REFCOUNTING gstobject.c:294:gst_object_ref_sink: 0x246e010 ref_sink 1->2
0:00:00.014436651  4421 0x16ea320 LOG   GST_POLL gstpoll.c:994:gst_poll_fd_ctl_write: 0x16f2820: pfd->events now 60 (POLLOUT:4)
0:00:00.019281268  4420 0x2453390 LOG   GST_REGISTRY gstregistry.c:608:gst_registry_add_feature: emitting feature-added for log
0:00:00.014444198  4421 0x16ea320 DEBUG   GST_POLL gstpoll.c:980:gst_poll_fd_ctl_write: 0x16f2820: fd (fd:0, idx:1), active : 1
0:00:00.019288275  4420 0x2453390 DEBUG   GST_REGISTRY gstregistrychunks.c:741:gst_registry_chunks_load_feature: Added feature log, plugin 0x246d700 coretracers
0:00:00.014450504  4421 0x16ea320 LOG   GST_POLL gstpoll.c:994:gst_poll_fd_ctl_write: 0x16f2820: pfd->events now 60 (POLLOUT:4)
0:00:00.019295292  4420 0x2453390 DEBUG   GST_REGISTRY gstregistrychunks.c:583:gst_registry_chunks_load_feature: Plugin 'coretracers' feature 'latency' typename : 'GstTracerFactory'
0:00:00.014456903  4421 0x16ea320 DEBUG   GST_POLL gstpoll.c:980:gst_poll_fd_ctl_write: 0x16f2820: fd (fd:0, idx:1), active : 1
0:00:00.014463106  4421 0x16ea320 LOG   GST_POLL gstpoll.c:994:gst_poll_fd_ctl_write: 0x16f2820: pfd->events now 60 (POLLOUT:4)
0:00:00.019304340  4420 0x2453390 TRACE   GST_REFCOUNTING gstobject.c:208:gst_object_init: 0x246e210 new
0:00:00.014470067  4421 0x16ea320 TRACE   GST_REFCOUNTING gstobject.c:265:gst_object_unref: 0x1703eb0 unref 2->1
0:00:00.019313599  4420 0x2453390 DEBUG   GST_REGISTRY gstregistrychunks.c:718:gst_registry_chunks_load_feature: Reading/casting for GstRegistryChunkPluginFeature at address 0x246d260
0:00:00.014477404  4421 0x16ea320 DEBUG   GST_POLL gstpoll.c:1241:gst_poll_fd_has_error: 0x16f2820: fd (fd:0, idx:1) 0
0:00:00.014483723  4421 0x16ea320 DEBUG   GST_POLL gstpoll.c:1335:gst_poll_fd_can_write: 0x16f2820: fd (fd:0, idx:1) 1
0:00:00.019324235  4420 0x2453390 DEBUG   GST_REGISTRY gstregistry.c:590:gst_registry_add_feature: adding feature 0x246e210 (latency)
0:00:00.014491796  4421 0x16ea320 LOG   GST_PLUGIN_LOADING gstpluginloader.c:690:write_one: Writing packet of size 6872 bytes to fd 0
0:00:00.019334108  4420 0x2453390 DEBUG   GST_REFCOUNTING gstobject.c:709:gst_object_set_parent: set parent (ref and sink)
0:00:00.019343369  4420 0x2453390 TRACE   GST_REFCOUNTING gstobject.c:294:gst_object_ref_sink: 0x246e210 ref_sink 1->2
0:00:00.014505420  4421 0x16ea320 DEBUG   GST_POLL gstpoll.c:1414:gst_poll_wait: 0x16f2820: timeout :0:00:01.000000000
0:00:00.019349835  4420 0x2453390 LOG   GST_REGISTRY gstregistry.c:608:gst_registry_add_feature: emitting feature-added for latency
0:00:00.014514750  4421 0x16ea320 LOG   GST_PLUGIN_LOADING gstpluginloader.c:1028:exchange_packets: Poll res = 2. 488 bytes pending for write
0:00:00.019361217  4420 0x2453390 DEBUG   GST_REGISTRY gstregistrychunks.c:741:gst_registry_chunks_load_feature: Added feature latency, plugin 0x246d700 coretracers
0:00:00.014522252  4421 0x16ea320 DEBUG   GST_POLL gstpoll.c:1241:gst_poll_fd_has_error: 0x16f2820: fd (fd:5, idx:2) 0
0:00:00.014528712  4421 0x16ea320 DEBUG   GST_POLL gstpoll.c:1266:gst_poll_fd_can_read_unlocked: 0x16f2820: fd (fd:5, idx:2) 1
0:00:00.019368850  4420 0x2453390 LOG   GST_PLUGIN_LOADING gstpluginloader.c:889:handle_rx_packet: marking plugin 0x246d700 as registered as /home/conan/w/prod/BuildSingleReference/.conan/data/gstreamer/1.18.4/_/_/package/bec7fecef66b28e957582014d79b970659fc2b7f/lib/gstreamer-1.0/libgstcoretracers.so
0:00:00.014538812  4421 0x16ea320 DEBUG   GST_PLUGIN_LOADING gstpluginloader.c:722:do_plugin_load: Plugin scanner loading file /home/conan/w/prod/BuildSingleReference/.conan/data/gstreamer/1.18.4/_/_/package/bec7fecef66b28e957582014d79b970659fc2b7f/lib/gstreamer-1.0/libgstcoreelements.so. tag 3
0:00:00.019385254  4420 0x2453390 DEBUG   GST_POLL gstpoll.c:1414:gst_poll_wait: 0x246cb60: timeout :0:00:01.000000000
0:00:00.014548725  4421 0x16ea320 TRACE   GST_REFCOUNTING gstobject.c:238:gst_object_ref: 0x1706180 ref 1->2
0:00:00.014556817  4421 0x16ea320 TRACE   GST_REFCOUNTING gstobject.c:238:gst_object_ref: 0x17213e0 ref 1->2
0:00:00.019398142  4420 0x2453390 LOG   GST_PLUGIN_LOADING gstpluginloader.c:1028:exchange_packets: Poll res = 1. 0 bytes pending for write
0:00:00.014563661  4421 0x16ea320 TRACE   GST_REFCOUNTING gstobject.c:238:gst_object_ref: 0x17206b0 ref 1->2
0:00:00.019407648  4420 0x2453390 DEBUG   GST_POLL gstpoll.c:1241:gst_poll_fd_has_error: 0x246cb60: fd (fd:8, idx:2) 0
0:00:00.014570768  4421 0x16ea320 TRACE   GST_REFCOUNTING gstobject.c:238:gst_object_ref: 0x171eee0 ref 1->2
0:00:00.019414530  4420 0x2453390 DEBUG   GST_POLL gstpoll.c:1266:gst_poll_fd_can_read_unlocked: 0x246cb60: fd (fd:8, idx:2) 1
0:00:00.014577788  4421 0x16ea320 TRACE   GST_REFCOUNTING gstobject.c:238:gst_object_ref: 0x171e110 ref 1->2
0:00:00.019422675  4420 0x2453390 LOG   GST_PLUGIN_LOADING gstpluginloader.c:986:read_one: Expanding rx buf from 512 to 7384
0:00:00.014584618  4421 0x16ea320 TRACE   GST_REFCOUNTING gstobject.c:238:gst_object_ref: 0x171cf70 ref 1->2
0:00:00.014594015  4421 0x16ea320 TRACE   GST_REFCOUNTING gstobject.c:238:gst_object_ref: 0x171be70 ref 1->2
0:00:00.014601587  4421 0x16ea320 TRACE   GST_REFCOUNTING gstobject.c:238:gst_object_ref: 0x171a520 ref 1->2
0:00:00.019446002  4420 0x2453390 DEBUG   GST_PLUGIN_LOADING gstpluginloader.c:850:handle_rx_packet: Received plugin details from child w/ tag 1. 6860 bytes info
0:00:00.014608391  4421 0x16ea320 TRACE   GST_REFCOUNTING gstobject.c:238:gst_object_ref: 0x1718a10 ref 1->2
0:00:00.019454761  4420 0x2453390 LOG   GST_REGISTRY gstregistrychunks.c:837:_priv_gst_registry_chunks_load_plugin: Reading/casting for GstRegistryChunkPluginElement at address 0x246e9b0
0:00:00.014620600  4421 0x16ea320 TRACE   GST_REFCOUNTING gstobject.c:238:gst_object_ref: 0x1717900 ref 1->2
0:00:00.019464776  4420 0x2453390 TRACE   GST_REFCOUNTING gstobject.c:208:gst_object_init: 0x246d090 new
0:00:00.014627695  4421 0x16ea320 TRACE   GST_REFCOUNTING gstobject.c:238:gst_object_ref: 0x17166e0 ref 1->2
0:00:00.014634986  4421 0x16ea320 TRACE   GST_REFCOUNTING gstobject.c:238:gst_object_ref: 0x17150b0 ref 1->2
0:00:00.019479191  4420 0x2453390 LOG   GST_REGISTRY gstregistrychunks.c:858:_priv_gst_registry_chunks_load_plugin: read strings for name='coreelements'
0:00:00.014641188  4421 0x16ea320 TRACE   GST_REFCOUNTING gstobject.c:238:gst_object_ref: 0x1714400 ref 1->2
0:00:00.019485645  4420 0x2453390 LOG   GST_REGISTRY gstregistrychunks.c:859:_priv_gst_registry_chunks_load_plugin: desc.description='GStreamer core elements'
0:00:00.014647919  4421 0x16ea320 TRACE   GST_REFCOUNTING gstobject.c:238:gst_object_ref: 0x17137d0 ref 1->2
0:00:00.019492401  4420 0x2453390 LOG   GST_REGISTRY gstregistrychunks.c:860:_priv_gst_registry_chunks_load_plugin: filename='/home/conan/w/prod/BuildSingleReference/.conan/data/gstreamer/1.18.4/_/_/package/bec7fecef66b28e957582014d79b970659fc2b7f/lib/gstreamer-1.0/libgstcoreelements.so'
0:00:00.014657301  4421 0x16ea320 TRACE   GST_REFCOUNTING gstobject.c:238:gst_object_ref: 0x170ad20 ref 1->2
0:00:00.019500447  4420 0x2453390 LOG   GST_REGISTRY gstregistrychunks.c:861:_priv_gst_registry_chunks_load_plugin: desc.version='1.18.4'
0:00:00.014665319  4421 0x16ea320 TRACE   GST_REFCOUNTING gstobject.c:238:gst_object_ref: 0x1710bd0 ref 1->2
0:00:00.019507798  4420 0x2453390 LOG   GST_REGISTRY gstregistrychunks.c:862:_priv_gst_registry_chunks_load_plugin: desc.license='LGPL'
0:00:00.014672726  4421 0x16ea320 TRACE   GST_REFCOUNTING gstobject.c:238:gst_object_ref: 0x170e5a0 ref 1->2
0:00:00.019514871  4420 0x2453390 LOG   GST_REGISTRY gstregistrychunks.c:863:_priv_gst_registry_chunks_load_plugin: desc.source='gstreamer'
0:00:00.014679667  4421 0x16ea320 TRACE   GST_REFCOUNTING gstobject.c:238:gst_object_ref: 0x170ca50 ref 1->2
0:00:00.019522097  4420 0x2453390 LOG   GST_REGISTRY gstregistrychunks.c:864:_priv_gst_registry_chunks_load_plugin: desc.package='GStreamer source release'
0:00:00.014686542  4421 0x16ea320 TRACE   GST_REFCOUNTING gstobject.c:238:gst_object_ref: 0x170ba10 ref 1->2
0:00:00.019528751  4420 0x2453390 LOG   GST_REGISTRY gstregistrychunks.c:865:_priv_gst_registry_chunks_load_plugin: desc.origin='Unknown package origin'
0:00:00.014693609  4421 0x16ea320 TRACE   GST_REFCOUNTING gstobject.c:238:gst_object_ref: 0x1709f60 ref 1->2
0:00:00.019535511  4420 0x2453390 LOG   GST_REGISTRY gstregistrychunks.c:866:_priv_gst_registry_chunks_load_plugin: desc.datetime=2021-03-15
0:00:00.014701000  4421 0x16ea320 TRACE   GST_REFCOUNTING gstobject.c:238:gst_object_ref: 0x1709090 ref 1->2
0:00:00.014712840  4421 0x16ea320 TRACE   GST_REFCOUNTING gstobject.c:238:gst_object_ref: 0x17082f0 ref 1->2
0:00:00.019553963  4420 0x2453390 DEBUG   GST_REGISTRY gstregistry.c:474:gst_registry_add_plugin: adding plugin 0x246d090 for filename "/home/conan/w/prod/BuildSingleReference/.conan/data/gstreamer/1.18.4/_/_/package/bec7fecef66b28e957582014d79b970659fc2b7f/lib/gstreamer-1.0/libgstcoreelements.so"
0:00:00.014722070  4421 0x16ea320 TRACE   GST_REFCOUNTING gstobject.c:238:gst_object_ref: 0x1706630 ref 1->2
0:00:00.019564643  4420 0x2453390 TRACE   GST_REFCOUNTING gstobject.c:294:gst_object_ref_sink: 0x246d090 ref_sink 1->2
0:00:00.014730821  4421 0x16ea320 DEBUG   GST_REGISTRY gstregistrychunks.c:265:gst_registry_chunks_save_feature: saved 0 interfaces 0 pad templates
0:00:00.019576456  4420 0x2453390 LOG   GST_REGISTRY gstregistry.c:487:gst_registry_add_plugin: emitting plugin-added for filename "/home/conan/w/prod/BuildSingleReference/.conan/data/gstreamer/1.18.4/_/_/package/bec7fecef66b28e957582014d79b970659fc2b7f/lib/gstreamer-1.0/libgstcoreelements.so"
0:00:00.014744431  4421 0x16ea320 DEBUG   GST_REGISTRY gstregistrychunks.c:265:gst_registry_chunks_save_feature: saved 0 interfaces 0 pad templates
0:00:00.019585562  4420 0x2453390 DEBUG   GST_REGISTRY gstregistrychunks.c:887:_priv_gst_registry_chunks_load_plugin: Added plugin 'coreelements' plugin with 22 features from binary registry
0:00:00.019617547  4420 0x2453390 DEBUG   GST_REGISTRY gstregistrychunks.c:583:gst_registry_chunks_load_feature: Plugin 'coreelements' feature 'streamiddemux' typename : 'GstElementFactory'
0:00:00.014778211  4421 0x16ea320 DEBUG   GST_REGISTRY gstregistrychunks.c:265:gst_registry_chunks_save_feature: saved 0 interfaces 0 pad templates
0:00:00.019632778  4420 0x2453390 TRACE   GST_REFCOUNTING gstobject.c:208:gst_object_init: 0x246d1c0 new
0:00:00.014795305  4421 0x16ea320 DEBUG   GST_REGISTRY gstregistrychunks.c:265:gst_registry_chunks_save_feature: saved 1 interfaces 0 pad templates
0:00:00.014804232  4421 0x16ea320 DEBUG   GST_REGISTRY gstregistrychunks.c:284:gst_registry_chunks_save_feature: Saved 1 UriTypes
0:00:00.019646057  4420 0x2453390 LOG   GST_REGISTRY gstregistrychunks.c:610:gst_registry_chunks_load_feature: Reading/casting for GstRegistryChunkElementFactory at address 0x246eb08
0:00:00.014818628  4421 0x16ea320 DEBUG   GST_REGISTRY gstregistrychunks.c:265:gst_registry_chunks_save_feature: saved 0 interfaces 0 pad templates
0:00:00.014829304  4421 0x16ea320 DEBUG   GST_REGISTRY gstregistrychunks.c:265:gst_registry_chunks_save_feature: saved 0 interfaces 0 pad templates
0:00:00.014838963  4421 0x16ea320 DEBUG   GST_REGISTRY gstregistrychunks.c:265:gst_registry_chunks_save_feature: saved 0 interfaces 0 pad templates
0:00:00.019659443  4420 0x2453390 TRACE   structure gststructure.c:287:gst_structure_new_id_empty_with_size: created structure 0x246e580
0:00:00.014849970  4421 0x16ea320 DEBUG   GST_REGISTRY gstregistrychunks.c:265:gst_registry_chunks_save_feature: saved 1 interfaces 0 pad templates
0:00:00.019695725  4420 0x2453390 DEBUG   structure gststructure.c:2203:gst_structure_parse_field: trying field name 'long-name'
0:00:00.014860102  4421 0x16ea320 DEBUG   GST_REGISTRY gstregistrychunks.c:284:gst_registry_chunks_save_feature: Saved 1 UriTypes
0:00:00.019709171  4420 0x2453390 DEBUG   default gstvalue.c:2676:_priv_gst_value_parse_value: trying type name 'string'
0:00:00.014875384  4421 0x16ea320 DEBUG   GST_REGISTRY gstregistrychunks.c:265:gst_registry_chunks_save_feature: saved 1 interfaces 0 pad templates
0:00:00.019722567  4420 0x2453390 DEBUG   structure gststructure.c:2203:gst_structure_parse_field: trying field name 'klass'
0:00:00.014884520  4421 0x16ea320 DEBUG   GST_REGISTRY gstregistrychunks.c:284:gst_registry_chunks_save_feature: Saved 1 UriTypes
0:00:00.019728847  4420 0x2453390 DEBUG   default gstvalue.c:2676:_priv_gst_value_parse_value: trying type name 'string'
0:00:00.014899464  4421 0x16ea320 DEBUG   GST_REGISTRY gstregistrychunks.c:265:gst_registry_chunks_save_feature: saved 1 interfaces 0 pad templates
0:00:00.019741532  4420 0x2453390 DEBUG   structure gststructure.c:2203:gst_structure_parse_field: trying field name 'description'
0:00:00.019755846  4420 0x2453390 DEBUG   default gstvalue.c:2676:_priv_gst_value_parse_value: trying type name 'string'
0:00:00.014913814  4421 0x16ea320 DEBUG   GST_REGISTRY gstregistrychunks.c:284:gst_registry_chunks_save_feature: Saved 1 UriTypes
0:00:00.019766747  4420 0x2453390 DEBUG   structure gststructure.c:2203:gst_structure_parse_field: trying field name 'author'
0:00:00.014933124  4421 0x16ea320 DEBUG   GST_REGISTRY gstregistrychunks.c:265:gst_registry_chunks_save_feature: saved 0 interfaces 0 pad templates
0:00:00.019775092  4420 0x2453390 DEBUG   default gstvalue.c:2676:_priv_gst_value_parse_value: trying type name 'string'
0:00:00.019788728  4420 0x2453390 DEBUG   GST_REGISTRY gstregistrychunks.c:626:gst_registry_chunks_load_feature: Element factory : npadtemplates=2
0:00:00.014948619  4421 0x16ea320 DEBUG   GST_REGISTRY gstregistrychunks.c:265:gst_registry_chunks_save_feature: saved 0 interfaces 0 pad templates
0:00:00.019797644  4420 0x2453390 DEBUG   GST_REGISTRY gstregistrychunks.c:526:gst_registry_chunks_load_pad_template: Reading/casting for GstRegistryChunkPadTemplate at address 0x246ebe0
0:00:00.014963181  4421 0x16ea320 DEBUG   GST_REGISTRY gstregistrychunks.c:265:gst_registry_chunks_save_feature: saved 0 interfaces 0 pad templates
0:00:00.019808359  4420 0x2453390 DEBUG   GST_REGISTRY gstregistrychunks.c:539:gst_registry_chunks_load_pad_template: Added pad_template src_%u
0:00:00.019814565  4420 0x2453390 DEBUG   GST_REGISTRY gstregistrychunks.c:526:gst_registry_chunks_load_pad_template: Reading/casting for GstRegistryChunkPadTemplate at address 0x246ebf8
0:00:00.014974568  4421 0x16ea320 DEBUG   GST_REGISTRY gstregistrychunks.c:265:gst_registry_chunks_save_feature: saved 0 interfaces 0 pad templates
0:00:00.019823329  4420 0x2453390 DEBUG   GST_REGISTRY gstregistrychunks.c:539:gst_registry_chunks_load_pad_template: Added pad_template sink
0:00:00.014991558  4421 0x16ea320 DEBUG   GST_REGISTRY gstregistrychunks.c:265:gst_registry_chunks_save_feature: saved 0 interfaces 0 pad templates
0:00:00.019835617  4420 0x2453390 DEBUG   GST_REGISTRY gstregistry.c:590:gst_registry_add_feature: adding feature 0x246d1c0 (streamiddemux)
0:00:00.015001482  4421 0x16ea320 DEBUG   GST_REGISTRY gstregistrychunks.c:265:gst_registry_chunks_save_feature: saved 0 interfaces 0 pad templates
0:00:00.019844566  4420 0x2453390 DEBUG   GST_REFCOUNTING gstobject.c:709:gst_object_set_parent: set parent (ref and sink)
0:00:00.015011636  4421 0x16ea320 DEBUG   GST_REGISTRY gstregistrychunks.c:265:gst_registry_chunks_save_feature: saved 1 interfaces 0 pad templates
0:00:00.019853462  4420 0x2453390 TRACE   GST_REFCOUNTING gstobject.c:294:gst_object_ref_sink: 0x246d1c0 ref_sink 1->2
0:00:00.015020544  4421 0x16ea320 DEBUG   GST_REGISTRY gstregistrychunks.c:284:gst_registry_chunks_save_feature: Saved 1 UriTypes
0:00:00.019862841  4420 0x2453390 LOG   GST_REGISTRY gstregistry.c:608:gst_registry_add_feature: emitting feature-added for streamiddemux
0:00:00.019872454  4420 0x2453390 DEBUG   GST_REGISTRY gstregistrychunks.c:741:gst_registry_chunks_load_feature: Added feature streamiddemux, plugin 0x246d090 coreelements
0:00:00.015032647  4421 0x16ea320 DEBUG   GST_REGISTRY gstregistrychunks.c:265:gst_registry_chunks_save_feature: saved 0 interfaces 0 pad templates
0:00:00.019879113  4420 0x2453390 DEBUG   GST_REGISTRY gstregistrychunks.c:583:gst_registry_chunks_load_feature: Plugin 'coreelements' feature 'valve' typename : 'GstElementFactory'
0:00:00.015044244  4421 0x16ea320 DEBUG   GST_REGISTRY gstregistrychunks.c:265:gst_registry_chunks_save_feature: saved 0 interfaces 0 pad templates
0:00:00.019888243  4420 0x2453390 TRACE   GST_REFCOUNTING gstobject.c:208:gst_object_init: 0x2470680 new
0:00:00.015055553  4421 0x16ea320 DEBUG   GST_REGISTRY gstregistrychunks.c:265:gst_registry_chunks_save_feature: saved 0 interfaces 0 pad templates
0:00:00.019899478  4420 0x2453390 LOG   GST_REGISTRY gstregistrychunks.c:610:gst_registry_chunks_load_feature: Reading/casting for GstRegistryChunkElementFactory at address 0x246ec28
0:00:00.015066012  4421 0x16ea320 DEBUG   GST_REGISTRY gstregistrychunks.c:265:gst_registry_chunks_save_feature: saved 0 interfaces 0 pad templates
0:00:00.019907960  4420 0x2453390 TRACE   structure gststructure.c:287:gst_structure_new_id_empty_with_size: created structure 0x2470850
0:00:00.019915723  4420 0x2453390 DEBUG   structure gststructure.c:2203:gst_structure_parse_field: trying field name 'long-name'
0:00:00.015078069  4421 0x16ea320 DEBUG   GST_REGISTRY gstregistrychunks.c:265:gst_registry_chunks_save_feature: saved 0 interfaces 0 pad templates
0:00:00.019921132  4420 0x2453390 DEBUG   default gstvalue.c:2676:_priv_gst_value_parse_value: trying type name 'string'
0:00:00.019933562  4420 0x2453390 DEBUG   structure gststructure.c:2203:gst_structure_parse_field: trying field name 'klass'
0:00:00.015094259  4421 0x16ea320 TRACE   GST_REFCOUNTING gstobject.c:265:gst_object_unref: 0x1706630 unref 2->1
0:00:00.019938770  4420 0x2453390 DEBUG   default gstvalue.c:2676:_priv_gst_value_parse_value: trying type name 'string'
0:00:00.015102387  4421 0x16ea320 TRACE   GST_REFCOUNTING gstobject.c:265:gst_object_unref: 0x17082f0 unref 2->1
0:00:00.019945782  4420 0x2453390 DEBUG   structure gststructure.c:2203:gst_structure_parse_field: trying field name 'description'
0:00:00.019952550  4420 0x2453390 DEBUG   default gstvalue.c:2676:_priv_gst_value_parse_value: trying type name 'string'
0:00:00.015112156  4421 0x16ea320 TRACE   GST_REFCOUNTING gstobject.c:265:gst_object_unref: 0x1709090 unref 2->1
0:00:00.015121426  4421 0x16ea320 TRACE   GST_REFCOUNTING gstobject.c:265:gst_object_unref: 0x1709f60 unref 2->1
0:00:00.019962091  4420 0x2453390 DEBUG   structure gststructure.c:2203:gst_structure_parse_field: trying field name 'author'
0:00:00.015128521  4421 0x16ea320 TRACE   GST_REFCOUNTING gstobject.c:265:gst_object_unref: 0x170ba10 unref 2->1
0:00:00.019971008  4420 0x2453390 DEBUG   default gstvalue.c:2676:_priv_gst_value_parse_value: trying type name 'string'
0:00:00.015135713  4421 0x16ea320 TRACE   GST_REFCOUNTING gstobject.c:265:gst_object_unref: 0x170ca50 unref 2->1
0:00:00.019979848  4420 0x2453390 DEBUG   GST_REGISTRY gstregistrychunks.c:626:gst_registry_chunks_load_feature: Element factory : npadtemplates=2
0:00:00.015142777  4421 0x16ea320 TRACE   GST_REFCOUNTING gstobject.c:265:gst_object_unref: 0x170e5a0 unref 2->1
0:00:00.019986050  4420 0x2453390 DEBUG   GST_REGISTRY gstregistrychunks.c:526:gst_registry_chunks_load_pad_template: Reading/casting for GstRegistryChunkPadTemplate at address 0x246ed18
0:00:00.015149976  4421 0x16ea320 TRACE   GST_REFCOUNTING gstobject.c:265:gst_object_unref: 0x1710bd0 unref 2->1
0:00:00.019992603  4420 0x2453390 DEBUG   GST_REGISTRY gstregistrychunks.c:539:gst_registry_chunks_load_pad_template: Added pad_template sink
0:00:00.015156876  4421 0x16ea320 TRACE   GST_REFCOUNTING gstobject.c:265:gst_object_unref: 0x170ad20 unref 2->1
0:00:00.019999104  4420 0x2453390 DEBUG   GST_REGISTRY gstregistrychunks.c:526:gst_registry_chunks_load_pad_template: Reading/casting for GstRegistryChunkPadTemplate at address 0x246ed30
0:00:00.015163984  4421 0x16ea320 TRACE   GST_REFCOUNTING gstobject.c:265:gst_object_unref: 0x17137d0 unref 2->1
0:00:00.020006657  4420 0x2453390 DEBUG   GST_REGISTRY gstregistrychunks.c:539:gst_registry_chunks_load_pad_template: Added pad_template src
0:00:00.015173480  4421 0x16ea320 TRACE   GST_REFCOUNTING gstobject.c:265:gst_object_unref: 0x1714400 unref 2->1
0:00:00.020017080  4420 0x2453390 DEBUG   GST_REGISTRY gstregistry.c:590:gst_registry_add_feature: adding feature 0x2470680 (valve)
0:00:00.015186430  4421 0x16ea320 TRACE   GST_REFCOUNTING gstobject.c:265:gst_object_unref: 0x17150b0 unref 2->1
0:00:00.020030615  4420 0x2453390 DEBUG   GST_REFCOUNTING gstobject.c:709:gst_object_set_parent: set parent (ref and sink)
0:00:00.015193844  4421 0x16ea320 TRACE   GST_REFCOUNTING gstobject.c:265:gst_object_unref: 0x17166e0 unref 2->1
0:00:00.020040191  4420 0x2453390 TRACE   GST_REFCOUNTING gstobject.c:294:gst_object_ref_sink: 0x2470680 ref_sink 1->2
0:00:00.015201144  4421 0x16ea320 TRACE   GST_REFCOUNTING gstobject.c:265:gst_object_unref: 0x1717900 unref 2->1
0:00:00.020047808  4420 0x2453390 LOG   GST_REGISTRY gstregistry.c:608:gst_registry_add_feature: emitting feature-added for valve
0:00:00.015208798  4421 0x16ea320 TRACE   GST_REFCOUNTING gstobject.c:265:gst_object_unref: 0x1718a10 unref 2->1
0:00:00.020055466  4420 0x2453390 DEBUG   GST_REGISTRY gstregistrychunks.c:741:gst_registry_chunks_load_feature: Added feature valve, plugin 0x246d090 coreelements
0:00:00.015215859  4421 0x16ea320 TRACE   GST_REFCOUNTING gstobject.c:265:gst_object_unref: 0x171a520 unref 2->1
0:00:00.020062868  4420 0x2453390 DEBUG   GST_REGISTRY gstregistrychunks.c:583:gst_registry_chunks_load_feature: Plugin 'coreelements' feature 'multiqueue' typename : 'GstElementFactory'
0:00:00.015223440  4421 0x16ea320 TRACE   GST_REFCOUNTING gstobject.c:265:gst_object_unref: 0x171be70 unref 2->1
0:00:00.015231004  4421 0x16ea320 TRACE   GST_REFCOUNTING gstobject.c:265:gst_object_unref: 0x171cf70 unref 2->1
0:00:00.020071914  4420 0x2453390 TRACE   GST_REFCOUNTING gstobject.c:208:gst_object_init: 0x2470980 new
0:00:00.015240776  4421 0x16ea320 TRACE   GST_REFCOUNTING gstobject.c:265:gst_object_unref: 0x171e110 unref 2->1
0:00:00.020083646  4420 0x2453390 LOG   GST_REGISTRY gstregistrychunks.c:610:gst_registry_chunks_load_feature: Reading/casting for GstRegistryChunkElementFactory at address 0x246ed60
0:00:00.015248881  4421 0x16ea320 TRACE   GST_REFCOUNTING gstobject.c:265:gst_object_unref: 0x171eee0 unref 2->1
0:00:00.020092163  4420 0x2453390 TRACE   structure gststructure.c:287:gst_structure_new_id_empty_with_size: created structure 0x2470a70
0:00:00.015256467  4421 0x16ea320 TRACE   GST_REFCOUNTING gstobject.c:265:gst_object_unref: 0x17206b0 unref 2->1
0:00:00.020100905  4420 0x2453390 DEBUG   structure gststructure.c:2203:gst_structure_parse_field: trying field name 'long-name'
0:00:00.015263749  4421 0x16ea320 TRACE   GST_REFCOUNTING gstobject.c:265:gst_object_unref: 0x17213e0 unref 2->1
0:00:00.020107984  4420 0x2453390 DEBUG   default gstvalue.c:2676:_priv_gst_value_parse_value: trying type name 'string'
0:00:00.020115878  4420 0x2453390 DEBUG   structure gststructure.c:2203:gst_structure_parse_field: trying field name 'klass'
0:00:00.015273330  4421 0x16ea320 DEBUG   GST_REGISTRY gstregistrychunks.c:498:_priv_gst_registry_chunks_save_plugin: Found 22 features in plugin 0x1706180 (coreelements)
0:00:00.020127243  4420 0x2453390 DEBUG   default gstvalue.c:2676:_priv_gst_value_parse_value: trying type name 'string'
0:00:00.015289552  4421 0x16ea320 DEBUG   GST_POLL gstpoll.c:980:gst_poll_fd_ctl_write: 0x16f2820: fd (fd:0, idx:1), active : 1
0:00:00.020135873  4420 0x2453390 DEBUG   structure gststructure.c:2203:gst_structure_parse_field: trying field name 'description'
0:00:00.015296644  4421 0x16ea320 LOG   GST_POLL gstpoll.c:994:gst_poll_fd_ctl_write: 0x16f2820: pfd->events now 60 (POLLOUT:4)
0:00:00.020141646  4420 0x2453390 DEBUG   default gstvalue.c:2676:_priv_gst_value_parse_value: trying type name 'string'
0:00:00.015305844  4421 0x16ea320 DEBUG   GST_POLL gstpoll.c:980:gst_poll_fd_ctl_write: 0x16f2820: fd (fd:0, idx:1), active : 1
0:00:00.020148590  4420 0x2453390 DEBUG   structure gststructure.c:2203:gst_structure_parse_field: trying field name 'author'
0:00:00.015313172  4421 0x16ea320 LOG   GST_POLL gstpoll.c:994:gst_poll_fd_ctl_write: 0x16f2820: pfd->events now 60 (POLLOUT:4)
0:00:00.020155273  4420 0x2453390 DEBUG   default gstvalue.c:2676:_priv_gst_value_parse_value: trying type name 'string'
0:00:00.015320395  4421 0x16ea320 DEBUG   GST_POLL gstpoll.c:980:gst_poll_fd_ctl_write: 0x16f2820: fd (fd:0, idx:1), active : 1
0:00:00.020166009  4420 0x2453390 DEBUG   GST_REGISTRY gstregistrychunks.c:626:gst_registry_chunks_load_feature: Element factory : npadtemplates=2
0:00:00.015327068  4421 0x16ea320 LOG   GST_POLL gstpoll.c:994:gst_poll_fd_ctl_write: 0x16f2820: pfd->events now 60 (POLLOUT:4)
0:00:00.020173183  4420 0x2453390 DEBUG   GST_REGISTRY gstregistrychunks.c:526:gst_registry_chunks_load_pad_template: Reading/casting for GstRegistryChunkPadTemplate at address 0x246ee20
0:00:00.015334713  4421 0x16ea320 DEBUG   GST_POLL gstpoll.c:980:gst_poll_fd_ctl_write: 0x16f2820: fd (fd:0, idx:1), active : 1
0:00:00.020179724  4420 0x2453390 DEBUG   GST_REGISTRY gstregistrychunks.c:539:gst_registry_chunks_load_pad_template: Added pad_template src_%u
0:00:00.015340832  4421 0x16ea320 LOG   GST_POLL gstpoll.c:994:gst_poll_fd_ctl_write: 0x16f2820: pfd->events now 60 (POLLOUT:4)
0:00:00.020185733  4420 0x2453390 DEBUG   GST_REGISTRY gstregistrychunks.c:526:gst_registry_chunks_load_pad_template: Reading/casting for GstRegistryChunkPadTemplate at address 0x246ee38
0:00:00.015347492  4421 0x16ea320 DEBUG   GST_POLL gstpoll.c:980:gst_poll_fd_ctl_write: 0x16f2820: fd (fd:0, idx:1), active : 1
0:00:00.020192230  4420 0x2453390 DEBUG   GST_REGISTRY gstregistrychunks.c:539:gst_registry_chunks_load_pad_template: Added pad_template sink_%u
0:00:00.015353916  4421 0x16ea320 LOG   GST_POLL gstpoll.c:994:gst_poll_fd_ctl_write: 0x16f2820: pfd->events now 60 (POLLOUT:4)
0:00:00.020201452  4420 0x2453390 DEBUG   GST_REGISTRY gstregistry.c:590:gst_registry_add_feature: adding feature 0x2470980 (multiqueue)
0:00:00.015362769  4421 0x16ea320 DEBUG   GST_POLL gstpoll.c:980:gst_poll_fd_ctl_write: 0x16f2820: fd (fd:0, idx:1), active : 1
0:00:00.020215455  4420 0x2453390 DEBUG   GST_REFCOUNTING gstobject.c:709:gst_object_set_parent: set parent (ref and sink)
0:00:00.015376600  4421 0x16ea320 LOG   GST_POLL gstpoll.c:994:gst_poll_fd_ctl_write: 0x16f2820: pfd->events now 60 (POLLOUT:4)
0:00:00.020224203  4420 0x2453390 TRACE   GST_REFCOUNTING gstobject.c:294:gst_object_ref_sink: 0x2470980 ref_sink 1->2
0:00:00.015384459  4421 0x16ea320 DEBUG   GST_POLL gstpoll.c:980:gst_poll_fd_ctl_write: 0x16f2820: fd (fd:0, idx:1), active : 1
0:00:00.015392960  4421 0x16ea320 LOG   GST_POLL gstpoll.c:994:gst_poll_fd_ctl_write: 0x16f2820: pfd->events now 60 (POLLOUT:4)
0:00:00.020234086  4420 0x2453390 LOG   GST_REGISTRY gstregistry.c:608:gst_registry_add_feature: emitting feature-added for multiqueue
0:00:00.015399181  4421 0x16ea320 DEBUG   GST_POLL gstpoll.c:980:gst_poll_fd_ctl_write: 0x16f2820: fd (fd:0, idx:1), active : 1
0:00:00.020243156  4420 0x2453390 DEBUG   GST_REGISTRY gstregistrychunks.c:741:gst_registry_chunks_load_feature: Added feature multiqueue, plugin 0x246d090 coreelements
0:00:00.015405366  4421 0x16ea320 LOG   GST_POLL gstpoll.c:994:gst_poll_fd_ctl_write: 0x16f2820: pfd->events now 60 (POLLOUT:4)
0:00:00.020250714  4420 0x2453390 DEBUG   GST_REGISTRY gstregistrychunks.c:583:gst_registry_chunks_load_feature: Plugin 'coreelements' feature 'typefind' typename : 'GstElementFactory'
0:00:00.015411809  4421 0x16ea320 DEBUG   GST_POLL gstpoll.c:980:gst_poll_fd_ctl_write: 0x16f2820: fd (fd:0, idx:1), active : 1
0:00:00.015418444  4421 0x16ea320 LOG   GST_POLL gstpoll.c:994:gst_poll_fd_ctl_write: 0x16f2820: pfd->events now 60 (POLLOUT:4)
0:00:00.020259995  4420 0x2453390 TRACE   GST_REFCOUNTING gstobject.c:208:gst_object_init: 0x2470bf0 new
0:00:00.015427162  4421 0x16ea320 DEBUG   GST_POLL gstpoll.c:980:gst_poll_fd_ctl_write: 0x16f2820: fd (fd:0, idx:1), active : 1
0:00:00.020270719  4420 0x2453390 LOG   GST_REGISTRY gstregistrychunks.c:610:gst_registry_chunks_load_feature: Reading/casting for GstRegistryChunkElementFactory at address 0x246ee68
0:00:00.020278329  4420 0x2453390 TRACE   structure gststructure.c:287:gst_structure_new_id_empty_with_size: created structure 0x2470db0
0:00:00.020284183  4420 0x2453390 DEBUG   structure gststructure.c:2203:gst_structure_parse_field: trying field name 'long-name'
0:00:00.015448424  4421 0x16ea320 LOG   GST_POLL gstpoll.c:994:gst_poll_fd_ctl_write: 0x16f2820: pfd->events now 60 (POLLOUT:4)
0:00:00.020289599  4420 0x2453390 DEBUG   default gstvalue.c:2676:_priv_gst_value_parse_value: trying type name 'string'
0:00:00.015455834  4421 0x16ea320 DEBUG   GST_POLL gstpoll.c:980:gst_poll_fd_ctl_write: 0x16f2820: fd (fd:0, idx:1), active : 1
0:00:00.020301679  4420 0x2453390 DEBUG   structure gststructure.c:2203:gst_structure_parse_field: trying field name 'klass'
0:00:00.015462228  4421 0x16ea320 LOG   GST_POLL gstpoll.c:994:gst_poll_fd_ctl_write: 0x16f2820: pfd->events now 60 (POLLOUT:4)
0:00:00.020313892  4420 0x2453390 DEBUG   default gstvalue.c:2676:_priv_gst_value_parse_value: trying type name 'string'
0:00:00.015475328  4421 0x16ea320 DEBUG   GST_POLL gstpoll.c:980:gst_poll_fd_ctl_write: 0x16f2820: fd (fd:0, idx:1), active : 1
0:00:00.020320950  4420 0x2453390 DEBUG   structure gststructure.c:2203:gst_structure_parse_field: trying field name 'description'
0:00:00.015481652  4421 0x16ea320 LOG   GST_POLL gstpoll.c:994:gst_poll_fd_ctl_write: 0x16f2820: pfd->events now 60 (POLLOUT:4)
0:00:00.020327347  4420 0x2453390 DEBUG   default gstvalue.c:2676:_priv_gst_value_parse_value: trying type name 'string'
0:00:00.015489091  4421 0x16ea320 DEBUG   GST_POLL gstpoll.c:980:gst_poll_fd_ctl_write: 0x16f2820: fd (fd:0, idx:1), active : 1
0:00:00.020334542  4420 0x2453390 DEBUG   structure gststructure.c:2203:gst_structure_parse_field: trying field name 'author'
0:00:00.015495372  4421 0x16ea320 LOG   GST_POLL gstpoll.c:994:gst_poll_fd_ctl_write: 0x16f2820: pfd->events now 60 (POLLOUT:4)
0:00:00.020340446  4420 0x2453390 DEBUG   default gstvalue.c:2676:_priv_gst_value_parse_value: trying type name 'string'
0:00:00.015504332  4421 0x16ea320 DEBUG   GST_POLL gstpoll.c:980:gst_poll_fd_ctl_write: 0x16f2820: fd (fd:0, idx:1), active : 1
0:00:00.020347884  4420 0x2453390 DEBUG   GST_REGISTRY gstregistrychunks.c:626:gst_registry_chunks_load_feature: Element factory : npadtemplates=2
0:00:00.015511568  4421 0x16ea320 LOG   GST_POLL gstpoll.c:994:gst_poll_fd_ctl_write: 0x16f2820: pfd->events now 60 (POLLOUT:4)
0:00:00.020354202  4420 0x2453390 DEBUG   GST_REGISTRY gstregistrychunks.c:526:gst_registry_chunks_load_pad_template: Reading/casting for GstRegistryChunkPadTemplate at address 0x246ef40
0:00:00.015518339  4421 0x16ea320 DEBUG   GST_POLL gstpoll.c:980:gst_poll_fd_ctl_write: 0x16f2820: fd (fd:0, idx:1), active : 1
0:00:00.020363002  4420 0x2453390 DEBUG   GST_REGISTRY gstregistrychunks.c:539:gst_registry_chunks_load_pad_template: Added pad_template sink
0:00:00.015524518  4421 0x16ea320 LOG   GST_POLL gstpoll.c:994:gst_poll_fd_ctl_write: 0x16f2820: pfd->events now 60 (POLLOUT:4)
0:00:00.020370372  4420 0x2453390 DEBUG   GST_REGISTRY gstregistrychunks.c:526:gst_registry_chunks_load_pad_template: Reading/casting for GstRegistryChunkPadTemplate at address 0x246ef58
