0:00:00.023468049  4420 0x2453390 DEBUG   structure gststructure.c:2203:gst_structure_parse_field: trying field name 'long-name'
0:00:00.018632042  4421 0x16ea320 LOG   GST_POLL gstpoll.c:994:gst_poll_fd_ctl_write: 0x16f2820: pfd->events now 60 (POLLOUT:4)
0:00:00.023474742  4420 0x2453390 DEBUG   default gstvalue.c:2676:_priv_gst_value_parse_value: trying type name 'string'
0:00:00.018638787  4421 0x16ea320 DEBUG   GST_POLL gstpoll.c:980:gst_poll_fd_ctl_write: 0x16f2820: fd (fd:0, idx:1), active : 1
0:00:00.023484010  4420 0x2453390 DEBUG   structure gststructure.c:2203:gst_structure_parse_field: trying field name 'klass'
0:00:00.018644985  4421 0x16ea320 LOG   GST_POLL gstpoll.c:994:gst_poll_fd_ctl_write: 0x16f2820: pfd->events now 60 (POLLOUT:4)
0:00:00.023491022  4420 0x2453390 DEBUG   default gstvalue.c:2676:_priv_gst_value_parse_value: trying type name 'string'
0:00:00.018652541  4421 0x16ea320 DEBUG   GST_POLL gstpoll.c:980:gst_poll_fd_ctl_write: 0x16f2820: fd (fd:0, idx:1), active : 1
0:00:00.023498080  4420 0x2453390 DEBUG   structure gststructure.c:2203:gst_structure_parse_field: trying field name 'description'
0:00:00.018658847  4421 0x16ea320 LOG   GST_POLL gstpoll.c:994:gst_poll_fd_ctl_write: 0x16f2820: pfd->events now 60 (POLLOUT:4)
0:00:00.023504215  4420 0x2453390 DEBUG   default gstvalue.c:2676:_priv_gst_value_parse_value: trying type name 'string'
0:00:00.018668089  4421 0x16ea320 DEBUG   GST_POLL gstpoll.c:980:gst_poll_fd_ctl_write: 0x16f2820: fd (fd:0, idx:1), active : 1
0:00:00.023511318  4420 0x2453390 DEBUG   structure gststructure.c:2203:gst_structure_parse_field: trying field name 'author'
0:00:00.018675206  4421 0x16ea320 LOG   GST_POLL gstpoll.c:994:gst_poll_fd_ctl_write: 0x16f2820: pfd->events now 60 (POLLOUT:4)
0:00:00.023517627  4420 0x2453390 DEBUG   default gstvalue.c:2676:_priv_gst_value_parse_value: trying type name 'string'
0:00:00.018682221  4421 0x16ea320 DEBUG   GST_POLL gstpoll.c:980:gst_poll_fd_ctl_write: 0x16f2820: fd (fd:0, idx:1), active : 1
0:00:00.023525601  4420 0x2453390 DEBUG   GST_REGISTRY gstregistrychunks.c:626:gst_registry_chunks_load_feature: Element factory : npadtemplates=2
0:00:00.018688343  4421 0x16ea320 LOG   GST_POLL gstpoll.c:994:gst_poll_fd_ctl_write: 0x16f2820: pfd->events now 60 (POLLOUT:4)
0:00:00.023531446  4420 0x2453390 DEBUG   GST_REGISTRY gstregistrychunks.c:526:gst_registry_chunks_load_pad_template: Reading/casting for GstRegistryChunkPadTemplate at address 0x2470328
0:00:00.018694890  4421 0x16ea320 DEBUG   GST_POLL gstpoll.c:980:gst_poll_fd_ctl_write: 0x16f2820: fd (fd:0, idx:1), active : 1
0:00:00.018704412  4421 0x16ea320 LOG   GST_POLL gstpoll.c:994:gst_poll_fd_ctl_write: 0x16f2820: pfd->events now 60 (POLLOUT:4)
0:00:00.023544586  4420 0x2453390 DEBUG   GST_REGISTRY gstregistrychunks.c:539:gst_registry_chunks_load_pad_template: Added pad_template sink
0:00:00.018710784  4421 0x16ea320 DEBUG   GST_POLL gstpoll.c:980:gst_poll_fd_ctl_write: 0x16f2820: fd (fd:0, idx:1), active : 1
0:00:00.023553550  4420 0x2453390 DEBUG   GST_REGISTRY gstregistrychunks.c:526:gst_registry_chunks_load_pad_template: Reading/casting for GstRegistryChunkPadTemplate at address 0x2470340
0:00:00.018716838  4421 0x16ea320 LOG   GST_POLL gstpoll.c:994:gst_poll_fd_ctl_write: 0x16f2820: pfd->events now 60 (POLLOUT:4)
0:00:00.023559865  4420 0x2453390 DEBUG   GST_REGISTRY gstregistrychunks.c:539:gst_registry_chunks_load_pad_template: Added pad_template src
0:00:00.018725494  4421 0x16ea320 DEBUG   GST_POLL gstpoll.c:980:gst_poll_fd_ctl_write: 0x16f2820: fd (fd:0, idx:1), active : 1
0:00:00.023568946  4420 0x2453390 DEBUG   GST_REGISTRY gstregistry.c:590:gst_registry_add_feature: adding feature 0x2474390 (clocksync)
0:00:00.018732507  4421 0x16ea320 LOG   GST_POLL gstpoll.c:994:gst_poll_fd_ctl_write: 0x16f2820: pfd->events now 60 (POLLOUT:4)
0:00:00.023575793  4420 0x2453390 DEBUG   GST_REFCOUNTING gstobject.c:709:gst_object_set_parent: set parent (ref and sink)
0:00:00.018739320  4421 0x16ea320 DEBUG   GST_POLL gstpoll.c:980:gst_poll_fd_ctl_write: 0x16f2820: fd (fd:0, idx:1), active : 1
0:00:00.023583803  4420 0x2453390 TRACE   GST_REFCOUNTING gstobject.c:294:gst_object_ref_sink: 0x2474390 ref_sink 1->2
0:00:00.018760968  4421 0x16ea320 LOG   GST_POLL gstpoll.c:994:gst_poll_fd_ctl_write: 0x16f2820: pfd->events now 60 (POLLOUT:4)
0:00:00.023607989  4420 0x2453390 LOG   GST_REGISTRY gstregistry.c:608:gst_registry_add_feature: emitting feature-added for clocksync
0:00:00.018773119  4421 0x16ea320 DEBUG   GST_POLL gstpoll.c:980:gst_poll_fd_ctl_write: 0x16f2820: fd (fd:0, idx:1), active : 1
0:00:00.023619975  4420 0x2453390 DEBUG   GST_REGISTRY gstregistrychunks.c:741:gst_registry_chunks_load_feature: Added feature clocksync, plugin 0x246d090 coreelements
0:00:00.018782921  4421 0x16ea320 LOG   GST_POLL gstpoll.c:994:gst_poll_fd_ctl_write: 0x16f2820: pfd->events now 60 (POLLOUT:4)
0:00:00.023631007  4420 0x2453390 DEBUG   GST_REGISTRY gstregistrychunks.c:583:gst_registry_chunks_load_feature: Plugin 'coreelements' feature 'capsfilter' typename : 'GstElementFactory'
0:00:00.018793607  4421 0x16ea320 DEBUG   GST_POLL gstpoll.c:980:gst_poll_fd_ctl_write: 0x16f2820: fd (fd:0, idx:1), active : 1
0:00:00.023640858  4420 0x2453390 TRACE   GST_REFCOUNTING gstobject.c:208:gst_object_init: 0x24750f0 new
0:00:00.018800557  4421 0x16ea320 LOG   GST_POLL gstpoll.c:994:gst_poll_fd_ctl_write: 0x16f2820: pfd->events now 60 (POLLOUT:4)
0:00:00.018815016  4421 0x16ea320 DEBUG   GST_POLL gstpoll.c:980:gst_poll_fd_ctl_write: 0x16f2820: fd (fd:0, idx:1), active : 1
0:00:00.023656320  4420 0x2453390 LOG   GST_REGISTRY gstregistrychunks.c:610:gst_registry_chunks_load_feature: Reading/casting for GstRegistryChunkElementFactory at address 0x2470370
0:00:00.018821025  4421 0x16ea320 LOG   GST_POLL gstpoll.c:994:gst_poll_fd_ctl_write: 0x16f2820: pfd->events now 60 (POLLOUT:4)
0:00:00.023671430  4420 0x2453390 TRACE   structure gststructure.c:287:gst_structure_new_id_empty_with_size: created structure 0x2475840
0:00:00.018832368  4421 0x16ea320 DEBUG   GST_POLL gstpoll.c:980:gst_poll_fd_ctl_write: 0x16f2820: fd (fd:0, idx:1), active : 1
0:00:00.023678598  4420 0x2453390 DEBUG   structure gststructure.c:2203:gst_structure_parse_field: trying field name 'long-name'
0:00:00.018839467  4421 0x16ea320 LOG   GST_POLL gstpoll.c:994:gst_poll_fd_ctl_write: 0x16f2820: pfd->events now 60 (POLLOUT:4)
0:00:00.023684963  4420 0x2453390 DEBUG   default gstvalue.c:2676:_priv_gst_value_parse_value: trying type name 'string'
0:00:00.018846509  4421 0x16ea320 DEBUG   GST_POLL gstpoll.c:980:gst_poll_fd_ctl_write: 0x16f2820: fd (fd:0, idx:1), active : 1
0:00:00.018853362  4421 0x16ea320 LOG   GST_POLL gstpoll.c:994:gst_poll_fd_ctl_write: 0x16f2820: pfd->events now 60 (POLLOUT:4)
0:00:00.023694728  4420 0x2453390 DEBUG   structure gststructure.c:2203:gst_structure_parse_field: trying field name 'klass'
0:00:00.018862336  4421 0x16ea320 DEBUG   GST_POLL gstpoll.c:980:gst_poll_fd_ctl_write: 0x16f2820: fd (fd:0, idx:1), active : 1
0:00:00.023704378  4420 0x2453390 DEBUG   default gstvalue.c:2676:_priv_gst_value_parse_value: trying type name 'string'
0:00:00.018869574  4421 0x16ea320 LOG   GST_POLL gstpoll.c:994:gst_poll_fd_ctl_write: 0x16f2820: pfd->events now 60 (POLLOUT:4)
0:00:00.023713334  4420 0x2453390 DEBUG   structure gststructure.c:2203:gst_structure_parse_field: trying field name 'description'
0:00:00.018876292  4421 0x16ea320 DEBUG   GST_POLL gstpoll.c:980:gst_poll_fd_ctl_write: 0x16f2820: fd (fd:0, idx:1), active : 1
0:00:00.023719457  4420 0x2453390 DEBUG   default gstvalue.c:2676:_priv_gst_value_parse_value: trying type name 'string'
0:00:00.018882460  4421 0x16ea320 LOG   GST_POLL gstpoll.c:994:gst_poll_fd_ctl_write: 0x16f2820: pfd->events now 60 (POLLOUT:4)
0:00:00.023726827  4420 0x2453390 DEBUG   structure gststructure.c:2203:gst_structure_parse_field: trying field name 'author'
0:00:00.018889037  4421 0x16ea320 DEBUG   GST_POLL gstpoll.c:980:gst_poll_fd_ctl_write: 0x16f2820: fd (fd:0, idx:1), active : 1
0:00:00.023732940  4420 0x2453390 DEBUG   default gstvalue.c:2676:_priv_gst_value_parse_value: trying type name 'string'
0:00:00.018894983  4421 0x16ea320 LOG   GST_POLL gstpoll.c:994:gst_poll_fd_ctl_write: 0x16f2820: pfd->events now 60 (POLLOUT:4)
0:00:00.023740162  4420 0x2453390 DEBUG   GST_REGISTRY gstregistrychunks.c:626:gst_registry_chunks_load_feature: Element factory : npadtemplates=2
0:00:00.018906175  4421 0x16ea320 DEBUG   GST_POLL gstpoll.c:980:gst_poll_fd_ctl_write: 0x16f2820: fd (fd:0, idx:1), active : 1
0:00:00.023748441  4420 0x2453390 DEBUG   GST_REGISTRY gstregistrychunks.c:526:gst_registry_chunks_load_pad_template: Reading/casting for GstRegistryChunkPadTemplate at address 0x2470450
0:00:00.018912547  4421 0x16ea320 LOG   GST_POLL gstpoll.c:994:gst_poll_fd_ctl_write: 0x16f2820: pfd->events now 60 (POLLOUT:4)
0:00:00.023757727  4420 0x2453390 DEBUG   GST_REGISTRY gstregistrychunks.c:539:gst_registry_chunks_load_pad_template: Added pad_template sink
0:00:00.023764956  4420 0x2453390 DEBUG   GST_REGISTRY gstregistrychunks.c:526:gst_registry_chunks_load_pad_template: Reading/casting for GstRegistryChunkPadTemplate at address 0x2470468
0:00:00.018926606  4421 0x16ea320 TRACE   GST_REFCOUNTING gstobject.c:265:gst_object_unref: 0x1706180 unref 2->1
0:00:00.023771028  4420 0x2453390 DEBUG   GST_REGISTRY gstregistrychunks.c:539:gst_registry_chunks_load_pad_template: Added pad_template src
0:00:00.018936414  4421 0x16ea320 DEBUG   GST_POLL gstpoll.c:1241:gst_poll_fd_has_error: 0x16f2820: fd (fd:0, idx:1) 0
0:00:00.023779884  4420 0x2453390 DEBUG   GST_REGISTRY gstregistry.c:590:gst_registry_add_feature: adding feature 0x24750f0 (capsfilter)
0:00:00.018943512  4421 0x16ea320 DEBUG   GST_POLL gstpoll.c:1335:gst_poll_fd_can_write: 0x16f2820: fd (fd:0, idx:1) 1
0:00:00.023786871  4420 0x2453390 DEBUG   GST_REFCOUNTING gstobject.c:709:gst_object_set_parent: set parent (ref and sink)
0:00:00.018950184  4421 0x16ea320 LOG   GST_PLUGIN_LOADING gstpluginloader.c:690:write_one: Writing packet of size 488 bytes to fd 0
0:00:00.023795305  4420 0x2453390 TRACE   GST_REFCOUNTING gstobject.c:294:gst_object_ref_sink: 0x24750f0 ref_sink 1->2
0:00:00.023802578  4420 0x2453390 LOG   GST_REGISTRY gstregistry.c:608:gst_registry_add_feature: emitting feature-added for capsfilter
0:00:00.018961505  4421 0x16ea320 DEBUG   GST_POLL gstpoll.c:1414:gst_poll_wait: 0x16f2820: timeout :0:00:01.000000000
0:00:00.023809677  4420 0x2453390 DEBUG   GST_REGISTRY gstregistrychunks.c:741:gst_registry_chunks_load_feature: Added feature capsfilter, plugin 0x246d090 coreelements
0:00:00.018973298  4421 0x16ea320 LOG   GST_PLUGIN_LOADING gstpluginloader.c:1028:exchange_packets: Poll res = 2. 6872 bytes pending for write
0:00:00.023820666  4420 0x2453390 LOG   GST_PLUGIN_LOADING gstpluginloader.c:889:handle_rx_packet: marking plugin 0x246d090 as registered as /home/conan/w/prod/BuildSingleReference/.conan/data/gstreamer/1.18.4/_/_/package/bec7fecef66b28e957582014d79b970659fc2b7f/lib/gstreamer-1.0/libgstcoreelements.so
0:00:00.018982861  4421 0x16ea320 DEBUG   GST_POLL gstpoll.c:1241:gst_poll_fd_has_error: 0x16f2820: fd (fd:5, idx:2) 0
0:00:00.018990616  4421 0x16ea320 DEBUG   GST_POLL gstpoll.c:1266:gst_poll_fd_can_read_unlocked: 0x16f2820: fd (fd:5, idx:2) 1
0:00:00.023832716  4420 0x2453390 DEBUG   GST_POLL gstpoll.c:1414:gst_poll_wait: 0x246cb60: timeout :0:00:01.000000000
0:00:00.019003607  4421 0x16ea320 LOG   GST_PLUGIN_LOADING gstpluginloader.c:1006:read_one: No payload to read for 0 length packet type 1 tag 0
0:00:00.023848898  4420 0x2453390 LOG   GST_PLUGIN_LOADING gstpluginloader.c:1028:exchange_packets: Poll res = 1. 0 bytes pending for write
0:00:00.019011016  4421 0x16ea320 DEBUG   GST_POLL gstpoll.c:1015:gst_poll_fd_ctl_read_unlocked: 0x16f2820: fd (fd:5, idx:2), active : 0
0:00:00.023856997  4420 0x2453390 DEBUG   GST_POLL gstpoll.c:1241:gst_poll_fd_has_error: 0x246cb60: fd (fd:8, idx:2) 0
0:00:00.019017755  4421 0x16ea320 DEBUG   GST_POLL gstpoll.c:980:gst_poll_fd_ctl_write: 0x16f2820: fd (fd:0, idx:1), active : 1
0:00:00.023864300  4420 0x2453390 DEBUG   GST_POLL gstpoll.c:1266:gst_poll_fd_can_read_unlocked: 0x246cb60: fd (fd:8, idx:2) 1
0:00:00.019024590  4421 0x16ea320 LOG   GST_POLL gstpoll.c:994:gst_poll_fd_ctl_write: 0x16f2820: pfd->events now 60 (POLLOUT:4)
0:00:00.019032267  4421 0x16ea320 DEBUG   GST_POLL gstpoll.c:1241:gst_poll_fd_has_error: 0x16f2820: fd (fd:0, idx:1) 0
0:00:00.023877597  4420 0x2453390 DEBUG   GST_PLUGIN_LOADING gstpluginloader.c:850:handle_rx_packet: Received plugin details from child w/ tag 2. 476 bytes info
0:00:00.019040764  4421 0x16ea320 DEBUG   GST_POLL gstpoll.c:1335:gst_poll_fd_can_write: 0x16f2820: fd (fd:0, idx:1) 1
0:00:00.023886364  4420 0x2453390 LOG   GST_REGISTRY gstregistrychunks.c:837:_priv_gst_registry_chunks_load_plugin: Reading/casting for GstRegistryChunkPluginElement at address 0x246e9b0
0:00:00.019047945  4421 0x16ea320 LOG   GST_PLUGIN_LOADING gstpluginloader.c:690:write_one: Writing packet of size 6872 bytes to fd 0
0:00:00.023895010  4420 0x2453390 TRACE   GST_REFCOUNTING gstobject.c:208:gst_object_init: 0x2475610 new
0:00:00.019059782  4421 0x16ea320 DEBUG   GST_POLL gstpoll.c:1414:gst_poll_wait: 0x16f2820: timeout :0:00:01.000000000
0:00:00.023908219  4420 0x2453390 LOG   GST_REGISTRY gstregistrychunks.c:858:_priv_gst_registry_chunks_load_plugin: read strings for name='coretracers'
0:00:00.019068416  4421 0x16ea320 LOG   GST_PLUGIN_LOADING gstpluginloader.c:1028:exchange_packets: Poll res = 1. 12 bytes pending for write
0:00:00.023915298  4420 0x2453390 LOG   GST_REGISTRY gstregistrychunks.c:859:_priv_gst_registry_chunks_load_plugin: desc.description='GStreamer core tracers'
0:00:00.019076645  4421 0x16ea320 DEBUG   GST_POLL gstpoll.c:1241:gst_poll_fd_has_error: 0x16f2820: fd (fd:0, idx:1) 0
0:00:00.023922004  4420 0x2453390 LOG   GST_REGISTRY gstregistrychunks.c:860:_priv_gst_registry_chunks_load_plugin: filename='/home/conan/w/prod/BuildSingleReference/.conan/data/gstreamer/1.18.4/_/_/package/bec7fecef66b28e957582014d79b970659fc2b7f/lib/gstreamer-1.0/libgstcoretracers.so'
0:00:00.019082874  4421 0x16ea320 DEBUG   GST_POLL gstpoll.c:1335:gst_poll_fd_can_write: 0x16f2820: fd (fd:0, idx:1) 1
0:00:00.023928496  4420 0x2453390 LOG   GST_REGISTRY gstregistrychunks.c:861:_priv_gst_registry_chunks_load_plugin: desc.version='1.18.4'
0:00:00.019091456  4421 0x16ea320 LOG   GST_PLUGIN_LOADING gstpluginloader.c:690:write_one: Writing packet of size 12 bytes to fd 0
0:00:00.023939025  4420 0x2453390 LOG   GST_REGISTRY gstregistrychunks.c:862:_priv_gst_registry_chunks_load_plugin: desc.license='LGPL'
0:00:00.019103025  4421 0x16ea320 DEBUG   GST_POLL gstpoll.c:980:gst_poll_fd_ctl_write: 0x16f2820: fd (fd:0, idx:1), active : 0
0:00:00.023946727  4420 0x2453390 LOG   GST_REGISTRY gstregistrychunks.c:863:_priv_gst_registry_chunks_load_plugin: desc.source='gstreamer'
0:00:00.019109540  4421 0x16ea320 LOG   GST_POLL gstpoll.c:994:gst_poll_fd_ctl_write: 0x16f2820: pfd->events now 56 (POLLOUT:4)
0:00:00.023953706  4420 0x2453390 LOG   GST_REGISTRY gstregistrychunks.c:864:_priv_gst_registry_chunks_load_plugin: desc.package='GStreamer source release'
0:00:00.023960075  4420 0x2453390 LOG   GST_REGISTRY gstregistrychunks.c:865:_priv_gst_registry_chunks_load_plugin: desc.origin='Unknown package origin'
0:00:00.023965210  4420 0x2453390 LOG   GST_REGISTRY gstregistrychunks.c:866:_priv_gst_registry_chunks_load_plugin: desc.datetime=2021-03-15
0:00:00.019128527  4421 0x16ea320 DEBUG   GST_POLL gstpoll.c:772:gst_poll_free: 0x16f2820: freeing
0:00:00.023974923  4420 0x2453390 DEBUG   GST_REGISTRY gstregistry.c:449:gst_registry_add_plugin: Replacing existing plugin "/home/conan/w/prod/BuildSingleReference/.conan/data/gstreamer/1.18.4/_/_/package/bec7fecef66b28e957582014d79b970659fc2b7f/lib/gstreamer-1.0/libgstcoretracers.so" 0x246d700 with new plugin 0x2475610 for filename "/home/conan/w/prod/BuildSingleReference/.conan/data/gstreamer/1.18.4/_/_/package/bec7fecef66b28e957582014d79b970659fc2b7f/lib/gstreamer-1.0/libgstcoretracers.so"
0:00:00.023987734  4420 0x2453390 TRACE   GST_REFCOUNTING gstobject.c:265:gst_object_unref: 0x246d700 unref 1->0
0:00:00.023996490  4420 0x2453390 TRACE   GST_REFCOUNTING gstobject.c:381:gst_object_dispose: 0x246d700 dispose
0:00:00.024005887  4420 0x2453390 DEBUG   GST_PLUGIN_LOADING gstplugin.c:136:gst_plugin_finalize: finalizing plugin
0:00:00.024017912  4420 0x2453390 TRACE   GST_REFCOUNTING gstobject.c:423:gst_object_finalize: 0x246d700 finalize
0:00:00.024034987  4420 0x2453390 DEBUG   GST_REGISTRY gstregistry.c:474:gst_registry_add_plugin: adding plugin 0x2475610 for filename "/home/conan/w/prod/BuildSingleReference/.conan/data/gstreamer/1.18.4/_/_/package/bec7fecef66b28e957582014d79b970659fc2b7f/lib/gstreamer-1.0/libgstcoretracers.so"
0:00:00.024043538  4420 0x2453390 TRACE   GST_REFCOUNTING gstobject.c:294:gst_object_ref_sink: 0x2475610 ref_sink 1->2
0:00:00.024050647  4420 0x2453390 LOG   GST_REGISTRY gstregistry.c:487:gst_registry_add_plugin: emitting plugin-added for filename "/home/conan/w/prod/BuildSingleReference/.conan/data/gstreamer/1.18.4/_/_/package/bec7fecef66b28e957582014d79b970659fc2b7f/lib/gstreamer-1.0/libgstcoretracers.so"
0:00:00.024057757  4420 0x2453390 DEBUG   GST_REGISTRY gstregistrychunks.c:887:_priv_gst_registry_chunks_load_plugin: Added plugin 'coretracers' plugin with 5 features from binary registry
0:00:00.024069343  4420 0x2453390 DEBUG   GST_REGISTRY gstregistrychunks.c:583:gst_registry_chunks_load_feature: Plugin 'coretracers' feature 'leaks' typename : 'GstTracerFactory'
0:00:00.024077965  4420 0x2453390 TRACE   GST_REFCOUNTING gstobject.c:208:gst_object_init: 0x246d5a0 new
0:00:00.024088108  4420 0x2453390 DEBUG   GST_REGISTRY gstregistrychunks.c:718:gst_registry_chunks_load_feature: Reading/casting for GstRegistryChunkPluginFeature at address 0x246eaf8
0:00:00.024099385  4420 0x2453390 DEBUG   GST_REGISTRY gstregistry.c:581:gst_registry_add_feature: replacing existing feature 0x246da10 (leaks)
0:00:00.024108354  4420 0x2453390 DEBUG   GST_REGISTRY gstregistry.c:590:gst_registry_add_feature: adding feature 0x246d5a0 (leaks)
0:00:00.024114424  4420 0x2453390 TRACE   GST_REFCOUNTING gstobject.c:788:gst_object_unparent: unparent
0:00:00.024121887  4420 0x2453390 TRACE   GST_REFCOUNTING gstobject.c:265:gst_object_unref: 0x246da10 unref 1->0
0:00:00.024128418  4420 0x2453390 TRACE   GST_REFCOUNTING gstobject.c:381:gst_object_dispose: 0x246da10 dispose
0:00:00.024135655  4420 0x2453390 DEBUG   GST_PLUGIN_LOADING gstpluginfeature.c:67:gst_plugin_feature_finalize: finalizing feature 0x246da10: 'leaks'
0:00:00.024141801  4420 0x2453390 TRACE   GST_REFCOUNTING gstobject.c:423:gst_object_finalize: 0x246da10 finalize
0:00:00.024158101  4420 0x2453390 DEBUG   GST_REFCOUNTING gstobject.c:709:gst_object_set_parent: set parent (ref and sink)
0:00:00.024167458  4420 0x2453390 TRACE   GST_REFCOUNTING gstobject.c:294:gst_object_ref_sink: 0x246d5a0 ref_sink 1->2
0:00:00.024174467  4420 0x2453390 LOG   GST_REGISTRY gstregistry.c:608:gst_registry_add_feature: emitting feature-added for leaks
0:00:00.024181696  4420 0x2453390 DEBUG   GST_REGISTRY gstregistrychunks.c:741:gst_registry_chunks_load_feature: Added feature leaks, plugin 0x2475610 coretracers
0:00:00.024189369  4420 0x2453390 DEBUG   GST_REGISTRY gstregistrychunks.c:583:gst_registry_chunks_load_feature: Plugin 'coretracers' feature 'stats' typename : 'GstTracerFactory'
0:00:00.024200662  4420 0x2453390 TRACE   GST_REFCOUNTING gstobject.c:208:gst_object_init: 0x246da10 new
0:00:00.024212598  4420 0x2453390 DEBUG   GST_REGISTRY gstregistrychunks.c:718:gst_registry_chunks_load_feature: Reading/casting for GstRegistryChunkPluginFeature at address 0x246eb18
0:00:00.024224892  4420 0x2453390 DEBUG   GST_REGISTRY gstregistry.c:581:gst_registry_add_feature: replacing existing feature 0x246dc10 (stats)
0:00:00.024239119  4420 0x2453390 DEBUG   GST_REGISTRY gstregistry.c:590:gst_registry_add_feature: adding feature 0x246da10 (stats)
0:00:00.024248958  4420 0x2453390 TRACE   GST_REFCOUNTING gstobject.c:788:gst_object_unparent: unparent
0:00:00.024256917  4420 0x2453390 TRACE   GST_REFCOUNTING gstobject.c:265:gst_object_unref: 0x246dc10 unref 1->0
0:00:00.024263894  4420 0x2453390 TRACE   GST_REFCOUNTING gstobject.c:381:gst_object_dispose: 0x246dc10 dispose
0:00:00.024278668  4420 0x2453390 DEBUG   GST_PLUGIN_LOADING gstpluginfeature.c:67:gst_plugin_feature_finalize: finalizing feature 0x246dc10: 'stats'
0:00:00.024285167  4420 0x2453390 TRACE   GST_REFCOUNTING gstobject.c:423:gst_object_finalize: 0x246dc10 finalize
0:00:00.024291997  4420 0x2453390 DEBUG   GST_REFCOUNTING gstobject.c:709:gst_object_set_parent: set parent (ref and sink)
0:00:00.024298915  4420 0x2453390 TRACE   GST_REFCOUNTING gstobject.c:294:gst_object_ref_sink: 0x246da10 ref_sink 1->2
0:00:00.024308194  4420 0x2453390 LOG   GST_REGISTRY gstregistry.c:608:gst_registry_add_feature: emitting feature-added for stats
0:00:00.024316152  4420 0x2453390 DEBUG   GST_REGISTRY gstregistrychunks.c:741:gst_registry_chunks_load_feature: Added feature stats, plugin 0x2475610 coretracers
0:00:00.024322695  4420 0x2453390 DEBUG   GST_REGISTRY gstregistrychunks.c:583:gst_registry_chunks_load_feature: Plugin 'coretracers' feature 'rusage' typename : 'GstTracerFactory'
0:00:00.024331015  4420 0x2453390 TRACE   GST_REFCOUNTING gstobject.c:208:gst_object_init: 0x246dc10 new
0:00:00.024339468  4420 0x2453390 DEBUG   GST_REGISTRY gstregistrychunks.c:718:gst_registry_chunks_load_feature: Reading/casting for GstRegistryChunkPluginFeature at address 0x246eb38
0:00:00.024347380  4420 0x2453390 DEBUG   GST_REGISTRY gstregistry.c:581:gst_registry_add_feature: replacing existing feature 0x246de10 (rusage)
0:00:00.024354095  4420 0x2453390 DEBUG   GST_REGISTRY gstregistry.c:590:gst_registry_add_feature: adding feature 0x246dc10 (rusage)
0:00:00.024359713  4420 0x2453390 TRACE   GST_REFCOUNTING gstobject.c:788:gst_object_unparent: unparent
0:00:00.024369554  4420 0x2453390 TRACE   GST_REFCOUNTING gstobject.c:265:gst_object_unref: 0x246de10 unref 1->0
0:00:00.024377027  4420 0x2453390 TRACE   GST_REFCOUNTING gstobject.c:381:gst_object_dispose: 0x246de10 dispose
0:00:00.024384545  4420 0x2453390 DEBUG   GST_PLUGIN_LOADING gstpluginfeature.c:67:gst_plugin_feature_finalize: finalizing feature 0x246de10: 'rusage'
0:00:00.024390872  4420 0x2453390 TRACE   GST_REFCOUNTING gstobject.c:423:gst_object_finalize: 0x246de10 finalize
0:00:00.024397195  4420 0x2453390 DEBUG   GST_REFCOUNTING gstobject.c:709:gst_object_set_parent: set parent (ref and sink)
0:00:00.024403806  4420 0x2453390 TRACE   GST_REFCOUNTING gstobject.c:294:gst_object_ref_sink: 0x246dc10 ref_sink 1->2
0:00:00.024410182  4420 0x2453390 LOG   GST_REGISTRY gstregistry.c:608:gst_registry_add_feature: emitting feature-added for rusage
0:00:00.024416691  4420 0x2453390 DEBUG   GST_REGISTRY gstregistrychunks.c:741:gst_registry_chunks_load_feature: Added feature rusage, plugin 0x2475610 coretracers
0:00:00.024425887  4420 0x2453390 DEBUG   GST_REGISTRY gstregistrychunks.c:583:gst_registry_chunks_load_feature: Plugin 'coretracers' feature 'log' typename : 'GstTracerFactory'
0:00:00.024435058  4420 0x2453390 TRACE   GST_REFCOUNTING gstobject.c:208:gst_object_init: 0x246de10 new
0:00:00.024448351  4420 0x2453390 DEBUG   GST_REGISTRY gstregistrychunks.c:718:gst_registry_chunks_load_feature: Reading/casting for GstRegistryChunkPluginFeature at address 0x246eb58
0:00:00.024456902  4420 0x2453390 DEBUG   GST_REGISTRY gstregistry.c:581:gst_registry_add_feature: replacing existing feature 0x246e010 (log)
0:00:00.024464201  4420 0x2453390 DEBUG   GST_REGISTRY gstregistry.c:590:gst_registry_add_feature: adding feature 0x246de10 (log)
0:00:00.024469846  4420 0x2453390 TRACE   GST_REFCOUNTING gstobject.c:788:gst_object_unparent: unparent
0:00:00.024476635  4420 0x2453390 TRACE   GST_REFCOUNTING gstobject.c:265:gst_object_unref: 0x246e010 unref 1->0
0:00:00.024483017  4420 0x2453390 TRACE   GST_REFCOUNTING gstobject.c:381:gst_object_dispose: 0x246e010 dispose
0:00:00.024493603  4420 0x2453390 DEBUG   GST_PLUGIN_LOADING gstpluginfeature.c:67:gst_plugin_feature_finalize: finalizing feature 0x246e010: 'log'
0:00:00.024501009  4420 0x2453390 TRACE   GST_REFCOUNTING gstobject.c:423:gst_object_finalize: 0x246e010 finalize
0:00:00.024507515  4420 0x2453390 DEBUG   GST_REFCOUNTING gstobject.c:709:gst_object_set_parent: set parent (ref and sink)
0:00:00.024514367  4420 0x2453390 TRACE   GST_REFCOUNTING gstobject.c:294:gst_object_ref_sink: 0x246de10 ref_sink 1->2
0:00:00.024520840  4420 0x2453390 LOG   GST_REGISTRY gstregistry.c:608:gst_registry_add_feature: emitting feature-added for log
0:00:00.024527254  4420 0x2453390 DEBUG   GST_REGISTRY gstregistrychunks.c:741:gst_registry_chunks_load_feature: Added feature log, plugin 0x2475610 coretracers
0:00:00.024533566  4420 0x2453390 DEBUG   GST_REGISTRY gstregistrychunks.c:583:gst_registry_chunks_load_feature: Plugin 'coretracers' feature 'latency' typename : 'GstTracerFactory'
0:00:00.024541454  4420 0x2453390 TRACE   GST_REFCOUNTING gstobject.c:208:gst_object_init: 0x246e010 new
0:00:00.024552529  4420 0x2453390 DEBUG   GST_REGISTRY gstregistrychunks.c:718:gst_registry_chunks_load_feature: Reading/casting for GstRegistryChunkPluginFeature at address 0x246eb80
0:00:00.024561675  4420 0x2453390 DEBUG   GST_REGISTRY gstregistry.c:581:gst_registry_add_feature: replacing existing feature 0x246e210 (latency)
0:00:00.024569109  4420 0x2453390 DEBUG   GST_REGISTRY gstregistry.c:590:gst_registry_add_feature: adding feature 0x246e010 (latency)
0:00:00.024575131  4420 0x2453390 TRACE   GST_REFCOUNTING gstobject.c:788:gst_object_unparent: unparent
0:00:00.024581798  4420 0x2453390 TRACE   GST_REFCOUNTING gstobject.c:265:gst_object_unref: 0x246e210 unref 1->0
0:00:00.024602775  4420 0x2453390 TRACE   GST_REFCOUNTING gstobject.c:381:gst_object_dispose: 0x246e210 dispose
0:00:00.024618188  4420 0x2453390 DEBUG   GST_PLUGIN_LOADING gstpluginfeature.c:67:gst_plugin_feature_finalize: finalizing feature 0x246e210: 'latency'
0:00:00.024629259  4420 0x2453390 TRACE   GST_REFCOUNTING gstobject.c:423:gst_object_finalize: 0x246e210 finalize
0:00:00.024641091  4420 0x2453390 DEBUG   GST_REFCOUNTING gstobject.c:709:gst_object_set_parent: set parent (ref and sink)
0:00:00.024651235  4420 0x2453390 TRACE   GST_REFCOUNTING gstobject.c:294:gst_object_ref_sink: 0x246e010 ref_sink 1->2
0:00:00.024668669  4420 0x2453390 LOG   GST_REGISTRY gstregistry.c:608:gst_registry_add_feature: emitting feature-added for latency
0:00:00.024679038  4420 0x2453390 DEBUG   GST_REGISTRY gstregistrychunks.c:741:gst_registry_chunks_load_feature: Added feature latency, plugin 0x2475610 coretracers
0:00:00.024689749  4420 0x2453390 LOG   GST_PLUGIN_LOADING gstpluginloader.c:889:handle_rx_packet: marking plugin 0x2475610 as registered as /home/conan/w/prod/BuildSingleReference/.conan/data/gstreamer/1.18.4/_/_/package/bec7fecef66b28e957582014d79b970659fc2b7f/lib/gstreamer-1.0/libgstcoretracers.so
0:00:00.024702214  4420 0x2453390 DEBUG   GST_POLL gstpoll.c:1414:gst_poll_wait: 0x246cb60: timeout :0:00:01.000000000
0:00:00.024712427  4420 0x2453390 LOG   GST_PLUGIN_LOADING gstpluginloader.c:1028:exchange_packets: Poll res = 2. 0 bytes pending for write
0:00:00.024719934  4420 0x2453390 DEBUG   GST_POLL gstpoll.c:1241:gst_poll_fd_has_error: 0x246cb60: fd (fd:8, idx:2) 0
0:00:00.024726478  4420 0x2453390 DEBUG   GST_POLL gstpoll.c:1266:gst_poll_fd_can_read_unlocked: 0x246cb60: fd (fd:8, idx:2) 1
0:00:00.024738104  4420 0x2453390 DEBUG   GST_PLUGIN_LOADING gstpluginloader.c:850:handle_rx_packet: Received plugin details from child w/ tag 3. 6860 bytes info
0:00:00.024746770  4420 0x2453390 LOG   GST_REGISTRY gstregistrychunks.c:837:_priv_gst_registry_chunks_load_plugin: Reading/casting for GstRegistryChunkPluginElement at address 0x246e9b0
0:00:00.024756051  4420 0x2453390 TRACE   GST_REFCOUNTING gstobject.c:208:gst_object_init: 0x2475b00 new
0:00:00.024768066  4420 0x2453390 LOG   GST_REGISTRY gstregistrychunks.c:858:_priv_gst_registry_chunks_load_plugin: read strings for name='coreelements'
0:00:00.024773778  4420 0x2453390 LOG   GST_REGISTRY gstregistrychunks.c:859:_priv_gst_registry_chunks_load_plugin: desc.description='GStreamer core elements'
0:00:00.024779898  4420 0x2453390 LOG   GST_REGISTRY gstregistrychunks.c:860:_priv_gst_registry_chunks_load_plugin: filename='/home/conan/w/prod/BuildSingleReference/.conan/data/gstreamer/1.18.4/_/_/package/bec7fecef66b28e957582014d79b970659fc2b7f/lib/gstreamer-1.0/libgstcoreelements.so'
0:00:00.024785612  4420 0x2453390 LOG   GST_REGISTRY gstregistrychunks.c:861:_priv_gst_registry_chunks_load_plugin: desc.version='1.18.4'
0:00:00.024790616  4420 0x2453390 LOG   GST_REGISTRY gstregistrychunks.c:862:_priv_gst_registry_chunks_load_plugin: desc.license='LGPL'
0:00:00.024795466  4420 0x2453390 LOG   GST_REGISTRY gstregistrychunks.c:863:_priv_gst_registry_chunks_load_plugin: desc.source='gstreamer'
0:00:00.024803153  4420 0x2453390 LOG   GST_REGISTRY gstregistrychunks.c:864:_priv_gst_registry_chunks_load_plugin: desc.package='GStreamer source release'
0:00:00.024809407  4420 0x2453390 LOG   GST_REGISTRY gstregistrychunks.c:865:_priv_gst_registry_chunks_load_plugin: desc.origin='Unknown package origin'
0:00:00.024819669  4420 0x2453390 LOG   GST_REGISTRY gstregistrychunks.c:866:_priv_gst_registry_chunks_load_plugin: desc.datetime=2021-03-15
0:00:00.024829148  4420 0x2453390 DEBUG   GST_REGISTRY gstregistry.c:449:gst_registry_add_plugin: Replacing existing plugin "/home/conan/w/prod/BuildSingleReference/.conan/data/gstreamer/1.18.4/_/_/package/bec7fecef66b28e957582014d79b970659fc2b7f/lib/gstreamer-1.0/libgstcoreelements.so" 0x246d090 with new plugin 0x2475b00 for filename "/home/conan/w/prod/BuildSingleReference/.conan/data/gstreamer/1.18.4/_/_/package/bec7fecef66b28e957582014d79b970659fc2b7f/lib/gstreamer-1.0/libgstcoreelements.so"
0:00:00.024837379  4420 0x2453390 TRACE   GST_REFCOUNTING gstobject.c:265:gst_object_unref: 0x246d090 unref 1->0
0:00:00.024843938  4420 0x2453390 TRACE   GST_REFCOUNTING gstobject.c:381:gst_object_dispose: 0x246d090 dispose
0:00:00.024851719  4420 0x2453390 DEBUG   GST_PLUGIN_LOADING gstplugin.c:136:gst_plugin_finalize: finalizing plugin
0:00:00.024857646  4420 0x2453390 TRACE   GST_REFCOUNTING gstobject.c:423:gst_object_finalize: 0x246d090 finalize
0:00:00.024869571  4420 0x2453390 DEBUG   GST_REGISTRY gstregistry.c:474:gst_registry_add_plugin: adding plugin 0x2475b00 for filename "/home/conan/w/prod/BuildSingleReference/.conan/data/gstreamer/1.18.4/_/_/package/bec7fecef66b28e957582014d79b970659fc2b7f/lib/gstreamer-1.0/libgstcoreelements.so"
0:00:00.024878416  4420 0x2453390 TRACE   GST_REFCOUNTING gstobject.c:294:gst_object_ref_sink: 0x2475b00 ref_sink 1->2
0:00:00.024885906  4420 0x2453390 LOG   GST_REGISTRY gstregistry.c:487:gst_registry_add_plugin: emitting plugin-added for filename "/home/conan/w/prod/BuildSingleReference/.conan/data/gstreamer/1.18.4/_/_/package/bec7fecef66b28e957582014d79b970659fc2b7f/lib/gstreamer-1.0/libgstcoreelements.so"
0:00:00.024893366  4420 0x2453390 DEBUG   GST_REGISTRY gstregistrychunks.c:887:_priv_gst_registry_chunks_load_plugin: Added plugin 'coreelements' plugin with 22 features from binary registry
0:00:00.024900014  4420 0x2453390 DEBUG   GST_REGISTRY gstregistrychunks.c:583:gst_registry_chunks_load_feature: Plugin 'coreelements' feature 'streamiddemux' typename : 'GstElementFactory'
0:00:00.024909894  4420 0x2453390 TRACE   GST_REFCOUNTING gstobject.c:208:gst_object_init: 0x246d6f0 new
0:00:00.024918670  4420 0x2453390 LOG   GST_REGISTRY gstregistrychunks.c:610:gst_registry_chunks_load_feature: Reading/casting for GstRegistryChunkElementFactory at address 0x246eb08
0:00:00.024925712  4420 0x2453390 TRACE   structure gststructure.c:287:gst_structure_new_id_empty_with_size: created structure 0x2475970
0:00:00.024934072  4420 0x2453390 DEBUG   structure gststructure.c:2203:gst_structure_parse_field: trying field name 'long-name'
0:00:00.024941062  4420 0x2453390 DEBUG   default gstvalue.c:2676:_priv_gst_value_parse_value: trying type name 'string'
0:00:00.024949158  4420 0x2453390 DEBUG   structure gststructure.c:2203:gst_structure_parse_field: trying field name 'klass'
0:00:00.024954354  4420 0x2453390 DEBUG   default gstvalue.c:2676:_priv_gst_value_parse_value: trying type name 'string'
0:00:00.024968813  4420 0x2453390 DEBUG   structure gststructure.c:2203:gst_structure_parse_field: trying field name 'description'
0:00:00.024973964  4420 0x2453390 DEBUG   default gstvalue.c:2676:_priv_gst_value_parse_value: trying type name 'string'
0:00:00.024980475  4420 0x2453390 DEBUG   structure gststructure.c:2203:gst_structure_parse_field: trying field name 'author'
0:00:00.024985651  4420 0x2453390 DEBUG   default gstvalue.c:2676:_priv_gst_value_parse_value: trying type name 'string'
0:00:00.024995260  4420 0x2453390 DEBUG   GST_REGISTRY gstregistrychunks.c:626:gst_registry_chunks_load_feature: Element factory : npadtemplates=2
0:00:00.025002016  4420 0x2453390 DEBUG   GST_REGISTRY gstregistrychunks.c:526:gst_registry_chunks_load_pad_template: Reading/casting for GstRegistryChunkPadTemplate at address 0x246ebe0
0:00:00.025007973  4420 0x2453390 DEBUG   GST_REGISTRY gstregistrychunks.c:539:gst_registry_chunks_load_pad_template: Added pad_template src_%u
0:00:00.025013055  4420 0x2453390 DEBUG   GST_REGISTRY gstregistrychunks.c:526:gst_registry_chunks_load_pad_template: Reading/casting for GstRegistryChunkPadTemplate at address 0x246ebf8
0:00:00.025018253  4420 0x2453390 DEBUG   GST_REGISTRY gstregistrychunks.c:539:gst_registry_chunks_load_pad_template: Added pad_template sink
0:00:00.025026247  4420 0x2453390 DEBUG   GST_REGISTRY gstregistry.c:581:gst_registry_add_feature: replacing existing feature 0x246d1c0 (streamiddemux)
0:00:00.025033216  4420 0x2453390 DEBUG   GST_REGISTRY gstregistry.c:590:gst_registry_add_feature: adding feature 0x246d6f0 (streamiddemux)
0:00:00.025038974  4420 0x2453390 TRACE   GST_REFCOUNTING gstobject.c:788:gst_object_unparent: unparent
0:00:00.025049734  4420 0x2453390 TRACE   GST_REFCOUNTING gstobject.c:265:gst_object_unref: 0x246d1c0 unref 1->0
0:00:00.025057682  4420 0x2453390 TRACE   GST_REFCOUNTING gstobject.c:381:gst_object_dispose: 0x246d1c0 dispose
0:00:00.025065038  4420 0x2453390 TRACE   structure gststructure.c:544:gst_structure_free: free structure 0x246e580
0:00:00.025073217  4420 0x2453390 TRACE   GST_REFCOUNTING gstminiobject.c:723:gst_mini_object_replace: replace (nil) (0) with (nil) (0)
0:00:00.025080424  4420 0x2453390 TRACE   GST_REFCOUNTING gstminiobject.c:723:gst_mini_object_replace: replace (nil) (0) with (nil) (0)
0:00:00.025087450  4420 0x2453390 DEBUG   GST_PLUGIN_LOADING gstpluginfeature.c:67:gst_plugin_feature_finalize: finalizing feature 0x246d1c0: 'streamiddemux'
0:00:00.025094850  4420 0x2453390 TRACE   GST_REFCOUNTING gstobject.c:423:gst_object_finalize: 0x246d1c0 finalize
0:00:00.025101842  4420 0x2453390 DEBUG   GST_REFCOUNTING gstobject.c:709:gst_object_set_parent: set parent (ref and sink)
0:00:00.025112034  4420 0x2453390 TRACE   GST_REFCOUNTING gstobject.c:294:gst_object_ref_sink: 0x246d6f0 ref_sink 1->2
0:00:00.025119622  4420 0x2453390 LOG   GST_REGISTRY gstregistry.c:608:gst_registry_add_feature: emitting feature-added for streamiddemux
0:00:00.025131471  4420 0x2453390 DEBUG   GST_REGISTRY gstregistrychunks.c:741:gst_registry_chunks_load_feature: Added feature streamiddemux, plugin 0x2475b00 coreelements
0:00:00.025138739  4420 0x2453390 DEBUG   GST_REGISTRY gstregistrychunks.c:583:gst_registry_chunks_load_feature: Plugin 'coreelements' feature 'valve' typename : 'GstElementFactory'
0:00:00.025147074  4420 0x2453390 TRACE   GST_REFCOUNTING gstobject.c:208:gst_object_init: 0x246e140 new
0:00:00.025155393  4420 0x2453390 LOG   GST_REGISTRY gstregistrychunks.c:610:gst_registry_chunks_load_feature: Reading/casting for GstRegistryChunkElementFactory at address 0x246ec28
0:00:00.025162015  4420 0x2453390 TRACE   structure gststructure.c:287:gst_structure_new_id_empty_with_size: created structure 0x246d180
0:00:00.025167614  4420 0x2453390 DEBUG   structure gststructure.c:2203:gst_structure_parse_field: trying field name 'long-name'
0:00:00.025175509  4420 0x2453390 DEBUG   default gstvalue.c:2676:_priv_gst_value_parse_value: trying type name 'string'
0:00:00.025183644  4420 0x2453390 DEBUG   structure gststructure.c:2203:gst_structure_parse_field: trying field name 'klass'
0:00:00.025189208  4420 0x2453390 DEBUG   default gstvalue.c:2676:_priv_gst_value_parse_value: trying type name 'string'
0:00:00.025196009  4420 0x2453390 DEBUG   structure gststructure.c:2203:gst_structure_parse_field: trying field name 'description'
0:00:00.025201302  4420 0x2453390 DEBUG   default gstvalue.c:2676:_priv_gst_value_parse_value: trying type name 'string'
0:00:00.025207790  4420 0x2453390 DEBUG   structure gststructure.c:2203:gst_structure_parse_field: trying field name 'author'
0:00:00.025212768  4420 0x2453390 DEBUG   default gstvalue.c:2676:_priv_gst_value_parse_value: trying type name 'string'
0:00:00.025219567  4420 0x2453390 DEBUG   GST_REGISTRY gstregistrychunks.c:626:gst_registry_chunks_load_feature: Element factory : npadtemplates=2
0:00:00.025227461  4420 0x2453390 DEBUG   GST_REGISTRY gstregistrychunks.c:526:gst_registry_chunks_load_pad_template: Reading/casting for GstRegistryChunkPadTemplate at address 0x246ed18
0:00:00.025235180  4420 0x2453390 DEBUG   GST_REGISTRY gstregistrychunks.c:539:gst_registry_chunks_load_pad_template: Added pad_template sink
0:00:00.025241672  4420 0x2453390 DEBUG   GST_REGISTRY gstregistrychunks.c:526:gst_registry_chunks_load_pad_template: Reading/casting for GstRegistryChunkPadTemplate at address 0x246ed30
0:00:00.025247531  4420 0x2453390 DEBUG   GST_REGISTRY gstregistrychunks.c:539:gst_registry_chunks_load_pad_template: Added pad_template src
0:00:00.025256458  4420 0x2453390 DEBUG   GST_REGISTRY gstregistry.c:581:gst_registry_add_feature: replacing existing feature 0x2470680 (valve)
0:00:00.025264027  4420 0x2453390 DEBUG   GST_REGISTRY gstregistry.c:590:gst_registry_add_feature: adding feature 0x246e140 (valve)
0:00:00.025269873  4420 0x2453390 TRACE   GST_REFCOUNTING gstobject.c:788:gst_object_unparent: unparent
0:00:00.025284123  4420 0x2453390 TRACE   GST_REFCOUNTING gstobject.c:265:gst_object_unref: 0x2470680 unref 1->0
0:00:00.025294723  4420 0x2453390 TRACE   GST_REFCOUNTING gstobject.c:381:gst_object_dispose: 0x2470680 dispose
0:00:00.025304062  4420 0x2453390 TRACE   structure gststructure.c:544:gst_structure_free: free structure 0x2470850
0:00:00.025312758  4420 0x2453390 TRACE   GST_REFCOUNTING gstminiobject.c:723:gst_mini_object_replace: replace (nil) (0) with (nil) (0)
0:00:00.025323922  4420 0x2453390 TRACE   GST_REFCOUNTING gstminiobject.c:723:gst_mini_object_replace: replace (nil) (0) with (nil) (0)
0:00:00.025333858  4420 0x2453390 DEBUG   GST_PLUGIN_LOADING gstpluginfeature.c:67:gst_plugin_feature_finalize: finalizing feature 0x2470680: 'valve'
0:00:00.025342712  4420 0x2453390 TRACE   GST_REFCOUNTING gstobject.c:423:gst_object_finalize: 0x2470680 finalize
0:00:00.025352359  4420 0x2453390 DEBUG   GST_REFCOUNTING gstobject.c:709:gst_object_set_parent: set parent (ref and sink)
0:00:00.025363588  4420 0x2453390 TRACE   GST_REFCOUNTING gstobject.c:294:gst_object_ref_sink: 0x246e140 ref_sink 1->2
0:00:00.025376304  4420 0x2453390 LOG   GST_REGISTRY gstregistry.c:608:gst_registry_add_feature: emitting feature-added for valve
0:00:00.025384677  4420 0x2453390 DEBUG   GST_REGISTRY gstregistrychunks.c:741:gst_registry_chunks_load_feature: Added feature valve, plugin 0x2475b00 coreelements
0:00:00.025392055  4420 0x2453390 DEBUG   GST_REGISTRY gstregistrychunks.c:583:gst_registry_chunks_load_feature: Plugin 'coreelements' feature 'multiqueue' typename : 'GstElementFactory'
0:00:00.025400902  4420 0x2453390 TRACE   GST_REFCOUNTING gstobject.c:208:gst_object_init: 0x246e860 new
0:00:00.025409455  4420 0x2453390 LOG   GST_REGISTRY gstregistrychunks.c:610:gst_registry_chunks_load_feature: Reading/casting for GstRegistryChunkElementFactory at address 0x246ed60
0:00:00.025416277  4420 0x2453390 TRACE   structure gststructure.c:287:gst_structure_new_id_empty_with_size: created structure 0x2475c30
0:00:00.025422090  4420 0x2453390 DEBUG   structure gststructure.c:2203:gst_structure_parse_field: trying field name 'long-name'
0:00:00.025427349  4420 0x2453390 DEBUG   default gstvalue.c:2676:_priv_gst_value_parse_value: trying type name 'string'
0:00:00.025436725  4420 0x2453390 DEBUG   structure gststructure.c:2203:gst_structure_parse_field: trying field name 'klass'
0:00:00.025443278  4420 0x2453390 DEBUG   default gstvalue.c:2676:_priv_gst_value_parse_value: trying type name 'string'
0:00:00.025449626  4420 0x2453390 DEBUG   structure gststructure.c:2203:gst_structure_parse_field: trying field name 'description'
0:00:00.025454826  4420 0x2453390 DEBUG   default gstvalue.c:2676:_priv_gst_value_parse_value: trying type name 'string'
0:00:00.025461082  4420 0x2453390 DEBUG   structure gststructure.c:2203:gst_structure_parse_field: trying field name 'author'
0:00:00.025466034  4420 0x2453390 DEBUG   default gstvalue.c:2676:_priv_gst_value_parse_value: trying type name 'string'
0:00:00.025478216  4420 0x2453390 DEBUG   GST_REGISTRY gstregistrychunks.c:626:gst_registry_chunks_load_feature: Element factory : npadtemplates=2
0:00:00.025483698  4420 0x2453390 DEBUG   GST_REGISTRY gstregistrychunks.c:526:gst_registry_chunks_load_pad_template: Reading/casting for GstRegistryChunkPadTemplate at address 0x246ee20
0:00:00.025492092  4420 0x2453390 DEBUG   GST_REGISTRY gstregistrychunks.c:539:gst_registry_chunks_load_pad_template: Added pad_template src_%u
0:00:00.025498656  4420 0x2453390 DEBUG   GST_REGISTRY gstregistrychunks.c:526:gst_registry_chunks_load_pad_template: Reading/casting for GstRegistryChunkPadTemplate at address 0x246ee38
0:00:00.025504625  4420 0x2453390 DEBUG   GST_REGISTRY gstregistrychunks.c:539:gst_registry_chunks_load_pad_template: Added pad_template sink_%u
0:00:00.025513253  4420 0x2453390 DEBUG   GST_REGISTRY gstregistry.c:581:gst_registry_add_feature: replacing existing feature 0x2470980 (multiqueue)
0:00:00.025520298  4420 0x2453390 DEBUG   GST_REGISTRY gstregistry.c:590:gst_registry_add_feature: adding feature 0x246e860 (multiqueue)
0:00:00.025526057  4420 0x2453390 TRACE   GST_REFCOUNTING gstobject.c:788:gst_object_unparent: unparent
0:00:00.025533366  4420 0x2453390 TRACE   GST_REFCOUNTING gstobject.c:265:gst_object_unref: 0x2470980 unref 1->0
0:00:00.025539870  4420 0x2453390 TRACE   GST_REFCOUNTING gstobject.c:381:gst_object_dispose: 0x2470980 dispose
0:00:00.025549942  4420 0x2453390 TRACE   structure gststructure.c:544:gst_structure_free: free structure 0x2470a70
0:00:00.025557750  4420 0x2453390 TRACE   GST_REFCOUNTING gstminiobject.c:723:gst_mini_object_replace: replace (nil) (0) with (nil) (0)
0:00:00.025564829  4420 0x2453390 TRACE   GST_REFCOUNTING gstminiobject.c:723:gst_mini_object_replace: replace (nil) (0) with (nil) (0)
0:00:00.025571443  4420 0x2453390 DEBUG   GST_PLUGIN_LOADING gstpluginfeature.c:67:gst_plugin_feature_finalize: finalizing feature 0x2470980: 'multiqueue'
0:00:00.025577448  4420 0x2453390 TRACE   GST_REFCOUNTING gstobject.c:423:gst_object_finalize: 0x2470980 finalize
0:00:00.025584065  4420 0x2453390 DEBUG   GST_REFCOUNTING gstobject.c:709:gst_object_set_parent: set parent (ref and sink)
0:00:00.025611795  4420 0x2453390 TRACE   GST_REFCOUNTING gstobject.c:294:gst_object_ref_sink: 0x246e860 ref_sink 1->2
0:00:00.025625117  4420 0x2453390 LOG   GST_REGISTRY gstregistry.c:608:gst_registry_add_feature: emitting feature-added for multiqueue
0:00:00.025636100  4420 0x2453390 DEBUG   GST_REGISTRY gstregistrychunks.c:741:gst_registry_chunks_load_feature: Added feature multiqueue, plugin 0x2475b00 coreelements
0:00:00.025643123  4420 0x2453390 DEBUG   GST_REGISTRY gstregistrychunks.c:583:gst_registry_chunks_load_feature: Plugin 'coreelements' feature 'typefind' typename : 'GstElementFactory'
0:00:00.025651952  4420 0x2453390 TRACE   GST_REFCOUNTING gstobject.c:208:gst_object_init: 0x24708a0 new
0:00:00.025671591  4420 0x2453390 LOG   GST_REGISTRY gstregistrychunks.c:610:gst_registry_chunks_load_feature: Reading/casting for GstRegistryChunkElementFactory at address 0x246ee68
0:00:00.025678840  4420 0x2453390 TRACE   structure gststructure.c:287:gst_structure_new_id_empty_with_size: created structure 0x2470a20
0:00:00.025684811  4420 0x2453390 DEBUG   structure gststructure.c:2203:gst_structure_parse_field: trying field name 'long-name'
0:00:00.025690362  4420 0x2453390 DEBUG   default gstvalue.c:2676:_priv_gst_value_parse_value: trying type name 'string'
0:00:00.025699634  4420 0x2453390 DEBUG   structure gststructure.c:2203:gst_structure_parse_field: trying field name 'klass'
0:00:00.025706235  4420 0x2453390 DEBUG   default gstvalue.c:2676:_priv_gst_value_parse_value: trying type name 'string'
0:00:00.025717738  4420 0x2453390 DEBUG   structure gststructure.c:2203:gst_structure_parse_field: trying field name 'description'
0:00:00.025723232  4420 0x2453390 DEBUG   default gstvalue.c:2676:_priv_gst_value_parse_value: trying type name 'string'
0:00:00.025729826  4420 0x2453390 DEBUG   structure gststructure.c:2203:gst_structure_parse_field: trying field name 'author'
0:00:00.025734869  4420 0x2453390 DEBUG   default gstvalue.c:2676:_priv_gst_value_parse_value: trying type name 'string'
0:00:00.025741399  4420 0x2453390 DEBUG   GST_REGISTRY gstregistrychunks.c:626:gst_registry_chunks_load_feature: Element factory : npadtemplates=2
0:00:00.025746658  4420 0x2453390 DEBUG   GST_REGISTRY gstregistrychunks.c:526:gst_registry_chunks_load_pad_template: Reading/casting for GstRegistryChunkPadTemplate at address 0x246ef40
0:00:00.025755174  4420 0x2453390 DEBUG   GST_REGISTRY gstregistrychunks.c:539:gst_registry_chunks_load_pad_template: Added pad_template sink
0:00:00.025761654  4420 0x2453390 DEBUG   GST_REGISTRY gstregistrychunks.c:526:gst_registry_chunks_load_pad_template: Reading/casting for GstRegistryChunkPadTemplate at address 0x246ef58
0:00:00.025767661  4420 0x2453390 DEBUG   GST_REGISTRY gstregistrychunks.c:539:gst_registry_chunks_load_pad_template: Added pad_template src
0:00:00.025776131  4420 0x2453390 DEBUG   GST_REGISTRY gstregistry.c:581:gst_registry_add_feature: replacing existing feature 0x2470bf0 (typefind)
0:00:00.025783149  4420 0x2453390 DEBUG   GST_REGISTRY gstregistry.c:590:gst_registry_add_feature: adding feature 0x24708a0 (typefind)
0:00:00.025788838  4420 0x2453390 TRACE   GST_REFCOUNTING gstobject.c:788:gst_object_unparent: unparent
0:00:00.025796070  4420 0x2453390 TRACE   GST_REFCOUNTING gstobject.c:265:gst_object_unref: 0x2470bf0 unref 1->0
0:00:00.025802575  4420 0x2453390 TRACE   GST_REFCOUNTING gstobject.c:381:gst_object_dispose: 0x2470bf0 dispose
0:00:00.025812392  4420 0x2453390 TRACE   structure gststructure.c:544:gst_structure_free: free structure 0x2470db0
0:00:00.025820512  4420 0x2453390 TRACE   GST_REFCOUNTING gstminiobject.c:723:gst_mini_object_replace: replace (nil) (0) with (nil) (0)
0:00:00.025827501  4420 0x2453390 TRACE   GST_REFCOUNTING gstminiobject.c:723:gst_mini_object_replace: replace (nil) (0) with (nil) (0)
0:00:00.025839092  4420 0x2453390 DEBUG   GST_PLUGIN_LOADING gstpluginfeature.c:67:gst_plugin_feature_finalize: finalizing feature 0x2470bf0: 'typefind'
0:00:00.025845424  4420 0x2453390 TRACE   GST_REFCOUNTING gstobject.c:423:gst_object_finalize: 0x2470bf0 finalize
0:00:00.025852292  4420 0x2453390 DEBUG   GST_REFCOUNTING gstobject.c:709:gst_object_set_parent: set parent (ref and sink)
0:00:00.025859278  4420 0x2453390 TRACE   GST_REFCOUNTING gstobject.c:294:gst_object_ref_sink: 0x24708a0 ref_sink 1->2
0:00:00.025865722  4420 0x2453390 LOG   GST_REGISTRY gstregistry.c:608:gst_registry_add_feature: emitting feature-added for typefind
0:00:00.025874842  4420 0x2453390 DEBUG   GST_REGISTRY gstregistrychunks.c:741:gst_registry_chunks_load_feature: Added feature typefind, plugin 0x2475b00 coreelements
0:00:00.025882321  4420 0x2453390 DEBUG   GST_REGISTRY gstregistrychunks.c:583:gst_registry_chunks_load_feature: Plugin 'coreelements' feature 'tee' typename : 'GstElementFactory'
0:00:00.025891269  4420 0x2453390 TRACE   GST_REFCOUNTING gstobject.c:208:gst_object_init: 0x2470ba0 new
0:00:00.025899681  4420 0x2453390 LOG   GST_REGISTRY gstregistrychunks.c:610:gst_registry_chunks_load_feature: Reading/casting for GstRegistryChunkElementFactory at address 0x246ef80
0:00:00.025906044  4420 0x2453390 TRACE   structure gststructure.c:287:gst_structure_new_id_empty_with_size: created structure 0x2470db0
0:00:00.025911653  4420 0x2453390 DEBUG   structure gststructure.c:2203:gst_structure_parse_field: trying field name 'long-name'
0:00:00.025916809  4420 0x2453390 DEBUG   default gstvalue.c:2676:_priv_gst_value_parse_value: trying type name 'string'
0:00:00.025923728  4420 0x2453390 DEBUG   structure gststructure.c:2203:gst_structure_parse_field: trying field name 'klass'
0:00:00.025931742  4420 0x2453390 DEBUG   default gstvalue.c:2676:_priv_gst_value_parse_value: trying type name 'string'
0:00:00.025939427  4420 0x2453390 DEBUG   structure gststructure.c:2203:gst_structure_parse_field: trying field name 'description'
0:00:00.025944942  4420 0x2453390 DEBUG   default gstvalue.c:2676:_priv_gst_value_parse_value: trying type name 'string'
0:00:00.025951587  4420 0x2453390 DEBUG   structure gststructure.c:2203:gst_structure_parse_field: trying field name 'author'
0:00:00.025956674  4420 0x2453390 DEBUG   default gstvalue.c:2676:_priv_gst_value_parse_value: trying type name 'string'
