******************************************************************************** conan test cci-be7b0e20/recipes/gstreamer/all/test_package/conanfile.py gstreamer/1.18.4@#0f08191cb7fd82c31737b0f93cbbcc58 -pr /home/conan/w/prod/BuildSingleReference/236112/905663c4-e350-45ec-8f9b-6552d62fcefd/profile_linux_5_libstdcpp11_gcc_debug_64.gstreamer-shared-True.txt -c tools.system.package_manager:mode=install -c tools.system.package_manager:sudo=True ******************************************************************************** Configuration: [settings] arch=x86_64 build_type=Debug compiler=gcc compiler.libcxx=libstdc++11 compiler.version=5 os=Linux [options] gstreamer:shared=True [build_requires] [env] [conf] tools.system.package_manager:mode=install tools.system.package_manager:sudo=True gstreamer/1.18.4 (test package): Installing package Requirements bzip2/1.0.8 from 'conan-center' - Cache glib/2.76.2 from 'conan-center' - Cache gstreamer/1.18.4 from local cache - Cache libelf/0.8.13 from 'conan-center' - Cache libffi/3.4.4 from 'conan-center' - Cache libmount/2.36.2 from 'conan-center' - Cache libselinux/3.3 from 'conan-center' - Cache pcre2/10.42 from 'conan-center' - Cache zlib/1.2.13 from 'conan-center' - Cache Packages bzip2/1.0.8:a5fb342591cd091faa8b36194fe6a476ae195f44 - Cache glib/2.76.2:ef55d1833b4f74bf23cef8429d165098fc521e91 - Cache gstreamer/1.18.4:bec7fecef66b28e957582014d79b970659fc2b7f - Cache libelf/0.8.13:b1b85bfdc2206d81b3ed6a49e78498182bb98ef3 - Cache libffi/3.4.4:b1b85bfdc2206d81b3ed6a49e78498182bb98ef3 - Cache libmount/2.36.2:b1b85bfdc2206d81b3ed6a49e78498182bb98ef3 - Cache libselinux/3.3:2c664b4f158d1070a42ad5f833e363f85426752e - Cache pcre2/10.42:81a04737e0efa17b13d889bfc417966e4a1fe6ea - Cache zlib/1.2.13:b1b85bfdc2206d81b3ed6a49e78498182bb98ef3 - Cache Installing (downloading, building) binaries... bzip2/1.0.8: Already installed! libelf/0.8.13: Already installed! libffi/3.4.4: Already installed! libmount/2.36.2: Already installed! zlib/1.2.13: Already installed! pcre2/10.42: Already installed! pcre2/10.42: Appending PATH environment variable: /home/conan/w/prod/BuildSingleReference/.conan/data/pcre2/10.42/_/_/package/81a04737e0efa17b13d889bfc417966e4a1fe6ea/bin libselinux/3.3: Already installed! glib/2.76.2: Already installed! gstreamer/1.18.4: Already installed! gstreamer/1.18.4: Appending GST_PLUGIN_PATH env var : /home/conan/w/prod/BuildSingleReference/.conan/data/gstreamer/1.18.4/_/_/package/bec7fecef66b28e957582014d79b970659fc2b7f/lib/gstreamer-1.0 gstreamer/1.18.4: Creating GSTREAMER_ROOT env var : /home/conan/w/prod/BuildSingleReference/.conan/data/gstreamer/1.18.4/_/_/package/bec7fecef66b28e957582014d79b970659fc2b7f gstreamer/1.18.4: Creating GST_PLUGIN_SCANNER env var : /home/conan/w/prod/BuildSingleReference/.conan/data/gstreamer/1.18.4/_/_/package/bec7fecef66b28e957582014d79b970659fc2b7f/bin/gstreamer-1.0/gst-plugin-scanner gstreamer/1.18.4: Creating GSTREAMER_ROOT_X86_64 env var : /home/conan/w/prod/BuildSingleReference/.conan/data/gstreamer/1.18.4/_/_/package/bec7fecef66b28e957582014d79b970659fc2b7f gstreamer/1.18.4 (test package): Generator txt created conanbuildinfo.txt gstreamer/1.18.4 (test package): Calling generate() gstreamer/1.18.4 (test package): Preset 'debug' added to CMakePresets.json. Invoke it manually using 'cmake --preset debug' gstreamer/1.18.4 (test package): If your CMake version is not compatible with CMakePresets (<3.19) call cmake like: 'cmake -G "Unix Makefiles" -DCMAKE_TOOLCHAIN_FILE=/home/conan/w/prod/BuildSingleReference/cci-be7b0e20/recipes/gstreamer/all/test_package/build/Debug/generators/conan_toolchain.cmake -DCMAKE_POLICY_DEFAULT_CMP0091=NEW -DCMAKE_BUILD_TYPE=Debug' gstreamer/1.18.4 (test package): Aggregating env generators gstreamer/1.18.4 (test package): Generated conaninfo.txt gstreamer/1.18.4 (test package): Generated graphinfo Using lockfile: '/home/conan/w/prod/BuildSingleReference/cci-be7b0e20/recipes/gstreamer/all/test_package/build/Debug/generators/conan.lock' Using cached profile from lockfile [HOOK - conan-center.py] pre_build(): [FPIC MANAGEMENT (KB-H007)] 'fPIC' option not found [HOOK - conan-center.py] pre_build(): [FPIC MANAGEMENT (KB-H007)] OK gstreamer/1.18.4 (test package): Calling build() gstreamer/1.18.4 (test package): CMake command: cmake -G "Unix Makefiles" -DCMAKE_TOOLCHAIN_FILE="/home/conan/w/prod/BuildSingleReference/cci-be7b0e20/recipes/gstreamer/all/test_package/build/Debug/generators/conan_toolchain.cmake" -DCMAKE_POLICY_DEFAULT_CMP0091="NEW" -DCMAKE_BUILD_TYPE="Debug" "/home/conan/w/prod/BuildSingleReference/cci-be7b0e20/recipes/gstreamer/all/test_package/." ----Running------ > cmake -G "Unix Makefiles" -DCMAKE_TOOLCHAIN_FILE="/home/conan/w/prod/BuildSingleReference/cci-be7b0e20/recipes/gstreamer/all/test_package/build/Debug/generators/conan_toolchain.cmake" -DCMAKE_POLICY_DEFAULT_CMP0091="NEW" -DCMAKE_BUILD_TYPE="Debug" "/home/conan/w/prod/BuildSingleReference/cci-be7b0e20/recipes/gstreamer/all/test_package/." ----------------- -- Using Conan toolchain: /home/conan/w/prod/BuildSingleReference/cci-be7b0e20/recipes/gstreamer/all/test_package/build/Debug/generators/conan_toolchain.cmake -- The C compiler identification is GNU 5.4.0 -- Detecting C compiler ABI info -- Detecting C compiler ABI info - done -- Check for working C compiler: /usr/bin/gcc - skipped -- Detecting C compile features -- Detecting C compile features - done -- Conan: Component target declared 'gstreamer::gstreamer-1.0' -- Conan: Component target declared 'gstreamer::gstreamer-base-1.0' -- Conan: Component target declared 'gstreamer::gstreamer-controller-1.0' -- Conan: Component target declared 'gstreamer::gstreamer-net-1.0' -- Conan: Component target declared 'gstreamer::gstreamer-check-1.0' -- Conan: Target declared 'gstreamer::gstreamer' -- Conan: Component target declared 'glib::glib-2.0' -- Conan: Component target declared 'glib::gmodule-no-export-2.0' -- Conan: Component target declared 'glib::gmodule-export-2.0' -- Conan: Component target declared 'glib::gmodule-2.0' -- Conan: Component target declared 'glib::gobject-2.0' -- Conan: Component target declared 'glib::gthread-2.0' -- Conan: Component target declared 'glib::gio-2.0' -- Conan: Component target declared 'glib::gresource' -- Conan: Component target declared 'glib::gio-unix-2.0' -- Conan: Target declared 'glib::glib' -- Conan: Component target declared 'PCRE2::8BIT' -- Conan: Component target declared 'PCRE2::POSIX' -- Conan: Component target declared 'PCRE2::16BIT' -- Conan: Component target declared 'PCRE2::32BIT' -- Conan: Target declared 'pcre2::pcre2' -- Conan: Target declared 'ZLIB::ZLIB' -- Conan: Target declared 'BZip2::BZip2' -- Conan: Including build module from '/home/conan/w/prod/BuildSingleReference/.conan/data/bzip2/1.0.8/_/_/package/a5fb342591cd091faa8b36194fe6a476ae195f44/lib/cmake/conan-official-bzip2-variables.cmake' -- Conan: Target declared 'libffi::libffi' -- Conan: Target declared 'libmount::libmount' -- Conan: Component target declared 'libselinux::sepol' -- Conan: Component target declared 'libselinux::selinux' -- Conan: Target declared 'libselinux::libselinux' -- Conan: Target declared 'libelf::libelf' -- Found PkgConfig: /usr/bin/pkg-config (found version "0.29.1") -- Checking for module 'gstreamer-1.0' -- Found gstreamer-1.0, version 1.18.4 -- Checking for module 'gstreamer-base-1.0' -- Found gstreamer-base-1.0, version 1.18.4 -- Checking for module 'gstreamer-controller-1.0' -- Found gstreamer-controller-1.0, version 1.18.4 -- Checking for module 'gstreamer-net-1.0' -- Found gstreamer-net-1.0, version 1.18.4 -- Checking for module 'gstreamer-check-1.0' -- Found gstreamer-check-1.0, version 1.18.4 -- Checking for module 'gstcoreelements' -- No package 'gstcoreelements' found -- Configuring done -- Generating done -- Build files have been written to: /home/conan/w/prod/BuildSingleReference/cci-be7b0e20/recipes/gstreamer/all/test_package/build/Debug gstreamer/1.18.4 (test package): CMake command: cmake --build "/home/conan/w/prod/BuildSingleReference/cci-be7b0e20/recipes/gstreamer/all/test_package/build/Debug" '--' '-j3' ----Running------ > cmake --build "/home/conan/w/prod/BuildSingleReference/cci-be7b0e20/recipes/gstreamer/all/test_package/build/Debug" '--' '-j3' ----------------- Scanning dependencies of target test_package [ 50%] Building C object CMakeFiles/test_package.dir/test_package.c.o [100%] Linking C executable test_package [100%] Built target test_package gstreamer/1.18.4 (test package): Running test() ----Running------ > . "/home/conan/w/prod/BuildSingleReference/cci-be7b0e20/recipes/gstreamer/all/test_package/build/Debug/generators/conanrun.sh" && timeout --kill-after=10s 5s ./test_package ----------------- GStreamer version: GStreamer 1.18.4 fakesink has been created successfully fakesrc has been created successfully CMake Warning: Manually-specified variables were not used by the project: CMAKE_POLICY_DEFAULT_CMP0091
0:00:00.000079441  4420 0x2453390 INFO   GST_INIT gst.c:586:init_pre: Initializing GStreamer Core Library version 1.18.4
0:00:00.000122286  4420 0x2453390 INFO   GST_INIT gst.c:587:init_pre: Using library installed in /home/conan/w/prod/BuildSingleReference/.conan/data/gstreamer/1.18.4/_/_/package/bec7fecef66b28e957582014d79b970659fc2b7f/lib
0:00:00.000136394  4420 0x2453390 INFO   GST_INIT gst.c:607:init_pre: Linux jnlp-linux-gcc-5-1.59.0-kpq8q 5.10.162+ #1 SMP Wed Mar 1 09:59:00 UTC 2023 x86_64
0:00:00.000271291  4420 0x2453390 DEBUG   GST_MEMORY gstallocator.c:589:_priv_gst_allocator_initialize: memory alignment: 7
0:00:00.000375348  4420 0x2453390 TRACE   GST_REFCOUNTING gstobject.c:208:gst_object_init: 0x2455f30 new
0:00:00.000385902  4420 0x2453390 DEBUG   GST_MEMORY gstallocator.c:565:gst_allocator_sysmem_init: init allocator 0x2455f30
0:00:00.000408157  4420 0x2453390 TRACE   GST_REFCOUNTING gstobject.c:294:gst_object_ref_sink: 0x2455f30 ref_sink 1->2
0:00:00.000417789  4420 0x2453390 TRACE   GST_REFCOUNTING gstobject.c:238:gst_object_ref: 0x2455f30 ref 1->2
0:00:00.000425793  4420 0x2453390 DEBUG   GST_MEMORY gstallocator.c:207:gst_allocator_register: registering allocator 0x2455f30 with name "SystemMemory"
0:00:00.000434753  4420 0x2453390 TRACE   GST_REFCOUNTING gstobject.c:238:gst_object_ref: 0x2455f30 ref 2->3
0:00:00.000498966  4420 0x2453390 TRACE   GST_CAPS gstcaps.c:263:gst_caps_new_empty: created caps 0x244fb60
0:00:00.000507833  4420 0x2453390 TRACE   GST_CAPS gstcaps.c:263:gst_caps_new_empty: created caps 0x244fbe0
0:00:00.000519874  4420 0x2453390 TRACE   caps-features gstcapsfeatures.c:191:gst_caps_features_new_empty: created caps features 0x244ed00
0:00:00.000529338  4420 0x2453390 TRACE   caps-features gstcapsfeatures.c:191:gst_caps_features_new_empty: created caps features 0x244fe70
0:00:00.000545100  4420 0x2453390 INFO   GST_INIT gstmessage.c:129:_priv_gst_message_initialize: init messages
0:00:00.000700265  4420 0x2453390 TRACE   structure gststructure.c:287:gst_structure_new_id_empty_with_size: created structure 0x24599f0
0:00:00.000720018  4420 0x2453390 DEBUG   GST_ELEMENT_PADS gstelement.c:312:gst_element_base_class_init: type GstElement : factory (nil)
0:00:00.000801535  4420 0x2453390 TRACE   structure gststructure.c:287:gst_structure_new_id_empty_with_size: created structure 0x245aaf0
0:00:00.000860965  4420 0x2453390 TRACE   GST_PERFORMANCE gststructure.c:509:gst_structure_copy: doing copy 0x24599f0 -> 0x245aaf0
0:00:00.000869199  4420 0x2453390 DEBUG   GST_ELEMENT_PADS gstelement.c:312:gst_element_base_class_init: type GstBin : factory (nil)
0:00:00.001351245  4420 0x2453390 INFO   GST_INIT gstcontext.c:85:_priv_gst_context_initialize: init contexts
0:00:00.001662554  4420 0x2453390 INFO   GST_PLUGIN_LOADING gstplugin.c:325:_priv_gst_plugin_initialize: registering 0 static plugins
0:00:00.001683257  4420 0x2453390 LOG   GST_PLUGIN_LOADING gstplugin.c:230:gst_plugin_register_static: attempting to load static plugin "staticelements" now...
0:00:00.001701890  4420 0x2453390 TRACE   GST_REFCOUNTING gstobject.c:208:gst_object_init: 0x246a880 new
0:00:00.001722383  4420 0x2453390 LOG   GST_PLUGIN_LOADING gstplugin.c:514:gst_plugin_register_func: plugin "(NULL)" looks good
0:00:00.001750181  4420 0x2453390 TRACE   GST_REFCOUNTING gstobject.c:208:gst_object_init: 0x246ad40 new
0:00:00.001764896  4420 0x2453390 TRACE   GST_REFCOUNTING gstobject.c:294:gst_object_ref_sink: 0x246ad40 ref_sink 1->2
0:00:00.001777446  4420 0x2453390 TRACE   GST_REFCOUNTING gstobject.c:208:gst_object_init: 0x246af00 new
0:00:00.001790921  4420 0x2453390 LOG   GST_ELEMENT_FACTORY gstelementfactory.c:238:gst_element_register: Created new elementfactory for type GstBin
0:00:00.001800832  4420 0x2453390 TRACE   structure gststructure.c:287:gst_structure_new_id_empty_with_size: created structure 0x246b160
0:00:00.001808637  4420 0x2453390 TRACE   GST_PERFORMANCE gststructure.c:509:gst_structure_copy: doing copy 0x245aaf0 -> 0x246b160
0:00:00.001821953  4420 0x2453390 DEBUG   GST_REGISTRY gstregistry.c:590:gst_registry_add_feature: adding feature 0x246af00 (bin)
0:00:00.001829197  4420 0x2453390 DEBUG   GST_REFCOUNTING gstobject.c:709:gst_object_set_parent: set parent (ref and sink)
0:00:00.001839430  4420 0x2453390 TRACE   GST_REFCOUNTING gstobject.c:294:gst_object_ref_sink: 0x246af00 ref_sink 1->2
0:00:00.001850061  4420 0x2453390 LOG   GST_REGISTRY gstregistry.c:608:gst_registry_add_feature: emitting feature-added for bin
0:00:00.001873535  4420 0x2453390 TRACE   GST_REFCOUNTING gstobject.c:208:gst_object_init: 0x246b4d0 new
0:00:00.001889210  4420 0x2453390 LOG   GST_ELEMENT_FACTORY gstelementfactory.c:238:gst_element_register: Created new elementfactory for type GstPipeline
0:00:00.001897805  4420 0x2453390 TRACE   structure gststructure.c:287:gst_structure_new_id_empty_with_size: created structure 0x246b9b0
0:00:00.001905417  4420 0x2453390 TRACE   GST_PERFORMANCE gststructure.c:509:gst_structure_copy: doing copy 0x245aaf0 -> 0x246b9b0
0:00:00.001912673  4420 0x2453390 DEBUG   GST_ELEMENT_PADS gstelement.c:312:gst_element_base_class_init: type GstPipeline : factory 0x246b4d0
0:00:00.001942111  4420 0x2453390 TRACE   structure gststructure.c:287:gst_structure_new_id_empty_with_size: created structure 0x245b6d0
0:00:00.001951820  4420 0x2453390 TRACE   GST_PERFORMANCE gststructure.c:509:gst_structure_copy: doing copy 0x246b9b0 -> 0x245b6d0
0:00:00.001962393  4420 0x2453390 DEBUG   GST_REGISTRY gstregistry.c:590:gst_registry_add_feature: adding feature 0x246b4d0 (pipeline)
0:00:00.001968789  4420 0x2453390 DEBUG   GST_REFCOUNTING gstobject.c:709:gst_object_set_parent: set parent (ref and sink)
0:00:00.001981932  4420 0x2453390 TRACE   GST_REFCOUNTING gstobject.c:294:gst_object_ref_sink: 0x246b4d0 ref_sink 1->2
0:00:00.001988802  4420 0x2453390 LOG   GST_REGISTRY gstregistry.c:608:gst_registry_add_feature: emitting feature-added for pipeline
0:00:00.001994502  4420 0x2453390 LOG   GST_PLUGIN_LOADING gstplugin.c:541:gst_plugin_register_func: plugin "(NULL)" initialised
0:00:00.001999797  4420 0x2453390 INFO   GST_PLUGIN_LOADING gstplugin.c:233:gst_plugin_register_static: registered static plugin "staticelements"
0:00:00.002007075  4420 0x2453390 DEBUG   GST_REGISTRY gstregistry.c:474:gst_registry_add_plugin: adding plugin 0x246a880 for filename "(NULL)"
0:00:00.002017310  4420 0x2453390 TRACE   GST_REFCOUNTING gstobject.c:294:gst_object_ref_sink: 0x246a880 ref_sink 1->2
0:00:00.002025195  4420 0x2453390 LOG   GST_REGISTRY gstregistry.c:487:gst_registry_add_plugin: emitting plugin-added for filename "(NULL)"
0:00:00.002032281  4420 0x2453390 INFO   GST_PLUGIN_LOADING gstplugin.c:235:gst_plugin_register_static: added static plugin "staticelements", result: 1
0:00:00.002050041  4420 0x2453390 INFO   GST_REGISTRY gstregistry.c:1755:ensure_current_registry: reading registry cache: /home/conan/.cache/gstreamer-1.0/registry.x86_64.bin
0:00:00.002156325  4420 0x2453390 INFO   GST_REGISTRY gstregistrybinary.c:584:priv_gst_registry_binary_read_cache: Unable to mmap file /home/conan/.cache/gstreamer-1.0/registry.x86_64.bin : Failed to open file “/home/conan/.cache/gstreamer-1.0/registry.x86_64.bin”: open() failed: No such file or directory
0:00:00.002175988  4420 0x2453390 INFO   GST_REGISTRY gstregistrybinary.c:594:priv_gst_registry_binary_read_cache: Unable to read file /home/conan/.cache/gstreamer-1.0/registry.x86_64.bin : Failed to open file “/home/conan/.cache/gstreamer-1.0/registry.x86_64.bin”: No such file or directory
0:00:00.002183882  4420 0x2453390 DEBUG   GST_REGISTRY gstregistry.c:1783:ensure_current_registry: Updating registry cache
0:00:00.002189873  4420 0x2453390 INFO   GST_REGISTRY gstregistry.c:1614:scan_and_update_registry: Validating plugins from registry cache: /home/conan/.cache/gstreamer-1.0/registry.x86_64.bin
0:00:00.002197753  4420 0x2453390 DEBUG   GST_REGISTRY gstregistry.c:1624:scan_and_update_registry: scanning paths added via --gst-plugin-path
0:00:00.002205718  4420 0x2453390 DEBUG   GST_REGISTRY gstregistry.c:1640:scan_and_update_registry: GST_PLUGIN_PATH set to /home/conan/w/prod/BuildSingleReference/.conan/data/gstreamer/1.18.4/_/_/package/bec7fecef66b28e957582014d79b970659fc2b7f/lib/gstreamer-1.0
0:00:00.002217520  4420 0x2453390 DEBUG   GST_REGISTRY gstregistry.c:1380:gst_registry_scan_path_internal: scanning path /home/conan/w/prod/BuildSingleReference/.conan/data/gstreamer/1.18.4/_/_/package/bec7fecef66b28e957582014d79b970659fc2b7f/lib/gstreamer-1.0
0:00:00.002265034  4420 0x2453390 LOG   GST_REGISTRY gstregistry.c:1300:gst_registry_scan_path_level: file /home/conan/w/prod/BuildSingleReference/.conan/data/gstreamer/1.18.4/_/_/package/bec7fecef66b28e957582014d79b970659fc2b7f/lib/gstreamer-1.0/libgstcoretracers.so looks like a possible module
0:00:00.002275081  4420 0x2453390 DEBUG   GST_REGISTRY gstregistry.c:1361:gst_registry_scan_path_level: file /home/conan/w/prod/BuildSingleReference/.conan/data/gstreamer/1.18.4/_/_/package/bec7fecef66b28e957582014d79b970659fc2b7f/lib/gstreamer-1.0/libgstcoretracers.so not yet in registry
0:00:00.002287288  4420 0x2453390 DEBUG   GST_REGISTRY gstregistry.c:1161:gst_registry_scan_plugin_file: Starting plugin scanner for file /home/conan/w/prod/BuildSingleReference/.conan/data/gstreamer/1.18.4/_/_/package/bec7fecef66b28e957582014d79b970659fc2b7f/lib/gstreamer-1.0/libgstcoretracers.so
0:00:00.002295670  4420 0x2453390 TRACE   GST_REFCOUNTING gstobject.c:238:gst_object_ref: 0x246ad40 ref 1->2
0:00:00.002302774  4420 0x2453390 DEBUG   GST_POLL gstpoll.c:681:gst_poll_new: 0x246cb60: new controllable : 0
0:00:00.002325380  4420 0x2453390 DEBUG   GST_POLL gstpoll.c:848:gst_poll_add_fd_unlocked: 0x246cb60: fd (fd:4, idx:0)
0:00:00.002334233  4420 0x2453390 DEBUG   GST_POLL gstpoll.c:1015:gst_poll_fd_ctl_read_unlocked: 0x246cb60: fd (fd:4, idx:0), active : 1
0:00:00.002340791  4420 0x2453390 DEBUG   GST_REGISTRY gstregistry.c:1172:gst_registry_scan_plugin_file: Using scan-helper to load plugin /home/conan/w/prod/BuildSingleReference/.conan/data/gstreamer/1.18.4/_/_/package/bec7fecef66b28e957582014d79b970659fc2b7f/lib/gstreamer-1.0/libgstcoretracers.so
0:00:00.002347605  4420 0x2453390 LOG   GST_PLUGIN_LOADING gstpluginloader.c:474:gst_plugin_loader_spawn: Trying GST_PLUGIN_SCANNER env var: /home/conan/w/prod/BuildSingleReference/.conan/data/gstreamer/1.18.4/_/_/package/bec7fecef66b28e957582014d79b970659fc2b7f/bin/gstreamer-1.0/gst-plugin-scanner
0:00:00.002354378  4420 0x2453390 LOG   GST_PLUGIN_LOADING gstpluginloader.c:432:gst_plugin_loader_try_helper: Trying to spawn gst-plugin-scanner helper at /home/conan/w/prod/BuildSingleReference/.conan/data/gstreamer/1.18.4/_/_/package/bec7fecef66b28e957582014d79b970659fc2b7f/bin/gstreamer-1.0/gst-plugin-scanner
0:00:00.003053601  4420 0x2453390 DEBUG   GST_POLL gstpoll.c:848:gst_poll_add_fd_unlocked: 0x246cb60: fd (fd:7, idx:-1)
0:00:00.003081624  4420 0x2453390 DEBUG   GST_POLL gstpoll.c:848:gst_poll_add_fd_unlocked: 0x246cb60: fd (fd:8, idx:-1)
0:00:00.003090570  4420 0x2453390 DEBUG   GST_POLL gstpoll.c:1015:gst_poll_fd_ctl_read_unlocked: 0x246cb60: fd (fd:8, idx:2), active : 1
0:00:00.003097529  4420 0x2453390 DEBUG   GST_POLL gstpoll.c:980:gst_poll_fd_ctl_write: 0x246cb60: fd (fd:7, idx:1), active : 1
0:00:00.003103619  4420 0x2453390 LOG   GST_POLL gstpoll.c:994:gst_poll_fd_ctl_write: 0x246cb60: pfd->events now 60 (POLLOUT:4)
0:00:00.003110199  4420 0x2453390 DEBUG   GST_POLL gstpoll.c:980:gst_poll_fd_ctl_write: 0x246cb60: fd (fd:7, idx:1), active : 1
0:00:00.003116112  4420 0x2453390 LOG   GST_POLL gstpoll.c:994:gst_poll_fd_ctl_write: 0x246cb60: pfd->events now 60 (POLLOUT:4)
0:00:00.003124098  4420 0x2453390 DEBUG   GST_POLL gstpoll.c:1414:gst_poll_wait: 0x246cb60: timeout :0:00:01.000000000
0:00:00.003143245  4420 0x2453390 LOG   GST_PLUGIN_LOADING gstpluginloader.c:1028:exchange_packets: Poll res = 1. 24 bytes pending for write
0:00:00.003154034  4420 0x2453390 DEBUG   GST_POLL gstpoll.c:1241:gst_poll_fd_has_error: 0x246cb60: fd (fd:8, idx:2) 0
0:00:00.003160658  4420 0x2453390 DEBUG   GST_POLL gstpoll.c:1266:gst_poll_fd_can_read_unlocked: 0x246cb60: fd (fd:8, idx:2) 0
0:00:00.003172825  4420 0x2453390 DEBUG   GST_POLL gstpoll.c:1195:gst_poll_fd_has_closed: 0x246cb60: fd (fd:8, idx:2) 0
0:00:00.003178614  4420 0x2453390 DEBUG   GST_POLL gstpoll.c:1241:gst_poll_fd_has_error: 0x246cb60: fd (fd:7, idx:1) 0
0:00:00.003184429  4420 0x2453390 DEBUG   GST_POLL gstpoll.c:1335:gst_poll_fd_can_write: 0x246cb60: fd (fd:7, idx:1) 1
0:00:00.003190122  4420 0x2453390 LOG   GST_PLUGIN_LOADING gstpluginloader.c:690:write_one: Writing packet of size 12 bytes to fd 7
0:00:00.003205107  4420 0x2453390 DEBUG   GST_POLL gstpoll.c:1414:gst_poll_wait: 0x246cb60: timeout :0:00:01.000000000
0:00:00.003214119  4420 0x2453390 LOG   GST_PLUGIN_LOADING gstpluginloader.c:1028:exchange_packets: Poll res = 1. 12 bytes pending for write
0:00:00.003220605  4420 0x2453390 DEBUG   GST_POLL gstpoll.c:1241:gst_poll_fd_has_error: 0x246cb60: fd (fd:8, idx:2) 0
0:00:00.003226256  4420 0x2453390 DEBUG   GST_POLL gstpoll.c:1266:gst_poll_fd_can_read_unlocked: 0x246cb60: fd (fd:8, idx:2) 0
0:00:00.003231853  4420 0x2453390 DEBUG   GST_POLL gstpoll.c:1195:gst_poll_fd_has_closed: 0x246cb60: fd (fd:8, idx:2) 0
0:00:00.003237312  4420 0x2453390 DEBUG   GST_POLL gstpoll.c:1241:gst_poll_fd_has_error: 0x246cb60: fd (fd:7, idx:1) 0
0:00:00.003246029  4420 0x2453390 DEBUG   GST_POLL gstpoll.c:1335:gst_poll_fd_can_write: 0x246cb60: fd (fd:7, idx:1) 1
0:00:00.003252673  4420 0x2453390 LOG   GST_PLUGIN_LOADING gstpluginloader.c:690:write_one: Writing packet of size 12 bytes to fd 7
0:00:00.003260562  4420 0x2453390 DEBUG   GST_POLL gstpoll.c:980:gst_poll_fd_ctl_write: 0x246cb60: fd (fd:7, idx:1), active : 0
0:00:00.003266467  4420 0x2453390 LOG   GST_POLL gstpoll.c:994:gst_poll_fd_ctl_write: 0x246cb60: pfd->events now 56 (POLLOUT:4)
0:00:00.003273229  4420 0x2453390 DEBUG   GST_POLL gstpoll.c:1414:gst_poll_wait: 0x246cb60: timeout :0:00:01.000000000
0:00:00.000081273  4421 0x16ea320 INFO   GST_INIT gst.c:586:init_pre: Initializing GStreamer Core Library version 1.18.4
0:00:00.000122624  4421 0x16ea320 INFO   GST_INIT gst.c:587:init_pre: Using library installed in /home/conan/w/prod/BuildSingleReference/.conan/data/gstreamer/1.18.4/_/_/package/bec7fecef66b28e957582014d79b970659fc2b7f/lib
0:00:00.000138099  4421 0x16ea320 INFO   GST_INIT gst.c:607:init_pre: Linux jnlp-linux-gcc-5-1.59.0-kpq8q 5.10.162+ #1 SMP Wed Mar 1 09:59:00 UTC 2023 x86_64
0:00:00.000264469  4421 0x16ea320 DEBUG   GST_MEMORY gstallocator.c:589:_priv_gst_allocator_initialize: memory alignment: 7
0:00:00.000381231  4421 0x16ea320 TRACE   GST_REFCOUNTING gstobject.c:208:gst_object_init: 0x16ecf90 new
0:00:00.000392240  4421 0x16ea320 DEBUG   GST_MEMORY gstallocator.c:565:gst_allocator_sysmem_init: init allocator 0x16ecf90
0:00:00.000413589  4421 0x16ea320 TRACE   GST_REFCOUNTING gstobject.c:294:gst_object_ref_sink: 0x16ecf90 ref_sink 1->2
0:00:00.000422913  4421 0x16ea320 TRACE   GST_REFCOUNTING gstobject.c:238:gst_object_ref: 0x16ecf90 ref 1->2
0:00:00.000441990  4421 0x16ea320 DEBUG   GST_MEMORY gstallocator.c:207:gst_allocator_register: registering allocator 0x16ecf90 with name "SystemMemory"
0:00:00.000452366  4421 0x16ea320 TRACE   GST_REFCOUNTING gstobject.c:238:gst_object_ref: 0x16ecf90 ref 2->3
0:00:00.000507098  4421 0x16ea320 TRACE   GST_CAPS gstcaps.c:263:gst_caps_new_empty: created caps 0x16e6b60
0:00:00.000516669  4421 0x16ea320 TRACE   GST_CAPS gstcaps.c:263:gst_caps_new_empty: created caps 0x16e6be0
0:00:00.000529472  4421 0x16ea320 TRACE   caps-features gstcapsfeatures.c:191:gst_caps_features_new_empty: created caps features 0x16e5d00
0:00:00.000536202  4421 0x16ea320 TRACE   caps-features gstcapsfeatures.c:191:gst_caps_features_new_empty: created caps features 0x16e6e70
0:00:00.000544334  4421 0x16ea320 INFO   GST_INIT gstmessage.c:129:_priv_gst_message_initialize: init messages
0:00:00.000630071  4421 0x16ea320 TRACE   structure gststructure.c:287:gst_structure_new_id_empty_with_size: created structure 0x16f09d0
0:00:00.000641081  4421 0x16ea320 DEBUG   GST_ELEMENT_PADS gstelement.c:312:gst_element_base_class_init: type GstElement : factory (nil)
0:00:00.000688678  4421 0x16ea320 TRACE   structure gststructure.c:287:gst_structure_new_id_empty_with_size: created structure 0x16f1ad0
0:00:00.000697319  4421 0x16ea320 TRACE   GST_PERFORMANCE gststructure.c:509:gst_structure_copy: doing copy 0x16f09d0 -> 0x16f1ad0
0:00:00.000704607  4421 0x16ea320 DEBUG   GST_ELEMENT_PADS gstelement.c:312:gst_element_base_class_init: type GstBin : factory (nil)
0:00:00.001180290  4421 0x16ea320 INFO   GST_INIT gstcontext.c:85:_priv_gst_context_initialize: init contexts
0:00:00.001473398  4421 0x16ea320 INFO   GST_PLUGIN_LOADING gstplugin.c:325:_priv_gst_plugin_initialize: registering 0 static plugins
0:00:00.001503660  4421 0x16ea320 LOG   GST_PLUGIN_LOADING gstplugin.c:230:gst_plugin_register_static: attempting to load static plugin "staticelements" now...
0:00:00.001519055  4421 0x16ea320 TRACE   GST_REFCOUNTING gstobject.c:208:gst_object_init: 0x1701860 new
0:00:00.001534278  4421 0x16ea320 LOG   GST_PLUGIN_LOADING gstplugin.c:514:gst_plugin_register_func: plugin "(NULL)" looks good
0:00:00.001560643  4421 0x16ea320 TRACE   GST_REFCOUNTING gstobject.c:208:gst_object_init: 0x1701d20 new
0:00:00.001576569  4421 0x16ea320 TRACE   GST_REFCOUNTING gstobject.c:294:gst_object_ref_sink: 0x1701d20 ref_sink 1->2
0:00:00.001585658  4421 0x16ea320 TRACE   GST_REFCOUNTING gstobject.c:208:gst_object_init: 0x1701ee0 new
0:00:00.001596362  4421 0x16ea320 LOG   GST_ELEMENT_FACTORY gstelementfactory.c:238:gst_element_register: Created new elementfactory for type GstBin
0:00:00.001605708  4421 0x16ea320 TRACE   structure gststructure.c:287:gst_structure_new_id_empty_with_size: created structure 0x1702140
0:00:00.001622929  4421 0x16ea320 TRACE   GST_PERFORMANCE gststructure.c:509:gst_structure_copy: doing copy 0x16f1ad0 -> 0x1702140
0:00:00.001638084  4421 0x16ea320 DEBUG   GST_REGISTRY gstregistry.c:590:gst_registry_add_feature: adding feature 0x1701ee0 (bin)
0:00:00.001645761  4421 0x16ea320 DEBUG   GST_REFCOUNTING gstobject.c:709:gst_object_set_parent: set parent (ref and sink)
0:00:00.001653808  4421 0x16ea320 TRACE   GST_REFCOUNTING gstobject.c:294:gst_object_ref_sink: 0x1701ee0 ref_sink 1->2
0:00:00.001661037  4421 0x16ea320 LOG   GST_REGISTRY gstregistry.c:608:gst_registry_add_feature: emitting feature-added for bin
0:00:00.001675374  4421 0x16ea320 TRACE   GST_REFCOUNTING gstobject.c:208:gst_object_init: 0x17024b0 new
0:00:00.001685682  4421 0x16ea320 LOG   GST_ELEMENT_FACTORY gstelementfactory.c:238:gst_element_register: Created new elementfactory for type GstPipeline
0:00:00.001696434  4421 0x16ea320 TRACE   structure gststructure.c:287:gst_structure_new_id_empty_with_size: created structure 0x1702990
0:00:00.001705030  4421 0x16ea320 TRACE   GST_PERFORMANCE gststructure.c:509:gst_structure_copy: doing copy 0x16f1ad0 -> 0x1702990
0:00:00.001712701  4421 0x16ea320 DEBUG   GST_ELEMENT_PADS gstelement.c:312:gst_element_base_class_init: type GstPipeline : factory 0x17024b0
0:00:00.001741947  4421 0x16ea320 TRACE   structure gststructure.c:287:gst_structure_new_id_empty_with_size: created structure 0x16f26b0
0:00:00.001764224  4421 0x16ea320 TRACE   GST_PERFORMANCE gststructure.c:509:gst_structure_copy: doing copy 0x1702990 -> 0x16f26b0
0:00:00.001778503  4421 0x16ea320 DEBUG   GST_REGISTRY gstregistry.c:590:gst_registry_add_feature: adding feature 0x17024b0 (pipeline)
0:00:00.001791087  4421 0x16ea320 DEBUG   GST_REFCOUNTING gstobject.c:709:gst_object_set_parent: set parent (ref and sink)
0:00:00.001803860  4421 0x16ea320 TRACE   GST_REFCOUNTING gstobject.c:294:gst_object_ref_sink: 0x17024b0 ref_sink 1->2
0:00:00.001812146  4421 0x16ea320 LOG   GST_REGISTRY gstregistry.c:608:gst_registry_add_feature: emitting feature-added for pipeline
0:00:00.001818246  4421 0x16ea320 LOG   GST_PLUGIN_LOADING gstplugin.c:541:gst_plugin_register_func: plugin "(NULL)" initialised
0:00:00.001823854  4421 0x16ea320 INFO   GST_PLUGIN_LOADING gstplugin.c:233:gst_plugin_register_static: registered static plugin "staticelements"
0:00:00.001831314  4421 0x16ea320 DEBUG   GST_REGISTRY gstregistry.c:474:gst_registry_add_plugin: adding plugin 0x1701860 for filename "(NULL)"
0:00:00.001838029  4421 0x16ea320 TRACE   GST_REFCOUNTING gstobject.c:294:gst_object_ref_sink: 0x1701860 ref_sink 1->2
0:00:00.001844342  4421 0x16ea320 LOG   GST_REGISTRY gstregistry.c:487:gst_registry_add_plugin: emitting plugin-added for filename "(NULL)"
0:00:00.001853911  4421 0x16ea320 INFO   GST_PLUGIN_LOADING gstplugin.c:235:gst_plugin_register_static: added static plugin "staticelements", result: 1
0:00:00.001877362  4421 0x16ea320 DEBUG   GST_REGISTRY gstregistry.c:1786:ensure_current_registry: Not updating registry cache (disabled)
0:00:00.001884125  4421 0x16ea320 INFO   GST_REGISTRY gstregistry.c:1790:ensure_current_registry: registry reading and updating done, result = 1
0:00:00.001888789  4421 0x16ea320 LOG   GST_REGISTRY gstregistry.c:1866:gst_update_registry: registry update succeeded
0:00:00.001895054  4421 0x16ea320 INFO   GST_INIT gst.c:807:init_post: GLib runtime version: 2.76.2
0:00:00.001901603  4421 0x16ea320 INFO   GST_INIT gst.c:809:init_post: GLib headers version: 2.76.2
0:00:00.001906504  4421 0x16ea320 INFO   GST_INIT gst.c:810:init_post: initialized GStreamer successfully
0:00:00.001914749  4421 0x16ea320 DEBUG   default gsttracerutils.c:77:_priv_gst_tracing_init: Initializing GstTracer
0:00:00.001941849  4421 0x16ea320 DEBUG   GST_POLL gstpoll.c:681:gst_poll_new: 0x16f2820: new controllable : 0
0:00:00.001965926  4421 0x16ea320 DEBUG   GST_POLL gstpoll.c:848:gst_poll_add_fd_unlocked: 0x16f2820: fd (fd:3, idx:0)
0:00:00.001973400  4421 0x16ea320 DEBUG   GST_POLL gstpoll.c:1015:gst_poll_fd_ctl_read_unlocked: 0x16f2820: fd (fd:3, idx:0), active : 1
0:00:00.001989182  4421 0x16ea320 DEBUG   GST_POLL gstpoll.c:848:gst_poll_add_fd_unlocked: 0x16f2820: fd (fd:0, idx:-1)
0:00:00.001997131  4421 0x16ea320 DEBUG   GST_POLL gstpoll.c:848:gst_poll_add_fd_unlocked: 0x16f2820: fd (fd:5, idx:-1)
0:00:00.002004288  4421 0x16ea320 DEBUG   GST_POLL gstpoll.c:1015:gst_poll_fd_ctl_read_unlocked: 0x16f2820: fd (fd:5, idx:2), active : 1
0:00:00.002009733  4421 0x16ea320 DEBUG   GST_PLUGIN_LOADING gstpluginloader.c:583:_gst_plugin_loader_client_run: Plugin scanner child running. Waiting for instructions
0:00:00.002018220  4421 0x16ea320 DEBUG   GST_POLL gstpoll.c:1414:gst_poll_wait: 0x16f2820: timeout :0:00:01.000000000
0:00:00.002031631  4421 0x16ea320 LOG   GST_PLUGIN_LOADING gstpluginloader.c:1028:exchange_packets: Poll res = 1. 0 bytes pending for write
0:00:00.002041061  4421 0x16ea320 DEBUG   GST_POLL gstpoll.c:1241:gst_poll_fd_has_error: 0x16f2820: fd (fd:5, idx:2) 0
0:00:00.002047907  4421 0x16ea320 DEBUG   GST_POLL gstpoll.c:1266:gst_poll_fd_can_read_unlocked: 0x16f2820: fd (fd:5, idx:2) 1
0:00:00.002057852  4421 0x16ea320 LOG   GST_PLUGIN_LOADING gstpluginloader.c:1006:read_one: No payload to read for 0 length packet type 5 tag 0
0:00:00.002066006  4421 0x16ea320 DEBUG   GST_POLL gstpoll.c:980:gst_poll_fd_ctl_write: 0x16f2820: fd (fd:0, idx:1), active : 1
0:00:00.002071911  4421 0x16ea320 LOG   GST_POLL gstpoll.c:994:gst_poll_fd_ctl_write: 0x16f2820: pfd->events now 60 (POLLOUT:4)
0:00:00.002077168  4421 0x16ea320 LOG   GST_PLUGIN_LOADING gstpluginloader.c:934:handle_rx_packet: Got VERSION in child - replying 3
0:00:00.002086725  4421 0x16ea320 DEBUG   GST_POLL gstpoll.c:1241:gst_poll_fd_has_error: 0x16f2820: fd (fd:0, idx:1) 0
0:00:00.002093863  4421 0x16ea320 DEBUG   GST_POLL gstpoll.c:1335:gst_poll_fd_can_write: 0x16f2820: fd (fd:0, idx:1) 0
0:00:00.002105683  4421 0x16ea320 DEBUG   GST_POLL gstpoll.c:1195:gst_poll_fd_has_closed: 0x16f2820: fd (fd:0, idx:1) 0
0:00:00.002112764  4421 0x16ea320 DEBUG   GST_POLL gstpoll.c:1414:gst_poll_wait: 0x16f2820: timeout :0:00:01.000000000
0:00:00.002120854  4421 0x16ea320 LOG   GST_PLUGIN_LOADING gstpluginloader.c:1028:exchange_packets: Poll res = 2. 80 bytes pending for write
0:00:00.002127453  4421 0x16ea320 DEBUG   GST_POLL gstpoll.c:1241:gst_poll_fd_has_error: 0x16f2820: fd (fd:5, idx:2) 0
0:00:00.002133320  4421 0x16ea320 DEBUG   GST_POLL gstpoll.c:1266:gst_poll_fd_can_read_unlocked: 0x16f2820: fd (fd:5, idx:2) 1
0:00:00.002143543  4421 0x16ea320 LOG   GST_PLUGIN_LOADING gstpluginloader.c:1006:read_one: No payload to read for 0 length packet type 3 tag 0
0:00:00.002151634  4421 0x16ea320 DEBUG   GST_POLL gstpoll.c:980:gst_poll_fd_ctl_write: 0x16f2820: fd (fd:0, idx:1), active : 1
0:00:00.002157706  4421 0x16ea320 LOG   GST_POLL gstpoll.c:994:gst_poll_fd_ctl_write: 0x16f2820: pfd->events now 60 (POLLOUT:4)
0:00:00.002162548  4421 0x16ea320 LOG   GST_PLUGIN_LOADING gstpluginloader.c:919:handle_rx_packet: Got SYNC in child - replying
0:00:00.002168950  4421 0x16ea320 DEBUG   GST_POLL gstpoll.c:1241:gst_poll_fd_has_error: 0x16f2820: fd (fd:0, idx:1) 0
0:00:00.002174751  4421 0x16ea320 DEBUG   GST_POLL gstpoll.c:1335:gst_poll_fd_can_write: 0x16f2820: fd (fd:0, idx:1) 1
0:00:00.002180214  4421 0x16ea320 LOG   GST_PLUGIN_LOADING gstpluginloader.c:690:write_one: Writing packet of size 80 bytes to fd 0
0:00:00.002202713  4421 0x16ea320 DEBUG   GST_POLL gstpoll.c:1414:gst_poll_wait: 0x16f2820: timeout :0:00:01.000000000
0:00:00.002212105  4421 0x16ea320 LOG   GST_PLUGIN_LOADING gstpluginloader.c:1028:exchange_packets: Poll res = 1. 12 bytes pending for write
0:00:00.002218842  4421 0x16ea320 DEBUG   GST_POLL gstpoll.c:1241:gst_poll_fd_has_error: 0x16f2820: fd (fd:5, idx:2) 0
0:00:00.002224549  4421 0x16ea320 DEBUG   GST_POLL gstpoll.c:1266:gst_poll_fd_can_read_unlocked: 0x16f2820: fd (fd:5, idx:2) 0
0:00:00.002230006  4421 0x16ea320 DEBUG   GST_POLL gstpoll.c:1195:gst_poll_fd_has_closed: 0x16f2820: fd (fd:5, idx:2) 0
0:00:00.002235406  4421 0x16ea320 DEBUG   GST_POLL gstpoll.c:1241:gst_poll_fd_has_error: 0x16f2820: fd (fd:0, idx:1) 0
0:00:00.007071922  4420 0x2453390 LOG   GST_PLUGIN_LOADING gstpluginloader.c:1028:exchange_packets: Poll res = 1. 0 bytes pending for write
0:00:00.002243829  4421 0x16ea320 DEBUG   GST_POLL gstpoll.c:1335:gst_poll_fd_can_write: 0x16f2820: fd (fd:0, idx:1) 1
0:00:00.002253410  4421 0x16ea320 LOG   GST_PLUGIN_LOADING gstpluginloader.c:690:write_one: Writing packet of size 12 bytes to fd 0
0:00:00.007094505  4420 0x2453390 DEBUG   GST_POLL gstpoll.c:1241:gst_poll_fd_has_error: 0x246cb60: fd (fd:8, idx:2) 0
0:00:00.002261489  4421 0x16ea320 DEBUG   GST_POLL gstpoll.c:980:gst_poll_fd_ctl_write: 0x16f2820: fd (fd:0, idx:1), active : 0
0:00:00.007103357  4420 0x2453390 DEBUG   GST_POLL gstpoll.c:1266:gst_poll_fd_can_read_unlocked: 0x246cb60: fd (fd:8, idx:2) 1
0:00:00.002268154  4421 0x16ea320 LOG   GST_POLL gstpoll.c:994:gst_poll_fd_ctl_write: 0x16f2820: pfd->events now 56 (POLLOUT:4)
0:00:00.007125459  4420 0x2453390 LOG   GST_PLUGIN_LOADING gstpluginloader.c:805:check_protocol_version: Got VERSION 3 from child. Ours is 3
0:00:00.002286582  4421 0x16ea320 DEBUG   GST_POLL gstpoll.c:1414:gst_poll_wait: 0x16f2820: timeout :0:00:01.000000000
0:00:00.007138452  4420 0x2453390 DEBUG   GST_POLL gstpoll.c:1414:gst_poll_wait: 0x246cb60: timeout :0:00:01.000000000
0:00:00.007149331  4420 0x2453390 LOG   GST_PLUGIN_LOADING gstpluginloader.c:1028:exchange_packets: Poll res = 1. 0 bytes pending for write
0:00:00.007156155  4420 0x2453390 DEBUG   GST_POLL gstpoll.c:1241:gst_poll_fd_has_error: 0x246cb60: fd (fd:8, idx:2) 0
0:00:00.007172142  4420 0x2453390 DEBUG   GST_POLL gstpoll.c:1266:gst_poll_fd_can_read_unlocked: 0x246cb60: fd (fd:8, idx:2) 1
0:00:00.007179862  4420 0x2453390 LOG   GST_PLUGIN_LOADING gstpluginloader.c:1006:read_one: No payload to read for 0 length packet type 3 tag 0
0:00:00.007192984  4420 0x2453390 LOG   GST_PLUGIN_LOADING gstpluginloader.c:236:plugin_loader_load: Sending file /home/conan/w/prod/BuildSingleReference/.conan/data/gstreamer/1.18.4/_/_/package/bec7fecef66b28e957582014d79b970659fc2b7f/lib/gstreamer-1.0/libgstcoretracers.so to child. tag 0
0:00:00.007202599  4420 0x2453390 DEBUG   GST_POLL gstpoll.c:980:gst_poll_fd_ctl_write: 0x246cb60: fd (fd:7, idx:1), active : 1
0:00:00.007209189  4420 0x2453390 LOG   GST_POLL gstpoll.c:994:gst_poll_fd_ctl_write: 0x246cb60: pfd->events now 60 (POLLOUT:4)
0:00:00.007216556  4420 0x2453390 DEBUG   GST_POLL gstpoll.c:1414:gst_poll_wait: 0x246cb60: timeout :0:00:01.000000000
0:00:00.007224681  4420 0x2453390 LOG   GST_PLUGIN_LOADING gstpluginloader.c:1028:exchange_packets: Poll res = 1. 173 bytes pending for write
0:00:00.007231064  4420 0x2453390 DEBUG   GST_POLL gstpoll.c:1241:gst_poll_fd_has_error: 0x246cb60: fd (fd:8, idx:2) 0
0:00:00.007236663  4420 0x2453390 DEBUG   GST_POLL gstpoll.c:1266:gst_poll_fd_can_read_unlocked: 0x246cb60: fd (fd:8, idx:2) 0
0:00:00.007245546  4420 0x2453390 DEBUG   GST_POLL gstpoll.c:1195:gst_poll_fd_has_closed: 0x246cb60: fd (fd:8, idx:2) 0
0:00:00.007252537  4420 0x2453390 DEBUG   GST_POLL gstpoll.c:1241:gst_poll_fd_has_error: 0x246cb60: fd (fd:7, idx:1) 0
0:00:00.007258472  4420 0x2453390 DEBUG   GST_POLL gstpoll.c:1335:gst_poll_fd_can_write: 0x246cb60: fd (fd:7, idx:1) 1
0:00:00.007264060  4420 0x2453390 LOG   GST_PLUGIN_LOADING gstpluginloader.c:690:write_one: Writing packet of size 173 bytes to fd 7
0:00:00.007281213  4420 0x2453390 DEBUG   GST_POLL gstpoll.c:980:gst_poll_fd_ctl_write: 0x246cb60: fd (fd:7, idx:1), active : 0
0:00:00.007287354  4420 0x2453390 LOG   GST_POLL gstpoll.c:994:gst_poll_fd_ctl_write: 0x246cb60: pfd->events now 56 (POLLOUT:4)
0:00:00.002462971  4421 0x16ea320 LOG   GST_PLUGIN_LOADING gstpluginloader.c:1028:exchange_packets: Poll res = 1. 0 bytes pending for write
0:00:00.007311174  4420 0x2453390 LOG   GST_REGISTRY gstregistry.c:1300:gst_registry_scan_path_level: file /home/conan/w/prod/BuildSingleReference/.conan/data/gstreamer/1.18.4/_/_/package/bec7fecef66b28e957582014d79b970659fc2b7f/lib/gstreamer-1.0/libgstcoreelements.so looks like a possible module
0:00:00.002478726  4421 0x16ea320 DEBUG   GST_POLL gstpoll.c:1241:gst_poll_fd_has_error: 0x16f2820: fd (fd:5, idx:2) 0
0:00:00.002485728  4421 0x16ea320 DEBUG   GST_POLL gstpoll.c:1266:gst_poll_fd_can_read_unlocked: 0x16f2820: fd (fd:5, idx:2) 1
0:00:00.007327424  4420 0x2453390 DEBUG   GST_REGISTRY gstregistry.c:1361:gst_registry_scan_path_level: file /home/conan/w/prod/BuildSingleReference/.conan/data/gstreamer/1.18.4/_/_/package/bec7fecef66b28e957582014d79b970659fc2b7f/lib/gstreamer-1.0/libgstcoreelements.so not yet in registry
0:00:00.007335058  4420 0x2453390 DEBUG   GST_REGISTRY gstregistry.c:1172:gst_registry_scan_plugin_file: Using scan-helper to load plugin /home/conan/w/prod/BuildSingleReference/.conan/data/gstreamer/1.18.4/_/_/package/bec7fecef66b28e957582014d79b970659fc2b7f/lib/gstreamer-1.0/libgstcoreelements.so
0:00:00.002495551  4421 0x16ea320 DEBUG   GST_PLUGIN_LOADING gstpluginloader.c:722:do_plugin_load: Plugin scanner loading file /home/conan/w/prod/BuildSingleReference/.conan/data/gstreamer/1.18.4/_/_/package/bec7fecef66b28e957582014d79b970659fc2b7f/lib/gstreamer-1.0/libgstcoretracers.so. tag 0
0:00:00.007342442  4420 0x2453390 LOG   GST_PLUGIN_LOADING gstpluginloader.c:236:plugin_loader_load: Sending file /home/conan/w/prod/BuildSingleReference/.conan/data/gstreamer/1.18.4/_/_/package/bec7fecef66b28e957582014d79b970659fc2b7f/lib/gstreamer-1.0/libgstcoreelements.so to child. tag 1
0:00:00.002506502  4421 0x16ea320 DEBUG   GST_PLUGIN_LOADING gstplugin.c:768:_priv_gst_plugin_load_file_for_registry: attempt to load plugin "/home/conan/w/prod/BuildSingleReference/.conan/data/gstreamer/1.18.4/_/_/package/bec7fecef66b28e957582014d79b970659fc2b7f/lib/gstreamer-1.0/libgstcoretracers.so"
0:00:00.007353204  4420 0x2453390 DEBUG   GST_POLL gstpoll.c:980:gst_poll_fd_ctl_write: 0x246cb60: fd (fd:7, idx:1), active : 1
0:00:00.007362745  4420 0x2453390 LOG   GST_POLL gstpoll.c:994:gst_poll_fd_ctl_write: 0x246cb60: pfd->events now 60 (POLLOUT:4)
0:00:00.007372653  4420 0x2453390 DEBUG   GST_POLL gstpoll.c:1414:gst_poll_wait: 0x246cb60: timeout :0:00:01.000000000
0:00:00.007387043  4420 0x2453390 LOG   GST_PLUGIN_LOADING gstpluginloader.c:1028:exchange_packets: Poll res = 1. 174 bytes pending for write
0:00:00.007397070  4420 0x2453390 DEBUG   GST_POLL gstpoll.c:1241:gst_poll_fd_has_error: 0x246cb60: fd (fd:8, idx:2) 0
0:00:00.007406270  4420 0x2453390 DEBUG   GST_POLL gstpoll.c:1266:gst_poll_fd_can_read_unlocked: 0x246cb60: fd (fd:8, idx:2) 0
0:00:00.007416121  4420 0x2453390 DEBUG   GST_POLL gstpoll.c:1195:gst_poll_fd_has_closed: 0x246cb60: fd (fd:8, idx:2) 0
0:00:00.007425713  4420 0x2453390 DEBUG   GST_POLL gstpoll.c:1241:gst_poll_fd_has_error: 0x246cb60: fd (fd:7, idx:1) 0
0:00:00.007435113  4420 0x2453390 DEBUG   GST_POLL gstpoll.c:1335:gst_poll_fd_can_write: 0x246cb60: fd (fd:7, idx:1) 1
0:00:00.007443162  4420 0x2453390 LOG   GST_PLUGIN_LOADING gstpluginloader.c:690:write_one: Writing packet of size 174 bytes to fd 7
0:00:00.007463929  4420 0x2453390 DEBUG   GST_POLL gstpoll.c:980:gst_poll_fd_ctl_write: 0x246cb60: fd (fd:7, idx:1), active : 0
0:00:00.007470785  4420 0x2453390 LOG   GST_POLL gstpoll.c:994:gst_poll_fd_ctl_write: 0x246cb60: pfd->events now 56 (POLLOUT:4)
0:00:00.007491501  4420 0x2453390 DEBUG   GST_REGISTRY gstregistry.c:1384:gst_registry_scan_path_internal: registry changed in path /home/conan/w/prod/BuildSingleReference/.conan/data/gstreamer/1.18.4/_/_/package/bec7fecef66b28e957582014d79b970659fc2b7f/lib/gstreamer-1.0: 0
0:00:00.007499394  4420 0x2453390 DEBUG   GST_REGISTRY gstregistry.c:1659:scan_and_update_registry: GST_PLUGIN_SYSTEM_PATH not set
0:00:00.007514324  4420 0x2453390 DEBUG   GST_REGISTRY gstregistry.c:1666:scan_and_update_registry: scanning home plugins /home/conan/.local/share/gstreamer-1.0/plugins
0:00:00.007521847  4420 0x2453390 DEBUG   GST_REGISTRY gstregistry.c:1380:gst_registry_scan_path_internal: scanning path /home/conan/.local/share/gstreamer-1.0/plugins
0:00:00.007549751  4420 0x2453390 DEBUG   GST_REGISTRY gstregistry.c:1384:gst_registry_scan_path_internal: registry changed in path /home/conan/.local/share/gstreamer-1.0/plugins: 0
0:00:00.007556326  4420 0x2453390 DEBUG   GST_REGISTRY gstregistry.c:1691:scan_and_update_registry: scanning main plugins /home/conan/w/prod/BuildSingleReference/.conan/data/gstreamer/1.18.4/_/_/package/bec7fecef66b28e957582014d79b970659fc2b7f/lib/gstreamer-1.0
0:00:00.007562391  4420 0x2453390 DEBUG   GST_REGISTRY gstregistry.c:1380:gst_registry_scan_path_internal: scanning path /home/conan/w/prod/BuildSingleReference/.conan/data/gstreamer/1.18.4/_/_/package/bec7fecef66b28e957582014d79b970659fc2b7f/lib/gstreamer-1.0
0:00:00.002739155  4421 0x16ea320 TRACE   GST_REFCOUNTING gstobject.c:208:gst_object_init: 0x1703eb0 new
0:00:00.007626040  4420 0x2453390 LOG   GST_REGISTRY gstregistry.c:1300:gst_registry_scan_path_level: file /home/conan/w/prod/BuildSingleReference/.conan/data/gstreamer/1.18.4/_/_/package/bec7fecef66b28e957582014d79b970659fc2b7f/lib/gstreamer-1.0/libgstcoretracers.so looks like a possible module
0:00:00.007641754  4420 0x2453390 DEBUG   GST_REGISTRY gstregistry.c:1361:gst_registry_scan_path_level: file /home/conan/w/prod/BuildSingleReference/.conan/data/gstreamer/1.18.4/_/_/package/bec7fecef66b28e957582014d79b970659fc2b7f/lib/gstreamer-1.0/libgstcoretracers.so not yet in registry
0:00:00.002804145  4421 0x16ea320 LOG   GST_PLUGIN_LOADING gstplugin.c:890:_priv_gst_plugin_load_file_for_registry: Plugin 0x1703eb0 for file "/home/conan/w/prod/BuildSingleReference/.conan/data/gstreamer/1.18.4/_/_/package/bec7fecef66b28e957582014d79b970659fc2b7f/lib/gstreamer-1.0/libgstcoretracers.so" prepared, calling entry function...
0:00:00.007652578  4420 0x2453390 DEBUG   GST_REGISTRY gstregistry.c:1172:gst_registry_scan_plugin_file: Using scan-helper to load plugin /home/conan/w/prod/BuildSingleReference/.conan/data/gstreamer/1.18.4/_/_/package/bec7fecef66b28e957582014d79b970659fc2b7f/lib/gstreamer-1.0/libgstcoretracers.so
0:00:00.007661571  4420 0x2453390 LOG   GST_PLUGIN_LOADING gstpluginloader.c:236:plugin_loader_load: Sending file /home/conan/w/prod/BuildSingleReference/.conan/data/gstreamer/1.18.4/_/_/package/bec7fecef66b28e957582014d79b970659fc2b7f/lib/gstreamer-1.0/libgstcoretracers.so to child. tag 2
0:00:00.002821272  4421 0x16ea320 LOG   GST_PLUGIN_LOADING gstplugin.c:897:_priv_gst_plugin_load_file_for_registry: Plugin 0x1703eb0 for file "/home/conan/w/prod/BuildSingleReference/.conan/data/gstreamer/1.18.4/_/_/package/bec7fecef66b28e957582014d79b970659fc2b7f/lib/gstreamer-1.0/libgstcoretracers.so" prepared, registering...
0:00:00.007675413  4420 0x2453390 DEBUG   GST_POLL gstpoll.c:980:gst_poll_fd_ctl_write: 0x246cb60: fd (fd:7, idx:1), active : 1
0:00:00.002836307  4421 0x16ea320 LOG   GST_PLUGIN_LOADING gstplugin.c:514:gst_plugin_register_func: plugin "/home/conan/w/prod/BuildSingleReference/.conan/data/gstreamer/1.18.4/_/_/package/bec7fecef66b28e957582014d79b970659fc2b7f/lib/gstreamer-1.0/libgstcoretracers.so" looks good
0:00:00.007682473  4420 0x2453390 LOG   GST_POLL gstpoll.c:994:gst_poll_fd_ctl_write: 0x246cb60: pfd->events now 60 (POLLOUT:4)
0:00:00.007690190  4420 0x2453390 DEBUG   GST_POLL gstpoll.c:1414:gst_poll_wait: 0x246cb60: timeout :0:00:01.000000000
0:00:00.007698842  4420 0x2453390 LOG   GST_PLUGIN_LOADING gstpluginloader.c:1028:exchange_packets: Poll res = 1. 173 bytes pending for write
0:00:00.007705171  4420 0x2453390 DEBUG   GST_POLL gstpoll.c:1241:gst_poll_fd_has_error: 0x246cb60: fd (fd:8, idx:2) 0
0:00:00.002864594  4421 0x16ea320 TRACE   GST_REFCOUNTING gstobject.c:208:gst_object_init: 0x1704190 new
0:00:00.007713873  4420 0x2453390 DEBUG   GST_POLL gstpoll.c:1266:gst_poll_fd_can_read_unlocked: 0x246cb60: fd (fd:8, idx:2) 0
0:00:00.002878488  4421 0x16ea320 DEBUG   GST_TRACER gsttracer.c:169:gst_tracer_register: new tracer factory for latency
0:00:00.007721178  4420 0x2453390 DEBUG   GST_POLL gstpoll.c:1195:gst_poll_fd_has_closed: 0x246cb60: fd (fd:8, idx:2) 0
0:00:00.007728946  4420 0x2453390 DEBUG   GST_POLL gstpoll.c:1241:gst_poll_fd_has_error: 0x246cb60: fd (fd:7, idx:1) 0
0:00:00.002888963  4421 0x16ea320 DEBUG   GST_TRACER gsttracer.c:177:gst_tracer_register: tracer factory for 24123120:GstLatencyTracer
0:00:00.007734789  4420 0x2453390 DEBUG   GST_POLL gstpoll.c:1335:gst_poll_fd_can_write: 0x246cb60: fd (fd:7, idx:1) 1
0:00:00.002898047  4421 0x16ea320 DEBUG   GST_REGISTRY gstregistry.c:590:gst_registry_add_feature: adding feature 0x1704190 (latency)
0:00:00.007740980  4420 0x2453390 LOG   GST_PLUGIN_LOADING gstpluginloader.c:690:write_one: Writing packet of size 173 bytes to fd 7
0:00:00.002904866  4421 0x16ea320 DEBUG   GST_REFCOUNTING gstobject.c:709:gst_object_set_parent: set parent (ref and sink)
0:00:00.007749656  4420 0x2453390 DEBUG   GST_POLL gstpoll.c:980:gst_poll_fd_ctl_write: 0x246cb60: fd (fd:7, idx:1), active : 0
0:00:00.002912542  4421 0x16ea320 TRACE   GST_REFCOUNTING gstobject.c:294:gst_object_ref_sink: 0x1704190 ref_sink 1->2
0:00:00.007756132  4420 0x2453390 LOG   GST_POLL gstpoll.c:994:gst_poll_fd_ctl_write: 0x246cb60: pfd->events now 56 (POLLOUT:4)
0:00:00.002922129  4421 0x16ea320 LOG   GST_REGISTRY gstregistry.c:608:gst_registry_add_feature: emitting feature-added for latency
0:00:00.007777936  4420 0x2453390 LOG   GST_REGISTRY gstregistry.c:1300:gst_registry_scan_path_level: file /home/conan/w/prod/BuildSingleReference/.conan/data/gstreamer/1.18.4/_/_/package/bec7fecef66b28e957582014d79b970659fc2b7f/lib/gstreamer-1.0/libgstcoreelements.so looks like a possible module
0:00:00.007786961  4420 0x2453390 DEBUG   GST_REGISTRY gstregistry.c:1361:gst_registry_scan_path_level: file /home/conan/w/prod/BuildSingleReference/.conan/data/gstreamer/1.18.4/_/_/package/bec7fecef66b28e957582014d79b970659fc2b7f/lib/gstreamer-1.0/libgstcoreelements.so not yet in registry
0:00:00.002947184  4421 0x16ea320 TRACE   GST_REFCOUNTING gstobject.c:208:gst_object_init: 0x1704680 new
0:00:00.007793376  4420 0x2453390 DEBUG   GST_REGISTRY gstregistry.c:1172:gst_registry_scan_plugin_file: Using scan-helper to load plugin /home/conan/w/prod/BuildSingleReference/.conan/data/gstreamer/1.18.4/_/_/package/bec7fecef66b28e957582014d79b970659fc2b7f/lib/gstreamer-1.0/libgstcoreelements.so
0:00:00.007800960  4420 0x2453390 LOG   GST_PLUGIN_LOADING gstpluginloader.c:236:plugin_loader_load: Sending file /home/conan/w/prod/BuildSingleReference/.conan/data/gstreamer/1.18.4/_/_/package/bec7fecef66b28e957582014d79b970659fc2b7f/lib/gstreamer-1.0/libgstcoreelements.so to child. tag 3
0:00:00.002959699  4421 0x16ea320 DEBUG   GST_TRACER gsttracer.c:169:gst_tracer_register: new tracer factory for log
0:00:00.007808231  4420 0x2453390 DEBUG   GST_POLL gstpoll.c:980:gst_poll_fd_ctl_write: 0x246cb60: fd (fd:7, idx:1), active : 1
