0:00:00.015531682  4421 0x16ea320 DEBUG   GST_POLL gstpoll.c:980:gst_poll_fd_ctl_write: 0x16f2820: fd (fd:0, idx:1), active : 1
0:00:00.020377083  4420 0x2453390 DEBUG   GST_REGISTRY gstregistrychunks.c:539:gst_registry_chunks_load_pad_template: Added pad_template src
0:00:00.015537847  4421 0x16ea320 LOG   GST_POLL gstpoll.c:994:gst_poll_fd_ctl_write: 0x16f2820: pfd->events now 60 (POLLOUT:4)
0:00:00.015545524  4421 0x16ea320 DEBUG   GST_POLL gstpoll.c:980:gst_poll_fd_ctl_write: 0x16f2820: fd (fd:0, idx:1), active : 1
0:00:00.020390391  4420 0x2453390 DEBUG   GST_REGISTRY gstregistry.c:590:gst_registry_add_feature: adding feature 0x2470bf0 (typefind)
0:00:00.015551041  4421 0x16ea320 LOG   GST_POLL gstpoll.c:994:gst_poll_fd_ctl_write: 0x16f2820: pfd->events now 60 (POLLOUT:4)
0:00:00.020401740  4420 0x2453390 DEBUG   GST_REFCOUNTING gstobject.c:709:gst_object_set_parent: set parent (ref and sink)
0:00:00.015564819  4421 0x16ea320 DEBUG   GST_POLL gstpoll.c:980:gst_poll_fd_ctl_write: 0x16f2820: fd (fd:0, idx:1), active : 1
0:00:00.020409973  4420 0x2453390 TRACE   GST_REFCOUNTING gstobject.c:294:gst_object_ref_sink: 0x2470bf0 ref_sink 1->2
0:00:00.015571950  4421 0x16ea320 LOG   GST_POLL gstpoll.c:994:gst_poll_fd_ctl_write: 0x16f2820: pfd->events now 60 (POLLOUT:4)
0:00:00.020417195  4420 0x2453390 LOG   GST_REGISTRY gstregistry.c:608:gst_registry_add_feature: emitting feature-added for typefind
0:00:00.015578732  4421 0x16ea320 DEBUG   GST_POLL gstpoll.c:980:gst_poll_fd_ctl_write: 0x16f2820: fd (fd:0, idx:1), active : 1
0:00:00.015585526  4421 0x16ea320 LOG   GST_POLL gstpoll.c:994:gst_poll_fd_ctl_write: 0x16f2820: pfd->events now 60 (POLLOUT:4)
0:00:00.020426768  4420 0x2453390 DEBUG   GST_REGISTRY gstregistrychunks.c:741:gst_registry_chunks_load_feature: Added feature typefind, plugin 0x246d090 coreelements
0:00:00.015591565  4421 0x16ea320 DEBUG   GST_POLL gstpoll.c:980:gst_poll_fd_ctl_write: 0x16f2820: fd (fd:0, idx:1), active : 1
0:00:00.020435402  4420 0x2453390 DEBUG   GST_REGISTRY gstregistrychunks.c:583:gst_registry_chunks_load_feature: Plugin 'coreelements' feature 'tee' typename : 'GstElementFactory'
0:00:00.015597682  4421 0x16ea320 LOG   GST_POLL gstpoll.c:994:gst_poll_fd_ctl_write: 0x16f2820: pfd->events now 60 (POLLOUT:4)
0:00:00.015604187  4421 0x16ea320 DEBUG   GST_POLL gstpoll.c:980:gst_poll_fd_ctl_write: 0x16f2820: fd (fd:0, idx:1), active : 1
0:00:00.020444659  4420 0x2453390 TRACE   GST_REFCOUNTING gstobject.c:208:gst_object_init: 0x2470f30 new
0:00:00.015609780  4421 0x16ea320 LOG   GST_POLL gstpoll.c:994:gst_poll_fd_ctl_write: 0x16f2820: pfd->events now 60 (POLLOUT:4)
0:00:00.020454812  4420 0x2453390 LOG   GST_REGISTRY gstregistrychunks.c:610:gst_registry_chunks_load_feature: Reading/casting for GstRegistryChunkElementFactory at address 0x246ef80
0:00:00.015618454  4421 0x16ea320 DEBUG   GST_POLL gstpoll.c:980:gst_poll_fd_ctl_write: 0x16f2820: fd (fd:0, idx:1), active : 1
0:00:00.020462140  4420 0x2453390 TRACE   structure gststructure.c:287:gst_structure_new_id_empty_with_size: created structure 0x2471100
0:00:00.015625496  4421 0x16ea320 LOG   GST_POLL gstpoll.c:994:gst_poll_fd_ctl_write: 0x16f2820: pfd->events now 60 (POLLOUT:4)
0:00:00.020468307  4420 0x2453390 DEBUG   structure gststructure.c:2203:gst_structure_parse_field: trying field name 'long-name'
0:00:00.015632281  4421 0x16ea320 DEBUG   GST_POLL gstpoll.c:980:gst_poll_fd_ctl_write: 0x16f2820: fd (fd:0, idx:1), active : 1
0:00:00.020474522  4420 0x2453390 DEBUG   default gstvalue.c:2676:_priv_gst_value_parse_value: trying type name 'string'
0:00:00.015638680  4421 0x16ea320 LOG   GST_POLL gstpoll.c:994:gst_poll_fd_ctl_write: 0x16f2820: pfd->events now 60 (POLLOUT:4)
0:00:00.020486880  4420 0x2453390 DEBUG   structure gststructure.c:2203:gst_structure_parse_field: trying field name 'klass'
0:00:00.015647280  4421 0x16ea320 DEBUG   GST_POLL gstpoll.c:980:gst_poll_fd_ctl_write: 0x16f2820: fd (fd:0, idx:1), active : 1
0:00:00.020495047  4420 0x2453390 DEBUG   default gstvalue.c:2676:_priv_gst_value_parse_value: trying type name 'string'
0:00:00.015655175  4421 0x16ea320 LOG   GST_POLL gstpoll.c:994:gst_poll_fd_ctl_write: 0x16f2820: pfd->events now 60 (POLLOUT:4)
0:00:00.020504123  4420 0x2453390 DEBUG   structure gststructure.c:2203:gst_structure_parse_field: trying field name 'description'
0:00:00.015663805  4421 0x16ea320 DEBUG   GST_POLL gstpoll.c:980:gst_poll_fd_ctl_write: 0x16f2820: fd (fd:0, idx:1), active : 1
0:00:00.020510604  4420 0x2453390 DEBUG   default gstvalue.c:2676:_priv_gst_value_parse_value: trying type name 'string'
0:00:00.015671678  4421 0x16ea320 LOG   GST_POLL gstpoll.c:994:gst_poll_fd_ctl_write: 0x16f2820: pfd->events now 60 (POLLOUT:4)
0:00:00.020517915  4420 0x2453390 DEBUG   structure gststructure.c:2203:gst_structure_parse_field: trying field name 'author'
0:00:00.015680654  4421 0x16ea320 DEBUG   GST_POLL gstpoll.c:980:gst_poll_fd_ctl_write: 0x16f2820: fd (fd:0, idx:1), active : 1
0:00:00.020523995  4420 0x2453390 DEBUG   default gstvalue.c:2676:_priv_gst_value_parse_value: trying type name 'string'
0:00:00.015687927  4421 0x16ea320 LOG   GST_POLL gstpoll.c:994:gst_poll_fd_ctl_write: 0x16f2820: pfd->events now 60 (POLLOUT:4)
0:00:00.020532586  4420 0x2453390 DEBUG   GST_REGISTRY gstregistrychunks.c:626:gst_registry_chunks_load_feature: Element factory : npadtemplates=2
0:00:00.015694828  4421 0x16ea320 DEBUG   GST_POLL gstpoll.c:980:gst_poll_fd_ctl_write: 0x16f2820: fd (fd:0, idx:1), active : 1
0:00:00.020538475  4420 0x2453390 DEBUG   GST_REGISTRY gstregistrychunks.c:526:gst_registry_chunks_load_pad_template: Reading/casting for GstRegistryChunkPadTemplate at address 0x246f070
0:00:00.015701042  4421 0x16ea320 LOG   GST_POLL gstpoll.c:994:gst_poll_fd_ctl_write: 0x16f2820: pfd->events now 60 (POLLOUT:4)
0:00:00.020544951  4420 0x2453390 DEBUG   GST_REGISTRY gstregistrychunks.c:539:gst_registry_chunks_load_pad_template: Added pad_template src_%u
0:00:00.015707469  4421 0x16ea320 DEBUG   GST_POLL gstpoll.c:980:gst_poll_fd_ctl_write: 0x16f2820: fd (fd:0, idx:1), active : 1
0:00:00.020553078  4420 0x2453390 DEBUG   GST_REGISTRY gstregistrychunks.c:526:gst_registry_chunks_load_pad_template: Reading/casting for GstRegistryChunkPadTemplate at address 0x246f088
0:00:00.015713549  4421 0x16ea320 LOG   GST_POLL gstpoll.c:994:gst_poll_fd_ctl_write: 0x16f2820: pfd->events now 60 (POLLOUT:4)
0:00:00.020560731  4420 0x2453390 DEBUG   GST_REGISTRY gstregistrychunks.c:539:gst_registry_chunks_load_pad_template: Added pad_template sink
0:00:00.015721660  4421 0x16ea320 DEBUG   GST_POLL gstpoll.c:980:gst_poll_fd_ctl_write: 0x16f2820: fd (fd:0, idx:1), active : 1
0:00:00.015734012  4421 0x16ea320 LOG   GST_POLL gstpoll.c:994:gst_poll_fd_ctl_write: 0x16f2820: pfd->events now 60 (POLLOUT:4)
0:00:00.020575610  4420 0x2453390 DEBUG   GST_REGISTRY gstregistry.c:590:gst_registry_add_feature: adding feature 0x2470f30 (tee)
0:00:00.020584532  4420 0x2453390 DEBUG   GST_REFCOUNTING gstobject.c:709:gst_object_set_parent: set parent (ref and sink)
0:00:00.015742603  4421 0x16ea320 DEBUG   GST_POLL gstpoll.c:980:gst_poll_fd_ctl_write: 0x16f2820: fd (fd:0, idx:1), active : 1
0:00:00.020608163  4420 0x2453390 TRACE   GST_REFCOUNTING gstobject.c:294:gst_object_ref_sink: 0x2470f30 ref_sink 1->2
0:00:00.015770412  4421 0x16ea320 LOG   GST_POLL gstpoll.c:994:gst_poll_fd_ctl_write: 0x16f2820: pfd->events now 60 (POLLOUT:4)
0:00:00.020619217  4420 0x2453390 LOG   GST_REGISTRY gstregistry.c:608:gst_registry_add_feature: emitting feature-added for tee
0:00:00.015781876  4421 0x16ea320 DEBUG   GST_POLL gstpoll.c:980:gst_poll_fd_ctl_write: 0x16f2820: fd (fd:0, idx:1), active : 1
0:00:00.015791358  4421 0x16ea320 LOG   GST_POLL gstpoll.c:994:gst_poll_fd_ctl_write: 0x16f2820: pfd->events now 60 (POLLOUT:4)
0:00:00.020632570  4420 0x2453390 DEBUG   GST_REGISTRY gstregistrychunks.c:741:gst_registry_chunks_load_feature: Added feature tee, plugin 0x246d090 coreelements
0:00:00.015797527  4421 0x16ea320 DEBUG   GST_POLL gstpoll.c:980:gst_poll_fd_ctl_write: 0x16f2820: fd (fd:0, idx:1), active : 1
0:00:00.020643533  4420 0x2453390 DEBUG   GST_REGISTRY gstregistrychunks.c:583:gst_registry_chunks_load_feature: Plugin 'coreelements' feature 'filesink' typename : 'GstElementFactory'
0:00:00.015803843  4421 0x16ea320 LOG   GST_POLL gstpoll.c:994:gst_poll_fd_ctl_write: 0x16f2820: pfd->events now 60 (POLLOUT:4)
0:00:00.015811708  4421 0x16ea320 DEBUG   GST_POLL gstpoll.c:980:gst_poll_fd_ctl_write: 0x16f2820: fd (fd:0, idx:1), active : 1
0:00:00.020653120  4420 0x2453390 TRACE   GST_REFCOUNTING gstobject.c:208:gst_object_init: 0x2471300 new
0:00:00.015819844  4421 0x16ea320 LOG   GST_POLL gstpoll.c:994:gst_poll_fd_ctl_write: 0x16f2820: pfd->events now 60 (POLLOUT:4)
0:00:00.015827131  4421 0x16ea320 DEBUG   GST_POLL gstpoll.c:980:gst_poll_fd_ctl_write: 0x16f2820: fd (fd:0, idx:1), active : 1
0:00:00.020670428  4420 0x2453390 LOG   GST_REGISTRY gstregistrychunks.c:610:gst_registry_chunks_load_feature: Reading/casting for GstRegistryChunkElementFactory at address 0x246f0b8
0:00:00.015832996  4421 0x16ea320 LOG   GST_POLL gstpoll.c:994:gst_poll_fd_ctl_write: 0x16f2820: pfd->events now 60 (POLLOUT:4)
0:00:00.020677876  4420 0x2453390 TRACE   structure gststructure.c:287:gst_structure_new_id_empty_with_size: created structure 0x24714c0
0:00:00.015839544  4421 0x16ea320 DEBUG   GST_POLL gstpoll.c:980:gst_poll_fd_ctl_write: 0x16f2820: fd (fd:0, idx:1), active : 1
0:00:00.020684286  4420 0x2453390 DEBUG   structure gststructure.c:2203:gst_structure_parse_field: trying field name 'long-name'
0:00:00.015845669  4421 0x16ea320 LOG   GST_POLL gstpoll.c:994:gst_poll_fd_ctl_write: 0x16f2820: pfd->events now 60 (POLLOUT:4)
0:00:00.020695461  4420 0x2453390 DEBUG   default gstvalue.c:2676:_priv_gst_value_parse_value: trying type name 'string'
0:00:00.015857033  4421 0x16ea320 DEBUG   GST_POLL gstpoll.c:980:gst_poll_fd_ctl_write: 0x16f2820: fd (fd:0, idx:1), active : 1
0:00:00.015863877  4421 0x16ea320 LOG   GST_POLL gstpoll.c:994:gst_poll_fd_ctl_write: 0x16f2820: pfd->events now 60 (POLLOUT:4)
0:00:00.020705271  4420 0x2453390 DEBUG   structure gststructure.c:2203:gst_structure_parse_field: trying field name 'klass'
0:00:00.015869947  4421 0x16ea320 DEBUG   GST_POLL gstpoll.c:980:gst_poll_fd_ctl_write: 0x16f2820: fd (fd:0, idx:1), active : 1
0:00:00.020712502  4420 0x2453390 DEBUG   default gstvalue.c:2676:_priv_gst_value_parse_value: trying type name 'string'
0:00:00.015878278  4421 0x16ea320 LOG   GST_POLL gstpoll.c:994:gst_poll_fd_ctl_write: 0x16f2820: pfd->events now 60 (POLLOUT:4)
0:00:00.020721005  4420 0x2453390 DEBUG   structure gststructure.c:2203:gst_structure_parse_field: trying field name 'description'
0:00:00.015885758  4421 0x16ea320 DEBUG   GST_POLL gstpoll.c:980:gst_poll_fd_ctl_write: 0x16f2820: fd (fd:0, idx:1), active : 1
0:00:00.020727909  4420 0x2453390 DEBUG   default gstvalue.c:2676:_priv_gst_value_parse_value: trying type name 'string'
0:00:00.015892021  4421 0x16ea320 LOG   GST_POLL gstpoll.c:994:gst_poll_fd_ctl_write: 0x16f2820: pfd->events now 60 (POLLOUT:4)
0:00:00.020735655  4420 0x2453390 DEBUG   structure gststructure.c:2203:gst_structure_parse_field: trying field name 'author'
0:00:00.015898367  4421 0x16ea320 DEBUG   GST_POLL gstpoll.c:980:gst_poll_fd_ctl_write: 0x16f2820: fd (fd:0, idx:1), active : 1
0:00:00.020741965  4420 0x2453390 DEBUG   default gstvalue.c:2676:_priv_gst_value_parse_value: trying type name 'string'
0:00:00.015904500  4421 0x16ea320 LOG   GST_POLL gstpoll.c:994:gst_poll_fd_ctl_write: 0x16f2820: pfd->events now 60 (POLLOUT:4)
0:00:00.020749456  4420 0x2453390 DEBUG   GST_REGISTRY gstregistrychunks.c:626:gst_registry_chunks_load_feature: Element factory : npadtemplates=1
0:00:00.015910817  4421 0x16ea320 DEBUG   GST_POLL gstpoll.c:980:gst_poll_fd_ctl_write: 0x16f2820: fd (fd:0, idx:1), active : 1
0:00:00.020755407  4420 0x2453390 DEBUG   GST_REGISTRY gstregistrychunks.c:526:gst_registry_chunks_load_pad_template: Reading/casting for GstRegistryChunkPadTemplate at address 0x246f198
0:00:00.015917086  4421 0x16ea320 LOG   GST_POLL gstpoll.c:994:gst_poll_fd_ctl_write: 0x16f2820: pfd->events now 60 (POLLOUT:4)
0:00:00.020763895  4420 0x2453390 DEBUG   GST_REGISTRY gstregistrychunks.c:539:gst_registry_chunks_load_pad_template: Added pad_template sink
0:00:00.015924032  4421 0x16ea320 DEBUG   GST_POLL gstpoll.c:980:gst_poll_fd_ctl_write: 0x16f2820: fd (fd:0, idx:1), active : 1
0:00:00.020772223  4420 0x2453390 DEBUG   GST_REGISTRY gstregistrychunks.c:639:gst_registry_chunks_load_feature: Reading 1 UriTypes at address 0x246f1a9
0:00:00.015934327  4421 0x16ea320 LOG   GST_POLL gstpoll.c:994:gst_poll_fd_ctl_write: 0x16f2820: pfd->events now 60 (POLLOUT:4)
0:00:00.020784305  4420 0x2453390 DEBUG   GST_REGISTRY gstregistrychunks.c:654:gst_registry_chunks_load_feature: Reading 1 Interfaces at address 0x246f1b9
0:00:00.015945385  4421 0x16ea320 DEBUG   GST_POLL gstpoll.c:980:gst_poll_fd_ctl_write: 0x16f2820: fd (fd:0, idx:1), active : 1
0:00:00.015952111  4421 0x16ea320 LOG   GST_POLL gstpoll.c:994:gst_poll_fd_ctl_write: 0x16f2820: pfd->events now 60 (POLLOUT:4)
0:00:00.020794547  4420 0x2453390 DEBUG   GST_REGISTRY gstregistry.c:590:gst_registry_add_feature: adding feature 0x2471300 (filesink)
0:00:00.015958016  4421 0x16ea320 DEBUG   GST_POLL gstpoll.c:980:gst_poll_fd_ctl_write: 0x16f2820: fd (fd:0, idx:1), active : 1
0:00:00.020801465  4420 0x2453390 DEBUG   GST_REFCOUNTING gstobject.c:709:gst_object_set_parent: set parent (ref and sink)
0:00:00.015964240  4421 0x16ea320 LOG   GST_POLL gstpoll.c:994:gst_poll_fd_ctl_write: 0x16f2820: pfd->events now 60 (POLLOUT:4)
0:00:00.020809569  4420 0x2453390 TRACE   GST_REFCOUNTING gstobject.c:294:gst_object_ref_sink: 0x2471300 ref_sink 1->2
0:00:00.015970775  4421 0x16ea320 DEBUG   GST_POLL gstpoll.c:980:gst_poll_fd_ctl_write: 0x16f2820: fd (fd:0, idx:1), active : 1
0:00:00.020817309  4420 0x2453390 LOG   GST_REGISTRY gstregistry.c:608:gst_registry_add_feature: emitting feature-added for filesink
0:00:00.015977580  4421 0x16ea320 LOG   GST_POLL gstpoll.c:994:gst_poll_fd_ctl_write: 0x16f2820: pfd->events now 60 (POLLOUT:4)
0:00:00.020824671  4420 0x2453390 DEBUG   GST_REGISTRY gstregistrychunks.c:741:gst_registry_chunks_load_feature: Added feature filesink, plugin 0x246d090 coreelements
0:00:00.015987834  4421 0x16ea320 DEBUG   GST_POLL gstpoll.c:980:gst_poll_fd_ctl_write: 0x16f2820: fd (fd:0, idx:1), active : 1
0:00:00.020833944  4420 0x2453390 DEBUG   GST_REGISTRY gstregistrychunks.c:583:gst_registry_chunks_load_feature: Plugin 'coreelements' feature 'queue2' typename : 'GstElementFactory'
0:00:00.016000337  4421 0x16ea320 LOG   GST_POLL gstpoll.c:994:gst_poll_fd_ctl_write: 0x16f2820: pfd->events now 60 (POLLOUT:4)
0:00:00.020843713  4420 0x2453390 TRACE   GST_REFCOUNTING gstobject.c:208:gst_object_init: 0x2471670 new
0:00:00.016011225  4421 0x16ea320 DEBUG   GST_POLL gstpoll.c:980:gst_poll_fd_ctl_write: 0x16f2820: fd (fd:0, idx:1), active : 1
0:00:00.020855248  4420 0x2453390 LOG   GST_REGISTRY gstregistrychunks.c:610:gst_registry_chunks_load_feature: Reading/casting for GstRegistryChunkElementFactory at address 0x246f1e0
0:00:00.016022412  4421 0x16ea320 LOG   GST_POLL gstpoll.c:994:gst_poll_fd_ctl_write: 0x16f2820: pfd->events now 60 (POLLOUT:4)
0:00:00.020866147  4420 0x2453390 TRACE   structure gststructure.c:287:gst_structure_new_id_empty_with_size: created structure 0x2471840
0:00:00.016034993  4421 0x16ea320 DEBUG   GST_POLL gstpoll.c:980:gst_poll_fd_ctl_write: 0x16f2820: fd (fd:0, idx:1), active : 1
0:00:00.020883230  4420 0x2453390 DEBUG   structure gststructure.c:2203:gst_structure_parse_field: trying field name 'long-name'
0:00:00.016045331  4421 0x16ea320 LOG   GST_POLL gstpoll.c:994:gst_poll_fd_ctl_write: 0x16f2820: pfd->events now 60 (POLLOUT:4)
0:00:00.020892925  4420 0x2453390 DEBUG   default gstvalue.c:2676:_priv_gst_value_parse_value: trying type name 'string'
0:00:00.016056321  4421 0x16ea320 DEBUG   GST_POLL gstpoll.c:980:gst_poll_fd_ctl_write: 0x16f2820: fd (fd:0, idx:1), active : 1
0:00:00.020903475  4420 0x2453390 DEBUG   structure gststructure.c:2203:gst_structure_parse_field: trying field name 'klass'
0:00:00.016065827  4421 0x16ea320 LOG   GST_POLL gstpoll.c:994:gst_poll_fd_ctl_write: 0x16f2820: pfd->events now 60 (POLLOUT:4)
0:00:00.020912181  4420 0x2453390 DEBUG   default gstvalue.c:2676:_priv_gst_value_parse_value: trying type name 'string'
0:00:00.016075932  4421 0x16ea320 DEBUG   GST_POLL gstpoll.c:980:gst_poll_fd_ctl_write: 0x16f2820: fd (fd:0, idx:1), active : 1
0:00:00.020923662  4420 0x2453390 DEBUG   structure gststructure.c:2203:gst_structure_parse_field: trying field name 'description'
0:00:00.016087015  4421 0x16ea320 LOG   GST_POLL gstpoll.c:994:gst_poll_fd_ctl_write: 0x16f2820: pfd->events now 60 (POLLOUT:4)
0:00:00.020930842  4420 0x2453390 DEBUG   default gstvalue.c:2676:_priv_gst_value_parse_value: trying type name 'string'
0:00:00.016095017  4421 0x16ea320 DEBUG   GST_POLL gstpoll.c:980:gst_poll_fd_ctl_write: 0x16f2820: fd (fd:0, idx:1), active : 1
0:00:00.020938000  4420 0x2453390 DEBUG   structure gststructure.c:2203:gst_structure_parse_field: trying field name 'author'
0:00:00.016101500  4421 0x16ea320 LOG   GST_POLL gstpoll.c:994:gst_poll_fd_ctl_write: 0x16f2820: pfd->events now 60 (POLLOUT:4)
0:00:00.020944195  4420 0x2453390 DEBUG   default gstvalue.c:2676:_priv_gst_value_parse_value: trying type name 'string'
0:00:00.016108316  4421 0x16ea320 DEBUG   GST_POLL gstpoll.c:980:gst_poll_fd_ctl_write: 0x16f2820: fd (fd:0, idx:1), active : 1
0:00:00.020952755  4420 0x2453390 DEBUG   GST_REGISTRY gstregistrychunks.c:626:gst_registry_chunks_load_feature: Element factory : npadtemplates=2
0:00:00.016114300  4421 0x16ea320 LOG   GST_POLL gstpoll.c:994:gst_poll_fd_ctl_write: 0x16f2820: pfd->events now 60 (POLLOUT:4)
0:00:00.020958833  4420 0x2453390 DEBUG   GST_REGISTRY gstregistrychunks.c:526:gst_registry_chunks_load_pad_template: Reading/casting for GstRegistryChunkPadTemplate at address 0x246f2d0
0:00:00.016120849  4421 0x16ea320 DEBUG   GST_POLL gstpoll.c:980:gst_poll_fd_ctl_write: 0x16f2820: fd (fd:0, idx:1), active : 1
0:00:00.020965113  4420 0x2453390 DEBUG   GST_REGISTRY gstregistrychunks.c:539:gst_registry_chunks_load_pad_template: Added pad_template sink
0:00:00.016126950  4421 0x16ea320 LOG   GST_POLL gstpoll.c:994:gst_poll_fd_ctl_write: 0x16f2820: pfd->events now 60 (POLLOUT:4)
0:00:00.020971132  4420 0x2453390 DEBUG   GST_REGISTRY gstregistrychunks.c:526:gst_registry_chunks_load_pad_template: Reading/casting for GstRegistryChunkPadTemplate at address 0x246f2e8
0:00:00.016142720  4421 0x16ea320 DEBUG   GST_POLL gstpoll.c:980:gst_poll_fd_ctl_write: 0x16f2820: fd (fd:0, idx:1), active : 1
0:00:00.020987959  4420 0x2453390 DEBUG   GST_REGISTRY gstregistrychunks.c:539:gst_registry_chunks_load_pad_template: Added pad_template src
0:00:00.016151020  4421 0x16ea320 LOG   GST_POLL gstpoll.c:994:gst_poll_fd_ctl_write: 0x16f2820: pfd->events now 60 (POLLOUT:4)
0:00:00.020998237  4420 0x2453390 DEBUG   GST_REGISTRY gstregistry.c:590:gst_registry_add_feature: adding feature 0x2471670 (queue2)
0:00:00.016158575  4421 0x16ea320 DEBUG   GST_POLL gstpoll.c:980:gst_poll_fd_ctl_write: 0x16f2820: fd (fd:0, idx:1), active : 1
0:00:00.021005633  4420 0x2453390 DEBUG   GST_REFCOUNTING gstobject.c:709:gst_object_set_parent: set parent (ref and sink)
0:00:00.016166122  4421 0x16ea320 LOG   GST_POLL gstpoll.c:994:gst_poll_fd_ctl_write: 0x16f2820: pfd->events now 60 (POLLOUT:4)
0:00:00.021014397  4420 0x2453390 TRACE   GST_REFCOUNTING gstobject.c:294:gst_object_ref_sink: 0x2471670 ref_sink 1->2
0:00:00.016174904  4421 0x16ea320 DEBUG   GST_POLL gstpoll.c:980:gst_poll_fd_ctl_write: 0x16f2820: fd (fd:0, idx:1), active : 1
0:00:00.021022139  4420 0x2453390 LOG   GST_REGISTRY gstregistry.c:608:gst_registry_add_feature: emitting feature-added for queue2
0:00:00.016182886  4421 0x16ea320 LOG   GST_POLL gstpoll.c:994:gst_poll_fd_ctl_write: 0x16f2820: pfd->events now 60 (POLLOUT:4)
0:00:00.021029676  4420 0x2453390 DEBUG   GST_REGISTRY gstregistrychunks.c:741:gst_registry_chunks_load_feature: Added feature queue2, plugin 0x246d090 coreelements
0:00:00.016190218  4421 0x16ea320 DEBUG   GST_POLL gstpoll.c:980:gst_poll_fd_ctl_write: 0x16f2820: fd (fd:0, idx:1), active : 1
0:00:00.021036982  4420 0x2453390 DEBUG   GST_REGISTRY gstregistrychunks.c:583:gst_registry_chunks_load_feature: Plugin 'coreelements' feature 'queue' typename : 'GstElementFactory'
0:00:00.016197127  4421 0x16ea320 LOG   GST_POLL gstpoll.c:994:gst_poll_fd_ctl_write: 0x16f2820: pfd->events now 60 (POLLOUT:4)
0:00:00.016204981  4421 0x16ea320 DEBUG   GST_POLL gstpoll.c:980:gst_poll_fd_ctl_write: 0x16f2820: fd (fd:0, idx:1), active : 1
0:00:00.021046284  4420 0x2453390 TRACE   GST_REFCOUNTING gstobject.c:208:gst_object_init: 0x2471ac0 new
0:00:00.016213053  4421 0x16ea320 LOG   GST_POLL gstpoll.c:994:gst_poll_fd_ctl_write: 0x16f2820: pfd->events now 60 (POLLOUT:4)
0:00:00.021059535  4420 0x2453390 LOG   GST_REGISTRY gstregistrychunks.c:610:gst_registry_chunks_load_feature: Reading/casting for GstRegistryChunkElementFactory at address 0x246f310
0:00:00.016220632  4421 0x16ea320 DEBUG   GST_POLL gstpoll.c:980:gst_poll_fd_ctl_write: 0x16f2820: fd (fd:0, idx:1), active : 1
0:00:00.021068488  4420 0x2453390 TRACE   structure gststructure.c:287:gst_structure_new_id_empty_with_size: created structure 0x2471cf0
0:00:00.016228289  4421 0x16ea320 LOG   GST_POLL gstpoll.c:994:gst_poll_fd_ctl_write: 0x16f2820: pfd->events now 60 (POLLOUT:4)
0:00:00.021080270  4420 0x2453390 DEBUG   structure gststructure.c:2203:gst_structure_parse_field: trying field name 'long-name'
0:00:00.016241779  4421 0x16ea320 DEBUG   GST_POLL gstpoll.c:980:gst_poll_fd_ctl_write: 0x16f2820: fd (fd:0, idx:1), active : 1
0:00:00.021086739  4420 0x2453390 DEBUG   default gstvalue.c:2676:_priv_gst_value_parse_value: trying type name 'string'
0:00:00.016247977  4421 0x16ea320 LOG   GST_POLL gstpoll.c:994:gst_poll_fd_ctl_write: 0x16f2820: pfd->events now 60 (POLLOUT:4)
0:00:00.021094030  4420 0x2453390 DEBUG   structure gststructure.c:2203:gst_structure_parse_field: trying field name 'klass'
0:00:00.016254776  4421 0x16ea320 DEBUG   GST_POLL gstpoll.c:980:gst_poll_fd_ctl_write: 0x16f2820: fd (fd:0, idx:1), active : 1
0:00:00.021100115  4420 0x2453390 DEBUG   default gstvalue.c:2676:_priv_gst_value_parse_value: trying type name 'string'
0:00:00.016261635  4421 0x16ea320 LOG   GST_POLL gstpoll.c:994:gst_poll_fd_ctl_write: 0x16f2820: pfd->events now 60 (POLLOUT:4)
0:00:00.021107220  4420 0x2453390 DEBUG   structure gststructure.c:2203:gst_structure_parse_field: trying field name 'description'
0:00:00.016268195  4421 0x16ea320 DEBUG   GST_POLL gstpoll.c:980:gst_poll_fd_ctl_write: 0x16f2820: fd (fd:0, idx:1), active : 1
0:00:00.021113395  4420 0x2453390 DEBUG   default gstvalue.c:2676:_priv_gst_value_parse_value: trying type name 'string'
0:00:00.021122881  4420 0x2453390 DEBUG   structure gststructure.c:2203:gst_structure_parse_field: trying field name 'author'
0:00:00.016282114  4421 0x16ea320 LOG   GST_POLL gstpoll.c:994:gst_poll_fd_ctl_write: 0x16f2820: pfd->events now 60 (POLLOUT:4)
0:00:00.021129663  4420 0x2453390 DEBUG   default gstvalue.c:2676:_priv_gst_value_parse_value: trying type name 'string'
0:00:00.016291748  4421 0x16ea320 DEBUG   GST_POLL gstpoll.c:980:gst_poll_fd_ctl_write: 0x16f2820: fd (fd:0, idx:1), active : 1
0:00:00.021137356  4420 0x2453390 DEBUG   GST_REGISTRY gstregistrychunks.c:626:gst_registry_chunks_load_feature: Element factory : npadtemplates=2
0:00:00.016298298  4421 0x16ea320 LOG   GST_POLL gstpoll.c:994:gst_poll_fd_ctl_write: 0x16f2820: pfd->events now 60 (POLLOUT:4)
0:00:00.021143650  4420 0x2453390 DEBUG   GST_REGISTRY gstregistrychunks.c:526:gst_registry_chunks_load_pad_template: Reading/casting for GstRegistryChunkPadTemplate at address 0x246f3c8
0:00:00.016305463  4421 0x16ea320 DEBUG   GST_POLL gstpoll.c:980:gst_poll_fd_ctl_write: 0x16f2820: fd (fd:0, idx:1), active : 1
0:00:00.021150096  4420 0x2453390 DEBUG   GST_REGISTRY gstregistrychunks.c:539:gst_registry_chunks_load_pad_template: Added pad_template sink
0:00:00.016311635  4421 0x16ea320 LOG   GST_POLL gstpoll.c:994:gst_poll_fd_ctl_write: 0x16f2820: pfd->events now 60 (POLLOUT:4)
0:00:00.021156090  4420 0x2453390 DEBUG   GST_REGISTRY gstregistrychunks.c:526:gst_registry_chunks_load_pad_template: Reading/casting for GstRegistryChunkPadTemplate at address 0x246f3e0
0:00:00.016318249  4421 0x16ea320 DEBUG   GST_POLL gstpoll.c:980:gst_poll_fd_ctl_write: 0x16f2820: fd (fd:0, idx:1), active : 1
0:00:00.021166872  4420 0x2453390 DEBUG   GST_REGISTRY gstregistrychunks.c:539:gst_registry_chunks_load_pad_template: Added pad_template src
0:00:00.016328279  4421 0x16ea320 LOG   GST_POLL gstpoll.c:994:gst_poll_fd_ctl_write: 0x16f2820: pfd->events now 60 (POLLOUT:4)
0:00:00.021175806  4420 0x2453390 DEBUG   GST_REGISTRY gstregistry.c:590:gst_registry_add_feature: adding feature 0x2471ac0 (queue)
0:00:00.016336812  4421 0x16ea320 DEBUG   GST_POLL gstpoll.c:980:gst_poll_fd_ctl_write: 0x16f2820: fd (fd:0, idx:1), active : 1
0:00:00.016344733  4421 0x16ea320 LOG   GST_POLL gstpoll.c:994:gst_poll_fd_ctl_write: 0x16f2820: pfd->events now 60 (POLLOUT:4)
0:00:00.021185091  4420 0x2453390 DEBUG   GST_REFCOUNTING gstobject.c:709:gst_object_set_parent: set parent (ref and sink)
0:00:00.016351202  4421 0x16ea320 DEBUG   GST_POLL gstpoll.c:980:gst_poll_fd_ctl_write: 0x16f2820: fd (fd:0, idx:1), active : 1
0:00:00.021195511  4420 0x2453390 TRACE   GST_REFCOUNTING gstobject.c:294:gst_object_ref_sink: 0x2471ac0 ref_sink 1->2
0:00:00.016357269  4421 0x16ea320 LOG   GST_POLL gstpoll.c:994:gst_poll_fd_ctl_write: 0x16f2820: pfd->events now 60 (POLLOUT:4)
0:00:00.021203216  4420 0x2453390 LOG   GST_REGISTRY gstregistry.c:608:gst_registry_add_feature: emitting feature-added for queue
0:00:00.016363943  4421 0x16ea320 DEBUG   GST_POLL gstpoll.c:980:gst_poll_fd_ctl_write: 0x16f2820: fd (fd:0, idx:1), active : 1
0:00:00.021210793  4420 0x2453390 DEBUG   GST_REGISTRY gstregistrychunks.c:741:gst_registry_chunks_load_feature: Added feature queue, plugin 0x246d090 coreelements
0:00:00.016370677  4421 0x16ea320 LOG   GST_POLL gstpoll.c:994:gst_poll_fd_ctl_write: 0x16f2820: pfd->events now 60 (POLLOUT:4)
0:00:00.021218323  4420 0x2453390 DEBUG   GST_REGISTRY gstregistrychunks.c:583:gst_registry_chunks_load_feature: Plugin 'coreelements' feature 'output-selector' typename : 'GstElementFactory'
0:00:00.016378922  4421 0x16ea320 DEBUG   GST_POLL gstpoll.c:980:gst_poll_fd_ctl_write: 0x16f2820: fd (fd:0, idx:1), active : 1
0:00:00.016385784  4421 0x16ea320 LOG   GST_POLL gstpoll.c:994:gst_poll_fd_ctl_write: 0x16f2820: pfd->events now 60 (POLLOUT:4)
0:00:00.021227532  4420 0x2453390 TRACE   GST_REFCOUNTING gstobject.c:208:gst_object_init: 0x2471e20 new
0:00:00.016394330  4421 0x16ea320 DEBUG   GST_POLL gstpoll.c:980:gst_poll_fd_ctl_write: 0x16f2820: fd (fd:0, idx:1), active : 1
0:00:00.021241699  4420 0x2453390 LOG   GST_REGISTRY gstregistrychunks.c:610:gst_registry_chunks_load_feature: Reading/casting for GstRegistryChunkElementFactory at address 0x246f418
0:00:00.016401264  4421 0x16ea320 LOG   GST_POLL gstpoll.c:994:gst_poll_fd_ctl_write: 0x16f2820: pfd->events now 60 (POLLOUT:4)
0:00:00.021251247  4420 0x2453390 TRACE   structure gststructure.c:287:gst_structure_new_id_empty_with_size: created structure 0x2472120
0:00:00.016411261  4421 0x16ea320 DEBUG   GST_POLL gstpoll.c:980:gst_poll_fd_ctl_write: 0x16f2820: fd (fd:0, idx:1), active : 1
0:00:00.021262979  4420 0x2453390 DEBUG   structure gststructure.c:2203:gst_structure_parse_field: trying field name 'long-name'
0:00:00.016423945  4421 0x16ea320 LOG   GST_POLL gstpoll.c:994:gst_poll_fd_ctl_write: 0x16f2820: pfd->events now 60 (POLLOUT:4)
0:00:00.021269620  4420 0x2453390 DEBUG   default gstvalue.c:2676:_priv_gst_value_parse_value: trying type name 'string'
0:00:00.016431185  4421 0x16ea320 DEBUG   GST_POLL gstpoll.c:980:gst_poll_fd_ctl_write: 0x16f2820: fd (fd:0, idx:1), active : 1
0:00:00.021276798  4420 0x2453390 DEBUG   structure gststructure.c:2203:gst_structure_parse_field: trying field name 'klass'
0:00:00.016437418  4421 0x16ea320 LOG   GST_POLL gstpoll.c:994:gst_poll_fd_ctl_write: 0x16f2820: pfd->events now 60 (POLLOUT:4)
0:00:00.021282571  4420 0x2453390 DEBUG   default gstvalue.c:2676:_priv_gst_value_parse_value: trying type name 'string'
0:00:00.016444656  4421 0x16ea320 DEBUG   GST_POLL gstpoll.c:980:gst_poll_fd_ctl_write: 0x16f2820: fd (fd:0, idx:1), active : 1
0:00:00.021289335  4420 0x2453390 DEBUG   structure gststructure.c:2203:gst_structure_parse_field: trying field name 'description'
0:00:00.016450807  4421 0x16ea320 LOG   GST_POLL gstpoll.c:994:gst_poll_fd_ctl_write: 0x16f2820: pfd->events now 60 (POLLOUT:4)
0:00:00.021295259  4420 0x2453390 DEBUG   default gstvalue.c:2676:_priv_gst_value_parse_value: trying type name 'string'
0:00:00.016459571  4421 0x16ea320 DEBUG   GST_POLL gstpoll.c:980:gst_poll_fd_ctl_write: 0x16f2820: fd (fd:0, idx:1), active : 1
0:00:00.021302718  4420 0x2453390 DEBUG   structure gststructure.c:2203:gst_structure_parse_field: trying field name 'author'
0:00:00.016466612  4421 0x16ea320 LOG   GST_POLL gstpoll.c:994:gst_poll_fd_ctl_write: 0x16f2820: pfd->events now 60 (POLLOUT:4)
0:00:00.021311162  4420 0x2453390 DEBUG   default gstvalue.c:2676:_priv_gst_value_parse_value: trying type name 'string'
0:00:00.016473348  4421 0x16ea320 DEBUG   GST_POLL gstpoll.c:980:gst_poll_fd_ctl_write: 0x16f2820: fd (fd:0, idx:1), active : 1
0:00:00.016479564  4421 0x16ea320 LOG   GST_POLL gstpoll.c:994:gst_poll_fd_ctl_write: 0x16f2820: pfd->events now 60 (POLLOUT:4)
0:00:00.021320357  4420 0x2453390 DEBUG   GST_REGISTRY gstregistrychunks.c:626:gst_registry_chunks_load_feature: Element factory : npadtemplates=2
0:00:00.016485680  4421 0x16ea320 DEBUG   GST_POLL gstpoll.c:980:gst_poll_fd_ctl_write: 0x16f2820: fd (fd:0, idx:1), active : 1
0:00:00.021328270  4420 0x2453390 DEBUG   GST_REGISTRY gstregistrychunks.c:526:gst_registry_chunks_load_pad_template: Reading/casting for GstRegistryChunkPadTemplate at address 0x246f4f0
0:00:00.016491695  4421 0x16ea320 LOG   GST_POLL gstpoll.c:994:gst_poll_fd_ctl_write: 0x16f2820: pfd->events now 60 (POLLOUT:4)
0:00:00.021335288  4420 0x2453390 DEBUG   GST_REGISTRY gstregistrychunks.c:539:gst_registry_chunks_load_pad_template: Added pad_template src_%u
0:00:00.016498677  4421 0x16ea320 LOG   GST_PLUGIN_LOADING gstpluginloader.c:646:put_chunk: Expanding tx buf from 10158 to 13209 for chunk of size 209
0:00:00.021345850  4420 0x2453390 DEBUG   GST_REGISTRY gstregistrychunks.c:526:gst_registry_chunks_load_pad_template: Reading/casting for GstRegistryChunkPadTemplate at address 0x246f508
0:00:00.021352362  4420 0x2453390 DEBUG   GST_REGISTRY gstregistrychunks.c:539:gst_registry_chunks_load_pad_template: Added pad_template sink
0:00:00.021360455  4420 0x2453390 DEBUG   GST_REGISTRY gstregistry.c:590:gst_registry_add_feature: adding feature 0x2471e20 (output-selector)
0:00:00.016520987  4421 0x16ea320 DEBUG   GST_POLL gstpoll.c:980:gst_poll_fd_ctl_write: 0x16f2820: fd (fd:0, idx:1), active : 1
0:00:00.016529456  4421 0x16ea320 LOG   GST_POLL gstpoll.c:994:gst_poll_fd_ctl_write: 0x16f2820: pfd->events now 60 (POLLOUT:4)
0:00:00.021369686  4420 0x2453390 DEBUG   GST_REFCOUNTING gstobject.c:709:gst_object_set_parent: set parent (ref and sink)
0:00:00.016536374  4421 0x16ea320 DEBUG   GST_POLL gstpoll.c:980:gst_poll_fd_ctl_write: 0x16f2820: fd (fd:0, idx:1), active : 1
0:00:00.016542604  4421 0x16ea320 LOG   GST_POLL gstpoll.c:994:gst_poll_fd_ctl_write: 0x16f2820: pfd->events now 60 (POLLOUT:4)
0:00:00.021382498  4420 0x2453390 TRACE   GST_REFCOUNTING gstobject.c:294:gst_object_ref_sink: 0x2471e20 ref_sink 1->2
0:00:00.016548944  4421 0x16ea320 DEBUG   GST_POLL gstpoll.c:980:gst_poll_fd_ctl_write: 0x16f2820: fd (fd:0, idx:1), active : 1
0:00:00.021392920  4420 0x2453390 LOG   GST_REGISTRY gstregistry.c:608:gst_registry_add_feature: emitting feature-added for output-selector
0:00:00.016554903  4421 0x16ea320 LOG   GST_POLL gstpoll.c:994:gst_poll_fd_ctl_write: 0x16f2820: pfd->events now 60 (POLLOUT:4)
0:00:00.021400824  4420 0x2453390 DEBUG   GST_REGISTRY gstregistrychunks.c:741:gst_registry_chunks_load_feature: Added feature output-selector, plugin 0x246d090 coreelements
0:00:00.016563427  4421 0x16ea320 DEBUG   GST_POLL gstpoll.c:980:gst_poll_fd_ctl_write: 0x16f2820: fd (fd:0, idx:1), active : 1
0:00:00.021408449  4420 0x2453390 DEBUG   GST_REGISTRY gstregistrychunks.c:583:gst_registry_chunks_load_feature: Plugin 'coreelements' feature 'input-selector' typename : 'GstElementFactory'
0:00:00.016570699  4421 0x16ea320 LOG   GST_POLL gstpoll.c:994:gst_poll_fd_ctl_write: 0x16f2820: pfd->events now 60 (POLLOUT:4)
0:00:00.021417427  4420 0x2453390 TRACE   GST_REFCOUNTING gstobject.c:208:gst_object_init: 0x2472440 new
0:00:00.016577442  4421 0x16ea320 DEBUG   GST_POLL gstpoll.c:980:gst_poll_fd_ctl_write: 0x16f2820: fd (fd:0, idx:1), active : 1
0:00:00.016585921  4421 0x16ea320 LOG   GST_POLL gstpoll.c:994:gst_poll_fd_ctl_write: 0x16f2820: pfd->events now 60 (POLLOUT:4)
0:00:00.021426782  4420 0x2453390 LOG   GST_REGISTRY gstregistrychunks.c:610:gst_registry_chunks_load_feature: Reading/casting for GstRegistryChunkElementFactory at address 0x246f540
0:00:00.016591797  4421 0x16ea320 DEBUG   GST_POLL gstpoll.c:980:gst_poll_fd_ctl_write: 0x16f2820: fd (fd:0, idx:1), active : 1
0:00:00.021439959  4420 0x2453390 TRACE   structure gststructure.c:287:gst_structure_new_id_empty_with_size: created structure 0x2472650
0:00:00.016600265  4421 0x16ea320 LOG   GST_POLL gstpoll.c:994:gst_poll_fd_ctl_write: 0x16f2820: pfd->events now 60 (POLLOUT:4)
0:00:00.021446940  4420 0x2453390 DEBUG   structure gststructure.c:2203:gst_structure_parse_field: trying field name 'long-name'
0:00:00.016608157  4421 0x16ea320 DEBUG   GST_POLL gstpoll.c:980:gst_poll_fd_ctl_write: 0x16f2820: fd (fd:0, idx:1), active : 1
0:00:00.021455316  4420 0x2453390 DEBUG   default gstvalue.c:2676:_priv_gst_value_parse_value: trying type name 'string'
0:00:00.016615318  4421 0x16ea320 LOG   GST_POLL gstpoll.c:994:gst_poll_fd_ctl_write: 0x16f2820: pfd->events now 60 (POLLOUT:4)
0:00:00.021464041  4420 0x2453390 DEBUG   structure gststructure.c:2203:gst_structure_parse_field: trying field name 'klass'
0:00:00.016625998  4421 0x16ea320 DEBUG   GST_POLL gstpoll.c:980:gst_poll_fd_ctl_write: 0x16f2820: fd (fd:0, idx:1), active : 1
0:00:00.021470219  4420 0x2453390 DEBUG   default gstvalue.c:2676:_priv_gst_value_parse_value: trying type name 'string'
0:00:00.016633193  4421 0x16ea320 LOG   GST_POLL gstpoll.c:994:gst_poll_fd_ctl_write: 0x16f2820: pfd->events now 60 (POLLOUT:4)
0:00:00.021477150  4420 0x2453390 DEBUG   structure gststructure.c:2203:gst_structure_parse_field: trying field name 'description'
0:00:00.016639931  4421 0x16ea320 DEBUG   GST_POLL gstpoll.c:980:gst_poll_fd_ctl_write: 0x16f2820: fd (fd:0, idx:1), active : 1
0:00:00.021483027  4420 0x2453390 DEBUG   default gstvalue.c:2676:_priv_gst_value_parse_value: trying type name 'string'
0:00:00.016646170  4421 0x16ea320 LOG   GST_POLL gstpoll.c:994:gst_poll_fd_ctl_write: 0x16f2820: pfd->events now 60 (POLLOUT:4)
0:00:00.021490090  4420 0x2453390 DEBUG   structure gststructure.c:2203:gst_structure_parse_field: trying field name 'author'
0:00:00.016652606  4421 0x16ea320 DEBUG   GST_POLL gstpoll.c:980:gst_poll_fd_ctl_write: 0x16f2820: fd (fd:0, idx:1), active : 1
0:00:00.021496107  4420 0x2453390 DEBUG   default gstvalue.c:2676:_priv_gst_value_parse_value: trying type name 'string'
0:00:00.016658680  4421 0x16ea320 LOG   GST_POLL gstpoll.c:994:gst_poll_fd_ctl_write: 0x16f2820: pfd->events now 60 (POLLOUT:4)
0:00:00.021504871  4420 0x2453390 DEBUG   GST_REGISTRY gstregistrychunks.c:626:gst_registry_chunks_load_feature: Element factory : npadtemplates=2
0:00:00.016665167  4421 0x16ea320 DEBUG   GST_POLL gstpoll.c:980:gst_poll_fd_ctl_write: 0x16f2820: fd (fd:0, idx:1), active : 1
0:00:00.021513159  4420 0x2453390 DEBUG   GST_REGISTRY gstregistrychunks.c:526:gst_registry_chunks_load_pad_template: Reading/casting for GstRegistryChunkPadTemplate at address 0x246f670
0:00:00.016673219  4421 0x16ea320 LOG   GST_POLL gstpoll.c:994:gst_poll_fd_ctl_write: 0x16f2820: pfd->events now 60 (POLLOUT:4)
0:00:00.021520843  4420 0x2453390 DEBUG   GST_REGISTRY gstregistrychunks.c:539:gst_registry_chunks_load_pad_template: Added pad_template src
0:00:00.021530647  4420 0x2453390 DEBUG   GST_REGISTRY gstregistrychunks.c:526:gst_registry_chunks_load_pad_template: Reading/casting for GstRegistryChunkPadTemplate at address 0x246f680
0:00:00.016689528  4421 0x16ea320 DEBUG   GST_POLL gstpoll.c:980:gst_poll_fd_ctl_write: 0x16f2820: fd (fd:0, idx:1), active : 1
0:00:00.021536889  4420 0x2453390 DEBUG   GST_REGISTRY gstregistrychunks.c:539:gst_registry_chunks_load_pad_template: Added pad_template sink_%u
0:00:00.016697656  4421 0x16ea320 LOG   GST_POLL gstpoll.c:994:gst_poll_fd_ctl_write: 0x16f2820: pfd->events now 60 (POLLOUT:4)
0:00:00.016704844  4421 0x16ea320 DEBUG   GST_POLL gstpoll.c:980:gst_poll_fd_ctl_write: 0x16f2820: fd (fd:0, idx:1), active : 1
0:00:00.021545856  4420 0x2453390 DEBUG   GST_REGISTRY gstregistry.c:590:gst_registry_add_feature: adding feature 0x2472440 (input-selector)
0:00:00.016710568  4421 0x16ea320 LOG   GST_POLL gstpoll.c:994:gst_poll_fd_ctl_write: 0x16f2820: pfd->events now 60 (POLLOUT:4)
0:00:00.021553982  4420 0x2453390 DEBUG   GST_REFCOUNTING gstobject.c:709:gst_object_set_parent: set parent (ref and sink)
0:00:00.016716982  4421 0x16ea320 DEBUG   GST_POLL gstpoll.c:980:gst_poll_fd_ctl_write: 0x16f2820: fd (fd:0, idx:1), active : 1
0:00:00.021562052  4420 0x2453390 TRACE   GST_REFCOUNTING gstobject.c:294:gst_object_ref_sink: 0x2472440 ref_sink 1->2
0:00:00.016723207  4421 0x16ea320 LOG   GST_POLL gstpoll.c:994:gst_poll_fd_ctl_write: 0x16f2820: pfd->events now 60 (POLLOUT:4)
0:00:00.021569340  4420 0x2453390 LOG   GST_REGISTRY gstregistry.c:608:gst_registry_add_feature: emitting feature-added for input-selector
0:00:00.016730151  4421 0x16ea320 DEBUG   GST_POLL gstpoll.c:980:gst_poll_fd_ctl_write: 0x16f2820: fd (fd:0, idx:1), active : 1
0:00:00.016737684  4421 0x16ea320 LOG   GST_POLL gstpoll.c:994:gst_poll_fd_ctl_write: 0x16f2820: pfd->events now 60 (POLLOUT:4)
0:00:00.021579183  4420 0x2453390 DEBUG   GST_REGISTRY gstregistrychunks.c:741:gst_registry_chunks_load_feature: Added feature input-selector, plugin 0x246d090 coreelements
0:00:00.016758804  4421 0x16ea320 DEBUG   GST_POLL gstpoll.c:980:gst_poll_fd_ctl_write: 0x16f2820: fd (fd:0, idx:1), active : 1
0:00:00.021611462  4420 0x2453390 DEBUG   GST_REGISTRY gstregistrychunks.c:583:gst_registry_chunks_load_feature: Plugin 'coreelements' feature 'identity' typename : 'GstElementFactory'
0:00:00.016771794  4421 0x16ea320 LOG   GST_POLL gstpoll.c:994:gst_poll_fd_ctl_write: 0x16f2820: pfd->events now 60 (POLLOUT:4)
0:00:00.016785447  4421 0x16ea320 DEBUG   GST_POLL gstpoll.c:980:gst_poll_fd_ctl_write: 0x16f2820: fd (fd:0, idx:1), active : 1
0:00:00.021626822  4420 0x2453390 TRACE   GST_REFCOUNTING gstobject.c:208:gst_object_init: 0x2472890 new
0:00:00.016791394  4421 0x16ea320 LOG   GST_POLL gstpoll.c:994:gst_poll_fd_ctl_write: 0x16f2820: pfd->events now 60 (POLLOUT:4)
0:00:00.021639495  4420 0x2453390 LOG   GST_REGISTRY gstregistrychunks.c:610:gst_registry_chunks_load_feature: Reading/casting for GstRegistryChunkElementFactory at address 0x246f6b0
0:00:00.016802813  4421 0x16ea320 DEBUG   GST_POLL gstpoll.c:980:gst_poll_fd_ctl_write: 0x16f2820: fd (fd:0, idx:1), active : 1
0:00:00.021647057  4420 0x2453390 TRACE   structure gststructure.c:287:gst_structure_new_id_empty_with_size: created structure 0x2472a40
0:00:00.016808860  4421 0x16ea320 LOG   GST_POLL gstpoll.c:994:gst_poll_fd_ctl_write: 0x16f2820: pfd->events now 60 (POLLOUT:4)
0:00:00.021653735  4420 0x2453390 DEBUG   structure gststructure.c:2203:gst_structure_parse_field: trying field name 'long-name'
0:00:00.016817726  4421 0x16ea320 DEBUG   GST_POLL gstpoll.c:980:gst_poll_fd_ctl_write: 0x16f2820: fd (fd:0, idx:1), active : 1
0:00:00.016824807  4421 0x16ea320 LOG   GST_POLL gstpoll.c:994:gst_poll_fd_ctl_write: 0x16f2820: pfd->events now 60 (POLLOUT:4)
0:00:00.021667167  4420 0x2453390 DEBUG   default gstvalue.c:2676:_priv_gst_value_parse_value: trying type name 'string'
0:00:00.016831357  4421 0x16ea320 DEBUG   GST_POLL gstpoll.c:980:gst_poll_fd_ctl_write: 0x16f2820: fd (fd:0, idx:1), active : 1
0:00:00.021676678  4420 0x2453390 DEBUG   structure gststructure.c:2203:gst_structure_parse_field: trying field name 'klass'
0:00:00.016837513  4421 0x16ea320 LOG   GST_POLL gstpoll.c:994:gst_poll_fd_ctl_write: 0x16f2820: pfd->events now 60 (POLLOUT:4)
0:00:00.021683205  4420 0x2453390 DEBUG   default gstvalue.c:2676:_priv_gst_value_parse_value: trying type name 'string'
0:00:00.016844566  4421 0x16ea320 DEBUG   GST_POLL gstpoll.c:980:gst_poll_fd_ctl_write: 0x16f2820: fd (fd:0, idx:1), active : 1
0:00:00.021690074  4420 0x2453390 DEBUG   structure gststructure.c:2203:gst_structure_parse_field: trying field name 'description'
0:00:00.016850463  4421 0x16ea320 LOG   GST_POLL gstpoll.c:994:gst_poll_fd_ctl_write: 0x16f2820: pfd->events now 60 (POLLOUT:4)
0:00:00.021696080  4420 0x2453390 DEBUG   default gstvalue.c:2676:_priv_gst_value_parse_value: trying type name 'string'
0:00:00.016857816  4421 0x16ea320 DEBUG   GST_POLL gstpoll.c:980:gst_poll_fd_ctl_write: 0x16f2820: fd (fd:0, idx:1), active : 1
0:00:00.021703181  4420 0x2453390 DEBUG   structure gststructure.c:2203:gst_structure_parse_field: trying field name 'author'
0:00:00.016863960  4421 0x16ea320 LOG   GST_POLL gstpoll.c:994:gst_poll_fd_ctl_write: 0x16f2820: pfd->events now 60 (POLLOUT:4)
0:00:00.021709330  4420 0x2453390 DEBUG   default gstvalue.c:2676:_priv_gst_value_parse_value: trying type name 'string'
0:00:00.016873154  4421 0x16ea320 DEBUG   GST_POLL gstpoll.c:980:gst_poll_fd_ctl_write: 0x16f2820: fd (fd:0, idx:1), active : 1
0:00:00.021719282  4420 0x2453390 DEBUG   GST_REGISTRY gstregistrychunks.c:626:gst_registry_chunks_load_feature: Element factory : npadtemplates=2
0:00:00.016880037  4421 0x16ea320 LOG   GST_POLL gstpoll.c:994:gst_poll_fd_ctl_write: 0x16f2820: pfd->events now 60 (POLLOUT:4)
0:00:00.021726565  4420 0x2453390 DEBUG   GST_REGISTRY gstregistrychunks.c:526:gst_registry_chunks_load_pad_template: Reading/casting for GstRegistryChunkPadTemplate at address 0x246f780
0:00:00.016892324  4421 0x16ea320 DEBUG   GST_POLL gstpoll.c:980:gst_poll_fd_ctl_write: 0x16f2820: fd (fd:0, idx:1), active : 1
0:00:00.021735575  4420 0x2453390 DEBUG   GST_REGISTRY gstregistrychunks.c:539:gst_registry_chunks_load_pad_template: Added pad_template sink
0:00:00.016898449  4421 0x16ea320 LOG   GST_POLL gstpoll.c:994:gst_poll_fd_ctl_write: 0x16f2820: pfd->events now 60 (POLLOUT:4)
0:00:00.021741494  4420 0x2453390 DEBUG   GST_REGISTRY gstregistrychunks.c:526:gst_registry_chunks_load_pad_template: Reading/casting for GstRegistryChunkPadTemplate at address 0x246f798
0:00:00.016904987  4421 0x16ea320 DEBUG   GST_POLL gstpoll.c:980:gst_poll_fd_ctl_write: 0x16f2820: fd (fd:0, idx:1), active : 1
0:00:00.021747709  4420 0x2453390 DEBUG   GST_REGISTRY gstregistrychunks.c:539:gst_registry_chunks_load_pad_template: Added pad_template src
0:00:00.016911209  4421 0x16ea320 LOG   GST_POLL gstpoll.c:994:gst_poll_fd_ctl_write: 0x16f2820: pfd->events now 60 (POLLOUT:4)
0:00:00.021756787  4420 0x2453390 DEBUG   GST_REGISTRY gstregistry.c:590:gst_registry_add_feature: adding feature 0x2472890 (identity)
0:00:00.016917733  4421 0x16ea320 DEBUG   GST_POLL gstpoll.c:980:gst_poll_fd_ctl_write: 0x16f2820: fd (fd:0, idx:1), active : 1
0:00:00.021763842  4420 0x2453390 DEBUG   GST_REFCOUNTING gstobject.c:709:gst_object_set_parent: set parent (ref and sink)
0:00:00.016924223  4421 0x16ea320 LOG   GST_POLL gstpoll.c:994:gst_poll_fd_ctl_write: 0x16f2820: pfd->events now 60 (POLLOUT:4)
0:00:00.021772239  4420 0x2453390 TRACE   GST_REFCOUNTING gstobject.c:294:gst_object_ref_sink: 0x2472890 ref_sink 1->2
0:00:00.016934228  4421 0x16ea320 DEBUG   GST_POLL gstpoll.c:980:gst_poll_fd_ctl_write: 0x16f2820: fd (fd:0, idx:1), active : 1
0:00:00.016940992  4421 0x16ea320 LOG   GST_POLL gstpoll.c:994:gst_poll_fd_ctl_write: 0x16f2820: pfd->events now 60 (POLLOUT:4)
0:00:00.021781975  4420 0x2453390 LOG   GST_REGISTRY gstregistry.c:608:gst_registry_add_feature: emitting feature-added for identity
0:00:00.016947352  4421 0x16ea320 DEBUG   GST_POLL gstpoll.c:980:gst_poll_fd_ctl_write: 0x16f2820: fd (fd:0, idx:1), active : 1
0:00:00.021791564  4420 0x2453390 DEBUG   GST_REGISTRY gstregistrychunks.c:741:gst_registry_chunks_load_feature: Added feature identity, plugin 0x246d090 coreelements
0:00:00.016953430  4421 0x16ea320 LOG   GST_POLL gstpoll.c:994:gst_poll_fd_ctl_write: 0x16f2820: pfd->events now 60 (POLLOUT:4)
0:00:00.021799126  4420 0x2453390 DEBUG   GST_REGISTRY gstregistrychunks.c:583:gst_registry_chunks_load_feature: Plugin 'coreelements' feature 'funnel' typename : 'GstElementFactory'
0:00:00.016959913  4421 0x16ea320 DEBUG   GST_POLL gstpoll.c:980:gst_poll_fd_ctl_write: 0x16f2820: fd (fd:0, idx:1), active : 1
0:00:00.016966534  4421 0x16ea320 LOG   GST_POLL gstpoll.c:994:gst_poll_fd_ctl_write: 0x16f2820: pfd->events now 60 (POLLOUT:4)
0:00:00.021808411  4420 0x2453390 TRACE   GST_REFCOUNTING gstobject.c:208:gst_object_init: 0x2472c40 new
0:00:00.016977245  4421 0x16ea320 DEBUG   GST_POLL gstpoll.c:980:gst_poll_fd_ctl_write: 0x16f2820: fd (fd:0, idx:1), active : 1
0:00:00.021822026  4420 0x2453390 LOG   GST_REGISTRY gstregistrychunks.c:610:gst_registry_chunks_load_feature: Reading/casting for GstRegistryChunkElementFactory at address 0x246f7c8
0:00:00.016983369  4421 0x16ea320 LOG   GST_POLL gstpoll.c:994:gst_poll_fd_ctl_write: 0x16f2820: pfd->events now 60 (POLLOUT:4)
0:00:00.021828957  4420 0x2453390 TRACE   structure gststructure.c:287:gst_structure_new_id_empty_with_size: created structure 0x2472e90
0:00:00.016991999  4421 0x16ea320 DEBUG   GST_POLL gstpoll.c:980:gst_poll_fd_ctl_write: 0x16f2820: fd (fd:0, idx:1), active : 1
0:00:00.021835172  4420 0x2453390 DEBUG   structure gststructure.c:2203:gst_structure_parse_field: trying field name 'long-name'
0:00:00.016998919  4421 0x16ea320 LOG   GST_POLL gstpoll.c:994:gst_poll_fd_ctl_write: 0x16f2820: pfd->events now 60 (POLLOUT:4)
0:00:00.021841671  4420 0x2453390 DEBUG   default gstvalue.c:2676:_priv_gst_value_parse_value: trying type name 'string'
0:00:00.017005848  4421 0x16ea320 DEBUG   GST_POLL gstpoll.c:980:gst_poll_fd_ctl_write: 0x16f2820: fd (fd:0, idx:1), active : 1
0:00:00.021851257  4420 0x2453390 DEBUG   structure gststructure.c:2203:gst_structure_parse_field: trying field name 'klass'
0:00:00.017011986  4421 0x16ea320 LOG   GST_POLL gstpoll.c:994:gst_poll_fd_ctl_write: 0x16f2820: pfd->events now 60 (POLLOUT:4)
0:00:00.021858419  4420 0x2453390 DEBUG   default gstvalue.c:2676:_priv_gst_value_parse_value: trying type name 'string'
0:00:00.017019867  4421 0x16ea320 DEBUG   GST_POLL gstpoll.c:980:gst_poll_fd_ctl_write: 0x16f2820: fd (fd:0, idx:1), active : 1
0:00:00.017026084  4421 0x16ea320 LOG   GST_POLL gstpoll.c:994:gst_poll_fd_ctl_write: 0x16f2820: pfd->events now 60 (POLLOUT:4)
0:00:00.021871838  4420 0x2453390 DEBUG   structure gststructure.c:2203:gst_structure_parse_field: trying field name 'description'
0:00:00.017031767  4421 0x16ea320 DEBUG   GST_POLL gstpoll.c:980:gst_poll_fd_ctl_write: 0x16f2820: fd (fd:0, idx:1), active : 1
0:00:00.021878791  4420 0x2453390 DEBUG   default gstvalue.c:2676:_priv_gst_value_parse_value: trying type name 'string'
0:00:00.017039683  4421 0x16ea320 LOG   GST_POLL gstpoll.c:994:gst_poll_fd_ctl_write: 0x16f2820: pfd->events now 60 (POLLOUT:4)
0:00:00.021885737  4420 0x2453390 DEBUG   structure gststructure.c:2203:gst_structure_parse_field: trying field name 'author'
0:00:00.017048392  4421 0x16ea320 DEBUG   GST_POLL gstpoll.c:980:gst_poll_fd_ctl_write: 0x16f2820: fd (fd:0, idx:1), active : 1
0:00:00.021891771  4420 0x2453390 DEBUG   default gstvalue.c:2676:_priv_gst_value_parse_value: trying type name 'string'
0:00:00.017055435  4421 0x16ea320 LOG   GST_POLL gstpoll.c:994:gst_poll_fd_ctl_write: 0x16f2820: pfd->events now 60 (POLLOUT:4)
0:00:00.021899842  4420 0x2453390 DEBUG   GST_REGISTRY gstregistrychunks.c:626:gst_registry_chunks_load_feature: Element factory : npadtemplates=2
0:00:00.017066728  4421 0x16ea320 DEBUG   GST_POLL gstpoll.c:980:gst_poll_fd_ctl_write: 0x16f2820: fd (fd:0, idx:1), active : 1
0:00:00.021911259  4420 0x2453390 DEBUG   GST_REGISTRY gstregistrychunks.c:526:gst_registry_chunks_load_pad_template: Reading/casting for GstRegistryChunkPadTemplate at address 0x246f8a0
0:00:00.017073008  4421 0x16ea320 LOG   GST_POLL gstpoll.c:994:gst_poll_fd_ctl_write: 0x16f2820: pfd->events now 60 (POLLOUT:4)
0:00:00.021919135  4420 0x2453390 DEBUG   GST_REGISTRY gstregistrychunks.c:539:gst_registry_chunks_load_pad_template: Added pad_template src
0:00:00.017079944  4421 0x16ea320 DEBUG   GST_POLL gstpoll.c:980:gst_poll_fd_ctl_write: 0x16f2820: fd (fd:0, idx:1), active : 1
0:00:00.021925588  4420 0x2453390 DEBUG   GST_REGISTRY gstregistrychunks.c:526:gst_registry_chunks_load_pad_template: Reading/casting for GstRegistryChunkPadTemplate at address 0x246f8b0
0:00:00.017086671  4421 0x16ea320 LOG   GST_POLL gstpoll.c:994:gst_poll_fd_ctl_write: 0x16f2820: pfd->events now 60 (POLLOUT:4)
0:00:00.021931887  4420 0x2453390 DEBUG   GST_REGISTRY gstregistrychunks.c:539:gst_registry_chunks_load_pad_template: Added pad_template sink_%u
0:00:00.017094546  4421 0x16ea320 DEBUG   GST_POLL gstpoll.c:980:gst_poll_fd_ctl_write: 0x16f2820: fd (fd:0, idx:1), active : 1
