0:00:00.021940464  4420 0x2453390 DEBUG   GST_REGISTRY gstregistry.c:590:gst_registry_add_feature: adding feature 0x2472c40 (funnel)
0:00:00.017103745  4421 0x16ea320 LOG   GST_POLL gstpoll.c:994:gst_poll_fd_ctl_write: 0x16f2820: pfd->events now 60 (POLLOUT:4)
0:00:00.021946967  4420 0x2453390 DEBUG   GST_REFCOUNTING gstobject.c:709:gst_object_set_parent: set parent (ref and sink)
0:00:00.021957622  4420 0x2453390 TRACE   GST_REFCOUNTING gstobject.c:294:gst_object_ref_sink: 0x2472c40 ref_sink 1->2
0:00:00.017117074  4421 0x16ea320 DEBUG   GST_POLL gstpoll.c:980:gst_poll_fd_ctl_write: 0x16f2820: fd (fd:0, idx:1), active : 1
0:00:00.021963996  4420 0x2453390 LOG   GST_REGISTRY gstregistry.c:608:gst_registry_add_feature: emitting feature-added for funnel
0:00:00.017127966  4421 0x16ea320 LOG   GST_POLL gstpoll.c:994:gst_poll_fd_ctl_write: 0x16f2820: pfd->events now 60 (POLLOUT:4)
0:00:00.021973625  4420 0x2453390 DEBUG   GST_REGISTRY gstregistrychunks.c:741:gst_registry_chunks_load_feature: Added feature funnel, plugin 0x246d090 coreelements
0:00:00.017136673  4421 0x16ea320 DEBUG   GST_POLL gstpoll.c:980:gst_poll_fd_ctl_write: 0x16f2820: fd (fd:0, idx:1), active : 1
0:00:00.021981882  4420 0x2453390 DEBUG   GST_REGISTRY gstregistrychunks.c:583:gst_registry_chunks_load_feature: Plugin 'coreelements' feature 'filesrc' typename : 'GstElementFactory'
0:00:00.017143155  4421 0x16ea320 LOG   GST_POLL gstpoll.c:994:gst_poll_fd_ctl_write: 0x16f2820: pfd->events now 60 (POLLOUT:4)
0:00:00.021990887  4420 0x2453390 TRACE   GST_REFCOUNTING gstobject.c:208:gst_object_init: 0x2473120 new
0:00:00.017154302  4421 0x16ea320 DEBUG   GST_POLL gstpoll.c:980:gst_poll_fd_ctl_write: 0x16f2820: fd (fd:0, idx:1), active : 1
0:00:00.022000351  4420 0x2453390 LOG   GST_REGISTRY gstregistrychunks.c:610:gst_registry_chunks_load_feature: Reading/casting for GstRegistryChunkElementFactory at address 0x246f8e0
0:00:00.017160505  4421 0x16ea320 LOG   GST_POLL gstpoll.c:994:gst_poll_fd_ctl_write: 0x16f2820: pfd->events now 60 (POLLOUT:4)
0:00:00.022007453  4420 0x2453390 TRACE   structure gststructure.c:287:gst_structure_new_id_empty_with_size: created structure 0x24732e0
0:00:00.017168409  4421 0x16ea320 DEBUG   GST_POLL gstpoll.c:980:gst_poll_fd_ctl_write: 0x16f2820: fd (fd:0, idx:1), active : 1
0:00:00.022013882  4420 0x2453390 DEBUG   structure gststructure.c:2203:gst_structure_parse_field: trying field name 'long-name'
0:00:00.017174879  4421 0x16ea320 LOG   GST_POLL gstpoll.c:994:gst_poll_fd_ctl_write: 0x16f2820: pfd->events now 60 (POLLOUT:4)
0:00:00.022019691  4420 0x2453390 DEBUG   default gstvalue.c:2676:_priv_gst_value_parse_value: trying type name 'string'
0:00:00.017183456  4421 0x16ea320 DEBUG   GST_POLL gstpoll.c:980:gst_poll_fd_ctl_write: 0x16f2820: fd (fd:0, idx:1), active : 1
0:00:00.022026875  4420 0x2453390 DEBUG   structure gststructure.c:2203:gst_structure_parse_field: trying field name 'klass'
0:00:00.017190387  4421 0x16ea320 LOG   GST_POLL gstpoll.c:994:gst_poll_fd_ctl_write: 0x16f2820: pfd->events now 60 (POLLOUT:4)
0:00:00.022034845  4420 0x2453390 DEBUG   default gstvalue.c:2676:_priv_gst_value_parse_value: trying type name 'string'
0:00:00.017197071  4421 0x16ea320 DEBUG   GST_POLL gstpoll.c:980:gst_poll_fd_ctl_write: 0x16f2820: fd (fd:0, idx:1), active : 1
0:00:00.022043250  4420 0x2453390 DEBUG   structure gststructure.c:2203:gst_structure_parse_field: trying field name 'description'
0:00:00.017203130  4421 0x16ea320 LOG   GST_POLL gstpoll.c:994:gst_poll_fd_ctl_write: 0x16f2820: pfd->events now 60 (POLLOUT:4)
0:00:00.022049544  4420 0x2453390 DEBUG   default gstvalue.c:2676:_priv_gst_value_parse_value: trying type name 'string'
0:00:00.017211211  4421 0x16ea320 DEBUG   GST_POLL gstpoll.c:980:gst_poll_fd_ctl_write: 0x16f2820: fd (fd:0, idx:1), active : 1
0:00:00.022057186  4420 0x2453390 DEBUG   structure gststructure.c:2203:gst_structure_parse_field: trying field name 'author'
0:00:00.017217025  4421 0x16ea320 LOG   GST_POLL gstpoll.c:994:gst_poll_fd_ctl_write: 0x16f2820: pfd->events now 60 (POLLOUT:4)
0:00:00.022063095  4420 0x2453390 DEBUG   default gstvalue.c:2676:_priv_gst_value_parse_value: trying type name 'string'
0:00:00.017224872  4421 0x16ea320 DEBUG   GST_POLL gstpoll.c:980:gst_poll_fd_ctl_write: 0x16f2820: fd (fd:0, idx:1), active : 1
0:00:00.022070307  4420 0x2453390 DEBUG   GST_REGISTRY gstregistrychunks.c:626:gst_registry_chunks_load_feature: Element factory : npadtemplates=1
0:00:00.017230822  4421 0x16ea320 LOG   GST_POLL gstpoll.c:994:gst_poll_fd_ctl_write: 0x16f2820: pfd->events now 60 (POLLOUT:4)
0:00:00.022081769  4420 0x2453390 DEBUG   GST_REGISTRY gstregistrychunks.c:526:gst_registry_chunks_load_pad_template: Reading/casting for GstRegistryChunkPadTemplate at address 0x246f9c0
0:00:00.017245654  4421 0x16ea320 DEBUG   GST_POLL gstpoll.c:980:gst_poll_fd_ctl_write: 0x16f2820: fd (fd:0, idx:1), active : 1
0:00:00.022088252  4420 0x2453390 DEBUG   GST_REGISTRY gstregistrychunks.c:539:gst_registry_chunks_load_pad_template: Added pad_template src
0:00:00.017252711  4421 0x16ea320 LOG   GST_POLL gstpoll.c:994:gst_poll_fd_ctl_write: 0x16f2820: pfd->events now 60 (POLLOUT:4)
0:00:00.022098181  4420 0x2453390 DEBUG   GST_REGISTRY gstregistrychunks.c:639:gst_registry_chunks_load_feature: Reading 1 UriTypes at address 0x246f9d0
0:00:00.017259402  4421 0x16ea320 DEBUG   GST_POLL gstpoll.c:980:gst_poll_fd_ctl_write: 0x16f2820: fd (fd:0, idx:1), active : 1
0:00:00.022106604  4420 0x2453390 DEBUG   GST_REGISTRY gstregistrychunks.c:654:gst_registry_chunks_load_feature: Reading 1 Interfaces at address 0x246f9d9
0:00:00.017266598  4421 0x16ea320 LOG   GST_POLL gstpoll.c:994:gst_poll_fd_ctl_write: 0x16f2820: pfd->events now 60 (POLLOUT:4)
0:00:00.022116139  4420 0x2453390 DEBUG   GST_REGISTRY gstregistry.c:590:gst_registry_add_feature: adding feature 0x2473120 (filesrc)
0:00:00.017274448  4421 0x16ea320 DEBUG   GST_POLL gstpoll.c:980:gst_poll_fd_ctl_write: 0x16f2820: fd (fd:0, idx:1), active : 1
0:00:00.022123055  4420 0x2453390 DEBUG   GST_REFCOUNTING gstobject.c:709:gst_object_set_parent: set parent (ref and sink)
0:00:00.017285919  4421 0x16ea320 LOG   GST_POLL gstpoll.c:994:gst_poll_fd_ctl_write: 0x16f2820: pfd->events now 60 (POLLOUT:4)
0:00:00.022131211  4420 0x2453390 TRACE   GST_REFCOUNTING gstobject.c:294:gst_object_ref_sink: 0x2473120 ref_sink 1->2
0:00:00.017292492  4421 0x16ea320 DEBUG   GST_POLL gstpoll.c:980:gst_poll_fd_ctl_write: 0x16f2820: fd (fd:0, idx:1), active : 1
0:00:00.022138422  4420 0x2453390 LOG   GST_REGISTRY gstregistry.c:608:gst_registry_add_feature: emitting feature-added for filesrc
0:00:00.017300895  4421 0x16ea320 LOG   GST_POLL gstpoll.c:994:gst_poll_fd_ctl_write: 0x16f2820: pfd->events now 60 (POLLOUT:4)
0:00:00.022145750  4420 0x2453390 DEBUG   GST_REGISTRY gstregistrychunks.c:741:gst_registry_chunks_load_feature: Added feature filesrc, plugin 0x246d090 coreelements
0:00:00.017308412  4421 0x16ea320 DEBUG   GST_POLL gstpoll.c:980:gst_poll_fd_ctl_write: 0x16f2820: fd (fd:0, idx:1), active : 1
0:00:00.022152858  4420 0x2453390 DEBUG   GST_REGISTRY gstregistrychunks.c:583:gst_registry_chunks_load_feature: Plugin 'coreelements' feature 'fdsink' typename : 'GstElementFactory'
0:00:00.017314739  4421 0x16ea320 LOG   GST_POLL gstpoll.c:994:gst_poll_fd_ctl_write: 0x16f2820: pfd->events now 60 (POLLOUT:4)
0:00:00.017321776  4421 0x16ea320 DEBUG   GST_POLL gstpoll.c:980:gst_poll_fd_ctl_write: 0x16f2820: fd (fd:0, idx:1), active : 1
0:00:00.022163727  4420 0x2453390 TRACE   GST_REFCOUNTING gstobject.c:208:gst_object_init: 0x2473500 new
0:00:00.017331715  4421 0x16ea320 LOG   GST_POLL gstpoll.c:994:gst_poll_fd_ctl_write: 0x16f2820: pfd->events now 60 (POLLOUT:4)
0:00:00.022177141  4420 0x2453390 LOG   GST_REGISTRY gstregistrychunks.c:610:gst_registry_chunks_load_feature: Reading/casting for GstRegistryChunkElementFactory at address 0x246fa00
0:00:00.017338442  4421 0x16ea320 DEBUG   GST_POLL gstpoll.c:980:gst_poll_fd_ctl_write: 0x16f2820: fd (fd:0, idx:1), active : 1
0:00:00.022184652  4420 0x2453390 TRACE   structure gststructure.c:287:gst_structure_new_id_empty_with_size: created structure 0x24735f0
0:00:00.017344858  4421 0x16ea320 LOG   GST_POLL gstpoll.c:994:gst_poll_fd_ctl_write: 0x16f2820: pfd->events now 60 (POLLOUT:4)
0:00:00.022191309  4420 0x2453390 DEBUG   structure gststructure.c:2203:gst_structure_parse_field: trying field name 'long-name'
0:00:00.017352567  4421 0x16ea320 DEBUG   GST_POLL gstpoll.c:980:gst_poll_fd_ctl_write: 0x16f2820: fd (fd:0, idx:1), active : 1
0:00:00.022197450  4420 0x2453390 DEBUG   default gstvalue.c:2676:_priv_gst_value_parse_value: trying type name 'string'
0:00:00.017360726  4421 0x16ea320 LOG   GST_POLL gstpoll.c:994:gst_poll_fd_ctl_write: 0x16f2820: pfd->events now 60 (POLLOUT:4)
0:00:00.022204613  4420 0x2453390 DEBUG   structure gststructure.c:2203:gst_structure_parse_field: trying field name 'klass'
0:00:00.017368120  4421 0x16ea320 DEBUG   GST_POLL gstpoll.c:980:gst_poll_fd_ctl_write: 0x16f2820: fd (fd:0, idx:1), active : 1
0:00:00.022210482  4420 0x2453390 DEBUG   default gstvalue.c:2676:_priv_gst_value_parse_value: trying type name 'string'
0:00:00.017374563  4421 0x16ea320 LOG   GST_POLL gstpoll.c:994:gst_poll_fd_ctl_write: 0x16f2820: pfd->events now 60 (POLLOUT:4)
0:00:00.022218147  4420 0x2453390 DEBUG   structure gststructure.c:2203:gst_structure_parse_field: trying field name 'description'
0:00:00.017380995  4421 0x16ea320 DEBUG   GST_POLL gstpoll.c:980:gst_poll_fd_ctl_write: 0x16f2820: fd (fd:0, idx:1), active : 1
0:00:00.022226182  4420 0x2453390 DEBUG   default gstvalue.c:2676:_priv_gst_value_parse_value: trying type name 'string'
0:00:00.017387005  4421 0x16ea320 LOG   GST_POLL gstpoll.c:994:gst_poll_fd_ctl_write: 0x16f2820: pfd->events now 60 (POLLOUT:4)
0:00:00.022235115  4420 0x2453390 DEBUG   structure gststructure.c:2203:gst_structure_parse_field: trying field name 'author'
0:00:00.017394814  4421 0x16ea320 DEBUG   GST_POLL gstpoll.c:980:gst_poll_fd_ctl_write: 0x16f2820: fd (fd:0, idx:1), active : 1
0:00:00.022241255  4420 0x2453390 DEBUG   default gstvalue.c:2676:_priv_gst_value_parse_value: trying type name 'string'
0:00:00.017402466  4421 0x16ea320 LOG   GST_POLL gstpoll.c:994:gst_poll_fd_ctl_write: 0x16f2820: pfd->events now 60 (POLLOUT:4)
0:00:00.022248799  4420 0x2453390 DEBUG   GST_REGISTRY gstregistrychunks.c:626:gst_registry_chunks_load_feature: Element factory : npadtemplates=1
0:00:00.017409096  4421 0x16ea320 DEBUG   GST_POLL gstpoll.c:980:gst_poll_fd_ctl_write: 0x16f2820: fd (fd:0, idx:1), active : 1
0:00:00.022259512  4420 0x2453390 DEBUG   GST_REGISTRY gstregistrychunks.c:526:gst_registry_chunks_load_pad_template: Reading/casting for GstRegistryChunkPadTemplate at address 0x246fae0
0:00:00.017422797  4421 0x16ea320 LOG   GST_POLL gstpoll.c:994:gst_poll_fd_ctl_write: 0x16f2820: pfd->events now 60 (POLLOUT:4)
0:00:00.022265938  4420 0x2453390 DEBUG   GST_REGISTRY gstregistrychunks.c:539:gst_registry_chunks_load_pad_template: Added pad_template sink
0:00:00.017430385  4421 0x16ea320 DEBUG   GST_POLL gstpoll.c:980:gst_poll_fd_ctl_write: 0x16f2820: fd (fd:0, idx:1), active : 1
0:00:00.022273492  4420 0x2453390 DEBUG   GST_REGISTRY gstregistrychunks.c:639:gst_registry_chunks_load_feature: Reading 1 UriTypes at address 0x246faf1
0:00:00.017436884  4421 0x16ea320 LOG   GST_POLL gstpoll.c:994:gst_poll_fd_ctl_write: 0x16f2820: pfd->events now 60 (POLLOUT:4)
0:00:00.022280380  4420 0x2453390 DEBUG   GST_REGISTRY gstregistrychunks.c:654:gst_registry_chunks_load_feature: Reading 1 Interfaces at address 0x246faff
0:00:00.017443473  4421 0x16ea320 DEBUG   GST_POLL gstpoll.c:980:gst_poll_fd_ctl_write: 0x16f2820: fd (fd:0, idx:1), active : 1
0:00:00.017449575  4421 0x16ea320 LOG   GST_POLL gstpoll.c:994:gst_poll_fd_ctl_write: 0x16f2820: pfd->events now 60 (POLLOUT:4)
0:00:00.022291527  4420 0x2453390 DEBUG   GST_REGISTRY gstregistry.c:590:gst_registry_add_feature: adding feature 0x2473500 (fdsink)
0:00:00.017455398  4421 0x16ea320 DEBUG   GST_POLL gstpoll.c:980:gst_poll_fd_ctl_write: 0x16f2820: fd (fd:0, idx:1), active : 1
0:00:00.022299134  4420 0x2453390 DEBUG   GST_REFCOUNTING gstobject.c:709:gst_object_set_parent: set parent (ref and sink)
0:00:00.017461505  4421 0x16ea320 LOG   GST_POLL gstpoll.c:994:gst_poll_fd_ctl_write: 0x16f2820: pfd->events now 60 (POLLOUT:4)
0:00:00.022307716  4420 0x2453390 TRACE   GST_REFCOUNTING gstobject.c:294:gst_object_ref_sink: 0x2473500 ref_sink 1->2
0:00:00.017468104  4421 0x16ea320 DEBUG   GST_POLL gstpoll.c:980:gst_poll_fd_ctl_write: 0x16f2820: fd (fd:0, idx:1), active : 1
0:00:00.022315429  4420 0x2453390 LOG   GST_REGISTRY gstregistry.c:608:gst_registry_add_feature: emitting feature-added for fdsink
0:00:00.017477767  4421 0x16ea320 LOG   GST_POLL gstpoll.c:994:gst_poll_fd_ctl_write: 0x16f2820: pfd->events now 60 (POLLOUT:4)
0:00:00.022322753  4420 0x2453390 DEBUG   GST_REGISTRY gstregistrychunks.c:741:gst_registry_chunks_load_feature: Added feature fdsink, plugin 0x246d090 coreelements
0:00:00.017485224  4421 0x16ea320 DEBUG   GST_POLL gstpoll.c:980:gst_poll_fd_ctl_write: 0x16f2820: fd (fd:0, idx:1), active : 1
0:00:00.022330152  4420 0x2453390 DEBUG   GST_REGISTRY gstregistrychunks.c:583:gst_registry_chunks_load_feature: Plugin 'coreelements' feature 'fdsrc' typename : 'GstElementFactory'
0:00:00.017491590  4421 0x16ea320 LOG   GST_POLL gstpoll.c:994:gst_poll_fd_ctl_write: 0x16f2820: pfd->events now 60 (POLLOUT:4)
0:00:00.022339295  4420 0x2453390 TRACE   GST_REFCOUNTING gstobject.c:208:gst_object_init: 0x2473410 new
0:00:00.017502559  4421 0x16ea320 DEBUG   GST_POLL gstpoll.c:980:gst_poll_fd_ctl_write: 0x16f2820: fd (fd:0, idx:1), active : 1
0:00:00.022348182  4420 0x2453390 LOG   GST_REGISTRY gstregistrychunks.c:610:gst_registry_chunks_load_feature: Reading/casting for GstRegistryChunkElementFactory at address 0x246fb28
0:00:00.017508805  4421 0x16ea320 LOG   GST_POLL gstpoll.c:994:gst_poll_fd_ctl_write: 0x16f2820: pfd->events now 60 (POLLOUT:4)
0:00:00.017517140  4421 0x16ea320 DEBUG   GST_POLL gstpoll.c:980:gst_poll_fd_ctl_write: 0x16f2820: fd (fd:0, idx:1), active : 1
0:00:00.022357652  4420 0x2453390 TRACE   structure gststructure.c:287:gst_structure_new_id_empty_with_size: created structure 0x2473970
0:00:00.017522779  4421 0x16ea320 LOG   GST_POLL gstpoll.c:994:gst_poll_fd_ctl_write: 0x16f2820: pfd->events now 60 (POLLOUT:4)
0:00:00.022366219  4420 0x2453390 DEBUG   structure gststructure.c:2203:gst_structure_parse_field: trying field name 'long-name'
0:00:00.017529113  4421 0x16ea320 DEBUG   GST_POLL gstpoll.c:980:gst_poll_fd_ctl_write: 0x16f2820: fd (fd:0, idx:1), active : 1
0:00:00.022372312  4420 0x2453390 DEBUG   default gstvalue.c:2676:_priv_gst_value_parse_value: trying type name 'string'
0:00:00.017537161  4421 0x16ea320 LOG   GST_POLL gstpoll.c:994:gst_poll_fd_ctl_write: 0x16f2820: pfd->events now 60 (POLLOUT:4)
0:00:00.022380119  4420 0x2453390 DEBUG   structure gststructure.c:2203:gst_structure_parse_field: trying field name 'klass'
0:00:00.017544738  4421 0x16ea320 DEBUG   GST_POLL gstpoll.c:980:gst_poll_fd_ctl_write: 0x16f2820: fd (fd:0, idx:1), active : 1
0:00:00.022386755  4420 0x2453390 DEBUG   default gstvalue.c:2676:_priv_gst_value_parse_value: trying type name 'string'
0:00:00.017551341  4421 0x16ea320 LOG   GST_POLL gstpoll.c:994:gst_poll_fd_ctl_write: 0x16f2820: pfd->events now 60 (POLLOUT:4)
0:00:00.022395201  4420 0x2453390 DEBUG   structure gststructure.c:2203:gst_structure_parse_field: trying field name 'description'
0:00:00.017558148  4421 0x16ea320 DEBUG   GST_POLL gstpoll.c:980:gst_poll_fd_ctl_write: 0x16f2820: fd (fd:0, idx:1), active : 1
0:00:00.022401130  4420 0x2453390 DEBUG   default gstvalue.c:2676:_priv_gst_value_parse_value: trying type name 'string'
0:00:00.017564160  4421 0x16ea320 LOG   GST_POLL gstpoll.c:994:gst_poll_fd_ctl_write: 0x16f2820: pfd->events now 60 (POLLOUT:4)
0:00:00.022408207  4420 0x2453390 DEBUG   structure gststructure.c:2203:gst_structure_parse_field: trying field name 'author'
0:00:00.017570564  4421 0x16ea320 DEBUG   GST_POLL gstpoll.c:980:gst_poll_fd_ctl_write: 0x16f2820: fd (fd:0, idx:1), active : 1
0:00:00.022416132  4420 0x2453390 DEBUG   default gstvalue.c:2676:_priv_gst_value_parse_value: trying type name 'string'
0:00:00.017576731  4421 0x16ea320 LOG   GST_POLL gstpoll.c:994:gst_poll_fd_ctl_write: 0x16f2820: pfd->events now 60 (POLLOUT:4)
0:00:00.022425167  4420 0x2453390 DEBUG   GST_REGISTRY gstregistrychunks.c:626:gst_registry_chunks_load_feature: Element factory : npadtemplates=1
0:00:00.017589202  4421 0x16ea320 DEBUG   GST_POLL gstpoll.c:980:gst_poll_fd_ctl_write: 0x16f2820: fd (fd:0, idx:1), active : 1
0:00:00.022432135  4420 0x2453390 DEBUG   GST_REGISTRY gstregistrychunks.c:526:gst_registry_chunks_load_pad_template: Reading/casting for GstRegistryChunkPadTemplate at address 0x246fc08
0:00:00.017597466  4421 0x16ea320 LOG   GST_POLL gstpoll.c:994:gst_poll_fd_ctl_write: 0x16f2820: pfd->events now 60 (POLLOUT:4)
0:00:00.022439415  4420 0x2453390 DEBUG   GST_REGISTRY gstregistrychunks.c:539:gst_registry_chunks_load_pad_template: Added pad_template src
0:00:00.017605080  4421 0x16ea320 DEBUG   GST_POLL gstpoll.c:980:gst_poll_fd_ctl_write: 0x16f2820: fd (fd:0, idx:1), active : 1
0:00:00.022447940  4420 0x2453390 DEBUG   GST_REGISTRY gstregistrychunks.c:639:gst_registry_chunks_load_feature: Reading 1 UriTypes at address 0x246fc18
0:00:00.017611615  4421 0x16ea320 LOG   GST_POLL gstpoll.c:994:gst_poll_fd_ctl_write: 0x16f2820: pfd->events now 60 (POLLOUT:4)
0:00:00.022455762  4420 0x2453390 DEBUG   GST_REGISTRY gstregistrychunks.c:654:gst_registry_chunks_load_feature: Reading 1 Interfaces at address 0x246fc1f
0:00:00.017618543  4421 0x16ea320 DEBUG   GST_POLL gstpoll.c:980:gst_poll_fd_ctl_write: 0x16f2820: fd (fd:0, idx:1), active : 1
0:00:00.022464419  4420 0x2453390 DEBUG   GST_REGISTRY gstregistry.c:590:gst_registry_add_feature: adding feature 0x2473410 (fdsrc)
0:00:00.017624628  4421 0x16ea320 LOG   GST_POLL gstpoll.c:994:gst_poll_fd_ctl_write: 0x16f2820: pfd->events now 60 (POLLOUT:4)
0:00:00.022471594  4420 0x2453390 DEBUG   GST_REFCOUNTING gstobject.c:709:gst_object_set_parent: set parent (ref and sink)
0:00:00.017632540  4421 0x16ea320 DEBUG   GST_POLL gstpoll.c:980:gst_poll_fd_ctl_write: 0x16f2820: fd (fd:0, idx:1), active : 1
0:00:00.017640493  4421 0x16ea320 LOG   GST_POLL gstpoll.c:994:gst_poll_fd_ctl_write: 0x16f2820: pfd->events now 60 (POLLOUT:4)
0:00:00.022482532  4420 0x2453390 TRACE   GST_REFCOUNTING gstobject.c:294:gst_object_ref_sink: 0x2473410 ref_sink 1->2
0:00:00.017646158  4421 0x16ea320 DEBUG   GST_POLL gstpoll.c:980:gst_poll_fd_ctl_write: 0x16f2820: fd (fd:0, idx:1), active : 1
0:00:00.022491059  4420 0x2453390 LOG   GST_REGISTRY gstregistry.c:608:gst_registry_add_feature: emitting feature-added for fdsrc
0:00:00.017654308  4421 0x16ea320 LOG   GST_POLL gstpoll.c:994:gst_poll_fd_ctl_write: 0x16f2820: pfd->events now 60 (POLLOUT:4)
0:00:00.022499199  4420 0x2453390 DEBUG   GST_REGISTRY gstregistrychunks.c:741:gst_registry_chunks_load_feature: Added feature fdsrc, plugin 0x246d090 coreelements
0:00:00.017661816  4421 0x16ea320 DEBUG   GST_POLL gstpoll.c:980:gst_poll_fd_ctl_write: 0x16f2820: fd (fd:0, idx:1), active : 1
0:00:00.022506719  4420 0x2453390 DEBUG   GST_REGISTRY gstregistrychunks.c:583:gst_registry_chunks_load_feature: Plugin 'coreelements' feature 'fakesink' typename : 'GstElementFactory'
0:00:00.017668183  4421 0x16ea320 LOG   GST_POLL gstpoll.c:994:gst_poll_fd_ctl_write: 0x16f2820: pfd->events now 60 (POLLOUT:4)
0:00:00.017679522  4421 0x16ea320 DEBUG   GST_POLL gstpoll.c:980:gst_poll_fd_ctl_write: 0x16f2820: fd (fd:0, idx:1), active : 1
0:00:00.022521165  4420 0x2453390 TRACE   GST_REFCOUNTING gstobject.c:208:gst_object_init: 0x24737e0 new
0:00:00.017685001  4421 0x16ea320 LOG   GST_POLL gstpoll.c:994:gst_poll_fd_ctl_write: 0x16f2820: pfd->events now 60 (POLLOUT:4)
0:00:00.022530611  4420 0x2453390 LOG   GST_REGISTRY gstregistrychunks.c:610:gst_registry_chunks_load_feature: Reading/casting for GstRegistryChunkElementFactory at address 0x246fc48
0:00:00.017691477  4421 0x16ea320 DEBUG   GST_POLL gstpoll.c:980:gst_poll_fd_ctl_write: 0x16f2820: fd (fd:0, idx:1), active : 1
0:00:00.022537753  4420 0x2453390 TRACE   structure gststructure.c:287:gst_structure_new_id_empty_with_size: created structure 0x2473e80
0:00:00.017698383  4421 0x16ea320 LOG   GST_POLL gstpoll.c:994:gst_poll_fd_ctl_write: 0x16f2820: pfd->events now 60 (POLLOUT:4)
0:00:00.022544108  4420 0x2453390 DEBUG   structure gststructure.c:2203:gst_structure_parse_field: trying field name 'long-name'
0:00:00.017705339  4421 0x16ea320 DEBUG   GST_POLL gstpoll.c:980:gst_poll_fd_ctl_write: 0x16f2820: fd (fd:0, idx:1), active : 1
0:00:00.022552262  4420 0x2453390 DEBUG   default gstvalue.c:2676:_priv_gst_value_parse_value: trying type name 'string'
0:00:00.017714437  4421 0x16ea320 LOG   GST_POLL gstpoll.c:994:gst_poll_fd_ctl_write: 0x16f2820: pfd->events now 60 (POLLOUT:4)
0:00:00.022560632  4420 0x2453390 DEBUG   structure gststructure.c:2203:gst_structure_parse_field: trying field name 'klass'
0:00:00.017722144  4421 0x16ea320 DEBUG   GST_POLL gstpoll.c:980:gst_poll_fd_ctl_write: 0x16f2820: fd (fd:0, idx:1), active : 1
0:00:00.022567178  4420 0x2453390 DEBUG   default gstvalue.c:2676:_priv_gst_value_parse_value: trying type name 'string'
0:00:00.017728685  4421 0x16ea320 LOG   GST_POLL gstpoll.c:994:gst_poll_fd_ctl_write: 0x16f2820: pfd->events now 60 (POLLOUT:4)
0:00:00.022573916  4420 0x2453390 DEBUG   structure gststructure.c:2203:gst_structure_parse_field: trying field name 'description'
0:00:00.017735245  4421 0x16ea320 DEBUG   GST_POLL gstpoll.c:980:gst_poll_fd_ctl_write: 0x16f2820: fd (fd:0, idx:1), active : 1
0:00:00.022579627  4420 0x2453390 DEBUG   default gstvalue.c:2676:_priv_gst_value_parse_value: trying type name 'string'
0:00:00.017741395  4421 0x16ea320 LOG   GST_POLL gstpoll.c:994:gst_poll_fd_ctl_write: 0x16f2820: pfd->events now 60 (POLLOUT:4)
0:00:00.017760947  4421 0x16ea320 DEBUG   GST_POLL gstpoll.c:980:gst_poll_fd_ctl_write: 0x16f2820: fd (fd:0, idx:1), active : 1
0:00:00.022601767  4420 0x2453390 DEBUG   structure gststructure.c:2203:gst_structure_parse_field: trying field name 'author'
0:00:00.017771544  4421 0x16ea320 LOG   GST_POLL gstpoll.c:994:gst_poll_fd_ctl_write: 0x16f2820: pfd->events now 60 (POLLOUT:4)
0:00:00.022617710  4420 0x2453390 DEBUG   default gstvalue.c:2676:_priv_gst_value_parse_value: trying type name 'string'
0:00:00.017790248  4421 0x16ea320 DEBUG   GST_POLL gstpoll.c:980:gst_poll_fd_ctl_write: 0x16f2820: fd (fd:0, idx:1), active : 1
0:00:00.017797347  4421 0x16ea320 LOG   GST_POLL gstpoll.c:994:gst_poll_fd_ctl_write: 0x16f2820: pfd->events now 60 (POLLOUT:4)
0:00:00.022640378  4420 0x2453390 DEBUG   GST_REGISTRY gstregistrychunks.c:626:gst_registry_chunks_load_feature: Element factory : npadtemplates=1
0:00:00.017803489  4421 0x16ea320 DEBUG   GST_POLL gstpoll.c:980:gst_poll_fd_ctl_write: 0x16f2820: fd (fd:0, idx:1), active : 1
0:00:00.022647044  4420 0x2453390 DEBUG   GST_REGISTRY gstregistrychunks.c:526:gst_registry_chunks_load_pad_template: Reading/casting for GstRegistryChunkPadTemplate at address 0x246fd70
0:00:00.017809605  4421 0x16ea320 LOG   GST_POLL gstpoll.c:994:gst_poll_fd_ctl_write: 0x16f2820: pfd->events now 60 (POLLOUT:4)
0:00:00.022653710  4420 0x2453390 DEBUG   GST_REGISTRY gstregistrychunks.c:539:gst_registry_chunks_load_pad_template: Added pad_template sink
0:00:00.017815970  4421 0x16ea320 DEBUG   GST_POLL gstpoll.c:980:gst_poll_fd_ctl_write: 0x16f2820: fd (fd:0, idx:1), active : 1
0:00:00.017822206  4421 0x16ea320 LOG   GST_POLL gstpoll.c:994:gst_poll_fd_ctl_write: 0x16f2820: pfd->events now 60 (POLLOUT:4)
0:00:00.022668500  4420 0x2453390 DEBUG   GST_REGISTRY gstregistry.c:590:gst_registry_add_feature: adding feature 0x24737e0 (fakesink)
0:00:00.017828063  4421 0x16ea320 DEBUG   GST_POLL gstpoll.c:980:gst_poll_fd_ctl_write: 0x16f2820: fd (fd:0, idx:1), active : 1
0:00:00.022675570  4420 0x2453390 DEBUG   GST_REFCOUNTING gstobject.c:709:gst_object_set_parent: set parent (ref and sink)
0:00:00.017836121  4421 0x16ea320 LOG   GST_POLL gstpoll.c:994:gst_poll_fd_ctl_write: 0x16f2820: pfd->events now 60 (POLLOUT:4)
0:00:00.022686725  4420 0x2453390 TRACE   GST_REFCOUNTING gstobject.c:294:gst_object_ref_sink: 0x24737e0 ref_sink 1->2
0:00:00.017847483  4421 0x16ea320 DEBUG   GST_POLL gstpoll.c:980:gst_poll_fd_ctl_write: 0x16f2820: fd (fd:0, idx:1), active : 1
0:00:00.022695171  4420 0x2453390 LOG   GST_REGISTRY gstregistry.c:608:gst_registry_add_feature: emitting feature-added for fakesink
0:00:00.017855668  4421 0x16ea320 LOG   GST_POLL gstpoll.c:994:gst_poll_fd_ctl_write: 0x16f2820: pfd->events now 60 (POLLOUT:4)
0:00:00.022703346  4420 0x2453390 DEBUG   GST_REGISTRY gstregistrychunks.c:741:gst_registry_chunks_load_feature: Added feature fakesink, plugin 0x246d090 coreelements
0:00:00.017863395  4421 0x16ea320 DEBUG   GST_POLL gstpoll.c:980:gst_poll_fd_ctl_write: 0x16f2820: fd (fd:0, idx:1), active : 1
0:00:00.022711315  4420 0x2453390 DEBUG   GST_REGISTRY gstregistrychunks.c:583:gst_registry_chunks_load_feature: Plugin 'coreelements' feature 'fakesrc' typename : 'GstElementFactory'
0:00:00.017871125  4421 0x16ea320 LOG   GST_POLL gstpoll.c:994:gst_poll_fd_ctl_write: 0x16f2820: pfd->events now 60 (POLLOUT:4)
0:00:00.022720442  4420 0x2453390 TRACE   GST_REFCOUNTING gstobject.c:208:gst_object_init: 0x2473bd0 new
0:00:00.017884776  4421 0x16ea320 DEBUG   GST_POLL gstpoll.c:980:gst_poll_fd_ctl_write: 0x16f2820: fd (fd:0, idx:1), active : 1
0:00:00.022729694  4420 0x2453390 LOG   GST_REGISTRY gstregistrychunks.c:610:gst_registry_chunks_load_feature: Reading/casting for GstRegistryChunkElementFactory at address 0x246fda0
0:00:00.017891029  4421 0x16ea320 LOG   GST_POLL gstpoll.c:994:gst_poll_fd_ctl_write: 0x16f2820: pfd->events now 60 (POLLOUT:4)
0:00:00.022737092  4420 0x2453390 TRACE   structure gststructure.c:287:gst_structure_new_id_empty_with_size: created structure 0x2474260
0:00:00.017898107  4421 0x16ea320 DEBUG   GST_POLL gstpoll.c:980:gst_poll_fd_ctl_write: 0x16f2820: fd (fd:0, idx:1), active : 1
0:00:00.022743735  4420 0x2453390 DEBUG   structure gststructure.c:2203:gst_structure_parse_field: trying field name 'long-name'
0:00:00.017904727  4421 0x16ea320 LOG   GST_POLL gstpoll.c:994:gst_poll_fd_ctl_write: 0x16f2820: pfd->events now 60 (POLLOUT:4)
0:00:00.022751784  4420 0x2453390 DEBUG   default gstvalue.c:2676:_priv_gst_value_parse_value: trying type name 'string'
0:00:00.017914496  4421 0x16ea320 DEBUG   GST_POLL gstpoll.c:980:gst_poll_fd_ctl_write: 0x16f2820: fd (fd:0, idx:1), active : 1
0:00:00.022760078  4420 0x2453390 DEBUG   structure gststructure.c:2203:gst_structure_parse_field: trying field name 'klass'
0:00:00.017921454  4421 0x16ea320 LOG   GST_POLL gstpoll.c:994:gst_poll_fd_ctl_write: 0x16f2820: pfd->events now 60 (POLLOUT:4)
0:00:00.022766284  4420 0x2453390 DEBUG   default gstvalue.c:2676:_priv_gst_value_parse_value: trying type name 'string'
0:00:00.017928744  4421 0x16ea320 DEBUG   GST_POLL gstpoll.c:980:gst_poll_fd_ctl_write: 0x16f2820: fd (fd:0, idx:1), active : 1
0:00:00.022773477  4420 0x2453390 DEBUG   structure gststructure.c:2203:gst_structure_parse_field: trying field name 'description'
0:00:00.017935240  4421 0x16ea320 LOG   GST_POLL gstpoll.c:994:gst_poll_fd_ctl_write: 0x16f2820: pfd->events now 60 (POLLOUT:4)
0:00:00.022779428  4420 0x2453390 DEBUG   default gstvalue.c:2676:_priv_gst_value_parse_value: trying type name 'string'
0:00:00.017941963  4421 0x16ea320 DEBUG   GST_POLL gstpoll.c:980:gst_poll_fd_ctl_write: 0x16f2820: fd (fd:0, idx:1), active : 1
0:00:00.022786815  4420 0x2453390 DEBUG   structure gststructure.c:2203:gst_structure_parse_field: trying field name 'author'
0:00:00.017947898  4421 0x16ea320 LOG   GST_POLL gstpoll.c:994:gst_poll_fd_ctl_write: 0x16f2820: pfd->events now 60 (POLLOUT:4)
0:00:00.022792874  4420 0x2453390 DEBUG   default gstvalue.c:2676:_priv_gst_value_parse_value: trying type name 'string'
0:00:00.017954502  4421 0x16ea320 DEBUG   GST_POLL gstpoll.c:980:gst_poll_fd_ctl_write: 0x16f2820: fd (fd:0, idx:1), active : 1
0:00:00.022800680  4420 0x2453390 DEBUG   GST_REGISTRY gstregistrychunks.c:626:gst_registry_chunks_load_feature: Element factory : npadtemplates=1
0:00:00.017960660  4421 0x16ea320 LOG   GST_POLL gstpoll.c:994:gst_poll_fd_ctl_write: 0x16f2820: pfd->events now 60 (POLLOUT:4)
0:00:00.022815391  4420 0x2453390 DEBUG   GST_REGISTRY gstregistrychunks.c:526:gst_registry_chunks_load_pad_template: Reading/casting for GstRegistryChunkPadTemplate at address 0x246fea0
0:00:00.017977549  4421 0x16ea320 DEBUG   GST_POLL gstpoll.c:980:gst_poll_fd_ctl_write: 0x16f2820: fd (fd:0, idx:1), active : 1
0:00:00.022822898  4420 0x2453390 DEBUG   GST_REGISTRY gstregistrychunks.c:539:gst_registry_chunks_load_pad_template: Added pad_template src
0:00:00.017984360  4421 0x16ea320 LOG   GST_POLL gstpoll.c:994:gst_poll_fd_ctl_write: 0x16f2820: pfd->events now 60 (POLLOUT:4)
0:00:00.017991094  4421 0x16ea320 DEBUG   GST_POLL gstpoll.c:980:gst_poll_fd_ctl_write: 0x16f2820: fd (fd:0, idx:1), active : 1
0:00:00.022831995  4420 0x2453390 DEBUG   GST_REGISTRY gstregistry.c:590:gst_registry_add_feature: adding feature 0x2473bd0 (fakesrc)
0:00:00.017996414  4421 0x16ea320 LOG   GST_POLL gstpoll.c:994:gst_poll_fd_ctl_write: 0x16f2820: pfd->events now 60 (POLLOUT:4)
0:00:00.022839913  4420 0x2453390 DEBUG   GST_REFCOUNTING gstobject.c:709:gst_object_set_parent: set parent (ref and sink)
0:00:00.018002795  4421 0x16ea320 DEBUG   GST_POLL gstpoll.c:980:gst_poll_fd_ctl_write: 0x16f2820: fd (fd:0, idx:1), active : 1
0:00:00.022848243  4420 0x2453390 TRACE   GST_REFCOUNTING gstobject.c:294:gst_object_ref_sink: 0x2473bd0 ref_sink 1->2
0:00:00.018008780  4421 0x16ea320 LOG   GST_POLL gstpoll.c:994:gst_poll_fd_ctl_write: 0x16f2820: pfd->events now 60 (POLLOUT:4)
0:00:00.022856053  4420 0x2453390 LOG   GST_REGISTRY gstregistry.c:608:gst_registry_add_feature: emitting feature-added for fakesrc
0:00:00.018016677  4421 0x16ea320 DEBUG   GST_POLL gstpoll.c:980:gst_poll_fd_ctl_write: 0x16f2820: fd (fd:0, idx:1), active : 1
0:00:00.022863543  4420 0x2453390 DEBUG   GST_REGISTRY gstregistrychunks.c:741:gst_registry_chunks_load_feature: Added feature fakesrc, plugin 0x246d090 coreelements
0:00:00.018023469  4421 0x16ea320 LOG   GST_POLL gstpoll.c:994:gst_poll_fd_ctl_write: 0x16f2820: pfd->events now 60 (POLLOUT:4)
0:00:00.022871017  4420 0x2453390 DEBUG   GST_REGISTRY gstregistrychunks.c:583:gst_registry_chunks_load_feature: Plugin 'coreelements' feature 'downloadbuffer' typename : 'GstElementFactory'
0:00:00.018033916  4421 0x16ea320 LOG   GST_PLUGIN_LOADING gstpluginloader.c:646:put_chunk: Expanding tx buf from 13209 to 17023 for chunk of size 229
0:00:00.022882292  4420 0x2453390 TRACE   GST_REFCOUNTING gstobject.c:208:gst_object_init: 0x2474050 new
0:00:00.018048070  4421 0x16ea320 DEBUG   GST_POLL gstpoll.c:980:gst_poll_fd_ctl_write: 0x16f2820: fd (fd:0, idx:1), active : 1
0:00:00.022892555  4420 0x2453390 LOG   GST_REGISTRY gstregistrychunks.c:610:gst_registry_chunks_load_feature: Reading/casting for GstRegistryChunkElementFactory at address 0x246fed8
0:00:00.018054723  4421 0x16ea320 LOG   GST_POLL gstpoll.c:994:gst_poll_fd_ctl_write: 0x16f2820: pfd->events now 60 (POLLOUT:4)
0:00:00.022905097  4420 0x2453390 TRACE   structure gststructure.c:287:gst_structure_new_id_empty_with_size: created structure 0x2474580
0:00:00.018066027  4421 0x16ea320 DEBUG   GST_POLL gstpoll.c:980:gst_poll_fd_ctl_write: 0x16f2820: fd (fd:0, idx:1), active : 1
0:00:00.022911729  4420 0x2453390 DEBUG   structure gststructure.c:2203:gst_structure_parse_field: trying field name 'long-name'
0:00:00.018072690  4421 0x16ea320 LOG   GST_POLL gstpoll.c:994:gst_poll_fd_ctl_write: 0x16f2820: pfd->events now 60 (POLLOUT:4)
0:00:00.022918003  4420 0x2453390 DEBUG   default gstvalue.c:2676:_priv_gst_value_parse_value: trying type name 'string'
0:00:00.018079645  4421 0x16ea320 DEBUG   GST_POLL gstpoll.c:980:gst_poll_fd_ctl_write: 0x16f2820: fd (fd:0, idx:1), active : 1
0:00:00.022925072  4420 0x2453390 DEBUG   structure gststructure.c:2203:gst_structure_parse_field: trying field name 'klass'
0:00:00.018085516  4421 0x16ea320 LOG   GST_POLL gstpoll.c:994:gst_poll_fd_ctl_write: 0x16f2820: pfd->events now 60 (POLLOUT:4)
0:00:00.022931117  4420 0x2453390 DEBUG   default gstvalue.c:2676:_priv_gst_value_parse_value: trying type name 'string'
0:00:00.018094893  4421 0x16ea320 DEBUG   GST_POLL gstpoll.c:980:gst_poll_fd_ctl_write: 0x16f2820: fd (fd:0, idx:1), active : 1
0:00:00.022937930  4420 0x2453390 DEBUG   structure gststructure.c:2203:gst_structure_parse_field: trying field name 'description'
0:00:00.018101869  4421 0x16ea320 LOG   GST_POLL gstpoll.c:994:gst_poll_fd_ctl_write: 0x16f2820: pfd->events now 60 (POLLOUT:4)
0:00:00.022946409  4420 0x2453390 DEBUG   default gstvalue.c:2676:_priv_gst_value_parse_value: trying type name 'string'
0:00:00.018108774  4421 0x16ea320 DEBUG   GST_POLL gstpoll.c:980:gst_poll_fd_ctl_write: 0x16f2820: fd (fd:0, idx:1), active : 1
0:00:00.022955118  4420 0x2453390 DEBUG   structure gststructure.c:2203:gst_structure_parse_field: trying field name 'author'
0:00:00.018115094  4421 0x16ea320 LOG   GST_POLL gstpoll.c:994:gst_poll_fd_ctl_write: 0x16f2820: pfd->events now 60 (POLLOUT:4)
0:00:00.022961270  4420 0x2453390 DEBUG   default gstvalue.c:2676:_priv_gst_value_parse_value: trying type name 'string'
0:00:00.018123016  4421 0x16ea320 DEBUG   GST_POLL gstpoll.c:980:gst_poll_fd_ctl_write: 0x16f2820: fd (fd:0, idx:1), active : 1
0:00:00.022968707  4420 0x2453390 DEBUG   GST_REGISTRY gstregistrychunks.c:626:gst_registry_chunks_load_feature: Element factory : npadtemplates=2
0:00:00.018129017  4421 0x16ea320 LOG   GST_POLL gstpoll.c:994:gst_poll_fd_ctl_write: 0x16f2820: pfd->events now 60 (POLLOUT:4)
0:00:00.022974688  4420 0x2453390 DEBUG   GST_REGISTRY gstregistrychunks.c:526:gst_registry_chunks_load_pad_template: Reading/casting for GstRegistryChunkPadTemplate at address 0x246ffa0
0:00:00.018136324  4421 0x16ea320 DEBUG   GST_POLL gstpoll.c:980:gst_poll_fd_ctl_write: 0x16f2820: fd (fd:0, idx:1), active : 1
0:00:00.022980918  4420 0x2453390 DEBUG   GST_REGISTRY gstregistrychunks.c:539:gst_registry_chunks_load_pad_template: Added pad_template sink
0:00:00.018147090  4421 0x16ea320 LOG   GST_POLL gstpoll.c:994:gst_poll_fd_ctl_write: 0x16f2820: pfd->events now 60 (POLLOUT:4)
0:00:00.022989613  4420 0x2453390 DEBUG   GST_REGISTRY gstregistrychunks.c:526:gst_registry_chunks_load_pad_template: Reading/casting for GstRegistryChunkPadTemplate at address 0x246ffb8
0:00:00.018156124  4421 0x16ea320 DEBUG   GST_POLL gstpoll.c:980:gst_poll_fd_ctl_write: 0x16f2820: fd (fd:0, idx:1), active : 1
0:00:00.022997934  4420 0x2453390 DEBUG   GST_REGISTRY gstregistrychunks.c:539:gst_registry_chunks_load_pad_template: Added pad_template src
0:00:00.018163187  4421 0x16ea320 LOG   GST_POLL gstpoll.c:994:gst_poll_fd_ctl_write: 0x16f2820: pfd->events now 60 (POLLOUT:4)
0:00:00.023010435  4420 0x2453390 DEBUG   GST_REGISTRY gstregistry.c:590:gst_registry_add_feature: adding feature 0x2474050 (downloadbuffer)
0:00:00.018170791  4421 0x16ea320 DEBUG   GST_POLL gstpoll.c:980:gst_poll_fd_ctl_write: 0x16f2820: fd (fd:0, idx:1), active : 1
0:00:00.023018225  4420 0x2453390 DEBUG   GST_REFCOUNTING gstobject.c:709:gst_object_set_parent: set parent (ref and sink)
0:00:00.018181237  4421 0x16ea320 LOG   GST_POLL gstpoll.c:994:gst_poll_fd_ctl_write: 0x16f2820: pfd->events now 60 (POLLOUT:4)
0:00:00.023026439  4420 0x2453390 TRACE   GST_REFCOUNTING gstobject.c:294:gst_object_ref_sink: 0x2474050 ref_sink 1->2
0:00:00.018192119  4421 0x16ea320 DEBUG   GST_POLL gstpoll.c:980:gst_poll_fd_ctl_write: 0x16f2820: fd (fd:0, idx:1), active : 1
0:00:00.023033830  4420 0x2453390 LOG   GST_REGISTRY gstregistry.c:608:gst_registry_add_feature: emitting feature-added for downloadbuffer
0:00:00.018201600  4421 0x16ea320 LOG   GST_POLL gstpoll.c:994:gst_poll_fd_ctl_write: 0x16f2820: pfd->events now 60 (POLLOUT:4)
0:00:00.023045419  4420 0x2453390 DEBUG   GST_REGISTRY gstregistrychunks.c:741:gst_registry_chunks_load_feature: Added feature downloadbuffer, plugin 0x246d090 coreelements
0:00:00.018212752  4421 0x16ea320 DEBUG   GST_POLL gstpoll.c:980:gst_poll_fd_ctl_write: 0x16f2820: fd (fd:0, idx:1), active : 1
0:00:00.023056800  4420 0x2453390 DEBUG   GST_REGISTRY gstregistrychunks.c:583:gst_registry_chunks_load_feature: Plugin 'coreelements' feature 'dataurisrc' typename : 'GstElementFactory'
0:00:00.018223353  4421 0x16ea320 LOG   GST_POLL gstpoll.c:994:gst_poll_fd_ctl_write: 0x16f2820: pfd->events now 60 (POLLOUT:4)
0:00:00.023070448  4420 0x2453390 TRACE   GST_REFCOUNTING gstobject.c:208:gst_object_init: 0x2474860 new
0:00:00.018237144  4421 0x16ea320 DEBUG   GST_POLL gstpoll.c:980:gst_poll_fd_ctl_write: 0x16f2820: fd (fd:0, idx:1), active : 1
0:00:00.023082754  4420 0x2453390 LOG   GST_REGISTRY gstregistrychunks.c:610:gst_registry_chunks_load_feature: Reading/casting for GstRegistryChunkElementFactory at address 0x246ffe8
0:00:00.018247363  4421 0x16ea320 LOG   GST_POLL gstpoll.c:994:gst_poll_fd_ctl_write: 0x16f2820: pfd->events now 60 (POLLOUT:4)
0:00:00.023095181  4420 0x2453390 TRACE   structure gststructure.c:287:gst_structure_new_id_empty_with_size: created structure 0x2474a60
0:00:00.018263892  4421 0x16ea320 DEBUG   GST_POLL gstpoll.c:980:gst_poll_fd_ctl_write: 0x16f2820: fd (fd:0, idx:1), active : 1
0:00:00.023107844  4420 0x2453390 DEBUG   structure gststructure.c:2203:gst_structure_parse_field: trying field name 'long-name'
0:00:00.023116946  4420 0x2453390 DEBUG   default gstvalue.c:2676:_priv_gst_value_parse_value: trying type name 'string'
0:00:00.018272967  4421 0x16ea320 LOG   GST_POLL gstpoll.c:994:gst_poll_fd_ctl_write: 0x16f2820: pfd->events now 60 (POLLOUT:4)
0:00:00.023124310  4420 0x2453390 DEBUG   structure gststructure.c:2203:gst_structure_parse_field: trying field name 'klass'
0:00:00.018285164  4421 0x16ea320 DEBUG   GST_POLL gstpoll.c:980:gst_poll_fd_ctl_write: 0x16f2820: fd (fd:0, idx:1), active : 1
0:00:00.023130396  4420 0x2453390 DEBUG   default gstvalue.c:2676:_priv_gst_value_parse_value: trying type name 'string'
0:00:00.018291487  4421 0x16ea320 LOG   GST_POLL gstpoll.c:994:gst_poll_fd_ctl_write: 0x16f2820: pfd->events now 60 (POLLOUT:4)
0:00:00.023137379  4420 0x2453390 DEBUG   structure gststructure.c:2203:gst_structure_parse_field: trying field name 'description'
0:00:00.018297845  4421 0x16ea320 DEBUG   GST_POLL gstpoll.c:980:gst_poll_fd_ctl_write: 0x16f2820: fd (fd:0, idx:1), active : 1
0:00:00.023143294  4420 0x2453390 DEBUG   default gstvalue.c:2676:_priv_gst_value_parse_value: trying type name 'string'
0:00:00.018304618  4421 0x16ea320 LOG   GST_POLL gstpoll.c:994:gst_poll_fd_ctl_write: 0x16f2820: pfd->events now 60 (POLLOUT:4)
0:00:00.023150074  4420 0x2453390 DEBUG   structure gststructure.c:2203:gst_structure_parse_field: trying field name 'author'
0:00:00.018313300  4421 0x16ea320 DEBUG   GST_POLL gstpoll.c:980:gst_poll_fd_ctl_write: 0x16f2820: fd (fd:0, idx:1), active : 1
0:00:00.023158408  4420 0x2453390 DEBUG   default gstvalue.c:2676:_priv_gst_value_parse_value: trying type name 'string'
0:00:00.018320182  4421 0x16ea320 LOG   GST_POLL gstpoll.c:994:gst_poll_fd_ctl_write: 0x16f2820: pfd->events now 60 (POLLOUT:4)
0:00:00.018327102  4421 0x16ea320 DEBUG   GST_POLL gstpoll.c:980:gst_poll_fd_ctl_write: 0x16f2820: fd (fd:0, idx:1), active : 1
0:00:00.023168763  4420 0x2453390 DEBUG   GST_REGISTRY gstregistrychunks.c:626:gst_registry_chunks_load_feature: Element factory : npadtemplates=1
0:00:00.018332729  4421 0x16ea320 LOG   GST_POLL gstpoll.c:994:gst_poll_fd_ctl_write: 0x16f2820: pfd->events now 60 (POLLOUT:4)
0:00:00.023175835  4420 0x2453390 DEBUG   GST_REGISTRY gstregistrychunks.c:526:gst_registry_chunks_load_pad_template: Reading/casting for GstRegistryChunkPadTemplate at address 0x2470100
0:00:00.018339193  4421 0x16ea320 DEBUG   GST_POLL gstpoll.c:980:gst_poll_fd_ctl_write: 0x16f2820: fd (fd:0, idx:1), active : 1
0:00:00.023182862  4420 0x2453390 DEBUG   GST_REGISTRY gstregistrychunks.c:539:gst_registry_chunks_load_pad_template: Added pad_template src
0:00:00.018345203  4421 0x16ea320 LOG   GST_POLL gstpoll.c:994:gst_poll_fd_ctl_write: 0x16f2820: pfd->events now 60 (POLLOUT:4)
0:00:00.023195597  4420 0x2453390 DEBUG   GST_REGISTRY gstregistrychunks.c:639:gst_registry_chunks_load_feature: Reading 1 UriTypes at address 0x2470110
0:00:00.018356272  4421 0x16ea320 DEBUG   GST_POLL gstpoll.c:980:gst_poll_fd_ctl_write: 0x16f2820: fd (fd:0, idx:1), active : 1
0:00:00.023203066  4420 0x2453390 DEBUG   GST_REGISTRY gstregistrychunks.c:654:gst_registry_chunks_load_feature: Reading 1 Interfaces at address 0x2470119
0:00:00.018363195  4421 0x16ea320 LOG   GST_POLL gstpoll.c:994:gst_poll_fd_ctl_write: 0x16f2820: pfd->events now 60 (POLLOUT:4)
0:00:00.023212423  4420 0x2453390 DEBUG   GST_REGISTRY gstregistry.c:590:gst_registry_add_feature: adding feature 0x2474860 (dataurisrc)
0:00:00.018373120  4421 0x16ea320 DEBUG   GST_POLL gstpoll.c:980:gst_poll_fd_ctl_write: 0x16f2820: fd (fd:0, idx:1), active : 1
0:00:00.023219407  4420 0x2453390 DEBUG   GST_REFCOUNTING gstobject.c:709:gst_object_set_parent: set parent (ref and sink)
0:00:00.018379956  4421 0x16ea320 LOG   GST_POLL gstpoll.c:994:gst_poll_fd_ctl_write: 0x16f2820: pfd->events now 60 (POLLOUT:4)
0:00:00.018388716  4421 0x16ea320 DEBUG   GST_POLL gstpoll.c:980:gst_poll_fd_ctl_write: 0x16f2820: fd (fd:0, idx:1), active : 1
0:00:00.023230006  4420 0x2453390 TRACE   GST_REFCOUNTING gstobject.c:294:gst_object_ref_sink: 0x2474860 ref_sink 1->2
0:00:00.018394156  4421 0x16ea320 LOG   GST_POLL gstpoll.c:994:gst_poll_fd_ctl_write: 0x16f2820: pfd->events now 60 (POLLOUT:4)
0:00:00.023238762  4420 0x2453390 LOG   GST_REGISTRY gstregistry.c:608:gst_registry_add_feature: emitting feature-added for dataurisrc
0:00:00.018400632  4421 0x16ea320 DEBUG   GST_POLL gstpoll.c:980:gst_poll_fd_ctl_write: 0x16f2820: fd (fd:0, idx:1), active : 1
0:00:00.023246212  4420 0x2453390 DEBUG   GST_REGISTRY gstregistrychunks.c:741:gst_registry_chunks_load_feature: Added feature dataurisrc, plugin 0x246d090 coreelements
0:00:00.018406671  4421 0x16ea320 LOG   GST_POLL gstpoll.c:994:gst_poll_fd_ctl_write: 0x16f2820: pfd->events now 60 (POLLOUT:4)
0:00:00.023253594  4420 0x2453390 DEBUG   GST_REGISTRY gstregistrychunks.c:583:gst_registry_chunks_load_feature: Plugin 'coreelements' feature 'concat' typename : 'GstElementFactory'
0:00:00.018414400  4421 0x16ea320 DEBUG   GST_POLL gstpoll.c:980:gst_poll_fd_ctl_write: 0x16f2820: fd (fd:0, idx:1), active : 1
0:00:00.018421365  4421 0x16ea320 LOG   GST_POLL gstpoll.c:994:gst_poll_fd_ctl_write: 0x16f2820: pfd->events now 60 (POLLOUT:4)
0:00:00.023263177  4420 0x2453390 TRACE   GST_REFCOUNTING gstobject.c:208:gst_object_init: 0x2474c10 new
0:00:00.018429952  4421 0x16ea320 DEBUG   GST_POLL gstpoll.c:980:gst_poll_fd_ctl_write: 0x16f2820: fd (fd:0, idx:1), active : 1
0:00:00.023273670  4420 0x2453390 LOG   GST_REGISTRY gstregistrychunks.c:610:gst_registry_chunks_load_feature: Reading/casting for GstRegistryChunkElementFactory at address 0x2470140
0:00:00.018437033  4421 0x16ea320 LOG   GST_POLL gstpoll.c:994:gst_poll_fd_ctl_write: 0x16f2820: pfd->events now 60 (POLLOUT:4)
0:00:00.023285462  4420 0x2453390 TRACE   structure gststructure.c:287:gst_structure_new_id_empty_with_size: created structure 0x2474ea0
0:00:00.018446704  4421 0x16ea320 DEBUG   GST_POLL gstpoll.c:980:gst_poll_fd_ctl_write: 0x16f2820: fd (fd:0, idx:1), active : 1
0:00:00.023291652  4420 0x2453390 DEBUG   structure gststructure.c:2203:gst_structure_parse_field: trying field name 'long-name'
0:00:00.018452883  4421 0x16ea320 LOG   GST_POLL gstpoll.c:994:gst_poll_fd_ctl_write: 0x16f2820: pfd->events now 60 (POLLOUT:4)
0:00:00.023299787  4420 0x2453390 DEBUG   default gstvalue.c:2676:_priv_gst_value_parse_value: trying type name 'string'
0:00:00.018460484  4421 0x16ea320 DEBUG   GST_POLL gstpoll.c:980:gst_poll_fd_ctl_write: 0x16f2820: fd (fd:0, idx:1), active : 1
0:00:00.023308355  4420 0x2453390 DEBUG   structure gststructure.c:2203:gst_structure_parse_field: trying field name 'klass'
0:00:00.018468003  4421 0x16ea320 LOG   GST_POLL gstpoll.c:994:gst_poll_fd_ctl_write: 0x16f2820: pfd->events now 60 (POLLOUT:4)
0:00:00.023314759  4420 0x2453390 DEBUG   default gstvalue.c:2676:_priv_gst_value_parse_value: trying type name 'string'
0:00:00.018476627  4421 0x16ea320 DEBUG   GST_POLL gstpoll.c:980:gst_poll_fd_ctl_write: 0x16f2820: fd (fd:0, idx:1), active : 1
0:00:00.023321814  4420 0x2453390 DEBUG   structure gststructure.c:2203:gst_structure_parse_field: trying field name 'description'
0:00:00.018482747  4421 0x16ea320 LOG   GST_POLL gstpoll.c:994:gst_poll_fd_ctl_write: 0x16f2820: pfd->events now 60 (POLLOUT:4)
0:00:00.023327647  4420 0x2453390 DEBUG   default gstvalue.c:2676:_priv_gst_value_parse_value: trying type name 'string'
0:00:00.018491664  4421 0x16ea320 DEBUG   GST_POLL gstpoll.c:980:gst_poll_fd_ctl_write: 0x16f2820: fd (fd:0, idx:1), active : 1
0:00:00.023334695  4420 0x2453390 DEBUG   structure gststructure.c:2203:gst_structure_parse_field: trying field name 'author'
0:00:00.018498527  4421 0x16ea320 LOG   GST_POLL gstpoll.c:994:gst_poll_fd_ctl_write: 0x16f2820: pfd->events now 60 (POLLOUT:4)
0:00:00.023341225  4420 0x2453390 DEBUG   default gstvalue.c:2676:_priv_gst_value_parse_value: trying type name 'string'
0:00:00.018505662  4421 0x16ea320 DEBUG   GST_POLL gstpoll.c:980:gst_poll_fd_ctl_write: 0x16f2820: fd (fd:0, idx:1), active : 1
0:00:00.018511907  4421 0x16ea320 LOG   GST_POLL gstpoll.c:994:gst_poll_fd_ctl_write: 0x16f2820: pfd->events now 60 (POLLOUT:4)
0:00:00.023354026  4420 0x2453390 DEBUG   GST_REGISTRY gstregistrychunks.c:626:gst_registry_chunks_load_feature: Element factory : npadtemplates=2
0:00:00.018517579  4421 0x16ea320 DEBUG   GST_POLL gstpoll.c:980:gst_poll_fd_ctl_write: 0x16f2820: fd (fd:0, idx:1), active : 1
0:00:00.023363081  4420 0x2453390 DEBUG   GST_REGISTRY gstregistrychunks.c:526:gst_registry_chunks_load_pad_template: Reading/casting for GstRegistryChunkPadTemplate at address 0x2470218
0:00:00.018523658  4421 0x16ea320 LOG   GST_POLL gstpoll.c:994:gst_poll_fd_ctl_write: 0x16f2820: pfd->events now 60 (POLLOUT:4)
0:00:00.023374992  4420 0x2453390 DEBUG   GST_REGISTRY gstregistrychunks.c:539:gst_registry_chunks_load_pad_template: Added pad_template src
0:00:00.018536467  4421 0x16ea320 DEBUG   GST_POLL gstpoll.c:980:gst_poll_fd_ctl_write: 0x16f2820: fd (fd:0, idx:1), active : 1
0:00:00.023381064  4420 0x2453390 DEBUG   GST_REGISTRY gstregistrychunks.c:526:gst_registry_chunks_load_pad_template: Reading/casting for GstRegistryChunkPadTemplate at address 0x2470228
0:00:00.018542361  4421 0x16ea320 LOG   GST_POLL gstpoll.c:994:gst_poll_fd_ctl_write: 0x16f2820: pfd->events now 60 (POLLOUT:4)
0:00:00.023387326  4420 0x2453390 DEBUG   GST_REGISTRY gstregistrychunks.c:539:gst_registry_chunks_load_pad_template: Added pad_template sink_%u
0:00:00.018550995  4421 0x16ea320 DEBUG   GST_POLL gstpoll.c:980:gst_poll_fd_ctl_write: 0x16f2820: fd (fd:0, idx:1), active : 1
0:00:00.023395670  4420 0x2453390 DEBUG   GST_REGISTRY gstregistry.c:590:gst_registry_add_feature: adding feature 0x2474c10 (concat)
0:00:00.018558045  4421 0x16ea320 LOG   GST_POLL gstpoll.c:994:gst_poll_fd_ctl_write: 0x16f2820: pfd->events now 60 (POLLOUT:4)
0:00:00.023402320  4420 0x2453390 DEBUG   GST_REFCOUNTING gstobject.c:709:gst_object_set_parent: set parent (ref and sink)
0:00:00.018564887  4421 0x16ea320 DEBUG   GST_POLL gstpoll.c:980:gst_poll_fd_ctl_write: 0x16f2820: fd (fd:0, idx:1), active : 1
0:00:00.023410054  4420 0x2453390 TRACE   GST_REFCOUNTING gstobject.c:294:gst_object_ref_sink: 0x2474c10 ref_sink 1->2
0:00:00.018570835  4421 0x16ea320 LOG   GST_POLL gstpoll.c:994:gst_poll_fd_ctl_write: 0x16f2820: pfd->events now 60 (POLLOUT:4)
0:00:00.018579097  4421 0x16ea320 DEBUG   GST_POLL gstpoll.c:980:gst_poll_fd_ctl_write: 0x16f2820: fd (fd:0, idx:1), active : 1
0:00:00.023420556  4420 0x2453390 LOG   GST_REGISTRY gstregistry.c:608:gst_registry_add_feature: emitting feature-added for concat
0:00:00.018584321  4421 0x16ea320 LOG   GST_POLL gstpoll.c:994:gst_poll_fd_ctl_write: 0x16f2820: pfd->events now 60 (POLLOUT:4)
0:00:00.023428878  4420 0x2453390 DEBUG   GST_REGISTRY gstregistrychunks.c:741:gst_registry_chunks_load_feature: Added feature concat, plugin 0x246d090 coreelements
0:00:00.018590693  4421 0x16ea320 DEBUG   GST_POLL gstpoll.c:980:gst_poll_fd_ctl_write: 0x16f2820: fd (fd:0, idx:1), active : 1
0:00:00.023436258  4420 0x2453390 DEBUG   GST_REGISTRY gstregistrychunks.c:583:gst_registry_chunks_load_feature: Plugin 'coreelements' feature 'clocksync' typename : 'GstElementFactory'
0:00:00.018596777  4421 0x16ea320 LOG   GST_POLL gstpoll.c:994:gst_poll_fd_ctl_write: 0x16f2820: pfd->events now 60 (POLLOUT:4)
0:00:00.023445463  4420 0x2453390 TRACE   GST_REFCOUNTING gstobject.c:208:gst_object_init: 0x2474390 new
0:00:00.018606162  4421 0x16ea320 DEBUG   GST_POLL gstpoll.c:980:gst_poll_fd_ctl_write: 0x16f2820: fd (fd:0, idx:1), active : 1
0:00:00.023454506  4420 0x2453390 LOG   GST_REGISTRY gstregistrychunks.c:610:gst_registry_chunks_load_feature: Reading/casting for GstRegistryChunkElementFactory at address 0x2470258
0:00:00.018618807  4421 0x16ea320 LOG   GST_POLL gstpoll.c:994:gst_poll_fd_ctl_write: 0x16f2820: pfd->events now 60 (POLLOUT:4)
0:00:00.023462008  4420 0x2453390 TRACE   structure gststructure.c:287:gst_structure_new_id_empty_with_size: created structure 0x24753d0
0:00:00.018625654  4421 0x16ea320 DEBUG   GST_POLL gstpoll.c:980:gst_poll_fd_ctl_write: 0x16f2820: fd (fd:0, idx:1), active : 1
