0:00:00.006269739  4405 0x56065852e320 LOG   GST_PLUGIN_LOADING gstpluginloader.c:690:write_one: Writing packet of size 173 bytes to fd 7
0:00:00.002095338  4406 0x56162133f320 DEBUG   GST_REFCOUNTING gstobject.c:709:gst_object_set_parent: set parent (ref and sink)
0:00:00.006283637  4405 0x56065852e320 DEBUG   GST_POLL gstpoll.c:980:gst_poll_fd_ctl_write: 0x560658553530: fd (fd:7, idx:1), active : 0
0:00:00.002104831  4406 0x56162133f320 TRACE   GST_REFCOUNTING gstobject.c:294:gst_object_ref_sink: 0x561621366010 ref_sink 1->2
0:00:00.006290231  4405 0x56065852e320 LOG   GST_POLL gstpoll.c:994:gst_poll_fd_ctl_write: 0x560658553530: pfd->events now 56 (POLLOUT:4)
0:00:00.002112500  4406 0x56162133f320 LOG   GST_REGISTRY gstregistry.c:608:gst_registry_add_feature: emitting feature-added for latency
0:00:00.006303342  4405 0x56065852e320 LOG   GST_REGISTRY gstregistry.c:1300:gst_registry_scan_path_level: file /home/conan/w/prod/BuildSingleReference/.conan/data/gstreamer/1.18.4/_/_/package/d5d34cb95e58eb395d954c026f8b3b95a47b8905/lib/gstreamer-1.0/libgstcoreelements.so looks like a possible module
0:00:00.002125822  4406 0x56162133f320 TRACE   GST_REFCOUNTING gstobject.c:208:gst_object_init: 0x561621366580 new
0:00:00.006310035  4405 0x56065852e320 DEBUG   GST_REGISTRY gstregistry.c:1361:gst_registry_scan_path_level: file /home/conan/w/prod/BuildSingleReference/.conan/data/gstreamer/1.18.4/_/_/package/d5d34cb95e58eb395d954c026f8b3b95a47b8905/lib/gstreamer-1.0/libgstcoreelements.so not yet in registry
0:00:00.002134138  4406 0x56162133f320 DEBUG   GST_TRACER gsttracer.c:169:gst_tracer_register: new tracer factory for log
0:00:00.006315987  4405 0x56065852e320 DEBUG   GST_REGISTRY gstregistry.c:1172:gst_registry_scan_plugin_file: Using scan-helper to load plugin /home/conan/w/prod/BuildSingleReference/.conan/data/gstreamer/1.18.4/_/_/package/d5d34cb95e58eb395d954c026f8b3b95a47b8905/lib/gstreamer-1.0/libgstcoreelements.so
0:00:00.002142147  4406 0x56162133f320 DEBUG   GST_TRACER gsttracer.c:177:gst_tracer_register: tracer factory for 557212416:GstLogTracer
0:00:00.006323422  4405 0x56065852e320 LOG   GST_PLUGIN_LOADING gstpluginloader.c:236:plugin_loader_load: Sending file /home/conan/w/prod/BuildSingleReference/.conan/data/gstreamer/1.18.4/_/_/package/d5d34cb95e58eb395d954c026f8b3b95a47b8905/lib/gstreamer-1.0/libgstcoreelements.so to child. tag 3
0:00:00.002149642  4406 0x56162133f320 DEBUG   GST_REGISTRY gstregistry.c:590:gst_registry_add_feature: adding feature 0x561621366580 (log)
0:00:00.006331411  4405 0x56065852e320 DEBUG   GST_POLL gstpoll.c:980:gst_poll_fd_ctl_write: 0x560658553530: fd (fd:7, idx:1), active : 1
0:00:00.002155709  4406 0x56162133f320 DEBUG   GST_REFCOUNTING gstobject.c:709:gst_object_set_parent: set parent (ref and sink)
0:00:00.006338309  4405 0x56065852e320 LOG   GST_POLL gstpoll.c:994:gst_poll_fd_ctl_write: 0x560658553530: pfd->events now 60 (POLLOUT:4)
0:00:00.002162681  4406 0x56162133f320 TRACE   GST_REFCOUNTING gstobject.c:294:gst_object_ref_sink: 0x561621366580 ref_sink 1->2
0:00:00.006345426  4405 0x56065852e320 DEBUG   GST_POLL gstpoll.c:1414:gst_poll_wait: 0x560658553530: timeout :0:00:01.000000000
0:00:00.002169222  4406 0x56162133f320 LOG   GST_REGISTRY gstregistry.c:608:gst_registry_add_feature: emitting feature-added for log
0:00:00.006377831  4405 0x56065852e320 LOG   GST_PLUGIN_LOADING gstpluginloader.c:1028:exchange_packets: Poll res = 1. 174 bytes pending for write
0:00:00.006394317  4405 0x56065852e320 DEBUG   GST_POLL gstpoll.c:1241:gst_poll_fd_has_error: 0x560658553530: fd (fd:8, idx:2) 0
0:00:00.002217101  4406 0x56162133f320 TRACE   GST_REFCOUNTING gstobject.c:208:gst_object_init: 0x5616213667a0 new
0:00:00.006401812  4405 0x56065852e320 DEBUG   GST_POLL gstpoll.c:1266:gst_poll_fd_can_read_unlocked: 0x560658553530: fd (fd:8, idx:2) 0
0:00:00.002225988  4406 0x56162133f320 DEBUG   GST_TRACER gsttracer.c:169:gst_tracer_register: new tracer factory for rusage
0:00:00.006408289  4405 0x56065852e320 DEBUG   GST_POLL gstpoll.c:1195:gst_poll_fd_has_closed: 0x560658553530: fd (fd:8, idx:2) 0
0:00:00.002233816  4406 0x56162133f320 DEBUG   GST_TRACER gsttracer.c:177:gst_tracer_register: tracer factory for 557212752:GstRUsageTracer
0:00:00.006414873  4405 0x56065852e320 DEBUG   GST_POLL gstpoll.c:1241:gst_poll_fd_has_error: 0x560658553530: fd (fd:7, idx:1) 0
0:00:00.002241210  4406 0x56162133f320 DEBUG   GST_REGISTRY gstregistry.c:590:gst_registry_add_feature: adding feature 0x5616213667a0 (rusage)
0:00:00.006422441  4405 0x56065852e320 DEBUG   GST_POLL gstpoll.c:1335:gst_poll_fd_can_write: 0x560658553530: fd (fd:7, idx:1) 1
0:00:00.002247205  4406 0x56162133f320 DEBUG   GST_REFCOUNTING gstobject.c:709:gst_object_set_parent: set parent (ref and sink)
0:00:00.006429487  4405 0x56065852e320 LOG   GST_PLUGIN_LOADING gstpluginloader.c:690:write_one: Writing packet of size 174 bytes to fd 7
0:00:00.002254106  4406 0x56162133f320 TRACE   GST_REFCOUNTING gstobject.c:294:gst_object_ref_sink: 0x5616213667a0 ref_sink 1->2
0:00:00.006437920  4405 0x56065852e320 DEBUG   GST_POLL gstpoll.c:980:gst_poll_fd_ctl_write: 0x560658553530: fd (fd:7, idx:1), active : 0
0:00:00.002260373  4406 0x56162133f320 LOG   GST_REGISTRY gstregistry.c:608:gst_registry_add_feature: emitting feature-added for rusage
0:00:00.006444410  4405 0x56065852e320 LOG   GST_POLL gstpoll.c:994:gst_poll_fd_ctl_write: 0x560658553530: pfd->events now 56 (POLLOUT:4)
0:00:00.002270655  4406 0x56162133f320 TRACE   GST_REFCOUNTING gstobject.c:208:gst_object_init: 0x561621366ba0 new
0:00:00.006455941  4405 0x56065852e320 DEBUG   GST_REGISTRY gstregistry.c:1384:gst_registry_scan_path_internal: registry changed in path /home/conan/w/prod/BuildSingleReference/.conan/data/gstreamer/1.18.4/_/_/package/d5d34cb95e58eb395d954c026f8b3b95a47b8905/lib/gstreamer-1.0: 0
0:00:00.002278749  4406 0x56162133f320 DEBUG   GST_TRACER gsttracer.c:169:gst_tracer_register: new tracer factory for stats
0:00:00.006466051  4405 0x56065852e320 DEBUG   GST_POLL gstpoll.c:980:gst_poll_fd_ctl_write: 0x560658553530: fd (fd:7, idx:1), active : 1
0:00:00.002286105  4406 0x56162133f320 DEBUG   GST_TRACER gsttracer.c:177:gst_tracer_register: tracer factory for 557214096:GstStatsTracer
0:00:00.006472650  4405 0x56065852e320 LOG   GST_POLL gstpoll.c:994:gst_poll_fd_ctl_write: 0x560658553530: pfd->events now 60 (POLLOUT:4)
0:00:00.002301779  4406 0x56162133f320 DEBUG   GST_REGISTRY gstregistry.c:590:gst_registry_add_feature: adding feature 0x561621366ba0 (stats)
0:00:00.006484030  4405 0x56065852e320 DEBUG   GST_POLL gstpoll.c:1414:gst_poll_wait: 0x560658553530: timeout :0:00:01.000000000
0:00:00.002307706  4406 0x56162133f320 DEBUG   GST_REFCOUNTING gstobject.c:709:gst_object_set_parent: set parent (ref and sink)
0:00:00.006492347  4405 0x56065852e320 LOG   GST_PLUGIN_LOADING gstpluginloader.c:1028:exchange_packets: Poll res = 1. 12 bytes pending for write
0:00:00.002314758  4406 0x56162133f320 TRACE   GST_REFCOUNTING gstobject.c:294:gst_object_ref_sink: 0x561621366ba0 ref_sink 1->2
0:00:00.006499293  4405 0x56065852e320 DEBUG   GST_POLL gstpoll.c:1241:gst_poll_fd_has_error: 0x560658553530: fd (fd:8, idx:2) 0
0:00:00.002321145  4406 0x56162133f320 LOG   GST_REGISTRY gstregistry.c:608:gst_registry_add_feature: emitting feature-added for stats
0:00:00.006505922  4405 0x56065852e320 DEBUG   GST_POLL gstpoll.c:1266:gst_poll_fd_can_read_unlocked: 0x560658553530: fd (fd:8, idx:2) 0
0:00:00.006512222  4405 0x56065852e320 DEBUG   GST_POLL gstpoll.c:1195:gst_poll_fd_has_closed: 0x560658553530: fd (fd:8, idx:2) 0
0:00:00.002333163  4406 0x56162133f320 TRACE   GST_REFCOUNTING gstobject.c:208:gst_object_init: 0x561621366e40 new
0:00:00.006518233  4405 0x56065852e320 DEBUG   GST_POLL gstpoll.c:1241:gst_poll_fd_has_error: 0x560658553530: fd (fd:7, idx:1) 0
0:00:00.002341686  4406 0x56162133f320 DEBUG   GST_TRACER gsttracer.c:169:gst_tracer_register: new tracer factory for leaks
0:00:00.006524805  4405 0x56065852e320 DEBUG   GST_POLL gstpoll.c:1335:gst_poll_fd_can_write: 0x560658553530: fd (fd:7, idx:1) 1
0:00:00.006530841  4405 0x56065852e320 LOG   GST_PLUGIN_LOADING gstpluginloader.c:690:write_one: Writing packet of size 12 bytes to fd 7
0:00:00.002352236  4406 0x56162133f320 DEBUG   GST_TRACER gsttracer.c:177:gst_tracer_register: tracer factory for 557214848:GstLeaksTracer
0:00:00.006538365  4405 0x56065852e320 DEBUG   GST_POLL gstpoll.c:980:gst_poll_fd_ctl_write: 0x560658553530: fd (fd:7, idx:1), active : 0
0:00:00.002359757  4406 0x56162133f320 DEBUG   GST_REGISTRY gstregistry.c:590:gst_registry_add_feature: adding feature 0x561621366e40 (leaks)
0:00:00.006544782  4405 0x56065852e320 LOG   GST_POLL gstpoll.c:994:gst_poll_fd_ctl_write: 0x560658553530: pfd->events now 56 (POLLOUT:4)
0:00:00.002366459  4406 0x56162133f320 DEBUG   GST_REFCOUNTING gstobject.c:709:gst_object_set_parent: set parent (ref and sink)
0:00:00.006552107  4405 0x56065852e320 DEBUG   GST_POLL gstpoll.c:1414:gst_poll_wait: 0x560658553530: timeout :0:00:01.000000000
0:00:00.002373711  4406 0x56162133f320 TRACE   GST_REFCOUNTING gstobject.c:294:gst_object_ref_sink: 0x561621366e40 ref_sink 1->2
0:00:00.002380559  4406 0x56162133f320 LOG   GST_REGISTRY gstregistry.c:608:gst_registry_add_feature: emitting feature-added for leaks
0:00:00.002391043  4406 0x56162133f320 LOG   GST_PLUGIN_LOADING gstplugin.c:541:gst_plugin_register_func: plugin "/home/conan/w/prod/BuildSingleReference/.conan/data/gstreamer/1.18.4/_/_/package/d5d34cb95e58eb395d954c026f8b3b95a47b8905/lib/gstreamer-1.0/libgstcoretracers.so" initialised
0:00:00.002398281  4406 0x56162133f320 INFO   GST_PLUGIN_LOADING gstplugin.c:915:_priv_gst_plugin_load_file_for_registry: plugin "/home/conan/w/prod/BuildSingleReference/.conan/data/gstreamer/1.18.4/_/_/package/d5d34cb95e58eb395d954c026f8b3b95a47b8905/lib/gstreamer-1.0/libgstcoretracers.so" loaded
0:00:00.002404786  4406 0x56162133f320 TRACE   GST_REFCOUNTING gstobject.c:238:gst_object_ref: 0x5616213652b0 ref 1->2
0:00:00.002411917  4406 0x56162133f320 DEBUG   GST_REGISTRY gstregistry.c:474:gst_registry_add_plugin: adding plugin 0x5616213652b0 for filename "/home/conan/w/prod/BuildSingleReference/.conan/data/gstreamer/1.18.4/_/_/package/d5d34cb95e58eb395d954c026f8b3b95a47b8905/lib/gstreamer-1.0/libgstcoretracers.so"
0:00:00.002418581  4406 0x56162133f320 TRACE   GST_REFCOUNTING gstobject.c:294:gst_object_ref_sink: 0x5616213652b0 ref_sink 2->3
0:00:00.002425100  4406 0x56162133f320 LOG   GST_REGISTRY gstregistry.c:487:gst_registry_add_plugin: emitting plugin-added for filename "/home/conan/w/prod/BuildSingleReference/.conan/data/gstreamer/1.18.4/_/_/package/d5d34cb95e58eb395d954c026f8b3b95a47b8905/lib/gstreamer-1.0/libgstcoretracers.so"
0:00:00.002432220  4406 0x56162133f320 TRACE   GST_REFCOUNTING gstobject.c:238:gst_object_ref: 0x561621366e40 ref 1->2
0:00:00.002439328  4406 0x56162133f320 TRACE   GST_REFCOUNTING gstobject.c:238:gst_object_ref: 0x561621366ba0 ref 1->2
0:00:00.002446240  4406 0x56162133f320 TRACE   GST_REFCOUNTING gstobject.c:238:gst_object_ref: 0x5616213667a0 ref 1->2
0:00:00.002453152  4406 0x56162133f320 TRACE   GST_REFCOUNTING gstobject.c:238:gst_object_ref: 0x561621366580 ref 1->2
0:00:00.002459860  4406 0x56162133f320 TRACE   GST_REFCOUNTING gstobject.c:238:gst_object_ref: 0x561621366010 ref 1->2
0:00:00.002472678  4406 0x56162133f320 TRACE   GST_REFCOUNTING gstobject.c:265:gst_object_unref: 0x561621366010 unref 2->1
0:00:00.002480336  4406 0x56162133f320 TRACE   GST_REFCOUNTING gstobject.c:265:gst_object_unref: 0x561621366580 unref 2->1
0:00:00.002486954  4406 0x56162133f320 TRACE   GST_REFCOUNTING gstobject.c:265:gst_object_unref: 0x5616213667a0 unref 2->1
0:00:00.002493533  4406 0x56162133f320 TRACE   GST_REFCOUNTING gstobject.c:265:gst_object_unref: 0x561621366ba0 unref 2->1
0:00:00.002500003  4406 0x56162133f320 TRACE   GST_REFCOUNTING gstobject.c:265:gst_object_unref: 0x561621366e40 unref 2->1
0:00:00.002508713  4406 0x56162133f320 DEBUG   GST_REGISTRY gstregistrychunks.c:498:_priv_gst_registry_chunks_save_plugin: Found 5 features in plugin 0x5616213652b0 (coretracers)
0:00:00.002519447  4406 0x56162133f320 DEBUG   GST_POLL gstpoll.c:980:gst_poll_fd_ctl_write: 0x561621363930: fd (fd:0, idx:1), active : 1
0:00:00.002526018  4406 0x56162133f320 LOG   GST_POLL gstpoll.c:994:gst_poll_fd_ctl_write: 0x561621363930: pfd->events now 60 (POLLOUT:4)
0:00:00.002536409  4406 0x56162133f320 DEBUG   GST_POLL gstpoll.c:980:gst_poll_fd_ctl_write: 0x561621363930: fd (fd:0, idx:1), active : 1
0:00:00.002542546  4406 0x56162133f320 LOG   GST_POLL gstpoll.c:994:gst_poll_fd_ctl_write: 0x561621363930: pfd->events now 60 (POLLOUT:4)
0:00:00.002549150  4406 0x56162133f320 DEBUG   GST_POLL gstpoll.c:980:gst_poll_fd_ctl_write: 0x561621363930: fd (fd:0, idx:1), active : 1
0:00:00.002554961  4406 0x56162133f320 LOG   GST_POLL gstpoll.c:994:gst_poll_fd_ctl_write: 0x561621363930: pfd->events now 60 (POLLOUT:4)
0:00:00.002560875  4406 0x56162133f320 DEBUG   GST_POLL gstpoll.c:980:gst_poll_fd_ctl_write: 0x561621363930: fd (fd:0, idx:1), active : 1
0:00:00.002566375  4406 0x56162133f320 LOG   GST_POLL gstpoll.c:994:gst_poll_fd_ctl_write: 0x561621363930: pfd->events now 60 (POLLOUT:4)
0:00:00.002572136  4406 0x56162133f320 DEBUG   GST_POLL gstpoll.c:980:gst_poll_fd_ctl_write: 0x561621363930: fd (fd:0, idx:1), active : 1
0:00:00.002577570  4406 0x56162133f320 LOG   GST_POLL gstpoll.c:994:gst_poll_fd_ctl_write: 0x561621363930: pfd->events now 60 (POLLOUT:4)
0:00:00.002583327  4406 0x56162133f320 DEBUG   GST_POLL gstpoll.c:980:gst_poll_fd_ctl_write: 0x561621363930: fd (fd:0, idx:1), active : 1
0:00:00.002588861  4406 0x56162133f320 LOG   GST_POLL gstpoll.c:994:gst_poll_fd_ctl_write: 0x561621363930: pfd->events now 60 (POLLOUT:4)
0:00:00.002594563  4406 0x56162133f320 DEBUG   GST_POLL gstpoll.c:980:gst_poll_fd_ctl_write: 0x561621363930: fd (fd:0, idx:1), active : 1
0:00:00.002600000  4406 0x56162133f320 LOG   GST_POLL gstpoll.c:994:gst_poll_fd_ctl_write: 0x561621363930: pfd->events now 60 (POLLOUT:4)
0:00:00.002605851  4406 0x56162133f320 DEBUG   GST_POLL gstpoll.c:980:gst_poll_fd_ctl_write: 0x561621363930: fd (fd:0, idx:1), active : 1
0:00:00.002611362  4406 0x56162133f320 LOG   GST_POLL gstpoll.c:994:gst_poll_fd_ctl_write: 0x561621363930: pfd->events now 60 (POLLOUT:4)
0:00:00.002617083  4406 0x56162133f320 DEBUG   GST_POLL gstpoll.c:980:gst_poll_fd_ctl_write: 0x561621363930: fd (fd:0, idx:1), active : 1
0:00:00.002622526  4406 0x56162133f320 LOG   GST_POLL gstpoll.c:994:gst_poll_fd_ctl_write: 0x561621363930: pfd->events now 60 (POLLOUT:4)
0:00:00.002628326  4406 0x56162133f320 DEBUG   GST_POLL gstpoll.c:980:gst_poll_fd_ctl_write: 0x561621363930: fd (fd:0, idx:1), active : 1
0:00:00.002633745  4406 0x56162133f320 LOG   GST_POLL gstpoll.c:994:gst_poll_fd_ctl_write: 0x561621363930: pfd->events now 60 (POLLOUT:4)
0:00:00.002639495  4406 0x56162133f320 DEBUG   GST_POLL gstpoll.c:980:gst_poll_fd_ctl_write: 0x561621363930: fd (fd:0, idx:1), active : 1
0:00:00.002644962  4406 0x56162133f320 LOG   GST_POLL gstpoll.c:994:gst_poll_fd_ctl_write: 0x561621363930: pfd->events now 60 (POLLOUT:4)
0:00:00.002650749  4406 0x56162133f320 DEBUG   GST_POLL gstpoll.c:980:gst_poll_fd_ctl_write: 0x561621363930: fd (fd:0, idx:1), active : 1
0:00:00.002656283  4406 0x56162133f320 LOG   GST_POLL gstpoll.c:994:gst_poll_fd_ctl_write: 0x561621363930: pfd->events now 60 (POLLOUT:4)
0:00:00.002662089  4406 0x56162133f320 DEBUG   GST_POLL gstpoll.c:980:gst_poll_fd_ctl_write: 0x561621363930: fd (fd:0, idx:1), active : 1
0:00:00.002671652  4406 0x56162133f320 LOG   GST_POLL gstpoll.c:994:gst_poll_fd_ctl_write: 0x561621363930: pfd->events now 60 (POLLOUT:4)
0:00:00.002677510  4406 0x56162133f320 DEBUG   GST_POLL gstpoll.c:980:gst_poll_fd_ctl_write: 0x561621363930: fd (fd:0, idx:1), active : 1
0:00:00.002683025  4406 0x56162133f320 LOG   GST_POLL gstpoll.c:994:gst_poll_fd_ctl_write: 0x561621363930: pfd->events now 60 (POLLOUT:4)
0:00:00.002688772  4406 0x56162133f320 DEBUG   GST_POLL gstpoll.c:980:gst_poll_fd_ctl_write: 0x561621363930: fd (fd:0, idx:1), active : 1
0:00:00.002694239  4406 0x56162133f320 LOG   GST_POLL gstpoll.c:994:gst_poll_fd_ctl_write: 0x561621363930: pfd->events now 60 (POLLOUT:4)
0:00:00.002700190  4406 0x56162133f320 DEBUG   GST_POLL gstpoll.c:980:gst_poll_fd_ctl_write: 0x561621363930: fd (fd:0, idx:1), active : 1
0:00:00.002705657  4406 0x56162133f320 LOG   GST_POLL gstpoll.c:994:gst_poll_fd_ctl_write: 0x561621363930: pfd->events now 60 (POLLOUT:4)
0:00:00.002711403  4406 0x56162133f320 DEBUG   GST_POLL gstpoll.c:980:gst_poll_fd_ctl_write: 0x561621363930: fd (fd:0, idx:1), active : 1
0:00:00.002716861  4406 0x56162133f320 LOG   GST_POLL gstpoll.c:994:gst_poll_fd_ctl_write: 0x561621363930: pfd->events now 60 (POLLOUT:4)
0:00:00.002722605  4406 0x56162133f320 DEBUG   GST_POLL gstpoll.c:980:gst_poll_fd_ctl_write: 0x561621363930: fd (fd:0, idx:1), active : 1
0:00:00.002728122  4406 0x56162133f320 LOG   GST_POLL gstpoll.c:994:gst_poll_fd_ctl_write: 0x561621363930: pfd->events now 60 (POLLOUT:4)
0:00:00.002733921  4406 0x56162133f320 DEBUG   GST_POLL gstpoll.c:980:gst_poll_fd_ctl_write: 0x561621363930: fd (fd:0, idx:1), active : 1
0:00:00.002739393  4406 0x56162133f320 LOG   GST_POLL gstpoll.c:994:gst_poll_fd_ctl_write: 0x561621363930: pfd->events now 60 (POLLOUT:4)
0:00:00.002745122  4406 0x56162133f320 DEBUG   GST_POLL gstpoll.c:980:gst_poll_fd_ctl_write: 0x561621363930: fd (fd:0, idx:1), active : 1
0:00:00.002750594  4406 0x56162133f320 LOG   GST_POLL gstpoll.c:994:gst_poll_fd_ctl_write: 0x561621363930: pfd->events now 60 (POLLOUT:4)
0:00:00.002756341  4406 0x56162133f320 DEBUG   GST_POLL gstpoll.c:980:gst_poll_fd_ctl_write: 0x561621363930: fd (fd:0, idx:1), active : 1
0:00:00.002761818  4406 0x56162133f320 LOG   GST_POLL gstpoll.c:994:gst_poll_fd_ctl_write: 0x561621363930: pfd->events now 60 (POLLOUT:4)
0:00:00.002767689  4406 0x56162133f320 DEBUG   GST_POLL gstpoll.c:980:gst_poll_fd_ctl_write: 0x561621363930: fd (fd:0, idx:1), active : 1
0:00:00.002773124  4406 0x56162133f320 LOG   GST_POLL gstpoll.c:994:gst_poll_fd_ctl_write: 0x561621363930: pfd->events now 60 (POLLOUT:4)
0:00:00.002778866  4406 0x56162133f320 DEBUG   GST_POLL gstpoll.c:980:gst_poll_fd_ctl_write: 0x561621363930: fd (fd:0, idx:1), active : 1
0:00:00.002784347  4406 0x56162133f320 LOG   GST_POLL gstpoll.c:994:gst_poll_fd_ctl_write: 0x561621363930: pfd->events now 60 (POLLOUT:4)
0:00:00.002790081  4406 0x56162133f320 DEBUG   GST_POLL gstpoll.c:980:gst_poll_fd_ctl_write: 0x561621363930: fd (fd:0, idx:1), active : 1
0:00:00.002799256  4406 0x56162133f320 LOG   GST_POLL gstpoll.c:994:gst_poll_fd_ctl_write: 0x561621363930: pfd->events now 60 (POLLOUT:4)
0:00:00.002805186  4406 0x56162133f320 DEBUG   GST_POLL gstpoll.c:980:gst_poll_fd_ctl_write: 0x561621363930: fd (fd:0, idx:1), active : 1
0:00:00.002810662  4406 0x56162133f320 LOG   GST_POLL gstpoll.c:994:gst_poll_fd_ctl_write: 0x561621363930: pfd->events now 60 (POLLOUT:4)
0:00:00.002816442  4406 0x56162133f320 DEBUG   GST_POLL gstpoll.c:980:gst_poll_fd_ctl_write: 0x561621363930: fd (fd:0, idx:1), active : 1
0:00:00.002821932  4406 0x56162133f320 LOG   GST_POLL gstpoll.c:994:gst_poll_fd_ctl_write: 0x561621363930: pfd->events now 60 (POLLOUT:4)
0:00:00.002827678  4406 0x56162133f320 DEBUG   GST_POLL gstpoll.c:980:gst_poll_fd_ctl_write: 0x561621363930: fd (fd:0, idx:1), active : 1
0:00:00.002840028  4406 0x56162133f320 LOG   GST_POLL gstpoll.c:994:gst_poll_fd_ctl_write: 0x561621363930: pfd->events now 60 (POLLOUT:4)
0:00:00.002846451  4406 0x56162133f320 TRACE   GST_REFCOUNTING gstobject.c:265:gst_object_unref: 0x5616213652b0 unref 2->1
0:00:00.002853604  4406 0x56162133f320 DEBUG   GST_POLL gstpoll.c:1241:gst_poll_fd_has_error: 0x561621363930: fd (fd:0, idx:1) 0
0:00:00.002860007  4406 0x56162133f320 DEBUG   GST_POLL gstpoll.c:1335:gst_poll_fd_can_write: 0x561621363930: fd (fd:0, idx:1) 0
0:00:00.002865992  4406 0x56162133f320 DEBUG   GST_POLL gstpoll.c:1195:gst_poll_fd_has_closed: 0x561621363930: fd (fd:0, idx:1) 0
0:00:00.002872806  4406 0x56162133f320 DEBUG   GST_POLL gstpoll.c:1414:gst_poll_wait: 0x561621363930: timeout :0:00:01.000000000
0:00:00.002882029  4406 0x56162133f320 LOG   GST_PLUGIN_LOADING gstpluginloader.c:1028:exchange_packets: Poll res = 2. 488 bytes pending for write
0:00:00.002888484  4406 0x56162133f320 DEBUG   GST_POLL gstpoll.c:1241:gst_poll_fd_has_error: 0x561621363930: fd (fd:5, idx:2) 0
0:00:00.002894295  4406 0x56162133f320 DEBUG   GST_POLL gstpoll.c:1266:gst_poll_fd_can_read_unlocked: 0x561621363930: fd (fd:5, idx:2) 1
0:00:00.002903758  4406 0x56162133f320 DEBUG   GST_PLUGIN_LOADING gstpluginloader.c:722:do_plugin_load: Plugin scanner loading file /home/conan/w/prod/BuildSingleReference/.conan/data/gstreamer/1.18.4/_/_/package/d5d34cb95e58eb395d954c026f8b3b95a47b8905/lib/gstreamer-1.0/libgstcoreelements.so. tag 1
0:00:00.002910449  4406 0x56162133f320 DEBUG   GST_PLUGIN_LOADING gstplugin.c:768:_priv_gst_plugin_load_file_for_registry: attempt to load plugin "/home/conan/w/prod/BuildSingleReference/.conan/data/gstreamer/1.18.4/_/_/package/d5d34cb95e58eb395d954c026f8b3b95a47b8905/lib/gstreamer-1.0/libgstcoreelements.so"
0:00:00.003349106  4406 0x56162133f320 TRACE   GST_REFCOUNTING gstobject.c:208:gst_object_init: 0x561621367620 new
0:00:00.003373835  4406 0x56162133f320 LOG   GST_PLUGIN_LOADING gstplugin.c:890:_priv_gst_plugin_load_file_for_registry: Plugin 0x561621367620 for file "/home/conan/w/prod/BuildSingleReference/.conan/data/gstreamer/1.18.4/_/_/package/d5d34cb95e58eb395d954c026f8b3b95a47b8905/lib/gstreamer-1.0/libgstcoreelements.so" prepared, calling entry function...
0:00:00.003382893  4406 0x56162133f320 LOG   GST_PLUGIN_LOADING gstplugin.c:897:_priv_gst_plugin_load_file_for_registry: Plugin 0x561621367620 for file "/home/conan/w/prod/BuildSingleReference/.conan/data/gstreamer/1.18.4/_/_/package/d5d34cb95e58eb395d954c026f8b3b95a47b8905/lib/gstreamer-1.0/libgstcoreelements.so" prepared, registering...
0:00:00.003398793  4406 0x56162133f320 LOG   GST_PLUGIN_LOADING gstplugin.c:514:gst_plugin_register_func: plugin "/home/conan/w/prod/BuildSingleReference/.conan/data/gstreamer/1.18.4/_/_/package/d5d34cb95e58eb395d954c026f8b3b95a47b8905/lib/gstreamer-1.0/libgstcoreelements.so" looks good
0:00:00.003443033  4406 0x56162133f320 TRACE   GST_REFCOUNTING gstobject.c:208:gst_object_init: 0x561621369040 new
0:00:00.003452556  4406 0x56162133f320 LOG   GST_ELEMENT_FACTORY gstelementfactory.c:238:gst_element_register: Created new elementfactory for type GstCapsFilter
0:00:00.003460661  4406 0x56162133f320 TRACE   structure gststructure.c:287:gst_structure_new_id_empty_with_size: created structure 0x561621369660
0:00:00.003467547  4406 0x56162133f320 TRACE   GST_PERFORMANCE gststructure.c:509:gst_structure_copy: doing copy 0x56162134e0f0 -> 0x561621369660
0:00:00.003474788  4406 0x56162133f320 DEBUG   GST_ELEMENT_PADS gstelement.c:312:gst_element_base_class_init: type GstBaseTransform : factory (nil)
0:00:00.003482119  4406 0x56162133f320 DEBUG   basetransform gstbasetransform.c:333:gst_base_transform_class_init: gst_base_transform_class_init
0:00:00.003497413  4406 0x56162133f320 TRACE   structure gststructure.c:287:gst_structure_new_id_empty_with_size: created structure 0x561621369c70
0:00:00.003503913  4406 0x56162133f320 TRACE   GST_PERFORMANCE gststructure.c:509:gst_structure_copy: doing copy 0x561621369660 -> 0x561621369c70
0:00:00.003510461  4406 0x56162133f320 DEBUG   GST_ELEMENT_PADS gstelement.c:312:gst_element_base_class_init: type GstCapsFilter : factory 0x561621369040
0:00:00.003530369  4406 0x56162133f320 TRACE   GST_CAPS gstcaps.c:263:gst_caps_new_empty: created caps 0x561621368070
0:00:00.003537619  4406 0x56162133f320 TRACE   GST_CAPS gstcaps.c:443:gst_static_caps_get: created 0x7f8f992bcef0 from string ANY
0:00:00.003544500  4406 0x56162133f320 TRACE   GST_REFCOUNTING gstminiobject.c:466:gst_mini_object_ref: 0x561621368070 ref 1->2
0:00:00.003564869  4406 0x56162133f320 TRACE   GST_REFCOUNTING gstobject.c:208:gst_object_init: 0x56162136a620 new
0:00:00.003576106  4406 0x56162133f320 TRACE   GST_REFCOUNTING gstminiobject.c:466:gst_mini_object_ref: 0x561621368070 ref 2->3
0:00:00.003586619  4406 0x56162133f320 TRACE   GST_REFCOUNTING gstminiobject.c:648:gst_mini_object_unref: 0x561621368070 unref 3->2
0:00:00.003594354  4406 0x56162133f320 TRACE   GST_REFCOUNTING gstobject.c:294:gst_object_ref_sink: 0x56162136a620 ref_sink 1->2
0:00:00.003601207  4406 0x56162133f320 TRACE   GST_CAPS gstcaps.c:263:gst_caps_new_empty: created caps 0x561621367d90
0:00:00.003607298  4406 0x56162133f320 TRACE   GST_CAPS gstcaps.c:443:gst_static_caps_get: created 0x7f8f992bcf30 from string ANY
0:00:00.003613487  4406 0x56162133f320 TRACE   GST_REFCOUNTING gstminiobject.c:466:gst_mini_object_ref: 0x561621367d90 ref 1->2
0:00:00.003626027  4406 0x56162133f320 TRACE   GST_REFCOUNTING gstobject.c:208:gst_object_init: 0x56162136a890 new
0:00:00.003633678  4406 0x56162133f320 TRACE   GST_REFCOUNTING gstminiobject.c:466:gst_mini_object_ref: 0x561621367d90 ref 2->3
0:00:00.003641175  4406 0x56162133f320 TRACE   GST_REFCOUNTING gstminiobject.c:648:gst_mini_object_unref: 0x561621367d90 unref 3->2
0:00:00.003647934  4406 0x56162133f320 TRACE   GST_REFCOUNTING gstobject.c:294:gst_object_ref_sink: 0x56162136a890 ref_sink 1->2
0:00:00.003656477  4406 0x56162133f320 TRACE   structure gststructure.c:287:gst_structure_new_id_empty_with_size: created structure 0x56162136aa20
0:00:00.003663183  4406 0x56162133f320 TRACE   GST_PERFORMANCE gststructure.c:509:gst_structure_copy: doing copy 0x561621369c70 -> 0x56162136aa20
0:00:00.003672284  4406 0x56162133f320 DEBUG   GST_REGISTRY gstregistry.c:590:gst_registry_add_feature: adding feature 0x561621369040 (capsfilter)
0:00:00.003679684  4406 0x56162133f320 DEBUG   GST_REFCOUNTING gstobject.c:709:gst_object_set_parent: set parent (ref and sink)
0:00:00.003686612  4406 0x56162133f320 TRACE   GST_REFCOUNTING gstobject.c:294:gst_object_ref_sink: 0x561621369040 ref_sink 1->2
0:00:00.003692964  4406 0x56162133f320 LOG   GST_REGISTRY gstregistry.c:608:gst_registry_add_feature: emitting feature-added for capsfilter
0:00:00.003706618  4406 0x56162133f320 TRACE   GST_REFCOUNTING gstobject.c:208:gst_object_init: 0x56162136af40 new
0:00:00.003715173  4406 0x56162133f320 LOG   GST_ELEMENT_FACTORY gstelementfactory.c:238:gst_element_register: Created new elementfactory for type GstClockSync
0:00:00.003722223  4406 0x56162133f320 TRACE   structure gststructure.c:287:gst_structure_new_id_empty_with_size: created structure 0x56162136b320
0:00:00.003728164  4406 0x56162133f320 TRACE   GST_PERFORMANCE gststructure.c:509:gst_structure_copy: doing copy 0x56162134e0f0 -> 0x56162136b320
0:00:00.003734470  4406 0x56162133f320 DEBUG   GST_ELEMENT_PADS gstelement.c:312:gst_element_base_class_init: type GstClockSync : factory 0x56162136af40
0:00:00.003744867  4406 0x56162133f320 TRACE   GST_CAPS gstcaps.c:263:gst_caps_new_empty: created caps 0x56162136b070
0:00:00.003751126  4406 0x56162133f320 TRACE   GST_CAPS gstcaps.c:443:gst_static_caps_get: created 0x7f8f992bcf70 from string ANY
0:00:00.003757166  4406 0x56162133f320 TRACE   GST_REFCOUNTING gstminiobject.c:466:gst_mini_object_ref: 0x56162136b070 ref 1->2
0:00:00.003764738  4406 0x56162133f320 TRACE   GST_REFCOUNTING gstobject.c:208:gst_object_init: 0x56162136b560 new
0:00:00.003772361  4406 0x56162133f320 TRACE   GST_REFCOUNTING gstminiobject.c:466:gst_mini_object_ref: 0x56162136b070 ref 2->3
0:00:00.003780095  4406 0x56162133f320 TRACE   GST_REFCOUNTING gstminiobject.c:648:gst_mini_object_unref: 0x56162136b070 unref 3->2
0:00:00.003787116  4406 0x56162133f320 TRACE   GST_REFCOUNTING gstobject.c:294:gst_object_ref_sink: 0x56162136b560 ref_sink 1->2
0:00:00.003793473  4406 0x56162133f320 TRACE   GST_CAPS gstcaps.c:263:gst_caps_new_empty: created caps 0x56162134e710
0:00:00.003804058  4406 0x56162133f320 TRACE   GST_CAPS gstcaps.c:443:gst_static_caps_get: created 0x7f8f992bcfb0 from string ANY
0:00:00.003810157  4406 0x56162133f320 TRACE   GST_REFCOUNTING gstminiobject.c:466:gst_mini_object_ref: 0x56162134e710 ref 1->2
0:00:00.003817308  4406 0x56162133f320 TRACE   GST_REFCOUNTING gstobject.c:208:gst_object_init: 0x56162136b750 new
0:00:00.003824746  4406 0x56162133f320 TRACE   GST_REFCOUNTING gstminiobject.c:466:gst_mini_object_ref: 0x56162134e710 ref 2->3
0:00:00.003839455  4406 0x56162133f320 TRACE   GST_REFCOUNTING gstminiobject.c:648:gst_mini_object_unref: 0x56162134e710 unref 3->2
0:00:00.003846419  4406 0x56162133f320 TRACE   GST_REFCOUNTING gstobject.c:294:gst_object_ref_sink: 0x56162136b750 ref_sink 1->2
0:00:00.003853315  4406 0x56162133f320 TRACE   structure gststructure.c:287:gst_structure_new_id_empty_with_size: created structure 0x56162136ba30
0:00:00.003859820  4406 0x56162133f320 TRACE   GST_PERFORMANCE gststructure.c:509:gst_structure_copy: doing copy 0x56162136b320 -> 0x56162136ba30
0:00:00.003867848  4406 0x56162133f320 DEBUG   GST_REGISTRY gstregistry.c:590:gst_registry_add_feature: adding feature 0x56162136af40 (clocksync)
0:00:00.003873804  4406 0x56162133f320 DEBUG   GST_REFCOUNTING gstobject.c:709:gst_object_set_parent: set parent (ref and sink)
0:00:00.003880577  4406 0x56162133f320 TRACE   GST_REFCOUNTING gstobject.c:294:gst_object_ref_sink: 0x56162136af40 ref_sink 1->2
0:00:00.003886780  4406 0x56162133f320 LOG   GST_REGISTRY gstregistry.c:608:gst_registry_add_feature: emitting feature-added for clocksync
0:00:00.003900159  4406 0x56162133f320 TRACE   GST_REFCOUNTING gstobject.c:208:gst_object_init: 0x56162136bc20 new
0:00:00.003908387  4406 0x56162133f320 LOG   GST_ELEMENT_FACTORY gstelementfactory.c:238:gst_element_register: Created new elementfactory for type GstConcat
0:00:00.003919950  4406 0x56162133f320 TRACE   structure gststructure.c:287:gst_structure_new_id_empty_with_size: created structure 0x56162136c000
0:00:00.003926674  4406 0x56162133f320 TRACE   GST_PERFORMANCE gststructure.c:509:gst_structure_copy: doing copy 0x56162134e0f0 -> 0x56162136c000
0:00:00.003933058  4406 0x56162133f320 DEBUG   GST_ELEMENT_PADS gstelement.c:312:gst_element_base_class_init: type GstConcat : factory 0x56162136bc20
0:00:00.003943947  4406 0x56162133f320 TRACE   GST_CAPS gstcaps.c:263:gst_caps_new_empty: created caps 0x56162136bd50
0:00:00.003950260  4406 0x56162133f320 TRACE   GST_CAPS gstcaps.c:443:gst_static_caps_get: created 0x7f8f992bd030 from string ANY
0:00:00.003956453  4406 0x56162133f320 TRACE   GST_REFCOUNTING gstminiobject.c:466:gst_mini_object_ref: 0x56162136bd50 ref 1->2
0:00:00.003963719  4406 0x56162133f320 TRACE   GST_REFCOUNTING gstobject.c:208:gst_object_init: 0x56162136c2c0 new
0:00:00.003971528  4406 0x56162133f320 TRACE   GST_REFCOUNTING gstminiobject.c:466:gst_mini_object_ref: 0x56162136bd50 ref 2->3
0:00:00.003983558  4406 0x56162133f320 TRACE   GST_REFCOUNTING gstminiobject.c:648:gst_mini_object_unref: 0x56162136bd50 unref 3->2
0:00:00.003990362  4406 0x56162133f320 TRACE   GST_REFCOUNTING gstobject.c:294:gst_object_ref_sink: 0x56162136c2c0 ref_sink 1->2
0:00:00.003996672  4406 0x56162133f320 TRACE   GST_CAPS gstcaps.c:263:gst_caps_new_empty: created caps 0x56162136b8f0
0:00:00.004002583  4406 0x56162133f320 TRACE   GST_CAPS gstcaps.c:443:gst_static_caps_get: created 0x7f8f992bcff0 from string ANY
0:00:00.004008496  4406 0x56162133f320 TRACE   GST_REFCOUNTING gstminiobject.c:466:gst_mini_object_ref: 0x56162136b8f0 ref 1->2
0:00:00.004015581  4406 0x56162133f320 TRACE   GST_REFCOUNTING gstobject.c:208:gst_object_init: 0x56162136c440 new
0:00:00.004022821  4406 0x56162133f320 TRACE   GST_REFCOUNTING gstminiobject.c:466:gst_mini_object_ref: 0x56162136b8f0 ref 2->3
0:00:00.004030128  4406 0x56162133f320 TRACE   GST_REFCOUNTING gstminiobject.c:648:gst_mini_object_unref: 0x56162136b8f0 unref 3->2
0:00:00.004036825  4406 0x56162133f320 TRACE   GST_REFCOUNTING gstobject.c:294:gst_object_ref_sink: 0x56162136c440 ref_sink 1->2
0:00:00.004044195  4406 0x56162133f320 TRACE   structure gststructure.c:287:gst_structure_new_id_empty_with_size: created structure 0x56162136c720
0:00:00.004050549  4406 0x56162133f320 TRACE   GST_PERFORMANCE gststructure.c:509:gst_structure_copy: doing copy 0x56162136c000 -> 0x56162136c720
0:00:00.004058518  4406 0x56162133f320 DEBUG   GST_REGISTRY gstregistry.c:590:gst_registry_add_feature: adding feature 0x56162136bc20 (concat)
0:00:00.004064381  4406 0x56162133f320 DEBUG   GST_REFCOUNTING gstobject.c:709:gst_object_set_parent: set parent (ref and sink)
0:00:00.004070974  4406 0x56162133f320 TRACE   GST_REFCOUNTING gstobject.c:294:gst_object_ref_sink: 0x56162136bc20 ref_sink 1->2
0:00:00.004077065  4406 0x56162133f320 LOG   GST_REGISTRY gstregistry.c:608:gst_registry_add_feature: emitting feature-added for concat
0:00:00.004090410  4406 0x56162133f320 TRACE   GST_REFCOUNTING gstobject.c:208:gst_object_init: 0x56162136ca60 new
0:00:00.004098436  4406 0x56162133f320 LOG   GST_ELEMENT_FACTORY gstelementfactory.c:238:gst_element_register: Created new elementfactory for type GstDataURISrc
0:00:00.004108238  4406 0x56162133f320 TRACE   structure gststructure.c:287:gst_structure_new_id_empty_with_size: created structure 0x56162136cf80
0:00:00.004114358  4406 0x56162133f320 TRACE   GST_PERFORMANCE gststructure.c:509:gst_structure_copy: doing copy 0x56162134e0f0 -> 0x56162136cf80
0:00:00.004120818  4406 0x56162133f320 DEBUG   GST_ELEMENT_PADS gstelement.c:312:gst_element_base_class_init: type GstBaseSrc : factory (nil)
0:00:00.004146808  4406 0x56162133f320 TRACE   structure gststructure.c:287:gst_structure_new_id_empty_with_size: created structure 0x561621363320
0:00:00.004153061  4406 0x56162133f320 TRACE   GST_PERFORMANCE gststructure.c:509:gst_structure_copy: doing copy 0x56162136cf80 -> 0x561621363320
0:00:00.004163170  4406 0x56162133f320 DEBUG   GST_ELEMENT_PADS gstelement.c:312:gst_element_base_class_init: type GstDataURISrc : factory 0x56162136ca60
0:00:00.004171539  4406 0x56162133f320 TRACE   GST_CAPS gstcaps.c:263:gst_caps_new_empty: created caps 0x56162136cb90
0:00:00.004199866  4406 0x56162133f320 TRACE   GST_CAPS gstcaps.c:443:gst_static_caps_get: created 0x7f8f992bd090 from string ANY
0:00:00.004211788  4406 0x56162133f320 TRACE   GST_REFCOUNTING gstminiobject.c:466:gst_mini_object_ref: 0x56162136cb90 ref 1->2
0:00:00.004222723  4406 0x56162133f320 TRACE   GST_REFCOUNTING gstobject.c:208:gst_object_init: 0x56162136e320 new
0:00:00.004230773  4406 0x56162133f320 TRACE   GST_REFCOUNTING gstminiobject.c:466:gst_mini_object_ref: 0x56162136cb90 ref 2->3
0:00:00.004238753  4406 0x56162133f320 TRACE   GST_REFCOUNTING gstminiobject.c:648:gst_mini_object_unref: 0x56162136cb90 unref 3->2
0:00:00.004245610  4406 0x56162133f320 TRACE   GST_REFCOUNTING gstobject.c:294:gst_object_ref_sink: 0x56162136e320 ref_sink 1->2
0:00:00.004257780  4406 0x56162133f320 TRACE   structure gststructure.c:287:gst_structure_new_id_empty_with_size: created structure 0x56162136e690
0:00:00.004264590  4406 0x56162133f320 TRACE   GST_PERFORMANCE gststructure.c:509:gst_structure_copy: doing copy 0x561621363320 -> 0x56162136e690
0:00:00.004274829  4406 0x56162133f320 DEBUG   GST_REGISTRY gstregistry.c:590:gst_registry_add_feature: adding feature 0x56162136ca60 (dataurisrc)
0:00:00.004280891  4406 0x56162133f320 DEBUG   GST_REFCOUNTING gstobject.c:709:gst_object_set_parent: set parent (ref and sink)
0:00:00.004287670  4406 0x56162133f320 TRACE   GST_REFCOUNTING gstobject.c:294:gst_object_ref_sink: 0x56162136ca60 ref_sink 1->2
0:00:00.004293824  4406 0x56162133f320 LOG   GST_REGISTRY gstregistry.c:608:gst_registry_add_feature: emitting feature-added for dataurisrc
0:00:00.004304721  4406 0x56162133f320 TRACE   GST_REFCOUNTING gstobject.c:208:gst_object_init: 0x56162136ea00 new
0:00:00.004313262  4406 0x56162133f320 LOG   GST_ELEMENT_FACTORY gstelementfactory.c:238:gst_element_register: Created new elementfactory for type GstDownloadBuffer
0:00:00.004320501  4406 0x56162133f320 TRACE   structure gststructure.c:287:gst_structure_new_id_empty_with_size: created structure 0x56162136ede0
0:00:00.004332670  4406 0x56162133f320 TRACE   GST_PERFORMANCE gststructure.c:509:gst_structure_copy: doing copy 0x56162134e0f0 -> 0x56162136ede0
0:00:00.004339992  4406 0x56162133f320 DEBUG   GST_ELEMENT_PADS gstelement.c:312:gst_element_base_class_init: type GstDownloadBuffer : factory 0x56162136ea00
0:00:00.004355060  4406 0x56162133f320 TRACE   GST_CAPS gstcaps.c:263:gst_caps_new_empty: created caps 0x56162136eb30
0:00:00.004361148  4406 0x56162133f320 TRACE   GST_CAPS gstcaps.c:443:gst_static_caps_get: created 0x7f8f992bd0d0 from string ANY
0:00:00.004367265  4406 0x56162133f320 TRACE   GST_REFCOUNTING gstminiobject.c:466:gst_mini_object_ref: 0x56162136eb30 ref 1->2
0:00:00.004380030  4406 0x56162133f320 TRACE   GST_REFCOUNTING gstobject.c:208:gst_object_init: 0x56162136f340 new
0:00:00.004387808  4406 0x56162133f320 TRACE   GST_REFCOUNTING gstminiobject.c:466:gst_mini_object_ref: 0x56162136eb30 ref 2->3
0:00:00.004395349  4406 0x56162133f320 TRACE   GST_REFCOUNTING gstminiobject.c:648:gst_mini_object_unref: 0x56162136eb30 unref 3->2
0:00:00.004402142  4406 0x56162133f320 TRACE   GST_REFCOUNTING gstobject.c:294:gst_object_ref_sink: 0x56162136f340 ref_sink 1->2
0:00:00.004408368  4406 0x56162133f320 TRACE   GST_CAPS gstcaps.c:263:gst_caps_new_empty: created caps 0x56162136f4b0
0:00:00.004414257  4406 0x56162133f320 TRACE   GST_CAPS gstcaps.c:443:gst_static_caps_get: created 0x7f8f992bd110 from string ANY
0:00:00.004420204  4406 0x56162133f320 TRACE   GST_REFCOUNTING gstminiobject.c:466:gst_mini_object_ref: 0x56162136f4b0 ref 1->2
0:00:00.004426990  4406 0x56162133f320 TRACE   GST_REFCOUNTING gstobject.c:208:gst_object_init: 0x56162136f520 new
0:00:00.004434078  4406 0x56162133f320 TRACE   GST_REFCOUNTING gstminiobject.c:466:gst_mini_object_ref: 0x56162136f4b0 ref 2->3
0:00:00.004441417  4406 0x56162133f320 TRACE   GST_REFCOUNTING gstminiobject.c:648:gst_mini_object_unref: 0x56162136f4b0 unref 3->2
0:00:00.004448227  4406 0x56162133f320 TRACE   GST_REFCOUNTING gstobject.c:294:gst_object_ref_sink: 0x56162136f520 ref_sink 1->2
0:00:00.004456269  4406 0x56162133f320 TRACE   structure gststructure.c:287:gst_structure_new_id_empty_with_size: created structure 0x56162136f820
0:00:00.004462853  4406 0x56162133f320 TRACE   GST_PERFORMANCE gststructure.c:509:gst_structure_copy: doing copy 0x56162136ede0 -> 0x56162136f820
0:00:00.004470794  4406 0x56162133f320 DEBUG   GST_REGISTRY gstregistry.c:590:gst_registry_add_feature: adding feature 0x56162136ea00 (downloadbuffer)
0:00:00.004476811  4406 0x56162133f320 DEBUG   GST_REFCOUNTING gstobject.c:709:gst_object_set_parent: set parent (ref and sink)
0:00:00.004483660  4406 0x56162133f320 TRACE   GST_REFCOUNTING gstobject.c:294:gst_object_ref_sink: 0x56162136ea00 ref_sink 1->2
0:00:00.004489870  4406 0x56162133f320 LOG   GST_REGISTRY gstregistry.c:608:gst_registry_add_feature: emitting feature-added for downloadbuffer
0:00:00.004500412  4406 0x56162133f320 TRACE   GST_REFCOUNTING gstobject.c:208:gst_object_init: 0x56162136fbd0 new
0:00:00.004508388  4406 0x56162133f320 LOG   GST_ELEMENT_FACTORY gstelementfactory.c:238:gst_element_register: Created new elementfactory for type GstFakeSrc
0:00:00.004518129  4406 0x56162133f320 TRACE   structure gststructure.c:287:gst_structure_new_id_empty_with_size: created structure 0x5616213700f0
0:00:00.004524061  4406 0x56162133f320 TRACE   GST_PERFORMANCE gststructure.c:509:gst_structure_copy: doing copy 0x56162136cf80 -> 0x5616213700f0
0:00:00.004530260  4406 0x56162133f320 DEBUG   GST_ELEMENT_PADS gstelement.c:312:gst_element_base_class_init: type GstFakeSrc : factory 0x56162136fbd0
0:00:00.004565605  4406 0x56162133f320 TRACE   GST_CAPS gstcaps.c:263:gst_caps_new_empty: created caps 0x56162136fd00
0:00:00.004583461  4406 0x56162133f320 TRACE   GST_CAPS gstcaps.c:443:gst_static_caps_get: created 0x7f8f992bd190 from string ANY
0:00:00.004589771  4406 0x56162133f320 TRACE   GST_REFCOUNTING gstminiobject.c:466:gst_mini_object_ref: 0x56162136fd00 ref 1->2
0:00:00.004597155  4406 0x56162133f320 TRACE   GST_REFCOUNTING gstobject.c:208:gst_object_init: 0x561621371050 new
0:00:00.004604605  4406 0x56162133f320 TRACE   GST_REFCOUNTING gstminiobject.c:466:gst_mini_object_ref: 0x56162136fd00 ref 2->3
0:00:00.004612125  4406 0x56162133f320 TRACE   GST_REFCOUNTING gstminiobject.c:648:gst_mini_object_unref: 0x56162136fd00 unref 3->2
0:00:00.004631394  4406 0x56162133f320 TRACE   GST_REFCOUNTING gstobject.c:294:gst_object_ref_sink: 0x561621371050 ref_sink 1->2
0:00:00.004639566  4406 0x56162133f320 TRACE   structure gststructure.c:287:gst_structure_new_id_empty_with_size: created structure 0x5616213712b0
0:00:00.004645835  4406 0x56162133f320 TRACE   GST_PERFORMANCE gststructure.c:509:gst_structure_copy: doing copy 0x5616213700f0 -> 0x5616213712b0
0:00:00.004653023  4406 0x56162133f320 DEBUG   GST_REGISTRY gstregistry.c:590:gst_registry_add_feature: adding feature 0x56162136fbd0 (fakesrc)
0:00:00.004658653  4406 0x56162133f320 DEBUG   GST_REFCOUNTING gstobject.c:709:gst_object_set_parent: set parent (ref and sink)
0:00:00.004664866  4406 0x56162133f320 TRACE   GST_REFCOUNTING gstobject.c:294:gst_object_ref_sink: 0x56162136fbd0 ref_sink 1->2
0:00:00.004670766  4406 0x56162133f320 LOG   GST_REGISTRY gstregistry.c:608:gst_registry_add_feature: emitting feature-added for fakesrc
0:00:00.004690388  4406 0x56162133f320 TRACE   GST_REFCOUNTING gstobject.c:208:gst_object_init: 0x561621371840 new
0:00:00.004698636  4406 0x56162133f320 LOG   GST_ELEMENT_FACTORY gstelementfactory.c:238:gst_element_register: Created new elementfactory for type GstFakeSink
0:00:00.004705475  4406 0x56162133f320 TRACE   structure gststructure.c:287:gst_structure_new_id_empty_with_size: created structure 0x561621371d50
0:00:00.004711078  4406 0x56162133f320 TRACE   GST_PERFORMANCE gststructure.c:509:gst_structure_copy: doing copy 0x56162134e0f0 -> 0x561621371d50
0:00:00.004717196  4406 0x56162133f320 DEBUG   GST_ELEMENT_PADS gstelement.c:312:gst_element_base_class_init: type GstBaseSink : factory (nil)
0:00:00.004753902  4406 0x56162133f320 TRACE   structure gststructure.c:287:gst_structure_new_id_empty_with_size: created structure 0x561621372a10
0:00:00.004760341  4406 0x56162133f320 TRACE   GST_PERFORMANCE gststructure.c:509:gst_structure_copy: doing copy 0x561621371d50 -> 0x561621372a10
0:00:00.004766390  4406 0x56162133f320 DEBUG   GST_ELEMENT_PADS gstelement.c:312:gst_element_base_class_init: type GstFakeSink : factory 0x561621371840
0:00:00.004790186  4406 0x56162133f320 TRACE   GST_CAPS gstcaps.c:263:gst_caps_new_empty: created caps 0x561621371970
0:00:00.004796786  4406 0x56162133f320 TRACE   GST_CAPS gstcaps.c:443:gst_static_caps_get: created 0x7f8f992bd150 from string ANY
0:00:00.004806973  4406 0x56162133f320 TRACE   GST_REFCOUNTING gstminiobject.c:466:gst_mini_object_ref: 0x561621371970 ref 1->2
0:00:00.004814216  4406 0x56162133f320 TRACE   GST_REFCOUNTING gstobject.c:208:gst_object_init: 0x561621373510 new
0:00:00.004821689  4406 0x56162133f320 TRACE   GST_REFCOUNTING gstminiobject.c:466:gst_mini_object_ref: 0x561621371970 ref 2->3
0:00:00.004834140  4406 0x56162133f320 TRACE   GST_REFCOUNTING gstminiobject.c:648:gst_mini_object_unref: 0x561621371970 unref 3->2
0:00:00.004841102  4406 0x56162133f320 TRACE   GST_REFCOUNTING gstobject.c:294:gst_object_ref_sink: 0x561621373510 ref_sink 1->2
0:00:00.004848931  4406 0x56162133f320 TRACE   structure gststructure.c:287:gst_structure_new_id_empty_with_size: created structure 0x561621373910
0:00:00.004855201  4406 0x56162133f320 TRACE   GST_PERFORMANCE gststructure.c:509:gst_structure_copy: doing copy 0x561621372a10 -> 0x561621373910
0:00:00.004862522  4406 0x56162133f320 DEBUG   GST_REGISTRY gstregistry.c:590:gst_registry_add_feature: adding feature 0x561621371840 (fakesink)
0:00:00.004868257  4406 0x56162133f320 DEBUG   GST_REFCOUNTING gstobject.c:709:gst_object_set_parent: set parent (ref and sink)
0:00:00.004874826  4406 0x56162133f320 TRACE   GST_REFCOUNTING gstobject.c:294:gst_object_ref_sink: 0x561621371840 ref_sink 1->2
0:00:00.004880798  4406 0x56162133f320 LOG   GST_REGISTRY gstregistry.c:608:gst_registry_add_feature: emitting feature-added for fakesink
0:00:00.004897943  4406 0x56162133f320 TRACE   GST_REFCOUNTING gstobject.c:208:gst_object_init: 0x561621373e30 new
0:00:00.004906217  4406 0x56162133f320 LOG   GST_ELEMENT_FACTORY gstelementfactory.c:238:gst_element_register: Created new elementfactory for type GstFdSrc
0:00:00.004912908  4406 0x56162133f320 TRACE   structure gststructure.c:287:gst_structure_new_id_empty_with_size: created structure 0x561621374380
0:00:00.004918499  4406 0x56162133f320 TRACE   GST_PERFORMANCE gststructure.c:509:gst_structure_copy: doing copy 0x56162136cf80 -> 0x561621374380
0:00:00.004924608  4406 0x56162133f320 DEBUG   GST_ELEMENT_PADS gstelement.c:312:gst_element_base_class_init: type GstPushSrc : factory (nil)
0:00:00.004931391  4406 0x56162133f320 TRACE   structure gststructure.c:287:gst_structure_new_id_empty_with_size: created structure 0x561621374820
0:00:00.004937085  4406 0x56162133f320 TRACE   GST_PERFORMANCE gststructure.c:509:gst_structure_copy: doing copy 0x561621374380 -> 0x561621374820
0:00:00.004942930  4406 0x56162133f320 DEBUG   GST_ELEMENT_PADS gstelement.c:312:gst_element_base_class_init: type GstFdSrc : factory 0x561621373e30
0:00:00.004952728  4406 0x56162133f320 TRACE   GST_CAPS gstcaps.c:263:gst_caps_new_empty: created caps 0x561621373f60
0:00:00.004958786  4406 0x56162133f320 TRACE   GST_CAPS gstcaps.c:443:gst_static_caps_get: created 0x7f8f992bd250 from string ANY
0:00:00.004964753  4406 0x56162133f320 TRACE   GST_REFCOUNTING gstminiobject.c:466:gst_mini_object_ref: 0x561621373f60 ref 1->2
0:00:00.004976018  4406 0x56162133f320 TRACE   GST_REFCOUNTING gstobject.c:208:gst_object_init: 0x561621374ac0 new
0:00:00.004983325  4406 0x56162133f320 TRACE   GST_REFCOUNTING gstminiobject.c:466:gst_mini_object_ref: 0x561621373f60 ref 2->3
0:00:00.004990426  4406 0x56162133f320 TRACE   GST_REFCOUNTING gstminiobject.c:648:gst_mini_object_unref: 0x561621373f60 unref 3->2
0:00:00.004996963  4406 0x56162133f320 TRACE   GST_REFCOUNTING gstobject.c:294:gst_object_ref_sink: 0x561621374ac0 ref_sink 1->2
0:00:00.005015998  4406 0x56162133f320 TRACE   structure gststructure.c:287:gst_structure_new_id_empty_with_size: created structure 0x56162136d530
0:00:00.005022498  4406 0x56162133f320 TRACE   GST_PERFORMANCE gststructure.c:509:gst_structure_copy: doing copy 0x561621374820 -> 0x56162136d530
0:00:00.005030636  4406 0x56162133f320 DEBUG   GST_REGISTRY gstregistry.c:590:gst_registry_add_feature: adding feature 0x561621373e30 (fdsrc)
0:00:00.005036314  4406 0x56162133f320 DEBUG   GST_REFCOUNTING gstobject.c:709:gst_object_set_parent: set parent (ref and sink)
0:00:00.005042881  4406 0x56162133f320 TRACE   GST_REFCOUNTING gstobject.c:294:gst_object_ref_sink: 0x561621373e30 ref_sink 1->2
0:00:00.005048846  4406 0x56162133f320 LOG   GST_REGISTRY gstregistry.c:608:gst_registry_add_feature: emitting feature-added for fdsrc
0:00:00.005059352  4406 0x56162133f320 TRACE   GST_REFCOUNTING gstobject.c:208:gst_object_init: 0x5616213762e0 new
0:00:00.005067186  4406 0x56162133f320 LOG   GST_ELEMENT_FACTORY gstelementfactory.c:238:gst_element_register: Created new elementfactory for type GstFdSink
0:00:00.005073978  4406 0x56162133f320 TRACE   structure gststructure.c:287:gst_structure_new_id_empty_with_size: created structure 0x561621376820
0:00:00.005079588  4406 0x56162133f320 TRACE   GST_PERFORMANCE gststructure.c:509:gst_structure_copy: doing copy 0x561621371d50 -> 0x561621376820
0:00:00.005085584  4406 0x56162133f320 DEBUG   GST_ELEMENT_PADS gstelement.c:312:gst_element_base_class_init: type GstFdSink : factory 0x5616213762e0
0:00:00.005092580  4406 0x56162133f320 TRACE   GST_CAPS gstcaps.c:263:gst_caps_new_empty: created caps 0x561621376410
0:00:00.005098594  4406 0x56162133f320 TRACE   GST_CAPS gstcaps.c:443:gst_static_caps_get: created 0x7f8f992bd1f0 from string ANY
0:00:00.005104557  4406 0x56162133f320 TRACE   GST_REFCOUNTING gstminiobject.c:466:gst_mini_object_ref: 0x561621376410 ref 1->2
0:00:00.005111608  4406 0x56162133f320 TRACE   GST_REFCOUNTING gstobject.c:208:gst_object_init: 0x561621376a40 new
0:00:00.005118875  4406 0x56162133f320 TRACE   GST_REFCOUNTING gstminiobject.c:466:gst_mini_object_ref: 0x561621376410 ref 2->3
0:00:00.005126209  4406 0x56162133f320 TRACE   GST_REFCOUNTING gstminiobject.c:648:gst_mini_object_unref: 0x561621376410 unref 3->2
0:00:00.005132699  4406 0x56162133f320 TRACE   GST_REFCOUNTING gstobject.c:294:gst_object_ref_sink: 0x561621376a40 ref_sink 1->2
0:00:00.005142650  4406 0x56162133f320 TRACE   structure gststructure.c:287:gst_structure_new_id_empty_with_size: created structure 0x561621376d20
0:00:00.005152890  4406 0x56162133f320 TRACE   GST_PERFORMANCE gststructure.c:509:gst_structure_copy: doing copy 0x561621376820 -> 0x561621376d20
0:00:00.005160730  4406 0x56162133f320 DEBUG   GST_REGISTRY gstregistry.c:590:gst_registry_add_feature: adding feature 0x5616213762e0 (fdsink)
0:00:00.005170102  4406 0x56162133f320 DEBUG   GST_REFCOUNTING gstobject.c:709:gst_object_set_parent: set parent (ref and sink)
0:00:00.005197537  4406 0x56162133f320 TRACE   GST_REFCOUNTING gstobject.c:294:gst_object_ref_sink: 0x5616213762e0 ref_sink 1->2
0:00:00.005209736  4406 0x56162133f320 LOG   GST_REGISTRY gstregistry.c:608:gst_registry_add_feature: emitting feature-added for fdsink
0:00:00.005227395  4406 0x56162133f320 TRACE   GST_REFCOUNTING gstobject.c:208:gst_object_init: 0x561621377140 new
0:00:00.005243066  4406 0x56162133f320 LOG   GST_ELEMENT_FACTORY gstelementfactory.c:238:gst_element_register: Created new elementfactory for type GstFileSrc
