0:00:00.019242809  4405 0x56065852e320 DEBUG   default gstvalue.c:2676:_priv_gst_value_parse_value: trying type name 'string'
0:00:00.015066235  4406 0x56162133f320 DEBUG   GST_POLL gstpoll.c:980:gst_poll_fd_ctl_write: 0x561621363930: fd (fd:0, idx:1), active : 1
0:00:00.019248736  4405 0x56065852e320 DEBUG   structure gststructure.c:2203:gst_structure_parse_field: trying field name 'description'
0:00:00.015071950  4406 0x56162133f320 LOG   GST_POLL gstpoll.c:994:gst_poll_fd_ctl_write: 0x561621363930: pfd->events now 60 (POLLOUT:4)
0:00:00.019254359  4405 0x56065852e320 DEBUG   default gstvalue.c:2676:_priv_gst_value_parse_value: trying type name 'string'
0:00:00.015077778  4406 0x56162133f320 DEBUG   GST_POLL gstpoll.c:980:gst_poll_fd_ctl_write: 0x561621363930: fd (fd:0, idx:1), active : 1
0:00:00.019260520  4405 0x56065852e320 DEBUG   structure gststructure.c:2203:gst_structure_parse_field: trying field name 'author'
0:00:00.015083696  4406 0x56162133f320 LOG   GST_POLL gstpoll.c:994:gst_poll_fd_ctl_write: 0x561621363930: pfd->events now 60 (POLLOUT:4)
0:00:00.019266602  4405 0x56065852e320 DEBUG   default gstvalue.c:2676:_priv_gst_value_parse_value: trying type name 'string'
0:00:00.015089599  4406 0x56162133f320 DEBUG   GST_POLL gstpoll.c:980:gst_poll_fd_ctl_write: 0x561621363930: fd (fd:0, idx:1), active : 1
0:00:00.019272599  4405 0x56065852e320 DEBUG   GST_REGISTRY gstregistrychunks.c:626:gst_registry_chunks_load_feature: Element factory : npadtemplates=2
0:00:00.015095470  4406 0x56162133f320 LOG   GST_POLL gstpoll.c:994:gst_poll_fd_ctl_write: 0x561621363930: pfd->events now 60 (POLLOUT:4)
0:00:00.015101444  4406 0x56162133f320 DEBUG   GST_POLL gstpoll.c:980:gst_poll_fd_ctl_write: 0x561621363930: fd (fd:0, idx:1), active : 1
0:00:00.019281484  4405 0x56065852e320 DEBUG   GST_REGISTRY gstregistrychunks.c:526:gst_registry_chunks_load_pad_template: Reading/casting for GstRegistryChunkPadTemplate at address 0x560658555b60
0:00:00.015110280  4406 0x56162133f320 LOG   GST_POLL gstpoll.c:994:gst_poll_fd_ctl_write: 0x561621363930: pfd->events now 60 (POLLOUT:4)
0:00:00.019292331  4405 0x56065852e320 DEBUG   GST_REGISTRY gstregistrychunks.c:539:gst_registry_chunks_load_pad_template: Added pad_template sink
0:00:00.015116494  4406 0x56162133f320 DEBUG   GST_POLL gstpoll.c:980:gst_poll_fd_ctl_write: 0x561621363930: fd (fd:0, idx:1), active : 1
0:00:00.019297903  4405 0x56065852e320 DEBUG   GST_REGISTRY gstregistrychunks.c:526:gst_registry_chunks_load_pad_template: Reading/casting for GstRegistryChunkPadTemplate at address 0x560658555b78
0:00:00.015122329  4406 0x56162133f320 LOG   GST_POLL gstpoll.c:994:gst_poll_fd_ctl_write: 0x561621363930: pfd->events now 60 (POLLOUT:4)
0:00:00.019304161  4405 0x56065852e320 DEBUG   GST_REGISTRY gstregistrychunks.c:539:gst_registry_chunks_load_pad_template: Added pad_template src
0:00:00.015128232  4406 0x56162133f320 DEBUG   GST_POLL gstpoll.c:980:gst_poll_fd_ctl_write: 0x561621363930: fd (fd:0, idx:1), active : 1
0:00:00.019310752  4405 0x56065852e320 DEBUG   GST_REGISTRY gstregistry.c:590:gst_registry_add_feature: adding feature 0x560658560a20 (downloadbuffer)
0:00:00.015133909  4406 0x56162133f320 LOG   GST_POLL gstpoll.c:994:gst_poll_fd_ctl_write: 0x561621363930: pfd->events now 60 (POLLOUT:4)
0:00:00.019317528  4405 0x56065852e320 DEBUG   GST_REFCOUNTING gstobject.c:709:gst_object_set_parent: set parent (ref and sink)
0:00:00.015139907  4406 0x56162133f320 DEBUG   GST_POLL gstpoll.c:980:gst_poll_fd_ctl_write: 0x561621363930: fd (fd:0, idx:1), active : 1
0:00:00.015148085  4406 0x56162133f320 LOG   GST_POLL gstpoll.c:994:gst_poll_fd_ctl_write: 0x561621363930: pfd->events now 60 (POLLOUT:4)
0:00:00.019327135  4405 0x56065852e320 TRACE   GST_REFCOUNTING gstobject.c:294:gst_object_ref_sink: 0x560658560a20 ref_sink 1->2
0:00:00.015153673  4406 0x56162133f320 DEBUG   GST_POLL gstpoll.c:980:gst_poll_fd_ctl_write: 0x561621363930: fd (fd:0, idx:1), active : 1
0:00:00.015159451  4406 0x56162133f320 LOG   GST_POLL gstpoll.c:994:gst_poll_fd_ctl_write: 0x561621363930: pfd->events now 60 (POLLOUT:4)
0:00:00.019338341  4405 0x56065852e320 LOG   GST_REGISTRY gstregistry.c:608:gst_registry_add_feature: emitting feature-added for downloadbuffer
0:00:00.015164960  4406 0x56162133f320 DEBUG   GST_POLL gstpoll.c:980:gst_poll_fd_ctl_write: 0x561621363930: fd (fd:0, idx:1), active : 1
0:00:00.015170705  4406 0x56162133f320 LOG   GST_POLL gstpoll.c:994:gst_poll_fd_ctl_write: 0x561621363930: pfd->events now 60 (POLLOUT:4)
0:00:00.019350187  4405 0x56065852e320 DEBUG   GST_REGISTRY gstregistrychunks.c:741:gst_registry_chunks_load_feature: Added feature downloadbuffer, plugin 0x560658556250 coreelements
0:00:00.015176153  4406 0x56162133f320 DEBUG   GST_POLL gstpoll.c:980:gst_poll_fd_ctl_write: 0x561621363930: fd (fd:0, idx:1), active : 1
0:00:00.015195184  4406 0x56162133f320 LOG   GST_POLL gstpoll.c:994:gst_poll_fd_ctl_write: 0x561621363930: pfd->events now 60 (POLLOUT:4)
0:00:00.019361848  4405 0x56065852e320 DEBUG   GST_REGISTRY gstregistrychunks.c:583:gst_registry_chunks_load_feature: Plugin 'coreelements' feature 'dataurisrc' typename : 'GstElementFactory'
0:00:00.015210645  4406 0x56162133f320 DEBUG   GST_POLL gstpoll.c:980:gst_poll_fd_ctl_write: 0x561621363930: fd (fd:0, idx:1), active : 1
0:00:00.019395661  4405 0x56065852e320 TRACE   GST_REFCOUNTING gstobject.c:208:gst_object_init: 0x560658561200 new
0:00:00.015217609  4406 0x56162133f320 LOG   GST_POLL gstpoll.c:994:gst_poll_fd_ctl_write: 0x561621363930: pfd->events now 60 (POLLOUT:4)
0:00:00.019403794  4405 0x56065852e320 LOG   GST_REGISTRY gstregistrychunks.c:610:gst_registry_chunks_load_feature: Reading/casting for GstRegistryChunkElementFactory at address 0x560658555ba8
0:00:00.015225161  4406 0x56162133f320 DEBUG   GST_POLL gstpoll.c:980:gst_poll_fd_ctl_write: 0x561621363930: fd (fd:0, idx:1), active : 1
0:00:00.019410093  4405 0x56065852e320 TRACE   structure gststructure.c:287:gst_structure_new_id_empty_with_size: created structure 0x560658561510
0:00:00.015231929  4406 0x56162133f320 LOG   GST_POLL gstpoll.c:994:gst_poll_fd_ctl_write: 0x561621363930: pfd->events now 60 (POLLOUT:4)
0:00:00.019415878  4405 0x56065852e320 DEBUG   structure gststructure.c:2203:gst_structure_parse_field: trying field name 'long-name'
0:00:00.015238360  4406 0x56162133f320 LOG   GST_PLUGIN_LOADING gstpluginloader.c:646:put_chunk: Expanding tx buf from 13209 to 17023 for chunk of size 229
0:00:00.019421893  4405 0x56065852e320 DEBUG   default gstvalue.c:2676:_priv_gst_value_parse_value: trying type name 'string'
0:00:00.015247577  4406 0x56162133f320 DEBUG   GST_POLL gstpoll.c:980:gst_poll_fd_ctl_write: 0x561621363930: fd (fd:0, idx:1), active : 1
0:00:00.019428497  4405 0x56065852e320 DEBUG   structure gststructure.c:2203:gst_structure_parse_field: trying field name 'klass'
0:00:00.015253391  4406 0x56162133f320 LOG   GST_POLL gstpoll.c:994:gst_poll_fd_ctl_write: 0x561621363930: pfd->events now 60 (POLLOUT:4)
0:00:00.019435220  4405 0x56065852e320 DEBUG   default gstvalue.c:2676:_priv_gst_value_parse_value: trying type name 'string'
0:00:00.015259278  4406 0x56162133f320 DEBUG   GST_POLL gstpoll.c:980:gst_poll_fd_ctl_write: 0x561621363930: fd (fd:0, idx:1), active : 1
0:00:00.019441252  4405 0x56065852e320 DEBUG   structure gststructure.c:2203:gst_structure_parse_field: trying field name 'description'
0:00:00.015264959  4406 0x56162133f320 LOG   GST_POLL gstpoll.c:994:gst_poll_fd_ctl_write: 0x561621363930: pfd->events now 60 (POLLOUT:4)
0:00:00.019447137  4405 0x56065852e320 DEBUG   default gstvalue.c:2676:_priv_gst_value_parse_value: trying type name 'string'
0:00:00.015270896  4406 0x56162133f320 DEBUG   GST_POLL gstpoll.c:980:gst_poll_fd_ctl_write: 0x561621363930: fd (fd:0, idx:1), active : 1
0:00:00.019453241  4405 0x56065852e320 DEBUG   structure gststructure.c:2203:gst_structure_parse_field: trying field name 'author'
0:00:00.015276466  4406 0x56162133f320 LOG   GST_POLL gstpoll.c:994:gst_poll_fd_ctl_write: 0x561621363930: pfd->events now 60 (POLLOUT:4)
0:00:00.019458734  4405 0x56065852e320 DEBUG   default gstvalue.c:2676:_priv_gst_value_parse_value: trying type name 'string'
0:00:00.015285906  4406 0x56162133f320 DEBUG   GST_POLL gstpoll.c:980:gst_poll_fd_ctl_write: 0x561621363930: fd (fd:0, idx:1), active : 1
0:00:00.019468805  4405 0x56065852e320 DEBUG   GST_REGISTRY gstregistrychunks.c:626:gst_registry_chunks_load_feature: Element factory : npadtemplates=1
0:00:00.015291696  4406 0x56162133f320 LOG   GST_POLL gstpoll.c:994:gst_poll_fd_ctl_write: 0x561621363930: pfd->events now 60 (POLLOUT:4)
0:00:00.019474261  4405 0x56065852e320 DEBUG   GST_REGISTRY gstregistrychunks.c:526:gst_registry_chunks_load_pad_template: Reading/casting for GstRegistryChunkPadTemplate at address 0x560658555cc0
0:00:00.015297714  4406 0x56162133f320 DEBUG   GST_POLL gstpoll.c:980:gst_poll_fd_ctl_write: 0x561621363930: fd (fd:0, idx:1), active : 1
0:00:00.019479852  4405 0x56065852e320 DEBUG   GST_REGISTRY gstregistrychunks.c:539:gst_registry_chunks_load_pad_template: Added pad_template src
0:00:00.015303394  4406 0x56162133f320 LOG   GST_POLL gstpoll.c:994:gst_poll_fd_ctl_write: 0x561621363930: pfd->events now 60 (POLLOUT:4)
0:00:00.019485841  4405 0x56065852e320 DEBUG   GST_REGISTRY gstregistrychunks.c:639:gst_registry_chunks_load_feature: Reading 1 UriTypes at address 0x560658555cd0
0:00:00.015309338  4406 0x56162133f320 DEBUG   GST_POLL gstpoll.c:980:gst_poll_fd_ctl_write: 0x561621363930: fd (fd:0, idx:1), active : 1
0:00:00.019492070  4405 0x56065852e320 DEBUG   GST_REGISTRY gstregistrychunks.c:654:gst_registry_chunks_load_feature: Reading 1 Interfaces at address 0x560658555cd9
0:00:00.015314932  4406 0x56162133f320 LOG   GST_POLL gstpoll.c:994:gst_poll_fd_ctl_write: 0x561621363930: pfd->events now 60 (POLLOUT:4)
0:00:00.019499459  4405 0x56065852e320 DEBUG   GST_REGISTRY gstregistry.c:590:gst_registry_add_feature: adding feature 0x560658561200 (dataurisrc)
0:00:00.015320906  4406 0x56162133f320 DEBUG   GST_POLL gstpoll.c:980:gst_poll_fd_ctl_write: 0x561621363930: fd (fd:0, idx:1), active : 1
0:00:00.019505421  4405 0x56065852e320 DEBUG   GST_REFCOUNTING gstobject.c:709:gst_object_set_parent: set parent (ref and sink)
0:00:00.015327555  4406 0x56162133f320 LOG   GST_POLL gstpoll.c:994:gst_poll_fd_ctl_write: 0x561621363930: pfd->events now 60 (POLLOUT:4)
0:00:00.019512220  4405 0x56065852e320 TRACE   GST_REFCOUNTING gstobject.c:294:gst_object_ref_sink: 0x560658561200 ref_sink 1->2
0:00:00.015335366  4406 0x56162133f320 DEBUG   GST_POLL gstpoll.c:980:gst_poll_fd_ctl_write: 0x561621363930: fd (fd:0, idx:1), active : 1
0:00:00.019518513  4405 0x56065852e320 LOG   GST_REGISTRY gstregistry.c:608:gst_registry_add_feature: emitting feature-added for dataurisrc
0:00:00.015341114  4406 0x56162133f320 LOG   GST_POLL gstpoll.c:994:gst_poll_fd_ctl_write: 0x561621363930: pfd->events now 60 (POLLOUT:4)
0:00:00.019524806  4405 0x56065852e320 DEBUG   GST_REGISTRY gstregistrychunks.c:741:gst_registry_chunks_load_feature: Added feature dataurisrc, plugin 0x560658556250 coreelements
0:00:00.015347172  4406 0x56162133f320 DEBUG   GST_POLL gstpoll.c:980:gst_poll_fd_ctl_write: 0x561621363930: fd (fd:0, idx:1), active : 1
0:00:00.019530925  4405 0x56065852e320 DEBUG   GST_REGISTRY gstregistrychunks.c:583:gst_registry_chunks_load_feature: Plugin 'coreelements' feature 'concat' typename : 'GstElementFactory'
0:00:00.015356431  4406 0x56162133f320 LOG   GST_POLL gstpoll.c:994:gst_poll_fd_ctl_write: 0x561621363930: pfd->events now 60 (POLLOUT:4)
0:00:00.019538927  4405 0x56065852e320 TRACE   GST_REFCOUNTING gstobject.c:208:gst_object_init: 0x560658561c50 new
0:00:00.015362366  4406 0x56162133f320 DEBUG   GST_POLL gstpoll.c:980:gst_poll_fd_ctl_write: 0x561621363930: fd (fd:0, idx:1), active : 1
0:00:00.019545521  4405 0x56065852e320 LOG   GST_REGISTRY gstregistrychunks.c:610:gst_registry_chunks_load_feature: Reading/casting for GstRegistryChunkElementFactory at address 0x560658555d00
0:00:00.015368129  4406 0x56162133f320 LOG   GST_POLL gstpoll.c:994:gst_poll_fd_ctl_write: 0x561621363930: pfd->events now 60 (POLLOUT:4)
0:00:00.019551321  4405 0x56065852e320 TRACE   structure gststructure.c:287:gst_structure_new_id_empty_with_size: created structure 0x560658561e80
0:00:00.015374056  4406 0x56162133f320 DEBUG   GST_POLL gstpoll.c:980:gst_poll_fd_ctl_write: 0x561621363930: fd (fd:0, idx:1), active : 1
0:00:00.019557018  4405 0x56065852e320 DEBUG   structure gststructure.c:2203:gst_structure_parse_field: trying field name 'long-name'
0:00:00.015379874  4406 0x56162133f320 LOG   GST_POLL gstpoll.c:994:gst_poll_fd_ctl_write: 0x561621363930: pfd->events now 60 (POLLOUT:4)
0:00:00.019562545  4405 0x56065852e320 DEBUG   default gstvalue.c:2676:_priv_gst_value_parse_value: trying type name 'string'
0:00:00.015385737  4406 0x56162133f320 DEBUG   GST_POLL gstpoll.c:980:gst_poll_fd_ctl_write: 0x561621363930: fd (fd:0, idx:1), active : 1
0:00:00.019568325  4405 0x56065852e320 DEBUG   structure gststructure.c:2203:gst_structure_parse_field: trying field name 'klass'
0:00:00.015391575  4406 0x56162133f320 LOG   GST_POLL gstpoll.c:994:gst_poll_fd_ctl_write: 0x561621363930: pfd->events now 60 (POLLOUT:4)
0:00:00.019573853  4405 0x56065852e320 DEBUG   default gstvalue.c:2676:_priv_gst_value_parse_value: trying type name 'string'
0:00:00.015397506  4406 0x56162133f320 DEBUG   GST_POLL gstpoll.c:980:gst_poll_fd_ctl_write: 0x561621363930: fd (fd:0, idx:1), active : 1
0:00:00.019579694  4405 0x56065852e320 DEBUG   structure gststructure.c:2203:gst_structure_parse_field: trying field name 'description'
0:00:00.015403256  4406 0x56162133f320 LOG   GST_POLL gstpoll.c:994:gst_poll_fd_ctl_write: 0x561621363930: pfd->events now 60 (POLLOUT:4)
0:00:00.019585291  4405 0x56065852e320 DEBUG   default gstvalue.c:2676:_priv_gst_value_parse_value: trying type name 'string'
0:00:00.015409096  4406 0x56162133f320 DEBUG   GST_POLL gstpoll.c:980:gst_poll_fd_ctl_write: 0x561621363930: fd (fd:0, idx:1), active : 1
0:00:00.019594523  4405 0x56065852e320 DEBUG   structure gststructure.c:2203:gst_structure_parse_field: trying field name 'author'
0:00:00.015414917  4406 0x56162133f320 LOG   GST_POLL gstpoll.c:994:gst_poll_fd_ctl_write: 0x561621363930: pfd->events now 60 (POLLOUT:4)
0:00:00.019600598  4405 0x56065852e320 DEBUG   default gstvalue.c:2676:_priv_gst_value_parse_value: trying type name 'string'
0:00:00.015426808  4406 0x56162133f320 DEBUG   GST_POLL gstpoll.c:980:gst_poll_fd_ctl_write: 0x561621363930: fd (fd:0, idx:1), active : 1
0:00:00.019609063  4405 0x56065852e320 DEBUG   GST_REGISTRY gstregistrychunks.c:626:gst_registry_chunks_load_feature: Element factory : npadtemplates=2
0:00:00.015432563  4406 0x56162133f320 LOG   GST_POLL gstpoll.c:994:gst_poll_fd_ctl_write: 0x561621363930: pfd->events now 60 (POLLOUT:4)
0:00:00.019614653  4405 0x56065852e320 DEBUG   GST_REGISTRY gstregistrychunks.c:526:gst_registry_chunks_load_pad_template: Reading/casting for GstRegistryChunkPadTemplate at address 0x560658555dd8
0:00:00.015438517  4406 0x56162133f320 DEBUG   GST_POLL gstpoll.c:980:gst_poll_fd_ctl_write: 0x561621363930: fd (fd:0, idx:1), active : 1
0:00:00.019620231  4405 0x56065852e320 DEBUG   GST_REGISTRY gstregistrychunks.c:539:gst_registry_chunks_load_pad_template: Added pad_template src
0:00:00.015444286  4406 0x56162133f320 LOG   GST_POLL gstpoll.c:994:gst_poll_fd_ctl_write: 0x561621363930: pfd->events now 60 (POLLOUT:4)
0:00:00.019625745  4405 0x56065852e320 DEBUG   GST_REGISTRY gstregistrychunks.c:526:gst_registry_chunks_load_pad_template: Reading/casting for GstRegistryChunkPadTemplate at address 0x560658555de8
0:00:00.015450401  4406 0x56162133f320 DEBUG   GST_POLL gstpoll.c:980:gst_poll_fd_ctl_write: 0x561621363930: fd (fd:0, idx:1), active : 1
0:00:00.019631949  4405 0x56065852e320 DEBUG   GST_REGISTRY gstregistrychunks.c:539:gst_registry_chunks_load_pad_template: Added pad_template sink_%u
0:00:00.015473561  4406 0x56162133f320 LOG   GST_POLL gstpoll.c:994:gst_poll_fd_ctl_write: 0x561621363930: pfd->events now 60 (POLLOUT:4)
0:00:00.019656700  4405 0x56065852e320 DEBUG   GST_REGISTRY gstregistry.c:590:gst_registry_add_feature: adding feature 0x560658561c50 (concat)
0:00:00.015480014  4406 0x56162133f320 DEBUG   GST_POLL gstpoll.c:980:gst_poll_fd_ctl_write: 0x561621363930: fd (fd:0, idx:1), active : 1
0:00:00.019662676  4405 0x56065852e320 DEBUG   GST_REFCOUNTING gstobject.c:709:gst_object_set_parent: set parent (ref and sink)
0:00:00.015486122  4406 0x56162133f320 LOG   GST_POLL gstpoll.c:994:gst_poll_fd_ctl_write: 0x561621363930: pfd->events now 60 (POLLOUT:4)
0:00:00.019669762  4405 0x56065852e320 TRACE   GST_REFCOUNTING gstobject.c:294:gst_object_ref_sink: 0x560658561c50 ref_sink 1->2
0:00:00.015492683  4406 0x56162133f320 DEBUG   GST_POLL gstpoll.c:980:gst_poll_fd_ctl_write: 0x561621363930: fd (fd:0, idx:1), active : 1
0:00:00.019676340  4405 0x56065852e320 LOG   GST_REGISTRY gstregistry.c:608:gst_registry_add_feature: emitting feature-added for concat
0:00:00.015498723  4406 0x56162133f320 LOG   GST_POLL gstpoll.c:994:gst_poll_fd_ctl_write: 0x561621363930: pfd->events now 60 (POLLOUT:4)
0:00:00.019682830  4405 0x56065852e320 DEBUG   GST_REGISTRY gstregistrychunks.c:741:gst_registry_chunks_load_feature: Added feature concat, plugin 0x560658556250 coreelements
0:00:00.015505148  4406 0x56162133f320 DEBUG   GST_POLL gstpoll.c:980:gst_poll_fd_ctl_write: 0x561621363930: fd (fd:0, idx:1), active : 1
0:00:00.019695065  4405 0x56065852e320 DEBUG   GST_REGISTRY gstregistrychunks.c:583:gst_registry_chunks_load_feature: Plugin 'coreelements' feature 'clocksync' typename : 'GstElementFactory'
0:00:00.015517057  4406 0x56162133f320 LOG   GST_POLL gstpoll.c:994:gst_poll_fd_ctl_write: 0x561621363930: pfd->events now 60 (POLLOUT:4)
0:00:00.019702313  4405 0x56065852e320 TRACE   GST_REFCOUNTING gstobject.c:208:gst_object_init: 0x560658561b00 new
0:00:00.015524075  4406 0x56162133f320 DEBUG   GST_POLL gstpoll.c:980:gst_poll_fd_ctl_write: 0x561621363930: fd (fd:0, idx:1), active : 1
0:00:00.019709519  4405 0x56065852e320 LOG   GST_REGISTRY gstregistrychunks.c:610:gst_registry_chunks_load_feature: Reading/casting for GstRegistryChunkElementFactory at address 0x560658555e18
0:00:00.015531423  4406 0x56162133f320 LOG   GST_POLL gstpoll.c:994:gst_poll_fd_ctl_write: 0x561621363930: pfd->events now 60 (POLLOUT:4)
0:00:00.019715917  4405 0x56065852e320 TRACE   structure gststructure.c:287:gst_structure_new_id_empty_with_size: created structure 0x560658562450
0:00:00.015538314  4406 0x56162133f320 DEBUG   GST_POLL gstpoll.c:980:gst_poll_fd_ctl_write: 0x561621363930: fd (fd:0, idx:1), active : 1
0:00:00.019721964  4405 0x56065852e320 DEBUG   structure gststructure.c:2203:gst_structure_parse_field: trying field name 'long-name'
0:00:00.015544611  4406 0x56162133f320 LOG   GST_POLL gstpoll.c:994:gst_poll_fd_ctl_write: 0x561621363930: pfd->events now 60 (POLLOUT:4)
0:00:00.019727871  4405 0x56065852e320 DEBUG   default gstvalue.c:2676:_priv_gst_value_parse_value: trying type name 'string'
0:00:00.015550982  4406 0x56162133f320 DEBUG   GST_POLL gstpoll.c:980:gst_poll_fd_ctl_write: 0x561621363930: fd (fd:0, idx:1), active : 1
0:00:00.019734208  4405 0x56065852e320 DEBUG   structure gststructure.c:2203:gst_structure_parse_field: trying field name 'klass'
0:00:00.015557054  4406 0x56162133f320 LOG   GST_POLL gstpoll.c:994:gst_poll_fd_ctl_write: 0x561621363930: pfd->events now 60 (POLLOUT:4)
0:00:00.019740422  4405 0x56065852e320 DEBUG   default gstvalue.c:2676:_priv_gst_value_parse_value: trying type name 'string'
0:00:00.015563347  4406 0x56162133f320 DEBUG   GST_POLL gstpoll.c:980:gst_poll_fd_ctl_write: 0x561621363930: fd (fd:0, idx:1), active : 1
0:00:00.019746984  4405 0x56065852e320 DEBUG   structure gststructure.c:2203:gst_structure_parse_field: trying field name 'description'
0:00:00.015569499  4406 0x56162133f320 LOG   GST_POLL gstpoll.c:994:gst_poll_fd_ctl_write: 0x561621363930: pfd->events now 60 (POLLOUT:4)
0:00:00.019753267  4405 0x56065852e320 DEBUG   default gstvalue.c:2676:_priv_gst_value_parse_value: trying type name 'string'
0:00:00.015576234  4406 0x56162133f320 DEBUG   GST_POLL gstpoll.c:980:gst_poll_fd_ctl_write: 0x561621363930: fd (fd:0, idx:1), active : 1
0:00:00.019759638  4405 0x56065852e320 DEBUG   structure gststructure.c:2203:gst_structure_parse_field: trying field name 'author'
0:00:00.015582205  4406 0x56162133f320 LOG   GST_POLL gstpoll.c:994:gst_poll_fd_ctl_write: 0x561621363930: pfd->events now 60 (POLLOUT:4)
0:00:00.019765654  4405 0x56065852e320 DEBUG   default gstvalue.c:2676:_priv_gst_value_parse_value: trying type name 'string'
0:00:00.015594902  4406 0x56162133f320 DEBUG   GST_POLL gstpoll.c:980:gst_poll_fd_ctl_write: 0x561621363930: fd (fd:0, idx:1), active : 1
0:00:00.019776888  4405 0x56065852e320 DEBUG   GST_REGISTRY gstregistrychunks.c:626:gst_registry_chunks_load_feature: Element factory : npadtemplates=2
0:00:00.015601136  4406 0x56162133f320 LOG   GST_POLL gstpoll.c:994:gst_poll_fd_ctl_write: 0x561621363930: pfd->events now 60 (POLLOUT:4)
0:00:00.019782774  4405 0x56065852e320 DEBUG   GST_REGISTRY gstregistrychunks.c:526:gst_registry_chunks_load_pad_template: Reading/casting for GstRegistryChunkPadTemplate at address 0x560658555ee8
0:00:00.015607584  4406 0x56162133f320 DEBUG   GST_POLL gstpoll.c:980:gst_poll_fd_ctl_write: 0x561621363930: fd (fd:0, idx:1), active : 1
0:00:00.019789059  4405 0x56065852e320 DEBUG   GST_REGISTRY gstregistrychunks.c:539:gst_registry_chunks_load_pad_template: Added pad_template sink
0:00:00.015613838  4406 0x56162133f320 LOG   GST_POLL gstpoll.c:994:gst_poll_fd_ctl_write: 0x561621363930: pfd->events now 60 (POLLOUT:4)
0:00:00.019795700  4405 0x56065852e320 DEBUG   GST_REGISTRY gstregistrychunks.c:526:gst_registry_chunks_load_pad_template: Reading/casting for GstRegistryChunkPadTemplate at address 0x560658555f00
0:00:00.015620366  4406 0x56162133f320 DEBUG   GST_POLL gstpoll.c:980:gst_poll_fd_ctl_write: 0x561621363930: fd (fd:0, idx:1), active : 1
0:00:00.019801984  4405 0x56065852e320 DEBUG   GST_REGISTRY gstregistrychunks.c:539:gst_registry_chunks_load_pad_template: Added pad_template src
0:00:00.015626764  4406 0x56162133f320 LOG   GST_POLL gstpoll.c:994:gst_poll_fd_ctl_write: 0x561621363930: pfd->events now 60 (POLLOUT:4)
0:00:00.019809843  4405 0x56065852e320 DEBUG   GST_REGISTRY gstregistry.c:590:gst_registry_add_feature: adding feature 0x560658561b00 (clocksync)
0:00:00.015633308  4406 0x56162133f320 DEBUG   GST_POLL gstpoll.c:980:gst_poll_fd_ctl_write: 0x561621363930: fd (fd:0, idx:1), active : 1
0:00:00.019815883  4405 0x56065852e320 DEBUG   GST_REFCOUNTING gstobject.c:709:gst_object_set_parent: set parent (ref and sink)
0:00:00.015639302  4406 0x56162133f320 LOG   GST_POLL gstpoll.c:994:gst_poll_fd_ctl_write: 0x561621363930: pfd->events now 60 (POLLOUT:4)
0:00:00.019823159  4405 0x56065852e320 TRACE   GST_REFCOUNTING gstobject.c:294:gst_object_ref_sink: 0x560658561b00 ref_sink 1->2
0:00:00.015645701  4406 0x56162133f320 DEBUG   GST_POLL gstpoll.c:980:gst_poll_fd_ctl_write: 0x561621363930: fd (fd:0, idx:1), active : 1
0:00:00.019829917  4405 0x56065852e320 LOG   GST_REGISTRY gstregistry.c:608:gst_registry_add_feature: emitting feature-added for clocksync
0:00:00.015652339  4406 0x56162133f320 LOG   GST_POLL gstpoll.c:994:gst_poll_fd_ctl_write: 0x561621363930: pfd->events now 60 (POLLOUT:4)
0:00:00.019836504  4405 0x56065852e320 DEBUG   GST_REGISTRY gstregistrychunks.c:741:gst_registry_chunks_load_feature: Added feature clocksync, plugin 0x560658556250 coreelements
0:00:00.015658546  4406 0x56162133f320 DEBUG   GST_POLL gstpoll.c:980:gst_poll_fd_ctl_write: 0x561621363930: fd (fd:0, idx:1), active : 1
0:00:00.019847288  4405 0x56065852e320 DEBUG   GST_REGISTRY gstregistrychunks.c:583:gst_registry_chunks_load_feature: Plugin 'coreelements' feature 'capsfilter' typename : 'GstElementFactory'
0:00:00.015669514  4406 0x56162133f320 LOG   GST_POLL gstpoll.c:994:gst_poll_fd_ctl_write: 0x561621363930: pfd->events now 60 (POLLOUT:4)
0:00:00.019854443  4405 0x56065852e320 TRACE   GST_REFCOUNTING gstobject.c:208:gst_object_init: 0x5606585629b0 new
0:00:00.015676278  4406 0x56162133f320 DEBUG   GST_POLL gstpoll.c:980:gst_poll_fd_ctl_write: 0x561621363930: fd (fd:0, idx:1), active : 1
0:00:00.019861615  4405 0x56065852e320 LOG   GST_REGISTRY gstregistrychunks.c:610:gst_registry_chunks_load_feature: Reading/casting for GstRegistryChunkElementFactory at address 0x560658555f30
0:00:00.015683480  4406 0x56162133f320 LOG   GST_POLL gstpoll.c:994:gst_poll_fd_ctl_write: 0x561621363930: pfd->events now 60 (POLLOUT:4)
0:00:00.019867997  4405 0x56065852e320 TRACE   structure gststructure.c:287:gst_structure_new_id_empty_with_size: created structure 0x560658562cc0
0:00:00.015690710  4406 0x56162133f320 DEBUG   GST_POLL gstpoll.c:980:gst_poll_fd_ctl_write: 0x561621363930: fd (fd:0, idx:1), active : 1
0:00:00.019873983  4405 0x56065852e320 DEBUG   structure gststructure.c:2203:gst_structure_parse_field: trying field name 'long-name'
0:00:00.015696805  4406 0x56162133f320 LOG   GST_POLL gstpoll.c:994:gst_poll_fd_ctl_write: 0x561621363930: pfd->events now 60 (POLLOUT:4)
0:00:00.019879813  4405 0x56065852e320 DEBUG   default gstvalue.c:2676:_priv_gst_value_parse_value: trying type name 'string'
0:00:00.015703125  4406 0x56162133f320 DEBUG   GST_POLL gstpoll.c:980:gst_poll_fd_ctl_write: 0x561621363930: fd (fd:0, idx:1), active : 1
0:00:00.019885974  4405 0x56065852e320 DEBUG   structure gststructure.c:2203:gst_structure_parse_field: trying field name 'klass'
0:00:00.015709090  4406 0x56162133f320 LOG   GST_POLL gstpoll.c:994:gst_poll_fd_ctl_write: 0x561621363930: pfd->events now 60 (POLLOUT:4)
0:00:00.019892026  4405 0x56065852e320 DEBUG   default gstvalue.c:2676:_priv_gst_value_parse_value: trying type name 'string'
0:00:00.015715424  4406 0x56162133f320 DEBUG   GST_POLL gstpoll.c:980:gst_poll_fd_ctl_write: 0x561621363930: fd (fd:0, idx:1), active : 1
0:00:00.019898087  4405 0x56065852e320 DEBUG   structure gststructure.c:2203:gst_structure_parse_field: trying field name 'description'
0:00:00.015721432  4406 0x56162133f320 LOG   GST_POLL gstpoll.c:994:gst_poll_fd_ctl_write: 0x561621363930: pfd->events now 60 (POLLOUT:4)
0:00:00.019904073  4405 0x56065852e320 DEBUG   default gstvalue.c:2676:_priv_gst_value_parse_value: trying type name 'string'
0:00:00.015727776  4406 0x56162133f320 DEBUG   GST_POLL gstpoll.c:980:gst_poll_fd_ctl_write: 0x561621363930: fd (fd:0, idx:1), active : 1
0:00:00.019910782  4405 0x56065852e320 DEBUG   structure gststructure.c:2203:gst_structure_parse_field: trying field name 'author'
0:00:00.015734170  4406 0x56162133f320 LOG   GST_POLL gstpoll.c:994:gst_poll_fd_ctl_write: 0x561621363930: pfd->events now 60 (POLLOUT:4)
0:00:00.019920851  4405 0x56065852e320 DEBUG   default gstvalue.c:2676:_priv_gst_value_parse_value: trying type name 'string'
0:00:00.015743883  4406 0x56162133f320 DEBUG   GST_POLL gstpoll.c:980:gst_poll_fd_ctl_write: 0x561621363930: fd (fd:0, idx:1), active : 1
0:00:00.019927540  4405 0x56065852e320 DEBUG   GST_REGISTRY gstregistrychunks.c:626:gst_registry_chunks_load_feature: Element factory : npadtemplates=2
0:00:00.015749988  4406 0x56162133f320 LOG   GST_POLL gstpoll.c:994:gst_poll_fd_ctl_write: 0x561621363930: pfd->events now 60 (POLLOUT:4)
0:00:00.019933300  4405 0x56065852e320 DEBUG   GST_REGISTRY gstregistrychunks.c:526:gst_registry_chunks_load_pad_template: Reading/casting for GstRegistryChunkPadTemplate at address 0x560658556010
0:00:00.015756345  4406 0x56162133f320 DEBUG   GST_POLL gstpoll.c:980:gst_poll_fd_ctl_write: 0x561621363930: fd (fd:0, idx:1), active : 1
0:00:00.019939217  4405 0x56065852e320 DEBUG   GST_REGISTRY gstregistrychunks.c:539:gst_registry_chunks_load_pad_template: Added pad_template sink
0:00:00.015762412  4406 0x56162133f320 LOG   GST_POLL gstpoll.c:994:gst_poll_fd_ctl_write: 0x561621363930: pfd->events now 60 (POLLOUT:4)
0:00:00.019944858  4405 0x56065852e320 DEBUG   GST_REGISTRY gstregistrychunks.c:526:gst_registry_chunks_load_pad_template: Reading/casting for GstRegistryChunkPadTemplate at address 0x560658556028
0:00:00.015768757  4406 0x56162133f320 DEBUG   GST_POLL gstpoll.c:980:gst_poll_fd_ctl_write: 0x561621363930: fd (fd:0, idx:1), active : 1
0:00:00.019950759  4405 0x56065852e320 DEBUG   GST_REGISTRY gstregistrychunks.c:539:gst_registry_chunks_load_pad_template: Added pad_template src
0:00:00.015774828  4406 0x56162133f320 LOG   GST_POLL gstpoll.c:994:gst_poll_fd_ctl_write: 0x561621363930: pfd->events now 60 (POLLOUT:4)
0:00:00.019960005  4405 0x56065852e320 DEBUG   GST_REGISTRY gstregistry.c:590:gst_registry_add_feature: adding feature 0x5606585629b0 (capsfilter)
0:00:00.015781135  4406 0x56162133f320 DEBUG   GST_POLL gstpoll.c:980:gst_poll_fd_ctl_write: 0x561621363930: fd (fd:0, idx:1), active : 1
0:00:00.019966145  4405 0x56065852e320 DEBUG   GST_REFCOUNTING gstobject.c:709:gst_object_set_parent: set parent (ref and sink)
0:00:00.015788738  4406 0x56162133f320 LOG   GST_POLL gstpoll.c:994:gst_poll_fd_ctl_write: 0x561621363930: pfd->events now 60 (POLLOUT:4)
0:00:00.019973280  4405 0x56065852e320 TRACE   GST_REFCOUNTING gstobject.c:294:gst_object_ref_sink: 0x5606585629b0 ref_sink 1->2
0:00:00.015795468  4406 0x56162133f320 DEBUG   GST_POLL gstpoll.c:980:gst_poll_fd_ctl_write: 0x561621363930: fd (fd:0, idx:1), active : 1
0:00:00.019980069  4405 0x56065852e320 LOG   GST_REGISTRY gstregistry.c:608:gst_registry_add_feature: emitting feature-added for capsfilter
0:00:00.015802466  4406 0x56162133f320 LOG   GST_POLL gstpoll.c:994:gst_poll_fd_ctl_write: 0x561621363930: pfd->events now 60 (POLLOUT:4)
0:00:00.019986696  4405 0x56065852e320 DEBUG   GST_REGISTRY gstregistrychunks.c:741:gst_registry_chunks_load_feature: Added feature capsfilter, plugin 0x560658556250 coreelements
0:00:00.015809005  4406 0x56162133f320 DEBUG   GST_POLL gstpoll.c:980:gst_poll_fd_ctl_write: 0x561621363930: fd (fd:0, idx:1), active : 1
0:00:00.019997690  4405 0x56065852e320 LOG   GST_PLUGIN_LOADING gstpluginloader.c:889:handle_rx_packet: marking plugin 0x560658556250 as registered as /home/conan/w/prod/BuildSingleReference/.conan/data/gstreamer/1.18.4/_/_/package/d5d34cb95e58eb395d954c026f8b3b95a47b8905/lib/gstreamer-1.0/libgstcoreelements.so
0:00:00.015819268  4406 0x56162133f320 LOG   GST_POLL gstpoll.c:994:gst_poll_fd_ctl_write: 0x561621363930: pfd->events now 60 (POLLOUT:4)
0:00:00.020006621  4405 0x56065852e320 DEBUG   GST_POLL gstpoll.c:1414:gst_poll_wait: 0x560658553530: timeout :0:00:01.000000000
0:00:00.015827093  4406 0x56162133f320 DEBUG   GST_POLL gstpoll.c:980:gst_poll_fd_ctl_write: 0x561621363930: fd (fd:0, idx:1), active : 1
0:00:00.015837475  4406 0x56162133f320 LOG   GST_POLL gstpoll.c:994:gst_poll_fd_ctl_write: 0x561621363930: pfd->events now 60 (POLLOUT:4)
0:00:00.015843374  4406 0x56162133f320 DEBUG   GST_POLL gstpoll.c:980:gst_poll_fd_ctl_write: 0x561621363930: fd (fd:0, idx:1), active : 1
0:00:00.015848906  4406 0x56162133f320 LOG   GST_POLL gstpoll.c:994:gst_poll_fd_ctl_write: 0x561621363930: pfd->events now 60 (POLLOUT:4)
0:00:00.015854730  4406 0x56162133f320 DEBUG   GST_POLL gstpoll.c:980:gst_poll_fd_ctl_write: 0x561621363930: fd (fd:0, idx:1), active : 1
0:00:00.015860276  4406 0x56162133f320 LOG   GST_POLL gstpoll.c:994:gst_poll_fd_ctl_write: 0x561621363930: pfd->events now 60 (POLLOUT:4)
0:00:00.015866156  4406 0x56162133f320 DEBUG   GST_POLL gstpoll.c:980:gst_poll_fd_ctl_write: 0x561621363930: fd (fd:0, idx:1), active : 1
0:00:00.015871804  4406 0x56162133f320 LOG   GST_POLL gstpoll.c:994:gst_poll_fd_ctl_write: 0x561621363930: pfd->events now 60 (POLLOUT:4)
0:00:00.015877654  4406 0x56162133f320 DEBUG   GST_POLL gstpoll.c:980:gst_poll_fd_ctl_write: 0x561621363930: fd (fd:0, idx:1), active : 1
0:00:00.015883188  4406 0x56162133f320 LOG   GST_POLL gstpoll.c:994:gst_poll_fd_ctl_write: 0x561621363930: pfd->events now 60 (POLLOUT:4)
0:00:00.015889052  4406 0x56162133f320 DEBUG   GST_POLL gstpoll.c:980:gst_poll_fd_ctl_write: 0x561621363930: fd (fd:0, idx:1), active : 1
0:00:00.015894943  4406 0x56162133f320 LOG   GST_POLL gstpoll.c:994:gst_poll_fd_ctl_write: 0x561621363930: pfd->events now 60 (POLLOUT:4)
0:00:00.015900791  4406 0x56162133f320 DEBUG   GST_POLL gstpoll.c:980:gst_poll_fd_ctl_write: 0x561621363930: fd (fd:0, idx:1), active : 1
0:00:00.015906334  4406 0x56162133f320 LOG   GST_POLL gstpoll.c:994:gst_poll_fd_ctl_write: 0x561621363930: pfd->events now 60 (POLLOUT:4)
0:00:00.015912172  4406 0x56162133f320 DEBUG   GST_POLL gstpoll.c:980:gst_poll_fd_ctl_write: 0x561621363930: fd (fd:0, idx:1), active : 1
0:00:00.015917788  4406 0x56162133f320 LOG   GST_POLL gstpoll.c:994:gst_poll_fd_ctl_write: 0x561621363930: pfd->events now 60 (POLLOUT:4)
0:00:00.015923689  4406 0x56162133f320 DEBUG   GST_POLL gstpoll.c:980:gst_poll_fd_ctl_write: 0x561621363930: fd (fd:0, idx:1), active : 1
0:00:00.015933023  4406 0x56162133f320 LOG   GST_POLL gstpoll.c:994:gst_poll_fd_ctl_write: 0x561621363930: pfd->events now 60 (POLLOUT:4)
0:00:00.015938937  4406 0x56162133f320 DEBUG   GST_POLL gstpoll.c:980:gst_poll_fd_ctl_write: 0x561621363930: fd (fd:0, idx:1), active : 1
0:00:00.015944487  4406 0x56162133f320 LOG   GST_POLL gstpoll.c:994:gst_poll_fd_ctl_write: 0x561621363930: pfd->events now 60 (POLLOUT:4)
0:00:00.015950451  4406 0x56162133f320 DEBUG   GST_POLL gstpoll.c:980:gst_poll_fd_ctl_write: 0x561621363930: fd (fd:0, idx:1), active : 1
0:00:00.015956021  4406 0x56162133f320 LOG   GST_POLL gstpoll.c:994:gst_poll_fd_ctl_write: 0x561621363930: pfd->events now 60 (POLLOUT:4)
0:00:00.015961805  4406 0x56162133f320 DEBUG   GST_POLL gstpoll.c:980:gst_poll_fd_ctl_write: 0x561621363930: fd (fd:0, idx:1), active : 1
0:00:00.015967365  4406 0x56162133f320 LOG   GST_POLL gstpoll.c:994:gst_poll_fd_ctl_write: 0x561621363930: pfd->events now 60 (POLLOUT:4)
0:00:00.015977129  4406 0x56162133f320 TRACE   GST_REFCOUNTING gstobject.c:265:gst_object_unref: 0x561621367620 unref 2->1
0:00:00.015984010  4406 0x56162133f320 DEBUG   GST_POLL gstpoll.c:1241:gst_poll_fd_has_error: 0x561621363930: fd (fd:0, idx:1) 0
0:00:00.015989994  4406 0x56162133f320 DEBUG   GST_POLL gstpoll.c:1335:gst_poll_fd_can_write: 0x561621363930: fd (fd:0, idx:1) 1
0:00:00.015995571  4406 0x56162133f320 LOG   GST_PLUGIN_LOADING gstpluginloader.c:690:write_one: Writing packet of size 488 bytes to fd 0
0:00:00.016010827  4406 0x56162133f320 DEBUG   GST_POLL gstpoll.c:1414:gst_poll_wait: 0x561621363930: timeout :0:00:01.000000000
0:00:00.016019457  4406 0x56162133f320 LOG   GST_PLUGIN_LOADING gstpluginloader.c:1028:exchange_packets: Poll res = 2. 6872 bytes pending for write
0:00:00.016025942  4406 0x56162133f320 DEBUG   GST_POLL gstpoll.c:1241:gst_poll_fd_has_error: 0x561621363930: fd (fd:5, idx:2) 0
0:00:00.016031865  4406 0x56162133f320 DEBUG   GST_POLL gstpoll.c:1266:gst_poll_fd_can_read_unlocked: 0x561621363930: fd (fd:5, idx:2) 1
0:00:00.020210442  4405 0x56065852e320 LOG   GST_PLUGIN_LOADING gstpluginloader.c:1028:exchange_packets: Poll res = 1. 0 bytes pending for write
0:00:00.016039460  4406 0x56162133f320 LOG   GST_PLUGIN_LOADING gstpluginloader.c:1006:read_one: No payload to read for 0 length packet type 1 tag 0
0:00:00.020222334  4405 0x56065852e320 DEBUG   GST_POLL gstpoll.c:1241:gst_poll_fd_has_error: 0x560658553530: fd (fd:8, idx:2) 0
0:00:00.016046275  4406 0x56162133f320 DEBUG   GST_POLL gstpoll.c:1015:gst_poll_fd_ctl_read_unlocked: 0x561621363930: fd (fd:5, idx:2), active : 0
0:00:00.020229070  4405 0x56065852e320 DEBUG   GST_POLL gstpoll.c:1266:gst_poll_fd_can_read_unlocked: 0x560658553530: fd (fd:8, idx:2) 1
0:00:00.016052813  4406 0x56162133f320 DEBUG   GST_POLL gstpoll.c:980:gst_poll_fd_ctl_write: 0x561621363930: fd (fd:0, idx:1), active : 1
0:00:00.016059074  4406 0x56162133f320 LOG   GST_POLL gstpoll.c:994:gst_poll_fd_ctl_write: 0x561621363930: pfd->events now 60 (POLLOUT:4)
0:00:00.020239568  4405 0x56065852e320 DEBUG   GST_PLUGIN_LOADING gstpluginloader.c:850:handle_rx_packet: Received plugin details from child w/ tag 2. 476 bytes info
0:00:00.016064984  4406 0x56162133f320 DEBUG   GST_POLL gstpoll.c:1241:gst_poll_fd_has_error: 0x561621363930: fd (fd:0, idx:1) 0
0:00:00.020252370  4405 0x56065852e320 LOG   GST_REGISTRY gstregistrychunks.c:837:_priv_gst_registry_chunks_load_plugin: Reading/casting for GstRegistryChunkPluginElement at address 0x560658554570
0:00:00.016075072  4406 0x56162133f320 DEBUG   GST_POLL gstpoll.c:1335:gst_poll_fd_can_write: 0x561621363930: fd (fd:0, idx:1) 1
0:00:00.016081109  4406 0x56162133f320 LOG   GST_PLUGIN_LOADING gstpluginloader.c:690:write_one: Writing packet of size 6872 bytes to fd 0
0:00:00.020260719  4405 0x56065852e320 TRACE   GST_REFCOUNTING gstobject.c:208:gst_object_init: 0x560658563160 new
0:00:00.016090729  4406 0x56162133f320 DEBUG   GST_POLL gstpoll.c:1414:gst_poll_wait: 0x561621363930: timeout :0:00:01.000000000
0:00:00.020273127  4405 0x56065852e320 LOG   GST_REGISTRY gstregistrychunks.c:858:_priv_gst_registry_chunks_load_plugin: read strings for name='coretracers'
0:00:00.016098658  4406 0x56162133f320 LOG   GST_PLUGIN_LOADING gstpluginloader.c:1028:exchange_packets: Poll res = 1. 12 bytes pending for write
0:00:00.020279425  4405 0x56065852e320 LOG   GST_REGISTRY gstregistrychunks.c:859:_priv_gst_registry_chunks_load_plugin: desc.description='GStreamer core tracers'
0:00:00.016105329  4406 0x56162133f320 DEBUG   GST_POLL gstpoll.c:1241:gst_poll_fd_has_error: 0x561621363930: fd (fd:0, idx:1) 0
0:00:00.020287087  4405 0x56065852e320 LOG   GST_REGISTRY gstregistrychunks.c:860:_priv_gst_registry_chunks_load_plugin: filename='/home/conan/w/prod/BuildSingleReference/.conan/data/gstreamer/1.18.4/_/_/package/d5d34cb95e58eb395d954c026f8b3b95a47b8905/lib/gstreamer-1.0/libgstcoretracers.so'
0:00:00.016111617  4406 0x56162133f320 DEBUG   GST_POLL gstpoll.c:1335:gst_poll_fd_can_write: 0x561621363930: fd (fd:0, idx:1) 1
0:00:00.020293138  4405 0x56065852e320 LOG   GST_REGISTRY gstregistrychunks.c:861:_priv_gst_registry_chunks_load_plugin: desc.version='1.18.4'
0:00:00.016117687  4406 0x56162133f320 LOG   GST_PLUGIN_LOADING gstpluginloader.c:690:write_one: Writing packet of size 12 bytes to fd 0
0:00:00.020299435  4405 0x56065852e320 LOG   GST_REGISTRY gstregistrychunks.c:862:_priv_gst_registry_chunks_load_plugin: desc.license='LGPL'
0:00:00.016125499  4406 0x56162133f320 DEBUG   GST_POLL gstpoll.c:980:gst_poll_fd_ctl_write: 0x561621363930: fd (fd:0, idx:1), active : 0
0:00:00.020305597  4405 0x56065852e320 LOG   GST_REGISTRY gstregistrychunks.c:863:_priv_gst_registry_chunks_load_plugin: desc.source='gstreamer'
0:00:00.016131837  4406 0x56162133f320 LOG   GST_POLL gstpoll.c:994:gst_poll_fd_ctl_write: 0x561621363930: pfd->events now 56 (POLLOUT:4)
0:00:00.020313421  4405 0x56065852e320 LOG   GST_REGISTRY gstregistrychunks.c:864:_priv_gst_registry_chunks_load_plugin: desc.package='GStreamer source release'
0:00:00.020319719  4405 0x56065852e320 LOG   GST_REGISTRY gstregistrychunks.c:865:_priv_gst_registry_chunks_load_plugin: desc.origin='Unknown package origin'
0:00:00.020324748  4405 0x56065852e320 LOG   GST_REGISTRY gstregistrychunks.c:866:_priv_gst_registry_chunks_load_plugin: desc.datetime=2021-03-15
0:00:00.016146934  4406 0x56162133f320 DEBUG   GST_POLL gstpoll.c:772:gst_poll_free: 0x561621363930: freeing
0:00:00.020337067  4405 0x56065852e320 DEBUG   GST_REGISTRY gstregistry.c:449:gst_registry_add_plugin: Replacing existing plugin "/home/conan/w/prod/BuildSingleReference/.conan/data/gstreamer/1.18.4/_/_/package/d5d34cb95e58eb395d954c026f8b3b95a47b8905/lib/gstreamer-1.0/libgstcoretracers.so" 0x560658553b90 with new plugin 0x560658563160 for filename "/home/conan/w/prod/BuildSingleReference/.conan/data/gstreamer/1.18.4/_/_/package/d5d34cb95e58eb395d954c026f8b3b95a47b8905/lib/gstreamer-1.0/libgstcoretracers.so"
0:00:00.020347472  4405 0x56065852e320 TRACE   GST_REFCOUNTING gstobject.c:265:gst_object_unref: 0x560658553b90 unref 1->0
0:00:00.020372287  4405 0x56065852e320 TRACE   GST_REFCOUNTING gstobject.c:381:gst_object_dispose: 0x560658553b90 dispose
0:00:00.020386551  4405 0x56065852e320 DEBUG   GST_PLUGIN_LOADING gstplugin.c:136:gst_plugin_finalize: finalizing plugin
0:00:00.020399003  4405 0x56065852e320 TRACE   GST_REFCOUNTING gstobject.c:423:gst_object_finalize: 0x560658553b90 finalize
0:00:00.020412672  4405 0x56065852e320 DEBUG   GST_REGISTRY gstregistry.c:474:gst_registry_add_plugin: adding plugin 0x560658563160 for filename "/home/conan/w/prod/BuildSingleReference/.conan/data/gstreamer/1.18.4/_/_/package/d5d34cb95e58eb395d954c026f8b3b95a47b8905/lib/gstreamer-1.0/libgstcoretracers.so"
0:00:00.020419887  4405 0x56065852e320 TRACE   GST_REFCOUNTING gstobject.c:294:gst_object_ref_sink: 0x560658563160 ref_sink 1->2
0:00:00.020426451  4405 0x56065852e320 LOG   GST_REGISTRY gstregistry.c:487:gst_registry_add_plugin: emitting plugin-added for filename "/home/conan/w/prod/BuildSingleReference/.conan/data/gstreamer/1.18.4/_/_/package/d5d34cb95e58eb395d954c026f8b3b95a47b8905/lib/gstreamer-1.0/libgstcoretracers.so"
0:00:00.020433282  4405 0x56065852e320 DEBUG   GST_REGISTRY gstregistrychunks.c:887:_priv_gst_registry_chunks_load_plugin: Added plugin 'coretracers' plugin with 5 features from binary registry
0:00:00.020439424  4405 0x56065852e320 DEBUG   GST_REGISTRY gstregistrychunks.c:583:gst_registry_chunks_load_feature: Plugin 'coretracers' feature 'leaks' typename : 'GstTracerFactory'
0:00:00.020447012  4405 0x56065852e320 TRACE   GST_REFCOUNTING gstobject.c:208:gst_object_init: 0x560658553b80 new
0:00:00.020454991  4405 0x56065852e320 DEBUG   GST_REGISTRY gstregistrychunks.c:718:gst_registry_chunks_load_feature: Reading/casting for GstRegistryChunkPluginFeature at address 0x5606585546b8
0:00:00.020461829  4405 0x56065852e320 DEBUG   GST_REGISTRY gstregistry.c:581:gst_registry_add_feature: replacing existing feature 0x560658553f40 (leaks)
0:00:00.020468857  4405 0x56065852e320 DEBUG   GST_REGISTRY gstregistry.c:590:gst_registry_add_feature: adding feature 0x560658553b80 (leaks)
0:00:00.020495009  4405 0x56065852e320 TRACE   GST_REFCOUNTING gstobject.c:788:gst_object_unparent: unparent
0:00:00.020502282  4405 0x56065852e320 TRACE   GST_REFCOUNTING gstobject.c:265:gst_object_unref: 0x560658553f40 unref 1->0
0:00:00.020508670  4405 0x56065852e320 TRACE   GST_REFCOUNTING gstobject.c:381:gst_object_dispose: 0x560658553f40 dispose
0:00:00.020539434  4405 0x56065852e320 DEBUG   GST_PLUGIN_LOADING gstpluginfeature.c:67:gst_plugin_feature_finalize: finalizing feature 0x560658553f40: 'leaks'
0:00:00.020545793  4405 0x56065852e320 TRACE   GST_REFCOUNTING gstobject.c:423:gst_object_finalize: 0x560658553f40 finalize
0:00:00.020552031  4405 0x56065852e320 DEBUG   GST_REFCOUNTING gstobject.c:709:gst_object_set_parent: set parent (ref and sink)
0:00:00.020558762  4405 0x56065852e320 TRACE   GST_REFCOUNTING gstobject.c:294:gst_object_ref_sink: 0x560658553b80 ref_sink 1->2
0:00:00.020565453  4405 0x56065852e320 LOG   GST_REGISTRY gstregistry.c:608:gst_registry_add_feature: emitting feature-added for leaks
0:00:00.020572040  4405 0x56065852e320 DEBUG   GST_REGISTRY gstregistrychunks.c:741:gst_registry_chunks_load_feature: Added feature leaks, plugin 0x560658563160 coretracers
0:00:00.020578258  4405 0x56065852e320 DEBUG   GST_REGISTRY gstregistrychunks.c:583:gst_registry_chunks_load_feature: Plugin 'coretracers' feature 'stats' typename : 'GstTracerFactory'
0:00:00.020585229  4405 0x56065852e320 TRACE   GST_REFCOUNTING gstobject.c:208:gst_object_init: 0x560658553f40 new
0:00:00.020592415  4405 0x56065852e320 DEBUG   GST_REGISTRY gstregistrychunks.c:718:gst_registry_chunks_load_feature: Reading/casting for GstRegistryChunkPluginFeature at address 0x5606585546d8
0:00:00.020599251  4405 0x56065852e320 DEBUG   GST_REGISTRY gstregistry.c:581:gst_registry_add_feature: replacing existing feature 0x560658554090 (stats)
0:00:00.020605782  4405 0x56065852e320 DEBUG   GST_REGISTRY gstregistry.c:590:gst_registry_add_feature: adding feature 0x560658553f40 (stats)
0:00:00.020611390  4405 0x56065852e320 TRACE   GST_REFCOUNTING gstobject.c:788:gst_object_unparent: unparent
0:00:00.020618039  4405 0x56065852e320 TRACE   GST_REFCOUNTING gstobject.c:265:gst_object_unref: 0x560658554090 unref 1->0
0:00:00.020624589  4405 0x56065852e320 TRACE   GST_REFCOUNTING gstobject.c:381:gst_object_dispose: 0x560658554090 dispose
0:00:00.020631290  4405 0x56065852e320 DEBUG   GST_PLUGIN_LOADING gstpluginfeature.c:67:gst_plugin_feature_finalize: finalizing feature 0x560658554090: 'stats'
0:00:00.020637172  4405 0x56065852e320 TRACE   GST_REFCOUNTING gstobject.c:423:gst_object_finalize: 0x560658554090 finalize
0:00:00.020643146  4405 0x56065852e320 DEBUG   GST_REFCOUNTING gstobject.c:709:gst_object_set_parent: set parent (ref and sink)
0:00:00.020649984  4405 0x56065852e320 TRACE   GST_REFCOUNTING gstobject.c:294:gst_object_ref_sink: 0x560658553f40 ref_sink 1->2
0:00:00.020656558  4405 0x56065852e320 LOG   GST_REGISTRY gstregistry.c:608:gst_registry_add_feature: emitting feature-added for stats
0:00:00.020662963  4405 0x56065852e320 DEBUG   GST_REGISTRY gstregistrychunks.c:741:gst_registry_chunks_load_feature: Added feature stats, plugin 0x560658563160 coretracers
0:00:00.020669125  4405 0x56065852e320 DEBUG   GST_REGISTRY gstregistrychunks.c:583:gst_registry_chunks_load_feature: Plugin 'coretracers' feature 'rusage' typename : 'GstTracerFactory'
0:00:00.020679689  4405 0x56065852e320 TRACE   GST_REFCOUNTING gstobject.c:208:gst_object_init: 0x560658563590 new
0:00:00.020686955  4405 0x56065852e320 DEBUG   GST_REGISTRY gstregistrychunks.c:718:gst_registry_chunks_load_feature: Reading/casting for GstRegistryChunkPluginFeature at address 0x5606585546f8
0:00:00.020693725  4405 0x56065852e320 DEBUG   GST_REGISTRY gstregistry.c:581:gst_registry_add_feature: replacing existing feature 0x5606585541e0 (rusage)
0:00:00.020700725  4405 0x56065852e320 DEBUG   GST_REGISTRY gstregistry.c:590:gst_registry_add_feature: adding feature 0x560658563590 (rusage)
0:00:00.020706462  4405 0x56065852e320 TRACE   GST_REFCOUNTING gstobject.c:788:gst_object_unparent: unparent
0:00:00.020713626  4405 0x56065852e320 TRACE   GST_REFCOUNTING gstobject.c:265:gst_object_unref: 0x5606585541e0 unref 1->0
0:00:00.020719910  4405 0x56065852e320 TRACE   GST_REFCOUNTING gstobject.c:381:gst_object_dispose: 0x5606585541e0 dispose
0:00:00.020726526  4405 0x56065852e320 DEBUG   GST_PLUGIN_LOADING gstpluginfeature.c:67:gst_plugin_feature_finalize: finalizing feature 0x5606585541e0: 'rusage'
0:00:00.020732817  4405 0x56065852e320 TRACE   GST_REFCOUNTING gstobject.c:423:gst_object_finalize: 0x5606585541e0 finalize
0:00:00.020738784  4405 0x56065852e320 DEBUG   GST_REFCOUNTING gstobject.c:709:gst_object_set_parent: set parent (ref and sink)
0:00:00.020745542  4405 0x56065852e320 TRACE   GST_REFCOUNTING gstobject.c:294:gst_object_ref_sink: 0x560658563590 ref_sink 1->2
0:00:00.020751628  4405 0x56065852e320 LOG   GST_REGISTRY gstregistry.c:608:gst_registry_add_feature: emitting feature-added for rusage
0:00:00.020758030  4405 0x56065852e320 DEBUG   GST_REGISTRY gstregistrychunks.c:741:gst_registry_chunks_load_feature: Added feature rusage, plugin 0x560658563160 coretracers
0:00:00.020764337  4405 0x56065852e320 DEBUG   GST_REGISTRY gstregistrychunks.c:583:gst_registry_chunks_load_feature: Plugin 'coretracers' feature 'log' typename : 'GstTracerFactory'
0:00:00.020770942  4405 0x56065852e320 TRACE   GST_REFCOUNTING gstobject.c:208:gst_object_init: 0x5606585541e0 new
0:00:00.020777779  4405 0x56065852e320 DEBUG   GST_REGISTRY gstregistrychunks.c:718:gst_registry_chunks_load_feature: Reading/casting for GstRegistryChunkPluginFeature at address 0x560658554718
0:00:00.020784331  4405 0x56065852e320 DEBUG   GST_REGISTRY gstregistry.c:581:gst_registry_add_feature: replacing existing feature 0x560658554340 (log)
0:00:00.020790822  4405 0x56065852e320 DEBUG   GST_REGISTRY gstregistry.c:590:gst_registry_add_feature: adding feature 0x5606585541e0 (log)
0:00:00.020796508  4405 0x56065852e320 TRACE   GST_REFCOUNTING gstobject.c:788:gst_object_unparent: unparent
0:00:00.020803158  4405 0x56065852e320 TRACE   GST_REFCOUNTING gstobject.c:265:gst_object_unref: 0x560658554340 unref 1->0
0:00:00.020809344  4405 0x56065852e320 TRACE   GST_REFCOUNTING gstobject.c:381:gst_object_dispose: 0x560658554340 dispose
0:00:00.020815860  4405 0x56065852e320 DEBUG   GST_PLUGIN_LOADING gstpluginfeature.c:67:gst_plugin_feature_finalize: finalizing feature 0x560658554340: 'log'
0:00:00.020828772  4405 0x56065852e320 TRACE   GST_REFCOUNTING gstobject.c:423:gst_object_finalize: 0x560658554340 finalize
0:00:00.020834883  4405 0x56065852e320 DEBUG   GST_REFCOUNTING gstobject.c:709:gst_object_set_parent: set parent (ref and sink)
0:00:00.020841570  4405 0x56065852e320 TRACE   GST_REFCOUNTING gstobject.c:294:gst_object_ref_sink: 0x5606585541e0 ref_sink 1->2
0:00:00.020847778  4405 0x56065852e320 LOG   GST_REGISTRY gstregistry.c:608:gst_registry_add_feature: emitting feature-added for log
0:00:00.020854076  4405 0x56065852e320 DEBUG   GST_REGISTRY gstregistrychunks.c:741:gst_registry_chunks_load_feature: Added feature log, plugin 0x560658563160 coretracers
0:00:00.020860270  4405 0x56065852e320 DEBUG   GST_REGISTRY gstregistrychunks.c:583:gst_registry_chunks_load_feature: Plugin 'coretracers' feature 'latency' typename : 'GstTracerFactory'
0:00:00.020866853  4405 0x56065852e320 TRACE   GST_REFCOUNTING gstobject.c:208:gst_object_init: 0x560658554340 new
0:00:00.020873739  4405 0x56065852e320 DEBUG   GST_REGISTRY gstregistrychunks.c:718:gst_registry_chunks_load_feature: Reading/casting for GstRegistryChunkPluginFeature at address 0x560658554740
