0:00:00.010768484  4406 0x56162133f320 LOG   GST_POLL gstpoll.c:994:gst_poll_fd_ctl_write: 0x561621363930: pfd->events now 60 (POLLOUT:4)
0:00:00.010773831  4406 0x56162133f320 DEBUG   GST_POLL gstpoll.c:980:gst_poll_fd_ctl_write: 0x561621363930: fd (fd:0, idx:1), active : 1
0:00:00.010778965  4406 0x56162133f320 LOG   GST_POLL gstpoll.c:994:gst_poll_fd_ctl_write: 0x561621363930: pfd->events now 60 (POLLOUT:4)
0:00:00.010784209  4406 0x56162133f320 LOG   GST_PLUGIN_LOADING gstpluginloader.c:646:put_chunk: Expanding tx buf from 5764 to 7717 for chunk of size 229
0:00:00.010789892  4406 0x56162133f320 DEBUG   GST_POLL gstpoll.c:980:gst_poll_fd_ctl_write: 0x561621363930: fd (fd:0, idx:1), active : 1
0:00:00.010795084  4406 0x56162133f320 LOG   GST_POLL gstpoll.c:994:gst_poll_fd_ctl_write: 0x561621363930: pfd->events now 60 (POLLOUT:4)
0:00:00.010800497  4406 0x56162133f320 DEBUG   GST_POLL gstpoll.c:980:gst_poll_fd_ctl_write: 0x561621363930: fd (fd:0, idx:1), active : 1
0:00:00.010805637  4406 0x56162133f320 LOG   GST_POLL gstpoll.c:994:gst_poll_fd_ctl_write: 0x561621363930: pfd->events now 60 (POLLOUT:4)
0:00:00.010811003  4406 0x56162133f320 DEBUG   GST_POLL gstpoll.c:980:gst_poll_fd_ctl_write: 0x561621363930: fd (fd:0, idx:1), active : 1
0:00:00.010816096  4406 0x56162133f320 LOG   GST_POLL gstpoll.c:994:gst_poll_fd_ctl_write: 0x561621363930: pfd->events now 60 (POLLOUT:4)
0:00:00.010821405  4406 0x56162133f320 DEBUG   GST_POLL gstpoll.c:980:gst_poll_fd_ctl_write: 0x561621363930: fd (fd:0, idx:1), active : 1
0:00:00.010826501  4406 0x56162133f320 LOG   GST_POLL gstpoll.c:994:gst_poll_fd_ctl_write: 0x561621363930: pfd->events now 60 (POLLOUT:4)
0:00:00.010836823  4406 0x56162133f320 DEBUG   GST_POLL gstpoll.c:980:gst_poll_fd_ctl_write: 0x561621363930: fd (fd:0, idx:1), active : 1
0:00:00.010841985  4406 0x56162133f320 LOG   GST_POLL gstpoll.c:994:gst_poll_fd_ctl_write: 0x561621363930: pfd->events now 60 (POLLOUT:4)
0:00:00.010847403  4406 0x56162133f320 DEBUG   GST_POLL gstpoll.c:980:gst_poll_fd_ctl_write: 0x561621363930: fd (fd:0, idx:1), active : 1
0:00:00.010852509  4406 0x56162133f320 LOG   GST_POLL gstpoll.c:994:gst_poll_fd_ctl_write: 0x561621363930: pfd->events now 60 (POLLOUT:4)
0:00:00.010857855  4406 0x56162133f320 DEBUG   GST_POLL gstpoll.c:980:gst_poll_fd_ctl_write: 0x561621363930: fd (fd:0, idx:1), active : 1
0:00:00.010866091  4406 0x56162133f320 LOG   GST_POLL gstpoll.c:994:gst_poll_fd_ctl_write: 0x561621363930: pfd->events now 60 (POLLOUT:4)
0:00:00.010871569  4406 0x56162133f320 DEBUG   GST_POLL gstpoll.c:980:gst_poll_fd_ctl_write: 0x561621363930: fd (fd:0, idx:1), active : 1
0:00:00.010876701  4406 0x56162133f320 LOG   GST_POLL gstpoll.c:994:gst_poll_fd_ctl_write: 0x561621363930: pfd->events now 60 (POLLOUT:4)
0:00:00.010882072  4406 0x56162133f320 DEBUG   GST_POLL gstpoll.c:980:gst_poll_fd_ctl_write: 0x561621363930: fd (fd:0, idx:1), active : 1
0:00:00.010887174  4406 0x56162133f320 LOG   GST_POLL gstpoll.c:994:gst_poll_fd_ctl_write: 0x561621363930: pfd->events now 60 (POLLOUT:4)
0:00:00.010892565  4406 0x56162133f320 DEBUG   GST_POLL gstpoll.c:980:gst_poll_fd_ctl_write: 0x561621363930: fd (fd:0, idx:1), active : 1
0:00:00.010897769  4406 0x56162133f320 LOG   GST_POLL gstpoll.c:994:gst_poll_fd_ctl_write: 0x561621363930: pfd->events now 60 (POLLOUT:4)
0:00:00.010903095  4406 0x56162133f320 DEBUG   GST_POLL gstpoll.c:980:gst_poll_fd_ctl_write: 0x561621363930: fd (fd:0, idx:1), active : 1
0:00:00.010908195  4406 0x56162133f320 LOG   GST_POLL gstpoll.c:994:gst_poll_fd_ctl_write: 0x561621363930: pfd->events now 60 (POLLOUT:4)
0:00:00.010913523  4406 0x56162133f320 DEBUG   GST_POLL gstpoll.c:980:gst_poll_fd_ctl_write: 0x561621363930: fd (fd:0, idx:1), active : 1
0:00:00.010918631  4406 0x56162133f320 LOG   GST_POLL gstpoll.c:994:gst_poll_fd_ctl_write: 0x561621363930: pfd->events now 60 (POLLOUT:4)
0:00:00.010924027  4406 0x56162133f320 DEBUG   GST_POLL gstpoll.c:980:gst_poll_fd_ctl_write: 0x561621363930: fd (fd:0, idx:1), active : 1
0:00:00.010929150  4406 0x56162133f320 LOG   GST_POLL gstpoll.c:994:gst_poll_fd_ctl_write: 0x561621363930: pfd->events now 60 (POLLOUT:4)
0:00:00.010934474  4406 0x56162133f320 DEBUG   GST_POLL gstpoll.c:980:gst_poll_fd_ctl_write: 0x561621363930: fd (fd:0, idx:1), active : 1
0:00:00.010939584  4406 0x56162133f320 LOG   GST_POLL gstpoll.c:994:gst_poll_fd_ctl_write: 0x561621363930: pfd->events now 60 (POLLOUT:4)
0:00:00.010944935  4406 0x56162133f320 DEBUG   GST_POLL gstpoll.c:980:gst_poll_fd_ctl_write: 0x561621363930: fd (fd:0, idx:1), active : 1
0:00:00.010950069  4406 0x56162133f320 LOG   GST_POLL gstpoll.c:994:gst_poll_fd_ctl_write: 0x561621363930: pfd->events now 60 (POLLOUT:4)
0:00:00.010955565  4406 0x56162133f320 DEBUG   GST_POLL gstpoll.c:980:gst_poll_fd_ctl_write: 0x561621363930: fd (fd:0, idx:1), active : 1
0:00:00.010960712  4406 0x56162133f320 LOG   GST_POLL gstpoll.c:994:gst_poll_fd_ctl_write: 0x561621363930: pfd->events now 60 (POLLOUT:4)
0:00:00.010966105  4406 0x56162133f320 DEBUG   GST_POLL gstpoll.c:980:gst_poll_fd_ctl_write: 0x561621363930: fd (fd:0, idx:1), active : 1
0:00:00.010971236  4406 0x56162133f320 LOG   GST_POLL gstpoll.c:994:gst_poll_fd_ctl_write: 0x561621363930: pfd->events now 60 (POLLOUT:4)
0:00:00.010976617  4406 0x56162133f320 DEBUG   GST_POLL gstpoll.c:980:gst_poll_fd_ctl_write: 0x561621363930: fd (fd:0, idx:1), active : 1
0:00:00.010981743  4406 0x56162133f320 LOG   GST_POLL gstpoll.c:994:gst_poll_fd_ctl_write: 0x561621363930: pfd->events now 60 (POLLOUT:4)
0:00:00.010992034  4406 0x56162133f320 DEBUG   GST_POLL gstpoll.c:980:gst_poll_fd_ctl_write: 0x561621363930: fd (fd:0, idx:1), active : 1
0:00:00.010997219  4406 0x56162133f320 LOG   GST_POLL gstpoll.c:994:gst_poll_fd_ctl_write: 0x561621363930: pfd->events now 60 (POLLOUT:4)
0:00:00.011002594  4406 0x56162133f320 DEBUG   GST_POLL gstpoll.c:980:gst_poll_fd_ctl_write: 0x561621363930: fd (fd:0, idx:1), active : 1
0:00:00.011007751  4406 0x56162133f320 LOG   GST_POLL gstpoll.c:994:gst_poll_fd_ctl_write: 0x561621363930: pfd->events now 60 (POLLOUT:4)
0:00:00.011013141  4406 0x56162133f320 DEBUG   GST_POLL gstpoll.c:980:gst_poll_fd_ctl_write: 0x561621363930: fd (fd:0, idx:1), active : 1
0:00:00.011018251  4406 0x56162133f320 LOG   GST_POLL gstpoll.c:994:gst_poll_fd_ctl_write: 0x561621363930: pfd->events now 60 (POLLOUT:4)
0:00:00.011023650  4406 0x56162133f320 DEBUG   GST_POLL gstpoll.c:980:gst_poll_fd_ctl_write: 0x561621363930: fd (fd:0, idx:1), active : 1
0:00:00.011028789  4406 0x56162133f320 LOG   GST_POLL gstpoll.c:994:gst_poll_fd_ctl_write: 0x561621363930: pfd->events now 60 (POLLOUT:4)
0:00:00.011034137  4406 0x56162133f320 DEBUG   GST_POLL gstpoll.c:980:gst_poll_fd_ctl_write: 0x561621363930: fd (fd:0, idx:1), active : 1
0:00:00.011039260  4406 0x56162133f320 LOG   GST_POLL gstpoll.c:994:gst_poll_fd_ctl_write: 0x561621363930: pfd->events now 60 (POLLOUT:4)
0:00:00.011044625  4406 0x56162133f320 DEBUG   GST_POLL gstpoll.c:980:gst_poll_fd_ctl_write: 0x561621363930: fd (fd:0, idx:1), active : 1
0:00:00.011049819  4406 0x56162133f320 LOG   GST_POLL gstpoll.c:994:gst_poll_fd_ctl_write: 0x561621363930: pfd->events now 60 (POLLOUT:4)
0:00:00.011055257  4406 0x56162133f320 DEBUG   GST_POLL gstpoll.c:980:gst_poll_fd_ctl_write: 0x561621363930: fd (fd:0, idx:1), active : 1
0:00:00.011060385  4406 0x56162133f320 LOG   GST_POLL gstpoll.c:994:gst_poll_fd_ctl_write: 0x561621363930: pfd->events now 60 (POLLOUT:4)
0:00:00.011065811  4406 0x56162133f320 DEBUG   GST_POLL gstpoll.c:980:gst_poll_fd_ctl_write: 0x561621363930: fd (fd:0, idx:1), active : 1
0:00:00.011070965  4406 0x56162133f320 LOG   GST_POLL gstpoll.c:994:gst_poll_fd_ctl_write: 0x561621363930: pfd->events now 60 (POLLOUT:4)
0:00:00.011076361  4406 0x56162133f320 DEBUG   GST_POLL gstpoll.c:980:gst_poll_fd_ctl_write: 0x561621363930: fd (fd:0, idx:1), active : 1
0:00:00.011081497  4406 0x56162133f320 LOG   GST_POLL gstpoll.c:994:gst_poll_fd_ctl_write: 0x561621363930: pfd->events now 60 (POLLOUT:4)
0:00:00.011086867  4406 0x56162133f320 DEBUG   GST_POLL gstpoll.c:980:gst_poll_fd_ctl_write: 0x561621363930: fd (fd:0, idx:1), active : 1
0:00:00.011092041  4406 0x56162133f320 LOG   GST_POLL gstpoll.c:994:gst_poll_fd_ctl_write: 0x561621363930: pfd->events now 60 (POLLOUT:4)
0:00:00.011100171  4406 0x56162133f320 DEBUG   GST_POLL gstpoll.c:980:gst_poll_fd_ctl_write: 0x561621363930: fd (fd:0, idx:1), active : 1
0:00:00.011108473  4406 0x56162133f320 LOG   GST_POLL gstpoll.c:994:gst_poll_fd_ctl_write: 0x561621363930: pfd->events now 60 (POLLOUT:4)
0:00:00.011123695  4406 0x56162133f320 DEBUG   GST_POLL gstpoll.c:980:gst_poll_fd_ctl_write: 0x561621363930: fd (fd:0, idx:1), active : 1
0:00:00.011130385  4406 0x56162133f320 LOG   GST_POLL gstpoll.c:994:gst_poll_fd_ctl_write: 0x561621363930: pfd->events now 60 (POLLOUT:4)
0:00:00.011135710  4406 0x56162133f320 DEBUG   GST_POLL gstpoll.c:980:gst_poll_fd_ctl_write: 0x561621363930: fd (fd:0, idx:1), active : 1
0:00:00.011140807  4406 0x56162133f320 LOG   GST_POLL gstpoll.c:994:gst_poll_fd_ctl_write: 0x561621363930: pfd->events now 60 (POLLOUT:4)
0:00:00.011146203  4406 0x56162133f320 DEBUG   GST_POLL gstpoll.c:980:gst_poll_fd_ctl_write: 0x561621363930: fd (fd:0, idx:1), active : 1
0:00:00.011151282  4406 0x56162133f320 LOG   GST_POLL gstpoll.c:994:gst_poll_fd_ctl_write: 0x561621363930: pfd->events now 60 (POLLOUT:4)
0:00:00.011156622  4406 0x56162133f320 DEBUG   GST_POLL gstpoll.c:980:gst_poll_fd_ctl_write: 0x561621363930: fd (fd:0, idx:1), active : 1
0:00:00.011161729  4406 0x56162133f320 LOG   GST_POLL gstpoll.c:994:gst_poll_fd_ctl_write: 0x561621363930: pfd->events now 60 (POLLOUT:4)
0:00:00.011167026  4406 0x56162133f320 DEBUG   GST_POLL gstpoll.c:980:gst_poll_fd_ctl_write: 0x561621363930: fd (fd:0, idx:1), active : 1
0:00:00.011238621  4406 0x56162133f320 LOG   GST_POLL gstpoll.c:994:gst_poll_fd_ctl_write: 0x561621363930: pfd->events now 60 (POLLOUT:4)
0:00:00.011246766  4406 0x56162133f320 DEBUG   GST_POLL gstpoll.c:980:gst_poll_fd_ctl_write: 0x561621363930: fd (fd:0, idx:1), active : 1
0:00:00.011252324  4406 0x56162133f320 LOG   GST_POLL gstpoll.c:994:gst_poll_fd_ctl_write: 0x561621363930: pfd->events now 60 (POLLOUT:4)
0:00:00.011265957  4406 0x56162133f320 DEBUG   GST_POLL gstpoll.c:980:gst_poll_fd_ctl_write: 0x561621363930: fd (fd:0, idx:1), active : 1
0:00:00.011275333  4406 0x56162133f320 LOG   GST_POLL gstpoll.c:994:gst_poll_fd_ctl_write: 0x561621363930: pfd->events now 60 (POLLOUT:4)
0:00:00.011285614  4406 0x56162133f320 DEBUG   GST_POLL gstpoll.c:980:gst_poll_fd_ctl_write: 0x561621363930: fd (fd:0, idx:1), active : 1
0:00:00.011295459  4406 0x56162133f320 LOG   GST_POLL gstpoll.c:994:gst_poll_fd_ctl_write: 0x561621363930: pfd->events now 60 (POLLOUT:4)
0:00:00.011303358  4406 0x56162133f320 DEBUG   GST_POLL gstpoll.c:980:gst_poll_fd_ctl_write: 0x561621363930: fd (fd:0, idx:1), active : 1
0:00:00.011311162  4406 0x56162133f320 LOG   GST_POLL gstpoll.c:994:gst_poll_fd_ctl_write: 0x561621363930: pfd->events now 60 (POLLOUT:4)
0:00:00.011319309  4406 0x56162133f320 DEBUG   GST_POLL gstpoll.c:980:gst_poll_fd_ctl_write: 0x561621363930: fd (fd:0, idx:1), active : 1
0:00:00.011326827  4406 0x56162133f320 LOG   GST_POLL gstpoll.c:994:gst_poll_fd_ctl_write: 0x561621363930: pfd->events now 60 (POLLOUT:4)
0:00:00.011335692  4406 0x56162133f320 DEBUG   GST_POLL gstpoll.c:980:gst_poll_fd_ctl_write: 0x561621363930: fd (fd:0, idx:1), active : 1
0:00:00.011343379  4406 0x56162133f320 LOG   GST_POLL gstpoll.c:994:gst_poll_fd_ctl_write: 0x561621363930: pfd->events now 60 (POLLOUT:4)
0:00:00.011352184  4406 0x56162133f320 DEBUG   GST_POLL gstpoll.c:980:gst_poll_fd_ctl_write: 0x561621363930: fd (fd:0, idx:1), active : 1
0:00:00.011366344  4406 0x56162133f320 LOG   GST_POLL gstpoll.c:994:gst_poll_fd_ctl_write: 0x561621363930: pfd->events now 60 (POLLOUT:4)
0:00:00.011374449  4406 0x56162133f320 DEBUG   GST_POLL gstpoll.c:980:gst_poll_fd_ctl_write: 0x561621363930: fd (fd:0, idx:1), active : 1
0:00:00.011382143  4406 0x56162133f320 LOG   GST_POLL gstpoll.c:994:gst_poll_fd_ctl_write: 0x561621363930: pfd->events now 60 (POLLOUT:4)
0:00:00.011392180  4406 0x56162133f320 DEBUG   GST_POLL gstpoll.c:980:gst_poll_fd_ctl_write: 0x561621363930: fd (fd:0, idx:1), active : 1
0:00:00.011401514  4406 0x56162133f320 LOG   GST_POLL gstpoll.c:994:gst_poll_fd_ctl_write: 0x561621363930: pfd->events now 60 (POLLOUT:4)
0:00:00.011410159  4406 0x56162133f320 DEBUG   GST_POLL gstpoll.c:980:gst_poll_fd_ctl_write: 0x561621363930: fd (fd:0, idx:1), active : 1
0:00:00.011418195  4406 0x56162133f320 LOG   GST_POLL gstpoll.c:994:gst_poll_fd_ctl_write: 0x561621363930: pfd->events now 60 (POLLOUT:4)
0:00:00.011425796  4406 0x56162133f320 DEBUG   GST_POLL gstpoll.c:980:gst_poll_fd_ctl_write: 0x561621363930: fd (fd:0, idx:1), active : 1
0:00:00.011431363  4406 0x56162133f320 LOG   GST_POLL gstpoll.c:994:gst_poll_fd_ctl_write: 0x561621363930: pfd->events now 60 (POLLOUT:4)
0:00:00.011437224  4406 0x56162133f320 DEBUG   GST_POLL gstpoll.c:980:gst_poll_fd_ctl_write: 0x561621363930: fd (fd:0, idx:1), active : 1
0:00:00.011442700  4406 0x56162133f320 LOG   GST_POLL gstpoll.c:994:gst_poll_fd_ctl_write: 0x561621363930: pfd->events now 60 (POLLOUT:4)
0:00:00.011448488  4406 0x56162133f320 DEBUG   GST_POLL gstpoll.c:980:gst_poll_fd_ctl_write: 0x561621363930: fd (fd:0, idx:1), active : 1
0:00:00.011453960  4406 0x56162133f320 LOG   GST_POLL gstpoll.c:994:gst_poll_fd_ctl_write: 0x561621363930: pfd->events now 60 (POLLOUT:4)
0:00:00.011459791  4406 0x56162133f320 DEBUG   GST_POLL gstpoll.c:980:gst_poll_fd_ctl_write: 0x561621363930: fd (fd:0, idx:1), active : 1
0:00:00.011465415  4406 0x56162133f320 LOG   GST_POLL gstpoll.c:994:gst_poll_fd_ctl_write: 0x561621363930: pfd->events now 60 (POLLOUT:4)
0:00:00.011471260  4406 0x56162133f320 DEBUG   GST_POLL gstpoll.c:980:gst_poll_fd_ctl_write: 0x561621363930: fd (fd:0, idx:1), active : 1
0:00:00.011476774  4406 0x56162133f320 LOG   GST_POLL gstpoll.c:994:gst_poll_fd_ctl_write: 0x561621363930: pfd->events now 60 (POLLOUT:4)
0:00:00.011482580  4406 0x56162133f320 DEBUG   GST_POLL gstpoll.c:980:gst_poll_fd_ctl_write: 0x561621363930: fd (fd:0, idx:1), active : 1
0:00:00.011487997  4406 0x56162133f320 LOG   GST_POLL gstpoll.c:994:gst_poll_fd_ctl_write: 0x561621363930: pfd->events now 60 (POLLOUT:4)
0:00:00.011493682  4406 0x56162133f320 DEBUG   GST_POLL gstpoll.c:980:gst_poll_fd_ctl_write: 0x561621363930: fd (fd:0, idx:1), active : 1
0:00:00.011499108  4406 0x56162133f320 LOG   GST_POLL gstpoll.c:994:gst_poll_fd_ctl_write: 0x561621363930: pfd->events now 60 (POLLOUT:4)
0:00:00.011504818  4406 0x56162133f320 DEBUG   GST_POLL gstpoll.c:980:gst_poll_fd_ctl_write: 0x561621363930: fd (fd:0, idx:1), active : 1
0:00:00.011514752  4406 0x56162133f320 LOG   GST_POLL gstpoll.c:994:gst_poll_fd_ctl_write: 0x561621363930: pfd->events now 60 (POLLOUT:4)
0:00:00.011520544  4406 0x56162133f320 DEBUG   GST_POLL gstpoll.c:980:gst_poll_fd_ctl_write: 0x561621363930: fd (fd:0, idx:1), active : 1
0:00:00.011526050  4406 0x56162133f320 LOG   GST_POLL gstpoll.c:994:gst_poll_fd_ctl_write: 0x561621363930: pfd->events now 60 (POLLOUT:4)
0:00:00.011531772  4406 0x56162133f320 DEBUG   GST_POLL gstpoll.c:980:gst_poll_fd_ctl_write: 0x561621363930: fd (fd:0, idx:1), active : 1
0:00:00.011537389  4406 0x56162133f320 LOG   GST_POLL gstpoll.c:994:gst_poll_fd_ctl_write: 0x561621363930: pfd->events now 60 (POLLOUT:4)
0:00:00.011548444  4406 0x56162133f320 TRACE   GST_REFCOUNTING gstobject.c:265:gst_object_unref: 0x561621367620 unref 2->1
0:00:00.011555827  4406 0x56162133f320 DEBUG   GST_POLL gstpoll.c:1241:gst_poll_fd_has_error: 0x561621363930: fd (fd:0, idx:1) 0
0:00:00.011561900  4406 0x56162133f320 DEBUG   GST_POLL gstpoll.c:1335:gst_poll_fd_can_write: 0x561621363930: fd (fd:0, idx:1) 1
0:00:00.011567754  4406 0x56162133f320 LOG   GST_PLUGIN_LOADING gstpluginloader.c:690:write_one: Writing packet of size 488 bytes to fd 0
0:00:00.011585624  4406 0x56162133f320 DEBUG   GST_POLL gstpoll.c:1414:gst_poll_wait: 0x561621363930: timeout :0:00:01.000000000
0:00:00.011595780  4406 0x56162133f320 LOG   GST_PLUGIN_LOADING gstpluginloader.c:1028:exchange_packets: Poll res = 2. 6872 bytes pending for write
0:00:00.011602314  4406 0x56162133f320 DEBUG   GST_POLL gstpoll.c:1241:gst_poll_fd_has_error: 0x561621363930: fd (fd:5, idx:2) 0
0:00:00.011608162  4406 0x56162133f320 DEBUG   GST_POLL gstpoll.c:1266:gst_poll_fd_can_read_unlocked: 0x561621363930: fd (fd:5, idx:2) 1
0:00:00.015784537  4405 0x56065852e320 LOG   GST_PLUGIN_LOADING gstpluginloader.c:1028:exchange_packets: Poll res = 1. 0 bytes pending for write
0:00:00.011617829  4406 0x56162133f320 DEBUG   GST_PLUGIN_LOADING gstpluginloader.c:722:do_plugin_load: Plugin scanner loading file /home/conan/w/prod/BuildSingleReference/.conan/data/gstreamer/1.18.4/_/_/package/d5d34cb95e58eb395d954c026f8b3b95a47b8905/lib/gstreamer-1.0/libgstcoretracers.so. tag 2
0:00:00.015801929  4405 0x56065852e320 DEBUG   GST_POLL gstpoll.c:1241:gst_poll_fd_has_error: 0x560658553530: fd (fd:8, idx:2) 0
0:00:00.011625994  4406 0x56162133f320 TRACE   GST_REFCOUNTING gstobject.c:238:gst_object_ref: 0x5616213652b0 ref 1->2
0:00:00.015810202  4405 0x56065852e320 DEBUG   GST_POLL gstpoll.c:1266:gst_poll_fd_can_read_unlocked: 0x560658553530: fd (fd:8, idx:2) 1
0:00:00.011634254  4406 0x56162133f320 TRACE   GST_REFCOUNTING gstobject.c:238:gst_object_ref: 0x561621366e40 ref 1->2
0:00:00.011641419  4406 0x56162133f320 TRACE   GST_REFCOUNTING gstobject.c:238:gst_object_ref: 0x561621366ba0 ref 1->2
0:00:00.015821391  4405 0x56065852e320 DEBUG   GST_PLUGIN_LOADING gstpluginloader.c:850:handle_rx_packet: Received plugin details from child w/ tag 0. 476 bytes info
0:00:00.011647640  4406 0x56162133f320 TRACE   GST_REFCOUNTING gstobject.c:238:gst_object_ref: 0x5616213667a0 ref 1->2
0:00:00.015829817  4405 0x56065852e320 LOG   GST_REGISTRY gstregistrychunks.c:837:_priv_gst_registry_chunks_load_plugin: Reading/casting for GstRegistryChunkPluginElement at address 0x56065854edc0
0:00:00.011658801  4406 0x56162133f320 TRACE   GST_REFCOUNTING gstobject.c:238:gst_object_ref: 0x561621366580 ref 1->2
0:00:00.011665963  4406 0x56162133f320 TRACE   GST_REFCOUNTING gstobject.c:238:gst_object_ref: 0x561621366010 ref 1->2
0:00:00.015850759  4405 0x56065852e320 TRACE   GST_REFCOUNTING gstobject.c:208:gst_object_init: 0x560658553b90 new
0:00:00.011674372  4406 0x56162133f320 TRACE   GST_REFCOUNTING gstobject.c:265:gst_object_unref: 0x561621366010 unref 2->1
0:00:00.011681325  4406 0x56162133f320 TRACE   GST_REFCOUNTING gstobject.c:265:gst_object_unref: 0x561621366580 unref 2->1
0:00:00.011687457  4406 0x56162133f320 TRACE   GST_REFCOUNTING gstobject.c:265:gst_object_unref: 0x5616213667a0 unref 2->1
0:00:00.011693518  4406 0x56162133f320 TRACE   GST_REFCOUNTING gstobject.c:265:gst_object_unref: 0x561621366ba0 unref 2->1
0:00:00.015879280  4405 0x56065852e320 LOG   GST_REGISTRY gstregistrychunks.c:858:_priv_gst_registry_chunks_load_plugin: read strings for name='coretracers'
0:00:00.011700587  4406 0x56162133f320 TRACE   GST_REFCOUNTING gstobject.c:265:gst_object_unref: 0x561621366e40 unref 2->1
0:00:00.015885904  4405 0x56065852e320 LOG   GST_REGISTRY gstregistrychunks.c:859:_priv_gst_registry_chunks_load_plugin: desc.description='GStreamer core tracers'
0:00:00.011710836  4406 0x56162133f320 DEBUG   GST_REGISTRY gstregistrychunks.c:498:_priv_gst_registry_chunks_save_plugin: Found 5 features in plugin 0x5616213652b0 (coretracers)
0:00:00.015892073  4405 0x56065852e320 LOG   GST_REGISTRY gstregistrychunks.c:860:_priv_gst_registry_chunks_load_plugin: filename='/home/conan/w/prod/BuildSingleReference/.conan/data/gstreamer/1.18.4/_/_/package/d5d34cb95e58eb395d954c026f8b3b95a47b8905/lib/gstreamer-1.0/libgstcoretracers.so'
0:00:00.011718079  4406 0x56162133f320 DEBUG   GST_POLL gstpoll.c:980:gst_poll_fd_ctl_write: 0x561621363930: fd (fd:0, idx:1), active : 1
0:00:00.015899244  4405 0x56065852e320 LOG   GST_REGISTRY gstregistrychunks.c:861:_priv_gst_registry_chunks_load_plugin: desc.version='1.18.4'
0:00:00.011724639  4406 0x56162133f320 LOG   GST_POLL gstpoll.c:994:gst_poll_fd_ctl_write: 0x561621363930: pfd->events now 60 (POLLOUT:4)
0:00:00.015906324  4405 0x56065852e320 LOG   GST_REGISTRY gstregistrychunks.c:862:_priv_gst_registry_chunks_load_plugin: desc.license='LGPL'
0:00:00.011731167  4406 0x56162133f320 DEBUG   GST_POLL gstpoll.c:980:gst_poll_fd_ctl_write: 0x561621363930: fd (fd:0, idx:1), active : 1
0:00:00.015912414  4405 0x56065852e320 LOG   GST_REGISTRY gstregistrychunks.c:863:_priv_gst_registry_chunks_load_plugin: desc.source='gstreamer'
0:00:00.011737420  4406 0x56162133f320 LOG   GST_POLL gstpoll.c:994:gst_poll_fd_ctl_write: 0x561621363930: pfd->events now 60 (POLLOUT:4)
0:00:00.015919350  4405 0x56065852e320 LOG   GST_REGISTRY gstregistrychunks.c:864:_priv_gst_registry_chunks_load_plugin: desc.package='GStreamer source release'
0:00:00.011743884  4406 0x56162133f320 DEBUG   GST_POLL gstpoll.c:980:gst_poll_fd_ctl_write: 0x561621363930: fd (fd:0, idx:1), active : 1
0:00:00.015935675  4405 0x56065852e320 LOG   GST_REGISTRY gstregistrychunks.c:865:_priv_gst_registry_chunks_load_plugin: desc.origin='Unknown package origin'
0:00:00.011758592  4406 0x56162133f320 LOG   GST_POLL gstpoll.c:994:gst_poll_fd_ctl_write: 0x561621363930: pfd->events now 60 (POLLOUT:4)
0:00:00.015941644  4405 0x56065852e320 LOG   GST_REGISTRY gstregistrychunks.c:866:_priv_gst_registry_chunks_load_plugin: desc.datetime=2021-03-15
0:00:00.011764838  4406 0x56162133f320 DEBUG   GST_POLL gstpoll.c:980:gst_poll_fd_ctl_write: 0x561621363930: fd (fd:0, idx:1), active : 1
0:00:00.011770907  4406 0x56162133f320 LOG   GST_POLL gstpoll.c:994:gst_poll_fd_ctl_write: 0x561621363930: pfd->events now 60 (POLLOUT:4)
0:00:00.015954372  4405 0x56065852e320 DEBUG   GST_REGISTRY gstregistry.c:474:gst_registry_add_plugin: adding plugin 0x560658553b90 for filename "/home/conan/w/prod/BuildSingleReference/.conan/data/gstreamer/1.18.4/_/_/package/d5d34cb95e58eb395d954c026f8b3b95a47b8905/lib/gstreamer-1.0/libgstcoretracers.so"
0:00:00.011776810  4406 0x56162133f320 DEBUG   GST_POLL gstpoll.c:980:gst_poll_fd_ctl_write: 0x561621363930: fd (fd:0, idx:1), active : 1
0:00:00.011783602  4406 0x56162133f320 LOG   GST_POLL gstpoll.c:994:gst_poll_fd_ctl_write: 0x561621363930: pfd->events now 60 (POLLOUT:4)
0:00:00.015962967  4405 0x56065852e320 TRACE   GST_REFCOUNTING gstobject.c:294:gst_object_ref_sink: 0x560658553b90 ref_sink 1->2
0:00:00.011789510  4406 0x56162133f320 DEBUG   GST_POLL gstpoll.c:980:gst_poll_fd_ctl_write: 0x561621363930: fd (fd:0, idx:1), active : 1
0:00:00.015971865  4405 0x56065852e320 LOG   GST_REGISTRY gstregistry.c:487:gst_registry_add_plugin: emitting plugin-added for filename "/home/conan/w/prod/BuildSingleReference/.conan/data/gstreamer/1.18.4/_/_/package/d5d34cb95e58eb395d954c026f8b3b95a47b8905/lib/gstreamer-1.0/libgstcoretracers.so"
0:00:00.011795762  4406 0x56162133f320 LOG   GST_POLL gstpoll.c:994:gst_poll_fd_ctl_write: 0x561621363930: pfd->events now 60 (POLLOUT:4)
0:00:00.015979153  4405 0x56065852e320 DEBUG   GST_REGISTRY gstregistrychunks.c:887:_priv_gst_registry_chunks_load_plugin: Added plugin 'coretracers' plugin with 5 features from binary registry
0:00:00.011802008  4406 0x56162133f320 DEBUG   GST_POLL gstpoll.c:980:gst_poll_fd_ctl_write: 0x561621363930: fd (fd:0, idx:1), active : 1
0:00:00.015986054  4405 0x56065852e320 DEBUG   GST_REGISTRY gstregistrychunks.c:583:gst_registry_chunks_load_feature: Plugin 'coretracers' feature 'leaks' typename : 'GstTracerFactory'
0:00:00.011808007  4406 0x56162133f320 LOG   GST_POLL gstpoll.c:994:gst_poll_fd_ctl_write: 0x561621363930: pfd->events now 60 (POLLOUT:4)
0:00:00.011814750  4406 0x56162133f320 DEBUG   GST_POLL gstpoll.c:980:gst_poll_fd_ctl_write: 0x561621363930: fd (fd:0, idx:1), active : 1
0:00:00.011820254  4406 0x56162133f320 LOG   GST_POLL gstpoll.c:994:gst_poll_fd_ctl_write: 0x561621363930: pfd->events now 60 (POLLOUT:4)
0:00:00.015998243  4405 0x56065852e320 TRACE   GST_REFCOUNTING gstobject.c:208:gst_object_init: 0x560658553f40 new
0:00:00.011825985  4406 0x56162133f320 DEBUG   GST_POLL gstpoll.c:980:gst_poll_fd_ctl_write: 0x561621363930: fd (fd:0, idx:1), active : 1
0:00:00.016015147  4405 0x56065852e320 DEBUG   GST_REGISTRY gstregistrychunks.c:718:gst_registry_chunks_load_feature: Reading/casting for GstRegistryChunkPluginFeature at address 0x56065854ef08
0:00:00.011837113  4406 0x56162133f320 LOG   GST_POLL gstpoll.c:994:gst_poll_fd_ctl_write: 0x561621363930: pfd->events now 60 (POLLOUT:4)
0:00:00.016023020  4405 0x56065852e320 DEBUG   GST_REGISTRY gstregistry.c:590:gst_registry_add_feature: adding feature 0x560658553f40 (leaks)
0:00:00.011844309  4406 0x56162133f320 DEBUG   GST_POLL gstpoll.c:980:gst_poll_fd_ctl_write: 0x561621363930: fd (fd:0, idx:1), active : 1
0:00:00.011851649  4406 0x56162133f320 LOG   GST_POLL gstpoll.c:994:gst_poll_fd_ctl_write: 0x561621363930: pfd->events now 60 (POLLOUT:4)
0:00:00.016031146  4405 0x56065852e320 DEBUG   GST_REFCOUNTING gstobject.c:709:gst_object_set_parent: set parent (ref and sink)
0:00:00.011857448  4406 0x56162133f320 DEBUG   GST_POLL gstpoll.c:980:gst_poll_fd_ctl_write: 0x561621363930: fd (fd:0, idx:1), active : 1
0:00:00.016040359  4405 0x56065852e320 TRACE   GST_REFCOUNTING gstobject.c:294:gst_object_ref_sink: 0x560658553f40 ref_sink 1->2
0:00:00.011863477  4406 0x56162133f320 LOG   GST_POLL gstpoll.c:994:gst_poll_fd_ctl_write: 0x561621363930: pfd->events now 60 (POLLOUT:4)
0:00:00.016047154  4405 0x56065852e320 LOG   GST_REGISTRY gstregistry.c:608:gst_registry_add_feature: emitting feature-added for leaks
0:00:00.011869752  4406 0x56162133f320 DEBUG   GST_POLL gstpoll.c:980:gst_poll_fd_ctl_write: 0x561621363930: fd (fd:0, idx:1), active : 1
0:00:00.016054401  4405 0x56065852e320 DEBUG   GST_REGISTRY gstregistrychunks.c:741:gst_registry_chunks_load_feature: Added feature leaks, plugin 0x560658553b90 coretracers
0:00:00.011875838  4406 0x56162133f320 LOG   GST_POLL gstpoll.c:994:gst_poll_fd_ctl_write: 0x561621363930: pfd->events now 60 (POLLOUT:4)
0:00:00.016061016  4405 0x56065852e320 DEBUG   GST_REGISTRY gstregistrychunks.c:583:gst_registry_chunks_load_feature: Plugin 'coretracers' feature 'stats' typename : 'GstTracerFactory'
0:00:00.011883138  4406 0x56162133f320 DEBUG   GST_POLL gstpoll.c:980:gst_poll_fd_ctl_write: 0x561621363930: fd (fd:0, idx:1), active : 1
0:00:00.016068309  4405 0x56065852e320 TRACE   GST_REFCOUNTING gstobject.c:208:gst_object_init: 0x560658554090 new
0:00:00.011889635  4406 0x56162133f320 LOG   GST_POLL gstpoll.c:994:gst_poll_fd_ctl_write: 0x561621363930: pfd->events now 60 (POLLOUT:4)
0:00:00.016075537  4405 0x56065852e320 DEBUG   GST_REGISTRY gstregistrychunks.c:718:gst_registry_chunks_load_feature: Reading/casting for GstRegistryChunkPluginFeature at address 0x56065854ef28
0:00:00.011897311  4406 0x56162133f320 DEBUG   GST_POLL gstpoll.c:980:gst_poll_fd_ctl_write: 0x561621363930: fd (fd:0, idx:1), active : 1
0:00:00.016082565  4405 0x56065852e320 DEBUG   GST_REGISTRY gstregistry.c:590:gst_registry_add_feature: adding feature 0x560658554090 (stats)
0:00:00.011904214  4406 0x56162133f320 LOG   GST_POLL gstpoll.c:994:gst_poll_fd_ctl_write: 0x561621363930: pfd->events now 60 (POLLOUT:4)
0:00:00.016092585  4405 0x56065852e320 DEBUG   GST_REFCOUNTING gstobject.c:709:gst_object_set_parent: set parent (ref and sink)
0:00:00.011915479  4406 0x56162133f320 DEBUG   GST_POLL gstpoll.c:980:gst_poll_fd_ctl_write: 0x561621363930: fd (fd:0, idx:1), active : 1
0:00:00.016099778  4405 0x56065852e320 TRACE   GST_REFCOUNTING gstobject.c:294:gst_object_ref_sink: 0x560658554090 ref_sink 1->2
0:00:00.011921643  4406 0x56162133f320 LOG   GST_POLL gstpoll.c:994:gst_poll_fd_ctl_write: 0x561621363930: pfd->events now 60 (POLLOUT:4)
0:00:00.016106382  4405 0x56065852e320 LOG   GST_REGISTRY gstregistry.c:608:gst_registry_add_feature: emitting feature-added for stats
0:00:00.011929250  4406 0x56162133f320 LOG   GST_PLUGIN_LOADING gstpluginloader.c:646:put_chunk: Expanding tx buf from 7717 to 10158 for chunk of size 17
0:00:00.016112947  4405 0x56065852e320 DEBUG   GST_REGISTRY gstregistrychunks.c:741:gst_registry_chunks_load_feature: Added feature stats, plugin 0x560658553b90 coretracers
0:00:00.016119521  4405 0x56065852e320 DEBUG   GST_REGISTRY gstregistrychunks.c:583:gst_registry_chunks_load_feature: Plugin 'coretracers' feature 'rusage' typename : 'GstTracerFactory'
0:00:00.011940288  4406 0x56162133f320 DEBUG   GST_POLL gstpoll.c:980:gst_poll_fd_ctl_write: 0x561621363930: fd (fd:0, idx:1), active : 1
0:00:00.016125868  4405 0x56065852e320 TRACE   GST_REFCOUNTING gstobject.c:208:gst_object_init: 0x5606585541e0 new
0:00:00.011947622  4406 0x56162133f320 LOG   GST_POLL gstpoll.c:994:gst_poll_fd_ctl_write: 0x561621363930: pfd->events now 60 (POLLOUT:4)
0:00:00.016132948  4405 0x56065852e320 DEBUG   GST_REGISTRY gstregistrychunks.c:718:gst_registry_chunks_load_feature: Reading/casting for GstRegistryChunkPluginFeature at address 0x56065854ef48
0:00:00.011955103  4406 0x56162133f320 DEBUG   GST_POLL gstpoll.c:980:gst_poll_fd_ctl_write: 0x561621363930: fd (fd:0, idx:1), active : 1
0:00:00.016139757  4405 0x56065852e320 DEBUG   GST_REGISTRY gstregistry.c:590:gst_registry_add_feature: adding feature 0x5606585541e0 (rusage)
0:00:00.011961442  4406 0x56162133f320 LOG   GST_POLL gstpoll.c:994:gst_poll_fd_ctl_write: 0x561621363930: pfd->events now 60 (POLLOUT:4)
0:00:00.016145772  4405 0x56065852e320 DEBUG   GST_REFCOUNTING gstobject.c:709:gst_object_set_parent: set parent (ref and sink)
0:00:00.011968422  4406 0x56162133f320 DEBUG   GST_POLL gstpoll.c:980:gst_poll_fd_ctl_write: 0x561621363930: fd (fd:0, idx:1), active : 1
0:00:00.016159640  4405 0x56065852e320 TRACE   GST_REFCOUNTING gstobject.c:294:gst_object_ref_sink: 0x5606585541e0 ref_sink 1->2
0:00:00.011981248  4406 0x56162133f320 LOG   GST_POLL gstpoll.c:994:gst_poll_fd_ctl_write: 0x561621363930: pfd->events now 60 (POLLOUT:4)
0:00:00.016166589  4405 0x56065852e320 LOG   GST_REGISTRY gstregistry.c:608:gst_registry_add_feature: emitting feature-added for rusage
0:00:00.011989214  4406 0x56162133f320 DEBUG   GST_POLL gstpoll.c:980:gst_poll_fd_ctl_write: 0x561621363930: fd (fd:0, idx:1), active : 1
0:00:00.016173323  4405 0x56065852e320 DEBUG   GST_REGISTRY gstregistrychunks.c:741:gst_registry_chunks_load_feature: Added feature rusage, plugin 0x560658553b90 coretracers
0:00:00.012000012  4406 0x56162133f320 LOG   GST_POLL gstpoll.c:994:gst_poll_fd_ctl_write: 0x561621363930: pfd->events now 60 (POLLOUT:4)
0:00:00.016182429  4405 0x56065852e320 DEBUG   GST_REGISTRY gstregistrychunks.c:583:gst_registry_chunks_load_feature: Plugin 'coretracers' feature 'log' typename : 'GstTracerFactory'
0:00:00.012006467  4406 0x56162133f320 DEBUG   GST_POLL gstpoll.c:980:gst_poll_fd_ctl_write: 0x561621363930: fd (fd:0, idx:1), active : 1
0:00:00.016189412  4405 0x56065852e320 TRACE   GST_REFCOUNTING gstobject.c:208:gst_object_init: 0x560658554340 new
0:00:00.012012752  4406 0x56162133f320 LOG   GST_POLL gstpoll.c:994:gst_poll_fd_ctl_write: 0x561621363930: pfd->events now 60 (POLLOUT:4)
0:00:00.016196320  4405 0x56065852e320 DEBUG   GST_REGISTRY gstregistrychunks.c:718:gst_registry_chunks_load_feature: Reading/casting for GstRegistryChunkPluginFeature at address 0x56065854ef68
0:00:00.012018937  4406 0x56162133f320 DEBUG   GST_POLL gstpoll.c:980:gst_poll_fd_ctl_write: 0x561621363930: fd (fd:0, idx:1), active : 1
0:00:00.016203268  4405 0x56065852e320 DEBUG   GST_REGISTRY gstregistry.c:590:gst_registry_add_feature: adding feature 0x560658554340 (log)
0:00:00.012025028  4406 0x56162133f320 LOG   GST_POLL gstpoll.c:994:gst_poll_fd_ctl_write: 0x561621363930: pfd->events now 60 (POLLOUT:4)
0:00:00.016209296  4405 0x56065852e320 DEBUG   GST_REFCOUNTING gstobject.c:709:gst_object_set_parent: set parent (ref and sink)
0:00:00.012032128  4406 0x56162133f320 DEBUG   GST_POLL gstpoll.c:980:gst_poll_fd_ctl_write: 0x561621363930: fd (fd:0, idx:1), active : 1
0:00:00.016216212  4405 0x56065852e320 TRACE   GST_REFCOUNTING gstobject.c:294:gst_object_ref_sink: 0x560658554340 ref_sink 1->2
0:00:00.012038294  4406 0x56162133f320 LOG   GST_POLL gstpoll.c:994:gst_poll_fd_ctl_write: 0x561621363930: pfd->events now 60 (POLLOUT:4)
0:00:00.016222613  4405 0x56065852e320 LOG   GST_REGISTRY gstregistry.c:608:gst_registry_add_feature: emitting feature-added for log
0:00:00.012045313  4406 0x56162133f320 DEBUG   GST_POLL gstpoll.c:980:gst_poll_fd_ctl_write: 0x561621363930: fd (fd:0, idx:1), active : 1
0:00:00.016229354  4405 0x56065852e320 DEBUG   GST_REGISTRY gstregistrychunks.c:741:gst_registry_chunks_load_feature: Added feature log, plugin 0x560658553b90 coretracers
0:00:00.012051380  4406 0x56162133f320 LOG   GST_POLL gstpoll.c:994:gst_poll_fd_ctl_write: 0x561621363930: pfd->events now 60 (POLLOUT:4)
0:00:00.016235732  4405 0x56065852e320 DEBUG   GST_REGISTRY gstregistrychunks.c:583:gst_registry_chunks_load_feature: Plugin 'coretracers' feature 'latency' typename : 'GstTracerFactory'
0:00:00.012058122  4406 0x56162133f320 DEBUG   GST_POLL gstpoll.c:980:gst_poll_fd_ctl_write: 0x561621363930: fd (fd:0, idx:1), active : 1
0:00:00.016242416  4405 0x56065852e320 TRACE   GST_REFCOUNTING gstobject.c:208:gst_object_init: 0x5606585544a0 new
0:00:00.012064214  4406 0x56162133f320 LOG   GST_POLL gstpoll.c:994:gst_poll_fd_ctl_write: 0x561621363930: pfd->events now 60 (POLLOUT:4)
0:00:00.016253349  4405 0x56065852e320 DEBUG   GST_REGISTRY gstregistrychunks.c:718:gst_registry_chunks_load_feature: Reading/casting for GstRegistryChunkPluginFeature at address 0x56065854ef90
0:00:00.012075724  4406 0x56162133f320 DEBUG   GST_POLL gstpoll.c:980:gst_poll_fd_ctl_write: 0x561621363930: fd (fd:0, idx:1), active : 1
0:00:00.016272512  4405 0x56065852e320 DEBUG   GST_REGISTRY gstregistry.c:590:gst_registry_add_feature: adding feature 0x5606585544a0 (latency)
0:00:00.012094113  4406 0x56162133f320 LOG   GST_POLL gstpoll.c:994:gst_poll_fd_ctl_write: 0x561621363930: pfd->events now 60 (POLLOUT:4)
0:00:00.016278138  4405 0x56065852e320 DEBUG   GST_REFCOUNTING gstobject.c:709:gst_object_set_parent: set parent (ref and sink)
0:00:00.012100809  4406 0x56162133f320 DEBUG   GST_POLL gstpoll.c:980:gst_poll_fd_ctl_write: 0x561621363930: fd (fd:0, idx:1), active : 1
0:00:00.016284489  4405 0x56065852e320 TRACE   GST_REFCOUNTING gstobject.c:294:gst_object_ref_sink: 0x5606585544a0 ref_sink 1->2
0:00:00.012106627  4406 0x56162133f320 LOG   GST_POLL gstpoll.c:994:gst_poll_fd_ctl_write: 0x561621363930: pfd->events now 60 (POLLOUT:4)
0:00:00.016290495  4405 0x56065852e320 LOG   GST_REGISTRY gstregistry.c:608:gst_registry_add_feature: emitting feature-added for latency
0:00:00.012113033  4406 0x56162133f320 DEBUG   GST_POLL gstpoll.c:980:gst_poll_fd_ctl_write: 0x561621363930: fd (fd:0, idx:1), active : 1
0:00:00.016296714  4405 0x56065852e320 DEBUG   GST_REGISTRY gstregistrychunks.c:741:gst_registry_chunks_load_feature: Added feature latency, plugin 0x560658553b90 coretracers
0:00:00.012118799  4406 0x56162133f320 LOG   GST_POLL gstpoll.c:994:gst_poll_fd_ctl_write: 0x561621363930: pfd->events now 60 (POLLOUT:4)
0:00:00.016303177  4405 0x56065852e320 LOG   GST_PLUGIN_LOADING gstpluginloader.c:889:handle_rx_packet: marking plugin 0x560658553b90 as registered as /home/conan/w/prod/BuildSingleReference/.conan/data/gstreamer/1.18.4/_/_/package/d5d34cb95e58eb395d954c026f8b3b95a47b8905/lib/gstreamer-1.0/libgstcoretracers.so
0:00:00.012125280  4406 0x56162133f320 TRACE   GST_REFCOUNTING gstobject.c:265:gst_object_unref: 0x5616213652b0 unref 2->1
0:00:00.012131901  4406 0x56162133f320 DEBUG   GST_POLL gstpoll.c:1241:gst_poll_fd_has_error: 0x561621363930: fd (fd:0, idx:1) 0
0:00:00.016312756  4405 0x56065852e320 DEBUG   GST_POLL gstpoll.c:1414:gst_poll_wait: 0x560658553530: timeout :0:00:01.000000000
0:00:00.012137451  4406 0x56162133f320 DEBUG   GST_POLL gstpoll.c:1335:gst_poll_fd_can_write: 0x561621363930: fd (fd:0, idx:1) 1
0:00:00.012143093  4406 0x56162133f320 LOG   GST_PLUGIN_LOADING gstpluginloader.c:690:write_one: Writing packet of size 6872 bytes to fd 0
0:00:00.012160357  4406 0x56162133f320 DEBUG   GST_POLL gstpoll.c:1414:gst_poll_wait: 0x561621363930: timeout :0:00:01.000000000
0:00:00.012168057  4406 0x56162133f320 LOG   GST_PLUGIN_LOADING gstpluginloader.c:1028:exchange_packets: Poll res = 2. 488 bytes pending for write
0:00:00.016362549  4405 0x56065852e320 LOG   GST_PLUGIN_LOADING gstpluginloader.c:1028:exchange_packets: Poll res = 1. 0 bytes pending for write
0:00:00.012191054  4406 0x56162133f320 DEBUG   GST_POLL gstpoll.c:1241:gst_poll_fd_has_error: 0x561621363930: fd (fd:5, idx:2) 0
0:00:00.016377297  4405 0x56065852e320 DEBUG   GST_POLL gstpoll.c:1241:gst_poll_fd_has_error: 0x560658553530: fd (fd:8, idx:2) 0
0:00:00.016383721  4405 0x56065852e320 DEBUG   GST_POLL gstpoll.c:1266:gst_poll_fd_can_read_unlocked: 0x560658553530: fd (fd:8, idx:2) 1
0:00:00.012202815  4406 0x56162133f320 DEBUG   GST_POLL gstpoll.c:1266:gst_poll_fd_can_read_unlocked: 0x561621363930: fd (fd:5, idx:2) 1
0:00:00.016390992  4405 0x56065852e320 LOG   GST_PLUGIN_LOADING gstpluginloader.c:986:read_one: Expanding rx buf from 512 to 7384
0:00:00.012214879  4406 0x56162133f320 DEBUG   GST_PLUGIN_LOADING gstpluginloader.c:722:do_plugin_load: Plugin scanner loading file /home/conan/w/prod/BuildSingleReference/.conan/data/gstreamer/1.18.4/_/_/package/d5d34cb95e58eb395d954c026f8b3b95a47b8905/lib/gstreamer-1.0/libgstcoreelements.so. tag 3
0:00:00.012222139  4406 0x56162133f320 TRACE   GST_REFCOUNTING gstobject.c:238:gst_object_ref: 0x561621367620 ref 1->2
0:00:00.016407543  4405 0x56065852e320 DEBUG   GST_PLUGIN_LOADING gstpluginloader.c:850:handle_rx_packet: Received plugin details from child w/ tag 1. 6860 bytes info
0:00:00.012228452  4406 0x56162133f320 TRACE   GST_REFCOUNTING gstobject.c:238:gst_object_ref: 0x561621386160 ref 1->2
0:00:00.016413778  4405 0x56065852e320 LOG   GST_REGISTRY gstregistrychunks.c:837:_priv_gst_registry_chunks_load_plugin: Reading/casting for GstRegistryChunkPluginElement at address 0x560658554570
0:00:00.012236419  4406 0x56162133f320 TRACE   GST_REFCOUNTING gstobject.c:238:gst_object_ref: 0x561621385470 ref 1->2
0:00:00.016420627  4405 0x56065852e320 TRACE   GST_REFCOUNTING gstobject.c:208:gst_object_init: 0x560658556250 new
0:00:00.012242783  4406 0x56162133f320 TRACE   GST_REFCOUNTING gstobject.c:238:gst_object_ref: 0x561621383990 ref 1->2
0:00:00.012249251  4406 0x56162133f320 TRACE   GST_REFCOUNTING gstobject.c:238:gst_object_ref: 0x5616213829a0 ref 1->2
0:00:00.016430104  4405 0x56065852e320 LOG   GST_REGISTRY gstregistrychunks.c:858:_priv_gst_registry_chunks_load_plugin: read strings for name='coreelements'
0:00:00.012255258  4406 0x56162133f320 TRACE   GST_REFCOUNTING gstobject.c:238:gst_object_ref: 0x5616213815c0 ref 1->2
0:00:00.016437275  4405 0x56065852e320 LOG   GST_REGISTRY gstregistrychunks.c:859:_priv_gst_registry_chunks_load_plugin: desc.description='GStreamer core elements'
0:00:00.012261637  4406 0x56162133f320 TRACE   GST_REFCOUNTING gstobject.c:238:gst_object_ref: 0x561621380140 ref 1->2
0:00:00.016443555  4405 0x56065852e320 LOG   GST_REGISTRY gstregistrychunks.c:860:_priv_gst_registry_chunks_load_plugin: filename='/home/conan/w/prod/BuildSingleReference/.conan/data/gstreamer/1.18.4/_/_/package/d5d34cb95e58eb395d954c026f8b3b95a47b8905/lib/gstreamer-1.0/libgstcoreelements.so'
0:00:00.012267991  4406 0x56162133f320 TRACE   GST_REFCOUNTING gstobject.c:238:gst_object_ref: 0x56162137e990 ref 1->2
0:00:00.016449472  4405 0x56065852e320 LOG   GST_REGISTRY gstregistrychunks.c:861:_priv_gst_registry_chunks_load_plugin: desc.version='1.18.4'
0:00:00.012281335  4406 0x56162133f320 TRACE   GST_REFCOUNTING gstobject.c:238:gst_object_ref: 0x56162137c5e0 ref 1->2
0:00:00.016463158  4405 0x56065852e320 LOG   GST_REGISTRY gstregistrychunks.c:862:_priv_gst_registry_chunks_load_plugin: desc.license='LGPL'
0:00:00.012287948  4406 0x56162133f320 TRACE   GST_REFCOUNTING gstobject.c:238:gst_object_ref: 0x56162137b4c0 ref 1->2
0:00:00.016469267  4405 0x56065852e320 LOG   GST_REGISTRY gstregistrychunks.c:863:_priv_gst_registry_chunks_load_plugin: desc.source='gstreamer'
0:00:00.012294496  4406 0x56162133f320 TRACE   GST_REFCOUNTING gstobject.c:238:gst_object_ref: 0x56162137a150 ref 1->2
0:00:00.016475833  4405 0x56065852e320 LOG   GST_REGISTRY gstregistrychunks.c:864:_priv_gst_registry_chunks_load_plugin: desc.package='GStreamer source release'
0:00:00.012300646  4406 0x56162133f320 TRACE   GST_REFCOUNTING gstobject.c:238:gst_object_ref: 0x561621378c30 ref 1->2
0:00:00.016482245  4405 0x56065852e320 LOG   GST_REGISTRY gstregistrychunks.c:865:_priv_gst_registry_chunks_load_plugin: desc.origin='Unknown package origin'
0:00:00.012306917  4406 0x56162133f320 TRACE   GST_REFCOUNTING gstobject.c:238:gst_object_ref: 0x561621377f20 ref 1->2
0:00:00.016488239  4405 0x56065852e320 LOG   GST_REGISTRY gstregistrychunks.c:866:_priv_gst_registry_chunks_load_plugin: desc.datetime=2021-03-15
0:00:00.012313125  4406 0x56162133f320 TRACE   GST_REFCOUNTING gstobject.c:238:gst_object_ref: 0x561621377140 ref 1->2
0:00:00.016496028  4405 0x56065852e320 DEBUG   GST_REGISTRY gstregistry.c:474:gst_registry_add_plugin: adding plugin 0x560658556250 for filename "/home/conan/w/prod/BuildSingleReference/.conan/data/gstreamer/1.18.4/_/_/package/d5d34cb95e58eb395d954c026f8b3b95a47b8905/lib/gstreamer-1.0/libgstcoreelements.so"
0:00:00.012319342  4406 0x56162133f320 TRACE   GST_REFCOUNTING gstobject.c:238:gst_object_ref: 0x5616213762e0 ref 1->2
0:00:00.016503068  4405 0x56065852e320 TRACE   GST_REFCOUNTING gstobject.c:294:gst_object_ref_sink: 0x560658556250 ref_sink 1->2
0:00:00.012325548  4406 0x56162133f320 TRACE   GST_REFCOUNTING gstobject.c:238:gst_object_ref: 0x561621373e30 ref 1->2
0:00:00.016509571  4405 0x56065852e320 LOG   GST_REGISTRY gstregistry.c:487:gst_registry_add_plugin: emitting plugin-added for filename "/home/conan/w/prod/BuildSingleReference/.conan/data/gstreamer/1.18.4/_/_/package/d5d34cb95e58eb395d954c026f8b3b95a47b8905/lib/gstreamer-1.0/libgstcoreelements.so"
0:00:00.012333271  4406 0x56162133f320 TRACE   GST_REFCOUNTING gstobject.c:238:gst_object_ref: 0x561621371840 ref 1->2
0:00:00.016516029  4405 0x56065852e320 DEBUG   GST_REGISTRY gstregistrychunks.c:887:_priv_gst_registry_chunks_load_plugin: Added plugin 'coreelements' plugin with 22 features from binary registry
0:00:00.012339647  4406 0x56162133f320 TRACE   GST_REFCOUNTING gstobject.c:238:gst_object_ref: 0x56162136fbd0 ref 1->2
0:00:00.016522517  4405 0x56065852e320 DEBUG   GST_REGISTRY gstregistrychunks.c:583:gst_registry_chunks_load_feature: Plugin 'coreelements' feature 'streamiddemux' typename : 'GstElementFactory'
0:00:00.012346029  4406 0x56162133f320 TRACE   GST_REFCOUNTING gstobject.c:238:gst_object_ref: 0x56162136ea00 ref 1->2
0:00:00.012354973  4406 0x56162133f320 TRACE   GST_REFCOUNTING gstobject.c:238:gst_object_ref: 0x56162136ca60 ref 1->2
0:00:00.016535020  4405 0x56065852e320 TRACE   GST_REFCOUNTING gstobject.c:208:gst_object_init: 0x5606585538c0 new
0:00:00.012360859  4406 0x56162133f320 TRACE   GST_REFCOUNTING gstobject.c:238:gst_object_ref: 0x56162136bc20 ref 1->2
0:00:00.016543491  4405 0x56065852e320 LOG   GST_REGISTRY gstregistrychunks.c:610:gst_registry_chunks_load_feature: Reading/casting for GstRegistryChunkElementFactory at address 0x5606585546c8
0:00:00.012367245  4406 0x56162133f320 TRACE   GST_REFCOUNTING gstobject.c:238:gst_object_ref: 0x56162136af40 ref 1->2
0:00:00.016568381  4405 0x56065852e320 TRACE   structure gststructure.c:287:gst_structure_new_id_empty_with_size: created structure 0x560658556380
0:00:00.012391232  4406 0x56162133f320 TRACE   GST_REFCOUNTING gstobject.c:238:gst_object_ref: 0x561621369040 ref 1->2
0:00:00.016575382  4405 0x56065852e320 DEBUG   structure gststructure.c:2203:gst_structure_parse_field: trying field name 'long-name'
0:00:00.012398609  4406 0x56162133f320 DEBUG   GST_REGISTRY gstregistrychunks.c:265:gst_registry_chunks_save_feature: saved 0 interfaces 0 pad templates
0:00:00.016586724  4405 0x56065852e320 DEBUG   default gstvalue.c:2676:_priv_gst_value_parse_value: trying type name 'string'
0:00:00.012409849  4406 0x56162133f320 DEBUG   GST_REGISTRY gstregistrychunks.c:265:gst_registry_chunks_save_feature: saved 0 interfaces 0 pad templates
0:00:00.016597423  4405 0x56065852e320 DEBUG   structure gststructure.c:2203:gst_structure_parse_field: trying field name 'klass'
0:00:00.012418848  4406 0x56162133f320 DEBUG   GST_REGISTRY gstregistrychunks.c:265:gst_registry_chunks_save_feature: saved 0 interfaces 0 pad templates
0:00:00.016604013  4405 0x56065852e320 DEBUG   default gstvalue.c:2676:_priv_gst_value_parse_value: trying type name 'string'
0:00:00.012428857  4406 0x56162133f320 DEBUG   GST_REGISTRY gstregistrychunks.c:265:gst_registry_chunks_save_feature: saved 1 interfaces 0 pad templates
0:00:00.016610687  4405 0x56065852e320 DEBUG   structure gststructure.c:2203:gst_structure_parse_field: trying field name 'description'
0:00:00.012435340  4406 0x56162133f320 DEBUG   GST_REGISTRY gstregistrychunks.c:284:gst_registry_chunks_save_feature: Saved 1 UriTypes
0:00:00.016616986  4405 0x56065852e320 DEBUG   default gstvalue.c:2676:_priv_gst_value_parse_value: trying type name 'string'
0:00:00.012444559  4406 0x56162133f320 DEBUG   GST_REGISTRY gstregistrychunks.c:265:gst_registry_chunks_save_feature: saved 0 interfaces 0 pad templates
0:00:00.016624554  4405 0x56065852e320 DEBUG   structure gststructure.c:2203:gst_structure_parse_field: trying field name 'author'
0:00:00.012452807  4406 0x56162133f320 DEBUG   GST_REGISTRY gstregistrychunks.c:265:gst_registry_chunks_save_feature: saved 0 interfaces 0 pad templates
0:00:00.016636743  4405 0x56065852e320 DEBUG   default gstvalue.c:2676:_priv_gst_value_parse_value: trying type name 'string'
0:00:00.012462274  4406 0x56162133f320 DEBUG   GST_REGISTRY gstregistrychunks.c:265:gst_registry_chunks_save_feature: saved 0 interfaces 0 pad templates
0:00:00.016643887  4405 0x56065852e320 DEBUG   GST_REGISTRY gstregistrychunks.c:626:gst_registry_chunks_load_feature: Element factory : npadtemplates=2
0:00:00.016650463  4405 0x56065852e320 DEBUG   GST_REGISTRY gstregistrychunks.c:526:gst_registry_chunks_load_pad_template: Reading/casting for GstRegistryChunkPadTemplate at address 0x5606585547a0
0:00:00.012471222  4406 0x56162133f320 DEBUG   GST_REGISTRY gstregistrychunks.c:265:gst_registry_chunks_save_feature: saved 1 interfaces 0 pad templates
0:00:00.016658305  4405 0x56065852e320 DEBUG   GST_REGISTRY gstregistrychunks.c:539:gst_registry_chunks_load_pad_template: Added pad_template src_%u
0:00:00.012478549  4406 0x56162133f320 DEBUG   GST_REGISTRY gstregistrychunks.c:284:gst_registry_chunks_save_feature: Saved 1 UriTypes
0:00:00.016664255  4405 0x56065852e320 DEBUG   GST_REGISTRY gstregistrychunks.c:526:gst_registry_chunks_load_pad_template: Reading/casting for GstRegistryChunkPadTemplate at address 0x5606585547b8
0:00:00.012488881  4406 0x56162133f320 DEBUG   GST_REGISTRY gstregistrychunks.c:265:gst_registry_chunks_save_feature: saved 1 interfaces 0 pad templates
0:00:00.016670491  4405 0x56065852e320 DEBUG   GST_REGISTRY gstregistrychunks.c:539:gst_registry_chunks_load_pad_template: Added pad_template sink
0:00:00.012494914  4406 0x56162133f320 DEBUG   GST_REGISTRY gstregistrychunks.c:284:gst_registry_chunks_save_feature: Saved 1 UriTypes
0:00:00.016678416  4405 0x56065852e320 DEBUG   GST_REGISTRY gstregistry.c:590:gst_registry_add_feature: adding feature 0x5606585538c0 (streamiddemux)
0:00:00.012514411  4406 0x56162133f320 DEBUG   GST_REGISTRY gstregistrychunks.c:265:gst_registry_chunks_save_feature: saved 1 interfaces 0 pad templates
0:00:00.016697773  4405 0x56065852e320 DEBUG   GST_REFCOUNTING gstobject.c:709:gst_object_set_parent: set parent (ref and sink)
0:00:00.012520295  4406 0x56162133f320 DEBUG   GST_REGISTRY gstregistrychunks.c:284:gst_registry_chunks_save_feature: Saved 1 UriTypes
0:00:00.016704769  4405 0x56065852e320 TRACE   GST_REFCOUNTING gstobject.c:294:gst_object_ref_sink: 0x5606585538c0 ref_sink 1->2
0:00:00.012528103  4406 0x56162133f320 DEBUG   GST_REGISTRY gstregistrychunks.c:265:gst_registry_chunks_save_feature: saved 0 interfaces 0 pad templates
0:00:00.016711285  4405 0x56065852e320 LOG   GST_REGISTRY gstregistry.c:608:gst_registry_add_feature: emitting feature-added for streamiddemux
0:00:00.012536040  4406 0x56162133f320 DEBUG   GST_REGISTRY gstregistrychunks.c:265:gst_registry_chunks_save_feature: saved 0 interfaces 0 pad templates
0:00:00.016717963  4405 0x56065852e320 DEBUG   GST_REGISTRY gstregistrychunks.c:741:gst_registry_chunks_load_feature: Added feature streamiddemux, plugin 0x560658556250 coreelements
0:00:00.012543481  4406 0x56162133f320 DEBUG   GST_REGISTRY gstregistrychunks.c:265:gst_registry_chunks_save_feature: saved 0 interfaces 0 pad templates
0:00:00.016728609  4405 0x56065852e320 DEBUG   GST_REGISTRY gstregistrychunks.c:583:gst_registry_chunks_load_feature: Plugin 'coreelements' feature 'valve' typename : 'GstElementFactory'
0:00:00.012553264  4406 0x56162133f320 DEBUG   GST_REGISTRY gstregistrychunks.c:265:gst_registry_chunks_save_feature: saved 0 interfaces 0 pad templates
0:00:00.016735420  4405 0x56065852e320 TRACE   GST_REFCOUNTING gstobject.c:208:gst_object_init: 0x56065855e1f0 new
0:00:00.012561117  4406 0x56162133f320 DEBUG   GST_REGISTRY gstregistrychunks.c:265:gst_registry_chunks_save_feature: saved 0 interfaces 0 pad templates
0:00:00.016742425  4405 0x56065852e320 LOG   GST_REGISTRY gstregistrychunks.c:610:gst_registry_chunks_load_feature: Reading/casting for GstRegistryChunkElementFactory at address 0x5606585547e8
