0:00:00.012568695  4406 0x56162133f320 DEBUG   GST_REGISTRY gstregistrychunks.c:265:gst_registry_chunks_save_feature: saved 0 interfaces 0 pad templates
0:00:00.016749449  4405 0x56065852e320 TRACE   structure gststructure.c:287:gst_structure_new_id_empty_with_size: created structure 0x560658556660
0:00:00.012576633  4406 0x56162133f320 DEBUG   GST_REGISTRY gstregistrychunks.c:265:gst_registry_chunks_save_feature: saved 1 interfaces 0 pad templates
0:00:00.016756691  4405 0x56065852e320 DEBUG   structure gststructure.c:2203:gst_structure_parse_field: trying field name 'long-name'
0:00:00.012582569  4406 0x56162133f320 DEBUG   GST_REGISTRY gstregistrychunks.c:284:gst_registry_chunks_save_feature: Saved 1 UriTypes
0:00:00.016764775  4405 0x56065852e320 DEBUG   default gstvalue.c:2676:_priv_gst_value_parse_value: trying type name 'string'
0:00:00.012590288  4406 0x56162133f320 DEBUG   GST_REGISTRY gstregistrychunks.c:265:gst_registry_chunks_save_feature: saved 0 interfaces 0 pad templates
0:00:00.016771099  4405 0x56065852e320 DEBUG   structure gststructure.c:2203:gst_structure_parse_field: trying field name 'klass'
0:00:00.016778111  4405 0x56065852e320 DEBUG   default gstvalue.c:2676:_priv_gst_value_parse_value: trying type name 'string'
0:00:00.012598275  4406 0x56162133f320 DEBUG   GST_REGISTRY gstregistrychunks.c:265:gst_registry_chunks_save_feature: saved 0 interfaces 0 pad templates
0:00:00.016783627  4405 0x56065852e320 DEBUG   structure gststructure.c:2203:gst_structure_parse_field: trying field name 'description'
0:00:00.012607867  4406 0x56162133f320 DEBUG   GST_REGISTRY gstregistrychunks.c:265:gst_registry_chunks_save_feature: saved 0 interfaces 0 pad templates
0:00:00.016789468  4405 0x56065852e320 DEBUG   default gstvalue.c:2676:_priv_gst_value_parse_value: trying type name 'string'
0:00:00.012615965  4406 0x56162133f320 DEBUG   GST_REGISTRY gstregistrychunks.c:265:gst_registry_chunks_save_feature: saved 0 interfaces 0 pad templates
0:00:00.016796939  4405 0x56065852e320 DEBUG   structure gststructure.c:2203:gst_structure_parse_field: trying field name 'author'
0:00:00.016803642  4405 0x56065852e320 DEBUG   default gstvalue.c:2676:_priv_gst_value_parse_value: trying type name 'string'
0:00:00.012624098  4406 0x56162133f320 DEBUG   GST_REGISTRY gstregistrychunks.c:265:gst_registry_chunks_save_feature: saved 0 interfaces 0 pad templates
0:00:00.016814393  4405 0x56065852e320 DEBUG   GST_REGISTRY gstregistrychunks.c:626:gst_registry_chunks_load_feature: Element factory : npadtemplates=2
0:00:00.012637946  4406 0x56162133f320 TRACE   GST_REFCOUNTING gstobject.c:265:gst_object_unref: 0x561621369040 unref 2->1
0:00:00.016820218  4405 0x56065852e320 DEBUG   GST_REGISTRY gstregistrychunks.c:526:gst_registry_chunks_load_pad_template: Reading/casting for GstRegistryChunkPadTemplate at address 0x5606585548d8
0:00:00.012645111  4406 0x56162133f320 TRACE   GST_REFCOUNTING gstobject.c:265:gst_object_unref: 0x56162136af40 unref 2->1
0:00:00.016826495  4405 0x56065852e320 DEBUG   GST_REGISTRY gstregistrychunks.c:539:gst_registry_chunks_load_pad_template: Added pad_template sink
0:00:00.012651664  4406 0x56162133f320 TRACE   GST_REFCOUNTING gstobject.c:265:gst_object_unref: 0x56162136bc20 unref 2->1
0:00:00.016833161  4405 0x56065852e320 DEBUG   GST_REGISTRY gstregistrychunks.c:526:gst_registry_chunks_load_pad_template: Reading/casting for GstRegistryChunkPadTemplate at address 0x5606585548f0
0:00:00.012658123  4406 0x56162133f320 TRACE   GST_REFCOUNTING gstobject.c:265:gst_object_unref: 0x56162136ca60 unref 2->1
0:00:00.016839887  4405 0x56065852e320 DEBUG   GST_REGISTRY gstregistrychunks.c:539:gst_registry_chunks_load_pad_template: Added pad_template src
0:00:00.012664611  4406 0x56162133f320 TRACE   GST_REFCOUNTING gstobject.c:265:gst_object_unref: 0x56162136ea00 unref 2->1
0:00:00.016847303  4405 0x56065852e320 DEBUG   GST_REGISTRY gstregistry.c:590:gst_registry_add_feature: adding feature 0x56065855e1f0 (valve)
0:00:00.012670843  4406 0x56162133f320 TRACE   GST_REFCOUNTING gstobject.c:265:gst_object_unref: 0x56162136fbd0 unref 2->1
0:00:00.016853233  4405 0x56065852e320 DEBUG   GST_REFCOUNTING gstobject.c:709:gst_object_set_parent: set parent (ref and sink)
0:00:00.012677117  4406 0x56162133f320 TRACE   GST_REFCOUNTING gstobject.c:265:gst_object_unref: 0x561621371840 unref 2->1
0:00:00.016859955  4405 0x56065852e320 TRACE   GST_REFCOUNTING gstobject.c:294:gst_object_ref_sink: 0x56065855e1f0 ref_sink 1->2
0:00:00.012683362  4406 0x56162133f320 TRACE   GST_REFCOUNTING gstobject.c:265:gst_object_unref: 0x561621373e30 unref 2->1
0:00:00.016866180  4405 0x56065852e320 LOG   GST_REGISTRY gstregistry.c:608:gst_registry_add_feature: emitting feature-added for valve
0:00:00.012689472  4406 0x56162133f320 TRACE   GST_REFCOUNTING gstobject.c:265:gst_object_unref: 0x5616213762e0 unref 2->1
0:00:00.016872446  4405 0x56065852e320 DEBUG   GST_REGISTRY gstregistrychunks.c:741:gst_registry_chunks_load_feature: Added feature valve, plugin 0x560658556250 coreelements
0:00:00.012695653  4406 0x56162133f320 TRACE   GST_REFCOUNTING gstobject.c:265:gst_object_unref: 0x561621377140 unref 2->1
0:00:00.016878515  4405 0x56065852e320 DEBUG   GST_REGISTRY gstregistrychunks.c:583:gst_registry_chunks_load_feature: Plugin 'coreelements' feature 'multiqueue' typename : 'GstElementFactory'
0:00:00.012706192  4406 0x56162133f320 TRACE   GST_REFCOUNTING gstobject.c:265:gst_object_unref: 0x561621377f20 unref 2->1
0:00:00.016888829  4405 0x56065852e320 TRACE   GST_REFCOUNTING gstobject.c:208:gst_object_init: 0x5606585568b0 new
0:00:00.012712352  4406 0x56162133f320 TRACE   GST_REFCOUNTING gstobject.c:265:gst_object_unref: 0x561621378c30 unref 2->1
0:00:00.016895597  4405 0x56065852e320 LOG   GST_REGISTRY gstregistrychunks.c:610:gst_registry_chunks_load_feature: Reading/casting for GstRegistryChunkElementFactory at address 0x560658554920
0:00:00.012718495  4406 0x56162133f320 TRACE   GST_REFCOUNTING gstobject.c:265:gst_object_unref: 0x56162137a150 unref 2->1
0:00:00.016901688  4405 0x56065852e320 TRACE   structure gststructure.c:287:gst_structure_new_id_empty_with_size: created structure 0x560658556a30
0:00:00.012724725  4406 0x56162133f320 TRACE   GST_REFCOUNTING gstobject.c:265:gst_object_unref: 0x56162137b4c0 unref 2->1
0:00:00.016907373  4405 0x56065852e320 DEBUG   structure gststructure.c:2203:gst_structure_parse_field: trying field name 'long-name'
0:00:00.012730935  4406 0x56162133f320 TRACE   GST_REFCOUNTING gstobject.c:265:gst_object_unref: 0x56162137c5e0 unref 2->1
0:00:00.016912973  4405 0x56065852e320 DEBUG   default gstvalue.c:2676:_priv_gst_value_parse_value: trying type name 'string'
0:00:00.012737117  4406 0x56162133f320 TRACE   GST_REFCOUNTING gstobject.c:265:gst_object_unref: 0x56162137e990 unref 2->1
0:00:00.016919059  4405 0x56065852e320 DEBUG   structure gststructure.c:2203:gst_structure_parse_field: trying field name 'klass'
0:00:00.012743369  4406 0x56162133f320 TRACE   GST_REFCOUNTING gstobject.c:265:gst_object_unref: 0x561621380140 unref 2->1
0:00:00.016924941  4405 0x56065852e320 DEBUG   default gstvalue.c:2676:_priv_gst_value_parse_value: trying type name 'string'
0:00:00.012749547  4406 0x56162133f320 TRACE   GST_REFCOUNTING gstobject.c:265:gst_object_unref: 0x5616213815c0 unref 2->1
0:00:00.016931557  4405 0x56065852e320 DEBUG   structure gststructure.c:2203:gst_structure_parse_field: trying field name 'description'
0:00:00.012755903  4406 0x56162133f320 TRACE   GST_REFCOUNTING gstobject.c:265:gst_object_unref: 0x5616213829a0 unref 2->1
0:00:00.016937863  4405 0x56065852e320 DEBUG   default gstvalue.c:2676:_priv_gst_value_parse_value: trying type name 'string'
0:00:00.012762046  4406 0x56162133f320 TRACE   GST_REFCOUNTING gstobject.c:265:gst_object_unref: 0x561621383990 unref 2->1
0:00:00.016944075  4405 0x56065852e320 DEBUG   structure gststructure.c:2203:gst_structure_parse_field: trying field name 'author'
0:00:00.012768241  4406 0x56162133f320 TRACE   GST_REFCOUNTING gstobject.c:265:gst_object_unref: 0x561621385470 unref 2->1
0:00:00.016949847  4405 0x56065852e320 DEBUG   default gstvalue.c:2676:_priv_gst_value_parse_value: trying type name 'string'
0:00:00.012774501  4406 0x56162133f320 TRACE   GST_REFCOUNTING gstobject.c:265:gst_object_unref: 0x561621386160 unref 2->1
0:00:00.016960737  4405 0x56065852e320 DEBUG   GST_REGISTRY gstregistrychunks.c:626:gst_registry_chunks_load_feature: Element factory : npadtemplates=2
0:00:00.012784302  4406 0x56162133f320 DEBUG   GST_REGISTRY gstregistrychunks.c:498:_priv_gst_registry_chunks_save_plugin: Found 22 features in plugin 0x561621367620 (coreelements)
0:00:00.016966335  4405 0x56065852e320 DEBUG   GST_REGISTRY gstregistrychunks.c:526:gst_registry_chunks_load_pad_template: Reading/casting for GstRegistryChunkPadTemplate at address 0x5606585549e0
0:00:00.012790666  4406 0x56162133f320 DEBUG   GST_POLL gstpoll.c:980:gst_poll_fd_ctl_write: 0x561621363930: fd (fd:0, idx:1), active : 1
0:00:00.016972189  4405 0x56065852e320 DEBUG   GST_REGISTRY gstregistrychunks.c:539:gst_registry_chunks_load_pad_template: Added pad_template src_%u
0:00:00.012796759  4406 0x56162133f320 LOG   GST_POLL gstpoll.c:994:gst_poll_fd_ctl_write: 0x561621363930: pfd->events now 60 (POLLOUT:4)
0:00:00.016978210  4405 0x56065852e320 DEBUG   GST_REGISTRY gstregistrychunks.c:526:gst_registry_chunks_load_pad_template: Reading/casting for GstRegistryChunkPadTemplate at address 0x5606585549f8
0:00:00.012803038  4406 0x56162133f320 DEBUG   GST_POLL gstpoll.c:980:gst_poll_fd_ctl_write: 0x561621363930: fd (fd:0, idx:1), active : 1
0:00:00.016984906  4405 0x56065852e320 DEBUG   GST_REGISTRY gstregistrychunks.c:539:gst_registry_chunks_load_pad_template: Added pad_template sink_%u
0:00:00.012808767  4406 0x56162133f320 LOG   GST_POLL gstpoll.c:994:gst_poll_fd_ctl_write: 0x561621363930: pfd->events now 60 (POLLOUT:4)
0:00:00.016991789  4405 0x56065852e320 DEBUG   GST_REGISTRY gstregistry.c:590:gst_registry_add_feature: adding feature 0x5606585568b0 (multiqueue)
0:00:00.012814777  4406 0x56162133f320 DEBUG   GST_POLL gstpoll.c:980:gst_poll_fd_ctl_write: 0x561621363930: fd (fd:0, idx:1), active : 1
0:00:00.016997497  4405 0x56065852e320 DEBUG   GST_REFCOUNTING gstobject.c:709:gst_object_set_parent: set parent (ref and sink)
0:00:00.012820454  4406 0x56162133f320 LOG   GST_POLL gstpoll.c:994:gst_poll_fd_ctl_write: 0x561621363930: pfd->events now 60 (POLLOUT:4)
0:00:00.017004552  4405 0x56065852e320 TRACE   GST_REFCOUNTING gstobject.c:294:gst_object_ref_sink: 0x5606585568b0 ref_sink 1->2
0:00:00.017010880  4405 0x56065852e320 LOG   GST_REGISTRY gstregistry.c:608:gst_registry_add_feature: emitting feature-added for multiqueue
0:00:00.012826507  4406 0x56162133f320 DEBUG   GST_POLL gstpoll.c:980:gst_poll_fd_ctl_write: 0x561621363930: fd (fd:0, idx:1), active : 1
0:00:00.017016942  4405 0x56065852e320 DEBUG   GST_REGISTRY gstregistrychunks.c:741:gst_registry_chunks_load_feature: Added feature multiqueue, plugin 0x560658556250 coreelements
0:00:00.012838648  4406 0x56162133f320 LOG   GST_POLL gstpoll.c:994:gst_poll_fd_ctl_write: 0x561621363930: pfd->events now 60 (POLLOUT:4)
0:00:00.017023012  4405 0x56065852e320 DEBUG   GST_REGISTRY gstregistrychunks.c:583:gst_registry_chunks_load_feature: Plugin 'coreelements' feature 'typefind' typename : 'GstElementFactory'
0:00:00.012845383  4406 0x56162133f320 DEBUG   GST_POLL gstpoll.c:980:gst_poll_fd_ctl_write: 0x561621363930: fd (fd:0, idx:1), active : 1
0:00:00.017033927  4405 0x56065852e320 TRACE   GST_REFCOUNTING gstobject.c:208:gst_object_init: 0x560658556cb0 new
0:00:00.012855277  4406 0x56162133f320 LOG   GST_POLL gstpoll.c:994:gst_poll_fd_ctl_write: 0x561621363930: pfd->events now 60 (POLLOUT:4)
0:00:00.017040849  4405 0x56065852e320 LOG   GST_REGISTRY gstregistrychunks.c:610:gst_registry_chunks_load_feature: Reading/casting for GstRegistryChunkElementFactory at address 0x560658554a28
0:00:00.012862704  4406 0x56162133f320 DEBUG   GST_POLL gstpoll.c:980:gst_poll_fd_ctl_write: 0x561621363930: fd (fd:0, idx:1), active : 1
0:00:00.012868917  4406 0x56162133f320 LOG   GST_POLL gstpoll.c:994:gst_poll_fd_ctl_write: 0x561621363930: pfd->events now 60 (POLLOUT:4)
0:00:00.017052075  4405 0x56065852e320 TRACE   structure gststructure.c:287:gst_structure_new_id_empty_with_size: created structure 0x560658556ee0
0:00:00.012874346  4406 0x56162133f320 DEBUG   GST_POLL gstpoll.c:980:gst_poll_fd_ctl_write: 0x561621363930: fd (fd:0, idx:1), active : 1
0:00:00.017057858  4405 0x56065852e320 DEBUG   structure gststructure.c:2203:gst_structure_parse_field: trying field name 'long-name'
0:00:00.012880164  4406 0x56162133f320 LOG   GST_POLL gstpoll.c:994:gst_poll_fd_ctl_write: 0x561621363930: pfd->events now 60 (POLLOUT:4)
0:00:00.017063586  4405 0x56065852e320 DEBUG   default gstvalue.c:2676:_priv_gst_value_parse_value: trying type name 'string'
0:00:00.012886039  4406 0x56162133f320 DEBUG   GST_POLL gstpoll.c:980:gst_poll_fd_ctl_write: 0x561621363930: fd (fd:0, idx:1), active : 1
0:00:00.017069472  4405 0x56065852e320 DEBUG   structure gststructure.c:2203:gst_structure_parse_field: trying field name 'klass'
0:00:00.012891672  4406 0x56162133f320 LOG   GST_POLL gstpoll.c:994:gst_poll_fd_ctl_write: 0x561621363930: pfd->events now 60 (POLLOUT:4)
0:00:00.017075402  4405 0x56065852e320 DEBUG   default gstvalue.c:2676:_priv_gst_value_parse_value: trying type name 'string'
0:00:00.012897889  4406 0x56162133f320 DEBUG   GST_POLL gstpoll.c:980:gst_poll_fd_ctl_write: 0x561621363930: fd (fd:0, idx:1), active : 1
0:00:00.017081312  4405 0x56065852e320 DEBUG   structure gststructure.c:2203:gst_structure_parse_field: trying field name 'description'
0:00:00.012903539  4406 0x56162133f320 LOG   GST_POLL gstpoll.c:994:gst_poll_fd_ctl_write: 0x561621363930: pfd->events now 60 (POLLOUT:4)
0:00:00.017086986  4405 0x56065852e320 DEBUG   default gstvalue.c:2676:_priv_gst_value_parse_value: trying type name 'string'
0:00:00.012909417  4406 0x56162133f320 DEBUG   GST_POLL gstpoll.c:980:gst_poll_fd_ctl_write: 0x561621363930: fd (fd:0, idx:1), active : 1
0:00:00.017093431  4405 0x56065852e320 DEBUG   structure gststructure.c:2203:gst_structure_parse_field: trying field name 'author'
0:00:00.012915118  4406 0x56162133f320 LOG   GST_POLL gstpoll.c:994:gst_poll_fd_ctl_write: 0x561621363930: pfd->events now 60 (POLLOUT:4)
0:00:00.017099001  4405 0x56065852e320 DEBUG   default gstvalue.c:2676:_priv_gst_value_parse_value: trying type name 'string'
0:00:00.012925465  4406 0x56162133f320 DEBUG   GST_POLL gstpoll.c:980:gst_poll_fd_ctl_write: 0x561621363930: fd (fd:0, idx:1), active : 1
0:00:00.017107976  4405 0x56065852e320 DEBUG   GST_REGISTRY gstregistrychunks.c:626:gst_registry_chunks_load_feature: Element factory : npadtemplates=2
0:00:00.012931198  4406 0x56162133f320 LOG   GST_POLL gstpoll.c:994:gst_poll_fd_ctl_write: 0x561621363930: pfd->events now 60 (POLLOUT:4)
0:00:00.017113641  4405 0x56065852e320 DEBUG   GST_REGISTRY gstregistrychunks.c:526:gst_registry_chunks_load_pad_template: Reading/casting for GstRegistryChunkPadTemplate at address 0x560658554b00
0:00:00.012937027  4406 0x56162133f320 DEBUG   GST_POLL gstpoll.c:980:gst_poll_fd_ctl_write: 0x561621363930: fd (fd:0, idx:1), active : 1
0:00:00.017119291  4405 0x56065852e320 DEBUG   GST_REGISTRY gstregistrychunks.c:539:gst_registry_chunks_load_pad_template: Added pad_template sink
0:00:00.012942558  4406 0x56162133f320 LOG   GST_POLL gstpoll.c:994:gst_poll_fd_ctl_write: 0x561621363930: pfd->events now 60 (POLLOUT:4)
0:00:00.017124877  4405 0x56065852e320 DEBUG   GST_REGISTRY gstregistrychunks.c:526:gst_registry_chunks_load_pad_template: Reading/casting for GstRegistryChunkPadTemplate at address 0x560658554b18
0:00:00.012948419  4406 0x56162133f320 DEBUG   GST_POLL gstpoll.c:980:gst_poll_fd_ctl_write: 0x561621363930: fd (fd:0, idx:1), active : 1
0:00:00.017130293  4405 0x56065852e320 DEBUG   GST_REGISTRY gstregistrychunks.c:539:gst_registry_chunks_load_pad_template: Added pad_template src
0:00:00.012953881  4406 0x56162133f320 LOG   GST_POLL gstpoll.c:994:gst_poll_fd_ctl_write: 0x561621363930: pfd->events now 60 (POLLOUT:4)
0:00:00.017136845  4405 0x56065852e320 DEBUG   GST_REGISTRY gstregistry.c:590:gst_registry_add_feature: adding feature 0x560658556cb0 (typefind)
0:00:00.012959629  4406 0x56162133f320 DEBUG   GST_POLL gstpoll.c:980:gst_poll_fd_ctl_write: 0x561621363930: fd (fd:0, idx:1), active : 1
0:00:00.017142642  4405 0x56065852e320 DEBUG   GST_REFCOUNTING gstobject.c:709:gst_object_set_parent: set parent (ref and sink)
0:00:00.012965149  4406 0x56162133f320 LOG   GST_POLL gstpoll.c:994:gst_poll_fd_ctl_write: 0x561621363930: pfd->events now 60 (POLLOUT:4)
0:00:00.012971357  4406 0x56162133f320 DEBUG   GST_POLL gstpoll.c:980:gst_poll_fd_ctl_write: 0x561621363930: fd (fd:0, idx:1), active : 1
0:00:00.017149551  4405 0x56065852e320 TRACE   GST_REFCOUNTING gstobject.c:294:gst_object_ref_sink: 0x560658556cb0 ref_sink 1->2
0:00:00.012976417  4406 0x56162133f320 LOG   GST_POLL gstpoll.c:994:gst_poll_fd_ctl_write: 0x561621363930: pfd->events now 60 (POLLOUT:4)
0:00:00.017161651  4405 0x56065852e320 LOG   GST_REGISTRY gstregistry.c:608:gst_registry_add_feature: emitting feature-added for typefind
0:00:00.012983911  4406 0x56162133f320 DEBUG   GST_POLL gstpoll.c:980:gst_poll_fd_ctl_write: 0x561621363930: fd (fd:0, idx:1), active : 1
0:00:00.017168387  4405 0x56065852e320 DEBUG   GST_REGISTRY gstregistrychunks.c:741:gst_registry_chunks_load_feature: Added feature typefind, plugin 0x560658556250 coreelements
0:00:00.012989951  4406 0x56162133f320 LOG   GST_POLL gstpoll.c:994:gst_poll_fd_ctl_write: 0x561621363930: pfd->events now 60 (POLLOUT:4)
0:00:00.017179029  4405 0x56065852e320 DEBUG   GST_REGISTRY gstregistrychunks.c:583:gst_registry_chunks_load_feature: Plugin 'coreelements' feature 'tee' typename : 'GstElementFactory'
0:00:00.013001329  4406 0x56162133f320 DEBUG   GST_POLL gstpoll.c:980:gst_poll_fd_ctl_write: 0x561621363930: fd (fd:0, idx:1), active : 1
0:00:00.017185937  4405 0x56065852e320 TRACE   GST_REFCOUNTING gstobject.c:208:gst_object_init: 0x560658557180 new
0:00:00.013007313  4406 0x56162133f320 LOG   GST_POLL gstpoll.c:994:gst_poll_fd_ctl_write: 0x561621363930: pfd->events now 60 (POLLOUT:4)
0:00:00.017192819  4405 0x56065852e320 LOG   GST_REGISTRY gstregistrychunks.c:610:gst_registry_chunks_load_feature: Reading/casting for GstRegistryChunkElementFactory at address 0x560658554b40
0:00:00.013014575  4406 0x56162133f320 DEBUG   GST_POLL gstpoll.c:980:gst_poll_fd_ctl_write: 0x561621363930: fd (fd:0, idx:1), active : 1
0:00:00.017198803  4405 0x56065852e320 TRACE   structure gststructure.c:287:gst_structure_new_id_empty_with_size: created structure 0x5606585573c0
0:00:00.013020995  4406 0x56162133f320 LOG   GST_POLL gstpoll.c:994:gst_poll_fd_ctl_write: 0x561621363930: pfd->events now 60 (POLLOUT:4)
0:00:00.017204423  4405 0x56065852e320 DEBUG   structure gststructure.c:2203:gst_structure_parse_field: trying field name 'long-name'
0:00:00.013027038  4406 0x56162133f320 DEBUG   GST_POLL gstpoll.c:980:gst_poll_fd_ctl_write: 0x561621363930: fd (fd:0, idx:1), active : 1
0:00:00.017210296  4405 0x56065852e320 DEBUG   default gstvalue.c:2676:_priv_gst_value_parse_value: trying type name 'string'
0:00:00.013032850  4406 0x56162133f320 LOG   GST_POLL gstpoll.c:994:gst_poll_fd_ctl_write: 0x561621363930: pfd->events now 60 (POLLOUT:4)
0:00:00.017216490  4405 0x56065852e320 DEBUG   structure gststructure.c:2203:gst_structure_parse_field: trying field name 'klass'
0:00:00.013038835  4406 0x56162133f320 DEBUG   GST_POLL gstpoll.c:980:gst_poll_fd_ctl_write: 0x561621363930: fd (fd:0, idx:1), active : 1
0:00:00.017222098  4405 0x56065852e320 DEBUG   default gstvalue.c:2676:_priv_gst_value_parse_value: trying type name 'string'
0:00:00.013044566  4406 0x56162133f320 LOG   GST_POLL gstpoll.c:994:gst_poll_fd_ctl_write: 0x561621363930: pfd->events now 60 (POLLOUT:4)
0:00:00.017227844  4405 0x56065852e320 DEBUG   structure gststructure.c:2203:gst_structure_parse_field: trying field name 'description'
0:00:00.013050442  4406 0x56162133f320 DEBUG   GST_POLL gstpoll.c:980:gst_poll_fd_ctl_write: 0x561621363930: fd (fd:0, idx:1), active : 1
0:00:00.017233759  4405 0x56065852e320 DEBUG   default gstvalue.c:2676:_priv_gst_value_parse_value: trying type name 'string'
0:00:00.013056354  4406 0x56162133f320 LOG   GST_POLL gstpoll.c:994:gst_poll_fd_ctl_write: 0x561621363930: pfd->events now 60 (POLLOUT:4)
0:00:00.017239963  4405 0x56065852e320 DEBUG   structure gststructure.c:2203:gst_structure_parse_field: trying field name 'author'
0:00:00.013062170  4406 0x56162133f320 DEBUG   GST_POLL gstpoll.c:980:gst_poll_fd_ctl_write: 0x561621363930: fd (fd:0, idx:1), active : 1
0:00:00.017249833  4405 0x56065852e320 DEBUG   default gstvalue.c:2676:_priv_gst_value_parse_value: trying type name 'string'
0:00:00.013072465  4406 0x56162133f320 LOG   GST_POLL gstpoll.c:994:gst_poll_fd_ctl_write: 0x561621363930: pfd->events now 60 (POLLOUT:4)
0:00:00.017256834  4405 0x56065852e320 DEBUG   GST_REGISTRY gstregistrychunks.c:626:gst_registry_chunks_load_feature: Element factory : npadtemplates=2
0:00:00.013078406  4406 0x56162133f320 DEBUG   GST_POLL gstpoll.c:980:gst_poll_fd_ctl_write: 0x561621363930: fd (fd:0, idx:1), active : 1
0:00:00.017262465  4405 0x56065852e320 DEBUG   GST_REGISTRY gstregistrychunks.c:526:gst_registry_chunks_load_pad_template: Reading/casting for GstRegistryChunkPadTemplate at address 0x560658554c30
0:00:00.013084975  4406 0x56162133f320 LOG   GST_POLL gstpoll.c:994:gst_poll_fd_ctl_write: 0x561621363930: pfd->events now 60 (POLLOUT:4)
0:00:00.017268003  4405 0x56065852e320 DEBUG   GST_REGISTRY gstregistrychunks.c:539:gst_registry_chunks_load_pad_template: Added pad_template src_%u
0:00:00.013090859  4406 0x56162133f320 DEBUG   GST_POLL gstpoll.c:980:gst_poll_fd_ctl_write: 0x561621363930: fd (fd:0, idx:1), active : 1
0:00:00.017273383  4405 0x56065852e320 DEBUG   GST_REGISTRY gstregistrychunks.c:526:gst_registry_chunks_load_pad_template: Reading/casting for GstRegistryChunkPadTemplate at address 0x560658554c48
0:00:00.013096567  4406 0x56162133f320 LOG   GST_POLL gstpoll.c:994:gst_poll_fd_ctl_write: 0x561621363930: pfd->events now 60 (POLLOUT:4)
0:00:00.017278748  4405 0x56065852e320 DEBUG   GST_REGISTRY gstregistrychunks.c:539:gst_registry_chunks_load_pad_template: Added pad_template sink
0:00:00.013102422  4406 0x56162133f320 DEBUG   GST_POLL gstpoll.c:980:gst_poll_fd_ctl_write: 0x561621363930: fd (fd:0, idx:1), active : 1
0:00:00.017285199  4405 0x56065852e320 DEBUG   GST_REGISTRY gstregistry.c:590:gst_registry_add_feature: adding feature 0x560658557180 (tee)
0:00:00.013108199  4406 0x56162133f320 LOG   GST_POLL gstpoll.c:994:gst_poll_fd_ctl_write: 0x561621363930: pfd->events now 60 (POLLOUT:4)
0:00:00.017291023  4405 0x56065852e320 DEBUG   GST_REFCOUNTING gstobject.c:709:gst_object_set_parent: set parent (ref and sink)
0:00:00.013114085  4406 0x56162133f320 DEBUG   GST_POLL gstpoll.c:980:gst_poll_fd_ctl_write: 0x561621363930: fd (fd:0, idx:1), active : 1
0:00:00.017297935  4405 0x56065852e320 TRACE   GST_REFCOUNTING gstobject.c:294:gst_object_ref_sink: 0x560658557180 ref_sink 1->2
0:00:00.013119867  4406 0x56162133f320 LOG   GST_POLL gstpoll.c:994:gst_poll_fd_ctl_write: 0x561621363930: pfd->events now 60 (POLLOUT:4)
0:00:00.017304237  4405 0x56065852e320 LOG   GST_REGISTRY gstregistry.c:608:gst_registry_add_feature: emitting feature-added for tee
0:00:00.013126627  4406 0x56162133f320 DEBUG   GST_POLL gstpoll.c:980:gst_poll_fd_ctl_write: 0x561621363930: fd (fd:0, idx:1), active : 1
0:00:00.017310377  4405 0x56065852e320 DEBUG   GST_REGISTRY gstregistrychunks.c:741:gst_registry_chunks_load_feature: Added feature tee, plugin 0x560658556250 coreelements
0:00:00.013132429  4406 0x56162133f320 LOG   GST_POLL gstpoll.c:994:gst_poll_fd_ctl_write: 0x561621363930: pfd->events now 60 (POLLOUT:4)
0:00:00.017320903  4405 0x56065852e320 DEBUG   GST_REGISTRY gstregistrychunks.c:583:gst_registry_chunks_load_feature: Plugin 'coreelements' feature 'filesink' typename : 'GstElementFactory'
0:00:00.013143049  4406 0x56162133f320 DEBUG   GST_POLL gstpoll.c:980:gst_poll_fd_ctl_write: 0x561621363930: fd (fd:0, idx:1), active : 1
0:00:00.017327648  4405 0x56065852e320 TRACE   GST_REFCOUNTING gstobject.c:208:gst_object_init: 0x5606585576f0 new
0:00:00.013149029  4406 0x56162133f320 LOG   GST_POLL gstpoll.c:994:gst_poll_fd_ctl_write: 0x561621363930: pfd->events now 60 (POLLOUT:4)
0:00:00.017334297  4405 0x56065852e320 LOG   GST_REGISTRY gstregistrychunks.c:610:gst_registry_chunks_load_feature: Reading/casting for GstRegistryChunkElementFactory at address 0x560658554c78
0:00:00.013156151  4406 0x56162133f320 DEBUG   GST_POLL gstpoll.c:980:gst_poll_fd_ctl_write: 0x561621363930: fd (fd:0, idx:1), active : 1
0:00:00.017340295  4405 0x56065852e320 TRACE   structure gststructure.c:287:gst_structure_new_id_empty_with_size: created structure 0x5606585579f0
0:00:00.013162483  4406 0x56162133f320 LOG   GST_POLL gstpoll.c:994:gst_poll_fd_ctl_write: 0x561621363930: pfd->events now 60 (POLLOUT:4)
0:00:00.017345859  4405 0x56065852e320 DEBUG   structure gststructure.c:2203:gst_structure_parse_field: trying field name 'long-name'
0:00:00.013168507  4406 0x56162133f320 DEBUG   GST_POLL gstpoll.c:980:gst_poll_fd_ctl_write: 0x561621363930: fd (fd:0, idx:1), active : 1
0:00:00.017360363  4405 0x56065852e320 DEBUG   default gstvalue.c:2676:_priv_gst_value_parse_value: trying type name 'string'
0:00:00.013183849  4406 0x56162133f320 LOG   GST_POLL gstpoll.c:994:gst_poll_fd_ctl_write: 0x561621363930: pfd->events now 60 (POLLOUT:4)
0:00:00.017366677  4405 0x56065852e320 DEBUG   structure gststructure.c:2203:gst_structure_parse_field: trying field name 'klass'
0:00:00.013189789  4406 0x56162133f320 DEBUG   GST_POLL gstpoll.c:980:gst_poll_fd_ctl_write: 0x561621363930: fd (fd:0, idx:1), active : 1
0:00:00.017372467  4405 0x56065852e320 DEBUG   default gstvalue.c:2676:_priv_gst_value_parse_value: trying type name 'string'
0:00:00.013195455  4406 0x56162133f320 LOG   GST_POLL gstpoll.c:994:gst_poll_fd_ctl_write: 0x561621363930: pfd->events now 60 (POLLOUT:4)
0:00:00.017378626  4405 0x56065852e320 DEBUG   structure gststructure.c:2203:gst_structure_parse_field: trying field name 'description'
0:00:00.013201279  4406 0x56162133f320 DEBUG   GST_POLL gstpoll.c:980:gst_poll_fd_ctl_write: 0x561621363930: fd (fd:0, idx:1), active : 1
0:00:00.017384143  4405 0x56065852e320 DEBUG   default gstvalue.c:2676:_priv_gst_value_parse_value: trying type name 'string'
0:00:00.013206981  4406 0x56162133f320 LOG   GST_POLL gstpoll.c:994:gst_poll_fd_ctl_write: 0x561621363930: pfd->events now 60 (POLLOUT:4)
0:00:00.017390231  4405 0x56065852e320 DEBUG   structure gststructure.c:2203:gst_structure_parse_field: trying field name 'author'
0:00:00.013212764  4406 0x56162133f320 DEBUG   GST_POLL gstpoll.c:980:gst_poll_fd_ctl_write: 0x561621363930: fd (fd:0, idx:1), active : 1
0:00:00.017400151  4405 0x56065852e320 DEBUG   default gstvalue.c:2676:_priv_gst_value_parse_value: trying type name 'string'
0:00:00.013222585  4406 0x56162133f320 LOG   GST_POLL gstpoll.c:994:gst_poll_fd_ctl_write: 0x561621363930: pfd->events now 60 (POLLOUT:4)
0:00:00.017406754  4405 0x56065852e320 DEBUG   GST_REGISTRY gstregistrychunks.c:626:gst_registry_chunks_load_feature: Element factory : npadtemplates=1
0:00:00.013228599  4406 0x56162133f320 DEBUG   GST_POLL gstpoll.c:980:gst_poll_fd_ctl_write: 0x561621363930: fd (fd:0, idx:1), active : 1
0:00:00.017412578  4405 0x56065852e320 DEBUG   GST_REGISTRY gstregistrychunks.c:526:gst_registry_chunks_load_pad_template: Reading/casting for GstRegistryChunkPadTemplate at address 0x560658554d58
0:00:00.013235091  4406 0x56162133f320 LOG   GST_POLL gstpoll.c:994:gst_poll_fd_ctl_write: 0x561621363930: pfd->events now 60 (POLLOUT:4)
0:00:00.017418177  4405 0x56065852e320 DEBUG   GST_REGISTRY gstregistrychunks.c:539:gst_registry_chunks_load_pad_template: Added pad_template sink
0:00:00.013241086  4406 0x56162133f320 DEBUG   GST_POLL gstpoll.c:980:gst_poll_fd_ctl_write: 0x561621363930: fd (fd:0, idx:1), active : 1
0:00:00.017424332  4405 0x56065852e320 DEBUG   GST_REGISTRY gstregistrychunks.c:639:gst_registry_chunks_load_feature: Reading 1 UriTypes at address 0x560658554d69
0:00:00.013246846  4406 0x56162133f320 LOG   GST_POLL gstpoll.c:994:gst_poll_fd_ctl_write: 0x561621363930: pfd->events now 60 (POLLOUT:4)
0:00:00.017431308  4405 0x56065852e320 DEBUG   GST_REGISTRY gstregistrychunks.c:654:gst_registry_chunks_load_feature: Reading 1 Interfaces at address 0x560658554d79
0:00:00.013252705  4406 0x56162133f320 DEBUG   GST_POLL gstpoll.c:980:gst_poll_fd_ctl_write: 0x561621363930: fd (fd:0, idx:1), active : 1
0:00:00.017438521  4405 0x56065852e320 DEBUG   GST_REGISTRY gstregistry.c:590:gst_registry_add_feature: adding feature 0x5606585576f0 (filesink)
0:00:00.013259450  4406 0x56162133f320 LOG   GST_POLL gstpoll.c:994:gst_poll_fd_ctl_write: 0x561621363930: pfd->events now 60 (POLLOUT:4)
0:00:00.017444556  4405 0x56065852e320 DEBUG   GST_REFCOUNTING gstobject.c:709:gst_object_set_parent: set parent (ref and sink)
0:00:00.013267215  4406 0x56162133f320 DEBUG   GST_POLL gstpoll.c:980:gst_poll_fd_ctl_write: 0x561621363930: fd (fd:0, idx:1), active : 1
0:00:00.017451502  4405 0x56065852e320 TRACE   GST_REFCOUNTING gstobject.c:294:gst_object_ref_sink: 0x5606585576f0 ref_sink 1->2
0:00:00.013273107  4406 0x56162133f320 LOG   GST_POLL gstpoll.c:994:gst_poll_fd_ctl_write: 0x561621363930: pfd->events now 60 (POLLOUT:4)
0:00:00.017457727  4405 0x56065852e320 LOG   GST_REGISTRY gstregistry.c:608:gst_registry_add_feature: emitting feature-added for filesink
0:00:00.013280121  4406 0x56162133f320 DEBUG   GST_POLL gstpoll.c:980:gst_poll_fd_ctl_write: 0x561621363930: fd (fd:0, idx:1), active : 1
0:00:00.017464219  4405 0x56065852e320 DEBUG   GST_REGISTRY gstregistrychunks.c:741:gst_registry_chunks_load_feature: Added feature filesink, plugin 0x560658556250 coreelements
0:00:00.013285857  4406 0x56162133f320 LOG   GST_POLL gstpoll.c:994:gst_poll_fd_ctl_write: 0x561621363930: pfd->events now 60 (POLLOUT:4)
0:00:00.017474069  4405 0x56065852e320 DEBUG   GST_REGISTRY gstregistrychunks.c:583:gst_registry_chunks_load_feature: Plugin 'coreelements' feature 'queue2' typename : 'GstElementFactory'
0:00:00.013296233  4406 0x56162133f320 DEBUG   GST_POLL gstpoll.c:980:gst_poll_fd_ctl_write: 0x561621363930: fd (fd:0, idx:1), active : 1
0:00:00.017480849  4405 0x56065852e320 TRACE   GST_REFCOUNTING gstobject.c:208:gst_object_init: 0x560658557de0 new
0:00:00.013302042  4406 0x56162133f320 LOG   GST_POLL gstpoll.c:994:gst_poll_fd_ctl_write: 0x561621363930: pfd->events now 60 (POLLOUT:4)
0:00:00.017488005  4405 0x56065852e320 LOG   GST_REGISTRY gstregistrychunks.c:610:gst_registry_chunks_load_feature: Reading/casting for GstRegistryChunkElementFactory at address 0x560658554da0
0:00:00.013309863  4406 0x56162133f320 DEBUG   GST_POLL gstpoll.c:980:gst_poll_fd_ctl_write: 0x561621363930: fd (fd:0, idx:1), active : 1
0:00:00.013316283  4406 0x56162133f320 LOG   GST_POLL gstpoll.c:994:gst_poll_fd_ctl_write: 0x561621363930: pfd->events now 60 (POLLOUT:4)
0:00:00.017496710  4405 0x56065852e320 TRACE   structure gststructure.c:287:gst_structure_new_id_empty_with_size: created structure 0x560658557f60
0:00:00.013321687  4406 0x56162133f320 DEBUG   GST_POLL gstpoll.c:980:gst_poll_fd_ctl_write: 0x561621363930: fd (fd:0, idx:1), active : 1
0:00:00.017503317  4405 0x56065852e320 DEBUG   structure gststructure.c:2203:gst_structure_parse_field: trying field name 'long-name'
0:00:00.013327405  4406 0x56162133f320 LOG   GST_POLL gstpoll.c:994:gst_poll_fd_ctl_write: 0x561621363930: pfd->events now 60 (POLLOUT:4)
0:00:00.017509421  4405 0x56065852e320 DEBUG   default gstvalue.c:2676:_priv_gst_value_parse_value: trying type name 'string'
0:00:00.013335090  4406 0x56162133f320 DEBUG   GST_POLL gstpoll.c:980:gst_poll_fd_ctl_write: 0x561621363930: fd (fd:0, idx:1), active : 1
0:00:00.017516885  4405 0x56065852e320 DEBUG   structure gststructure.c:2203:gst_structure_parse_field: trying field name 'klass'
0:00:00.013341025  4406 0x56162133f320 LOG   GST_POLL gstpoll.c:994:gst_poll_fd_ctl_write: 0x561621363930: pfd->events now 60 (POLLOUT:4)
0:00:00.017522705  4405 0x56065852e320 DEBUG   default gstvalue.c:2676:_priv_gst_value_parse_value: trying type name 'string'
0:00:00.013346973  4406 0x56162133f320 DEBUG   GST_POLL gstpoll.c:980:gst_poll_fd_ctl_write: 0x561621363930: fd (fd:0, idx:1), active : 1
0:00:00.017528869  4405 0x56065852e320 DEBUG   structure gststructure.c:2203:gst_structure_parse_field: trying field name 'description'
0:00:00.013352668  4406 0x56162133f320 LOG   GST_POLL gstpoll.c:994:gst_poll_fd_ctl_write: 0x561621363930: pfd->events now 60 (POLLOUT:4)
0:00:00.017534565  4405 0x56065852e320 DEBUG   default gstvalue.c:2676:_priv_gst_value_parse_value: trying type name 'string'
0:00:00.013358591  4406 0x56162133f320 DEBUG   GST_POLL gstpoll.c:980:gst_poll_fd_ctl_write: 0x561621363930: fd (fd:0, idx:1), active : 1
0:00:00.017540693  4405 0x56065852e320 DEBUG   structure gststructure.c:2203:gst_structure_parse_field: trying field name 'author'
0:00:00.013369595  4406 0x56162133f320 LOG   GST_POLL gstpoll.c:994:gst_poll_fd_ctl_write: 0x561621363930: pfd->events now 60 (POLLOUT:4)
0:00:00.017551491  4405 0x56065852e320 DEBUG   default gstvalue.c:2676:_priv_gst_value_parse_value: trying type name 'string'
0:00:00.013375565  4406 0x56162133f320 DEBUG   GST_POLL gstpoll.c:980:gst_poll_fd_ctl_write: 0x561621363930: fd (fd:0, idx:1), active : 1
0:00:00.017558197  4405 0x56065852e320 DEBUG   GST_REGISTRY gstregistrychunks.c:626:gst_registry_chunks_load_feature: Element factory : npadtemplates=2
0:00:00.013381345  4406 0x56162133f320 LOG   GST_POLL gstpoll.c:994:gst_poll_fd_ctl_write: 0x561621363930: pfd->events now 60 (POLLOUT:4)
0:00:00.017563865  4405 0x56065852e320 DEBUG   GST_REGISTRY gstregistrychunks.c:526:gst_registry_chunks_load_pad_template: Reading/casting for GstRegistryChunkPadTemplate at address 0x560658554e90
0:00:00.013387331  4406 0x56162133f320 DEBUG   GST_POLL gstpoll.c:980:gst_poll_fd_ctl_write: 0x561621363930: fd (fd:0, idx:1), active : 1
0:00:00.017569401  4405 0x56065852e320 DEBUG   GST_REGISTRY gstregistrychunks.c:539:gst_registry_chunks_load_pad_template: Added pad_template sink
0:00:00.013393063  4406 0x56162133f320 LOG   GST_POLL gstpoll.c:994:gst_poll_fd_ctl_write: 0x561621363930: pfd->events now 60 (POLLOUT:4)
0:00:00.017574867  4405 0x56065852e320 DEBUG   GST_REGISTRY gstregistrychunks.c:526:gst_registry_chunks_load_pad_template: Reading/casting for GstRegistryChunkPadTemplate at address 0x560658554ea8
0:00:00.013399065  4406 0x56162133f320 DEBUG   GST_POLL gstpoll.c:980:gst_poll_fd_ctl_write: 0x561621363930: fd (fd:0, idx:1), active : 1
0:00:00.017580421  4405 0x56065852e320 DEBUG   GST_REGISTRY gstregistrychunks.c:539:gst_registry_chunks_load_pad_template: Added pad_template src
0:00:00.013404807  4406 0x56162133f320 LOG   GST_POLL gstpoll.c:994:gst_poll_fd_ctl_write: 0x561621363930: pfd->events now 60 (POLLOUT:4)
0:00:00.017605881  4405 0x56065852e320 DEBUG   GST_REGISTRY gstregistry.c:590:gst_registry_add_feature: adding feature 0x560658557de0 (queue2)
0:00:00.013429102  4406 0x56162133f320 DEBUG   GST_POLL gstpoll.c:980:gst_poll_fd_ctl_write: 0x561621363930: fd (fd:0, idx:1), active : 1
0:00:00.017612131  4405 0x56065852e320 DEBUG   GST_REFCOUNTING gstobject.c:709:gst_object_set_parent: set parent (ref and sink)
0:00:00.013435310  4406 0x56162133f320 LOG   GST_POLL gstpoll.c:994:gst_poll_fd_ctl_write: 0x561621363930: pfd->events now 60 (POLLOUT:4)
0:00:00.017619702  4405 0x56065852e320 TRACE   GST_REFCOUNTING gstobject.c:294:gst_object_ref_sink: 0x560658557de0 ref_sink 1->2
0:00:00.013441811  4406 0x56162133f320 DEBUG   GST_POLL gstpoll.c:980:gst_poll_fd_ctl_write: 0x561621363930: fd (fd:0, idx:1), active : 1
0:00:00.017626380  4405 0x56065852e320 LOG   GST_REGISTRY gstregistry.c:608:gst_registry_add_feature: emitting feature-added for queue2
0:00:00.013448780  4406 0x56162133f320 LOG   GST_POLL gstpoll.c:994:gst_poll_fd_ctl_write: 0x561621363930: pfd->events now 60 (POLLOUT:4)
0:00:00.017633271  4405 0x56065852e320 DEBUG   GST_REGISTRY gstregistrychunks.c:741:gst_registry_chunks_load_feature: Added feature queue2, plugin 0x560658556250 coreelements
0:00:00.013459669  4406 0x56162133f320 DEBUG   GST_POLL gstpoll.c:980:gst_poll_fd_ctl_write: 0x561621363930: fd (fd:0, idx:1), active : 1
0:00:00.017641900  4405 0x56065852e320 DEBUG   GST_REGISTRY gstregistrychunks.c:583:gst_registry_chunks_load_feature: Plugin 'coreelements' feature 'queue' typename : 'GstElementFactory'
0:00:00.013466036  4406 0x56162133f320 LOG   GST_POLL gstpoll.c:994:gst_poll_fd_ctl_write: 0x561621363930: pfd->events now 60 (POLLOUT:4)
0:00:00.017649326  4405 0x56065852e320 TRACE   GST_REFCOUNTING gstobject.c:208:gst_object_init: 0x5606585582d0 new
0:00:00.013472596  4406 0x56162133f320 DEBUG   GST_POLL gstpoll.c:980:gst_poll_fd_ctl_write: 0x561621363930: fd (fd:0, idx:1), active : 1
0:00:00.017656610  4405 0x56065852e320 LOG   GST_REGISTRY gstregistrychunks.c:610:gst_registry_chunks_load_feature: Reading/casting for GstRegistryChunkElementFactory at address 0x560658554ed0
0:00:00.013479000  4406 0x56162133f320 LOG   GST_POLL gstpoll.c:994:gst_poll_fd_ctl_write: 0x561621363930: pfd->events now 60 (POLLOUT:4)
0:00:00.017663197  4405 0x56065852e320 TRACE   structure gststructure.c:287:gst_structure_new_id_empty_with_size: created structure 0x560658558620
0:00:00.013485659  4406 0x56162133f320 DEBUG   GST_POLL gstpoll.c:980:gst_poll_fd_ctl_write: 0x561621363930: fd (fd:0, idx:1), active : 1
0:00:00.017669290  4405 0x56065852e320 DEBUG   structure gststructure.c:2203:gst_structure_parse_field: trying field name 'long-name'
0:00:00.013491951  4406 0x56162133f320 LOG   GST_POLL gstpoll.c:994:gst_poll_fd_ctl_write: 0x561621363930: pfd->events now 60 (POLLOUT:4)
0:00:00.017675547  4405 0x56065852e320 DEBUG   default gstvalue.c:2676:_priv_gst_value_parse_value: trying type name 'string'
0:00:00.013498458  4406 0x56162133f320 DEBUG   GST_POLL gstpoll.c:980:gst_poll_fd_ctl_write: 0x561621363930: fd (fd:0, idx:1), active : 1
0:00:00.017681944  4405 0x56065852e320 DEBUG   structure gststructure.c:2203:gst_structure_parse_field: trying field name 'klass'
0:00:00.013504759  4406 0x56162133f320 LOG   GST_POLL gstpoll.c:994:gst_poll_fd_ctl_write: 0x561621363930: pfd->events now 60 (POLLOUT:4)
0:00:00.017688142  4405 0x56065852e320 DEBUG   default gstvalue.c:2676:_priv_gst_value_parse_value: trying type name 'string'
0:00:00.013511185  4406 0x56162133f320 DEBUG   GST_POLL gstpoll.c:980:gst_poll_fd_ctl_write: 0x561621363930: fd (fd:0, idx:1), active : 1
0:00:00.017694434  4405 0x56065852e320 DEBUG   structure gststructure.c:2203:gst_structure_parse_field: trying field name 'description'
0:00:00.013517528  4406 0x56162133f320 LOG   GST_POLL gstpoll.c:994:gst_poll_fd_ctl_write: 0x561621363930: pfd->events now 60 (POLLOUT:4)
0:00:00.017700778  4405 0x56065852e320 DEBUG   default gstvalue.c:2676:_priv_gst_value_parse_value: trying type name 'string'
0:00:00.013523990  4406 0x56162133f320 DEBUG   GST_POLL gstpoll.c:980:gst_poll_fd_ctl_write: 0x561621363930: fd (fd:0, idx:1), active : 1
0:00:00.017707429  4405 0x56065852e320 DEBUG   structure gststructure.c:2203:gst_structure_parse_field: trying field name 'author'
0:00:00.013534813  4406 0x56162133f320 LOG   GST_POLL gstpoll.c:994:gst_poll_fd_ctl_write: 0x561621363930: pfd->events now 60 (POLLOUT:4)
0:00:00.017716929  4405 0x56065852e320 DEBUG   default gstvalue.c:2676:_priv_gst_value_parse_value: trying type name 'string'
0:00:00.013541472  4406 0x56162133f320 DEBUG   GST_POLL gstpoll.c:980:gst_poll_fd_ctl_write: 0x561621363930: fd (fd:0, idx:1), active : 1
0:00:00.017723755  4405 0x56065852e320 DEBUG   GST_REGISTRY gstregistrychunks.c:626:gst_registry_chunks_load_feature: Element factory : npadtemplates=2
0:00:00.013547769  4406 0x56162133f320 LOG   GST_POLL gstpoll.c:994:gst_poll_fd_ctl_write: 0x561621363930: pfd->events now 60 (POLLOUT:4)
0:00:00.017729958  4405 0x56065852e320 DEBUG   GST_REGISTRY gstregistrychunks.c:526:gst_registry_chunks_load_pad_template: Reading/casting for GstRegistryChunkPadTemplate at address 0x560658554f88
0:00:00.013554385  4406 0x56162133f320 DEBUG   GST_POLL gstpoll.c:980:gst_poll_fd_ctl_write: 0x561621363930: fd (fd:0, idx:1), active : 1
0:00:00.017736164  4405 0x56065852e320 DEBUG   GST_REGISTRY gstregistrychunks.c:539:gst_registry_chunks_load_pad_template: Added pad_template sink
0:00:00.013560874  4406 0x56162133f320 LOG   GST_POLL gstpoll.c:994:gst_poll_fd_ctl_write: 0x561621363930: pfd->events now 60 (POLLOUT:4)
0:00:00.017742804  4405 0x56065852e320 DEBUG   GST_REGISTRY gstregistrychunks.c:526:gst_registry_chunks_load_pad_template: Reading/casting for GstRegistryChunkPadTemplate at address 0x560658554fa0
0:00:00.013567491  4406 0x56162133f320 DEBUG   GST_POLL gstpoll.c:980:gst_poll_fd_ctl_write: 0x561621363930: fd (fd:0, idx:1), active : 1
0:00:00.017749347  4405 0x56065852e320 DEBUG   GST_REGISTRY gstregistrychunks.c:539:gst_registry_chunks_load_pad_template: Added pad_template src
0:00:00.013573971  4406 0x56162133f320 LOG   GST_POLL gstpoll.c:994:gst_poll_fd_ctl_write: 0x561621363930: pfd->events now 60 (POLLOUT:4)
0:00:00.017757117  4405 0x56065852e320 DEBUG   GST_REGISTRY gstregistry.c:590:gst_registry_add_feature: adding feature 0x5606585582d0 (queue)
0:00:00.013580436  4406 0x56162133f320 DEBUG   GST_POLL gstpoll.c:980:gst_poll_fd_ctl_write: 0x561621363930: fd (fd:0, idx:1), active : 1
0:00:00.017763495  4405 0x56065852e320 DEBUG   GST_REFCOUNTING gstobject.c:709:gst_object_set_parent: set parent (ref and sink)
0:00:00.013586688  4406 0x56162133f320 LOG   GST_POLL gstpoll.c:994:gst_poll_fd_ctl_write: 0x561621363930: pfd->events now 60 (POLLOUT:4)
0:00:00.017770962  4405 0x56065852e320 TRACE   GST_REFCOUNTING gstobject.c:294:gst_object_ref_sink: 0x5606585582d0 ref_sink 1->2
0:00:00.013593175  4406 0x56162133f320 DEBUG   GST_POLL gstpoll.c:980:gst_poll_fd_ctl_write: 0x561621363930: fd (fd:0, idx:1), active : 1
0:00:00.017777830  4405 0x56065852e320 LOG   GST_REGISTRY gstregistry.c:608:gst_registry_add_feature: emitting feature-added for queue
0:00:00.013600191  4406 0x56162133f320 LOG   GST_POLL gstpoll.c:994:gst_poll_fd_ctl_write: 0x561621363930: pfd->events now 60 (POLLOUT:4)
0:00:00.017784720  4405 0x56065852e320 DEBUG   GST_REGISTRY gstregistrychunks.c:741:gst_registry_chunks_load_feature: Added feature queue, plugin 0x560658556250 coreelements
0:00:00.013610582  4406 0x56162133f320 DEBUG   GST_POLL gstpoll.c:980:gst_poll_fd_ctl_write: 0x561621363930: fd (fd:0, idx:1), active : 1
0:00:00.017792956  4405 0x56065852e320 DEBUG   GST_REGISTRY gstregistrychunks.c:583:gst_registry_chunks_load_feature: Plugin 'coreelements' feature 'output-selector' typename : 'GstElementFactory'
0:00:00.013616971  4406 0x56162133f320 LOG   GST_POLL gstpoll.c:994:gst_poll_fd_ctl_write: 0x561621363930: pfd->events now 60 (POLLOUT:4)
0:00:00.017800311  4405 0x56065852e320 TRACE   GST_REFCOUNTING gstobject.c:208:gst_object_init: 0x560658558a50 new
0:00:00.013623515  4406 0x56162133f320 DEBUG   GST_POLL gstpoll.c:980:gst_poll_fd_ctl_write: 0x561621363930: fd (fd:0, idx:1), active : 1
0:00:00.017807586  4405 0x56065852e320 LOG   GST_REGISTRY gstregistrychunks.c:610:gst_registry_chunks_load_feature: Reading/casting for GstRegistryChunkElementFactory at address 0x560658554fd8
0:00:00.013629720  4406 0x56162133f320 LOG   GST_POLL gstpoll.c:994:gst_poll_fd_ctl_write: 0x561621363930: pfd->events now 60 (POLLOUT:4)
0:00:00.017814455  4405 0x56065852e320 TRACE   structure gststructure.c:287:gst_structure_new_id_empty_with_size: created structure 0x560658558d50
0:00:00.013636722  4406 0x56162133f320 DEBUG   GST_POLL gstpoll.c:980:gst_poll_fd_ctl_write: 0x561621363930: fd (fd:0, idx:1), active : 1
0:00:00.017820697  4405 0x56065852e320 DEBUG   structure gststructure.c:2203:gst_structure_parse_field: trying field name 'long-name'
0:00:00.013643304  4406 0x56162133f320 LOG   GST_POLL gstpoll.c:994:gst_poll_fd_ctl_write: 0x561621363930: pfd->events now 60 (POLLOUT:4)
0:00:00.017826689  4405 0x56065852e320 DEBUG   default gstvalue.c:2676:_priv_gst_value_parse_value: trying type name 'string'
0:00:00.013649777  4406 0x56162133f320 DEBUG   GST_POLL gstpoll.c:980:gst_poll_fd_ctl_write: 0x561621363930: fd (fd:0, idx:1), active : 1
0:00:00.017833553  4405 0x56065852e320 DEBUG   structure gststructure.c:2203:gst_structure_parse_field: trying field name 'klass'
0:00:00.013655985  4406 0x56162133f320 LOG   GST_POLL gstpoll.c:994:gst_poll_fd_ctl_write: 0x561621363930: pfd->events now 60 (POLLOUT:4)
0:00:00.017840054  4405 0x56065852e320 DEBUG   default gstvalue.c:2676:_priv_gst_value_parse_value: trying type name 'string'
0:00:00.013662549  4406 0x56162133f320 DEBUG   GST_POLL gstpoll.c:980:gst_poll_fd_ctl_write: 0x561621363930: fd (fd:0, idx:1), active : 1
0:00:00.017846652  4405 0x56065852e320 DEBUG   structure gststructure.c:2203:gst_structure_parse_field: trying field name 'description'
0:00:00.013668820  4406 0x56162133f320 LOG   GST_POLL gstpoll.c:994:gst_poll_fd_ctl_write: 0x561621363930: pfd->events now 60 (POLLOUT:4)
0:00:00.017852912  4405 0x56065852e320 DEBUG   default gstvalue.c:2676:_priv_gst_value_parse_value: trying type name 'string'
0:00:00.013675694  4406 0x56162133f320 DEBUG   GST_POLL gstpoll.c:980:gst_poll_fd_ctl_write: 0x561621363930: fd (fd:0, idx:1), active : 1
0:00:00.017859909  4405 0x56065852e320 DEBUG   structure gststructure.c:2203:gst_structure_parse_field: trying field name 'author'
0:00:00.013685756  4406 0x56162133f320 LOG   GST_POLL gstpoll.c:994:gst_poll_fd_ctl_write: 0x561621363930: pfd->events now 60 (POLLOUT:4)
0:00:00.017870658  4405 0x56065852e320 DEBUG   default gstvalue.c:2676:_priv_gst_value_parse_value: trying type name 'string'
0:00:00.013692462  4406 0x56162133f320 DEBUG   GST_POLL gstpoll.c:980:gst_poll_fd_ctl_write: 0x561621363930: fd (fd:0, idx:1), active : 1
0:00:00.017877664  4405 0x56065852e320 DEBUG   GST_REGISTRY gstregistrychunks.c:626:gst_registry_chunks_load_feature: Element factory : npadtemplates=2
0:00:00.013699574  4406 0x56162133f320 LOG   GST_POLL gstpoll.c:994:gst_poll_fd_ctl_write: 0x561621363930: pfd->events now 60 (POLLOUT:4)
0:00:00.017883926  4405 0x56065852e320 DEBUG   GST_REGISTRY gstregistrychunks.c:526:gst_registry_chunks_load_pad_template: Reading/casting for GstRegistryChunkPadTemplate at address 0x5606585550b0
0:00:00.013706777  4406 0x56162133f320 DEBUG   GST_POLL gstpoll.c:980:gst_poll_fd_ctl_write: 0x561621363930: fd (fd:0, idx:1), active : 1
0:00:00.017890094  4405 0x56065852e320 DEBUG   GST_REGISTRY gstregistrychunks.c:539:gst_registry_chunks_load_pad_template: Added pad_template src_%u
0:00:00.013713144  4406 0x56162133f320 LOG   GST_POLL gstpoll.c:994:gst_poll_fd_ctl_write: 0x561621363930: pfd->events now 60 (POLLOUT:4)
0:00:00.017896086  4405 0x56065852e320 DEBUG   GST_REGISTRY gstregistrychunks.c:526:gst_registry_chunks_load_pad_template: Reading/casting for GstRegistryChunkPadTemplate at address 0x5606585550c8
0:00:00.013719820  4406 0x56162133f320 DEBUG   GST_POLL gstpoll.c:980:gst_poll_fd_ctl_write: 0x561621363930: fd (fd:0, idx:1), active : 1
0:00:00.017902250  4405 0x56065852e320 DEBUG   GST_REGISTRY gstregistrychunks.c:539:gst_registry_chunks_load_pad_template: Added pad_template sink
0:00:00.013726339  4406 0x56162133f320 LOG   GST_POLL gstpoll.c:994:gst_poll_fd_ctl_write: 0x561621363930: pfd->events now 60 (POLLOUT:4)
0:00:00.017909515  4405 0x56065852e320 DEBUG   GST_REGISTRY gstregistry.c:590:gst_registry_add_feature: adding feature 0x560658558a50 (output-selector)
0:00:00.013732833  4406 0x56162133f320 DEBUG   GST_POLL gstpoll.c:980:gst_poll_fd_ctl_write: 0x561621363930: fd (fd:0, idx:1), active : 1
0:00:00.017917098  4405 0x56065852e320 DEBUG   GST_REFCOUNTING gstobject.c:709:gst_object_set_parent: set parent (ref and sink)
0:00:00.013739082  4406 0x56162133f320 LOG   GST_POLL gstpoll.c:994:gst_poll_fd_ctl_write: 0x561621363930: pfd->events now 60 (POLLOUT:4)
0:00:00.017924597  4405 0x56065852e320 TRACE   GST_REFCOUNTING gstobject.c:294:gst_object_ref_sink: 0x560658558a50 ref_sink 1->2
0:00:00.013746754  4406 0x56162133f320 DEBUG   GST_POLL gstpoll.c:980:gst_poll_fd_ctl_write: 0x561621363930: fd (fd:0, idx:1), active : 1
0:00:00.017931603  4405 0x56065852e320 LOG   GST_REGISTRY gstregistry.c:608:gst_registry_add_feature: emitting feature-added for output-selector
0:00:00.013754038  4406 0x56162133f320 LOG   GST_POLL gstpoll.c:994:gst_poll_fd_ctl_write: 0x561621363930: pfd->events now 60 (POLLOUT:4)
0:00:00.017943197  4405 0x56065852e320 DEBUG   GST_REGISTRY gstregistrychunks.c:741:gst_registry_chunks_load_feature: Added feature output-selector, plugin 0x560658556250 coreelements
0:00:00.013765451  4406 0x56162133f320 DEBUG   GST_POLL gstpoll.c:980:gst_poll_fd_ctl_write: 0x561621363930: fd (fd:0, idx:1), active : 1
0:00:00.017949977  4405 0x56065852e320 DEBUG   GST_REGISTRY gstregistrychunks.c:583:gst_registry_chunks_load_feature: Plugin 'coreelements' feature 'input-selector' typename : 'GstElementFactory'
0:00:00.013771942  4406 0x56162133f320 LOG   GST_POLL gstpoll.c:994:gst_poll_fd_ctl_write: 0x561621363930: pfd->events now 60 (POLLOUT:4)
0:00:00.017957032  4405 0x56065852e320 TRACE   GST_REFCOUNTING gstobject.c:208:gst_object_init: 0x560658559410 new
0:00:00.013778833  4406 0x56162133f320 DEBUG   GST_POLL gstpoll.c:980:gst_poll_fd_ctl_write: 0x561621363930: fd (fd:0, idx:1), active : 1
0:00:00.017964438  4405 0x56065852e320 LOG   GST_REGISTRY gstregistrychunks.c:610:gst_registry_chunks_load_feature: Reading/casting for GstRegistryChunkElementFactory at address 0x560658555100
