0:00:00.013786355  4406 0x56162133f320 LOG   GST_POLL gstpoll.c:994:gst_poll_fd_ctl_write: 0x561621363930: pfd->events now 60 (POLLOUT:4)
0:00:00.017973027  4405 0x56065852e320 TRACE   structure gststructure.c:287:gst_structure_new_id_empty_with_size: created structure 0x560658559500
0:00:00.013793636  4406 0x56162133f320 DEBUG   GST_POLL gstpoll.c:980:gst_poll_fd_ctl_write: 0x561621363930: fd (fd:0, idx:1), active : 1
0:00:00.017979287  4405 0x56065852e320 DEBUG   structure gststructure.c:2203:gst_structure_parse_field: trying field name 'long-name'
0:00:00.013801931  4406 0x56162133f320 LOG   GST_POLL gstpoll.c:994:gst_poll_fd_ctl_write: 0x561621363930: pfd->events now 60 (POLLOUT:4)
0:00:00.017985355  4405 0x56065852e320 DEBUG   default gstvalue.c:2676:_priv_gst_value_parse_value: trying type name 'string'
0:00:00.013808493  4406 0x56162133f320 DEBUG   GST_POLL gstpoll.c:980:gst_poll_fd_ctl_write: 0x561621363930: fd (fd:0, idx:1), active : 1
0:00:00.017991967  4405 0x56065852e320 DEBUG   structure gststructure.c:2203:gst_structure_parse_field: trying field name 'klass'
0:00:00.013814802  4406 0x56162133f320 LOG   GST_POLL gstpoll.c:994:gst_poll_fd_ctl_write: 0x561621363930: pfd->events now 60 (POLLOUT:4)
0:00:00.017998592  4405 0x56065852e320 DEBUG   default gstvalue.c:2676:_priv_gst_value_parse_value: trying type name 'string'
0:00:00.013821704  4406 0x56162133f320 LOG   GST_PLUGIN_LOADING gstpluginloader.c:646:put_chunk: Expanding tx buf from 10158 to 13209 for chunk of size 209
0:00:00.018005011  4405 0x56065852e320 DEBUG   structure gststructure.c:2203:gst_structure_parse_field: trying field name 'description'
0:00:00.018011271  4405 0x56065852e320 DEBUG   default gstvalue.c:2676:_priv_gst_value_parse_value: trying type name 'string'
0:00:00.018017876  4405 0x56065852e320 DEBUG   structure gststructure.c:2203:gst_structure_parse_field: trying field name 'author'
0:00:00.013845787  4406 0x56162133f320 DEBUG   GST_POLL gstpoll.c:980:gst_poll_fd_ctl_write: 0x561621363930: fd (fd:0, idx:1), active : 1
0:00:00.018027441  4405 0x56065852e320 DEBUG   default gstvalue.c:2676:_priv_gst_value_parse_value: trying type name 'string'
0:00:00.013852943  4406 0x56162133f320 LOG   GST_POLL gstpoll.c:994:gst_poll_fd_ctl_write: 0x561621363930: pfd->events now 60 (POLLOUT:4)
0:00:00.018035927  4405 0x56065852e320 DEBUG   GST_REGISTRY gstregistrychunks.c:626:gst_registry_chunks_load_feature: Element factory : npadtemplates=2
0:00:00.013860019  4406 0x56162133f320 DEBUG   GST_POLL gstpoll.c:980:gst_poll_fd_ctl_write: 0x561621363930: fd (fd:0, idx:1), active : 1
0:00:00.018042146  4405 0x56065852e320 DEBUG   GST_REGISTRY gstregistrychunks.c:526:gst_registry_chunks_load_pad_template: Reading/casting for GstRegistryChunkPadTemplate at address 0x560658555230
0:00:00.013866430  4406 0x56162133f320 LOG   GST_POLL gstpoll.c:994:gst_poll_fd_ctl_write: 0x561621363930: pfd->events now 60 (POLLOUT:4)
0:00:00.018048032  4405 0x56065852e320 DEBUG   GST_REGISTRY gstregistrychunks.c:539:gst_registry_chunks_load_pad_template: Added pad_template src
0:00:00.013873218  4406 0x56162133f320 DEBUG   GST_POLL gstpoll.c:980:gst_poll_fd_ctl_write: 0x561621363930: fd (fd:0, idx:1), active : 1
0:00:00.018054584  4405 0x56065852e320 DEBUG   GST_REGISTRY gstregistrychunks.c:526:gst_registry_chunks_load_pad_template: Reading/casting for GstRegistryChunkPadTemplate at address 0x560658555240
0:00:00.013879606  4406 0x56162133f320 LOG   GST_POLL gstpoll.c:994:gst_poll_fd_ctl_write: 0x561621363930: pfd->events now 60 (POLLOUT:4)
0:00:00.018061494  4405 0x56065852e320 DEBUG   GST_REGISTRY gstregistrychunks.c:539:gst_registry_chunks_load_pad_template: Added pad_template sink_%u
0:00:00.013886287  4406 0x56162133f320 DEBUG   GST_POLL gstpoll.c:980:gst_poll_fd_ctl_write: 0x561621363930: fd (fd:0, idx:1), active : 1
0:00:00.018069056  4405 0x56065852e320 DEBUG   GST_REGISTRY gstregistry.c:590:gst_registry_add_feature: adding feature 0x560658559410 (input-selector)
0:00:00.013892657  4406 0x56162133f320 LOG   GST_POLL gstpoll.c:994:gst_poll_fd_ctl_write: 0x561621363930: pfd->events now 60 (POLLOUT:4)
0:00:00.018075258  4405 0x56065852e320 DEBUG   GST_REFCOUNTING gstobject.c:709:gst_object_set_parent: set parent (ref and sink)
0:00:00.013899365  4406 0x56162133f320 DEBUG   GST_POLL gstpoll.c:980:gst_poll_fd_ctl_write: 0x561621363930: fd (fd:0, idx:1), active : 1
0:00:00.018082806  4405 0x56065852e320 TRACE   GST_REFCOUNTING gstobject.c:294:gst_object_ref_sink: 0x560658559410 ref_sink 1->2
0:00:00.013905619  4406 0x56162133f320 LOG   GST_POLL gstpoll.c:994:gst_poll_fd_ctl_write: 0x561621363930: pfd->events now 60 (POLLOUT:4)
0:00:00.018089629  4405 0x56065852e320 LOG   GST_REGISTRY gstregistry.c:608:gst_registry_add_feature: emitting feature-added for input-selector
0:00:00.013912176  4406 0x56162133f320 DEBUG   GST_POLL gstpoll.c:980:gst_poll_fd_ctl_write: 0x561621363930: fd (fd:0, idx:1), active : 1
0:00:00.018096612  4405 0x56065852e320 DEBUG   GST_REGISTRY gstregistrychunks.c:741:gst_registry_chunks_load_feature: Added feature input-selector, plugin 0x560658556250 coreelements
0:00:00.013918481  4406 0x56162133f320 LOG   GST_POLL gstpoll.c:994:gst_poll_fd_ctl_write: 0x561621363930: pfd->events now 60 (POLLOUT:4)
0:00:00.018107692  4405 0x56065852e320 DEBUG   GST_REGISTRY gstregistrychunks.c:583:gst_registry_chunks_load_feature: Plugin 'coreelements' feature 'identity' typename : 'GstElementFactory'
0:00:00.013930258  4406 0x56162133f320 DEBUG   GST_POLL gstpoll.c:980:gst_poll_fd_ctl_write: 0x561621363930: fd (fd:0, idx:1), active : 1
0:00:00.018114763  4405 0x56065852e320 TRACE   GST_REFCOUNTING gstobject.c:208:gst_object_init: 0x560658559a90 new
0:00:00.013936578  4406 0x56162133f320 LOG   GST_POLL gstpoll.c:994:gst_poll_fd_ctl_write: 0x561621363930: pfd->events now 60 (POLLOUT:4)
0:00:00.018122196  4405 0x56065852e320 LOG   GST_REGISTRY gstregistrychunks.c:610:gst_registry_chunks_load_feature: Reading/casting for GstRegistryChunkElementFactory at address 0x560658555270
0:00:00.013944385  4406 0x56162133f320 DEBUG   GST_POLL gstpoll.c:980:gst_poll_fd_ctl_write: 0x561621363930: fd (fd:0, idx:1), active : 1
0:00:00.018128924  4405 0x56065852e320 TRACE   structure gststructure.c:287:gst_structure_new_id_empty_with_size: created structure 0x560658559cc0
0:00:00.013951315  4406 0x56162133f320 LOG   GST_POLL gstpoll.c:994:gst_poll_fd_ctl_write: 0x561621363930: pfd->events now 60 (POLLOUT:4)
0:00:00.018135043  4405 0x56065852e320 DEBUG   structure gststructure.c:2203:gst_structure_parse_field: trying field name 'long-name'
0:00:00.013958101  4406 0x56162133f320 DEBUG   GST_POLL gstpoll.c:980:gst_poll_fd_ctl_write: 0x561621363930: fd (fd:0, idx:1), active : 1
0:00:00.018141071  4405 0x56065852e320 DEBUG   default gstvalue.c:2676:_priv_gst_value_parse_value: trying type name 'string'
0:00:00.013964448  4406 0x56162133f320 LOG   GST_POLL gstpoll.c:994:gst_poll_fd_ctl_write: 0x561621363930: pfd->events now 60 (POLLOUT:4)
0:00:00.018147477  4405 0x56065852e320 DEBUG   structure gststructure.c:2203:gst_structure_parse_field: trying field name 'klass'
0:00:00.013971126  4406 0x56162133f320 DEBUG   GST_POLL gstpoll.c:980:gst_poll_fd_ctl_write: 0x561621363930: fd (fd:0, idx:1), active : 1
0:00:00.018158577  4405 0x56065852e320 DEBUG   default gstvalue.c:2676:_priv_gst_value_parse_value: trying type name 'string'
0:00:00.013980993  4406 0x56162133f320 LOG   GST_POLL gstpoll.c:994:gst_poll_fd_ctl_write: 0x561621363930: pfd->events now 60 (POLLOUT:4)
0:00:00.018165570  4405 0x56065852e320 DEBUG   structure gststructure.c:2203:gst_structure_parse_field: trying field name 'description'
0:00:00.013988118  4406 0x56162133f320 DEBUG   GST_POLL gstpoll.c:980:gst_poll_fd_ctl_write: 0x561621363930: fd (fd:0, idx:1), active : 1
0:00:00.018171658  4405 0x56065852e320 DEBUG   default gstvalue.c:2676:_priv_gst_value_parse_value: trying type name 'string'
0:00:00.013994394  4406 0x56162133f320 LOG   GST_POLL gstpoll.c:994:gst_poll_fd_ctl_write: 0x561621363930: pfd->events now 60 (POLLOUT:4)
0:00:00.018178587  4405 0x56065852e320 DEBUG   structure gststructure.c:2203:gst_structure_parse_field: trying field name 'author'
0:00:00.014001129  4406 0x56162133f320 DEBUG   GST_POLL gstpoll.c:980:gst_poll_fd_ctl_write: 0x561621363930: fd (fd:0, idx:1), active : 1
0:00:00.018189012  4405 0x56065852e320 DEBUG   default gstvalue.c:2676:_priv_gst_value_parse_value: trying type name 'string'
0:00:00.014011383  4406 0x56162133f320 LOG   GST_POLL gstpoll.c:994:gst_poll_fd_ctl_write: 0x561621363930: pfd->events now 60 (POLLOUT:4)
0:00:00.018196032  4405 0x56065852e320 DEBUG   GST_REGISTRY gstregistrychunks.c:626:gst_registry_chunks_load_feature: Element factory : npadtemplates=2
0:00:00.014018599  4406 0x56162133f320 DEBUG   GST_POLL gstpoll.c:980:gst_poll_fd_ctl_write: 0x561621363930: fd (fd:0, idx:1), active : 1
0:00:00.018203883  4405 0x56065852e320 DEBUG   GST_REGISTRY gstregistrychunks.c:526:gst_registry_chunks_load_pad_template: Reading/casting for GstRegistryChunkPadTemplate at address 0x560658555340
0:00:00.014024961  4406 0x56162133f320 LOG   GST_POLL gstpoll.c:994:gst_poll_fd_ctl_write: 0x561621363930: pfd->events now 60 (POLLOUT:4)
0:00:00.018210036  4405 0x56065852e320 DEBUG   GST_REGISTRY gstregistrychunks.c:539:gst_registry_chunks_load_pad_template: Added pad_template sink
0:00:00.014032857  4406 0x56162133f320 DEBUG   GST_POLL gstpoll.c:980:gst_poll_fd_ctl_write: 0x561621363930: fd (fd:0, idx:1), active : 1
0:00:00.018215945  4405 0x56065852e320 DEBUG   GST_REGISTRY gstregistrychunks.c:526:gst_registry_chunks_load_pad_template: Reading/casting for GstRegistryChunkPadTemplate at address 0x560658555358
0:00:00.014039213  4406 0x56162133f320 LOG   GST_POLL gstpoll.c:994:gst_poll_fd_ctl_write: 0x561621363930: pfd->events now 60 (POLLOUT:4)
0:00:00.018221957  4405 0x56065852e320 DEBUG   GST_REGISTRY gstregistrychunks.c:539:gst_registry_chunks_load_pad_template: Added pad_template src
0:00:00.014045910  4406 0x56162133f320 DEBUG   GST_POLL gstpoll.c:980:gst_poll_fd_ctl_write: 0x561621363930: fd (fd:0, idx:1), active : 1
0:00:00.018229151  4405 0x56065852e320 DEBUG   GST_REGISTRY gstregistry.c:590:gst_registry_add_feature: adding feature 0x560658559a90 (identity)
0:00:00.014052151  4406 0x56162133f320 LOG   GST_POLL gstpoll.c:994:gst_poll_fd_ctl_write: 0x561621363930: pfd->events now 60 (POLLOUT:4)
0:00:00.018235464  4405 0x56065852e320 DEBUG   GST_REFCOUNTING gstobject.c:709:gst_object_set_parent: set parent (ref and sink)
0:00:00.014058680  4406 0x56162133f320 DEBUG   GST_POLL gstpoll.c:980:gst_poll_fd_ctl_write: 0x561621363930: fd (fd:0, idx:1), active : 1
0:00:00.018243007  4405 0x56065852e320 TRACE   GST_REFCOUNTING gstobject.c:294:gst_object_ref_sink: 0x560658559a90 ref_sink 1->2
0:00:00.014064944  4406 0x56162133f320 LOG   GST_POLL gstpoll.c:994:gst_poll_fd_ctl_write: 0x561621363930: pfd->events now 60 (POLLOUT:4)
0:00:00.018249806  4405 0x56065852e320 LOG   GST_REGISTRY gstregistry.c:608:gst_registry_add_feature: emitting feature-added for identity
0:00:00.014072411  4406 0x56162133f320 DEBUG   GST_POLL gstpoll.c:980:gst_poll_fd_ctl_write: 0x561621363930: fd (fd:0, idx:1), active : 1
0:00:00.018256722  4405 0x56065852e320 DEBUG   GST_REGISTRY gstregistrychunks.c:741:gst_registry_chunks_load_feature: Added feature identity, plugin 0x560658556250 coreelements
0:00:00.014078734  4406 0x56162133f320 LOG   GST_POLL gstpoll.c:994:gst_poll_fd_ctl_write: 0x561621363930: pfd->events now 60 (POLLOUT:4)
0:00:00.018267334  4405 0x56065852e320 DEBUG   GST_REGISTRY gstregistrychunks.c:583:gst_registry_chunks_load_feature: Plugin 'coreelements' feature 'funnel' typename : 'GstElementFactory'
0:00:00.014089845  4406 0x56162133f320 DEBUG   GST_POLL gstpoll.c:980:gst_poll_fd_ctl_write: 0x561621363930: fd (fd:0, idx:1), active : 1
0:00:00.018274773  4405 0x56065852e320 TRACE   GST_REFCOUNTING gstobject.c:208:gst_object_init: 0x56065855a150 new
0:00:00.014096158  4406 0x56162133f320 LOG   GST_POLL gstpoll.c:994:gst_poll_fd_ctl_write: 0x561621363930: pfd->events now 60 (POLLOUT:4)
0:00:00.018282254  4405 0x56065852e320 LOG   GST_REGISTRY gstregistrychunks.c:610:gst_registry_chunks_load_feature: Reading/casting for GstRegistryChunkElementFactory at address 0x560658555388
0:00:00.014104425  4406 0x56162133f320 DEBUG   GST_POLL gstpoll.c:980:gst_poll_fd_ctl_write: 0x561621363930: fd (fd:0, idx:1), active : 1
0:00:00.018288738  4405 0x56065852e320 TRACE   structure gststructure.c:287:gst_structure_new_id_empty_with_size: created structure 0x56065855a450
0:00:00.014110882  4406 0x56162133f320 LOG   GST_POLL gstpoll.c:994:gst_poll_fd_ctl_write: 0x561621363930: pfd->events now 60 (POLLOUT:4)
0:00:00.018295132  4405 0x56065852e320 DEBUG   structure gststructure.c:2203:gst_structure_parse_field: trying field name 'long-name'
0:00:00.014118306  4406 0x56162133f320 DEBUG   GST_POLL gstpoll.c:980:gst_poll_fd_ctl_write: 0x561621363930: fd (fd:0, idx:1), active : 1
0:00:00.018301043  4405 0x56065852e320 DEBUG   default gstvalue.c:2676:_priv_gst_value_parse_value: trying type name 'string'
0:00:00.014124576  4406 0x56162133f320 LOG   GST_POLL gstpoll.c:994:gst_poll_fd_ctl_write: 0x561621363930: pfd->events now 60 (POLLOUT:4)
0:00:00.018307561  4405 0x56065852e320 DEBUG   structure gststructure.c:2203:gst_structure_parse_field: trying field name 'klass'
0:00:00.014131166  4406 0x56162133f320 DEBUG   GST_POLL gstpoll.c:980:gst_poll_fd_ctl_write: 0x561621363930: fd (fd:0, idx:1), active : 1
0:00:00.018313923  4405 0x56065852e320 DEBUG   default gstvalue.c:2676:_priv_gst_value_parse_value: trying type name 'string'
0:00:00.014137457  4406 0x56162133f320 LOG   GST_POLL gstpoll.c:994:gst_poll_fd_ctl_write: 0x561621363930: pfd->events now 60 (POLLOUT:4)
0:00:00.018320553  4405 0x56065852e320 DEBUG   structure gststructure.c:2203:gst_structure_parse_field: trying field name 'description'
0:00:00.014144049  4406 0x56162133f320 DEBUG   GST_POLL gstpoll.c:980:gst_poll_fd_ctl_write: 0x561621363930: fd (fd:0, idx:1), active : 1
0:00:00.018326827  4405 0x56065852e320 DEBUG   default gstvalue.c:2676:_priv_gst_value_parse_value: trying type name 'string'
0:00:00.014150302  4406 0x56162133f320 LOG   GST_POLL gstpoll.c:994:gst_poll_fd_ctl_write: 0x561621363930: pfd->events now 60 (POLLOUT:4)
0:00:00.018333496  4405 0x56065852e320 DEBUG   structure gststructure.c:2203:gst_structure_parse_field: trying field name 'author'
0:00:00.014161040  4406 0x56162133f320 DEBUG   GST_POLL gstpoll.c:980:gst_poll_fd_ctl_write: 0x561621363930: fd (fd:0, idx:1), active : 1
0:00:00.018342774  4405 0x56065852e320 DEBUG   default gstvalue.c:2676:_priv_gst_value_parse_value: trying type name 'string'
0:00:00.014167431  4406 0x56162133f320 LOG   GST_POLL gstpoll.c:994:gst_poll_fd_ctl_write: 0x561621363930: pfd->events now 60 (POLLOUT:4)
0:00:00.018350064  4405 0x56065852e320 DEBUG   GST_REGISTRY gstregistrychunks.c:626:gst_registry_chunks_load_feature: Element factory : npadtemplates=2
0:00:00.014181693  4406 0x56162133f320 DEBUG   GST_POLL gstpoll.c:980:gst_poll_fd_ctl_write: 0x561621363930: fd (fd:0, idx:1), active : 1
0:00:00.018365992  4405 0x56065852e320 DEBUG   GST_REGISTRY gstregistrychunks.c:526:gst_registry_chunks_load_pad_template: Reading/casting for GstRegistryChunkPadTemplate at address 0x560658555460
0:00:00.014188750  4406 0x56162133f320 LOG   GST_POLL gstpoll.c:994:gst_poll_fd_ctl_write: 0x561621363930: pfd->events now 60 (POLLOUT:4)
0:00:00.018372034  4405 0x56065852e320 DEBUG   GST_REGISTRY gstregistrychunks.c:539:gst_registry_chunks_load_pad_template: Added pad_template src
0:00:00.014195439  4406 0x56162133f320 DEBUG   GST_POLL gstpoll.c:980:gst_poll_fd_ctl_write: 0x561621363930: fd (fd:0, idx:1), active : 1
0:00:00.018378098  4405 0x56065852e320 DEBUG   GST_REGISTRY gstregistrychunks.c:526:gst_registry_chunks_load_pad_template: Reading/casting for GstRegistryChunkPadTemplate at address 0x560658555470
0:00:00.014201824  4406 0x56162133f320 LOG   GST_POLL gstpoll.c:994:gst_poll_fd_ctl_write: 0x561621363930: pfd->events now 60 (POLLOUT:4)
0:00:00.018383884  4405 0x56065852e320 DEBUG   GST_REGISTRY gstregistrychunks.c:539:gst_registry_chunks_load_pad_template: Added pad_template sink_%u
0:00:00.014208338  4406 0x56162133f320 DEBUG   GST_POLL gstpoll.c:980:gst_poll_fd_ctl_write: 0x561621363930: fd (fd:0, idx:1), active : 1
0:00:00.018391244  4405 0x56065852e320 DEBUG   GST_REGISTRY gstregistry.c:590:gst_registry_add_feature: adding feature 0x56065855a150 (funnel)
0:00:00.014214660  4406 0x56162133f320 LOG   GST_POLL gstpoll.c:994:gst_poll_fd_ctl_write: 0x561621363930: pfd->events now 60 (POLLOUT:4)
0:00:00.018397362  4405 0x56065852e320 DEBUG   GST_REFCOUNTING gstobject.c:709:gst_object_set_parent: set parent (ref and sink)
0:00:00.014221319  4406 0x56162133f320 DEBUG   GST_POLL gstpoll.c:980:gst_poll_fd_ctl_write: 0x561621363930: fd (fd:0, idx:1), active : 1
0:00:00.018404903  4405 0x56065852e320 TRACE   GST_REFCOUNTING gstobject.c:294:gst_object_ref_sink: 0x56065855a150 ref_sink 1->2
0:00:00.014227725  4406 0x56162133f320 LOG   GST_POLL gstpoll.c:994:gst_poll_fd_ctl_write: 0x561621363930: pfd->events now 60 (POLLOUT:4)
0:00:00.018411855  4405 0x56065852e320 LOG   GST_REGISTRY gstregistry.c:608:gst_registry_add_feature: emitting feature-added for funnel
0:00:00.014234358  4406 0x56162133f320 DEBUG   GST_POLL gstpoll.c:980:gst_poll_fd_ctl_write: 0x561621363930: fd (fd:0, idx:1), active : 1
0:00:00.018418906  4405 0x56065852e320 DEBUG   GST_REGISTRY gstregistrychunks.c:741:gst_registry_chunks_load_feature: Added feature funnel, plugin 0x560658556250 coreelements
0:00:00.014244276  4406 0x56162133f320 LOG   GST_POLL gstpoll.c:994:gst_poll_fd_ctl_write: 0x561621363930: pfd->events now 60 (POLLOUT:4)
0:00:00.018426627  4405 0x56065852e320 DEBUG   GST_REGISTRY gstregistrychunks.c:583:gst_registry_chunks_load_feature: Plugin 'coreelements' feature 'filesrc' typename : 'GstElementFactory'
0:00:00.014250828  4406 0x56162133f320 DEBUG   GST_POLL gstpoll.c:980:gst_poll_fd_ctl_write: 0x561621363930: fd (fd:0, idx:1), active : 1
0:00:00.018433972  4405 0x56065852e320 TRACE   GST_REFCOUNTING gstobject.c:208:gst_object_init: 0x56065855a870 new
0:00:00.014257171  4406 0x56162133f320 LOG   GST_POLL gstpoll.c:994:gst_poll_fd_ctl_write: 0x561621363930: pfd->events now 60 (POLLOUT:4)
0:00:00.018441307  4405 0x56065852e320 LOG   GST_REGISTRY gstregistrychunks.c:610:gst_registry_chunks_load_feature: Reading/casting for GstRegistryChunkElementFactory at address 0x5606585554a0
0:00:00.014263593  4406 0x56162133f320 DEBUG   GST_POLL gstpoll.c:980:gst_poll_fd_ctl_write: 0x561621363930: fd (fd:0, idx:1), active : 1
0:00:00.018447887  4405 0x56065852e320 TRACE   structure gststructure.c:287:gst_structure_new_id_empty_with_size: created structure 0x56065855ab70
0:00:00.014270144  4406 0x56162133f320 LOG   GST_POLL gstpoll.c:994:gst_poll_fd_ctl_write: 0x561621363930: pfd->events now 60 (POLLOUT:4)
0:00:00.018454178  4405 0x56065852e320 DEBUG   structure gststructure.c:2203:gst_structure_parse_field: trying field name 'long-name'
0:00:00.014277099  4406 0x56162133f320 DEBUG   GST_POLL gstpoll.c:980:gst_poll_fd_ctl_write: 0x561621363930: fd (fd:0, idx:1), active : 1
0:00:00.018460127  4405 0x56065852e320 DEBUG   default gstvalue.c:2676:_priv_gst_value_parse_value: trying type name 'string'
0:00:00.014283297  4406 0x56162133f320 LOG   GST_POLL gstpoll.c:994:gst_poll_fd_ctl_write: 0x561621363930: pfd->events now 60 (POLLOUT:4)
0:00:00.018466794  4405 0x56065852e320 DEBUG   structure gststructure.c:2203:gst_structure_parse_field: trying field name 'klass'
0:00:00.014290077  4406 0x56162133f320 DEBUG   GST_POLL gstpoll.c:980:gst_poll_fd_ctl_write: 0x561621363930: fd (fd:0, idx:1), active : 1
0:00:00.018473252  4405 0x56065852e320 DEBUG   default gstvalue.c:2676:_priv_gst_value_parse_value: trying type name 'string'
0:00:00.014296597  4406 0x56162133f320 LOG   GST_POLL gstpoll.c:994:gst_poll_fd_ctl_write: 0x561621363930: pfd->events now 60 (POLLOUT:4)
0:00:00.018479842  4405 0x56065852e320 DEBUG   structure gststructure.c:2203:gst_structure_parse_field: trying field name 'description'
0:00:00.014303167  4406 0x56162133f320 DEBUG   GST_POLL gstpoll.c:980:gst_poll_fd_ctl_write: 0x561621363930: fd (fd:0, idx:1), active : 1
0:00:00.018486102  4405 0x56065852e320 DEBUG   default gstvalue.c:2676:_priv_gst_value_parse_value: trying type name 'string'
0:00:00.014309589  4406 0x56162133f320 LOG   GST_POLL gstpoll.c:994:gst_poll_fd_ctl_write: 0x561621363930: pfd->events now 60 (POLLOUT:4)
0:00:00.018493012  4405 0x56065852e320 DEBUG   structure gststructure.c:2203:gst_structure_parse_field: trying field name 'author'
0:00:00.014320042  4406 0x56162133f320 DEBUG   GST_POLL gstpoll.c:980:gst_poll_fd_ctl_write: 0x561621363930: fd (fd:0, idx:1), active : 1
0:00:00.018501781  4405 0x56065852e320 DEBUG   default gstvalue.c:2676:_priv_gst_value_parse_value: trying type name 'string'
0:00:00.014326483  4406 0x56162133f320 LOG   GST_POLL gstpoll.c:994:gst_poll_fd_ctl_write: 0x561621363930: pfd->events now 60 (POLLOUT:4)
0:00:00.018509060  4405 0x56065852e320 DEBUG   GST_REGISTRY gstregistrychunks.c:626:gst_registry_chunks_load_feature: Element factory : npadtemplates=1
0:00:00.014334975  4406 0x56162133f320 DEBUG   GST_POLL gstpoll.c:980:gst_poll_fd_ctl_write: 0x561621363930: fd (fd:0, idx:1), active : 1
0:00:00.018516065  4405 0x56065852e320 DEBUG   GST_REGISTRY gstregistrychunks.c:526:gst_registry_chunks_load_pad_template: Reading/casting for GstRegistryChunkPadTemplate at address 0x560658555580
0:00:00.014341477  4406 0x56162133f320 LOG   GST_POLL gstpoll.c:994:gst_poll_fd_ctl_write: 0x561621363930: pfd->events now 60 (POLLOUT:4)
0:00:00.018523279  4405 0x56065852e320 DEBUG   GST_REGISTRY gstregistrychunks.c:539:gst_registry_chunks_load_pad_template: Added pad_template src
0:00:00.014348133  4406 0x56162133f320 DEBUG   GST_POLL gstpoll.c:980:gst_poll_fd_ctl_write: 0x561621363930: fd (fd:0, idx:1), active : 1
0:00:00.018530380  4405 0x56065852e320 DEBUG   GST_REGISTRY gstregistrychunks.c:639:gst_registry_chunks_load_feature: Reading 1 UriTypes at address 0x560658555590
0:00:00.014354529  4406 0x56162133f320 LOG   GST_POLL gstpoll.c:994:gst_poll_fd_ctl_write: 0x561621363930: pfd->events now 60 (POLLOUT:4)
0:00:00.018537457  4405 0x56065852e320 DEBUG   GST_REGISTRY gstregistrychunks.c:654:gst_registry_chunks_load_feature: Reading 1 Interfaces at address 0x560658555599
0:00:00.014361096  4406 0x56162133f320 DEBUG   GST_POLL gstpoll.c:980:gst_poll_fd_ctl_write: 0x561621363930: fd (fd:0, idx:1), active : 1
0:00:00.018545158  4405 0x56065852e320 DEBUG   GST_REGISTRY gstregistry.c:590:gst_registry_add_feature: adding feature 0x56065855a870 (filesrc)
0:00:00.014367478  4406 0x56162133f320 LOG   GST_POLL gstpoll.c:994:gst_poll_fd_ctl_write: 0x561621363930: pfd->events now 60 (POLLOUT:4)
0:00:00.018551839  4405 0x56065852e320 DEBUG   GST_REFCOUNTING gstobject.c:709:gst_object_set_parent: set parent (ref and sink)
0:00:00.014374822  4406 0x56162133f320 DEBUG   GST_POLL gstpoll.c:980:gst_poll_fd_ctl_write: 0x561621363930: fd (fd:0, idx:1), active : 1
0:00:00.018559297  4405 0x56065852e320 TRACE   GST_REFCOUNTING gstobject.c:294:gst_object_ref_sink: 0x56065855a870 ref_sink 1->2
0:00:00.014381161  4406 0x56162133f320 LOG   GST_POLL gstpoll.c:994:gst_poll_fd_ctl_write: 0x561621363930: pfd->events now 60 (POLLOUT:4)
0:00:00.018566211  4405 0x56065852e320 LOG   GST_REGISTRY gstregistry.c:608:gst_registry_add_feature: emitting feature-added for filesrc
0:00:00.014388971  4406 0x56162133f320 DEBUG   GST_POLL gstpoll.c:980:gst_poll_fd_ctl_write: 0x561621363930: fd (fd:0, idx:1), active : 1
0:00:00.018573236  4405 0x56065852e320 DEBUG   GST_REGISTRY gstregistrychunks.c:741:gst_registry_chunks_load_feature: Added feature filesrc, plugin 0x560658556250 coreelements
0:00:00.014398829  4406 0x56162133f320 LOG   GST_POLL gstpoll.c:994:gst_poll_fd_ctl_write: 0x561621363930: pfd->events now 60 (POLLOUT:4)
0:00:00.018581358  4405 0x56065852e320 DEBUG   GST_REGISTRY gstregistrychunks.c:583:gst_registry_chunks_load_feature: Plugin 'coreelements' feature 'fdsink' typename : 'GstElementFactory'
0:00:00.014405610  4406 0x56162133f320 DEBUG   GST_POLL gstpoll.c:980:gst_poll_fd_ctl_write: 0x561621363930: fd (fd:0, idx:1), active : 1
0:00:00.018588707  4405 0x56065852e320 TRACE   GST_REFCOUNTING gstobject.c:208:gst_object_init: 0x56065855b020 new
0:00:00.014411947  4406 0x56162133f320 LOG   GST_POLL gstpoll.c:994:gst_poll_fd_ctl_write: 0x561621363930: pfd->events now 60 (POLLOUT:4)
0:00:00.018595956  4405 0x56065852e320 LOG   GST_REGISTRY gstregistrychunks.c:610:gst_registry_chunks_load_feature: Reading/casting for GstRegistryChunkElementFactory at address 0x5606585555c0
0:00:00.014418688  4406 0x56162133f320 DEBUG   GST_POLL gstpoll.c:980:gst_poll_fd_ctl_write: 0x561621363930: fd (fd:0, idx:1), active : 1
0:00:00.018602603  4405 0x56065852e320 TRACE   structure gststructure.c:287:gst_structure_new_id_empty_with_size: created structure 0x56065855b3a0
0:00:00.014425094  4406 0x56162133f320 LOG   GST_POLL gstpoll.c:994:gst_poll_fd_ctl_write: 0x561621363930: pfd->events now 60 (POLLOUT:4)
0:00:00.018608604  4405 0x56065852e320 DEBUG   structure gststructure.c:2203:gst_structure_parse_field: trying field name 'long-name'
0:00:00.014431881  4406 0x56162133f320 DEBUG   GST_POLL gstpoll.c:980:gst_poll_fd_ctl_write: 0x561621363930: fd (fd:0, idx:1), active : 1
0:00:00.018614823  4405 0x56065852e320 DEBUG   default gstvalue.c:2676:_priv_gst_value_parse_value: trying type name 'string'
0:00:00.014438218  4406 0x56162133f320 LOG   GST_POLL gstpoll.c:994:gst_poll_fd_ctl_write: 0x561621363930: pfd->events now 60 (POLLOUT:4)
0:00:00.018621512  4405 0x56065852e320 DEBUG   structure gststructure.c:2203:gst_structure_parse_field: trying field name 'klass'
0:00:00.014444878  4406 0x56162133f320 DEBUG   GST_POLL gstpoll.c:980:gst_poll_fd_ctl_write: 0x561621363930: fd (fd:0, idx:1), active : 1
0:00:00.018628066  4405 0x56065852e320 DEBUG   default gstvalue.c:2676:_priv_gst_value_parse_value: trying type name 'string'
0:00:00.014451226  4406 0x56162133f320 LOG   GST_POLL gstpoll.c:994:gst_poll_fd_ctl_write: 0x561621363930: pfd->events now 60 (POLLOUT:4)
0:00:00.018634569  4405 0x56065852e320 DEBUG   structure gststructure.c:2203:gst_structure_parse_field: trying field name 'description'
0:00:00.014457912  4406 0x56162133f320 DEBUG   GST_POLL gstpoll.c:980:gst_poll_fd_ctl_write: 0x561621363930: fd (fd:0, idx:1), active : 1
0:00:00.018641380  4405 0x56065852e320 DEBUG   default gstvalue.c:2676:_priv_gst_value_parse_value: trying type name 'string'
0:00:00.014464317  4406 0x56162133f320 LOG   GST_POLL gstpoll.c:994:gst_poll_fd_ctl_write: 0x561621363930: pfd->events now 60 (POLLOUT:4)
0:00:00.018648455  4405 0x56065852e320 DEBUG   structure gststructure.c:2203:gst_structure_parse_field: trying field name 'author'
0:00:00.014476754  4406 0x56162133f320 DEBUG   GST_POLL gstpoll.c:980:gst_poll_fd_ctl_write: 0x561621363930: fd (fd:0, idx:1), active : 1
0:00:00.018658534  4405 0x56065852e320 DEBUG   default gstvalue.c:2676:_priv_gst_value_parse_value: trying type name 'string'
0:00:00.014483229  4406 0x56162133f320 LOG   GST_POLL gstpoll.c:994:gst_poll_fd_ctl_write: 0x561621363930: pfd->events now 60 (POLLOUT:4)
0:00:00.018665656  4405 0x56065852e320 DEBUG   GST_REGISTRY gstregistrychunks.c:626:gst_registry_chunks_load_feature: Element factory : npadtemplates=1
0:00:00.014489729  4406 0x56162133f320 DEBUG   GST_POLL gstpoll.c:980:gst_poll_fd_ctl_write: 0x561621363930: fd (fd:0, idx:1), active : 1
0:00:00.018671775  4405 0x56065852e320 DEBUG   GST_REGISTRY gstregistrychunks.c:526:gst_registry_chunks_load_pad_template: Reading/casting for GstRegistryChunkPadTemplate at address 0x5606585556a0
0:00:00.014495934  4406 0x56162133f320 LOG   GST_POLL gstpoll.c:994:gst_poll_fd_ctl_write: 0x561621363930: pfd->events now 60 (POLLOUT:4)
0:00:00.018677731  4405 0x56065852e320 DEBUG   GST_REGISTRY gstregistrychunks.c:539:gst_registry_chunks_load_pad_template: Added pad_template sink
0:00:00.014502574  4406 0x56162133f320 DEBUG   GST_POLL gstpoll.c:980:gst_poll_fd_ctl_write: 0x561621363930: fd (fd:0, idx:1), active : 1
0:00:00.018684722  4405 0x56065852e320 DEBUG   GST_REGISTRY gstregistrychunks.c:639:gst_registry_chunks_load_feature: Reading 1 UriTypes at address 0x5606585556b1
0:00:00.014508992  4406 0x56162133f320 LOG   GST_POLL gstpoll.c:994:gst_poll_fd_ctl_write: 0x561621363930: pfd->events now 60 (POLLOUT:4)
0:00:00.018691260  4405 0x56065852e320 DEBUG   GST_REGISTRY gstregistrychunks.c:654:gst_registry_chunks_load_feature: Reading 1 Interfaces at address 0x5606585556bf
0:00:00.014515538  4406 0x56162133f320 DEBUG   GST_POLL gstpoll.c:980:gst_poll_fd_ctl_write: 0x561621363930: fd (fd:0, idx:1), active : 1
0:00:00.018698847  4405 0x56065852e320 DEBUG   GST_REGISTRY gstregistry.c:590:gst_registry_add_feature: adding feature 0x56065855b020 (fdsink)
0:00:00.014521775  4406 0x56162133f320 LOG   GST_POLL gstpoll.c:994:gst_poll_fd_ctl_write: 0x561621363930: pfd->events now 60 (POLLOUT:4)
0:00:00.018705124  4405 0x56065852e320 DEBUG   GST_REFCOUNTING gstobject.c:709:gst_object_set_parent: set parent (ref and sink)
0:00:00.014528286  4406 0x56162133f320 DEBUG   GST_POLL gstpoll.c:980:gst_poll_fd_ctl_write: 0x561621363930: fd (fd:0, idx:1), active : 1
0:00:00.018712833  4405 0x56065852e320 TRACE   GST_REFCOUNTING gstobject.c:294:gst_object_ref_sink: 0x56065855b020 ref_sink 1->2
0:00:00.014534603  4406 0x56162133f320 LOG   GST_POLL gstpoll.c:994:gst_poll_fd_ctl_write: 0x561621363930: pfd->events now 60 (POLLOUT:4)
0:00:00.018719803  4405 0x56065852e320 LOG   GST_REGISTRY gstregistry.c:608:gst_registry_add_feature: emitting feature-added for fdsink
0:00:00.014542667  4406 0x56162133f320 DEBUG   GST_POLL gstpoll.c:980:gst_poll_fd_ctl_write: 0x561621363930: fd (fd:0, idx:1), active : 1
0:00:00.018726873  4405 0x56065852e320 DEBUG   GST_REGISTRY gstregistrychunks.c:741:gst_registry_chunks_load_feature: Added feature fdsink, plugin 0x560658556250 coreelements
0:00:00.014552579  4406 0x56162133f320 LOG   GST_POLL gstpoll.c:994:gst_poll_fd_ctl_write: 0x561621363930: pfd->events now 60 (POLLOUT:4)
0:00:00.018735017  4405 0x56065852e320 DEBUG   GST_REGISTRY gstregistrychunks.c:583:gst_registry_chunks_load_feature: Plugin 'coreelements' feature 'fdsrc' typename : 'GstElementFactory'
0:00:00.014559285  4406 0x56162133f320 DEBUG   GST_POLL gstpoll.c:980:gst_poll_fd_ctl_write: 0x561621363930: fd (fd:0, idx:1), active : 1
0:00:00.018742451  4405 0x56065852e320 TRACE   GST_REFCOUNTING gstobject.c:208:gst_object_init: 0x56065855f8a0 new
0:00:00.014565645  4406 0x56162133f320 LOG   GST_POLL gstpoll.c:994:gst_poll_fd_ctl_write: 0x561621363930: pfd->events now 60 (POLLOUT:4)
0:00:00.018749728  4405 0x56065852e320 LOG   GST_REGISTRY gstregistrychunks.c:610:gst_registry_chunks_load_feature: Reading/casting for GstRegistryChunkElementFactory at address 0x5606585556e8
0:00:00.014572412  4406 0x56162133f320 DEBUG   GST_POLL gstpoll.c:980:gst_poll_fd_ctl_write: 0x561621363930: fd (fd:0, idx:1), active : 1
0:00:00.018756239  4405 0x56065852e320 TRACE   structure gststructure.c:287:gst_structure_new_id_empty_with_size: created structure 0x56065855fad0
0:00:00.014578642  4406 0x56162133f320 LOG   GST_POLL gstpoll.c:994:gst_poll_fd_ctl_write: 0x561621363930: pfd->events now 60 (POLLOUT:4)
0:00:00.018762385  4405 0x56065852e320 DEBUG   structure gststructure.c:2203:gst_structure_parse_field: trying field name 'long-name'
0:00:00.014585287  4406 0x56162133f320 DEBUG   GST_POLL gstpoll.c:980:gst_poll_fd_ctl_write: 0x561621363930: fd (fd:0, idx:1), active : 1
0:00:00.018768161  4405 0x56065852e320 DEBUG   default gstvalue.c:2676:_priv_gst_value_parse_value: trying type name 'string'
0:00:00.014591717  4406 0x56162133f320 LOG   GST_POLL gstpoll.c:994:gst_poll_fd_ctl_write: 0x561621363930: pfd->events now 60 (POLLOUT:4)
0:00:00.018774709  4405 0x56065852e320 DEBUG   structure gststructure.c:2203:gst_structure_parse_field: trying field name 'klass'
0:00:00.014598190  4406 0x56162133f320 DEBUG   GST_POLL gstpoll.c:980:gst_poll_fd_ctl_write: 0x561621363930: fd (fd:0, idx:1), active : 1
0:00:00.018780869  4405 0x56065852e320 DEBUG   default gstvalue.c:2676:_priv_gst_value_parse_value: trying type name 'string'
0:00:00.014604475  4406 0x56162133f320 LOG   GST_POLL gstpoll.c:994:gst_poll_fd_ctl_write: 0x561621363930: pfd->events now 60 (POLLOUT:4)
0:00:00.018787258  4405 0x56065852e320 DEBUG   structure gststructure.c:2203:gst_structure_parse_field: trying field name 'description'
0:00:00.014611029  4406 0x56162133f320 DEBUG   GST_POLL gstpoll.c:980:gst_poll_fd_ctl_write: 0x561621363930: fd (fd:0, idx:1), active : 1
0:00:00.018793304  4405 0x56065852e320 DEBUG   default gstvalue.c:2676:_priv_gst_value_parse_value: trying type name 'string'
0:00:00.014617476  4406 0x56162133f320 LOG   GST_POLL gstpoll.c:994:gst_poll_fd_ctl_write: 0x561621363930: pfd->events now 60 (POLLOUT:4)
0:00:00.018799880  4405 0x56065852e320 DEBUG   structure gststructure.c:2203:gst_structure_parse_field: trying field name 'author'
0:00:00.014640452  4406 0x56162133f320 DEBUG   GST_POLL gstpoll.c:980:gst_poll_fd_ctl_write: 0x561621363930: fd (fd:0, idx:1), active : 1
0:00:00.018822064  4405 0x56065852e320 DEBUG   default gstvalue.c:2676:_priv_gst_value_parse_value: trying type name 'string'
0:00:00.014646638  4406 0x56162133f320 LOG   GST_POLL gstpoll.c:994:gst_poll_fd_ctl_write: 0x561621363930: pfd->events now 60 (POLLOUT:4)
0:00:00.018828910  4405 0x56065852e320 DEBUG   GST_REGISTRY gstregistrychunks.c:626:gst_registry_chunks_load_feature: Element factory : npadtemplates=1
0:00:00.014653009  4406 0x56162133f320 DEBUG   GST_POLL gstpoll.c:980:gst_poll_fd_ctl_write: 0x561621363930: fd (fd:0, idx:1), active : 1
0:00:00.018834757  4405 0x56065852e320 DEBUG   GST_REGISTRY gstregistrychunks.c:526:gst_registry_chunks_load_pad_template: Reading/casting for GstRegistryChunkPadTemplate at address 0x5606585557c8
0:00:00.014659099  4406 0x56162133f320 LOG   GST_POLL gstpoll.c:994:gst_poll_fd_ctl_write: 0x561621363930: pfd->events now 60 (POLLOUT:4)
0:00:00.018841206  4405 0x56065852e320 DEBUG   GST_REGISTRY gstregistrychunks.c:539:gst_registry_chunks_load_pad_template: Added pad_template src
0:00:00.014665403  4406 0x56162133f320 DEBUG   GST_POLL gstpoll.c:980:gst_poll_fd_ctl_write: 0x561621363930: fd (fd:0, idx:1), active : 1
0:00:00.018847409  4405 0x56065852e320 DEBUG   GST_REGISTRY gstregistrychunks.c:639:gst_registry_chunks_load_feature: Reading 1 UriTypes at address 0x5606585557d8
0:00:00.014671495  4406 0x56162133f320 LOG   GST_POLL gstpoll.c:994:gst_poll_fd_ctl_write: 0x561621363930: pfd->events now 60 (POLLOUT:4)
0:00:00.018853772  4405 0x56065852e320 DEBUG   GST_REGISTRY gstregistrychunks.c:654:gst_registry_chunks_load_feature: Reading 1 Interfaces at address 0x5606585557df
0:00:00.014677934  4406 0x56162133f320 DEBUG   GST_POLL gstpoll.c:980:gst_poll_fd_ctl_write: 0x561621363930: fd (fd:0, idx:1), active : 1
0:00:00.018860718  4405 0x56065852e320 DEBUG   GST_REGISTRY gstregistry.c:590:gst_registry_add_feature: adding feature 0x56065855f8a0 (fdsrc)
0:00:00.014684078  4406 0x56162133f320 LOG   GST_POLL gstpoll.c:994:gst_poll_fd_ctl_write: 0x561621363930: pfd->events now 60 (POLLOUT:4)
0:00:00.018866746  4405 0x56065852e320 DEBUG   GST_REFCOUNTING gstobject.c:709:gst_object_set_parent: set parent (ref and sink)
0:00:00.014690514  4406 0x56162133f320 DEBUG   GST_POLL gstpoll.c:980:gst_poll_fd_ctl_write: 0x561621363930: fd (fd:0, idx:1), active : 1
0:00:00.014696762  4406 0x56162133f320 LOG   GST_POLL gstpoll.c:994:gst_poll_fd_ctl_write: 0x561621363930: pfd->events now 60 (POLLOUT:4)
0:00:00.018876849  4405 0x56065852e320 TRACE   GST_REFCOUNTING gstobject.c:294:gst_object_ref_sink: 0x56065855f8a0 ref_sink 1->2
0:00:00.014702747  4406 0x56162133f320 DEBUG   GST_POLL gstpoll.c:980:gst_poll_fd_ctl_write: 0x561621363930: fd (fd:0, idx:1), active : 1
0:00:00.018884617  4405 0x56065852e320 LOG   GST_REGISTRY gstregistry.c:608:gst_registry_add_feature: emitting feature-added for fdsrc
0:00:00.014708827  4406 0x56162133f320 LOG   GST_POLL gstpoll.c:994:gst_poll_fd_ctl_write: 0x561621363930: pfd->events now 60 (POLLOUT:4)
0:00:00.018895959  4405 0x56065852e320 DEBUG   GST_REGISTRY gstregistrychunks.c:741:gst_registry_chunks_load_feature: Added feature fdsrc, plugin 0x560658556250 coreelements
0:00:00.014718304  4406 0x56162133f320 DEBUG   GST_POLL gstpoll.c:980:gst_poll_fd_ctl_write: 0x561621363930: fd (fd:0, idx:1), active : 1
0:00:00.018902853  4405 0x56065852e320 DEBUG   GST_REGISTRY gstregistrychunks.c:583:gst_registry_chunks_load_feature: Plugin 'coreelements' feature 'fakesink' typename : 'GstElementFactory'
0:00:00.014724712  4406 0x56162133f320 LOG   GST_POLL gstpoll.c:994:gst_poll_fd_ctl_write: 0x561621363930: pfd->events now 60 (POLLOUT:4)
0:00:00.018909825  4405 0x56065852e320 TRACE   GST_REFCOUNTING gstobject.c:208:gst_object_init: 0x56065855ff50 new
0:00:00.014731531  4406 0x56162133f320 DEBUG   GST_POLL gstpoll.c:980:gst_poll_fd_ctl_write: 0x561621363930: fd (fd:0, idx:1), active : 1
0:00:00.018916934  4405 0x56065852e320 LOG   GST_REGISTRY gstregistrychunks.c:610:gst_registry_chunks_load_feature: Reading/casting for GstRegistryChunkElementFactory at address 0x560658555808
0:00:00.014738848  4406 0x56162133f320 LOG   GST_POLL gstpoll.c:994:gst_poll_fd_ctl_write: 0x561621363930: pfd->events now 60 (POLLOUT:4)
0:00:00.018923179  4405 0x56065852e320 TRACE   structure gststructure.c:287:gst_structure_new_id_empty_with_size: created structure 0x560658560180
0:00:00.014745764  4406 0x56162133f320 DEBUG   GST_POLL gstpoll.c:980:gst_poll_fd_ctl_write: 0x561621363930: fd (fd:0, idx:1), active : 1
0:00:00.018929039  4405 0x56065852e320 DEBUG   structure gststructure.c:2203:gst_structure_parse_field: trying field name 'long-name'
0:00:00.014752033  4406 0x56162133f320 LOG   GST_POLL gstpoll.c:994:gst_poll_fd_ctl_write: 0x561621363930: pfd->events now 60 (POLLOUT:4)
0:00:00.018934889  4405 0x56065852e320 DEBUG   default gstvalue.c:2676:_priv_gst_value_parse_value: trying type name 'string'
0:00:00.014758418  4406 0x56162133f320 DEBUG   GST_POLL gstpoll.c:980:gst_poll_fd_ctl_write: 0x561621363930: fd (fd:0, idx:1), active : 1
0:00:00.018941221  4405 0x56065852e320 DEBUG   structure gststructure.c:2203:gst_structure_parse_field: trying field name 'klass'
0:00:00.014764642  4406 0x56162133f320 LOG   GST_POLL gstpoll.c:994:gst_poll_fd_ctl_write: 0x561621363930: pfd->events now 60 (POLLOUT:4)
0:00:00.018947293  4405 0x56065852e320 DEBUG   default gstvalue.c:2676:_priv_gst_value_parse_value: trying type name 'string'
0:00:00.014771057  4406 0x56162133f320 DEBUG   GST_POLL gstpoll.c:980:gst_poll_fd_ctl_write: 0x561621363930: fd (fd:0, idx:1), active : 1
0:00:00.018953640  4405 0x56065852e320 DEBUG   structure gststructure.c:2203:gst_structure_parse_field: trying field name 'description'
0:00:00.014777151  4406 0x56162133f320 LOG   GST_POLL gstpoll.c:994:gst_poll_fd_ctl_write: 0x561621363930: pfd->events now 60 (POLLOUT:4)
0:00:00.018959558  4405 0x56065852e320 DEBUG   default gstvalue.c:2676:_priv_gst_value_parse_value: trying type name 'string'
0:00:00.014783488  4406 0x56162133f320 DEBUG   GST_POLL gstpoll.c:980:gst_poll_fd_ctl_write: 0x561621363930: fd (fd:0, idx:1), active : 1
0:00:00.018974514  4405 0x56065852e320 DEBUG   structure gststructure.c:2203:gst_structure_parse_field: trying field name 'author'
0:00:00.014796610  4406 0x56162133f320 LOG   GST_POLL gstpoll.c:994:gst_poll_fd_ctl_write: 0x561621363930: pfd->events now 60 (POLLOUT:4)
0:00:00.018980873  4405 0x56065852e320 DEBUG   default gstvalue.c:2676:_priv_gst_value_parse_value: trying type name 'string'
0:00:00.014803632  4406 0x56162133f320 DEBUG   GST_POLL gstpoll.c:980:gst_poll_fd_ctl_write: 0x561621363930: fd (fd:0, idx:1), active : 1
0:00:00.014809854  4406 0x56162133f320 LOG   GST_POLL gstpoll.c:994:gst_poll_fd_ctl_write: 0x561621363930: pfd->events now 60 (POLLOUT:4)
0:00:00.018989809  4405 0x56065852e320 DEBUG   GST_REGISTRY gstregistrychunks.c:626:gst_registry_chunks_load_feature: Element factory : npadtemplates=1
0:00:00.014815734  4406 0x56162133f320 DEBUG   GST_POLL gstpoll.c:980:gst_poll_fd_ctl_write: 0x561621363930: fd (fd:0, idx:1), active : 1
0:00:00.018997454  4405 0x56065852e320 DEBUG   GST_REGISTRY gstregistrychunks.c:526:gst_registry_chunks_load_pad_template: Reading/casting for GstRegistryChunkPadTemplate at address 0x560658555930
0:00:00.014821941  4406 0x56162133f320 LOG   GST_POLL gstpoll.c:994:gst_poll_fd_ctl_write: 0x561621363930: pfd->events now 60 (POLLOUT:4)
0:00:00.019003909  4405 0x56065852e320 DEBUG   GST_REGISTRY gstregistrychunks.c:539:gst_registry_chunks_load_pad_template: Added pad_template sink
0:00:00.019011160  4405 0x56065852e320 DEBUG   GST_REGISTRY gstregistry.c:590:gst_registry_add_feature: adding feature 0x56065855ff50 (fakesink)
0:00:00.014832497  4406 0x56162133f320 DEBUG   GST_POLL gstpoll.c:980:gst_poll_fd_ctl_write: 0x561621363930: fd (fd:0, idx:1), active : 1
0:00:00.019016788  4405 0x56065852e320 DEBUG   GST_REFCOUNTING gstobject.c:709:gst_object_set_parent: set parent (ref and sink)
0:00:00.014839490  4406 0x56162133f320 LOG   GST_POLL gstpoll.c:994:gst_poll_fd_ctl_write: 0x561621363930: pfd->events now 60 (POLLOUT:4)
0:00:00.019024005  4405 0x56065852e320 TRACE   GST_REFCOUNTING gstobject.c:294:gst_object_ref_sink: 0x56065855ff50 ref_sink 1->2
0:00:00.014846297  4406 0x56162133f320 DEBUG   GST_POLL gstpoll.c:980:gst_poll_fd_ctl_write: 0x561621363930: fd (fd:0, idx:1), active : 1
0:00:00.019030707  4405 0x56065852e320 LOG   GST_REGISTRY gstregistry.c:608:gst_registry_add_feature: emitting feature-added for fakesink
0:00:00.014853028  4406 0x56162133f320 LOG   GST_POLL gstpoll.c:994:gst_poll_fd_ctl_write: 0x561621363930: pfd->events now 60 (POLLOUT:4)
0:00:00.019037282  4405 0x56065852e320 DEBUG   GST_REGISTRY gstregistrychunks.c:741:gst_registry_chunks_load_feature: Added feature fakesink, plugin 0x560658556250 coreelements
0:00:00.014859526  4406 0x56162133f320 DEBUG   GST_POLL gstpoll.c:980:gst_poll_fd_ctl_write: 0x561621363930: fd (fd:0, idx:1), active : 1
0:00:00.019043699  4405 0x56065852e320 DEBUG   GST_REGISTRY gstregistrychunks.c:583:gst_registry_chunks_load_feature: Plugin 'coreelements' feature 'fakesrc' typename : 'GstElementFactory'
0:00:00.014865729  4406 0x56162133f320 LOG   GST_POLL gstpoll.c:994:gst_poll_fd_ctl_write: 0x561621363930: pfd->events now 60 (POLLOUT:4)
0:00:00.019054400  4405 0x56065852e320 TRACE   GST_REFCOUNTING gstobject.c:208:gst_object_init: 0x5606585604e0 new
0:00:00.014876382  4406 0x56162133f320 DEBUG   GST_POLL gstpoll.c:980:gst_poll_fd_ctl_write: 0x561621363930: fd (fd:0, idx:1), active : 1
0:00:00.019061569  4405 0x56065852e320 LOG   GST_REGISTRY gstregistrychunks.c:610:gst_registry_chunks_load_feature: Reading/casting for GstRegistryChunkElementFactory at address 0x560658555960
0:00:00.014883752  4406 0x56162133f320 LOG   GST_POLL gstpoll.c:994:gst_poll_fd_ctl_write: 0x561621363930: pfd->events now 60 (POLLOUT:4)
0:00:00.019068406  4405 0x56065852e320 TRACE   structure gststructure.c:287:gst_structure_new_id_empty_with_size: created structure 0x5606585605d0
0:00:00.014891265  4406 0x56162133f320 DEBUG   GST_POLL gstpoll.c:980:gst_poll_fd_ctl_write: 0x561621363930: fd (fd:0, idx:1), active : 1
0:00:00.019074880  4405 0x56065852e320 DEBUG   structure gststructure.c:2203:gst_structure_parse_field: trying field name 'long-name'
0:00:00.014897905  4406 0x56162133f320 LOG   GST_POLL gstpoll.c:994:gst_poll_fd_ctl_write: 0x561621363930: pfd->events now 60 (POLLOUT:4)
0:00:00.019080721  4405 0x56065852e320 DEBUG   default gstvalue.c:2676:_priv_gst_value_parse_value: trying type name 'string'
0:00:00.014904315  4406 0x56162133f320 DEBUG   GST_POLL gstpoll.c:980:gst_poll_fd_ctl_write: 0x561621363930: fd (fd:0, idx:1), active : 1
0:00:00.019086992  4405 0x56065852e320 DEBUG   structure gststructure.c:2203:gst_structure_parse_field: trying field name 'klass'
0:00:00.014910402  4406 0x56162133f320 LOG   GST_POLL gstpoll.c:994:gst_poll_fd_ctl_write: 0x561621363930: pfd->events now 60 (POLLOUT:4)
0:00:00.019093220  4405 0x56065852e320 DEBUG   default gstvalue.c:2676:_priv_gst_value_parse_value: trying type name 'string'
0:00:00.014916736  4406 0x56162133f320 DEBUG   GST_POLL gstpoll.c:980:gst_poll_fd_ctl_write: 0x561621363930: fd (fd:0, idx:1), active : 1
0:00:00.019099457  4405 0x56065852e320 DEBUG   structure gststructure.c:2203:gst_structure_parse_field: trying field name 'description'
0:00:00.014922866  4406 0x56162133f320 LOG   GST_POLL gstpoll.c:994:gst_poll_fd_ctl_write: 0x561621363930: pfd->events now 60 (POLLOUT:4)
0:00:00.019105494  4405 0x56065852e320 DEBUG   default gstvalue.c:2676:_priv_gst_value_parse_value: trying type name 'string'
0:00:00.014929361  4406 0x56162133f320 DEBUG   GST_POLL gstpoll.c:980:gst_poll_fd_ctl_write: 0x561621363930: fd (fd:0, idx:1), active : 1
0:00:00.019111879  4405 0x56065852e320 DEBUG   structure gststructure.c:2203:gst_structure_parse_field: trying field name 'author'
0:00:00.014935384  4406 0x56162133f320 LOG   GST_POLL gstpoll.c:994:gst_poll_fd_ctl_write: 0x561621363930: pfd->events now 60 (POLLOUT:4)
0:00:00.019117841  4405 0x56065852e320 DEBUG   default gstvalue.c:2676:_priv_gst_value_parse_value: trying type name 'string'
0:00:00.014941732  4406 0x56162133f320 DEBUG   GST_POLL gstpoll.c:980:gst_poll_fd_ctl_write: 0x561621363930: fd (fd:0, idx:1), active : 1
0:00:00.019129264  4405 0x56065852e320 DEBUG   GST_REGISTRY gstregistrychunks.c:626:gst_registry_chunks_load_feature: Element factory : npadtemplates=1
0:00:00.014951039  4406 0x56162133f320 LOG   GST_POLL gstpoll.c:994:gst_poll_fd_ctl_write: 0x561621363930: pfd->events now 60 (POLLOUT:4)
0:00:00.019135464  4405 0x56065852e320 DEBUG   GST_REGISTRY gstregistrychunks.c:526:gst_registry_chunks_load_pad_template: Reading/casting for GstRegistryChunkPadTemplate at address 0x560658555a60
0:00:00.014958413  4406 0x56162133f320 DEBUG   GST_POLL gstpoll.c:980:gst_poll_fd_ctl_write: 0x561621363930: fd (fd:0, idx:1), active : 1
0:00:00.019141282  4405 0x56065852e320 DEBUG   GST_REGISTRY gstregistrychunks.c:539:gst_registry_chunks_load_pad_template: Added pad_template src
0:00:00.014964482  4406 0x56162133f320 LOG   GST_POLL gstpoll.c:994:gst_poll_fd_ctl_write: 0x561621363930: pfd->events now 60 (POLLOUT:4)
0:00:00.019148197  4405 0x56065852e320 DEBUG   GST_REGISTRY gstregistry.c:590:gst_registry_add_feature: adding feature 0x5606585604e0 (fakesrc)
0:00:00.014971003  4406 0x56162133f320 DEBUG   GST_POLL gstpoll.c:980:gst_poll_fd_ctl_write: 0x561621363930: fd (fd:0, idx:1), active : 1
0:00:00.019157844  4405 0x56065852e320 DEBUG   GST_REFCOUNTING gstobject.c:709:gst_object_set_parent: set parent (ref and sink)
0:00:00.014980309  4406 0x56162133f320 LOG   GST_POLL gstpoll.c:994:gst_poll_fd_ctl_write: 0x561621363930: pfd->events now 60 (POLLOUT:4)
0:00:00.019165289  4405 0x56065852e320 TRACE   GST_REFCOUNTING gstobject.c:294:gst_object_ref_sink: 0x5606585604e0 ref_sink 1->2
0:00:00.014987484  4406 0x56162133f320 DEBUG   GST_POLL gstpoll.c:980:gst_poll_fd_ctl_write: 0x561621363930: fd (fd:0, idx:1), active : 1
0:00:00.019171806  4405 0x56065852e320 LOG   GST_REGISTRY gstregistry.c:608:gst_registry_add_feature: emitting feature-added for fakesrc
0:00:00.015005565  4406 0x56162133f320 LOG   GST_POLL gstpoll.c:994:gst_poll_fd_ctl_write: 0x561621363930: pfd->events now 60 (POLLOUT:4)
0:00:00.019190697  4405 0x56065852e320 DEBUG   GST_REGISTRY gstregistrychunks.c:741:gst_registry_chunks_load_feature: Added feature fakesrc, plugin 0x560658556250 coreelements
0:00:00.015012861  4406 0x56162133f320 DEBUG   GST_POLL gstpoll.c:980:gst_poll_fd_ctl_write: 0x561621363930: fd (fd:0, idx:1), active : 1
0:00:00.019196679  4405 0x56065852e320 DEBUG   GST_REGISTRY gstregistrychunks.c:583:gst_registry_chunks_load_feature: Plugin 'coreelements' feature 'downloadbuffer' typename : 'GstElementFactory'
0:00:00.015018617  4406 0x56162133f320 LOG   GST_POLL gstpoll.c:994:gst_poll_fd_ctl_write: 0x561621363930: pfd->events now 60 (POLLOUT:4)
0:00:00.019203604  4405 0x56065852e320 TRACE   GST_REFCOUNTING gstobject.c:208:gst_object_init: 0x560658560a20 new
0:00:00.015025492  4406 0x56162133f320 DEBUG   GST_POLL gstpoll.c:980:gst_poll_fd_ctl_write: 0x561621363930: fd (fd:0, idx:1), active : 1
0:00:00.019210323  4405 0x56065852e320 LOG   GST_REGISTRY gstregistrychunks.c:610:gst_registry_chunks_load_feature: Reading/casting for GstRegistryChunkElementFactory at address 0x560658555a98
0:00:00.015032115  4406 0x56162133f320 LOG   GST_POLL gstpoll.c:994:gst_poll_fd_ctl_write: 0x561621363930: pfd->events now 60 (POLLOUT:4)
0:00:00.019220063  4405 0x56065852e320 TRACE   structure gststructure.c:287:gst_structure_new_id_empty_with_size: created structure 0x560658560d20
0:00:00.015042628  4406 0x56162133f320 DEBUG   GST_POLL gstpoll.c:980:gst_poll_fd_ctl_write: 0x561621363930: fd (fd:0, idx:1), active : 1
0:00:00.019225579  4405 0x56065852e320 DEBUG   structure gststructure.c:2203:gst_structure_parse_field: trying field name 'long-name'
0:00:00.015048518  4406 0x56162133f320 LOG   GST_POLL gstpoll.c:994:gst_poll_fd_ctl_write: 0x561621363930: pfd->events now 60 (POLLOUT:4)
0:00:00.019231069  4405 0x56065852e320 DEBUG   default gstvalue.c:2676:_priv_gst_value_parse_value: trying type name 'string'
0:00:00.015054565  4406 0x56162133f320 DEBUG   GST_POLL gstpoll.c:980:gst_poll_fd_ctl_write: 0x561621363930: fd (fd:0, idx:1), active : 1
0:00:00.019237124  4405 0x56065852e320 DEBUG   structure gststructure.c:2203:gst_structure_parse_field: trying field name 'klass'
0:00:00.015060363  4406 0x56162133f320 LOG   GST_POLL gstpoll.c:994:gst_poll_fd_ctl_write: 0x561621363930: pfd->events now 60 (POLLOUT:4)
