0:00:00.013777727  4450 0x55d8bc38e360 LOG   GST_POLL gstpoll.c:994:gst_poll_fd_ctl_write: 0x55d8bc3b2910: pfd->events now 60 (POLLOUT:4)
0:00:00.013786597  4450 0x55d8bc38e360 DEBUG   GST_POLL gstpoll.c:979:gst_poll_fd_ctl_write: 0x55d8bc3b2910: fd (fd:0, idx:1), active : 1
0:00:00.013793466  4450 0x55d8bc38e360 LOG   GST_POLL gstpoll.c:994:gst_poll_fd_ctl_write: 0x55d8bc3b2910: pfd->events now 60 (POLLOUT:4)
0:00:00.013799868  4450 0x55d8bc38e360 LOG   GST_PLUGIN_LOADING gstpluginloader.c:645:put_chunk: Expanding tx buf from 5764 to 7717 for chunk of size 229
0:00:00.013806462  4450 0x55d8bc38e360 DEBUG   GST_POLL gstpoll.c:979:gst_poll_fd_ctl_write: 0x55d8bc3b2910: fd (fd:0, idx:1), active : 1
0:00:00.013814867  4450 0x55d8bc38e360 LOG   GST_POLL gstpoll.c:994:gst_poll_fd_ctl_write: 0x55d8bc3b2910: pfd->events now 60 (POLLOUT:4)
0:00:00.013822176  4450 0x55d8bc38e360 DEBUG   GST_POLL gstpoll.c:979:gst_poll_fd_ctl_write: 0x55d8bc3b2910: fd (fd:0, idx:1), active : 1
0:00:00.013828123  4450 0x55d8bc38e360 LOG   GST_POLL gstpoll.c:994:gst_poll_fd_ctl_write: 0x55d8bc3b2910: pfd->events now 60 (POLLOUT:4)
0:00:00.013834167  4450 0x55d8bc38e360 DEBUG   GST_POLL gstpoll.c:979:gst_poll_fd_ctl_write: 0x55d8bc3b2910: fd (fd:0, idx:1), active : 1
0:00:00.013842556  4450 0x55d8bc38e360 LOG   GST_POLL gstpoll.c:994:gst_poll_fd_ctl_write: 0x55d8bc3b2910: pfd->events now 60 (POLLOUT:4)
0:00:00.013849836  4450 0x55d8bc38e360 DEBUG   GST_POLL gstpoll.c:979:gst_poll_fd_ctl_write: 0x55d8bc3b2910: fd (fd:0, idx:1), active : 1
0:00:00.013855852  4450 0x55d8bc38e360 LOG   GST_POLL gstpoll.c:994:gst_poll_fd_ctl_write: 0x55d8bc3b2910: pfd->events now 60 (POLLOUT:4)
0:00:00.013862211  4450 0x55d8bc38e360 DEBUG   GST_POLL gstpoll.c:979:gst_poll_fd_ctl_write: 0x55d8bc3b2910: fd (fd:0, idx:1), active : 1
0:00:00.013870544  4450 0x55d8bc38e360 LOG   GST_POLL gstpoll.c:994:gst_poll_fd_ctl_write: 0x55d8bc3b2910: pfd->events now 60 (POLLOUT:4)
0:00:00.013877673  4450 0x55d8bc38e360 DEBUG   GST_POLL gstpoll.c:979:gst_poll_fd_ctl_write: 0x55d8bc3b2910: fd (fd:0, idx:1), active : 1
0:00:00.013883497  4450 0x55d8bc38e360 LOG   GST_POLL gstpoll.c:994:gst_poll_fd_ctl_write: 0x55d8bc3b2910: pfd->events now 60 (POLLOUT:4)
0:00:00.013889725  4450 0x55d8bc38e360 DEBUG   GST_POLL gstpoll.c:979:gst_poll_fd_ctl_write: 0x55d8bc3b2910: fd (fd:0, idx:1), active : 1
0:00:00.013903092  4450 0x55d8bc38e360 LOG   GST_POLL gstpoll.c:994:gst_poll_fd_ctl_write: 0x55d8bc3b2910: pfd->events now 60 (POLLOUT:4)
0:00:00.013910272  4450 0x55d8bc38e360 DEBUG   GST_POLL gstpoll.c:979:gst_poll_fd_ctl_write: 0x55d8bc3b2910: fd (fd:0, idx:1), active : 1
0:00:00.013916169  4450 0x55d8bc38e360 LOG   GST_POLL gstpoll.c:994:gst_poll_fd_ctl_write: 0x55d8bc3b2910: pfd->events now 60 (POLLOUT:4)
0:00:00.013922422  4450 0x55d8bc38e360 DEBUG   GST_POLL gstpoll.c:979:gst_poll_fd_ctl_write: 0x55d8bc3b2910: fd (fd:0, idx:1), active : 1
0:00:00.013930770  4450 0x55d8bc38e360 LOG   GST_POLL gstpoll.c:994:gst_poll_fd_ctl_write: 0x55d8bc3b2910: pfd->events now 60 (POLLOUT:4)
0:00:00.013938091  4450 0x55d8bc38e360 DEBUG   GST_POLL gstpoll.c:979:gst_poll_fd_ctl_write: 0x55d8bc3b2910: fd (fd:0, idx:1), active : 1
0:00:00.013943793  4450 0x55d8bc38e360 LOG   GST_POLL gstpoll.c:994:gst_poll_fd_ctl_write: 0x55d8bc3b2910: pfd->events now 60 (POLLOUT:4)
0:00:00.013950158  4450 0x55d8bc38e360 DEBUG   GST_POLL gstpoll.c:979:gst_poll_fd_ctl_write: 0x55d8bc3b2910: fd (fd:0, idx:1), active : 1
0:00:00.013958607  4450 0x55d8bc38e360 LOG   GST_POLL gstpoll.c:994:gst_poll_fd_ctl_write: 0x55d8bc3b2910: pfd->events now 60 (POLLOUT:4)
0:00:00.013966120  4450 0x55d8bc38e360 DEBUG   GST_POLL gstpoll.c:979:gst_poll_fd_ctl_write: 0x55d8bc3b2910: fd (fd:0, idx:1), active : 1
0:00:00.013972322  4450 0x55d8bc38e360 LOG   GST_POLL gstpoll.c:994:gst_poll_fd_ctl_write: 0x55d8bc3b2910: pfd->events now 60 (POLLOUT:4)
0:00:00.013978508  4450 0x55d8bc38e360 DEBUG   GST_POLL gstpoll.c:979:gst_poll_fd_ctl_write: 0x55d8bc3b2910: fd (fd:0, idx:1), active : 1
0:00:00.013986998  4450 0x55d8bc38e360 LOG   GST_POLL gstpoll.c:994:gst_poll_fd_ctl_write: 0x55d8bc3b2910: pfd->events now 60 (POLLOUT:4)
0:00:00.013994202  4450 0x55d8bc38e360 DEBUG   GST_POLL gstpoll.c:979:gst_poll_fd_ctl_write: 0x55d8bc3b2910: fd (fd:0, idx:1), active : 1
0:00:00.013999983  4450 0x55d8bc38e360 LOG   GST_POLL gstpoll.c:994:gst_poll_fd_ctl_write: 0x55d8bc3b2910: pfd->events now 60 (POLLOUT:4)
0:00:00.014006059  4450 0x55d8bc38e360 DEBUG   GST_POLL gstpoll.c:979:gst_poll_fd_ctl_write: 0x55d8bc3b2910: fd (fd:0, idx:1), active : 1
0:00:00.014014495  4450 0x55d8bc38e360 LOG   GST_POLL gstpoll.c:994:gst_poll_fd_ctl_write: 0x55d8bc3b2910: pfd->events now 60 (POLLOUT:4)
0:00:00.014021931  4450 0x55d8bc38e360 DEBUG   GST_POLL gstpoll.c:979:gst_poll_fd_ctl_write: 0x55d8bc3b2910: fd (fd:0, idx:1), active : 1
0:00:00.014028096  4450 0x55d8bc38e360 LOG   GST_POLL gstpoll.c:994:gst_poll_fd_ctl_write: 0x55d8bc3b2910: pfd->events now 60 (POLLOUT:4)
0:00:00.014034517  4450 0x55d8bc38e360 DEBUG   GST_POLL gstpoll.c:979:gst_poll_fd_ctl_write: 0x55d8bc3b2910: fd (fd:0, idx:1), active : 1
0:00:00.014042890  4450 0x55d8bc38e360 LOG   GST_POLL gstpoll.c:994:gst_poll_fd_ctl_write: 0x55d8bc3b2910: pfd->events now 60 (POLLOUT:4)
0:00:00.014050288  4450 0x55d8bc38e360 DEBUG   GST_POLL gstpoll.c:979:gst_poll_fd_ctl_write: 0x55d8bc3b2910: fd (fd:0, idx:1), active : 1
0:00:00.014056210  4450 0x55d8bc38e360 LOG   GST_POLL gstpoll.c:994:gst_poll_fd_ctl_write: 0x55d8bc3b2910: pfd->events now 60 (POLLOUT:4)
0:00:00.014068639  4450 0x55d8bc38e360 DEBUG   GST_POLL gstpoll.c:979:gst_poll_fd_ctl_write: 0x55d8bc3b2910: fd (fd:0, idx:1), active : 1
0:00:00.014077064  4450 0x55d8bc38e360 LOG   GST_POLL gstpoll.c:994:gst_poll_fd_ctl_write: 0x55d8bc3b2910: pfd->events now 60 (POLLOUT:4)
0:00:00.014084462  4450 0x55d8bc38e360 DEBUG   GST_POLL gstpoll.c:979:gst_poll_fd_ctl_write: 0x55d8bc3b2910: fd (fd:0, idx:1), active : 1
0:00:00.014090455  4450 0x55d8bc38e360 LOG   GST_POLL gstpoll.c:994:gst_poll_fd_ctl_write: 0x55d8bc3b2910: pfd->events now 60 (POLLOUT:4)
0:00:00.014096675  4450 0x55d8bc38e360 DEBUG   GST_POLL gstpoll.c:979:gst_poll_fd_ctl_write: 0x55d8bc3b2910: fd (fd:0, idx:1), active : 1
0:00:00.014105081  4450 0x55d8bc38e360 LOG   GST_POLL gstpoll.c:994:gst_poll_fd_ctl_write: 0x55d8bc3b2910: pfd->events now 60 (POLLOUT:4)
0:00:00.014112322  4450 0x55d8bc38e360 DEBUG   GST_POLL gstpoll.c:979:gst_poll_fd_ctl_write: 0x55d8bc3b2910: fd (fd:0, idx:1), active : 1
0:00:00.014118182  4450 0x55d8bc38e360 LOG   GST_POLL gstpoll.c:994:gst_poll_fd_ctl_write: 0x55d8bc3b2910: pfd->events now 60 (POLLOUT:4)
0:00:00.014124337  4450 0x55d8bc38e360 DEBUG   GST_POLL gstpoll.c:979:gst_poll_fd_ctl_write: 0x55d8bc3b2910: fd (fd:0, idx:1), active : 1
0:00:00.014142046  4450 0x55d8bc38e360 LOG   GST_POLL gstpoll.c:994:gst_poll_fd_ctl_write: 0x55d8bc3b2910: pfd->events now 60 (POLLOUT:4)
0:00:00.014150188  4450 0x55d8bc38e360 DEBUG   GST_POLL gstpoll.c:979:gst_poll_fd_ctl_write: 0x55d8bc3b2910: fd (fd:0, idx:1), active : 1
0:00:00.014156129  4450 0x55d8bc38e360 LOG   GST_POLL gstpoll.c:994:gst_poll_fd_ctl_write: 0x55d8bc3b2910: pfd->events now 60 (POLLOUT:4)
0:00:00.014164951  4450 0x55d8bc38e360 DEBUG   GST_POLL gstpoll.c:979:gst_poll_fd_ctl_write: 0x55d8bc3b2910: fd (fd:0, idx:1), active : 1
0:00:00.014171840  4450 0x55d8bc38e360 LOG   GST_POLL gstpoll.c:994:gst_poll_fd_ctl_write: 0x55d8bc3b2910: pfd->events now 60 (POLLOUT:4)
0:00:00.014178109  4450 0x55d8bc38e360 DEBUG   GST_POLL gstpoll.c:979:gst_poll_fd_ctl_write: 0x55d8bc3b2910: fd (fd:0, idx:1), active : 1
0:00:00.014183826  4450 0x55d8bc38e360 LOG   GST_POLL gstpoll.c:994:gst_poll_fd_ctl_write: 0x55d8bc3b2910: pfd->events now 60 (POLLOUT:4)
0:00:00.014192679  4450 0x55d8bc38e360 DEBUG   GST_POLL gstpoll.c:979:gst_poll_fd_ctl_write: 0x55d8bc3b2910: fd (fd:0, idx:1), active : 1
0:00:00.014199529  4450 0x55d8bc38e360 LOG   GST_POLL gstpoll.c:994:gst_poll_fd_ctl_write: 0x55d8bc3b2910: pfd->events now 60 (POLLOUT:4)
0:00:00.014205815  4450 0x55d8bc38e360 DEBUG   GST_POLL gstpoll.c:979:gst_poll_fd_ctl_write: 0x55d8bc3b2910: fd (fd:0, idx:1), active : 1
0:00:00.014211578  4450 0x55d8bc38e360 LOG   GST_POLL gstpoll.c:994:gst_poll_fd_ctl_write: 0x55d8bc3b2910: pfd->events now 60 (POLLOUT:4)
0:00:00.014220424  4450 0x55d8bc38e360 DEBUG   GST_POLL gstpoll.c:979:gst_poll_fd_ctl_write: 0x55d8bc3b2910: fd (fd:0, idx:1), active : 1
0:00:00.014227267  4450 0x55d8bc38e360 LOG   GST_POLL gstpoll.c:994:gst_poll_fd_ctl_write: 0x55d8bc3b2910: pfd->events now 60 (POLLOUT:4)
0:00:00.014238471  4450 0x55d8bc38e360 DEBUG   GST_POLL gstpoll.c:979:gst_poll_fd_ctl_write: 0x55d8bc3b2910: fd (fd:0, idx:1), active : 1
0:00:00.014244302  4450 0x55d8bc38e360 LOG   GST_POLL gstpoll.c:994:gst_poll_fd_ctl_write: 0x55d8bc3b2910: pfd->events now 60 (POLLOUT:4)
0:00:00.014253211  4450 0x55d8bc38e360 DEBUG   GST_POLL gstpoll.c:979:gst_poll_fd_ctl_write: 0x55d8bc3b2910: fd (fd:0, idx:1), active : 1
0:00:00.014260221  4450 0x55d8bc38e360 LOG   GST_POLL gstpoll.c:994:gst_poll_fd_ctl_write: 0x55d8bc3b2910: pfd->events now 60 (POLLOUT:4)
0:00:00.014266660  4450 0x55d8bc38e360 DEBUG   GST_POLL gstpoll.c:979:gst_poll_fd_ctl_write: 0x55d8bc3b2910: fd (fd:0, idx:1), active : 1
0:00:00.014272755  4450 0x55d8bc38e360 LOG   GST_POLL gstpoll.c:994:gst_poll_fd_ctl_write: 0x55d8bc3b2910: pfd->events now 60 (POLLOUT:4)
0:00:00.014281732  4450 0x55d8bc38e360 DEBUG   GST_POLL gstpoll.c:979:gst_poll_fd_ctl_write: 0x55d8bc3b2910: fd (fd:0, idx:1), active : 1
0:00:00.014288555  4450 0x55d8bc38e360 LOG   GST_POLL gstpoll.c:994:gst_poll_fd_ctl_write: 0x55d8bc3b2910: pfd->events now 60 (POLLOUT:4)
0:00:00.014295227  4450 0x55d8bc38e360 DEBUG   GST_POLL gstpoll.c:979:gst_poll_fd_ctl_write: 0x55d8bc3b2910: fd (fd:0, idx:1), active : 1
0:00:00.014301169  4450 0x55d8bc38e360 LOG   GST_POLL gstpoll.c:994:gst_poll_fd_ctl_write: 0x55d8bc3b2910: pfd->events now 60 (POLLOUT:4)
0:00:00.014310067  4450 0x55d8bc38e360 DEBUG   GST_POLL gstpoll.c:979:gst_poll_fd_ctl_write: 0x55d8bc3b2910: fd (fd:0, idx:1), active : 1
0:00:00.014316955  4450 0x55d8bc38e360 LOG   GST_POLL gstpoll.c:994:gst_poll_fd_ctl_write: 0x55d8bc3b2910: pfd->events now 60 (POLLOUT:4)
0:00:00.014323175  4450 0x55d8bc38e360 DEBUG   GST_POLL gstpoll.c:979:gst_poll_fd_ctl_write: 0x55d8bc3b2910: fd (fd:0, idx:1), active : 1
0:00:00.014328838  4450 0x55d8bc38e360 LOG   GST_POLL gstpoll.c:994:gst_poll_fd_ctl_write: 0x55d8bc3b2910: pfd->events now 60 (POLLOUT:4)
0:00:00.014337650  4450 0x55d8bc38e360 DEBUG   GST_POLL gstpoll.c:979:gst_poll_fd_ctl_write: 0x55d8bc3b2910: fd (fd:0, idx:1), active : 1
0:00:00.014344495  4450 0x55d8bc38e360 LOG   GST_POLL gstpoll.c:994:gst_poll_fd_ctl_write: 0x55d8bc3b2910: pfd->events now 60 (POLLOUT:4)
0:00:00.014351186  4450 0x55d8bc38e360 DEBUG   GST_POLL gstpoll.c:979:gst_poll_fd_ctl_write: 0x55d8bc3b2910: fd (fd:0, idx:1), active : 1
0:00:00.014357129  4450 0x55d8bc38e360 LOG   GST_POLL gstpoll.c:994:gst_poll_fd_ctl_write: 0x55d8bc3b2910: pfd->events now 60 (POLLOUT:4)
0:00:00.014366073  4450 0x55d8bc38e360 DEBUG   GST_POLL gstpoll.c:979:gst_poll_fd_ctl_write: 0x55d8bc3b2910: fd (fd:0, idx:1), active : 1
0:00:00.014372879  4450 0x55d8bc38e360 LOG   GST_POLL gstpoll.c:994:gst_poll_fd_ctl_write: 0x55d8bc3b2910: pfd->events now 60 (POLLOUT:4)
0:00:00.014379157  4450 0x55d8bc38e360 DEBUG   GST_POLL gstpoll.c:979:gst_poll_fd_ctl_write: 0x55d8bc3b2910: fd (fd:0, idx:1), active : 1
0:00:00.014384883  4450 0x55d8bc38e360 LOG   GST_POLL gstpoll.c:994:gst_poll_fd_ctl_write: 0x55d8bc3b2910: pfd->events now 60 (POLLOUT:4)
0:00:00.014393651  4450 0x55d8bc38e360 DEBUG   GST_POLL gstpoll.c:979:gst_poll_fd_ctl_write: 0x55d8bc3b2910: fd (fd:0, idx:1), active : 1
0:00:00.014405524  4450 0x55d8bc38e360 LOG   GST_POLL gstpoll.c:994:gst_poll_fd_ctl_write: 0x55d8bc3b2910: pfd->events now 60 (POLLOUT:4)
0:00:00.014412073  4450 0x55d8bc38e360 DEBUG   GST_POLL gstpoll.c:979:gst_poll_fd_ctl_write: 0x55d8bc3b2910: fd (fd:0, idx:1), active : 1
0:00:00.014418142  4450 0x55d8bc38e360 LOG   GST_POLL gstpoll.c:994:gst_poll_fd_ctl_write: 0x55d8bc3b2910: pfd->events now 60 (POLLOUT:4)
0:00:00.014427115  4450 0x55d8bc38e360 DEBUG   GST_POLL gstpoll.c:979:gst_poll_fd_ctl_write: 0x55d8bc3b2910: fd (fd:0, idx:1), active : 1
0:00:00.014433886  4450 0x55d8bc38e360 LOG   GST_POLL gstpoll.c:994:gst_poll_fd_ctl_write: 0x55d8bc3b2910: pfd->events now 60 (POLLOUT:4)
0:00:00.014440151  4450 0x55d8bc38e360 DEBUG   GST_POLL gstpoll.c:979:gst_poll_fd_ctl_write: 0x55d8bc3b2910: fd (fd:0, idx:1), active : 1
0:00:00.014445990  4450 0x55d8bc38e360 LOG   GST_POLL gstpoll.c:994:gst_poll_fd_ctl_write: 0x55d8bc3b2910: pfd->events now 60 (POLLOUT:4)
0:00:00.014454795  4450 0x55d8bc38e360 DEBUG   GST_POLL gstpoll.c:979:gst_poll_fd_ctl_write: 0x55d8bc3b2910: fd (fd:0, idx:1), active : 1
0:00:00.014461699  4450 0x55d8bc38e360 LOG   GST_POLL gstpoll.c:994:gst_poll_fd_ctl_write: 0x55d8bc3b2910: pfd->events now 60 (POLLOUT:4)
0:00:00.014468142  4450 0x55d8bc38e360 DEBUG   GST_POLL gstpoll.c:979:gst_poll_fd_ctl_write: 0x55d8bc3b2910: fd (fd:0, idx:1), active : 1
0:00:00.014473979  4450 0x55d8bc38e360 LOG   GST_POLL gstpoll.c:994:gst_poll_fd_ctl_write: 0x55d8bc3b2910: pfd->events now 60 (POLLOUT:4)
0:00:00.014483103  4450 0x55d8bc38e360 DEBUG   GST_POLL gstpoll.c:979:gst_poll_fd_ctl_write: 0x55d8bc3b2910: fd (fd:0, idx:1), active : 1
0:00:00.014489842  4450 0x55d8bc38e360 LOG   GST_POLL gstpoll.c:994:gst_poll_fd_ctl_write: 0x55d8bc3b2910: pfd->events now 60 (POLLOUT:4)
0:00:00.014496364  4450 0x55d8bc38e360 DEBUG   GST_POLL gstpoll.c:979:gst_poll_fd_ctl_write: 0x55d8bc3b2910: fd (fd:0, idx:1), active : 1
0:00:00.014502101  4450 0x55d8bc38e360 LOG   GST_POLL gstpoll.c:994:gst_poll_fd_ctl_write: 0x55d8bc3b2910: pfd->events now 60 (POLLOUT:4)
0:00:00.014510979  4450 0x55d8bc38e360 DEBUG   GST_POLL gstpoll.c:979:gst_poll_fd_ctl_write: 0x55d8bc3b2910: fd (fd:0, idx:1), active : 1
0:00:00.014517855  4450 0x55d8bc38e360 LOG   GST_POLL gstpoll.c:994:gst_poll_fd_ctl_write: 0x55d8bc3b2910: pfd->events now 60 (POLLOUT:4)
0:00:00.014524290  4450 0x55d8bc38e360 DEBUG   GST_POLL gstpoll.c:979:gst_poll_fd_ctl_write: 0x55d8bc3b2910: fd (fd:0, idx:1), active : 1
0:00:00.014530160  4450 0x55d8bc38e360 LOG   GST_POLL gstpoll.c:994:gst_poll_fd_ctl_write: 0x55d8bc3b2910: pfd->events now 60 (POLLOUT:4)
0:00:00.014539018  4450 0x55d8bc38e360 DEBUG   GST_POLL gstpoll.c:979:gst_poll_fd_ctl_write: 0x55d8bc3b2910: fd (fd:0, idx:1), active : 1
0:00:00.014545876  4450 0x55d8bc38e360 LOG   GST_POLL gstpoll.c:994:gst_poll_fd_ctl_write: 0x55d8bc3b2910: pfd->events now 60 (POLLOUT:4)
0:00:00.014552142  4450 0x55d8bc38e360 DEBUG   GST_POLL gstpoll.c:979:gst_poll_fd_ctl_write: 0x55d8bc3b2910: fd (fd:0, idx:1), active : 1
0:00:00.014562840  4450 0x55d8bc38e360 LOG   GST_POLL gstpoll.c:994:gst_poll_fd_ctl_write: 0x55d8bc3b2910: pfd->events now 60 (POLLOUT:4)
0:00:00.014571707  4450 0x55d8bc38e360 DEBUG   GST_POLL gstpoll.c:979:gst_poll_fd_ctl_write: 0x55d8bc3b2910: fd (fd:0, idx:1), active : 1
0:00:00.014578572  4450 0x55d8bc38e360 LOG   GST_POLL gstpoll.c:994:gst_poll_fd_ctl_write: 0x55d8bc3b2910: pfd->events now 60 (POLLOUT:4)
0:00:00.014584964  4450 0x55d8bc38e360 DEBUG   GST_POLL gstpoll.c:979:gst_poll_fd_ctl_write: 0x55d8bc3b2910: fd (fd:0, idx:1), active : 1
0:00:00.014590917  4450 0x55d8bc38e360 LOG   GST_POLL gstpoll.c:994:gst_poll_fd_ctl_write: 0x55d8bc3b2910: pfd->events now 60 (POLLOUT:4)
0:00:00.014604287  4450 0x55d8bc38e360 TRACE   GST_REFCOUNTING gstobject.c:264:gst_object_unref: 0x55d8bc3b6420 unref 2->1
0:00:00.014613163  4450 0x55d8bc38e360 DEBUG   GST_POLL gstpoll.c:1241:gst_poll_fd_has_error: 0x55d8bc3b2910: fd (fd:0, idx:1) 0
0:00:00.014619778  4450 0x55d8bc38e360 DEBUG   GST_POLL gstpoll.c:1335:gst_poll_fd_can_write: 0x55d8bc3b2910: fd (fd:0, idx:1) 1
0:00:00.014625762  4450 0x55d8bc38e360 LOG   GST_PLUGIN_LOADING gstpluginloader.c:690:write_one: Writing packet of size 488 bytes to fd 0
0:00:00.014653061  4450 0x55d8bc38e360 DEBUG   GST_POLL gstpoll.c:1414:gst_poll_wait: 0x55d8bc3b2910: timeout :0:00:01.000000000
0:00:00.014665613  4450 0x55d8bc38e360 LOG   GST_PLUGIN_LOADING gstpluginloader.c:1027:exchange_packets: Poll res = 2. 6872 bytes pending for write
0:00:00.014672837  4450 0x55d8bc38e360 DEBUG   GST_POLL gstpoll.c:1241:gst_poll_fd_has_error: 0x55d8bc3b2910: fd (fd:5, idx:2) 0
0:00:00.014682172  4450 0x55d8bc38e360 DEBUG   GST_POLL gstpoll.c:1266:gst_poll_fd_can_read_unlocked: 0x55d8bc3b2910: fd (fd:5, idx:2) 1
0:00:00.019893963  4449 0x5635eb641360 LOG   GST_PLUGIN_LOADING gstpluginloader.c:1027:exchange_packets: Poll res = 1. 0 bytes pending for write
0:00:00.014693571  4450 0x55d8bc38e360 DEBUG   GST_PLUGIN_LOADING gstpluginloader.c:722:do_plugin_load: Plugin scanner loading file /home/conan/w/prod/BuildSingleReference/.conan/data/gstreamer/1.18.4/_/_/package/d8cac73bce0dfdb14708c459db4ae84177c23223/lib/gstreamer-1.0/libgstcoretracers.so. tag 2
0:00:00.019923656  4449 0x5635eb641360 DEBUG   GST_POLL gstpoll.c:1241:gst_poll_fd_has_error: 0x5635eb6663d0: fd (fd:8, idx:2) 0
0:00:00.014708261  4450 0x55d8bc38e360 TRACE   GST_REFCOUNTING gstobject.c:237:gst_object_ref: 0x55d8bc3b40d0 ref 1->2
0:00:00.019935623  4449 0x5635eb641360 DEBUG   GST_POLL gstpoll.c:1266:gst_poll_fd_can_read_unlocked: 0x5635eb6663d0: fd (fd:8, idx:2) 1
0:00:00.014721347  4450 0x55d8bc38e360 TRACE   GST_REFCOUNTING gstobject.c:237:gst_object_ref: 0x55d8bc3b5d50 ref 1->2
0:00:00.014729691  4450 0x55d8bc38e360 TRACE   GST_REFCOUNTING gstobject.c:237:gst_object_ref: 0x55d8bc3b5bb0 ref 1->2
0:00:00.014736650  4450 0x55d8bc38e360 TRACE   GST_REFCOUNTING gstobject.c:237:gst_object_ref: 0x55d8bc3b5790 ref 1->2
0:00:00.019952858  4449 0x5635eb641360 DEBUG   GST_PLUGIN_LOADING gstpluginloader.c:848:handle_rx_packet: Received plugin details from child w/ tag 0. 476 bytes info
0:00:00.014743255  4450 0x55d8bc38e360 TRACE   GST_REFCOUNTING gstobject.c:237:gst_object_ref: 0x55d8bc3b5510 ref 1->2
0:00:00.019973747  4449 0x5635eb641360 LOG   GST_REGISTRY gstregistrychunks.c:836:_priv_gst_registry_chunks_load_plugin: Reading/casting for GstRegistryChunkPluginElement at address 0x5635eb661da0
0:00:00.014759787  4450 0x55d8bc38e360 TRACE   GST_REFCOUNTING gstobject.c:237:gst_object_ref: 0x55d8bc3b4fc0 ref 1->2
0:00:00.014771391  4450 0x55d8bc38e360 TRACE   GST_REFCOUNTING gstobject.c:264:gst_object_unref: 0x55d8bc3b4fc0 unref 2->1
0:00:00.014778355  4450 0x55d8bc38e360 TRACE   GST_REFCOUNTING gstobject.c:264:gst_object_unref: 0x55d8bc3b5510 unref 2->1
0:00:00.019998028  4449 0x5635eb641360 TRACE   GST_REFCOUNTING gstobject.c:208:gst_object_init: 0x5635eb666a80 new
0:00:00.014784759  4450 0x55d8bc38e360 TRACE   GST_REFCOUNTING gstobject.c:264:gst_object_unref: 0x55d8bc3b5790 unref 2->1
0:00:00.014794798  4450 0x55d8bc38e360 TRACE   GST_REFCOUNTING gstobject.c:264:gst_object_unref: 0x55d8bc3b5bb0 unref 2->1
0:00:00.014801907  4450 0x55d8bc38e360 TRACE   GST_REFCOUNTING gstobject.c:264:gst_object_unref: 0x55d8bc3b5d50 unref 2->1
0:00:00.014810499  4450 0x55d8bc38e360 DEBUG   GST_REGISTRY gstregistrychunks.c:497:_priv_gst_registry_chunks_save_plugin: Found 5 features in plugin 0x55d8bc3b40d0 (coretracers)
0:00:00.014817362  4450 0x55d8bc38e360 DEBUG   GST_POLL gstpoll.c:979:gst_poll_fd_ctl_write: 0x55d8bc3b2910: fd (fd:0, idx:1), active : 1
0:00:00.020037135  4449 0x5635eb641360 LOG   GST_REGISTRY gstregistrychunks.c:858:_priv_gst_registry_chunks_load_plugin: read strings for name='coretracers'
0:00:00.014826718  4450 0x55d8bc38e360 LOG   GST_POLL gstpoll.c:994:gst_poll_fd_ctl_write: 0x55d8bc3b2910: pfd->events now 60 (POLLOUT:4)
0:00:00.020046355  4449 0x5635eb641360 LOG   GST_REGISTRY gstregistrychunks.c:859:_priv_gst_registry_chunks_load_plugin: desc.description='GStreamer core tracers'
0:00:00.014834219  4450 0x55d8bc38e360 DEBUG   GST_POLL gstpoll.c:979:gst_poll_fd_ctl_write: 0x55d8bc3b2910: fd (fd:0, idx:1), active : 1
0:00:00.020053131  4449 0x5635eb641360 LOG   GST_REGISTRY gstregistrychunks.c:860:_priv_gst_registry_chunks_load_plugin: filename='/home/conan/w/prod/BuildSingleReference/.conan/data/gstreamer/1.18.4/_/_/package/d8cac73bce0dfdb14708c459db4ae84177c23223/lib/gstreamer-1.0/libgstcoretracers.so'
0:00:00.014840846  4450 0x55d8bc38e360 LOG   GST_POLL gstpoll.c:994:gst_poll_fd_ctl_write: 0x55d8bc3b2910: pfd->events now 60 (POLLOUT:4)
0:00:00.020062274  4449 0x5635eb641360 LOG   GST_REGISTRY gstregistrychunks.c:861:_priv_gst_registry_chunks_load_plugin: desc.version='1.18.4'
0:00:00.014847806  4450 0x55d8bc38e360 DEBUG   GST_POLL gstpoll.c:979:gst_poll_fd_ctl_write: 0x55d8bc3b2910: fd (fd:0, idx:1), active : 1
0:00:00.020068946  4449 0x5635eb641360 LOG   GST_REGISTRY gstregistrychunks.c:862:_priv_gst_registry_chunks_load_plugin: desc.license='LGPL'
0:00:00.014856909  4450 0x55d8bc38e360 LOG   GST_POLL gstpoll.c:994:gst_poll_fd_ctl_write: 0x55d8bc3b2910: pfd->events now 60 (POLLOUT:4)
0:00:00.020075118  4449 0x5635eb641360 LOG   GST_REGISTRY gstregistrychunks.c:863:_priv_gst_registry_chunks_load_plugin: desc.source='gstreamer'
0:00:00.014869402  4450 0x55d8bc38e360 DEBUG   GST_POLL gstpoll.c:979:gst_poll_fd_ctl_write: 0x55d8bc3b2910: fd (fd:0, idx:1), active : 1
0:00:00.020087465  4449 0x5635eb641360 LOG   GST_REGISTRY gstregistrychunks.c:864:_priv_gst_registry_chunks_load_plugin: desc.package='GStreamer source release'
0:00:00.014876005  4450 0x55d8bc38e360 LOG   GST_POLL gstpoll.c:994:gst_poll_fd_ctl_write: 0x55d8bc3b2910: pfd->events now 60 (POLLOUT:4)
0:00:00.020096419  4449 0x5635eb641360 LOG   GST_REGISTRY gstregistrychunks.c:865:_priv_gst_registry_chunks_load_plugin: desc.origin='Unknown package origin'
0:00:00.014883198  4450 0x55d8bc38e360 DEBUG   GST_POLL gstpoll.c:979:gst_poll_fd_ctl_write: 0x55d8bc3b2910: fd (fd:0, idx:1), active : 1
0:00:00.020103090  4449 0x5635eb641360 LOG   GST_REGISTRY gstregistrychunks.c:866:_priv_gst_registry_chunks_load_plugin: desc.datetime=2021-03-15
0:00:00.014892447  4450 0x55d8bc38e360 LOG   GST_POLL gstpoll.c:994:gst_poll_fd_ctl_write: 0x55d8bc3b2910: pfd->events now 60 (POLLOUT:4)
0:00:00.014899765  4450 0x55d8bc38e360 DEBUG   GST_POLL gstpoll.c:979:gst_poll_fd_ctl_write: 0x55d8bc3b2910: fd (fd:0, idx:1), active : 1
0:00:00.014905601  4450 0x55d8bc38e360 LOG   GST_POLL gstpoll.c:994:gst_poll_fd_ctl_write: 0x55d8bc3b2910: pfd->events now 60 (POLLOUT:4)
0:00:00.020122655  4449 0x5635eb641360 DEBUG   GST_REGISTRY gstregistry.c:473:gst_registry_add_plugin: adding plugin 0x5635eb666a80 for filename "/home/conan/w/prod/BuildSingleReference/.conan/data/gstreamer/1.18.4/_/_/package/d8cac73bce0dfdb14708c459db4ae84177c23223/lib/gstreamer-1.0/libgstcoretracers.so"
0:00:00.014911737  4450 0x55d8bc38e360 DEBUG   GST_POLL gstpoll.c:979:gst_poll_fd_ctl_write: 0x55d8bc3b2910: fd (fd:0, idx:1), active : 1
0:00:00.020135326  4449 0x5635eb641360 TRACE   GST_REFCOUNTING gstobject.c:292:gst_object_ref_sink: 0x5635eb666a80 ref_sink 1->2
0:00:00.014920600  4450 0x55d8bc38e360 LOG   GST_POLL gstpoll.c:994:gst_poll_fd_ctl_write: 0x55d8bc3b2910: pfd->events now 60 (POLLOUT:4)
0:00:00.020144818  4449 0x5635eb641360 LOG   GST_REGISTRY gstregistry.c:486:gst_registry_add_plugin: emitting plugin-added for filename "/home/conan/w/prod/BuildSingleReference/.conan/data/gstreamer/1.18.4/_/_/package/d8cac73bce0dfdb14708c459db4ae84177c23223/lib/gstreamer-1.0/libgstcoretracers.so"
0:00:00.014929444  4450 0x55d8bc38e360 DEBUG   GST_POLL gstpoll.c:979:gst_poll_fd_ctl_write: 0x55d8bc3b2910: fd (fd:0, idx:1), active : 1
0:00:00.020153167  4449 0x5635eb641360 DEBUG   GST_REGISTRY gstregistrychunks.c:886:_priv_gst_registry_chunks_load_plugin: Added plugin 'coretracers' plugin with 5 features from binary registry
0:00:00.014936755  4450 0x55d8bc38e360 LOG   GST_POLL gstpoll.c:994:gst_poll_fd_ctl_write: 0x55d8bc3b2910: pfd->events now 60 (POLLOUT:4)
0:00:00.020160940  4449 0x5635eb641360 DEBUG   GST_REGISTRY gstregistrychunks.c:582:gst_registry_chunks_load_feature: Plugin 'coretracers' feature 'leaks' typename : 'GstTracerFactory'
0:00:00.014945195  4450 0x55d8bc38e360 DEBUG   GST_POLL gstpoll.c:979:gst_poll_fd_ctl_write: 0x55d8bc3b2910: fd (fd:0, idx:1), active : 1
0:00:00.014960029  4450 0x55d8bc38e360 LOG   GST_POLL gstpoll.c:994:gst_poll_fd_ctl_write: 0x55d8bc3b2910: pfd->events now 60 (POLLOUT:4)
0:00:00.020178569  4449 0x5635eb641360 TRACE   GST_REFCOUNTING gstobject.c:208:gst_object_init: 0x5635eb666e10 new
0:00:00.014966595  4450 0x55d8bc38e360 DEBUG   GST_POLL gstpoll.c:979:gst_poll_fd_ctl_write: 0x55d8bc3b2910: fd (fd:0, idx:1), active : 1
0:00:00.014973053  4450 0x55d8bc38e360 LOG   GST_POLL gstpoll.c:994:gst_poll_fd_ctl_write: 0x55d8bc3b2910: pfd->events now 60 (POLLOUT:4)
0:00:00.020192147  4449 0x5635eb641360 DEBUG   GST_REGISTRY gstregistrychunks.c:716:gst_registry_chunks_load_feature: Reading/casting for GstRegistryChunkPluginFeature at address 0x5635eb661ee8
0:00:00.014979090  4450 0x55d8bc38e360 DEBUG   GST_POLL gstpoll.c:979:gst_poll_fd_ctl_write: 0x55d8bc3b2910: fd (fd:0, idx:1), active : 1
0:00:00.020201343  4449 0x5635eb641360 DEBUG   GST_REGISTRY gstregistry.c:589:gst_registry_add_feature: adding feature 0x5635eb666e10 (leaks)
0:00:00.014988024  4450 0x55d8bc38e360 LOG   GST_POLL gstpoll.c:994:gst_poll_fd_ctl_write: 0x55d8bc3b2910: pfd->events now 60 (POLLOUT:4)
0:00:00.014995365  4450 0x55d8bc38e360 DEBUG   GST_POLL gstpoll.c:979:gst_poll_fd_ctl_write: 0x55d8bc3b2910: fd (fd:0, idx:1), active : 1
0:00:00.020211267  4449 0x5635eb641360 DEBUG   GST_REFCOUNTING gstobject.c:708:gst_object_set_parent: set parent (ref and sink)
0:00:00.015001289  4450 0x55d8bc38e360 LOG   GST_POLL gstpoll.c:994:gst_poll_fd_ctl_write: 0x55d8bc3b2910: pfd->events now 60 (POLLOUT:4)
0:00:00.020222854  4449 0x5635eb641360 TRACE   GST_REFCOUNTING gstobject.c:292:gst_object_ref_sink: 0x5635eb666e10 ref_sink 1->2
0:00:00.015008150  4450 0x55d8bc38e360 DEBUG   GST_POLL gstpoll.c:979:gst_poll_fd_ctl_write: 0x55d8bc3b2910: fd (fd:0, idx:1), active : 1
0:00:00.020230754  4449 0x5635eb641360 LOG   GST_REGISTRY gstregistry.c:607:gst_registry_add_feature: emitting feature-added for leaks
0:00:00.015017181  4450 0x55d8bc38e360 LOG   GST_POLL gstpoll.c:994:gst_poll_fd_ctl_write: 0x55d8bc3b2910: pfd->events now 60 (POLLOUT:4)
0:00:00.020238638  4449 0x5635eb641360 DEBUG   GST_REGISTRY gstregistrychunks.c:740:gst_registry_chunks_load_feature: Added feature leaks, plugin 0x5635eb666a80 coretracers
0:00:00.015024357  4450 0x55d8bc38e360 DEBUG   GST_POLL gstpoll.c:979:gst_poll_fd_ctl_write: 0x55d8bc3b2910: fd (fd:0, idx:1), active : 1
0:00:00.015030942  4450 0x55d8bc38e360 LOG   GST_POLL gstpoll.c:994:gst_poll_fd_ctl_write: 0x55d8bc3b2910: pfd->events now 60 (POLLOUT:4)
0:00:00.020248101  4449 0x5635eb641360 DEBUG   GST_REGISTRY gstregistrychunks.c:582:gst_registry_chunks_load_feature: Plugin 'coretracers' feature 'stats' typename : 'GstTracerFactory'
0:00:00.015037500  4450 0x55d8bc38e360 DEBUG   GST_POLL gstpoll.c:979:gst_poll_fd_ctl_write: 0x55d8bc3b2910: fd (fd:0, idx:1), active : 1
0:00:00.020259239  4449 0x5635eb641360 TRACE   GST_REFCOUNTING gstobject.c:208:gst_object_init: 0x5635eb667020 new
0:00:00.015046706  4450 0x55d8bc38e360 LOG   GST_POLL gstpoll.c:994:gst_poll_fd_ctl_write: 0x55d8bc3b2910: pfd->events now 60 (POLLOUT:4)
0:00:00.020269070  4449 0x5635eb641360 DEBUG   GST_REGISTRY gstregistrychunks.c:716:gst_registry_chunks_load_feature: Reading/casting for GstRegistryChunkPluginFeature at address 0x5635eb661f08
0:00:00.015058893  4450 0x55d8bc38e360 LOG   GST_PLUGIN_LOADING gstpluginloader.c:645:put_chunk: Expanding tx buf from 7717 to 10158 for chunk of size 17
0:00:00.020278565  4449 0x5635eb641360 DEBUG   GST_REGISTRY gstregistry.c:589:gst_registry_add_feature: adding feature 0x5635eb667020 (stats)
0:00:00.015069862  4450 0x55d8bc38e360 DEBUG   GST_POLL gstpoll.c:979:gst_poll_fd_ctl_write: 0x55d8bc3b2910: fd (fd:0, idx:1), active : 1
0:00:00.020287375  4449 0x5635eb641360 DEBUG   GST_REFCOUNTING gstobject.c:708:gst_object_set_parent: set parent (ref and sink)
0:00:00.015078666  4450 0x55d8bc38e360 LOG   GST_POLL gstpoll.c:994:gst_poll_fd_ctl_write: 0x55d8bc3b2910: pfd->events now 60 (POLLOUT:4)
0:00:00.020297966  4449 0x5635eb641360 TRACE   GST_REFCOUNTING gstobject.c:292:gst_object_ref_sink: 0x5635eb667020 ref_sink 1->2
0:00:00.015086289  4450 0x55d8bc38e360 DEBUG   GST_POLL gstpoll.c:979:gst_poll_fd_ctl_write: 0x55d8bc3b2910: fd (fd:0, idx:1), active : 1
0:00:00.020305683  4449 0x5635eb641360 LOG   GST_REGISTRY gstregistry.c:607:gst_registry_add_feature: emitting feature-added for stats
0:00:00.015092814  4450 0x55d8bc38e360 LOG   GST_POLL gstpoll.c:994:gst_poll_fd_ctl_write: 0x55d8bc3b2910: pfd->events now 60 (POLLOUT:4)
0:00:00.020313043  4449 0x5635eb641360 DEBUG   GST_REGISTRY gstregistrychunks.c:740:gst_registry_chunks_load_feature: Added feature stats, plugin 0x5635eb666a80 coretracers
0:00:00.015099507  4450 0x55d8bc38e360 DEBUG   GST_POLL gstpoll.c:979:gst_poll_fd_ctl_write: 0x55d8bc3b2910: fd (fd:0, idx:1), active : 1
0:00:00.020322213  4449 0x5635eb641360 DEBUG   GST_REGISTRY gstregistrychunks.c:582:gst_registry_chunks_load_feature: Plugin 'coretracers' feature 'rusage' typename : 'GstTracerFactory'
0:00:00.015108026  4450 0x55d8bc38e360 LOG   GST_POLL gstpoll.c:994:gst_poll_fd_ctl_write: 0x55d8bc3b2910: pfd->events now 60 (POLLOUT:4)
0:00:00.015115832  4450 0x55d8bc38e360 DEBUG   GST_POLL gstpoll.c:979:gst_poll_fd_ctl_write: 0x55d8bc3b2910: fd (fd:0, idx:1), active : 1
0:00:00.015121807  4450 0x55d8bc38e360 LOG   GST_POLL gstpoll.c:994:gst_poll_fd_ctl_write: 0x55d8bc3b2910: pfd->events now 60 (POLLOUT:4)
0:00:00.020340306  4449 0x5635eb641360 TRACE   GST_REFCOUNTING gstobject.c:208:gst_object_init: 0x5635eb667170 new
0:00:00.015128003  4450 0x55d8bc38e360 DEBUG   GST_POLL gstpoll.c:979:gst_poll_fd_ctl_write: 0x55d8bc3b2910: fd (fd:0, idx:1), active : 1
0:00:00.015148704  4450 0x55d8bc38e360 LOG   GST_POLL gstpoll.c:994:gst_poll_fd_ctl_write: 0x55d8bc3b2910: pfd->events now 60 (POLLOUT:4)
0:00:00.020368478  4449 0x5635eb641360 DEBUG   GST_REGISTRY gstregistrychunks.c:716:gst_registry_chunks_load_feature: Reading/casting for GstRegistryChunkPluginFeature at address 0x5635eb661f28
0:00:00.015155796  4450 0x55d8bc38e360 DEBUG   GST_POLL gstpoll.c:979:gst_poll_fd_ctl_write: 0x55d8bc3b2910: fd (fd:0, idx:1), active : 1
0:00:00.020380022  4449 0x5635eb641360 DEBUG   GST_REGISTRY gstregistry.c:589:gst_registry_add_feature: adding feature 0x5635eb667170 (rusage)
0:00:00.015168542  4450 0x55d8bc38e360 LOG   GST_POLL gstpoll.c:994:gst_poll_fd_ctl_write: 0x55d8bc3b2910: pfd->events now 60 (POLLOUT:4)
0:00:00.020388125  4449 0x5635eb641360 DEBUG   GST_REFCOUNTING gstobject.c:708:gst_object_set_parent: set parent (ref and sink)
0:00:00.015177732  4450 0x55d8bc38e360 DEBUG   GST_POLL gstpoll.c:979:gst_poll_fd_ctl_write: 0x55d8bc3b2910: fd (fd:0, idx:1), active : 1
0:00:00.020396130  4449 0x5635eb641360 TRACE   GST_REFCOUNTING gstobject.c:292:gst_object_ref_sink: 0x5635eb667170 ref_sink 1->2
0:00:00.015185217  4450 0x55d8bc38e360 LOG   GST_POLL gstpoll.c:994:gst_poll_fd_ctl_write: 0x55d8bc3b2910: pfd->events now 60 (POLLOUT:4)
0:00:00.020404364  4449 0x5635eb641360 LOG   GST_REGISTRY gstregistry.c:607:gst_registry_add_feature: emitting feature-added for rusage
0:00:00.015191984  4450 0x55d8bc38e360 DEBUG   GST_POLL gstpoll.c:979:gst_poll_fd_ctl_write: 0x55d8bc3b2910: fd (fd:0, idx:1), active : 1
0:00:00.020414580  4449 0x5635eb641360 DEBUG   GST_REGISTRY gstregistrychunks.c:740:gst_registry_chunks_load_feature: Added feature rusage, plugin 0x5635eb666a80 coretracers
0:00:00.015198379  4450 0x55d8bc38e360 LOG   GST_POLL gstpoll.c:994:gst_poll_fd_ctl_write: 0x55d8bc3b2910: pfd->events now 60 (POLLOUT:4)
0:00:00.020422149  4449 0x5635eb641360 DEBUG   GST_REGISTRY gstregistrychunks.c:582:gst_registry_chunks_load_feature: Plugin 'coretracers' feature 'log' typename : 'GstTracerFactory'
0:00:00.015208935  4450 0x55d8bc38e360 DEBUG   GST_POLL gstpoll.c:979:gst_poll_fd_ctl_write: 0x55d8bc3b2910: fd (fd:0, idx:1), active : 1
0:00:00.020431272  4449 0x5635eb641360 TRACE   GST_REFCOUNTING gstobject.c:208:gst_object_init: 0x5635eb6672d0 new
0:00:00.015216224  4450 0x55d8bc38e360 LOG   GST_POLL gstpoll.c:994:gst_poll_fd_ctl_write: 0x55d8bc3b2910: pfd->events now 60 (POLLOUT:4)
0:00:00.015223935  4450 0x55d8bc38e360 DEBUG   GST_POLL gstpoll.c:979:gst_poll_fd_ctl_write: 0x55d8bc3b2910: fd (fd:0, idx:1), active : 1
0:00:00.020440798  4449 0x5635eb641360 DEBUG   GST_REGISTRY gstregistrychunks.c:716:gst_registry_chunks_load_feature: Reading/casting for GstRegistryChunkPluginFeature at address 0x5635eb661f48
0:00:00.015229771  4450 0x55d8bc38e360 LOG   GST_POLL gstpoll.c:994:gst_poll_fd_ctl_write: 0x55d8bc3b2910: pfd->events now 60 (POLLOUT:4)
0:00:00.020452281  4449 0x5635eb641360 DEBUG   GST_REGISTRY gstregistry.c:589:gst_registry_add_feature: adding feature 0x5635eb6672d0 (log)
0:00:00.015238961  4450 0x55d8bc38e360 DEBUG   GST_POLL gstpoll.c:979:gst_poll_fd_ctl_write: 0x55d8bc3b2910: fd (fd:0, idx:1), active : 1
0:00:00.020459138  4449 0x5635eb641360 DEBUG   GST_REFCOUNTING gstobject.c:708:gst_object_set_parent: set parent (ref and sink)
0:00:00.015246218  4450 0x55d8bc38e360 LOG   GST_POLL gstpoll.c:994:gst_poll_fd_ctl_write: 0x55d8bc3b2910: pfd->events now 60 (POLLOUT:4)
0:00:00.020467130  4449 0x5635eb641360 TRACE   GST_REFCOUNTING gstobject.c:292:gst_object_ref_sink: 0x5635eb6672d0 ref_sink 1->2
0:00:00.015253338  4450 0x55d8bc38e360 DEBUG   GST_POLL gstpoll.c:979:gst_poll_fd_ctl_write: 0x55d8bc3b2910: fd (fd:0, idx:1), active : 1
0:00:00.020480569  4449 0x5635eb641360 LOG   GST_REGISTRY gstregistry.c:607:gst_registry_add_feature: emitting feature-added for log
0:00:00.015264968  4450 0x55d8bc38e360 LOG   GST_POLL gstpoll.c:994:gst_poll_fd_ctl_write: 0x55d8bc3b2910: pfd->events now 60 (POLLOUT:4)
0:00:00.020490689  4449 0x5635eb641360 DEBUG   GST_REGISTRY gstregistrychunks.c:740:gst_registry_chunks_load_feature: Added feature log, plugin 0x5635eb666a80 coretracers
0:00:00.015277643  4450 0x55d8bc38e360 TRACE   GST_REFCOUNTING gstobject.c:264:gst_object_unref: 0x55d8bc3b40d0 unref 2->1
0:00:00.020498051  4449 0x5635eb641360 DEBUG   GST_REGISTRY gstregistrychunks.c:582:gst_registry_chunks_load_feature: Plugin 'coretracers' feature 'latency' typename : 'GstTracerFactory'
0:00:00.015286838  4450 0x55d8bc38e360 DEBUG   GST_POLL gstpoll.c:1241:gst_poll_fd_has_error: 0x55d8bc3b2910: fd (fd:0, idx:1) 0
0:00:00.020507236  4449 0x5635eb641360 TRACE   GST_REFCOUNTING gstobject.c:208:gst_object_init: 0x5635eb667430 new
0:00:00.015294412  4450 0x55d8bc38e360 DEBUG   GST_POLL gstpoll.c:1335:gst_poll_fd_can_write: 0x55d8bc3b2910: fd (fd:0, idx:1) 1
0:00:00.020516544  4449 0x5635eb641360 DEBUG   GST_REGISTRY gstregistrychunks.c:716:gst_registry_chunks_load_feature: Reading/casting for GstRegistryChunkPluginFeature at address 0x5635eb661f70
0:00:00.015301178  4450 0x55d8bc38e360 LOG   GST_PLUGIN_LOADING gstpluginloader.c:690:write_one: Writing packet of size 6872 bytes to fd 0
0:00:00.020527420  4449 0x5635eb641360 DEBUG   GST_REGISTRY gstregistry.c:589:gst_registry_add_feature: adding feature 0x5635eb667430 (latency)
0:00:00.020534571  4449 0x5635eb641360 DEBUG   GST_REFCOUNTING gstobject.c:708:gst_object_set_parent: set parent (ref and sink)
0:00:00.015317702  4450 0x55d8bc38e360 DEBUG   GST_POLL gstpoll.c:1414:gst_poll_wait: 0x55d8bc3b2910: timeout :0:00:01.000000000
0:00:00.020542082  4449 0x5635eb641360 TRACE   GST_REFCOUNTING gstobject.c:292:gst_object_ref_sink: 0x5635eb667430 ref_sink 1->2
0:00:00.015329277  4450 0x55d8bc38e360 LOG   GST_PLUGIN_LOADING gstpluginloader.c:1027:exchange_packets: Poll res = 2. 488 bytes pending for write
0:00:00.020549376  4449 0x5635eb641360 LOG   GST_REGISTRY gstregistry.c:607:gst_registry_add_feature: emitting feature-added for latency
0:00:00.015337032  4450 0x55d8bc38e360 DEBUG   GST_POLL gstpoll.c:1241:gst_poll_fd_has_error: 0x55d8bc3b2910: fd (fd:5, idx:2) 0
0:00:00.020559544  4449 0x5635eb641360 DEBUG   GST_REGISTRY gstregistrychunks.c:740:gst_registry_chunks_load_feature: Added feature latency, plugin 0x5635eb666a80 coretracers
0:00:00.015346151  4450 0x55d8bc38e360 DEBUG   GST_POLL gstpoll.c:1266:gst_poll_fd_can_read_unlocked: 0x55d8bc3b2910: fd (fd:5, idx:2) 1
0:00:00.020568071  4449 0x5635eb641360 LOG   GST_PLUGIN_LOADING gstpluginloader.c:887:handle_rx_packet: marking plugin 0x5635eb666a80 as registered as /home/conan/w/prod/BuildSingleReference/.conan/data/gstreamer/1.18.4/_/_/package/d8cac73bce0dfdb14708c459db4ae84177c23223/lib/gstreamer-1.0/libgstcoretracers.so
0:00:00.015357026  4450 0x55d8bc38e360 DEBUG   GST_PLUGIN_LOADING gstpluginloader.c:722:do_plugin_load: Plugin scanner loading file /home/conan/w/prod/BuildSingleReference/.conan/data/gstreamer/1.18.4/_/_/package/d8cac73bce0dfdb14708c459db4ae84177c23223/lib/gstreamer-1.0/libgstcoreelements.so. tag 3
0:00:00.015366718  4450 0x55d8bc38e360 TRACE   GST_REFCOUNTING gstobject.c:237:gst_object_ref: 0x55d8bc3b6420 ref 1->2
0:00:00.020588031  4449 0x5635eb641360 DEBUG   GST_POLL gstpoll.c:1414:gst_poll_wait: 0x5635eb6663d0: timeout :0:00:01.000000000
0:00:00.015377451  4450 0x55d8bc38e360 TRACE   GST_REFCOUNTING gstobject.c:237:gst_object_ref: 0x55d8bc3d4eb0 ref 1->2
0:00:00.020601418  4449 0x5635eb641360 LOG   GST_PLUGIN_LOADING gstpluginloader.c:1027:exchange_packets: Poll res = 1. 0 bytes pending for write
0:00:00.015385795  4450 0x55d8bc38e360 TRACE   GST_REFCOUNTING gstobject.c:237:gst_object_ref: 0x55d8bc3d41c0 ref 1->2
0:00:00.020610543  4449 0x5635eb641360 DEBUG   GST_POLL gstpoll.c:1241:gst_poll_fd_has_error: 0x5635eb6663d0: fd (fd:8, idx:2) 0
0:00:00.015394898  4450 0x55d8bc38e360 TRACE   GST_REFCOUNTING gstobject.c:237:gst_object_ref: 0x55d8bc3d26e0 ref 1->2
0:00:00.020617919  4449 0x5635eb641360 DEBUG   GST_POLL gstpoll.c:1266:gst_poll_fd_can_read_unlocked: 0x5635eb6663d0: fd (fd:8, idx:2) 1
0:00:00.015402635  4450 0x55d8bc38e360 TRACE   GST_REFCOUNTING gstobject.c:237:gst_object_ref: 0x55d8bc3d16f0 ref 1->2
0:00:00.020627993  4449 0x5635eb641360 LOG   GST_PLUGIN_LOADING gstpluginloader.c:985:read_one: Expanding rx buf from 512 to 7384
0:00:00.015412557  4450 0x55d8bc38e360 TRACE   GST_REFCOUNTING gstobject.c:237:gst_object_ref: 0x55d8bc3d0310 ref 1->2
0:00:00.015422362  4450 0x55d8bc38e360 TRACE   GST_REFCOUNTING gstobject.c:237:gst_object_ref: 0x55d8bc3cee90 ref 1->2
0:00:00.015429177  4450 0x55d8bc38e360 TRACE   GST_REFCOUNTING gstobject.c:237:gst_object_ref: 0x55d8bc3cd6e0 ref 1->2
0:00:00.020651475  4449 0x5635eb641360 DEBUG   GST_PLUGIN_LOADING gstpluginloader.c:848:handle_rx_packet: Received plugin details from child w/ tag 1. 6860 bytes info
0:00:00.015435675  4450 0x55d8bc38e360 TRACE   GST_REFCOUNTING gstobject.c:237:gst_object_ref: 0x55d8bc3cb330 ref 1->2
0:00:00.020659235  4449 0x5635eb641360 LOG   GST_REGISTRY gstregistrychunks.c:836:_priv_gst_registry_chunks_load_plugin: Reading/casting for GstRegistryChunkPluginElement at address 0x5635eb667500
0:00:00.015446841  4450 0x55d8bc38e360 TRACE   GST_REFCOUNTING gstobject.c:237:gst_object_ref: 0x55d8bc3ca210 ref 1->2
0:00:00.020670160  4449 0x5635eb641360 TRACE   GST_REFCOUNTING gstobject.c:208:gst_object_init: 0x5635eb66fea0 new
0:00:00.015454991  4450 0x55d8bc38e360 TRACE   GST_REFCOUNTING gstobject.c:237:gst_object_ref: 0x55d8bc3c8f80 ref 1->2
0:00:00.015463168  4450 0x55d8bc38e360 TRACE   GST_REFCOUNTING gstobject.c:237:gst_object_ref: 0x55d8bc3c7990 ref 1->2
0:00:00.020683814  4449 0x5635eb641360 LOG   GST_REGISTRY gstregistrychunks.c:858:_priv_gst_registry_chunks_load_plugin: read strings for name='coreelements'
0:00:00.015475149  4450 0x55d8bc38e360 TRACE   GST_REFCOUNTING gstobject.c:237:gst_object_ref: 0x55d8bc3c6cd0 ref 1->2
0:00:00.020693696  4449 0x5635eb641360 LOG   GST_REGISTRY gstregistrychunks.c:859:_priv_gst_registry_chunks_load_plugin: desc.description='GStreamer core elements'
0:00:00.015485250  4450 0x55d8bc38e360 TRACE   GST_REFCOUNTING gstobject.c:237:gst_object_ref: 0x55d8bc3c5ef0 ref 1->2
0:00:00.020702184  4449 0x5635eb641360 LOG   GST_REGISTRY gstregistrychunks.c:860:_priv_gst_registry_chunks_load_plugin: filename='/home/conan/w/prod/BuildSingleReference/.conan/data/gstreamer/1.18.4/_/_/package/d8cac73bce0dfdb14708c459db4ae84177c23223/lib/gstreamer-1.0/libgstcoreelements.so'
0:00:00.015493524  4450 0x55d8bc38e360 TRACE   GST_REFCOUNTING gstobject.c:237:gst_object_ref: 0x55d8bc3c5090 ref 1->2
0:00:00.020713393  4449 0x5635eb641360 LOG   GST_REGISTRY gstregistrychunks.c:861:_priv_gst_registry_chunks_load_plugin: desc.version='1.18.4'
0:00:00.015501271  4450 0x55d8bc38e360 TRACE   GST_REFCOUNTING gstobject.c:237:gst_object_ref: 0x55d8bc3c2be0 ref 1->2
0:00:00.020720068  4449 0x5635eb641360 LOG   GST_REGISTRY gstregistrychunks.c:862:_priv_gst_registry_chunks_load_plugin: desc.license='LGPL'
0:00:00.015508894  4450 0x55d8bc38e360 TRACE   GST_REFCOUNTING gstobject.c:237:gst_object_ref: 0x55d8bc3c0600 ref 1->2
0:00:00.020727035  4449 0x5635eb641360 LOG   GST_REGISTRY gstregistrychunks.c:863:_priv_gst_registry_chunks_load_plugin: desc.source='gstreamer'
0:00:00.020735341  4449 0x5635eb641360 LOG   GST_REGISTRY gstregistrychunks.c:864:_priv_gst_registry_chunks_load_plugin: desc.package='GStreamer source release'
0:00:00.015518606  4450 0x55d8bc38e360 TRACE   GST_REFCOUNTING gstobject.c:237:gst_object_ref: 0x55d8bc3be980 ref 1->2
0:00:00.020744134  4449 0x5635eb641360 LOG   GST_REGISTRY gstregistrychunks.c:865:_priv_gst_registry_chunks_load_plugin: desc.origin='Unknown package origin'
0:00:00.015529365  4450 0x55d8bc38e360 TRACE   GST_REFCOUNTING gstobject.c:237:gst_object_ref: 0x55d8bc3bd7e0 ref 1->2
0:00:00.020750809  4449 0x5635eb641360 LOG   GST_REGISTRY gstregistrychunks.c:866:_priv_gst_registry_chunks_load_plugin: desc.datetime=2021-03-15
0:00:00.015536711  4450 0x55d8bc38e360 TRACE   GST_REFCOUNTING gstobject.c:237:gst_object_ref: 0x55d8bc3bb850 ref 1->2
0:00:00.020759473  4449 0x5635eb641360 DEBUG   GST_REGISTRY gstregistry.c:473:gst_registry_add_plugin: adding plugin 0x5635eb66fea0 for filename "/home/conan/w/prod/BuildSingleReference/.conan/data/gstreamer/1.18.4/_/_/package/d8cac73bce0dfdb14708c459db4ae84177c23223/lib/gstreamer-1.0/libgstcoreelements.so"
0:00:00.015544015  4450 0x55d8bc38e360 TRACE   GST_REFCOUNTING gstobject.c:237:gst_object_ref: 0x55d8bc3ba9e0 ref 1->2
0:00:00.020767518  4449 0x5635eb641360 TRACE   GST_REFCOUNTING gstobject.c:292:gst_object_ref_sink: 0x5635eb66fea0 ref_sink 1->2
0:00:00.015553975  4450 0x55d8bc38e360 TRACE   GST_REFCOUNTING gstobject.c:237:gst_object_ref: 0x55d8bc3b9d00 ref 1->2
0:00:00.020778097  4449 0x5635eb641360 LOG   GST_REGISTRY gstregistry.c:486:gst_registry_add_plugin: emitting plugin-added for filename "/home/conan/w/prod/BuildSingleReference/.conan/data/gstreamer/1.18.4/_/_/package/d8cac73bce0dfdb14708c459db4ae84177c23223/lib/gstreamer-1.0/libgstcoreelements.so"
0:00:00.015567256  4450 0x55d8bc38e360 TRACE   GST_REFCOUNTING gstobject.c:237:gst_object_ref: 0x55d8bc3b7e10 ref 1->2
0:00:00.020786864  4449 0x5635eb641360 DEBUG   GST_REGISTRY gstregistrychunks.c:886:_priv_gst_registry_chunks_load_plugin: Added plugin 'coreelements' plugin with 22 features from binary registry
0:00:00.015575441  4450 0x55d8bc38e360 DEBUG   GST_REGISTRY gstregistrychunks.c:264:gst_registry_chunks_save_feature: saved 0 interfaces 0 pad templates
0:00:00.020794303  4449 0x5635eb641360 DEBUG   GST_REGISTRY gstregistrychunks.c:582:gst_registry_chunks_load_feature: Plugin 'coreelements' feature 'streamiddemux' typename : 'GstElementFactory'
0:00:00.020807296  4449 0x5635eb641360 TRACE   GST_REFCOUNTING gstobject.c:208:gst_object_init: 0x5635eb671a40 new
0:00:00.015590138  4450 0x55d8bc38e360 DEBUG   GST_REGISTRY gstregistrychunks.c:264:gst_registry_chunks_save_feature: saved 0 interfaces 0 pad templates
0:00:00.020818559  4449 0x5635eb641360 LOG   GST_REGISTRY gstregistrychunks.c:609:gst_registry_chunks_load_feature: Reading/casting for GstRegistryChunkElementFactory at address 0x5635eb667658
0:00:00.020827563  4449 0x5635eb641360 TRACE   structure gststructure.c:287:gst_structure_new_id_empty_with_size: created structure 0x5635eb666ed0
0:00:00.015611682  4450 0x55d8bc38e360 DEBUG   GST_REGISTRY gstregistrychunks.c:264:gst_registry_chunks_save_feature: saved 0 interfaces 0 pad templates
0:00:00.020836007  4449 0x5635eb641360 DEBUG   structure gststructure.c:2203:gst_structure_parse_field: trying field name 'long-name'
0:00:00.015629627  4450 0x55d8bc38e360 DEBUG   GST_REGISTRY gstregistrychunks.c:264:gst_registry_chunks_save_feature: saved 1 interfaces 0 pad templates
0:00:00.020851306  4449 0x5635eb641360 DEBUG   default gstvalue.c:2676:_priv_gst_value_parse_value: trying type name 'string'
0:00:00.015639713  4450 0x55d8bc38e360 DEBUG   GST_REGISTRY gstregistrychunks.c:284:gst_registry_chunks_save_feature: Saved 1 UriTypes
0:00:00.020864958  4449 0x5635eb641360 DEBUG   structure gststructure.c:2203:gst_structure_parse_field: trying field name 'klass'
0:00:00.020871554  4449 0x5635eb641360 DEBUG   default gstvalue.c:2676:_priv_gst_value_parse_value: trying type name 'string'
0:00:00.015661250  4450 0x55d8bc38e360 DEBUG   GST_REGISTRY gstregistrychunks.c:264:gst_registry_chunks_save_feature: saved 0 interfaces 0 pad templates
0:00:00.020881046  4449 0x5635eb641360 DEBUG   structure gststructure.c:2203:gst_structure_parse_field: trying field name 'description'
0:00:00.020889169  4449 0x5635eb641360 DEBUG   default gstvalue.c:2676:_priv_gst_value_parse_value: trying type name 'string'
0:00:00.015675374  4450 0x55d8bc38e360 DEBUG   GST_REGISTRY gstregistrychunks.c:264:gst_registry_chunks_save_feature: saved 0 interfaces 0 pad templates
0:00:00.020896674  4449 0x5635eb641360 DEBUG   structure gststructure.c:2203:gst_structure_parse_field: trying field name 'author'
0:00:00.020905939  4449 0x5635eb641360 DEBUG   default gstvalue.c:2676:_priv_gst_value_parse_value: trying type name 'string'
0:00:00.015691445  4450 0x55d8bc38e360 DEBUG   GST_REGISTRY gstregistrychunks.c:264:gst_registry_chunks_save_feature: saved 0 interfaces 0 pad templates
0:00:00.020915818  4449 0x5635eb641360 DEBUG   GST_REGISTRY gstregistrychunks.c:626:gst_registry_chunks_load_feature: Element factory : npadtemplates=2
0:00:00.015703055  4450 0x55d8bc38e360 DEBUG   GST_REGISTRY gstregistrychunks.c:264:gst_registry_chunks_save_feature: saved 1 interfaces 0 pad templates
0:00:00.020923534  4449 0x5635eb641360 DEBUG   GST_REGISTRY gstregistrychunks.c:525:gst_registry_chunks_load_pad_template: Reading/casting for GstRegistryChunkPadTemplate at address 0x5635eb667730
0:00:00.015709956  4450 0x55d8bc38e360 DEBUG   GST_REGISTRY gstregistrychunks.c:284:gst_registry_chunks_save_feature: Saved 1 UriTypes
0:00:00.020933045  4449 0x5635eb641360 DEBUG   GST_REGISTRY gstregistrychunks.c:539:gst_registry_chunks_load_pad_template: Added pad_template src_%u
0:00:00.020939546  4449 0x5635eb641360 DEBUG   GST_REGISTRY gstregistrychunks.c:525:gst_registry_chunks_load_pad_template: Reading/casting for GstRegistryChunkPadTemplate at address 0x5635eb667748
0:00:00.015723527  4450 0x55d8bc38e360 DEBUG   GST_REGISTRY gstregistrychunks.c:264:gst_registry_chunks_save_feature: saved 1 interfaces 0 pad templates
0:00:00.020948919  4449 0x5635eb641360 DEBUG   GST_REGISTRY gstregistrychunks.c:539:gst_registry_chunks_load_pad_template: Added pad_template sink
0:00:00.015733056  4450 0x55d8bc38e360 DEBUG   GST_REGISTRY gstregistrychunks.c:284:gst_registry_chunks_save_feature: Saved 1 UriTypes
0:00:00.020958091  4449 0x5635eb641360 DEBUG   GST_REGISTRY gstregistry.c:589:gst_registry_add_feature: adding feature 0x5635eb671a40 (streamiddemux)
0:00:00.015744251  4450 0x55d8bc38e360 DEBUG   GST_REGISTRY gstregistrychunks.c:264:gst_registry_chunks_save_feature: saved 1 interfaces 0 pad templates
0:00:00.020966875  4449 0x5635eb641360 DEBUG   GST_REFCOUNTING gstobject.c:708:gst_object_set_parent: set parent (ref and sink)
0:00:00.015750761  4450 0x55d8bc38e360 DEBUG   GST_REGISTRY gstregistrychunks.c:284:gst_registry_chunks_save_feature: Saved 1 UriTypes
0:00:00.020975259  4449 0x5635eb641360 TRACE   GST_REFCOUNTING gstobject.c:292:gst_object_ref_sink: 0x5635eb671a40 ref_sink 1->2
0:00:00.015764746  4450 0x55d8bc38e360 DEBUG   GST_REGISTRY gstregistrychunks.c:264:gst_registry_chunks_save_feature: saved 0 interfaces 0 pad templates
0:00:00.020986025  4449 0x5635eb641360 LOG   GST_REGISTRY gstregistry.c:607:gst_registry_add_feature: emitting feature-added for streamiddemux
0:00:00.015775698  4450 0x55d8bc38e360 DEBUG   GST_REGISTRY gstregistrychunks.c:264:gst_registry_chunks_save_feature: saved 0 interfaces 0 pad templates
0:00:00.020994266  4449 0x5635eb641360 DEBUG   GST_REGISTRY gstregistrychunks.c:740:gst_registry_chunks_load_feature: Added feature streamiddemux, plugin 0x5635eb66fea0 coreelements
0:00:00.015785918  4450 0x55d8bc38e360 DEBUG   GST_REGISTRY gstregistrychunks.c:264:gst_registry_chunks_save_feature: saved 0 interfaces 0 pad templates
0:00:00.021007282  4449 0x5635eb641360 DEBUG   GST_REGISTRY gstregistrychunks.c:582:gst_registry_chunks_load_feature: Plugin 'coreelements' feature 'valve' typename : 'GstElementFactory'
0:00:00.015798136  4450 0x55d8bc38e360 DEBUG   GST_REGISTRY gstregistrychunks.c:264:gst_registry_chunks_save_feature: saved 0 interfaces 0 pad templates
0:00:00.021016737  4449 0x5635eb641360 TRACE   GST_REFCOUNTING gstobject.c:208:gst_object_init: 0x5635eb670ae0 new
0:00:00.015811874  4450 0x55d8bc38e360 DEBUG   GST_REGISTRY gstregistrychunks.c:264:gst_registry_chunks_save_feature: saved 0 interfaces 0 pad templates
0:00:00.021029481  4449 0x5635eb641360 LOG   GST_REGISTRY gstregistrychunks.c:609:gst_registry_chunks_load_feature: Reading/casting for GstRegistryChunkElementFactory at address 0x5635eb667778
