0:00:00.022599177  4449 0x5635eb641360 DEBUG   GST_REGISTRY gstregistrychunks.c:582:gst_registry_chunks_load_feature: Plugin 'coreelements' feature 'input-selector' typename : 'GstElementFactory'
0:00:00.017386789  4450 0x55d8bc38e360 DEBUG   GST_POLL gstpoll.c:979:gst_poll_fd_ctl_write: 0x55d8bc3b2910: fd (fd:0, idx:1), active : 1
0:00:00.017393346  4450 0x55d8bc38e360 LOG   GST_POLL gstpoll.c:994:gst_poll_fd_ctl_write: 0x55d8bc3b2910: pfd->events now 60 (POLLOUT:4)
0:00:00.022610310  4449 0x5635eb641360 TRACE   GST_REFCOUNTING gstobject.c:208:gst_object_init: 0x5635eb66c330 new
0:00:00.017402495  4450 0x55d8bc38e360 LOG   GST_PLUGIN_LOADING gstpluginloader.c:645:put_chunk: Expanding tx buf from 10158 to 13209 for chunk of size 209
0:00:00.022622154  4449 0x5635eb641360 LOG   GST_REGISTRY gstregistrychunks.c:609:gst_registry_chunks_load_feature: Reading/casting for GstRegistryChunkElementFactory at address 0x5635eb668090
0:00:00.022632725  4449 0x5635eb641360 TRACE   structure gststructure.c:287:gst_structure_new_id_empty_with_size: created structure 0x5635eb66c420
0:00:00.022638974  4449 0x5635eb641360 DEBUG   structure gststructure.c:2203:gst_structure_parse_field: trying field name 'long-name'
0:00:00.017426222  4450 0x55d8bc38e360 DEBUG   GST_POLL gstpoll.c:979:gst_poll_fd_ctl_write: 0x55d8bc3b2910: fd (fd:0, idx:1), active : 1
0:00:00.022647765  4449 0x5635eb641360 DEBUG   default gstvalue.c:2676:_priv_gst_value_parse_value: trying type name 'string'
0:00:00.017433675  4450 0x55d8bc38e360 LOG   GST_POLL gstpoll.c:994:gst_poll_fd_ctl_write: 0x55d8bc3b2910: pfd->events now 60 (POLLOUT:4)
0:00:00.022656058  4449 0x5635eb641360 DEBUG   structure gststructure.c:2203:gst_structure_parse_field: trying field name 'klass'
0:00:00.017443917  4450 0x55d8bc38e360 DEBUG   GST_POLL gstpoll.c:979:gst_poll_fd_ctl_write: 0x55d8bc3b2910: fd (fd:0, idx:1), active : 1
0:00:00.022662557  4449 0x5635eb641360 DEBUG   default gstvalue.c:2676:_priv_gst_value_parse_value: trying type name 'string'
0:00:00.017451610  4450 0x55d8bc38e360 LOG   GST_POLL gstpoll.c:994:gst_poll_fd_ctl_write: 0x55d8bc3b2910: pfd->events now 60 (POLLOUT:4)
0:00:00.022678546  4449 0x5635eb641360 DEBUG   structure gststructure.c:2203:gst_structure_parse_field: trying field name 'description'
0:00:00.017463354  4450 0x55d8bc38e360 DEBUG   GST_POLL gstpoll.c:979:gst_poll_fd_ctl_write: 0x55d8bc3b2910: fd (fd:0, idx:1), active : 1
0:00:00.022687687  4449 0x5635eb641360 DEBUG   default gstvalue.c:2676:_priv_gst_value_parse_value: trying type name 'string'
0:00:00.017472221  4450 0x55d8bc38e360 LOG   GST_POLL gstpoll.c:994:gst_poll_fd_ctl_write: 0x55d8bc3b2910: pfd->events now 60 (POLLOUT:4)
0:00:00.022696006  4449 0x5635eb641360 DEBUG   structure gststructure.c:2203:gst_structure_parse_field: trying field name 'author'
0:00:00.017481640  4450 0x55d8bc38e360 DEBUG   GST_POLL gstpoll.c:979:gst_poll_fd_ctl_write: 0x55d8bc3b2910: fd (fd:0, idx:1), active : 1
0:00:00.022702285  4449 0x5635eb641360 DEBUG   default gstvalue.c:2676:_priv_gst_value_parse_value: trying type name 'string'
0:00:00.017488536  4450 0x55d8bc38e360 LOG   GST_POLL gstpoll.c:994:gst_poll_fd_ctl_write: 0x55d8bc3b2910: pfd->events now 60 (POLLOUT:4)
0:00:00.017495574  4450 0x55d8bc38e360 DEBUG   GST_POLL gstpoll.c:979:gst_poll_fd_ctl_write: 0x55d8bc3b2910: fd (fd:0, idx:1), active : 1
0:00:00.022711534  4449 0x5635eb641360 DEBUG   GST_REGISTRY gstregistrychunks.c:626:gst_registry_chunks_load_feature: Element factory : npadtemplates=2
0:00:00.017501600  4450 0x55d8bc38e360 LOG   GST_POLL gstpoll.c:994:gst_poll_fd_ctl_write: 0x55d8bc3b2910: pfd->events now 60 (POLLOUT:4)
0:00:00.022721966  4449 0x5635eb641360 DEBUG   GST_REGISTRY gstregistrychunks.c:525:gst_registry_chunks_load_pad_template: Reading/casting for GstRegistryChunkPadTemplate at address 0x5635eb6681c0
0:00:00.017511485  4450 0x55d8bc38e360 DEBUG   GST_POLL gstpoll.c:979:gst_poll_fd_ctl_write: 0x55d8bc3b2910: fd (fd:0, idx:1), active : 1
0:00:00.022729373  4449 0x5635eb641360 DEBUG   GST_REGISTRY gstregistrychunks.c:539:gst_registry_chunks_load_pad_template: Added pad_template src
0:00:00.017518871  4450 0x55d8bc38e360 LOG   GST_POLL gstpoll.c:994:gst_poll_fd_ctl_write: 0x55d8bc3b2910: pfd->events now 60 (POLLOUT:4)
0:00:00.022737358  4449 0x5635eb641360 DEBUG   GST_REGISTRY gstregistrychunks.c:525:gst_registry_chunks_load_pad_template: Reading/casting for GstRegistryChunkPadTemplate at address 0x5635eb6681d0
0:00:00.017525926  4450 0x55d8bc38e360 DEBUG   GST_POLL gstpoll.c:979:gst_poll_fd_ctl_write: 0x55d8bc3b2910: fd (fd:0, idx:1), active : 1
0:00:00.022744692  4449 0x5635eb641360 DEBUG   GST_REGISTRY gstregistrychunks.c:539:gst_registry_chunks_load_pad_template: Added pad_template sink_%u
0:00:00.017532382  4450 0x55d8bc38e360 LOG   GST_POLL gstpoll.c:994:gst_poll_fd_ctl_write: 0x55d8bc3b2910: pfd->events now 60 (POLLOUT:4)
0:00:00.022755993  4449 0x5635eb641360 DEBUG   GST_REGISTRY gstregistry.c:589:gst_registry_add_feature: adding feature 0x5635eb66c330 (input-selector)
0:00:00.017541960  4450 0x55d8bc38e360 DEBUG   GST_POLL gstpoll.c:979:gst_poll_fd_ctl_write: 0x55d8bc3b2910: fd (fd:0, idx:1), active : 1
0:00:00.022763090  4449 0x5635eb641360 DEBUG   GST_REFCOUNTING gstobject.c:708:gst_object_set_parent: set parent (ref and sink)
0:00:00.017554434  4450 0x55d8bc38e360 LOG   GST_POLL gstpoll.c:994:gst_poll_fd_ctl_write: 0x55d8bc3b2910: pfd->events now 60 (POLLOUT:4)
0:00:00.022774582  4449 0x5635eb641360 TRACE   GST_REFCOUNTING gstobject.c:292:gst_object_ref_sink: 0x5635eb66c330 ref_sink 1->2
0:00:00.017561928  4450 0x55d8bc38e360 DEBUG   GST_POLL gstpoll.c:979:gst_poll_fd_ctl_write: 0x55d8bc3b2910: fd (fd:0, idx:1), active : 1
0:00:00.022782089  4449 0x5635eb641360 LOG   GST_REGISTRY gstregistry.c:607:gst_registry_add_feature: emitting feature-added for input-selector
0:00:00.017568406  4450 0x55d8bc38e360 LOG   GST_POLL gstpoll.c:994:gst_poll_fd_ctl_write: 0x55d8bc3b2910: pfd->events now 60 (POLLOUT:4)
0:00:00.022792486  4449 0x5635eb641360 DEBUG   GST_REGISTRY gstregistrychunks.c:740:gst_registry_chunks_load_feature: Added feature input-selector, plugin 0x5635eb66fea0 coreelements
0:00:00.017578007  4450 0x55d8bc38e360 DEBUG   GST_POLL gstpoll.c:979:gst_poll_fd_ctl_write: 0x55d8bc3b2910: fd (fd:0, idx:1), active : 1
0:00:00.022800226  4449 0x5635eb641360 DEBUG   GST_REGISTRY gstregistrychunks.c:582:gst_registry_chunks_load_feature: Plugin 'coreelements' feature 'identity' typename : 'GstElementFactory'
0:00:00.017585144  4450 0x55d8bc38e360 LOG   GST_POLL gstpoll.c:994:gst_poll_fd_ctl_write: 0x55d8bc3b2910: pfd->events now 60 (POLLOUT:4)
0:00:00.017592107  4450 0x55d8bc38e360 DEBUG   GST_POLL gstpoll.c:979:gst_poll_fd_ctl_write: 0x55d8bc3b2910: fd (fd:0, idx:1), active : 1
0:00:00.022809358  4449 0x5635eb641360 TRACE   GST_REFCOUNTING gstobject.c:208:gst_object_init: 0x5635eb66c9b0 new
0:00:00.017598041  4450 0x55d8bc38e360 LOG   GST_POLL gstpoll.c:994:gst_poll_fd_ctl_write: 0x55d8bc3b2910: pfd->events now 60 (POLLOUT:4)
0:00:00.022819503  4449 0x5635eb641360 LOG   GST_REGISTRY gstregistrychunks.c:609:gst_registry_chunks_load_feature: Reading/casting for GstRegistryChunkElementFactory at address 0x5635eb668200
0:00:00.017607763  4450 0x55d8bc38e360 DEBUG   GST_POLL gstpoll.c:979:gst_poll_fd_ctl_write: 0x55d8bc3b2910: fd (fd:0, idx:1), active : 1
0:00:00.022829430  4449 0x5635eb641360 TRACE   structure gststructure.c:287:gst_structure_new_id_empty_with_size: created structure 0x5635eb66cbe0
0:00:00.017615011  4450 0x55d8bc38e360 LOG   GST_POLL gstpoll.c:994:gst_poll_fd_ctl_write: 0x55d8bc3b2910: pfd->events now 60 (POLLOUT:4)
0:00:00.022836588  4449 0x5635eb641360 DEBUG   structure gststructure.c:2203:gst_structure_parse_field: trying field name 'long-name'
0:00:00.017621900  4450 0x55d8bc38e360 DEBUG   GST_POLL gstpoll.c:979:gst_poll_fd_ctl_write: 0x55d8bc3b2910: fd (fd:0, idx:1), active : 1
0:00:00.022842965  4449 0x5635eb641360 DEBUG   default gstvalue.c:2676:_priv_gst_value_parse_value: trying type name 'string'
0:00:00.017628652  4450 0x55d8bc38e360 LOG   GST_POLL gstpoll.c:994:gst_poll_fd_ctl_write: 0x55d8bc3b2910: pfd->events now 60 (POLLOUT:4)
0:00:00.022850219  4449 0x5635eb641360 DEBUG   structure gststructure.c:2203:gst_structure_parse_field: trying field name 'klass'
0:00:00.017643444  4450 0x55d8bc38e360 DEBUG   GST_POLL gstpoll.c:979:gst_poll_fd_ctl_write: 0x55d8bc3b2910: fd (fd:0, idx:1), active : 1
0:00:00.022862324  4449 0x5635eb641360 DEBUG   default gstvalue.c:2676:_priv_gst_value_parse_value: trying type name 'string'
0:00:00.017655694  4450 0x55d8bc38e360 LOG   GST_POLL gstpoll.c:994:gst_poll_fd_ctl_write: 0x55d8bc3b2910: pfd->events now 60 (POLLOUT:4)
0:00:00.022875902  4449 0x5635eb641360 DEBUG   structure gststructure.c:2203:gst_structure_parse_field: trying field name 'description'
0:00:00.017662769  4450 0x55d8bc38e360 DEBUG   GST_POLL gstpoll.c:979:gst_poll_fd_ctl_write: 0x55d8bc3b2910: fd (fd:0, idx:1), active : 1
0:00:00.022882052  4449 0x5635eb641360 DEBUG   default gstvalue.c:2676:_priv_gst_value_parse_value: trying type name 'string'
0:00:00.017669274  4450 0x55d8bc38e360 LOG   GST_POLL gstpoll.c:994:gst_poll_fd_ctl_write: 0x55d8bc3b2910: pfd->events now 60 (POLLOUT:4)
0:00:00.022890264  4449 0x5635eb641360 DEBUG   structure gststructure.c:2203:gst_structure_parse_field: trying field name 'author'
0:00:00.017679478  4450 0x55d8bc38e360 DEBUG   GST_POLL gstpoll.c:979:gst_poll_fd_ctl_write: 0x55d8bc3b2910: fd (fd:0, idx:1), active : 1
0:00:00.022899371  4449 0x5635eb641360 DEBUG   default gstvalue.c:2676:_priv_gst_value_parse_value: trying type name 'string'
0:00:00.017686716  4450 0x55d8bc38e360 LOG   GST_POLL gstpoll.c:994:gst_poll_fd_ctl_write: 0x55d8bc3b2910: pfd->events now 60 (POLLOUT:4)
0:00:00.022907754  4449 0x5635eb641360 DEBUG   GST_REGISTRY gstregistrychunks.c:626:gst_registry_chunks_load_feature: Element factory : npadtemplates=2
0:00:00.017693577  4450 0x55d8bc38e360 DEBUG   GST_POLL gstpoll.c:979:gst_poll_fd_ctl_write: 0x55d8bc3b2910: fd (fd:0, idx:1), active : 1
0:00:00.022913977  4449 0x5635eb641360 DEBUG   GST_REGISTRY gstregistrychunks.c:525:gst_registry_chunks_load_pad_template: Reading/casting for GstRegistryChunkPadTemplate at address 0x5635eb6682d0
0:00:00.017700060  4450 0x55d8bc38e360 LOG   GST_POLL gstpoll.c:994:gst_poll_fd_ctl_write: 0x55d8bc3b2910: pfd->events now 60 (POLLOUT:4)
0:00:00.022920441  4449 0x5635eb641360 DEBUG   GST_REGISTRY gstregistrychunks.c:539:gst_registry_chunks_load_pad_template: Added pad_template sink
0:00:00.017709692  4450 0x55d8bc38e360 DEBUG   GST_POLL gstpoll.c:979:gst_poll_fd_ctl_write: 0x55d8bc3b2910: fd (fd:0, idx:1), active : 1
0:00:00.022929226  4449 0x5635eb641360 DEBUG   GST_REGISTRY gstregistrychunks.c:525:gst_registry_chunks_load_pad_template: Reading/casting for GstRegistryChunkPadTemplate at address 0x5635eb6682e8
0:00:00.017716669  4450 0x55d8bc38e360 LOG   GST_POLL gstpoll.c:994:gst_poll_fd_ctl_write: 0x55d8bc3b2910: pfd->events now 60 (POLLOUT:4)
0:00:00.022936137  4449 0x5635eb641360 DEBUG   GST_REGISTRY gstregistrychunks.c:539:gst_registry_chunks_load_pad_template: Added pad_template src
0:00:00.017723501  4450 0x55d8bc38e360 DEBUG   GST_POLL gstpoll.c:979:gst_poll_fd_ctl_write: 0x55d8bc3b2910: fd (fd:0, idx:1), active : 1
0:00:00.017729931  4450 0x55d8bc38e360 LOG   GST_POLL gstpoll.c:994:gst_poll_fd_ctl_write: 0x55d8bc3b2910: pfd->events now 60 (POLLOUT:4)
0:00:00.022948741  4449 0x5635eb641360 DEBUG   GST_REGISTRY gstregistry.c:589:gst_registry_add_feature: adding feature 0x5635eb66c9b0 (identity)
0:00:00.017744427  4450 0x55d8bc38e360 DEBUG   GST_POLL gstpoll.c:979:gst_poll_fd_ctl_write: 0x55d8bc3b2910: fd (fd:0, idx:1), active : 1
0:00:00.022964202  4449 0x5635eb641360 DEBUG   GST_REFCOUNTING gstobject.c:708:gst_object_set_parent: set parent (ref and sink)
0:00:00.017751358  4450 0x55d8bc38e360 LOG   GST_POLL gstpoll.c:994:gst_poll_fd_ctl_write: 0x55d8bc3b2910: pfd->events now 60 (POLLOUT:4)
0:00:00.022973757  4449 0x5635eb641360 TRACE   GST_REFCOUNTING gstobject.c:292:gst_object_ref_sink: 0x5635eb66c9b0 ref_sink 1->2
0:00:00.017758343  4450 0x55d8bc38e360 DEBUG   GST_POLL gstpoll.c:979:gst_poll_fd_ctl_write: 0x55d8bc3b2910: fd (fd:0, idx:1), active : 1
0:00:00.022981364  4449 0x5635eb641360 LOG   GST_REGISTRY gstregistry.c:607:gst_registry_add_feature: emitting feature-added for identity
0:00:00.017765883  4450 0x55d8bc38e360 LOG   GST_POLL gstpoll.c:994:gst_poll_fd_ctl_write: 0x55d8bc3b2910: pfd->events now 60 (POLLOUT:4)
0:00:00.022989166  4449 0x5635eb641360 DEBUG   GST_REGISTRY gstregistrychunks.c:740:gst_registry_chunks_load_feature: Added feature identity, plugin 0x5635eb66fea0 coreelements
0:00:00.017775611  4450 0x55d8bc38e360 DEBUG   GST_POLL gstpoll.c:979:gst_poll_fd_ctl_write: 0x55d8bc3b2910: fd (fd:0, idx:1), active : 1
0:00:00.022998394  4449 0x5635eb641360 DEBUG   GST_REGISTRY gstregistrychunks.c:582:gst_registry_chunks_load_feature: Plugin 'coreelements' feature 'funnel' typename : 'GstElementFactory'
0:00:00.017782816  4450 0x55d8bc38e360 LOG   GST_POLL gstpoll.c:994:gst_poll_fd_ctl_write: 0x55d8bc3b2910: pfd->events now 60 (POLLOUT:4)
0:00:00.017791414  4450 0x55d8bc38e360 DEBUG   GST_POLL gstpoll.c:979:gst_poll_fd_ctl_write: 0x55d8bc3b2910: fd (fd:0, idx:1), active : 1
0:00:00.023008862  4449 0x5635eb641360 TRACE   GST_REFCOUNTING gstobject.c:208:gst_object_init: 0x5635eb66d020 new
0:00:00.017797371  4450 0x55d8bc38e360 LOG   GST_POLL gstpoll.c:994:gst_poll_fd_ctl_write: 0x55d8bc3b2910: pfd->events now 60 (POLLOUT:4)
0:00:00.023018434  4449 0x5635eb641360 LOG   GST_REGISTRY gstregistrychunks.c:609:gst_registry_chunks_load_feature: Reading/casting for GstRegistryChunkElementFactory at address 0x5635eb668318
0:00:00.017806764  4450 0x55d8bc38e360 DEBUG   GST_POLL gstpoll.c:979:gst_poll_fd_ctl_write: 0x55d8bc3b2910: fd (fd:0, idx:1), active : 1
0:00:00.023025634  4449 0x5635eb641360 TRACE   structure gststructure.c:287:gst_structure_new_id_empty_with_size: created structure 0x5635eb66d320
0:00:00.017813981  4450 0x55d8bc38e360 LOG   GST_POLL gstpoll.c:994:gst_poll_fd_ctl_write: 0x55d8bc3b2910: pfd->events now 60 (POLLOUT:4)
0:00:00.023034575  4449 0x5635eb641360 DEBUG   structure gststructure.c:2203:gst_structure_parse_field: trying field name 'long-name'
0:00:00.017821001  4450 0x55d8bc38e360 DEBUG   GST_POLL gstpoll.c:979:gst_poll_fd_ctl_write: 0x55d8bc3b2910: fd (fd:0, idx:1), active : 1
0:00:00.023041944  4449 0x5635eb641360 DEBUG   default gstvalue.c:2676:_priv_gst_value_parse_value: trying type name 'string'
0:00:00.017832497  4450 0x55d8bc38e360 LOG   GST_POLL gstpoll.c:994:gst_poll_fd_ctl_write: 0x55d8bc3b2910: pfd->events now 60 (POLLOUT:4)
0:00:00.023052449  4449 0x5635eb641360 DEBUG   structure gststructure.c:2203:gst_structure_parse_field: trying field name 'klass'
0:00:00.017842563  4450 0x55d8bc38e360 DEBUG   GST_POLL gstpoll.c:979:gst_poll_fd_ctl_write: 0x55d8bc3b2910: fd (fd:0, idx:1), active : 1
0:00:00.023059936  4449 0x5635eb641360 DEBUG   default gstvalue.c:2676:_priv_gst_value_parse_value: trying type name 'string'
0:00:00.017849951  4450 0x55d8bc38e360 LOG   GST_POLL gstpoll.c:994:gst_poll_fd_ctl_write: 0x55d8bc3b2910: pfd->events now 60 (POLLOUT:4)
0:00:00.023071563  4449 0x5635eb641360 DEBUG   structure gststructure.c:2203:gst_structure_parse_field: trying field name 'description'
0:00:00.017857062  4450 0x55d8bc38e360 DEBUG   GST_POLL gstpoll.c:979:gst_poll_fd_ctl_write: 0x55d8bc3b2910: fd (fd:0, idx:1), active : 1
0:00:00.023079594  4449 0x5635eb641360 DEBUG   default gstvalue.c:2676:_priv_gst_value_parse_value: trying type name 'string'
0:00:00.017864433  4450 0x55d8bc38e360 LOG   GST_POLL gstpoll.c:994:gst_poll_fd_ctl_write: 0x55d8bc3b2910: pfd->events now 60 (POLLOUT:4)
0:00:00.023087135  4449 0x5635eb641360 DEBUG   structure gststructure.c:2203:gst_structure_parse_field: trying field name 'author'
0:00:00.017873999  4450 0x55d8bc38e360 DEBUG   GST_POLL gstpoll.c:979:gst_poll_fd_ctl_write: 0x55d8bc3b2910: fd (fd:0, idx:1), active : 1
0:00:00.023093700  4449 0x5635eb641360 DEBUG   default gstvalue.c:2676:_priv_gst_value_parse_value: trying type name 'string'
0:00:00.017881148  4450 0x55d8bc38e360 LOG   GST_POLL gstpoll.c:994:gst_poll_fd_ctl_write: 0x55d8bc3b2910: pfd->events now 60 (POLLOUT:4)
0:00:00.023103755  4449 0x5635eb641360 DEBUG   GST_REGISTRY gstregistrychunks.c:626:gst_registry_chunks_load_feature: Element factory : npadtemplates=2
0:00:00.017888078  4450 0x55d8bc38e360 DEBUG   GST_POLL gstpoll.c:979:gst_poll_fd_ctl_write: 0x55d8bc3b2910: fd (fd:0, idx:1), active : 1
0:00:00.023111390  4449 0x5635eb641360 DEBUG   GST_REGISTRY gstregistrychunks.c:525:gst_registry_chunks_load_pad_template: Reading/casting for GstRegistryChunkPadTemplate at address 0x5635eb6683f0
0:00:00.017896530  4450 0x55d8bc38e360 LOG   GST_POLL gstpoll.c:994:gst_poll_fd_ctl_write: 0x55d8bc3b2910: pfd->events now 60 (POLLOUT:4)
0:00:00.023118082  4449 0x5635eb641360 DEBUG   GST_REGISTRY gstregistrychunks.c:539:gst_registry_chunks_load_pad_template: Added pad_template src
0:00:00.017906295  4450 0x55d8bc38e360 DEBUG   GST_POLL gstpoll.c:979:gst_poll_fd_ctl_write: 0x55d8bc3b2910: fd (fd:0, idx:1), active : 1
0:00:00.023124186  4449 0x5635eb641360 DEBUG   GST_REGISTRY gstregistrychunks.c:525:gst_registry_chunks_load_pad_template: Reading/casting for GstRegistryChunkPadTemplate at address 0x5635eb668400
0:00:00.017913422  4450 0x55d8bc38e360 LOG   GST_POLL gstpoll.c:994:gst_poll_fd_ctl_write: 0x55d8bc3b2910: pfd->events now 60 (POLLOUT:4)
0:00:00.023134058  4449 0x5635eb641360 DEBUG   GST_REGISTRY gstregistrychunks.c:539:gst_registry_chunks_load_pad_template: Added pad_template sink_%u
0:00:00.017925385  4450 0x55d8bc38e360 DEBUG   GST_POLL gstpoll.c:979:gst_poll_fd_ctl_write: 0x55d8bc3b2910: fd (fd:0, idx:1), active : 1
0:00:00.023146419  4449 0x5635eb641360 DEBUG   GST_REGISTRY gstregistry.c:589:gst_registry_add_feature: adding feature 0x5635eb66d020 (funnel)
0:00:00.017932018  4450 0x55d8bc38e360 LOG   GST_POLL gstpoll.c:994:gst_poll_fd_ctl_write: 0x55d8bc3b2910: pfd->events now 60 (POLLOUT:4)
0:00:00.023153155  4449 0x5635eb641360 DEBUG   GST_REFCOUNTING gstobject.c:708:gst_object_set_parent: set parent (ref and sink)
0:00:00.017941819  4450 0x55d8bc38e360 DEBUG   GST_POLL gstpoll.c:979:gst_poll_fd_ctl_write: 0x55d8bc3b2910: fd (fd:0, idx:1), active : 1
0:00:00.023161429  4449 0x5635eb641360 TRACE   GST_REFCOUNTING gstobject.c:292:gst_object_ref_sink: 0x5635eb66d020 ref_sink 1->2
0:00:00.017948890  4450 0x55d8bc38e360 LOG   GST_POLL gstpoll.c:994:gst_poll_fd_ctl_write: 0x55d8bc3b2910: pfd->events now 60 (POLLOUT:4)
0:00:00.023171083  4449 0x5635eb641360 LOG   GST_REGISTRY gstregistry.c:607:gst_registry_add_feature: emitting feature-added for funnel
0:00:00.017955881  4450 0x55d8bc38e360 DEBUG   GST_POLL gstpoll.c:979:gst_poll_fd_ctl_write: 0x55d8bc3b2910: fd (fd:0, idx:1), active : 1
0:00:00.023179928  4449 0x5635eb641360 DEBUG   GST_REGISTRY gstregistrychunks.c:740:gst_registry_chunks_load_feature: Added feature funnel, plugin 0x5635eb66fea0 coreelements
0:00:00.017963910  4450 0x55d8bc38e360 LOG   GST_POLL gstpoll.c:994:gst_poll_fd_ctl_write: 0x55d8bc3b2910: pfd->events now 60 (POLLOUT:4)
0:00:00.023187604  4449 0x5635eb641360 DEBUG   GST_REGISTRY gstregistrychunks.c:582:gst_registry_chunks_load_feature: Plugin 'coreelements' feature 'filesrc' typename : 'GstElementFactory'
0:00:00.017973916  4450 0x55d8bc38e360 DEBUG   GST_POLL gstpoll.c:979:gst_poll_fd_ctl_write: 0x55d8bc3b2910: fd (fd:0, idx:1), active : 1
0:00:00.023196525  4449 0x5635eb641360 TRACE   GST_REFCOUNTING gstobject.c:208:gst_object_init: 0x5635eb66d740 new
0:00:00.017981101  4450 0x55d8bc38e360 LOG   GST_POLL gstpoll.c:994:gst_poll_fd_ctl_write: 0x55d8bc3b2910: pfd->events now 60 (POLLOUT:4)
0:00:00.017990468  4450 0x55d8bc38e360 DEBUG   GST_POLL gstpoll.c:979:gst_poll_fd_ctl_write: 0x55d8bc3b2910: fd (fd:0, idx:1), active : 1
0:00:00.023208012  4449 0x5635eb641360 LOG   GST_REGISTRY gstregistrychunks.c:609:gst_registry_chunks_load_feature: Reading/casting for GstRegistryChunkElementFactory at address 0x5635eb668430
0:00:00.017996608  4450 0x55d8bc38e360 LOG   GST_POLL gstpoll.c:994:gst_poll_fd_ctl_write: 0x55d8bc3b2910: pfd->events now 60 (POLLOUT:4)
0:00:00.023216635  4449 0x5635eb641360 TRACE   structure gststructure.c:287:gst_structure_new_id_empty_with_size: created structure 0x5635eb66da40
0:00:00.018006596  4450 0x55d8bc38e360 DEBUG   GST_POLL gstpoll.c:979:gst_poll_fd_ctl_write: 0x55d8bc3b2910: fd (fd:0, idx:1), active : 1
0:00:00.023224205  4449 0x5635eb641360 DEBUG   structure gststructure.c:2203:gst_structure_parse_field: trying field name 'long-name'
0:00:00.018013710  4450 0x55d8bc38e360 LOG   GST_POLL gstpoll.c:994:gst_poll_fd_ctl_write: 0x55d8bc3b2910: pfd->events now 60 (POLLOUT:4)
0:00:00.023238012  4449 0x5635eb641360 DEBUG   default gstvalue.c:2676:_priv_gst_value_parse_value: trying type name 'string'
0:00:00.018023791  4450 0x55d8bc38e360 DEBUG   GST_POLL gstpoll.c:979:gst_poll_fd_ctl_write: 0x55d8bc3b2910: fd (fd:0, idx:1), active : 1
0:00:00.018031006  4450 0x55d8bc38e360 LOG   GST_POLL gstpoll.c:994:gst_poll_fd_ctl_write: 0x55d8bc3b2910: pfd->events now 60 (POLLOUT:4)
0:00:00.023248046  4449 0x5635eb641360 DEBUG   structure gststructure.c:2203:gst_structure_parse_field: trying field name 'klass'
0:00:00.018040788  4450 0x55d8bc38e360 DEBUG   GST_POLL gstpoll.c:979:gst_poll_fd_ctl_write: 0x55d8bc3b2910: fd (fd:0, idx:1), active : 1
0:00:00.023258596  4449 0x5635eb641360 DEBUG   default gstvalue.c:2676:_priv_gst_value_parse_value: trying type name 'string'
0:00:00.018047928  4450 0x55d8bc38e360 LOG   GST_POLL gstpoll.c:994:gst_poll_fd_ctl_write: 0x55d8bc3b2910: pfd->events now 60 (POLLOUT:4)
0:00:00.023267530  4449 0x5635eb641360 DEBUG   structure gststructure.c:2203:gst_structure_parse_field: trying field name 'description'
0:00:00.018054862  4450 0x55d8bc38e360 DEBUG   GST_POLL gstpoll.c:979:gst_poll_fd_ctl_write: 0x55d8bc3b2910: fd (fd:0, idx:1), active : 1
0:00:00.023274097  4449 0x5635eb641360 DEBUG   default gstvalue.c:2676:_priv_gst_value_parse_value: trying type name 'string'
0:00:00.018061559  4450 0x55d8bc38e360 LOG   GST_POLL gstpoll.c:994:gst_poll_fd_ctl_write: 0x55d8bc3b2910: pfd->events now 60 (POLLOUT:4)
0:00:00.023284322  4449 0x5635eb641360 DEBUG   structure gststructure.c:2203:gst_structure_parse_field: trying field name 'author'
0:00:00.018071121  4450 0x55d8bc38e360 DEBUG   GST_POLL gstpoll.c:979:gst_poll_fd_ctl_write: 0x55d8bc3b2910: fd (fd:0, idx:1), active : 1
0:00:00.023292239  4449 0x5635eb641360 DEBUG   default gstvalue.c:2676:_priv_gst_value_parse_value: trying type name 'string'
0:00:00.018078185  4450 0x55d8bc38e360 LOG   GST_POLL gstpoll.c:994:gst_poll_fd_ctl_write: 0x55d8bc3b2910: pfd->events now 60 (POLLOUT:4)
0:00:00.023299873  4449 0x5635eb641360 DEBUG   GST_REGISTRY gstregistrychunks.c:626:gst_registry_chunks_load_feature: Element factory : npadtemplates=1
0:00:00.018085381  4450 0x55d8bc38e360 DEBUG   GST_POLL gstpoll.c:979:gst_poll_fd_ctl_write: 0x55d8bc3b2910: fd (fd:0, idx:1), active : 1
0:00:00.023306227  4449 0x5635eb641360 DEBUG   GST_REGISTRY gstregistrychunks.c:525:gst_registry_chunks_load_pad_template: Reading/casting for GstRegistryChunkPadTemplate at address 0x5635eb668510
0:00:00.018091999  4450 0x55d8bc38e360 LOG   GST_POLL gstpoll.c:994:gst_poll_fd_ctl_write: 0x55d8bc3b2910: pfd->events now 60 (POLLOUT:4)
0:00:00.023314573  4449 0x5635eb641360 DEBUG   GST_REGISTRY gstregistrychunks.c:539:gst_registry_chunks_load_pad_template: Added pad_template src
0:00:00.018101788  4450 0x55d8bc38e360 DEBUG   GST_POLL gstpoll.c:979:gst_poll_fd_ctl_write: 0x55d8bc3b2910: fd (fd:0, idx:1), active : 1
0:00:00.023323066  4449 0x5635eb641360 DEBUG   GST_REGISTRY gstregistrychunks.c:639:gst_registry_chunks_load_feature: Reading 1 UriTypes at address 0x5635eb668520
0:00:00.018108816  4450 0x55d8bc38e360 LOG   GST_POLL gstpoll.c:994:gst_poll_fd_ctl_write: 0x55d8bc3b2910: pfd->events now 60 (POLLOUT:4)
0:00:00.023342090  4449 0x5635eb641360 DEBUG   GST_REGISTRY gstregistrychunks.c:654:gst_registry_chunks_load_feature: Reading 1 Interfaces at address 0x5635eb668529
0:00:00.018126738  4450 0x55d8bc38e360 DEBUG   GST_POLL gstpoll.c:979:gst_poll_fd_ctl_write: 0x55d8bc3b2910: fd (fd:0, idx:1), active : 1
0:00:00.018143758  4450 0x55d8bc38e360 LOG   GST_POLL gstpoll.c:994:gst_poll_fd_ctl_write: 0x55d8bc3b2910: pfd->events now 60 (POLLOUT:4)
0:00:00.023361129  4449 0x5635eb641360 DEBUG   GST_REGISTRY gstregistry.c:589:gst_registry_add_feature: adding feature 0x5635eb66d740 (filesrc)
0:00:00.018150158  4450 0x55d8bc38e360 DEBUG   GST_POLL gstpoll.c:979:gst_poll_fd_ctl_write: 0x55d8bc3b2910: fd (fd:0, idx:1), active : 1
0:00:00.023371026  4449 0x5635eb641360 DEBUG   GST_REFCOUNTING gstobject.c:708:gst_object_set_parent: set parent (ref and sink)
0:00:00.018156690  4450 0x55d8bc38e360 LOG   GST_POLL gstpoll.c:994:gst_poll_fd_ctl_write: 0x55d8bc3b2910: pfd->events now 60 (POLLOUT:4)
0:00:00.023379700  4449 0x5635eb641360 TRACE   GST_REFCOUNTING gstobject.c:292:gst_object_ref_sink: 0x5635eb66d740 ref_sink 1->2
0:00:00.018163929  4450 0x55d8bc38e360 DEBUG   GST_POLL gstpoll.c:979:gst_poll_fd_ctl_write: 0x55d8bc3b2910: fd (fd:0, idx:1), active : 1
0:00:00.023387323  4449 0x5635eb641360 LOG   GST_REGISTRY gstregistry.c:607:gst_registry_add_feature: emitting feature-added for filesrc
0:00:00.018173711  4450 0x55d8bc38e360 LOG   GST_POLL gstpoll.c:994:gst_poll_fd_ctl_write: 0x55d8bc3b2910: pfd->events now 60 (POLLOUT:4)
0:00:00.023394939  4449 0x5635eb641360 DEBUG   GST_REGISTRY gstregistrychunks.c:740:gst_registry_chunks_load_feature: Added feature filesrc, plugin 0x5635eb66fea0 coreelements
0:00:00.018181710  4450 0x55d8bc38e360 DEBUG   GST_POLL gstpoll.c:979:gst_poll_fd_ctl_write: 0x55d8bc3b2910: fd (fd:0, idx:1), active : 1
0:00:00.023404649  4449 0x5635eb641360 DEBUG   GST_REGISTRY gstregistrychunks.c:582:gst_registry_chunks_load_feature: Plugin 'coreelements' feature 'fdsink' typename : 'GstElementFactory'
0:00:00.018188429  4450 0x55d8bc38e360 LOG   GST_POLL gstpoll.c:994:gst_poll_fd_ctl_write: 0x55d8bc3b2910: pfd->events now 60 (POLLOUT:4)
0:00:00.018197054  4450 0x55d8bc38e360 DEBUG   GST_POLL gstpoll.c:979:gst_poll_fd_ctl_write: 0x55d8bc3b2910: fd (fd:0, idx:1), active : 1
0:00:00.023414416  4449 0x5635eb641360 TRACE   GST_REFCOUNTING gstobject.c:208:gst_object_init: 0x5635eb66def0 new
0:00:00.018205634  4450 0x55d8bc38e360 LOG   GST_POLL gstpoll.c:994:gst_poll_fd_ctl_write: 0x55d8bc3b2910: pfd->events now 60 (POLLOUT:4)
0:00:00.023425531  4449 0x5635eb641360 LOG   GST_REGISTRY gstregistrychunks.c:609:gst_registry_chunks_load_feature: Reading/casting for GstRegistryChunkElementFactory at address 0x5635eb668550
0:00:00.018213446  4450 0x55d8bc38e360 DEBUG   GST_POLL gstpoll.c:979:gst_poll_fd_ctl_write: 0x55d8bc3b2910: fd (fd:0, idx:1), active : 1
0:00:00.023432534  4449 0x5635eb641360 TRACE   structure gststructure.c:287:gst_structure_new_id_empty_with_size: created structure 0x5635eb66e270
0:00:00.018224660  4450 0x55d8bc38e360 LOG   GST_POLL gstpoll.c:994:gst_poll_fd_ctl_write: 0x55d8bc3b2910: pfd->events now 60 (POLLOUT:4)
0:00:00.023445188  4449 0x5635eb641360 DEBUG   structure gststructure.c:2203:gst_structure_parse_field: trying field name 'long-name'
0:00:00.018231635  4450 0x55d8bc38e360 DEBUG   GST_POLL gstpoll.c:979:gst_poll_fd_ctl_write: 0x55d8bc3b2910: fd (fd:0, idx:1), active : 1
0:00:00.023452022  4449 0x5635eb641360 DEBUG   default gstvalue.c:2676:_priv_gst_value_parse_value: trying type name 'string'
0:00:00.018240644  4450 0x55d8bc38e360 LOG   GST_POLL gstpoll.c:994:gst_poll_fd_ctl_write: 0x55d8bc3b2910: pfd->events now 60 (POLLOUT:4)
0:00:00.023459801  4449 0x5635eb641360 DEBUG   structure gststructure.c:2203:gst_structure_parse_field: trying field name 'klass'
0:00:00.018248898  4450 0x55d8bc38e360 DEBUG   GST_POLL gstpoll.c:979:gst_poll_fd_ctl_write: 0x55d8bc3b2910: fd (fd:0, idx:1), active : 1
0:00:00.023466926  4449 0x5635eb641360 DEBUG   default gstvalue.c:2676:_priv_gst_value_parse_value: trying type name 'string'
0:00:00.018255937  4450 0x55d8bc38e360 LOG   GST_POLL gstpoll.c:994:gst_poll_fd_ctl_write: 0x55d8bc3b2910: pfd->events now 60 (POLLOUT:4)
0:00:00.023477460  4449 0x5635eb641360 DEBUG   structure gststructure.c:2203:gst_structure_parse_field: trying field name 'description'
0:00:00.018263214  4450 0x55d8bc38e360 DEBUG   GST_POLL gstpoll.c:979:gst_poll_fd_ctl_write: 0x55d8bc3b2910: fd (fd:0, idx:1), active : 1
0:00:00.023484426  4449 0x5635eb641360 DEBUG   default gstvalue.c:2676:_priv_gst_value_parse_value: trying type name 'string'
0:00:00.018272146  4450 0x55d8bc38e360 LOG   GST_POLL gstpoll.c:994:gst_poll_fd_ctl_write: 0x55d8bc3b2910: pfd->events now 60 (POLLOUT:4)
0:00:00.023492814  4449 0x5635eb641360 DEBUG   structure gststructure.c:2203:gst_structure_parse_field: trying field name 'author'
0:00:00.018280443  4450 0x55d8bc38e360 DEBUG   GST_POLL gstpoll.c:979:gst_poll_fd_ctl_write: 0x55d8bc3b2910: fd (fd:0, idx:1), active : 1
0:00:00.023499079  4449 0x5635eb641360 DEBUG   default gstvalue.c:2676:_priv_gst_value_parse_value: trying type name 'string'
0:00:00.018287210  4450 0x55d8bc38e360 LOG   GST_POLL gstpoll.c:994:gst_poll_fd_ctl_write: 0x55d8bc3b2910: pfd->events now 60 (POLLOUT:4)
0:00:00.023509437  4449 0x5635eb641360 DEBUG   GST_REGISTRY gstregistrychunks.c:626:gst_registry_chunks_load_feature: Element factory : npadtemplates=1
0:00:00.018294409  4450 0x55d8bc38e360 DEBUG   GST_POLL gstpoll.c:979:gst_poll_fd_ctl_write: 0x55d8bc3b2910: fd (fd:0, idx:1), active : 1
0:00:00.023516825  4449 0x5635eb641360 DEBUG   GST_REGISTRY gstregistrychunks.c:525:gst_registry_chunks_load_pad_template: Reading/casting for GstRegistryChunkPadTemplate at address 0x5635eb668630
0:00:00.018303734  4450 0x55d8bc38e360 LOG   GST_POLL gstpoll.c:994:gst_poll_fd_ctl_write: 0x55d8bc3b2910: pfd->events now 60 (POLLOUT:4)
0:00:00.023523502  4449 0x5635eb641360 DEBUG   GST_REGISTRY gstregistrychunks.c:539:gst_registry_chunks_load_pad_template: Added pad_template sink
0:00:00.018316101  4450 0x55d8bc38e360 DEBUG   GST_POLL gstpoll.c:979:gst_poll_fd_ctl_write: 0x55d8bc3b2910: fd (fd:0, idx:1), active : 1
0:00:00.023535274  4449 0x5635eb641360 DEBUG   GST_REGISTRY gstregistrychunks.c:639:gst_registry_chunks_load_feature: Reading 1 UriTypes at address 0x5635eb668641
0:00:00.018323121  4450 0x55d8bc38e360 LOG   GST_POLL gstpoll.c:994:gst_poll_fd_ctl_write: 0x55d8bc3b2910: pfd->events now 60 (POLLOUT:4)
0:00:00.023545352  4449 0x5635eb641360 DEBUG   GST_REGISTRY gstregistrychunks.c:654:gst_registry_chunks_load_feature: Reading 1 Interfaces at address 0x5635eb66864f
0:00:00.018330082  4450 0x55d8bc38e360 DEBUG   GST_POLL gstpoll.c:979:gst_poll_fd_ctl_write: 0x55d8bc3b2910: fd (fd:0, idx:1), active : 1
0:00:00.023555143  4449 0x5635eb641360 DEBUG   GST_REGISTRY gstregistry.c:589:gst_registry_add_feature: adding feature 0x5635eb66def0 (fdsink)
0:00:00.018339461  4450 0x55d8bc38e360 LOG   GST_POLL gstpoll.c:994:gst_poll_fd_ctl_write: 0x55d8bc3b2910: pfd->events now 60 (POLLOUT:4)
0:00:00.023561994  4449 0x5635eb641360 DEBUG   GST_REFCOUNTING gstobject.c:708:gst_object_set_parent: set parent (ref and sink)
0:00:00.018348049  4450 0x55d8bc38e360 DEBUG   GST_POLL gstpoll.c:979:gst_poll_fd_ctl_write: 0x55d8bc3b2910: fd (fd:0, idx:1), active : 1
0:00:00.018355270  4450 0x55d8bc38e360 LOG   GST_POLL gstpoll.c:994:gst_poll_fd_ctl_write: 0x55d8bc3b2910: pfd->events now 60 (POLLOUT:4)
0:00:00.023570641  4449 0x5635eb641360 TRACE   GST_REFCOUNTING gstobject.c:292:gst_object_ref_sink: 0x5635eb66def0 ref_sink 1->2
0:00:00.018362126  4450 0x55d8bc38e360 DEBUG   GST_POLL gstpoll.c:979:gst_poll_fd_ctl_write: 0x55d8bc3b2910: fd (fd:0, idx:1), active : 1
0:00:00.023583170  4449 0x5635eb641360 LOG   GST_REGISTRY gstregistry.c:607:gst_registry_add_feature: emitting feature-added for fdsink
0:00:00.018370761  4450 0x55d8bc38e360 LOG   GST_POLL gstpoll.c:994:gst_poll_fd_ctl_write: 0x55d8bc3b2910: pfd->events now 60 (POLLOUT:4)
0:00:00.023591210  4449 0x5635eb641360 DEBUG   GST_REGISTRY gstregistrychunks.c:740:gst_registry_chunks_load_feature: Added feature fdsink, plugin 0x5635eb66fea0 coreelements
0:00:00.018378592  4450 0x55d8bc38e360 DEBUG   GST_POLL gstpoll.c:979:gst_poll_fd_ctl_write: 0x55d8bc3b2910: fd (fd:0, idx:1), active : 1
0:00:00.023598707  4449 0x5635eb641360 DEBUG   GST_REGISTRY gstregistrychunks.c:582:gst_registry_chunks_load_feature: Plugin 'coreelements' feature 'fdsrc' typename : 'GstElementFactory'
0:00:00.018385761  4450 0x55d8bc38e360 LOG   GST_POLL gstpoll.c:994:gst_poll_fd_ctl_write: 0x55d8bc3b2910: pfd->events now 60 (POLLOUT:4)
0:00:00.023607910  4449 0x5635eb641360 TRACE   GST_REFCOUNTING gstobject.c:208:gst_object_init: 0x5635eb6724b0 new
0:00:00.018393054  4450 0x55d8bc38e360 DEBUG   GST_POLL gstpoll.c:979:gst_poll_fd_ctl_write: 0x55d8bc3b2910: fd (fd:0, idx:1), active : 1
0:00:00.023619981  4449 0x5635eb641360 LOG   GST_REGISTRY gstregistrychunks.c:609:gst_registry_chunks_load_feature: Reading/casting for GstRegistryChunkElementFactory at address 0x5635eb668678
0:00:00.018404620  4450 0x55d8bc38e360 LOG   GST_POLL gstpoll.c:994:gst_poll_fd_ctl_write: 0x55d8bc3b2910: pfd->events now 60 (POLLOUT:4)
0:00:00.023632561  4449 0x5635eb641360 TRACE   structure gststructure.c:287:gst_structure_new_id_empty_with_size: created structure 0x5635eb6726e0
0:00:00.018418162  4450 0x55d8bc38e360 DEBUG   GST_POLL gstpoll.c:979:gst_poll_fd_ctl_write: 0x55d8bc3b2910: fd (fd:0, idx:1), active : 1
0:00:00.023639393  4449 0x5635eb641360 DEBUG   structure gststructure.c:2203:gst_structure_parse_field: trying field name 'long-name'
0:00:00.018425019  4450 0x55d8bc38e360 LOG   GST_POLL gstpoll.c:994:gst_poll_fd_ctl_write: 0x55d8bc3b2910: pfd->events now 60 (POLLOUT:4)
0:00:00.023645606  4449 0x5635eb641360 DEBUG   default gstvalue.c:2676:_priv_gst_value_parse_value: trying type name 'string'
0:00:00.018431984  4450 0x55d8bc38e360 DEBUG   GST_POLL gstpoll.c:979:gst_poll_fd_ctl_write: 0x55d8bc3b2910: fd (fd:0, idx:1), active : 1
0:00:00.023655830  4449 0x5635eb641360 DEBUG   structure gststructure.c:2203:gst_structure_parse_field: trying field name 'klass'
0:00:00.018441200  4450 0x55d8bc38e360 LOG   GST_POLL gstpoll.c:994:gst_poll_fd_ctl_write: 0x55d8bc3b2910: pfd->events now 60 (POLLOUT:4)
0:00:00.023662734  4449 0x5635eb641360 DEBUG   default gstvalue.c:2676:_priv_gst_value_parse_value: trying type name 'string'
0:00:00.018449410  4450 0x55d8bc38e360 DEBUG   GST_POLL gstpoll.c:979:gst_poll_fd_ctl_write: 0x55d8bc3b2910: fd (fd:0, idx:1), active : 1
0:00:00.023670117  4449 0x5635eb641360 DEBUG   structure gststructure.c:2203:gst_structure_parse_field: trying field name 'description'
0:00:00.018456169  4450 0x55d8bc38e360 LOG   GST_POLL gstpoll.c:994:gst_poll_fd_ctl_write: 0x55d8bc3b2910: pfd->events now 60 (POLLOUT:4)
0:00:00.023676490  4449 0x5635eb641360 DEBUG   default gstvalue.c:2676:_priv_gst_value_parse_value: trying type name 'string'
0:00:00.018463669  4450 0x55d8bc38e360 DEBUG   GST_POLL gstpoll.c:979:gst_poll_fd_ctl_write: 0x55d8bc3b2910: fd (fd:0, idx:1), active : 1
0:00:00.023686938  4449 0x5635eb641360 DEBUG   structure gststructure.c:2203:gst_structure_parse_field: trying field name 'author'
0:00:00.018472390  4450 0x55d8bc38e360 LOG   GST_POLL gstpoll.c:994:gst_poll_fd_ctl_write: 0x55d8bc3b2910: pfd->events now 60 (POLLOUT:4)
0:00:00.023693723  4449 0x5635eb641360 DEBUG   default gstvalue.c:2676:_priv_gst_value_parse_value: trying type name 'string'
0:00:00.018480686  4450 0x55d8bc38e360 DEBUG   GST_POLL gstpoll.c:979:gst_poll_fd_ctl_write: 0x55d8bc3b2910: fd (fd:0, idx:1), active : 1
0:00:00.023701357  4449 0x5635eb641360 DEBUG   GST_REGISTRY gstregistrychunks.c:626:gst_registry_chunks_load_feature: Element factory : npadtemplates=1
0:00:00.018487317  4450 0x55d8bc38e360 LOG   GST_POLL gstpoll.c:994:gst_poll_fd_ctl_write: 0x55d8bc3b2910: pfd->events now 60 (POLLOUT:4)
0:00:00.023707797  4449 0x5635eb641360 DEBUG   GST_REGISTRY gstregistrychunks.c:525:gst_registry_chunks_load_pad_template: Reading/casting for GstRegistryChunkPadTemplate at address 0x5635eb668758
0:00:00.018494498  4450 0x55d8bc38e360 DEBUG   GST_POLL gstpoll.c:979:gst_poll_fd_ctl_write: 0x55d8bc3b2910: fd (fd:0, idx:1), active : 1
0:00:00.023721938  4449 0x5635eb641360 DEBUG   GST_REGISTRY gstregistrychunks.c:539:gst_registry_chunks_load_pad_template: Added pad_template src
0:00:00.018508090  4450 0x55d8bc38e360 LOG   GST_POLL gstpoll.c:994:gst_poll_fd_ctl_write: 0x55d8bc3b2910: pfd->events now 60 (POLLOUT:4)
0:00:00.023729142  4449 0x5635eb641360 DEBUG   GST_REGISTRY gstregistrychunks.c:639:gst_registry_chunks_load_feature: Reading 1 UriTypes at address 0x5635eb668768
0:00:00.018516030  4450 0x55d8bc38e360 DEBUG   GST_POLL gstpoll.c:979:gst_poll_fd_ctl_write: 0x55d8bc3b2910: fd (fd:0, idx:1), active : 1
0:00:00.023736090  4449 0x5635eb641360 DEBUG   GST_REGISTRY gstregistrychunks.c:654:gst_registry_chunks_load_feature: Reading 1 Interfaces at address 0x5635eb66876f
0:00:00.018522686  4450 0x55d8bc38e360 LOG   GST_POLL gstpoll.c:994:gst_poll_fd_ctl_write: 0x55d8bc3b2910: pfd->events now 60 (POLLOUT:4)
0:00:00.018531725  4450 0x55d8bc38e360 DEBUG   GST_POLL gstpoll.c:979:gst_poll_fd_ctl_write: 0x55d8bc3b2910: fd (fd:0, idx:1), active : 1
0:00:00.023749431  4449 0x5635eb641360 DEBUG   GST_REGISTRY gstregistry.c:589:gst_registry_add_feature: adding feature 0x5635eb6724b0 (fdsrc)
0:00:00.018540577  4450 0x55d8bc38e360 LOG   GST_POLL gstpoll.c:994:gst_poll_fd_ctl_write: 0x55d8bc3b2910: pfd->events now 60 (POLLOUT:4)
0:00:00.023760150  4449 0x5635eb641360 DEBUG   GST_REFCOUNTING gstobject.c:708:gst_object_set_parent: set parent (ref and sink)
0:00:00.018548513  4450 0x55d8bc38e360 DEBUG   GST_POLL gstpoll.c:979:gst_poll_fd_ctl_write: 0x55d8bc3b2910: fd (fd:0, idx:1), active : 1
0:00:00.023769044  4449 0x5635eb641360 TRACE   GST_REFCOUNTING gstobject.c:292:gst_object_ref_sink: 0x5635eb6724b0 ref_sink 1->2
0:00:00.018555305  4450 0x55d8bc38e360 LOG   GST_POLL gstpoll.c:994:gst_poll_fd_ctl_write: 0x55d8bc3b2910: pfd->events now 60 (POLLOUT:4)
0:00:00.023776585  4449 0x5635eb641360 LOG   GST_REGISTRY gstregistry.c:607:gst_registry_add_feature: emitting feature-added for fdsrc
0:00:00.018562187  4450 0x55d8bc38e360 DEBUG   GST_POLL gstpoll.c:979:gst_poll_fd_ctl_write: 0x55d8bc3b2910: fd (fd:0, idx:1), active : 1
0:00:00.023784581  4449 0x5635eb641360 DEBUG   GST_REGISTRY gstregistrychunks.c:740:gst_registry_chunks_load_feature: Added feature fdsrc, plugin 0x5635eb66fea0 coreelements
0:00:00.018571176  4450 0x55d8bc38e360 LOG   GST_POLL gstpoll.c:994:gst_poll_fd_ctl_write: 0x55d8bc3b2910: pfd->events now 60 (POLLOUT:4)
0:00:00.023794974  4449 0x5635eb641360 DEBUG   GST_REGISTRY gstregistrychunks.c:582:gst_registry_chunks_load_feature: Plugin 'coreelements' feature 'fakesink' typename : 'GstElementFactory'
0:00:00.018579530  4450 0x55d8bc38e360 DEBUG   GST_POLL gstpoll.c:979:gst_poll_fd_ctl_write: 0x55d8bc3b2910: fd (fd:0, idx:1), active : 1
0:00:00.018586888  4450 0x55d8bc38e360 LOG   GST_POLL gstpoll.c:994:gst_poll_fd_ctl_write: 0x55d8bc3b2910: pfd->events now 60 (POLLOUT:4)
0:00:00.023804622  4449 0x5635eb641360 TRACE   GST_REFCOUNTING gstobject.c:208:gst_object_init: 0x5635eb672b60 new
0:00:00.018593274  4450 0x55d8bc38e360 DEBUG   GST_POLL gstpoll.c:979:gst_poll_fd_ctl_write: 0x55d8bc3b2910: fd (fd:0, idx:1), active : 1
0:00:00.023818754  4449 0x5635eb641360 LOG   GST_REGISTRY gstregistrychunks.c:609:gst_registry_chunks_load_feature: Reading/casting for GstRegistryChunkElementFactory at address 0x5635eb668798
0:00:00.018603786  4450 0x55d8bc38e360 LOG   GST_POLL gstpoll.c:994:gst_poll_fd_ctl_write: 0x55d8bc3b2910: pfd->events now 60 (POLLOUT:4)
0:00:00.023826117  4449 0x5635eb641360 TRACE   structure gststructure.c:287:gst_structure_new_id_empty_with_size: created structure 0x5635eb672d90
0:00:00.018611614  4450 0x55d8bc38e360 DEBUG   GST_POLL gstpoll.c:979:gst_poll_fd_ctl_write: 0x55d8bc3b2910: fd (fd:0, idx:1), active : 1
0:00:00.023835202  4449 0x5635eb641360 DEBUG   structure gststructure.c:2203:gst_structure_parse_field: trying field name 'long-name'
0:00:00.018619805  4450 0x55d8bc38e360 LOG   GST_POLL gstpoll.c:994:gst_poll_fd_ctl_write: 0x55d8bc3b2910: pfd->events now 60 (POLLOUT:4)
0:00:00.023841913  4449 0x5635eb641360 DEBUG   default gstvalue.c:2676:_priv_gst_value_parse_value: trying type name 'string'
0:00:00.018627510  4450 0x55d8bc38e360 DEBUG   GST_POLL gstpoll.c:979:gst_poll_fd_ctl_write: 0x55d8bc3b2910: fd (fd:0, idx:1), active : 1
0:00:00.023849257  4449 0x5635eb641360 DEBUG   structure gststructure.c:2203:gst_structure_parse_field: trying field name 'klass'
0:00:00.018636318  4450 0x55d8bc38e360 LOG   GST_POLL gstpoll.c:994:gst_poll_fd_ctl_write: 0x55d8bc3b2910: pfd->events now 60 (POLLOUT:4)
0:00:00.023855534  4449 0x5635eb641360 DEBUG   default gstvalue.c:2676:_priv_gst_value_parse_value: trying type name 'string'
0:00:00.018644149  4450 0x55d8bc38e360 DEBUG   GST_POLL gstpoll.c:979:gst_poll_fd_ctl_write: 0x55d8bc3b2910: fd (fd:0, idx:1), active : 1
0:00:00.023865861  4449 0x5635eb641360 DEBUG   structure gststructure.c:2203:gst_structure_parse_field: trying field name 'description'
0:00:00.018655967  4450 0x55d8bc38e360 LOG   GST_POLL gstpoll.c:994:gst_poll_fd_ctl_write: 0x55d8bc3b2910: pfd->events now 60 (POLLOUT:4)
0:00:00.023874783  4449 0x5635eb641360 DEBUG   default gstvalue.c:2676:_priv_gst_value_parse_value: trying type name 'string'
0:00:00.018663386  4450 0x55d8bc38e360 DEBUG   GST_POLL gstpoll.c:979:gst_poll_fd_ctl_write: 0x55d8bc3b2910: fd (fd:0, idx:1), active : 1
0:00:00.023882482  4449 0x5635eb641360 DEBUG   structure gststructure.c:2203:gst_structure_parse_field: trying field name 'author'
0:00:00.018672186  4450 0x55d8bc38e360 LOG   GST_POLL gstpoll.c:994:gst_poll_fd_ctl_write: 0x55d8bc3b2910: pfd->events now 60 (POLLOUT:4)
0:00:00.023889457  4449 0x5635eb641360 DEBUG   default gstvalue.c:2676:_priv_gst_value_parse_value: trying type name 'string'
0:00:00.018680136  4450 0x55d8bc38e360 DEBUG   GST_POLL gstpoll.c:979:gst_poll_fd_ctl_write: 0x55d8bc3b2910: fd (fd:0, idx:1), active : 1
0:00:00.018687126  4450 0x55d8bc38e360 LOG   GST_POLL gstpoll.c:994:gst_poll_fd_ctl_write: 0x55d8bc3b2910: pfd->events now 60 (POLLOUT:4)
0:00:00.023905281  4449 0x5635eb641360 DEBUG   GST_REGISTRY gstregistrychunks.c:626:gst_registry_chunks_load_feature: Element factory : npadtemplates=1
0:00:00.018693644  4450 0x55d8bc38e360 DEBUG   GST_POLL gstpoll.c:979:gst_poll_fd_ctl_write: 0x55d8bc3b2910: fd (fd:0, idx:1), active : 1
0:00:00.023917158  4449 0x5635eb641360 DEBUG   GST_REGISTRY gstregistrychunks.c:525:gst_registry_chunks_load_pad_template: Reading/casting for GstRegistryChunkPadTemplate at address 0x5635eb6688c0
0:00:00.018704159  4450 0x55d8bc38e360 LOG   GST_POLL gstpoll.c:994:gst_poll_fd_ctl_write: 0x55d8bc3b2910: pfd->events now 60 (POLLOUT:4)
0:00:00.023924086  4449 0x5635eb641360 DEBUG   GST_REGISTRY gstregistrychunks.c:539:gst_registry_chunks_load_pad_template: Added pad_template sink
0:00:00.018712301  4450 0x55d8bc38e360 DEBUG   GST_POLL gstpoll.c:979:gst_poll_fd_ctl_write: 0x55d8bc3b2910: fd (fd:0, idx:1), active : 1
0:00:00.018719115  4450 0x55d8bc38e360 LOG   GST_POLL gstpoll.c:994:gst_poll_fd_ctl_write: 0x55d8bc3b2910: pfd->events now 60 (POLLOUT:4)
0:00:00.023939397  4449 0x5635eb641360 DEBUG   GST_REGISTRY gstregistry.c:589:gst_registry_add_feature: adding feature 0x5635eb672b60 (fakesink)
0:00:00.018725478  4450 0x55d8bc38e360 DEBUG   GST_POLL gstpoll.c:979:gst_poll_fd_ctl_write: 0x55d8bc3b2910: fd (fd:0, idx:1), active : 1
0:00:00.023947229  4449 0x5635eb641360 DEBUG   GST_REFCOUNTING gstobject.c:708:gst_object_set_parent: set parent (ref and sink)
0:00:00.018734211  4450 0x55d8bc38e360 LOG   GST_POLL gstpoll.c:994:gst_poll_fd_ctl_write: 0x55d8bc3b2910: pfd->events now 60 (POLLOUT:4)
0:00:00.023955514  4449 0x5635eb641360 TRACE   GST_REFCOUNTING gstobject.c:292:gst_object_ref_sink: 0x5635eb672b60 ref_sink 1->2
0:00:00.018742137  4450 0x55d8bc38e360 DEBUG   GST_POLL gstpoll.c:979:gst_poll_fd_ctl_write: 0x55d8bc3b2910: fd (fd:0, idx:1), active : 1
0:00:00.023963114  4449 0x5635eb641360 LOG   GST_REGISTRY gstregistry.c:607:gst_registry_add_feature: emitting feature-added for fakesink
0:00:00.018748777  4450 0x55d8bc38e360 LOG   GST_POLL gstpoll.c:994:gst_poll_fd_ctl_write: 0x55d8bc3b2910: pfd->events now 60 (POLLOUT:4)
0:00:00.023973370  4449 0x5635eb641360 DEBUG   GST_REGISTRY gstregistrychunks.c:740:gst_registry_chunks_load_feature: Added feature fakesink, plugin 0x5635eb66fea0 coreelements
0:00:00.018757172  4450 0x55d8bc38e360 DEBUG   GST_POLL gstpoll.c:979:gst_poll_fd_ctl_write: 0x55d8bc3b2910: fd (fd:0, idx:1), active : 1
0:00:00.023980870  4449 0x5635eb641360 DEBUG   GST_REGISTRY gstregistrychunks.c:582:gst_registry_chunks_load_feature: Plugin 'coreelements' feature 'fakesrc' typename : 'GstElementFactory'
0:00:00.018767550  4450 0x55d8bc38e360 LOG   GST_POLL gstpoll.c:994:gst_poll_fd_ctl_write: 0x55d8bc3b2910: pfd->events now 60 (POLLOUT:4)
0:00:00.023990310  4449 0x5635eb641360 TRACE   GST_REFCOUNTING gstobject.c:208:gst_object_init: 0x5635eb6730f0 new
0:00:00.018775731  4450 0x55d8bc38e360 DEBUG   GST_POLL gstpoll.c:979:gst_poll_fd_ctl_write: 0x55d8bc3b2910: fd (fd:0, idx:1), active : 1
0:00:00.018782856  4450 0x55d8bc38e360 LOG   GST_POLL gstpoll.c:994:gst_poll_fd_ctl_write: 0x55d8bc3b2910: pfd->events now 60 (POLLOUT:4)
0:00:00.023999432  4449 0x5635eb641360 LOG   GST_REGISTRY gstregistrychunks.c:609:gst_registry_chunks_load_feature: Reading/casting for GstRegistryChunkElementFactory at address 0x5635eb6688f0
0:00:00.018794480  4450 0x55d8bc38e360 DEBUG   GST_POLL gstpoll.c:979:gst_poll_fd_ctl_write: 0x55d8bc3b2910: fd (fd:0, idx:1), active : 1
0:00:00.024015231  4449 0x5635eb641360 TRACE   structure gststructure.c:287:gst_structure_new_id_empty_with_size: created structure 0x5635eb6731e0
0:00:00.018803379  4450 0x55d8bc38e360 LOG   GST_POLL gstpoll.c:994:gst_poll_fd_ctl_write: 0x55d8bc3b2910: pfd->events now 60 (POLLOUT:4)
0:00:00.024022301  4449 0x5635eb641360 DEBUG   structure gststructure.c:2203:gst_structure_parse_field: trying field name 'long-name'
0:00:00.018811254  4450 0x55d8bc38e360 DEBUG   GST_POLL gstpoll.c:979:gst_poll_fd_ctl_write: 0x55d8bc3b2910: fd (fd:0, idx:1), active : 1
0:00:00.024029322  4449 0x5635eb641360 DEBUG   default gstvalue.c:2676:_priv_gst_value_parse_value: trying type name 'string'
0:00:00.018817996  4450 0x55d8bc38e360 LOG   GST_POLL gstpoll.c:994:gst_poll_fd_ctl_write: 0x55d8bc3b2910: pfd->events now 60 (POLLOUT:4)
0:00:00.024037941  4449 0x5635eb641360 DEBUG   structure gststructure.c:2203:gst_structure_parse_field: trying field name 'klass'
0:00:00.018824867  4450 0x55d8bc38e360 DEBUG   GST_POLL gstpoll.c:979:gst_poll_fd_ctl_write: 0x55d8bc3b2910: fd (fd:0, idx:1), active : 1
0:00:00.024047452  4449 0x5635eb641360 DEBUG   default gstvalue.c:2676:_priv_gst_value_parse_value: trying type name 'string'
0:00:00.018834138  4450 0x55d8bc38e360 LOG   GST_POLL gstpoll.c:994:gst_poll_fd_ctl_write: 0x55d8bc3b2910: pfd->events now 60 (POLLOUT:4)
0:00:00.024055528  4449 0x5635eb641360 DEBUG   structure gststructure.c:2203:gst_structure_parse_field: trying field name 'description'
0:00:00.018842200  4450 0x55d8bc38e360 DEBUG   GST_POLL gstpoll.c:979:gst_poll_fd_ctl_write: 0x55d8bc3b2910: fd (fd:0, idx:1), active : 1
0:00:00.024061777  4449 0x5635eb641360 DEBUG   default gstvalue.c:2676:_priv_gst_value_parse_value: trying type name 'string'
0:00:00.018848930  4450 0x55d8bc38e360 LOG   GST_POLL gstpoll.c:994:gst_poll_fd_ctl_write: 0x55d8bc3b2910: pfd->events now 60 (POLLOUT:4)
0:00:00.024069426  4449 0x5635eb641360 DEBUG   structure gststructure.c:2203:gst_structure_parse_field: trying field name 'author'
0:00:00.018855914  4450 0x55d8bc38e360 DEBUG   GST_POLL gstpoll.c:979:gst_poll_fd_ctl_write: 0x55d8bc3b2910: fd (fd:0, idx:1), active : 1
0:00:00.024078454  4449 0x5635eb641360 DEBUG   default gstvalue.c:2676:_priv_gst_value_parse_value: trying type name 'string'
0:00:00.018865165  4450 0x55d8bc38e360 LOG   GST_POLL gstpoll.c:994:gst_poll_fd_ctl_write: 0x55d8bc3b2910: pfd->events now 60 (POLLOUT:4)
0:00:00.024087030  4449 0x5635eb641360 DEBUG   GST_REGISTRY gstregistrychunks.c:626:gst_registry_chunks_load_feature: Element factory : npadtemplates=1
0:00:00.018873017  4450 0x55d8bc38e360 DEBUG   GST_POLL gstpoll.c:979:gst_poll_fd_ctl_write: 0x55d8bc3b2910: fd (fd:0, idx:1), active : 1
0:00:00.024093218  4449 0x5635eb641360 DEBUG   GST_REGISTRY gstregistrychunks.c:525:gst_registry_chunks_load_pad_template: Reading/casting for GstRegistryChunkPadTemplate at address 0x5635eb6689f0
0:00:00.018879614  4450 0x55d8bc38e360 LOG   GST_POLL gstpoll.c:994:gst_poll_fd_ctl_write: 0x55d8bc3b2910: pfd->events now 60 (POLLOUT:4)
0:00:00.024104873  4449 0x5635eb641360 DEBUG   GST_REGISTRY gstregistrychunks.c:539:gst_registry_chunks_load_pad_template: Added pad_template src
0:00:00.018889886  4450 0x55d8bc38e360 DEBUG   GST_POLL gstpoll.c:979:gst_poll_fd_ctl_write: 0x55d8bc3b2910: fd (fd:0, idx:1), active : 1
0:00:00.024115795  4449 0x5635eb641360 DEBUG   GST_REGISTRY gstregistry.c:589:gst_registry_add_feature: adding feature 0x5635eb6730f0 (fakesrc)
0:00:00.018900424  4450 0x55d8bc38e360 LOG   GST_POLL gstpoll.c:994:gst_poll_fd_ctl_write: 0x55d8bc3b2910: pfd->events now 60 (POLLOUT:4)
0:00:00.024123194  4449 0x5635eb641360 DEBUG   GST_REFCOUNTING gstobject.c:708:gst_object_set_parent: set parent (ref and sink)
0:00:00.018908631  4450 0x55d8bc38e360 DEBUG   GST_POLL gstpoll.c:979:gst_poll_fd_ctl_write: 0x55d8bc3b2910: fd (fd:0, idx:1), active : 1
0:00:00.024131617  4449 0x5635eb641360 TRACE   GST_REFCOUNTING gstobject.c:292:gst_object_ref_sink: 0x5635eb6730f0 ref_sink 1->2
