0:00:00.018915957  4450 0x55d8bc38e360 LOG   GST_POLL gstpoll.c:994:gst_poll_fd_ctl_write: 0x55d8bc3b2910: pfd->events now 60 (POLLOUT:4)
0:00:00.024139435  4449 0x5635eb641360 LOG   GST_REGISTRY gstregistry.c:607:gst_registry_add_feature: emitting feature-added for fakesrc
0:00:00.018924426  4450 0x55d8bc38e360 DEBUG   GST_POLL gstpoll.c:979:gst_poll_fd_ctl_write: 0x55d8bc3b2910: fd (fd:0, idx:1), active : 1
0:00:00.024149999  4449 0x5635eb641360 DEBUG   GST_REGISTRY gstregistrychunks.c:740:gst_registry_chunks_load_feature: Added feature fakesrc, plugin 0x5635eb66fea0 coreelements
0:00:00.018935406  4450 0x55d8bc38e360 LOG   GST_POLL gstpoll.c:994:gst_poll_fd_ctl_write: 0x55d8bc3b2910: pfd->events now 60 (POLLOUT:4)
0:00:00.024157387  4449 0x5635eb641360 DEBUG   GST_REGISTRY gstregistrychunks.c:582:gst_registry_chunks_load_feature: Plugin 'coreelements' feature 'downloadbuffer' typename : 'GstElementFactory'
0:00:00.018943720  4450 0x55d8bc38e360 DEBUG   GST_POLL gstpoll.c:979:gst_poll_fd_ctl_write: 0x55d8bc3b2910: fd (fd:0, idx:1), active : 1
0:00:00.024166662  4449 0x5635eb641360 TRACE   GST_REFCOUNTING gstobject.c:208:gst_object_init: 0x5635eb673630 new
0:00:00.018950439  4450 0x55d8bc38e360 LOG   GST_POLL gstpoll.c:994:gst_poll_fd_ctl_write: 0x55d8bc3b2910: pfd->events now 60 (POLLOUT:4)
0:00:00.018959584  4450 0x55d8bc38e360 DEBUG   GST_POLL gstpoll.c:979:gst_poll_fd_ctl_write: 0x55d8bc3b2910: fd (fd:0, idx:1), active : 1
0:00:00.024176211  4449 0x5635eb641360 LOG   GST_REGISTRY gstregistrychunks.c:609:gst_registry_chunks_load_feature: Reading/casting for GstRegistryChunkElementFactory at address 0x5635eb668a28
0:00:00.018968184  4450 0x55d8bc38e360 LOG   GST_POLL gstpoll.c:994:gst_poll_fd_ctl_write: 0x55d8bc3b2910: pfd->events now 60 (POLLOUT:4)
0:00:00.024188037  4449 0x5635eb641360 TRACE   structure gststructure.c:287:gst_structure_new_id_empty_with_size: created structure 0x5635eb673930
0:00:00.018976041  4450 0x55d8bc38e360 DEBUG   GST_POLL gstpoll.c:979:gst_poll_fd_ctl_write: 0x55d8bc3b2910: fd (fd:0, idx:1), active : 1
0:00:00.024200305  4449 0x5635eb641360 DEBUG   structure gststructure.c:2203:gst_structure_parse_field: trying field name 'long-name'
0:00:00.018985565  4450 0x55d8bc38e360 LOG   GST_POLL gstpoll.c:994:gst_poll_fd_ctl_write: 0x55d8bc3b2910: pfd->events now 60 (POLLOUT:4)
0:00:00.024206609  4449 0x5635eb641360 DEBUG   default gstvalue.c:2676:_priv_gst_value_parse_value: trying type name 'string'
0:00:00.018992878  4450 0x55d8bc38e360 DEBUG   GST_POLL gstpoll.c:979:gst_poll_fd_ctl_write: 0x55d8bc3b2910: fd (fd:0, idx:1), active : 1
0:00:00.024214425  4449 0x5635eb641360 DEBUG   structure gststructure.c:2203:gst_structure_parse_field: trying field name 'klass'
0:00:00.019002088  4450 0x55d8bc38e360 LOG   GST_POLL gstpoll.c:994:gst_poll_fd_ctl_write: 0x55d8bc3b2910: pfd->events now 60 (POLLOUT:4)
0:00:00.024223710  4449 0x5635eb641360 DEBUG   default gstvalue.c:2676:_priv_gst_value_parse_value: trying type name 'string'
0:00:00.019009796  4450 0x55d8bc38e360 DEBUG   GST_POLL gstpoll.c:979:gst_poll_fd_ctl_write: 0x55d8bc3b2910: fd (fd:0, idx:1), active : 1
0:00:00.024231881  4449 0x5635eb641360 DEBUG   structure gststructure.c:2203:gst_structure_parse_field: trying field name 'description'
0:00:00.019016510  4450 0x55d8bc38e360 LOG   GST_POLL gstpoll.c:994:gst_poll_fd_ctl_write: 0x55d8bc3b2910: pfd->events now 60 (POLLOUT:4)
0:00:00.024238441  4449 0x5635eb641360 DEBUG   default gstvalue.c:2676:_priv_gst_value_parse_value: trying type name 'string'
0:00:00.019024130  4450 0x55d8bc38e360 DEBUG   GST_POLL gstpoll.c:979:gst_poll_fd_ctl_write: 0x55d8bc3b2910: fd (fd:0, idx:1), active : 1
0:00:00.024245655  4449 0x5635eb641360 DEBUG   structure gststructure.c:2203:gst_structure_parse_field: trying field name 'author'
0:00:00.019032805  4450 0x55d8bc38e360 LOG   GST_POLL gstpoll.c:994:gst_poll_fd_ctl_write: 0x55d8bc3b2910: pfd->events now 60 (POLLOUT:4)
0:00:00.024254404  4449 0x5635eb641360 DEBUG   default gstvalue.c:2676:_priv_gst_value_parse_value: trying type name 'string'
0:00:00.019040892  4450 0x55d8bc38e360 LOG   GST_PLUGIN_LOADING gstpluginloader.c:645:put_chunk: Expanding tx buf from 13209 to 17023 for chunk of size 229
0:00:00.024262745  4449 0x5635eb641360 DEBUG   GST_REGISTRY gstregistrychunks.c:626:gst_registry_chunks_load_feature: Element factory : npadtemplates=2
0:00:00.024269131  4449 0x5635eb641360 DEBUG   GST_REGISTRY gstregistrychunks.c:525:gst_registry_chunks_load_pad_template: Reading/casting for GstRegistryChunkPadTemplate at address 0x5635eb668af0
0:00:00.019053375  4450 0x55d8bc38e360 DEBUG   GST_POLL gstpoll.c:979:gst_poll_fd_ctl_write: 0x55d8bc3b2910: fd (fd:0, idx:1), active : 1
0:00:00.024275184  4449 0x5635eb641360 DEBUG   GST_REGISTRY gstregistrychunks.c:539:gst_registry_chunks_load_pad_template: Added pad_template sink
0:00:00.019060248  4450 0x55d8bc38e360 LOG   GST_POLL gstpoll.c:994:gst_poll_fd_ctl_write: 0x55d8bc3b2910: pfd->events now 60 (POLLOUT:4)
0:00:00.024283953  4449 0x5635eb641360 DEBUG   GST_REGISTRY gstregistrychunks.c:525:gst_registry_chunks_load_pad_template: Reading/casting for GstRegistryChunkPadTemplate at address 0x5635eb668b08
0:00:00.019076251  4450 0x55d8bc38e360 DEBUG   GST_POLL gstpoll.c:979:gst_poll_fd_ctl_write: 0x55d8bc3b2910: fd (fd:0, idx:1), active : 1
0:00:00.024294220  4449 0x5635eb641360 DEBUG   GST_REGISTRY gstregistrychunks.c:539:gst_registry_chunks_load_pad_template: Added pad_template src
0:00:00.019083165  4450 0x55d8bc38e360 LOG   GST_POLL gstpoll.c:994:gst_poll_fd_ctl_write: 0x55d8bc3b2910: pfd->events now 60 (POLLOUT:4)
0:00:00.024303834  4449 0x5635eb641360 DEBUG   GST_REGISTRY gstregistry.c:589:gst_registry_add_feature: adding feature 0x5635eb673630 (downloadbuffer)
0:00:00.019090091  4450 0x55d8bc38e360 DEBUG   GST_POLL gstpoll.c:979:gst_poll_fd_ctl_write: 0x55d8bc3b2910: fd (fd:0, idx:1), active : 1
0:00:00.024310685  4449 0x5635eb641360 DEBUG   GST_REFCOUNTING gstobject.c:708:gst_object_set_parent: set parent (ref and sink)
0:00:00.019097015  4450 0x55d8bc38e360 LOG   GST_POLL gstpoll.c:994:gst_poll_fd_ctl_write: 0x55d8bc3b2910: pfd->events now 60 (POLLOUT:4)
0:00:00.024321895  4449 0x5635eb641360 TRACE   GST_REFCOUNTING gstobject.c:292:gst_object_ref_sink: 0x5635eb673630 ref_sink 1->2
0:00:00.019107497  4450 0x55d8bc38e360 DEBUG   GST_POLL gstpoll.c:979:gst_poll_fd_ctl_write: 0x55d8bc3b2910: fd (fd:0, idx:1), active : 1
0:00:00.019114629  4450 0x55d8bc38e360 LOG   GST_POLL gstpoll.c:994:gst_poll_fd_ctl_write: 0x55d8bc3b2910: pfd->events now 60 (POLLOUT:4)
0:00:00.024334698  4449 0x5635eb641360 LOG   GST_REGISTRY gstregistry.c:607:gst_registry_add_feature: emitting feature-added for downloadbuffer
0:00:00.019121086  4450 0x55d8bc38e360 DEBUG   GST_POLL gstpoll.c:979:gst_poll_fd_ctl_write: 0x55d8bc3b2910: fd (fd:0, idx:1), active : 1
0:00:00.024342359  4449 0x5635eb641360 DEBUG   GST_REGISTRY gstregistrychunks.c:740:gst_registry_chunks_load_feature: Added feature downloadbuffer, plugin 0x5635eb66fea0 coreelements
0:00:00.019127653  4450 0x55d8bc38e360 LOG   GST_POLL gstpoll.c:994:gst_poll_fd_ctl_write: 0x55d8bc3b2910: pfd->events now 60 (POLLOUT:4)
0:00:00.024360649  4449 0x5635eb641360 DEBUG   GST_REGISTRY gstregistrychunks.c:582:gst_registry_chunks_load_feature: Plugin 'coreelements' feature 'dataurisrc' typename : 'GstElementFactory'
0:00:00.019148176  4450 0x55d8bc38e360 DEBUG   GST_POLL gstpoll.c:979:gst_poll_fd_ctl_write: 0x55d8bc3b2910: fd (fd:0, idx:1), active : 1
0:00:00.019155183  4450 0x55d8bc38e360 LOG   GST_POLL gstpoll.c:994:gst_poll_fd_ctl_write: 0x55d8bc3b2910: pfd->events now 60 (POLLOUT:4)
0:00:00.024375121  4449 0x5635eb641360 TRACE   GST_REFCOUNTING gstobject.c:208:gst_object_init: 0x5635eb673e10 new
0:00:00.019161627  4450 0x55d8bc38e360 DEBUG   GST_POLL gstpoll.c:979:gst_poll_fd_ctl_write: 0x55d8bc3b2910: fd (fd:0, idx:1), active : 1
0:00:00.024385505  4449 0x5635eb641360 LOG   GST_REGISTRY gstregistrychunks.c:609:gst_registry_chunks_load_feature: Reading/casting for GstRegistryChunkElementFactory at address 0x5635eb668b38
0:00:00.019171474  4450 0x55d8bc38e360 LOG   GST_POLL gstpoll.c:994:gst_poll_fd_ctl_write: 0x55d8bc3b2910: pfd->events now 60 (POLLOUT:4)
0:00:00.024394922  4449 0x5635eb641360 TRACE   structure gststructure.c:287:gst_structure_new_id_empty_with_size: created structure 0x5635eb674120
0:00:00.019184440  4450 0x55d8bc38e360 DEBUG   GST_POLL gstpoll.c:979:gst_poll_fd_ctl_write: 0x55d8bc3b2910: fd (fd:0, idx:1), active : 1
0:00:00.024402867  4449 0x5635eb641360 DEBUG   structure gststructure.c:2203:gst_structure_parse_field: trying field name 'long-name'
0:00:00.019191153  4450 0x55d8bc38e360 LOG   GST_POLL gstpoll.c:994:gst_poll_fd_ctl_write: 0x55d8bc3b2910: pfd->events now 60 (POLLOUT:4)
0:00:00.024409963  4449 0x5635eb641360 DEBUG   default gstvalue.c:2676:_priv_gst_value_parse_value: trying type name 'string'
0:00:00.019198340  4450 0x55d8bc38e360 DEBUG   GST_POLL gstpoll.c:979:gst_poll_fd_ctl_write: 0x55d8bc3b2910: fd (fd:0, idx:1), active : 1
0:00:00.024417838  4449 0x5635eb641360 DEBUG   structure gststructure.c:2203:gst_structure_parse_field: trying field name 'klass'
0:00:00.019207946  4450 0x55d8bc38e360 LOG   GST_POLL gstpoll.c:994:gst_poll_fd_ctl_write: 0x55d8bc3b2910: pfd->events now 60 (POLLOUT:4)
0:00:00.024427197  4449 0x5635eb641360 DEBUG   default gstvalue.c:2676:_priv_gst_value_parse_value: trying type name 'string'
0:00:00.019215454  4450 0x55d8bc38e360 DEBUG   GST_POLL gstpoll.c:979:gst_poll_fd_ctl_write: 0x55d8bc3b2910: fd (fd:0, idx:1), active : 1
0:00:00.024435778  4449 0x5635eb641360 DEBUG   structure gststructure.c:2203:gst_structure_parse_field: trying field name 'description'
0:00:00.019222044  4450 0x55d8bc38e360 LOG   GST_POLL gstpoll.c:994:gst_poll_fd_ctl_write: 0x55d8bc3b2910: pfd->events now 60 (POLLOUT:4)
0:00:00.024442098  4449 0x5635eb641360 DEBUG   default gstvalue.c:2676:_priv_gst_value_parse_value: trying type name 'string'
0:00:00.019228901  4450 0x55d8bc38e360 DEBUG   GST_POLL gstpoll.c:979:gst_poll_fd_ctl_write: 0x55d8bc3b2910: fd (fd:0, idx:1), active : 1
0:00:00.024449469  4449 0x5635eb641360 DEBUG   structure gststructure.c:2203:gst_structure_parse_field: trying field name 'author'
0:00:00.019238189  4450 0x55d8bc38e360 LOG   GST_POLL gstpoll.c:994:gst_poll_fd_ctl_write: 0x55d8bc3b2910: pfd->events now 60 (POLLOUT:4)
0:00:00.024457890  4449 0x5635eb641360 DEBUG   default gstvalue.c:2676:_priv_gst_value_parse_value: trying type name 'string'
0:00:00.019245677  4450 0x55d8bc38e360 DEBUG   GST_POLL gstpoll.c:979:gst_poll_fd_ctl_write: 0x55d8bc3b2910: fd (fd:0, idx:1), active : 1
0:00:00.024468088  4449 0x5635eb641360 DEBUG   GST_REGISTRY gstregistrychunks.c:626:gst_registry_chunks_load_feature: Element factory : npadtemplates=1
0:00:00.019252377  4450 0x55d8bc38e360 LOG   GST_POLL gstpoll.c:994:gst_poll_fd_ctl_write: 0x55d8bc3b2910: pfd->events now 60 (POLLOUT:4)
0:00:00.024474408  4449 0x5635eb641360 DEBUG   GST_REGISTRY gstregistrychunks.c:525:gst_registry_chunks_load_pad_template: Reading/casting for GstRegistryChunkPadTemplate at address 0x5635eb668c50
0:00:00.019260183  4450 0x55d8bc38e360 DEBUG   GST_POLL gstpoll.c:979:gst_poll_fd_ctl_write: 0x55d8bc3b2910: fd (fd:0, idx:1), active : 1
0:00:00.024480842  4449 0x5635eb641360 DEBUG   GST_REGISTRY gstregistrychunks.c:539:gst_registry_chunks_load_pad_template: Added pad_template src
0:00:00.019273729  4450 0x55d8bc38e360 LOG   GST_POLL gstpoll.c:994:gst_poll_fd_ctl_write: 0x55d8bc3b2910: pfd->events now 60 (POLLOUT:4)
0:00:00.024494016  4449 0x5635eb641360 DEBUG   GST_REGISTRY gstregistrychunks.c:639:gst_registry_chunks_load_feature: Reading 1 UriTypes at address 0x5635eb668c60
0:00:00.019281106  4450 0x55d8bc38e360 DEBUG   GST_POLL gstpoll.c:979:gst_poll_fd_ctl_write: 0x55d8bc3b2910: fd (fd:0, idx:1), active : 1
0:00:00.024502162  4449 0x5635eb641360 DEBUG   GST_REGISTRY gstregistrychunks.c:654:gst_registry_chunks_load_feature: Reading 1 Interfaces at address 0x5635eb668c69
0:00:00.019287842  4450 0x55d8bc38e360 LOG   GST_POLL gstpoll.c:994:gst_poll_fd_ctl_write: 0x55d8bc3b2910: pfd->events now 60 (POLLOUT:4)
0:00:00.024511924  4449 0x5635eb641360 DEBUG   GST_REGISTRY gstregistry.c:589:gst_registry_add_feature: adding feature 0x5635eb673e10 (dataurisrc)
0:00:00.019294834  4450 0x55d8bc38e360 DEBUG   GST_POLL gstpoll.c:979:gst_poll_fd_ctl_write: 0x55d8bc3b2910: fd (fd:0, idx:1), active : 1
0:00:00.024519058  4449 0x5635eb641360 DEBUG   GST_REFCOUNTING gstobject.c:708:gst_object_set_parent: set parent (ref and sink)
0:00:00.019306210  4450 0x55d8bc38e360 LOG   GST_POLL gstpoll.c:994:gst_poll_fd_ctl_write: 0x55d8bc3b2910: pfd->events now 60 (POLLOUT:4)
0:00:00.019313628  4450 0x55d8bc38e360 DEBUG   GST_POLL gstpoll.c:979:gst_poll_fd_ctl_write: 0x55d8bc3b2910: fd (fd:0, idx:1), active : 1
0:00:00.024529753  4449 0x5635eb641360 TRACE   GST_REFCOUNTING gstobject.c:292:gst_object_ref_sink: 0x5635eb673e10 ref_sink 1->2
0:00:00.019319683  4450 0x55d8bc38e360 LOG   GST_POLL gstpoll.c:994:gst_poll_fd_ctl_write: 0x55d8bc3b2910: pfd->events now 60 (POLLOUT:4)
0:00:00.024539739  4449 0x5635eb641360 LOG   GST_REGISTRY gstregistry.c:607:gst_registry_add_feature: emitting feature-added for dataurisrc
0:00:00.019326505  4450 0x55d8bc38e360 DEBUG   GST_POLL gstpoll.c:979:gst_poll_fd_ctl_write: 0x55d8bc3b2910: fd (fd:0, idx:1), active : 1
0:00:00.024547233  4449 0x5635eb641360 DEBUG   GST_REGISTRY gstregistrychunks.c:740:gst_registry_chunks_load_feature: Added feature dataurisrc, plugin 0x5635eb66fea0 coreelements
0:00:00.019335727  4450 0x55d8bc38e360 LOG   GST_POLL gstpoll.c:994:gst_poll_fd_ctl_write: 0x55d8bc3b2910: pfd->events now 60 (POLLOUT:4)
0:00:00.024554185  4449 0x5635eb641360 DEBUG   GST_REGISTRY gstregistrychunks.c:582:gst_registry_chunks_load_feature: Plugin 'coreelements' feature 'concat' typename : 'GstElementFactory'
0:00:00.019343367  4450 0x55d8bc38e360 DEBUG   GST_POLL gstpoll.c:979:gst_poll_fd_ctl_write: 0x55d8bc3b2910: fd (fd:0, idx:1), active : 1
0:00:00.019350058  4450 0x55d8bc38e360 LOG   GST_POLL gstpoll.c:994:gst_poll_fd_ctl_write: 0x55d8bc3b2910: pfd->events now 60 (POLLOUT:4)
0:00:00.024566044  4449 0x5635eb641360 TRACE   GST_REFCOUNTING gstobject.c:208:gst_object_init: 0x5635eb674860 new
0:00:00.019356476  4450 0x55d8bc38e360 DEBUG   GST_POLL gstpoll.c:979:gst_poll_fd_ctl_write: 0x55d8bc3b2910: fd (fd:0, idx:1), active : 1
0:00:00.024577150  4449 0x5635eb641360 LOG   GST_REGISTRY gstregistrychunks.c:609:gst_registry_chunks_load_feature: Reading/casting for GstRegistryChunkElementFactory at address 0x5635eb668c90
0:00:00.019370333  4450 0x55d8bc38e360 LOG   GST_POLL gstpoll.c:994:gst_poll_fd_ctl_write: 0x55d8bc3b2910: pfd->events now 60 (POLLOUT:4)
0:00:00.024588779  4449 0x5635eb641360 TRACE   structure gststructure.c:287:gst_structure_new_id_empty_with_size: created structure 0x5635eb674a90
0:00:00.019378337  4450 0x55d8bc38e360 DEBUG   GST_POLL gstpoll.c:979:gst_poll_fd_ctl_write: 0x55d8bc3b2910: fd (fd:0, idx:1), active : 1
0:00:00.024596607  4449 0x5635eb641360 DEBUG   structure gststructure.c:2203:gst_structure_parse_field: trying field name 'long-name'
0:00:00.019385077  4450 0x55d8bc38e360 LOG   GST_POLL gstpoll.c:994:gst_poll_fd_ctl_write: 0x55d8bc3b2910: pfd->events now 60 (POLLOUT:4)
0:00:00.024605625  4449 0x5635eb641360 DEBUG   default gstvalue.c:2676:_priv_gst_value_parse_value: trying type name 'string'
0:00:00.019392081  4450 0x55d8bc38e360 DEBUG   GST_POLL gstpoll.c:979:gst_poll_fd_ctl_write: 0x55d8bc3b2910: fd (fd:0, idx:1), active : 1
0:00:00.024614396  4449 0x5635eb641360 DEBUG   structure gststructure.c:2203:gst_structure_parse_field: trying field name 'klass'
0:00:00.019401505  4450 0x55d8bc38e360 LOG   GST_POLL gstpoll.c:994:gst_poll_fd_ctl_write: 0x55d8bc3b2910: pfd->events now 60 (POLLOUT:4)
0:00:00.024620977  4449 0x5635eb641360 DEBUG   default gstvalue.c:2676:_priv_gst_value_parse_value: trying type name 'string'
0:00:00.019409328  4450 0x55d8bc38e360 DEBUG   GST_POLL gstpoll.c:979:gst_poll_fd_ctl_write: 0x55d8bc3b2910: fd (fd:0, idx:1), active : 1
0:00:00.024628117  4449 0x5635eb641360 DEBUG   structure gststructure.c:2203:gst_structure_parse_field: trying field name 'description'
0:00:00.019416145  4450 0x55d8bc38e360 LOG   GST_POLL gstpoll.c:994:gst_poll_fd_ctl_write: 0x55d8bc3b2910: pfd->events now 60 (POLLOUT:4)
0:00:00.024636860  4449 0x5635eb641360 DEBUG   default gstvalue.c:2676:_priv_gst_value_parse_value: trying type name 'string'
0:00:00.019423128  4450 0x55d8bc38e360 DEBUG   GST_POLL gstpoll.c:979:gst_poll_fd_ctl_write: 0x55d8bc3b2910: fd (fd:0, idx:1), active : 1
0:00:00.024645683  4449 0x5635eb641360 DEBUG   structure gststructure.c:2203:gst_structure_parse_field: trying field name 'author'
0:00:00.019432381  4450 0x55d8bc38e360 LOG   GST_POLL gstpoll.c:994:gst_poll_fd_ctl_write: 0x55d8bc3b2910: pfd->events now 60 (POLLOUT:4)
0:00:00.024652178  4449 0x5635eb641360 DEBUG   default gstvalue.c:2676:_priv_gst_value_parse_value: trying type name 'string'
0:00:00.019439828  4450 0x55d8bc38e360 DEBUG   GST_POLL gstpoll.c:979:gst_poll_fd_ctl_write: 0x55d8bc3b2910: fd (fd:0, idx:1), active : 1
0:00:00.024660232  4449 0x5635eb641360 DEBUG   GST_REGISTRY gstregistrychunks.c:626:gst_registry_chunks_load_feature: Element factory : npadtemplates=2
0:00:00.019446285  4450 0x55d8bc38e360 LOG   GST_POLL gstpoll.c:994:gst_poll_fd_ctl_write: 0x55d8bc3b2910: pfd->events now 60 (POLLOUT:4)
0:00:00.024668406  4449 0x5635eb641360 DEBUG   GST_REGISTRY gstregistrychunks.c:525:gst_registry_chunks_load_pad_template: Reading/casting for GstRegistryChunkPadTemplate at address 0x5635eb668d68
0:00:00.019467182  4450 0x55d8bc38e360 DEBUG   GST_POLL gstpoll.c:979:gst_poll_fd_ctl_write: 0x55d8bc3b2910: fd (fd:0, idx:1), active : 1
0:00:00.024686140  4449 0x5635eb641360 DEBUG   GST_REGISTRY gstregistrychunks.c:539:gst_registry_chunks_load_pad_template: Added pad_template src
0:00:00.019476609  4450 0x55d8bc38e360 LOG   GST_POLL gstpoll.c:994:gst_poll_fd_ctl_write: 0x55d8bc3b2910: pfd->events now 60 (POLLOUT:4)
0:00:00.024694381  4449 0x5635eb641360 DEBUG   GST_REGISTRY gstregistrychunks.c:525:gst_registry_chunks_load_pad_template: Reading/casting for GstRegistryChunkPadTemplate at address 0x5635eb668d78
0:00:00.019484058  4450 0x55d8bc38e360 DEBUG   GST_POLL gstpoll.c:979:gst_poll_fd_ctl_write: 0x55d8bc3b2910: fd (fd:0, idx:1), active : 1
0:00:00.024702343  4449 0x5635eb641360 DEBUG   GST_REGISTRY gstregistrychunks.c:539:gst_registry_chunks_load_pad_template: Added pad_template sink_%u
0:00:00.019491101  4450 0x55d8bc38e360 LOG   GST_POLL gstpoll.c:994:gst_poll_fd_ctl_write: 0x55d8bc3b2910: pfd->events now 60 (POLLOUT:4)
0:00:00.024713969  4449 0x5635eb641360 DEBUG   GST_REGISTRY gstregistry.c:589:gst_registry_add_feature: adding feature 0x5635eb674860 (concat)
0:00:00.019498122  4450 0x55d8bc38e360 DEBUG   GST_POLL gstpoll.c:979:gst_poll_fd_ctl_write: 0x55d8bc3b2910: fd (fd:0, idx:1), active : 1
0:00:00.024721497  4449 0x5635eb641360 DEBUG   GST_REFCOUNTING gstobject.c:708:gst_object_set_parent: set parent (ref and sink)
0:00:00.019508126  4450 0x55d8bc38e360 LOG   GST_POLL gstpoll.c:994:gst_poll_fd_ctl_write: 0x55d8bc3b2910: pfd->events now 60 (POLLOUT:4)
0:00:00.024729762  4449 0x5635eb641360 TRACE   GST_REFCOUNTING gstobject.c:292:gst_object_ref_sink: 0x5635eb674860 ref_sink 1->2
0:00:00.019515536  4450 0x55d8bc38e360 DEBUG   GST_POLL gstpoll.c:979:gst_poll_fd_ctl_write: 0x55d8bc3b2910: fd (fd:0, idx:1), active : 1
0:00:00.024737030  4449 0x5635eb641360 LOG   GST_REGISTRY gstregistry.c:607:gst_registry_add_feature: emitting feature-added for concat
0:00:00.019522187  4450 0x55d8bc38e360 LOG   GST_POLL gstpoll.c:994:gst_poll_fd_ctl_write: 0x55d8bc3b2910: pfd->events now 60 (POLLOUT:4)
0:00:00.024746484  4449 0x5635eb641360 DEBUG   GST_REGISTRY gstregistrychunks.c:740:gst_registry_chunks_load_feature: Added feature concat, plugin 0x5635eb66fea0 coreelements
0:00:00.019530049  4450 0x55d8bc38e360 DEBUG   GST_POLL gstpoll.c:979:gst_poll_fd_ctl_write: 0x55d8bc3b2910: fd (fd:0, idx:1), active : 1
0:00:00.024754728  4449 0x5635eb641360 DEBUG   GST_REGISTRY gstregistrychunks.c:582:gst_registry_chunks_load_feature: Plugin 'coreelements' feature 'clocksync' typename : 'GstElementFactory'
0:00:00.019540853  4450 0x55d8bc38e360 LOG   GST_POLL gstpoll.c:994:gst_poll_fd_ctl_write: 0x55d8bc3b2910: pfd->events now 60 (POLLOUT:4)
0:00:00.024764314  4449 0x5635eb641360 TRACE   GST_REFCOUNTING gstobject.c:208:gst_object_init: 0x5635eb674710 new
0:00:00.019548345  4450 0x55d8bc38e360 DEBUG   GST_POLL gstpoll.c:979:gst_poll_fd_ctl_write: 0x55d8bc3b2910: fd (fd:0, idx:1), active : 1
0:00:00.019560234  4450 0x55d8bc38e360 LOG   GST_POLL gstpoll.c:994:gst_poll_fd_ctl_write: 0x55d8bc3b2910: pfd->events now 60 (POLLOUT:4)
0:00:00.024777175  4449 0x5635eb641360 LOG   GST_REGISTRY gstregistrychunks.c:609:gst_registry_chunks_load_feature: Reading/casting for GstRegistryChunkElementFactory at address 0x5635eb668da8
0:00:00.019566609  4450 0x55d8bc38e360 DEBUG   GST_POLL gstpoll.c:979:gst_poll_fd_ctl_write: 0x55d8bc3b2910: fd (fd:0, idx:1), active : 1
0:00:00.024787653  4449 0x5635eb641360 TRACE   structure gststructure.c:287:gst_structure_new_id_empty_with_size: created structure 0x5635eb675060
0:00:00.019575678  4450 0x55d8bc38e360 LOG   GST_POLL gstpoll.c:994:gst_poll_fd_ctl_write: 0x55d8bc3b2910: pfd->events now 60 (POLLOUT:4)
0:00:00.024794710  4449 0x5635eb641360 DEBUG   structure gststructure.c:2203:gst_structure_parse_field: trying field name 'long-name'
0:00:00.019583282  4450 0x55d8bc38e360 DEBUG   GST_POLL gstpoll.c:979:gst_poll_fd_ctl_write: 0x55d8bc3b2910: fd (fd:0, idx:1), active : 1
0:00:00.024801344  4449 0x5635eb641360 DEBUG   default gstvalue.c:2676:_priv_gst_value_parse_value: trying type name 'string'
0:00:00.019589897  4450 0x55d8bc38e360 LOG   GST_POLL gstpoll.c:994:gst_poll_fd_ctl_write: 0x55d8bc3b2910: pfd->events now 60 (POLLOUT:4)
0:00:00.024809813  4449 0x5635eb641360 DEBUG   structure gststructure.c:2203:gst_structure_parse_field: trying field name 'klass'
0:00:00.019596665  4450 0x55d8bc38e360 DEBUG   GST_POLL gstpoll.c:979:gst_poll_fd_ctl_write: 0x55d8bc3b2910: fd (fd:0, idx:1), active : 1
0:00:00.024818887  4449 0x5635eb641360 DEBUG   default gstvalue.c:2676:_priv_gst_value_parse_value: trying type name 'string'
0:00:00.019605957  4450 0x55d8bc38e360 LOG   GST_POLL gstpoll.c:994:gst_poll_fd_ctl_write: 0x55d8bc3b2910: pfd->events now 60 (POLLOUT:4)
0:00:00.024827214  4449 0x5635eb641360 DEBUG   structure gststructure.c:2203:gst_structure_parse_field: trying field name 'description'
0:00:00.019613851  4450 0x55d8bc38e360 DEBUG   GST_POLL gstpoll.c:979:gst_poll_fd_ctl_write: 0x55d8bc3b2910: fd (fd:0, idx:1), active : 1
0:00:00.024833406  4449 0x5635eb641360 DEBUG   default gstvalue.c:2676:_priv_gst_value_parse_value: trying type name 'string'
0:00:00.019620364  4450 0x55d8bc38e360 LOG   GST_POLL gstpoll.c:994:gst_poll_fd_ctl_write: 0x55d8bc3b2910: pfd->events now 60 (POLLOUT:4)
0:00:00.024840822  4449 0x5635eb641360 DEBUG   structure gststructure.c:2203:gst_structure_parse_field: trying field name 'author'
0:00:00.019627325  4450 0x55d8bc38e360 DEBUG   GST_POLL gstpoll.c:979:gst_poll_fd_ctl_write: 0x55d8bc3b2910: fd (fd:0, idx:1), active : 1
0:00:00.024849930  4449 0x5635eb641360 DEBUG   default gstvalue.c:2676:_priv_gst_value_parse_value: trying type name 'string'
0:00:00.019636881  4450 0x55d8bc38e360 LOG   GST_POLL gstpoll.c:994:gst_poll_fd_ctl_write: 0x55d8bc3b2910: pfd->events now 60 (POLLOUT:4)
0:00:00.024858521  4449 0x5635eb641360 DEBUG   GST_REGISTRY gstregistrychunks.c:626:gst_registry_chunks_load_feature: Element factory : npadtemplates=2
0:00:00.019644614  4450 0x55d8bc38e360 DEBUG   GST_POLL gstpoll.c:979:gst_poll_fd_ctl_write: 0x55d8bc3b2910: fd (fd:0, idx:1), active : 1
0:00:00.024871213  4449 0x5635eb641360 DEBUG   GST_REGISTRY gstregistrychunks.c:525:gst_registry_chunks_load_pad_template: Reading/casting for GstRegistryChunkPadTemplate at address 0x5635eb668e78
0:00:00.019656967  4450 0x55d8bc38e360 LOG   GST_POLL gstpoll.c:994:gst_poll_fd_ctl_write: 0x55d8bc3b2910: pfd->events now 60 (POLLOUT:4)
0:00:00.024878250  4449 0x5635eb641360 DEBUG   GST_REGISTRY gstregistrychunks.c:539:gst_registry_chunks_load_pad_template: Added pad_template sink
0:00:00.019664208  4450 0x55d8bc38e360 DEBUG   GST_POLL gstpoll.c:979:gst_poll_fd_ctl_write: 0x55d8bc3b2910: fd (fd:0, idx:1), active : 1
0:00:00.024887496  4449 0x5635eb641360 DEBUG   GST_REGISTRY gstregistrychunks.c:525:gst_registry_chunks_load_pad_template: Reading/casting for GstRegistryChunkPadTemplate at address 0x5635eb668e90
0:00:00.019673938  4450 0x55d8bc38e360 LOG   GST_POLL gstpoll.c:994:gst_poll_fd_ctl_write: 0x55d8bc3b2910: pfd->events now 60 (POLLOUT:4)
0:00:00.024894503  4449 0x5635eb641360 DEBUG   GST_REGISTRY gstregistrychunks.c:539:gst_registry_chunks_load_pad_template: Added pad_template src
0:00:00.019681336  4450 0x55d8bc38e360 DEBUG   GST_POLL gstpoll.c:979:gst_poll_fd_ctl_write: 0x55d8bc3b2910: fd (fd:0, idx:1), active : 1
0:00:00.024902707  4449 0x5635eb641360 DEBUG   GST_REGISTRY gstregistry.c:589:gst_registry_add_feature: adding feature 0x5635eb674710 (clocksync)
0:00:00.019687956  4450 0x55d8bc38e360 LOG   GST_POLL gstpoll.c:994:gst_poll_fd_ctl_write: 0x55d8bc3b2910: pfd->events now 60 (POLLOUT:4)
0:00:00.024909436  4449 0x5635eb641360 DEBUG   GST_REFCOUNTING gstobject.c:708:gst_object_set_parent: set parent (ref and sink)
0:00:00.019695026  4450 0x55d8bc38e360 DEBUG   GST_POLL gstpoll.c:979:gst_poll_fd_ctl_write: 0x55d8bc3b2910: fd (fd:0, idx:1), active : 1
0:00:00.024920374  4449 0x5635eb641360 TRACE   GST_REFCOUNTING gstobject.c:292:gst_object_ref_sink: 0x5635eb674710 ref_sink 1->2
0:00:00.019705495  4450 0x55d8bc38e360 LOG   GST_POLL gstpoll.c:994:gst_poll_fd_ctl_write: 0x55d8bc3b2910: pfd->events now 60 (POLLOUT:4)
0:00:00.024928359  4449 0x5635eb641360 LOG   GST_REGISTRY gstregistry.c:607:gst_registry_add_feature: emitting feature-added for clocksync
0:00:00.019713501  4450 0x55d8bc38e360 DEBUG   GST_POLL gstpoll.c:979:gst_poll_fd_ctl_write: 0x55d8bc3b2910: fd (fd:0, idx:1), active : 1
0:00:00.024936166  4449 0x5635eb641360 DEBUG   GST_REGISTRY gstregistrychunks.c:740:gst_registry_chunks_load_feature: Added feature clocksync, plugin 0x5635eb66fea0 coreelements
0:00:00.019720629  4450 0x55d8bc38e360 LOG   GST_POLL gstpoll.c:994:gst_poll_fd_ctl_write: 0x55d8bc3b2910: pfd->events now 60 (POLLOUT:4)
0:00:00.024943261  4449 0x5635eb641360 DEBUG   GST_REGISTRY gstregistrychunks.c:582:gst_registry_chunks_load_feature: Plugin 'coreelements' feature 'capsfilter' typename : 'GstElementFactory'
0:00:00.019728249  4450 0x55d8bc38e360 DEBUG   GST_POLL gstpoll.c:979:gst_poll_fd_ctl_write: 0x55d8bc3b2910: fd (fd:0, idx:1), active : 1
0:00:00.024955129  4449 0x5635eb641360 TRACE   GST_REFCOUNTING gstobject.c:208:gst_object_init: 0x5635eb6755c0 new
0:00:00.019743606  4450 0x55d8bc38e360 LOG   GST_POLL gstpoll.c:994:gst_poll_fd_ctl_write: 0x55d8bc3b2910: pfd->events now 60 (POLLOUT:4)
0:00:00.024964593  4449 0x5635eb641360 LOG   GST_REGISTRY gstregistrychunks.c:609:gst_registry_chunks_load_feature: Reading/casting for GstRegistryChunkElementFactory at address 0x5635eb668ec0
0:00:00.019751196  4450 0x55d8bc38e360 DEBUG   GST_POLL gstpoll.c:979:gst_poll_fd_ctl_write: 0x55d8bc3b2910: fd (fd:0, idx:1), active : 1
0:00:00.024971770  4449 0x5635eb641360 TRACE   structure gststructure.c:287:gst_structure_new_id_empty_with_size: created structure 0x5635eb6758d0
0:00:00.019758093  4450 0x55d8bc38e360 LOG   GST_POLL gstpoll.c:994:gst_poll_fd_ctl_write: 0x55d8bc3b2910: pfd->events now 60 (POLLOUT:4)
0:00:00.024978162  4449 0x5635eb641360 DEBUG   structure gststructure.c:2203:gst_structure_parse_field: trying field name 'long-name'
0:00:00.019765025  4450 0x55d8bc38e360 DEBUG   GST_POLL gstpoll.c:979:gst_poll_fd_ctl_write: 0x55d8bc3b2910: fd (fd:0, idx:1), active : 1
0:00:00.024986834  4449 0x5635eb641360 DEBUG   default gstvalue.c:2676:_priv_gst_value_parse_value: trying type name 'string'
0:00:00.019774240  4450 0x55d8bc38e360 LOG   GST_POLL gstpoll.c:994:gst_poll_fd_ctl_write: 0x55d8bc3b2910: pfd->events now 60 (POLLOUT:4)
0:00:00.024994867  4449 0x5635eb641360 DEBUG   structure gststructure.c:2203:gst_structure_parse_field: trying field name 'klass'
0:00:00.019781698  4450 0x55d8bc38e360 DEBUG   GST_POLL gstpoll.c:979:gst_poll_fd_ctl_write: 0x55d8bc3b2910: fd (fd:0, idx:1), active : 1
0:00:00.025001032  4449 0x5635eb641360 DEBUG   default gstvalue.c:2676:_priv_gst_value_parse_value: trying type name 'string'
0:00:00.019788218  4450 0x55d8bc38e360 LOG   GST_POLL gstpoll.c:994:gst_poll_fd_ctl_write: 0x55d8bc3b2910: pfd->events now 60 (POLLOUT:4)
0:00:00.025007972  4449 0x5635eb641360 DEBUG   structure gststructure.c:2203:gst_structure_parse_field: trying field name 'description'
0:00:00.019795303  4450 0x55d8bc38e360 DEBUG   GST_POLL gstpoll.c:979:gst_poll_fd_ctl_write: 0x55d8bc3b2910: fd (fd:0, idx:1), active : 1
0:00:00.025017071  4449 0x5635eb641360 DEBUG   default gstvalue.c:2676:_priv_gst_value_parse_value: trying type name 'string'
0:00:00.019804972  4450 0x55d8bc38e360 LOG   GST_POLL gstpoll.c:994:gst_poll_fd_ctl_write: 0x55d8bc3b2910: pfd->events now 60 (POLLOUT:4)
0:00:00.025025767  4449 0x5635eb641360 DEBUG   structure gststructure.c:2203:gst_structure_parse_field: trying field name 'author'
0:00:00.019812434  4450 0x55d8bc38e360 DEBUG   GST_POLL gstpoll.c:979:gst_poll_fd_ctl_write: 0x55d8bc3b2910: fd (fd:0, idx:1), active : 1
0:00:00.025032258  4449 0x5635eb641360 DEBUG   default gstvalue.c:2676:_priv_gst_value_parse_value: trying type name 'string'
0:00:00.019819235  4450 0x55d8bc38e360 LOG   GST_POLL gstpoll.c:994:gst_poll_fd_ctl_write: 0x55d8bc3b2910: pfd->events now 60 (POLLOUT:4)
0:00:00.025039694  4449 0x5635eb641360 DEBUG   GST_REGISTRY gstregistrychunks.c:626:gst_registry_chunks_load_feature: Element factory : npadtemplates=2
0:00:00.019826628  4450 0x55d8bc38e360 DEBUG   GST_POLL gstpoll.c:979:gst_poll_fd_ctl_write: 0x55d8bc3b2910: fd (fd:0, idx:1), active : 1
0:00:00.025054353  4449 0x5635eb641360 DEBUG   GST_REGISTRY gstregistrychunks.c:525:gst_registry_chunks_load_pad_template: Reading/casting for GstRegistryChunkPadTemplate at address 0x5635eb668fa0
0:00:00.019841187  4450 0x55d8bc38e360 LOG   GST_POLL gstpoll.c:994:gst_poll_fd_ctl_write: 0x55d8bc3b2910: pfd->events now 60 (POLLOUT:4)
0:00:00.025061264  4449 0x5635eb641360 DEBUG   GST_REGISTRY gstregistrychunks.c:539:gst_registry_chunks_load_pad_template: Added pad_template sink
0:00:00.019848637  4450 0x55d8bc38e360 DEBUG   GST_POLL gstpoll.c:979:gst_poll_fd_ctl_write: 0x55d8bc3b2910: fd (fd:0, idx:1), active : 1
0:00:00.025067499  4449 0x5635eb641360 DEBUG   GST_REGISTRY gstregistrychunks.c:525:gst_registry_chunks_load_pad_template: Reading/casting for GstRegistryChunkPadTemplate at address 0x5635eb668fb8
0:00:00.019855275  4450 0x55d8bc38e360 LOG   GST_POLL gstpoll.c:994:gst_poll_fd_ctl_write: 0x55d8bc3b2910: pfd->events now 60 (POLLOUT:4)
0:00:00.025074165  4449 0x5635eb641360 DEBUG   GST_REGISTRY gstregistrychunks.c:539:gst_registry_chunks_load_pad_template: Added pad_template src
0:00:00.019862316  4450 0x55d8bc38e360 DEBUG   GST_POLL gstpoll.c:979:gst_poll_fd_ctl_write: 0x55d8bc3b2910: fd (fd:0, idx:1), active : 1
0:00:00.025085290  4449 0x5635eb641360 DEBUG   GST_REGISTRY gstregistry.c:589:gst_registry_add_feature: adding feature 0x5635eb6755c0 (capsfilter)
0:00:00.019871503  4450 0x55d8bc38e360 LOG   GST_POLL gstpoll.c:994:gst_poll_fd_ctl_write: 0x55d8bc3b2910: pfd->events now 60 (POLLOUT:4)
0:00:00.025092497  4449 0x5635eb641360 DEBUG   GST_REFCOUNTING gstobject.c:708:gst_object_set_parent: set parent (ref and sink)
0:00:00.019879115  4450 0x55d8bc38e360 DEBUG   GST_POLL gstpoll.c:979:gst_poll_fd_ctl_write: 0x55d8bc3b2910: fd (fd:0, idx:1), active : 1
0:00:00.025100373  4449 0x5635eb641360 TRACE   GST_REFCOUNTING gstobject.c:292:gst_object_ref_sink: 0x5635eb6755c0 ref_sink 1->2
0:00:00.019885849  4450 0x55d8bc38e360 LOG   GST_POLL gstpoll.c:994:gst_poll_fd_ctl_write: 0x55d8bc3b2910: pfd->events now 60 (POLLOUT:4)
0:00:00.025107675  4449 0x5635eb641360 LOG   GST_REGISTRY gstregistry.c:607:gst_registry_add_feature: emitting feature-added for capsfilter
0:00:00.019892970  4450 0x55d8bc38e360 DEBUG   GST_POLL gstpoll.c:979:gst_poll_fd_ctl_write: 0x55d8bc3b2910: fd (fd:0, idx:1), active : 1
0:00:00.025117559  4449 0x5635eb641360 DEBUG   GST_REGISTRY gstregistrychunks.c:740:gst_registry_chunks_load_feature: Added feature capsfilter, plugin 0x5635eb66fea0 coreelements
0:00:00.019902958  4450 0x55d8bc38e360 LOG   GST_POLL gstpoll.c:994:gst_poll_fd_ctl_write: 0x55d8bc3b2910: pfd->events now 60 (POLLOUT:4)
0:00:00.019910236  4450 0x55d8bc38e360 DEBUG   GST_POLL gstpoll.c:979:gst_poll_fd_ctl_write: 0x55d8bc3b2910: fd (fd:0, idx:1), active : 1
0:00:00.025131844  4449 0x5635eb641360 LOG   GST_PLUGIN_LOADING gstpluginloader.c:887:handle_rx_packet: marking plugin 0x5635eb66fea0 as registered as /home/conan/w/prod/BuildSingleReference/.conan/data/gstreamer/1.18.4/_/_/package/d8cac73bce0dfdb14708c459db4ae84177c23223/lib/gstreamer-1.0/libgstcoreelements.so
0:00:00.019916169  4450 0x55d8bc38e360 LOG   GST_POLL gstpoll.c:994:gst_poll_fd_ctl_write: 0x55d8bc3b2910: pfd->events now 60 (POLLOUT:4)
0:00:00.019930685  4450 0x55d8bc38e360 DEBUG   GST_POLL gstpoll.c:979:gst_poll_fd_ctl_write: 0x55d8bc3b2910: fd (fd:0, idx:1), active : 1
0:00:00.025148304  4449 0x5635eb641360 DEBUG   GST_POLL gstpoll.c:1414:gst_poll_wait: 0x5635eb6663d0: timeout :0:00:01.000000000
0:00:00.019939901  4450 0x55d8bc38e360 LOG   GST_POLL gstpoll.c:994:gst_poll_fd_ctl_write: 0x55d8bc3b2910: pfd->events now 60 (POLLOUT:4)
0:00:00.019947373  4450 0x55d8bc38e360 DEBUG   GST_POLL gstpoll.c:979:gst_poll_fd_ctl_write: 0x55d8bc3b2910: fd (fd:0, idx:1), active : 1
0:00:00.019953705  4450 0x55d8bc38e360 LOG   GST_POLL gstpoll.c:994:gst_poll_fd_ctl_write: 0x55d8bc3b2910: pfd->events now 60 (POLLOUT:4)
0:00:00.019965253  4450 0x55d8bc38e360 TRACE   GST_REFCOUNTING gstobject.c:264:gst_object_unref: 0x55d8bc3b6420 unref 2->1
0:00:00.019976852  4450 0x55d8bc38e360 DEBUG   GST_POLL gstpoll.c:1241:gst_poll_fd_has_error: 0x55d8bc3b2910: fd (fd:0, idx:1) 0
0:00:00.019984230  4450 0x55d8bc38e360 DEBUG   GST_POLL gstpoll.c:1335:gst_poll_fd_can_write: 0x55d8bc3b2910: fd (fd:0, idx:1) 1
0:00:00.019990448  4450 0x55d8bc38e360 LOG   GST_PLUGIN_LOADING gstpluginloader.c:690:write_one: Writing packet of size 488 bytes to fd 0
0:00:00.020011037  4450 0x55d8bc38e360 DEBUG   GST_POLL gstpoll.c:1414:gst_poll_wait: 0x55d8bc3b2910: timeout :0:00:01.000000000
0:00:00.020023060  4450 0x55d8bc38e360 LOG   GST_PLUGIN_LOADING gstpluginloader.c:1027:exchange_packets: Poll res = 2. 6872 bytes pending for write
0:00:00.025245330  4449 0x5635eb641360 LOG   GST_PLUGIN_LOADING gstpluginloader.c:1027:exchange_packets: Poll res = 1. 0 bytes pending for write
0:00:00.020030806  4450 0x55d8bc38e360 DEBUG   GST_POLL gstpoll.c:1241:gst_poll_fd_has_error: 0x55d8bc3b2910: fd (fd:5, idx:2) 0
0:00:00.025256665  4449 0x5635eb641360 DEBUG   GST_POLL gstpoll.c:1241:gst_poll_fd_has_error: 0x5635eb6663d0: fd (fd:8, idx:2) 0
0:00:00.020041146  4450 0x55d8bc38e360 DEBUG   GST_POLL gstpoll.c:1266:gst_poll_fd_can_read_unlocked: 0x55d8bc3b2910: fd (fd:5, idx:2) 1
0:00:00.025264794  4449 0x5635eb641360 DEBUG   GST_POLL gstpoll.c:1266:gst_poll_fd_can_read_unlocked: 0x5635eb6663d0: fd (fd:8, idx:2) 1
0:00:00.020053912  4450 0x55d8bc38e360 LOG   GST_PLUGIN_LOADING gstpluginloader.c:1005:read_one: No payload to read for 0 length packet type 1 tag 0
0:00:00.020062580  4450 0x55d8bc38e360 DEBUG   GST_POLL gstpoll.c:1014:gst_poll_fd_ctl_read_unlocked: 0x55d8bc3b2910: fd (fd:5, idx:2), active : 0
0:00:00.025278964  4449 0x5635eb641360 DEBUG   GST_PLUGIN_LOADING gstpluginloader.c:848:handle_rx_packet: Received plugin details from child w/ tag 2. 476 bytes info
0:00:00.020069389  4450 0x55d8bc38e360 DEBUG   GST_POLL gstpoll.c:979:gst_poll_fd_ctl_write: 0x55d8bc3b2910: fd (fd:0, idx:1), active : 1
0:00:00.025288345  4449 0x5635eb641360 LOG   GST_REGISTRY gstregistrychunks.c:836:_priv_gst_registry_chunks_load_plugin: Reading/casting for GstRegistryChunkPluginElement at address 0x5635eb667500
0:00:00.020078514  4450 0x55d8bc38e360 LOG   GST_POLL gstpoll.c:994:gst_poll_fd_ctl_write: 0x55d8bc3b2910: pfd->events now 60 (POLLOUT:4)
0:00:00.020086985  4450 0x55d8bc38e360 DEBUG   GST_POLL gstpoll.c:1241:gst_poll_fd_has_error: 0x55d8bc3b2910: fd (fd:0, idx:1) 0
0:00:00.025303421  4449 0x5635eb641360 TRACE   GST_REFCOUNTING gstobject.c:208:gst_object_init: 0x5635eb675d70 new
0:00:00.020093605  4450 0x55d8bc38e360 DEBUG   GST_POLL gstpoll.c:1335:gst_poll_fd_can_write: 0x55d8bc3b2910: fd (fd:0, idx:1) 1
0:00:00.020100561  4450 0x55d8bc38e360 LOG   GST_PLUGIN_LOADING gstpluginloader.c:690:write_one: Writing packet of size 6872 bytes to fd 0
0:00:00.025320422  4449 0x5635eb641360 LOG   GST_REGISTRY gstregistrychunks.c:858:_priv_gst_registry_chunks_load_plugin: read strings for name='coretracers'
0:00:00.020115150  4450 0x55d8bc38e360 DEBUG   GST_POLL gstpoll.c:1414:gst_poll_wait: 0x55d8bc3b2910: timeout :0:00:01.000000000
0:00:00.025328259  4449 0x5635eb641360 LOG   GST_REGISTRY gstregistrychunks.c:859:_priv_gst_registry_chunks_load_plugin: desc.description='GStreamer core tracers'
0:00:00.025341551  4449 0x5635eb641360 LOG   GST_REGISTRY gstregistrychunks.c:860:_priv_gst_registry_chunks_load_plugin: filename='/home/conan/w/prod/BuildSingleReference/.conan/data/gstreamer/1.18.4/_/_/package/d8cac73bce0dfdb14708c459db4ae84177c23223/lib/gstreamer-1.0/libgstcoretracers.so'
0:00:00.020124775  4450 0x55d8bc38e360 LOG   GST_PLUGIN_LOADING gstpluginloader.c:1027:exchange_packets: Poll res = 1. 12 bytes pending for write
0:00:00.020142517  4450 0x55d8bc38e360 DEBUG   GST_POLL gstpoll.c:1241:gst_poll_fd_has_error: 0x55d8bc3b2910: fd (fd:0, idx:1) 0
0:00:00.025360255  4449 0x5635eb641360 LOG   GST_REGISTRY gstregistrychunks.c:861:_priv_gst_registry_chunks_load_plugin: desc.version='1.18.4'
0:00:00.020153165  4450 0x55d8bc38e360 DEBUG   GST_POLL gstpoll.c:1335:gst_poll_fd_can_write: 0x55d8bc3b2910: fd (fd:0, idx:1) 1
0:00:00.025371985  4449 0x5635eb641360 LOG   GST_REGISTRY gstregistrychunks.c:862:_priv_gst_registry_chunks_load_plugin: desc.license='LGPL'
0:00:00.020159938  4450 0x55d8bc38e360 LOG   GST_PLUGIN_LOADING gstpluginloader.c:690:write_one: Writing packet of size 12 bytes to fd 0
0:00:00.025378618  4449 0x5635eb641360 LOG   GST_REGISTRY gstregistrychunks.c:863:_priv_gst_registry_chunks_load_plugin: desc.source='gstreamer'
0:00:00.025385740  4449 0x5635eb641360 LOG   GST_REGISTRY gstregistrychunks.c:864:_priv_gst_registry_chunks_load_plugin: desc.package='GStreamer source release'
0:00:00.020169053  4450 0x55d8bc38e360 DEBUG   GST_POLL gstpoll.c:979:gst_poll_fd_ctl_write: 0x55d8bc3b2910: fd (fd:0, idx:1), active : 0
0:00:00.025393587  4449 0x5635eb641360 LOG   GST_REGISTRY gstregistrychunks.c:865:_priv_gst_registry_chunks_load_plugin: desc.origin='Unknown package origin'
0:00:00.020180329  4450 0x55d8bc38e360 LOG   GST_POLL gstpoll.c:994:gst_poll_fd_ctl_write: 0x55d8bc3b2910: pfd->events now 56 (POLLOUT:4)
0:00:00.025400446  4449 0x5635eb641360 LOG   GST_REGISTRY gstregistrychunks.c:866:_priv_gst_registry_chunks_load_plugin: desc.datetime=2021-03-15
0:00:00.025414839  4449 0x5635eb641360 DEBUG   GST_REGISTRY gstregistry.c:446:gst_registry_add_plugin: Replacing existing plugin "/home/conan/w/prod/BuildSingleReference/.conan/data/gstreamer/1.18.4/_/_/package/d8cac73bce0dfdb14708c459db4ae84177c23223/lib/gstreamer-1.0/libgstcoretracers.so" 0x5635eb666a80 with new plugin 0x5635eb675d70 for filename "/home/conan/w/prod/BuildSingleReference/.conan/data/gstreamer/1.18.4/_/_/package/d8cac73bce0dfdb14708c459db4ae84177c23223/lib/gstreamer-1.0/libgstcoretracers.so"
0:00:00.020199117  4450 0x55d8bc38e360 DEBUG   GST_POLL gstpoll.c:772:gst_poll_free: 0x55d8bc3b2910: freeing
0:00:00.025426332  4449 0x5635eb641360 TRACE   GST_REFCOUNTING gstobject.c:264:gst_object_unref: 0x5635eb666a80 unref 1->0
0:00:00.025438511  4449 0x5635eb641360 TRACE   GST_REFCOUNTING gstobject.c:381:gst_object_dispose: 0x5635eb666a80 dispose
0:00:00.025449330  4449 0x5635eb641360 DEBUG   GST_PLUGIN_LOADING gstplugin.c:136:gst_plugin_finalize: finalizing plugin
0:00:00.025458693  4449 0x5635eb641360 TRACE   GST_REFCOUNTING gstobject.c:423:gst_object_finalize: 0x5635eb666a80 finalize
0:00:00.025473790  4449 0x5635eb641360 DEBUG   GST_REGISTRY gstregistry.c:473:gst_registry_add_plugin: adding plugin 0x5635eb675d70 for filename "/home/conan/w/prod/BuildSingleReference/.conan/data/gstreamer/1.18.4/_/_/package/d8cac73bce0dfdb14708c459db4ae84177c23223/lib/gstreamer-1.0/libgstcoretracers.so"
0:00:00.025484472  4449 0x5635eb641360 TRACE   GST_REFCOUNTING gstobject.c:292:gst_object_ref_sink: 0x5635eb675d70 ref_sink 1->2
0:00:00.025492706  4449 0x5635eb641360 LOG   GST_REGISTRY gstregistry.c:486:gst_registry_add_plugin: emitting plugin-added for filename "/home/conan/w/prod/BuildSingleReference/.conan/data/gstreamer/1.18.4/_/_/package/d8cac73bce0dfdb14708c459db4ae84177c23223/lib/gstreamer-1.0/libgstcoretracers.so"
0:00:00.025499831  4449 0x5635eb641360 DEBUG   GST_REGISTRY gstregistrychunks.c:886:_priv_gst_registry_chunks_load_plugin: Added plugin 'coretracers' plugin with 5 features from binary registry
0:00:00.025506259  4449 0x5635eb641360 DEBUG   GST_REGISTRY gstregistrychunks.c:582:gst_registry_chunks_load_feature: Plugin 'coretracers' feature 'leaks' typename : 'GstTracerFactory'
0:00:00.025518089  4449 0x5635eb641360 TRACE   GST_REFCOUNTING gstobject.c:208:gst_object_init: 0x5635eb666a70 new
0:00:00.025529038  4449 0x5635eb641360 DEBUG   GST_REGISTRY gstregistrychunks.c:716:gst_registry_chunks_load_feature: Reading/casting for GstRegistryChunkPluginFeature at address 0x5635eb667648
0:00:00.025536969  4449 0x5635eb641360 DEBUG   GST_REGISTRY gstregistry.c:580:gst_registry_add_feature: replacing existing feature 0x5635eb666e10 (leaks)
0:00:00.025543987  4449 0x5635eb641360 DEBUG   GST_REGISTRY gstregistry.c:589:gst_registry_add_feature: adding feature 0x5635eb666a70 (leaks)
0:00:00.025552577  4449 0x5635eb641360 TRACE   GST_REFCOUNTING gstobject.c:788:gst_object_unparent: unparent
0:00:00.025561510  4449 0x5635eb641360 TRACE   GST_REFCOUNTING gstobject.c:264:gst_object_unref: 0x5635eb666e10 unref 1->0
0:00:00.025568481  4449 0x5635eb641360 TRACE   GST_REFCOUNTING gstobject.c:381:gst_object_dispose: 0x5635eb666e10 dispose
0:00:00.025580301  4449 0x5635eb641360 DEBUG   GST_PLUGIN_LOADING gstpluginfeature.c:67:gst_plugin_feature_finalize: finalizing feature 0x5635eb666e10: 'leaks'
0:00:00.025589648  4449 0x5635eb641360 TRACE   GST_REFCOUNTING gstobject.c:423:gst_object_finalize: 0x5635eb666e10 finalize
0:00:00.025598133  4449 0x5635eb641360 DEBUG   GST_REFCOUNTING gstobject.c:708:gst_object_set_parent: set parent (ref and sink)
0:00:00.025605559  4449 0x5635eb641360 TRACE   GST_REFCOUNTING gstobject.c:292:gst_object_ref_sink: 0x5635eb666a70 ref_sink 1->2
0:00:00.025612209  4449 0x5635eb641360 LOG   GST_REGISTRY gstregistry.c:607:gst_registry_add_feature: emitting feature-added for leaks
0:00:00.025621737  4449 0x5635eb641360 DEBUG   GST_REGISTRY gstregistrychunks.c:740:gst_registry_chunks_load_feature: Added feature leaks, plugin 0x5635eb675d70 coretracers
0:00:00.025629430  4449 0x5635eb641360 DEBUG   GST_REGISTRY gstregistrychunks.c:582:gst_registry_chunks_load_feature: Plugin 'coretracers' feature 'stats' typename : 'GstTracerFactory'
0:00:00.025638149  4449 0x5635eb641360 TRACE   GST_REFCOUNTING gstobject.c:208:gst_object_init: 0x5635eb666e10 new
0:00:00.025646907  4449 0x5635eb641360 DEBUG   GST_REGISTRY gstregistrychunks.c:716:gst_registry_chunks_load_feature: Reading/casting for GstRegistryChunkPluginFeature at address 0x5635eb667668
0:00:00.025657324  4449 0x5635eb641360 DEBUG   GST_REGISTRY gstregistry.c:580:gst_registry_add_feature: replacing existing feature 0x5635eb667020 (stats)
0:00:00.025665343  4449 0x5635eb641360 DEBUG   GST_REGISTRY gstregistry.c:589:gst_registry_add_feature: adding feature 0x5635eb666e10 (stats)
0:00:00.025671193  4449 0x5635eb641360 TRACE   GST_REFCOUNTING gstobject.c:788:gst_object_unparent: unparent
0:00:00.025678537  4449 0x5635eb641360 TRACE   GST_REFCOUNTING gstobject.c:264:gst_object_unref: 0x5635eb667020 unref 1->0
0:00:00.025688081  4449 0x5635eb641360 TRACE   GST_REFCOUNTING gstobject.c:381:gst_object_dispose: 0x5635eb667020 dispose
0:00:00.025696738  4449 0x5635eb641360 DEBUG   GST_PLUGIN_LOADING gstpluginfeature.c:67:gst_plugin_feature_finalize: finalizing feature 0x5635eb667020: 'stats'
0:00:00.025703174  4449 0x5635eb641360 TRACE   GST_REFCOUNTING gstobject.c:423:gst_object_finalize: 0x5635eb667020 finalize
0:00:00.025709824  4449 0x5635eb641360 DEBUG   GST_REFCOUNTING gstobject.c:708:gst_object_set_parent: set parent (ref and sink)
0:00:00.025720073  4449 0x5635eb641360 TRACE   GST_REFCOUNTING gstobject.c:292:gst_object_ref_sink: 0x5635eb666e10 ref_sink 1->2
0:00:00.025728014  4449 0x5635eb641360 LOG   GST_REGISTRY gstregistry.c:607:gst_registry_add_feature: emitting feature-added for stats
0:00:00.025734832  4449 0x5635eb641360 DEBUG   GST_REGISTRY gstregistrychunks.c:740:gst_registry_chunks_load_feature: Added feature stats, plugin 0x5635eb675d70 coretracers
0:00:00.025741641  4449 0x5635eb641360 DEBUG   GST_REGISTRY gstregistrychunks.c:582:gst_registry_chunks_load_feature: Plugin 'coretracers' feature 'rusage' typename : 'GstTracerFactory'
0:00:00.025757838  4449 0x5635eb641360 TRACE   GST_REFCOUNTING gstobject.c:208:gst_object_init: 0x5635eb667020 new
0:00:00.025767785  4449 0x5635eb641360 DEBUG   GST_REGISTRY gstregistrychunks.c:716:gst_registry_chunks_load_feature: Reading/casting for GstRegistryChunkPluginFeature at address 0x5635eb667688
0:00:00.025775377  4449 0x5635eb641360 DEBUG   GST_REGISTRY gstregistry.c:580:gst_registry_add_feature: replacing existing feature 0x5635eb667170 (rusage)
0:00:00.025782332  4449 0x5635eb641360 DEBUG   GST_REGISTRY gstregistry.c:589:gst_registry_add_feature: adding feature 0x5635eb667020 (rusage)
0:00:00.025790648  4449 0x5635eb641360 TRACE   GST_REFCOUNTING gstobject.c:788:gst_object_unparent: unparent
0:00:00.025799677  4449 0x5635eb641360 TRACE   GST_REFCOUNTING gstobject.c:264:gst_object_unref: 0x5635eb667170 unref 1->0
0:00:00.025806535  4449 0x5635eb641360 TRACE   GST_REFCOUNTING gstobject.c:381:gst_object_dispose: 0x5635eb667170 dispose
0:00:00.025813628  4449 0x5635eb641360 DEBUG   GST_PLUGIN_LOADING gstpluginfeature.c:67:gst_plugin_feature_finalize: finalizing feature 0x5635eb667170: 'rusage'
0:00:00.025822633  4449 0x5635eb641360 TRACE   GST_REFCOUNTING gstobject.c:423:gst_object_finalize: 0x5635eb667170 finalize
0:00:00.025831275  4449 0x5635eb641360 DEBUG   GST_REFCOUNTING gstobject.c:708:gst_object_set_parent: set parent (ref and sink)
0:00:00.025838958  4449 0x5635eb641360 TRACE   GST_REFCOUNTING gstobject.c:292:gst_object_ref_sink: 0x5635eb667020 ref_sink 1->2
0:00:00.025845508  4449 0x5635eb641360 LOG   GST_REGISTRY gstregistry.c:607:gst_registry_add_feature: emitting feature-added for rusage
0:00:00.025855104  4449 0x5635eb641360 DEBUG   GST_REGISTRY gstregistrychunks.c:740:gst_registry_chunks_load_feature: Added feature rusage, plugin 0x5635eb675d70 coretracers
0:00:00.025862793  4449 0x5635eb641360 DEBUG   GST_REGISTRY gstregistrychunks.c:582:gst_registry_chunks_load_feature: Plugin 'coretracers' feature 'log' typename : 'GstTracerFactory'
0:00:00.025871273  4449 0x5635eb641360 TRACE   GST_REFCOUNTING gstobject.c:208:gst_object_init: 0x5635eb676320 new
0:00:00.025880104  4449 0x5635eb641360 DEBUG   GST_REGISTRY gstregistrychunks.c:716:gst_registry_chunks_load_feature: Reading/casting for GstRegistryChunkPluginFeature at address 0x5635eb6676a8
0:00:00.025890465  4449 0x5635eb641360 DEBUG   GST_REGISTRY gstregistry.c:580:gst_registry_add_feature: replacing existing feature 0x5635eb6672d0 (log)
0:00:00.025898312  4449 0x5635eb641360 DEBUG   GST_REGISTRY gstregistry.c:589:gst_registry_add_feature: adding feature 0x5635eb676320 (log)
0:00:00.025904361  4449 0x5635eb641360 TRACE   GST_REFCOUNTING gstobject.c:788:gst_object_unparent: unparent
0:00:00.025911900  4449 0x5635eb641360 TRACE   GST_REFCOUNTING gstobject.c:264:gst_object_unref: 0x5635eb6672d0 unref 1->0
0:00:00.025921692  4449 0x5635eb641360 TRACE   GST_REFCOUNTING gstobject.c:381:gst_object_dispose: 0x5635eb6672d0 dispose
0:00:00.025930250  4449 0x5635eb641360 DEBUG   GST_PLUGIN_LOADING gstpluginfeature.c:67:gst_plugin_feature_finalize: finalizing feature 0x5635eb6672d0: 'log'
0:00:00.025940797  4449 0x5635eb641360 TRACE   GST_REFCOUNTING gstobject.c:423:gst_object_finalize: 0x5635eb6672d0 finalize
0:00:00.025947527  4449 0x5635eb641360 DEBUG   GST_REFCOUNTING gstobject.c:708:gst_object_set_parent: set parent (ref and sink)
0:00:00.025957873  4449 0x5635eb641360 TRACE   GST_REFCOUNTING gstobject.c:292:gst_object_ref_sink: 0x5635eb676320 ref_sink 1->2
0:00:00.025965720  4449 0x5635eb641360 LOG   GST_REGISTRY gstregistry.c:607:gst_registry_add_feature: emitting feature-added for log
0:00:00.025973020  4449 0x5635eb641360 DEBUG   GST_REGISTRY gstregistrychunks.c:740:gst_registry_chunks_load_feature: Added feature log, plugin 0x5635eb675d70 coretracers
0:00:00.025979720  4449 0x5635eb641360 DEBUG   GST_REGISTRY gstregistrychunks.c:582:gst_registry_chunks_load_feature: Plugin 'coretracers' feature 'latency' typename : 'GstTracerFactory'
0:00:00.025990794  4449 0x5635eb641360 TRACE   GST_REFCOUNTING gstobject.c:208:gst_object_init: 0x5635eb6672d0 new
0:00:00.026000561  4449 0x5635eb641360 DEBUG   GST_REGISTRY gstregistrychunks.c:716:gst_registry_chunks_load_feature: Reading/casting for GstRegistryChunkPluginFeature at address 0x5635eb6676d0
