0:00:00.021039017  4449 0x5635eb641360 TRACE   structure gststructure.c:287:gst_structure_new_id_empty_with_size: created structure 0x5635eb669380
0:00:00.015822678  4450 0x55d8bc38e360 DEBUG   GST_REGISTRY gstregistrychunks.c:264:gst_registry_chunks_save_feature: saved 0 interfaces 0 pad templates
0:00:00.021045362  4449 0x5635eb641360 DEBUG   structure gststructure.c:2203:gst_structure_parse_field: trying field name 'long-name'
0:00:00.015834328  4450 0x55d8bc38e360 DEBUG   GST_REGISTRY gstregistrychunks.c:264:gst_registry_chunks_save_feature: saved 1 interfaces 0 pad templates
0:00:00.021051834  4449 0x5635eb641360 DEBUG   default gstvalue.c:2676:_priv_gst_value_parse_value: trying type name 'string'
0:00:00.015841066  4450 0x55d8bc38e360 DEBUG   GST_REGISTRY gstregistrychunks.c:284:gst_registry_chunks_save_feature: Saved 1 UriTypes
0:00:00.021062974  4449 0x5635eb641360 DEBUG   structure gststructure.c:2203:gst_structure_parse_field: trying field name 'klass'
0:00:00.021069663  4449 0x5635eb641360 DEBUG   default gstvalue.c:2676:_priv_gst_value_parse_value: trying type name 'string'
0:00:00.015854696  4450 0x55d8bc38e360 DEBUG   GST_REGISTRY gstregistrychunks.c:264:gst_registry_chunks_save_feature: saved 0 interfaces 0 pad templates
0:00:00.021076086  4449 0x5635eb641360 DEBUG   structure gststructure.c:2203:gst_structure_parse_field: trying field name 'description'
0:00:00.015865302  4450 0x55d8bc38e360 DEBUG   GST_REGISTRY gstregistrychunks.c:264:gst_registry_chunks_save_feature: saved 0 interfaces 0 pad templates
0:00:00.021082038  4449 0x5635eb641360 DEBUG   default gstvalue.c:2676:_priv_gst_value_parse_value: trying type name 'string'
0:00:00.015876133  4450 0x55d8bc38e360 DEBUG   GST_REGISTRY gstregistrychunks.c:264:gst_registry_chunks_save_feature: saved 0 interfaces 0 pad templates
0:00:00.021094369  4449 0x5635eb641360 DEBUG   structure gststructure.c:2203:gst_structure_parse_field: trying field name 'author'
0:00:00.021101741  4449 0x5635eb641360 DEBUG   default gstvalue.c:2676:_priv_gst_value_parse_value: trying type name 'string'
0:00:00.015886198  4450 0x55d8bc38e360 DEBUG   GST_REGISTRY gstregistrychunks.c:264:gst_registry_chunks_save_feature: saved 0 interfaces 0 pad templates
0:00:00.021110750  4449 0x5635eb641360 DEBUG   GST_REGISTRY gstregistrychunks.c:626:gst_registry_chunks_load_feature: Element factory : npadtemplates=2
0:00:00.021121178  4449 0x5635eb641360 DEBUG   GST_REGISTRY gstregistrychunks.c:525:gst_registry_chunks_load_pad_template: Reading/casting for GstRegistryChunkPadTemplate at address 0x5635eb667868
0:00:00.015906109  4450 0x55d8bc38e360 DEBUG   GST_REGISTRY gstregistrychunks.c:264:gst_registry_chunks_save_feature: saved 0 interfaces 0 pad templates
0:00:00.021128738  4449 0x5635eb641360 DEBUG   GST_REGISTRY gstregistrychunks.c:539:gst_registry_chunks_load_pad_template: Added pad_template sink
0:00:00.021135092  4449 0x5635eb641360 DEBUG   GST_REGISTRY gstregistrychunks.c:525:gst_registry_chunks_load_pad_template: Reading/casting for GstRegistryChunkPadTemplate at address 0x5635eb667880
0:00:00.015918998  4450 0x55d8bc38e360 TRACE   GST_REFCOUNTING gstobject.c:264:gst_object_unref: 0x55d8bc3b7e10 unref 2->1
0:00:00.021141360  4449 0x5635eb641360 DEBUG   GST_REGISTRY gstregistrychunks.c:539:gst_registry_chunks_load_pad_template: Added pad_template src
0:00:00.015927767  4450 0x55d8bc38e360 TRACE   GST_REFCOUNTING gstobject.c:264:gst_object_unref: 0x55d8bc3b9d00 unref 2->1
0:00:00.021151960  4449 0x5635eb641360 DEBUG   GST_REGISTRY gstregistry.c:589:gst_registry_add_feature: adding feature 0x5635eb670ae0 (valve)
0:00:00.015935314  4450 0x55d8bc38e360 TRACE   GST_REFCOUNTING gstobject.c:264:gst_object_unref: 0x55d8bc3ba9e0 unref 2->1
0:00:00.021159983  4449 0x5635eb641360 DEBUG   GST_REFCOUNTING gstobject.c:708:gst_object_set_parent: set parent (ref and sink)
0:00:00.015947158  4450 0x55d8bc38e360 TRACE   GST_REFCOUNTING gstobject.c:264:gst_object_unref: 0x55d8bc3bb850 unref 2->1
0:00:00.021168346  4449 0x5635eb641360 TRACE   GST_REFCOUNTING gstobject.c:292:gst_object_ref_sink: 0x5635eb670ae0 ref_sink 1->2
0:00:00.015955170  4450 0x55d8bc38e360 TRACE   GST_REFCOUNTING gstobject.c:264:gst_object_unref: 0x55d8bc3bd7e0 unref 2->1
0:00:00.021175947  4449 0x5635eb641360 LOG   GST_REGISTRY gstregistry.c:607:gst_registry_add_feature: emitting feature-added for valve
0:00:00.015962402  4450 0x55d8bc38e360 TRACE   GST_REFCOUNTING gstobject.c:264:gst_object_unref: 0x55d8bc3be980 unref 2->1
0:00:00.021185451  4449 0x5635eb641360 DEBUG   GST_REGISTRY gstregistrychunks.c:740:gst_registry_chunks_load_feature: Added feature valve, plugin 0x5635eb66fea0 coreelements
0:00:00.015969437  4450 0x55d8bc38e360 TRACE   GST_REFCOUNTING gstobject.c:264:gst_object_unref: 0x55d8bc3c0600 unref 2->1
0:00:00.021193458  4449 0x5635eb641360 DEBUG   GST_REGISTRY gstregistrychunks.c:582:gst_registry_chunks_load_feature: Plugin 'coreelements' feature 'multiqueue' typename : 'GstElementFactory'
0:00:00.015979835  4450 0x55d8bc38e360 TRACE   GST_REFCOUNTING gstobject.c:264:gst_object_unref: 0x55d8bc3c2be0 unref 2->1
0:00:00.021202826  4449 0x5635eb641360 TRACE   GST_REFCOUNTING gstobject.c:208:gst_object_init: 0x5635eb6695d0 new
0:00:00.015987425  4450 0x55d8bc38e360 TRACE   GST_REFCOUNTING gstobject.c:264:gst_object_unref: 0x55d8bc3c5090 unref 2->1
0:00:00.021216744  4449 0x5635eb641360 LOG   GST_REGISTRY gstregistrychunks.c:609:gst_registry_chunks_load_feature: Reading/casting for GstRegistryChunkElementFactory at address 0x5635eb6678b0
0:00:00.015999941  4450 0x55d8bc38e360 TRACE   GST_REFCOUNTING gstobject.c:264:gst_object_unref: 0x55d8bc3c5ef0 unref 2->1
0:00:00.021226241  4449 0x5635eb641360 TRACE   structure gststructure.c:287:gst_structure_new_id_empty_with_size: created structure 0x5635eb669800
0:00:00.016009728  4450 0x55d8bc38e360 TRACE   GST_REFCOUNTING gstobject.c:264:gst_object_unref: 0x55d8bc3c6cd0 unref 2->1
0:00:00.021234082  4449 0x5635eb641360 DEBUG   structure gststructure.c:2203:gst_structure_parse_field: trying field name 'long-name'
0:00:00.016021244  4450 0x55d8bc38e360 TRACE   GST_REFCOUNTING gstobject.c:264:gst_object_unref: 0x55d8bc3c7990 unref 2->1
0:00:00.021240841  4449 0x5635eb641360 DEBUG   default gstvalue.c:2676:_priv_gst_value_parse_value: trying type name 'string'
0:00:00.016028919  4450 0x55d8bc38e360 TRACE   GST_REFCOUNTING gstobject.c:264:gst_object_unref: 0x55d8bc3c8f80 unref 2->1
0:00:00.021248315  4449 0x5635eb641360 DEBUG   structure gststructure.c:2203:gst_structure_parse_field: trying field name 'klass'
0:00:00.016036267  4450 0x55d8bc38e360 TRACE   GST_REFCOUNTING gstobject.c:264:gst_object_unref: 0x55d8bc3ca210 unref 2->1
0:00:00.021256819  4449 0x5635eb641360 DEBUG   default gstvalue.c:2676:_priv_gst_value_parse_value: trying type name 'string'
0:00:00.016043484  4450 0x55d8bc38e360 TRACE   GST_REFCOUNTING gstobject.c:264:gst_object_unref: 0x55d8bc3cb330 unref 2->1
0:00:00.021265460  4449 0x5635eb641360 DEBUG   structure gststructure.c:2203:gst_structure_parse_field: trying field name 'description'
0:00:00.016053598  4450 0x55d8bc38e360 TRACE   GST_REFCOUNTING gstobject.c:264:gst_object_unref: 0x55d8bc3cd6e0 unref 2->1
0:00:00.021271931  4449 0x5635eb641360 DEBUG   default gstvalue.c:2676:_priv_gst_value_parse_value: trying type name 'string'
0:00:00.016061100  4450 0x55d8bc38e360 TRACE   GST_REFCOUNTING gstobject.c:264:gst_object_unref: 0x55d8bc3cee90 unref 2->1
0:00:00.021280385  4449 0x5635eb641360 DEBUG   structure gststructure.c:2203:gst_structure_parse_field: trying field name 'author'
0:00:00.016068228  4450 0x55d8bc38e360 TRACE   GST_REFCOUNTING gstobject.c:264:gst_object_unref: 0x55d8bc3d0310 unref 2->1
0:00:00.021288554  4449 0x5635eb641360 DEBUG   default gstvalue.c:2676:_priv_gst_value_parse_value: trying type name 'string'
0:00:00.016075283  4450 0x55d8bc38e360 TRACE   GST_REFCOUNTING gstobject.c:264:gst_object_unref: 0x55d8bc3d16f0 unref 2->1
0:00:00.021297766  4449 0x5635eb641360 DEBUG   GST_REGISTRY gstregistrychunks.c:626:gst_registry_chunks_load_feature: Element factory : npadtemplates=2
0:00:00.016085481  4450 0x55d8bc38e360 TRACE   GST_REFCOUNTING gstobject.c:264:gst_object_unref: 0x55d8bc3d26e0 unref 2->1
0:00:00.021304547  4449 0x5635eb641360 DEBUG   GST_REGISTRY gstregistrychunks.c:525:gst_registry_chunks_load_pad_template: Reading/casting for GstRegistryChunkPadTemplate at address 0x5635eb667970
0:00:00.016098378  4450 0x55d8bc38e360 TRACE   GST_REFCOUNTING gstobject.c:264:gst_object_unref: 0x55d8bc3d41c0 unref 2->1
0:00:00.021317025  4449 0x5635eb641360 DEBUG   GST_REGISTRY gstregistrychunks.c:539:gst_registry_chunks_load_pad_template: Added pad_template src_%u
0:00:00.016105993  4450 0x55d8bc38e360 TRACE   GST_REFCOUNTING gstobject.c:264:gst_object_unref: 0x55d8bc3d4eb0 unref 2->1
0:00:00.021326224  4449 0x5635eb641360 DEBUG   GST_REGISTRY gstregistrychunks.c:525:gst_registry_chunks_load_pad_template: Reading/casting for GstRegistryChunkPadTemplate at address 0x5635eb667988
0:00:00.016116239  4450 0x55d8bc38e360 DEBUG   GST_REGISTRY gstregistrychunks.c:497:_priv_gst_registry_chunks_save_plugin: Found 22 features in plugin 0x55d8bc3b6420 (coreelements)
0:00:00.021341119  4449 0x5635eb641360 DEBUG   GST_REGISTRY gstregistrychunks.c:539:gst_registry_chunks_load_pad_template: Added pad_template sink_%u
0:00:00.016127366  4450 0x55d8bc38e360 DEBUG   GST_POLL gstpoll.c:979:gst_poll_fd_ctl_write: 0x55d8bc3b2910: fd (fd:0, idx:1), active : 1
0:00:00.021359639  4449 0x5635eb641360 DEBUG   GST_REGISTRY gstregistry.c:589:gst_registry_add_feature: adding feature 0x5635eb6695d0 (multiqueue)
0:00:00.016146536  4450 0x55d8bc38e360 LOG   GST_POLL gstpoll.c:994:gst_poll_fd_ctl_write: 0x55d8bc3b2910: pfd->events now 60 (POLLOUT:4)
0:00:00.021369584  4449 0x5635eb641360 DEBUG   GST_REFCOUNTING gstobject.c:708:gst_object_set_parent: set parent (ref and sink)
0:00:00.016154097  4450 0x55d8bc38e360 DEBUG   GST_POLL gstpoll.c:979:gst_poll_fd_ctl_write: 0x55d8bc3b2910: fd (fd:0, idx:1), active : 1
0:00:00.021378794  4449 0x5635eb641360 TRACE   GST_REFCOUNTING gstobject.c:292:gst_object_ref_sink: 0x5635eb6695d0 ref_sink 1->2
0:00:00.016164439  4450 0x55d8bc38e360 LOG   GST_POLL gstpoll.c:994:gst_poll_fd_ctl_write: 0x55d8bc3b2910: pfd->events now 60 (POLLOUT:4)
0:00:00.021386334  4449 0x5635eb641360 LOG   GST_REGISTRY gstregistry.c:607:gst_registry_add_feature: emitting feature-added for multiqueue
0:00:00.016172444  4450 0x55d8bc38e360 DEBUG   GST_POLL gstpoll.c:979:gst_poll_fd_ctl_write: 0x55d8bc3b2910: fd (fd:0, idx:1), active : 1
0:00:00.021393833  4449 0x5635eb641360 DEBUG   GST_REGISTRY gstregistrychunks.c:740:gst_registry_chunks_load_feature: Added feature multiqueue, plugin 0x5635eb66fea0 coreelements
0:00:00.016179355  4450 0x55d8bc38e360 LOG   GST_POLL gstpoll.c:994:gst_poll_fd_ctl_write: 0x55d8bc3b2910: pfd->events now 60 (POLLOUT:4)
0:00:00.021403708  4449 0x5635eb641360 DEBUG   GST_REGISTRY gstregistrychunks.c:582:gst_registry_chunks_load_feature: Plugin 'coreelements' feature 'typefind' typename : 'GstElementFactory'
0:00:00.016187593  4450 0x55d8bc38e360 DEBUG   GST_POLL gstpoll.c:979:gst_poll_fd_ctl_write: 0x55d8bc3b2910: fd (fd:0, idx:1), active : 1
0:00:00.021413574  4449 0x5635eb641360 TRACE   GST_REFCOUNTING gstobject.c:208:gst_object_init: 0x5635eb669ab0 new
0:00:00.016197488  4450 0x55d8bc38e360 LOG   GST_POLL gstpoll.c:994:gst_poll_fd_ctl_write: 0x55d8bc3b2910: pfd->events now 60 (POLLOUT:4)
0:00:00.021427575  4449 0x5635eb641360 LOG   GST_REGISTRY gstregistrychunks.c:609:gst_registry_chunks_load_feature: Reading/casting for GstRegistryChunkElementFactory at address 0x5635eb6679b8
0:00:00.016211161  4450 0x55d8bc38e360 DEBUG   GST_POLL gstpoll.c:979:gst_poll_fd_ctl_write: 0x55d8bc3b2910: fd (fd:0, idx:1), active : 1
0:00:00.021434891  4449 0x5635eb641360 TRACE   structure gststructure.c:287:gst_structure_new_id_empty_with_size: created structure 0x5635eb669ce0
0:00:00.016219304  4450 0x55d8bc38e360 LOG   GST_POLL gstpoll.c:994:gst_poll_fd_ctl_write: 0x55d8bc3b2910: pfd->events now 60 (POLLOUT:4)
0:00:00.021444467  4449 0x5635eb641360 DEBUG   structure gststructure.c:2203:gst_structure_parse_field: trying field name 'long-name'
0:00:00.016228818  4450 0x55d8bc38e360 DEBUG   GST_POLL gstpoll.c:979:gst_poll_fd_ctl_write: 0x55d8bc3b2910: fd (fd:0, idx:1), active : 1
0:00:00.021451285  4449 0x5635eb641360 DEBUG   default gstvalue.c:2676:_priv_gst_value_parse_value: trying type name 'string'
0:00:00.016238574  4450 0x55d8bc38e360 LOG   GST_POLL gstpoll.c:994:gst_poll_fd_ctl_write: 0x55d8bc3b2910: pfd->events now 60 (POLLOUT:4)
0:00:00.021458636  4449 0x5635eb641360 DEBUG   structure gststructure.c:2203:gst_structure_parse_field: trying field name 'klass'
0:00:00.016246285  4450 0x55d8bc38e360 DEBUG   GST_POLL gstpoll.c:979:gst_poll_fd_ctl_write: 0x55d8bc3b2910: fd (fd:0, idx:1), active : 1
0:00:00.021464804  4449 0x5635eb641360 DEBUG   default gstvalue.c:2676:_priv_gst_value_parse_value: trying type name 'string'
0:00:00.016253009  4450 0x55d8bc38e360 LOG   GST_POLL gstpoll.c:994:gst_poll_fd_ctl_write: 0x55d8bc3b2910: pfd->events now 60 (POLLOUT:4)
0:00:00.021474838  4449 0x5635eb641360 DEBUG   structure gststructure.c:2203:gst_structure_parse_field: trying field name 'description'
0:00:00.016259890  4450 0x55d8bc38e360 DEBUG   GST_POLL gstpoll.c:979:gst_poll_fd_ctl_write: 0x55d8bc3b2910: fd (fd:0, idx:1), active : 1
0:00:00.021481920  4449 0x5635eb641360 DEBUG   default gstvalue.c:2676:_priv_gst_value_parse_value: trying type name 'string'
0:00:00.016269226  4450 0x55d8bc38e360 LOG   GST_POLL gstpoll.c:994:gst_poll_fd_ctl_write: 0x55d8bc3b2910: pfd->events now 60 (POLLOUT:4)
0:00:00.021489930  4449 0x5635eb641360 DEBUG   structure gststructure.c:2203:gst_structure_parse_field: trying field name 'author'
0:00:00.016277035  4450 0x55d8bc38e360 DEBUG   GST_POLL gstpoll.c:979:gst_poll_fd_ctl_write: 0x55d8bc3b2910: fd (fd:0, idx:1), active : 1
0:00:00.021496327  4449 0x5635eb641360 DEBUG   default gstvalue.c:2676:_priv_gst_value_parse_value: trying type name 'string'
0:00:00.016283759  4450 0x55d8bc38e360 LOG   GST_POLL gstpoll.c:994:gst_poll_fd_ctl_write: 0x55d8bc3b2910: pfd->events now 60 (POLLOUT:4)
0:00:00.021506947  4449 0x5635eb641360 DEBUG   GST_REGISTRY gstregistrychunks.c:626:gst_registry_chunks_load_feature: Element factory : npadtemplates=2
0:00:00.016290386  4450 0x55d8bc38e360 DEBUG   GST_POLL gstpoll.c:979:gst_poll_fd_ctl_write: 0x55d8bc3b2910: fd (fd:0, idx:1), active : 1
0:00:00.021518285  4449 0x5635eb641360 DEBUG   GST_REGISTRY gstregistrychunks.c:525:gst_registry_chunks_load_pad_template: Reading/casting for GstRegistryChunkPadTemplate at address 0x5635eb667a90
0:00:00.016305148  4450 0x55d8bc38e360 LOG   GST_POLL gstpoll.c:994:gst_poll_fd_ctl_write: 0x55d8bc3b2910: pfd->events now 60 (POLLOUT:4)
0:00:00.021525080  4449 0x5635eb641360 DEBUG   GST_REGISTRY gstregistrychunks.c:539:gst_registry_chunks_load_pad_template: Added pad_template sink
0:00:00.016312920  4450 0x55d8bc38e360 DEBUG   GST_POLL gstpoll.c:979:gst_poll_fd_ctl_write: 0x55d8bc3b2910: fd (fd:0, idx:1), active : 1
0:00:00.021531258  4449 0x5635eb641360 DEBUG   GST_REGISTRY gstregistrychunks.c:525:gst_registry_chunks_load_pad_template: Reading/casting for GstRegistryChunkPadTemplate at address 0x5635eb667aa8
0:00:00.016319882  4450 0x55d8bc38e360 LOG   GST_POLL gstpoll.c:994:gst_poll_fd_ctl_write: 0x55d8bc3b2910: pfd->events now 60 (POLLOUT:4)
0:00:00.021540506  4449 0x5635eb641360 DEBUG   GST_REGISTRY gstregistrychunks.c:539:gst_registry_chunks_load_pad_template: Added pad_template src
0:00:00.016326455  4450 0x55d8bc38e360 DEBUG   GST_POLL gstpoll.c:979:gst_poll_fd_ctl_write: 0x55d8bc3b2910: fd (fd:0, idx:1), active : 1
0:00:00.016335428  4450 0x55d8bc38e360 LOG   GST_POLL gstpoll.c:994:gst_poll_fd_ctl_write: 0x55d8bc3b2910: pfd->events now 60 (POLLOUT:4)
0:00:00.021553116  4449 0x5635eb641360 DEBUG   GST_REGISTRY gstregistry.c:589:gst_registry_add_feature: adding feature 0x5635eb669ab0 (typefind)
0:00:00.016342721  4450 0x55d8bc38e360 DEBUG   GST_POLL gstpoll.c:979:gst_poll_fd_ctl_write: 0x55d8bc3b2910: fd (fd:0, idx:1), active : 1
0:00:00.021561784  4449 0x5635eb641360 DEBUG   GST_REFCOUNTING gstobject.c:708:gst_object_set_parent: set parent (ref and sink)
0:00:00.016349278  4450 0x55d8bc38e360 LOG   GST_POLL gstpoll.c:994:gst_poll_fd_ctl_write: 0x55d8bc3b2910: pfd->events now 60 (POLLOUT:4)
0:00:00.016356242  4450 0x55d8bc38e360 DEBUG   GST_POLL gstpoll.c:979:gst_poll_fd_ctl_write: 0x55d8bc3b2910: fd (fd:0, idx:1), active : 1
0:00:00.021572341  4449 0x5635eb641360 TRACE   GST_REFCOUNTING gstobject.c:292:gst_object_ref_sink: 0x5635eb669ab0 ref_sink 1->2
0:00:00.016365071  4450 0x55d8bc38e360 LOG   GST_POLL gstpoll.c:994:gst_poll_fd_ctl_write: 0x55d8bc3b2910: pfd->events now 60 (POLLOUT:4)
0:00:00.021583939  4449 0x5635eb641360 LOG   GST_REGISTRY gstregistry.c:607:gst_registry_add_feature: emitting feature-added for typefind
0:00:00.016372962  4450 0x55d8bc38e360 DEBUG   GST_POLL gstpoll.c:979:gst_poll_fd_ctl_write: 0x55d8bc3b2910: fd (fd:0, idx:1), active : 1
0:00:00.021592615  4449 0x5635eb641360 DEBUG   GST_REGISTRY gstregistrychunks.c:740:gst_registry_chunks_load_feature: Added feature typefind, plugin 0x5635eb66fea0 coreelements
0:00:00.016379638  4450 0x55d8bc38e360 LOG   GST_POLL gstpoll.c:994:gst_poll_fd_ctl_write: 0x55d8bc3b2910: pfd->events now 60 (POLLOUT:4)
0:00:00.021600242  4449 0x5635eb641360 DEBUG   GST_REGISTRY gstregistrychunks.c:582:gst_registry_chunks_load_feature: Plugin 'coreelements' feature 'tee' typename : 'GstElementFactory'
0:00:00.016386434  4450 0x55d8bc38e360 DEBUG   GST_POLL gstpoll.c:979:gst_poll_fd_ctl_write: 0x55d8bc3b2910: fd (fd:0, idx:1), active : 1
0:00:00.016399326  4450 0x55d8bc38e360 LOG   GST_POLL gstpoll.c:994:gst_poll_fd_ctl_write: 0x55d8bc3b2910: pfd->events now 60 (POLLOUT:4)
0:00:00.021616587  4449 0x5635eb641360 TRACE   GST_REFCOUNTING gstobject.c:208:gst_object_init: 0x5635eb669f80 new
0:00:00.016406926  4450 0x55d8bc38e360 DEBUG   GST_POLL gstpoll.c:979:gst_poll_fd_ctl_write: 0x55d8bc3b2910: fd (fd:0, idx:1), active : 1
0:00:00.021627886  4449 0x5635eb641360 LOG   GST_REGISTRY gstregistrychunks.c:609:gst_registry_chunks_load_feature: Reading/casting for GstRegistryChunkElementFactory at address 0x5635eb667ad0
0:00:00.016414264  4450 0x55d8bc38e360 LOG   GST_POLL gstpoll.c:994:gst_poll_fd_ctl_write: 0x55d8bc3b2910: pfd->events now 60 (POLLOUT:4)
0:00:00.021635564  4449 0x5635eb641360 TRACE   structure gststructure.c:287:gst_structure_new_id_empty_with_size: created structure 0x5635eb66a1c0
0:00:00.016421444  4450 0x55d8bc38e360 DEBUG   GST_POLL gstpoll.c:979:gst_poll_fd_ctl_write: 0x55d8bc3b2910: fd (fd:0, idx:1), active : 1
0:00:00.021642431  4449 0x5635eb641360 DEBUG   structure gststructure.c:2203:gst_structure_parse_field: trying field name 'long-name'
0:00:00.016430270  4450 0x55d8bc38e360 LOG   GST_POLL gstpoll.c:994:gst_poll_fd_ctl_write: 0x55d8bc3b2910: pfd->events now 60 (POLLOUT:4)
0:00:00.021650894  4449 0x5635eb641360 DEBUG   default gstvalue.c:2676:_priv_gst_value_parse_value: trying type name 'string'
0:00:00.016438461  4450 0x55d8bc38e360 DEBUG   GST_POLL gstpoll.c:979:gst_poll_fd_ctl_write: 0x55d8bc3b2910: fd (fd:0, idx:1), active : 1
0:00:00.021659898  4449 0x5635eb641360 DEBUG   structure gststructure.c:2203:gst_structure_parse_field: trying field name 'klass'
0:00:00.016445038  4450 0x55d8bc38e360 LOG   GST_POLL gstpoll.c:994:gst_poll_fd_ctl_write: 0x55d8bc3b2910: pfd->events now 60 (POLLOUT:4)
0:00:00.021666460  4449 0x5635eb641360 DEBUG   default gstvalue.c:2676:_priv_gst_value_parse_value: trying type name 'string'
0:00:00.016452158  4450 0x55d8bc38e360 DEBUG   GST_POLL gstpoll.c:979:gst_poll_fd_ctl_write: 0x55d8bc3b2910: fd (fd:0, idx:1), active : 1
0:00:00.021673683  4449 0x5635eb641360 DEBUG   structure gststructure.c:2203:gst_structure_parse_field: trying field name 'description'
0:00:00.016460834  4450 0x55d8bc38e360 LOG   GST_POLL gstpoll.c:994:gst_poll_fd_ctl_write: 0x55d8bc3b2910: pfd->events now 60 (POLLOUT:4)
0:00:00.021682189  4449 0x5635eb641360 DEBUG   default gstvalue.c:2676:_priv_gst_value_parse_value: trying type name 'string'
0:00:00.016469654  4450 0x55d8bc38e360 DEBUG   GST_POLL gstpoll.c:979:gst_poll_fd_ctl_write: 0x55d8bc3b2910: fd (fd:0, idx:1), active : 1
0:00:00.021691757  4449 0x5635eb641360 DEBUG   structure gststructure.c:2203:gst_structure_parse_field: trying field name 'author'
0:00:00.016476507  4450 0x55d8bc38e360 LOG   GST_POLL gstpoll.c:994:gst_poll_fd_ctl_write: 0x55d8bc3b2910: pfd->events now 60 (POLLOUT:4)
0:00:00.021697949  4449 0x5635eb641360 DEBUG   default gstvalue.c:2676:_priv_gst_value_parse_value: trying type name 'string'
0:00:00.016488826  4450 0x55d8bc38e360 DEBUG   GST_POLL gstpoll.c:979:gst_poll_fd_ctl_write: 0x55d8bc3b2910: fd (fd:0, idx:1), active : 1
0:00:00.021709041  4449 0x5635eb641360 DEBUG   GST_REGISTRY gstregistrychunks.c:626:gst_registry_chunks_load_feature: Element factory : npadtemplates=2
0:00:00.016497583  4450 0x55d8bc38e360 LOG   GST_POLL gstpoll.c:994:gst_poll_fd_ctl_write: 0x55d8bc3b2910: pfd->events now 60 (POLLOUT:4)
0:00:00.021717498  4449 0x5635eb641360 DEBUG   GST_REGISTRY gstregistrychunks.c:525:gst_registry_chunks_load_pad_template: Reading/casting for GstRegistryChunkPadTemplate at address 0x5635eb667bc0
0:00:00.016505610  4450 0x55d8bc38e360 DEBUG   GST_POLL gstpoll.c:979:gst_poll_fd_ctl_write: 0x55d8bc3b2910: fd (fd:0, idx:1), active : 1
0:00:00.021725309  4449 0x5635eb641360 DEBUG   GST_REGISTRY gstregistrychunks.c:539:gst_registry_chunks_load_pad_template: Added pad_template src_%u
0:00:00.016512250  4450 0x55d8bc38e360 LOG   GST_POLL gstpoll.c:994:gst_poll_fd_ctl_write: 0x55d8bc3b2910: pfd->events now 60 (POLLOUT:4)
0:00:00.021731723  4449 0x5635eb641360 DEBUG   GST_REGISTRY gstregistrychunks.c:525:gst_registry_chunks_load_pad_template: Reading/casting for GstRegistryChunkPadTemplate at address 0x5635eb667bd8
0:00:00.016519309  4450 0x55d8bc38e360 DEBUG   GST_POLL gstpoll.c:979:gst_poll_fd_ctl_write: 0x55d8bc3b2910: fd (fd:0, idx:1), active : 1
0:00:00.021738132  4449 0x5635eb641360 DEBUG   GST_REGISTRY gstregistrychunks.c:539:gst_registry_chunks_load_pad_template: Added pad_template sink
0:00:00.016528028  4450 0x55d8bc38e360 LOG   GST_POLL gstpoll.c:994:gst_poll_fd_ctl_write: 0x55d8bc3b2910: pfd->events now 60 (POLLOUT:4)
0:00:00.021749733  4449 0x5635eb641360 DEBUG   GST_REGISTRY gstregistry.c:589:gst_registry_add_feature: adding feature 0x5635eb669f80 (tee)
0:00:00.016535972  4450 0x55d8bc38e360 DEBUG   GST_POLL gstpoll.c:979:gst_poll_fd_ctl_write: 0x55d8bc3b2910: fd (fd:0, idx:1), active : 1
0:00:00.021757339  4449 0x5635eb641360 DEBUG   GST_REFCOUNTING gstobject.c:708:gst_object_set_parent: set parent (ref and sink)
0:00:00.016542785  4450 0x55d8bc38e360 LOG   GST_POLL gstpoll.c:994:gst_poll_fd_ctl_write: 0x55d8bc3b2910: pfd->events now 60 (POLLOUT:4)
0:00:00.021765638  4449 0x5635eb641360 TRACE   GST_REFCOUNTING gstobject.c:292:gst_object_ref_sink: 0x5635eb669f80 ref_sink 1->2
0:00:00.016549946  4450 0x55d8bc38e360 DEBUG   GST_POLL gstpoll.c:979:gst_poll_fd_ctl_write: 0x55d8bc3b2910: fd (fd:0, idx:1), active : 1
0:00:00.021773098  4449 0x5635eb641360 LOG   GST_REGISTRY gstregistry.c:607:gst_registry_add_feature: emitting feature-added for tee
0:00:00.016559651  4450 0x55d8bc38e360 LOG   GST_POLL gstpoll.c:994:gst_poll_fd_ctl_write: 0x55d8bc3b2910: pfd->events now 60 (POLLOUT:4)
0:00:00.021782581  4449 0x5635eb641360 DEBUG   GST_REGISTRY gstregistrychunks.c:740:gst_registry_chunks_load_feature: Added feature tee, plugin 0x5635eb66fea0 coreelements
0:00:00.016567556  4450 0x55d8bc38e360 DEBUG   GST_POLL gstpoll.c:979:gst_poll_fd_ctl_write: 0x55d8bc3b2910: fd (fd:0, idx:1), active : 1
0:00:00.021790745  4449 0x5635eb641360 DEBUG   GST_REGISTRY gstregistrychunks.c:582:gst_registry_chunks_load_feature: Plugin 'coreelements' feature 'filesink' typename : 'GstElementFactory'
0:00:00.016579275  4450 0x55d8bc38e360 LOG   GST_POLL gstpoll.c:994:gst_poll_fd_ctl_write: 0x55d8bc3b2910: pfd->events now 60 (POLLOUT:4)
0:00:00.021800838  4449 0x5635eb641360 TRACE   GST_REFCOUNTING gstobject.c:208:gst_object_init: 0x5635eb66a4f0 new
0:00:00.016586379  4450 0x55d8bc38e360 DEBUG   GST_POLL gstpoll.c:979:gst_poll_fd_ctl_write: 0x55d8bc3b2910: fd (fd:0, idx:1), active : 1
0:00:00.021810190  4449 0x5635eb641360 LOG   GST_REGISTRY gstregistrychunks.c:609:gst_registry_chunks_load_feature: Reading/casting for GstRegistryChunkElementFactory at address 0x5635eb667c08
0:00:00.016595214  4450 0x55d8bc38e360 LOG   GST_POLL gstpoll.c:994:gst_poll_fd_ctl_write: 0x55d8bc3b2910: pfd->events now 60 (POLLOUT:4)
0:00:00.021819349  4449 0x5635eb641360 TRACE   structure gststructure.c:287:gst_structure_new_id_empty_with_size: created structure 0x5635eb66a7f0
0:00:00.016603519  4450 0x55d8bc38e360 DEBUG   GST_POLL gstpoll.c:979:gst_poll_fd_ctl_write: 0x55d8bc3b2910: fd (fd:0, idx:1), active : 1
0:00:00.021826986  4449 0x5635eb641360 DEBUG   structure gststructure.c:2203:gst_structure_parse_field: trying field name 'long-name'
0:00:00.016612071  4450 0x55d8bc38e360 LOG   GST_POLL gstpoll.c:994:gst_poll_fd_ctl_write: 0x55d8bc3b2910: pfd->events now 60 (POLLOUT:4)
0:00:00.021833944  4449 0x5635eb641360 DEBUG   default gstvalue.c:2676:_priv_gst_value_parse_value: trying type name 'string'
0:00:00.016619424  4450 0x55d8bc38e360 DEBUG   GST_POLL gstpoll.c:979:gst_poll_fd_ctl_write: 0x55d8bc3b2910: fd (fd:0, idx:1), active : 1
0:00:00.021841240  4449 0x5635eb641360 DEBUG   structure gststructure.c:2203:gst_structure_parse_field: trying field name 'klass'
0:00:00.016628219  4450 0x55d8bc38e360 LOG   GST_POLL gstpoll.c:994:gst_poll_fd_ctl_write: 0x55d8bc3b2910: pfd->events now 60 (POLLOUT:4)
0:00:00.021849678  4449 0x5635eb641360 DEBUG   default gstvalue.c:2676:_priv_gst_value_parse_value: trying type name 'string'
0:00:00.016636107  4450 0x55d8bc38e360 DEBUG   GST_POLL gstpoll.c:979:gst_poll_fd_ctl_write: 0x55d8bc3b2910: fd (fd:0, idx:1), active : 1
0:00:00.021858516  4449 0x5635eb641360 DEBUG   structure gststructure.c:2203:gst_structure_parse_field: trying field name 'description'
0:00:00.016642814  4450 0x55d8bc38e360 LOG   GST_POLL gstpoll.c:994:gst_poll_fd_ctl_write: 0x55d8bc3b2910: pfd->events now 60 (POLLOUT:4)
0:00:00.021864917  4449 0x5635eb641360 DEBUG   default gstvalue.c:2676:_priv_gst_value_parse_value: trying type name 'string'
0:00:00.016655382  4450 0x55d8bc38e360 DEBUG   GST_POLL gstpoll.c:979:gst_poll_fd_ctl_write: 0x55d8bc3b2910: fd (fd:0, idx:1), active : 1
0:00:00.021874761  4449 0x5635eb641360 DEBUG   structure gststructure.c:2203:gst_structure_parse_field: trying field name 'author'
0:00:00.016664533  4450 0x55d8bc38e360 LOG   GST_POLL gstpoll.c:994:gst_poll_fd_ctl_write: 0x55d8bc3b2910: pfd->events now 60 (POLLOUT:4)
0:00:00.021884117  4449 0x5635eb641360 DEBUG   default gstvalue.c:2676:_priv_gst_value_parse_value: trying type name 'string'
0:00:00.016677262  4450 0x55d8bc38e360 DEBUG   GST_POLL gstpoll.c:979:gst_poll_fd_ctl_write: 0x55d8bc3b2910: fd (fd:0, idx:1), active : 1
0:00:00.021897871  4449 0x5635eb641360 DEBUG   GST_REGISTRY gstregistrychunks.c:626:gst_registry_chunks_load_feature: Element factory : npadtemplates=1
0:00:00.016684134  4450 0x55d8bc38e360 LOG   GST_POLL gstpoll.c:994:gst_poll_fd_ctl_write: 0x55d8bc3b2910: pfd->events now 60 (POLLOUT:4)
0:00:00.021904276  4449 0x5635eb641360 DEBUG   GST_REGISTRY gstregistrychunks.c:525:gst_registry_chunks_load_pad_template: Reading/casting for GstRegistryChunkPadTemplate at address 0x5635eb667ce8
0:00:00.016691188  4450 0x55d8bc38e360 DEBUG   GST_POLL gstpoll.c:979:gst_poll_fd_ctl_write: 0x55d8bc3b2910: fd (fd:0, idx:1), active : 1
0:00:00.021911103  4449 0x5635eb641360 DEBUG   GST_REGISTRY gstregistrychunks.c:539:gst_registry_chunks_load_pad_template: Added pad_template sink
0:00:00.016699862  4450 0x55d8bc38e360 LOG   GST_POLL gstpoll.c:994:gst_poll_fd_ctl_write: 0x55d8bc3b2910: pfd->events now 60 (POLLOUT:4)
0:00:00.021920334  4449 0x5635eb641360 DEBUG   GST_REGISTRY gstregistrychunks.c:639:gst_registry_chunks_load_feature: Reading 1 UriTypes at address 0x5635eb667cf9
0:00:00.016707632  4450 0x55d8bc38e360 DEBUG   GST_POLL gstpoll.c:979:gst_poll_fd_ctl_write: 0x55d8bc3b2910: fd (fd:0, idx:1), active : 1
0:00:00.021928932  4449 0x5635eb641360 DEBUG   GST_REGISTRY gstregistrychunks.c:654:gst_registry_chunks_load_feature: Reading 1 Interfaces at address 0x5635eb667d09
0:00:00.016714677  4450 0x55d8bc38e360 LOG   GST_POLL gstpoll.c:994:gst_poll_fd_ctl_write: 0x55d8bc3b2910: pfd->events now 60 (POLLOUT:4)
0:00:00.021938495  4449 0x5635eb641360 DEBUG   GST_REGISTRY gstregistry.c:589:gst_registry_add_feature: adding feature 0x5635eb66a4f0 (filesink)
0:00:00.016721617  4450 0x55d8bc38e360 DEBUG   GST_POLL gstpoll.c:979:gst_poll_fd_ctl_write: 0x55d8bc3b2910: fd (fd:0, idx:1), active : 1
0:00:00.021945641  4449 0x5635eb641360 DEBUG   GST_REFCOUNTING gstobject.c:708:gst_object_set_parent: set parent (ref and sink)
0:00:00.016732837  4450 0x55d8bc38e360 LOG   GST_POLL gstpoll.c:994:gst_poll_fd_ctl_write: 0x55d8bc3b2910: pfd->events now 60 (POLLOUT:4)
0:00:00.021956450  4449 0x5635eb641360 TRACE   GST_REFCOUNTING gstobject.c:292:gst_object_ref_sink: 0x5635eb66a4f0 ref_sink 1->2
0:00:00.016740815  4450 0x55d8bc38e360 DEBUG   GST_POLL gstpoll.c:979:gst_poll_fd_ctl_write: 0x55d8bc3b2910: fd (fd:0, idx:1), active : 1
0:00:00.021965327  4449 0x5635eb641360 LOG   GST_REGISTRY gstregistry.c:607:gst_registry_add_feature: emitting feature-added for filesink
0:00:00.016750000  4450 0x55d8bc38e360 LOG   GST_POLL gstpoll.c:994:gst_poll_fd_ctl_write: 0x55d8bc3b2910: pfd->events now 60 (POLLOUT:4)
0:00:00.021973354  4449 0x5635eb641360 DEBUG   GST_REGISTRY gstregistrychunks.c:740:gst_registry_chunks_load_feature: Added feature filesink, plugin 0x5635eb66fea0 coreelements
0:00:00.016757951  4450 0x55d8bc38e360 DEBUG   GST_POLL gstpoll.c:979:gst_poll_fd_ctl_write: 0x55d8bc3b2910: fd (fd:0, idx:1), active : 1
0:00:00.021980422  4449 0x5635eb641360 DEBUG   GST_REGISTRY gstregistrychunks.c:582:gst_registry_chunks_load_feature: Plugin 'coreelements' feature 'queue2' typename : 'GstElementFactory'
0:00:00.016772579  4450 0x55d8bc38e360 LOG   GST_POLL gstpoll.c:994:gst_poll_fd_ctl_write: 0x55d8bc3b2910: pfd->events now 60 (POLLOUT:4)
0:00:00.021994824  4449 0x5635eb641360 TRACE   GST_REFCOUNTING gstobject.c:208:gst_object_init: 0x5635eb66aa20 new
0:00:00.016780402  4450 0x55d8bc38e360 DEBUG   GST_POLL gstpoll.c:979:gst_poll_fd_ctl_write: 0x55d8bc3b2910: fd (fd:0, idx:1), active : 1
0:00:00.016788542  4450 0x55d8bc38e360 LOG   GST_POLL gstpoll.c:994:gst_poll_fd_ctl_write: 0x55d8bc3b2910: pfd->events now 60 (POLLOUT:4)
0:00:00.022005601  4449 0x5635eb641360 LOG   GST_REGISTRY gstregistrychunks.c:609:gst_registry_chunks_load_feature: Reading/casting for GstRegistryChunkElementFactory at address 0x5635eb667d30
0:00:00.016794666  4450 0x55d8bc38e360 DEBUG   GST_POLL gstpoll.c:979:gst_poll_fd_ctl_write: 0x55d8bc3b2910: fd (fd:0, idx:1), active : 1
0:00:00.022013837  4449 0x5635eb641360 TRACE   structure gststructure.c:287:gst_structure_new_id_empty_with_size: created structure 0x5635eb66ad80
0:00:00.016803686  4450 0x55d8bc38e360 LOG   GST_POLL gstpoll.c:994:gst_poll_fd_ctl_write: 0x55d8bc3b2910: pfd->events now 60 (POLLOUT:4)
0:00:00.022021277  4449 0x5635eb641360 DEBUG   structure gststructure.c:2203:gst_structure_parse_field: trying field name 'long-name'
0:00:00.016811705  4450 0x55d8bc38e360 DEBUG   GST_POLL gstpoll.c:979:gst_poll_fd_ctl_write: 0x55d8bc3b2910: fd (fd:0, idx:1), active : 1
0:00:00.022031688  4449 0x5635eb641360 DEBUG   default gstvalue.c:2676:_priv_gst_value_parse_value: trying type name 'string'
0:00:00.016818406  4450 0x55d8bc38e360 LOG   GST_POLL gstpoll.c:994:gst_poll_fd_ctl_write: 0x55d8bc3b2910: pfd->events now 60 (POLLOUT:4)
0:00:00.022040337  4449 0x5635eb641360 DEBUG   structure gststructure.c:2203:gst_structure_parse_field: trying field name 'klass'
0:00:00.016825391  4450 0x55d8bc38e360 DEBUG   GST_POLL gstpoll.c:979:gst_poll_fd_ctl_write: 0x55d8bc3b2910: fd (fd:0, idx:1), active : 1
0:00:00.022046600  4449 0x5635eb641360 DEBUG   default gstvalue.c:2676:_priv_gst_value_parse_value: trying type name 'string'
0:00:00.016833945  4450 0x55d8bc38e360 LOG   GST_POLL gstpoll.c:994:gst_poll_fd_ctl_write: 0x55d8bc3b2910: pfd->events now 60 (POLLOUT:4)
0:00:00.022053852  4449 0x5635eb641360 DEBUG   structure gststructure.c:2203:gst_structure_parse_field: trying field name 'description'
0:00:00.016841736  4450 0x55d8bc38e360 DEBUG   GST_POLL gstpoll.c:979:gst_poll_fd_ctl_write: 0x55d8bc3b2910: fd (fd:0, idx:1), active : 1
0:00:00.022062068  4449 0x5635eb641360 DEBUG   default gstvalue.c:2676:_priv_gst_value_parse_value: trying type name 'string'
0:00:00.016848375  4450 0x55d8bc38e360 LOG   GST_POLL gstpoll.c:994:gst_poll_fd_ctl_write: 0x55d8bc3b2910: pfd->events now 60 (POLLOUT:4)
0:00:00.016855146  4450 0x55d8bc38e360 DEBUG   GST_POLL gstpoll.c:979:gst_poll_fd_ctl_write: 0x55d8bc3b2910: fd (fd:0, idx:1), active : 1
0:00:00.022074789  4449 0x5635eb641360 DEBUG   structure gststructure.c:2203:gst_structure_parse_field: trying field name 'author'
0:00:00.016868396  4450 0x55d8bc38e360 LOG   GST_POLL gstpoll.c:994:gst_poll_fd_ctl_write: 0x55d8bc3b2910: pfd->events now 60 (POLLOUT:4)
0:00:00.022086047  4449 0x5635eb641360 DEBUG   default gstvalue.c:2676:_priv_gst_value_parse_value: trying type name 'string'
0:00:00.016876290  4450 0x55d8bc38e360 DEBUG   GST_POLL gstpoll.c:979:gst_poll_fd_ctl_write: 0x55d8bc3b2910: fd (fd:0, idx:1), active : 1
0:00:00.022096404  4449 0x5635eb641360 DEBUG   GST_REGISTRY gstregistrychunks.c:626:gst_registry_chunks_load_feature: Element factory : npadtemplates=2
0:00:00.016882911  4450 0x55d8bc38e360 LOG   GST_POLL gstpoll.c:994:gst_poll_fd_ctl_write: 0x55d8bc3b2910: pfd->events now 60 (POLLOUT:4)
0:00:00.022105454  4449 0x5635eb641360 DEBUG   GST_REGISTRY gstregistrychunks.c:525:gst_registry_chunks_load_pad_template: Reading/casting for GstRegistryChunkPadTemplate at address 0x5635eb667e20
0:00:00.016890308  4450 0x55d8bc38e360 DEBUG   GST_POLL gstpoll.c:979:gst_poll_fd_ctl_write: 0x55d8bc3b2910: fd (fd:0, idx:1), active : 1
0:00:00.022112637  4449 0x5635eb641360 DEBUG   GST_REGISTRY gstregistrychunks.c:539:gst_registry_chunks_load_pad_template: Added pad_template sink
0:00:00.016899365  4450 0x55d8bc38e360 LOG   GST_POLL gstpoll.c:994:gst_poll_fd_ctl_write: 0x55d8bc3b2910: pfd->events now 60 (POLLOUT:4)
0:00:00.022119081  4449 0x5635eb641360 DEBUG   GST_REGISTRY gstregistrychunks.c:525:gst_registry_chunks_load_pad_template: Reading/casting for GstRegistryChunkPadTemplate at address 0x5635eb667e38
0:00:00.016907389  4450 0x55d8bc38e360 DEBUG   GST_POLL gstpoll.c:979:gst_poll_fd_ctl_write: 0x55d8bc3b2910: fd (fd:0, idx:1), active : 1
0:00:00.022125866  4449 0x5635eb641360 DEBUG   GST_REGISTRY gstregistrychunks.c:539:gst_registry_chunks_load_pad_template: Added pad_template src
0:00:00.016913921  4450 0x55d8bc38e360 LOG   GST_POLL gstpoll.c:994:gst_poll_fd_ctl_write: 0x55d8bc3b2910: pfd->events now 60 (POLLOUT:4)
0:00:00.022137181  4449 0x5635eb641360 DEBUG   GST_REGISTRY gstregistry.c:589:gst_registry_add_feature: adding feature 0x5635eb66aa20 (queue2)
0:00:00.016920902  4450 0x55d8bc38e360 DEBUG   GST_POLL gstpoll.c:979:gst_poll_fd_ctl_write: 0x55d8bc3b2910: fd (fd:0, idx:1), active : 1
0:00:00.022144613  4449 0x5635eb641360 DEBUG   GST_REFCOUNTING gstobject.c:708:gst_object_set_parent: set parent (ref and sink)
0:00:00.016931539  4450 0x55d8bc38e360 LOG   GST_POLL gstpoll.c:994:gst_poll_fd_ctl_write: 0x55d8bc3b2910: pfd->events now 60 (POLLOUT:4)
0:00:00.022152889  4449 0x5635eb641360 TRACE   GST_REFCOUNTING gstobject.c:292:gst_object_ref_sink: 0x5635eb66aa20 ref_sink 1->2
0:00:00.016939622  4450 0x55d8bc38e360 DEBUG   GST_POLL gstpoll.c:979:gst_poll_fd_ctl_write: 0x55d8bc3b2910: fd (fd:0, idx:1), active : 1
0:00:00.022160486  4449 0x5635eb641360 LOG   GST_REGISTRY gstregistry.c:607:gst_registry_add_feature: emitting feature-added for queue2
0:00:00.016946573  4450 0x55d8bc38e360 LOG   GST_POLL gstpoll.c:994:gst_poll_fd_ctl_write: 0x55d8bc3b2910: pfd->events now 60 (POLLOUT:4)
0:00:00.022170717  4449 0x5635eb641360 DEBUG   GST_REGISTRY gstregistrychunks.c:740:gst_registry_chunks_load_feature: Added feature queue2, plugin 0x5635eb66fea0 coreelements
0:00:00.016959268  4450 0x55d8bc38e360 DEBUG   GST_POLL gstpoll.c:979:gst_poll_fd_ctl_write: 0x55d8bc3b2910: fd (fd:0, idx:1), active : 1
0:00:00.022178503  4449 0x5635eb641360 DEBUG   GST_REGISTRY gstregistrychunks.c:582:gst_registry_chunks_load_feature: Plugin 'coreelements' feature 'queue' typename : 'GstElementFactory'
0:00:00.016968059  4450 0x55d8bc38e360 LOG   GST_POLL gstpoll.c:994:gst_poll_fd_ctl_write: 0x55d8bc3b2910: pfd->events now 60 (POLLOUT:4)
0:00:00.022188619  4449 0x5635eb641360 TRACE   GST_REFCOUNTING gstobject.c:208:gst_object_init: 0x5635eb66b170 new
0:00:00.016975785  4450 0x55d8bc38e360 DEBUG   GST_POLL gstpoll.c:979:gst_poll_fd_ctl_write: 0x55d8bc3b2910: fd (fd:0, idx:1), active : 1
0:00:00.022197898  4449 0x5635eb641360 LOG   GST_REGISTRY gstregistrychunks.c:609:gst_registry_chunks_load_feature: Reading/casting for GstRegistryChunkElementFactory at address 0x5635eb667e60
0:00:00.016982635  4450 0x55d8bc38e360 LOG   GST_POLL gstpoll.c:994:gst_poll_fd_ctl_write: 0x55d8bc3b2910: pfd->events now 60 (POLLOUT:4)
0:00:00.022208312  4449 0x5635eb641360 TRACE   structure gststructure.c:287:gst_structure_new_id_empty_with_size: created structure 0x5635eb66b540
0:00:00.016992170  4450 0x55d8bc38e360 DEBUG   GST_POLL gstpoll.c:979:gst_poll_fd_ctl_write: 0x55d8bc3b2910: fd (fd:0, idx:1), active : 1
0:00:00.022215668  4449 0x5635eb641360 DEBUG   structure gststructure.c:2203:gst_structure_parse_field: trying field name 'long-name'
0:00:00.017002854  4450 0x55d8bc38e360 LOG   GST_POLL gstpoll.c:994:gst_poll_fd_ctl_write: 0x55d8bc3b2910: pfd->events now 60 (POLLOUT:4)
0:00:00.022222078  4449 0x5635eb641360 DEBUG   default gstvalue.c:2676:_priv_gst_value_parse_value: trying type name 'string'
0:00:00.017010701  4450 0x55d8bc38e360 DEBUG   GST_POLL gstpoll.c:979:gst_poll_fd_ctl_write: 0x55d8bc3b2910: fd (fd:0, idx:1), active : 1
0:00:00.022230058  4449 0x5635eb641360 DEBUG   structure gststructure.c:2203:gst_structure_parse_field: trying field name 'klass'
0:00:00.017017461  4450 0x55d8bc38e360 LOG   GST_POLL gstpoll.c:994:gst_poll_fd_ctl_write: 0x55d8bc3b2910: pfd->events now 60 (POLLOUT:4)
0:00:00.022239201  4449 0x5635eb641360 DEBUG   default gstvalue.c:2676:_priv_gst_value_parse_value: trying type name 'string'
0:00:00.017024370  4450 0x55d8bc38e360 DEBUG   GST_POLL gstpoll.c:979:gst_poll_fd_ctl_write: 0x55d8bc3b2910: fd (fd:0, idx:1), active : 1
0:00:00.022247186  4449 0x5635eb641360 DEBUG   structure gststructure.c:2203:gst_structure_parse_field: trying field name 'description'
0:00:00.017033314  4450 0x55d8bc38e360 LOG   GST_POLL gstpoll.c:994:gst_poll_fd_ctl_write: 0x55d8bc3b2910: pfd->events now 60 (POLLOUT:4)
0:00:00.022253679  4449 0x5635eb641360 DEBUG   default gstvalue.c:2676:_priv_gst_value_parse_value: trying type name 'string'
0:00:00.017041283  4450 0x55d8bc38e360 DEBUG   GST_POLL gstpoll.c:979:gst_poll_fd_ctl_write: 0x55d8bc3b2910: fd (fd:0, idx:1), active : 1
0:00:00.022260878  4449 0x5635eb641360 DEBUG   structure gststructure.c:2203:gst_structure_parse_field: trying field name 'author'
0:00:00.017052834  4450 0x55d8bc38e360 LOG   GST_POLL gstpoll.c:994:gst_poll_fd_ctl_write: 0x55d8bc3b2910: pfd->events now 60 (POLLOUT:4)
0:00:00.022273566  4449 0x5635eb641360 DEBUG   default gstvalue.c:2676:_priv_gst_value_parse_value: trying type name 'string'
0:00:00.017060116  4450 0x55d8bc38e360 DEBUG   GST_POLL gstpoll.c:979:gst_poll_fd_ctl_write: 0x55d8bc3b2910: fd (fd:0, idx:1), active : 1
0:00:00.022282182  4449 0x5635eb641360 DEBUG   GST_REGISTRY gstregistrychunks.c:626:gst_registry_chunks_load_feature: Element factory : npadtemplates=2
0:00:00.017068766  4450 0x55d8bc38e360 LOG   GST_POLL gstpoll.c:994:gst_poll_fd_ctl_write: 0x55d8bc3b2910: pfd->events now 60 (POLLOUT:4)
0:00:00.022288462  4449 0x5635eb641360 DEBUG   GST_REGISTRY gstregistrychunks.c:525:gst_registry_chunks_load_pad_template: Reading/casting for GstRegistryChunkPadTemplate at address 0x5635eb667f18
0:00:00.017076670  4450 0x55d8bc38e360 DEBUG   GST_POLL gstpoll.c:979:gst_poll_fd_ctl_write: 0x55d8bc3b2910: fd (fd:0, idx:1), active : 1
0:00:00.022295490  4449 0x5635eb641360 DEBUG   GST_REGISTRY gstregistrychunks.c:539:gst_registry_chunks_load_pad_template: Added pad_template sink
0:00:00.017083393  4450 0x55d8bc38e360 LOG   GST_POLL gstpoll.c:994:gst_poll_fd_ctl_write: 0x55d8bc3b2910: pfd->events now 60 (POLLOUT:4)
0:00:00.022304415  4449 0x5635eb641360 DEBUG   GST_REGISTRY gstregistrychunks.c:525:gst_registry_chunks_load_pad_template: Reading/casting for GstRegistryChunkPadTemplate at address 0x5635eb667f30
0:00:00.017090452  4450 0x55d8bc38e360 DEBUG   GST_POLL gstpoll.c:979:gst_poll_fd_ctl_write: 0x55d8bc3b2910: fd (fd:0, idx:1), active : 1
0:00:00.022311672  4449 0x5635eb641360 DEBUG   GST_REGISTRY gstregistrychunks.c:539:gst_registry_chunks_load_pad_template: Added pad_template src
0:00:00.017099254  4450 0x55d8bc38e360 LOG   GST_POLL gstpoll.c:994:gst_poll_fd_ctl_write: 0x55d8bc3b2910: pfd->events now 60 (POLLOUT:4)
0:00:00.022320095  4449 0x5635eb641360 DEBUG   GST_REGISTRY gstregistry.c:589:gst_registry_add_feature: adding feature 0x5635eb66b170 (queue)
0:00:00.017106954  4450 0x55d8bc38e360 DEBUG   GST_POLL gstpoll.c:979:gst_poll_fd_ctl_write: 0x55d8bc3b2910: fd (fd:0, idx:1), active : 1
0:00:00.017113558  4450 0x55d8bc38e360 LOG   GST_POLL gstpoll.c:994:gst_poll_fd_ctl_write: 0x55d8bc3b2910: pfd->events now 60 (POLLOUT:4)
0:00:00.022326634  4449 0x5635eb641360 DEBUG   GST_REFCOUNTING gstobject.c:708:gst_object_set_parent: set parent (ref and sink)
0:00:00.017119811  4450 0x55d8bc38e360 DEBUG   GST_POLL gstpoll.c:979:gst_poll_fd_ctl_write: 0x55d8bc3b2910: fd (fd:0, idx:1), active : 1
0:00:00.022343139  4449 0x5635eb641360 TRACE   GST_REFCOUNTING gstobject.c:292:gst_object_ref_sink: 0x5635eb66b170 ref_sink 1->2
0:00:00.017128352  4450 0x55d8bc38e360 LOG   GST_POLL gstpoll.c:994:gst_poll_fd_ctl_write: 0x55d8bc3b2910: pfd->events now 60 (POLLOUT:4)
0:00:00.022366407  4449 0x5635eb641360 LOG   GST_REGISTRY gstregistry.c:607:gst_registry_add_feature: emitting feature-added for queue
0:00:00.017151029  4450 0x55d8bc38e360 DEBUG   GST_POLL gstpoll.c:979:gst_poll_fd_ctl_write: 0x55d8bc3b2910: fd (fd:0, idx:1), active : 1
0:00:00.017167770  4450 0x55d8bc38e360 LOG   GST_POLL gstpoll.c:994:gst_poll_fd_ctl_write: 0x55d8bc3b2910: pfd->events now 60 (POLLOUT:4)
0:00:00.022384966  4449 0x5635eb641360 DEBUG   GST_REGISTRY gstregistrychunks.c:740:gst_registry_chunks_load_feature: Added feature queue, plugin 0x5635eb66fea0 coreelements
0:00:00.017176618  4450 0x55d8bc38e360 DEBUG   GST_POLL gstpoll.c:979:gst_poll_fd_ctl_write: 0x55d8bc3b2910: fd (fd:0, idx:1), active : 1
0:00:00.022398960  4449 0x5635eb641360 DEBUG   GST_REGISTRY gstregistrychunks.c:582:gst_registry_chunks_load_feature: Plugin 'coreelements' feature 'output-selector' typename : 'GstElementFactory'
0:00:00.017183897  4450 0x55d8bc38e360 LOG   GST_POLL gstpoll.c:994:gst_poll_fd_ctl_write: 0x55d8bc3b2910: pfd->events now 60 (POLLOUT:4)
0:00:00.017192726  4450 0x55d8bc38e360 DEBUG   GST_POLL gstpoll.c:979:gst_poll_fd_ctl_write: 0x55d8bc3b2910: fd (fd:0, idx:1), active : 1
0:00:00.022411094  4449 0x5635eb641360 TRACE   GST_REFCOUNTING gstobject.c:208:gst_object_init: 0x5635eb66b970 new
0:00:00.017198459  4450 0x55d8bc38e360 LOG   GST_POLL gstpoll.c:994:gst_poll_fd_ctl_write: 0x55d8bc3b2910: pfd->events now 60 (POLLOUT:4)
0:00:00.022420905  4449 0x5635eb641360 LOG   GST_REGISTRY gstregistrychunks.c:609:gst_registry_chunks_load_feature: Reading/casting for GstRegistryChunkElementFactory at address 0x5635eb667f68
0:00:00.017207488  4450 0x55d8bc38e360 DEBUG   GST_POLL gstpoll.c:979:gst_poll_fd_ctl_write: 0x55d8bc3b2910: fd (fd:0, idx:1), active : 1
0:00:00.022428361  4449 0x5635eb641360 TRACE   structure gststructure.c:287:gst_structure_new_id_empty_with_size: created structure 0x5635eb66bc70
0:00:00.017215070  4450 0x55d8bc38e360 LOG   GST_POLL gstpoll.c:994:gst_poll_fd_ctl_write: 0x55d8bc3b2910: pfd->events now 60 (POLLOUT:4)
0:00:00.022437701  4449 0x5635eb641360 DEBUG   structure gststructure.c:2203:gst_structure_parse_field: trying field name 'long-name'
0:00:00.017222292  4450 0x55d8bc38e360 DEBUG   GST_POLL gstpoll.c:979:gst_poll_fd_ctl_write: 0x55d8bc3b2910: fd (fd:0, idx:1), active : 1
0:00:00.022444707  4449 0x5635eb641360 DEBUG   default gstvalue.c:2676:_priv_gst_value_parse_value: trying type name 'string'
0:00:00.017229798  4450 0x55d8bc38e360 LOG   GST_POLL gstpoll.c:994:gst_poll_fd_ctl_write: 0x55d8bc3b2910: pfd->events now 60 (POLLOUT:4)
0:00:00.022452679  4449 0x5635eb641360 DEBUG   structure gststructure.c:2203:gst_structure_parse_field: trying field name 'klass'
0:00:00.017238989  4450 0x55d8bc38e360 DEBUG   GST_POLL gstpoll.c:979:gst_poll_fd_ctl_write: 0x55d8bc3b2910: fd (fd:0, idx:1), active : 1
0:00:00.022458993  4449 0x5635eb641360 DEBUG   default gstvalue.c:2676:_priv_gst_value_parse_value: trying type name 'string'
0:00:00.017246305  4450 0x55d8bc38e360 LOG   GST_POLL gstpoll.c:994:gst_poll_fd_ctl_write: 0x55d8bc3b2910: pfd->events now 60 (POLLOUT:4)
0:00:00.022469097  4449 0x5635eb641360 DEBUG   structure gststructure.c:2203:gst_structure_parse_field: trying field name 'description'
0:00:00.017257915  4450 0x55d8bc38e360 DEBUG   GST_POLL gstpoll.c:979:gst_poll_fd_ctl_write: 0x55d8bc3b2910: fd (fd:0, idx:1), active : 1
0:00:00.022476610  4449 0x5635eb641360 DEBUG   default gstvalue.c:2676:_priv_gst_value_parse_value: trying type name 'string'
0:00:00.017264682  4450 0x55d8bc38e360 LOG   GST_POLL gstpoll.c:994:gst_poll_fd_ctl_write: 0x55d8bc3b2910: pfd->events now 60 (POLLOUT:4)
0:00:00.022484817  4449 0x5635eb641360 DEBUG   structure gststructure.c:2203:gst_structure_parse_field: trying field name 'author'
0:00:00.017274062  4450 0x55d8bc38e360 DEBUG   GST_POLL gstpoll.c:979:gst_poll_fd_ctl_write: 0x55d8bc3b2910: fd (fd:0, idx:1), active : 1
0:00:00.022491307  4449 0x5635eb641360 DEBUG   default gstvalue.c:2676:_priv_gst_value_parse_value: trying type name 'string'
0:00:00.017281589  4450 0x55d8bc38e360 LOG   GST_POLL gstpoll.c:994:gst_poll_fd_ctl_write: 0x55d8bc3b2910: pfd->events now 60 (POLLOUT:4)
0:00:00.022503490  4449 0x5635eb641360 DEBUG   GST_REGISTRY gstregistrychunks.c:626:gst_registry_chunks_load_feature: Element factory : npadtemplates=2
0:00:00.017288571  4450 0x55d8bc38e360 DEBUG   GST_POLL gstpoll.c:979:gst_poll_fd_ctl_write: 0x55d8bc3b2910: fd (fd:0, idx:1), active : 1
0:00:00.022510503  4449 0x5635eb641360 DEBUG   GST_REGISTRY gstregistrychunks.c:525:gst_registry_chunks_load_pad_template: Reading/casting for GstRegistryChunkPadTemplate at address 0x5635eb668040
0:00:00.017295668  4450 0x55d8bc38e360 LOG   GST_POLL gstpoll.c:994:gst_poll_fd_ctl_write: 0x55d8bc3b2910: pfd->events now 60 (POLLOUT:4)
0:00:00.022517458  4449 0x5635eb641360 DEBUG   GST_REGISTRY gstregistrychunks.c:539:gst_registry_chunks_load_pad_template: Added pad_template src_%u
0:00:00.017304851  4450 0x55d8bc38e360 DEBUG   GST_POLL gstpoll.c:979:gst_poll_fd_ctl_write: 0x55d8bc3b2910: fd (fd:0, idx:1), active : 1
0:00:00.017312333  4450 0x55d8bc38e360 LOG   GST_POLL gstpoll.c:994:gst_poll_fd_ctl_write: 0x55d8bc3b2910: pfd->events now 60 (POLLOUT:4)
0:00:00.022528857  4449 0x5635eb641360 DEBUG   GST_REGISTRY gstregistrychunks.c:525:gst_registry_chunks_load_pad_template: Reading/casting for GstRegistryChunkPadTemplate at address 0x5635eb668058
0:00:00.017318828  4450 0x55d8bc38e360 DEBUG   GST_POLL gstpoll.c:979:gst_poll_fd_ctl_write: 0x55d8bc3b2910: fd (fd:0, idx:1), active : 1
0:00:00.022539262  4449 0x5635eb641360 DEBUG   GST_REGISTRY gstregistrychunks.c:539:gst_registry_chunks_load_pad_template: Added pad_template sink
0:00:00.017325670  4450 0x55d8bc38e360 LOG   GST_POLL gstpoll.c:994:gst_poll_fd_ctl_write: 0x55d8bc3b2910: pfd->events now 60 (POLLOUT:4)
0:00:00.022548796  4449 0x5635eb641360 DEBUG   GST_REGISTRY gstregistry.c:589:gst_registry_add_feature: adding feature 0x5635eb66b970 (output-selector)
0:00:00.017334747  4450 0x55d8bc38e360 DEBUG   GST_POLL gstpoll.c:979:gst_poll_fd_ctl_write: 0x55d8bc3b2910: fd (fd:0, idx:1), active : 1
0:00:00.022558185  4449 0x5635eb641360 DEBUG   GST_REFCOUNTING gstobject.c:708:gst_object_set_parent: set parent (ref and sink)
0:00:00.017342286  4450 0x55d8bc38e360 LOG   GST_POLL gstpoll.c:994:gst_poll_fd_ctl_write: 0x55d8bc3b2910: pfd->events now 60 (POLLOUT:4)
0:00:00.017357221  4450 0x55d8bc38e360 DEBUG   GST_POLL gstpoll.c:979:gst_poll_fd_ctl_write: 0x55d8bc3b2910: fd (fd:0, idx:1), active : 1
0:00:00.022574376  4449 0x5635eb641360 TRACE   GST_REFCOUNTING gstobject.c:292:gst_object_ref_sink: 0x5635eb66b970 ref_sink 1->2
0:00:00.017363054  4450 0x55d8bc38e360 LOG   GST_POLL gstpoll.c:994:gst_poll_fd_ctl_write: 0x55d8bc3b2910: pfd->events now 60 (POLLOUT:4)
0:00:00.022583003  4449 0x5635eb641360 LOG   GST_REGISTRY gstregistry.c:607:gst_registry_add_feature: emitting feature-added for output-selector
0:00:00.017372195  4450 0x55d8bc38e360 DEBUG   GST_POLL gstpoll.c:979:gst_poll_fd_ctl_write: 0x55d8bc3b2910: fd (fd:0, idx:1), active : 1
0:00:00.022590707  4449 0x5635eb641360 DEBUG   GST_REGISTRY gstregistrychunks.c:740:gst_registry_chunks_load_feature: Added feature output-selector, plugin 0x5635eb66fea0 coreelements
0:00:00.017379825  4450 0x55d8bc38e360 LOG   GST_POLL gstpoll.c:994:gst_poll_fd_ctl_write: 0x55d8bc3b2910: pfd->events now 60 (POLLOUT:4)
