0:00:00.011300553  2478 0x2387320 DEBUG   GST_POLL gstpoll.c:979:gst_poll_fd_ctl_write: 0x238f9c0: fd (fd:0, idx:1), active : 1
0:00:00.011305574  2478 0x2387320 LOG   GST_POLL gstpoll.c:994:gst_poll_fd_ctl_write: 0x238f9c0: pfd->events now 60 (POLLOUT:4)
0:00:00.011318106  2478 0x2387320 DEBUG   GST_POLL gstpoll.c:979:gst_poll_fd_ctl_write: 0x238f9c0: fd (fd:0, idx:1), active : 1
0:00:00.011324151  2478 0x2387320 LOG   GST_POLL gstpoll.c:994:gst_poll_fd_ctl_write: 0x238f9c0: pfd->events now 60 (POLLOUT:4)
0:00:00.011329736  2478 0x2387320 DEBUG   GST_POLL gstpoll.c:979:gst_poll_fd_ctl_write: 0x238f9c0: fd (fd:0, idx:1), active : 1
0:00:00.011334879  2478 0x2387320 LOG   GST_POLL gstpoll.c:994:gst_poll_fd_ctl_write: 0x238f9c0: pfd->events now 60 (POLLOUT:4)
0:00:00.011340138  2478 0x2387320 DEBUG   GST_POLL gstpoll.c:979:gst_poll_fd_ctl_write: 0x238f9c0: fd (fd:0, idx:1), active : 1
0:00:00.011345126  2478 0x2387320 LOG   GST_POLL gstpoll.c:994:gst_poll_fd_ctl_write: 0x238f9c0: pfd->events now 60 (POLLOUT:4)
0:00:00.011350675  2478 0x2387320 DEBUG   GST_POLL gstpoll.c:979:gst_poll_fd_ctl_write: 0x238f9c0: fd (fd:0, idx:1), active : 1
0:00:00.011355702  2478 0x2387320 LOG   GST_POLL gstpoll.c:994:gst_poll_fd_ctl_write: 0x238f9c0: pfd->events now 60 (POLLOUT:4)
0:00:00.011363710  2478 0x2387320 DEBUG   GST_POLL gstpoll.c:979:gst_poll_fd_ctl_write: 0x238f9c0: fd (fd:0, idx:1), active : 1
0:00:00.011369820  2478 0x2387320 LOG   GST_POLL gstpoll.c:994:gst_poll_fd_ctl_write: 0x238f9c0: pfd->events now 60 (POLLOUT:4)
0:00:00.011375450  2478 0x2387320 DEBUG   GST_POLL gstpoll.c:979:gst_poll_fd_ctl_write: 0x238f9c0: fd (fd:0, idx:1), active : 1
0:00:00.011380735  2478 0x2387320 LOG   GST_POLL gstpoll.c:994:gst_poll_fd_ctl_write: 0x238f9c0: pfd->events now 60 (POLLOUT:4)
0:00:00.011386019  2478 0x2387320 DEBUG   GST_POLL gstpoll.c:979:gst_poll_fd_ctl_write: 0x238f9c0: fd (fd:0, idx:1), active : 1
0:00:00.011391036  2478 0x2387320 LOG   GST_POLL gstpoll.c:994:gst_poll_fd_ctl_write: 0x238f9c0: pfd->events now 60 (POLLOUT:4)
0:00:00.011396281  2478 0x2387320 DEBUG   GST_POLL gstpoll.c:979:gst_poll_fd_ctl_write: 0x238f9c0: fd (fd:0, idx:1), active : 1
0:00:00.011401272  2478 0x2387320 LOG   GST_POLL gstpoll.c:994:gst_poll_fd_ctl_write: 0x238f9c0: pfd->events now 60 (POLLOUT:4)
0:00:00.011409293  2478 0x2387320 DEBUG   GST_POLL gstpoll.c:979:gst_poll_fd_ctl_write: 0x238f9c0: fd (fd:0, idx:1), active : 1
0:00:00.011415414  2478 0x2387320 LOG   GST_POLL gstpoll.c:994:gst_poll_fd_ctl_write: 0x238f9c0: pfd->events now 60 (POLLOUT:4)
0:00:00.011421001  2478 0x2387320 DEBUG   GST_POLL gstpoll.c:979:gst_poll_fd_ctl_write: 0x238f9c0: fd (fd:0, idx:1), active : 1
0:00:00.011426126  2478 0x2387320 LOG   GST_POLL gstpoll.c:994:gst_poll_fd_ctl_write: 0x238f9c0: pfd->events now 60 (POLLOUT:4)
0:00:00.011431350  2478 0x2387320 DEBUG   GST_POLL gstpoll.c:979:gst_poll_fd_ctl_write: 0x238f9c0: fd (fd:0, idx:1), active : 1
0:00:00.011436398  2478 0x2387320 LOG   GST_POLL gstpoll.c:994:gst_poll_fd_ctl_write: 0x238f9c0: pfd->events now 60 (POLLOUT:4)
0:00:00.011441670  2478 0x2387320 DEBUG   GST_POLL gstpoll.c:979:gst_poll_fd_ctl_write: 0x238f9c0: fd (fd:0, idx:1), active : 1
0:00:00.011453686  2478 0x2387320 LOG   GST_POLL gstpoll.c:994:gst_poll_fd_ctl_write: 0x238f9c0: pfd->events now 60 (POLLOUT:4)
0:00:00.011462116  2478 0x2387320 DEBUG   GST_POLL gstpoll.c:979:gst_poll_fd_ctl_write: 0x238f9c0: fd (fd:0, idx:1), active : 1
0:00:00.011468238  2478 0x2387320 LOG   GST_POLL gstpoll.c:994:gst_poll_fd_ctl_write: 0x238f9c0: pfd->events now 60 (POLLOUT:4)
0:00:00.011473905  2478 0x2387320 DEBUG   GST_POLL gstpoll.c:979:gst_poll_fd_ctl_write: 0x238f9c0: fd (fd:0, idx:1), active : 1
0:00:00.011479220  2478 0x2387320 LOG   GST_POLL gstpoll.c:994:gst_poll_fd_ctl_write: 0x238f9c0: pfd->events now 60 (POLLOUT:4)
0:00:00.011484711  2478 0x2387320 DEBUG   GST_POLL gstpoll.c:979:gst_poll_fd_ctl_write: 0x238f9c0: fd (fd:0, idx:1), active : 1
0:00:00.011489765  2478 0x2387320 LOG   GST_POLL gstpoll.c:994:gst_poll_fd_ctl_write: 0x238f9c0: pfd->events now 60 (POLLOUT:4)
0:00:00.011495098  2478 0x2387320 DEBUG   GST_POLL gstpoll.c:979:gst_poll_fd_ctl_write: 0x238f9c0: fd (fd:0, idx:1), active : 1
0:00:00.011500185  2478 0x2387320 LOG   GST_POLL gstpoll.c:994:gst_poll_fd_ctl_write: 0x238f9c0: pfd->events now 60 (POLLOUT:4)
0:00:00.011508205  2478 0x2387320 DEBUG   GST_POLL gstpoll.c:979:gst_poll_fd_ctl_write: 0x238f9c0: fd (fd:0, idx:1), active : 1
0:00:00.011514245  2478 0x2387320 LOG   GST_POLL gstpoll.c:994:gst_poll_fd_ctl_write: 0x238f9c0: pfd->events now 60 (POLLOUT:4)
0:00:00.011519898  2478 0x2387320 DEBUG   GST_POLL gstpoll.c:979:gst_poll_fd_ctl_write: 0x238f9c0: fd (fd:0, idx:1), active : 1
0:00:00.011525085  2478 0x2387320 LOG   GST_POLL gstpoll.c:994:gst_poll_fd_ctl_write: 0x238f9c0: pfd->events now 60 (POLLOUT:4)
0:00:00.011530329  2478 0x2387320 DEBUG   GST_POLL gstpoll.c:979:gst_poll_fd_ctl_write: 0x238f9c0: fd (fd:0, idx:1), active : 1
0:00:00.011535346  2478 0x2387320 LOG   GST_POLL gstpoll.c:994:gst_poll_fd_ctl_write: 0x238f9c0: pfd->events now 60 (POLLOUT:4)
0:00:00.011540577  2478 0x2387320 DEBUG   GST_POLL gstpoll.c:979:gst_poll_fd_ctl_write: 0x238f9c0: fd (fd:0, idx:1), active : 1
0:00:00.011545588  2478 0x2387320 LOG   GST_POLL gstpoll.c:994:gst_poll_fd_ctl_write: 0x238f9c0: pfd->events now 60 (POLLOUT:4)
0:00:00.011553560  2478 0x2387320 DEBUG   GST_POLL gstpoll.c:979:gst_poll_fd_ctl_write: 0x238f9c0: fd (fd:0, idx:1), active : 1
0:00:00.011559613  2478 0x2387320 LOG   GST_POLL gstpoll.c:994:gst_poll_fd_ctl_write: 0x238f9c0: pfd->events now 60 (POLLOUT:4)
0:00:00.011565351  2478 0x2387320 DEBUG   GST_POLL gstpoll.c:979:gst_poll_fd_ctl_write: 0x238f9c0: fd (fd:0, idx:1), active : 1
0:00:00.011570563  2478 0x2387320 LOG   GST_POLL gstpoll.c:994:gst_poll_fd_ctl_write: 0x238f9c0: pfd->events now 60 (POLLOUT:4)
0:00:00.011575962  2478 0x2387320 DEBUG   GST_POLL gstpoll.c:979:gst_poll_fd_ctl_write: 0x238f9c0: fd (fd:0, idx:1), active : 1
0:00:00.011580956  2478 0x2387320 LOG   GST_POLL gstpoll.c:994:gst_poll_fd_ctl_write: 0x238f9c0: pfd->events now 60 (POLLOUT:4)
0:00:00.011590739  2478 0x2387320 DEBUG   GST_POLL gstpoll.c:979:gst_poll_fd_ctl_write: 0x238f9c0: fd (fd:0, idx:1), active : 1
0:00:00.011595922  2478 0x2387320 LOG   GST_POLL gstpoll.c:994:gst_poll_fd_ctl_write: 0x238f9c0: pfd->events now 60 (POLLOUT:4)
0:00:00.011604036  2478 0x2387320 DEBUG   GST_POLL gstpoll.c:979:gst_poll_fd_ctl_write: 0x238f9c0: fd (fd:0, idx:1), active : 1
0:00:00.011615374  2478 0x2387320 LOG   GST_POLL gstpoll.c:994:gst_poll_fd_ctl_write: 0x238f9c0: pfd->events now 60 (POLLOUT:4)
0:00:00.011621244  2478 0x2387320 DEBUG   GST_POLL gstpoll.c:979:gst_poll_fd_ctl_write: 0x238f9c0: fd (fd:0, idx:1), active : 1
0:00:00.011626485  2478 0x2387320 LOG   GST_POLL gstpoll.c:994:gst_poll_fd_ctl_write: 0x238f9c0: pfd->events now 60 (POLLOUT:4)
0:00:00.011632020  2478 0x2387320 DEBUG   GST_POLL gstpoll.c:979:gst_poll_fd_ctl_write: 0x238f9c0: fd (fd:0, idx:1), active : 1
0:00:00.011637098  2478 0x2387320 LOG   GST_POLL gstpoll.c:994:gst_poll_fd_ctl_write: 0x238f9c0: pfd->events now 60 (POLLOUT:4)
0:00:00.011642423  2478 0x2387320 DEBUG   GST_POLL gstpoll.c:979:gst_poll_fd_ctl_write: 0x238f9c0: fd (fd:0, idx:1), active : 1
0:00:00.011650156  2478 0x2387320 LOG   GST_POLL gstpoll.c:994:gst_poll_fd_ctl_write: 0x238f9c0: pfd->events now 60 (POLLOUT:4)
0:00:00.011656624  2478 0x2387320 DEBUG   GST_POLL gstpoll.c:979:gst_poll_fd_ctl_write: 0x238f9c0: fd (fd:0, idx:1), active : 1
0:00:00.011661923  2478 0x2387320 LOG   GST_POLL gstpoll.c:994:gst_poll_fd_ctl_write: 0x238f9c0: pfd->events now 60 (POLLOUT:4)
0:00:00.011667498  2478 0x2387320 DEBUG   GST_POLL gstpoll.c:979:gst_poll_fd_ctl_write: 0x238f9c0: fd (fd:0, idx:1), active : 1
0:00:00.011672518  2478 0x2387320 LOG   GST_POLL gstpoll.c:994:gst_poll_fd_ctl_write: 0x238f9c0: pfd->events now 60 (POLLOUT:4)
0:00:00.011682026  2478 0x2387320 TRACE   GST_REFCOUNTING gstobject.c:264:gst_object_unref: 0x23a3220 unref 2->1
0:00:00.011688932  2478 0x2387320 DEBUG   GST_POLL gstpoll.c:1241:gst_poll_fd_has_error: 0x238f9c0: fd (fd:0, idx:1) 0
0:00:00.011694445  2478 0x2387320 DEBUG   GST_POLL gstpoll.c:1335:gst_poll_fd_can_write: 0x238f9c0: fd (fd:0, idx:1) 1
0:00:00.011702160  2478 0x2387320 LOG   GST_PLUGIN_LOADING gstpluginloader.c:689:write_one: Writing packet of size 488 bytes to fd 0
0:00:00.011721418  2478 0x2387320 DEBUG   GST_POLL gstpoll.c:1414:gst_poll_wait: 0x238f9c0: timeout :0:00:01.000000000
0:00:00.011731473  2478 0x2387320 LOG   GST_PLUGIN_LOADING gstpluginloader.c:1026:exchange_packets: Poll res = 2. 6872 bytes pending for write
0:00:00.011737599  2478 0x2387320 DEBUG   GST_POLL gstpoll.c:1241:gst_poll_fd_has_error: 0x238f9c0: fd (fd:5, idx:2) 0
0:00:00.011743105  2478 0x2387320 DEBUG   GST_POLL gstpoll.c:1266:gst_poll_fd_can_read_unlocked: 0x238f9c0: fd (fd:5, idx:2) 1
0:00:00.011753965  2478 0x2387320 DEBUG   GST_PLUGIN_LOADING gstpluginloader.c:721:do_plugin_load: Plugin scanner loading file /home/conan/w/prod/BuildSingleReference/.conan/data/gstreamer/1.19.1/_/_/package/0387548ec0d21c08cb6b492d670dcb344087cb15/lib/gstreamer-1.0/libgstcoretracers.so. tag 2
0:00:00.016025871  2477 0xf99370 LOG   GST_PLUGIN_LOADING gstpluginloader.c:1026:exchange_packets: Poll res = 1. 0 bytes pending for write
0:00:00.011768585  2478 0x2387320 TRACE   GST_REFCOUNTING gstobject.c:237:gst_object_ref: 0x23a0e90 ref 1->2
0:00:00.016049961  2477 0xf99370 DEBUG   GST_POLL gstpoll.c:1241:gst_poll_fd_has_error: 0xfb2ce0: fd (fd:8, idx:2) 0
0:00:00.011783274  2478 0x2387320 TRACE   GST_REFCOUNTING gstobject.c:237:gst_object_ref: 0x23a1e70 ref 1->2
0:00:00.016057576  2477 0xf99370 DEBUG   GST_POLL gstpoll.c:1266:gst_poll_fd_can_read_unlocked: 0xfb2ce0: fd (fd:8, idx:2) 1
0:00:00.011791356  2478 0x2387320 TRACE   GST_REFCOUNTING gstobject.c:237:gst_object_ref: 0x23a1c20 ref 1->2
0:00:00.011798171  2478 0x2387320 TRACE   GST_REFCOUNTING gstobject.c:237:gst_object_ref: 0x23a1950 ref 1->2
0:00:00.016070119  2477 0xf99370 DEBUG   GST_PLUGIN_LOADING gstpluginloader.c:847:handle_rx_packet: Received plugin details from child w/ tag 0. 476 bytes info
0:00:00.011804087  2478 0x2387320 TRACE   GST_REFCOUNTING gstobject.c:237:gst_object_ref: 0x23a1740 ref 1->2
0:00:00.016077612  2477 0xf99370 LOG   GST_REGISTRY gstregistrychunks.c:836:_priv_gst_registry_chunks_load_plugin: Reading/casting for GstRegistryChunkPluginElement at address 0xfb3210
0:00:00.011811134  2478 0x2387320 TRACE   GST_REFCOUNTING gstobject.c:237:gst_object_ref: 0x23a1250 ref 1->2
0:00:00.011823908  2478 0x2387320 TRACE   GST_REFCOUNTING gstobject.c:264:gst_object_unref: 0x23a1250 unref 2->1
0:00:00.011831074  2478 0x2387320 TRACE   GST_REFCOUNTING gstobject.c:264:gst_object_unref: 0x23a1740 unref 2->1
0:00:00.016099039  2477 0xf99370 TRACE   GST_REFCOUNTING gstobject.c:208:gst_object_init: 0xfb3880 new
0:00:00.011837257  2478 0x2387320 TRACE   GST_REFCOUNTING gstobject.c:264:gst_object_unref: 0x23a1950 unref 2->1
0:00:00.011844102  2478 0x2387320 TRACE   GST_REFCOUNTING gstobject.c:264:gst_object_unref: 0x23a1c20 unref 2->1
0:00:00.011849897  2478 0x2387320 TRACE   GST_REFCOUNTING gstobject.c:264:gst_object_unref: 0x23a1e70 unref 2->1
0:00:00.011857109  2478 0x2387320 DEBUG   GST_REGISTRY gstregistrychunks.c:497:_priv_gst_registry_chunks_save_plugin: Found 5 features in plugin 0x23a0e90 (coretracers)
0:00:00.011862833  2478 0x2387320 DEBUG   GST_POLL gstpoll.c:979:gst_poll_fd_ctl_write: 0x238f9c0: fd (fd:0, idx:1), active : 1
0:00:00.011868051  2478 0x2387320 LOG   GST_POLL gstpoll.c:994:gst_poll_fd_ctl_write: 0x238f9c0: pfd->events now 60 (POLLOUT:4)
0:00:00.016141484  2477 0xf99370 LOG   GST_REGISTRY gstregistrychunks.c:858:_priv_gst_registry_chunks_load_plugin: read strings for name='coretracers'
0:00:00.011876077  2478 0x2387320 DEBUG   GST_POLL gstpoll.c:979:gst_poll_fd_ctl_write: 0x238f9c0: fd (fd:0, idx:1), active : 1
0:00:00.011893339  2478 0x2387320 LOG   GST_POLL gstpoll.c:994:gst_poll_fd_ctl_write: 0x238f9c0: pfd->events now 60 (POLLOUT:4)
0:00:00.011904337  2478 0x2387320 DEBUG   GST_POLL gstpoll.c:979:gst_poll_fd_ctl_write: 0x238f9c0: fd (fd:0, idx:1), active : 1
0:00:00.011909595  2478 0x2387320 LOG   GST_POLL gstpoll.c:994:gst_poll_fd_ctl_write: 0x238f9c0: pfd->events now 60 (POLLOUT:4)
0:00:00.016179478  2477 0xf99370 LOG   GST_REGISTRY gstregistrychunks.c:859:_priv_gst_registry_chunks_load_plugin: desc.description='GStreamer core tracers'
0:00:00.011915045  2478 0x2387320 DEBUG   GST_POLL gstpoll.c:979:gst_poll_fd_ctl_write: 0x238f9c0: fd (fd:0, idx:1), active : 1
0:00:00.011923604  2478 0x2387320 LOG   GST_POLL gstpoll.c:994:gst_poll_fd_ctl_write: 0x238f9c0: pfd->events now 60 (POLLOUT:4)
0:00:00.016191787  2477 0xf99370 LOG   GST_REGISTRY gstregistrychunks.c:860:_priv_gst_registry_chunks_load_plugin: filename='/home/conan/w/prod/BuildSingleReference/.conan/data/gstreamer/1.19.1/_/_/package/0387548ec0d21c08cb6b492d670dcb344087cb15/lib/gstreamer-1.0/libgstcoretracers.so'
0:00:00.011928817  2478 0x2387320 DEBUG   GST_POLL gstpoll.c:979:gst_poll_fd_ctl_write: 0x238f9c0: fd (fd:0, idx:1), active : 1
0:00:00.016201673  2477 0xf99370 LOG   GST_REGISTRY gstregistrychunks.c:861:_priv_gst_registry_chunks_load_plugin: desc.version='1.19.1'
0:00:00.011936823  2478 0x2387320 LOG   GST_POLL gstpoll.c:994:gst_poll_fd_ctl_write: 0x238f9c0: pfd->events now 60 (POLLOUT:4)
0:00:00.016207883  2477 0xf99370 LOG   GST_REGISTRY gstregistrychunks.c:862:_priv_gst_registry_chunks_load_plugin: desc.license='LGPL'
0:00:00.011943850  2478 0x2387320 DEBUG   GST_POLL gstpoll.c:979:gst_poll_fd_ctl_write: 0x238f9c0: fd (fd:0, idx:1), active : 1
0:00:00.016213372  2477 0xf99370 LOG   GST_REGISTRY gstregistrychunks.c:863:_priv_gst_registry_chunks_load_plugin: desc.source='gstreamer'
0:00:00.011950200  2478 0x2387320 LOG   GST_POLL gstpoll.c:994:gst_poll_fd_ctl_write: 0x238f9c0: pfd->events now 60 (POLLOUT:4)
0:00:00.016220418  2477 0xf99370 LOG   GST_REGISTRY gstregistrychunks.c:864:_priv_gst_registry_chunks_load_plugin: desc.package='GStreamer source release'
0:00:00.011956652  2478 0x2387320 DEBUG   GST_POLL gstpoll.c:979:gst_poll_fd_ctl_write: 0x238f9c0: fd (fd:0, idx:1), active : 1
0:00:00.016227027  2477 0xf99370 LOG   GST_REGISTRY gstregistrychunks.c:865:_priv_gst_registry_chunks_load_plugin: desc.origin='Unknown package origin'
0:00:00.011962591  2478 0x2387320 LOG   GST_POLL gstpoll.c:994:gst_poll_fd_ctl_write: 0x238f9c0: pfd->events now 60 (POLLOUT:4)
0:00:00.016232771  2477 0xf99370 LOG   GST_REGISTRY gstregistrychunks.c:866:_priv_gst_registry_chunks_load_plugin: desc.datetime=2021-06-01
0:00:00.011968766  2478 0x2387320 DEBUG   GST_POLL gstpoll.c:979:gst_poll_fd_ctl_write: 0x238f9c0: fd (fd:0, idx:1), active : 1
0:00:00.011974693  2478 0x2387320 LOG   GST_POLL gstpoll.c:994:gst_poll_fd_ctl_write: 0x238f9c0: pfd->events now 60 (POLLOUT:4)
0:00:00.016245947  2477 0xf99370 DEBUG   GST_REGISTRY gstregistry.c:473:gst_registry_add_plugin: adding plugin 0xfb3880 for filename "/home/conan/w/prod/BuildSingleReference/.conan/data/gstreamer/1.19.1/_/_/package/0387548ec0d21c08cb6b492d670dcb344087cb15/lib/gstreamer-1.0/libgstcoretracers.so"
0:00:00.011979921  2478 0x2387320 DEBUG   GST_POLL gstpoll.c:979:gst_poll_fd_ctl_write: 0x238f9c0: fd (fd:0, idx:1), active : 1
0:00:00.011998105  2478 0x2387320 LOG   GST_POLL gstpoll.c:994:gst_poll_fd_ctl_write: 0x238f9c0: pfd->events now 60 (POLLOUT:4)
0:00:00.016265878  2477 0xf99370 TRACE   GST_REFCOUNTING gstobject.c:292:gst_object_ref_sink: 0xfb3880 ref_sink 1->2
0:00:00.012004544  2478 0x2387320 DEBUG   GST_POLL gstpoll.c:979:gst_poll_fd_ctl_write: 0x238f9c0: fd (fd:0, idx:1), active : 1
0:00:00.016275876  2477 0xf99370 LOG   GST_REGISTRY gstregistry.c:486:gst_registry_add_plugin: emitting plugin-added for filename "/home/conan/w/prod/BuildSingleReference/.conan/data/gstreamer/1.19.1/_/_/package/0387548ec0d21c08cb6b492d670dcb344087cb15/lib/gstreamer-1.0/libgstcoretracers.so"
0:00:00.012010683  2478 0x2387320 LOG   GST_POLL gstpoll.c:994:gst_poll_fd_ctl_write: 0x238f9c0: pfd->events now 60 (POLLOUT:4)
0:00:00.016283234  2477 0xf99370 DEBUG   GST_REGISTRY gstregistrychunks.c:886:_priv_gst_registry_chunks_load_plugin: Added plugin 'coretracers' plugin with 5 features from binary registry
0:00:00.012017065  2478 0x2387320 DEBUG   GST_POLL gstpoll.c:979:gst_poll_fd_ctl_write: 0x238f9c0: fd (fd:0, idx:1), active : 1
0:00:00.016290171  2477 0xf99370 DEBUG   GST_REGISTRY gstregistrychunks.c:582:gst_registry_chunks_load_feature: Plugin 'coretracers' feature 'leaks' typename : 'GstTracerFactory'
0:00:00.012023190  2478 0x2387320 LOG   GST_POLL gstpoll.c:994:gst_poll_fd_ctl_write: 0x238f9c0: pfd->events now 60 (POLLOUT:4)
0:00:00.012030415  2478 0x2387320 DEBUG   GST_POLL gstpoll.c:979:gst_poll_fd_ctl_write: 0x238f9c0: fd (fd:0, idx:1), active : 1
0:00:00.012035394  2478 0x2387320 LOG   GST_POLL gstpoll.c:994:gst_poll_fd_ctl_write: 0x238f9c0: pfd->events now 60 (POLLOUT:4)
0:00:00.016306790  2477 0xf99370 TRACE   GST_REFCOUNTING gstobject.c:208:gst_object_init: 0xfb3b90 new
0:00:00.012040639  2478 0x2387320 DEBUG   GST_POLL gstpoll.c:979:gst_poll_fd_ctl_write: 0x238f9c0: fd (fd:0, idx:1), active : 1
0:00:00.016318824  2477 0xf99370 DEBUG   GST_REGISTRY gstregistrychunks.c:716:gst_registry_chunks_load_feature: Reading/casting for GstRegistryChunkPluginFeature at address 0xfb3358
0:00:00.012050447  2478 0x2387320 LOG   GST_POLL gstpoll.c:994:gst_poll_fd_ctl_write: 0x238f9c0: pfd->events now 60 (POLLOUT:4)
0:00:00.016326999  2477 0xf99370 DEBUG   GST_REGISTRY gstregistry.c:589:gst_registry_add_feature: adding feature 0xfb3b90 (leaks)
0:00:00.012059717  2478 0x2387320 DEBUG   GST_POLL gstpoll.c:979:gst_poll_fd_ctl_write: 0x238f9c0: fd (fd:0, idx:1), active : 1
0:00:00.016333587  2477 0xf99370 DEBUG   GST_REFCOUNTING gstobject.c:708:gst_object_set_parent: set parent (ref and sink)
0:00:00.012067159  2478 0x2387320 LOG   GST_POLL gstpoll.c:994:gst_poll_fd_ctl_write: 0x238f9c0: pfd->events now 60 (POLLOUT:4)
0:00:00.016340835  2477 0xf99370 TRACE   GST_REFCOUNTING gstobject.c:292:gst_object_ref_sink: 0xfb3b90 ref_sink 1->2
0:00:00.012078841  2478 0x2387320 DEBUG   GST_POLL gstpoll.c:979:gst_poll_fd_ctl_write: 0x238f9c0: fd (fd:0, idx:1), active : 1
0:00:00.016349093  2477 0xf99370 LOG   GST_REGISTRY gstregistry.c:607:gst_registry_add_feature: emitting feature-added for leaks
0:00:00.012085006  2478 0x2387320 LOG   GST_POLL gstpoll.c:994:gst_poll_fd_ctl_write: 0x238f9c0: pfd->events now 60 (POLLOUT:4)
0:00:00.016356043  2477 0xf99370 DEBUG   GST_REGISTRY gstregistrychunks.c:740:gst_registry_chunks_load_feature: Added feature leaks, plugin 0xfb3880 coretracers
0:00:00.012091644  2478 0x2387320 LOG   GST_PLUGIN_LOADING gstpluginloader.c:644:put_chunk: Expanding tx buf from 7717 to 10158 for chunk of size 17
0:00:00.016362527  2477 0xf99370 DEBUG   GST_REGISTRY gstregistrychunks.c:582:gst_registry_chunks_load_feature: Plugin 'coretracers' feature 'stats' typename : 'GstTracerFactory'
0:00:00.012103085  2478 0x2387320 DEBUG   GST_POLL gstpoll.c:979:gst_poll_fd_ctl_write: 0x238f9c0: fd (fd:0, idx:1), active : 1
0:00:00.016372375  2477 0xf99370 TRACE   GST_REFCOUNTING gstobject.c:208:gst_object_init: 0xfb3d90 new
0:00:00.012112792  2478 0x2387320 LOG   GST_POLL gstpoll.c:994:gst_poll_fd_ctl_write: 0x238f9c0: pfd->events now 60 (POLLOUT:4)
0:00:00.016383214  2477 0xf99370 DEBUG   GST_REGISTRY gstregistrychunks.c:716:gst_registry_chunks_load_feature: Reading/casting for GstRegistryChunkPluginFeature at address 0xfb3378
0:00:00.012120160  2478 0x2387320 DEBUG   GST_POLL gstpoll.c:979:gst_poll_fd_ctl_write: 0x238f9c0: fd (fd:0, idx:1), active : 1
0:00:00.016391415  2477 0xf99370 DEBUG   GST_REGISTRY gstregistry.c:589:gst_registry_add_feature: adding feature 0xfb3d90 (stats)
0:00:00.012126553  2478 0x2387320 LOG   GST_POLL gstpoll.c:994:gst_poll_fd_ctl_write: 0x238f9c0: pfd->events now 60 (POLLOUT:4)
0:00:00.016397525  2477 0xf99370 DEBUG   GST_REFCOUNTING gstobject.c:708:gst_object_set_parent: set parent (ref and sink)
0:00:00.012133083  2478 0x2387320 DEBUG   GST_POLL gstpoll.c:979:gst_poll_fd_ctl_write: 0x238f9c0: fd (fd:0, idx:1), active : 1
0:00:00.016404354  2477 0xf99370 TRACE   GST_REFCOUNTING gstobject.c:292:gst_object_ref_sink: 0xfb3d90 ref_sink 1->2
0:00:00.012139021  2478 0x2387320 LOG   GST_POLL gstpoll.c:994:gst_poll_fd_ctl_write: 0x238f9c0: pfd->events now 60 (POLLOUT:4)
0:00:00.016410499  2477 0xf99370 LOG   GST_REGISTRY gstregistry.c:607:gst_registry_add_feature: emitting feature-added for stats
0:00:00.012145225  2478 0x2387320 DEBUG   GST_POLL gstpoll.c:979:gst_poll_fd_ctl_write: 0x238f9c0: fd (fd:0, idx:1), active : 1
0:00:00.016416935  2477 0xf99370 DEBUG   GST_REGISTRY gstregistrychunks.c:740:gst_registry_chunks_load_feature: Added feature stats, plugin 0xfb3880 coretracers
0:00:00.012151122  2478 0x2387320 LOG   GST_POLL gstpoll.c:994:gst_poll_fd_ctl_write: 0x238f9c0: pfd->events now 60 (POLLOUT:4)
0:00:00.016423519  2477 0xf99370 DEBUG   GST_REGISTRY gstregistrychunks.c:582:gst_registry_chunks_load_feature: Plugin 'coretracers' feature 'rusage' typename : 'GstTracerFactory'
0:00:00.012161425  2478 0x2387320 DEBUG   GST_POLL gstpoll.c:979:gst_poll_fd_ctl_write: 0x238f9c0: fd (fd:0, idx:1), active : 1
0:00:00.012169533  2478 0x2387320 LOG   GST_POLL gstpoll.c:994:gst_poll_fd_ctl_write: 0x238f9c0: pfd->events now 60 (POLLOUT:4)
0:00:00.016434768  2477 0xf99370 TRACE   GST_REFCOUNTING gstobject.c:208:gst_object_init: 0xfb3f90 new
0:00:00.012175868  2478 0x2387320 DEBUG   GST_POLL gstpoll.c:979:gst_poll_fd_ctl_write: 0x238f9c0: fd (fd:0, idx:1), active : 1
0:00:00.016449883  2477 0xf99370 DEBUG   GST_REGISTRY gstregistrychunks.c:716:gst_registry_chunks_load_feature: Reading/casting for GstRegistryChunkPluginFeature at address 0xfb3398
0:00:00.012182185  2478 0x2387320 LOG   GST_POLL gstpoll.c:994:gst_poll_fd_ctl_write: 0x238f9c0: pfd->events now 60 (POLLOUT:4)
0:00:00.016457464  2477 0xf99370 DEBUG   GST_REGISTRY gstregistry.c:589:gst_registry_add_feature: adding feature 0xfb3f90 (rusage)
0:00:00.012190546  2478 0x2387320 DEBUG   GST_POLL gstpoll.c:979:gst_poll_fd_ctl_write: 0x238f9c0: fd (fd:0, idx:1), active : 1
0:00:00.016463448  2477 0xf99370 DEBUG   GST_REFCOUNTING gstobject.c:708:gst_object_set_parent: set parent (ref and sink)
0:00:00.012197337  2478 0x2387320 LOG   GST_POLL gstpoll.c:994:gst_poll_fd_ctl_write: 0x238f9c0: pfd->events now 60 (POLLOUT:4)
0:00:00.016470395  2477 0xf99370 TRACE   GST_REFCOUNTING gstobject.c:292:gst_object_ref_sink: 0xfb3f90 ref_sink 1->2
0:00:00.012204004  2478 0x2387320 DEBUG   GST_POLL gstpoll.c:979:gst_poll_fd_ctl_write: 0x238f9c0: fd (fd:0, idx:1), active : 1
0:00:00.016476832  2477 0xf99370 LOG   GST_REGISTRY gstregistry.c:607:gst_registry_add_feature: emitting feature-added for rusage
0:00:00.012210445  2478 0x2387320 LOG   GST_POLL gstpoll.c:994:gst_poll_fd_ctl_write: 0x238f9c0: pfd->events now 60 (POLLOUT:4)
0:00:00.016483232  2477 0xf99370 DEBUG   GST_REGISTRY gstregistrychunks.c:740:gst_registry_chunks_load_feature: Added feature rusage, plugin 0xfb3880 coretracers
0:00:00.012217062  2478 0x2387320 DEBUG   GST_POLL gstpoll.c:979:gst_poll_fd_ctl_write: 0x238f9c0: fd (fd:0, idx:1), active : 1
0:00:00.016491848  2477 0xf99370 DEBUG   GST_REGISTRY gstregistrychunks.c:582:gst_registry_chunks_load_feature: Plugin 'coretracers' feature 'log' typename : 'GstTracerFactory'
0:00:00.012225871  2478 0x2387320 LOG   GST_POLL gstpoll.c:994:gst_poll_fd_ctl_write: 0x238f9c0: pfd->events now 60 (POLLOUT:4)
0:00:00.016500200  2477 0xf99370 TRACE   GST_REFCOUNTING gstobject.c:208:gst_object_init: 0xfb4190 new
0:00:00.012233284  2478 0x2387320 DEBUG   GST_POLL gstpoll.c:979:gst_poll_fd_ctl_write: 0x238f9c0: fd (fd:0, idx:1), active : 1
0:00:00.016507913  2477 0xf99370 DEBUG   GST_REGISTRY gstregistrychunks.c:716:gst_registry_chunks_load_feature: Reading/casting for GstRegistryChunkPluginFeature at address 0xfb33b8
0:00:00.012240687  2478 0x2387320 LOG   GST_POLL gstpoll.c:994:gst_poll_fd_ctl_write: 0x238f9c0: pfd->events now 60 (POLLOUT:4)
0:00:00.016520155  2477 0xf99370 DEBUG   GST_REGISTRY gstregistry.c:589:gst_registry_add_feature: adding feature 0xfb4190 (log)
0:00:00.012253435  2478 0x2387320 DEBUG   GST_POLL gstpoll.c:979:gst_poll_fd_ctl_write: 0x238f9c0: fd (fd:0, idx:1), active : 1
0:00:00.016526379  2477 0xf99370 DEBUG   GST_REFCOUNTING gstobject.c:708:gst_object_set_parent: set parent (ref and sink)
0:00:00.012260182  2478 0x2387320 LOG   GST_POLL gstpoll.c:994:gst_poll_fd_ctl_write: 0x238f9c0: pfd->events now 60 (POLLOUT:4)
0:00:00.016533331  2477 0xf99370 TRACE   GST_REFCOUNTING gstobject.c:292:gst_object_ref_sink: 0xfb4190 ref_sink 1->2
0:00:00.012267206  2478 0x2387320 DEBUG   GST_POLL gstpoll.c:979:gst_poll_fd_ctl_write: 0x238f9c0: fd (fd:0, idx:1), active : 1
0:00:00.016539810  2477 0xf99370 LOG   GST_REGISTRY gstregistry.c:607:gst_registry_add_feature: emitting feature-added for log
0:00:00.012273373  2478 0x2387320 LOG   GST_POLL gstpoll.c:994:gst_poll_fd_ctl_write: 0x238f9c0: pfd->events now 60 (POLLOUT:4)
0:00:00.016546266  2477 0xf99370 DEBUG   GST_REGISTRY gstregistrychunks.c:740:gst_registry_chunks_load_feature: Added feature log, plugin 0xfb3880 coretracers
0:00:00.012280734  2478 0x2387320 TRACE   GST_REFCOUNTING gstobject.c:264:gst_object_unref: 0x23a0e90 unref 2->1
0:00:00.016554768  2477 0xf99370 DEBUG   GST_REGISTRY gstregistrychunks.c:582:gst_registry_chunks_load_feature: Plugin 'coretracers' feature 'latency' typename : 'GstTracerFactory'
0:00:00.012290024  2478 0x2387320 DEBUG   GST_POLL gstpoll.c:1241:gst_poll_fd_has_error: 0x238f9c0: fd (fd:0, idx:1) 0
0:00:00.016563325  2477 0xf99370 TRACE   GST_REFCOUNTING gstobject.c:208:gst_object_init: 0xfb4390 new
0:00:00.012297032  2478 0x2387320 DEBUG   GST_POLL gstpoll.c:1335:gst_poll_fd_can_write: 0x238f9c0: fd (fd:0, idx:1) 1
0:00:00.016571013  2477 0xf99370 DEBUG   GST_REGISTRY gstregistrychunks.c:716:gst_registry_chunks_load_feature: Reading/casting for GstRegistryChunkPluginFeature at address 0xfb33e0
0:00:00.012303677  2478 0x2387320 LOG   GST_PLUGIN_LOADING gstpluginloader.c:689:write_one: Writing packet of size 6872 bytes to fd 0
0:00:00.016578163  2477 0xf99370 DEBUG   GST_REGISTRY gstregistry.c:589:gst_registry_add_feature: adding feature 0xfb4390 (latency)
0:00:00.012315515  2478 0x2387320 DEBUG   GST_POLL gstpoll.c:1414:gst_poll_wait: 0x238f9c0: timeout :0:00:01.000000000
0:00:00.016584083  2477 0xf99370 DEBUG   GST_REFCOUNTING gstobject.c:708:gst_object_set_parent: set parent (ref and sink)
0:00:00.012324151  2478 0x2387320 LOG   GST_PLUGIN_LOADING gstpluginloader.c:1026:exchange_packets: Poll res = 2. 488 bytes pending for write
0:00:00.016592722  2477 0xf99370 TRACE   GST_REFCOUNTING gstobject.c:292:gst_object_ref_sink: 0xfb4390 ref_sink 1->2
0:00:00.012331384  2478 0x2387320 DEBUG   GST_POLL gstpoll.c:1241:gst_poll_fd_has_error: 0x238f9c0: fd (fd:5, idx:2) 0
0:00:00.016601754  2477 0xf99370 LOG   GST_REGISTRY gstregistry.c:607:gst_registry_add_feature: emitting feature-added for latency
0:00:00.012344394  2478 0x2387320 DEBUG   GST_POLL gstpoll.c:1266:gst_poll_fd_can_read_unlocked: 0x238f9c0: fd (fd:5, idx:2) 1
0:00:00.016613649  2477 0xf99370 DEBUG   GST_REGISTRY gstregistrychunks.c:740:gst_registry_chunks_load_feature: Added feature latency, plugin 0xfb3880 coretracers
0:00:00.012354495  2478 0x2387320 DEBUG   GST_PLUGIN_LOADING gstpluginloader.c:721:do_plugin_load: Plugin scanner loading file /home/conan/w/prod/BuildSingleReference/.conan/data/gstreamer/1.19.1/_/_/package/0387548ec0d21c08cb6b492d670dcb344087cb15/lib/gstreamer-1.0/libgstcoreelements.so. tag 3
0:00:00.016625100  2477 0xf99370 LOG   GST_PLUGIN_LOADING gstpluginloader.c:886:handle_rx_packet: marking plugin 0xfb3880 as registered as /home/conan/w/prod/BuildSingleReference/.conan/data/gstreamer/1.19.1/_/_/package/0387548ec0d21c08cb6b492d670dcb344087cb15/lib/gstreamer-1.0/libgstcoretracers.so
0:00:00.012362597  2478 0x2387320 TRACE   GST_REFCOUNTING gstobject.c:237:gst_object_ref: 0x23a3220 ref 1->2
0:00:00.012369969  2478 0x2387320 TRACE   GST_REFCOUNTING gstobject.c:237:gst_object_ref: 0x23be720 ref 1->2
0:00:00.016639230  2477 0xf99370 DEBUG   GST_POLL gstpoll.c:1414:gst_poll_wait: 0xfb2ce0: timeout :0:00:01.000000000
0:00:00.012376142  2478 0x2387320 TRACE   GST_REFCOUNTING gstobject.c:237:gst_object_ref: 0x23bd830 ref 1->2
0:00:00.016650493  2477 0xf99370 LOG   GST_PLUGIN_LOADING gstpluginloader.c:1026:exchange_packets: Poll res = 1. 0 bytes pending for write
0:00:00.012382798  2478 0x2387320 TRACE   GST_REFCOUNTING gstobject.c:237:gst_object_ref: 0x23bc090 ref 1->2
0:00:00.016657530  2477 0xf99370 DEBUG   GST_POLL gstpoll.c:1241:gst_poll_fd_has_error: 0xfb2ce0: fd (fd:8, idx:2) 0
0:00:00.012393278  2478 0x2387320 TRACE   GST_REFCOUNTING gstobject.c:237:gst_object_ref: 0x23bb2c0 ref 1->2
0:00:00.012413494  2478 0x2387320 TRACE   GST_REFCOUNTING gstobject.c:237:gst_object_ref: 0x23ba0b0 ref 1->2
0:00:00.016680941  2477 0xf99370 DEBUG   GST_POLL gstpoll.c:1266:gst_poll_fd_can_read_unlocked: 0xfb2ce0: fd (fd:8, idx:2) 1
0:00:00.012419769  2478 0x2387320 TRACE   GST_REFCOUNTING gstobject.c:237:gst_object_ref: 0x23b8fb0 ref 1->2
0:00:00.012426422  2478 0x2387320 TRACE   GST_REFCOUNTING gstobject.c:237:gst_object_ref: 0x23b7600 ref 1->2
0:00:00.016696756  2477 0xf99370 LOG   GST_PLUGIN_LOADING gstpluginloader.c:984:read_one: Expanding rx buf from 512 to 7384
0:00:00.012432201  2478 0x2387320 TRACE   GST_REFCOUNTING gstobject.c:237:gst_object_ref: 0x23b5b80 ref 1->2
0:00:00.012438860  2478 0x2387320 TRACE   GST_REFCOUNTING gstobject.c:237:gst_object_ref: 0x23b4a70 ref 1->2
0:00:00.012444686  2478 0x2387320 TRACE   GST_REFCOUNTING gstobject.c:237:gst_object_ref: 0x23b3850 ref 1->2
0:00:00.016722621  2477 0xf99370 DEBUG   GST_PLUGIN_LOADING gstpluginloader.c:847:handle_rx_packet: Received plugin details from child w/ tag 1. 6860 bytes info
0:00:00.012454797  2478 0x2387320 TRACE   GST_REFCOUNTING gstobject.c:237:gst_object_ref: 0x23b21b0 ref 1->2
0:00:00.016730350  2477 0xf99370 LOG   GST_REGISTRY gstregistrychunks.c:836:_priv_gst_registry_chunks_load_plugin: Reading/casting for GstRegistryChunkPluginElement at address 0xfb4b30
0:00:00.012466638  2478 0x2387320 TRACE   GST_REFCOUNTING gstobject.c:237:gst_object_ref: 0x23b1500 ref 1->2
0:00:00.016738146  2477 0xf99370 TRACE   GST_REFCOUNTING gstobject.c:208:gst_object_init: 0xfb3210 new
0:00:00.012474080  2478 0x2387320 TRACE   GST_REFCOUNTING gstobject.c:237:gst_object_ref: 0x23b08d0 ref 1->2
0:00:00.012481024  2478 0x2387320 TRACE   GST_REFCOUNTING gstobject.c:237:gst_object_ref: 0x23a7e20 ref 1->2
0:00:00.016753796  2477 0xf99370 LOG   GST_REGISTRY gstregistrychunks.c:858:_priv_gst_registry_chunks_load_plugin: read strings for name='coreelements'
0:00:00.012486756  2478 0x2387320 TRACE   GST_REFCOUNTING gstobject.c:237:gst_object_ref: 0x23adcd0 ref 1->2
0:00:00.016760695  2477 0xf99370 LOG   GST_REGISTRY gstregistrychunks.c:859:_priv_gst_registry_chunks_load_plugin: desc.description='GStreamer core elements'
0:00:00.012494789  2478 0x2387320 TRACE   GST_REFCOUNTING gstobject.c:237:gst_object_ref: 0x23ab6a0 ref 1->2
0:00:00.016767423  2477 0xf99370 LOG   GST_REGISTRY gstregistrychunks.c:860:_priv_gst_registry_chunks_load_plugin: filename='/home/conan/w/prod/BuildSingleReference/.conan/data/gstreamer/1.19.1/_/_/package/0387548ec0d21c08cb6b492d670dcb344087cb15/lib/gstreamer-1.0/libgstcoreelements.so'
0:00:00.012501493  2478 0x2387320 TRACE   GST_REFCOUNTING gstobject.c:237:gst_object_ref: 0x23a9b50 ref 1->2
0:00:00.016773608  2477 0xf99370 LOG   GST_REGISTRY gstregistrychunks.c:861:_priv_gst_registry_chunks_load_plugin: desc.version='1.19.1'
0:00:00.012508074  2478 0x2387320 TRACE   GST_REFCOUNTING gstobject.c:237:gst_object_ref: 0x23a8b10 ref 1->2
0:00:00.016779367  2477 0xf99370 LOG   GST_REGISTRY gstregistrychunks.c:862:_priv_gst_registry_chunks_load_plugin: desc.license='LGPL'
0:00:00.012514836  2478 0x2387320 TRACE   GST_REFCOUNTING gstobject.c:237:gst_object_ref: 0x23a7060 ref 1->2
0:00:00.016784924  2477 0xf99370 LOG   GST_REGISTRY gstregistrychunks.c:863:_priv_gst_registry_chunks_load_plugin: desc.source='gstreamer'
0:00:00.016792285  2477 0xf99370 LOG   GST_REGISTRY gstregistrychunks.c:864:_priv_gst_registry_chunks_load_plugin: desc.package='GStreamer source release'
0:00:00.012523861  2478 0x2387320 TRACE   GST_REFCOUNTING gstobject.c:237:gst_object_ref: 0x23a6260 ref 1->2
0:00:00.016799610  2477 0xf99370 LOG   GST_REGISTRY gstregistrychunks.c:865:_priv_gst_registry_chunks_load_plugin: desc.origin='Unknown package origin'
0:00:00.012533602  2478 0x2387320 TRACE   GST_REFCOUNTING gstobject.c:237:gst_object_ref: 0x23a5360 ref 1->2
0:00:00.016806563  2477 0xf99370 LOG   GST_REGISTRY gstregistrychunks.c:866:_priv_gst_registry_chunks_load_plugin: desc.datetime=2021-06-01
0:00:00.012545150  2478 0x2387320 TRACE   GST_REFCOUNTING gstobject.c:237:gst_object_ref: 0x23a3670 ref 1->2
0:00:00.016817655  2477 0xf99370 DEBUG   GST_REGISTRY gstregistry.c:473:gst_registry_add_plugin: adding plugin 0xfb3210 for filename "/home/conan/w/prod/BuildSingleReference/.conan/data/gstreamer/1.19.1/_/_/package/0387548ec0d21c08cb6b492d670dcb344087cb15/lib/gstreamer-1.0/libgstcoreelements.so"
0:00:00.012552647  2478 0x2387320 DEBUG   GST_REGISTRY gstregistrychunks.c:264:gst_registry_chunks_save_feature: saved 0 interfaces 0 pad templates
0:00:00.016825459  2477 0xf99370 TRACE   GST_REFCOUNTING gstobject.c:292:gst_object_ref_sink: 0xfb3210 ref_sink 1->2
0:00:00.012562684  2478 0x2387320 DEBUG   GST_REGISTRY gstregistrychunks.c:264:gst_registry_chunks_save_feature: saved 0 interfaces 0 pad templates
0:00:00.016832704  2477 0xf99370 LOG   GST_REGISTRY gstregistry.c:486:gst_registry_add_plugin: emitting plugin-added for filename "/home/conan/w/prod/BuildSingleReference/.conan/data/gstreamer/1.19.1/_/_/package/0387548ec0d21c08cb6b492d670dcb344087cb15/lib/gstreamer-1.0/libgstcoreelements.so"
0:00:00.012571263  2478 0x2387320 DEBUG   GST_REGISTRY gstregistrychunks.c:264:gst_registry_chunks_save_feature: saved 0 interfaces 0 pad templates
0:00:00.016840250  2477 0xf99370 DEBUG   GST_REGISTRY gstregistrychunks.c:886:_priv_gst_registry_chunks_load_plugin: Added plugin 'coreelements' plugin with 22 features from binary registry
0:00:00.012580025  2478 0x2387320 DEBUG   GST_REGISTRY gstregistrychunks.c:264:gst_registry_chunks_save_feature: saved 1 interfaces 0 pad templates
0:00:00.016848742  2477 0xf99370 DEBUG   GST_REGISTRY gstregistrychunks.c:582:gst_registry_chunks_load_feature: Plugin 'coreelements' feature 'streamiddemux' typename : 'GstElementFactory'
0:00:00.012586464  2478 0x2387320 DEBUG   GST_REGISTRY gstregistrychunks.c:284:gst_registry_chunks_save_feature: Saved 1 UriTypes
0:00:00.016862036  2477 0xf99370 TRACE   GST_REFCOUNTING gstobject.c:208:gst_object_init: 0xfb4450 new
0:00:00.012598477  2478 0x2387320 DEBUG   GST_REGISTRY gstregistrychunks.c:264:gst_registry_chunks_save_feature: saved 0 interfaces 0 pad templates
0:00:00.016871682  2477 0xf99370 LOG   GST_REGISTRY gstregistrychunks.c:609:gst_registry_chunks_load_feature: Reading/casting for GstRegistryChunkElementFactory at address 0xfb4c88
0:00:00.016880337  2477 0xf99370 TRACE   structure gststructure.c:292:gst_structure_new_id_empty_with_size: created structure 0xfb4650
0:00:00.012612546  2478 0x2387320 DEBUG   GST_REGISTRY gstregistrychunks.c:264:gst_registry_chunks_save_feature: saved 0 interfaces 0 pad templates
0:00:00.016886220  2477 0xf99370 DEBUG   structure gststructure.c:2258:gst_structure_parse_field: trying field name 'long-name'
0:00:00.012622936  2478 0x2387320 DEBUG   GST_REGISTRY gstregistrychunks.c:264:gst_registry_chunks_save_feature: saved 0 interfaces 0 pad templates
0:00:00.016898262  2477 0xf99370 DEBUG   default gstvalue.c:2776:_priv_gst_value_parse_value: trying type name 'string'
0:00:00.012635977  2478 0x2387320 DEBUG   GST_REGISTRY gstregistrychunks.c:264:gst_registry_chunks_save_feature: saved 1 interfaces 0 pad templates
0:00:00.016909744  2477 0xf99370 DEBUG   structure gststructure.c:2258:gst_structure_parse_field: trying field name 'klass'
0:00:00.012641982  2478 0x2387320 DEBUG   GST_REGISTRY gstregistrychunks.c:284:gst_registry_chunks_save_feature: Saved 1 UriTypes
0:00:00.016917738  2477 0xf99370 DEBUG   default gstvalue.c:2776:_priv_gst_value_parse_value: trying type name 'string'
0:00:00.012652777  2478 0x2387320 DEBUG   GST_REGISTRY gstregistrychunks.c:264:gst_registry_chunks_save_feature: saved 1 interfaces 0 pad templates
0:00:00.016925890  2477 0xf99370 DEBUG   structure gststructure.c:2258:gst_structure_parse_field: trying field name 'description'
0:00:00.012658825  2478 0x2387320 DEBUG   GST_REGISTRY gstregistrychunks.c:284:gst_registry_chunks_save_feature: Saved 1 UriTypes
0:00:00.016931815  2477 0xf99370 DEBUG   default gstvalue.c:2776:_priv_gst_value_parse_value: trying type name 'string'
0:00:00.012670958  2478 0x2387320 DEBUG   GST_REGISTRY gstregistrychunks.c:264:gst_registry_chunks_save_feature: saved 1 interfaces 0 pad templates
0:00:00.016940312  2477 0xf99370 DEBUG   structure gststructure.c:2258:gst_structure_parse_field: trying field name 'author'
0:00:00.012677879  2478 0x2387320 DEBUG   GST_REGISTRY gstregistrychunks.c:284:gst_registry_chunks_save_feature: Saved 1 UriTypes
0:00:00.016948167  2477 0xf99370 DEBUG   default gstvalue.c:2776:_priv_gst_value_parse_value: trying type name 'string'
0:00:00.012686326  2478 0x2387320 DEBUG   GST_REGISTRY gstregistrychunks.c:264:gst_registry_chunks_save_feature: saved 0 interfaces 0 pad templates
0:00:00.016955459  2477 0xf99370 DEBUG   GST_REGISTRY gstregistrychunks.c:626:gst_registry_chunks_load_feature: Element factory : npadtemplates=2
0:00:00.016962615  2477 0xf99370 DEBUG   GST_REGISTRY gstregistrychunks.c:525:gst_registry_chunks_load_pad_template: Reading/casting for GstRegistryChunkPadTemplate at address 0xfb4d60
0:00:00.012695025  2478 0x2387320 DEBUG   GST_REGISTRY gstregistrychunks.c:264:gst_registry_chunks_save_feature: saved 0 interfaces 0 pad templates
0:00:00.016968523  2477 0xf99370 DEBUG   GST_REGISTRY gstregistrychunks.c:539:gst_registry_chunks_load_pad_template: Added pad_template src_%u
0:00:00.012704181  2478 0x2387320 DEBUG   GST_REGISTRY gstregistrychunks.c:264:gst_registry_chunks_save_feature: saved 0 interfaces 0 pad templates
0:00:00.016976092  2477 0xf99370 DEBUG   GST_REGISTRY gstregistrychunks.c:525:gst_registry_chunks_load_pad_template: Reading/casting for GstRegistryChunkPadTemplate at address 0xfb4d78
0:00:00.012713539  2478 0x2387320 DEBUG   GST_REGISTRY gstregistrychunks.c:264:gst_registry_chunks_save_feature: saved 0 interfaces 0 pad templates
0:00:00.016983452  2477 0xf99370 DEBUG   GST_REGISTRY gstregistrychunks.c:539:gst_registry_chunks_load_pad_template: Added pad_template sink
0:00:00.012726377  2478 0x2387320 DEBUG   GST_REGISTRY gstregistrychunks.c:264:gst_registry_chunks_save_feature: saved 0 interfaces 0 pad templates
0:00:00.016997336  2477 0xf99370 DEBUG   GST_REGISTRY gstregistry.c:589:gst_registry_add_feature: adding feature 0xfb4450 (streamiddemux)
0:00:00.012735032  2478 0x2387320 DEBUG   GST_REGISTRY gstregistrychunks.c:264:gst_registry_chunks_save_feature: saved 0 interfaces 0 pad templates
0:00:00.017005156  2477 0xf99370 DEBUG   GST_REFCOUNTING gstobject.c:708:gst_object_set_parent: set parent (ref and sink)
0:00:00.017013433  2477 0xf99370 TRACE   GST_REFCOUNTING gstobject.c:292:gst_object_ref_sink: 0xfb4450 ref_sink 1->2
0:00:00.012746418  2478 0x2387320 DEBUG   GST_REGISTRY gstregistrychunks.c:264:gst_registry_chunks_save_feature: saved 1 interfaces 0 pad templates
0:00:00.017019374  2477 0xf99370 LOG   GST_REGISTRY gstregistry.c:607:gst_registry_add_feature: emitting feature-added for streamiddemux
0:00:00.012753446  2478 0x2387320 DEBUG   GST_REGISTRY gstregistrychunks.c:284:gst_registry_chunks_save_feature: Saved 1 UriTypes
0:00:00.017026487  2477 0xf99370 DEBUG   GST_REGISTRY gstregistrychunks.c:740:gst_registry_chunks_load_feature: Added feature streamiddemux, plugin 0xfb3210 coreelements
0:00:00.012762547  2478 0x2387320 DEBUG   GST_REGISTRY gstregistrychunks.c:264:gst_registry_chunks_save_feature: saved 0 interfaces 0 pad templates
0:00:00.017033440  2477 0xf99370 DEBUG   GST_REGISTRY gstregistrychunks.c:582:gst_registry_chunks_load_feature: Plugin 'coreelements' feature 'valve' typename : 'GstElementFactory'
0:00:00.012772026  2478 0x2387320 DEBUG   GST_REGISTRY gstregistrychunks.c:264:gst_registry_chunks_save_feature: saved 0 interfaces 0 pad templates
0:00:00.017043412  2477 0xf99370 TRACE   GST_REFCOUNTING gstobject.c:208:gst_object_init: 0xfb49b0 new
0:00:00.012781939  2478 0x2387320 DEBUG   GST_REGISTRY gstregistrychunks.c:264:gst_registry_chunks_save_feature: saved 0 interfaces 0 pad templates
0:00:00.017052022  2477 0xf99370 LOG   GST_REGISTRY gstregistrychunks.c:609:gst_registry_chunks_load_feature: Reading/casting for GstRegistryChunkElementFactory at address 0xfb4da8
0:00:00.017059807  2477 0xf99370 TRACE   structure gststructure.c:292:gst_structure_new_id_empty_with_size: created structure 0xfb6800
0:00:00.012791811  2478 0x2387320 DEBUG   GST_REGISTRY gstregistrychunks.c:264:gst_registry_chunks_save_feature: saved 0 interfaces 0 pad templates
0:00:00.017065252  2477 0xf99370 DEBUG   structure gststructure.c:2258:gst_structure_parse_field: trying field name 'long-name'
0:00:00.017071118  2477 0xf99370 DEBUG   default gstvalue.c:2776:_priv_gst_value_parse_value: trying type name 'string'
0:00:00.012803572  2478 0x2387320 DEBUG   GST_REGISTRY gstregistrychunks.c:264:gst_registry_chunks_save_feature: saved 0 interfaces 0 pad templates
0:00:00.017077027  2477 0xf99370 DEBUG   structure gststructure.c:2258:gst_structure_parse_field: trying field name 'klass'
0:00:00.017085579  2477 0xf99370 DEBUG   default gstvalue.c:2776:_priv_gst_value_parse_value: trying type name 'string'
0:00:00.012818874  2478 0x2387320 TRACE   GST_REFCOUNTING gstobject.c:264:gst_object_unref: 0x23a3670 unref 2->1
0:00:00.017091072  2477 0xf99370 DEBUG   structure gststructure.c:2258:gst_structure_parse_field: trying field name 'description'
0:00:00.012829082  2478 0x2387320 TRACE   GST_REFCOUNTING gstobject.c:264:gst_object_unref: 0x23a5360 unref 2->1
0:00:00.017098765  2477 0xf99370 DEBUG   default gstvalue.c:2776:_priv_gst_value_parse_value: trying type name 'string'
0:00:00.012837018  2478 0x2387320 TRACE   GST_REFCOUNTING gstobject.c:264:gst_object_unref: 0x23a6260 unref 2->1
0:00:00.017107836  2477 0xf99370 DEBUG   structure gststructure.c:2258:gst_structure_parse_field: trying field name 'author'
0:00:00.012843869  2478 0x2387320 TRACE   GST_REFCOUNTING gstobject.c:264:gst_object_unref: 0x23a7060 unref 2->1
0:00:00.017113631  2477 0xf99370 DEBUG   default gstvalue.c:2776:_priv_gst_value_parse_value: trying type name 'string'
0:00:00.012850891  2478 0x2387320 TRACE   GST_REFCOUNTING gstobject.c:264:gst_object_unref: 0x23a8b10 unref 2->1
0:00:00.017121863  2477 0xf99370 DEBUG   GST_REGISTRY gstregistrychunks.c:626:gst_registry_chunks_load_feature: Element factory : npadtemplates=2
0:00:00.012857874  2478 0x2387320 TRACE   GST_REFCOUNTING gstobject.c:264:gst_object_unref: 0x23a9b50 unref 2->1
0:00:00.017127698  2477 0xf99370 DEBUG   GST_REGISTRY gstregistrychunks.c:525:gst_registry_chunks_load_pad_template: Reading/casting for GstRegistryChunkPadTemplate at address 0xfb4e98
0:00:00.012864815  2478 0x2387320 TRACE   GST_REFCOUNTING gstobject.c:264:gst_object_unref: 0x23ab6a0 unref 2->1
0:00:00.017134686  2477 0xf99370 DEBUG   GST_REGISTRY gstregistrychunks.c:539:gst_registry_chunks_load_pad_template: Added pad_template sink
0:00:00.012871694  2478 0x2387320 TRACE   GST_REFCOUNTING gstobject.c:264:gst_object_unref: 0x23adcd0 unref 2->1
0:00:00.017141271  2477 0xf99370 DEBUG   GST_REGISTRY gstregistrychunks.c:525:gst_registry_chunks_load_pad_template: Reading/casting for GstRegistryChunkPadTemplate at address 0xfb4eb0
0:00:00.012878788  2478 0x2387320 TRACE   GST_REFCOUNTING gstobject.c:264:gst_object_unref: 0x23a7e20 unref 2->1
0:00:00.017148709  2477 0xf99370 DEBUG   GST_REGISTRY gstregistrychunks.c:539:gst_registry_chunks_load_pad_template: Added pad_template src
0:00:00.012901337  2478 0x2387320 TRACE   GST_REFCOUNTING gstobject.c:264:gst_object_unref: 0x23b08d0 unref 2->1
0:00:00.017175944  2477 0xf99370 DEBUG   GST_REGISTRY gstregistry.c:589:gst_registry_add_feature: adding feature 0xfb49b0 (valve)
0:00:00.012908971  2478 0x2387320 TRACE   GST_REFCOUNTING gstobject.c:264:gst_object_unref: 0x23b1500 unref 2->1
0:00:00.017185554  2477 0xf99370 DEBUG   GST_REFCOUNTING gstobject.c:708:gst_object_set_parent: set parent (ref and sink)
0:00:00.012922827  2478 0x2387320 TRACE   GST_REFCOUNTING gstobject.c:264:gst_object_unref: 0x23b21b0 unref 2->1
0:00:00.017196306  2477 0xf99370 TRACE   GST_REFCOUNTING gstobject.c:292:gst_object_ref_sink: 0xfb49b0 ref_sink 1->2
0:00:00.012929820  2478 0x2387320 TRACE   GST_REFCOUNTING gstobject.c:264:gst_object_unref: 0x23b3850 unref 2->1
0:00:00.017203544  2477 0xf99370 LOG   GST_REGISTRY gstregistry.c:607:gst_registry_add_feature: emitting feature-added for valve
0:00:00.012937544  2478 0x2387320 TRACE   GST_REFCOUNTING gstobject.c:264:gst_object_unref: 0x23b4a70 unref 2->1
0:00:00.017210604  2477 0xf99370 DEBUG   GST_REGISTRY gstregistrychunks.c:740:gst_registry_chunks_load_feature: Added feature valve, plugin 0xfb3210 coreelements
0:00:00.012944502  2478 0x2387320 TRACE   GST_REFCOUNTING gstobject.c:264:gst_object_unref: 0x23b5b80 unref 2->1
0:00:00.017217391  2477 0xf99370 DEBUG   GST_REGISTRY gstregistrychunks.c:582:gst_registry_chunks_load_feature: Plugin 'coreelements' feature 'multiqueue' typename : 'GstElementFactory'
0:00:00.012951522  2478 0x2387320 TRACE   GST_REFCOUNTING gstobject.c:264:gst_object_unref: 0x23b7600 unref 2->1
0:00:00.017227420  2477 0xf99370 TRACE   GST_REFCOUNTING gstobject.c:208:gst_object_init: 0xfb6980 new
0:00:00.012960984  2478 0x2387320 TRACE   GST_REFCOUNTING gstobject.c:264:gst_object_unref: 0x23b8fb0 unref 2->1
0:00:00.017236373  2477 0xf99370 LOG   GST_REGISTRY gstregistrychunks.c:609:gst_registry_chunks_load_feature: Reading/casting for GstRegistryChunkElementFactory at address 0xfb4ee0
0:00:00.012969630  2478 0x2387320 TRACE   GST_REFCOUNTING gstobject.c:264:gst_object_unref: 0x23ba0b0 unref 2->1
0:00:00.017244037  2477 0xf99370 TRACE   structure gststructure.c:292:gst_structure_new_id_empty_with_size: created structure 0xfb6a70
0:00:00.012977700  2478 0x2387320 TRACE   GST_REFCOUNTING gstobject.c:264:gst_object_unref: 0x23bb2c0 unref 2->1
0:00:00.017250391  2477 0xf99370 DEBUG   structure gststructure.c:2258:gst_structure_parse_field: trying field name 'long-name'
0:00:00.012984848  2478 0x2387320 TRACE   GST_REFCOUNTING gstobject.c:264:gst_object_unref: 0x23bc090 unref 2->1
0:00:00.017256606  2477 0xf99370 DEBUG   default gstvalue.c:2776:_priv_gst_value_parse_value: trying type name 'string'
0:00:00.012991800  2478 0x2387320 TRACE   GST_REFCOUNTING gstobject.c:264:gst_object_unref: 0x23bd830 unref 2->1
0:00:00.017263153  2477 0xf99370 DEBUG   structure gststructure.c:2258:gst_structure_parse_field: trying field name 'klass'
0:00:00.012998738  2478 0x2387320 TRACE   GST_REFCOUNTING gstobject.c:264:gst_object_unref: 0x23be720 unref 2->1
0:00:00.017269056  2477 0xf99370 DEBUG   default gstvalue.c:2776:_priv_gst_value_parse_value: trying type name 'string'
0:00:00.013007664  2478 0x2387320 DEBUG   GST_REGISTRY gstregistrychunks.c:497:_priv_gst_registry_chunks_save_plugin: Found 22 features in plugin 0x23a3220 (coreelements)
0:00:00.017282350  2477 0xf99370 DEBUG   structure gststructure.c:2258:gst_structure_parse_field: trying field name 'description'
0:00:00.013016836  2478 0x2387320 DEBUG   GST_POLL gstpoll.c:979:gst_poll_fd_ctl_write: 0x238f9c0: fd (fd:0, idx:1), active : 1
0:00:00.017290422  2477 0xf99370 DEBUG   default gstvalue.c:2776:_priv_gst_value_parse_value: trying type name 'string'
0:00:00.013025712  2478 0x2387320 LOG   GST_POLL gstpoll.c:994:gst_poll_fd_ctl_write: 0x238f9c0: pfd->events now 60 (POLLOUT:4)
0:00:00.017298296  2477 0xf99370 DEBUG   structure gststructure.c:2258:gst_structure_parse_field: trying field name 'author'
0:00:00.013033020  2478 0x2387320 DEBUG   GST_POLL gstpoll.c:979:gst_poll_fd_ctl_write: 0x238f9c0: fd (fd:0, idx:1), active : 1
0:00:00.017304216  2477 0xf99370 DEBUG   default gstvalue.c:2776:_priv_gst_value_parse_value: trying type name 'string'
0:00:00.013039369  2478 0x2387320 LOG   GST_POLL gstpoll.c:994:gst_poll_fd_ctl_write: 0x238f9c0: pfd->events now 60 (POLLOUT:4)
0:00:00.017311160  2477 0xf99370 DEBUG   GST_REGISTRY gstregistrychunks.c:626:gst_registry_chunks_load_feature: Element factory : npadtemplates=2
0:00:00.013045793  2478 0x2387320 DEBUG   GST_POLL gstpoll.c:979:gst_poll_fd_ctl_write: 0x238f9c0: fd (fd:0, idx:1), active : 1
0:00:00.017316889  2477 0xf99370 DEBUG   GST_REGISTRY gstregistrychunks.c:525:gst_registry_chunks_load_pad_template: Reading/casting for GstRegistryChunkPadTemplate at address 0xfb4fa0
0:00:00.013051938  2478 0x2387320 LOG   GST_POLL gstpoll.c:994:gst_poll_fd_ctl_write: 0x238f9c0: pfd->events now 60 (POLLOUT:4)
0:00:00.017322943  2477 0xf99370 DEBUG   GST_REGISTRY gstregistrychunks.c:539:gst_registry_chunks_load_pad_template: Added pad_template src_%u
0:00:00.013058278  2478 0x2387320 DEBUG   GST_POLL gstpoll.c:979:gst_poll_fd_ctl_write: 0x238f9c0: fd (fd:0, idx:1), active : 1
0:00:00.017328587  2477 0xf99370 DEBUG   GST_REGISTRY gstregistrychunks.c:525:gst_registry_chunks_load_pad_template: Reading/casting for GstRegistryChunkPadTemplate at address 0xfb4fb8
0:00:00.013064268  2478 0x2387320 LOG   GST_POLL gstpoll.c:994:gst_poll_fd_ctl_write: 0x238f9c0: pfd->events now 60 (POLLOUT:4)
