0:00:00.017334740  2477 0xf99370 DEBUG   GST_REGISTRY gstregistrychunks.c:539:gst_registry_chunks_load_pad_template: Added pad_template sink_%u
0:00:00.013070540  2478 0x2387320 DEBUG   GST_POLL gstpoll.c:979:gst_poll_fd_ctl_write: 0x238f9c0: fd (fd:0, idx:1), active : 1
0:00:00.017344647  2477 0xf99370 DEBUG   GST_REGISTRY gstregistry.c:589:gst_registry_add_feature: adding feature 0xfb6980 (multiqueue)
0:00:00.013078941  2478 0x2387320 LOG   GST_POLL gstpoll.c:994:gst_poll_fd_ctl_write: 0x238f9c0: pfd->events now 60 (POLLOUT:4)
0:00:00.017351841  2477 0xf99370 DEBUG   GST_REFCOUNTING gstobject.c:708:gst_object_set_parent: set parent (ref and sink)
0:00:00.013085930  2478 0x2387320 DEBUG   GST_POLL gstpoll.c:979:gst_poll_fd_ctl_write: 0x238f9c0: fd (fd:0, idx:1), active : 1
0:00:00.017364403  2477 0xf99370 TRACE   GST_REFCOUNTING gstobject.c:292:gst_object_ref_sink: 0xfb6980 ref_sink 1->2
0:00:00.013097359  2478 0x2387320 LOG   GST_POLL gstpoll.c:994:gst_poll_fd_ctl_write: 0x238f9c0: pfd->events now 60 (POLLOUT:4)
0:00:00.017371579  2477 0xf99370 LOG   GST_REGISTRY gstregistry.c:607:gst_registry_add_feature: emitting feature-added for multiqueue
0:00:00.013105726  2478 0x2387320 DEBUG   GST_POLL gstpoll.c:979:gst_poll_fd_ctl_write: 0x238f9c0: fd (fd:0, idx:1), active : 1
0:00:00.017378447  2477 0xf99370 DEBUG   GST_REGISTRY gstregistrychunks.c:740:gst_registry_chunks_load_feature: Added feature multiqueue, plugin 0xfb3210 coreelements
0:00:00.013113458  2478 0x2387320 LOG   GST_POLL gstpoll.c:994:gst_poll_fd_ctl_write: 0x238f9c0: pfd->events now 60 (POLLOUT:4)
0:00:00.017385105  2477 0xf99370 DEBUG   GST_REGISTRY gstregistrychunks.c:582:gst_registry_chunks_load_feature: Plugin 'coreelements' feature 'typefind' typename : 'GstElementFactory'
0:00:00.013119983  2478 0x2387320 DEBUG   GST_POLL gstpoll.c:979:gst_poll_fd_ctl_write: 0x238f9c0: fd (fd:0, idx:1), active : 1
0:00:00.017392731  2477 0xf99370 TRACE   GST_REFCOUNTING gstobject.c:208:gst_object_init: 0xfb6ba0 new
0:00:00.013125962  2478 0x2387320 LOG   GST_POLL gstpoll.c:994:gst_poll_fd_ctl_write: 0x238f9c0: pfd->events now 60 (POLLOUT:4)
0:00:00.017400818  2477 0xf99370 LOG   GST_REGISTRY gstregistrychunks.c:609:gst_registry_chunks_load_feature: Reading/casting for GstRegistryChunkElementFactory at address 0xfb4fe8
0:00:00.013133399  2478 0x2387320 DEBUG   GST_POLL gstpoll.c:979:gst_poll_fd_ctl_write: 0x238f9c0: fd (fd:0, idx:1), active : 1
0:00:00.017409741  2477 0xf99370 TRACE   structure gststructure.c:292:gst_structure_new_id_empty_with_size: created structure 0xfb6d60
0:00:00.013143678  2478 0x2387320 LOG   GST_POLL gstpoll.c:994:gst_poll_fd_ctl_write: 0x238f9c0: pfd->events now 60 (POLLOUT:4)
0:00:00.017417018  2477 0xf99370 DEBUG   structure gststructure.c:2258:gst_structure_parse_field: trying field name 'long-name'
0:00:00.013151143  2478 0x2387320 DEBUG   GST_POLL gstpoll.c:979:gst_poll_fd_ctl_write: 0x238f9c0: fd (fd:0, idx:1), active : 1
0:00:00.017423557  2477 0xf99370 DEBUG   default gstvalue.c:2776:_priv_gst_value_parse_value: trying type name 'string'
0:00:00.013157538  2478 0x2387320 LOG   GST_POLL gstpoll.c:994:gst_poll_fd_ctl_write: 0x238f9c0: pfd->events now 60 (POLLOUT:4)
0:00:00.017430582  2477 0xf99370 DEBUG   structure gststructure.c:2258:gst_structure_parse_field: trying field name 'klass'
0:00:00.013163979  2478 0x2387320 DEBUG   GST_POLL gstpoll.c:979:gst_poll_fd_ctl_write: 0x238f9c0: fd (fd:0, idx:1), active : 1
0:00:00.013170621  2478 0x2387320 LOG   GST_POLL gstpoll.c:994:gst_poll_fd_ctl_write: 0x238f9c0: pfd->events now 60 (POLLOUT:4)
0:00:00.017445431  2477 0xf99370 DEBUG   default gstvalue.c:2776:_priv_gst_value_parse_value: trying type name 'string'
0:00:00.013180392  2478 0x2387320 DEBUG   GST_POLL gstpoll.c:979:gst_poll_fd_ctl_write: 0x238f9c0: fd (fd:0, idx:1), active : 1
0:00:00.017452164  2477 0xf99370 DEBUG   structure gststructure.c:2258:gst_structure_parse_field: trying field name 'description'
0:00:00.013186510  2478 0x2387320 LOG   GST_POLL gstpoll.c:994:gst_poll_fd_ctl_write: 0x238f9c0: pfd->events now 60 (POLLOUT:4)
0:00:00.017458008  2477 0xf99370 DEBUG   default gstvalue.c:2776:_priv_gst_value_parse_value: trying type name 'string'
0:00:00.013192656  2478 0x2387320 DEBUG   GST_POLL gstpoll.c:979:gst_poll_fd_ctl_write: 0x238f9c0: fd (fd:0, idx:1), active : 1
0:00:00.017466842  2477 0xf99370 DEBUG   structure gststructure.c:2258:gst_structure_parse_field: trying field name 'author'
0:00:00.013200892  2478 0x2387320 LOG   GST_POLL gstpoll.c:994:gst_poll_fd_ctl_write: 0x238f9c0: pfd->events now 60 (POLLOUT:4)
0:00:00.017474257  2477 0xf99370 DEBUG   default gstvalue.c:2776:_priv_gst_value_parse_value: trying type name 'string'
0:00:00.013209006  2478 0x2387320 DEBUG   GST_POLL gstpoll.c:979:gst_poll_fd_ctl_write: 0x238f9c0: fd (fd:0, idx:1), active : 1
0:00:00.013215082  2478 0x2387320 LOG   GST_POLL gstpoll.c:994:gst_poll_fd_ctl_write: 0x238f9c0: pfd->events now 60 (POLLOUT:4)
0:00:00.017484964  2477 0xf99370 DEBUG   GST_REGISTRY gstregistrychunks.c:626:gst_registry_chunks_load_feature: Element factory : npadtemplates=2
0:00:00.013220541  2478 0x2387320 DEBUG   GST_POLL gstpoll.c:979:gst_poll_fd_ctl_write: 0x238f9c0: fd (fd:0, idx:1), active : 1
0:00:00.017490916  2477 0xf99370 DEBUG   GST_REGISTRY gstregistrychunks.c:525:gst_registry_chunks_load_pad_template: Reading/casting for GstRegistryChunkPadTemplate at address 0xfb50c0
0:00:00.013226400  2478 0x2387320 LOG   GST_POLL gstpoll.c:994:gst_poll_fd_ctl_write: 0x238f9c0: pfd->events now 60 (POLLOUT:4)
0:00:00.017497092  2477 0xf99370 DEBUG   GST_REGISTRY gstregistrychunks.c:539:gst_registry_chunks_load_pad_template: Added pad_template sink
0:00:00.013232841  2478 0x2387320 DEBUG   GST_POLL gstpoll.c:979:gst_poll_fd_ctl_write: 0x238f9c0: fd (fd:0, idx:1), active : 1
0:00:00.017502723  2477 0xf99370 DEBUG   GST_REGISTRY gstregistrychunks.c:525:gst_registry_chunks_load_pad_template: Reading/casting for GstRegistryChunkPadTemplate at address 0xfb50d8
0:00:00.013239026  2478 0x2387320 LOG   GST_POLL gstpoll.c:994:gst_poll_fd_ctl_write: 0x238f9c0: pfd->events now 60 (POLLOUT:4)
0:00:00.017509413  2477 0xf99370 DEBUG   GST_REGISTRY gstregistrychunks.c:539:gst_registry_chunks_load_pad_template: Added pad_template src
0:00:00.013246402  2478 0x2387320 DEBUG   GST_POLL gstpoll.c:979:gst_poll_fd_ctl_write: 0x238f9c0: fd (fd:0, idx:1), active : 1
0:00:00.017519964  2477 0xf99370 DEBUG   GST_REGISTRY gstregistry.c:589:gst_registry_add_feature: adding feature 0xfb6ba0 (typefind)
0:00:00.013254727  2478 0x2387320 LOG   GST_POLL gstpoll.c:994:gst_poll_fd_ctl_write: 0x238f9c0: pfd->events now 60 (POLLOUT:4)
0:00:00.017526803  2477 0xf99370 DEBUG   GST_REFCOUNTING gstobject.c:708:gst_object_set_parent: set parent (ref and sink)
0:00:00.013266320  2478 0x2387320 DEBUG   GST_POLL gstpoll.c:979:gst_poll_fd_ctl_write: 0x238f9c0: fd (fd:0, idx:1), active : 1
0:00:00.017537232  2477 0xf99370 TRACE   GST_REFCOUNTING gstobject.c:292:gst_object_ref_sink: 0xfb6ba0 ref_sink 1->2
0:00:00.013272820  2478 0x2387320 LOG   GST_POLL gstpoll.c:994:gst_poll_fd_ctl_write: 0x238f9c0: pfd->events now 60 (POLLOUT:4)
0:00:00.017544391  2477 0xf99370 LOG   GST_REGISTRY gstregistry.c:607:gst_registry_add_feature: emitting feature-added for typefind
0:00:00.013279242  2478 0x2387320 DEBUG   GST_POLL gstpoll.c:979:gst_poll_fd_ctl_write: 0x238f9c0: fd (fd:0, idx:1), active : 1
0:00:00.017551166  2477 0xf99370 DEBUG   GST_REGISTRY gstregistrychunks.c:740:gst_registry_chunks_load_feature: Added feature typefind, plugin 0xfb3210 coreelements
0:00:00.013285415  2478 0x2387320 LOG   GST_POLL gstpoll.c:994:gst_poll_fd_ctl_write: 0x238f9c0: pfd->events now 60 (POLLOUT:4)
0:00:00.017558645  2477 0xf99370 DEBUG   GST_REGISTRY gstregistrychunks.c:582:gst_registry_chunks_load_feature: Plugin 'coreelements' feature 'tee' typename : 'GstElementFactory'
0:00:00.013291721  2478 0x2387320 DEBUG   GST_POLL gstpoll.c:979:gst_poll_fd_ctl_write: 0x238f9c0: fd (fd:0, idx:1), active : 1
0:00:00.017566597  2477 0xf99370 TRACE   GST_REFCOUNTING gstobject.c:208:gst_object_init: 0xfb6f30 new
0:00:00.013298843  2478 0x2387320 LOG   GST_POLL gstpoll.c:994:gst_poll_fd_ctl_write: 0x238f9c0: pfd->events now 60 (POLLOUT:4)
0:00:00.017574769  2477 0xf99370 LOG   GST_REGISTRY gstregistrychunks.c:609:gst_registry_chunks_load_feature: Reading/casting for GstRegistryChunkElementFactory at address 0xfb5100
0:00:00.013307510  2478 0x2387320 DEBUG   GST_POLL gstpoll.c:979:gst_poll_fd_ctl_write: 0x238f9c0: fd (fd:0, idx:1), active : 1
0:00:00.017583528  2477 0xf99370 TRACE   structure gststructure.c:292:gst_structure_new_id_empty_with_size: created structure 0xfb7310
0:00:00.013317910  2478 0x2387320 LOG   GST_POLL gstpoll.c:994:gst_poll_fd_ctl_write: 0x238f9c0: pfd->events now 60 (POLLOUT:4)
0:00:00.017590351  2477 0xf99370 DEBUG   structure gststructure.c:2258:gst_structure_parse_field: trying field name 'long-name'
0:00:00.013324912  2478 0x2387320 DEBUG   GST_POLL gstpoll.c:979:gst_poll_fd_ctl_write: 0x238f9c0: fd (fd:0, idx:1), active : 1
0:00:00.017596333  2477 0xf99370 DEBUG   default gstvalue.c:2776:_priv_gst_value_parse_value: trying type name 'string'
0:00:00.013331185  2478 0x2387320 LOG   GST_POLL gstpoll.c:994:gst_poll_fd_ctl_write: 0x238f9c0: pfd->events now 60 (POLLOUT:4)
0:00:00.017603044  2477 0xf99370 DEBUG   structure gststructure.c:2258:gst_structure_parse_field: trying field name 'klass'
0:00:00.013337461  2478 0x2387320 DEBUG   GST_POLL gstpoll.c:979:gst_poll_fd_ctl_write: 0x238f9c0: fd (fd:0, idx:1), active : 1
0:00:00.017608537  2477 0xf99370 DEBUG   default gstvalue.c:2776:_priv_gst_value_parse_value: trying type name 'string'
0:00:00.013347725  2478 0x2387320 LOG   GST_POLL gstpoll.c:994:gst_poll_fd_ctl_write: 0x238f9c0: pfd->events now 60 (POLLOUT:4)
0:00:00.017618466  2477 0xf99370 DEBUG   structure gststructure.c:2258:gst_structure_parse_field: trying field name 'description'
0:00:00.013354303  2478 0x2387320 DEBUG   GST_POLL gstpoll.c:979:gst_poll_fd_ctl_write: 0x238f9c0: fd (fd:0, idx:1), active : 1
0:00:00.017624145  2477 0xf99370 DEBUG   default gstvalue.c:2776:_priv_gst_value_parse_value: trying type name 'string'
0:00:00.013360613  2478 0x2387320 LOG   GST_POLL gstpoll.c:994:gst_poll_fd_ctl_write: 0x238f9c0: pfd->events now 60 (POLLOUT:4)
0:00:00.017631496  2477 0xf99370 DEBUG   structure gststructure.c:2258:gst_structure_parse_field: trying field name 'author'
0:00:00.013366919  2478 0x2387320 DEBUG   GST_POLL gstpoll.c:979:gst_poll_fd_ctl_write: 0x238f9c0: fd (fd:0, idx:1), active : 1
0:00:00.017639071  2477 0xf99370 DEBUG   default gstvalue.c:2776:_priv_gst_value_parse_value: trying type name 'string'
0:00:00.013375163  2478 0x2387320 LOG   GST_POLL gstpoll.c:994:gst_poll_fd_ctl_write: 0x238f9c0: pfd->events now 60 (POLLOUT:4)
0:00:00.017647435  2477 0xf99370 DEBUG   GST_REGISTRY gstregistrychunks.c:626:gst_registry_chunks_load_feature: Element factory : npadtemplates=2
0:00:00.013382455  2478 0x2387320 DEBUG   GST_POLL gstpoll.c:979:gst_poll_fd_ctl_write: 0x238f9c0: fd (fd:0, idx:1), active : 1
0:00:00.017653419  2477 0xf99370 DEBUG   GST_REGISTRY gstregistrychunks.c:525:gst_registry_chunks_load_pad_template: Reading/casting for GstRegistryChunkPadTemplate at address 0xfb51f0
0:00:00.013389217  2478 0x2387320 LOG   GST_POLL gstpoll.c:994:gst_poll_fd_ctl_write: 0x238f9c0: pfd->events now 60 (POLLOUT:4)
0:00:00.017659470  2477 0xf99370 DEBUG   GST_REGISTRY gstregistrychunks.c:539:gst_registry_chunks_load_pad_template: Added pad_template src_%u
0:00:00.013396054  2478 0x2387320 DEBUG   GST_POLL gstpoll.c:979:gst_poll_fd_ctl_write: 0x238f9c0: fd (fd:0, idx:1), active : 1
0:00:00.017665548  2477 0xf99370 DEBUG   GST_REGISTRY gstregistrychunks.c:525:gst_registry_chunks_load_pad_template: Reading/casting for GstRegistryChunkPadTemplate at address 0xfb5208
0:00:00.013402281  2478 0x2387320 LOG   GST_POLL gstpoll.c:994:gst_poll_fd_ctl_write: 0x238f9c0: pfd->events now 60 (POLLOUT:4)
0:00:00.017673111  2477 0xf99370 DEBUG   GST_REGISTRY gstregistrychunks.c:539:gst_registry_chunks_load_pad_template: Added pad_template sink
0:00:00.013408773  2478 0x2387320 DEBUG   GST_POLL gstpoll.c:979:gst_poll_fd_ctl_write: 0x238f9c0: fd (fd:0, idx:1), active : 1
0:00:00.017680470  2477 0xf99370 DEBUG   GST_REGISTRY gstregistry.c:589:gst_registry_add_feature: adding feature 0xfb6f30 (tee)
0:00:00.013414778  2478 0x2387320 LOG   GST_POLL gstpoll.c:994:gst_poll_fd_ctl_write: 0x238f9c0: pfd->events now 60 (POLLOUT:4)
0:00:00.017686753  2477 0xf99370 DEBUG   GST_REFCOUNTING gstobject.c:708:gst_object_set_parent: set parent (ref and sink)
0:00:00.013425889  2478 0x2387320 DEBUG   GST_POLL gstpoll.c:979:gst_poll_fd_ctl_write: 0x238f9c0: fd (fd:0, idx:1), active : 1
0:00:00.017698968  2477 0xf99370 TRACE   GST_REFCOUNTING gstobject.c:292:gst_object_ref_sink: 0xfb6f30 ref_sink 1->2
0:00:00.013434288  2478 0x2387320 LOG   GST_POLL gstpoll.c:994:gst_poll_fd_ctl_write: 0x238f9c0: pfd->events now 60 (POLLOUT:4)
0:00:00.017706747  2477 0xf99370 LOG   GST_REGISTRY gstregistry.c:607:gst_registry_add_feature: emitting feature-added for tee
0:00:00.013441670  2478 0x2387320 DEBUG   GST_POLL gstpoll.c:979:gst_poll_fd_ctl_write: 0x238f9c0: fd (fd:0, idx:1), active : 1
0:00:00.017713742  2477 0xf99370 DEBUG   GST_REGISTRY gstregistrychunks.c:740:gst_registry_chunks_load_feature: Added feature tee, plugin 0xfb3210 coreelements
0:00:00.013447867  2478 0x2387320 LOG   GST_POLL gstpoll.c:994:gst_poll_fd_ctl_write: 0x238f9c0: pfd->events now 60 (POLLOUT:4)
0:00:00.017720682  2477 0xf99370 DEBUG   GST_REGISTRY gstregistrychunks.c:582:gst_registry_chunks_load_feature: Plugin 'coreelements' feature 'filesink' typename : 'GstElementFactory'
0:00:00.013454343  2478 0x2387320 DEBUG   GST_POLL gstpoll.c:979:gst_poll_fd_ctl_write: 0x238f9c0: fd (fd:0, idx:1), active : 1
0:00:00.017728188  2477 0xf99370 TRACE   GST_REFCOUNTING gstobject.c:208:gst_object_init: 0xfb7490 new
0:00:00.013460427  2478 0x2387320 LOG   GST_POLL gstpoll.c:994:gst_poll_fd_ctl_write: 0x238f9c0: pfd->events now 60 (POLLOUT:4)
0:00:00.017735813  2477 0xf99370 LOG   GST_REGISTRY gstregistrychunks.c:609:gst_registry_chunks_load_feature: Reading/casting for GstRegistryChunkElementFactory at address 0xfb5238
0:00:00.013468810  2478 0x2387320 DEBUG   GST_POLL gstpoll.c:979:gst_poll_fd_ctl_write: 0x238f9c0: fd (fd:0, idx:1), active : 1
0:00:00.017742881  2477 0xf99370 TRACE   structure gststructure.c:292:gst_structure_new_id_empty_with_size: created structure 0xfb7580
0:00:00.013475877  2478 0x2387320 LOG   GST_POLL gstpoll.c:994:gst_poll_fd_ctl_write: 0x238f9c0: pfd->events now 60 (POLLOUT:4)
0:00:00.017749002  2477 0xf99370 DEBUG   structure gststructure.c:2258:gst_structure_parse_field: trying field name 'long-name'
0:00:00.013483176  2478 0x2387320 DEBUG   GST_POLL gstpoll.c:979:gst_poll_fd_ctl_write: 0x238f9c0: fd (fd:0, idx:1), active : 1
0:00:00.017756702  2477 0xf99370 DEBUG   default gstvalue.c:2776:_priv_gst_value_parse_value: trying type name 'string'
0:00:00.013491673  2478 0x2387320 LOG   GST_POLL gstpoll.c:994:gst_poll_fd_ctl_write: 0x238f9c0: pfd->events now 60 (POLLOUT:4)
0:00:00.017764392  2477 0xf99370 DEBUG   structure gststructure.c:2258:gst_structure_parse_field: trying field name 'klass'
0:00:00.013498773  2478 0x2387320 DEBUG   GST_POLL gstpoll.c:979:gst_poll_fd_ctl_write: 0x238f9c0: fd (fd:0, idx:1), active : 1
0:00:00.017770444  2477 0xf99370 DEBUG   default gstvalue.c:2776:_priv_gst_value_parse_value: trying type name 'string'
0:00:00.013504974  2478 0x2387320 LOG   GST_POLL gstpoll.c:994:gst_poll_fd_ctl_write: 0x238f9c0: pfd->events now 60 (POLLOUT:4)
0:00:00.017782757  2477 0xf99370 DEBUG   structure gststructure.c:2258:gst_structure_parse_field: trying field name 'description'
0:00:00.013516731  2478 0x2387320 DEBUG   GST_POLL gstpoll.c:979:gst_poll_fd_ctl_write: 0x238f9c0: fd (fd:0, idx:1), active : 1
0:00:00.017788356  2477 0xf99370 DEBUG   default gstvalue.c:2776:_priv_gst_value_parse_value: trying type name 'string'
0:00:00.013522670  2478 0x2387320 LOG   GST_POLL gstpoll.c:994:gst_poll_fd_ctl_write: 0x238f9c0: pfd->events now 60 (POLLOUT:4)
0:00:00.017794645  2477 0xf99370 DEBUG   structure gststructure.c:2258:gst_structure_parse_field: trying field name 'author'
0:00:00.013529022  2478 0x2387320 DEBUG   GST_POLL gstpoll.c:979:gst_poll_fd_ctl_write: 0x238f9c0: fd (fd:0, idx:1), active : 1
0:00:00.017800138  2477 0xf99370 DEBUG   default gstvalue.c:2776:_priv_gst_value_parse_value: trying type name 'string'
0:00:00.013535118  2478 0x2387320 LOG   GST_POLL gstpoll.c:994:gst_poll_fd_ctl_write: 0x238f9c0: pfd->events now 60 (POLLOUT:4)
0:00:00.017806801  2477 0xf99370 DEBUG   GST_REGISTRY gstregistrychunks.c:626:gst_registry_chunks_load_feature: Element factory : npadtemplates=1
0:00:00.013541934  2478 0x2387320 DEBUG   GST_POLL gstpoll.c:979:gst_poll_fd_ctl_write: 0x238f9c0: fd (fd:0, idx:1), active : 1
0:00:00.017814585  2477 0xf99370 DEBUG   GST_REGISTRY gstregistrychunks.c:525:gst_registry_chunks_load_pad_template: Reading/casting for GstRegistryChunkPadTemplate at address 0xfb5318
0:00:00.013550035  2478 0x2387320 LOG   GST_POLL gstpoll.c:994:gst_poll_fd_ctl_write: 0x238f9c0: pfd->events now 60 (POLLOUT:4)
0:00:00.017821619  2477 0xf99370 DEBUG   GST_REGISTRY gstregistrychunks.c:539:gst_registry_chunks_load_pad_template: Added pad_template sink
0:00:00.013557501  2478 0x2387320 DEBUG   GST_POLL gstpoll.c:979:gst_poll_fd_ctl_write: 0x238f9c0: fd (fd:0, idx:1), active : 1
0:00:00.017828528  2477 0xf99370 DEBUG   GST_REGISTRY gstregistrychunks.c:639:gst_registry_chunks_load_feature: Reading 1 UriTypes at address 0xfb5329
0:00:00.013563782  2478 0x2387320 LOG   GST_POLL gstpoll.c:994:gst_poll_fd_ctl_write: 0x238f9c0: pfd->events now 60 (POLLOUT:4)
0:00:00.017837238  2477 0xf99370 DEBUG   GST_REGISTRY gstregistrychunks.c:654:gst_registry_chunks_load_feature: Reading 1 Interfaces at address 0xfb5339
0:00:00.013570247  2478 0x2387320 DEBUG   GST_POLL gstpoll.c:979:gst_poll_fd_ctl_write: 0x238f9c0: fd (fd:0, idx:1), active : 1
0:00:00.013577250  2478 0x2387320 LOG   GST_POLL gstpoll.c:994:gst_poll_fd_ctl_write: 0x238f9c0: pfd->events now 60 (POLLOUT:4)
0:00:00.017845713  2477 0xf99370 DEBUG   GST_REGISTRY gstregistry.c:589:gst_registry_add_feature: adding feature 0xfb7490 (filesink)
0:00:00.013582781  2478 0x2387320 DEBUG   GST_POLL gstpoll.c:979:gst_poll_fd_ctl_write: 0x238f9c0: fd (fd:0, idx:1), active : 1
0:00:00.017852788  2477 0xf99370 DEBUG   GST_REFCOUNTING gstobject.c:708:gst_object_set_parent: set parent (ref and sink)
0:00:00.013592895  2478 0x2387320 LOG   GST_POLL gstpoll.c:994:gst_poll_fd_ctl_write: 0x238f9c0: pfd->events now 60 (POLLOUT:4)
0:00:00.017864370  2477 0xf99370 TRACE   GST_REFCOUNTING gstobject.c:292:gst_object_ref_sink: 0xfb7490 ref_sink 1->2
0:00:00.013599294  2478 0x2387320 DEBUG   GST_POLL gstpoll.c:979:gst_poll_fd_ctl_write: 0x238f9c0: fd (fd:0, idx:1), active : 1
0:00:00.017871171  2477 0xf99370 LOG   GST_REGISTRY gstregistry.c:607:gst_registry_add_feature: emitting feature-added for filesink
0:00:00.017880081  2477 0xf99370 DEBUG   GST_REGISTRY gstregistrychunks.c:740:gst_registry_chunks_load_feature: Added feature filesink, plugin 0xfb3210 coreelements
0:00:00.013612083  2478 0x2387320 LOG   GST_POLL gstpoll.c:994:gst_poll_fd_ctl_write: 0x238f9c0: pfd->events now 60 (POLLOUT:4)
0:00:00.017886987  2477 0xf99370 DEBUG   GST_REGISTRY gstregistrychunks.c:582:gst_registry_chunks_load_feature: Plugin 'coreelements' feature 'queue2' typename : 'GstElementFactory'
0:00:00.013620989  2478 0x2387320 DEBUG   GST_POLL gstpoll.c:979:gst_poll_fd_ctl_write: 0x238f9c0: fd (fd:0, idx:1), active : 1
0:00:00.013627503  2478 0x2387320 LOG   GST_POLL gstpoll.c:994:gst_poll_fd_ctl_write: 0x238f9c0: pfd->events now 60 (POLLOUT:4)
0:00:00.017895264  2477 0xf99370 TRACE   GST_REFCOUNTING gstobject.c:208:gst_object_init: 0xfb7700 new
0:00:00.013633226  2478 0x2387320 DEBUG   GST_POLL gstpoll.c:979:gst_poll_fd_ctl_write: 0x238f9c0: fd (fd:0, idx:1), active : 1
0:00:00.017904862  2477 0xf99370 LOG   GST_REGISTRY gstregistrychunks.c:609:gst_registry_chunks_load_feature: Reading/casting for GstRegistryChunkElementFactory at address 0xfb5360
0:00:00.013639212  2478 0x2387320 LOG   GST_POLL gstpoll.c:994:gst_poll_fd_ctl_write: 0x238f9c0: pfd->events now 60 (POLLOUT:4)
0:00:00.017911353  2477 0xf99370 TRACE   structure gststructure.c:292:gst_structure_new_id_empty_with_size: created structure 0xfb7a10
0:00:00.013645543  2478 0x2387320 DEBUG   GST_POLL gstpoll.c:979:gst_poll_fd_ctl_write: 0x238f9c0: fd (fd:0, idx:1), active : 1
0:00:00.017917321  2477 0xf99370 DEBUG   structure gststructure.c:2258:gst_structure_parse_field: trying field name 'long-name'
0:00:00.013651560  2478 0x2387320 LOG   GST_POLL gstpoll.c:994:gst_poll_fd_ctl_write: 0x238f9c0: pfd->events now 60 (POLLOUT:4)
0:00:00.017923158  2477 0xf99370 DEBUG   default gstvalue.c:2776:_priv_gst_value_parse_value: trying type name 'string'
0:00:00.013659902  2478 0x2387320 DEBUG   GST_POLL gstpoll.c:979:gst_poll_fd_ctl_write: 0x238f9c0: fd (fd:0, idx:1), active : 1
0:00:00.017930126  2477 0xf99370 DEBUG   structure gststructure.c:2258:gst_structure_parse_field: trying field name 'klass'
0:00:00.013666715  2478 0x2387320 LOG   GST_POLL gstpoll.c:994:gst_poll_fd_ctl_write: 0x238f9c0: pfd->events now 60 (POLLOUT:4)
0:00:00.017939615  2477 0xf99370 DEBUG   default gstvalue.c:2776:_priv_gst_value_parse_value: trying type name 'string'
0:00:00.013673267  2478 0x2387320 DEBUG   GST_POLL gstpoll.c:979:gst_poll_fd_ctl_write: 0x238f9c0: fd (fd:0, idx:1), active : 1
0:00:00.017952890  2477 0xf99370 DEBUG   structure gststructure.c:2258:gst_structure_parse_field: trying field name 'description'
0:00:00.013686199  2478 0x2387320 LOG   GST_POLL gstpoll.c:994:gst_poll_fd_ctl_write: 0x238f9c0: pfd->events now 60 (POLLOUT:4)
0:00:00.017959083  2477 0xf99370 DEBUG   default gstvalue.c:2776:_priv_gst_value_parse_value: trying type name 'string'
0:00:00.013693864  2478 0x2387320 DEBUG   GST_POLL gstpoll.c:979:gst_poll_fd_ctl_write: 0x238f9c0: fd (fd:0, idx:1), active : 1
0:00:00.017965524  2477 0xf99370 DEBUG   structure gststructure.c:2258:gst_structure_parse_field: trying field name 'author'
0:00:00.013699729  2478 0x2387320 LOG   GST_POLL gstpoll.c:994:gst_poll_fd_ctl_write: 0x238f9c0: pfd->events now 60 (POLLOUT:4)
0:00:00.017971348  2477 0xf99370 DEBUG   default gstvalue.c:2776:_priv_gst_value_parse_value: trying type name 'string'
0:00:00.013706096  2478 0x2387320 DEBUG   GST_POLL gstpoll.c:979:gst_poll_fd_ctl_write: 0x238f9c0: fd (fd:0, idx:1), active : 1
0:00:00.017978271  2477 0xf99370 DEBUG   GST_REGISTRY gstregistrychunks.c:626:gst_registry_chunks_load_feature: Element factory : npadtemplates=2
0:00:00.013712043  2478 0x2387320 LOG   GST_POLL gstpoll.c:994:gst_poll_fd_ctl_write: 0x238f9c0: pfd->events now 60 (POLLOUT:4)
0:00:00.017984382  2477 0xf99370 DEBUG   GST_REGISTRY gstregistrychunks.c:525:gst_registry_chunks_load_pad_template: Reading/casting for GstRegistryChunkPadTemplate at address 0xfb5450
0:00:00.013721058  2478 0x2387320 DEBUG   GST_POLL gstpoll.c:979:gst_poll_fd_ctl_write: 0x238f9c0: fd (fd:0, idx:1), active : 1
0:00:00.017990415  2477 0xf99370 DEBUG   GST_REGISTRY gstregistrychunks.c:539:gst_registry_chunks_load_pad_template: Added pad_template sink
0:00:00.013727919  2478 0x2387320 LOG   GST_POLL gstpoll.c:994:gst_poll_fd_ctl_write: 0x238f9c0: pfd->events now 60 (POLLOUT:4)
0:00:00.017999688  2477 0xf99370 DEBUG   GST_REGISTRY gstregistrychunks.c:525:gst_registry_chunks_load_pad_template: Reading/casting for GstRegistryChunkPadTemplate at address 0xfb5468
0:00:00.013734679  2478 0x2387320 DEBUG   GST_POLL gstpoll.c:979:gst_poll_fd_ctl_write: 0x238f9c0: fd (fd:0, idx:1), active : 1
0:00:00.018006674  2477 0xf99370 DEBUG   GST_REGISTRY gstregistrychunks.c:539:gst_registry_chunks_load_pad_template: Added pad_template src
0:00:00.013740850  2478 0x2387320 LOG   GST_POLL gstpoll.c:994:gst_poll_fd_ctl_write: 0x238f9c0: pfd->events now 60 (POLLOUT:4)
0:00:00.018014462  2477 0xf99370 DEBUG   GST_REGISTRY gstregistry.c:589:gst_registry_add_feature: adding feature 0xfb7700 (queue2)
0:00:00.013747188  2478 0x2387320 DEBUG   GST_POLL gstpoll.c:979:gst_poll_fd_ctl_write: 0x238f9c0: fd (fd:0, idx:1), active : 1
0:00:00.018020919  2477 0xf99370 DEBUG   GST_REFCOUNTING gstobject.c:708:gst_object_set_parent: set parent (ref and sink)
0:00:00.013754695  2478 0x2387320 LOG   GST_POLL gstpoll.c:994:gst_poll_fd_ctl_write: 0x238f9c0: pfd->events now 60 (POLLOUT:4)
0:00:00.018034318  2477 0xf99370 TRACE   GST_REFCOUNTING gstobject.c:292:gst_object_ref_sink: 0xfb7700 ref_sink 1->2
0:00:00.013767468  2478 0x2387320 DEBUG   GST_POLL gstpoll.c:979:gst_poll_fd_ctl_write: 0x238f9c0: fd (fd:0, idx:1), active : 1
0:00:00.018041787  2477 0xf99370 LOG   GST_REGISTRY gstregistry.c:607:gst_registry_add_feature: emitting feature-added for queue2
0:00:00.013775330  2478 0x2387320 LOG   GST_POLL gstpoll.c:994:gst_poll_fd_ctl_write: 0x238f9c0: pfd->events now 60 (POLLOUT:4)
0:00:00.018048591  2477 0xf99370 DEBUG   GST_REGISTRY gstregistrychunks.c:740:gst_registry_chunks_load_feature: Added feature queue2, plugin 0xfb3210 coreelements
0:00:00.013784135  2478 0x2387320 DEBUG   GST_POLL gstpoll.c:979:gst_poll_fd_ctl_write: 0x238f9c0: fd (fd:0, idx:1), active : 1
0:00:00.018055490  2477 0xf99370 DEBUG   GST_REGISTRY gstregistrychunks.c:582:gst_registry_chunks_load_feature: Plugin 'coreelements' feature 'queue' typename : 'GstElementFactory'
0:00:00.013791156  2478 0x2387320 LOG   GST_POLL gstpoll.c:994:gst_poll_fd_ctl_write: 0x238f9c0: pfd->events now 60 (POLLOUT:4)
0:00:00.013797890  2478 0x2387320 DEBUG   GST_POLL gstpoll.c:979:gst_poll_fd_ctl_write: 0x238f9c0: fd (fd:0, idx:1), active : 1
0:00:00.018065220  2477 0xf99370 TRACE   GST_REFCOUNTING gstobject.c:208:gst_object_init: 0xfb7b90 new
0:00:00.013803328  2478 0x2387320 LOG   GST_POLL gstpoll.c:994:gst_poll_fd_ctl_write: 0x238f9c0: pfd->events now 60 (POLLOUT:4)
0:00:00.018075751  2477 0xf99370 LOG   GST_REGISTRY gstregistrychunks.c:609:gst_registry_chunks_load_feature: Reading/casting for GstRegistryChunkElementFactory at address 0xfb5490
0:00:00.013809621  2478 0x2387320 DEBUG   GST_POLL gstpoll.c:979:gst_poll_fd_ctl_write: 0x238f9c0: fd (fd:0, idx:1), active : 1
0:00:00.018082831  2477 0xf99370 TRACE   structure gststructure.c:292:gst_structure_new_id_empty_with_size: created structure 0xfb7c80
0:00:00.013816357  2478 0x2387320 LOG   GST_POLL gstpoll.c:994:gst_poll_fd_ctl_write: 0x238f9c0: pfd->events now 60 (POLLOUT:4)
0:00:00.018089429  2477 0xf99370 DEBUG   structure gststructure.c:2258:gst_structure_parse_field: trying field name 'long-name'
0:00:00.013823593  2478 0x2387320 DEBUG   GST_POLL gstpoll.c:979:gst_poll_fd_ctl_write: 0x238f9c0: fd (fd:0, idx:1), active : 1
0:00:00.018095520  2477 0xf99370 DEBUG   default gstvalue.c:2776:_priv_gst_value_parse_value: trying type name 'string'
0:00:00.013829640  2478 0x2387320 LOG   GST_POLL gstpoll.c:994:gst_poll_fd_ctl_write: 0x238f9c0: pfd->events now 60 (POLLOUT:4)
0:00:00.018102402  2477 0xf99370 DEBUG   structure gststructure.c:2258:gst_structure_parse_field: trying field name 'klass'
0:00:00.013838336  2478 0x2387320 DEBUG   GST_POLL gstpoll.c:979:gst_poll_fd_ctl_write: 0x238f9c0: fd (fd:0, idx:1), active : 1
0:00:00.018108288  2477 0xf99370 DEBUG   default gstvalue.c:2776:_priv_gst_value_parse_value: trying type name 'string'
0:00:00.013849897  2478 0x2387320 LOG   GST_POLL gstpoll.c:994:gst_poll_fd_ctl_write: 0x238f9c0: pfd->events now 60 (POLLOUT:4)
0:00:00.018120666  2477 0xf99370 DEBUG   structure gststructure.c:2258:gst_structure_parse_field: trying field name 'description'
0:00:00.013856598  2478 0x2387320 DEBUG   GST_POLL gstpoll.c:979:gst_poll_fd_ctl_write: 0x238f9c0: fd (fd:0, idx:1), active : 1
0:00:00.018128371  2477 0xf99370 DEBUG   default gstvalue.c:2776:_priv_gst_value_parse_value: trying type name 'string'
0:00:00.013862601  2478 0x2387320 LOG   GST_POLL gstpoll.c:994:gst_poll_fd_ctl_write: 0x238f9c0: pfd->events now 60 (POLLOUT:4)
0:00:00.018136183  2477 0xf99370 DEBUG   structure gststructure.c:2258:gst_structure_parse_field: trying field name 'author'
0:00:00.013869543  2478 0x2387320 DEBUG   GST_POLL gstpoll.c:979:gst_poll_fd_ctl_write: 0x238f9c0: fd (fd:0, idx:1), active : 1
0:00:00.018141988  2477 0xf99370 DEBUG   default gstvalue.c:2776:_priv_gst_value_parse_value: trying type name 'string'
0:00:00.013875747  2478 0x2387320 LOG   GST_POLL gstpoll.c:994:gst_poll_fd_ctl_write: 0x238f9c0: pfd->events now 60 (POLLOUT:4)
0:00:00.018149318  2477 0xf99370 DEBUG   GST_REGISTRY gstregistrychunks.c:626:gst_registry_chunks_load_feature: Element factory : npadtemplates=2
0:00:00.013894123  2478 0x2387320 DEBUG   GST_POLL gstpoll.c:979:gst_poll_fd_ctl_write: 0x238f9c0: fd (fd:0, idx:1), active : 1
0:00:00.018166526  2477 0xf99370 DEBUG   GST_REGISTRY gstregistrychunks.c:525:gst_registry_chunks_load_pad_template: Reading/casting for GstRegistryChunkPadTemplate at address 0xfb5548
0:00:00.013901731  2478 0x2387320 LOG   GST_POLL gstpoll.c:994:gst_poll_fd_ctl_write: 0x238f9c0: pfd->events now 60 (POLLOUT:4)
0:00:00.018172297  2477 0xf99370 DEBUG   GST_REGISTRY gstregistrychunks.c:539:gst_registry_chunks_load_pad_template: Added pad_template sink
0:00:00.013908554  2478 0x2387320 DEBUG   GST_POLL gstpoll.c:979:gst_poll_fd_ctl_write: 0x238f9c0: fd (fd:0, idx:1), active : 1
0:00:00.018179903  2477 0xf99370 DEBUG   GST_REGISTRY gstregistrychunks.c:525:gst_registry_chunks_load_pad_template: Reading/casting for GstRegistryChunkPadTemplate at address 0xfb5560
0:00:00.013914708  2478 0x2387320 LOG   GST_POLL gstpoll.c:994:gst_poll_fd_ctl_write: 0x238f9c0: pfd->events now 60 (POLLOUT:4)
0:00:00.018186778  2477 0xf99370 DEBUG   GST_REGISTRY gstregistrychunks.c:539:gst_registry_chunks_load_pad_template: Added pad_template src
0:00:00.013921316  2478 0x2387320 DEBUG   GST_POLL gstpoll.c:979:gst_poll_fd_ctl_write: 0x238f9c0: fd (fd:0, idx:1), active : 1
0:00:00.013927258  2478 0x2387320 LOG   GST_POLL gstpoll.c:994:gst_poll_fd_ctl_write: 0x238f9c0: pfd->events now 60 (POLLOUT:4)
0:00:00.018200541  2477 0xf99370 DEBUG   GST_REGISTRY gstregistry.c:589:gst_registry_add_feature: adding feature 0xfb7b90 (queue)
0:00:00.013932901  2478 0x2387320 DEBUG   GST_POLL gstpoll.c:979:gst_poll_fd_ctl_write: 0x238f9c0: fd (fd:0, idx:1), active : 1
0:00:00.018207186  2477 0xf99370 DEBUG   GST_REFCOUNTING gstobject.c:708:gst_object_set_parent: set parent (ref and sink)
0:00:00.013947858  2478 0x2387320 LOG   GST_POLL gstpoll.c:994:gst_poll_fd_ctl_write: 0x238f9c0: pfd->events now 60 (POLLOUT:4)
0:00:00.018219421  2477 0xf99370 TRACE   GST_REFCOUNTING gstobject.c:292:gst_object_ref_sink: 0xfb7b90 ref_sink 1->2
0:00:00.013956559  2478 0x2387320 DEBUG   GST_POLL gstpoll.c:979:gst_poll_fd_ctl_write: 0x238f9c0: fd (fd:0, idx:1), active : 1
0:00:00.018226533  2477 0xf99370 LOG   GST_REGISTRY gstregistry.c:607:gst_registry_add_feature: emitting feature-added for queue
0:00:00.013963468  2478 0x2387320 LOG   GST_POLL gstpoll.c:994:gst_poll_fd_ctl_write: 0x238f9c0: pfd->events now 60 (POLLOUT:4)
0:00:00.018234514  2477 0xf99370 DEBUG   GST_REGISTRY gstregistrychunks.c:740:gst_registry_chunks_load_feature: Added feature queue, plugin 0xfb3210 coreelements
0:00:00.013970230  2478 0x2387320 DEBUG   GST_POLL gstpoll.c:979:gst_poll_fd_ctl_write: 0x238f9c0: fd (fd:0, idx:1), active : 1
0:00:00.018243019  2477 0xf99370 DEBUG   GST_REGISTRY gstregistrychunks.c:582:gst_registry_chunks_load_feature: Plugin 'coreelements' feature 'output-selector' typename : 'GstElementFactory'
0:00:00.013976454  2478 0x2387320 LOG   GST_POLL gstpoll.c:994:gst_poll_fd_ctl_write: 0x238f9c0: pfd->events now 60 (POLLOUT:4)
0:00:00.013984484  2478 0x2387320 DEBUG   GST_POLL gstpoll.c:979:gst_poll_fd_ctl_write: 0x238f9c0: fd (fd:0, idx:1), active : 1
0:00:00.018252235  2477 0xf99370 TRACE   GST_REFCOUNTING gstobject.c:208:gst_object_init: 0xfb7ed0 new
0:00:00.013989671  2478 0x2387320 LOG   GST_POLL gstpoll.c:994:gst_poll_fd_ctl_write: 0x238f9c0: pfd->events now 60 (POLLOUT:4)
0:00:00.018261525  2477 0xf99370 LOG   GST_REGISTRY gstregistrychunks.c:609:gst_registry_chunks_load_feature: Reading/casting for GstRegistryChunkElementFactory at address 0xfb5598
0:00:00.013996093  2478 0x2387320 DEBUG   GST_POLL gstpoll.c:979:gst_poll_fd_ctl_write: 0x238f9c0: fd (fd:0, idx:1), active : 1
0:00:00.018268208  2477 0xf99370 TRACE   structure gststructure.c:292:gst_structure_new_id_empty_with_size: created structure 0xfb81f0
0:00:00.014002076  2478 0x2387320 LOG   GST_POLL gstpoll.c:994:gst_poll_fd_ctl_write: 0x238f9c0: pfd->events now 60 (POLLOUT:4)
0:00:00.018274084  2477 0xf99370 DEBUG   structure gststructure.c:2258:gst_structure_parse_field: trying field name 'long-name'
0:00:00.014010595  2478 0x2387320 DEBUG   GST_POLL gstpoll.c:979:gst_poll_fd_ctl_write: 0x238f9c0: fd (fd:0, idx:1), active : 1
0:00:00.018279936  2477 0xf99370 DEBUG   default gstvalue.c:2776:_priv_gst_value_parse_value: trying type name 'string'
0:00:00.014017294  2478 0x2387320 LOG   GST_POLL gstpoll.c:994:gst_poll_fd_ctl_write: 0x238f9c0: pfd->events now 60 (POLLOUT:4)
0:00:00.018288564  2477 0xf99370 DEBUG   structure gststructure.c:2258:gst_structure_parse_field: trying field name 'klass'
0:00:00.014023785  2478 0x2387320 DEBUG   GST_POLL gstpoll.c:979:gst_poll_fd_ctl_write: 0x238f9c0: fd (fd:0, idx:1), active : 1
0:00:00.018299009  2477 0xf99370 DEBUG   default gstvalue.c:2776:_priv_gst_value_parse_value: trying type name 'string'
0:00:00.014033528  2478 0x2387320 LOG   GST_POLL gstpoll.c:994:gst_poll_fd_ctl_write: 0x238f9c0: pfd->events now 60 (POLLOUT:4)
0:00:00.018307643  2477 0xf99370 DEBUG   structure gststructure.c:2258:gst_structure_parse_field: trying field name 'description'
0:00:00.014040185  2478 0x2387320 DEBUG   GST_POLL gstpoll.c:979:gst_poll_fd_ctl_write: 0x238f9c0: fd (fd:0, idx:1), active : 1
0:00:00.018314561  2477 0xf99370 DEBUG   default gstvalue.c:2776:_priv_gst_value_parse_value: trying type name 'string'
0:00:00.014048666  2478 0x2387320 LOG   GST_POLL gstpoll.c:994:gst_poll_fd_ctl_write: 0x238f9c0: pfd->events now 60 (POLLOUT:4)
0:00:00.018321731  2477 0xf99370 DEBUG   structure gststructure.c:2258:gst_structure_parse_field: trying field name 'author'
0:00:00.014055457  2478 0x2387320 DEBUG   GST_POLL gstpoll.c:979:gst_poll_fd_ctl_write: 0x238f9c0: fd (fd:0, idx:1), active : 1
0:00:00.018327808  2477 0xf99370 DEBUG   default gstvalue.c:2776:_priv_gst_value_parse_value: trying type name 'string'
0:00:00.014062047  2478 0x2387320 LOG   GST_POLL gstpoll.c:994:gst_poll_fd_ctl_write: 0x238f9c0: pfd->events now 60 (POLLOUT:4)
0:00:00.018334720  2477 0xf99370 DEBUG   GST_REGISTRY gstregistrychunks.c:626:gst_registry_chunks_load_feature: Element factory : npadtemplates=2
0:00:00.014070418  2478 0x2387320 DEBUG   GST_POLL gstpoll.c:979:gst_poll_fd_ctl_write: 0x238f9c0: fd (fd:0, idx:1), active : 1
0:00:00.018340354  2477 0xf99370 DEBUG   GST_REGISTRY gstregistrychunks.c:525:gst_registry_chunks_load_pad_template: Reading/casting for GstRegistryChunkPadTemplate at address 0xfb5670
0:00:00.014077391  2478 0x2387320 LOG   GST_POLL gstpoll.c:994:gst_poll_fd_ctl_write: 0x238f9c0: pfd->events now 60 (POLLOUT:4)
0:00:00.018347373  2477 0xf99370 DEBUG   GST_REGISTRY gstregistrychunks.c:539:gst_registry_chunks_load_pad_template: Added pad_template src_%u
0:00:00.014083932  2478 0x2387320 DEBUG   GST_POLL gstpoll.c:979:gst_poll_fd_ctl_write: 0x238f9c0: fd (fd:0, idx:1), active : 1
0:00:00.018353657  2477 0xf99370 DEBUG   GST_REGISTRY gstregistrychunks.c:525:gst_registry_chunks_load_pad_template: Reading/casting for GstRegistryChunkPadTemplate at address 0xfb5688
0:00:00.014090096  2478 0x2387320 LOG   GST_POLL gstpoll.c:994:gst_poll_fd_ctl_write: 0x238f9c0: pfd->events now 60 (POLLOUT:4)
0:00:00.018362331  2477 0xf99370 DEBUG   GST_REGISTRY gstregistrychunks.c:539:gst_registry_chunks_load_pad_template: Added pad_template sink
0:00:00.014096463  2478 0x2387320 DEBUG   GST_POLL gstpoll.c:979:gst_poll_fd_ctl_write: 0x238f9c0: fd (fd:0, idx:1), active : 1
0:00:00.018371525  2477 0xf99370 DEBUG   GST_REGISTRY gstregistry.c:589:gst_registry_add_feature: adding feature 0xfb7ed0 (output-selector)
0:00:00.014103527  2478 0x2387320 LOG   GST_POLL gstpoll.c:994:gst_poll_fd_ctl_write: 0x238f9c0: pfd->events now 60 (POLLOUT:4)
0:00:00.018379767  2477 0xf99370 DEBUG   GST_REFCOUNTING gstobject.c:708:gst_object_set_parent: set parent (ref and sink)
0:00:00.014117419  2478 0x2387320 DEBUG   GST_POLL gstpoll.c:979:gst_poll_fd_ctl_write: 0x238f9c0: fd (fd:0, idx:1), active : 1
0:00:00.018388521  2477 0xf99370 TRACE   GST_REFCOUNTING gstobject.c:292:gst_object_ref_sink: 0xfb7ed0 ref_sink 1->2
0:00:00.014123947  2478 0x2387320 LOG   GST_POLL gstpoll.c:994:gst_poll_fd_ctl_write: 0x238f9c0: pfd->events now 60 (POLLOUT:4)
0:00:00.018395899  2477 0xf99370 LOG   GST_REGISTRY gstregistry.c:607:gst_registry_add_feature: emitting feature-added for output-selector
0:00:00.014132683  2478 0x2387320 LOG   GST_PLUGIN_LOADING gstpluginloader.c:644:put_chunk: Expanding tx buf from 10158 to 13209 for chunk of size 209
0:00:00.018402986  2477 0xf99370 DEBUG   GST_REGISTRY gstregistrychunks.c:740:gst_registry_chunks_load_feature: Added feature output-selector, plugin 0xfb3210 coreelements
0:00:00.018411257  2477 0xf99370 DEBUG   GST_REGISTRY gstregistrychunks.c:582:gst_registry_chunks_load_feature: Plugin 'coreelements' feature 'input-selector' typename : 'GstElementFactory'
0:00:00.018417942  2477 0xf99370 TRACE   GST_REFCOUNTING gstobject.c:208:gst_object_init: 0xfb85e0 new
0:00:00.014150824  2478 0x2387320 DEBUG   GST_POLL gstpoll.c:979:gst_poll_fd_ctl_write: 0x238f9c0: fd (fd:0, idx:1), active : 1
0:00:00.014159481  2478 0x2387320 LOG   GST_POLL gstpoll.c:994:gst_poll_fd_ctl_write: 0x238f9c0: pfd->events now 60 (POLLOUT:4)
0:00:00.018427399  2477 0xf99370 LOG   GST_REGISTRY gstregistrychunks.c:609:gst_registry_chunks_load_feature: Reading/casting for GstRegistryChunkElementFactory at address 0xfb56c0
0:00:00.014165534  2478 0x2387320 DEBUG   GST_POLL gstpoll.c:979:gst_poll_fd_ctl_write: 0x238f9c0: fd (fd:0, idx:1), active : 1
0:00:00.014171799  2478 0x2387320 LOG   GST_POLL gstpoll.c:994:gst_poll_fd_ctl_write: 0x238f9c0: pfd->events now 60 (POLLOUT:4)
0:00:00.018440927  2477 0xf99370 TRACE   structure gststructure.c:292:gst_structure_new_id_empty_with_size: created structure 0xfb8880
0:00:00.014179894  2478 0x2387320 DEBUG   GST_POLL gstpoll.c:979:gst_poll_fd_ctl_write: 0x238f9c0: fd (fd:0, idx:1), active : 1
0:00:00.018448757  2477 0xf99370 DEBUG   structure gststructure.c:2258:gst_structure_parse_field: trying field name 'long-name'
0:00:00.014186687  2478 0x2387320 LOG   GST_POLL gstpoll.c:994:gst_poll_fd_ctl_write: 0x238f9c0: pfd->events now 60 (POLLOUT:4)
0:00:00.018456863  2477 0xf99370 DEBUG   default gstvalue.c:2776:_priv_gst_value_parse_value: trying type name 'string'
0:00:00.014193328  2478 0x2387320 DEBUG   GST_POLL gstpoll.c:979:gst_poll_fd_ctl_write: 0x238f9c0: fd (fd:0, idx:1), active : 1
0:00:00.018464120  2477 0xf99370 DEBUG   structure gststructure.c:2258:gst_structure_parse_field: trying field name 'klass'
0:00:00.014199659  2478 0x2387320 LOG   GST_POLL gstpoll.c:994:gst_poll_fd_ctl_write: 0x238f9c0: pfd->events now 60 (POLLOUT:4)
0:00:00.018470053  2477 0xf99370 DEBUG   default gstvalue.c:2776:_priv_gst_value_parse_value: trying type name 'string'
0:00:00.014210160  2478 0x2387320 DEBUG   GST_POLL gstpoll.c:979:gst_poll_fd_ctl_write: 0x238f9c0: fd (fd:0, idx:1), active : 1
0:00:00.018480761  2477 0xf99370 DEBUG   structure gststructure.c:2258:gst_structure_parse_field: trying field name 'description'
0:00:00.014216371  2478 0x2387320 LOG   GST_POLL gstpoll.c:994:gst_poll_fd_ctl_write: 0x238f9c0: pfd->events now 60 (POLLOUT:4)
0:00:00.018488293  2477 0xf99370 DEBUG   default gstvalue.c:2776:_priv_gst_value_parse_value: trying type name 'string'
0:00:00.014222576  2478 0x2387320 DEBUG   GST_POLL gstpoll.c:979:gst_poll_fd_ctl_write: 0x238f9c0: fd (fd:0, idx:1), active : 1
0:00:00.018496025  2477 0xf99370 DEBUG   structure gststructure.c:2258:gst_structure_parse_field: trying field name 'author'
0:00:00.014229208  2478 0x2387320 LOG   GST_POLL gstpoll.c:994:gst_poll_fd_ctl_write: 0x238f9c0: pfd->events now 60 (POLLOUT:4)
0:00:00.018501873  2477 0xf99370 DEBUG   default gstvalue.c:2776:_priv_gst_value_parse_value: trying type name 'string'
0:00:00.014238466  2478 0x2387320 DEBUG   GST_POLL gstpoll.c:979:gst_poll_fd_ctl_write: 0x238f9c0: fd (fd:0, idx:1), active : 1
0:00:00.018509743  2477 0xf99370 DEBUG   GST_REGISTRY gstregistrychunks.c:626:gst_registry_chunks_load_feature: Element factory : npadtemplates=2
0:00:00.014245282  2478 0x2387320 LOG   GST_POLL gstpoll.c:994:gst_poll_fd_ctl_write: 0x238f9c0: pfd->events now 60 (POLLOUT:4)
0:00:00.018515508  2477 0xf99370 DEBUG   GST_REGISTRY gstregistrychunks.c:525:gst_registry_chunks_load_pad_template: Reading/casting for GstRegistryChunkPadTemplate at address 0xfb57f0
0:00:00.014252023  2478 0x2387320 DEBUG   GST_POLL gstpoll.c:979:gst_poll_fd_ctl_write: 0x238f9c0: fd (fd:0, idx:1), active : 1
0:00:00.018522237  2477 0xf99370 DEBUG   GST_REGISTRY gstregistrychunks.c:539:gst_registry_chunks_load_pad_template: Added pad_template src
0:00:00.014258206  2478 0x2387320 LOG   GST_POLL gstpoll.c:994:gst_poll_fd_ctl_write: 0x238f9c0: pfd->events now 60 (POLLOUT:4)
0:00:00.018528469  2477 0xf99370 DEBUG   GST_REGISTRY gstregistrychunks.c:525:gst_registry_chunks_load_pad_template: Reading/casting for GstRegistryChunkPadTemplate at address 0xfb5800
0:00:00.014264454  2478 0x2387320 DEBUG   GST_POLL gstpoll.c:979:gst_poll_fd_ctl_write: 0x238f9c0: fd (fd:0, idx:1), active : 1
0:00:00.018534231  2477 0xf99370 DEBUG   GST_REGISTRY gstregistrychunks.c:539:gst_registry_chunks_load_pad_template: Added pad_template sink_%u
0:00:00.014270725  2478 0x2387320 LOG   GST_POLL gstpoll.c:994:gst_poll_fd_ctl_write: 0x238f9c0: pfd->events now 60 (POLLOUT:4)
0:00:00.018544728  2477 0xf99370 DEBUG   GST_REGISTRY gstregistry.c:589:gst_registry_add_feature: adding feature 0xfb85e0 (input-selector)
0:00:00.014277117  2478 0x2387320 DEBUG   GST_POLL gstpoll.c:979:gst_poll_fd_ctl_write: 0x238f9c0: fd (fd:0, idx:1), active : 1
0:00:00.018551959  2477 0xf99370 DEBUG   GST_REFCOUNTING gstobject.c:708:gst_object_set_parent: set parent (ref and sink)
0:00:00.014290223  2478 0x2387320 LOG   GST_POLL gstpoll.c:994:gst_poll_fd_ctl_write: 0x238f9c0: pfd->events now 60 (POLLOUT:4)
0:00:00.018561747  2477 0xf99370 TRACE   GST_REFCOUNTING gstobject.c:292:gst_object_ref_sink: 0xfb85e0 ref_sink 1->2
0:00:00.014298834  2478 0x2387320 DEBUG   GST_POLL gstpoll.c:979:gst_poll_fd_ctl_write: 0x238f9c0: fd (fd:0, idx:1), active : 1
0:00:00.018568693  2477 0xf99370 LOG   GST_REGISTRY gstregistry.c:607:gst_registry_add_feature: emitting feature-added for input-selector
0:00:00.014305843  2478 0x2387320 LOG   GST_POLL gstpoll.c:994:gst_poll_fd_ctl_write: 0x238f9c0: pfd->events now 60 (POLLOUT:4)
0:00:00.018576819  2477 0xf99370 DEBUG   GST_REGISTRY gstregistrychunks.c:740:gst_registry_chunks_load_feature: Added feature input-selector, plugin 0xfb3210 coreelements
0:00:00.014312525  2478 0x2387320 DEBUG   GST_POLL gstpoll.c:979:gst_poll_fd_ctl_write: 0x238f9c0: fd (fd:0, idx:1), active : 1
0:00:00.018583945  2477 0xf99370 DEBUG   GST_REGISTRY gstregistrychunks.c:582:gst_registry_chunks_load_feature: Plugin 'coreelements' feature 'identity' typename : 'GstElementFactory'
0:00:00.014318775  2478 0x2387320 LOG   GST_POLL gstpoll.c:994:gst_poll_fd_ctl_write: 0x238f9c0: pfd->events now 60 (POLLOUT:4)
0:00:00.018592046  2477 0xf99370 TRACE   GST_REFCOUNTING gstobject.c:208:gst_object_init: 0xfb84c0 new
0:00:00.014325197  2478 0x2387320 DEBUG   GST_POLL gstpoll.c:979:gst_poll_fd_ctl_write: 0x238f9c0: fd (fd:0, idx:1), active : 1
0:00:00.018600156  2477 0xf99370 LOG   GST_REGISTRY gstregistrychunks.c:609:gst_registry_chunks_load_feature: Reading/casting for GstRegistryChunkElementFactory at address 0xfb5830
0:00:00.014332614  2478 0x2387320 LOG   GST_POLL gstpoll.c:994:gst_poll_fd_ctl_write: 0x238f9c0: pfd->events now 60 (POLLOUT:4)
0:00:00.018609213  2477 0xf99370 TRACE   structure gststructure.c:292:gst_structure_new_id_empty_with_size: created structure 0xfb8bc0
0:00:00.014341599  2478 0x2387320 DEBUG   GST_POLL gstpoll.c:979:gst_poll_fd_ctl_write: 0x238f9c0: fd (fd:0, idx:1), active : 1
0:00:00.018616439  2477 0xf99370 DEBUG   structure gststructure.c:2258:gst_structure_parse_field: trying field name 'long-name'
0:00:00.014350143  2478 0x2387320 LOG   GST_POLL gstpoll.c:994:gst_poll_fd_ctl_write: 0x238f9c0: pfd->events now 60 (POLLOUT:4)
0:00:00.018622965  2477 0xf99370 DEBUG   default gstvalue.c:2776:_priv_gst_value_parse_value: trying type name 'string'
0:00:00.014359095  2478 0x2387320 DEBUG   GST_POLL gstpoll.c:979:gst_poll_fd_ctl_write: 0x238f9c0: fd (fd:0, idx:1), active : 1
0:00:00.018629757  2477 0xf99370 DEBUG   structure gststructure.c:2258:gst_structure_parse_field: trying field name 'klass'
0:00:00.014365963  2478 0x2387320 LOG   GST_POLL gstpoll.c:994:gst_poll_fd_ctl_write: 0x238f9c0: pfd->events now 60 (POLLOUT:4)
0:00:00.018636319  2477 0xf99370 DEBUG   default gstvalue.c:2776:_priv_gst_value_parse_value: trying type name 'string'
0:00:00.014376984  2478 0x2387320 DEBUG   GST_POLL gstpoll.c:979:gst_poll_fd_ctl_write: 0x238f9c0: fd (fd:0, idx:1), active : 1
0:00:00.018647617  2477 0xf99370 DEBUG   structure gststructure.c:2258:gst_structure_parse_field: trying field name 'description'
0:00:00.014383440  2478 0x2387320 LOG   GST_POLL gstpoll.c:994:gst_poll_fd_ctl_write: 0x238f9c0: pfd->events now 60 (POLLOUT:4)
0:00:00.018653583  2477 0xf99370 DEBUG   default gstvalue.c:2776:_priv_gst_value_parse_value: trying type name 'string'
0:00:00.014389833  2478 0x2387320 DEBUG   GST_POLL gstpoll.c:979:gst_poll_fd_ctl_write: 0x238f9c0: fd (fd:0, idx:1), active : 1
0:00:00.018660566  2477 0xf99370 DEBUG   structure gststructure.c:2258:gst_structure_parse_field: trying field name 'author'
0:00:00.014395741  2478 0x2387320 LOG   GST_POLL gstpoll.c:994:gst_poll_fd_ctl_write: 0x238f9c0: pfd->events now 60 (POLLOUT:4)
0:00:00.018668289  2477 0xf99370 DEBUG   default gstvalue.c:2776:_priv_gst_value_parse_value: trying type name 'string'
0:00:00.014401886  2478 0x2387320 DEBUG   GST_POLL gstpoll.c:979:gst_poll_fd_ctl_write: 0x238f9c0: fd (fd:0, idx:1), active : 1
0:00:00.018676368  2477 0xf99370 DEBUG   GST_REGISTRY gstregistrychunks.c:626:gst_registry_chunks_load_feature: Element factory : npadtemplates=2
0:00:00.014409265  2478 0x2387320 LOG   GST_POLL gstpoll.c:994:gst_poll_fd_ctl_write: 0x238f9c0: pfd->events now 60 (POLLOUT:4)
0:00:00.018682480  2477 0xf99370 DEBUG   GST_REGISTRY gstregistrychunks.c:525:gst_registry_chunks_load_pad_template: Reading/casting for GstRegistryChunkPadTemplate at address 0xfb5900
0:00:00.014418935  2478 0x2387320 DEBUG   GST_POLL gstpoll.c:979:gst_poll_fd_ctl_write: 0x238f9c0: fd (fd:0, idx:1), active : 1
0:00:00.018688851  2477 0xf99370 DEBUG   GST_REGISTRY gstregistrychunks.c:539:gst_registry_chunks_load_pad_template: Added pad_template sink
0:00:00.014425818  2478 0x2387320 LOG   GST_POLL gstpoll.c:994:gst_poll_fd_ctl_write: 0x238f9c0: pfd->events now 60 (POLLOUT:4)
0:00:00.018696297  2477 0xf99370 DEBUG   GST_REGISTRY gstregistrychunks.c:525:gst_registry_chunks_load_pad_template: Reading/casting for GstRegistryChunkPadTemplate at address 0xfb5918
0:00:00.014432391  2478 0x2387320 DEBUG   GST_POLL gstpoll.c:979:gst_poll_fd_ctl_write: 0x238f9c0: fd (fd:0, idx:1), active : 1
0:00:00.018702777  2477 0xf99370 DEBUG   GST_REGISTRY gstregistrychunks.c:539:gst_registry_chunks_load_pad_template: Added pad_template src
0:00:00.014438675  2478 0x2387320 LOG   GST_POLL gstpoll.c:994:gst_poll_fd_ctl_write: 0x238f9c0: pfd->events now 60 (POLLOUT:4)
0:00:00.018710801  2477 0xf99370 DEBUG   GST_REGISTRY gstregistry.c:589:gst_registry_add_feature: adding feature 0xfb84c0 (identity)
0:00:00.014445390  2478 0x2387320 DEBUG   GST_POLL gstpoll.c:979:gst_poll_fd_ctl_write: 0x238f9c0: fd (fd:0, idx:1), active : 1
0:00:00.018716697  2477 0xf99370 DEBUG   GST_REFCOUNTING gstobject.c:708:gst_object_set_parent: set parent (ref and sink)
0:00:00.014456427  2478 0x2387320 LOG   GST_POLL gstpoll.c:994:gst_poll_fd_ctl_write: 0x238f9c0: pfd->events now 60 (POLLOUT:4)
0:00:00.014462880  2478 0x2387320 DEBUG   GST_POLL gstpoll.c:979:gst_poll_fd_ctl_write: 0x238f9c0: fd (fd:0, idx:1), active : 1
0:00:00.018730187  2477 0xf99370 TRACE   GST_REFCOUNTING gstobject.c:292:gst_object_ref_sink: 0xfb84c0 ref_sink 1->2
0:00:00.014468179  2478 0x2387320 LOG   GST_POLL gstpoll.c:994:gst_poll_fd_ctl_write: 0x238f9c0: pfd->events now 60 (POLLOUT:4)
0:00:00.018739452  2477 0xf99370 LOG   GST_REGISTRY gstregistry.c:607:gst_registry_add_feature: emitting feature-added for identity
0:00:00.014476602  2478 0x2387320 DEBUG   GST_POLL gstpoll.c:979:gst_poll_fd_ctl_write: 0x238f9c0: fd (fd:0, idx:1), active : 1
0:00:00.018746456  2477 0xf99370 DEBUG   GST_REGISTRY gstregistrychunks.c:740:gst_registry_chunks_load_feature: Added feature identity, plugin 0xfb3210 coreelements
0:00:00.014483667  2478 0x2387320 LOG   GST_POLL gstpoll.c:994:gst_poll_fd_ctl_write: 0x238f9c0: pfd->events now 60 (POLLOUT:4)
0:00:00.018754761  2477 0xf99370 DEBUG   GST_REGISTRY gstregistrychunks.c:582:gst_registry_chunks_load_feature: Plugin 'coreelements' feature 'funnel' typename : 'GstElementFactory'
0:00:00.014490065  2478 0x2387320 DEBUG   GST_POLL gstpoll.c:979:gst_poll_fd_ctl_write: 0x238f9c0: fd (fd:0, idx:1), active : 1
0:00:00.018762593  2477 0xf99370 TRACE   GST_REFCOUNTING gstobject.c:208:gst_object_init: 0xfb8dc0 new
