0:00:00.020208418  2477 0xf99370 DEBUG   GST_REGISTRY gstregistrychunks.c:525:gst_registry_chunks_load_pad_template: Reading/casting for GstRegistryChunkPadTemplate at address 0xfb63a8
0:00:00.015942400  2478 0x2387320 LOG   GST_POLL gstpoll.c:994:gst_poll_fd_ctl_write: 0x238f9c0: pfd->events now 60 (POLLOUT:4)
0:00:00.020214597  2477 0xf99370 DEBUG   GST_REGISTRY gstregistrychunks.c:539:gst_registry_chunks_load_pad_template: Added pad_template sink_%u
0:00:00.015950799  2478 0x2387320 DEBUG   GST_POLL gstpoll.c:979:gst_poll_fd_ctl_write: 0x238f9c0: fd (fd:0, idx:1), active : 1
0:00:00.020222336  2477 0xf99370 DEBUG   GST_REGISTRY gstregistry.c:589:gst_registry_add_feature: adding feature 0xfba9b0 (concat)
0:00:00.015957635  2478 0x2387320 LOG   GST_POLL gstpoll.c:994:gst_poll_fd_ctl_write: 0x238f9c0: pfd->events now 60 (POLLOUT:4)
0:00:00.020229963  2477 0xf99370 DEBUG   GST_REFCOUNTING gstobject.c:708:gst_object_set_parent: set parent (ref and sink)
0:00:00.015963993  2478 0x2387320 DEBUG   GST_POLL gstpoll.c:979:gst_poll_fd_ctl_write: 0x238f9c0: fd (fd:0, idx:1), active : 1
0:00:00.015971358  2478 0x2387320 LOG   GST_POLL gstpoll.c:994:gst_poll_fd_ctl_write: 0x238f9c0: pfd->events now 60 (POLLOUT:4)
0:00:00.020239108  2477 0xf99370 TRACE   GST_REFCOUNTING gstobject.c:292:gst_object_ref_sink: 0xfba9b0 ref_sink 1->2
0:00:00.015976756  2478 0x2387320 DEBUG   GST_POLL gstpoll.c:979:gst_poll_fd_ctl_write: 0x238f9c0: fd (fd:0, idx:1), active : 1
0:00:00.020247771  2477 0xf99370 LOG   GST_REGISTRY gstregistry.c:607:gst_registry_add_feature: emitting feature-added for concat
0:00:00.015982770  2478 0x2387320 LOG   GST_POLL gstpoll.c:994:gst_poll_fd_ctl_write: 0x238f9c0: pfd->events now 60 (POLLOUT:4)
0:00:00.020254641  2477 0xf99370 DEBUG   GST_REGISTRY gstregistrychunks.c:740:gst_registry_chunks_load_feature: Added feature concat, plugin 0xfb3210 coreelements
0:00:00.015989034  2478 0x2387320 DEBUG   GST_POLL gstpoll.c:979:gst_poll_fd_ctl_write: 0x238f9c0: fd (fd:0, idx:1), active : 1
0:00:00.020261167  2477 0xf99370 DEBUG   GST_REGISTRY gstregistrychunks.c:582:gst_registry_chunks_load_feature: Plugin 'coreelements' feature 'clocksync' typename : 'GstElementFactory'
0:00:00.015995213  2478 0x2387320 LOG   GST_POLL gstpoll.c:994:gst_poll_fd_ctl_write: 0x238f9c0: pfd->events now 60 (POLLOUT:4)
0:00:00.020275144  2477 0xf99370 TRACE   GST_REFCOUNTING gstobject.c:208:gst_object_init: 0xfbaea0 new
0:00:00.016009365  2478 0x2387320 DEBUG   GST_POLL gstpoll.c:979:gst_poll_fd_ctl_write: 0x238f9c0: fd (fd:0, idx:1), active : 1
0:00:00.020283422  2477 0xf99370 LOG   GST_REGISTRY gstregistrychunks.c:609:gst_registry_chunks_load_feature: Reading/casting for GstRegistryChunkElementFactory at address 0xfb63d8
0:00:00.016016148  2478 0x2387320 LOG   GST_POLL gstpoll.c:994:gst_poll_fd_ctl_write: 0x238f9c0: pfd->events now 60 (POLLOUT:4)
0:00:00.020290544  2477 0xf99370 TRACE   structure gststructure.c:292:gst_structure_new_id_empty_with_size: created structure 0xfbb4f0
0:00:00.016024129  2478 0x2387320 DEBUG   GST_POLL gstpoll.c:979:gst_poll_fd_ctl_write: 0x238f9c0: fd (fd:0, idx:1), active : 1
0:00:00.020298698  2477 0xf99370 DEBUG   structure gststructure.c:2258:gst_structure_parse_field: trying field name 'long-name'
0:00:00.016031745  2478 0x2387320 LOG   GST_POLL gstpoll.c:994:gst_poll_fd_ctl_write: 0x238f9c0: pfd->events now 60 (POLLOUT:4)
0:00:00.020306058  2477 0xf99370 DEBUG   default gstvalue.c:2776:_priv_gst_value_parse_value: trying type name 'string'
0:00:00.016040092  2478 0x2387320 DEBUG   GST_POLL gstpoll.c:979:gst_poll_fd_ctl_write: 0x238f9c0: fd (fd:0, idx:1), active : 1
0:00:00.020313091  2477 0xf99370 DEBUG   structure gststructure.c:2258:gst_structure_parse_field: trying field name 'klass'
0:00:00.016046275  2478 0x2387320 LOG   GST_POLL gstpoll.c:994:gst_poll_fd_ctl_write: 0x238f9c0: pfd->events now 60 (POLLOUT:4)
0:00:00.020318840  2477 0xf99370 DEBUG   default gstvalue.c:2776:_priv_gst_value_parse_value: trying type name 'string'
0:00:00.016053453  2478 0x2387320 DEBUG   GST_POLL gstpoll.c:979:gst_poll_fd_ctl_write: 0x238f9c0: fd (fd:0, idx:1), active : 1
0:00:00.020324974  2477 0xf99370 DEBUG   structure gststructure.c:2258:gst_structure_parse_field: trying field name 'description'
0:00:00.016059452  2478 0x2387320 LOG   GST_POLL gstpoll.c:994:gst_poll_fd_ctl_write: 0x238f9c0: pfd->events now 60 (POLLOUT:4)
0:00:00.020330922  2477 0xf99370 DEBUG   default gstvalue.c:2776:_priv_gst_value_parse_value: trying type name 'string'
0:00:00.016068073  2478 0x2387320 DEBUG   GST_POLL gstpoll.c:979:gst_poll_fd_ctl_write: 0x238f9c0: fd (fd:0, idx:1), active : 1
0:00:00.020337670  2477 0xf99370 DEBUG   structure gststructure.c:2258:gst_structure_parse_field: trying field name 'author'
0:00:00.016074948  2478 0x2387320 LOG   GST_POLL gstpoll.c:994:gst_poll_fd_ctl_write: 0x238f9c0: pfd->events now 60 (POLLOUT:4)
0:00:00.020344766  2477 0xf99370 DEBUG   default gstvalue.c:2776:_priv_gst_value_parse_value: trying type name 'string'
0:00:00.016081553  2478 0x2387320 DEBUG   GST_POLL gstpoll.c:979:gst_poll_fd_ctl_write: 0x238f9c0: fd (fd:0, idx:1), active : 1
0:00:00.016091906  2478 0x2387320 LOG   GST_POLL gstpoll.c:994:gst_poll_fd_ctl_write: 0x238f9c0: pfd->events now 60 (POLLOUT:4)
0:00:00.020359738  2477 0xf99370 DEBUG   GST_REGISTRY gstregistrychunks.c:626:gst_registry_chunks_load_feature: Element factory : npadtemplates=2
0:00:00.016097406  2478 0x2387320 DEBUG   GST_POLL gstpoll.c:979:gst_poll_fd_ctl_write: 0x238f9c0: fd (fd:0, idx:1), active : 1
0:00:00.020367546  2477 0xf99370 DEBUG   GST_REGISTRY gstregistrychunks.c:525:gst_registry_chunks_load_pad_template: Reading/casting for GstRegistryChunkPadTemplate at address 0xfb64a8
0:00:00.016103508  2478 0x2387320 LOG   GST_POLL gstpoll.c:994:gst_poll_fd_ctl_write: 0x238f9c0: pfd->events now 60 (POLLOUT:4)
0:00:00.020373946  2477 0xf99370 DEBUG   GST_REGISTRY gstregistrychunks.c:539:gst_registry_chunks_load_pad_template: Added pad_template sink
0:00:00.016111504  2478 0x2387320 DEBUG   GST_POLL gstpoll.c:979:gst_poll_fd_ctl_write: 0x238f9c0: fd (fd:0, idx:1), active : 1
0:00:00.020380815  2477 0xf99370 DEBUG   GST_REGISTRY gstregistrychunks.c:525:gst_registry_chunks_load_pad_template: Reading/casting for GstRegistryChunkPadTemplate at address 0xfb64c0
0:00:00.016117740  2478 0x2387320 LOG   GST_POLL gstpoll.c:994:gst_poll_fd_ctl_write: 0x238f9c0: pfd->events now 60 (POLLOUT:4)
0:00:00.020388599  2477 0xf99370 DEBUG   GST_REGISTRY gstregistrychunks.c:539:gst_registry_chunks_load_pad_template: Added pad_template src
0:00:00.016126170  2478 0x2387320 DEBUG   GST_POLL gstpoll.c:979:gst_poll_fd_ctl_write: 0x238f9c0: fd (fd:0, idx:1), active : 1
0:00:00.020396884  2477 0xf99370 DEBUG   GST_REGISTRY gstregistry.c:589:gst_registry_add_feature: adding feature 0xfbaea0 (clocksync)
0:00:00.016132968  2478 0x2387320 LOG   GST_POLL gstpoll.c:994:gst_poll_fd_ctl_write: 0x238f9c0: pfd->events now 60 (POLLOUT:4)
0:00:00.020403264  2477 0xf99370 DEBUG   GST_REFCOUNTING gstobject.c:708:gst_object_set_parent: set parent (ref and sink)
0:00:00.016139364  2478 0x2387320 DEBUG   GST_POLL gstpoll.c:979:gst_poll_fd_ctl_write: 0x238f9c0: fd (fd:0, idx:1), active : 1
0:00:00.020410745  2477 0xf99370 TRACE   GST_REFCOUNTING gstobject.c:292:gst_object_ref_sink: 0xfbaea0 ref_sink 1->2
0:00:00.016145508  2478 0x2387320 LOG   GST_POLL gstpoll.c:994:gst_poll_fd_ctl_write: 0x238f9c0: pfd->events now 60 (POLLOUT:4)
0:00:00.020419499  2477 0xf99370 LOG   GST_REGISTRY gstregistry.c:607:gst_registry_add_feature: emitting feature-added for clocksync
0:00:00.016152327  2478 0x2387320 DEBUG   GST_POLL gstpoll.c:979:gst_poll_fd_ctl_write: 0x238f9c0: fd (fd:0, idx:1), active : 1
0:00:00.020427715  2477 0xf99370 DEBUG   GST_REGISTRY gstregistrychunks.c:740:gst_registry_chunks_load_feature: Added feature clocksync, plugin 0xfb3210 coreelements
0:00:00.016160660  2478 0x2387320 LOG   GST_POLL gstpoll.c:994:gst_poll_fd_ctl_write: 0x238f9c0: pfd->events now 60 (POLLOUT:4)
0:00:00.020434922  2477 0xf99370 DEBUG   GST_REGISTRY gstregistrychunks.c:582:gst_registry_chunks_load_feature: Plugin 'coreelements' feature 'capsfilter' typename : 'GstElementFactory'
0:00:00.016172628  2478 0x2387320 DEBUG   GST_POLL gstpoll.c:979:gst_poll_fd_ctl_write: 0x238f9c0: fd (fd:0, idx:1), active : 1
0:00:00.016181135  2478 0x2387320 LOG   GST_POLL gstpoll.c:994:gst_poll_fd_ctl_write: 0x238f9c0: pfd->events now 60 (POLLOUT:4)
0:00:00.020449174  2477 0xf99370 TRACE   GST_REFCOUNTING gstobject.c:208:gst_object_init: 0xfbb2d0 new
0:00:00.016189352  2478 0x2387320 DEBUG   GST_POLL gstpoll.c:979:gst_poll_fd_ctl_write: 0x238f9c0: fd (fd:0, idx:1), active : 1
0:00:00.020459274  2477 0xf99370 LOG   GST_REGISTRY gstregistrychunks.c:609:gst_registry_chunks_load_feature: Reading/casting for GstRegistryChunkElementFactory at address 0xfb64f0
0:00:00.016196144  2478 0x2387320 LOG   GST_POLL gstpoll.c:994:gst_poll_fd_ctl_write: 0x238f9c0: pfd->events now 60 (POLLOUT:4)
0:00:00.020466869  2477 0xf99370 TRACE   structure gststructure.c:292:gst_structure_new_id_empty_with_size: created structure 0xfbb9b0
0:00:00.016202801  2478 0x2387320 DEBUG   GST_POLL gstpoll.c:979:gst_poll_fd_ctl_write: 0x238f9c0: fd (fd:0, idx:1), active : 1
0:00:00.020472870  2477 0xf99370 DEBUG   structure gststructure.c:2258:gst_structure_parse_field: trying field name 'long-name'
0:00:00.016209073  2478 0x2387320 LOG   GST_POLL gstpoll.c:994:gst_poll_fd_ctl_write: 0x238f9c0: pfd->events now 60 (POLLOUT:4)
0:00:00.020480930  2477 0xf99370 DEBUG   default gstvalue.c:2776:_priv_gst_value_parse_value: trying type name 'string'
0:00:00.016215374  2478 0x2387320 DEBUG   GST_POLL gstpoll.c:979:gst_poll_fd_ctl_write: 0x238f9c0: fd (fd:0, idx:1), active : 1
0:00:00.020488892  2477 0xf99370 DEBUG   structure gststructure.c:2258:gst_structure_parse_field: trying field name 'klass'
0:00:00.016222078  2478 0x2387320 LOG   GST_POLL gstpoll.c:994:gst_poll_fd_ctl_write: 0x238f9c0: pfd->events now 60 (POLLOUT:4)
0:00:00.020494878  2477 0xf99370 DEBUG   default gstvalue.c:2776:_priv_gst_value_parse_value: trying type name 'string'
0:00:00.016229456  2478 0x2387320 DEBUG   GST_POLL gstpoll.c:979:gst_poll_fd_ctl_write: 0x238f9c0: fd (fd:0, idx:1), active : 1
0:00:00.020501709  2477 0xf99370 DEBUG   structure gststructure.c:2258:gst_structure_parse_field: trying field name 'description'
0:00:00.016235258  2478 0x2387320 LOG   GST_POLL gstpoll.c:994:gst_poll_fd_ctl_write: 0x238f9c0: pfd->events now 60 (POLLOUT:4)
0:00:00.020507809  2477 0xf99370 DEBUG   default gstvalue.c:2776:_priv_gst_value_parse_value: trying type name 'string'
0:00:00.016244414  2478 0x2387320 DEBUG   GST_POLL gstpoll.c:979:gst_poll_fd_ctl_write: 0x238f9c0: fd (fd:0, idx:1), active : 1
0:00:00.020514616  2477 0xf99370 DEBUG   structure gststructure.c:2258:gst_structure_parse_field: trying field name 'author'
0:00:00.016251406  2478 0x2387320 LOG   GST_POLL gstpoll.c:994:gst_poll_fd_ctl_write: 0x238f9c0: pfd->events now 60 (POLLOUT:4)
0:00:00.020521443  2477 0xf99370 DEBUG   default gstvalue.c:2776:_priv_gst_value_parse_value: trying type name 'string'
0:00:00.016262495  2478 0x2387320 DEBUG   GST_POLL gstpoll.c:979:gst_poll_fd_ctl_write: 0x238f9c0: fd (fd:0, idx:1), active : 1
0:00:00.020533150  2477 0xf99370 DEBUG   GST_REGISTRY gstregistrychunks.c:626:gst_registry_chunks_load_feature: Element factory : npadtemplates=2
0:00:00.016268886  2478 0x2387320 LOG   GST_POLL gstpoll.c:994:gst_poll_fd_ctl_write: 0x238f9c0: pfd->events now 60 (POLLOUT:4)
0:00:00.020541209  2477 0xf99370 DEBUG   GST_REGISTRY gstregistrychunks.c:525:gst_registry_chunks_load_pad_template: Reading/casting for GstRegistryChunkPadTemplate at address 0xfb65d0
0:00:00.016275305  2478 0x2387320 DEBUG   GST_POLL gstpoll.c:979:gst_poll_fd_ctl_write: 0x238f9c0: fd (fd:0, idx:1), active : 1
0:00:00.020548575  2477 0xf99370 DEBUG   GST_REGISTRY gstregistrychunks.c:539:gst_registry_chunks_load_pad_template: Added pad_template sink
0:00:00.016282422  2478 0x2387320 LOG   GST_POLL gstpoll.c:994:gst_poll_fd_ctl_write: 0x238f9c0: pfd->events now 60 (POLLOUT:4)
0:00:00.020554832  2477 0xf99370 DEBUG   GST_REGISTRY gstregistrychunks.c:525:gst_registry_chunks_load_pad_template: Reading/casting for GstRegistryChunkPadTemplate at address 0xfb65e8
0:00:00.016289580  2478 0x2387320 DEBUG   GST_POLL gstpoll.c:979:gst_poll_fd_ctl_write: 0x238f9c0: fd (fd:0, idx:1), active : 1
0:00:00.020560871  2477 0xf99370 DEBUG   GST_REGISTRY gstregistrychunks.c:539:gst_registry_chunks_load_pad_template: Added pad_template src
0:00:00.016295615  2478 0x2387320 LOG   GST_POLL gstpoll.c:994:gst_poll_fd_ctl_write: 0x238f9c0: pfd->events now 60 (POLLOUT:4)
0:00:00.020568648  2477 0xf99370 DEBUG   GST_REGISTRY gstregistry.c:589:gst_registry_add_feature: adding feature 0xfbb2d0 (capsfilter)
0:00:00.016304184  2478 0x2387320 DEBUG   GST_POLL gstpoll.c:979:gst_poll_fd_ctl_write: 0x238f9c0: fd (fd:0, idx:1), active : 1
0:00:00.020575235  2477 0xf99370 DEBUG   GST_REFCOUNTING gstobject.c:708:gst_object_set_parent: set parent (ref and sink)
0:00:00.016311203  2478 0x2387320 LOG   GST_POLL gstpoll.c:994:gst_poll_fd_ctl_write: 0x238f9c0: pfd->events now 60 (POLLOUT:4)
0:00:00.020582587  2477 0xf99370 TRACE   GST_REFCOUNTING gstobject.c:292:gst_object_ref_sink: 0xfbb2d0 ref_sink 1->2
0:00:00.016317835  2478 0x2387320 DEBUG   GST_POLL gstpoll.c:979:gst_poll_fd_ctl_write: 0x238f9c0: fd (fd:0, idx:1), active : 1
0:00:00.020589541  2477 0xf99370 LOG   GST_REGISTRY gstregistry.c:607:gst_registry_add_feature: emitting feature-added for capsfilter
0:00:00.016323827  2478 0x2387320 LOG   GST_POLL gstpoll.c:994:gst_poll_fd_ctl_write: 0x238f9c0: pfd->events now 60 (POLLOUT:4)
0:00:00.016330734  2478 0x2387320 DEBUG   GST_POLL gstpoll.c:979:gst_poll_fd_ctl_write: 0x238f9c0: fd (fd:0, idx:1), active : 1
0:00:00.020598435  2477 0xf99370 DEBUG   GST_REGISTRY gstregistrychunks.c:740:gst_registry_chunks_load_feature: Added feature capsfilter, plugin 0xfb3210 coreelements
0:00:00.016335972  2478 0x2387320 LOG   GST_POLL gstpoll.c:994:gst_poll_fd_ctl_write: 0x238f9c0: pfd->events now 60 (POLLOUT:4)
0:00:00.016346080  2478 0x2387320 DEBUG   GST_POLL gstpoll.c:979:gst_poll_fd_ctl_write: 0x238f9c0: fd (fd:0, idx:1), active : 1
0:00:00.020614354  2477 0xf99370 LOG   GST_PLUGIN_LOADING gstpluginloader.c:886:handle_rx_packet: marking plugin 0xfb3210 as registered as /home/conan/w/prod/BuildSingleReference/.conan/data/gstreamer/1.19.1/_/_/package/0387548ec0d21c08cb6b492d670dcb344087cb15/lib/gstreamer-1.0/libgstcoreelements.so
0:00:00.016351344  2478 0x2387320 LOG   GST_POLL gstpoll.c:994:gst_poll_fd_ctl_write: 0x238f9c0: pfd->events now 60 (POLLOUT:4)
0:00:00.020625000  2477 0xf99370 DEBUG   GST_POLL gstpoll.c:1414:gst_poll_wait: 0xfb2ce0: timeout :0:00:01.000000000
0:00:00.016360004  2478 0x2387320 DEBUG   GST_POLL gstpoll.c:979:gst_poll_fd_ctl_write: 0x238f9c0: fd (fd:0, idx:1), active : 1
0:00:00.016366767  2478 0x2387320 LOG   GST_POLL gstpoll.c:994:gst_poll_fd_ctl_write: 0x238f9c0: pfd->events now 60 (POLLOUT:4)
0:00:00.016372503  2478 0x2387320 DEBUG   GST_POLL gstpoll.c:979:gst_poll_fd_ctl_write: 0x238f9c0: fd (fd:0, idx:1), active : 1
0:00:00.016377848  2478 0x2387320 LOG   GST_POLL gstpoll.c:994:gst_poll_fd_ctl_write: 0x238f9c0: pfd->events now 60 (POLLOUT:4)
0:00:00.016383337  2478 0x2387320 DEBUG   GST_POLL gstpoll.c:979:gst_poll_fd_ctl_write: 0x238f9c0: fd (fd:0, idx:1), active : 1
0:00:00.016388367  2478 0x2387320 LOG   GST_POLL gstpoll.c:994:gst_poll_fd_ctl_write: 0x238f9c0: pfd->events now 60 (POLLOUT:4)
0:00:00.016393775  2478 0x2387320 DEBUG   GST_POLL gstpoll.c:979:gst_poll_fd_ctl_write: 0x238f9c0: fd (fd:0, idx:1), active : 1
0:00:00.016398978  2478 0x2387320 LOG   GST_POLL gstpoll.c:994:gst_poll_fd_ctl_write: 0x238f9c0: pfd->events now 60 (POLLOUT:4)
0:00:00.016410900  2478 0x2387320 TRACE   GST_REFCOUNTING gstobject.c:264:gst_object_unref: 0x23a3220 unref 2->1
0:00:00.016418658  2478 0x2387320 DEBUG   GST_POLL gstpoll.c:1241:gst_poll_fd_has_error: 0x238f9c0: fd (fd:0, idx:1) 0
0:00:00.016424499  2478 0x2387320 DEBUG   GST_POLL gstpoll.c:1335:gst_poll_fd_can_write: 0x238f9c0: fd (fd:0, idx:1) 1
0:00:00.016429790  2478 0x2387320 LOG   GST_PLUGIN_LOADING gstpluginloader.c:689:write_one: Writing packet of size 488 bytes to fd 0
0:00:00.016446048  2478 0x2387320 DEBUG   GST_POLL gstpoll.c:1414:gst_poll_wait: 0x238f9c0: timeout :0:00:01.000000000
0:00:00.016454143  2478 0x2387320 LOG   GST_PLUGIN_LOADING gstpluginloader.c:1026:exchange_packets: Poll res = 2. 6872 bytes pending for write
0:00:00.016462897  2478 0x2387320 DEBUG   GST_POLL gstpoll.c:1241:gst_poll_fd_has_error: 0x238f9c0: fd (fd:5, idx:2) 0
0:00:00.020732006  2477 0xf99370 LOG   GST_PLUGIN_LOADING gstpluginloader.c:1026:exchange_packets: Poll res = 1. 0 bytes pending for write
0:00:00.016469776  2478 0x2387320 DEBUG   GST_POLL gstpoll.c:1266:gst_poll_fd_can_read_unlocked: 0x238f9c0: fd (fd:5, idx:2) 1
0:00:00.020741323  2477 0xf99370 DEBUG   GST_POLL gstpoll.c:1241:gst_poll_fd_has_error: 0xfb2ce0: fd (fd:8, idx:2) 0
0:00:00.016489053  2478 0x2387320 LOG   GST_PLUGIN_LOADING gstpluginloader.c:1004:read_one: No payload to read for 0 length packet type 1 tag 0
0:00:00.020757817  2477 0xf99370 DEBUG   GST_POLL gstpoll.c:1266:gst_poll_fd_can_read_unlocked: 0xfb2ce0: fd (fd:8, idx:2) 1
0:00:00.016496252  2478 0x2387320 DEBUG   GST_POLL gstpoll.c:1014:gst_poll_fd_ctl_read_unlocked: 0x238f9c0: fd (fd:5, idx:2), active : 0
0:00:00.016502808  2478 0x2387320 DEBUG   GST_POLL gstpoll.c:979:gst_poll_fd_ctl_write: 0x238f9c0: fd (fd:0, idx:1), active : 1
0:00:00.020772926  2477 0xf99370 DEBUG   GST_PLUGIN_LOADING gstpluginloader.c:847:handle_rx_packet: Received plugin details from child w/ tag 2. 476 bytes info
0:00:00.016507937  2478 0x2387320 LOG   GST_POLL gstpoll.c:994:gst_poll_fd_ctl_write: 0x238f9c0: pfd->events now 60 (POLLOUT:4)
0:00:00.020780310  2477 0xf99370 LOG   GST_REGISTRY gstregistrychunks.c:836:_priv_gst_registry_chunks_load_plugin: Reading/casting for GstRegistryChunkPluginElement at address 0xfb4b30
0:00:00.016514140  2478 0x2387320 DEBUG   GST_POLL gstpoll.c:1241:gst_poll_fd_has_error: 0x238f9c0: fd (fd:0, idx:1) 0
0:00:00.020788702  2477 0xf99370 TRACE   GST_REFCOUNTING gstobject.c:208:gst_object_init: 0xfbbaf0 new
0:00:00.016522866  2478 0x2387320 DEBUG   GST_POLL gstpoll.c:1335:gst_poll_fd_can_write: 0x238f9c0: fd (fd:0, idx:1) 1
0:00:00.016529683  2478 0x2387320 LOG   GST_PLUGIN_LOADING gstpluginloader.c:689:write_one: Writing packet of size 6872 bytes to fd 0
0:00:00.020799966  2477 0xf99370 LOG   GST_REGISTRY gstregistrychunks.c:858:_priv_gst_registry_chunks_load_plugin: read strings for name='coretracers'
0:00:00.020806101  2477 0xf99370 LOG   GST_REGISTRY gstregistrychunks.c:859:_priv_gst_registry_chunks_load_plugin: desc.description='GStreamer core tracers'
0:00:00.016539856  2478 0x2387320 DEBUG   GST_POLL gstpoll.c:1414:gst_poll_wait: 0x238f9c0: timeout :0:00:01.000000000
0:00:00.020811850  2477 0xf99370 LOG   GST_REGISTRY gstregistrychunks.c:860:_priv_gst_registry_chunks_load_plugin: filename='/home/conan/w/prod/BuildSingleReference/.conan/data/gstreamer/1.19.1/_/_/package/0387548ec0d21c08cb6b492d670dcb344087cb15/lib/gstreamer-1.0/libgstcoretracers.so'
0:00:00.016548036  2478 0x2387320 LOG   GST_PLUGIN_LOADING gstpluginloader.c:1026:exchange_packets: Poll res = 1. 12 bytes pending for write
0:00:00.020820064  2477 0xf99370 LOG   GST_REGISTRY gstregistrychunks.c:861:_priv_gst_registry_chunks_load_plugin: desc.version='1.19.1'
0:00:00.016554658  2478 0x2387320 DEBUG   GST_POLL gstpoll.c:1241:gst_poll_fd_has_error: 0x238f9c0: fd (fd:0, idx:1) 0
0:00:00.020826846  2477 0xf99370 LOG   GST_REGISTRY gstregistrychunks.c:862:_priv_gst_registry_chunks_load_plugin: desc.license='LGPL'
0:00:00.016560976  2478 0x2387320 DEBUG   GST_POLL gstpoll.c:1335:gst_poll_fd_can_write: 0x238f9c0: fd (fd:0, idx:1) 1
0:00:00.020832986  2477 0xf99370 LOG   GST_REGISTRY gstregistrychunks.c:863:_priv_gst_registry_chunks_load_plugin: desc.source='gstreamer'
0:00:00.016568868  2478 0x2387320 LOG   GST_PLUGIN_LOADING gstpluginloader.c:689:write_one: Writing packet of size 12 bytes to fd 0
0:00:00.020844010  2477 0xf99370 LOG   GST_REGISTRY gstregistrychunks.c:864:_priv_gst_registry_chunks_load_plugin: desc.package='GStreamer source release'
0:00:00.016580313  2478 0x2387320 DEBUG   GST_POLL gstpoll.c:979:gst_poll_fd_ctl_write: 0x238f9c0: fd (fd:0, idx:1), active : 0
0:00:00.020849856  2477 0xf99370 LOG   GST_REGISTRY gstregistrychunks.c:865:_priv_gst_registry_chunks_load_plugin: desc.origin='Unknown package origin'
0:00:00.016586540  2478 0x2387320 LOG   GST_POLL gstpoll.c:994:gst_poll_fd_ctl_write: 0x238f9c0: pfd->events now 56 (POLLOUT:4)
0:00:00.020856491  2477 0xf99370 LOG   GST_REGISTRY gstregistrychunks.c:866:_priv_gst_registry_chunks_load_plugin: desc.datetime=2021-06-01
0:00:00.020866891  2477 0xf99370 DEBUG   GST_REGISTRY gstregistry.c:446:gst_registry_add_plugin: Replacing existing plugin "/home/conan/w/prod/BuildSingleReference/.conan/data/gstreamer/1.19.1/_/_/package/0387548ec0d21c08cb6b492d670dcb344087cb15/lib/gstreamer-1.0/libgstcoretracers.so" 0xfb3880 with new plugin 0xfbbaf0 for filename "/home/conan/w/prod/BuildSingleReference/.conan/data/gstreamer/1.19.1/_/_/package/0387548ec0d21c08cb6b492d670dcb344087cb15/lib/gstreamer-1.0/libgstcoretracers.so"
0:00:00.016604143  2478 0x2387320 DEBUG   GST_POLL gstpoll.c:772:gst_poll_free: 0x238f9c0: freeing
0:00:00.020878804  2477 0xf99370 TRACE   GST_REFCOUNTING gstobject.c:264:gst_object_unref: 0xfb3880 unref 1->0
0:00:00.020890870  2477 0xf99370 TRACE   GST_REFCOUNTING gstobject.c:381:gst_object_dispose: 0xfb3880 dispose
0:00:00.020900105  2477 0xf99370 DEBUG   GST_PLUGIN_LOADING gstplugin.c:136:gst_plugin_finalize: finalizing plugin
0:00:00.020909571  2477 0xf99370 TRACE   GST_REFCOUNTING gstobject.c:423:gst_object_finalize: 0xfb3880 finalize
0:00:00.020922234  2477 0xf99370 DEBUG   GST_REGISTRY gstregistry.c:473:gst_registry_add_plugin: adding plugin 0xfbbaf0 for filename "/home/conan/w/prod/BuildSingleReference/.conan/data/gstreamer/1.19.1/_/_/package/0387548ec0d21c08cb6b492d670dcb344087cb15/lib/gstreamer-1.0/libgstcoretracers.so"
0:00:00.020929323  2477 0xf99370 TRACE   GST_REFCOUNTING gstobject.c:292:gst_object_ref_sink: 0xfbbaf0 ref_sink 1->2
0:00:00.020935854  2477 0xf99370 LOG   GST_REGISTRY gstregistry.c:486:gst_registry_add_plugin: emitting plugin-added for filename "/home/conan/w/prod/BuildSingleReference/.conan/data/gstreamer/1.19.1/_/_/package/0387548ec0d21c08cb6b492d670dcb344087cb15/lib/gstreamer-1.0/libgstcoretracers.so"
0:00:00.020944831  2477 0xf99370 DEBUG   GST_REGISTRY gstregistrychunks.c:886:_priv_gst_registry_chunks_load_plugin: Added plugin 'coretracers' plugin with 5 features from binary registry
0:00:00.020951079  2477 0xf99370 DEBUG   GST_REGISTRY gstregistrychunks.c:582:gst_registry_chunks_load_feature: Plugin 'coretracers' feature 'leaks' typename : 'GstTracerFactory'
0:00:00.020961510  2477 0xf99370 TRACE   GST_REFCOUNTING gstobject.c:208:gst_object_init: 0xfbb7f0 new
0:00:00.020974564  2477 0xf99370 DEBUG   GST_REGISTRY gstregistrychunks.c:716:gst_registry_chunks_load_feature: Reading/casting for GstRegistryChunkPluginFeature at address 0xfb4c78
0:00:00.020982094  2477 0xf99370 DEBUG   GST_REGISTRY gstregistry.c:580:gst_registry_add_feature: replacing existing feature 0xfb3b90 (leaks)
0:00:00.020988555  2477 0xf99370 DEBUG   GST_REGISTRY gstregistry.c:589:gst_registry_add_feature: adding feature 0xfbb7f0 (leaks)
0:00:00.020994202  2477 0xf99370 TRACE   GST_REFCOUNTING gstobject.c:788:gst_object_unparent: unparent
0:00:00.021000846  2477 0xf99370 TRACE   GST_REFCOUNTING gstobject.c:264:gst_object_unref: 0xfb3b90 unref 1->0
0:00:00.021006775  2477 0xf99370 TRACE   GST_REFCOUNTING gstobject.c:381:gst_object_dispose: 0xfb3b90 dispose
0:00:00.021013061  2477 0xf99370 DEBUG   GST_PLUGIN_LOADING gstpluginfeature.c:67:gst_plugin_feature_finalize: finalizing feature 0xfb3b90: 'leaks'
0:00:00.021021423  2477 0xf99370 TRACE   GST_REFCOUNTING gstobject.c:423:gst_object_finalize: 0xfb3b90 finalize
0:00:00.021028479  2477 0xf99370 DEBUG   GST_REFCOUNTING gstobject.c:708:gst_object_set_parent: set parent (ref and sink)
0:00:00.021035150  2477 0xf99370 TRACE   GST_REFCOUNTING gstobject.c:292:gst_object_ref_sink: 0xfbb7f0 ref_sink 1->2
0:00:00.021041037  2477 0xf99370 LOG   GST_REGISTRY gstregistry.c:607:gst_registry_add_feature: emitting feature-added for leaks
0:00:00.021046946  2477 0xf99370 DEBUG   GST_REGISTRY gstregistrychunks.c:740:gst_registry_chunks_load_feature: Added feature leaks, plugin 0xfbbaf0 coretracers
0:00:00.021052834  2477 0xf99370 DEBUG   GST_REGISTRY gstregistrychunks.c:582:gst_registry_chunks_load_feature: Plugin 'coretracers' feature 'stats' typename : 'GstTracerFactory'
0:00:00.021059375  2477 0xf99370 TRACE   GST_REFCOUNTING gstobject.c:208:gst_object_init: 0xfb3b90 new
0:00:00.021065994  2477 0xf99370 DEBUG   GST_REGISTRY gstregistrychunks.c:716:gst_registry_chunks_load_feature: Reading/casting for GstRegistryChunkPluginFeature at address 0xfb4c98
0:00:00.021075272  2477 0xf99370 DEBUG   GST_REGISTRY gstregistry.c:580:gst_registry_add_feature: replacing existing feature 0xfb3d90 (stats)
0:00:00.021082585  2477 0xf99370 DEBUG   GST_REGISTRY gstregistry.c:589:gst_registry_add_feature: adding feature 0xfb3b90 (stats)
0:00:00.021088098  2477 0xf99370 TRACE   GST_REFCOUNTING gstobject.c:788:gst_object_unparent: unparent
0:00:00.021094600  2477 0xf99370 TRACE   GST_REFCOUNTING gstobject.c:264:gst_object_unref: 0xfb3d90 unref 1->0
0:00:00.021100423  2477 0xf99370 TRACE   GST_REFCOUNTING gstobject.c:381:gst_object_dispose: 0xfb3d90 dispose
0:00:00.021106492  2477 0xf99370 DEBUG   GST_PLUGIN_LOADING gstpluginfeature.c:67:gst_plugin_feature_finalize: finalizing feature 0xfb3d90: 'stats'
0:00:00.021111789  2477 0xf99370 TRACE   GST_REFCOUNTING gstobject.c:423:gst_object_finalize: 0xfb3d90 finalize
0:00:00.021121510  2477 0xf99370 DEBUG   GST_REFCOUNTING gstobject.c:708:gst_object_set_parent: set parent (ref and sink)
0:00:00.021130741  2477 0xf99370 TRACE   GST_REFCOUNTING gstobject.c:292:gst_object_ref_sink: 0xfb3b90 ref_sink 1->2
0:00:00.021137486  2477 0xf99370 LOG   GST_REGISTRY gstregistry.c:607:gst_registry_add_feature: emitting feature-added for stats
0:00:00.021143545  2477 0xf99370 DEBUG   GST_REGISTRY gstregistrychunks.c:740:gst_registry_chunks_load_feature: Added feature stats, plugin 0xfbbaf0 coretracers
0:00:00.021168248  2477 0xf99370 DEBUG   GST_REGISTRY gstregistrychunks.c:582:gst_registry_chunks_load_feature: Plugin 'coretracers' feature 'rusage' typename : 'GstTracerFactory'
0:00:00.021180775  2477 0xf99370 TRACE   GST_REFCOUNTING gstobject.c:208:gst_object_init: 0xfb3d90 new
0:00:00.021191478  2477 0xf99370 DEBUG   GST_REGISTRY gstregistrychunks.c:716:gst_registry_chunks_load_feature: Reading/casting for GstRegistryChunkPluginFeature at address 0xfb4cb8
0:00:00.021203146  2477 0xf99370 DEBUG   GST_REGISTRY gstregistry.c:580:gst_registry_add_feature: replacing existing feature 0xfb3f90 (rusage)
0:00:00.021210343  2477 0xf99370 DEBUG   GST_REGISTRY gstregistry.c:589:gst_registry_add_feature: adding feature 0xfb3d90 (rusage)
0:00:00.021215809  2477 0xf99370 TRACE   GST_REFCOUNTING gstobject.c:788:gst_object_unparent: unparent
0:00:00.021222296  2477 0xf99370 TRACE   GST_REFCOUNTING gstobject.c:264:gst_object_unref: 0xfb3f90 unref 1->0
0:00:00.021228366  2477 0xf99370 TRACE   GST_REFCOUNTING gstobject.c:381:gst_object_dispose: 0xfb3f90 dispose
0:00:00.021234765  2477 0xf99370 DEBUG   GST_PLUGIN_LOADING gstpluginfeature.c:67:gst_plugin_feature_finalize: finalizing feature 0xfb3f90: 'rusage'
0:00:00.021240446  2477 0xf99370 TRACE   GST_REFCOUNTING gstobject.c:423:gst_object_finalize: 0xfb3f90 finalize
0:00:00.021246146  2477 0xf99370 DEBUG   GST_REFCOUNTING gstobject.c:708:gst_object_set_parent: set parent (ref and sink)
0:00:00.021255268  2477 0xf99370 TRACE   GST_REFCOUNTING gstobject.c:292:gst_object_ref_sink: 0xfb3d90 ref_sink 1->2
0:00:00.021262108  2477 0xf99370 LOG   GST_REGISTRY gstregistry.c:607:gst_registry_add_feature: emitting feature-added for rusage
0:00:00.021268318  2477 0xf99370 DEBUG   GST_REGISTRY gstregistrychunks.c:740:gst_registry_chunks_load_feature: Added feature rusage, plugin 0xfbbaf0 coretracers
0:00:00.021274303  2477 0xf99370 DEBUG   GST_REGISTRY gstregistrychunks.c:582:gst_registry_chunks_load_feature: Plugin 'coretracers' feature 'log' typename : 'GstTracerFactory'
0:00:00.021280785  2477 0xf99370 TRACE   GST_REFCOUNTING gstobject.c:208:gst_object_init: 0xfb3f90 new
0:00:00.021287647  2477 0xf99370 DEBUG   GST_REGISTRY gstregistrychunks.c:716:gst_registry_chunks_load_feature: Reading/casting for GstRegistryChunkPluginFeature at address 0xfb4cd8
0:00:00.021294198  2477 0xf99370 DEBUG   GST_REGISTRY gstregistry.c:580:gst_registry_add_feature: replacing existing feature 0xfb4190 (log)
0:00:00.021307446  2477 0xf99370 DEBUG   GST_REGISTRY gstregistry.c:589:gst_registry_add_feature: adding feature 0xfb3f90 (log)
0:00:00.021314823  2477 0xf99370 TRACE   GST_REFCOUNTING gstobject.c:788:gst_object_unparent: unparent
0:00:00.021322705  2477 0xf99370 TRACE   GST_REFCOUNTING gstobject.c:264:gst_object_unref: 0xfb4190 unref 1->0
0:00:00.021328964  2477 0xf99370 TRACE   GST_REFCOUNTING gstobject.c:381:gst_object_dispose: 0xfb4190 dispose
0:00:00.021335216  2477 0xf99370 DEBUG   GST_PLUGIN_LOADING gstpluginfeature.c:67:gst_plugin_feature_finalize: finalizing feature 0xfb4190: 'log'
0:00:00.021340681  2477 0xf99370 TRACE   GST_REFCOUNTING gstobject.c:423:gst_object_finalize: 0xfb4190 finalize
0:00:00.021346302  2477 0xf99370 DEBUG   GST_REFCOUNTING gstobject.c:708:gst_object_set_parent: set parent (ref and sink)
0:00:00.021352267  2477 0xf99370 TRACE   GST_REFCOUNTING gstobject.c:292:gst_object_ref_sink: 0xfb3f90 ref_sink 1->2
0:00:00.021357995  2477 0xf99370 LOG   GST_REGISTRY gstregistry.c:607:gst_registry_add_feature: emitting feature-added for log
0:00:00.021366637  2477 0xf99370 DEBUG   GST_REGISTRY gstregistrychunks.c:740:gst_registry_chunks_load_feature: Added feature log, plugin 0xfbbaf0 coretracers
0:00:00.021373567  2477 0xf99370 DEBUG   GST_REGISTRY gstregistrychunks.c:582:gst_registry_chunks_load_feature: Plugin 'coretracers' feature 'latency' typename : 'GstTracerFactory'
0:00:00.021380579  2477 0xf99370 TRACE   GST_REFCOUNTING gstobject.c:208:gst_object_init: 0xfb4190 new
0:00:00.021387738  2477 0xf99370 DEBUG   GST_REGISTRY gstregistrychunks.c:716:gst_registry_chunks_load_feature: Reading/casting for GstRegistryChunkPluginFeature at address 0xfb4d00
0:00:00.021394241  2477 0xf99370 DEBUG   GST_REGISTRY gstregistry.c:580:gst_registry_add_feature: replacing existing feature 0xfb4390 (latency)
0:00:00.021400161  2477 0xf99370 DEBUG   GST_REGISTRY gstregistry.c:589:gst_registry_add_feature: adding feature 0xfb4190 (latency)
0:00:00.021405213  2477 0xf99370 TRACE   GST_REFCOUNTING gstobject.c:788:gst_object_unparent: unparent
0:00:00.021411338  2477 0xf99370 TRACE   GST_REFCOUNTING gstobject.c:264:gst_object_unref: 0xfb4390 unref 1->0
0:00:00.021419791  2477 0xf99370 TRACE   GST_REFCOUNTING gstobject.c:381:gst_object_dispose: 0xfb4390 dispose
0:00:00.021427129  2477 0xf99370 DEBUG   GST_PLUGIN_LOADING gstpluginfeature.c:67:gst_plugin_feature_finalize: finalizing feature 0xfb4390: 'latency'
0:00:00.021432979  2477 0xf99370 TRACE   GST_REFCOUNTING gstobject.c:423:gst_object_finalize: 0xfb4390 finalize
0:00:00.021447450  2477 0xf99370 DEBUG   GST_REFCOUNTING gstobject.c:708:gst_object_set_parent: set parent (ref and sink)
0:00:00.021453601  2477 0xf99370 TRACE   GST_REFCOUNTING gstobject.c:292:gst_object_ref_sink: 0xfb4190 ref_sink 1->2
0:00:00.021464019  2477 0xf99370 LOG   GST_REGISTRY gstregistry.c:607:gst_registry_add_feature: emitting feature-added for latency
0:00:00.021469770  2477 0xf99370 DEBUG   GST_REGISTRY gstregistrychunks.c:740:gst_registry_chunks_load_feature: Added feature latency, plugin 0xfbbaf0 coretracers
0:00:00.021476286  2477 0xf99370 LOG   GST_PLUGIN_LOADING gstpluginloader.c:886:handle_rx_packet: marking plugin 0xfbbaf0 as registered as /home/conan/w/prod/BuildSingleReference/.conan/data/gstreamer/1.19.1/_/_/package/0387548ec0d21c08cb6b492d670dcb344087cb15/lib/gstreamer-1.0/libgstcoretracers.so
0:00:00.021487001  2477 0xf99370 DEBUG   GST_POLL gstpoll.c:1414:gst_poll_wait: 0xfb2ce0: timeout :0:00:01.000000000
0:00:00.021496487  2477 0xf99370 LOG   GST_PLUGIN_LOADING gstpluginloader.c:1026:exchange_packets: Poll res = 2. 0 bytes pending for write
0:00:00.021503121  2477 0xf99370 DEBUG   GST_POLL gstpoll.c:1241:gst_poll_fd_has_error: 0xfb2ce0: fd (fd:8, idx:2) 0
0:00:00.021508776  2477 0xf99370 DEBUG   GST_POLL gstpoll.c:1266:gst_poll_fd_can_read_unlocked: 0xfb2ce0: fd (fd:8, idx:2) 1
0:00:00.021519135  2477 0xf99370 DEBUG   GST_PLUGIN_LOADING gstpluginloader.c:847:handle_rx_packet: Received plugin details from child w/ tag 3. 6860 bytes info
0:00:00.021527057  2477 0xf99370 LOG   GST_REGISTRY gstregistrychunks.c:836:_priv_gst_registry_chunks_load_plugin: Reading/casting for GstRegistryChunkPluginElement at address 0xfb4b30
0:00:00.021534647  2477 0xf99370 TRACE   GST_REFCOUNTING gstobject.c:208:gst_object_init: 0xfbbce0 new
0:00:00.021544957  2477 0xf99370 LOG   GST_REGISTRY gstregistrychunks.c:858:_priv_gst_registry_chunks_load_plugin: read strings for name='coreelements'
0:00:00.021550498  2477 0xf99370 LOG   GST_REGISTRY gstregistrychunks.c:859:_priv_gst_registry_chunks_load_plugin: desc.description='GStreamer core elements'
0:00:00.021556046  2477 0xf99370 LOG   GST_REGISTRY gstregistrychunks.c:860:_priv_gst_registry_chunks_load_plugin: filename='/home/conan/w/prod/BuildSingleReference/.conan/data/gstreamer/1.19.1/_/_/package/0387548ec0d21c08cb6b492d670dcb344087cb15/lib/gstreamer-1.0/libgstcoreelements.so'
0:00:00.021561145  2477 0xf99370 LOG   GST_REGISTRY gstregistrychunks.c:861:_priv_gst_registry_chunks_load_plugin: desc.version='1.19.1'
0:00:00.021565758  2477 0xf99370 LOG   GST_REGISTRY gstregistrychunks.c:862:_priv_gst_registry_chunks_load_plugin: desc.license='LGPL'
0:00:00.021570323  2477 0xf99370 LOG   GST_REGISTRY gstregistrychunks.c:863:_priv_gst_registry_chunks_load_plugin: desc.source='gstreamer'
0:00:00.021577401  2477 0xf99370 LOG   GST_REGISTRY gstregistrychunks.c:864:_priv_gst_registry_chunks_load_plugin: desc.package='GStreamer source release'
0:00:00.021583390  2477 0xf99370 LOG   GST_REGISTRY gstregistrychunks.c:865:_priv_gst_registry_chunks_load_plugin: desc.origin='Unknown package origin'
0:00:00.021588324  2477 0xf99370 LOG   GST_REGISTRY gstregistrychunks.c:866:_priv_gst_registry_chunks_load_plugin: desc.datetime=2021-06-01
0:00:00.021596742  2477 0xf99370 DEBUG   GST_REGISTRY gstregistry.c:446:gst_registry_add_plugin: Replacing existing plugin "/home/conan/w/prod/BuildSingleReference/.conan/data/gstreamer/1.19.1/_/_/package/0387548ec0d21c08cb6b492d670dcb344087cb15/lib/gstreamer-1.0/libgstcoreelements.so" 0xfb3210 with new plugin 0xfbbce0 for filename "/home/conan/w/prod/BuildSingleReference/.conan/data/gstreamer/1.19.1/_/_/package/0387548ec0d21c08cb6b492d670dcb344087cb15/lib/gstreamer-1.0/libgstcoreelements.so"
0:00:00.021608678  2477 0xf99370 TRACE   GST_REFCOUNTING gstobject.c:264:gst_object_unref: 0xfb3210 unref 1->0
0:00:00.021614887  2477 0xf99370 TRACE   GST_REFCOUNTING gstobject.c:381:gst_object_dispose: 0xfb3210 dispose
0:00:00.021621326  2477 0xf99370 DEBUG   GST_PLUGIN_LOADING gstplugin.c:136:gst_plugin_finalize: finalizing plugin
0:00:00.021626902  2477 0xf99370 TRACE   GST_REFCOUNTING gstobject.c:423:gst_object_finalize: 0xfb3210 finalize
0:00:00.021637163  2477 0xf99370 DEBUG   GST_REGISTRY gstregistry.c:473:gst_registry_add_plugin: adding plugin 0xfbbce0 for filename "/home/conan/w/prod/BuildSingleReference/.conan/data/gstreamer/1.19.1/_/_/package/0387548ec0d21c08cb6b492d670dcb344087cb15/lib/gstreamer-1.0/libgstcoreelements.so"
0:00:00.021644945  2477 0xf99370 TRACE   GST_REFCOUNTING gstobject.c:292:gst_object_ref_sink: 0xfbbce0 ref_sink 1->2
0:00:00.021651742  2477 0xf99370 LOG   GST_REGISTRY gstregistry.c:486:gst_registry_add_plugin: emitting plugin-added for filename "/home/conan/w/prod/BuildSingleReference/.conan/data/gstreamer/1.19.1/_/_/package/0387548ec0d21c08cb6b492d670dcb344087cb15/lib/gstreamer-1.0/libgstcoreelements.so"
0:00:00.021658475  2477 0xf99370 DEBUG   GST_REGISTRY gstregistrychunks.c:886:_priv_gst_registry_chunks_load_plugin: Added plugin 'coreelements' plugin with 22 features from binary registry
0:00:00.021664297  2477 0xf99370 DEBUG   GST_REGISTRY gstregistrychunks.c:582:gst_registry_chunks_load_feature: Plugin 'coreelements' feature 'streamiddemux' typename : 'GstElementFactory'
0:00:00.021670979  2477 0xf99370 TRACE   GST_REFCOUNTING gstobject.c:208:gst_object_init: 0xfb4250 new
0:00:00.021677835  2477 0xf99370 LOG   GST_REGISTRY gstregistrychunks.c:609:gst_registry_chunks_load_feature: Reading/casting for GstRegistryChunkElementFactory at address 0xfb4c88
0:00:00.021684545  2477 0xf99370 TRACE   structure gststructure.c:292:gst_structure_new_id_empty_with_size: created structure 0xfbb670
0:00:00.021692270  2477 0xf99370 DEBUG   structure gststructure.c:2258:gst_structure_parse_field: trying field name 'long-name'
0:00:00.021698682  2477 0xf99370 DEBUG   default gstvalue.c:2776:_priv_gst_value_parse_value: trying type name 'string'
0:00:00.021705320  2477 0xf99370 DEBUG   structure gststructure.c:2258:gst_structure_parse_field: trying field name 'klass'
0:00:00.021710118  2477 0xf99370 DEBUG   default gstvalue.c:2776:_priv_gst_value_parse_value: trying type name 'string'
0:00:00.021715555  2477 0xf99370 DEBUG   structure gststructure.c:2258:gst_structure_parse_field: trying field name 'description'
0:00:00.021720200  2477 0xf99370 DEBUG   default gstvalue.c:2776:_priv_gst_value_parse_value: trying type name 'string'
0:00:00.021730263  2477 0xf99370 DEBUG   structure gststructure.c:2258:gst_structure_parse_field: trying field name 'author'
0:00:00.021734962  2477 0xf99370 DEBUG   default gstvalue.c:2776:_priv_gst_value_parse_value: trying type name 'string'
0:00:00.021743461  2477 0xf99370 DEBUG   GST_REGISTRY gstregistrychunks.c:626:gst_registry_chunks_load_feature: Element factory : npadtemplates=2
0:00:00.021749603  2477 0xf99370 DEBUG   GST_REGISTRY gstregistrychunks.c:525:gst_registry_chunks_load_pad_template: Reading/casting for GstRegistryChunkPadTemplate at address 0xfb4d60
0:00:00.021755259  2477 0xf99370 DEBUG   GST_REGISTRY gstregistrychunks.c:539:gst_registry_chunks_load_pad_template: Added pad_template src_%u
0:00:00.021760221  2477 0xf99370 DEBUG   GST_REGISTRY gstregistrychunks.c:525:gst_registry_chunks_load_pad_template: Reading/casting for GstRegistryChunkPadTemplate at address 0xfb4d78
0:00:00.021765047  2477 0xf99370 DEBUG   GST_REGISTRY gstregistrychunks.c:539:gst_registry_chunks_load_pad_template: Added pad_template sink
0:00:00.021771837  2477 0xf99370 DEBUG   GST_REGISTRY gstregistry.c:580:gst_registry_add_feature: replacing existing feature 0xfb4450 (streamiddemux)
0:00:00.021777907  2477 0xf99370 DEBUG   GST_REGISTRY gstregistry.c:589:gst_registry_add_feature: adding feature 0xfb4250 (streamiddemux)
0:00:00.021783227  2477 0xf99370 TRACE   GST_REFCOUNTING gstobject.c:788:gst_object_unparent: unparent
0:00:00.021792511  2477 0xf99370 TRACE   GST_REFCOUNTING gstobject.c:264:gst_object_unref: 0xfb4450 unref 1->0
0:00:00.021799431  2477 0xf99370 TRACE   GST_REFCOUNTING gstobject.c:381:gst_object_dispose: 0xfb4450 dispose
0:00:00.021805800  2477 0xf99370 TRACE   structure gststructure.c:547:gst_structure_free: free structure 0xfb4650
0:00:00.021813012  2477 0xf99370 TRACE   GST_REFCOUNTING gstminiobject.c:734:gst_mini_object_replace: replace (nil) (0) with (nil) (0)
0:00:00.021819615  2477 0xf99370 TRACE   GST_REFCOUNTING gstminiobject.c:734:gst_mini_object_replace: replace (nil) (0) with (nil) (0)
0:00:00.021825835  2477 0xf99370 DEBUG   GST_PLUGIN_LOADING gstpluginfeature.c:67:gst_plugin_feature_finalize: finalizing feature 0xfb4450: 'streamiddemux'
0:00:00.021831839  2477 0xf99370 TRACE   GST_REFCOUNTING gstobject.c:423:gst_object_finalize: 0xfb4450 finalize
0:00:00.021837440  2477 0xf99370 DEBUG   GST_REFCOUNTING gstobject.c:708:gst_object_set_parent: set parent (ref and sink)
0:00:00.021846542  2477 0xf99370 TRACE   GST_REFCOUNTING gstobject.c:292:gst_object_ref_sink: 0xfb4250 ref_sink 1->2
0:00:00.021853346  2477 0xf99370 LOG   GST_REGISTRY gstregistry.c:607:gst_registry_add_feature: emitting feature-added for streamiddemux
0:00:00.021859704  2477 0xf99370 DEBUG   GST_REGISTRY gstregistrychunks.c:740:gst_registry_chunks_load_feature: Added feature streamiddemux, plugin 0xfbbce0 coreelements
0:00:00.021865900  2477 0xf99370 DEBUG   GST_REGISTRY gstregistrychunks.c:582:gst_registry_chunks_load_feature: Plugin 'coreelements' feature 'valve' typename : 'GstElementFactory'
0:00:00.021876915  2477 0xf99370 TRACE   GST_REFCOUNTING gstobject.c:208:gst_object_init: 0xfb4450 new
0:00:00.021883677  2477 0xf99370 LOG   GST_REGISTRY gstregistrychunks.c:609:gst_registry_chunks_load_feature: Reading/casting for GstRegistryChunkElementFactory at address 0xfb4da8
0:00:00.021889567  2477 0xf99370 TRACE   structure gststructure.c:292:gst_structure_new_id_empty_with_size: created structure 0xfbbe10
0:00:00.021894650  2477 0xf99370 DEBUG   structure gststructure.c:2258:gst_structure_parse_field: trying field name 'long-name'
0:00:00.021902034  2477 0xf99370 DEBUG   default gstvalue.c:2776:_priv_gst_value_parse_value: trying type name 'string'
0:00:00.021909018  2477 0xf99370 DEBUG   structure gststructure.c:2258:gst_structure_parse_field: trying field name 'klass'
0:00:00.021914069  2477 0xf99370 DEBUG   default gstvalue.c:2776:_priv_gst_value_parse_value: trying type name 'string'
0:00:00.021919564  2477 0xf99370 DEBUG   structure gststructure.c:2258:gst_structure_parse_field: trying field name 'description'
0:00:00.021924324  2477 0xf99370 DEBUG   default gstvalue.c:2776:_priv_gst_value_parse_value: trying type name 'string'
0:00:00.021929815  2477 0xf99370 DEBUG   structure gststructure.c:2258:gst_structure_parse_field: trying field name 'author'
0:00:00.021934508  2477 0xf99370 DEBUG   default gstvalue.c:2776:_priv_gst_value_parse_value: trying type name 'string'
0:00:00.021942047  2477 0xf99370 DEBUG   GST_REGISTRY gstregistrychunks.c:626:gst_registry_chunks_load_feature: Element factory : npadtemplates=2
0:00:00.021949676  2477 0xf99370 DEBUG   GST_REGISTRY gstregistrychunks.c:525:gst_registry_chunks_load_pad_template: Reading/casting for GstRegistryChunkPadTemplate at address 0xfb4e98
0:00:00.021956001  2477 0xf99370 DEBUG   GST_REGISTRY gstregistrychunks.c:539:gst_registry_chunks_load_pad_template: Added pad_template sink
0:00:00.021961026  2477 0xf99370 DEBUG   GST_REGISTRY gstregistrychunks.c:525:gst_registry_chunks_load_pad_template: Reading/casting for GstRegistryChunkPadTemplate at address 0xfb4eb0
0:00:00.021966149  2477 0xf99370 DEBUG   GST_REGISTRY gstregistrychunks.c:539:gst_registry_chunks_load_pad_template: Added pad_template src
0:00:00.021972779  2477 0xf99370 DEBUG   GST_REGISTRY gstregistry.c:580:gst_registry_add_feature: replacing existing feature 0xfb49b0 (valve)
0:00:00.021978977  2477 0xf99370 DEBUG   GST_REGISTRY gstregistry.c:589:gst_registry_add_feature: adding feature 0xfb4450 (valve)
0:00:00.021984216  2477 0xf99370 TRACE   GST_REFCOUNTING gstobject.c:788:gst_object_unparent: unparent
0:00:00.021990749  2477 0xf99370 TRACE   GST_REFCOUNTING gstobject.c:264:gst_object_unref: 0xfb49b0 unref 1->0
0:00:00.021999678  2477 0xf99370 TRACE   GST_REFCOUNTING gstobject.c:381:gst_object_dispose: 0xfb49b0 dispose
0:00:00.022007179  2477 0xf99370 TRACE   structure gststructure.c:547:gst_structure_free: free structure 0xfb6800
0:00:00.022019559  2477 0xf99370 TRACE   GST_REFCOUNTING gstminiobject.c:734:gst_mini_object_replace: replace (nil) (0) with (nil) (0)
0:00:00.022026017  2477 0xf99370 TRACE   GST_REFCOUNTING gstminiobject.c:734:gst_mini_object_replace: replace (nil) (0) with (nil) (0)
0:00:00.022032070  2477 0xf99370 DEBUG   GST_PLUGIN_LOADING gstpluginfeature.c:67:gst_plugin_feature_finalize: finalizing feature 0xfb49b0: 'valve'
0:00:00.022037659  2477 0xf99370 TRACE   GST_REFCOUNTING gstobject.c:423:gst_object_finalize: 0xfb49b0 finalize
0:00:00.022043368  2477 0xf99370 DEBUG   GST_REFCOUNTING gstobject.c:708:gst_object_set_parent: set parent (ref and sink)
0:00:00.022049304  2477 0xf99370 TRACE   GST_REFCOUNTING gstobject.c:292:gst_object_ref_sink: 0xfb4450 ref_sink 1->2
0:00:00.022057568  2477 0xf99370 LOG   GST_REGISTRY gstregistry.c:607:gst_registry_add_feature: emitting feature-added for valve
0:00:00.022064551  2477 0xf99370 DEBUG   GST_REGISTRY gstregistrychunks.c:740:gst_registry_chunks_load_feature: Added feature valve, plugin 0xfbbce0 coreelements
0:00:00.022070421  2477 0xf99370 DEBUG   GST_REGISTRY gstregistrychunks.c:582:gst_registry_chunks_load_feature: Plugin 'coreelements' feature 'multiqueue' typename : 'GstElementFactory'
0:00:00.022077130  2477 0xf99370 TRACE   GST_REFCOUNTING gstobject.c:208:gst_object_init: 0xfb49b0 new
0:00:00.022084062  2477 0xf99370 LOG   GST_REGISTRY gstregistrychunks.c:609:gst_registry_chunks_load_feature: Reading/casting for GstRegistryChunkElementFactory at address 0xfb4ee0
0:00:00.022090076  2477 0xf99370 TRACE   structure gststructure.c:292:gst_structure_new_id_empty_with_size: created structure 0xfb6800
0:00:00.022095195  2477 0xf99370 DEBUG   structure gststructure.c:2258:gst_structure_parse_field: trying field name 'long-name'
0:00:00.022100355  2477 0xf99370 DEBUG   default gstvalue.c:2776:_priv_gst_value_parse_value: trying type name 'string'
0:00:00.022108467  2477 0xf99370 DEBUG   structure gststructure.c:2258:gst_structure_parse_field: trying field name 'klass'
0:00:00.022114404  2477 0xf99370 DEBUG   default gstvalue.c:2776:_priv_gst_value_parse_value: trying type name 'string'
0:00:00.022120035  2477 0xf99370 DEBUG   structure gststructure.c:2258:gst_structure_parse_field: trying field name 'description'
0:00:00.022124877  2477 0xf99370 DEBUG   default gstvalue.c:2776:_priv_gst_value_parse_value: trying type name 'string'
0:00:00.022130339  2477 0xf99370 DEBUG   structure gststructure.c:2258:gst_structure_parse_field: trying field name 'author'
0:00:00.022135017  2477 0xf99370 DEBUG   default gstvalue.c:2776:_priv_gst_value_parse_value: trying type name 'string'
0:00:00.022140774  2477 0xf99370 DEBUG   GST_REGISTRY gstregistrychunks.c:626:gst_registry_chunks_load_feature: Element factory : npadtemplates=2
0:00:00.022145587  2477 0xf99370 DEBUG   GST_REGISTRY gstregistrychunks.c:525:gst_registry_chunks_load_pad_template: Reading/casting for GstRegistryChunkPadTemplate at address 0xfb4fa0
0:00:00.022168990  2477 0xf99370 DEBUG   GST_REGISTRY gstregistrychunks.c:539:gst_registry_chunks_load_pad_template: Added pad_template src_%u
0:00:00.022175173  2477 0xf99370 DEBUG   GST_REGISTRY gstregistrychunks.c:525:gst_registry_chunks_load_pad_template: Reading/casting for GstRegistryChunkPadTemplate at address 0xfb4fb8
0:00:00.022180534  2477 0xf99370 DEBUG   GST_REGISTRY gstregistrychunks.c:539:gst_registry_chunks_load_pad_template: Added pad_template sink_%u
0:00:00.022188563  2477 0xf99370 DEBUG   GST_REGISTRY gstregistry.c:580:gst_registry_add_feature: replacing existing feature 0xfb6980 (multiqueue)
0:00:00.022194882  2477 0xf99370 DEBUG   GST_REGISTRY gstregistry.c:589:gst_registry_add_feature: adding feature 0xfb49b0 (multiqueue)
0:00:00.022200261  2477 0xf99370 TRACE   GST_REFCOUNTING gstobject.c:788:gst_object_unparent: unparent
0:00:00.022206813  2477 0xf99370 TRACE   GST_REFCOUNTING gstobject.c:264:gst_object_unref: 0xfb6980 unref 1->0
0:00:00.022215311  2477 0xf99370 TRACE   GST_REFCOUNTING gstobject.c:381:gst_object_dispose: 0xfb6980 dispose
0:00:00.022222398  2477 0xf99370 TRACE   structure gststructure.c:547:gst_structure_free: free structure 0xfb6a70
0:00:00.022228781  2477 0xf99370 TRACE   GST_REFCOUNTING gstminiobject.c:734:gst_mini_object_replace: replace (nil) (0) with (nil) (0)
0:00:00.022234972  2477 0xf99370 TRACE   GST_REFCOUNTING gstminiobject.c:734:gst_mini_object_replace: replace (nil) (0) with (nil) (0)
0:00:00.022241248  2477 0xf99370 DEBUG   GST_PLUGIN_LOADING gstpluginfeature.c:67:gst_plugin_feature_finalize: finalizing feature 0xfb6980: 'multiqueue'
0:00:00.022246796  2477 0xf99370 TRACE   GST_REFCOUNTING gstobject.c:423:gst_object_finalize: 0xfb6980 finalize
0:00:00.022252481  2477 0xf99370 DEBUG   GST_REFCOUNTING gstobject.c:708:gst_object_set_parent: set parent (ref and sink)
0:00:00.022258395  2477 0xf99370 TRACE   GST_REFCOUNTING gstobject.c:292:gst_object_ref_sink: 0xfb49b0 ref_sink 1->2
0:00:00.022266623  2477 0xf99370 LOG   GST_REGISTRY gstregistry.c:607:gst_registry_add_feature: emitting feature-added for multiqueue
0:00:00.022273840  2477 0xf99370 DEBUG   GST_REGISTRY gstregistrychunks.c:740:gst_registry_chunks_load_feature: Added feature multiqueue, plugin 0xfbbce0 coreelements
0:00:00.022279944  2477 0xf99370 DEBUG   GST_REGISTRY gstregistrychunks.c:582:gst_registry_chunks_load_feature: Plugin 'coreelements' feature 'typefind' typename : 'GstElementFactory'
0:00:00.022286997  2477 0xf99370 TRACE   GST_REFCOUNTING gstobject.c:208:gst_object_init: 0xfb6930 new
0:00:00.022293703  2477 0xf99370 LOG   GST_REGISTRY gstregistrychunks.c:609:gst_registry_chunks_load_feature: Reading/casting for GstRegistryChunkElementFactory at address 0xfb4fe8
0:00:00.022299312  2477 0xf99370 TRACE   structure gststructure.c:292:gst_structure_new_id_empty_with_size: created structure 0xfb6a20
0:00:00.022304265  2477 0xf99370 DEBUG   structure gststructure.c:2258:gst_structure_parse_field: trying field name 'long-name'
