0:00:00.014496183  2478 0x2387320 LOG   GST_POLL gstpoll.c:994:gst_poll_fd_ctl_write: 0x238f9c0: pfd->events now 60 (POLLOUT:4)
0:00:00.018770675  2477 0xf99370 LOG   GST_REGISTRY gstregistrychunks.c:609:gst_registry_chunks_load_feature: Reading/casting for GstRegistryChunkElementFactory at address 0xfb5948
0:00:00.014503438  2478 0x2387320 DEBUG   GST_POLL gstpoll.c:979:gst_poll_fd_ctl_write: 0x238f9c0: fd (fd:0, idx:1), active : 1
0:00:00.014510899  2478 0x2387320 LOG   GST_POLL gstpoll.c:994:gst_poll_fd_ctl_write: 0x238f9c0: pfd->events now 60 (POLLOUT:4)
0:00:00.018780922  2477 0xf99370 TRACE   structure gststructure.c:292:gst_structure_new_id_empty_with_size: created structure 0xfb8f80
0:00:00.014516360  2478 0x2387320 DEBUG   GST_POLL gstpoll.c:979:gst_poll_fd_ctl_write: 0x238f9c0: fd (fd:0, idx:1), active : 1
0:00:00.018788958  2477 0xf99370 DEBUG   structure gststructure.c:2258:gst_structure_parse_field: trying field name 'long-name'
0:00:00.014522523  2478 0x2387320 LOG   GST_POLL gstpoll.c:994:gst_poll_fd_ctl_write: 0x238f9c0: pfd->events now 60 (POLLOUT:4)
0:00:00.018796113  2477 0xf99370 DEBUG   default gstvalue.c:2776:_priv_gst_value_parse_value: trying type name 'string'
0:00:00.014532072  2478 0x2387320 DEBUG   GST_POLL gstpoll.c:979:gst_poll_fd_ctl_write: 0x238f9c0: fd (fd:0, idx:1), active : 1
0:00:00.018803040  2477 0xf99370 DEBUG   structure gststructure.c:2258:gst_structure_parse_field: trying field name 'klass'
0:00:00.014538972  2478 0x2387320 LOG   GST_POLL gstpoll.c:994:gst_poll_fd_ctl_write: 0x238f9c0: pfd->events now 60 (POLLOUT:4)
0:00:00.018813937  2477 0xf99370 DEBUG   default gstvalue.c:2776:_priv_gst_value_parse_value: trying type name 'string'
0:00:00.014548883  2478 0x2387320 DEBUG   GST_POLL gstpoll.c:979:gst_poll_fd_ctl_write: 0x238f9c0: fd (fd:0, idx:1), active : 1
0:00:00.018820349  2477 0xf99370 DEBUG   structure gststructure.c:2258:gst_structure_parse_field: trying field name 'description'
0:00:00.014555223  2478 0x2387320 LOG   GST_POLL gstpoll.c:994:gst_poll_fd_ctl_write: 0x238f9c0: pfd->events now 60 (POLLOUT:4)
0:00:00.018826389  2477 0xf99370 DEBUG   default gstvalue.c:2776:_priv_gst_value_parse_value: trying type name 'string'
0:00:00.014561465  2478 0x2387320 DEBUG   GST_POLL gstpoll.c:979:gst_poll_fd_ctl_write: 0x238f9c0: fd (fd:0, idx:1), active : 1
0:00:00.018832722  2477 0xf99370 DEBUG   structure gststructure.c:2258:gst_structure_parse_field: trying field name 'author'
0:00:00.014567531  2478 0x2387320 LOG   GST_POLL gstpoll.c:994:gst_poll_fd_ctl_write: 0x238f9c0: pfd->events now 60 (POLLOUT:4)
0:00:00.018838440  2477 0xf99370 DEBUG   default gstvalue.c:2776:_priv_gst_value_parse_value: trying type name 'string'
0:00:00.014573920  2478 0x2387320 DEBUG   GST_POLL gstpoll.c:979:gst_poll_fd_ctl_write: 0x238f9c0: fd (fd:0, idx:1), active : 1
0:00:00.018847447  2477 0xf99370 DEBUG   GST_REGISTRY gstregistrychunks.c:626:gst_registry_chunks_load_feature: Element factory : npadtemplates=2
0:00:00.014580018  2478 0x2387320 LOG   GST_POLL gstpoll.c:994:gst_poll_fd_ctl_write: 0x238f9c0: pfd->events now 60 (POLLOUT:4)
0:00:00.018854083  2477 0xf99370 DEBUG   GST_REGISTRY gstregistrychunks.c:525:gst_registry_chunks_load_pad_template: Reading/casting for GstRegistryChunkPadTemplate at address 0xfb5a20
0:00:00.014590496  2478 0x2387320 DEBUG   GST_POLL gstpoll.c:979:gst_poll_fd_ctl_write: 0x238f9c0: fd (fd:0, idx:1), active : 1
0:00:00.018860386  2477 0xf99370 DEBUG   GST_REGISTRY gstregistrychunks.c:539:gst_registry_chunks_load_pad_template: Added pad_template src
0:00:00.014597267  2478 0x2387320 LOG   GST_POLL gstpoll.c:994:gst_poll_fd_ctl_write: 0x238f9c0: pfd->events now 60 (POLLOUT:4)
0:00:00.018867550  2477 0xf99370 DEBUG   GST_REGISTRY gstregistrychunks.c:525:gst_registry_chunks_load_pad_template: Reading/casting for GstRegistryChunkPadTemplate at address 0xfb5a30
0:00:00.018874191  2477 0xf99370 DEBUG   GST_REGISTRY gstregistrychunks.c:539:gst_registry_chunks_load_pad_template: Added pad_template sink_%u
0:00:00.014603899  2478 0x2387320 DEBUG   GST_POLL gstpoll.c:979:gst_poll_fd_ctl_write: 0x238f9c0: fd (fd:0, idx:1), active : 1
0:00:00.018881264  2477 0xf99370 DEBUG   GST_REGISTRY gstregistry.c:589:gst_registry_add_feature: adding feature 0xfb8dc0 (funnel)
0:00:00.014616044  2478 0x2387320 LOG   GST_POLL gstpoll.c:994:gst_poll_fd_ctl_write: 0x238f9c0: pfd->events now 60 (POLLOUT:4)
0:00:00.018887336  2477 0xf99370 DEBUG   GST_REFCOUNTING gstobject.c:708:gst_object_set_parent: set parent (ref and sink)
0:00:00.014626763  2478 0x2387320 DEBUG   GST_POLL gstpoll.c:979:gst_poll_fd_ctl_write: 0x238f9c0: fd (fd:0, idx:1), active : 1
0:00:00.018898171  2477 0xf99370 TRACE   GST_REFCOUNTING gstobject.c:292:gst_object_ref_sink: 0xfb8dc0 ref_sink 1->2
0:00:00.014632816  2478 0x2387320 LOG   GST_POLL gstpoll.c:994:gst_poll_fd_ctl_write: 0x238f9c0: pfd->events now 60 (POLLOUT:4)
0:00:00.018907485  2477 0xf99370 LOG   GST_REGISTRY gstregistry.c:607:gst_registry_add_feature: emitting feature-added for funnel
0:00:00.014640179  2478 0x2387320 DEBUG   GST_POLL gstpoll.c:979:gst_poll_fd_ctl_write: 0x238f9c0: fd (fd:0, idx:1), active : 1
0:00:00.018915404  2477 0xf99370 DEBUG   GST_REGISTRY gstregistrychunks.c:740:gst_registry_chunks_load_feature: Added feature funnel, plugin 0xfb3210 coreelements
0:00:00.014650062  2478 0x2387320 LOG   GST_POLL gstpoll.c:994:gst_poll_fd_ctl_write: 0x238f9c0: pfd->events now 60 (POLLOUT:4)
0:00:00.018922627  2477 0xf99370 DEBUG   GST_REGISTRY gstregistrychunks.c:582:gst_registry_chunks_load_feature: Plugin 'coreelements' feature 'filesrc' typename : 'GstElementFactory'
0:00:00.014657219  2478 0x2387320 DEBUG   GST_POLL gstpoll.c:979:gst_poll_fd_ctl_write: 0x238f9c0: fd (fd:0, idx:1), active : 1
0:00:00.018930369  2477 0xf99370 TRACE   GST_REFCOUNTING gstobject.c:208:gst_object_init: 0xfb9260 new
0:00:00.014663419  2478 0x2387320 LOG   GST_POLL gstpoll.c:994:gst_poll_fd_ctl_write: 0x238f9c0: pfd->events now 60 (POLLOUT:4)
0:00:00.014671551  2478 0x2387320 DEBUG   GST_POLL gstpoll.c:979:gst_poll_fd_ctl_write: 0x238f9c0: fd (fd:0, idx:1), active : 1
0:00:00.018939410  2477 0xf99370 LOG   GST_REGISTRY gstregistrychunks.c:609:gst_registry_chunks_load_feature: Reading/casting for GstRegistryChunkElementFactory at address 0xfb5a60
0:00:00.014676693  2478 0x2387320 LOG   GST_POLL gstpoll.c:994:gst_poll_fd_ctl_write: 0x238f9c0: pfd->events now 60 (POLLOUT:4)
0:00:00.018947857  2477 0xf99370 TRACE   structure gststructure.c:292:gst_structure_new_id_empty_with_size: created structure 0xfb9420
0:00:00.014682673  2478 0x2387320 DEBUG   GST_POLL gstpoll.c:979:gst_poll_fd_ctl_write: 0x238f9c0: fd (fd:0, idx:1), active : 1
0:00:00.018953792  2477 0xf99370 DEBUG   structure gststructure.c:2258:gst_structure_parse_field: trying field name 'long-name'
0:00:00.014688627  2478 0x2387320 LOG   GST_POLL gstpoll.c:994:gst_poll_fd_ctl_write: 0x238f9c0: pfd->events now 60 (POLLOUT:4)
0:00:00.018959741  2477 0xf99370 DEBUG   default gstvalue.c:2776:_priv_gst_value_parse_value: trying type name 'string'
0:00:00.014694785  2478 0x2387320 DEBUG   GST_POLL gstpoll.c:979:gst_poll_fd_ctl_write: 0x238f9c0: fd (fd:0, idx:1), active : 1
0:00:00.018968066  2477 0xf99370 DEBUG   structure gststructure.c:2258:gst_structure_parse_field: trying field name 'klass'
0:00:00.014703056  2478 0x2387320 LOG   GST_POLL gstpoll.c:994:gst_poll_fd_ctl_write: 0x238f9c0: pfd->events now 60 (POLLOUT:4)
0:00:00.018975036  2477 0xf99370 DEBUG   default gstvalue.c:2776:_priv_gst_value_parse_value: trying type name 'string'
0:00:00.014714939  2478 0x2387320 DEBUG   GST_POLL gstpoll.c:979:gst_poll_fd_ctl_write: 0x238f9c0: fd (fd:0, idx:1), active : 1
0:00:00.018985466  2477 0xf99370 DEBUG   structure gststructure.c:2258:gst_structure_parse_field: trying field name 'description'
0:00:00.014721394  2478 0x2387320 LOG   GST_POLL gstpoll.c:994:gst_poll_fd_ctl_write: 0x238f9c0: pfd->events now 60 (POLLOUT:4)
0:00:00.018991658  2477 0xf99370 DEBUG   default gstvalue.c:2776:_priv_gst_value_parse_value: trying type name 'string'
0:00:00.014727815  2478 0x2387320 DEBUG   GST_POLL gstpoll.c:979:gst_poll_fd_ctl_write: 0x238f9c0: fd (fd:0, idx:1), active : 1
0:00:00.018998716  2477 0xf99370 DEBUG   structure gststructure.c:2258:gst_structure_parse_field: trying field name 'author'
0:00:00.014733712  2478 0x2387320 LOG   GST_POLL gstpoll.c:994:gst_poll_fd_ctl_write: 0x238f9c0: pfd->events now 60 (POLLOUT:4)
0:00:00.019004573  2477 0xf99370 DEBUG   default gstvalue.c:2776:_priv_gst_value_parse_value: trying type name 'string'
0:00:00.014740304  2478 0x2387320 DEBUG   GST_POLL gstpoll.c:979:gst_poll_fd_ctl_write: 0x238f9c0: fd (fd:0, idx:1), active : 1
0:00:00.019011517  2477 0xf99370 DEBUG   GST_REGISTRY gstregistrychunks.c:626:gst_registry_chunks_load_feature: Element factory : npadtemplates=1
0:00:00.014746388  2478 0x2387320 LOG   GST_POLL gstpoll.c:994:gst_poll_fd_ctl_write: 0x238f9c0: pfd->events now 60 (POLLOUT:4)
0:00:00.019017345  2477 0xf99370 DEBUG   GST_REGISTRY gstregistrychunks.c:525:gst_registry_chunks_load_pad_template: Reading/casting for GstRegistryChunkPadTemplate at address 0xfb5b40
0:00:00.014752831  2478 0x2387320 DEBUG   GST_POLL gstpoll.c:979:gst_poll_fd_ctl_write: 0x238f9c0: fd (fd:0, idx:1), active : 1
0:00:00.019025223  2477 0xf99370 DEBUG   GST_REGISTRY gstregistrychunks.c:539:gst_registry_chunks_load_pad_template: Added pad_template src
0:00:00.014760964  2478 0x2387320 LOG   GST_POLL gstpoll.c:994:gst_poll_fd_ctl_write: 0x238f9c0: pfd->events now 60 (POLLOUT:4)
0:00:00.019033265  2477 0xf99370 DEBUG   GST_REGISTRY gstregistrychunks.c:639:gst_registry_chunks_load_feature: Reading 1 UriTypes at address 0xfb5b50
0:00:00.014768197  2478 0x2387320 DEBUG   GST_POLL gstpoll.c:979:gst_poll_fd_ctl_write: 0x238f9c0: fd (fd:0, idx:1), active : 1
0:00:00.019040294  2477 0xf99370 DEBUG   GST_REGISTRY gstregistrychunks.c:654:gst_registry_chunks_load_feature: Reading 1 Interfaces at address 0xfb5b59
0:00:00.014774453  2478 0x2387320 LOG   GST_POLL gstpoll.c:994:gst_poll_fd_ctl_write: 0x238f9c0: pfd->events now 60 (POLLOUT:4)
0:00:00.019048214  2477 0xf99370 DEBUG   GST_REGISTRY gstregistry.c:589:gst_registry_add_feature: adding feature 0xfb9260 (filesrc)
0:00:00.014780863  2478 0x2387320 DEBUG   GST_POLL gstpoll.c:979:gst_poll_fd_ctl_write: 0x238f9c0: fd (fd:0, idx:1), active : 1
0:00:00.019054644  2477 0xf99370 DEBUG   GST_REFCOUNTING gstobject.c:708:gst_object_set_parent: set parent (ref and sink)
0:00:00.014792751  2478 0x2387320 LOG   GST_POLL gstpoll.c:994:gst_poll_fd_ctl_write: 0x238f9c0: pfd->events now 60 (POLLOUT:4)
0:00:00.019064246  2477 0xf99370 TRACE   GST_REFCOUNTING gstobject.c:292:gst_object_ref_sink: 0xfb9260 ref_sink 1->2
0:00:00.014799151  2478 0x2387320 DEBUG   GST_POLL gstpoll.c:979:gst_poll_fd_ctl_write: 0x238f9c0: fd (fd:0, idx:1), active : 1
0:00:00.019071485  2477 0xf99370 LOG   GST_REGISTRY gstregistry.c:607:gst_registry_add_feature: emitting feature-added for filesrc
0:00:00.014805382  2478 0x2387320 LOG   GST_POLL gstpoll.c:994:gst_poll_fd_ctl_write: 0x238f9c0: pfd->events now 60 (POLLOUT:4)
0:00:00.019078320  2477 0xf99370 DEBUG   GST_REGISTRY gstregistrychunks.c:740:gst_registry_chunks_load_feature: Added feature filesrc, plugin 0xfb3210 coreelements
0:00:00.014812076  2478 0x2387320 DEBUG   GST_POLL gstpoll.c:979:gst_poll_fd_ctl_write: 0x238f9c0: fd (fd:0, idx:1), active : 1
0:00:00.019087200  2477 0xf99370 DEBUG   GST_REGISTRY gstregistrychunks.c:582:gst_registry_chunks_load_feature: Plugin 'coreelements' feature 'fdsink' typename : 'GstElementFactory'
0:00:00.014821238  2478 0x2387320 LOG   GST_POLL gstpoll.c:994:gst_poll_fd_ctl_write: 0x238f9c0: pfd->events now 60 (POLLOUT:4)
0:00:00.019095739  2477 0xf99370 TRACE   GST_REFCOUNTING gstobject.c:208:gst_object_init: 0xfb9640 new
0:00:00.014828979  2478 0x2387320 DEBUG   GST_POLL gstpoll.c:979:gst_poll_fd_ctl_write: 0x238f9c0: fd (fd:0, idx:1), active : 1
0:00:00.019104213  2477 0xf99370 LOG   GST_REGISTRY gstregistrychunks.c:609:gst_registry_chunks_load_feature: Reading/casting for GstRegistryChunkElementFactory at address 0xfb5b80
0:00:00.014836751  2478 0x2387320 LOG   GST_POLL gstpoll.c:994:gst_poll_fd_ctl_write: 0x238f9c0: pfd->events now 60 (POLLOUT:4)
0:00:00.019111173  2477 0xf99370 TRACE   structure gststructure.c:292:gst_structure_new_id_empty_with_size: created structure 0xfb9730
0:00:00.014844758  2478 0x2387320 DEBUG   GST_POLL gstpoll.c:979:gst_poll_fd_ctl_write: 0x238f9c0: fd (fd:0, idx:1), active : 1
0:00:00.019117497  2477 0xf99370 DEBUG   structure gststructure.c:2258:gst_structure_parse_field: trying field name 'long-name'
0:00:00.014851514  2478 0x2387320 LOG   GST_POLL gstpoll.c:994:gst_poll_fd_ctl_write: 0x238f9c0: pfd->events now 60 (POLLOUT:4)
0:00:00.019123524  2477 0xf99370 DEBUG   default gstvalue.c:2776:_priv_gst_value_parse_value: trying type name 'string'
0:00:00.014857973  2478 0x2387320 DEBUG   GST_POLL gstpoll.c:979:gst_poll_fd_ctl_write: 0x238f9c0: fd (fd:0, idx:1), active : 1
0:00:00.019130472  2477 0xf99370 DEBUG   structure gststructure.c:2258:gst_structure_parse_field: trying field name 'klass'
0:00:00.014864271  2478 0x2387320 LOG   GST_POLL gstpoll.c:994:gst_poll_fd_ctl_write: 0x238f9c0: pfd->events now 60 (POLLOUT:4)
0:00:00.019136394  2477 0xf99370 DEBUG   default gstvalue.c:2776:_priv_gst_value_parse_value: trying type name 'string'
0:00:00.014875983  2478 0x2387320 DEBUG   GST_POLL gstpoll.c:979:gst_poll_fd_ctl_write: 0x238f9c0: fd (fd:0, idx:1), active : 1
0:00:00.019148692  2477 0xf99370 DEBUG   structure gststructure.c:2258:gst_structure_parse_field: trying field name 'description'
0:00:00.014896576  2478 0x2387320 LOG   GST_POLL gstpoll.c:994:gst_poll_fd_ctl_write: 0x238f9c0: pfd->events now 60 (POLLOUT:4)
0:00:00.019169259  2477 0xf99370 DEBUG   default gstvalue.c:2776:_priv_gst_value_parse_value: trying type name 'string'
0:00:00.014903964  2478 0x2387320 DEBUG   GST_POLL gstpoll.c:979:gst_poll_fd_ctl_write: 0x238f9c0: fd (fd:0, idx:1), active : 1
0:00:00.014911117  2478 0x2387320 LOG   GST_POLL gstpoll.c:994:gst_poll_fd_ctl_write: 0x238f9c0: pfd->events now 60 (POLLOUT:4)
0:00:00.019178974  2477 0xf99370 DEBUG   structure gststructure.c:2258:gst_structure_parse_field: trying field name 'author'
0:00:00.014916719  2478 0x2387320 DEBUG   GST_POLL gstpoll.c:979:gst_poll_fd_ctl_write: 0x238f9c0: fd (fd:0, idx:1), active : 1
0:00:00.019188677  2477 0xf99370 DEBUG   default gstvalue.c:2776:_priv_gst_value_parse_value: trying type name 'string'
0:00:00.014922703  2478 0x2387320 LOG   GST_POLL gstpoll.c:994:gst_poll_fd_ctl_write: 0x238f9c0: pfd->events now 60 (POLLOUT:4)
0:00:00.019197523  2477 0xf99370 DEBUG   GST_REGISTRY gstregistrychunks.c:626:gst_registry_chunks_load_feature: Element factory : npadtemplates=1
0:00:00.014930375  2478 0x2387320 DEBUG   GST_POLL gstpoll.c:979:gst_poll_fd_ctl_write: 0x238f9c0: fd (fd:0, idx:1), active : 1
0:00:00.019203585  2477 0xf99370 DEBUG   GST_REGISTRY gstregistrychunks.c:525:gst_registry_chunks_load_pad_template: Reading/casting for GstRegistryChunkPadTemplate at address 0xfb5c60
0:00:00.014937656  2478 0x2387320 LOG   GST_POLL gstpoll.c:994:gst_poll_fd_ctl_write: 0x238f9c0: pfd->events now 60 (POLLOUT:4)
0:00:00.019211449  2477 0xf99370 DEBUG   GST_REGISTRY gstregistrychunks.c:539:gst_registry_chunks_load_pad_template: Added pad_template sink
0:00:00.014946667  2478 0x2387320 DEBUG   GST_POLL gstpoll.c:979:gst_poll_fd_ctl_write: 0x238f9c0: fd (fd:0, idx:1), active : 1
0:00:00.019218875  2477 0xf99370 DEBUG   GST_REGISTRY gstregistrychunks.c:639:gst_registry_chunks_load_feature: Reading 1 UriTypes at address 0xfb5c71
0:00:00.014953373  2478 0x2387320 LOG   GST_POLL gstpoll.c:994:gst_poll_fd_ctl_write: 0x238f9c0: pfd->events now 60 (POLLOUT:4)
0:00:00.019225734  2477 0xf99370 DEBUG   GST_REGISTRY gstregistrychunks.c:654:gst_registry_chunks_load_feature: Reading 1 Interfaces at address 0xfb5c7f
0:00:00.014960015  2478 0x2387320 DEBUG   GST_POLL gstpoll.c:979:gst_poll_fd_ctl_write: 0x238f9c0: fd (fd:0, idx:1), active : 1
0:00:00.019233851  2477 0xf99370 DEBUG   GST_REGISTRY gstregistry.c:589:gst_registry_add_feature: adding feature 0xfb9640 (fdsink)
0:00:00.014966121  2478 0x2387320 LOG   GST_POLL gstpoll.c:994:gst_poll_fd_ctl_write: 0x238f9c0: pfd->events now 60 (POLLOUT:4)
0:00:00.019239864  2477 0xf99370 DEBUG   GST_REFCOUNTING gstobject.c:708:gst_object_set_parent: set parent (ref and sink)
0:00:00.014978537  2478 0x2387320 DEBUG   GST_POLL gstpoll.c:979:gst_poll_fd_ctl_write: 0x238f9c0: fd (fd:0, idx:1), active : 1
0:00:00.019249556  2477 0xf99370 TRACE   GST_REFCOUNTING gstobject.c:292:gst_object_ref_sink: 0xfb9640 ref_sink 1->2
0:00:00.014984600  2478 0x2387320 LOG   GST_POLL gstpoll.c:994:gst_poll_fd_ctl_write: 0x238f9c0: pfd->events now 60 (POLLOUT:4)
0:00:00.019256513  2477 0xf99370 LOG   GST_REGISTRY gstregistry.c:607:gst_registry_add_feature: emitting feature-added for fdsink
0:00:00.014990868  2478 0x2387320 DEBUG   GST_POLL gstpoll.c:979:gst_poll_fd_ctl_write: 0x238f9c0: fd (fd:0, idx:1), active : 1
0:00:00.019263074  2477 0xf99370 DEBUG   GST_REGISTRY gstregistrychunks.c:740:gst_registry_chunks_load_feature: Added feature fdsink, plugin 0xfb3210 coreelements
0:00:00.014997124  2478 0x2387320 LOG   GST_POLL gstpoll.c:994:gst_poll_fd_ctl_write: 0x238f9c0: pfd->events now 60 (POLLOUT:4)
0:00:00.019271941  2477 0xf99370 DEBUG   GST_REGISTRY gstregistrychunks.c:582:gst_registry_chunks_load_feature: Plugin 'coreelements' feature 'fdsrc' typename : 'GstElementFactory'
0:00:00.015006339  2478 0x2387320 DEBUG   GST_POLL gstpoll.c:979:gst_poll_fd_ctl_write: 0x238f9c0: fd (fd:0, idx:1), active : 1
0:00:00.015013217  2478 0x2387320 LOG   GST_POLL gstpoll.c:994:gst_poll_fd_ctl_write: 0x238f9c0: pfd->events now 60 (POLLOUT:4)
0:00:00.019281174  2477 0xf99370 TRACE   GST_REFCOUNTING gstobject.c:208:gst_object_init: 0xfb9550 new
0:00:00.015018984  2478 0x2387320 DEBUG   GST_POLL gstpoll.c:979:gst_poll_fd_ctl_write: 0x238f9c0: fd (fd:0, idx:1), active : 1
0:00:00.019290489  2477 0xf99370 LOG   GST_REGISTRY gstregistrychunks.c:609:gst_registry_chunks_load_feature: Reading/casting for GstRegistryChunkElementFactory at address 0xfb5ca8
0:00:00.015025068  2478 0x2387320 LOG   GST_POLL gstpoll.c:994:gst_poll_fd_ctl_write: 0x238f9c0: pfd->events now 60 (POLLOUT:4)
0:00:00.019297147  2477 0xf99370 TRACE   structure gststructure.c:292:gst_structure_new_id_empty_with_size: created structure 0xfb9c10
0:00:00.015031327  2478 0x2387320 DEBUG   GST_POLL gstpoll.c:979:gst_poll_fd_ctl_write: 0x238f9c0: fd (fd:0, idx:1), active : 1
0:00:00.019303103  2477 0xf99370 DEBUG   structure gststructure.c:2258:gst_structure_parse_field: trying field name 'long-name'
0:00:00.015037268  2478 0x2387320 LOG   GST_POLL gstpoll.c:994:gst_poll_fd_ctl_write: 0x238f9c0: pfd->events now 60 (POLLOUT:4)
0:00:00.019308889  2477 0xf99370 DEBUG   default gstvalue.c:2776:_priv_gst_value_parse_value: trying type name 'string'
0:00:00.015043590  2478 0x2387320 DEBUG   GST_POLL gstpoll.c:979:gst_poll_fd_ctl_write: 0x238f9c0: fd (fd:0, idx:1), active : 1
0:00:00.019315385  2477 0xf99370 DEBUG   structure gststructure.c:2258:gst_structure_parse_field: trying field name 'klass'
0:00:00.015049503  2478 0x2387320 LOG   GST_POLL gstpoll.c:994:gst_poll_fd_ctl_write: 0x238f9c0: pfd->events now 60 (POLLOUT:4)
0:00:00.019326006  2477 0xf99370 DEBUG   default gstvalue.c:2776:_priv_gst_value_parse_value: trying type name 'string'
0:00:00.015062725  2478 0x2387320 DEBUG   GST_POLL gstpoll.c:979:gst_poll_fd_ctl_write: 0x238f9c0: fd (fd:0, idx:1), active : 1
0:00:00.019334309  2477 0xf99370 DEBUG   structure gststructure.c:2258:gst_structure_parse_field: trying field name 'description'
0:00:00.015069612  2478 0x2387320 LOG   GST_POLL gstpoll.c:994:gst_poll_fd_ctl_write: 0x238f9c0: pfd->events now 60 (POLLOUT:4)
0:00:00.019341154  2477 0xf99370 DEBUG   default gstvalue.c:2776:_priv_gst_value_parse_value: trying type name 'string'
0:00:00.015076271  2478 0x2387320 DEBUG   GST_POLL gstpoll.c:979:gst_poll_fd_ctl_write: 0x238f9c0: fd (fd:0, idx:1), active : 1
0:00:00.019347879  2477 0xf99370 DEBUG   structure gststructure.c:2258:gst_structure_parse_field: trying field name 'author'
0:00:00.015082308  2478 0x2387320 LOG   GST_POLL gstpoll.c:994:gst_poll_fd_ctl_write: 0x238f9c0: pfd->events now 60 (POLLOUT:4)
0:00:00.019353956  2477 0xf99370 DEBUG   default gstvalue.c:2776:_priv_gst_value_parse_value: trying type name 'string'
0:00:00.015088871  2478 0x2387320 DEBUG   GST_POLL gstpoll.c:979:gst_poll_fd_ctl_write: 0x238f9c0: fd (fd:0, idx:1), active : 1
0:00:00.019360370  2477 0xf99370 DEBUG   GST_REGISTRY gstregistrychunks.c:626:gst_registry_chunks_load_feature: Element factory : npadtemplates=1
0:00:00.015094960  2478 0x2387320 LOG   GST_POLL gstpoll.c:994:gst_poll_fd_ctl_write: 0x238f9c0: pfd->events now 60 (POLLOUT:4)
0:00:00.019366058  2477 0xf99370 DEBUG   GST_REGISTRY gstregistrychunks.c:525:gst_registry_chunks_load_pad_template: Reading/casting for GstRegistryChunkPadTemplate at address 0xfb5d88
0:00:00.015101350  2478 0x2387320 DEBUG   GST_POLL gstpoll.c:979:gst_poll_fd_ctl_write: 0x238f9c0: fd (fd:0, idx:1), active : 1
0:00:00.019371930  2477 0xf99370 DEBUG   GST_REGISTRY gstregistrychunks.c:539:gst_registry_chunks_load_pad_template: Added pad_template src
0:00:00.015108836  2478 0x2387320 LOG   GST_POLL gstpoll.c:994:gst_poll_fd_ctl_write: 0x238f9c0: pfd->events now 60 (POLLOUT:4)
0:00:00.019379049  2477 0xf99370 DEBUG   GST_REGISTRY gstregistrychunks.c:639:gst_registry_chunks_load_feature: Reading 1 UriTypes at address 0xfb5d98
0:00:00.015118379  2478 0x2387320 DEBUG   GST_POLL gstpoll.c:979:gst_poll_fd_ctl_write: 0x238f9c0: fd (fd:0, idx:1), active : 1
0:00:00.019389935  2477 0xf99370 DEBUG   GST_REGISTRY gstregistrychunks.c:654:gst_registry_chunks_load_feature: Reading 1 Interfaces at address 0xfb5d9f
0:00:00.015125427  2478 0x2387320 LOG   GST_POLL gstpoll.c:994:gst_poll_fd_ctl_write: 0x238f9c0: pfd->events now 60 (POLLOUT:4)
0:00:00.019398774  2477 0xf99370 DEBUG   GST_REGISTRY gstregistry.c:589:gst_registry_add_feature: adding feature 0xfb9550 (fdsrc)
0:00:00.015131984  2478 0x2387320 DEBUG   GST_POLL gstpoll.c:979:gst_poll_fd_ctl_write: 0x238f9c0: fd (fd:0, idx:1), active : 1
0:00:00.019405186  2477 0xf99370 DEBUG   GST_REFCOUNTING gstobject.c:708:gst_object_set_parent: set parent (ref and sink)
0:00:00.015143450  2478 0x2387320 LOG   GST_POLL gstpoll.c:994:gst_poll_fd_ctl_write: 0x238f9c0: pfd->events now 60 (POLLOUT:4)
0:00:00.019414996  2477 0xf99370 TRACE   GST_REFCOUNTING gstobject.c:292:gst_object_ref_sink: 0xfb9550 ref_sink 1->2
0:00:00.015149826  2478 0x2387320 DEBUG   GST_POLL gstpoll.c:979:gst_poll_fd_ctl_write: 0x238f9c0: fd (fd:0, idx:1), active : 1
0:00:00.019421943  2477 0xf99370 LOG   GST_REGISTRY gstregistry.c:607:gst_registry_add_feature: emitting feature-added for fdsrc
0:00:00.015155986  2478 0x2387320 LOG   GST_POLL gstpoll.c:994:gst_poll_fd_ctl_write: 0x238f9c0: pfd->events now 60 (POLLOUT:4)
0:00:00.019428562  2477 0xf99370 DEBUG   GST_REGISTRY gstregistrychunks.c:740:gst_registry_chunks_load_feature: Added feature fdsrc, plugin 0xfb3210 coreelements
0:00:00.015162195  2478 0x2387320 DEBUG   GST_POLL gstpoll.c:979:gst_poll_fd_ctl_write: 0x238f9c0: fd (fd:0, idx:1), active : 1
0:00:00.015169045  2478 0x2387320 LOG   GST_POLL gstpoll.c:994:gst_poll_fd_ctl_write: 0x238f9c0: pfd->events now 60 (POLLOUT:4)
0:00:00.019440814  2477 0xf99370 DEBUG   GST_REGISTRY gstregistrychunks.c:582:gst_registry_chunks_load_feature: Plugin 'coreelements' feature 'fakesink' typename : 'GstElementFactory'
0:00:00.015177108  2478 0x2387320 DEBUG   GST_POLL gstpoll.c:979:gst_poll_fd_ctl_write: 0x238f9c0: fd (fd:0, idx:1), active : 1
0:00:00.019450948  2477 0xf99370 TRACE   GST_REFCOUNTING gstobject.c:208:gst_object_init: 0xfb9d40 new
0:00:00.015183831  2478 0x2387320 LOG   GST_POLL gstpoll.c:994:gst_poll_fd_ctl_write: 0x238f9c0: pfd->events now 60 (POLLOUT:4)
0:00:00.019460308  2477 0xf99370 LOG   GST_REGISTRY gstregistrychunks.c:609:gst_registry_chunks_load_feature: Reading/casting for GstRegistryChunkElementFactory at address 0xfb5dc8
0:00:00.015193093  2478 0x2387320 DEBUG   GST_POLL gstpoll.c:979:gst_poll_fd_ctl_write: 0x238f9c0: fd (fd:0, idx:1), active : 1
0:00:00.015200560  2478 0x2387320 LOG   GST_POLL gstpoll.c:994:gst_poll_fd_ctl_write: 0x238f9c0: pfd->events now 60 (POLLOUT:4)
0:00:00.019471125  2477 0xf99370 TRACE   structure gststructure.c:292:gst_structure_new_id_empty_with_size: created structure 0xfb9f50
0:00:00.015206014  2478 0x2387320 DEBUG   GST_POLL gstpoll.c:979:gst_poll_fd_ctl_write: 0x238f9c0: fd (fd:0, idx:1), active : 1
0:00:00.019477421  2477 0xf99370 DEBUG   structure gststructure.c:2258:gst_structure_parse_field: trying field name 'long-name'
0:00:00.015211938  2478 0x2387320 LOG   GST_POLL gstpoll.c:994:gst_poll_fd_ctl_write: 0x238f9c0: pfd->events now 60 (POLLOUT:4)
0:00:00.019483099  2477 0xf99370 DEBUG   default gstvalue.c:2776:_priv_gst_value_parse_value: trying type name 'string'
0:00:00.015218000  2478 0x2387320 DEBUG   GST_POLL gstpoll.c:979:gst_poll_fd_ctl_write: 0x238f9c0: fd (fd:0, idx:1), active : 1
0:00:00.019489729  2477 0xf99370 DEBUG   structure gststructure.c:2258:gst_structure_parse_field: trying field name 'klass'
0:00:00.015229994  2478 0x2387320 LOG   GST_POLL gstpoll.c:994:gst_poll_fd_ctl_write: 0x238f9c0: pfd->events now 60 (POLLOUT:4)
0:00:00.019500279  2477 0xf99370 DEBUG   default gstvalue.c:2776:_priv_gst_value_parse_value: trying type name 'string'
0:00:00.015238642  2478 0x2387320 DEBUG   GST_POLL gstpoll.c:979:gst_poll_fd_ctl_write: 0x238f9c0: fd (fd:0, idx:1), active : 1
0:00:00.019509676  2477 0xf99370 DEBUG   structure gststructure.c:2258:gst_structure_parse_field: trying field name 'description'
0:00:00.015245516  2478 0x2387320 LOG   GST_POLL gstpoll.c:994:gst_poll_fd_ctl_write: 0x238f9c0: pfd->events now 60 (POLLOUT:4)
0:00:00.019516607  2477 0xf99370 DEBUG   default gstvalue.c:2776:_priv_gst_value_parse_value: trying type name 'string'
0:00:00.015252114  2478 0x2387320 DEBUG   GST_POLL gstpoll.c:979:gst_poll_fd_ctl_write: 0x238f9c0: fd (fd:0, idx:1), active : 1
0:00:00.019523319  2477 0xf99370 DEBUG   structure gststructure.c:2258:gst_structure_parse_field: trying field name 'author'
0:00:00.015258402  2478 0x2387320 LOG   GST_POLL gstpoll.c:994:gst_poll_fd_ctl_write: 0x238f9c0: pfd->events now 60 (POLLOUT:4)
0:00:00.019529069  2477 0xf99370 DEBUG   default gstvalue.c:2776:_priv_gst_value_parse_value: trying type name 'string'
0:00:00.015264724  2478 0x2387320 DEBUG   GST_POLL gstpoll.c:979:gst_poll_fd_ctl_write: 0x238f9c0: fd (fd:0, idx:1), active : 1
0:00:00.019536528  2477 0xf99370 DEBUG   GST_REGISTRY gstregistrychunks.c:626:gst_registry_chunks_load_feature: Element factory : npadtemplates=1
0:00:00.015270646  2478 0x2387320 LOG   GST_POLL gstpoll.c:994:gst_poll_fd_ctl_write: 0x238f9c0: pfd->events now 60 (POLLOUT:4)
0:00:00.019542438  2477 0xf99370 DEBUG   GST_REGISTRY gstregistrychunks.c:525:gst_registry_chunks_load_pad_template: Reading/casting for GstRegistryChunkPadTemplate at address 0xfb5ef0
0:00:00.015277001  2478 0x2387320 DEBUG   GST_POLL gstpoll.c:979:gst_poll_fd_ctl_write: 0x238f9c0: fd (fd:0, idx:1), active : 1
0:00:00.019548413  2477 0xf99370 DEBUG   GST_REGISTRY gstregistrychunks.c:539:gst_registry_chunks_load_pad_template: Added pad_template sink
0:00:00.015282871  2478 0x2387320 LOG   GST_POLL gstpoll.c:994:gst_poll_fd_ctl_write: 0x238f9c0: pfd->events now 60 (POLLOUT:4)
0:00:00.019556079  2477 0xf99370 DEBUG   GST_REGISTRY gstregistry.c:589:gst_registry_add_feature: adding feature 0xfb9d40 (fakesink)
0:00:00.015291587  2478 0x2387320 DEBUG   GST_POLL gstpoll.c:979:gst_poll_fd_ctl_write: 0x238f9c0: fd (fd:0, idx:1), active : 1
0:00:00.019563922  2477 0xf99370 DEBUG   GST_REFCOUNTING gstobject.c:708:gst_object_set_parent: set parent (ref and sink)
0:00:00.015298464  2478 0x2387320 LOG   GST_POLL gstpoll.c:994:gst_poll_fd_ctl_write: 0x238f9c0: pfd->events now 60 (POLLOUT:4)
0:00:00.019572937  2477 0xf99370 TRACE   GST_REFCOUNTING gstobject.c:292:gst_object_ref_sink: 0xfb9d40 ref_sink 1->2
0:00:00.015305837  2478 0x2387320 DEBUG   GST_POLL gstpoll.c:979:gst_poll_fd_ctl_write: 0x238f9c0: fd (fd:0, idx:1), active : 1
0:00:00.019584943  2477 0xf99370 LOG   GST_REGISTRY gstregistry.c:607:gst_registry_add_feature: emitting feature-added for fakesink
0:00:00.015318501  2478 0x2387320 LOG   GST_POLL gstpoll.c:994:gst_poll_fd_ctl_write: 0x238f9c0: pfd->events now 60 (POLLOUT:4)
0:00:00.019592062  2477 0xf99370 DEBUG   GST_REGISTRY gstregistrychunks.c:740:gst_registry_chunks_load_feature: Added feature fakesink, plugin 0xfb3210 coreelements
0:00:00.015325254  2478 0x2387320 DEBUG   GST_POLL gstpoll.c:979:gst_poll_fd_ctl_write: 0x238f9c0: fd (fd:0, idx:1), active : 1
0:00:00.019598839  2477 0xf99370 DEBUG   GST_REGISTRY gstregistrychunks.c:582:gst_registry_chunks_load_feature: Plugin 'coreelements' feature 'fakesrc' typename : 'GstElementFactory'
0:00:00.015332273  2478 0x2387320 LOG   GST_POLL gstpoll.c:994:gst_poll_fd_ctl_write: 0x238f9c0: pfd->events now 60 (POLLOUT:4)
0:00:00.019606777  2477 0xf99370 TRACE   GST_REFCOUNTING gstobject.c:208:gst_object_init: 0xfb9970 new
0:00:00.015339285  2478 0x2387320 DEBUG   GST_POLL gstpoll.c:979:gst_poll_fd_ctl_write: 0x238f9c0: fd (fd:0, idx:1), active : 1
0:00:00.019614775  2477 0xf99370 LOG   GST_REGISTRY gstregistrychunks.c:609:gst_registry_chunks_load_feature: Reading/casting for GstRegistryChunkElementFactory at address 0xfb5f20
0:00:00.015347581  2478 0x2387320 LOG   GST_POLL gstpoll.c:994:gst_poll_fd_ctl_write: 0x238f9c0: pfd->events now 60 (POLLOUT:4)
0:00:00.019621678  2477 0xf99370 TRACE   structure gststructure.c:292:gst_structure_new_id_empty_with_size: created structure 0xfba3a0
0:00:00.015357480  2478 0x2387320 DEBUG   GST_POLL gstpoll.c:979:gst_poll_fd_ctl_write: 0x238f9c0: fd (fd:0, idx:1), active : 1
0:00:00.019629504  2477 0xf99370 DEBUG   structure gststructure.c:2258:gst_structure_parse_field: trying field name 'long-name'
0:00:00.015364187  2478 0x2387320 LOG   GST_POLL gstpoll.c:994:gst_poll_fd_ctl_write: 0x238f9c0: pfd->events now 60 (POLLOUT:4)
0:00:00.019636414  2477 0xf99370 DEBUG   default gstvalue.c:2776:_priv_gst_value_parse_value: trying type name 'string'
0:00:00.015370629  2478 0x2387320 DEBUG   GST_POLL gstpoll.c:979:gst_poll_fd_ctl_write: 0x238f9c0: fd (fd:0, idx:1), active : 1
0:00:00.019643048  2477 0xf99370 DEBUG   structure gststructure.c:2258:gst_structure_parse_field: trying field name 'klass'
0:00:00.015376691  2478 0x2387320 LOG   GST_POLL gstpoll.c:994:gst_poll_fd_ctl_write: 0x238f9c0: pfd->events now 60 (POLLOUT:4)
0:00:00.019648891  2477 0xf99370 DEBUG   default gstvalue.c:2776:_priv_gst_value_parse_value: trying type name 'string'
0:00:00.015383331  2478 0x2387320 DEBUG   GST_POLL gstpoll.c:979:gst_poll_fd_ctl_write: 0x238f9c0: fd (fd:0, idx:1), active : 1
0:00:00.019655074  2477 0xf99370 DEBUG   structure gststructure.c:2258:gst_structure_parse_field: trying field name 'description'
0:00:00.015389389  2478 0x2387320 LOG   GST_POLL gstpoll.c:994:gst_poll_fd_ctl_write: 0x238f9c0: pfd->events now 60 (POLLOUT:4)
0:00:00.019664829  2477 0xf99370 DEBUG   default gstvalue.c:2776:_priv_gst_value_parse_value: trying type name 'string'
0:00:00.015399644  2478 0x2387320 DEBUG   GST_POLL gstpoll.c:979:gst_poll_fd_ctl_write: 0x238f9c0: fd (fd:0, idx:1), active : 1
0:00:00.019671585  2477 0xf99370 DEBUG   structure gststructure.c:2258:gst_structure_parse_field: trying field name 'author'
0:00:00.015405522  2478 0x2387320 LOG   GST_POLL gstpoll.c:994:gst_poll_fd_ctl_write: 0x238f9c0: pfd->events now 60 (POLLOUT:4)
0:00:00.019677205  2477 0xf99370 DEBUG   default gstvalue.c:2776:_priv_gst_value_parse_value: trying type name 'string'
0:00:00.015413954  2478 0x2387320 DEBUG   GST_POLL gstpoll.c:979:gst_poll_fd_ctl_write: 0x238f9c0: fd (fd:0, idx:1), active : 1
0:00:00.019686333  2477 0xf99370 DEBUG   GST_REGISTRY gstregistrychunks.c:626:gst_registry_chunks_load_feature: Element factory : npadtemplates=1
0:00:00.015420726  2478 0x2387320 LOG   GST_POLL gstpoll.c:994:gst_poll_fd_ctl_write: 0x238f9c0: pfd->events now 60 (POLLOUT:4)
0:00:00.019693015  2477 0xf99370 DEBUG   GST_REGISTRY gstregistrychunks.c:525:gst_registry_chunks_load_pad_template: Reading/casting for GstRegistryChunkPadTemplate at address 0xfb6020
0:00:00.015427614  2478 0x2387320 DEBUG   GST_POLL gstpoll.c:979:gst_poll_fd_ctl_write: 0x238f9c0: fd (fd:0, idx:1), active : 1
0:00:00.019699511  2477 0xf99370 DEBUG   GST_REGISTRY gstregistrychunks.c:539:gst_registry_chunks_load_pad_template: Added pad_template src
0:00:00.015433789  2478 0x2387320 LOG   GST_POLL gstpoll.c:994:gst_poll_fd_ctl_write: 0x238f9c0: pfd->events now 60 (POLLOUT:4)
0:00:00.019707371  2477 0xf99370 DEBUG   GST_REGISTRY gstregistry.c:589:gst_registry_add_feature: adding feature 0xfb9970 (fakesrc)
0:00:00.015440376  2478 0x2387320 DEBUG   GST_POLL gstpoll.c:979:gst_poll_fd_ctl_write: 0x238f9c0: fd (fd:0, idx:1), active : 1
0:00:00.019713589  2477 0xf99370 DEBUG   GST_REFCOUNTING gstobject.c:708:gst_object_set_parent: set parent (ref and sink)
0:00:00.015447444  2478 0x2387320 LOG   GST_POLL gstpoll.c:994:gst_poll_fd_ctl_write: 0x238f9c0: pfd->events now 60 (POLLOUT:4)
0:00:00.019721169  2477 0xf99370 TRACE   GST_REFCOUNTING gstobject.c:292:gst_object_ref_sink: 0xfb9970 ref_sink 1->2
0:00:00.015454694  2478 0x2387320 DEBUG   GST_POLL gstpoll.c:979:gst_poll_fd_ctl_write: 0x238f9c0: fd (fd:0, idx:1), active : 1
0:00:00.019727974  2477 0xf99370 LOG   GST_REGISTRY gstregistry.c:607:gst_registry_add_feature: emitting feature-added for fakesrc
0:00:00.015461740  2478 0x2387320 LOG   GST_POLL gstpoll.c:994:gst_poll_fd_ctl_write: 0x238f9c0: pfd->events now 60 (POLLOUT:4)
0:00:00.019734914  2477 0xf99370 DEBUG   GST_REGISTRY gstregistrychunks.c:740:gst_registry_chunks_load_feature: Added feature fakesrc, plugin 0xfb3210 coreelements
0:00:00.015470316  2478 0x2387320 DEBUG   GST_POLL gstpoll.c:979:gst_poll_fd_ctl_write: 0x238f9c0: fd (fd:0, idx:1), active : 1
0:00:00.019743669  2477 0xf99370 DEBUG   GST_REGISTRY gstregistrychunks.c:582:gst_registry_chunks_load_feature: Plugin 'coreelements' feature 'downloadbuffer' typename : 'GstElementFactory'
0:00:00.015481355  2478 0x2387320 LOG   GST_POLL gstpoll.c:994:gst_poll_fd_ctl_write: 0x238f9c0: pfd->events now 60 (POLLOUT:4)
0:00:00.019753640  2477 0xf99370 TRACE   GST_REFCOUNTING gstobject.c:208:gst_object_init: 0xfba600 new
0:00:00.015488057  2478 0x2387320 DEBUG   GST_POLL gstpoll.c:979:gst_poll_fd_ctl_write: 0x238f9c0: fd (fd:0, idx:1), active : 1
0:00:00.019761842  2477 0xf99370 LOG   GST_REGISTRY gstregistrychunks.c:609:gst_registry_chunks_load_feature: Reading/casting for GstRegistryChunkElementFactory at address 0xfb6058
0:00:00.015494616  2478 0x2387320 LOG   GST_POLL gstpoll.c:994:gst_poll_fd_ctl_write: 0x238f9c0: pfd->events now 60 (POLLOUT:4)
0:00:00.019768470  2477 0xf99370 TRACE   structure gststructure.c:292:gst_structure_new_id_empty_with_size: created structure 0xfba7b0
0:00:00.015502584  2478 0x2387320 DEBUG   GST_POLL gstpoll.c:979:gst_poll_fd_ctl_write: 0x238f9c0: fd (fd:0, idx:1), active : 1
0:00:00.019774401  2477 0xf99370 DEBUG   structure gststructure.c:2258:gst_structure_parse_field: trying field name 'long-name'
0:00:00.015508621  2478 0x2387320 LOG   GST_POLL gstpoll.c:994:gst_poll_fd_ctl_write: 0x238f9c0: pfd->events now 60 (POLLOUT:4)
0:00:00.019780328  2477 0xf99370 DEBUG   default gstvalue.c:2776:_priv_gst_value_parse_value: trying type name 'string'
0:00:00.015514864  2478 0x2387320 DEBUG   GST_POLL gstpoll.c:979:gst_poll_fd_ctl_write: 0x238f9c0: fd (fd:0, idx:1), active : 1
0:00:00.019787137  2477 0xf99370 DEBUG   structure gststructure.c:2258:gst_structure_parse_field: trying field name 'klass'
0:00:00.015521016  2478 0x2387320 LOG   GST_POLL gstpoll.c:994:gst_poll_fd_ctl_write: 0x238f9c0: pfd->events now 60 (POLLOUT:4)
0:00:00.019794090  2477 0xf99370 DEBUG   default gstvalue.c:2776:_priv_gst_value_parse_value: trying type name 'string'
0:00:00.015530415  2478 0x2387320 DEBUG   GST_POLL gstpoll.c:979:gst_poll_fd_ctl_write: 0x238f9c0: fd (fd:0, idx:1), active : 1
0:00:00.019802842  2477 0xf99370 DEBUG   structure gststructure.c:2258:gst_structure_parse_field: trying field name 'description'
0:00:00.015537235  2478 0x2387320 LOG   GST_POLL gstpoll.c:994:gst_poll_fd_ctl_write: 0x238f9c0: pfd->events now 60 (POLLOUT:4)
0:00:00.019810249  2477 0xf99370 DEBUG   default gstvalue.c:2776:_priv_gst_value_parse_value: trying type name 'string'
0:00:00.015544388  2478 0x2387320 DEBUG   GST_POLL gstpoll.c:979:gst_poll_fd_ctl_write: 0x238f9c0: fd (fd:0, idx:1), active : 1
0:00:00.019816799  2477 0xf99370 DEBUG   structure gststructure.c:2258:gst_structure_parse_field: trying field name 'author'
0:00:00.015550395  2478 0x2387320 LOG   GST_POLL gstpoll.c:994:gst_poll_fd_ctl_write: 0x238f9c0: pfd->events now 60 (POLLOUT:4)
0:00:00.019822559  2477 0xf99370 DEBUG   default gstvalue.c:2776:_priv_gst_value_parse_value: trying type name 'string'
0:00:00.015561491  2478 0x2387320 DEBUG   GST_POLL gstpoll.c:979:gst_poll_fd_ctl_write: 0x238f9c0: fd (fd:0, idx:1), active : 1
0:00:00.019832320  2477 0xf99370 DEBUG   GST_REGISTRY gstregistrychunks.c:626:gst_registry_chunks_load_feature: Element factory : npadtemplates=2
0:00:00.015567864  2478 0x2387320 LOG   GST_POLL gstpoll.c:994:gst_poll_fd_ctl_write: 0x238f9c0: pfd->events now 60 (POLLOUT:4)
0:00:00.019838457  2477 0xf99370 DEBUG   GST_REGISTRY gstregistrychunks.c:525:gst_registry_chunks_load_pad_template: Reading/casting for GstRegistryChunkPadTemplate at address 0xfb6120
0:00:00.015574406  2478 0x2387320 DEBUG   GST_POLL gstpoll.c:979:gst_poll_fd_ctl_write: 0x238f9c0: fd (fd:0, idx:1), active : 1
0:00:00.019844429  2477 0xf99370 DEBUG   GST_REGISTRY gstregistrychunks.c:539:gst_registry_chunks_load_pad_template: Added pad_template sink
0:00:00.015580648  2478 0x2387320 LOG   GST_POLL gstpoll.c:994:gst_poll_fd_ctl_write: 0x238f9c0: pfd->events now 60 (POLLOUT:4)
0:00:00.019850865  2477 0xf99370 DEBUG   GST_REGISTRY gstregistrychunks.c:525:gst_registry_chunks_load_pad_template: Reading/casting for GstRegistryChunkPadTemplate at address 0xfb6138
0:00:00.015589384  2478 0x2387320 LOG   GST_PLUGIN_LOADING gstpluginloader.c:644:put_chunk: Expanding tx buf from 13209 to 17023 for chunk of size 229
0:00:00.019859518  2477 0xf99370 DEBUG   GST_REGISTRY gstregistrychunks.c:539:gst_registry_chunks_load_pad_template: Added pad_template src
0:00:00.015600791  2478 0x2387320 DEBUG   GST_POLL gstpoll.c:979:gst_poll_fd_ctl_write: 0x238f9c0: fd (fd:0, idx:1), active : 1
0:00:00.019869330  2477 0xf99370 DEBUG   GST_REGISTRY gstregistry.c:589:gst_registry_add_feature: adding feature 0xfba600 (downloadbuffer)
0:00:00.015612464  2478 0x2387320 LOG   GST_POLL gstpoll.c:994:gst_poll_fd_ctl_write: 0x238f9c0: pfd->events now 60 (POLLOUT:4)
0:00:00.019882896  2477 0xf99370 DEBUG   GST_REFCOUNTING gstobject.c:708:gst_object_set_parent: set parent (ref and sink)
0:00:00.015619330  2478 0x2387320 DEBUG   GST_POLL gstpoll.c:979:gst_poll_fd_ctl_write: 0x238f9c0: fd (fd:0, idx:1), active : 1
0:00:00.019890551  2477 0xf99370 TRACE   GST_REFCOUNTING gstobject.c:292:gst_object_ref_sink: 0xfba600 ref_sink 1->2
0:00:00.015625389  2478 0x2387320 LOG   GST_POLL gstpoll.c:994:gst_poll_fd_ctl_write: 0x238f9c0: pfd->events now 60 (POLLOUT:4)
0:00:00.019897254  2477 0xf99370 LOG   GST_REGISTRY gstregistry.c:607:gst_registry_add_feature: emitting feature-added for downloadbuffer
0:00:00.015631874  2478 0x2387320 DEBUG   GST_POLL gstpoll.c:979:gst_poll_fd_ctl_write: 0x238f9c0: fd (fd:0, idx:1), active : 1
0:00:00.019904434  2477 0xf99370 DEBUG   GST_REGISTRY gstregistrychunks.c:740:gst_registry_chunks_load_feature: Added feature downloadbuffer, plugin 0xfb3210 coreelements
0:00:00.015638108  2478 0x2387320 LOG   GST_POLL gstpoll.c:994:gst_poll_fd_ctl_write: 0x238f9c0: pfd->events now 60 (POLLOUT:4)
0:00:00.019911689  2477 0xf99370 DEBUG   GST_REGISTRY gstregistrychunks.c:582:gst_registry_chunks_load_feature: Plugin 'coreelements' feature 'dataurisrc' typename : 'GstElementFactory'
0:00:00.015651449  2478 0x2387320 DEBUG   GST_POLL gstpoll.c:979:gst_poll_fd_ctl_write: 0x238f9c0: fd (fd:0, idx:1), active : 1
0:00:00.019921828  2477 0xf99370 TRACE   GST_REFCOUNTING gstobject.c:208:gst_object_init: 0xfbab20 new
0:00:00.015658463  2478 0x2387320 LOG   GST_POLL gstpoll.c:994:gst_poll_fd_ctl_write: 0x238f9c0: pfd->events now 60 (POLLOUT:4)
0:00:00.019932256  2477 0xf99370 LOG   GST_REGISTRY gstregistrychunks.c:609:gst_registry_chunks_load_feature: Reading/casting for GstRegistryChunkElementFactory at address 0xfb6168
0:00:00.015664980  2478 0x2387320 DEBUG   GST_POLL gstpoll.c:979:gst_poll_fd_ctl_write: 0x238f9c0: fd (fd:0, idx:1), active : 1
0:00:00.019941722  2477 0xf99370 TRACE   structure gststructure.c:292:gst_structure_new_id_empty_with_size: created structure 0xfbad20
0:00:00.015674071  2478 0x2387320 LOG   GST_POLL gstpoll.c:994:gst_poll_fd_ctl_write: 0x238f9c0: pfd->events now 60 (POLLOUT:4)
0:00:00.019948522  2477 0xf99370 DEBUG   structure gststructure.c:2258:gst_structure_parse_field: trying field name 'long-name'
0:00:00.015682571  2478 0x2387320 DEBUG   GST_POLL gstpoll.c:979:gst_poll_fd_ctl_write: 0x238f9c0: fd (fd:0, idx:1), active : 1
0:00:00.019954641  2477 0xf99370 DEBUG   default gstvalue.c:2776:_priv_gst_value_parse_value: trying type name 'string'
0:00:00.015689404  2478 0x2387320 LOG   GST_POLL gstpoll.c:994:gst_poll_fd_ctl_write: 0x238f9c0: pfd->events now 60 (POLLOUT:4)
0:00:00.019961174  2477 0xf99370 DEBUG   structure gststructure.c:2258:gst_structure_parse_field: trying field name 'klass'
0:00:00.015695969  2478 0x2387320 DEBUG   GST_POLL gstpoll.c:979:gst_poll_fd_ctl_write: 0x238f9c0: fd (fd:0, idx:1), active : 1
0:00:00.019967020  2477 0xf99370 DEBUG   default gstvalue.c:2776:_priv_gst_value_parse_value: trying type name 'string'
0:00:00.015702083  2478 0x2387320 LOG   GST_POLL gstpoll.c:994:gst_poll_fd_ctl_write: 0x238f9c0: pfd->events now 60 (POLLOUT:4)
0:00:00.019973297  2477 0xf99370 DEBUG   structure gststructure.c:2258:gst_structure_parse_field: trying field name 'description'
0:00:00.019978878  2477 0xf99370 DEBUG   default gstvalue.c:2776:_priv_gst_value_parse_value: trying type name 'string'
0:00:00.015710645  2478 0x2387320 DEBUG   GST_POLL gstpoll.c:979:gst_poll_fd_ctl_write: 0x238f9c0: fd (fd:0, idx:1), active : 1
0:00:00.019987113  2477 0xf99370 DEBUG   structure gststructure.c:2258:gst_structure_parse_field: trying field name 'author'
0:00:00.015719808  2478 0x2387320 LOG   GST_POLL gstpoll.c:994:gst_poll_fd_ctl_write: 0x238f9c0: pfd->events now 60 (POLLOUT:4)
0:00:00.019994057  2477 0xf99370 DEBUG   default gstvalue.c:2776:_priv_gst_value_parse_value: trying type name 'string'
0:00:00.015728399  2478 0x2387320 DEBUG   GST_POLL gstpoll.c:979:gst_poll_fd_ctl_write: 0x238f9c0: fd (fd:0, idx:1), active : 1
0:00:00.020001775  2477 0xf99370 DEBUG   GST_REGISTRY gstregistrychunks.c:626:gst_registry_chunks_load_feature: Element factory : npadtemplates=1
0:00:00.015738751  2478 0x2387320 LOG   GST_POLL gstpoll.c:994:gst_poll_fd_ctl_write: 0x238f9c0: pfd->events now 60 (POLLOUT:4)
0:00:00.020009258  2477 0xf99370 DEBUG   GST_REGISTRY gstregistrychunks.c:525:gst_registry_chunks_load_pad_template: Reading/casting for GstRegistryChunkPadTemplate at address 0xfb6280
0:00:00.015745256  2478 0x2387320 DEBUG   GST_POLL gstpoll.c:979:gst_poll_fd_ctl_write: 0x238f9c0: fd (fd:0, idx:1), active : 1
0:00:00.020015273  2477 0xf99370 DEBUG   GST_REGISTRY gstregistrychunks.c:539:gst_registry_chunks_load_pad_template: Added pad_template src
0:00:00.015751478  2478 0x2387320 LOG   GST_POLL gstpoll.c:994:gst_poll_fd_ctl_write: 0x238f9c0: pfd->events now 60 (POLLOUT:4)
0:00:00.020025821  2477 0xf99370 DEBUG   GST_REGISTRY gstregistrychunks.c:639:gst_registry_chunks_load_feature: Reading 1 UriTypes at address 0xfb6290
0:00:00.015757848  2478 0x2387320 DEBUG   GST_POLL gstpoll.c:979:gst_poll_fd_ctl_write: 0x238f9c0: fd (fd:0, idx:1), active : 1
0:00:00.020033194  2477 0xf99370 DEBUG   GST_REGISTRY gstregistrychunks.c:654:gst_registry_chunks_load_feature: Reading 1 Interfaces at address 0xfb6299
0:00:00.015766309  2478 0x2387320 LOG   GST_POLL gstpoll.c:994:gst_poll_fd_ctl_write: 0x238f9c0: pfd->events now 60 (POLLOUT:4)
0:00:00.020043420  2477 0xf99370 DEBUG   GST_REGISTRY gstregistry.c:589:gst_registry_add_feature: adding feature 0xfbab20 (dataurisrc)
0:00:00.015776342  2478 0x2387320 DEBUG   GST_POLL gstpoll.c:979:gst_poll_fd_ctl_write: 0x238f9c0: fd (fd:0, idx:1), active : 1
0:00:00.020050425  2477 0xf99370 DEBUG   GST_REFCOUNTING gstobject.c:708:gst_object_set_parent: set parent (ref and sink)
0:00:00.015784521  2478 0x2387320 LOG   GST_POLL gstpoll.c:994:gst_poll_fd_ctl_write: 0x238f9c0: pfd->events now 60 (POLLOUT:4)
0:00:00.020058482  2477 0xf99370 TRACE   GST_REFCOUNTING gstobject.c:292:gst_object_ref_sink: 0xfbab20 ref_sink 1->2
0:00:00.015791916  2478 0x2387320 DEBUG   GST_POLL gstpoll.c:979:gst_poll_fd_ctl_write: 0x238f9c0: fd (fd:0, idx:1), active : 1
0:00:00.020065235  2477 0xf99370 LOG   GST_REGISTRY gstregistry.c:607:gst_registry_add_feature: emitting feature-added for dataurisrc
0:00:00.015798914  2478 0x2387320 LOG   GST_POLL gstpoll.c:994:gst_poll_fd_ctl_write: 0x238f9c0: pfd->events now 60 (POLLOUT:4)
0:00:00.020072000  2477 0xf99370 DEBUG   GST_REGISTRY gstregistrychunks.c:740:gst_registry_chunks_load_feature: Added feature dataurisrc, plugin 0xfb3210 coreelements
0:00:00.015805556  2478 0x2387320 DEBUG   GST_POLL gstpoll.c:979:gst_poll_fd_ctl_write: 0x238f9c0: fd (fd:0, idx:1), active : 1
0:00:00.020078298  2477 0xf99370 DEBUG   GST_REGISTRY gstregistrychunks.c:582:gst_registry_chunks_load_feature: Plugin 'coreelements' feature 'concat' typename : 'GstElementFactory'
0:00:00.015811832  2478 0x2387320 LOG   GST_POLL gstpoll.c:994:gst_poll_fd_ctl_write: 0x238f9c0: pfd->events now 60 (POLLOUT:4)
0:00:00.020086066  2477 0xf99370 TRACE   GST_REFCOUNTING gstobject.c:208:gst_object_init: 0xfba9b0 new
0:00:00.015822401  2478 0x2387320 DEBUG   GST_POLL gstpoll.c:979:gst_poll_fd_ctl_write: 0x238f9c0: fd (fd:0, idx:1), active : 1
0:00:00.020094073  2477 0xf99370 LOG   GST_REGISTRY gstregistrychunks.c:609:gst_registry_chunks_load_feature: Reading/casting for GstRegistryChunkElementFactory at address 0xfb62c0
0:00:00.015828432  2478 0x2387320 LOG   GST_POLL gstpoll.c:994:gst_poll_fd_ctl_write: 0x238f9c0: pfd->events now 60 (POLLOUT:4)
0:00:00.020102626  2477 0xf99370 TRACE   structure gststructure.c:292:gst_structure_new_id_empty_with_size: created structure 0xfbb150
0:00:00.015837608  2478 0x2387320 DEBUG   GST_POLL gstpoll.c:979:gst_poll_fd_ctl_write: 0x238f9c0: fd (fd:0, idx:1), active : 1
0:00:00.020109914  2477 0xf99370 DEBUG   structure gststructure.c:2258:gst_structure_parse_field: trying field name 'long-name'
0:00:00.015844448  2478 0x2387320 LOG   GST_POLL gstpoll.c:994:gst_poll_fd_ctl_write: 0x238f9c0: pfd->events now 60 (POLLOUT:4)
0:00:00.020116107  2477 0xf99370 DEBUG   default gstvalue.c:2776:_priv_gst_value_parse_value: trying type name 'string'
0:00:00.015851273  2478 0x2387320 DEBUG   GST_POLL gstpoll.c:979:gst_poll_fd_ctl_write: 0x238f9c0: fd (fd:0, idx:1), active : 1
0:00:00.020122537  2477 0xf99370 DEBUG   structure gststructure.c:2258:gst_structure_parse_field: trying field name 'klass'
0:00:00.015857215  2478 0x2387320 LOG   GST_POLL gstpoll.c:994:gst_poll_fd_ctl_write: 0x238f9c0: pfd->events now 60 (POLLOUT:4)
0:00:00.020128213  2477 0xf99370 DEBUG   default gstvalue.c:2776:_priv_gst_value_parse_value: trying type name 'string'
0:00:00.015863611  2478 0x2387320 DEBUG   GST_POLL gstpoll.c:979:gst_poll_fd_ctl_write: 0x238f9c0: fd (fd:0, idx:1), active : 1
0:00:00.020134439  2477 0xf99370 DEBUG   structure gststructure.c:2258:gst_structure_parse_field: trying field name 'description'
0:00:00.015869585  2478 0x2387320 LOG   GST_POLL gstpoll.c:994:gst_poll_fd_ctl_write: 0x238f9c0: pfd->events now 60 (POLLOUT:4)
0:00:00.020140162  2477 0xf99370 DEBUG   default gstvalue.c:2776:_priv_gst_value_parse_value: trying type name 'string'
0:00:00.015875869  2478 0x2387320 DEBUG   GST_POLL gstpoll.c:979:gst_poll_fd_ctl_write: 0x238f9c0: fd (fd:0, idx:1), active : 1
0:00:00.020146380  2477 0xf99370 DEBUG   structure gststructure.c:2258:gst_structure_parse_field: trying field name 'author'
0:00:00.015894272  2478 0x2387320 LOG   GST_POLL gstpoll.c:994:gst_poll_fd_ctl_write: 0x238f9c0: pfd->events now 60 (POLLOUT:4)
0:00:00.020166400  2477 0xf99370 DEBUG   default gstvalue.c:2776:_priv_gst_value_parse_value: trying type name 'string'
0:00:00.015903511  2478 0x2387320 DEBUG   GST_POLL gstpoll.c:979:gst_poll_fd_ctl_write: 0x238f9c0: fd (fd:0, idx:1), active : 1
0:00:00.015909793  2478 0x2387320 LOG   GST_POLL gstpoll.c:994:gst_poll_fd_ctl_write: 0x238f9c0: pfd->events now 60 (POLLOUT:4)
0:00:00.020177802  2477 0xf99370 DEBUG   GST_REGISTRY gstregistrychunks.c:626:gst_registry_chunks_load_feature: Element factory : npadtemplates=2
0:00:00.015919641  2478 0x2387320 DEBUG   GST_POLL gstpoll.c:979:gst_poll_fd_ctl_write: 0x238f9c0: fd (fd:0, idx:1), active : 1
0:00:00.020191590  2477 0xf99370 DEBUG   GST_REGISTRY gstregistrychunks.c:525:gst_registry_chunks_load_pad_template: Reading/casting for GstRegistryChunkPadTemplate at address 0xfb6398
0:00:00.015925861  2478 0x2387320 LOG   GST_POLL gstpoll.c:994:gst_poll_fd_ctl_write: 0x238f9c0: pfd->events now 60 (POLLOUT:4)
0:00:00.020200879  2477 0xf99370 DEBUG   GST_REGISTRY gstregistrychunks.c:539:gst_registry_chunks_load_pad_template: Added pad_template src
0:00:00.015934398  2478 0x2387320 DEBUG   GST_POLL gstpoll.c:979:gst_poll_fd_ctl_write: 0x238f9c0: fd (fd:0, idx:1), active : 1
