0:00:00.006408235  2477 0xf99370 LOG   GST_REGISTRY gstregistry.c:1299:gst_registry_scan_path_level: file /home/conan/w/prod/BuildSingleReference/.conan/data/gstreamer/1.19.1/_/_/package/0387548ec0d21c08cb6b492d670dcb344087cb15/lib/gstreamer-1.0/libgstcoretracers.so looks like a possible module
0:00:00.002141482  2478 0x2387320 TRACE   GST_REFCOUNTING gstobject.c:208:gst_object_init: 0x23a0e90 new
0:00:00.006416750  2477 0xf99370 DEBUG   GST_REGISTRY gstregistry.c:1360:gst_registry_scan_path_level: file /home/conan/w/prod/BuildSingleReference/.conan/data/gstreamer/1.19.1/_/_/package/0387548ec0d21c08cb6b492d670dcb344087cb15/lib/gstreamer-1.0/libgstcoretracers.so not yet in registry
0:00:00.006423576  2477 0xf99370 DEBUG   GST_REGISTRY gstregistry.c:1172:gst_registry_scan_plugin_file: Using scan-helper to load plugin /home/conan/w/prod/BuildSingleReference/.conan/data/gstreamer/1.19.1/_/_/package/0387548ec0d21c08cb6b492d670dcb344087cb15/lib/gstreamer-1.0/libgstcoretracers.so
0:00:00.006430107  2477 0xf99370 LOG   GST_PLUGIN_LOADING gstpluginloader.c:235:plugin_loader_load: Sending file /home/conan/w/prod/BuildSingleReference/.conan/data/gstreamer/1.19.1/_/_/package/0387548ec0d21c08cb6b492d670dcb344087cb15/lib/gstreamer-1.0/libgstcoretracers.so to child. tag 2
0:00:00.002165679  2478 0x2387320 LOG   GST_PLUGIN_LOADING gstplugin.c:889:_priv_gst_plugin_load_file_for_registry: Plugin 0x23a0e90 for file "/home/conan/w/prod/BuildSingleReference/.conan/data/gstreamer/1.19.1/_/_/package/0387548ec0d21c08cb6b492d670dcb344087cb15/lib/gstreamer-1.0/libgstcoretracers.so" prepared, calling entry function...
0:00:00.006448785  2477 0xf99370 DEBUG   GST_POLL gstpoll.c:979:gst_poll_fd_ctl_write: 0xfb2ce0: fd (fd:7, idx:1), active : 1
0:00:00.002183322  2478 0x2387320 LOG   GST_PLUGIN_LOADING gstplugin.c:896:_priv_gst_plugin_load_file_for_registry: Plugin 0x23a0e90 for file "/home/conan/w/prod/BuildSingleReference/.conan/data/gstreamer/1.19.1/_/_/package/0387548ec0d21c08cb6b492d670dcb344087cb15/lib/gstreamer-1.0/libgstcoretracers.so" prepared, registering...
0:00:00.006456093  2477 0xf99370 LOG   GST_POLL gstpoll.c:994:gst_poll_fd_ctl_write: 0xfb2ce0: pfd->events now 60 (POLLOUT:4)
0:00:00.002192580  2478 0x2387320 LOG   GST_PLUGIN_LOADING gstplugin.c:514:gst_plugin_register_func: plugin "/home/conan/w/prod/BuildSingleReference/.conan/data/gstreamer/1.19.1/_/_/package/0387548ec0d21c08cb6b492d670dcb344087cb15/lib/gstreamer-1.0/libgstcoretracers.so" looks good
0:00:00.006462925  2477 0xf99370 DEBUG   GST_POLL gstpoll.c:1414:gst_poll_wait: 0xfb2ce0: timeout :0:00:01.000000000
0:00:00.006472036  2477 0xf99370 LOG   GST_PLUGIN_LOADING gstpluginloader.c:1026:exchange_packets: Poll res = 1. 173 bytes pending for write
0:00:00.006477822  2477 0xf99370 DEBUG   GST_POLL gstpoll.c:1241:gst_poll_fd_has_error: 0xfb2ce0: fd (fd:8, idx:2) 0
0:00:00.006482964  2477 0xf99370 DEBUG   GST_POLL gstpoll.c:1266:gst_poll_fd_can_read_unlocked: 0xfb2ce0: fd (fd:8, idx:2) 0
0:00:00.002214022  2478 0x2387320 TRACE   GST_REFCOUNTING gstobject.c:208:gst_object_init: 0x23a1250 new
0:00:00.006488191  2477 0xf99370 DEBUG   GST_POLL gstpoll.c:1195:gst_poll_fd_has_closed: 0xfb2ce0: fd (fd:8, idx:2) 0
0:00:00.002225529  2478 0x2387320 DEBUG   GST_TRACER gsttracer.c:169:gst_tracer_register: new tracer factory for latency
0:00:00.006496601  2477 0xf99370 DEBUG   GST_POLL gstpoll.c:1241:gst_poll_fd_has_error: 0xfb2ce0: fd (fd:7, idx:1) 0
0:00:00.006503370  2477 0xf99370 DEBUG   GST_POLL gstpoll.c:1335:gst_poll_fd_can_write: 0xfb2ce0: fd (fd:7, idx:1) 1
0:00:00.002234598  2478 0x2387320 DEBUG   GST_TRACER gsttracer.c:176:gst_tracer_register: tracer factory for 37349248:GstLatencyTracer
0:00:00.006508797  2477 0xf99370 LOG   GST_PLUGIN_LOADING gstpluginloader.c:689:write_one: Writing packet of size 173 bytes to fd 7
0:00:00.002244348  2478 0x2387320 DEBUG   GST_REGISTRY gstregistry.c:589:gst_registry_add_feature: adding feature 0x23a1250 (latency)
0:00:00.006516971  2477 0xf99370 DEBUG   GST_POLL gstpoll.c:979:gst_poll_fd_ctl_write: 0xfb2ce0: fd (fd:7, idx:1), active : 0
0:00:00.002252692  2478 0x2387320 DEBUG   GST_REFCOUNTING gstobject.c:708:gst_object_set_parent: set parent (ref and sink)
0:00:00.006522894  2477 0xf99370 LOG   GST_POLL gstpoll.c:994:gst_poll_fd_ctl_write: 0xfb2ce0: pfd->events now 56 (POLLOUT:4)
0:00:00.002261855  2478 0x2387320 TRACE   GST_REFCOUNTING gstobject.c:292:gst_object_ref_sink: 0x23a1250 ref_sink 1->2
0:00:00.002269283  2478 0x2387320 LOG   GST_REGISTRY gstregistry.c:607:gst_registry_add_feature: emitting feature-added for latency
0:00:00.006538749  2477 0xf99370 LOG   GST_REGISTRY gstregistry.c:1299:gst_registry_scan_path_level: file /home/conan/w/prod/BuildSingleReference/.conan/data/gstreamer/1.19.1/_/_/package/0387548ec0d21c08cb6b492d670dcb344087cb15/lib/gstreamer-1.0/libgstcoreelements.so looks like a possible module
0:00:00.006552173  2477 0xf99370 DEBUG   GST_REGISTRY gstregistry.c:1360:gst_registry_scan_path_level: file /home/conan/w/prod/BuildSingleReference/.conan/data/gstreamer/1.19.1/_/_/package/0387548ec0d21c08cb6b492d670dcb344087cb15/lib/gstreamer-1.0/libgstcoreelements.so not yet in registry
0:00:00.002287784  2478 0x2387320 TRACE   GST_REFCOUNTING gstobject.c:208:gst_object_init: 0x23a1740 new
0:00:00.006559113  2477 0xf99370 DEBUG   GST_REGISTRY gstregistry.c:1172:gst_registry_scan_plugin_file: Using scan-helper to load plugin /home/conan/w/prod/BuildSingleReference/.conan/data/gstreamer/1.19.1/_/_/package/0387548ec0d21c08cb6b492d670dcb344087cb15/lib/gstreamer-1.0/libgstcoreelements.so
0:00:00.002297366  2478 0x2387320 DEBUG   GST_TRACER gsttracer.c:169:gst_tracer_register: new tracer factory for log
0:00:00.006566425  2477 0xf99370 LOG   GST_PLUGIN_LOADING gstpluginloader.c:235:plugin_loader_load: Sending file /home/conan/w/prod/BuildSingleReference/.conan/data/gstreamer/1.19.1/_/_/package/0387548ec0d21c08cb6b492d670dcb344087cb15/lib/gstreamer-1.0/libgstcoreelements.so to child. tag 3
0:00:00.002305932  2478 0x2387320 DEBUG   GST_TRACER gsttracer.c:176:gst_tracer_register: tracer factory for 37361056:GstLogTracer
0:00:00.006575313  2477 0xf99370 DEBUG   GST_POLL gstpoll.c:979:gst_poll_fd_ctl_write: 0xfb2ce0: fd (fd:7, idx:1), active : 1
0:00:00.002313965  2478 0x2387320 DEBUG   GST_REGISTRY gstregistry.c:589:gst_registry_add_feature: adding feature 0x23a1740 (log)
0:00:00.006583188  2477 0xf99370 LOG   GST_POLL gstpoll.c:994:gst_poll_fd_ctl_write: 0xfb2ce0: pfd->events now 60 (POLLOUT:4)
0:00:00.002322111  2478 0x2387320 DEBUG   GST_REFCOUNTING gstobject.c:708:gst_object_set_parent: set parent (ref and sink)
0:00:00.006592253  2477 0xf99370 DEBUG   GST_POLL gstpoll.c:1414:gst_poll_wait: 0xfb2ce0: timeout :0:00:01.000000000
0:00:00.002331159  2478 0x2387320 TRACE   GST_REFCOUNTING gstobject.c:292:gst_object_ref_sink: 0x23a1740 ref_sink 1->2
0:00:00.006602157  2477 0xf99370 LOG   GST_PLUGIN_LOADING gstpluginloader.c:1026:exchange_packets: Poll res = 1. 174 bytes pending for write
0:00:00.002338647  2478 0x2387320 LOG   GST_REGISTRY gstregistry.c:607:gst_registry_add_feature: emitting feature-added for log
0:00:00.006610831  2477 0xf99370 DEBUG   GST_POLL gstpoll.c:1241:gst_poll_fd_has_error: 0xfb2ce0: fd (fd:8, idx:2) 0
0:00:00.006617705  2477 0xf99370 DEBUG   GST_POLL gstpoll.c:1266:gst_poll_fd_can_read_unlocked: 0xfb2ce0: fd (fd:8, idx:2) 0
0:00:00.002350357  2478 0x2387320 TRACE   GST_REFCOUNTING gstobject.c:208:gst_object_init: 0x23a1950 new
0:00:00.006623100  2477 0xf99370 DEBUG   GST_POLL gstpoll.c:1195:gst_poll_fd_has_closed: 0xfb2ce0: fd (fd:8, idx:2) 0
0:00:00.002358992  2478 0x2387320 DEBUG   GST_TRACER gsttracer.c:169:gst_tracer_register: new tracer factory for rusage
0:00:00.006634436  2477 0xf99370 DEBUG   GST_POLL gstpoll.c:1241:gst_poll_fd_has_error: 0xfb2ce0: fd (fd:7, idx:1) 0
0:00:00.002370084  2478 0x2387320 DEBUG   GST_TRACER gsttracer.c:176:gst_tracer_register: tracer factory for 37361664:GstRUsageTracer
0:00:00.006640481  2477 0xf99370 DEBUG   GST_POLL gstpoll.c:1335:gst_poll_fd_can_write: 0xfb2ce0: fd (fd:7, idx:1) 1
0:00:00.002377947  2478 0x2387320 DEBUG   GST_REGISTRY gstregistry.c:589:gst_registry_add_feature: adding feature 0x23a1950 (rusage)
0:00:00.006647060  2477 0xf99370 LOG   GST_PLUGIN_LOADING gstpluginloader.c:689:write_one: Writing packet of size 174 bytes to fd 7
0:00:00.002386054  2478 0x2387320 DEBUG   GST_REFCOUNTING gstobject.c:708:gst_object_set_parent: set parent (ref and sink)
0:00:00.006657254  2477 0xf99370 DEBUG   GST_POLL gstpoll.c:979:gst_poll_fd_ctl_write: 0xfb2ce0: fd (fd:7, idx:1), active : 0
0:00:00.002395047  2478 0x2387320 TRACE   GST_REFCOUNTING gstobject.c:292:gst_object_ref_sink: 0x23a1950 ref_sink 1->2
0:00:00.006666268  2477 0xf99370 LOG   GST_POLL gstpoll.c:994:gst_poll_fd_ctl_write: 0xfb2ce0: pfd->events now 56 (POLLOUT:4)
0:00:00.002402198  2478 0x2387320 LOG   GST_REGISTRY gstregistry.c:607:gst_registry_add_feature: emitting feature-added for rusage
0:00:00.006678905  2477 0xf99370 DEBUG   GST_REGISTRY gstregistry.c:1383:gst_registry_scan_path_internal: registry changed in path /home/conan/w/prod/BuildSingleReference/.conan/data/gstreamer/1.19.1/_/_/package/0387548ec0d21c08cb6b492d670dcb344087cb15/lib/gstreamer-1.0: 0
0:00:00.002414443  2478 0x2387320 TRACE   GST_REFCOUNTING gstobject.c:208:gst_object_init: 0x23a1c20 new
0:00:00.006690071  2477 0xf99370 DEBUG   GST_POLL gstpoll.c:979:gst_poll_fd_ctl_write: 0xfb2ce0: fd (fd:7, idx:1), active : 1
0:00:00.002423711  2478 0x2387320 DEBUG   GST_TRACER gsttracer.c:169:gst_tracer_register: new tracer factory for stats
0:00:00.006696407  2477 0xf99370 LOG   GST_POLL gstpoll.c:994:gst_poll_fd_ctl_write: 0xfb2ce0: pfd->events now 60 (POLLOUT:4)
0:00:00.002431527  2478 0x2387320 DEBUG   GST_TRACER gsttracer.c:176:gst_tracer_register: tracer factory for 37362272:GstStatsTracer
0:00:00.006703270  2477 0xf99370 DEBUG   GST_POLL gstpoll.c:1414:gst_poll_wait: 0xfb2ce0: timeout :0:00:01.000000000
0:00:00.002439375  2478 0x2387320 DEBUG   GST_REGISTRY gstregistry.c:589:gst_registry_add_feature: adding feature 0x23a1c20 (stats)
0:00:00.006713477  2477 0xf99370 LOG   GST_PLUGIN_LOADING gstpluginloader.c:1026:exchange_packets: Poll res = 1. 12 bytes pending for write
0:00:00.002447904  2478 0x2387320 DEBUG   GST_REFCOUNTING gstobject.c:708:gst_object_set_parent: set parent (ref and sink)
0:00:00.006721176  2477 0xf99370 DEBUG   GST_POLL gstpoll.c:1241:gst_poll_fd_has_error: 0xfb2ce0: fd (fd:8, idx:2) 0
0:00:00.002456794  2478 0x2387320 TRACE   GST_REFCOUNTING gstobject.c:292:gst_object_ref_sink: 0x23a1c20 ref_sink 1->2
0:00:00.006732421  2477 0xf99370 DEBUG   GST_POLL gstpoll.c:1266:gst_poll_fd_can_read_unlocked: 0xfb2ce0: fd (fd:8, idx:2) 0
0:00:00.002467061  2478 0x2387320 LOG   GST_REGISTRY gstregistry.c:607:gst_registry_add_feature: emitting feature-added for stats
0:00:00.006738542  2477 0xf99370 DEBUG   GST_POLL gstpoll.c:1195:gst_poll_fd_has_closed: 0xfb2ce0: fd (fd:8, idx:2) 0
0:00:00.006744485  2477 0xf99370 DEBUG   GST_POLL gstpoll.c:1241:gst_poll_fd_has_error: 0xfb2ce0: fd (fd:7, idx:1) 0
0:00:00.006749542  2477 0xf99370 DEBUG   GST_POLL gstpoll.c:1335:gst_poll_fd_can_write: 0xfb2ce0: fd (fd:7, idx:1) 1
0:00:00.002482227  2478 0x2387320 TRACE   GST_REFCOUNTING gstobject.c:208:gst_object_init: 0x23a1e70 new
0:00:00.006754346  2477 0xf99370 LOG   GST_PLUGIN_LOADING gstpluginloader.c:689:write_one: Writing packet of size 12 bytes to fd 7
0:00:00.002491075  2478 0x2387320 DEBUG   GST_TRACER gsttracer.c:169:gst_tracer_register: new tracer factory for leaks
0:00:00.006764493  2477 0xf99370 DEBUG   GST_POLL gstpoll.c:979:gst_poll_fd_ctl_write: 0xfb2ce0: fd (fd:7, idx:1), active : 0
0:00:00.002499159  2478 0x2387320 DEBUG   GST_TRACER gsttracer.c:176:gst_tracer_register: tracer factory for 37362944:GstLeaksTracer
0:00:00.006771864  2477 0xf99370 LOG   GST_POLL gstpoll.c:994:gst_poll_fd_ctl_write: 0xfb2ce0: pfd->events now 56 (POLLOUT:4)
0:00:00.002508913  2478 0x2387320 DEBUG   GST_REGISTRY gstregistry.c:589:gst_registry_add_feature: adding feature 0x23a1e70 (leaks)
0:00:00.006778941  2477 0xf99370 DEBUG   GST_POLL gstpoll.c:1414:gst_poll_wait: 0xfb2ce0: timeout :0:00:01.000000000
0:00:00.002516082  2478 0x2387320 DEBUG   GST_REFCOUNTING gstobject.c:708:gst_object_set_parent: set parent (ref and sink)
0:00:00.002523783  2478 0x2387320 TRACE   GST_REFCOUNTING gstobject.c:292:gst_object_ref_sink: 0x23a1e70 ref_sink 1->2
0:00:00.002530149  2478 0x2387320 LOG   GST_REGISTRY gstregistry.c:607:gst_registry_add_feature: emitting feature-added for leaks
0:00:00.002536337  2478 0x2387320 LOG   GST_PLUGIN_LOADING gstplugin.c:541:gst_plugin_register_func: plugin "/home/conan/w/prod/BuildSingleReference/.conan/data/gstreamer/1.19.1/_/_/package/0387548ec0d21c08cb6b492d670dcb344087cb15/lib/gstreamer-1.0/libgstcoretracers.so" initialised
0:00:00.002544006  2478 0x2387320 INFO   GST_PLUGIN_LOADING gstplugin.c:915:_priv_gst_plugin_load_file_for_registry: plugin "/home/conan/w/prod/BuildSingleReference/.conan/data/gstreamer/1.19.1/_/_/package/0387548ec0d21c08cb6b492d670dcb344087cb15/lib/gstreamer-1.0/libgstcoretracers.so" loaded
0:00:00.002550620  2478 0x2387320 TRACE   GST_REFCOUNTING gstobject.c:237:gst_object_ref: 0x23a0e90 ref 1->2
0:00:00.002561088  2478 0x2387320 DEBUG   GST_REGISTRY gstregistry.c:473:gst_registry_add_plugin: adding plugin 0x23a0e90 for filename "/home/conan/w/prod/BuildSingleReference/.conan/data/gstreamer/1.19.1/_/_/package/0387548ec0d21c08cb6b492d670dcb344087cb15/lib/gstreamer-1.0/libgstcoretracers.so"
0:00:00.002573519  2478 0x2387320 TRACE   GST_REFCOUNTING gstobject.c:292:gst_object_ref_sink: 0x23a0e90 ref_sink 2->3
0:00:00.002581055  2478 0x2387320 LOG   GST_REGISTRY gstregistry.c:486:gst_registry_add_plugin: emitting plugin-added for filename "/home/conan/w/prod/BuildSingleReference/.conan/data/gstreamer/1.19.1/_/_/package/0387548ec0d21c08cb6b492d670dcb344087cb15/lib/gstreamer-1.0/libgstcoretracers.so"
0:00:00.002588378  2478 0x2387320 TRACE   GST_REFCOUNTING gstobject.c:237:gst_object_ref: 0x23a1e70 ref 1->2
0:00:00.002594884  2478 0x2387320 TRACE   GST_REFCOUNTING gstobject.c:237:gst_object_ref: 0x23a1c20 ref 1->2
0:00:00.002601401  2478 0x2387320 TRACE   GST_REFCOUNTING gstobject.c:237:gst_object_ref: 0x23a1950 ref 1->2
0:00:00.002617784  2478 0x2387320 TRACE   GST_REFCOUNTING gstobject.c:237:gst_object_ref: 0x23a1740 ref 1->2
0:00:00.002624400  2478 0x2387320 TRACE   GST_REFCOUNTING gstobject.c:237:gst_object_ref: 0x23a1250 ref 1->2
0:00:00.002641323  2478 0x2387320 TRACE   GST_REFCOUNTING gstobject.c:264:gst_object_unref: 0x23a1250 unref 2->1
0:00:00.002649569  2478 0x2387320 TRACE   GST_REFCOUNTING gstobject.c:264:gst_object_unref: 0x23a1740 unref 2->1
0:00:00.002655804  2478 0x2387320 TRACE   GST_REFCOUNTING gstobject.c:264:gst_object_unref: 0x23a1950 unref 2->1
0:00:00.002661831  2478 0x2387320 TRACE   GST_REFCOUNTING gstobject.c:264:gst_object_unref: 0x23a1c20 unref 2->1
0:00:00.002667758  2478 0x2387320 TRACE   GST_REFCOUNTING gstobject.c:264:gst_object_unref: 0x23a1e70 unref 2->1
0:00:00.002676547  2478 0x2387320 DEBUG   GST_REGISTRY gstregistrychunks.c:497:_priv_gst_registry_chunks_save_plugin: Found 5 features in plugin 0x23a0e90 (coretracers)
0:00:00.002683643  2478 0x2387320 DEBUG   GST_POLL gstpoll.c:979:gst_poll_fd_ctl_write: 0x238f9c0: fd (fd:0, idx:1), active : 1
0:00:00.002692211  2478 0x2387320 LOG   GST_POLL gstpoll.c:994:gst_poll_fd_ctl_write: 0x238f9c0: pfd->events now 60 (POLLOUT:4)
0:00:00.002699683  2478 0x2387320 DEBUG   GST_POLL gstpoll.c:979:gst_poll_fd_ctl_write: 0x238f9c0: fd (fd:0, idx:1), active : 1
0:00:00.002705556  2478 0x2387320 LOG   GST_POLL gstpoll.c:994:gst_poll_fd_ctl_write: 0x238f9c0: pfd->events now 60 (POLLOUT:4)
0:00:00.002712093  2478 0x2387320 DEBUG   GST_POLL gstpoll.c:979:gst_poll_fd_ctl_write: 0x238f9c0: fd (fd:0, idx:1), active : 1
0:00:00.002717798  2478 0x2387320 LOG   GST_POLL gstpoll.c:994:gst_poll_fd_ctl_write: 0x238f9c0: pfd->events now 60 (POLLOUT:4)
0:00:00.002723467  2478 0x2387320 DEBUG   GST_POLL gstpoll.c:979:gst_poll_fd_ctl_write: 0x238f9c0: fd (fd:0, idx:1), active : 1
0:00:00.002728754  2478 0x2387320 LOG   GST_POLL gstpoll.c:994:gst_poll_fd_ctl_write: 0x238f9c0: pfd->events now 60 (POLLOUT:4)
0:00:00.002734406  2478 0x2387320 DEBUG   GST_POLL gstpoll.c:979:gst_poll_fd_ctl_write: 0x238f9c0: fd (fd:0, idx:1), active : 1
0:00:00.002746815  2478 0x2387320 LOG   GST_POLL gstpoll.c:994:gst_poll_fd_ctl_write: 0x238f9c0: pfd->events now 60 (POLLOUT:4)
0:00:00.002753541  2478 0x2387320 DEBUG   GST_POLL gstpoll.c:979:gst_poll_fd_ctl_write: 0x238f9c0: fd (fd:0, idx:1), active : 1
0:00:00.002759087  2478 0x2387320 LOG   GST_POLL gstpoll.c:994:gst_poll_fd_ctl_write: 0x238f9c0: pfd->events now 60 (POLLOUT:4)
0:00:00.002764674  2478 0x2387320 DEBUG   GST_POLL gstpoll.c:979:gst_poll_fd_ctl_write: 0x238f9c0: fd (fd:0, idx:1), active : 1
0:00:00.002769987  2478 0x2387320 LOG   GST_POLL gstpoll.c:994:gst_poll_fd_ctl_write: 0x238f9c0: pfd->events now 60 (POLLOUT:4)
0:00:00.002775399  2478 0x2387320 DEBUG   GST_POLL gstpoll.c:979:gst_poll_fd_ctl_write: 0x238f9c0: fd (fd:0, idx:1), active : 1
0:00:00.002780640  2478 0x2387320 LOG   GST_POLL gstpoll.c:994:gst_poll_fd_ctl_write: 0x238f9c0: pfd->events now 60 (POLLOUT:4)
0:00:00.002785954  2478 0x2387320 DEBUG   GST_POLL gstpoll.c:979:gst_poll_fd_ctl_write: 0x238f9c0: fd (fd:0, idx:1), active : 1
0:00:00.002793774  2478 0x2387320 LOG   GST_POLL gstpoll.c:994:gst_poll_fd_ctl_write: 0x238f9c0: pfd->events now 60 (POLLOUT:4)
0:00:00.002800445  2478 0x2387320 DEBUG   GST_POLL gstpoll.c:979:gst_poll_fd_ctl_write: 0x238f9c0: fd (fd:0, idx:1), active : 1
0:00:00.002805908  2478 0x2387320 LOG   GST_POLL gstpoll.c:994:gst_poll_fd_ctl_write: 0x238f9c0: pfd->events now 60 (POLLOUT:4)
0:00:00.002811673  2478 0x2387320 DEBUG   GST_POLL gstpoll.c:979:gst_poll_fd_ctl_write: 0x238f9c0: fd (fd:0, idx:1), active : 1
0:00:00.002816786  2478 0x2387320 LOG   GST_POLL gstpoll.c:994:gst_poll_fd_ctl_write: 0x238f9c0: pfd->events now 60 (POLLOUT:4)
0:00:00.002822267  2478 0x2387320 DEBUG   GST_POLL gstpoll.c:979:gst_poll_fd_ctl_write: 0x238f9c0: fd (fd:0, idx:1), active : 1
0:00:00.002827697  2478 0x2387320 LOG   GST_POLL gstpoll.c:994:gst_poll_fd_ctl_write: 0x238f9c0: pfd->events now 60 (POLLOUT:4)
0:00:00.002833248  2478 0x2387320 DEBUG   GST_POLL gstpoll.c:979:gst_poll_fd_ctl_write: 0x238f9c0: fd (fd:0, idx:1), active : 1
0:00:00.002841096  2478 0x2387320 LOG   GST_POLL gstpoll.c:994:gst_poll_fd_ctl_write: 0x238f9c0: pfd->events now 60 (POLLOUT:4)
0:00:00.002847876  2478 0x2387320 DEBUG   GST_POLL gstpoll.c:979:gst_poll_fd_ctl_write: 0x238f9c0: fd (fd:0, idx:1), active : 1
0:00:00.002853441  2478 0x2387320 LOG   GST_POLL gstpoll.c:994:gst_poll_fd_ctl_write: 0x238f9c0: pfd->events now 60 (POLLOUT:4)
0:00:00.002859092  2478 0x2387320 DEBUG   GST_POLL gstpoll.c:979:gst_poll_fd_ctl_write: 0x238f9c0: fd (fd:0, idx:1), active : 1
0:00:00.002864347  2478 0x2387320 LOG   GST_POLL gstpoll.c:994:gst_poll_fd_ctl_write: 0x238f9c0: pfd->events now 60 (POLLOUT:4)
0:00:00.002869788  2478 0x2387320 DEBUG   GST_POLL gstpoll.c:979:gst_poll_fd_ctl_write: 0x238f9c0: fd (fd:0, idx:1), active : 1
0:00:00.002874960  2478 0x2387320 LOG   GST_POLL gstpoll.c:994:gst_poll_fd_ctl_write: 0x238f9c0: pfd->events now 60 (POLLOUT:4)
0:00:00.002897827  2478 0x2387320 DEBUG   GST_POLL gstpoll.c:979:gst_poll_fd_ctl_write: 0x238f9c0: fd (fd:0, idx:1), active : 1
0:00:00.002904623  2478 0x2387320 LOG   GST_POLL gstpoll.c:994:gst_poll_fd_ctl_write: 0x238f9c0: pfd->events now 60 (POLLOUT:4)
0:00:00.002910517  2478 0x2387320 DEBUG   GST_POLL gstpoll.c:979:gst_poll_fd_ctl_write: 0x238f9c0: fd (fd:0, idx:1), active : 1
0:00:00.002915756  2478 0x2387320 LOG   GST_POLL gstpoll.c:994:gst_poll_fd_ctl_write: 0x238f9c0: pfd->events now 60 (POLLOUT:4)
0:00:00.002921177  2478 0x2387320 DEBUG   GST_POLL gstpoll.c:979:gst_poll_fd_ctl_write: 0x238f9c0: fd (fd:0, idx:1), active : 1
0:00:00.002926347  2478 0x2387320 LOG   GST_POLL gstpoll.c:994:gst_poll_fd_ctl_write: 0x238f9c0: pfd->events now 60 (POLLOUT:4)
0:00:00.002937268  2478 0x2387320 DEBUG   GST_POLL gstpoll.c:979:gst_poll_fd_ctl_write: 0x238f9c0: fd (fd:0, idx:1), active : 1
0:00:00.002944931  2478 0x2387320 LOG   GST_POLL gstpoll.c:994:gst_poll_fd_ctl_write: 0x238f9c0: pfd->events now 60 (POLLOUT:4)
0:00:00.002951337  2478 0x2387320 DEBUG   GST_POLL gstpoll.c:979:gst_poll_fd_ctl_write: 0x238f9c0: fd (fd:0, idx:1), active : 1
0:00:00.002956618  2478 0x2387320 LOG   GST_POLL gstpoll.c:994:gst_poll_fd_ctl_write: 0x238f9c0: pfd->events now 60 (POLLOUT:4)
0:00:00.002962141  2478 0x2387320 DEBUG   GST_POLL gstpoll.c:979:gst_poll_fd_ctl_write: 0x238f9c0: fd (fd:0, idx:1), active : 1
0:00:00.002967123  2478 0x2387320 LOG   GST_POLL gstpoll.c:994:gst_poll_fd_ctl_write: 0x238f9c0: pfd->events now 60 (POLLOUT:4)
0:00:00.002972411  2478 0x2387320 DEBUG   GST_POLL gstpoll.c:979:gst_poll_fd_ctl_write: 0x238f9c0: fd (fd:0, idx:1), active : 1
0:00:00.002977380  2478 0x2387320 LOG   GST_POLL gstpoll.c:994:gst_poll_fd_ctl_write: 0x238f9c0: pfd->events now 60 (POLLOUT:4)
0:00:00.002982637  2478 0x2387320 DEBUG   GST_POLL gstpoll.c:979:gst_poll_fd_ctl_write: 0x238f9c0: fd (fd:0, idx:1), active : 1
0:00:00.002990315  2478 0x2387320 LOG   GST_POLL gstpoll.c:994:gst_poll_fd_ctl_write: 0x238f9c0: pfd->events now 60 (POLLOUT:4)
0:00:00.002997007  2478 0x2387320 DEBUG   GST_POLL gstpoll.c:979:gst_poll_fd_ctl_write: 0x238f9c0: fd (fd:0, idx:1), active : 1
0:00:00.003002252  2478 0x2387320 LOG   GST_POLL gstpoll.c:994:gst_poll_fd_ctl_write: 0x238f9c0: pfd->events now 60 (POLLOUT:4)
0:00:00.003007717  2478 0x2387320 DEBUG   GST_POLL gstpoll.c:979:gst_poll_fd_ctl_write: 0x238f9c0: fd (fd:0, idx:1), active : 1
0:00:00.003012641  2478 0x2387320 LOG   GST_POLL gstpoll.c:994:gst_poll_fd_ctl_write: 0x238f9c0: pfd->events now 60 (POLLOUT:4)
0:00:00.003017903  2478 0x2387320 DEBUG   GST_POLL gstpoll.c:979:gst_poll_fd_ctl_write: 0x238f9c0: fd (fd:0, idx:1), active : 1
0:00:00.003022814  2478 0x2387320 LOG   GST_POLL gstpoll.c:994:gst_poll_fd_ctl_write: 0x238f9c0: pfd->events now 60 (POLLOUT:4)
0:00:00.003028912  2478 0x2387320 TRACE   GST_REFCOUNTING gstobject.c:264:gst_object_unref: 0x23a0e90 unref 2->1
0:00:00.003043059  2478 0x2387320 DEBUG   GST_POLL gstpoll.c:1241:gst_poll_fd_has_error: 0x238f9c0: fd (fd:0, idx:1) 0
0:00:00.003049871  2478 0x2387320 DEBUG   GST_POLL gstpoll.c:1335:gst_poll_fd_can_write: 0x238f9c0: fd (fd:0, idx:1) 0
0:00:00.003055507  2478 0x2387320 DEBUG   GST_POLL gstpoll.c:1195:gst_poll_fd_has_closed: 0x238f9c0: fd (fd:0, idx:1) 0
0:00:00.003062091  2478 0x2387320 DEBUG   GST_POLL gstpoll.c:1414:gst_poll_wait: 0x238f9c0: timeout :0:00:01.000000000
0:00:00.003071450  2478 0x2387320 LOG   GST_PLUGIN_LOADING gstpluginloader.c:1026:exchange_packets: Poll res = 2. 488 bytes pending for write
0:00:00.003077954  2478 0x2387320 DEBUG   GST_POLL gstpoll.c:1241:gst_poll_fd_has_error: 0x238f9c0: fd (fd:5, idx:2) 0
0:00:00.003083675  2478 0x2387320 DEBUG   GST_POLL gstpoll.c:1266:gst_poll_fd_can_read_unlocked: 0x238f9c0: fd (fd:5, idx:2) 1
0:00:00.003095596  2478 0x2387320 DEBUG   GST_PLUGIN_LOADING gstpluginloader.c:721:do_plugin_load: Plugin scanner loading file /home/conan/w/prod/BuildSingleReference/.conan/data/gstreamer/1.19.1/_/_/package/0387548ec0d21c08cb6b492d670dcb344087cb15/lib/gstreamer-1.0/libgstcoreelements.so. tag 1
0:00:00.003104696  2478 0x2387320 DEBUG   GST_PLUGIN_LOADING gstplugin.c:767:_priv_gst_plugin_load_file_for_registry: attempt to load plugin "/home/conan/w/prod/BuildSingleReference/.conan/data/gstreamer/1.19.1/_/_/package/0387548ec0d21c08cb6b492d670dcb344087cb15/lib/gstreamer-1.0/libgstcoreelements.so"
0:00:00.003544422  2478 0x2387320 TRACE   GST_REFCOUNTING gstobject.c:208:gst_object_init: 0x23a3220 new
0:00:00.003570673  2478 0x2387320 LOG   GST_PLUGIN_LOADING gstplugin.c:889:_priv_gst_plugin_load_file_for_registry: Plugin 0x23a3220 for file "/home/conan/w/prod/BuildSingleReference/.conan/data/gstreamer/1.19.1/_/_/package/0387548ec0d21c08cb6b492d670dcb344087cb15/lib/gstreamer-1.0/libgstcoreelements.so" prepared, calling entry function...
0:00:00.003581017  2478 0x2387320 LOG   GST_PLUGIN_LOADING gstplugin.c:896:_priv_gst_plugin_load_file_for_registry: Plugin 0x23a3220 for file "/home/conan/w/prod/BuildSingleReference/.conan/data/gstreamer/1.19.1/_/_/package/0387548ec0d21c08cb6b492d670dcb344087cb15/lib/gstreamer-1.0/libgstcoreelements.so" prepared, registering...
0:00:00.003587872  2478 0x2387320 LOG   GST_PLUGIN_LOADING gstplugin.c:514:gst_plugin_register_func: plugin "/home/conan/w/prod/BuildSingleReference/.conan/data/gstreamer/1.19.1/_/_/package/0387548ec0d21c08cb6b492d670dcb344087cb15/lib/gstreamer-1.0/libgstcoreelements.so" looks good
0:00:00.003624916  2478 0x2387320 TRACE   GST_REFCOUNTING gstobject.c:208:gst_object_init: 0x23a3670 new
0:00:00.003637570  2478 0x2387320 LOG   GST_ELEMENT_FACTORY gstelementfactory.c:237:gst_element_register: Created new elementfactory for type GstCapsFilter
0:00:00.003646098  2478 0x2387320 TRACE   structure gststructure.c:292:gst_structure_new_id_empty_with_size: created structure 0x23a3d20
0:00:00.003652308  2478 0x2387320 TRACE   GST_PERFORMANCE gststructure.c:511:gst_structure_copy: doing copy 0x238db40 -> 0x23a3d20
0:00:00.003659421  2478 0x2387320 DEBUG   GST_ELEMENT_PADS gstelement.c:311:gst_element_base_class_init: type GstBaseTransform : factory (nil)
0:00:00.003672572  2478 0x2387320 DEBUG   basetransform gstbasetransform.c:333:gst_base_transform_class_init: gst_base_transform_class_init
0:00:00.003690348  2478 0x2387320 TRACE   structure gststructure.c:292:gst_structure_new_id_empty_with_size: created structure 0x23a4190
0:00:00.003697851  2478 0x2387320 TRACE   GST_PERFORMANCE gststructure.c:511:gst_structure_copy: doing copy 0x23a3d20 -> 0x23a4190
0:00:00.003704614  2478 0x2387320 DEBUG   GST_ELEMENT_PADS gstelement.c:311:gst_element_base_class_init: type GstCapsFilter : factory 0x23a3670
0:00:00.003721340  2478 0x2387320 TRACE   GST_CAPS gstcaps.c:263:gst_caps_new_empty: created caps 0x2396aa0
0:00:00.003728185  2478 0x2387320 TRACE   GST_CAPS gstcaps.c:439:gst_static_caps_get: created 0x7fab4acc0ef0 from string ANY
0:00:00.003734367  2478 0x2387320 TRACE   GST_REFCOUNTING gstminiobject.c:478:gst_mini_object_ref: 0x2396aa0 ref 1->2
0:00:00.003754427  2478 0x2387320 TRACE   GST_REFCOUNTING gstobject.c:208:gst_object_init: 0x23a4b20 new
0:00:00.003772846  2478 0x2387320 TRACE   GST_REFCOUNTING gstminiobject.c:478:gst_mini_object_ref: 0x2396aa0 ref 2->3
0:00:00.003784257  2478 0x2387320 TRACE   GST_REFCOUNTING gstminiobject.c:660:gst_mini_object_unref: 0x2396aa0 unref 3->2
0:00:00.003791795  2478 0x2387320 TRACE   GST_REFCOUNTING gstobject.c:292:gst_object_ref_sink: 0x23a4b20 ref_sink 1->2
0:00:00.003798263  2478 0x2387320 TRACE   GST_CAPS gstcaps.c:263:gst_caps_new_empty: created caps 0x23a4560
0:00:00.003804316  2478 0x2387320 TRACE   GST_CAPS gstcaps.c:439:gst_static_caps_get: created 0x7fab4acc0f30 from string ANY
0:00:00.003810652  2478 0x2387320 TRACE   GST_REFCOUNTING gstminiobject.c:478:gst_mini_object_ref: 0x23a4560 ref 1->2
0:00:00.003821504  2478 0x2387320 TRACE   GST_REFCOUNTING gstobject.c:208:gst_object_init: 0x23a4d60 new
0:00:00.003834032  2478 0x2387320 TRACE   GST_REFCOUNTING gstminiobject.c:478:gst_mini_object_ref: 0x23a4560 ref 2->3
0:00:00.003842315  2478 0x2387320 TRACE   GST_REFCOUNTING gstminiobject.c:660:gst_mini_object_unref: 0x23a4560 unref 3->2
0:00:00.003849194  2478 0x2387320 TRACE   GST_REFCOUNTING gstobject.c:292:gst_object_ref_sink: 0x23a4d60 ref_sink 1->2
0:00:00.003858159  2478 0x2387320 TRACE   structure gststructure.c:292:gst_structure_new_id_empty_with_size: created structure 0x23a4fc0
0:00:00.003864903  2478 0x2387320 TRACE   GST_PERFORMANCE gststructure.c:511:gst_structure_copy: doing copy 0x23a4190 -> 0x23a4fc0
0:00:00.003874224  2478 0x2387320 DEBUG   GST_REGISTRY gstregistry.c:589:gst_registry_add_feature: adding feature 0x23a3670 (capsfilter)
0:00:00.003901687  2478 0x2387320 DEBUG   GST_REFCOUNTING gstobject.c:708:gst_object_set_parent: set parent (ref and sink)
0:00:00.003911845  2478 0x2387320 TRACE   GST_REFCOUNTING gstobject.c:292:gst_object_ref_sink: 0x23a3670 ref_sink 1->2
0:00:00.003918944  2478 0x2387320 LOG   GST_REGISTRY gstregistry.c:607:gst_registry_add_feature: emitting feature-added for capsfilter
0:00:00.003936172  2478 0x2387320 TRACE   GST_REFCOUNTING gstobject.c:208:gst_object_init: 0x23a5360 new
0:00:00.003945359  2478 0x2387320 LOG   GST_ELEMENT_FACTORY gstelementfactory.c:237:gst_element_register: Created new elementfactory for type GstClockSync
0:00:00.003955263  2478 0x2387320 TRACE   structure gststructure.c:292:gst_structure_new_id_empty_with_size: created structure 0x23a5790
0:00:00.003962091  2478 0x2387320 TRACE   GST_PERFORMANCE gststructure.c:511:gst_structure_copy: doing copy 0x238db40 -> 0x23a5790
0:00:00.003968833  2478 0x2387320 DEBUG   GST_ELEMENT_PADS gstelement.c:311:gst_element_base_class_init: type GstClockSync : factory 0x23a5360
0:00:00.003981863  2478 0x2387320 TRACE   GST_CAPS gstcaps.c:263:gst_caps_new_empty: created caps 0x23a59d0
0:00:00.003988076  2478 0x2387320 TRACE   GST_CAPS gstcaps.c:439:gst_static_caps_get: created 0x7fab4acc0f70 from string ANY
0:00:00.003993796  2478 0x2387320 TRACE   GST_REFCOUNTING gstminiobject.c:478:gst_mini_object_ref: 0x23a59d0 ref 1->2
0:00:00.004001293  2478 0x2387320 TRACE   GST_REFCOUNTING gstobject.c:208:gst_object_init: 0x23a5be0 new
0:00:00.004008943  2478 0x2387320 TRACE   GST_REFCOUNTING gstminiobject.c:478:gst_mini_object_ref: 0x23a59d0 ref 2->3
0:00:00.004019838  2478 0x2387320 TRACE   GST_REFCOUNTING gstminiobject.c:660:gst_mini_object_unref: 0x23a59d0 unref 3->2
0:00:00.004028388  2478 0x2387320 TRACE   GST_REFCOUNTING gstobject.c:292:gst_object_ref_sink: 0x23a5be0 ref_sink 1->2
0:00:00.004034971  2478 0x2387320 TRACE   GST_CAPS gstcaps.c:263:gst_caps_new_empty: created caps 0x23a5250
0:00:00.004041081  2478 0x2387320 TRACE   GST_CAPS gstcaps.c:439:gst_static_caps_get: created 0x7fab4acc0fb0 from string ANY
0:00:00.004046882  2478 0x2387320 TRACE   GST_REFCOUNTING gstminiobject.c:478:gst_mini_object_ref: 0x23a5250 ref 1->2
0:00:00.004054350  2478 0x2387320 TRACE   GST_REFCOUNTING gstobject.c:208:gst_object_init: 0x23a5cf0 new
0:00:00.004061791  2478 0x2387320 TRACE   GST_REFCOUNTING gstminiobject.c:478:gst_mini_object_ref: 0x23a5250 ref 2->3
0:00:00.004069303  2478 0x2387320 TRACE   GST_REFCOUNTING gstminiobject.c:660:gst_mini_object_unref: 0x23a5250 unref 3->2
0:00:00.004078816  2478 0x2387320 TRACE   GST_REFCOUNTING gstobject.c:292:gst_object_ref_sink: 0x23a5cf0 ref_sink 1->2
0:00:00.004102307  2478 0x2387320 TRACE   structure gststructure.c:292:gst_structure_new_id_empty_with_size: created structure 0x23a5d90
0:00:00.004114294  2478 0x2387320 TRACE   GST_PERFORMANCE gststructure.c:511:gst_structure_copy: doing copy 0x23a5790 -> 0x23a5d90
0:00:00.004123433  2478 0x2387320 DEBUG   GST_REGISTRY gstregistry.c:589:gst_registry_add_feature: adding feature 0x23a5360 (clocksync)
0:00:00.004129126  2478 0x2387320 DEBUG   GST_REFCOUNTING gstobject.c:708:gst_object_set_parent: set parent (ref and sink)
0:00:00.004139876  2478 0x2387320 TRACE   GST_REFCOUNTING gstobject.c:292:gst_object_ref_sink: 0x23a5360 ref_sink 1->2
0:00:00.004148710  2478 0x2387320 LOG   GST_REGISTRY gstregistry.c:607:gst_registry_add_feature: emitting feature-added for clocksync
0:00:00.004162003  2478 0x2387320 TRACE   GST_REFCOUNTING gstobject.c:208:gst_object_init: 0x23a6260 new
0:00:00.004171188  2478 0x2387320 LOG   GST_ELEMENT_FACTORY gstelementfactory.c:237:gst_element_register: Created new elementfactory for type GstConcat
0:00:00.004178426  2478 0x2387320 TRACE   structure gststructure.c:292:gst_structure_new_id_empty_with_size: created structure 0x23a6640
0:00:00.004183886  2478 0x2387320 TRACE   GST_PERFORMANCE gststructure.c:511:gst_structure_copy: doing copy 0x238db40 -> 0x23a6640
0:00:00.004190088  2478 0x2387320 DEBUG   GST_ELEMENT_PADS gstelement.c:311:gst_element_base_class_init: type GstConcat : factory 0x23a6260
0:00:00.004201348  2478 0x2387320 TRACE   GST_CAPS gstcaps.c:263:gst_caps_new_empty: created caps 0x23a6770
0:00:00.004210175  2478 0x2387320 TRACE   GST_CAPS gstcaps.c:439:gst_static_caps_get: created 0x7fab4acc1030 from string ANY
0:00:00.004217372  2478 0x2387320 TRACE   GST_REFCOUNTING gstminiobject.c:478:gst_mini_object_ref: 0x23a6770 ref 1->2
0:00:00.004225447  2478 0x2387320 TRACE   GST_REFCOUNTING gstobject.c:208:gst_object_init: 0x23a68c0 new
0:00:00.004234144  2478 0x2387320 TRACE   GST_REFCOUNTING gstminiobject.c:478:gst_mini_object_ref: 0x23a6770 ref 2->3
0:00:00.004243292  2478 0x2387320 TRACE   GST_REFCOUNTING gstminiobject.c:660:gst_mini_object_unref: 0x23a6770 unref 3->2
0:00:00.004249841  2478 0x2387320 TRACE   GST_REFCOUNTING gstobject.c:292:gst_object_ref_sink: 0x23a68c0 ref_sink 1->2
0:00:00.004256080  2478 0x2387320 TRACE   GST_CAPS gstcaps.c:263:gst_caps_new_empty: created caps 0x23a6870
0:00:00.004261941  2478 0x2387320 TRACE   GST_CAPS gstcaps.c:439:gst_static_caps_get: created 0x7fab4acc0ff0 from string ANY
0:00:00.004270837  2478 0x2387320 TRACE   GST_REFCOUNTING gstminiobject.c:478:gst_mini_object_ref: 0x23a6870 ref 1->2
0:00:00.004279856  2478 0x2387320 TRACE   GST_REFCOUNTING gstobject.c:208:gst_object_init: 0x23a6960 new
0:00:00.004288318  2478 0x2387320 TRACE   GST_REFCOUNTING gstminiobject.c:478:gst_mini_object_ref: 0x23a6870 ref 2->3
0:00:00.004296164  2478 0x2387320 TRACE   GST_REFCOUNTING gstminiobject.c:660:gst_mini_object_unref: 0x23a6870 unref 3->2
0:00:00.004302494  2478 0x2387320 TRACE   GST_REFCOUNTING gstobject.c:292:gst_object_ref_sink: 0x23a6960 ref_sink 1->2
0:00:00.004310229  2478 0x2387320 TRACE   structure gststructure.c:292:gst_structure_new_id_empty_with_size: created structure 0x23a6aa0
0:00:00.004316591  2478 0x2387320 TRACE   GST_PERFORMANCE gststructure.c:511:gst_structure_copy: doing copy 0x23a6640 -> 0x23a6aa0
0:00:00.004329710  2478 0x2387320 DEBUG   GST_REGISTRY gstregistry.c:589:gst_registry_add_feature: adding feature 0x23a6260 (concat)
0:00:00.004337697  2478 0x2387320 DEBUG   GST_REFCOUNTING gstobject.c:708:gst_object_set_parent: set parent (ref and sink)
0:00:00.004349128  2478 0x2387320 TRACE   GST_REFCOUNTING gstobject.c:292:gst_object_ref_sink: 0x23a6260 ref_sink 1->2
0:00:00.004355793  2478 0x2387320 LOG   GST_REGISTRY gstregistry.c:607:gst_registry_add_feature: emitting feature-added for concat
0:00:00.004370280  2478 0x2387320 TRACE   GST_REFCOUNTING gstobject.c:208:gst_object_init: 0x23a7060 new
0:00:00.004379105  2478 0x2387320 LOG   GST_ELEMENT_FACTORY gstelementfactory.c:237:gst_element_register: Created new elementfactory for type GstDataURISrc
0:00:00.004388614  2478 0x2387320 TRACE   structure gststructure.c:292:gst_structure_new_id_empty_with_size: created structure 0x23a7600
0:00:00.004395643  2478 0x2387320 TRACE   GST_PERFORMANCE gststructure.c:511:gst_structure_copy: doing copy 0x238db40 -> 0x23a7600
0:00:00.004402330  2478 0x2387320 DEBUG   GST_ELEMENT_PADS gstelement.c:311:gst_element_base_class_init: type GstBaseSrc : factory (nil)
0:00:00.004428823  2478 0x2387320 TRACE   structure gststructure.c:292:gst_structure_new_id_empty_with_size: created structure 0x23a02a0
0:00:00.004434949  2478 0x2387320 TRACE   GST_PERFORMANCE gststructure.c:511:gst_structure_copy: doing copy 0x23a7600 -> 0x23a02a0
0:00:00.004441101  2478 0x2387320 DEBUG   GST_ELEMENT_PADS gstelement.c:311:gst_element_base_class_init: type GstDataURISrc : factory 0x23a7060
0:00:00.004452156  2478 0x2387320 TRACE   GST_CAPS gstcaps.c:263:gst_caps_new_empty: created caps 0x23a8490
0:00:00.004459687  2478 0x2387320 TRACE   GST_CAPS gstcaps.c:439:gst_static_caps_get: created 0x7fab4acc1090 from string ANY
0:00:00.004466137  2478 0x2387320 TRACE   GST_REFCOUNTING gstminiobject.c:478:gst_mini_object_ref: 0x23a8490 ref 1->2
0:00:00.004473964  2478 0x2387320 TRACE   GST_REFCOUNTING gstobject.c:208:gst_object_init: 0x23a84e0 new
0:00:00.004481297  2478 0x2387320 TRACE   GST_REFCOUNTING gstminiobject.c:478:gst_mini_object_ref: 0x23a8490 ref 2->3
0:00:00.004489102  2478 0x2387320 TRACE   GST_REFCOUNTING gstminiobject.c:660:gst_mini_object_unref: 0x23a8490 unref 3->2
0:00:00.004495837  2478 0x2387320 TRACE   GST_REFCOUNTING gstobject.c:292:gst_object_ref_sink: 0x23a84e0 ref_sink 1->2
0:00:00.004507059  2478 0x2387320 TRACE   structure gststructure.c:292:gst_structure_new_id_empty_with_size: created structure 0x23a8690
0:00:00.004515968  2478 0x2387320 TRACE   GST_PERFORMANCE gststructure.c:511:gst_structure_copy: doing copy 0x23a02a0 -> 0x23a8690
0:00:00.004527846  2478 0x2387320 DEBUG   GST_REGISTRY gstregistry.c:589:gst_registry_add_feature: adding feature 0x23a7060 (dataurisrc)
0:00:00.004534074  2478 0x2387320 DEBUG   GST_REFCOUNTING gstobject.c:708:gst_object_set_parent: set parent (ref and sink)
0:00:00.004546951  2478 0x2387320 TRACE   GST_REFCOUNTING gstobject.c:292:gst_object_ref_sink: 0x23a7060 ref_sink 1->2
0:00:00.004553235  2478 0x2387320 LOG   GST_REGISTRY gstregistry.c:607:gst_registry_add_feature: emitting feature-added for dataurisrc
0:00:00.004564553  2478 0x2387320 TRACE   GST_REFCOUNTING gstobject.c:208:gst_object_init: 0x23a8b10 new
0:00:00.004573245  2478 0x2387320 LOG   GST_ELEMENT_FACTORY gstelementfactory.c:237:gst_element_register: Created new elementfactory for type GstDownloadBuffer
0:00:00.004585852  2478 0x2387320 TRACE   structure gststructure.c:292:gst_structure_new_id_empty_with_size: created structure 0x23a9040
0:00:00.004592779  2478 0x2387320 TRACE   GST_PERFORMANCE gststructure.c:511:gst_structure_copy: doing copy 0x238db40 -> 0x23a9040
0:00:00.004599492  2478 0x2387320 DEBUG   GST_ELEMENT_PADS gstelement.c:311:gst_element_base_class_init: type GstDownloadBuffer : factory 0x23a8b10
0:00:00.004619172  2478 0x2387320 TRACE   GST_CAPS gstcaps.c:263:gst_caps_new_empty: created caps 0x23a8e00
0:00:00.004625594  2478 0x2387320 TRACE   GST_CAPS gstcaps.c:439:gst_static_caps_get: created 0x7fab4acc10d0 from string ANY
0:00:00.004631749  2478 0x2387320 TRACE   GST_REFCOUNTING gstminiobject.c:478:gst_mini_object_ref: 0x23a8e00 ref 1->2
0:00:00.004642413  2478 0x2387320 TRACE   GST_REFCOUNTING gstobject.c:208:gst_object_init: 0x23a8c80 new
0:00:00.004651036  2478 0x2387320 TRACE   GST_REFCOUNTING gstminiobject.c:478:gst_mini_object_ref: 0x23a8e00 ref 2->3
0:00:00.004659049  2478 0x2387320 TRACE   GST_REFCOUNTING gstminiobject.c:660:gst_mini_object_unref: 0x23a8e00 unref 3->2
0:00:00.004665484  2478 0x2387320 TRACE   GST_REFCOUNTING gstobject.c:292:gst_object_ref_sink: 0x23a8c80 ref_sink 1->2
0:00:00.004671813  2478 0x2387320 TRACE   GST_CAPS gstcaps.c:263:gst_caps_new_empty: created caps 0x23a95a0
0:00:00.004677789  2478 0x2387320 TRACE   GST_CAPS gstcaps.c:439:gst_static_caps_get: created 0x7fab4acc1110 from string ANY
0:00:00.004683707  2478 0x2387320 TRACE   GST_REFCOUNTING gstminiobject.c:478:gst_mini_object_ref: 0x23a95a0 ref 1->2
0:00:00.004690760  2478 0x2387320 TRACE   GST_REFCOUNTING gstobject.c:208:gst_object_init: 0x23a94d0 new
0:00:00.004700576  2478 0x2387320 TRACE   GST_REFCOUNTING gstminiobject.c:478:gst_mini_object_ref: 0x23a95a0 ref 2->3
0:00:00.004709300  2478 0x2387320 TRACE   GST_REFCOUNTING gstminiobject.c:660:gst_mini_object_unref: 0x23a95a0 unref 3->2
0:00:00.004716409  2478 0x2387320 TRACE   GST_REFCOUNTING gstobject.c:292:gst_object_ref_sink: 0x23a94d0 ref_sink 1->2
0:00:00.004725120  2478 0x2387320 TRACE   structure gststructure.c:292:gst_structure_new_id_empty_with_size: created structure 0x23a9760
0:00:00.004731537  2478 0x2387320 TRACE   GST_PERFORMANCE gststructure.c:511:gst_structure_copy: doing copy 0x23a9040 -> 0x23a9760
0:00:00.004744521  2478 0x2387320 DEBUG   GST_REGISTRY gstregistry.c:589:gst_registry_add_feature: adding feature 0x23a8b10 (downloadbuffer)
0:00:00.004750443  2478 0x2387320 DEBUG   GST_REFCOUNTING gstobject.c:708:gst_object_set_parent: set parent (ref and sink)
0:00:00.004756797  2478 0x2387320 TRACE   GST_REFCOUNTING gstobject.c:292:gst_object_ref_sink: 0x23a8b10 ref_sink 1->2
0:00:00.004765617  2478 0x2387320 LOG   GST_REGISTRY gstregistry.c:607:gst_registry_add_feature: emitting feature-added for downloadbuffer
0:00:00.004782779  2478 0x2387320 TRACE   GST_REFCOUNTING gstobject.c:208:gst_object_init: 0x23a9b50 new
0:00:00.004791796  2478 0x2387320 LOG   GST_ELEMENT_FACTORY gstelementfactory.c:237:gst_element_register: Created new elementfactory for type GstFakeSrc
0:00:00.004802084  2478 0x2387320 TRACE   structure gststructure.c:292:gst_structure_new_id_empty_with_size: created structure 0x23aa1f0
0:00:00.004807813  2478 0x2387320 TRACE   GST_PERFORMANCE gststructure.c:511:gst_structure_copy: doing copy 0x23a7600 -> 0x23aa1f0
0:00:00.004816738  2478 0x2387320 DEBUG   GST_ELEMENT_PADS gstelement.c:311:gst_element_base_class_init: type GstFakeSrc : factory 0x23a9b50
0:00:00.004854711  2478 0x2387320 TRACE   GST_CAPS gstcaps.c:263:gst_caps_new_empty: created caps 0x23aaf60
0:00:00.004861530  2478 0x2387320 TRACE   GST_CAPS gstcaps.c:439:gst_static_caps_get: created 0x7fab4acc1190 from string ANY
0:00:00.004867414  2478 0x2387320 TRACE   GST_REFCOUNTING gstminiobject.c:478:gst_mini_object_ref: 0x23aaf60 ref 1->2
0:00:00.004874959  2478 0x2387320 TRACE   GST_REFCOUNTING gstobject.c:208:gst_object_init: 0x23ab0e0 new
0:00:00.004921912  2478 0x2387320 TRACE   GST_REFCOUNTING gstminiobject.c:478:gst_mini_object_ref: 0x23aaf60 ref 2->3
0:00:00.004933251  2478 0x2387320 TRACE   GST_REFCOUNTING gstminiobject.c:660:gst_mini_object_unref: 0x23aaf60 unref 3->2
0:00:00.004940127  2478 0x2387320 TRACE   GST_REFCOUNTING gstobject.c:292:gst_object_ref_sink: 0x23ab0e0 ref_sink 1->2
0:00:00.004949678  2478 0x2387320 TRACE   structure gststructure.c:292:gst_structure_new_id_empty_with_size: created structure 0x23ab340
0:00:00.004957648  2478 0x2387320 TRACE   GST_PERFORMANCE gststructure.c:511:gst_structure_copy: doing copy 0x23aa1f0 -> 0x23ab340
0:00:00.004966094  2478 0x2387320 DEBUG   GST_REGISTRY gstregistry.c:589:gst_registry_add_feature: adding feature 0x23a9b50 (fakesrc)
0:00:00.004973211  2478 0x2387320 DEBUG   GST_REFCOUNTING gstobject.c:708:gst_object_set_parent: set parent (ref and sink)
0:00:00.004979737  2478 0x2387320 TRACE   GST_REFCOUNTING gstobject.c:292:gst_object_ref_sink: 0x23a9b50 ref_sink 1->2
0:00:00.004988505  2478 0x2387320 LOG   GST_REGISTRY gstregistry.c:607:gst_registry_add_feature: emitting feature-added for fakesrc
0:00:00.005009230  2478 0x2387320 TRACE   GST_REFCOUNTING gstobject.c:208:gst_object_init: 0x23ab6a0 new
0:00:00.005018513  2478 0x2387320 LOG   GST_ELEMENT_FACTORY gstelementfactory.c:237:gst_element_register: Created new elementfactory for type GstFakeSink
0:00:00.005025552  2478 0x2387320 TRACE   structure gststructure.c:292:gst_structure_new_id_empty_with_size: created structure 0x23abd30
0:00:00.005031120  2478 0x2387320 TRACE   GST_PERFORMANCE gststructure.c:511:gst_structure_copy: doing copy 0x238db40 -> 0x23abd30
0:00:00.005041632  2478 0x2387320 DEBUG   GST_ELEMENT_PADS gstelement.c:311:gst_element_base_class_init: type GstBaseSink : factory (nil)
0:00:00.005075338  2478 0x2387320 TRACE   structure gststructure.c:292:gst_structure_new_id_empty_with_size: created structure 0x23ac9e0
0:00:00.005081885  2478 0x2387320 TRACE   GST_PERFORMANCE gststructure.c:511:gst_structure_copy: doing copy 0x23abd30 -> 0x23ac9e0
0:00:00.005088251  2478 0x2387320 DEBUG   GST_ELEMENT_PADS gstelement.c:311:gst_element_base_class_init: type GstFakeSink : factory 0x23ab6a0
0:00:00.005116125  2478 0x2387320 TRACE   GST_CAPS gstcaps.c:263:gst_caps_new_empty: created caps 0x23ad2b0
0:00:00.005122677  2478 0x2387320 TRACE   GST_CAPS gstcaps.c:439:gst_static_caps_get: created 0x7fab4acc1150 from string ANY
0:00:00.005130974  2478 0x2387320 TRACE   GST_REFCOUNTING gstminiobject.c:478:gst_mini_object_ref: 0x23ad2b0 ref 1->2
0:00:00.005139825  2478 0x2387320 TRACE   GST_REFCOUNTING gstobject.c:208:gst_object_init: 0x23ad5a0 new
0:00:00.005147565  2478 0x2387320 TRACE   GST_REFCOUNTING gstminiobject.c:478:gst_mini_object_ref: 0x23ad2b0 ref 2->3
0:00:00.005154915  2478 0x2387320 TRACE   GST_REFCOUNTING gstminiobject.c:660:gst_mini_object_unref: 0x23ad2b0 unref 3->2
0:00:00.005160995  2478 0x2387320 TRACE   GST_REFCOUNTING gstobject.c:292:gst_object_ref_sink: 0x23ad5a0 ref_sink 1->2
0:00:00.005168706  2478 0x2387320 TRACE   structure gststructure.c:292:gst_structure_new_id_empty_with_size: created structure 0x23ad730
0:00:00.005174681  2478 0x2387320 TRACE   GST_PERFORMANCE gststructure.c:511:gst_structure_copy: doing copy 0x23ac9e0 -> 0x23ad730
0:00:00.005182289  2478 0x2387320 DEBUG   GST_REGISTRY gstregistry.c:589:gst_registry_add_feature: adding feature 0x23ab6a0 (fakesink)
0:00:00.005190277  2478 0x2387320 DEBUG   GST_REFCOUNTING gstobject.c:708:gst_object_set_parent: set parent (ref and sink)
0:00:00.005197792  2478 0x2387320 TRACE   GST_REFCOUNTING gstobject.c:292:gst_object_ref_sink: 0x23ab6a0 ref_sink 1->2
0:00:00.005203985  2478 0x2387320 LOG   GST_REGISTRY gstregistry.c:607:gst_registry_add_feature: emitting feature-added for fakesink
0:00:00.005227802  2478 0x2387320 TRACE   GST_REFCOUNTING gstobject.c:208:gst_object_init: 0x23adcd0 new
0:00:00.005239452  2478 0x2387320 LOG   GST_ELEMENT_FACTORY gstelementfactory.c:237:gst_element_register: Created new elementfactory for type GstFdSrc
0:00:00.005254777  2478 0x2387320 TRACE   structure gststructure.c:292:gst_structure_new_id_empty_with_size: created structure 0x23ae290
0:00:00.005260172  2478 0x2387320 TRACE   GST_PERFORMANCE gststructure.c:511:gst_structure_copy: doing copy 0x23a7600 -> 0x23ae290
0:00:00.005266067  2478 0x2387320 DEBUG   GST_ELEMENT_PADS gstelement.c:311:gst_element_base_class_init: type GstPushSrc : factory (nil)
0:00:00.005272909  2478 0x2387320 TRACE   structure gststructure.c:292:gst_structure_new_id_empty_with_size: created structure 0x23ae730
0:00:00.005278093  2478 0x2387320 TRACE   GST_PERFORMANCE gststructure.c:511:gst_structure_copy: doing copy 0x23ae290 -> 0x23ae730
0:00:00.005283736  2478 0x2387320 DEBUG   GST_ELEMENT_PADS gstelement.c:311:gst_element_base_class_init: type GstFdSrc : factory 0x23adcd0
0:00:00.005296759  2478 0x2387320 TRACE   GST_CAPS gstcaps.c:263:gst_caps_new_empty: created caps 0x23ade60
0:00:00.005303759  2478 0x2387320 TRACE   GST_CAPS gstcaps.c:439:gst_static_caps_get: created 0x7fab4acc1250 from string ANY
0:00:00.005309745  2478 0x2387320 TRACE   GST_REFCOUNTING gstminiobject.c:478:gst_mini_object_ref: 0x23ade60 ref 1->2
0:00:00.005317109  2478 0x2387320 TRACE   GST_REFCOUNTING gstobject.c:208:gst_object_init: 0x23aea50 new
0:00:00.005324324  2478 0x2387320 TRACE   GST_REFCOUNTING gstminiobject.c:478:gst_mini_object_ref: 0x23ade60 ref 2->3
0:00:00.005331513  2478 0x2387320 TRACE   GST_REFCOUNTING gstminiobject.c:660:gst_mini_object_unref: 0x23ade60 unref 3->2
0:00:00.005337586  2478 0x2387320 TRACE   GST_REFCOUNTING gstobject.c:292:gst_object_ref_sink: 0x23aea50 ref_sink 1->2
0:00:00.005357505  2478 0x2387320 TRACE   structure gststructure.c:292:gst_structure_new_id_empty_with_size: created structure 0x23a7a40
0:00:00.005366272  2478 0x2387320 TRACE   GST_PERFORMANCE gststructure.c:511:gst_structure_copy: doing copy 0x23ae730 -> 0x23a7a40
0:00:00.005376315  2478 0x2387320 DEBUG   GST_REGISTRY gstregistry.c:589:gst_registry_add_feature: adding feature 0x23adcd0 (fdsrc)
0:00:00.005382051  2478 0x2387320 DEBUG   GST_REFCOUNTING gstobject.c:708:gst_object_set_parent: set parent (ref and sink)
0:00:00.005388436  2478 0x2387320 TRACE   GST_REFCOUNTING gstobject.c:292:gst_object_ref_sink: 0x23adcd0 ref_sink 1->2
0:00:00.005394382  2478 0x2387320 LOG   GST_REGISTRY gstregistry.c:607:gst_registry_add_feature: emitting feature-added for fdsrc
0:00:00.005405949  2478 0x2387320 TRACE   GST_REFCOUNTING gstobject.c:208:gst_object_init: 0x23a7e20 new
0:00:00.005417457  2478 0x2387320 LOG   GST_ELEMENT_FACTORY gstelementfactory.c:237:gst_element_register: Created new elementfactory for type GstFdSink
0:00:00.005428614  2478 0x2387320 TRACE   structure gststructure.c:292:gst_structure_new_id_empty_with_size: created structure 0x23a81b0
0:00:00.005434273  2478 0x2387320 TRACE   GST_PERFORMANCE gststructure.c:511:gst_structure_copy: doing copy 0x23abd30 -> 0x23a81b0
0:00:00.005444963  2478 0x2387320 DEBUG   GST_ELEMENT_PADS gstelement.c:311:gst_element_base_class_init: type GstFdSink : factory 0x23a7e20
0:00:00.005452230  2478 0x2387320 TRACE   GST_CAPS gstcaps.c:263:gst_caps_new_empty: created caps 0x23a8160
0:00:00.005457850  2478 0x2387320 TRACE   GST_CAPS gstcaps.c:439:gst_static_caps_get: created 0x7fab4acc11f0 from string ANY
0:00:00.005463373  2478 0x2387320 TRACE   GST_REFCOUNTING gstminiobject.c:478:gst_mini_object_ref: 0x23a8160 ref 1->2
0:00:00.005473101  2478 0x2387320 TRACE   GST_REFCOUNTING gstobject.c:208:gst_object_init: 0x23b0240 new
0:00:00.005481789  2478 0x2387320 TRACE   GST_REFCOUNTING gstminiobject.c:478:gst_mini_object_ref: 0x23a8160 ref 2->3
0:00:00.005489337  2478 0x2387320 TRACE   GST_REFCOUNTING gstminiobject.c:660:gst_mini_object_unref: 0x23a8160 unref 3->2
0:00:00.005495617  2478 0x2387320 TRACE   GST_REFCOUNTING gstobject.c:292:gst_object_ref_sink: 0x23b0240 ref_sink 1->2
0:00:00.005506147  2478 0x2387320 TRACE   structure gststructure.c:292:gst_structure_new_id_empty_with_size: created structure 0x23b0360
0:00:00.005512054  2478 0x2387320 TRACE   GST_PERFORMANCE gststructure.c:511:gst_structure_copy: doing copy 0x23a81b0 -> 0x23b0360
0:00:00.005520125  2478 0x2387320 DEBUG   GST_REGISTRY gstregistry.c:589:gst_registry_add_feature: adding feature 0x23a7e20 (fdsink)
0:00:00.005526693  2478 0x2387320 DEBUG   GST_REFCOUNTING gstobject.c:708:gst_object_set_parent: set parent (ref and sink)
