0:00:00.007599781  2757 0x55fe31678360 LOG   GST_PLUGIN_LOADING gstpluginloader.c:689:write_one: Writing packet of size 174 bytes to fd 7
0:00:00.007608329  2757 0x55fe31678360 DEBUG   GST_POLL gstpoll.c:979:gst_poll_fd_ctl_write: 0x55fe3169d920: fd (fd:7, idx:1), active : 0
0:00:00.007614592  2757 0x55fe31678360 LOG   GST_POLL gstpoll.c:994:gst_poll_fd_ctl_write: 0x55fe3169d920: pfd->events now 56 (POLLOUT:4)
0:00:00.007633511  2757 0x55fe31678360 DEBUG   GST_REGISTRY gstregistry.c:1383:gst_registry_scan_path_internal: registry changed in path /home/conan/w/prod/BuildSingleReference/.conan/data/gstreamer/1.19.1/_/_/package/272fbcd9d24b96d15fa29c90965666ae8e9f2d35/lib/gstreamer-1.0: 0
0:00:00.007641679  2757 0x55fe31678360 DEBUG   GST_REGISTRY gstregistry.c:1659:scan_and_update_registry: GST_PLUGIN_SYSTEM_PATH not set
0:00:00.007654245  2757 0x55fe31678360 DEBUG   GST_REGISTRY gstregistry.c:1666:scan_and_update_registry: scanning home plugins /home/conan/.local/share/gstreamer-1.0/plugins
0:00:00.007663385  2757 0x55fe31678360 DEBUG   GST_REGISTRY gstregistry.c:1380:gst_registry_scan_path_internal: scanning path /home/conan/.local/share/gstreamer-1.0/plugins
0:00:00.007683339  2757 0x55fe31678360 DEBUG   GST_REGISTRY gstregistry.c:1383:gst_registry_scan_path_internal: registry changed in path /home/conan/.local/share/gstreamer-1.0/plugins: 0
0:00:00.007692297  2757 0x55fe31678360 DEBUG   GST_REGISTRY gstregistry.c:1691:scan_and_update_registry: scanning main plugins /home/conan/w/prod/BuildSingleReference/.conan/data/gstreamer/1.19.1/_/_/package/272fbcd9d24b96d15fa29c90965666ae8e9f2d35/lib/gstreamer-1.0
0:00:00.007699829  2757 0x55fe31678360 DEBUG   GST_REGISTRY gstregistry.c:1380:gst_registry_scan_path_internal: scanning path /home/conan/w/prod/BuildSingleReference/.conan/data/gstreamer/1.19.1/_/_/package/272fbcd9d24b96d15fa29c90965666ae8e9f2d35/lib/gstreamer-1.0
0:00:00.002791777  2758 0x55ede7445360 TRACE   GST_REFCOUNTING gstobject.c:208:gst_object_init: 0x55ede746b3d0 new
0:00:00.007736499  2757 0x55fe31678360 LOG   GST_REGISTRY gstregistry.c:1299:gst_registry_scan_path_level: file /home/conan/w/prod/BuildSingleReference/.conan/data/gstreamer/1.19.1/_/_/package/272fbcd9d24b96d15fa29c90965666ae8e9f2d35/lib/gstreamer-1.0/libgstcoretracers.so looks like a possible module
0:00:00.007745965  2757 0x55fe31678360 DEBUG   GST_REGISTRY gstregistry.c:1360:gst_registry_scan_path_level: file /home/conan/w/prod/BuildSingleReference/.conan/data/gstreamer/1.19.1/_/_/package/272fbcd9d24b96d15fa29c90965666ae8e9f2d35/lib/gstreamer-1.0/libgstcoretracers.so not yet in registry
0:00:00.002823286  2758 0x55ede7445360 LOG   GST_PLUGIN_LOADING gstplugin.c:889:_priv_gst_plugin_load_file_for_registry: Plugin 0x55ede746b3d0 for file "/home/conan/w/prod/BuildSingleReference/.conan/data/gstreamer/1.19.1/_/_/package/272fbcd9d24b96d15fa29c90965666ae8e9f2d35/lib/gstreamer-1.0/libgstcoretracers.so" prepared, calling entry function...
0:00:00.007752246  2757 0x55fe31678360 DEBUG   GST_REGISTRY gstregistry.c:1172:gst_registry_scan_plugin_file: Using scan-helper to load plugin /home/conan/w/prod/BuildSingleReference/.conan/data/gstreamer/1.19.1/_/_/package/272fbcd9d24b96d15fa29c90965666ae8e9f2d35/lib/gstreamer-1.0/libgstcoretracers.so
0:00:00.002840109  2758 0x55ede7445360 LOG   GST_PLUGIN_LOADING gstplugin.c:896:_priv_gst_plugin_load_file_for_registry: Plugin 0x55ede746b3d0 for file "/home/conan/w/prod/BuildSingleReference/.conan/data/gstreamer/1.19.1/_/_/package/272fbcd9d24b96d15fa29c90965666ae8e9f2d35/lib/gstreamer-1.0/libgstcoretracers.so" prepared, registering...
0:00:00.007765929  2757 0x55fe31678360 LOG   GST_PLUGIN_LOADING gstpluginloader.c:235:plugin_loader_load: Sending file /home/conan/w/prod/BuildSingleReference/.conan/data/gstreamer/1.19.1/_/_/package/272fbcd9d24b96d15fa29c90965666ae8e9f2d35/lib/gstreamer-1.0/libgstcoretracers.so to child. tag 2
0:00:00.002850080  2758 0x55ede7445360 LOG   GST_PLUGIN_LOADING gstplugin.c:514:gst_plugin_register_func: plugin "/home/conan/w/prod/BuildSingleReference/.conan/data/gstreamer/1.19.1/_/_/package/272fbcd9d24b96d15fa29c90965666ae8e9f2d35/lib/gstreamer-1.0/libgstcoretracers.so" looks good
0:00:00.007779960  2757 0x55fe31678360 DEBUG   GST_POLL gstpoll.c:979:gst_poll_fd_ctl_write: 0x55fe3169d920: fd (fd:7, idx:1), active : 1
0:00:00.007787852  2757 0x55fe31678360 LOG   GST_POLL gstpoll.c:994:gst_poll_fd_ctl_write: 0x55fe3169d920: pfd->events now 60 (POLLOUT:4)
0:00:00.007795248  2757 0x55fe31678360 DEBUG   GST_POLL gstpoll.c:1414:gst_poll_wait: 0x55fe3169d920: timeout :0:00:01.000000000
0:00:00.002875696  2758 0x55ede7445360 TRACE   GST_REFCOUNTING gstobject.c:208:gst_object_init: 0x55ede746c420 new
0:00:00.007804663  2757 0x55fe31678360 LOG   GST_PLUGIN_LOADING gstpluginloader.c:1026:exchange_packets: Poll res = 1. 173 bytes pending for write
0:00:00.007813922  2757 0x55fe31678360 DEBUG   GST_POLL gstpoll.c:1241:gst_poll_fd_has_error: 0x55fe3169d920: fd (fd:8, idx:2) 0
0:00:00.002887501  2758 0x55ede7445360 DEBUG   GST_TRACER gsttracer.c:169:gst_tracer_register: new tracer factory for latency
0:00:00.007820973  2757 0x55fe31678360 DEBUG   GST_POLL gstpoll.c:1266:gst_poll_fd_can_read_unlocked: 0x55fe3169d920: fd (fd:8, idx:2) 0
0:00:00.002902241  2758 0x55ede7445360 DEBUG   GST_TRACER gsttracer.c:176:gst_tracer_register: tracer factory for 3880155552:GstLatencyTracer
0:00:00.007828310  2757 0x55fe31678360 DEBUG   GST_POLL gstpoll.c:1195:gst_poll_fd_has_closed: 0x55fe3169d920: fd (fd:8, idx:2) 0
0:00:00.002911952  2758 0x55ede7445360 DEBUG   GST_REGISTRY gstregistry.c:589:gst_registry_add_feature: adding feature 0x55ede746c420 (latency)
0:00:00.007839765  2757 0x55fe31678360 DEBUG   GST_POLL gstpoll.c:1241:gst_poll_fd_has_error: 0x55fe3169d920: fd (fd:7, idx:1) 0
0:00:00.002919613  2758 0x55ede7445360 DEBUG   GST_REFCOUNTING gstobject.c:708:gst_object_set_parent: set parent (ref and sink)
0:00:00.007847765  2757 0x55fe31678360 DEBUG   GST_POLL gstpoll.c:1335:gst_poll_fd_can_write: 0x55fe3169d920: fd (fd:7, idx:1) 1
0:00:00.002927892  2758 0x55ede7445360 TRACE   GST_REFCOUNTING gstobject.c:292:gst_object_ref_sink: 0x55ede746c420 ref_sink 1->2
0:00:00.007859059  2757 0x55fe31678360 LOG   GST_PLUGIN_LOADING gstpluginloader.c:689:write_one: Writing packet of size 173 bytes to fd 7
0:00:00.002938655  2758 0x55ede7445360 LOG   GST_REGISTRY gstregistry.c:607:gst_registry_add_feature: emitting feature-added for latency
0:00:00.007868311  2757 0x55fe31678360 DEBUG   GST_POLL gstpoll.c:979:gst_poll_fd_ctl_write: 0x55fe3169d920: fd (fd:7, idx:1), active : 0
0:00:00.007877805  2757 0x55fe31678360 LOG   GST_POLL gstpoll.c:994:gst_poll_fd_ctl_write: 0x55fe3169d920: pfd->events now 56 (POLLOUT:4)
0:00:00.002956330  2758 0x55ede7445360 TRACE   GST_REFCOUNTING gstobject.c:208:gst_object_init: 0x55ede746c930 new
0:00:00.002966419  2758 0x55ede7445360 DEBUG   GST_TRACER gsttracer.c:169:gst_tracer_register: new tracer factory for log
0:00:00.007892356  2757 0x55fe31678360 LOG   GST_REGISTRY gstregistry.c:1299:gst_registry_scan_path_level: file /home/conan/w/prod/BuildSingleReference/.conan/data/gstreamer/1.19.1/_/_/package/272fbcd9d24b96d15fa29c90965666ae8e9f2d35/lib/gstreamer-1.0/libgstcoreelements.so looks like a possible module
0:00:00.007902893  2757 0x55fe31678360 DEBUG   GST_REGISTRY gstregistry.c:1360:gst_registry_scan_path_level: file /home/conan/w/prod/BuildSingleReference/.conan/data/gstreamer/1.19.1/_/_/package/272fbcd9d24b96d15fa29c90965666ae8e9f2d35/lib/gstreamer-1.0/libgstcoreelements.so not yet in registry
0:00:00.002978009  2758 0x55ede7445360 DEBUG   GST_TRACER gsttracer.c:176:gst_tracer_register: tracer factory for 3880175552:GstLogTracer
0:00:00.007911206  2757 0x55fe31678360 DEBUG   GST_REGISTRY gstregistry.c:1172:gst_registry_scan_plugin_file: Using scan-helper to load plugin /home/conan/w/prod/BuildSingleReference/.conan/data/gstreamer/1.19.1/_/_/package/272fbcd9d24b96d15fa29c90965666ae8e9f2d35/lib/gstreamer-1.0/libgstcoreelements.so
0:00:00.002988872  2758 0x55ede7445360 DEBUG   GST_REGISTRY gstregistry.c:589:gst_registry_add_feature: adding feature 0x55ede746c930 (log)
0:00:00.007919908  2757 0x55fe31678360 LOG   GST_PLUGIN_LOADING gstpluginloader.c:235:plugin_loader_load: Sending file /home/conan/w/prod/BuildSingleReference/.conan/data/gstreamer/1.19.1/_/_/package/272fbcd9d24b96d15fa29c90965666ae8e9f2d35/lib/gstreamer-1.0/libgstcoreelements.so to child. tag 3
0:00:00.002995758  2758 0x55ede7445360 DEBUG   GST_REFCOUNTING gstobject.c:708:gst_object_set_parent: set parent (ref and sink)
0:00:00.007928513  2757 0x55fe31678360 DEBUG   GST_POLL gstpoll.c:979:gst_poll_fd_ctl_write: 0x55fe3169d920: fd (fd:7, idx:1), active : 1
0:00:00.003004585  2758 0x55ede7445360 TRACE   GST_REFCOUNTING gstobject.c:292:gst_object_ref_sink: 0x55ede746c930 ref_sink 1->2
0:00:00.007935757  2757 0x55fe31678360 LOG   GST_POLL gstpoll.c:994:gst_poll_fd_ctl_write: 0x55fe3169d920: pfd->events now 60 (POLLOUT:4)
0:00:00.003014278  2758 0x55ede7445360 LOG   GST_REGISTRY gstregistry.c:607:gst_registry_add_feature: emitting feature-added for log
0:00:00.007946101  2757 0x55fe31678360 DEBUG   GST_POLL gstpoll.c:1414:gst_poll_wait: 0x55fe3169d920: timeout :0:00:01.000000000
0:00:00.007957103  2757 0x55fe31678360 LOG   GST_PLUGIN_LOADING gstpluginloader.c:1026:exchange_packets: Poll res = 1. 174 bytes pending for write
0:00:00.003035122  2758 0x55ede7445360 TRACE   GST_REFCOUNTING gstobject.c:208:gst_object_init: 0x55ede746cc00 new
0:00:00.007964317  2757 0x55fe31678360 DEBUG   GST_POLL gstpoll.c:1241:gst_poll_fd_has_error: 0x55fe3169d920: fd (fd:8, idx:2) 0
0:00:00.003045378  2758 0x55ede7445360 DEBUG   GST_TRACER gsttracer.c:169:gst_tracer_register: new tracer factory for rusage
0:00:00.007971529  2757 0x55fe31678360 DEBUG   GST_POLL gstpoll.c:1266:gst_poll_fd_can_read_unlocked: 0x55fe3169d920: fd (fd:8, idx:2) 0
0:00:00.003054333  2758 0x55ede7445360 DEBUG   GST_TRACER gsttracer.c:176:gst_tracer_register: tracer factory for 3880176112:GstRUsageTracer
0:00:00.007982588  2757 0x55fe31678360 DEBUG   GST_POLL gstpoll.c:1195:gst_poll_fd_has_closed: 0x55fe3169d920: fd (fd:8, idx:2) 0
0:00:00.007991238  2757 0x55fe31678360 DEBUG   GST_POLL gstpoll.c:1241:gst_poll_fd_has_error: 0x55fe3169d920: fd (fd:7, idx:1) 0
0:00:00.003065565  2758 0x55ede7445360 DEBUG   GST_REGISTRY gstregistry.c:589:gst_registry_add_feature: adding feature 0x55ede746cc00 (rusage)
0:00:00.007997745  2757 0x55fe31678360 DEBUG   GST_POLL gstpoll.c:1335:gst_poll_fd_can_write: 0x55fe3169d920: fd (fd:7, idx:1) 1
0:00:00.003074148  2758 0x55ede7445360 DEBUG   GST_REFCOUNTING gstobject.c:708:gst_object_set_parent: set parent (ref and sink)
0:00:00.008004213  2757 0x55fe31678360 LOG   GST_PLUGIN_LOADING gstpluginloader.c:689:write_one: Writing packet of size 174 bytes to fd 7
0:00:00.003082389  2758 0x55ede7445360 TRACE   GST_REFCOUNTING gstobject.c:292:gst_object_ref_sink: 0x55ede746cc00 ref_sink 1->2
0:00:00.008015743  2757 0x55fe31678360 DEBUG   GST_POLL gstpoll.c:979:gst_poll_fd_ctl_write: 0x55fe3169d920: fd (fd:7, idx:1), active : 0
0:00:00.003089983  2758 0x55ede7445360 LOG   GST_REGISTRY gstregistry.c:607:gst_registry_add_feature: emitting feature-added for rusage
0:00:00.008023218  2757 0x55fe31678360 LOG   GST_POLL gstpoll.c:994:gst_poll_fd_ctl_write: 0x55fe3169d920: pfd->events now 56 (POLLOUT:4)
0:00:00.008036157  2757 0x55fe31678360 DEBUG   GST_REGISTRY gstregistry.c:1383:gst_registry_scan_path_internal: registry changed in path /home/conan/w/prod/BuildSingleReference/.conan/data/gstreamer/1.19.1/_/_/package/272fbcd9d24b96d15fa29c90965666ae8e9f2d35/lib/gstreamer-1.0: 0
0:00:00.003112113  2758 0x55ede7445360 TRACE   GST_REFCOUNTING gstobject.c:208:gst_object_init: 0x55ede746cf20 new
0:00:00.008069565  2757 0x55fe31678360 DEBUG   GST_POLL gstpoll.c:979:gst_poll_fd_ctl_write: 0x55fe3169d920: fd (fd:7, idx:1), active : 1
0:00:00.003153907  2758 0x55ede7445360 DEBUG   GST_TRACER gsttracer.c:169:gst_tracer_register: new tracer factory for stats
0:00:00.008083956  2757 0x55fe31678360 LOG   GST_POLL gstpoll.c:994:gst_poll_fd_ctl_write: 0x55fe3169d920: pfd->events now 60 (POLLOUT:4)
0:00:00.003170089  2758 0x55ede7445360 DEBUG   GST_TRACER gsttracer.c:176:gst_tracer_register: tracer factory for 3880176912:GstStatsTracer
0:00:00.008102420  2757 0x55fe31678360 DEBUG   GST_POLL gstpoll.c:1414:gst_poll_wait: 0x55fe3169d920: timeout :0:00:01.000000000
0:00:00.003179398  2758 0x55ede7445360 DEBUG   GST_REGISTRY gstregistry.c:589:gst_registry_add_feature: adding feature 0x55ede746cf20 (stats)
0:00:00.003186001  2758 0x55ede7445360 DEBUG   GST_REFCOUNTING gstobject.c:708:gst_object_set_parent: set parent (ref and sink)
0:00:00.008111901  2757 0x55fe31678360 LOG   GST_PLUGIN_LOADING gstpluginloader.c:1026:exchange_packets: Poll res = 1. 12 bytes pending for write
0:00:00.003193214  2758 0x55ede7445360 TRACE   GST_REFCOUNTING gstobject.c:292:gst_object_ref_sink: 0x55ede746cf20 ref_sink 1->2
0:00:00.008120649  2757 0x55fe31678360 DEBUG   GST_POLL gstpoll.c:1241:gst_poll_fd_has_error: 0x55fe3169d920: fd (fd:8, idx:2) 0
0:00:00.003203369  2758 0x55ede7445360 LOG   GST_REGISTRY gstregistry.c:607:gst_registry_add_feature: emitting feature-added for stats
0:00:00.008132089  2757 0x55fe31678360 DEBUG   GST_POLL gstpoll.c:1266:gst_poll_fd_can_read_unlocked: 0x55fe3169d920: fd (fd:8, idx:2) 0
0:00:00.008139872  2757 0x55fe31678360 DEBUG   GST_POLL gstpoll.c:1195:gst_poll_fd_has_closed: 0x55fe3169d920: fd (fd:8, idx:2) 0
0:00:00.003219182  2758 0x55ede7445360 TRACE   GST_REFCOUNTING gstobject.c:208:gst_object_init: 0x55ede746d1a0 new
0:00:00.008146173  2757 0x55fe31678360 DEBUG   GST_POLL gstpoll.c:1241:gst_poll_fd_has_error: 0x55fe3169d920: fd (fd:7, idx:1) 0
0:00:00.008154697  2757 0x55fe31678360 DEBUG   GST_POLL gstpoll.c:1335:gst_poll_fd_can_write: 0x55fe3169d920: fd (fd:7, idx:1) 1
0:00:00.003229558  2758 0x55ede7445360 DEBUG   GST_TRACER gsttracer.c:169:gst_tracer_register: new tracer factory for leaks
0:00:00.008163653  2757 0x55fe31678360 LOG   GST_PLUGIN_LOADING gstpluginloader.c:689:write_one: Writing packet of size 12 bytes to fd 7
0:00:00.003243370  2758 0x55ede7445360 DEBUG   GST_TRACER gsttracer.c:176:gst_tracer_register: tracer factory for 3880177632:GstLeaksTracer
0:00:00.008173236  2757 0x55fe31678360 DEBUG   GST_POLL gstpoll.c:979:gst_poll_fd_ctl_write: 0x55fe3169d920: fd (fd:7, idx:1), active : 0
0:00:00.003252671  2758 0x55ede7445360 DEBUG   GST_REGISTRY gstregistry.c:589:gst_registry_add_feature: adding feature 0x55ede746d1a0 (leaks)
0:00:00.008180246  2757 0x55fe31678360 LOG   GST_POLL gstpoll.c:994:gst_poll_fd_ctl_write: 0x55fe3169d920: pfd->events now 56 (POLLOUT:4)
0:00:00.003259630  2758 0x55ede7445360 DEBUG   GST_REFCOUNTING gstobject.c:708:gst_object_set_parent: set parent (ref and sink)
0:00:00.003267422  2758 0x55ede7445360 TRACE   GST_REFCOUNTING gstobject.c:292:gst_object_ref_sink: 0x55ede746d1a0 ref_sink 1->2
0:00:00.008194026  2757 0x55fe31678360 DEBUG   GST_POLL gstpoll.c:1414:gst_poll_wait: 0x55fe3169d920: timeout :0:00:01.000000000
0:00:00.003276682  2758 0x55ede7445360 LOG   GST_REGISTRY gstregistry.c:607:gst_registry_add_feature: emitting feature-added for leaks
0:00:00.003290347  2758 0x55ede7445360 LOG   GST_PLUGIN_LOADING gstplugin.c:541:gst_plugin_register_func: plugin "/home/conan/w/prod/BuildSingleReference/.conan/data/gstreamer/1.19.1/_/_/package/272fbcd9d24b96d15fa29c90965666ae8e9f2d35/lib/gstreamer-1.0/libgstcoretracers.so" initialised
0:00:00.003298565  2758 0x55ede7445360 INFO   GST_PLUGIN_LOADING gstplugin.c:915:_priv_gst_plugin_load_file_for_registry: plugin "/home/conan/w/prod/BuildSingleReference/.conan/data/gstreamer/1.19.1/_/_/package/272fbcd9d24b96d15fa29c90965666ae8e9f2d35/lib/gstreamer-1.0/libgstcoretracers.so" loaded
0:00:00.003306204  2758 0x55ede7445360 TRACE   GST_REFCOUNTING gstobject.c:237:gst_object_ref: 0x55ede746b3d0 ref 1->2
0:00:00.003318203  2758 0x55ede7445360 DEBUG   GST_REGISTRY gstregistry.c:473:gst_registry_add_plugin: adding plugin 0x55ede746b3d0 for filename "/home/conan/w/prod/BuildSingleReference/.conan/data/gstreamer/1.19.1/_/_/package/272fbcd9d24b96d15fa29c90965666ae8e9f2d35/lib/gstreamer-1.0/libgstcoretracers.so"
0:00:00.003326598  2758 0x55ede7445360 TRACE   GST_REFCOUNTING gstobject.c:292:gst_object_ref_sink: 0x55ede746b3d0 ref_sink 2->3
0:00:00.003333913  2758 0x55ede7445360 LOG   GST_REGISTRY gstregistry.c:486:gst_registry_add_plugin: emitting plugin-added for filename "/home/conan/w/prod/BuildSingleReference/.conan/data/gstreamer/1.19.1/_/_/package/272fbcd9d24b96d15fa29c90965666ae8e9f2d35/lib/gstreamer-1.0/libgstcoretracers.so"
0:00:00.003341984  2758 0x55ede7445360 TRACE   GST_REFCOUNTING gstobject.c:237:gst_object_ref: 0x55ede746d1a0 ref 1->2
0:00:00.003353034  2758 0x55ede7445360 TRACE   GST_REFCOUNTING gstobject.c:237:gst_object_ref: 0x55ede746cf20 ref 1->2
0:00:00.003360741  2758 0x55ede7445360 TRACE   GST_REFCOUNTING gstobject.c:237:gst_object_ref: 0x55ede746cc00 ref 1->2
0:00:00.003367774  2758 0x55ede7445360 TRACE   GST_REFCOUNTING gstobject.c:237:gst_object_ref: 0x55ede746c930 ref 1->2
0:00:00.003374516  2758 0x55ede7445360 TRACE   GST_REFCOUNTING gstobject.c:237:gst_object_ref: 0x55ede746c420 ref 1->2
0:00:00.003395310  2758 0x55ede7445360 TRACE   GST_REFCOUNTING gstobject.c:264:gst_object_unref: 0x55ede746c420 unref 2->1
0:00:00.003404648  2758 0x55ede7445360 TRACE   GST_REFCOUNTING gstobject.c:264:gst_object_unref: 0x55ede746c930 unref 2->1
0:00:00.003411999  2758 0x55ede7445360 TRACE   GST_REFCOUNTING gstobject.c:264:gst_object_unref: 0x55ede746cc00 unref 2->1
0:00:00.003421804  2758 0x55ede7445360 TRACE   GST_REFCOUNTING gstobject.c:264:gst_object_unref: 0x55ede746cf20 unref 2->1
0:00:00.003429616  2758 0x55ede7445360 TRACE   GST_REFCOUNTING gstobject.c:264:gst_object_unref: 0x55ede746d1a0 unref 2->1
0:00:00.003439547  2758 0x55ede7445360 DEBUG   GST_REGISTRY gstregistrychunks.c:497:_priv_gst_registry_chunks_save_plugin: Found 5 features in plugin 0x55ede746b3d0 (coretracers)
0:00:00.003450277  2758 0x55ede7445360 DEBUG   GST_POLL gstpoll.c:979:gst_poll_fd_ctl_write: 0x55ede7469d30: fd (fd:0, idx:1), active : 1
0:00:00.003460561  2758 0x55ede7445360 LOG   GST_POLL gstpoll.c:994:gst_poll_fd_ctl_write: 0x55ede7469d30: pfd->events now 60 (POLLOUT:4)
0:00:00.003472901  2758 0x55ede7445360 DEBUG   GST_POLL gstpoll.c:979:gst_poll_fd_ctl_write: 0x55ede7469d30: fd (fd:0, idx:1), active : 1
0:00:00.003490187  2758 0x55ede7445360 LOG   GST_POLL gstpoll.c:994:gst_poll_fd_ctl_write: 0x55ede7469d30: pfd->events now 60 (POLLOUT:4)
0:00:00.003500790  2758 0x55ede7445360 DEBUG   GST_POLL gstpoll.c:979:gst_poll_fd_ctl_write: 0x55ede7469d30: fd (fd:0, idx:1), active : 1
0:00:00.003507854  2758 0x55ede7445360 LOG   GST_POLL gstpoll.c:994:gst_poll_fd_ctl_write: 0x55ede7469d30: pfd->events now 60 (POLLOUT:4)
0:00:00.003514356  2758 0x55ede7445360 DEBUG   GST_POLL gstpoll.c:979:gst_poll_fd_ctl_write: 0x55ede7469d30: fd (fd:0, idx:1), active : 1
0:00:00.003520067  2758 0x55ede7445360 LOG   GST_POLL gstpoll.c:994:gst_poll_fd_ctl_write: 0x55ede7469d30: pfd->events now 60 (POLLOUT:4)
0:00:00.003528933  2758 0x55ede7445360 DEBUG   GST_POLL gstpoll.c:979:gst_poll_fd_ctl_write: 0x55ede7469d30: fd (fd:0, idx:1), active : 1
0:00:00.003536114  2758 0x55ede7445360 LOG   GST_POLL gstpoll.c:994:gst_poll_fd_ctl_write: 0x55ede7469d30: pfd->events now 60 (POLLOUT:4)
0:00:00.003542837  2758 0x55ede7445360 DEBUG   GST_POLL gstpoll.c:979:gst_poll_fd_ctl_write: 0x55ede7469d30: fd (fd:0, idx:1), active : 1
0:00:00.003548544  2758 0x55ede7445360 LOG   GST_POLL gstpoll.c:994:gst_poll_fd_ctl_write: 0x55ede7469d30: pfd->events now 60 (POLLOUT:4)
0:00:00.003557294  2758 0x55ede7445360 DEBUG   GST_POLL gstpoll.c:979:gst_poll_fd_ctl_write: 0x55ede7469d30: fd (fd:0, idx:1), active : 1
0:00:00.003564186  2758 0x55ede7445360 LOG   GST_POLL gstpoll.c:994:gst_poll_fd_ctl_write: 0x55ede7469d30: pfd->events now 60 (POLLOUT:4)
0:00:00.003570436  2758 0x55ede7445360 DEBUG   GST_POLL gstpoll.c:979:gst_poll_fd_ctl_write: 0x55ede7469d30: fd (fd:0, idx:1), active : 1
0:00:00.003576190  2758 0x55ede7445360 LOG   GST_POLL gstpoll.c:994:gst_poll_fd_ctl_write: 0x55ede7469d30: pfd->events now 60 (POLLOUT:4)
0:00:00.003585148  2758 0x55ede7445360 DEBUG   GST_POLL gstpoll.c:979:gst_poll_fd_ctl_write: 0x55ede7469d30: fd (fd:0, idx:1), active : 1
0:00:00.003592193  2758 0x55ede7445360 LOG   GST_POLL gstpoll.c:994:gst_poll_fd_ctl_write: 0x55ede7469d30: pfd->events now 60 (POLLOUT:4)
0:00:00.003598609  2758 0x55ede7445360 DEBUG   GST_POLL gstpoll.c:979:gst_poll_fd_ctl_write: 0x55ede7469d30: fd (fd:0, idx:1), active : 1
0:00:00.003604333  2758 0x55ede7445360 LOG   GST_POLL gstpoll.c:994:gst_poll_fd_ctl_write: 0x55ede7469d30: pfd->events now 60 (POLLOUT:4)
0:00:00.003613225  2758 0x55ede7445360 DEBUG   GST_POLL gstpoll.c:979:gst_poll_fd_ctl_write: 0x55ede7469d30: fd (fd:0, idx:1), active : 1
0:00:00.003620066  2758 0x55ede7445360 LOG   GST_POLL gstpoll.c:994:gst_poll_fd_ctl_write: 0x55ede7469d30: pfd->events now 60 (POLLOUT:4)
0:00:00.003626257  2758 0x55ede7445360 DEBUG   GST_POLL gstpoll.c:979:gst_poll_fd_ctl_write: 0x55ede7469d30: fd (fd:0, idx:1), active : 1
0:00:00.003631877  2758 0x55ede7445360 LOG   GST_POLL gstpoll.c:994:gst_poll_fd_ctl_write: 0x55ede7469d30: pfd->events now 60 (POLLOUT:4)
0:00:00.003640638  2758 0x55ede7445360 DEBUG   GST_POLL gstpoll.c:979:gst_poll_fd_ctl_write: 0x55ede7469d30: fd (fd:0, idx:1), active : 1
0:00:00.003652234  2758 0x55ede7445360 LOG   GST_POLL gstpoll.c:994:gst_poll_fd_ctl_write: 0x55ede7469d30: pfd->events now 60 (POLLOUT:4)
0:00:00.003658682  2758 0x55ede7445360 DEBUG   GST_POLL gstpoll.c:979:gst_poll_fd_ctl_write: 0x55ede7469d30: fd (fd:0, idx:1), active : 1
0:00:00.003664433  2758 0x55ede7445360 LOG   GST_POLL gstpoll.c:994:gst_poll_fd_ctl_write: 0x55ede7469d30: pfd->events now 60 (POLLOUT:4)
0:00:00.003673350  2758 0x55ede7445360 DEBUG   GST_POLL gstpoll.c:979:gst_poll_fd_ctl_write: 0x55ede7469d30: fd (fd:0, idx:1), active : 1
0:00:00.003680290  2758 0x55ede7445360 LOG   GST_POLL gstpoll.c:994:gst_poll_fd_ctl_write: 0x55ede7469d30: pfd->events now 60 (POLLOUT:4)
0:00:00.003686645  2758 0x55ede7445360 DEBUG   GST_POLL gstpoll.c:979:gst_poll_fd_ctl_write: 0x55ede7469d30: fd (fd:0, idx:1), active : 1
0:00:00.003692327  2758 0x55ede7445360 LOG   GST_POLL gstpoll.c:994:gst_poll_fd_ctl_write: 0x55ede7469d30: pfd->events now 60 (POLLOUT:4)
0:00:00.003701217  2758 0x55ede7445360 DEBUG   GST_POLL gstpoll.c:979:gst_poll_fd_ctl_write: 0x55ede7469d30: fd (fd:0, idx:1), active : 1
0:00:00.003708167  2758 0x55ede7445360 LOG   GST_POLL gstpoll.c:994:gst_poll_fd_ctl_write: 0x55ede7469d30: pfd->events now 60 (POLLOUT:4)
0:00:00.003714691  2758 0x55ede7445360 DEBUG   GST_POLL gstpoll.c:979:gst_poll_fd_ctl_write: 0x55ede7469d30: fd (fd:0, idx:1), active : 1
0:00:00.003720603  2758 0x55ede7445360 LOG   GST_POLL gstpoll.c:994:gst_poll_fd_ctl_write: 0x55ede7469d30: pfd->events now 60 (POLLOUT:4)
0:00:00.003729564  2758 0x55ede7445360 DEBUG   GST_POLL gstpoll.c:979:gst_poll_fd_ctl_write: 0x55ede7469d30: fd (fd:0, idx:1), active : 1
0:00:00.003736257  2758 0x55ede7445360 LOG   GST_POLL gstpoll.c:994:gst_poll_fd_ctl_write: 0x55ede7469d30: pfd->events now 60 (POLLOUT:4)
0:00:00.003742379  2758 0x55ede7445360 DEBUG   GST_POLL gstpoll.c:979:gst_poll_fd_ctl_write: 0x55ede7469d30: fd (fd:0, idx:1), active : 1
0:00:00.003748017  2758 0x55ede7445360 LOG   GST_POLL gstpoll.c:994:gst_poll_fd_ctl_write: 0x55ede7469d30: pfd->events now 60 (POLLOUT:4)
0:00:00.003756969  2758 0x55ede7445360 DEBUG   GST_POLL gstpoll.c:979:gst_poll_fd_ctl_write: 0x55ede7469d30: fd (fd:0, idx:1), active : 1
0:00:00.003763929  2758 0x55ede7445360 LOG   GST_POLL gstpoll.c:994:gst_poll_fd_ctl_write: 0x55ede7469d30: pfd->events now 60 (POLLOUT:4)
0:00:00.003770969  2758 0x55ede7445360 DEBUG   GST_POLL gstpoll.c:979:gst_poll_fd_ctl_write: 0x55ede7469d30: fd (fd:0, idx:1), active : 1
0:00:00.003776860  2758 0x55ede7445360 LOG   GST_POLL gstpoll.c:994:gst_poll_fd_ctl_write: 0x55ede7469d30: pfd->events now 60 (POLLOUT:4)
0:00:00.003785612  2758 0x55ede7445360 DEBUG   GST_POLL gstpoll.c:979:gst_poll_fd_ctl_write: 0x55ede7469d30: fd (fd:0, idx:1), active : 1
0:00:00.003792344  2758 0x55ede7445360 LOG   GST_POLL gstpoll.c:994:gst_poll_fd_ctl_write: 0x55ede7469d30: pfd->events now 60 (POLLOUT:4)
0:00:00.003798525  2758 0x55ede7445360 DEBUG   GST_POLL gstpoll.c:979:gst_poll_fd_ctl_write: 0x55ede7469d30: fd (fd:0, idx:1), active : 1
0:00:00.003808873  2758 0x55ede7445360 LOG   GST_POLL gstpoll.c:994:gst_poll_fd_ctl_write: 0x55ede7469d30: pfd->events now 60 (POLLOUT:4)
0:00:00.003818020  2758 0x55ede7445360 DEBUG   GST_POLL gstpoll.c:979:gst_poll_fd_ctl_write: 0x55ede7469d30: fd (fd:0, idx:1), active : 1
0:00:00.003825007  2758 0x55ede7445360 LOG   GST_POLL gstpoll.c:994:gst_poll_fd_ctl_write: 0x55ede7469d30: pfd->events now 60 (POLLOUT:4)
0:00:00.003831421  2758 0x55ede7445360 DEBUG   GST_POLL gstpoll.c:979:gst_poll_fd_ctl_write: 0x55ede7469d30: fd (fd:0, idx:1), active : 1
0:00:00.003837242  2758 0x55ede7445360 LOG   GST_POLL gstpoll.c:994:gst_poll_fd_ctl_write: 0x55ede7469d30: pfd->events now 60 (POLLOUT:4)
0:00:00.003846126  2758 0x55ede7445360 DEBUG   GST_POLL gstpoll.c:979:gst_poll_fd_ctl_write: 0x55ede7469d30: fd (fd:0, idx:1), active : 1
0:00:00.003852796  2758 0x55ede7445360 LOG   GST_POLL gstpoll.c:994:gst_poll_fd_ctl_write: 0x55ede7469d30: pfd->events now 60 (POLLOUT:4)
0:00:00.003860301  2758 0x55ede7445360 TRACE   GST_REFCOUNTING gstobject.c:264:gst_object_unref: 0x55ede746b3d0 unref 2->1
0:00:00.003868116  2758 0x55ede7445360 DEBUG   GST_POLL gstpoll.c:1241:gst_poll_fd_has_error: 0x55ede7469d30: fd (fd:0, idx:1) 0
0:00:00.003877202  2758 0x55ede7445360 DEBUG   GST_POLL gstpoll.c:1335:gst_poll_fd_can_write: 0x55ede7469d30: fd (fd:0, idx:1) 0
0:00:00.003884948  2758 0x55ede7445360 DEBUG   GST_POLL gstpoll.c:1195:gst_poll_fd_has_closed: 0x55ede7469d30: fd (fd:0, idx:1) 0
0:00:00.003893445  2758 0x55ede7445360 DEBUG   GST_POLL gstpoll.c:1414:gst_poll_wait: 0x55ede7469d30: timeout :0:00:01.000000000
0:00:00.003903855  2758 0x55ede7445360 LOG   GST_PLUGIN_LOADING gstpluginloader.c:1026:exchange_packets: Poll res = 2. 488 bytes pending for write
0:00:00.003914013  2758 0x55ede7445360 DEBUG   GST_POLL gstpoll.c:1241:gst_poll_fd_has_error: 0x55ede7469d30: fd (fd:5, idx:2) 0
0:00:00.003920721  2758 0x55ede7445360 DEBUG   GST_POLL gstpoll.c:1266:gst_poll_fd_can_read_unlocked: 0x55ede7469d30: fd (fd:5, idx:2) 1
0:00:00.003931213  2758 0x55ede7445360 DEBUG   GST_PLUGIN_LOADING gstpluginloader.c:721:do_plugin_load: Plugin scanner loading file /home/conan/w/prod/BuildSingleReference/.conan/data/gstreamer/1.19.1/_/_/package/272fbcd9d24b96d15fa29c90965666ae8e9f2d35/lib/gstreamer-1.0/libgstcoreelements.so. tag 1
0:00:00.003941594  2758 0x55ede7445360 DEBUG   GST_PLUGIN_LOADING gstplugin.c:767:_priv_gst_plugin_load_file_for_registry: attempt to load plugin "/home/conan/w/prod/BuildSingleReference/.conan/data/gstreamer/1.19.1/_/_/package/272fbcd9d24b96d15fa29c90965666ae8e9f2d35/lib/gstreamer-1.0/libgstcoreelements.so"
0:00:00.004393054  2758 0x55ede7445360 TRACE   GST_REFCOUNTING gstobject.c:208:gst_object_init: 0x55ede746e900 new
0:00:00.004421363  2758 0x55ede7445360 LOG   GST_PLUGIN_LOADING gstplugin.c:889:_priv_gst_plugin_load_file_for_registry: Plugin 0x55ede746e900 for file "/home/conan/w/prod/BuildSingleReference/.conan/data/gstreamer/1.19.1/_/_/package/272fbcd9d24b96d15fa29c90965666ae8e9f2d35/lib/gstreamer-1.0/libgstcoreelements.so" prepared, calling entry function...
0:00:00.004430769  2758 0x55ede7445360 LOG   GST_PLUGIN_LOADING gstplugin.c:896:_priv_gst_plugin_load_file_for_registry: Plugin 0x55ede746e900 for file "/home/conan/w/prod/BuildSingleReference/.conan/data/gstreamer/1.19.1/_/_/package/272fbcd9d24b96d15fa29c90965666ae8e9f2d35/lib/gstreamer-1.0/libgstcoreelements.so" prepared, registering...
0:00:00.004443648  2758 0x55ede7445360 LOG   GST_PLUGIN_LOADING gstplugin.c:514:gst_plugin_register_func: plugin "/home/conan/w/prod/BuildSingleReference/.conan/data/gstreamer/1.19.1/_/_/package/272fbcd9d24b96d15fa29c90965666ae8e9f2d35/lib/gstreamer-1.0/libgstcoreelements.so" looks good
0:00:00.004489434  2758 0x55ede7445360 TRACE   GST_REFCOUNTING gstobject.c:208:gst_object_init: 0x55ede746efc0 new
0:00:00.004505383  2758 0x55ede7445360 LOG   GST_ELEMENT_FACTORY gstelementfactory.c:237:gst_element_register: Created new elementfactory for type GstCapsFilter
0:00:00.004515092  2758 0x55ede7445360 TRACE   structure gststructure.c:292:gst_structure_new_id_empty_with_size: created structure 0x55ede746f630
0:00:00.004522049  2758 0x55ede7445360 TRACE   GST_PERFORMANCE gststructure.c:511:gst_structure_copy: doing copy 0x55ede74542b0 -> 0x55ede746f630
0:00:00.004529657  2758 0x55ede7445360 DEBUG   GST_ELEMENT_PADS gstelement.c:311:gst_element_base_class_init: type GstBaseTransform : factory (nil)
0:00:00.004540832  2758 0x55ede7445360 DEBUG   basetransform gstbasetransform.c:333:gst_base_transform_class_init: gst_base_transform_class_init
0:00:00.004555761  2758 0x55ede7445360 TRACE   structure gststructure.c:292:gst_structure_new_id_empty_with_size: created structure 0x55ede746fc40
0:00:00.004562671  2758 0x55ede7445360 TRACE   GST_PERFORMANCE gststructure.c:511:gst_structure_copy: doing copy 0x55ede746f630 -> 0x55ede746fc40
0:00:00.004574181  2758 0x55ede7445360 DEBUG   GST_ELEMENT_PADS gstelement.c:311:gst_element_base_class_init: type GstCapsFilter : factory 0x55ede746efc0
0:00:00.004599561  2758 0x55ede7445360 TRACE   GST_CAPS gstcaps.c:263:gst_caps_new_empty: created caps 0x55ede746dd50
0:00:00.004607328  2758 0x55ede7445360 TRACE   GST_CAPS gstcaps.c:439:gst_static_caps_get: created 0x7f3538033f70 from string ANY
0:00:00.004614466  2758 0x55ede7445360 TRACE   GST_REFCOUNTING gstminiobject.c:478:gst_mini_object_ref: 0x55ede746dd50 ref 1->2
0:00:00.004647180  2758 0x55ede7445360 TRACE   GST_REFCOUNTING gstobject.c:208:gst_object_init: 0x55ede74705e0 new
0:00:00.004660988  2758 0x55ede7445360 TRACE   GST_REFCOUNTING gstminiobject.c:478:gst_mini_object_ref: 0x55ede746dd50 ref 2->3
0:00:00.004673841  2758 0x55ede7445360 TRACE   GST_REFCOUNTING gstminiobject.c:660:gst_mini_object_unref: 0x55ede746dd50 unref 3->2
0:00:00.004682136  2758 0x55ede7445360 TRACE   GST_REFCOUNTING gstobject.c:292:gst_object_ref_sink: 0x55ede74705e0 ref_sink 1->2
0:00:00.004692481  2758 0x55ede7445360 TRACE   GST_CAPS gstcaps.c:263:gst_caps_new_empty: created caps 0x55ede746cbb0
0:00:00.004699390  2758 0x55ede7445360 TRACE   GST_CAPS gstcaps.c:439:gst_static_caps_get: created 0x7f3538033f30 from string ANY
0:00:00.004705756  2758 0x55ede7445360 TRACE   GST_REFCOUNTING gstminiobject.c:478:gst_mini_object_ref: 0x55ede746cbb0 ref 1->2
0:00:00.004720840  2758 0x55ede7445360 TRACE   GST_REFCOUNTING gstobject.c:208:gst_object_init: 0x55ede7470980 new
0:00:00.004733352  2758 0x55ede7445360 TRACE   GST_REFCOUNTING gstminiobject.c:478:gst_mini_object_ref: 0x55ede746cbb0 ref 2->3
0:00:00.004742849  2758 0x55ede7445360 TRACE   GST_REFCOUNTING gstminiobject.c:660:gst_mini_object_unref: 0x55ede746cbb0 unref 3->2
0:00:00.004750422  2758 0x55ede7445360 TRACE   GST_REFCOUNTING gstobject.c:292:gst_object_ref_sink: 0x55ede7470980 ref_sink 1->2
0:00:00.004761519  2758 0x55ede7445360 TRACE   structure gststructure.c:292:gst_structure_new_id_empty_with_size: created structure 0x55ede7470aa0
0:00:00.004772120  2758 0x55ede7445360 TRACE   GST_PERFORMANCE gststructure.c:511:gst_structure_copy: doing copy 0x55ede746fc40 -> 0x55ede7470aa0
0:00:00.004784048  2758 0x55ede7445360 DEBUG   GST_REGISTRY gstregistry.c:589:gst_registry_add_feature: adding feature 0x55ede746efc0 (capsfilter)
0:00:00.004792270  2758 0x55ede7445360 DEBUG   GST_REFCOUNTING gstobject.c:708:gst_object_set_parent: set parent (ref and sink)
0:00:00.004799364  2758 0x55ede7445360 TRACE   GST_REFCOUNTING gstobject.c:292:gst_object_ref_sink: 0x55ede746efc0 ref_sink 1->2
0:00:00.004809453  2758 0x55ede7445360 LOG   GST_REGISTRY gstregistry.c:607:gst_registry_add_feature: emitting feature-added for capsfilter
0:00:00.004827065  2758 0x55ede7445360 TRACE   GST_REFCOUNTING gstobject.c:208:gst_object_init: 0x55ede7470fe0 new
0:00:00.004838247  2758 0x55ede7445360 LOG   GST_ELEMENT_FACTORY gstelementfactory.c:237:gst_element_register: Created new elementfactory for type GstClockSync
0:00:00.004849536  2758 0x55ede7445360 TRACE   structure gststructure.c:292:gst_structure_new_id_empty_with_size: created structure 0x55ede74713c0
0:00:00.004856179  2758 0x55ede7445360 TRACE   GST_PERFORMANCE gststructure.c:511:gst_structure_copy: doing copy 0x55ede74542b0 -> 0x55ede74713c0
0:00:00.004862936  2758 0x55ede7445360 DEBUG   GST_ELEMENT_PADS gstelement.c:311:gst_element_base_class_init: type GstClockSync : factory 0x55ede7470fe0
0:00:00.004880257  2758 0x55ede7445360 TRACE   GST_CAPS gstcaps.c:263:gst_caps_new_empty: created caps 0x55ede74548d0
0:00:00.004889784  2758 0x55ede7445360 TRACE   GST_CAPS gstcaps.c:439:gst_static_caps_get: created 0x7f3538033ff0 from string ANY
0:00:00.004896972  2758 0x55ede7445360 TRACE   GST_REFCOUNTING gstminiobject.c:478:gst_mini_object_ref: 0x55ede74548d0 ref 1->2
0:00:00.004907014  2758 0x55ede7445360 TRACE   GST_REFCOUNTING gstobject.c:208:gst_object_init: 0x55ede74716e0 new
0:00:00.004916483  2758 0x55ede7445360 TRACE   GST_REFCOUNTING gstminiobject.c:478:gst_mini_object_ref: 0x55ede74548d0 ref 2->3
0:00:00.004934873  2758 0x55ede7445360 TRACE   GST_REFCOUNTING gstminiobject.c:660:gst_mini_object_unref: 0x55ede74548d0 unref 3->2
0:00:00.004942966  2758 0x55ede7445360 TRACE   GST_REFCOUNTING gstobject.c:292:gst_object_ref_sink: 0x55ede74716e0 ref_sink 1->2
0:00:00.004949790  2758 0x55ede7445360 TRACE   GST_CAPS gstcaps.c:263:gst_caps_new_empty: created caps 0x55ede7458470
0:00:00.004963807  2758 0x55ede7445360 TRACE   GST_CAPS gstcaps.c:439:gst_static_caps_get: created 0x7f3538033fb0 from string ANY
0:00:00.004971154  2758 0x55ede7445360 TRACE   GST_REFCOUNTING gstminiobject.c:478:gst_mini_object_ref: 0x55ede7458470 ref 1->2
0:00:00.004980717  2758 0x55ede7445360 TRACE   GST_REFCOUNTING gstobject.c:208:gst_object_init: 0x55ede7471980 new
0:00:00.004989494  2758 0x55ede7445360 TRACE   GST_REFCOUNTING gstminiobject.c:478:gst_mini_object_ref: 0x55ede7458470 ref 2->3
0:00:00.005001138  2758 0x55ede7445360 TRACE   GST_REFCOUNTING gstminiobject.c:660:gst_mini_object_unref: 0x55ede7458470 unref 3->2
0:00:00.005009861  2758 0x55ede7445360 TRACE   GST_REFCOUNTING gstobject.c:292:gst_object_ref_sink: 0x55ede7471980 ref_sink 1->2
0:00:00.005018195  2758 0x55ede7445360 TRACE   structure gststructure.c:292:gst_structure_new_id_empty_with_size: created structure 0x55ede7471ad0
0:00:00.005025206  2758 0x55ede7445360 TRACE   GST_PERFORMANCE gststructure.c:511:gst_structure_copy: doing copy 0x55ede74713c0 -> 0x55ede7471ad0
0:00:00.005037848  2758 0x55ede7445360 DEBUG   GST_REGISTRY gstregistry.c:589:gst_registry_add_feature: adding feature 0x55ede7470fe0 (clocksync)
0:00:00.005045228  2758 0x55ede7445360 DEBUG   GST_REFCOUNTING gstobject.c:708:gst_object_set_parent: set parent (ref and sink)
0:00:00.005052606  2758 0x55ede7445360 TRACE   GST_REFCOUNTING gstobject.c:292:gst_object_ref_sink: 0x55ede7470fe0 ref_sink 1->2
0:00:00.005059132  2758 0x55ede7445360 LOG   GST_REGISTRY gstregistry.c:607:gst_registry_add_feature: emitting feature-added for clocksync
0:00:00.005075460  2758 0x55ede7445360 TRACE   GST_REFCOUNTING gstobject.c:208:gst_object_init: 0x55ede7471dd0 new
0:00:00.005090468  2758 0x55ede7445360 LOG   GST_ELEMENT_FACTORY gstelementfactory.c:237:gst_element_register: Created new elementfactory for type GstConcat
0:00:00.005098547  2758 0x55ede7445360 TRACE   structure gststructure.c:292:gst_structure_new_id_empty_with_size: created structure 0x55ede74721b0
0:00:00.005107295  2758 0x55ede7445360 TRACE   GST_PERFORMANCE gststructure.c:511:gst_structure_copy: doing copy 0x55ede74542b0 -> 0x55ede74721b0
0:00:00.005115293  2758 0x55ede7445360 DEBUG   GST_ELEMENT_PADS gstelement.c:311:gst_element_base_class_init: type GstConcat : factory 0x55ede7471dd0
0:00:00.005153926  2758 0x55ede7445360 TRACE   GST_CAPS gstcaps.c:263:gst_caps_new_empty: created caps 0x55ede7471f00
0:00:00.005167498  2758 0x55ede7445360 TRACE   GST_CAPS gstcaps.c:439:gst_static_caps_get: created 0x7f3538034030 from string ANY
0:00:00.005176801  2758 0x55ede7445360 TRACE   GST_REFCOUNTING gstminiobject.c:478:gst_mini_object_ref: 0x55ede7471f00 ref 1->2
0:00:00.005189627  2758 0x55ede7445360 TRACE   GST_REFCOUNTING gstobject.c:208:gst_object_init: 0x55ede7472440 new
0:00:00.005201812  2758 0x55ede7445360 TRACE   GST_REFCOUNTING gstminiobject.c:478:gst_mini_object_ref: 0x55ede7471f00 ref 2->3
0:00:00.005223761  2758 0x55ede7445360 TRACE   GST_REFCOUNTING gstminiobject.c:660:gst_mini_object_unref: 0x55ede7471f00 unref 3->2
0:00:00.005233955  2758 0x55ede7445360 TRACE   GST_REFCOUNTING gstobject.c:292:gst_object_ref_sink: 0x55ede7472440 ref_sink 1->2
0:00:00.005240757  2758 0x55ede7445360 TRACE   GST_CAPS gstcaps.c:263:gst_caps_new_empty: created caps 0x55ede7471110
0:00:00.005246721  2758 0x55ede7445360 TRACE   GST_CAPS gstcaps.c:439:gst_static_caps_get: created 0x7f3538034070 from string ANY
0:00:00.005255353  2758 0x55ede7445360 TRACE   GST_REFCOUNTING gstminiobject.c:478:gst_mini_object_ref: 0x55ede7471110 ref 1->2
0:00:00.005266333  2758 0x55ede7445360 TRACE   GST_REFCOUNTING gstobject.c:208:gst_object_init: 0x55ede7472630 new
0:00:00.005275642  2758 0x55ede7445360 TRACE   GST_REFCOUNTING gstminiobject.c:478:gst_mini_object_ref: 0x55ede7471110 ref 2->3
0:00:00.005284441  2758 0x55ede7445360 TRACE   GST_REFCOUNTING gstminiobject.c:660:gst_mini_object_unref: 0x55ede7471110 unref 3->2
0:00:00.005294534  2758 0x55ede7445360 TRACE   GST_REFCOUNTING gstobject.c:292:gst_object_ref_sink: 0x55ede7472630 ref_sink 1->2
0:00:00.005305010  2758 0x55ede7445360 TRACE   structure gststructure.c:292:gst_structure_new_id_empty_with_size: created structure 0x55ede7472910
0:00:00.005312330  2758 0x55ede7445360 TRACE   GST_PERFORMANCE gststructure.c:511:gst_structure_copy: doing copy 0x55ede74721b0 -> 0x55ede7472910
0:00:00.005322354  2758 0x55ede7445360 DEBUG   GST_REGISTRY gstregistry.c:589:gst_registry_add_feature: adding feature 0x55ede7471dd0 (concat)
0:00:00.005331262  2758 0x55ede7445360 DEBUG   GST_REFCOUNTING gstobject.c:708:gst_object_set_parent: set parent (ref and sink)
0:00:00.005340081  2758 0x55ede7445360 TRACE   GST_REFCOUNTING gstobject.c:292:gst_object_ref_sink: 0x55ede7471dd0 ref_sink 1->2
0:00:00.005346849  2758 0x55ede7445360 LOG   GST_REGISTRY gstregistry.c:607:gst_registry_add_feature: emitting feature-added for concat
0:00:00.005371101  2758 0x55ede7445360 TRACE   GST_REFCOUNTING gstobject.c:208:gst_object_init: 0x55ede7472cb0 new
0:00:00.005383907  2758 0x55ede7445360 LOG   GST_ELEMENT_FACTORY gstelementfactory.c:237:gst_element_register: Created new elementfactory for type GstDataURISrc
0:00:00.005395428  2758 0x55ede7445360 TRACE   structure gststructure.c:292:gst_structure_new_id_empty_with_size: created structure 0x55ede74731d0
0:00:00.005404149  2758 0x55ede7445360 TRACE   GST_PERFORMANCE gststructure.c:511:gst_structure_copy: doing copy 0x55ede74542b0 -> 0x55ede74731d0
0:00:00.005412268  2758 0x55ede7445360 DEBUG   GST_ELEMENT_PADS gstelement.c:311:gst_element_base_class_init: type GstBaseSrc : factory (nil)
0:00:00.005446430  2758 0x55ede7445360 TRACE   structure gststructure.c:292:gst_structure_new_id_empty_with_size: created structure 0x55ede7474400
0:00:00.005452987  2758 0x55ede7445360 TRACE   GST_PERFORMANCE gststructure.c:511:gst_structure_copy: doing copy 0x55ede74731d0 -> 0x55ede7474400
0:00:00.005468134  2758 0x55ede7445360 DEBUG   GST_ELEMENT_PADS gstelement.c:311:gst_element_base_class_init: type GstDataURISrc : factory 0x55ede7472cb0
0:00:00.005506420  2758 0x55ede7445360 TRACE   GST_CAPS gstcaps.c:263:gst_caps_new_empty: created caps 0x55ede7472de0
0:00:00.005514089  2758 0x55ede7445360 TRACE   GST_CAPS gstcaps.c:439:gst_static_caps_get: created 0x7f35380340b0 from string ANY
0:00:00.005523070  2758 0x55ede7445360 TRACE   GST_REFCOUNTING gstminiobject.c:478:gst_mini_object_ref: 0x55ede7472de0 ref 1->2
0:00:00.005534049  2758 0x55ede7445360 TRACE   GST_REFCOUNTING gstobject.c:208:gst_object_init: 0x55ede7469550 new
0:00:00.005543632  2758 0x55ede7445360 TRACE   GST_REFCOUNTING gstminiobject.c:478:gst_mini_object_ref: 0x55ede7472de0 ref 2->3
0:00:00.005552338  2758 0x55ede7445360 TRACE   GST_REFCOUNTING gstminiobject.c:660:gst_mini_object_unref: 0x55ede7472de0 unref 3->2
0:00:00.005562501  2758 0x55ede7445360 TRACE   GST_REFCOUNTING gstobject.c:292:gst_object_ref_sink: 0x55ede7469550 ref_sink 1->2
0:00:00.005584695  2758 0x55ede7445360 TRACE   structure gststructure.c:292:gst_structure_new_id_empty_with_size: created structure 0x55ede7474640
0:00:00.005592426  2758 0x55ede7445360 TRACE   GST_PERFORMANCE gststructure.c:511:gst_structure_copy: doing copy 0x55ede7474400 -> 0x55ede7474640
0:00:00.005605081  2758 0x55ede7445360 DEBUG   GST_REGISTRY gstregistry.c:589:gst_registry_add_feature: adding feature 0x55ede7472cb0 (dataurisrc)
0:00:00.005614674  2758 0x55ede7445360 DEBUG   GST_REFCOUNTING gstobject.c:708:gst_object_set_parent: set parent (ref and sink)
0:00:00.005622855  2758 0x55ede7445360 TRACE   GST_REFCOUNTING gstobject.c:292:gst_object_ref_sink: 0x55ede7472cb0 ref_sink 1->2
0:00:00.005629683  2758 0x55ede7445360 LOG   GST_REGISTRY gstregistry.c:607:gst_registry_add_feature: emitting feature-added for dataurisrc
0:00:00.005644431  2758 0x55ede7445360 TRACE   GST_REFCOUNTING gstobject.c:208:gst_object_init: 0x55ede7474ac0 new
0:00:00.005657362  2758 0x55ede7445360 LOG   GST_ELEMENT_FACTORY gstelementfactory.c:237:gst_element_register: Created new elementfactory for type GstDownloadBuffer
0:00:00.005676397  2758 0x55ede7445360 TRACE   structure gststructure.c:292:gst_structure_new_id_empty_with_size: created structure 0x55ede7474ea0
0:00:00.005685242  2758 0x55ede7445360 TRACE   GST_PERFORMANCE gststructure.c:511:gst_structure_copy: doing copy 0x55ede74542b0 -> 0x55ede7474ea0
0:00:00.005693338  2758 0x55ede7445360 DEBUG   GST_ELEMENT_PADS gstelement.c:311:gst_element_base_class_init: type GstDownloadBuffer : factory 0x55ede7474ac0
0:00:00.005717521  2758 0x55ede7445360 TRACE   GST_CAPS gstcaps.c:263:gst_caps_new_empty: created caps 0x55ede7474bf0
0:00:00.005723997  2758 0x55ede7445360 TRACE   GST_CAPS gstcaps.c:439:gst_static_caps_get: created 0x7f3538034150 from string ANY
0:00:00.005732669  2758 0x55ede7445360 TRACE   GST_REFCOUNTING gstminiobject.c:478:gst_mini_object_ref: 0x55ede7474bf0 ref 1->2
0:00:00.005748674  2758 0x55ede7445360 TRACE   GST_REFCOUNTING gstobject.c:208:gst_object_init: 0x55ede7475400 new
0:00:00.005758244  2758 0x55ede7445360 TRACE   GST_REFCOUNTING gstminiobject.c:478:gst_mini_object_ref: 0x55ede7474bf0 ref 2->3
0:00:00.005766910  2758 0x55ede7445360 TRACE   GST_REFCOUNTING gstminiobject.c:660:gst_mini_object_unref: 0x55ede7474bf0 unref 3->2
0:00:00.005776779  2758 0x55ede7445360 TRACE   GST_REFCOUNTING gstobject.c:292:gst_object_ref_sink: 0x55ede7475400 ref_sink 1->2
0:00:00.005784646  2758 0x55ede7445360 TRACE   GST_CAPS gstcaps.c:263:gst_caps_new_empty: created caps 0x55ede7475570
0:00:00.005790733  2758 0x55ede7445360 TRACE   GST_CAPS gstcaps.c:439:gst_static_caps_get: created 0x7f3538034110 from string ANY
0:00:00.005796718  2758 0x55ede7445360 TRACE   GST_REFCOUNTING gstminiobject.c:478:gst_mini_object_ref: 0x55ede7475570 ref 1->2
0:00:00.005808698  2758 0x55ede7445360 TRACE   GST_REFCOUNTING gstobject.c:208:gst_object_init: 0x55ede74755e0 new
0:00:00.005819019  2758 0x55ede7445360 TRACE   GST_REFCOUNTING gstminiobject.c:478:gst_mini_object_ref: 0x55ede7475570 ref 2->3
0:00:00.005828031  2758 0x55ede7445360 TRACE   GST_REFCOUNTING gstminiobject.c:660:gst_mini_object_unref: 0x55ede7475570 unref 3->2
0:00:00.005835226  2758 0x55ede7445360 TRACE   GST_REFCOUNTING gstobject.c:292:gst_object_ref_sink: 0x55ede74755e0 ref_sink 1->2
0:00:00.005848244  2758 0x55ede7445360 TRACE   structure gststructure.c:292:gst_structure_new_id_empty_with_size: created structure 0x55ede74758e0
0:00:00.005856692  2758 0x55ede7445360 TRACE   GST_PERFORMANCE gststructure.c:511:gst_structure_copy: doing copy 0x55ede7474ea0 -> 0x55ede74758e0
0:00:00.005866751  2758 0x55ede7445360 DEBUG   GST_REGISTRY gstregistry.c:589:gst_registry_add_feature: adding feature 0x55ede7474ac0 (downloadbuffer)
0:00:00.005873301  2758 0x55ede7445360 DEBUG   GST_REFCOUNTING gstobject.c:708:gst_object_set_parent: set parent (ref and sink)
0:00:00.005883224  2758 0x55ede7445360 TRACE   GST_REFCOUNTING gstobject.c:292:gst_object_ref_sink: 0x55ede7474ac0 ref_sink 1->2
0:00:00.005891182  2758 0x55ede7445360 LOG   GST_REGISTRY gstregistry.c:607:gst_registry_add_feature: emitting feature-added for downloadbuffer
0:00:00.005909718  2758 0x55ede7445360 TRACE   GST_REFCOUNTING gstobject.c:208:gst_object_init: 0x55ede7475c90 new
0:00:00.005923220  2758 0x55ede7445360 LOG   GST_ELEMENT_FACTORY gstelementfactory.c:237:gst_element_register: Created new elementfactory for type GstFakeSrc
0:00:00.005934867  2758 0x55ede7445360 TRACE   structure gststructure.c:292:gst_structure_new_id_empty_with_size: created structure 0x55ede74761b0
0:00:00.005941265  2758 0x55ede7445360 TRACE   GST_PERFORMANCE gststructure.c:511:gst_structure_copy: doing copy 0x55ede74731d0 -> 0x55ede74761b0
0:00:00.005947926  2758 0x55ede7445360 DEBUG   GST_ELEMENT_PADS gstelement.c:311:gst_element_base_class_init: type GstFakeSrc : factory 0x55ede7475c90
0:00:00.006012417  2758 0x55ede7445360 TRACE   GST_CAPS gstcaps.c:263:gst_caps_new_empty: created caps 0x55ede7475dc0
0:00:00.006024572  2758 0x55ede7445360 TRACE   GST_CAPS gstcaps.c:439:gst_static_caps_get: created 0x7f35380341d0 from string ANY
0:00:00.006031082  2758 0x55ede7445360 TRACE   GST_REFCOUNTING gstminiobject.c:478:gst_mini_object_ref: 0x55ede7475dc0 ref 1->2
0:00:00.006043148  2758 0x55ede7445360 TRACE   GST_REFCOUNTING gstobject.c:208:gst_object_init: 0x55ede7477110 new
0:00:00.006053450  2758 0x55ede7445360 TRACE   GST_REFCOUNTING gstminiobject.c:478:gst_mini_object_ref: 0x55ede7475dc0 ref 2->3
0:00:00.006062472  2758 0x55ede7445360 TRACE   GST_REFCOUNTING gstminiobject.c:660:gst_mini_object_unref: 0x55ede7475dc0 unref 3->2
0:00:00.006069787  2758 0x55ede7445360 TRACE   GST_REFCOUNTING gstobject.c:292:gst_object_ref_sink: 0x55ede7477110 ref_sink 1->2
0:00:00.006083171  2758 0x55ede7445360 TRACE   structure gststructure.c:292:gst_structure_new_id_empty_with_size: created structure 0x55ede7477370
0:00:00.006091693  2758 0x55ede7445360 TRACE   GST_PERFORMANCE gststructure.c:511:gst_structure_copy: doing copy 0x55ede74761b0 -> 0x55ede7477370
0:00:00.006101020  2758 0x55ede7445360 DEBUG   GST_REGISTRY gstregistry.c:589:gst_registry_add_feature: adding feature 0x55ede7475c90 (fakesrc)
0:00:00.006107311  2758 0x55ede7445360 DEBUG   GST_REFCOUNTING gstobject.c:708:gst_object_set_parent: set parent (ref and sink)
0:00:00.006116978  2758 0x55ede7445360 TRACE   GST_REFCOUNTING gstobject.c:292:gst_object_ref_sink: 0x55ede7475c90 ref_sink 1->2
0:00:00.006158426  2758 0x55ede7445360 LOG   GST_REGISTRY gstregistry.c:607:gst_registry_add_feature: emitting feature-added for fakesrc
0:00:00.006186340  2758 0x55ede7445360 TRACE   GST_REFCOUNTING gstobject.c:208:gst_object_init: 0x55ede7477900 new
0:00:00.006199636  2758 0x55ede7445360 LOG   GST_ELEMENT_FACTORY gstelementfactory.c:237:gst_element_register: Created new elementfactory for type GstFakeSink
0:00:00.006207978  2758 0x55ede7445360 TRACE   structure gststructure.c:292:gst_structure_new_id_empty_with_size: created structure 0x55ede7477e10
0:00:00.006217362  2758 0x55ede7445360 TRACE   GST_PERFORMANCE gststructure.c:511:gst_structure_copy: doing copy 0x55ede74542b0 -> 0x55ede7477e10
0:00:00.006227437  2758 0x55ede7445360 DEBUG   GST_ELEMENT_PADS gstelement.c:311:gst_element_base_class_init: type GstBaseSink : factory (nil)
0:00:00.006277321  2758 0x55ede7445360 TRACE   structure gststructure.c:292:gst_structure_new_id_empty_with_size: created structure 0x55ede7478ae0
0:00:00.006284028  2758 0x55ede7445360 TRACE   GST_PERFORMANCE gststructure.c:511:gst_structure_copy: doing copy 0x55ede7477e10 -> 0x55ede7478ae0
0:00:00.006293248  2758 0x55ede7445360 DEBUG   GST_ELEMENT_PADS gstelement.c:311:gst_element_base_class_init: type GstFakeSink : factory 0x55ede7477900
0:00:00.006335486  2758 0x55ede7445360 TRACE   GST_CAPS gstcaps.c:263:gst_caps_new_empty: created caps 0x55ede7477a30
0:00:00.006343090  2758 0x55ede7445360 TRACE   GST_CAPS gstcaps.c:439:gst_static_caps_get: created 0x7f3538034190 from string ANY
0:00:00.006354682  2758 0x55ede7445360 TRACE   GST_REFCOUNTING gstminiobject.c:478:gst_mini_object_ref: 0x55ede7477a30 ref 1->2
0:00:00.006368048  2758 0x55ede7445360 TRACE   GST_REFCOUNTING gstobject.c:208:gst_object_init: 0x55ede74795e0 new
0:00:00.006378441  2758 0x55ede7445360 TRACE   GST_REFCOUNTING gstminiobject.c:478:gst_mini_object_ref: 0x55ede7477a30 ref 2->3
0:00:00.006387850  2758 0x55ede7445360 TRACE   GST_REFCOUNTING gstminiobject.c:660:gst_mini_object_unref: 0x55ede7477a30 unref 3->2
0:00:00.006395314  2758 0x55ede7445360 TRACE   GST_REFCOUNTING gstobject.c:292:gst_object_ref_sink: 0x55ede74795e0 ref_sink 1->2
0:00:00.006408314  2758 0x55ede7445360 TRACE   structure gststructure.c:292:gst_structure_new_id_empty_with_size: created structure 0x55ede74799e0
0:00:00.006416054  2758 0x55ede7445360 TRACE   GST_PERFORMANCE gststructure.c:511:gst_structure_copy: doing copy 0x55ede7478ae0 -> 0x55ede74799e0
0:00:00.006425460  2758 0x55ede7445360 DEBUG   GST_REGISTRY gstregistry.c:589:gst_registry_add_feature: adding feature 0x55ede7477900 (fakesink)
