0:00:00.018973890  2758 0x55ede7445360 LOG   GST_POLL gstpoll.c:994:gst_poll_fd_ctl_write: 0x55ede7469d30: pfd->events now 60 (POLLOUT:4)
0:00:00.023901351  2757 0x55fe31678360 DEBUG   structure gststructure.c:2258:gst_structure_parse_field: trying field name 'klass'
0:00:00.018981290  2758 0x55ede7445360 DEBUG   GST_POLL gstpoll.c:979:gst_poll_fd_ctl_write: 0x55ede7469d30: fd (fd:0, idx:1), active : 1
0:00:00.023909990  2757 0x55fe31678360 DEBUG   default gstvalue.c:2776:_priv_gst_value_parse_value: trying type name 'string'
0:00:00.018987830  2758 0x55ede7445360 LOG   GST_POLL gstpoll.c:994:gst_poll_fd_ctl_write: 0x55ede7469d30: pfd->events now 60 (POLLOUT:4)
0:00:00.023918077  2757 0x55fe31678360 DEBUG   structure gststructure.c:2258:gst_structure_parse_field: trying field name 'description'
0:00:00.018994894  2758 0x55ede7445360 DEBUG   GST_POLL gstpoll.c:979:gst_poll_fd_ctl_write: 0x55ede7469d30: fd (fd:0, idx:1), active : 1
0:00:00.023924488  2757 0x55fe31678360 DEBUG   default gstvalue.c:2776:_priv_gst_value_parse_value: trying type name 'string'
0:00:00.019004182  2758 0x55ede7445360 LOG   GST_POLL gstpoll.c:994:gst_poll_fd_ctl_write: 0x55ede7469d30: pfd->events now 60 (POLLOUT:4)
0:00:00.023932152  2757 0x55fe31678360 DEBUG   structure gststructure.c:2258:gst_structure_parse_field: trying field name 'author'
0:00:00.019011582  2758 0x55ede7445360 DEBUG   GST_POLL gstpoll.c:979:gst_poll_fd_ctl_write: 0x55ede7469d30: fd (fd:0, idx:1), active : 1
0:00:00.023940795  2757 0x55fe31678360 DEBUG   default gstvalue.c:2776:_priv_gst_value_parse_value: trying type name 'string'
0:00:00.019022428  2758 0x55ede7445360 LOG   GST_POLL gstpoll.c:994:gst_poll_fd_ctl_write: 0x55ede7469d30: pfd->events now 60 (POLLOUT:4)
0:00:00.023952073  2757 0x55fe31678360 DEBUG   GST_REGISTRY gstregistrychunks.c:626:gst_registry_chunks_load_feature: Element factory : npadtemplates=1
0:00:00.019029338  2758 0x55ede7445360 DEBUG   GST_POLL gstpoll.c:979:gst_poll_fd_ctl_write: 0x55ede7469d30: fd (fd:0, idx:1), active : 1
0:00:00.023958376  2757 0x55fe31678360 DEBUG   GST_REGISTRY gstregistrychunks.c:525:gst_registry_chunks_load_pad_template: Reading/casting for GstRegistryChunkPadTemplate at address 0x55fe3169ff70
0:00:00.019038475  2758 0x55ede7445360 LOG   GST_POLL gstpoll.c:994:gst_poll_fd_ctl_write: 0x55ede7469d30: pfd->events now 60 (POLLOUT:4)
0:00:00.023965126  2757 0x55fe31678360 DEBUG   GST_REGISTRY gstregistrychunks.c:539:gst_registry_chunks_load_pad_template: Added pad_template src
0:00:00.019045737  2758 0x55ede7445360 DEBUG   GST_POLL gstpoll.c:979:gst_poll_fd_ctl_write: 0x55ede7469d30: fd (fd:0, idx:1), active : 1
0:00:00.023975802  2757 0x55fe31678360 DEBUG   GST_REGISTRY gstregistry.c:589:gst_registry_add_feature: adding feature 0x55fe316aa530 (fakesrc)
0:00:00.019052252  2758 0x55ede7445360 LOG   GST_POLL gstpoll.c:994:gst_poll_fd_ctl_write: 0x55ede7469d30: pfd->events now 60 (POLLOUT:4)
0:00:00.023982929  2757 0x55fe31678360 DEBUG   GST_REFCOUNTING gstobject.c:708:gst_object_set_parent: set parent (ref and sink)
0:00:00.019059779  2758 0x55ede7445360 DEBUG   GST_POLL gstpoll.c:979:gst_poll_fd_ctl_write: 0x55ede7469d30: fd (fd:0, idx:1), active : 1
0:00:00.023991103  2757 0x55fe31678360 TRACE   GST_REFCOUNTING gstobject.c:292:gst_object_ref_sink: 0x55fe316aa530 ref_sink 1->2
0:00:00.019073180  2758 0x55ede7445360 LOG   GST_POLL gstpoll.c:994:gst_poll_fd_ctl_write: 0x55ede7469d30: pfd->events now 60 (POLLOUT:4)
0:00:00.024000103  2757 0x55fe31678360 LOG   GST_REGISTRY gstregistry.c:607:gst_registry_add_feature: emitting feature-added for fakesrc
0:00:00.019080626  2758 0x55ede7445360 DEBUG   GST_POLL gstpoll.c:979:gst_poll_fd_ctl_write: 0x55ede7469d30: fd (fd:0, idx:1), active : 1
0:00:00.024009886  2757 0x55fe31678360 DEBUG   GST_REGISTRY gstregistrychunks.c:740:gst_registry_chunks_load_feature: Added feature fakesrc, plugin 0x55fe316a7cf0 coreelements
0:00:00.019087291  2758 0x55ede7445360 LOG   GST_POLL gstpoll.c:994:gst_poll_fd_ctl_write: 0x55ede7469d30: pfd->events now 60 (POLLOUT:4)
0:00:00.024017309  2757 0x55fe31678360 DEBUG   GST_REGISTRY gstregistrychunks.c:582:gst_registry_chunks_load_feature: Plugin 'coreelements' feature 'downloadbuffer' typename : 'GstElementFactory'
0:00:00.019096281  2758 0x55ede7445360 DEBUG   GST_POLL gstpoll.c:979:gst_poll_fd_ctl_write: 0x55ede7469d30: fd (fd:0, idx:1), active : 1
0:00:00.024026218  2757 0x55fe31678360 TRACE   GST_REFCOUNTING gstobject.c:208:gst_object_init: 0x55fe316aaa70 new
0:00:00.019103620  2758 0x55ede7445360 LOG   GST_POLL gstpoll.c:994:gst_poll_fd_ctl_write: 0x55ede7469d30: pfd->events now 60 (POLLOUT:4)
0:00:00.024034994  2757 0x55fe31678360 LOG   GST_REGISTRY gstregistrychunks.c:609:gst_registry_chunks_load_feature: Reading/casting for GstRegistryChunkElementFactory at address 0x55fe3169ffa8
0:00:00.019114612  2758 0x55ede7445360 DEBUG   GST_POLL gstpoll.c:979:gst_poll_fd_ctl_write: 0x55ede7469d30: fd (fd:0, idx:1), active : 1
0:00:00.024044433  2757 0x55fe31678360 TRACE   structure gststructure.c:292:gst_structure_new_id_empty_with_size: created structure 0x55fe316aad70
0:00:00.019133430  2758 0x55ede7445360 LOG   GST_POLL gstpoll.c:994:gst_poll_fd_ctl_write: 0x55ede7469d30: pfd->events now 60 (POLLOUT:4)
0:00:00.024067329  2757 0x55fe31678360 DEBUG   structure gststructure.c:2258:gst_structure_parse_field: trying field name 'long-name'
0:00:00.019144536  2758 0x55ede7445360 DEBUG   GST_POLL gstpoll.c:979:gst_poll_fd_ctl_write: 0x55ede7469d30: fd (fd:0, idx:1), active : 1
0:00:00.019153454  2758 0x55ede7445360 LOG   GST_POLL gstpoll.c:994:gst_poll_fd_ctl_write: 0x55ede7469d30: pfd->events now 60 (POLLOUT:4)
0:00:00.024077186  2757 0x55fe31678360 DEBUG   default gstvalue.c:2776:_priv_gst_value_parse_value: trying type name 'string'
0:00:00.019159943  2758 0x55ede7445360 DEBUG   GST_POLL gstpoll.c:979:gst_poll_fd_ctl_write: 0x55ede7469d30: fd (fd:0, idx:1), active : 1
0:00:00.024092518  2757 0x55fe31678360 DEBUG   structure gststructure.c:2258:gst_structure_parse_field: trying field name 'klass'
0:00:00.019168496  2758 0x55ede7445360 LOG   GST_POLL gstpoll.c:994:gst_poll_fd_ctl_write: 0x55ede7469d30: pfd->events now 60 (POLLOUT:4)
0:00:00.024100449  2757 0x55fe31678360 DEBUG   default gstvalue.c:2776:_priv_gst_value_parse_value: trying type name 'string'
0:00:00.019177728  2758 0x55ede7445360 DEBUG   GST_POLL gstpoll.c:979:gst_poll_fd_ctl_write: 0x55ede7469d30: fd (fd:0, idx:1), active : 1
0:00:00.024108150  2757 0x55fe31678360 DEBUG   structure gststructure.c:2258:gst_structure_parse_field: trying field name 'description'
0:00:00.019184365  2758 0x55ede7445360 LOG   GST_POLL gstpoll.c:994:gst_poll_fd_ctl_write: 0x55ede7469d30: pfd->events now 60 (POLLOUT:4)
0:00:00.024114549  2757 0x55fe31678360 DEBUG   default gstvalue.c:2776:_priv_gst_value_parse_value: trying type name 'string'
0:00:00.019191780  2758 0x55ede7445360 DEBUG   GST_POLL gstpoll.c:979:gst_poll_fd_ctl_write: 0x55ede7469d30: fd (fd:0, idx:1), active : 1
0:00:00.024125004  2757 0x55fe31678360 DEBUG   structure gststructure.c:2258:gst_structure_parse_field: trying field name 'author'
0:00:00.019201446  2758 0x55ede7445360 LOG   GST_POLL gstpoll.c:994:gst_poll_fd_ctl_write: 0x55ede7469d30: pfd->events now 60 (POLLOUT:4)
0:00:00.019209226  2758 0x55ede7445360 DEBUG   GST_POLL gstpoll.c:979:gst_poll_fd_ctl_write: 0x55ede7469d30: fd (fd:0, idx:1), active : 1
0:00:00.024134680  2757 0x55fe31678360 DEBUG   default gstvalue.c:2776:_priv_gst_value_parse_value: trying type name 'string'
0:00:00.019215393  2758 0x55ede7445360 LOG   GST_POLL gstpoll.c:994:gst_poll_fd_ctl_write: 0x55ede7469d30: pfd->events now 60 (POLLOUT:4)
0:00:00.024144321  2757 0x55fe31678360 DEBUG   GST_REGISTRY gstregistrychunks.c:626:gst_registry_chunks_load_feature: Element factory : npadtemplates=2
0:00:00.019226435  2758 0x55ede7445360 DEBUG   GST_POLL gstpoll.c:979:gst_poll_fd_ctl_write: 0x55ede7469d30: fd (fd:0, idx:1), active : 1
0:00:00.024154993  2757 0x55fe31678360 DEBUG   GST_REGISTRY gstregistrychunks.c:525:gst_registry_chunks_load_pad_template: Reading/casting for GstRegistryChunkPadTemplate at address 0x55fe316a0070
0:00:00.019235311  2758 0x55ede7445360 LOG   GST_POLL gstpoll.c:994:gst_poll_fd_ctl_write: 0x55ede7469d30: pfd->events now 60 (POLLOUT:4)
0:00:00.024163019  2757 0x55fe31678360 DEBUG   GST_REGISTRY gstregistrychunks.c:539:gst_registry_chunks_load_pad_template: Added pad_template sink
0:00:00.019243144  2758 0x55ede7445360 DEBUG   GST_POLL gstpoll.c:979:gst_poll_fd_ctl_write: 0x55ede7469d30: fd (fd:0, idx:1), active : 1
0:00:00.024169737  2757 0x55fe31678360 DEBUG   GST_REGISTRY gstregistrychunks.c:525:gst_registry_chunks_load_pad_template: Reading/casting for GstRegistryChunkPadTemplate at address 0x55fe316a0088
0:00:00.019249904  2758 0x55ede7445360 LOG   GST_POLL gstpoll.c:994:gst_poll_fd_ctl_write: 0x55ede7469d30: pfd->events now 60 (POLLOUT:4)
0:00:00.024177457  2757 0x55fe31678360 DEBUG   GST_REGISTRY gstregistrychunks.c:539:gst_registry_chunks_load_pad_template: Added pad_template src
0:00:00.019256958  2758 0x55ede7445360 DEBUG   GST_POLL gstpoll.c:979:gst_poll_fd_ctl_write: 0x55ede7469d30: fd (fd:0, idx:1), active : 1
0:00:00.024188230  2757 0x55fe31678360 DEBUG   GST_REGISTRY gstregistry.c:589:gst_registry_add_feature: adding feature 0x55fe316aaa70 (downloadbuffer)
0:00:00.019265420  2758 0x55ede7445360 LOG   GST_POLL gstpoll.c:994:gst_poll_fd_ctl_write: 0x55ede7469d30: pfd->events now 60 (POLLOUT:4)
0:00:00.024196181  2757 0x55fe31678360 DEBUG   GST_REFCOUNTING gstobject.c:708:gst_object_set_parent: set parent (ref and sink)
0:00:00.019273170  2758 0x55ede7445360 DEBUG   GST_POLL gstpoll.c:979:gst_poll_fd_ctl_write: 0x55ede7469d30: fd (fd:0, idx:1), active : 1
0:00:00.024204675  2757 0x55fe31678360 TRACE   GST_REFCOUNTING gstobject.c:292:gst_object_ref_sink: 0x55fe316aaa70 ref_sink 1->2
0:00:00.019280188  2758 0x55ede7445360 LOG   GST_POLL gstpoll.c:994:gst_poll_fd_ctl_write: 0x55ede7469d30: pfd->events now 60 (POLLOUT:4)
0:00:00.024212223  2757 0x55fe31678360 LOG   GST_REGISTRY gstregistry.c:607:gst_registry_add_feature: emitting feature-added for downloadbuffer
0:00:00.019288814  2758 0x55ede7445360 DEBUG   GST_POLL gstpoll.c:979:gst_poll_fd_ctl_write: 0x55ede7469d30: fd (fd:0, idx:1), active : 1
0:00:00.024221569  2757 0x55fe31678360 DEBUG   GST_REGISTRY gstregistrychunks.c:740:gst_registry_chunks_load_feature: Added feature downloadbuffer, plugin 0x55fe316a7cf0 coreelements
0:00:00.019298350  2758 0x55ede7445360 LOG   GST_POLL gstpoll.c:994:gst_poll_fd_ctl_write: 0x55ede7469d30: pfd->events now 60 (POLLOUT:4)
0:00:00.024229930  2757 0x55fe31678360 DEBUG   GST_REGISTRY gstregistrychunks.c:582:gst_registry_chunks_load_feature: Plugin 'coreelements' feature 'dataurisrc' typename : 'GstElementFactory'
0:00:00.019306596  2758 0x55ede7445360 DEBUG   GST_POLL gstpoll.c:979:gst_poll_fd_ctl_write: 0x55ede7469d30: fd (fd:0, idx:1), active : 1
0:00:00.024239567  2757 0x55fe31678360 TRACE   GST_REFCOUNTING gstobject.c:208:gst_object_init: 0x55fe316ab250 new
0:00:00.019317666  2758 0x55ede7445360 LOG   GST_POLL gstpoll.c:994:gst_poll_fd_ctl_write: 0x55ede7469d30: pfd->events now 60 (POLLOUT:4)
0:00:00.024248966  2757 0x55fe31678360 LOG   GST_REGISTRY gstregistrychunks.c:609:gst_registry_chunks_load_feature: Reading/casting for GstRegistryChunkElementFactory at address 0x55fe316a00b8
0:00:00.019324634  2758 0x55ede7445360 DEBUG   GST_POLL gstpoll.c:979:gst_poll_fd_ctl_write: 0x55ede7469d30: fd (fd:0, idx:1), active : 1
0:00:00.024258184  2757 0x55fe31678360 TRACE   structure gststructure.c:292:gst_structure_new_id_empty_with_size: created structure 0x55fe316ab560
0:00:00.019335254  2758 0x55ede7445360 LOG   GST_POLL gstpoll.c:994:gst_poll_fd_ctl_write: 0x55ede7469d30: pfd->events now 60 (POLLOUT:4)
0:00:00.024265718  2757 0x55fe31678360 DEBUG   structure gststructure.c:2258:gst_structure_parse_field: trying field name 'long-name'
0:00:00.019342999  2758 0x55ede7445360 DEBUG   GST_POLL gstpoll.c:979:gst_poll_fd_ctl_write: 0x55ede7469d30: fd (fd:0, idx:1), active : 1
0:00:00.024272275  2757 0x55fe31678360 DEBUG   default gstvalue.c:2776:_priv_gst_value_parse_value: trying type name 'string'
0:00:00.019349549  2758 0x55ede7445360 LOG   GST_POLL gstpoll.c:994:gst_poll_fd_ctl_write: 0x55ede7469d30: pfd->events now 60 (POLLOUT:4)
0:00:00.024280232  2757 0x55fe31678360 DEBUG   structure gststructure.c:2258:gst_structure_parse_field: trying field name 'klass'
0:00:00.019356497  2758 0x55ede7445360 LOG   GST_PLUGIN_LOADING gstpluginloader.c:644:put_chunk: Expanding tx buf from 13209 to 17023 for chunk of size 229
0:00:00.024288323  2757 0x55fe31678360 DEBUG   default gstvalue.c:2776:_priv_gst_value_parse_value: trying type name 'string'
0:00:00.019370382  2758 0x55ede7445360 DEBUG   GST_POLL gstpoll.c:979:gst_poll_fd_ctl_write: 0x55ede7469d30: fd (fd:0, idx:1), active : 1
0:00:00.024297051  2757 0x55fe31678360 DEBUG   structure gststructure.c:2258:gst_structure_parse_field: trying field name 'description'
0:00:00.019377744  2758 0x55ede7445360 LOG   GST_POLL gstpoll.c:994:gst_poll_fd_ctl_write: 0x55ede7469d30: pfd->events now 60 (POLLOUT:4)
0:00:00.024304855  2757 0x55fe31678360 DEBUG   default gstvalue.c:2776:_priv_gst_value_parse_value: trying type name 'string'
0:00:00.019384997  2758 0x55ede7445360 DEBUG   GST_POLL gstpoll.c:979:gst_poll_fd_ctl_write: 0x55ede7469d30: fd (fd:0, idx:1), active : 1
0:00:00.024312820  2757 0x55fe31678360 DEBUG   structure gststructure.c:2258:gst_structure_parse_field: trying field name 'author'
0:00:00.019391670  2758 0x55ede7445360 LOG   GST_POLL gstpoll.c:994:gst_poll_fd_ctl_write: 0x55ede7469d30: pfd->events now 60 (POLLOUT:4)
0:00:00.024321036  2757 0x55fe31678360 DEBUG   default gstvalue.c:2776:_priv_gst_value_parse_value: trying type name 'string'
0:00:00.019401122  2758 0x55ede7445360 DEBUG   GST_POLL gstpoll.c:979:gst_poll_fd_ctl_write: 0x55ede7469d30: fd (fd:0, idx:1), active : 1
0:00:00.024331704  2757 0x55fe31678360 DEBUG   GST_REGISTRY gstregistrychunks.c:626:gst_registry_chunks_load_feature: Element factory : npadtemplates=1
0:00:00.019411986  2758 0x55ede7445360 LOG   GST_POLL gstpoll.c:994:gst_poll_fd_ctl_write: 0x55ede7469d30: pfd->events now 60 (POLLOUT:4)
0:00:00.024339106  2757 0x55fe31678360 DEBUG   GST_REGISTRY gstregistrychunks.c:525:gst_registry_chunks_load_pad_template: Reading/casting for GstRegistryChunkPadTemplate at address 0x55fe316a01d0
0:00:00.019419086  2758 0x55ede7445360 DEBUG   GST_POLL gstpoll.c:979:gst_poll_fd_ctl_write: 0x55ede7469d30: fd (fd:0, idx:1), active : 1
0:00:00.024346039  2757 0x55fe31678360 DEBUG   GST_REGISTRY gstregistrychunks.c:539:gst_registry_chunks_load_pad_template: Added pad_template src
0:00:00.019425636  2758 0x55ede7445360 LOG   GST_POLL gstpoll.c:994:gst_poll_fd_ctl_write: 0x55ede7469d30: pfd->events now 60 (POLLOUT:4)
0:00:00.024355238  2757 0x55fe31678360 DEBUG   GST_REGISTRY gstregistrychunks.c:639:gst_registry_chunks_load_feature: Reading 1 UriTypes at address 0x55fe316a01e0
0:00:00.019435079  2758 0x55ede7445360 DEBUG   GST_POLL gstpoll.c:979:gst_poll_fd_ctl_write: 0x55ede7469d30: fd (fd:0, idx:1), active : 1
0:00:00.024363405  2757 0x55fe31678360 DEBUG   GST_REGISTRY gstregistrychunks.c:654:gst_registry_chunks_load_feature: Reading 1 Interfaces at address 0x55fe316a01e9
0:00:00.019442235  2758 0x55ede7445360 LOG   GST_POLL gstpoll.c:994:gst_poll_fd_ctl_write: 0x55ede7469d30: pfd->events now 60 (POLLOUT:4)
0:00:00.024373039  2757 0x55fe31678360 DEBUG   GST_REGISTRY gstregistry.c:589:gst_registry_add_feature: adding feature 0x55fe316ab250 (dataurisrc)
0:00:00.019449326  2758 0x55ede7445360 DEBUG   GST_POLL gstpoll.c:979:gst_poll_fd_ctl_write: 0x55ede7469d30: fd (fd:0, idx:1), active : 1
0:00:00.024379785  2757 0x55fe31678360 DEBUG   GST_REFCOUNTING gstobject.c:708:gst_object_set_parent: set parent (ref and sink)
0:00:00.019456535  2758 0x55ede7445360 LOG   GST_POLL gstpoll.c:994:gst_poll_fd_ctl_write: 0x55ede7469d30: pfd->events now 60 (POLLOUT:4)
0:00:00.024390342  2757 0x55fe31678360 TRACE   GST_REFCOUNTING gstobject.c:292:gst_object_ref_sink: 0x55fe316ab250 ref_sink 1->2
0:00:00.019466731  2758 0x55ede7445360 DEBUG   GST_POLL gstpoll.c:979:gst_poll_fd_ctl_write: 0x55ede7469d30: fd (fd:0, idx:1), active : 1
0:00:00.024398675  2757 0x55fe31678360 LOG   GST_REGISTRY gstregistry.c:607:gst_registry_add_feature: emitting feature-added for dataurisrc
0:00:00.019474960  2758 0x55ede7445360 LOG   GST_POLL gstpoll.c:994:gst_poll_fd_ctl_write: 0x55ede7469d30: pfd->events now 60 (POLLOUT:4)
0:00:00.024406525  2757 0x55fe31678360 DEBUG   GST_REGISTRY gstregistrychunks.c:740:gst_registry_chunks_load_feature: Added feature dataurisrc, plugin 0x55fe316a7cf0 coreelements
0:00:00.019487666  2758 0x55ede7445360 DEBUG   GST_POLL gstpoll.c:979:gst_poll_fd_ctl_write: 0x55ede7469d30: fd (fd:0, idx:1), active : 1
0:00:00.024415155  2757 0x55fe31678360 DEBUG   GST_REGISTRY gstregistrychunks.c:582:gst_registry_chunks_load_feature: Plugin 'coreelements' feature 'concat' typename : 'GstElementFactory'
0:00:00.019494390  2758 0x55ede7445360 LOG   GST_POLL gstpoll.c:994:gst_poll_fd_ctl_write: 0x55ede7469d30: pfd->events now 60 (POLLOUT:4)
0:00:00.019506565  2758 0x55ede7445360 DEBUG   GST_POLL gstpoll.c:979:gst_poll_fd_ctl_write: 0x55ede7469d30: fd (fd:0, idx:1), active : 1
0:00:00.024431470  2757 0x55fe31678360 TRACE   GST_REFCOUNTING gstobject.c:208:gst_object_init: 0x55fe316abca0 new
0:00:00.019513208  2758 0x55ede7445360 LOG   GST_POLL gstpoll.c:994:gst_poll_fd_ctl_write: 0x55ede7469d30: pfd->events now 60 (POLLOUT:4)
0:00:00.024442670  2757 0x55fe31678360 LOG   GST_REGISTRY gstregistrychunks.c:609:gst_registry_chunks_load_feature: Reading/casting for GstRegistryChunkElementFactory at address 0x55fe316a0210
0:00:00.019520284  2758 0x55ede7445360 DEBUG   GST_POLL gstpoll.c:979:gst_poll_fd_ctl_write: 0x55ede7469d30: fd (fd:0, idx:1), active : 1
0:00:00.024450119  2757 0x55fe31678360 TRACE   structure gststructure.c:292:gst_structure_new_id_empty_with_size: created structure 0x55fe316abed0
0:00:00.019526847  2758 0x55ede7445360 LOG   GST_POLL gstpoll.c:994:gst_poll_fd_ctl_write: 0x55ede7469d30: pfd->events now 60 (POLLOUT:4)
0:00:00.024456640  2757 0x55fe31678360 DEBUG   structure gststructure.c:2258:gst_structure_parse_field: trying field name 'long-name'
0:00:00.019536192  2758 0x55ede7445360 DEBUG   GST_POLL gstpoll.c:979:gst_poll_fd_ctl_write: 0x55ede7469d30: fd (fd:0, idx:1), active : 1
0:00:00.024464649  2757 0x55fe31678360 DEBUG   default gstvalue.c:2776:_priv_gst_value_parse_value: trying type name 'string'
0:00:00.019543126  2758 0x55ede7445360 LOG   GST_POLL gstpoll.c:994:gst_poll_fd_ctl_write: 0x55ede7469d30: pfd->events now 60 (POLLOUT:4)
0:00:00.024473286  2757 0x55fe31678360 DEBUG   structure gststructure.c:2258:gst_structure_parse_field: trying field name 'klass'
0:00:00.019550062  2758 0x55ede7445360 DEBUG   GST_POLL gstpoll.c:979:gst_poll_fd_ctl_write: 0x55ede7469d30: fd (fd:0, idx:1), active : 1
0:00:00.024479669  2757 0x55fe31678360 DEBUG   default gstvalue.c:2776:_priv_gst_value_parse_value: trying type name 'string'
0:00:00.019556766  2758 0x55ede7445360 LOG   GST_POLL gstpoll.c:994:gst_poll_fd_ctl_write: 0x55ede7469d30: pfd->events now 60 (POLLOUT:4)
0:00:00.024486813  2757 0x55fe31678360 DEBUG   structure gststructure.c:2258:gst_structure_parse_field: trying field name 'description'
0:00:00.019566159  2758 0x55ede7445360 DEBUG   GST_POLL gstpoll.c:979:gst_poll_fd_ctl_write: 0x55ede7469d30: fd (fd:0, idx:1), active : 1
0:00:00.019573140  2758 0x55ede7445360 LOG   GST_POLL gstpoll.c:994:gst_poll_fd_ctl_write: 0x55ede7469d30: pfd->events now 60 (POLLOUT:4)
0:00:00.024498065  2757 0x55fe31678360 DEBUG   default gstvalue.c:2776:_priv_gst_value_parse_value: trying type name 'string'
0:00:00.019579662  2758 0x55ede7445360 DEBUG   GST_POLL gstpoll.c:979:gst_poll_fd_ctl_write: 0x55ede7469d30: fd (fd:0, idx:1), active : 1
0:00:00.024508546  2757 0x55fe31678360 DEBUG   structure gststructure.c:2258:gst_structure_parse_field: trying field name 'author'
0:00:00.019586227  2758 0x55ede7445360 LOG   GST_POLL gstpoll.c:994:gst_poll_fd_ctl_write: 0x55ede7469d30: pfd->events now 60 (POLLOUT:4)
0:00:00.024514995  2757 0x55fe31678360 DEBUG   default gstvalue.c:2776:_priv_gst_value_parse_value: trying type name 'string'
0:00:00.019600586  2758 0x55ede7445360 DEBUG   GST_POLL gstpoll.c:979:gst_poll_fd_ctl_write: 0x55ede7469d30: fd (fd:0, idx:1), active : 1
0:00:00.024528313  2757 0x55fe31678360 DEBUG   GST_REGISTRY gstregistrychunks.c:626:gst_registry_chunks_load_feature: Element factory : npadtemplates=2
0:00:00.019607541  2758 0x55ede7445360 LOG   GST_POLL gstpoll.c:994:gst_poll_fd_ctl_write: 0x55ede7469d30: pfd->events now 60 (POLLOUT:4)
0:00:00.024536980  2757 0x55fe31678360 DEBUG   GST_REGISTRY gstregistrychunks.c:525:gst_registry_chunks_load_pad_template: Reading/casting for GstRegistryChunkPadTemplate at address 0x55fe316a02e8
0:00:00.019614177  2758 0x55ede7445360 DEBUG   GST_POLL gstpoll.c:979:gst_poll_fd_ctl_write: 0x55ede7469d30: fd (fd:0, idx:1), active : 1
0:00:00.024543998  2757 0x55fe31678360 DEBUG   GST_REGISTRY gstregistrychunks.c:539:gst_registry_chunks_load_pad_template: Added pad_template src
0:00:00.019620915  2758 0x55ede7445360 LOG   GST_POLL gstpoll.c:994:gst_poll_fd_ctl_write: 0x55ede7469d30: pfd->events now 60 (POLLOUT:4)
0:00:00.024555339  2757 0x55fe31678360 DEBUG   GST_REGISTRY gstregistrychunks.c:525:gst_registry_chunks_load_pad_template: Reading/casting for GstRegistryChunkPadTemplate at address 0x55fe316a02f8
0:00:00.019634100  2758 0x55ede7445360 DEBUG   GST_POLL gstpoll.c:979:gst_poll_fd_ctl_write: 0x55ede7469d30: fd (fd:0, idx:1), active : 1
0:00:00.024561953  2757 0x55fe31678360 DEBUG   GST_REGISTRY gstregistrychunks.c:539:gst_registry_chunks_load_pad_template: Added pad_template sink_%u
0:00:00.019641034  2758 0x55ede7445360 LOG   GST_POLL gstpoll.c:994:gst_poll_fd_ctl_write: 0x55ede7469d30: pfd->events now 60 (POLLOUT:4)
0:00:00.024573377  2757 0x55fe31678360 DEBUG   GST_REGISTRY gstregistry.c:589:gst_registry_add_feature: adding feature 0x55fe316abca0 (concat)
0:00:00.019648291  2758 0x55ede7445360 DEBUG   GST_POLL gstpoll.c:979:gst_poll_fd_ctl_write: 0x55ede7469d30: fd (fd:0, idx:1), active : 1
0:00:00.024580583  2757 0x55fe31678360 DEBUG   GST_REFCOUNTING gstobject.c:708:gst_object_set_parent: set parent (ref and sink)
0:00:00.019657168  2758 0x55ede7445360 LOG   GST_POLL gstpoll.c:994:gst_poll_fd_ctl_write: 0x55ede7469d30: pfd->events now 60 (POLLOUT:4)
0:00:00.024588846  2757 0x55fe31678360 TRACE   GST_REFCOUNTING gstobject.c:292:gst_object_ref_sink: 0x55fe316abca0 ref_sink 1->2
0:00:00.019666686  2758 0x55ede7445360 DEBUG   GST_POLL gstpoll.c:979:gst_poll_fd_ctl_write: 0x55ede7469d30: fd (fd:0, idx:1), active : 1
0:00:00.024596029  2757 0x55fe31678360 LOG   GST_REGISTRY gstregistry.c:607:gst_registry_add_feature: emitting feature-added for concat
0:00:00.019673637  2758 0x55ede7445360 LOG   GST_POLL gstpoll.c:994:gst_poll_fd_ctl_write: 0x55ede7469d30: pfd->events now 60 (POLLOUT:4)
0:00:00.024605982  2757 0x55fe31678360 DEBUG   GST_REGISTRY gstregistrychunks.c:740:gst_registry_chunks_load_feature: Added feature concat, plugin 0x55fe316a7cf0 coreelements
0:00:00.019681667  2758 0x55ede7445360 DEBUG   GST_POLL gstpoll.c:979:gst_poll_fd_ctl_write: 0x55ede7469d30: fd (fd:0, idx:1), active : 1
0:00:00.024617977  2757 0x55fe31678360 DEBUG   GST_REGISTRY gstregistrychunks.c:582:gst_registry_chunks_load_feature: Plugin 'coreelements' feature 'clocksync' typename : 'GstElementFactory'
0:00:00.019694086  2758 0x55ede7445360 LOG   GST_POLL gstpoll.c:994:gst_poll_fd_ctl_write: 0x55ede7469d30: pfd->events now 60 (POLLOUT:4)
0:00:00.024627260  2757 0x55fe31678360 TRACE   GST_REFCOUNTING gstobject.c:208:gst_object_init: 0x55fe316abb50 new
0:00:00.019703485  2758 0x55ede7445360 DEBUG   GST_POLL gstpoll.c:979:gst_poll_fd_ctl_write: 0x55ede7469d30: fd (fd:0, idx:1), active : 1
0:00:00.019711410  2758 0x55ede7445360 LOG   GST_POLL gstpoll.c:994:gst_poll_fd_ctl_write: 0x55ede7469d30: pfd->events now 60 (POLLOUT:4)
0:00:00.024636266  2757 0x55fe31678360 LOG   GST_REGISTRY gstregistrychunks.c:609:gst_registry_chunks_load_feature: Reading/casting for GstRegistryChunkElementFactory at address 0x55fe316a0328
0:00:00.019717942  2758 0x55ede7445360 DEBUG   GST_POLL gstpoll.c:979:gst_poll_fd_ctl_write: 0x55ede7469d30: fd (fd:0, idx:1), active : 1
0:00:00.024646839  2757 0x55fe31678360 TRACE   structure gststructure.c:292:gst_structure_new_id_empty_with_size: created structure 0x55fe316ac4a0
0:00:00.019724476  2758 0x55ede7445360 LOG   GST_POLL gstpoll.c:994:gst_poll_fd_ctl_write: 0x55ede7469d30: pfd->events now 60 (POLLOUT:4)
0:00:00.024653950  2757 0x55fe31678360 DEBUG   structure gststructure.c:2258:gst_structure_parse_field: trying field name 'long-name'
0:00:00.019733999  2758 0x55ede7445360 DEBUG   GST_POLL gstpoll.c:979:gst_poll_fd_ctl_write: 0x55ede7469d30: fd (fd:0, idx:1), active : 1
0:00:00.024660333  2757 0x55fe31678360 DEBUG   default gstvalue.c:2776:_priv_gst_value_parse_value: trying type name 'string'
0:00:00.019740849  2758 0x55ede7445360 LOG   GST_POLL gstpoll.c:994:gst_poll_fd_ctl_write: 0x55ede7469d30: pfd->events now 60 (POLLOUT:4)
0:00:00.024669161  2757 0x55fe31678360 DEBUG   structure gststructure.c:2258:gst_structure_parse_field: trying field name 'klass'
0:00:00.019747813  2758 0x55ede7445360 DEBUG   GST_POLL gstpoll.c:979:gst_poll_fd_ctl_write: 0x55ede7469d30: fd (fd:0, idx:1), active : 1
0:00:00.024678090  2757 0x55fe31678360 DEBUG   default gstvalue.c:2776:_priv_gst_value_parse_value: trying type name 'string'
0:00:00.019754299  2758 0x55ede7445360 LOG   GST_POLL gstpoll.c:994:gst_poll_fd_ctl_write: 0x55ede7469d30: pfd->events now 60 (POLLOUT:4)
0:00:00.024686132  2757 0x55fe31678360 DEBUG   structure gststructure.c:2258:gst_structure_parse_field: trying field name 'description'
0:00:00.019763668  2758 0x55ede7445360 DEBUG   GST_POLL gstpoll.c:979:gst_poll_fd_ctl_write: 0x55ede7469d30: fd (fd:0, idx:1), active : 1
0:00:00.024692363  2757 0x55fe31678360 DEBUG   default gstvalue.c:2776:_priv_gst_value_parse_value: trying type name 'string'
0:00:00.019770626  2758 0x55ede7445360 LOG   GST_POLL gstpoll.c:994:gst_poll_fd_ctl_write: 0x55ede7469d30: pfd->events now 60 (POLLOUT:4)
0:00:00.024699919  2757 0x55fe31678360 DEBUG   structure gststructure.c:2258:gst_structure_parse_field: trying field name 'author'
0:00:00.019783779  2758 0x55ede7445360 DEBUG   GST_POLL gstpoll.c:979:gst_poll_fd_ctl_write: 0x55ede7469d30: fd (fd:0, idx:1), active : 1
0:00:00.024712267  2757 0x55fe31678360 DEBUG   default gstvalue.c:2776:_priv_gst_value_parse_value: trying type name 'string'
0:00:00.019790411  2758 0x55ede7445360 LOG   GST_POLL gstpoll.c:994:gst_poll_fd_ctl_write: 0x55ede7469d30: pfd->events now 60 (POLLOUT:4)
0:00:00.024720711  2757 0x55fe31678360 DEBUG   GST_REGISTRY gstregistrychunks.c:626:gst_registry_chunks_load_feature: Element factory : npadtemplates=2
0:00:00.019799771  2758 0x55ede7445360 DEBUG   GST_POLL gstpoll.c:979:gst_poll_fd_ctl_write: 0x55ede7469d30: fd (fd:0, idx:1), active : 1
0:00:00.024727061  2757 0x55fe31678360 DEBUG   GST_REGISTRY gstregistrychunks.c:525:gst_registry_chunks_load_pad_template: Reading/casting for GstRegistryChunkPadTemplate at address 0x55fe316a03f8
0:00:00.019806735  2758 0x55ede7445360 LOG   GST_POLL gstpoll.c:994:gst_poll_fd_ctl_write: 0x55ede7469d30: pfd->events now 60 (POLLOUT:4)
0:00:00.024734167  2757 0x55fe31678360 DEBUG   GST_REGISTRY gstregistrychunks.c:539:gst_registry_chunks_load_pad_template: Added pad_template sink
0:00:00.019813796  2758 0x55ede7445360 DEBUG   GST_POLL gstpoll.c:979:gst_poll_fd_ctl_write: 0x55ede7469d30: fd (fd:0, idx:1), active : 1
0:00:00.024742865  2757 0x55fe31678360 DEBUG   GST_REGISTRY gstregistrychunks.c:525:gst_registry_chunks_load_pad_template: Reading/casting for GstRegistryChunkPadTemplate at address 0x55fe316a0410
0:00:00.019820340  2758 0x55ede7445360 LOG   GST_POLL gstpoll.c:994:gst_poll_fd_ctl_write: 0x55ede7469d30: pfd->events now 60 (POLLOUT:4)
0:00:00.024749758  2757 0x55fe31678360 DEBUG   GST_REGISTRY gstregistrychunks.c:539:gst_registry_chunks_load_pad_template: Added pad_template src
0:00:00.019829719  2758 0x55ede7445360 DEBUG   GST_POLL gstpoll.c:979:gst_poll_fd_ctl_write: 0x55ede7469d30: fd (fd:0, idx:1), active : 1
0:00:00.024758229  2757 0x55fe31678360 DEBUG   GST_REGISTRY gstregistry.c:589:gst_registry_add_feature: adding feature 0x55fe316abb50 (clocksync)
0:00:00.019836689  2758 0x55ede7445360 LOG   GST_POLL gstpoll.c:994:gst_poll_fd_ctl_write: 0x55ede7469d30: pfd->events now 60 (POLLOUT:4)
0:00:00.024764824  2757 0x55fe31678360 DEBUG   GST_REFCOUNTING gstobject.c:708:gst_object_set_parent: set parent (ref and sink)
0:00:00.019843694  2758 0x55ede7445360 DEBUG   GST_POLL gstpoll.c:979:gst_poll_fd_ctl_write: 0x55ede7469d30: fd (fd:0, idx:1), active : 1
0:00:00.024775619  2757 0x55fe31678360 TRACE   GST_REFCOUNTING gstobject.c:292:gst_object_ref_sink: 0x55fe316abb50 ref_sink 1->2
0:00:00.019850692  2758 0x55ede7445360 LOG   GST_POLL gstpoll.c:994:gst_poll_fd_ctl_write: 0x55ede7469d30: pfd->events now 60 (POLLOUT:4)
0:00:00.024783508  2757 0x55fe31678360 LOG   GST_REGISTRY gstregistry.c:607:gst_registry_add_feature: emitting feature-added for clocksync
0:00:00.019861589  2758 0x55ede7445360 DEBUG   GST_POLL gstpoll.c:979:gst_poll_fd_ctl_write: 0x55ede7469d30: fd (fd:0, idx:1), active : 1
0:00:00.024790918  2757 0x55fe31678360 DEBUG   GST_REGISTRY gstregistrychunks.c:740:gst_registry_chunks_load_feature: Added feature clocksync, plugin 0x55fe316a7cf0 coreelements
0:00:00.019872616  2758 0x55ede7445360 LOG   GST_POLL gstpoll.c:994:gst_poll_fd_ctl_write: 0x55ede7469d30: pfd->events now 60 (POLLOUT:4)
0:00:00.024800450  2757 0x55fe31678360 DEBUG   GST_REGISTRY gstregistrychunks.c:582:gst_registry_chunks_load_feature: Plugin 'coreelements' feature 'capsfilter' typename : 'GstElementFactory'
0:00:00.019879726  2758 0x55ede7445360 DEBUG   GST_POLL gstpoll.c:979:gst_poll_fd_ctl_write: 0x55ede7469d30: fd (fd:0, idx:1), active : 1
0:00:00.024811800  2757 0x55fe31678360 TRACE   GST_REFCOUNTING gstobject.c:208:gst_object_init: 0x55fe316aca00 new
0:00:00.019886251  2758 0x55ede7445360 LOG   GST_POLL gstpoll.c:994:gst_poll_fd_ctl_write: 0x55ede7469d30: pfd->events now 60 (POLLOUT:4)
0:00:00.024821082  2757 0x55fe31678360 LOG   GST_REGISTRY gstregistrychunks.c:609:gst_registry_chunks_load_feature: Reading/casting for GstRegistryChunkElementFactory at address 0x55fe316a0440
0:00:00.019897911  2758 0x55ede7445360 DEBUG   GST_POLL gstpoll.c:979:gst_poll_fd_ctl_write: 0x55ede7469d30: fd (fd:0, idx:1), active : 1
0:00:00.024828467  2757 0x55fe31678360 TRACE   structure gststructure.c:292:gst_structure_new_id_empty_with_size: created structure 0x55fe316acd10
0:00:00.019905023  2758 0x55ede7445360 LOG   GST_POLL gstpoll.c:994:gst_poll_fd_ctl_write: 0x55ede7469d30: pfd->events now 60 (POLLOUT:4)
0:00:00.024834962  2757 0x55fe31678360 DEBUG   structure gststructure.c:2258:gst_structure_parse_field: trying field name 'long-name'
0:00:00.019912266  2758 0x55ede7445360 DEBUG   GST_POLL gstpoll.c:979:gst_poll_fd_ctl_write: 0x55ede7469d30: fd (fd:0, idx:1), active : 1
0:00:00.024843691  2757 0x55fe31678360 DEBUG   default gstvalue.c:2776:_priv_gst_value_parse_value: trying type name 'string'
0:00:00.019919872  2758 0x55ede7445360 LOG   GST_POLL gstpoll.c:994:gst_poll_fd_ctl_write: 0x55ede7469d30: pfd->events now 60 (POLLOUT:4)
0:00:00.024851582  2757 0x55fe31678360 DEBUG   structure gststructure.c:2258:gst_structure_parse_field: trying field name 'klass'
0:00:00.019929385  2758 0x55ede7445360 DEBUG   GST_POLL gstpoll.c:979:gst_poll_fd_ctl_write: 0x55ede7469d30: fd (fd:0, idx:1), active : 1
0:00:00.024857849  2757 0x55fe31678360 DEBUG   default gstvalue.c:2776:_priv_gst_value_parse_value: trying type name 'string'
0:00:00.019936305  2758 0x55ede7445360 LOG   GST_POLL gstpoll.c:994:gst_poll_fd_ctl_write: 0x55ede7469d30: pfd->events now 60 (POLLOUT:4)
0:00:00.024864911  2757 0x55fe31678360 DEBUG   structure gststructure.c:2258:gst_structure_parse_field: trying field name 'description'
0:00:00.019943219  2758 0x55ede7445360 DEBUG   GST_POLL gstpoll.c:979:gst_poll_fd_ctl_write: 0x55ede7469d30: fd (fd:0, idx:1), active : 1
0:00:00.024873868  2757 0x55fe31678360 DEBUG   default gstvalue.c:2776:_priv_gst_value_parse_value: trying type name 'string'
0:00:00.019949962  2758 0x55ede7445360 LOG   GST_POLL gstpoll.c:994:gst_poll_fd_ctl_write: 0x55ede7469d30: pfd->events now 60 (POLLOUT:4)
0:00:00.024882462  2757 0x55fe31678360 DEBUG   structure gststructure.c:2258:gst_structure_parse_field: trying field name 'author'
0:00:00.019963948  2758 0x55ede7445360 DEBUG   GST_POLL gstpoll.c:979:gst_poll_fd_ctl_write: 0x55ede7469d30: fd (fd:0, idx:1), active : 1
0:00:00.024889737  2757 0x55fe31678360 DEBUG   default gstvalue.c:2776:_priv_gst_value_parse_value: trying type name 'string'
0:00:00.019971228  2758 0x55ede7445360 LOG   GST_POLL gstpoll.c:994:gst_poll_fd_ctl_write: 0x55ede7469d30: pfd->events now 60 (POLLOUT:4)
0:00:00.024899603  2757 0x55fe31678360 DEBUG   GST_REGISTRY gstregistrychunks.c:626:gst_registry_chunks_load_feature: Element factory : npadtemplates=2
0:00:00.019978143  2758 0x55ede7445360 DEBUG   GST_POLL gstpoll.c:979:gst_poll_fd_ctl_write: 0x55ede7469d30: fd (fd:0, idx:1), active : 1
0:00:00.024908443  2757 0x55fe31678360 DEBUG   GST_REGISTRY gstregistrychunks.c:525:gst_registry_chunks_load_pad_template: Reading/casting for GstRegistryChunkPadTemplate at address 0x55fe316a0520
0:00:00.019984676  2758 0x55ede7445360 LOG   GST_POLL gstpoll.c:994:gst_poll_fd_ctl_write: 0x55ede7469d30: pfd->events now 60 (POLLOUT:4)
0:00:00.024915342  2757 0x55fe31678360 DEBUG   GST_REGISTRY gstregistrychunks.c:539:gst_registry_chunks_load_pad_template: Added pad_template sink
0:00:00.019994271  2758 0x55ede7445360 DEBUG   GST_POLL gstpoll.c:979:gst_poll_fd_ctl_write: 0x55ede7469d30: fd (fd:0, idx:1), active : 1
0:00:00.024924456  2757 0x55fe31678360 DEBUG   GST_REGISTRY gstregistrychunks.c:525:gst_registry_chunks_load_pad_template: Reading/casting for GstRegistryChunkPadTemplate at address 0x55fe316a0538
0:00:00.020001262  2758 0x55ede7445360 LOG   GST_POLL gstpoll.c:994:gst_poll_fd_ctl_write: 0x55ede7469d30: pfd->events now 60 (POLLOUT:4)
0:00:00.024932699  2757 0x55fe31678360 DEBUG   GST_REGISTRY gstregistrychunks.c:539:gst_registry_chunks_load_pad_template: Added pad_template src
0:00:00.020008996  2758 0x55ede7445360 DEBUG   GST_POLL gstpoll.c:979:gst_poll_fd_ctl_write: 0x55ede7469d30: fd (fd:0, idx:1), active : 1
0:00:00.024942254  2757 0x55fe31678360 DEBUG   GST_REGISTRY gstregistry.c:589:gst_registry_add_feature: adding feature 0x55fe316aca00 (capsfilter)
0:00:00.020016959  2758 0x55ede7445360 LOG   GST_POLL gstpoll.c:994:gst_poll_fd_ctl_write: 0x55ede7469d30: pfd->events now 60 (POLLOUT:4)
0:00:00.024949383  2757 0x55fe31678360 DEBUG   GST_REFCOUNTING gstobject.c:708:gst_object_set_parent: set parent (ref and sink)
0:00:00.020027627  2758 0x55ede7445360 DEBUG   GST_POLL gstpoll.c:979:gst_poll_fd_ctl_write: 0x55ede7469d30: fd (fd:0, idx:1), active : 1
0:00:00.024957241  2757 0x55fe31678360 TRACE   GST_REFCOUNTING gstobject.c:292:gst_object_ref_sink: 0x55fe316aca00 ref_sink 1->2
0:00:00.020034553  2758 0x55ede7445360 LOG   GST_POLL gstpoll.c:994:gst_poll_fd_ctl_write: 0x55ede7469d30: pfd->events now 60 (POLLOUT:4)
0:00:00.024966643  2757 0x55fe31678360 LOG   GST_REGISTRY gstregistry.c:607:gst_registry_add_feature: emitting feature-added for capsfilter
0:00:00.020042242  2758 0x55ede7445360 DEBUG   GST_POLL gstpoll.c:979:gst_poll_fd_ctl_write: 0x55ede7469d30: fd (fd:0, idx:1), active : 1
0:00:00.024974839  2757 0x55fe31678360 DEBUG   GST_REGISTRY gstregistrychunks.c:740:gst_registry_chunks_load_feature: Added feature capsfilter, plugin 0x55fe316a7cf0 coreelements
0:00:00.020054922  2758 0x55ede7445360 LOG   GST_POLL gstpoll.c:994:gst_poll_fd_ctl_write: 0x55ede7469d30: pfd->events now 60 (POLLOUT:4)
0:00:00.024983850  2757 0x55fe31678360 LOG   GST_PLUGIN_LOADING gstpluginloader.c:886:handle_rx_packet: marking plugin 0x55fe316a7cf0 as registered as /home/conan/w/prod/BuildSingleReference/.conan/data/gstreamer/1.19.1/_/_/package/272fbcd9d24b96d15fa29c90965666ae8e9f2d35/lib/gstreamer-1.0/libgstcoreelements.so
0:00:00.020064774  2758 0x55ede7445360 DEBUG   GST_POLL gstpoll.c:979:gst_poll_fd_ctl_write: 0x55ede7469d30: fd (fd:0, idx:1), active : 1
0:00:00.024994438  2757 0x55fe31678360 DEBUG   GST_POLL gstpoll.c:1414:gst_poll_wait: 0x55fe3169d920: timeout :0:00:01.000000000
0:00:00.020071764  2758 0x55ede7445360 LOG   GST_POLL gstpoll.c:994:gst_poll_fd_ctl_write: 0x55ede7469d30: pfd->events now 60 (POLLOUT:4)
0:00:00.020079299  2758 0x55ede7445360 DEBUG   GST_POLL gstpoll.c:979:gst_poll_fd_ctl_write: 0x55ede7469d30: fd (fd:0, idx:1), active : 1
0:00:00.020085102  2758 0x55ede7445360 LOG   GST_POLL gstpoll.c:994:gst_poll_fd_ctl_write: 0x55ede7469d30: pfd->events now 60 (POLLOUT:4)
0:00:00.020094431  2758 0x55ede7445360 DEBUG   GST_POLL gstpoll.c:979:gst_poll_fd_ctl_write: 0x55ede7469d30: fd (fd:0, idx:1), active : 1
0:00:00.020100850  2758 0x55ede7445360 LOG   GST_POLL gstpoll.c:994:gst_poll_fd_ctl_write: 0x55ede7469d30: pfd->events now 60 (POLLOUT:4)
0:00:00.020107211  2758 0x55ede7445360 DEBUG   GST_POLL gstpoll.c:979:gst_poll_fd_ctl_write: 0x55ede7469d30: fd (fd:0, idx:1), active : 1
0:00:00.020113150  2758 0x55ede7445360 LOG   GST_POLL gstpoll.c:994:gst_poll_fd_ctl_write: 0x55ede7469d30: pfd->events now 60 (POLLOUT:4)
0:00:00.020132394  2758 0x55ede7445360 DEBUG   GST_POLL gstpoll.c:979:gst_poll_fd_ctl_write: 0x55ede7469d30: fd (fd:0, idx:1), active : 1
0:00:00.020140093  2758 0x55ede7445360 LOG   GST_POLL gstpoll.c:994:gst_poll_fd_ctl_write: 0x55ede7469d30: pfd->events now 60 (POLLOUT:4)
0:00:00.020146677  2758 0x55ede7445360 DEBUG   GST_POLL gstpoll.c:979:gst_poll_fd_ctl_write: 0x55ede7469d30: fd (fd:0, idx:1), active : 1
0:00:00.020155584  2758 0x55ede7445360 LOG   GST_POLL gstpoll.c:994:gst_poll_fd_ctl_write: 0x55ede7469d30: pfd->events now 60 (POLLOUT:4)
0:00:00.020162454  2758 0x55ede7445360 DEBUG   GST_POLL gstpoll.c:979:gst_poll_fd_ctl_write: 0x55ede7469d30: fd (fd:0, idx:1), active : 1
0:00:00.020168656  2758 0x55ede7445360 LOG   GST_POLL gstpoll.c:994:gst_poll_fd_ctl_write: 0x55ede7469d30: pfd->events now 60 (POLLOUT:4)
0:00:00.020174726  2758 0x55ede7445360 DEBUG   GST_POLL gstpoll.c:979:gst_poll_fd_ctl_write: 0x55ede7469d30: fd (fd:0, idx:1), active : 1
0:00:00.020189376  2758 0x55ede7445360 LOG   GST_POLL gstpoll.c:994:gst_poll_fd_ctl_write: 0x55ede7469d30: pfd->events now 60 (POLLOUT:4)
0:00:00.020196586  2758 0x55ede7445360 DEBUG   GST_POLL gstpoll.c:979:gst_poll_fd_ctl_write: 0x55ede7469d30: fd (fd:0, idx:1), active : 1
0:00:00.020209138  2758 0x55ede7445360 LOG   GST_POLL gstpoll.c:994:gst_poll_fd_ctl_write: 0x55ede7469d30: pfd->events now 60 (POLLOUT:4)
0:00:00.020215671  2758 0x55ede7445360 DEBUG   GST_POLL gstpoll.c:979:gst_poll_fd_ctl_write: 0x55ede7469d30: fd (fd:0, idx:1), active : 1
0:00:00.020224702  2758 0x55ede7445360 LOG   GST_POLL gstpoll.c:994:gst_poll_fd_ctl_write: 0x55ede7469d30: pfd->events now 60 (POLLOUT:4)
0:00:00.020231822  2758 0x55ede7445360 DEBUG   GST_POLL gstpoll.c:979:gst_poll_fd_ctl_write: 0x55ede7469d30: fd (fd:0, idx:1), active : 1
0:00:00.020237761  2758 0x55ede7445360 LOG   GST_POLL gstpoll.c:994:gst_poll_fd_ctl_write: 0x55ede7469d30: pfd->events now 60 (POLLOUT:4)
0:00:00.020243826  2758 0x55ede7445360 DEBUG   GST_POLL gstpoll.c:979:gst_poll_fd_ctl_write: 0x55ede7469d30: fd (fd:0, idx:1), active : 1
0:00:00.020252715  2758 0x55ede7445360 LOG   GST_POLL gstpoll.c:994:gst_poll_fd_ctl_write: 0x55ede7469d30: pfd->events now 60 (POLLOUT:4)
0:00:00.020264715  2758 0x55ede7445360 TRACE   GST_REFCOUNTING gstobject.c:264:gst_object_unref: 0x55ede746e900 unref 2->1
0:00:00.020272742  2758 0x55ede7445360 DEBUG   GST_POLL gstpoll.c:1241:gst_poll_fd_has_error: 0x55ede7469d30: fd (fd:0, idx:1) 0
0:00:00.020279422  2758 0x55ede7445360 DEBUG   GST_POLL gstpoll.c:1335:gst_poll_fd_can_write: 0x55ede7469d30: fd (fd:0, idx:1) 1
0:00:00.020288543  2758 0x55ede7445360 LOG   GST_PLUGIN_LOADING gstpluginloader.c:689:write_one: Writing packet of size 488 bytes to fd 0
0:00:00.020308419  2758 0x55ede7445360 DEBUG   GST_POLL gstpoll.c:1414:gst_poll_wait: 0x55ede7469d30: timeout :0:00:01.000000000
0:00:00.020319306  2758 0x55ede7445360 LOG   GST_PLUGIN_LOADING gstpluginloader.c:1026:exchange_packets: Poll res = 2. 6872 bytes pending for write
0:00:00.025251677  2757 0x55fe31678360 LOG   GST_PLUGIN_LOADING gstpluginloader.c:1026:exchange_packets: Poll res = 1. 0 bytes pending for write
0:00:00.020329221  2758 0x55ede7445360 DEBUG   GST_POLL gstpoll.c:1241:gst_poll_fd_has_error: 0x55ede7469d30: fd (fd:5, idx:2) 0
0:00:00.025262045  2757 0x55fe31678360 DEBUG   GST_POLL gstpoll.c:1241:gst_poll_fd_has_error: 0x55fe3169d920: fd (fd:8, idx:2) 0
0:00:00.020338234  2758 0x55ede7445360 DEBUG   GST_POLL gstpoll.c:1266:gst_poll_fd_can_read_unlocked: 0x55ede7469d30: fd (fd:5, idx:2) 1
0:00:00.025269272  2757 0x55fe31678360 DEBUG   GST_POLL gstpoll.c:1266:gst_poll_fd_can_read_unlocked: 0x55fe3169d920: fd (fd:8, idx:2) 1
0:00:00.020348148  2758 0x55ede7445360 LOG   GST_PLUGIN_LOADING gstpluginloader.c:1004:read_one: No payload to read for 0 length packet type 1 tag 0
0:00:00.020357405  2758 0x55ede7445360 DEBUG   GST_POLL gstpoll.c:1014:gst_poll_fd_ctl_read_unlocked: 0x55ede7469d30: fd (fd:5, idx:2), active : 0
0:00:00.025282925  2757 0x55fe31678360 DEBUG   GST_PLUGIN_LOADING gstpluginloader.c:847:handle_rx_packet: Received plugin details from child w/ tag 2. 476 bytes info
0:00:00.020364891  2758 0x55ede7445360 DEBUG   GST_POLL gstpoll.c:979:gst_poll_fd_ctl_write: 0x55ede7469d30: fd (fd:0, idx:1), active : 1
0:00:00.025292037  2757 0x55fe31678360 LOG   GST_REGISTRY gstregistrychunks.c:836:_priv_gst_registry_chunks_load_plugin: Reading/casting for GstRegistryChunkPluginElement at address 0x55fe3169ea80
0:00:00.020371647  2758 0x55ede7445360 LOG   GST_POLL gstpoll.c:994:gst_poll_fd_ctl_write: 0x55ede7469d30: pfd->events now 60 (POLLOUT:4)
0:00:00.020381270  2758 0x55ede7445360 DEBUG   GST_POLL gstpoll.c:1241:gst_poll_fd_has_error: 0x55ede7469d30: fd (fd:0, idx:1) 0
0:00:00.025306292  2757 0x55fe31678360 TRACE   GST_REFCOUNTING gstobject.c:208:gst_object_init: 0x55fe316ad1b0 new
0:00:00.020389988  2758 0x55ede7445360 DEBUG   GST_POLL gstpoll.c:1335:gst_poll_fd_can_write: 0x55ede7469d30: fd (fd:0, idx:1) 1
0:00:00.020397458  2758 0x55ede7445360 LOG   GST_PLUGIN_LOADING gstpluginloader.c:689:write_one: Writing packet of size 6872 bytes to fd 0
0:00:00.025323760  2757 0x55fe31678360 LOG   GST_REGISTRY gstregistrychunks.c:858:_priv_gst_registry_chunks_load_plugin: read strings for name='coretracers'
0:00:00.025331891  2757 0x55fe31678360 LOG   GST_REGISTRY gstregistrychunks.c:859:_priv_gst_registry_chunks_load_plugin: desc.description='GStreamer core tracers'
0:00:00.020408713  2758 0x55ede7445360 DEBUG   GST_POLL gstpoll.c:1414:gst_poll_wait: 0x55ede7469d30: timeout :0:00:01.000000000
0:00:00.025337751  2757 0x55fe31678360 LOG   GST_REGISTRY gstregistrychunks.c:860:_priv_gst_registry_chunks_load_plugin: filename='/home/conan/w/prod/BuildSingleReference/.conan/data/gstreamer/1.19.1/_/_/package/272fbcd9d24b96d15fa29c90965666ae8e9f2d35/lib/gstreamer-1.0/libgstcoretracers.so'
0:00:00.025344290  2757 0x55fe31678360 LOG   GST_REGISTRY gstregistrychunks.c:861:_priv_gst_registry_chunks_load_plugin: desc.version='1.19.1'
0:00:00.020418610  2758 0x55ede7445360 LOG   GST_PLUGIN_LOADING gstpluginloader.c:1026:exchange_packets: Poll res = 1. 12 bytes pending for write
0:00:00.025351975  2757 0x55fe31678360 LOG   GST_REGISTRY gstregistrychunks.c:862:_priv_gst_registry_chunks_load_plugin: desc.license='LGPL'
0:00:00.020429333  2758 0x55ede7445360 DEBUG   GST_POLL gstpoll.c:1241:gst_poll_fd_has_error: 0x55ede7469d30: fd (fd:0, idx:1) 0
0:00:00.025359430  2757 0x55fe31678360 LOG   GST_REGISTRY gstregistrychunks.c:863:_priv_gst_registry_chunks_load_plugin: desc.source='gstreamer'
0:00:00.020436750  2758 0x55ede7445360 DEBUG   GST_POLL gstpoll.c:1335:gst_poll_fd_can_write: 0x55ede7469d30: fd (fd:0, idx:1) 1
0:00:00.025365807  2757 0x55fe31678360 LOG   GST_REGISTRY gstregistrychunks.c:864:_priv_gst_registry_chunks_load_plugin: desc.package='GStreamer source release'
0:00:00.020443232  2758 0x55ede7445360 LOG   GST_PLUGIN_LOADING gstpluginloader.c:689:write_one: Writing packet of size 12 bytes to fd 0
0:00:00.025371873  2757 0x55fe31678360 LOG   GST_REGISTRY gstregistrychunks.c:865:_priv_gst_registry_chunks_load_plugin: desc.origin='Unknown package origin'
0:00:00.020454023  2758 0x55ede7445360 DEBUG   GST_POLL gstpoll.c:979:gst_poll_fd_ctl_write: 0x55ede7469d30: fd (fd:0, idx:1), active : 0
0:00:00.025379973  2757 0x55fe31678360 LOG   GST_REGISTRY gstregistrychunks.c:866:_priv_gst_registry_chunks_load_plugin: desc.datetime=2021-06-01
0:00:00.020461611  2758 0x55ede7445360 LOG   GST_POLL gstpoll.c:994:gst_poll_fd_ctl_write: 0x55ede7469d30: pfd->events now 56 (POLLOUT:4)
0:00:00.025392813  2757 0x55fe31678360 DEBUG   GST_REGISTRY gstregistry.c:446:gst_registry_add_plugin: Replacing existing plugin "/home/conan/w/prod/BuildSingleReference/.conan/data/gstreamer/1.19.1/_/_/package/272fbcd9d24b96d15fa29c90965666ae8e9f2d35/lib/gstreamer-1.0/libgstcoretracers.so" 0x55fe3169e000 with new plugin 0x55fe316ad1b0 for filename "/home/conan/w/prod/BuildSingleReference/.conan/data/gstreamer/1.19.1/_/_/package/272fbcd9d24b96d15fa29c90965666ae8e9f2d35/lib/gstreamer-1.0/libgstcoretracers.so"
0:00:00.025405319  2757 0x55fe31678360 TRACE   GST_REFCOUNTING gstobject.c:264:gst_object_unref: 0x55fe3169e000 unref 1->0
0:00:00.025413772  2757 0x55fe31678360 TRACE   GST_REFCOUNTING gstobject.c:381:gst_object_dispose: 0x55fe3169e000 dispose
0:00:00.020488257  2758 0x55ede7445360 DEBUG   GST_POLL gstpoll.c:772:gst_poll_free: 0x55ede7469d30: freeing
0:00:00.025425940  2757 0x55fe31678360 DEBUG   GST_PLUGIN_LOADING gstplugin.c:136:gst_plugin_finalize: finalizing plugin
0:00:00.025436403  2757 0x55fe31678360 TRACE   GST_REFCOUNTING gstobject.c:423:gst_object_finalize: 0x55fe3169e000 finalize
0:00:00.025450384  2757 0x55fe31678360 DEBUG   GST_REGISTRY gstregistry.c:473:gst_registry_add_plugin: adding plugin 0x55fe316ad1b0 for filename "/home/conan/w/prod/BuildSingleReference/.conan/data/gstreamer/1.19.1/_/_/package/272fbcd9d24b96d15fa29c90965666ae8e9f2d35/lib/gstreamer-1.0/libgstcoretracers.so"
0:00:00.025457954  2757 0x55fe31678360 TRACE   GST_REFCOUNTING gstobject.c:292:gst_object_ref_sink: 0x55fe316ad1b0 ref_sink 1->2
0:00:00.025467671  2757 0x55fe31678360 LOG   GST_REGISTRY gstregistry.c:486:gst_registry_add_plugin: emitting plugin-added for filename "/home/conan/w/prod/BuildSingleReference/.conan/data/gstreamer/1.19.1/_/_/package/272fbcd9d24b96d15fa29c90965666ae8e9f2d35/lib/gstreamer-1.0/libgstcoretracers.so"
0:00:00.025475668  2757 0x55fe31678360 DEBUG   GST_REGISTRY gstregistrychunks.c:886:_priv_gst_registry_chunks_load_plugin: Added plugin 'coretracers' plugin with 5 features from binary registry
0:00:00.025482697  2757 0x55fe31678360 DEBUG   GST_REGISTRY gstregistrychunks.c:582:gst_registry_chunks_load_feature: Plugin 'coretracers' feature 'leaks' typename : 'GstTracerFactory'
0:00:00.025491562  2757 0x55fe31678360 TRACE   GST_REFCOUNTING gstobject.c:208:gst_object_init: 0x55fe3169dff0 new
0:00:00.025503657  2757 0x55fe31678360 DEBUG   GST_REGISTRY gstregistrychunks.c:716:gst_registry_chunks_load_feature: Reading/casting for GstRegistryChunkPluginFeature at address 0x55fe3169ebc8
0:00:00.025512603  2757 0x55fe31678360 DEBUG   GST_REGISTRY gstregistry.c:580:gst_registry_add_feature: replacing existing feature 0x55fe3169e390 (leaks)
0:00:00.025520282  2757 0x55fe31678360 DEBUG   GST_REGISTRY gstregistry.c:589:gst_registry_add_feature: adding feature 0x55fe3169dff0 (leaks)
0:00:00.025525960  2757 0x55fe31678360 TRACE   GST_REFCOUNTING gstobject.c:788:gst_object_unparent: unparent
0:00:00.025536023  2757 0x55fe31678360 TRACE   GST_REFCOUNTING gstobject.c:264:gst_object_unref: 0x55fe3169e390 unref 1->0
0:00:00.025544063  2757 0x55fe31678360 TRACE   GST_REFCOUNTING gstobject.c:381:gst_object_dispose: 0x55fe3169e390 dispose
0:00:00.025565311  2757 0x55fe31678360 DEBUG   GST_PLUGIN_LOADING gstpluginfeature.c:67:gst_plugin_feature_finalize: finalizing feature 0x55fe3169e390: 'leaks'
0:00:00.025572156  2757 0x55fe31678360 TRACE   GST_REFCOUNTING gstobject.c:423:gst_object_finalize: 0x55fe3169e390 finalize
0:00:00.025581971  2757 0x55fe31678360 DEBUG   GST_REFCOUNTING gstobject.c:708:gst_object_set_parent: set parent (ref and sink)
0:00:00.025590658  2757 0x55fe31678360 TRACE   GST_REFCOUNTING gstobject.c:292:gst_object_ref_sink: 0x55fe3169dff0 ref_sink 1->2
0:00:00.025597334  2757 0x55fe31678360 LOG   GST_REGISTRY gstregistry.c:607:gst_registry_add_feature: emitting feature-added for leaks
0:00:00.025604084  2757 0x55fe31678360 DEBUG   GST_REGISTRY gstregistrychunks.c:740:gst_registry_chunks_load_feature: Added feature leaks, plugin 0x55fe316ad1b0 coretracers
0:00:00.025613046  2757 0x55fe31678360 DEBUG   GST_REGISTRY gstregistrychunks.c:582:gst_registry_chunks_load_feature: Plugin 'coretracers' feature 'stats' typename : 'GstTracerFactory'
0:00:00.025622950  2757 0x55fe31678360 TRACE   GST_REFCOUNTING gstobject.c:208:gst_object_init: 0x55fe3169e390 new
0:00:00.025632100  2757 0x55fe31678360 DEBUG   GST_REGISTRY gstregistrychunks.c:716:gst_registry_chunks_load_feature: Reading/casting for GstRegistryChunkPluginFeature at address 0x55fe3169ebe8
0:00:00.025639812  2757 0x55fe31678360 DEBUG   GST_REGISTRY gstregistry.c:580:gst_registry_add_feature: replacing existing feature 0x55fe3169e5a0 (stats)
