0:00:00.020715228  2757 0x55fe31678360 DEBUG   structure gststructure.c:2258:gst_structure_parse_field: trying field name 'description'
0:00:00.015799833  2758 0x55ede7445360 TRACE   GST_REFCOUNTING gstobject.c:237:gst_object_ref: 0x55ede7472cb0 ref 1->2
0:00:00.020726224  2757 0x55fe31678360 DEBUG   default gstvalue.c:2776:_priv_gst_value_parse_value: trying type name 'string'
0:00:00.015810217  2758 0x55ede7445360 TRACE   GST_REFCOUNTING gstobject.c:237:gst_object_ref: 0x55ede7471dd0 ref 1->2
0:00:00.020739841  2757 0x55fe31678360 DEBUG   structure gststructure.c:2258:gst_structure_parse_field: trying field name 'author'
0:00:00.015818013  2758 0x55ede7445360 TRACE   GST_REFCOUNTING gstobject.c:237:gst_object_ref: 0x55ede7470fe0 ref 1->2
0:00:00.020750880  2757 0x55fe31678360 DEBUG   default gstvalue.c:2776:_priv_gst_value_parse_value: trying type name 'string'
0:00:00.015826619  2758 0x55ede7445360 TRACE   GST_REFCOUNTING gstobject.c:237:gst_object_ref: 0x55ede746efc0 ref 1->2
0:00:00.020760985  2757 0x55fe31678360 DEBUG   GST_REGISTRY gstregistrychunks.c:626:gst_registry_chunks_load_feature: Element factory : npadtemplates=2
0:00:00.015839606  2758 0x55ede7445360 DEBUG   GST_REGISTRY gstregistrychunks.c:264:gst_registry_chunks_save_feature: saved 0 interfaces 0 pad templates
0:00:00.020768030  2757 0x55fe31678360 DEBUG   GST_REGISTRY gstregistrychunks.c:525:gst_registry_chunks_load_pad_template: Reading/casting for GstRegistryChunkPadTemplate at address 0x55fe3169ecb0
0:00:00.020776016  2757 0x55fe31678360 DEBUG   GST_REGISTRY gstregistrychunks.c:539:gst_registry_chunks_load_pad_template: Added pad_template src_%u
0:00:00.015855201  2758 0x55ede7445360 DEBUG   GST_REGISTRY gstregistrychunks.c:264:gst_registry_chunks_save_feature: saved 0 interfaces 0 pad templates
0:00:00.020784118  2757 0x55fe31678360 DEBUG   GST_REGISTRY gstregistrychunks.c:525:gst_registry_chunks_load_pad_template: Reading/casting for GstRegistryChunkPadTemplate at address 0x55fe3169ecc8
0:00:00.015873509  2758 0x55ede7445360 DEBUG   GST_REGISTRY gstregistrychunks.c:264:gst_registry_chunks_save_feature: saved 0 interfaces 0 pad templates
0:00:00.020799035  2757 0x55fe31678360 DEBUG   GST_REGISTRY gstregistrychunks.c:539:gst_registry_chunks_load_pad_template: Added pad_template sink
0:00:00.020811269  2757 0x55fe31678360 DEBUG   GST_REGISTRY gstregistry.c:589:gst_registry_add_feature: adding feature 0x55fe316a7320 (streamiddemux)
0:00:00.015885327  2758 0x55ede7445360 DEBUG   GST_REGISTRY gstregistrychunks.c:264:gst_registry_chunks_save_feature: saved 1 interfaces 0 pad templates
0:00:00.020819621  2757 0x55fe31678360 DEBUG   GST_REFCOUNTING gstobject.c:708:gst_object_set_parent: set parent (ref and sink)
0:00:00.015896211  2758 0x55ede7445360 DEBUG   GST_REGISTRY gstregistrychunks.c:284:gst_registry_chunks_save_feature: Saved 1 UriTypes
0:00:00.020830897  2757 0x55fe31678360 TRACE   GST_REFCOUNTING gstobject.c:292:gst_object_ref_sink: 0x55fe316a7320 ref_sink 1->2
0:00:00.015911331  2758 0x55ede7445360 DEBUG   GST_REGISTRY gstregistrychunks.c:264:gst_registry_chunks_save_feature: saved 0 interfaces 0 pad templates
0:00:00.020838929  2757 0x55fe31678360 LOG   GST_REGISTRY gstregistry.c:607:gst_registry_add_feature: emitting feature-added for streamiddemux
0:00:00.020847080  2757 0x55fe31678360 DEBUG   GST_REGISTRY gstregistrychunks.c:740:gst_registry_chunks_load_feature: Added feature streamiddemux, plugin 0x55fe316a7cf0 coreelements
0:00:00.015922144  2758 0x55ede7445360 DEBUG   GST_REGISTRY gstregistrychunks.c:264:gst_registry_chunks_save_feature: saved 0 interfaces 0 pad templates
0:00:00.020853883  2757 0x55fe31678360 DEBUG   GST_REGISTRY gstregistrychunks.c:582:gst_registry_chunks_load_feature: Plugin 'coreelements' feature 'valve' typename : 'GstElementFactory'
0:00:00.015934298  2758 0x55ede7445360 DEBUG   GST_REGISTRY gstregistrychunks.c:264:gst_registry_chunks_save_feature: saved 0 interfaces 0 pad templates
0:00:00.020866949  2757 0x55fe31678360 TRACE   GST_REFCOUNTING gstobject.c:208:gst_object_init: 0x55fe316a91d0 new
0:00:00.015949580  2758 0x55ede7445360 DEBUG   GST_REGISTRY gstregistrychunks.c:264:gst_registry_chunks_save_feature: saved 1 interfaces 0 pad templates
0:00:00.020877451  2757 0x55fe31678360 LOG   GST_REGISTRY gstregistrychunks.c:609:gst_registry_chunks_load_feature: Reading/casting for GstRegistryChunkElementFactory at address 0x55fe3169ecf8
0:00:00.015956693  2758 0x55ede7445360 DEBUG   GST_REGISTRY gstregistrychunks.c:284:gst_registry_chunks_save_feature: Saved 1 UriTypes
0:00:00.020884919  2757 0x55fe31678360 TRACE   structure gststructure.c:292:gst_structure_new_id_empty_with_size: created structure 0x55fe316a0910
0:00:00.020891390  2757 0x55fe31678360 DEBUG   structure gststructure.c:2258:gst_structure_parse_field: trying field name 'long-name'
0:00:00.015967285  2758 0x55ede7445360 DEBUG   GST_REGISTRY gstregistrychunks.c:264:gst_registry_chunks_save_feature: saved 1 interfaces 0 pad templates
0:00:00.020900168  2757 0x55fe31678360 DEBUG   default gstvalue.c:2776:_priv_gst_value_parse_value: trying type name 'string'
0:00:00.015980498  2758 0x55ede7445360 DEBUG   GST_REGISTRY gstregistrychunks.c:284:gst_registry_chunks_save_feature: Saved 1 UriTypes
0:00:00.020909459  2757 0x55fe31678360 DEBUG   structure gststructure.c:2258:gst_structure_parse_field: trying field name 'klass'
0:00:00.020916500  2757 0x55fe31678360 DEBUG   default gstvalue.c:2776:_priv_gst_value_parse_value: trying type name 'string'
0:00:00.015994425  2758 0x55ede7445360 DEBUG   GST_REGISTRY gstregistrychunks.c:264:gst_registry_chunks_save_feature: saved 1 interfaces 0 pad templates
0:00:00.020923191  2757 0x55fe31678360 DEBUG   structure gststructure.c:2258:gst_structure_parse_field: trying field name 'description'
0:00:00.016001479  2758 0x55ede7445360 DEBUG   GST_REGISTRY gstregistrychunks.c:284:gst_registry_chunks_save_feature: Saved 1 UriTypes
0:00:00.020932409  2757 0x55fe31678360 DEBUG   default gstvalue.c:2776:_priv_gst_value_parse_value: trying type name 'string'
0:00:00.016011726  2758 0x55ede7445360 DEBUG   GST_REGISTRY gstregistrychunks.c:264:gst_registry_chunks_save_feature: saved 0 interfaces 0 pad templates
0:00:00.020941265  2757 0x55fe31678360 DEBUG   structure gststructure.c:2258:gst_structure_parse_field: trying field name 'author'
0:00:00.020948119  2757 0x55fe31678360 DEBUG   default gstvalue.c:2776:_priv_gst_value_parse_value: trying type name 'string'
0:00:00.016022373  2758 0x55ede7445360 DEBUG   GST_REGISTRY gstregistrychunks.c:264:gst_registry_chunks_save_feature: saved 0 interfaces 0 pad templates
0:00:00.020955347  2757 0x55fe31678360 DEBUG   GST_REGISTRY gstregistrychunks.c:626:gst_registry_chunks_load_feature: Element factory : npadtemplates=2
0:00:00.021008053  2757 0x55fe31678360 DEBUG   GST_REGISTRY gstregistrychunks.c:525:gst_registry_chunks_load_pad_template: Reading/casting for GstRegistryChunkPadTemplate at address 0x55fe3169ede8
0:00:00.016084911  2758 0x55ede7445360 DEBUG   GST_REGISTRY gstregistrychunks.c:264:gst_registry_chunks_save_feature: saved 0 interfaces 0 pad templates
0:00:00.021014721  2757 0x55fe31678360 DEBUG   GST_REGISTRY gstregistrychunks.c:539:gst_registry_chunks_load_pad_template: Added pad_template sink
0:00:00.021021147  2757 0x55fe31678360 DEBUG   GST_REGISTRY gstregistrychunks.c:525:gst_registry_chunks_load_pad_template: Reading/casting for GstRegistryChunkPadTemplate at address 0x55fe3169ee00
0:00:00.016098075  2758 0x55ede7445360 DEBUG   GST_REGISTRY gstregistrychunks.c:264:gst_registry_chunks_save_feature: saved 0 interfaces 0 pad templates
0:00:00.021027119  2757 0x55fe31678360 DEBUG   GST_REGISTRY gstregistrychunks.c:539:gst_registry_chunks_load_pad_template: Added pad_template src
0:00:00.016109002  2758 0x55ede7445360 DEBUG   GST_REGISTRY gstregistrychunks.c:264:gst_registry_chunks_save_feature: saved 0 interfaces 0 pad templates
0:00:00.021038784  2757 0x55fe31678360 DEBUG   GST_REGISTRY gstregistry.c:589:gst_registry_add_feature: adding feature 0x55fe316a91d0 (valve)
0:00:00.016135241  2758 0x55ede7445360 DEBUG   GST_REGISTRY gstregistrychunks.c:264:gst_registry_chunks_save_feature: saved 0 interfaces 0 pad templates
0:00:00.021075034  2757 0x55fe31678360 DEBUG   GST_REFCOUNTING gstobject.c:708:gst_object_set_parent: set parent (ref and sink)
0:00:00.016155628  2758 0x55ede7445360 DEBUG   GST_REGISTRY gstregistrychunks.c:264:gst_registry_chunks_save_feature: saved 1 interfaces 0 pad templates
0:00:00.016162553  2758 0x55ede7445360 DEBUG   GST_REGISTRY gstregistrychunks.c:284:gst_registry_chunks_save_feature: Saved 1 UriTypes
0:00:00.021088218  2757 0x55fe31678360 TRACE   GST_REFCOUNTING gstobject.c:292:gst_object_ref_sink: 0x55fe316a91d0 ref_sink 1->2
0:00:00.021100066  2757 0x55fe31678360 LOG   GST_REGISTRY gstregistry.c:607:gst_registry_add_feature: emitting feature-added for valve
0:00:00.016175799  2758 0x55ede7445360 DEBUG   GST_REGISTRY gstregistrychunks.c:264:gst_registry_chunks_save_feature: saved 0 interfaces 0 pad templates
0:00:00.021108344  2757 0x55fe31678360 DEBUG   GST_REGISTRY gstregistrychunks.c:740:gst_registry_chunks_load_feature: Added feature valve, plugin 0x55fe316a7cf0 coreelements
0:00:00.016188004  2758 0x55ede7445360 DEBUG   GST_REGISTRY gstregistrychunks.c:264:gst_registry_chunks_save_feature: saved 0 interfaces 0 pad templates
0:00:00.021115973  2757 0x55fe31678360 DEBUG   GST_REGISTRY gstregistrychunks.c:582:gst_registry_chunks_load_feature: Plugin 'coreelements' feature 'multiqueue' typename : 'GstElementFactory'
0:00:00.016199096  2758 0x55ede7445360 DEBUG   GST_REGISTRY gstregistrychunks.c:264:gst_registry_chunks_save_feature: saved 0 interfaces 0 pad templates
0:00:00.021125537  2757 0x55fe31678360 TRACE   GST_REFCOUNTING gstobject.c:208:gst_object_init: 0x55fe316a0b60 new
0:00:00.016209461  2758 0x55ede7445360 DEBUG   GST_REGISTRY gstregistrychunks.c:264:gst_registry_chunks_save_feature: saved 0 interfaces 0 pad templates
0:00:00.021137997  2757 0x55fe31678360 LOG   GST_REGISTRY gstregistrychunks.c:609:gst_registry_chunks_load_feature: Reading/casting for GstRegistryChunkElementFactory at address 0x55fe3169ee30
0:00:00.021146350  2757 0x55fe31678360 TRACE   structure gststructure.c:292:gst_structure_new_id_empty_with_size: created structure 0x55fe316a0d90
0:00:00.016223665  2758 0x55ede7445360 DEBUG   GST_REGISTRY gstregistrychunks.c:264:gst_registry_chunks_save_feature: saved 0 interfaces 0 pad templates
0:00:00.021152418  2757 0x55fe31678360 DEBUG   structure gststructure.c:2258:gst_structure_parse_field: trying field name 'long-name'
0:00:00.021158709  2757 0x55fe31678360 DEBUG   default gstvalue.c:2776:_priv_gst_value_parse_value: trying type name 'string'
0:00:00.016241284  2758 0x55ede7445360 TRACE   GST_REFCOUNTING gstobject.c:264:gst_object_unref: 0x55ede746efc0 unref 2->1
0:00:00.021168361  2757 0x55fe31678360 DEBUG   structure gststructure.c:2258:gst_structure_parse_field: trying field name 'klass'
0:00:00.016250369  2758 0x55ede7445360 TRACE   GST_REFCOUNTING gstobject.c:264:gst_object_unref: 0x55ede7470fe0 unref 2->1
0:00:00.021177217  2757 0x55fe31678360 DEBUG   default gstvalue.c:2776:_priv_gst_value_parse_value: trying type name 'string'
0:00:00.016258190  2758 0x55ede7445360 TRACE   GST_REFCOUNTING gstobject.c:264:gst_object_unref: 0x55ede7471dd0 unref 2->1
0:00:00.021190987  2757 0x55fe31678360 DEBUG   structure gststructure.c:2258:gst_structure_parse_field: trying field name 'description'
0:00:00.016268980  2758 0x55ede7445360 TRACE   GST_REFCOUNTING gstobject.c:264:gst_object_unref: 0x55ede7472cb0 unref 2->1
0:00:00.021197389  2757 0x55fe31678360 DEBUG   default gstvalue.c:2776:_priv_gst_value_parse_value: trying type name 'string'
0:00:00.016276963  2758 0x55ede7445360 TRACE   GST_REFCOUNTING gstobject.c:264:gst_object_unref: 0x55ede7474ac0 unref 2->1
0:00:00.021207235  2757 0x55fe31678360 DEBUG   structure gststructure.c:2258:gst_structure_parse_field: trying field name 'author'
0:00:00.016284421  2758 0x55ede7445360 TRACE   GST_REFCOUNTING gstobject.c:264:gst_object_unref: 0x55ede7475c90 unref 2->1
0:00:00.021214524  2757 0x55fe31678360 DEBUG   default gstvalue.c:2776:_priv_gst_value_parse_value: trying type name 'string'
0:00:00.016291745  2758 0x55ede7445360 TRACE   GST_REFCOUNTING gstobject.c:264:gst_object_unref: 0x55ede7477900 unref 2->1
0:00:00.021222553  2757 0x55fe31678360 DEBUG   GST_REGISTRY gstregistrychunks.c:626:gst_registry_chunks_load_feature: Element factory : npadtemplates=2
0:00:00.016301931  2758 0x55ede7445360 TRACE   GST_REFCOUNTING gstobject.c:264:gst_object_unref: 0x55ede7479f00 unref 2->1
0:00:00.021228905  2757 0x55fe31678360 DEBUG   GST_REGISTRY gstregistrychunks.c:525:gst_registry_chunks_load_pad_template: Reading/casting for GstRegistryChunkPadTemplate at address 0x55fe3169eef0
0:00:00.016309763  2758 0x55ede7445360 TRACE   GST_REFCOUNTING gstobject.c:264:gst_object_unref: 0x55ede747c3b0 unref 2->1
0:00:00.021238595  2757 0x55fe31678360 DEBUG   GST_REGISTRY gstregistrychunks.c:539:gst_registry_chunks_load_pad_template: Added pad_template src_%u
0:00:00.016317224  2758 0x55ede7445360 TRACE   GST_REFCOUNTING gstobject.c:264:gst_object_unref: 0x55ede747d230 unref 2->1
0:00:00.021249523  2757 0x55fe31678360 DEBUG   GST_REGISTRY gstregistrychunks.c:525:gst_registry_chunks_load_pad_template: Reading/casting for GstRegistryChunkPadTemplate at address 0x55fe3169ef08
0:00:00.016324402  2758 0x55ede7445360 TRACE   GST_REFCOUNTING gstobject.c:264:gst_object_unref: 0x55ede747e010 unref 2->1
0:00:00.021257072  2757 0x55fe31678360 DEBUG   GST_REGISTRY gstregistrychunks.c:539:gst_registry_chunks_load_pad_template: Added pad_template sink_%u
0:00:00.016335440  2758 0x55ede7445360 TRACE   GST_REFCOUNTING gstobject.c:264:gst_object_unref: 0x55ede747ed80 unref 2->1
0:00:00.021266139  2757 0x55fe31678360 DEBUG   GST_REGISTRY gstregistry.c:589:gst_registry_add_feature: adding feature 0x55fe316a0b60 (multiqueue)
0:00:00.016343171  2758 0x55ede7445360 TRACE   GST_REFCOUNTING gstobject.c:264:gst_object_unref: 0x55ede74802e0 unref 2->1
0:00:00.021275548  2757 0x55fe31678360 DEBUG   GST_REFCOUNTING gstobject.c:708:gst_object_set_parent: set parent (ref and sink)
0:00:00.016351598  2758 0x55ede7445360 TRACE   GST_REFCOUNTING gstobject.c:264:gst_object_unref: 0x55ede7481500 unref 2->1
0:00:00.021289232  2757 0x55fe31678360 TRACE   GST_REFCOUNTING gstobject.c:292:gst_object_ref_sink: 0x55fe316a0b60 ref_sink 1->2
0:00:00.016364707  2758 0x55ede7445360 TRACE   GST_REFCOUNTING gstobject.c:264:gst_object_unref: 0x55ede74826c0 unref 2->1
0:00:00.021296905  2757 0x55fe31678360 LOG   GST_REGISTRY gstregistry.c:607:gst_registry_add_feature: emitting feature-added for multiqueue
0:00:00.016375138  2758 0x55ede7445360 TRACE   GST_REFCOUNTING gstobject.c:264:gst_object_unref: 0x55ede74849a0 unref 2->1
0:00:00.021304517  2757 0x55fe31678360 DEBUG   GST_REGISTRY gstregistrychunks.c:740:gst_registry_chunks_load_feature: Added feature multiqueue, plugin 0x55fe316a7cf0 coreelements
0:00:00.016382776  2758 0x55ede7445360 TRACE   GST_REFCOUNTING gstobject.c:264:gst_object_unref: 0x55ede7486240 unref 2->1
0:00:00.021314408  2757 0x55fe31678360 DEBUG   GST_REGISTRY gstregistrychunks.c:582:gst_registry_chunks_load_feature: Plugin 'coreelements' feature 'typefind' typename : 'GstElementFactory'
0:00:00.016390209  2758 0x55ede7445360 TRACE   GST_REFCOUNTING gstobject.c:264:gst_object_unref: 0x55ede74876c0 unref 2->1
0:00:00.021324285  2757 0x55fe31678360 TRACE   GST_REFCOUNTING gstobject.c:208:gst_object_init: 0x55fe316a1040 new
0:00:00.016398258  2758 0x55ede7445360 TRACE   GST_REFCOUNTING gstobject.c:264:gst_object_unref: 0x55ede7488aa0 unref 2->1
0:00:00.021334132  2757 0x55fe31678360 LOG   GST_REGISTRY gstregistrychunks.c:609:gst_registry_chunks_load_feature: Reading/casting for GstRegistryChunkElementFactory at address 0x55fe3169ef38
0:00:00.016410688  2758 0x55ede7445360 TRACE   GST_REFCOUNTING gstobject.c:264:gst_object_unref: 0x55ede7489a90 unref 2->1
0:00:00.021341288  2757 0x55fe31678360 TRACE   structure gststructure.c:292:gst_structure_new_id_empty_with_size: created structure 0x55fe316a1270
0:00:00.016418427  2758 0x55ede7445360 TRACE   GST_REFCOUNTING gstobject.c:264:gst_object_unref: 0x55ede748b570 unref 2->1
0:00:00.021350473  2757 0x55fe31678360 DEBUG   structure gststructure.c:2258:gst_structure_parse_field: trying field name 'long-name'
0:00:00.016426517  2758 0x55ede7445360 TRACE   GST_REFCOUNTING gstobject.c:264:gst_object_unref: 0x55ede748c770 unref 2->1
0:00:00.021357150  2757 0x55fe31678360 DEBUG   default gstvalue.c:2776:_priv_gst_value_parse_value: trying type name 'string'
0:00:00.021364792  2757 0x55fe31678360 DEBUG   structure gststructure.c:2258:gst_structure_parse_field: trying field name 'klass'
0:00:00.016444453  2758 0x55ede7445360 DEBUG   GST_REGISTRY gstregistrychunks.c:497:_priv_gst_registry_chunks_save_plugin: Found 22 features in plugin 0x55ede746e900 (coreelements)
0:00:00.021370321  2757 0x55fe31678360 DEBUG   default gstvalue.c:2776:_priv_gst_value_parse_value: trying type name 'string'
0:00:00.016454491  2758 0x55ede7445360 DEBUG   GST_POLL gstpoll.c:979:gst_poll_fd_ctl_write: 0x55ede7469d30: fd (fd:0, idx:1), active : 1
0:00:00.021383101  2757 0x55fe31678360 DEBUG   structure gststructure.c:2258:gst_structure_parse_field: trying field name 'description'
0:00:00.016467341  2758 0x55ede7445360 LOG   GST_POLL gstpoll.c:994:gst_poll_fd_ctl_write: 0x55ede7469d30: pfd->events now 60 (POLLOUT:4)
0:00:00.021394057  2757 0x55fe31678360 DEBUG   default gstvalue.c:2776:_priv_gst_value_parse_value: trying type name 'string'
0:00:00.016475079  2758 0x55ede7445360 DEBUG   GST_POLL gstpoll.c:979:gst_poll_fd_ctl_write: 0x55ede7469d30: fd (fd:0, idx:1), active : 1
0:00:00.021403048  2757 0x55fe31678360 DEBUG   structure gststructure.c:2258:gst_structure_parse_field: trying field name 'author'
0:00:00.016504365  2758 0x55ede7445360 LOG   GST_POLL gstpoll.c:994:gst_poll_fd_ctl_write: 0x55ede7469d30: pfd->events now 60 (POLLOUT:4)
0:00:00.021431562  2757 0x55fe31678360 DEBUG   default gstvalue.c:2776:_priv_gst_value_parse_value: trying type name 'string'
0:00:00.016512698  2758 0x55ede7445360 DEBUG   GST_POLL gstpoll.c:979:gst_poll_fd_ctl_write: 0x55ede7469d30: fd (fd:0, idx:1), active : 1
0:00:00.021441534  2757 0x55fe31678360 DEBUG   GST_REGISTRY gstregistrychunks.c:626:gst_registry_chunks_load_feature: Element factory : npadtemplates=2
0:00:00.016519292  2758 0x55ede7445360 LOG   GST_POLL gstpoll.c:994:gst_poll_fd_ctl_write: 0x55ede7469d30: pfd->events now 60 (POLLOUT:4)
0:00:00.021448114  2757 0x55fe31678360 DEBUG   GST_REGISTRY gstregistrychunks.c:525:gst_registry_chunks_load_pad_template: Reading/casting for GstRegistryChunkPadTemplate at address 0x55fe3169f010
0:00:00.016526223  2758 0x55ede7445360 DEBUG   GST_POLL gstpoll.c:979:gst_poll_fd_ctl_write: 0x55ede7469d30: fd (fd:0, idx:1), active : 1
0:00:00.021454998  2757 0x55fe31678360 DEBUG   GST_REGISTRY gstregistrychunks.c:539:gst_registry_chunks_load_pad_template: Added pad_template sink
0:00:00.016534819  2758 0x55ede7445360 LOG   GST_POLL gstpoll.c:994:gst_poll_fd_ctl_write: 0x55ede7469d30: pfd->events now 60 (POLLOUT:4)
0:00:00.021463322  2757 0x55fe31678360 DEBUG   GST_REGISTRY gstregistrychunks.c:525:gst_registry_chunks_load_pad_template: Reading/casting for GstRegistryChunkPadTemplate at address 0x55fe3169f028
0:00:00.016542807  2758 0x55ede7445360 DEBUG   GST_POLL gstpoll.c:979:gst_poll_fd_ctl_write: 0x55ede7469d30: fd (fd:0, idx:1), active : 1
0:00:00.021471556  2757 0x55fe31678360 DEBUG   GST_REGISTRY gstregistrychunks.c:539:gst_registry_chunks_load_pad_template: Added pad_template src
0:00:00.016549518  2758 0x55ede7445360 LOG   GST_POLL gstpoll.c:994:gst_poll_fd_ctl_write: 0x55ede7469d30: pfd->events now 60 (POLLOUT:4)
0:00:00.021480368  2757 0x55fe31678360 DEBUG   GST_REGISTRY gstregistry.c:589:gst_registry_add_feature: adding feature 0x55fe316a1040 (typefind)
0:00:00.016556374  2758 0x55ede7445360 DEBUG   GST_POLL gstpoll.c:979:gst_poll_fd_ctl_write: 0x55ede7469d30: fd (fd:0, idx:1), active : 1
0:00:00.021487319  2757 0x55fe31678360 DEBUG   GST_REFCOUNTING gstobject.c:708:gst_object_set_parent: set parent (ref and sink)
0:00:00.016565865  2758 0x55ede7445360 LOG   GST_POLL gstpoll.c:994:gst_poll_fd_ctl_write: 0x55ede7469d30: pfd->events now 60 (POLLOUT:4)
0:00:00.021498070  2757 0x55fe31678360 TRACE   GST_REFCOUNTING gstobject.c:292:gst_object_ref_sink: 0x55fe316a1040 ref_sink 1->2
0:00:00.016578216  2758 0x55ede7445360 DEBUG   GST_POLL gstpoll.c:979:gst_poll_fd_ctl_write: 0x55ede7469d30: fd (fd:0, idx:1), active : 1
0:00:00.021506883  2757 0x55fe31678360 LOG   GST_REGISTRY gstregistry.c:607:gst_registry_add_feature: emitting feature-added for typefind
0:00:00.016585006  2758 0x55ede7445360 LOG   GST_POLL gstpoll.c:994:gst_poll_fd_ctl_write: 0x55ede7469d30: pfd->events now 60 (POLLOUT:4)
0:00:00.021514826  2757 0x55fe31678360 DEBUG   GST_REGISTRY gstregistrychunks.c:740:gst_registry_chunks_load_feature: Added feature typefind, plugin 0x55fe316a7cf0 coreelements
0:00:00.016591859  2758 0x55ede7445360 DEBUG   GST_POLL gstpoll.c:979:gst_poll_fd_ctl_write: 0x55ede7469d30: fd (fd:0, idx:1), active : 1
0:00:00.021522373  2757 0x55fe31678360 DEBUG   GST_REGISTRY gstregistrychunks.c:582:gst_registry_chunks_load_feature: Plugin 'coreelements' feature 'tee' typename : 'GstElementFactory'
0:00:00.016600476  2758 0x55ede7445360 LOG   GST_POLL gstpoll.c:994:gst_poll_fd_ctl_write: 0x55ede7469d30: pfd->events now 60 (POLLOUT:4)
0:00:00.016608348  2758 0x55ede7445360 DEBUG   GST_POLL gstpoll.c:979:gst_poll_fd_ctl_write: 0x55ede7469d30: fd (fd:0, idx:1), active : 1
0:00:00.021533573  2757 0x55fe31678360 TRACE   GST_REFCOUNTING gstobject.c:208:gst_object_init: 0x55fe316a1510 new
0:00:00.016614305  2758 0x55ede7445360 LOG   GST_POLL gstpoll.c:994:gst_poll_fd_ctl_write: 0x55ede7469d30: pfd->events now 60 (POLLOUT:4)
0:00:00.021544195  2757 0x55fe31678360 LOG   GST_REGISTRY gstregistrychunks.c:609:gst_registry_chunks_load_feature: Reading/casting for GstRegistryChunkElementFactory at address 0x55fe3169f050
0:00:00.016621178  2758 0x55ede7445360 DEBUG   GST_POLL gstpoll.c:979:gst_poll_fd_ctl_write: 0x55ede7469d30: fd (fd:0, idx:1), active : 1
0:00:00.021556923  2757 0x55fe31678360 TRACE   structure gststructure.c:292:gst_structure_new_id_empty_with_size: created structure 0x55fe316a1890
0:00:00.016634846  2758 0x55ede7445360 LOG   GST_POLL gstpoll.c:994:gst_poll_fd_ctl_write: 0x55ede7469d30: pfd->events now 60 (POLLOUT:4)
0:00:00.021563565  2757 0x55fe31678360 DEBUG   structure gststructure.c:2258:gst_structure_parse_field: trying field name 'long-name'
0:00:00.016642526  2758 0x55ede7445360 DEBUG   GST_POLL gstpoll.c:979:gst_poll_fd_ctl_write: 0x55ede7469d30: fd (fd:0, idx:1), active : 1
0:00:00.021571616  2757 0x55fe31678360 DEBUG   default gstvalue.c:2776:_priv_gst_value_parse_value: trying type name 'string'
0:00:00.016649310  2758 0x55ede7445360 LOG   GST_POLL gstpoll.c:994:gst_poll_fd_ctl_write: 0x55ede7469d30: pfd->events now 60 (POLLOUT:4)
0:00:00.021580774  2757 0x55fe31678360 DEBUG   structure gststructure.c:2258:gst_structure_parse_field: trying field name 'klass'
0:00:00.016656337  2758 0x55ede7445360 DEBUG   GST_POLL gstpoll.c:979:gst_poll_fd_ctl_write: 0x55ede7469d30: fd (fd:0, idx:1), active : 1
0:00:00.021587567  2757 0x55fe31678360 DEBUG   default gstvalue.c:2776:_priv_gst_value_parse_value: trying type name 'string'
0:00:00.016666345  2758 0x55ede7445360 LOG   GST_POLL gstpoll.c:994:gst_poll_fd_ctl_write: 0x55ede7469d30: pfd->events now 60 (POLLOUT:4)
0:00:00.021599673  2757 0x55fe31678360 DEBUG   structure gststructure.c:2258:gst_structure_parse_field: trying field name 'description'
0:00:00.016676194  2758 0x55ede7445360 DEBUG   GST_POLL gstpoll.c:979:gst_poll_fd_ctl_write: 0x55ede7469d30: fd (fd:0, idx:1), active : 1
0:00:00.021608119  2757 0x55fe31678360 DEBUG   default gstvalue.c:2776:_priv_gst_value_parse_value: trying type name 'string'
0:00:00.016683911  2758 0x55ede7445360 LOG   GST_POLL gstpoll.c:994:gst_poll_fd_ctl_write: 0x55ede7469d30: pfd->events now 60 (POLLOUT:4)
0:00:00.021617210  2757 0x55fe31678360 DEBUG   structure gststructure.c:2258:gst_structure_parse_field: trying field name 'author'
0:00:00.016692769  2758 0x55ede7445360 DEBUG   GST_POLL gstpoll.c:979:gst_poll_fd_ctl_write: 0x55ede7469d30: fd (fd:0, idx:1), active : 1
0:00:00.021623660  2757 0x55fe31678360 DEBUG   default gstvalue.c:2776:_priv_gst_value_parse_value: trying type name 'string'
0:00:00.016702515  2758 0x55ede7445360 LOG   GST_POLL gstpoll.c:994:gst_poll_fd_ctl_write: 0x55ede7469d30: pfd->events now 60 (POLLOUT:4)
0:00:00.021631958  2757 0x55fe31678360 DEBUG   GST_REGISTRY gstregistrychunks.c:626:gst_registry_chunks_load_feature: Element factory : npadtemplates=2
0:00:00.016710196  2758 0x55ede7445360 DEBUG   GST_POLL gstpoll.c:979:gst_poll_fd_ctl_write: 0x55ede7469d30: fd (fd:0, idx:1), active : 1
0:00:00.021640065  2757 0x55fe31678360 DEBUG   GST_REGISTRY gstregistrychunks.c:525:gst_registry_chunks_load_pad_template: Reading/casting for GstRegistryChunkPadTemplate at address 0x55fe3169f140
0:00:00.016716982  2758 0x55ede7445360 LOG   GST_POLL gstpoll.c:994:gst_poll_fd_ctl_write: 0x55ede7469d30: pfd->events now 60 (POLLOUT:4)
0:00:00.021647946  2757 0x55fe31678360 DEBUG   GST_REGISTRY gstregistrychunks.c:539:gst_registry_chunks_load_pad_template: Added pad_template src_%u
0:00:00.016724540  2758 0x55ede7445360 DEBUG   GST_POLL gstpoll.c:979:gst_poll_fd_ctl_write: 0x55ede7469d30: fd (fd:0, idx:1), active : 1
0:00:00.021654495  2757 0x55fe31678360 DEBUG   GST_REGISTRY gstregistrychunks.c:525:gst_registry_chunks_load_pad_template: Reading/casting for GstRegistryChunkPadTemplate at address 0x55fe3169f158
0:00:00.016733300  2758 0x55ede7445360 LOG   GST_POLL gstpoll.c:994:gst_poll_fd_ctl_write: 0x55ede7469d30: pfd->events now 60 (POLLOUT:4)
0:00:00.021660824  2757 0x55fe31678360 DEBUG   GST_REGISTRY gstregistrychunks.c:539:gst_registry_chunks_load_pad_template: Added pad_template sink
0:00:00.016741325  2758 0x55ede7445360 DEBUG   GST_POLL gstpoll.c:979:gst_poll_fd_ctl_write: 0x55ede7469d30: fd (fd:0, idx:1), active : 1
0:00:00.021672158  2757 0x55fe31678360 DEBUG   GST_REGISTRY gstregistry.c:589:gst_registry_add_feature: adding feature 0x55fe316a1510 (tee)
0:00:00.016748038  2758 0x55ede7445360 LOG   GST_POLL gstpoll.c:994:gst_poll_fd_ctl_write: 0x55ede7469d30: pfd->events now 60 (POLLOUT:4)
0:00:00.021679825  2757 0x55fe31678360 DEBUG   GST_REFCOUNTING gstobject.c:708:gst_object_set_parent: set parent (ref and sink)
0:00:00.016756589  2758 0x55ede7445360 DEBUG   GST_POLL gstpoll.c:979:gst_poll_fd_ctl_write: 0x55ede7469d30: fd (fd:0, idx:1), active : 1
0:00:00.021693101  2757 0x55fe31678360 TRACE   GST_REFCOUNTING gstobject.c:292:gst_object_ref_sink: 0x55fe316a1510 ref_sink 1->2
0:00:00.016770592  2758 0x55ede7445360 LOG   GST_POLL gstpoll.c:994:gst_poll_fd_ctl_write: 0x55ede7469d30: pfd->events now 60 (POLLOUT:4)
0:00:00.021700749  2757 0x55fe31678360 LOG   GST_REGISTRY gstregistry.c:607:gst_registry_add_feature: emitting feature-added for tee
0:00:00.016778470  2758 0x55ede7445360 DEBUG   GST_POLL gstpoll.c:979:gst_poll_fd_ctl_write: 0x55ede7469d30: fd (fd:0, idx:1), active : 1
0:00:00.016785155  2758 0x55ede7445360 LOG   GST_POLL gstpoll.c:994:gst_poll_fd_ctl_write: 0x55ede7469d30: pfd->events now 60 (POLLOUT:4)
0:00:00.021710483  2757 0x55fe31678360 DEBUG   GST_REGISTRY gstregistrychunks.c:740:gst_registry_chunks_load_feature: Added feature tee, plugin 0x55fe316a7cf0 coreelements
0:00:00.016791290  2758 0x55ede7445360 DEBUG   GST_POLL gstpoll.c:979:gst_poll_fd_ctl_write: 0x55ede7469d30: fd (fd:0, idx:1), active : 1
0:00:00.021719741  2757 0x55fe31678360 DEBUG   GST_REGISTRY gstregistrychunks.c:582:gst_registry_chunks_load_feature: Plugin 'coreelements' feature 'filesink' typename : 'GstElementFactory'
0:00:00.016799990  2758 0x55ede7445360 LOG   GST_POLL gstpoll.c:994:gst_poll_fd_ctl_write: 0x55ede7469d30: pfd->events now 60 (POLLOUT:4)
0:00:00.021729231  2757 0x55fe31678360 TRACE   GST_REFCOUNTING gstobject.c:208:gst_object_init: 0x55fe316a1a40 new
0:00:00.016807790  2758 0x55ede7445360 DEBUG   GST_POLL gstpoll.c:979:gst_poll_fd_ctl_write: 0x55ede7469d30: fd (fd:0, idx:1), active : 1
0:00:00.021738511  2757 0x55fe31678360 LOG   GST_REGISTRY gstregistrychunks.c:609:gst_registry_chunks_load_feature: Reading/casting for GstRegistryChunkElementFactory at address 0x55fe3169f188
0:00:00.016814736  2758 0x55ede7445360 LOG   GST_POLL gstpoll.c:994:gst_poll_fd_ctl_write: 0x55ede7469d30: pfd->events now 60 (POLLOUT:4)
0:00:00.016823177  2758 0x55ede7445360 DEBUG   GST_POLL gstpoll.c:979:gst_poll_fd_ctl_write: 0x55ede7469d30: fd (fd:0, idx:1), active : 1
0:00:00.021747948  2757 0x55fe31678360 TRACE   structure gststructure.c:292:gst_structure_new_id_empty_with_size: created structure 0x55fe316a1d40
0:00:00.016831589  2758 0x55ede7445360 LOG   GST_POLL gstpoll.c:994:gst_poll_fd_ctl_write: 0x55ede7469d30: pfd->events now 60 (POLLOUT:4)
0:00:00.021758234  2757 0x55fe31678360 DEBUG   structure gststructure.c:2258:gst_structure_parse_field: trying field name 'long-name'
0:00:00.016839313  2758 0x55ede7445360 DEBUG   GST_POLL gstpoll.c:979:gst_poll_fd_ctl_write: 0x55ede7469d30: fd (fd:0, idx:1), active : 1
0:00:00.021766169  2757 0x55fe31678360 DEBUG   default gstvalue.c:2776:_priv_gst_value_parse_value: trying type name 'string'
0:00:00.016846055  2758 0x55ede7445360 LOG   GST_POLL gstpoll.c:994:gst_poll_fd_ctl_write: 0x55ede7469d30: pfd->events now 60 (POLLOUT:4)
0:00:00.021774416  2757 0x55fe31678360 DEBUG   structure gststructure.c:2258:gst_structure_parse_field: trying field name 'klass'
0:00:00.016857562  2758 0x55ede7445360 DEBUG   GST_POLL gstpoll.c:979:gst_poll_fd_ctl_write: 0x55ede7469d30: fd (fd:0, idx:1), active : 1
0:00:00.021786126  2757 0x55fe31678360 DEBUG   default gstvalue.c:2776:_priv_gst_value_parse_value: trying type name 'string'
0:00:00.016866306  2758 0x55ede7445360 LOG   GST_POLL gstpoll.c:994:gst_poll_fd_ctl_write: 0x55ede7469d30: pfd->events now 60 (POLLOUT:4)
0:00:00.021794655  2757 0x55fe31678360 DEBUG   structure gststructure.c:2258:gst_structure_parse_field: trying field name 'description'
0:00:00.016873954  2758 0x55ede7445360 DEBUG   GST_POLL gstpoll.c:979:gst_poll_fd_ctl_write: 0x55ede7469d30: fd (fd:0, idx:1), active : 1
0:00:00.021801125  2757 0x55fe31678360 DEBUG   default gstvalue.c:2776:_priv_gst_value_parse_value: trying type name 'string'
0:00:00.016880743  2758 0x55ede7445360 LOG   GST_POLL gstpoll.c:994:gst_poll_fd_ctl_write: 0x55ede7469d30: pfd->events now 60 (POLLOUT:4)
0:00:00.021809337  2757 0x55fe31678360 DEBUG   structure gststructure.c:2258:gst_structure_parse_field: trying field name 'author'
0:00:00.016887783  2758 0x55ede7445360 DEBUG   GST_POLL gstpoll.c:979:gst_poll_fd_ctl_write: 0x55ede7469d30: fd (fd:0, idx:1), active : 1
0:00:00.021820430  2757 0x55fe31678360 DEBUG   default gstvalue.c:2776:_priv_gst_value_parse_value: trying type name 'string'
0:00:00.016897468  2758 0x55ede7445360 LOG   GST_POLL gstpoll.c:994:gst_poll_fd_ctl_write: 0x55ede7469d30: pfd->events now 60 (POLLOUT:4)
0:00:00.016907424  2758 0x55ede7445360 DEBUG   GST_POLL gstpoll.c:979:gst_poll_fd_ctl_write: 0x55ede7469d30: fd (fd:0, idx:1), active : 1
0:00:00.021836129  2757 0x55fe31678360 DEBUG   GST_REGISTRY gstregistrychunks.c:626:gst_registry_chunks_load_feature: Element factory : npadtemplates=1
0:00:00.016913381  2758 0x55ede7445360 LOG   GST_POLL gstpoll.c:994:gst_poll_fd_ctl_write: 0x55ede7469d30: pfd->events now 60 (POLLOUT:4)
0:00:00.021844501  2757 0x55fe31678360 DEBUG   GST_REGISTRY gstregistrychunks.c:525:gst_registry_chunks_load_pad_template: Reading/casting for GstRegistryChunkPadTemplate at address 0x55fe3169f268
0:00:00.016921445  2758 0x55ede7445360 DEBUG   GST_POLL gstpoll.c:979:gst_poll_fd_ctl_write: 0x55ede7469d30: fd (fd:0, idx:1), active : 1
0:00:00.021851620  2757 0x55fe31678360 DEBUG   GST_REGISTRY gstregistrychunks.c:539:gst_registry_chunks_load_pad_template: Added pad_template sink
0:00:00.016929934  2758 0x55ede7445360 LOG   GST_POLL gstpoll.c:994:gst_poll_fd_ctl_write: 0x55ede7469d30: pfd->events now 60 (POLLOUT:4)
0:00:00.016937642  2758 0x55ede7445360 DEBUG   GST_POLL gstpoll.c:979:gst_poll_fd_ctl_write: 0x55ede7469d30: fd (fd:0, idx:1), active : 1
0:00:00.021865503  2757 0x55fe31678360 DEBUG   GST_REGISTRY gstregistrychunks.c:639:gst_registry_chunks_load_feature: Reading 1 UriTypes at address 0x55fe3169f279
0:00:00.016943760  2758 0x55ede7445360 LOG   GST_POLL gstpoll.c:994:gst_poll_fd_ctl_write: 0x55ede7469d30: pfd->events now 60 (POLLOUT:4)
0:00:00.021873719  2757 0x55fe31678360 DEBUG   GST_REGISTRY gstregistrychunks.c:654:gst_registry_chunks_load_feature: Reading 1 Interfaces at address 0x55fe3169f289
0:00:00.016950625  2758 0x55ede7445360 DEBUG   GST_POLL gstpoll.c:979:gst_poll_fd_ctl_write: 0x55ede7469d30: fd (fd:0, idx:1), active : 1
0:00:00.021887998  2757 0x55fe31678360 DEBUG   GST_REGISTRY gstregistry.c:589:gst_registry_add_feature: adding feature 0x55fe316a1a40 (filesink)
0:00:00.016963502  2758 0x55ede7445360 LOG   GST_POLL gstpoll.c:994:gst_poll_fd_ctl_write: 0x55ede7469d30: pfd->events now 60 (POLLOUT:4)
0:00:00.016973125  2758 0x55ede7445360 DEBUG   GST_POLL gstpoll.c:979:gst_poll_fd_ctl_write: 0x55ede7469d30: fd (fd:0, idx:1), active : 1
0:00:00.021897074  2757 0x55fe31678360 DEBUG   GST_REFCOUNTING gstobject.c:708:gst_object_set_parent: set parent (ref and sink)
0:00:00.016979155  2758 0x55ede7445360 LOG   GST_POLL gstpoll.c:994:gst_poll_fd_ctl_write: 0x55ede7469d30: pfd->events now 60 (POLLOUT:4)
0:00:00.021908614  2757 0x55fe31678360 TRACE   GST_REFCOUNTING gstobject.c:292:gst_object_ref_sink: 0x55fe316a1a40 ref_sink 1->2
0:00:00.016985869  2758 0x55ede7445360 DEBUG   GST_POLL gstpoll.c:979:gst_poll_fd_ctl_write: 0x55ede7469d30: fd (fd:0, idx:1), active : 1
0:00:00.021916607  2757 0x55fe31678360 LOG   GST_REGISTRY gstregistry.c:607:gst_registry_add_feature: emitting feature-added for filesink
0:00:00.016994613  2758 0x55ede7445360 LOG   GST_POLL gstpoll.c:994:gst_poll_fd_ctl_write: 0x55ede7469d30: pfd->events now 60 (POLLOUT:4)
0:00:00.021924213  2757 0x55fe31678360 DEBUG   GST_REGISTRY gstregistrychunks.c:740:gst_registry_chunks_load_feature: Added feature filesink, plugin 0x55fe316a7cf0 coreelements
0:00:00.017002648  2758 0x55ede7445360 DEBUG   GST_POLL gstpoll.c:979:gst_poll_fd_ctl_write: 0x55ede7469d30: fd (fd:0, idx:1), active : 1
0:00:00.021933350  2757 0x55fe31678360 DEBUG   GST_REGISTRY gstregistrychunks.c:582:gst_registry_chunks_load_feature: Plugin 'coreelements' feature 'queue2' typename : 'GstElementFactory'
0:00:00.017009437  2758 0x55ede7445360 LOG   GST_POLL gstpoll.c:994:gst_poll_fd_ctl_write: 0x55ede7469d30: pfd->events now 60 (POLLOUT:4)
0:00:00.017017821  2758 0x55ede7445360 DEBUG   GST_POLL gstpoll.c:979:gst_poll_fd_ctl_write: 0x55ede7469d30: fd (fd:0, idx:1), active : 1
0:00:00.021943845  2757 0x55fe31678360 TRACE   GST_REFCOUNTING gstobject.c:208:gst_object_init: 0x55fe316a2300 new
0:00:00.017026259  2758 0x55ede7445360 LOG   GST_POLL gstpoll.c:994:gst_poll_fd_ctl_write: 0x55ede7469d30: pfd->events now 60 (POLLOUT:4)
0:00:00.021954963  2757 0x55fe31678360 LOG   GST_REGISTRY gstregistrychunks.c:609:gst_registry_chunks_load_feature: Reading/casting for GstRegistryChunkElementFactory at address 0x55fe3169f2b0
0:00:00.017033809  2758 0x55ede7445360 DEBUG   GST_POLL gstpoll.c:979:gst_poll_fd_ctl_write: 0x55ede7469d30: fd (fd:0, idx:1), active : 1
0:00:00.021962098  2757 0x55fe31678360 TRACE   structure gststructure.c:292:gst_structure_new_id_empty_with_size: created structure 0x55fe316a2530
0:00:00.017040371  2758 0x55ede7445360 LOG   GST_POLL gstpoll.c:994:gst_poll_fd_ctl_write: 0x55ede7469d30: pfd->events now 60 (POLLOUT:4)
0:00:00.021970570  2757 0x55fe31678360 DEBUG   structure gststructure.c:2258:gst_structure_parse_field: trying field name 'long-name'
0:00:00.017051355  2758 0x55ede7445360 DEBUG   GST_POLL gstpoll.c:979:gst_poll_fd_ctl_write: 0x55ede7469d30: fd (fd:0, idx:1), active : 1
0:00:00.021978530  2757 0x55fe31678360 DEBUG   default gstvalue.c:2776:_priv_gst_value_parse_value: trying type name 'string'
0:00:00.017060039  2758 0x55ede7445360 LOG   GST_POLL gstpoll.c:994:gst_poll_fd_ctl_write: 0x55ede7469d30: pfd->events now 60 (POLLOUT:4)
0:00:00.021987373  2757 0x55fe31678360 DEBUG   structure gststructure.c:2258:gst_structure_parse_field: trying field name 'klass'
0:00:00.017067706  2758 0x55ede7445360 DEBUG   GST_POLL gstpoll.c:979:gst_poll_fd_ctl_write: 0x55ede7469d30: fd (fd:0, idx:1), active : 1
0:00:00.021994488  2757 0x55fe31678360 DEBUG   default gstvalue.c:2776:_priv_gst_value_parse_value: trying type name 'string'
0:00:00.017074550  2758 0x55ede7445360 LOG   GST_POLL gstpoll.c:994:gst_poll_fd_ctl_write: 0x55ede7469d30: pfd->events now 60 (POLLOUT:4)
0:00:00.022004657  2757 0x55fe31678360 DEBUG   structure gststructure.c:2258:gst_structure_parse_field: trying field name 'description'
0:00:00.017081845  2758 0x55ede7445360 DEBUG   GST_POLL gstpoll.c:979:gst_poll_fd_ctl_write: 0x55ede7469d30: fd (fd:0, idx:1), active : 1
0:00:00.022012253  2757 0x55fe31678360 DEBUG   default gstvalue.c:2776:_priv_gst_value_parse_value: trying type name 'string'
0:00:00.017090927  2758 0x55ede7445360 LOG   GST_POLL gstpoll.c:994:gst_poll_fd_ctl_write: 0x55ede7469d30: pfd->events now 60 (POLLOUT:4)
0:00:00.022020125  2757 0x55fe31678360 DEBUG   structure gststructure.c:2258:gst_structure_parse_field: trying field name 'author'
0:00:00.017098695  2758 0x55ede7445360 DEBUG   GST_POLL gstpoll.c:979:gst_poll_fd_ctl_write: 0x55ede7469d30: fd (fd:0, idx:1), active : 1
0:00:00.022026565  2757 0x55fe31678360 DEBUG   default gstvalue.c:2776:_priv_gst_value_parse_value: trying type name 'string'
0:00:00.017105304  2758 0x55ede7445360 LOG   GST_POLL gstpoll.c:994:gst_poll_fd_ctl_write: 0x55ede7469d30: pfd->events now 60 (POLLOUT:4)
0:00:00.017112205  2758 0x55ede7445360 DEBUG   GST_POLL gstpoll.c:979:gst_poll_fd_ctl_write: 0x55ede7469d30: fd (fd:0, idx:1), active : 1
0:00:00.022037581  2757 0x55fe31678360 DEBUG   GST_REGISTRY gstregistrychunks.c:626:gst_registry_chunks_load_feature: Element factory : npadtemplates=2
0:00:00.017120625  2758 0x55ede7445360 LOG   GST_POLL gstpoll.c:994:gst_poll_fd_ctl_write: 0x55ede7469d30: pfd->events now 60 (POLLOUT:4)
0:00:00.022059665  2757 0x55fe31678360 DEBUG   GST_REGISTRY gstregistrychunks.c:525:gst_registry_chunks_load_pad_template: Reading/casting for GstRegistryChunkPadTemplate at address 0x55fe3169f3a0
0:00:00.017143283  2758 0x55ede7445360 DEBUG   GST_POLL gstpoll.c:979:gst_poll_fd_ctl_write: 0x55ede7469d30: fd (fd:0, idx:1), active : 1
0:00:00.022072367  2757 0x55fe31678360 DEBUG   GST_REGISTRY gstregistrychunks.c:539:gst_registry_chunks_load_pad_template: Added pad_template sink
0:00:00.017150018  2758 0x55ede7445360 LOG   GST_POLL gstpoll.c:994:gst_poll_fd_ctl_write: 0x55ede7469d30: pfd->events now 60 (POLLOUT:4)
0:00:00.022084013  2757 0x55fe31678360 DEBUG   GST_REGISTRY gstregistrychunks.c:525:gst_registry_chunks_load_pad_template: Reading/casting for GstRegistryChunkPadTemplate at address 0x55fe3169f3b8
0:00:00.017165606  2758 0x55ede7445360 DEBUG   GST_POLL gstpoll.c:979:gst_poll_fd_ctl_write: 0x55ede7469d30: fd (fd:0, idx:1), active : 1
0:00:00.022093194  2757 0x55fe31678360 DEBUG   GST_REGISTRY gstregistrychunks.c:539:gst_registry_chunks_load_pad_template: Added pad_template src
0:00:00.017172952  2758 0x55ede7445360 LOG   GST_POLL gstpoll.c:994:gst_poll_fd_ctl_write: 0x55ede7469d30: pfd->events now 60 (POLLOUT:4)
0:00:00.022102960  2757 0x55fe31678360 DEBUG   GST_REGISTRY gstregistry.c:589:gst_registry_add_feature: adding feature 0x55fe316a2300 (queue2)
0:00:00.017180036  2758 0x55ede7445360 DEBUG   GST_POLL gstpoll.c:979:gst_poll_fd_ctl_write: 0x55ede7469d30: fd (fd:0, idx:1), active : 1
0:00:00.022109833  2757 0x55fe31678360 DEBUG   GST_REFCOUNTING gstobject.c:708:gst_object_set_parent: set parent (ref and sink)
0:00:00.017186412  2758 0x55ede7445360 LOG   GST_POLL gstpoll.c:994:gst_poll_fd_ctl_write: 0x55ede7469d30: pfd->events now 60 (POLLOUT:4)
0:00:00.022120310  2757 0x55fe31678360 TRACE   GST_REFCOUNTING gstobject.c:292:gst_object_ref_sink: 0x55fe316a2300 ref_sink 1->2
0:00:00.017196736  2758 0x55ede7445360 DEBUG   GST_POLL gstpoll.c:979:gst_poll_fd_ctl_write: 0x55ede7469d30: fd (fd:0, idx:1), active : 1
0:00:00.022128768  2757 0x55fe31678360 LOG   GST_REGISTRY gstregistry.c:607:gst_registry_add_feature: emitting feature-added for queue2
0:00:00.017205082  2758 0x55ede7445360 LOG   GST_POLL gstpoll.c:994:gst_poll_fd_ctl_write: 0x55ede7469d30: pfd->events now 60 (POLLOUT:4)
0:00:00.022136391  2757 0x55fe31678360 DEBUG   GST_REGISTRY gstregistrychunks.c:740:gst_registry_chunks_load_feature: Added feature queue2, plugin 0x55fe316a7cf0 coreelements
0:00:00.017212630  2758 0x55ede7445360 DEBUG   GST_POLL gstpoll.c:979:gst_poll_fd_ctl_write: 0x55ede7469d30: fd (fd:0, idx:1), active : 1
0:00:00.022143649  2757 0x55fe31678360 DEBUG   GST_REGISTRY gstregistrychunks.c:582:gst_registry_chunks_load_feature: Plugin 'coreelements' feature 'queue' typename : 'GstElementFactory'
0:00:00.017219755  2758 0x55ede7445360 LOG   GST_POLL gstpoll.c:994:gst_poll_fd_ctl_write: 0x55ede7469d30: pfd->events now 60 (POLLOUT:4)
0:00:00.017230124  2758 0x55ede7445360 DEBUG   GST_POLL gstpoll.c:979:gst_poll_fd_ctl_write: 0x55ede7469d30: fd (fd:0, idx:1), active : 1
0:00:00.022155096  2757 0x55fe31678360 TRACE   GST_REFCOUNTING gstobject.c:208:gst_object_init: 0x55fe316a27c0 new
0:00:00.017237133  2758 0x55ede7445360 LOG   GST_POLL gstpoll.c:994:gst_poll_fd_ctl_write: 0x55ede7469d30: pfd->events now 60 (POLLOUT:4)
0:00:00.022167105  2757 0x55fe31678360 LOG   GST_REGISTRY gstregistrychunks.c:609:gst_registry_chunks_load_feature: Reading/casting for GstRegistryChunkElementFactory at address 0x55fe3169f3e0
0:00:00.017244253  2758 0x55ede7445360 DEBUG   GST_POLL gstpoll.c:979:gst_poll_fd_ctl_write: 0x55ede7469d30: fd (fd:0, idx:1), active : 1
0:00:00.022174610  2757 0x55fe31678360 TRACE   structure gststructure.c:292:gst_structure_new_id_empty_with_size: created structure 0x55fe316a2aa0
0:00:00.017255554  2758 0x55ede7445360 LOG   GST_POLL gstpoll.c:994:gst_poll_fd_ctl_write: 0x55ede7469d30: pfd->events now 60 (POLLOUT:4)
0:00:00.022183270  2757 0x55fe31678360 DEBUG   structure gststructure.c:2258:gst_structure_parse_field: trying field name 'long-name'
0:00:00.017264881  2758 0x55ede7445360 DEBUG   GST_POLL gstpoll.c:979:gst_poll_fd_ctl_write: 0x55ede7469d30: fd (fd:0, idx:1), active : 1
0:00:00.022192438  2757 0x55fe31678360 DEBUG   default gstvalue.c:2776:_priv_gst_value_parse_value: trying type name 'string'
0:00:00.017272265  2758 0x55ede7445360 LOG   GST_POLL gstpoll.c:994:gst_poll_fd_ctl_write: 0x55ede7469d30: pfd->events now 60 (POLLOUT:4)
0:00:00.022201283  2757 0x55fe31678360 DEBUG   structure gststructure.c:2258:gst_structure_parse_field: trying field name 'klass'
0:00:00.017279549  2758 0x55ede7445360 DEBUG   GST_POLL gstpoll.c:979:gst_poll_fd_ctl_write: 0x55ede7469d30: fd (fd:0, idx:1), active : 1
0:00:00.022207777  2757 0x55fe31678360 DEBUG   default gstvalue.c:2776:_priv_gst_value_parse_value: trying type name 'string'
0:00:00.017286382  2758 0x55ede7445360 LOG   GST_POLL gstpoll.c:994:gst_poll_fd_ctl_write: 0x55ede7469d30: pfd->events now 60 (POLLOUT:4)
0:00:00.022214755  2757 0x55fe31678360 DEBUG   structure gststructure.c:2258:gst_structure_parse_field: trying field name 'description'
0:00:00.017295333  2758 0x55ede7445360 DEBUG   GST_POLL gstpoll.c:979:gst_poll_fd_ctl_write: 0x55ede7469d30: fd (fd:0, idx:1), active : 1
0:00:00.022223114  2757 0x55fe31678360 DEBUG   default gstvalue.c:2776:_priv_gst_value_parse_value: trying type name 'string'
0:00:00.017302701  2758 0x55ede7445360 LOG   GST_POLL gstpoll.c:994:gst_poll_fd_ctl_write: 0x55ede7469d30: pfd->events now 60 (POLLOUT:4)
0:00:00.022232311  2757 0x55fe31678360 DEBUG   structure gststructure.c:2258:gst_structure_parse_field: trying field name 'author'
0:00:00.017309769  2758 0x55ede7445360 DEBUG   GST_POLL gstpoll.c:979:gst_poll_fd_ctl_write: 0x55ede7469d30: fd (fd:0, idx:1), active : 1
0:00:00.022239257  2757 0x55fe31678360 DEBUG   default gstvalue.c:2776:_priv_gst_value_parse_value: trying type name 'string'
0:00:00.017316341  2758 0x55ede7445360 LOG   GST_POLL gstpoll.c:994:gst_poll_fd_ctl_write: 0x55ede7469d30: pfd->events now 60 (POLLOUT:4)
0:00:00.022247145  2757 0x55fe31678360 DEBUG   GST_REGISTRY gstregistrychunks.c:626:gst_registry_chunks_load_feature: Element factory : npadtemplates=2
0:00:00.017325550  2758 0x55ede7445360 DEBUG   GST_POLL gstpoll.c:979:gst_poll_fd_ctl_write: 0x55ede7469d30: fd (fd:0, idx:1), active : 1
0:00:00.022255555  2757 0x55fe31678360 DEBUG   GST_REGISTRY gstregistrychunks.c:525:gst_registry_chunks_load_pad_template: Reading/casting for GstRegistryChunkPadTemplate at address 0x55fe3169f498
0:00:00.017333181  2758 0x55ede7445360 LOG   GST_POLL gstpoll.c:994:gst_poll_fd_ctl_write: 0x55ede7469d30: pfd->events now 60 (POLLOUT:4)
0:00:00.022263147  2757 0x55fe31678360 DEBUG   GST_REGISTRY gstregistrychunks.c:539:gst_registry_chunks_load_pad_template: Added pad_template sink
0:00:00.017340302  2758 0x55ede7445360 DEBUG   GST_POLL gstpoll.c:979:gst_poll_fd_ctl_write: 0x55ede7469d30: fd (fd:0, idx:1), active : 1
0:00:00.022274705  2757 0x55fe31678360 DEBUG   GST_REGISTRY gstregistrychunks.c:525:gst_registry_chunks_load_pad_template: Reading/casting for GstRegistryChunkPadTemplate at address 0x55fe3169f4b0
0:00:00.017351438  2758 0x55ede7445360 LOG   GST_POLL gstpoll.c:994:gst_poll_fd_ctl_write: 0x55ede7469d30: pfd->events now 60 (POLLOUT:4)
0:00:00.022281337  2757 0x55fe31678360 DEBUG   GST_REGISTRY gstregistrychunks.c:539:gst_registry_chunks_load_pad_template: Added pad_template src
0:00:00.017360300  2758 0x55ede7445360 DEBUG   GST_POLL gstpoll.c:979:gst_poll_fd_ctl_write: 0x55ede7469d30: fd (fd:0, idx:1), active : 1
0:00:00.017367680  2758 0x55ede7445360 LOG   GST_POLL gstpoll.c:994:gst_poll_fd_ctl_write: 0x55ede7469d30: pfd->events now 60 (POLLOUT:4)
0:00:00.022295074  2757 0x55fe31678360 DEBUG   GST_REGISTRY gstregistry.c:589:gst_registry_add_feature: adding feature 0x55fe316a27c0 (queue)
0:00:00.017374142  2758 0x55ede7445360 DEBUG   GST_POLL gstpoll.c:979:gst_poll_fd_ctl_write: 0x55ede7469d30: fd (fd:0, idx:1), active : 1
0:00:00.022303249  2757 0x55fe31678360 DEBUG   GST_REFCOUNTING gstobject.c:708:gst_object_set_parent: set parent (ref and sink)
0:00:00.017380554  2758 0x55ede7445360 LOG   GST_POLL gstpoll.c:994:gst_poll_fd_ctl_write: 0x55ede7469d30: pfd->events now 60 (POLLOUT:4)
0:00:00.022311912  2757 0x55fe31678360 TRACE   GST_REFCOUNTING gstobject.c:292:gst_object_ref_sink: 0x55fe316a27c0 ref_sink 1->2
0:00:00.017389846  2758 0x55ede7445360 DEBUG   GST_POLL gstpoll.c:979:gst_poll_fd_ctl_write: 0x55ede7469d30: fd (fd:0, idx:1), active : 1
0:00:00.022319342  2757 0x55fe31678360 LOG   GST_REGISTRY gstregistry.c:607:gst_registry_add_feature: emitting feature-added for queue
0:00:00.017397278  2758 0x55ede7445360 LOG   GST_POLL gstpoll.c:994:gst_poll_fd_ctl_write: 0x55ede7469d30: pfd->events now 60 (POLLOUT:4)
0:00:00.022329482  2757 0x55fe31678360 DEBUG   GST_REGISTRY gstregistrychunks.c:740:gst_registry_chunks_load_feature: Added feature queue, plugin 0x55fe316a7cf0 coreelements
0:00:00.017405175  2758 0x55ede7445360 DEBUG   GST_POLL gstpoll.c:979:gst_poll_fd_ctl_write: 0x55ede7469d30: fd (fd:0, idx:1), active : 1
0:00:00.022337155  2757 0x55fe31678360 DEBUG   GST_REGISTRY gstregistrychunks.c:582:gst_registry_chunks_load_feature: Plugin 'coreelements' feature 'output-selector' typename : 'GstElementFactory'
0:00:00.017412952  2758 0x55ede7445360 LOG   GST_POLL gstpoll.c:994:gst_poll_fd_ctl_write: 0x55ede7469d30: pfd->events now 60 (POLLOUT:4)
0:00:00.022346318  2757 0x55fe31678360 TRACE   GST_REFCOUNTING gstobject.c:208:gst_object_init: 0x55fe316a2ed0 new
0:00:00.017422485  2758 0x55ede7445360 DEBUG   GST_POLL gstpoll.c:979:gst_poll_fd_ctl_write: 0x55ede7469d30: fd (fd:0, idx:1), active : 1
0:00:00.017430571  2758 0x55ede7445360 LOG   GST_POLL gstpoll.c:994:gst_poll_fd_ctl_write: 0x55ede7469d30: pfd->events now 60 (POLLOUT:4)
0:00:00.022355475  2757 0x55fe31678360 LOG   GST_REGISTRY gstregistrychunks.c:609:gst_registry_chunks_load_feature: Reading/casting for GstRegistryChunkElementFactory at address 0x55fe3169f4e8
0:00:00.017441197  2758 0x55ede7445360 DEBUG   GST_POLL gstpoll.c:979:gst_poll_fd_ctl_write: 0x55ede7469d30: fd (fd:0, idx:1), active : 1
0:00:00.022370401  2757 0x55fe31678360 TRACE   structure gststructure.c:292:gst_structure_new_id_empty_with_size: created structure 0x55fe316a31d0
0:00:00.017447827  2758 0x55ede7445360 LOG   GST_POLL gstpoll.c:994:gst_poll_fd_ctl_write: 0x55ede7469d30: pfd->events now 60 (POLLOUT:4)
0:00:00.022377270  2757 0x55fe31678360 DEBUG   structure gststructure.c:2258:gst_structure_parse_field: trying field name 'long-name'
0:00:00.017456715  2758 0x55ede7445360 DEBUG   GST_POLL gstpoll.c:979:gst_poll_fd_ctl_write: 0x55ede7469d30: fd (fd:0, idx:1), active : 1
0:00:00.022383560  2757 0x55fe31678360 DEBUG   default gstvalue.c:2776:_priv_gst_value_parse_value: trying type name 'string'
0:00:00.017464271  2758 0x55ede7445360 LOG   GST_POLL gstpoll.c:994:gst_poll_fd_ctl_write: 0x55ede7469d30: pfd->events now 60 (POLLOUT:4)
0:00:00.022392558  2757 0x55fe31678360 DEBUG   structure gststructure.c:2258:gst_structure_parse_field: trying field name 'klass'
0:00:00.017471246  2758 0x55ede7445360 DEBUG   GST_POLL gstpoll.c:979:gst_poll_fd_ctl_write: 0x55ede7469d30: fd (fd:0, idx:1), active : 1
0:00:00.022401452  2757 0x55fe31678360 DEBUG   default gstvalue.c:2776:_priv_gst_value_parse_value: trying type name 'string'
