0:00:00.013437418  2758 0x55ede7445360 DEBUG   GST_POLL gstpoll.c:979:gst_poll_fd_ctl_write: 0x55ede7469d30: fd (fd:0, idx:1), active : 1
0:00:00.013446238  2758 0x55ede7445360 LOG   GST_POLL gstpoll.c:994:gst_poll_fd_ctl_write: 0x55ede7469d30: pfd->events now 60 (POLLOUT:4)
0:00:00.013452810  2758 0x55ede7445360 DEBUG   GST_POLL gstpoll.c:979:gst_poll_fd_ctl_write: 0x55ede7469d30: fd (fd:0, idx:1), active : 1
0:00:00.013458468  2758 0x55ede7445360 LOG   GST_POLL gstpoll.c:994:gst_poll_fd_ctl_write: 0x55ede7469d30: pfd->events now 60 (POLLOUT:4)
0:00:00.013464499  2758 0x55ede7445360 DEBUG   GST_POLL gstpoll.c:979:gst_poll_fd_ctl_write: 0x55ede7469d30: fd (fd:0, idx:1), active : 1
0:00:00.013473420  2758 0x55ede7445360 LOG   GST_POLL gstpoll.c:994:gst_poll_fd_ctl_write: 0x55ede7469d30: pfd->events now 60 (POLLOUT:4)
0:00:00.013486337  2758 0x55ede7445360 DEBUG   GST_POLL gstpoll.c:979:gst_poll_fd_ctl_write: 0x55ede7469d30: fd (fd:0, idx:1), active : 1
0:00:00.013492548  2758 0x55ede7445360 LOG   GST_POLL gstpoll.c:994:gst_poll_fd_ctl_write: 0x55ede7469d30: pfd->events now 60 (POLLOUT:4)
0:00:00.013501281  2758 0x55ede7445360 DEBUG   GST_POLL gstpoll.c:979:gst_poll_fd_ctl_write: 0x55ede7469d30: fd (fd:0, idx:1), active : 1
0:00:00.013507892  2758 0x55ede7445360 LOG   GST_POLL gstpoll.c:994:gst_poll_fd_ctl_write: 0x55ede7469d30: pfd->events now 60 (POLLOUT:4)
0:00:00.013514160  2758 0x55ede7445360 DEBUG   GST_POLL gstpoll.c:979:gst_poll_fd_ctl_write: 0x55ede7469d30: fd (fd:0, idx:1), active : 1
0:00:00.013519910  2758 0x55ede7445360 LOG   GST_POLL gstpoll.c:994:gst_poll_fd_ctl_write: 0x55ede7469d30: pfd->events now 60 (POLLOUT:4)
0:00:00.013528626  2758 0x55ede7445360 DEBUG   GST_POLL gstpoll.c:979:gst_poll_fd_ctl_write: 0x55ede7469d30: fd (fd:0, idx:1), active : 1
0:00:00.013535380  2758 0x55ede7445360 LOG   GST_POLL gstpoll.c:994:gst_poll_fd_ctl_write: 0x55ede7469d30: pfd->events now 60 (POLLOUT:4)
0:00:00.013541889  2758 0x55ede7445360 DEBUG   GST_POLL gstpoll.c:979:gst_poll_fd_ctl_write: 0x55ede7469d30: fd (fd:0, idx:1), active : 1
0:00:00.013547844  2758 0x55ede7445360 LOG   GST_POLL gstpoll.c:994:gst_poll_fd_ctl_write: 0x55ede7469d30: pfd->events now 60 (POLLOUT:4)
0:00:00.013560933  2758 0x55ede7445360 DEBUG   GST_POLL gstpoll.c:979:gst_poll_fd_ctl_write: 0x55ede7469d30: fd (fd:0, idx:1), active : 1
0:00:00.013567473  2758 0x55ede7445360 LOG   GST_POLL gstpoll.c:994:gst_poll_fd_ctl_write: 0x55ede7469d30: pfd->events now 60 (POLLOUT:4)
0:00:00.013573663  2758 0x55ede7445360 DEBUG   GST_POLL gstpoll.c:979:gst_poll_fd_ctl_write: 0x55ede7469d30: fd (fd:0, idx:1), active : 1
0:00:00.013579449  2758 0x55ede7445360 LOG   GST_POLL gstpoll.c:994:gst_poll_fd_ctl_write: 0x55ede7469d30: pfd->events now 60 (POLLOUT:4)
0:00:00.013588154  2758 0x55ede7445360 DEBUG   GST_POLL gstpoll.c:979:gst_poll_fd_ctl_write: 0x55ede7469d30: fd (fd:0, idx:1), active : 1
0:00:00.013594977  2758 0x55ede7445360 LOG   GST_POLL gstpoll.c:994:gst_poll_fd_ctl_write: 0x55ede7469d30: pfd->events now 60 (POLLOUT:4)
0:00:00.013601381  2758 0x55ede7445360 DEBUG   GST_POLL gstpoll.c:979:gst_poll_fd_ctl_write: 0x55ede7469d30: fd (fd:0, idx:1), active : 1
0:00:00.013607064  2758 0x55ede7445360 LOG   GST_POLL gstpoll.c:994:gst_poll_fd_ctl_write: 0x55ede7469d30: pfd->events now 60 (POLLOUT:4)
0:00:00.013615728  2758 0x55ede7445360 DEBUG   GST_POLL gstpoll.c:979:gst_poll_fd_ctl_write: 0x55ede7469d30: fd (fd:0, idx:1), active : 1
0:00:00.013622416  2758 0x55ede7445360 LOG   GST_POLL gstpoll.c:994:gst_poll_fd_ctl_write: 0x55ede7469d30: pfd->events now 60 (POLLOUT:4)
0:00:00.013628597  2758 0x55ede7445360 DEBUG   GST_POLL gstpoll.c:979:gst_poll_fd_ctl_write: 0x55ede7469d30: fd (fd:0, idx:1), active : 1
0:00:00.013634198  2758 0x55ede7445360 LOG   GST_POLL gstpoll.c:994:gst_poll_fd_ctl_write: 0x55ede7469d30: pfd->events now 60 (POLLOUT:4)
0:00:00.013642940  2758 0x55ede7445360 DEBUG   GST_POLL gstpoll.c:979:gst_poll_fd_ctl_write: 0x55ede7469d30: fd (fd:0, idx:1), active : 1
0:00:00.013649812  2758 0x55ede7445360 LOG   GST_POLL gstpoll.c:994:gst_poll_fd_ctl_write: 0x55ede7469d30: pfd->events now 60 (POLLOUT:4)
0:00:00.013656188  2758 0x55ede7445360 DEBUG   GST_POLL gstpoll.c:979:gst_poll_fd_ctl_write: 0x55ede7469d30: fd (fd:0, idx:1), active : 1
0:00:00.013661949  2758 0x55ede7445360 LOG   GST_POLL gstpoll.c:994:gst_poll_fd_ctl_write: 0x55ede7469d30: pfd->events now 60 (POLLOUT:4)
0:00:00.013670789  2758 0x55ede7445360 DEBUG   GST_POLL gstpoll.c:979:gst_poll_fd_ctl_write: 0x55ede7469d30: fd (fd:0, idx:1), active : 1
0:00:00.013677522  2758 0x55ede7445360 LOG   GST_POLL gstpoll.c:994:gst_poll_fd_ctl_write: 0x55ede7469d30: pfd->events now 60 (POLLOUT:4)
0:00:00.013683861  2758 0x55ede7445360 DEBUG   GST_POLL gstpoll.c:979:gst_poll_fd_ctl_write: 0x55ede7469d30: fd (fd:0, idx:1), active : 1
0:00:00.013689576  2758 0x55ede7445360 LOG   GST_POLL gstpoll.c:994:gst_poll_fd_ctl_write: 0x55ede7469d30: pfd->events now 60 (POLLOUT:4)
0:00:00.013698340  2758 0x55ede7445360 DEBUG   GST_POLL gstpoll.c:979:gst_poll_fd_ctl_write: 0x55ede7469d30: fd (fd:0, idx:1), active : 1
0:00:00.013705109  2758 0x55ede7445360 LOG   GST_POLL gstpoll.c:994:gst_poll_fd_ctl_write: 0x55ede7469d30: pfd->events now 60 (POLLOUT:4)
0:00:00.013716092  2758 0x55ede7445360 DEBUG   GST_POLL gstpoll.c:979:gst_poll_fd_ctl_write: 0x55ede7469d30: fd (fd:0, idx:1), active : 1
0:00:00.013721842  2758 0x55ede7445360 LOG   GST_POLL gstpoll.c:994:gst_poll_fd_ctl_write: 0x55ede7469d30: pfd->events now 60 (POLLOUT:4)
0:00:00.013730540  2758 0x55ede7445360 DEBUG   GST_POLL gstpoll.c:979:gst_poll_fd_ctl_write: 0x55ede7469d30: fd (fd:0, idx:1), active : 1
0:00:00.013737360  2758 0x55ede7445360 LOG   GST_POLL gstpoll.c:994:gst_poll_fd_ctl_write: 0x55ede7469d30: pfd->events now 60 (POLLOUT:4)
0:00:00.013743695  2758 0x55ede7445360 DEBUG   GST_POLL gstpoll.c:979:gst_poll_fd_ctl_write: 0x55ede7469d30: fd (fd:0, idx:1), active : 1
0:00:00.013749332  2758 0x55ede7445360 LOG   GST_POLL gstpoll.c:994:gst_poll_fd_ctl_write: 0x55ede7469d30: pfd->events now 60 (POLLOUT:4)
0:00:00.013758070  2758 0x55ede7445360 DEBUG   GST_POLL gstpoll.c:979:gst_poll_fd_ctl_write: 0x55ede7469d30: fd (fd:0, idx:1), active : 1
0:00:00.013764788  2758 0x55ede7445360 LOG   GST_POLL gstpoll.c:994:gst_poll_fd_ctl_write: 0x55ede7469d30: pfd->events now 60 (POLLOUT:4)
0:00:00.013771034  2758 0x55ede7445360 LOG   GST_PLUGIN_LOADING gstpluginloader.c:644:put_chunk: Expanding tx buf from 5764 to 7717 for chunk of size 229
0:00:00.013781142  2758 0x55ede7445360 DEBUG   GST_POLL gstpoll.c:979:gst_poll_fd_ctl_write: 0x55ede7469d30: fd (fd:0, idx:1), active : 1
0:00:00.013790048  2758 0x55ede7445360 LOG   GST_POLL gstpoll.c:994:gst_poll_fd_ctl_write: 0x55ede7469d30: pfd->events now 60 (POLLOUT:4)
0:00:00.013796760  2758 0x55ede7445360 DEBUG   GST_POLL gstpoll.c:979:gst_poll_fd_ctl_write: 0x55ede7469d30: fd (fd:0, idx:1), active : 1
0:00:00.013802501  2758 0x55ede7445360 LOG   GST_POLL gstpoll.c:994:gst_poll_fd_ctl_write: 0x55ede7469d30: pfd->events now 60 (POLLOUT:4)
0:00:00.013808683  2758 0x55ede7445360 DEBUG   GST_POLL gstpoll.c:979:gst_poll_fd_ctl_write: 0x55ede7469d30: fd (fd:0, idx:1), active : 1
0:00:00.013817513  2758 0x55ede7445360 LOG   GST_POLL gstpoll.c:994:gst_poll_fd_ctl_write: 0x55ede7469d30: pfd->events now 60 (POLLOUT:4)
0:00:00.013824218  2758 0x55ede7445360 DEBUG   GST_POLL gstpoll.c:979:gst_poll_fd_ctl_write: 0x55ede7469d30: fd (fd:0, idx:1), active : 1
0:00:00.013830027  2758 0x55ede7445360 LOG   GST_POLL gstpoll.c:994:gst_poll_fd_ctl_write: 0x55ede7469d30: pfd->events now 60 (POLLOUT:4)
0:00:00.013836098  2758 0x55ede7445360 DEBUG   GST_POLL gstpoll.c:979:gst_poll_fd_ctl_write: 0x55ede7469d30: fd (fd:0, idx:1), active : 1
0:00:00.013844927  2758 0x55ede7445360 LOG   GST_POLL gstpoll.c:994:gst_poll_fd_ctl_write: 0x55ede7469d30: pfd->events now 60 (POLLOUT:4)
0:00:00.013851869  2758 0x55ede7445360 DEBUG   GST_POLL gstpoll.c:979:gst_poll_fd_ctl_write: 0x55ede7469d30: fd (fd:0, idx:1), active : 1
0:00:00.013857738  2758 0x55ede7445360 LOG   GST_POLL gstpoll.c:994:gst_poll_fd_ctl_write: 0x55ede7469d30: pfd->events now 60 (POLLOUT:4)
0:00:00.013863900  2758 0x55ede7445360 DEBUG   GST_POLL gstpoll.c:979:gst_poll_fd_ctl_write: 0x55ede7469d30: fd (fd:0, idx:1), active : 1
0:00:00.013877055  2758 0x55ede7445360 LOG   GST_POLL gstpoll.c:994:gst_poll_fd_ctl_write: 0x55ede7469d30: pfd->events now 60 (POLLOUT:4)
0:00:00.013883674  2758 0x55ede7445360 DEBUG   GST_POLL gstpoll.c:979:gst_poll_fd_ctl_write: 0x55ede7469d30: fd (fd:0, idx:1), active : 1
0:00:00.013889472  2758 0x55ede7445360 LOG   GST_POLL gstpoll.c:994:gst_poll_fd_ctl_write: 0x55ede7469d30: pfd->events now 60 (POLLOUT:4)
0:00:00.013895585  2758 0x55ede7445360 DEBUG   GST_POLL gstpoll.c:979:gst_poll_fd_ctl_write: 0x55ede7469d30: fd (fd:0, idx:1), active : 1
0:00:00.013904597  2758 0x55ede7445360 LOG   GST_POLL gstpoll.c:994:gst_poll_fd_ctl_write: 0x55ede7469d30: pfd->events now 60 (POLLOUT:4)
0:00:00.013911424  2758 0x55ede7445360 DEBUG   GST_POLL gstpoll.c:979:gst_poll_fd_ctl_write: 0x55ede7469d30: fd (fd:0, idx:1), active : 1
0:00:00.013917481  2758 0x55ede7445360 LOG   GST_POLL gstpoll.c:994:gst_poll_fd_ctl_write: 0x55ede7469d30: pfd->events now 60 (POLLOUT:4)
0:00:00.013923633  2758 0x55ede7445360 DEBUG   GST_POLL gstpoll.c:979:gst_poll_fd_ctl_write: 0x55ede7469d30: fd (fd:0, idx:1), active : 1
0:00:00.013932477  2758 0x55ede7445360 LOG   GST_POLL gstpoll.c:994:gst_poll_fd_ctl_write: 0x55ede7469d30: pfd->events now 60 (POLLOUT:4)
0:00:00.013939147  2758 0x55ede7445360 DEBUG   GST_POLL gstpoll.c:979:gst_poll_fd_ctl_write: 0x55ede7469d30: fd (fd:0, idx:1), active : 1
0:00:00.013944876  2758 0x55ede7445360 LOG   GST_POLL gstpoll.c:994:gst_poll_fd_ctl_write: 0x55ede7469d30: pfd->events now 60 (POLLOUT:4)
0:00:00.013951000  2758 0x55ede7445360 DEBUG   GST_POLL gstpoll.c:979:gst_poll_fd_ctl_write: 0x55ede7469d30: fd (fd:0, idx:1), active : 1
0:00:00.013959911  2758 0x55ede7445360 LOG   GST_POLL gstpoll.c:994:gst_poll_fd_ctl_write: 0x55ede7469d30: pfd->events now 60 (POLLOUT:4)
0:00:00.013966698  2758 0x55ede7445360 DEBUG   GST_POLL gstpoll.c:979:gst_poll_fd_ctl_write: 0x55ede7469d30: fd (fd:0, idx:1), active : 1
0:00:00.013972633  2758 0x55ede7445360 LOG   GST_POLL gstpoll.c:994:gst_poll_fd_ctl_write: 0x55ede7469d30: pfd->events now 60 (POLLOUT:4)
0:00:00.013979024  2758 0x55ede7445360 DEBUG   GST_POLL gstpoll.c:979:gst_poll_fd_ctl_write: 0x55ede7469d30: fd (fd:0, idx:1), active : 1
0:00:00.013987924  2758 0x55ede7445360 LOG   GST_POLL gstpoll.c:994:gst_poll_fd_ctl_write: 0x55ede7469d30: pfd->events now 60 (POLLOUT:4)
0:00:00.013994502  2758 0x55ede7445360 DEBUG   GST_POLL gstpoll.c:979:gst_poll_fd_ctl_write: 0x55ede7469d30: fd (fd:0, idx:1), active : 1
0:00:00.014000223  2758 0x55ede7445360 LOG   GST_POLL gstpoll.c:994:gst_poll_fd_ctl_write: 0x55ede7469d30: pfd->events now 60 (POLLOUT:4)
0:00:00.014006291  2758 0x55ede7445360 DEBUG   GST_POLL gstpoll.c:979:gst_poll_fd_ctl_write: 0x55ede7469d30: fd (fd:0, idx:1), active : 1
0:00:00.014015193  2758 0x55ede7445360 LOG   GST_POLL gstpoll.c:994:gst_poll_fd_ctl_write: 0x55ede7469d30: pfd->events now 60 (POLLOUT:4)
0:00:00.014022153  2758 0x55ede7445360 DEBUG   GST_POLL gstpoll.c:979:gst_poll_fd_ctl_write: 0x55ede7469d30: fd (fd:0, idx:1), active : 1
0:00:00.014028126  2758 0x55ede7445360 LOG   GST_POLL gstpoll.c:994:gst_poll_fd_ctl_write: 0x55ede7469d30: pfd->events now 60 (POLLOUT:4)
0:00:00.014040371  2758 0x55ede7445360 DEBUG   GST_POLL gstpoll.c:979:gst_poll_fd_ctl_write: 0x55ede7469d30: fd (fd:0, idx:1), active : 1
0:00:00.014049167  2758 0x55ede7445360 LOG   GST_POLL gstpoll.c:994:gst_poll_fd_ctl_write: 0x55ede7469d30: pfd->events now 60 (POLLOUT:4)
0:00:00.014055809  2758 0x55ede7445360 DEBUG   GST_POLL gstpoll.c:979:gst_poll_fd_ctl_write: 0x55ede7469d30: fd (fd:0, idx:1), active : 1
0:00:00.014066230  2758 0x55ede7445360 LOG   GST_POLL gstpoll.c:994:gst_poll_fd_ctl_write: 0x55ede7469d30: pfd->events now 60 (POLLOUT:4)
0:00:00.014075226  2758 0x55ede7445360 DEBUG   GST_POLL gstpoll.c:979:gst_poll_fd_ctl_write: 0x55ede7469d30: fd (fd:0, idx:1), active : 1
0:00:00.014081945  2758 0x55ede7445360 LOG   GST_POLL gstpoll.c:994:gst_poll_fd_ctl_write: 0x55ede7469d30: pfd->events now 60 (POLLOUT:4)
0:00:00.014088167  2758 0x55ede7445360 DEBUG   GST_POLL gstpoll.c:979:gst_poll_fd_ctl_write: 0x55ede7469d30: fd (fd:0, idx:1), active : 1
0:00:00.014093827  2758 0x55ede7445360 LOG   GST_POLL gstpoll.c:994:gst_poll_fd_ctl_write: 0x55ede7469d30: pfd->events now 60 (POLLOUT:4)
0:00:00.014102448  2758 0x55ede7445360 DEBUG   GST_POLL gstpoll.c:979:gst_poll_fd_ctl_write: 0x55ede7469d30: fd (fd:0, idx:1), active : 1
0:00:00.014109230  2758 0x55ede7445360 LOG   GST_POLL gstpoll.c:994:gst_poll_fd_ctl_write: 0x55ede7469d30: pfd->events now 60 (POLLOUT:4)
0:00:00.014115468  2758 0x55ede7445360 DEBUG   GST_POLL gstpoll.c:979:gst_poll_fd_ctl_write: 0x55ede7469d30: fd (fd:0, idx:1), active : 1
0:00:00.014133253  2758 0x55ede7445360 LOG   GST_POLL gstpoll.c:994:gst_poll_fd_ctl_write: 0x55ede7469d30: pfd->events now 60 (POLLOUT:4)
0:00:00.014146948  2758 0x55ede7445360 DEBUG   GST_POLL gstpoll.c:979:gst_poll_fd_ctl_write: 0x55ede7469d30: fd (fd:0, idx:1), active : 1
0:00:00.014155084  2758 0x55ede7445360 LOG   GST_POLL gstpoll.c:994:gst_poll_fd_ctl_write: 0x55ede7469d30: pfd->events now 60 (POLLOUT:4)
0:00:00.014161270  2758 0x55ede7445360 DEBUG   GST_POLL gstpoll.c:979:gst_poll_fd_ctl_write: 0x55ede7469d30: fd (fd:0, idx:1), active : 1
0:00:00.014169537  2758 0x55ede7445360 LOG   GST_POLL gstpoll.c:994:gst_poll_fd_ctl_write: 0x55ede7469d30: pfd->events now 60 (POLLOUT:4)
0:00:00.014176818  2758 0x55ede7445360 DEBUG   GST_POLL gstpoll.c:979:gst_poll_fd_ctl_write: 0x55ede7469d30: fd (fd:0, idx:1), active : 1
0:00:00.014182719  2758 0x55ede7445360 LOG   GST_POLL gstpoll.c:994:gst_poll_fd_ctl_write: 0x55ede7469d30: pfd->events now 60 (POLLOUT:4)
0:00:00.014188835  2758 0x55ede7445360 DEBUG   GST_POLL gstpoll.c:979:gst_poll_fd_ctl_write: 0x55ede7469d30: fd (fd:0, idx:1), active : 1
0:00:00.014197066  2758 0x55ede7445360 LOG   GST_POLL gstpoll.c:994:gst_poll_fd_ctl_write: 0x55ede7469d30: pfd->events now 60 (POLLOUT:4)
0:00:00.014204475  2758 0x55ede7445360 DEBUG   GST_POLL gstpoll.c:979:gst_poll_fd_ctl_write: 0x55ede7469d30: fd (fd:0, idx:1), active : 1
0:00:00.014210421  2758 0x55ede7445360 LOG   GST_POLL gstpoll.c:994:gst_poll_fd_ctl_write: 0x55ede7469d30: pfd->events now 60 (POLLOUT:4)
0:00:00.014221347  2758 0x55ede7445360 DEBUG   GST_POLL gstpoll.c:979:gst_poll_fd_ctl_write: 0x55ede7469d30: fd (fd:0, idx:1), active : 1
0:00:00.014229751  2758 0x55ede7445360 LOG   GST_POLL gstpoll.c:994:gst_poll_fd_ctl_write: 0x55ede7469d30: pfd->events now 60 (POLLOUT:4)
0:00:00.014236943  2758 0x55ede7445360 DEBUG   GST_POLL gstpoll.c:979:gst_poll_fd_ctl_write: 0x55ede7469d30: fd (fd:0, idx:1), active : 1
0:00:00.014242861  2758 0x55ede7445360 LOG   GST_POLL gstpoll.c:994:gst_poll_fd_ctl_write: 0x55ede7469d30: pfd->events now 60 (POLLOUT:4)
0:00:00.014249077  2758 0x55ede7445360 DEBUG   GST_POLL gstpoll.c:979:gst_poll_fd_ctl_write: 0x55ede7469d30: fd (fd:0, idx:1), active : 1
0:00:00.014257484  2758 0x55ede7445360 LOG   GST_POLL gstpoll.c:994:gst_poll_fd_ctl_write: 0x55ede7469d30: pfd->events now 60 (POLLOUT:4)
0:00:00.014264697  2758 0x55ede7445360 DEBUG   GST_POLL gstpoll.c:979:gst_poll_fd_ctl_write: 0x55ede7469d30: fd (fd:0, idx:1), active : 1
0:00:00.014270460  2758 0x55ede7445360 LOG   GST_POLL gstpoll.c:994:gst_poll_fd_ctl_write: 0x55ede7469d30: pfd->events now 60 (POLLOUT:4)
0:00:00.014276602  2758 0x55ede7445360 DEBUG   GST_POLL gstpoll.c:979:gst_poll_fd_ctl_write: 0x55ede7469d30: fd (fd:0, idx:1), active : 1
0:00:00.014284914  2758 0x55ede7445360 LOG   GST_POLL gstpoll.c:994:gst_poll_fd_ctl_write: 0x55ede7469d30: pfd->events now 60 (POLLOUT:4)
0:00:00.014292245  2758 0x55ede7445360 DEBUG   GST_POLL gstpoll.c:979:gst_poll_fd_ctl_write: 0x55ede7469d30: fd (fd:0, idx:1), active : 1
0:00:00.014298246  2758 0x55ede7445360 LOG   GST_POLL gstpoll.c:994:gst_poll_fd_ctl_write: 0x55ede7469d30: pfd->events now 60 (POLLOUT:4)
0:00:00.014304481  2758 0x55ede7445360 DEBUG   GST_POLL gstpoll.c:979:gst_poll_fd_ctl_write: 0x55ede7469d30: fd (fd:0, idx:1), active : 1
0:00:00.014312760  2758 0x55ede7445360 LOG   GST_POLL gstpoll.c:994:gst_poll_fd_ctl_write: 0x55ede7469d30: pfd->events now 60 (POLLOUT:4)
0:00:00.014319961  2758 0x55ede7445360 DEBUG   GST_POLL gstpoll.c:979:gst_poll_fd_ctl_write: 0x55ede7469d30: fd (fd:0, idx:1), active : 1
0:00:00.014325785  2758 0x55ede7445360 LOG   GST_POLL gstpoll.c:994:gst_poll_fd_ctl_write: 0x55ede7469d30: pfd->events now 60 (POLLOUT:4)
0:00:00.014331937  2758 0x55ede7445360 DEBUG   GST_POLL gstpoll.c:979:gst_poll_fd_ctl_write: 0x55ede7469d30: fd (fd:0, idx:1), active : 1
0:00:00.014340324  2758 0x55ede7445360 LOG   GST_POLL gstpoll.c:994:gst_poll_fd_ctl_write: 0x55ede7469d30: pfd->events now 60 (POLLOUT:4)
0:00:00.014347681  2758 0x55ede7445360 DEBUG   GST_POLL gstpoll.c:979:gst_poll_fd_ctl_write: 0x55ede7469d30: fd (fd:0, idx:1), active : 1
0:00:00.014353677  2758 0x55ede7445360 LOG   GST_POLL gstpoll.c:994:gst_poll_fd_ctl_write: 0x55ede7469d30: pfd->events now 60 (POLLOUT:4)
0:00:00.014359782  2758 0x55ede7445360 DEBUG   GST_POLL gstpoll.c:979:gst_poll_fd_ctl_write: 0x55ede7469d30: fd (fd:0, idx:1), active : 1
0:00:00.014368077  2758 0x55ede7445360 LOG   GST_POLL gstpoll.c:994:gst_poll_fd_ctl_write: 0x55ede7469d30: pfd->events now 60 (POLLOUT:4)
0:00:00.014375252  2758 0x55ede7445360 DEBUG   GST_POLL gstpoll.c:979:gst_poll_fd_ctl_write: 0x55ede7469d30: fd (fd:0, idx:1), active : 1
0:00:00.014385393  2758 0x55ede7445360 LOG   GST_POLL gstpoll.c:994:gst_poll_fd_ctl_write: 0x55ede7469d30: pfd->events now 60 (POLLOUT:4)
0:00:00.014391677  2758 0x55ede7445360 DEBUG   GST_POLL gstpoll.c:979:gst_poll_fd_ctl_write: 0x55ede7469d30: fd (fd:0, idx:1), active : 1
0:00:00.014400017  2758 0x55ede7445360 LOG   GST_POLL gstpoll.c:994:gst_poll_fd_ctl_write: 0x55ede7469d30: pfd->events now 60 (POLLOUT:4)
0:00:00.014407339  2758 0x55ede7445360 DEBUG   GST_POLL gstpoll.c:979:gst_poll_fd_ctl_write: 0x55ede7469d30: fd (fd:0, idx:1), active : 1
0:00:00.014413397  2758 0x55ede7445360 LOG   GST_POLL gstpoll.c:994:gst_poll_fd_ctl_write: 0x55ede7469d30: pfd->events now 60 (POLLOUT:4)
0:00:00.014419541  2758 0x55ede7445360 DEBUG   GST_POLL gstpoll.c:979:gst_poll_fd_ctl_write: 0x55ede7469d30: fd (fd:0, idx:1), active : 1
0:00:00.014427913  2758 0x55ede7445360 LOG   GST_POLL gstpoll.c:994:gst_poll_fd_ctl_write: 0x55ede7469d30: pfd->events now 60 (POLLOUT:4)
0:00:00.014434963  2758 0x55ede7445360 DEBUG   GST_POLL gstpoll.c:979:gst_poll_fd_ctl_write: 0x55ede7469d30: fd (fd:0, idx:1), active : 1
0:00:00.014440798  2758 0x55ede7445360 LOG   GST_POLL gstpoll.c:994:gst_poll_fd_ctl_write: 0x55ede7469d30: pfd->events now 60 (POLLOUT:4)
0:00:00.014446879  2758 0x55ede7445360 DEBUG   GST_POLL gstpoll.c:979:gst_poll_fd_ctl_write: 0x55ede7469d30: fd (fd:0, idx:1), active : 1
0:00:00.014455261  2758 0x55ede7445360 LOG   GST_POLL gstpoll.c:994:gst_poll_fd_ctl_write: 0x55ede7469d30: pfd->events now 60 (POLLOUT:4)
0:00:00.014462635  2758 0x55ede7445360 DEBUG   GST_POLL gstpoll.c:979:gst_poll_fd_ctl_write: 0x55ede7469d30: fd (fd:0, idx:1), active : 1
0:00:00.014468572  2758 0x55ede7445360 LOG   GST_POLL gstpoll.c:994:gst_poll_fd_ctl_write: 0x55ede7469d30: pfd->events now 60 (POLLOUT:4)
0:00:00.014474867  2758 0x55ede7445360 DEBUG   GST_POLL gstpoll.c:979:gst_poll_fd_ctl_write: 0x55ede7469d30: fd (fd:0, idx:1), active : 1
0:00:00.014490589  2758 0x55ede7445360 LOG   GST_POLL gstpoll.c:994:gst_poll_fd_ctl_write: 0x55ede7469d30: pfd->events now 60 (POLLOUT:4)
0:00:00.014497896  2758 0x55ede7445360 DEBUG   GST_POLL gstpoll.c:979:gst_poll_fd_ctl_write: 0x55ede7469d30: fd (fd:0, idx:1), active : 1
0:00:00.014503686  2758 0x55ede7445360 LOG   GST_POLL gstpoll.c:994:gst_poll_fd_ctl_write: 0x55ede7469d30: pfd->events now 60 (POLLOUT:4)
0:00:00.014509757  2758 0x55ede7445360 DEBUG   GST_POLL gstpoll.c:979:gst_poll_fd_ctl_write: 0x55ede7469d30: fd (fd:0, idx:1), active : 1
0:00:00.014518067  2758 0x55ede7445360 LOG   GST_POLL gstpoll.c:994:gst_poll_fd_ctl_write: 0x55ede7469d30: pfd->events now 60 (POLLOUT:4)
0:00:00.014525364  2758 0x55ede7445360 DEBUG   GST_POLL gstpoll.c:979:gst_poll_fd_ctl_write: 0x55ede7469d30: fd (fd:0, idx:1), active : 1
0:00:00.014531407  2758 0x55ede7445360 LOG   GST_POLL gstpoll.c:994:gst_poll_fd_ctl_write: 0x55ede7469d30: pfd->events now 60 (POLLOUT:4)
0:00:00.014537755  2758 0x55ede7445360 DEBUG   GST_POLL gstpoll.c:979:gst_poll_fd_ctl_write: 0x55ede7469d30: fd (fd:0, idx:1), active : 1
0:00:00.014550304  2758 0x55ede7445360 LOG   GST_POLL gstpoll.c:994:gst_poll_fd_ctl_write: 0x55ede7469d30: pfd->events now 60 (POLLOUT:4)
0:00:00.014557192  2758 0x55ede7445360 DEBUG   GST_POLL gstpoll.c:979:gst_poll_fd_ctl_write: 0x55ede7469d30: fd (fd:0, idx:1), active : 1
0:00:00.014562937  2758 0x55ede7445360 LOG   GST_POLL gstpoll.c:994:gst_poll_fd_ctl_write: 0x55ede7469d30: pfd->events now 60 (POLLOUT:4)
0:00:00.014569044  2758 0x55ede7445360 DEBUG   GST_POLL gstpoll.c:979:gst_poll_fd_ctl_write: 0x55ede7469d30: fd (fd:0, idx:1), active : 1
0:00:00.014577776  2758 0x55ede7445360 LOG   GST_POLL gstpoll.c:994:gst_poll_fd_ctl_write: 0x55ede7469d30: pfd->events now 60 (POLLOUT:4)
0:00:00.014590456  2758 0x55ede7445360 TRACE   GST_REFCOUNTING gstobject.c:264:gst_object_unref: 0x55ede746e900 unref 2->1
0:00:00.014598667  2758 0x55ede7445360 DEBUG   GST_POLL gstpoll.c:1241:gst_poll_fd_has_error: 0x55ede7469d30: fd (fd:0, idx:1) 0
0:00:00.014605223  2758 0x55ede7445360 DEBUG   GST_POLL gstpoll.c:1335:gst_poll_fd_can_write: 0x55ede7469d30: fd (fd:0, idx:1) 1
0:00:00.014613661  2758 0x55ede7445360 LOG   GST_PLUGIN_LOADING gstpluginloader.c:689:write_one: Writing packet of size 488 bytes to fd 0
0:00:00.014633112  2758 0x55ede7445360 DEBUG   GST_POLL gstpoll.c:1414:gst_poll_wait: 0x55ede7469d30: timeout :0:00:01.000000000
0:00:00.014644143  2758 0x55ede7445360 LOG   GST_PLUGIN_LOADING gstpluginloader.c:1026:exchange_packets: Poll res = 2. 6872 bytes pending for write
0:00:00.014653642  2758 0x55ede7445360 DEBUG   GST_POLL gstpoll.c:1241:gst_poll_fd_has_error: 0x55ede7469d30: fd (fd:5, idx:2) 0
0:00:00.019575619  2757 0x55fe31678360 LOG   GST_PLUGIN_LOADING gstpluginloader.c:1026:exchange_packets: Poll res = 1. 0 bytes pending for write
0:00:00.014661205  2758 0x55ede7445360 DEBUG   GST_POLL gstpoll.c:1266:gst_poll_fd_can_read_unlocked: 0x55ede7469d30: fd (fd:5, idx:2) 1
0:00:00.019595135  2757 0x55fe31678360 DEBUG   GST_POLL gstpoll.c:1241:gst_poll_fd_has_error: 0x55fe3169d920: fd (fd:8, idx:2) 0
0:00:00.014674224  2758 0x55ede7445360 DEBUG   GST_PLUGIN_LOADING gstpluginloader.c:721:do_plugin_load: Plugin scanner loading file /home/conan/w/prod/BuildSingleReference/.conan/data/gstreamer/1.19.1/_/_/package/272fbcd9d24b96d15fa29c90965666ae8e9f2d35/lib/gstreamer-1.0/libgstcoretracers.so. tag 2
0:00:00.019604092  2757 0x55fe31678360 DEBUG   GST_POLL gstpoll.c:1266:gst_poll_fd_can_read_unlocked: 0x55fe3169d920: fd (fd:8, idx:2) 1
0:00:00.014685978  2758 0x55ede7445360 TRACE   GST_REFCOUNTING gstobject.c:237:gst_object_ref: 0x55ede746b3d0 ref 1->2
0:00:00.019620054  2757 0x55fe31678360 DEBUG   GST_PLUGIN_LOADING gstpluginloader.c:847:handle_rx_packet: Received plugin details from child w/ tag 0. 476 bytes info
0:00:00.014696007  2758 0x55ede7445360 TRACE   GST_REFCOUNTING gstobject.c:237:gst_object_ref: 0x55ede746d1a0 ref 1->2
0:00:00.019630197  2757 0x55fe31678360 LOG   GST_REGISTRY gstregistrychunks.c:836:_priv_gst_registry_chunks_load_plugin: Reading/casting for GstRegistryChunkPluginElement at address 0x55fe31698f00
0:00:00.014706673  2758 0x55ede7445360 TRACE   GST_REFCOUNTING gstobject.c:237:gst_object_ref: 0x55ede746cf20 ref 1->2
0:00:00.014721003  2758 0x55ede7445360 TRACE   GST_REFCOUNTING gstobject.c:237:gst_object_ref: 0x55ede746cc00 ref 1->2
0:00:00.019650761  2757 0x55fe31678360 TRACE   GST_REFCOUNTING gstobject.c:208:gst_object_init: 0x55fe3169e000 new
0:00:00.014734708  2758 0x55ede7445360 TRACE   GST_REFCOUNTING gstobject.c:237:gst_object_ref: 0x55ede746c930 ref 1->2
0:00:00.014747194  2758 0x55ede7445360 TRACE   GST_REFCOUNTING gstobject.c:237:gst_object_ref: 0x55ede746c420 ref 1->2
0:00:00.014757985  2758 0x55ede7445360 TRACE   GST_REFCOUNTING gstobject.c:264:gst_object_unref: 0x55ede746c420 unref 2->1
0:00:00.019685349  2757 0x55fe31678360 LOG   GST_REGISTRY gstregistrychunks.c:858:_priv_gst_registry_chunks_load_plugin: read strings for name='coretracers'
0:00:00.014765283  2758 0x55ede7445360 TRACE   GST_REFCOUNTING gstobject.c:264:gst_object_unref: 0x55ede746c930 unref 2->1
0:00:00.019694397  2757 0x55fe31678360 LOG   GST_REGISTRY gstregistrychunks.c:859:_priv_gst_registry_chunks_load_plugin: desc.description='GStreamer core tracers'
0:00:00.019700901  2757 0x55fe31678360 LOG   GST_REGISTRY gstregistrychunks.c:860:_priv_gst_registry_chunks_load_plugin: filename='/home/conan/w/prod/BuildSingleReference/.conan/data/gstreamer/1.19.1/_/_/package/272fbcd9d24b96d15fa29c90965666ae8e9f2d35/lib/gstreamer-1.0/libgstcoretracers.so'
0:00:00.014775238  2758 0x55ede7445360 TRACE   GST_REFCOUNTING gstobject.c:264:gst_object_unref: 0x55ede746cc00 unref 2->1
0:00:00.019706717  2757 0x55fe31678360 LOG   GST_REGISTRY gstregistrychunks.c:861:_priv_gst_registry_chunks_load_plugin: desc.version='1.19.1'
0:00:00.014784315  2758 0x55ede7445360 TRACE   GST_REFCOUNTING gstobject.c:264:gst_object_unref: 0x55ede746cf20 unref 2->1
0:00:00.019715913  2757 0x55fe31678360 LOG   GST_REGISTRY gstregistrychunks.c:862:_priv_gst_registry_chunks_load_plugin: desc.license='LGPL'
0:00:00.014792434  2758 0x55ede7445360 TRACE   GST_REFCOUNTING gstobject.c:264:gst_object_unref: 0x55ede746d1a0 unref 2->1
0:00:00.019722788  2757 0x55fe31678360 LOG   GST_REGISTRY gstregistrychunks.c:863:_priv_gst_registry_chunks_load_plugin: desc.source='gstreamer'
0:00:00.014801948  2758 0x55ede7445360 DEBUG   GST_REGISTRY gstregistrychunks.c:497:_priv_gst_registry_chunks_save_plugin: Found 5 features in plugin 0x55ede746b3d0 (coretracers)
0:00:00.019729184  2757 0x55fe31678360 LOG   GST_REGISTRY gstregistrychunks.c:864:_priv_gst_registry_chunks_load_plugin: desc.package='GStreamer source release'
0:00:00.014811589  2758 0x55ede7445360 DEBUG   GST_POLL gstpoll.c:979:gst_poll_fd_ctl_write: 0x55ede7469d30: fd (fd:0, idx:1), active : 1
0:00:00.019736959  2757 0x55fe31678360 LOG   GST_REGISTRY gstregistrychunks.c:865:_priv_gst_registry_chunks_load_plugin: desc.origin='Unknown package origin'
0:00:00.014819241  2758 0x55ede7445360 LOG   GST_POLL gstpoll.c:994:gst_poll_fd_ctl_write: 0x55ede7469d30: pfd->events now 60 (POLLOUT:4)
0:00:00.019747623  2757 0x55fe31678360 LOG   GST_REGISTRY gstregistrychunks.c:866:_priv_gst_registry_chunks_load_plugin: desc.datetime=2021-06-01
0:00:00.014826532  2758 0x55ede7445360 DEBUG   GST_POLL gstpoll.c:979:gst_poll_fd_ctl_write: 0x55ede7469d30: fd (fd:0, idx:1), active : 1
0:00:00.014838102  2758 0x55ede7445360 LOG   GST_POLL gstpoll.c:994:gst_poll_fd_ctl_write: 0x55ede7469d30: pfd->events now 60 (POLLOUT:4)
0:00:00.019765599  2757 0x55fe31678360 DEBUG   GST_REGISTRY gstregistry.c:473:gst_registry_add_plugin: adding plugin 0x55fe3169e000 for filename "/home/conan/w/prod/BuildSingleReference/.conan/data/gstreamer/1.19.1/_/_/package/272fbcd9d24b96d15fa29c90965666ae8e9f2d35/lib/gstreamer-1.0/libgstcoretracers.so"
0:00:00.014847025  2758 0x55ede7445360 DEBUG   GST_POLL gstpoll.c:979:gst_poll_fd_ctl_write: 0x55ede7469d30: fd (fd:0, idx:1), active : 1
0:00:00.019776960  2757 0x55fe31678360 TRACE   GST_REFCOUNTING gstobject.c:292:gst_object_ref_sink: 0x55fe3169e000 ref_sink 1->2
0:00:00.014854432  2758 0x55ede7445360 LOG   GST_POLL gstpoll.c:994:gst_poll_fd_ctl_write: 0x55ede7469d30: pfd->events now 60 (POLLOUT:4)
0:00:00.014862477  2758 0x55ede7445360 DEBUG   GST_POLL gstpoll.c:979:gst_poll_fd_ctl_write: 0x55ede7469d30: fd (fd:0, idx:1), active : 1
0:00:00.019787783  2757 0x55fe31678360 LOG   GST_REGISTRY gstregistry.c:486:gst_registry_add_plugin: emitting plugin-added for filename "/home/conan/w/prod/BuildSingleReference/.conan/data/gstreamer/1.19.1/_/_/package/272fbcd9d24b96d15fa29c90965666ae8e9f2d35/lib/gstreamer-1.0/libgstcoretracers.so"
0:00:00.014868292  2758 0x55ede7445360 LOG   GST_POLL gstpoll.c:994:gst_poll_fd_ctl_write: 0x55ede7469d30: pfd->events now 60 (POLLOUT:4)
0:00:00.019797868  2757 0x55fe31678360 DEBUG   GST_REGISTRY gstregistrychunks.c:886:_priv_gst_registry_chunks_load_plugin: Added plugin 'coretracers' plugin with 5 features from binary registry
0:00:00.014877321  2758 0x55ede7445360 DEBUG   GST_POLL gstpoll.c:979:gst_poll_fd_ctl_write: 0x55ede7469d30: fd (fd:0, idx:1), active : 1
0:00:00.019805895  2757 0x55fe31678360 DEBUG   GST_REGISTRY gstregistrychunks.c:582:gst_registry_chunks_load_feature: Plugin 'coretracers' feature 'leaks' typename : 'GstTracerFactory'
0:00:00.014884901  2758 0x55ede7445360 LOG   GST_POLL gstpoll.c:994:gst_poll_fd_ctl_write: 0x55ede7469d30: pfd->events now 60 (POLLOUT:4)
0:00:00.014892101  2758 0x55ede7445360 DEBUG   GST_POLL gstpoll.c:979:gst_poll_fd_ctl_write: 0x55ede7469d30: fd (fd:0, idx:1), active : 1
0:00:00.014897871  2758 0x55ede7445360 LOG   GST_POLL gstpoll.c:994:gst_poll_fd_ctl_write: 0x55ede7469d30: pfd->events now 60 (POLLOUT:4)
0:00:00.019822287  2757 0x55fe31678360 TRACE   GST_REFCOUNTING gstobject.c:208:gst_object_init: 0x55fe3169e390 new
0:00:00.014906605  2758 0x55ede7445360 DEBUG   GST_POLL gstpoll.c:979:gst_poll_fd_ctl_write: 0x55ede7469d30: fd (fd:0, idx:1), active : 1
0:00:00.014915696  2758 0x55ede7445360 LOG   GST_POLL gstpoll.c:994:gst_poll_fd_ctl_write: 0x55ede7469d30: pfd->events now 60 (POLLOUT:4)
0:00:00.019843372  2757 0x55fe31678360 DEBUG   GST_REGISTRY gstregistrychunks.c:716:gst_registry_chunks_load_feature: Reading/casting for GstRegistryChunkPluginFeature at address 0x55fe31699048
0:00:00.014922003  2758 0x55ede7445360 DEBUG   GST_POLL gstpoll.c:979:gst_poll_fd_ctl_write: 0x55ede7469d30: fd (fd:0, idx:1), active : 1
0:00:00.019853172  2757 0x55fe31678360 DEBUG   GST_REGISTRY gstregistry.c:589:gst_registry_add_feature: adding feature 0x55fe3169e390 (leaks)
0:00:00.014932805  2758 0x55ede7445360 LOG   GST_POLL gstpoll.c:994:gst_poll_fd_ctl_write: 0x55ede7469d30: pfd->events now 60 (POLLOUT:4)
0:00:00.019863629  2757 0x55fe31678360 DEBUG   GST_REFCOUNTING gstobject.c:708:gst_object_set_parent: set parent (ref and sink)
0:00:00.014941982  2758 0x55ede7445360 DEBUG   GST_POLL gstpoll.c:979:gst_poll_fd_ctl_write: 0x55ede7469d30: fd (fd:0, idx:1), active : 1
0:00:00.019874567  2757 0x55fe31678360 TRACE   GST_REFCOUNTING gstobject.c:292:gst_object_ref_sink: 0x55fe3169e390 ref_sink 1->2
0:00:00.014949824  2758 0x55ede7445360 LOG   GST_POLL gstpoll.c:994:gst_poll_fd_ctl_write: 0x55ede7469d30: pfd->events now 60 (POLLOUT:4)
0:00:00.019882597  2757 0x55fe31678360 LOG   GST_REGISTRY gstregistry.c:607:gst_registry_add_feature: emitting feature-added for leaks
0:00:00.014959191  2758 0x55ede7445360 DEBUG   GST_POLL gstpoll.c:979:gst_poll_fd_ctl_write: 0x55ede7469d30: fd (fd:0, idx:1), active : 1
0:00:00.019890813  2757 0x55fe31678360 DEBUG   GST_REGISTRY gstregistrychunks.c:740:gst_registry_chunks_load_feature: Added feature leaks, plugin 0x55fe3169e000 coretracers
0:00:00.014966081  2758 0x55ede7445360 LOG   GST_POLL gstpoll.c:994:gst_poll_fd_ctl_write: 0x55ede7469d30: pfd->events now 60 (POLLOUT:4)
0:00:00.019900347  2757 0x55fe31678360 DEBUG   GST_REGISTRY gstregistrychunks.c:582:gst_registry_chunks_load_feature: Plugin 'coretracers' feature 'stats' typename : 'GstTracerFactory'
0:00:00.014977261  2758 0x55ede7445360 DEBUG   GST_POLL gstpoll.c:979:gst_poll_fd_ctl_write: 0x55ede7469d30: fd (fd:0, idx:1), active : 1
0:00:00.014985015  2758 0x55ede7445360 LOG   GST_POLL gstpoll.c:994:gst_poll_fd_ctl_write: 0x55ede7469d30: pfd->events now 60 (POLLOUT:4)
0:00:00.019911284  2757 0x55fe31678360 TRACE   GST_REFCOUNTING gstobject.c:208:gst_object_init: 0x55fe3169e5a0 new
0:00:00.014991313  2758 0x55ede7445360 DEBUG   GST_POLL gstpoll.c:979:gst_poll_fd_ctl_write: 0x55ede7469d30: fd (fd:0, idx:1), active : 1
0:00:00.019921076  2757 0x55fe31678360 DEBUG   GST_REGISTRY gstregistrychunks.c:716:gst_registry_chunks_load_feature: Reading/casting for GstRegistryChunkPluginFeature at address 0x55fe31699068
0:00:00.014997712  2758 0x55ede7445360 LOG   GST_POLL gstpoll.c:994:gst_poll_fd_ctl_write: 0x55ede7469d30: pfd->events now 60 (POLLOUT:4)
0:00:00.019929131  2757 0x55fe31678360 DEBUG   GST_REGISTRY gstregistry.c:589:gst_registry_add_feature: adding feature 0x55fe3169e5a0 (stats)
0:00:00.015006730  2758 0x55ede7445360 DEBUG   GST_POLL gstpoll.c:979:gst_poll_fd_ctl_write: 0x55ede7469d30: fd (fd:0, idx:1), active : 1
0:00:00.019938126  2757 0x55fe31678360 DEBUG   GST_REFCOUNTING gstobject.c:708:gst_object_set_parent: set parent (ref and sink)
0:00:00.015014133  2758 0x55ede7445360 LOG   GST_POLL gstpoll.c:994:gst_poll_fd_ctl_write: 0x55ede7469d30: pfd->events now 60 (POLLOUT:4)
0:00:00.019947901  2757 0x55fe31678360 TRACE   GST_REFCOUNTING gstobject.c:292:gst_object_ref_sink: 0x55fe3169e5a0 ref_sink 1->2
0:00:00.015032673  2758 0x55ede7445360 DEBUG   GST_POLL gstpoll.c:979:gst_poll_fd_ctl_write: 0x55ede7469d30: fd (fd:0, idx:1), active : 1
0:00:00.019960269  2757 0x55fe31678360 LOG   GST_REGISTRY gstregistry.c:607:gst_registry_add_feature: emitting feature-added for stats
0:00:00.015039723  2758 0x55ede7445360 LOG   GST_POLL gstpoll.c:994:gst_poll_fd_ctl_write: 0x55ede7469d30: pfd->events now 60 (POLLOUT:4)
0:00:00.019967753  2757 0x55fe31678360 DEBUG   GST_REGISTRY gstregistrychunks.c:740:gst_registry_chunks_load_feature: Added feature stats, plugin 0x55fe3169e000 coretracers
0:00:00.015048812  2758 0x55ede7445360 DEBUG   GST_POLL gstpoll.c:979:gst_poll_fd_ctl_write: 0x55ede7469d30: fd (fd:0, idx:1), active : 1
0:00:00.019977299  2757 0x55fe31678360 DEBUG   GST_REGISTRY gstregistrychunks.c:582:gst_registry_chunks_load_feature: Plugin 'coretracers' feature 'rusage' typename : 'GstTracerFactory'
0:00:00.015056172  2758 0x55ede7445360 LOG   GST_POLL gstpoll.c:994:gst_poll_fd_ctl_write: 0x55ede7469d30: pfd->events now 60 (POLLOUT:4)
0:00:00.019987378  2757 0x55fe31678360 TRACE   GST_REFCOUNTING gstobject.c:208:gst_object_init: 0x55fe3169e6f0 new
0:00:00.015063430  2758 0x55ede7445360 LOG   GST_PLUGIN_LOADING gstpluginloader.c:644:put_chunk: Expanding tx buf from 7717 to 10158 for chunk of size 17
0:00:00.019996931  2757 0x55fe31678360 DEBUG   GST_REGISTRY gstregistrychunks.c:716:gst_registry_chunks_load_feature: Reading/casting for GstRegistryChunkPluginFeature at address 0x55fe31699088
0:00:00.015071984  2758 0x55ede7445360 DEBUG   GST_POLL gstpoll.c:979:gst_poll_fd_ctl_write: 0x55ede7469d30: fd (fd:0, idx:1), active : 1
0:00:00.020004906  2757 0x55fe31678360 DEBUG   GST_REGISTRY gstregistry.c:589:gst_registry_add_feature: adding feature 0x55fe3169e6f0 (rusage)
0:00:00.015082161  2758 0x55ede7445360 LOG   GST_POLL gstpoll.c:994:gst_poll_fd_ctl_write: 0x55ede7469d30: pfd->events now 60 (POLLOUT:4)
0:00:00.020013483  2757 0x55fe31678360 DEBUG   GST_REFCOUNTING gstobject.c:708:gst_object_set_parent: set parent (ref and sink)
0:00:00.015090021  2758 0x55ede7445360 DEBUG   GST_POLL gstpoll.c:979:gst_poll_fd_ctl_write: 0x55ede7469d30: fd (fd:0, idx:1), active : 1
0:00:00.020023009  2757 0x55fe31678360 TRACE   GST_REFCOUNTING gstobject.c:292:gst_object_ref_sink: 0x55fe3169e6f0 ref_sink 1->2
0:00:00.015098256  2758 0x55ede7445360 LOG   GST_POLL gstpoll.c:994:gst_poll_fd_ctl_write: 0x55ede7469d30: pfd->events now 60 (POLLOUT:4)
0:00:00.020030513  2757 0x55fe31678360 LOG   GST_REGISTRY gstregistry.c:607:gst_registry_add_feature: emitting feature-added for rusage
0:00:00.015107241  2758 0x55ede7445360 DEBUG   GST_POLL gstpoll.c:979:gst_poll_fd_ctl_write: 0x55ede7469d30: fd (fd:0, idx:1), active : 1
0:00:00.020038034  2757 0x55fe31678360 DEBUG   GST_REGISTRY gstregistrychunks.c:740:gst_registry_chunks_load_feature: Added feature rusage, plugin 0x55fe3169e000 coretracers
0:00:00.015115874  2758 0x55ede7445360 LOG   GST_POLL gstpoll.c:994:gst_poll_fd_ctl_write: 0x55ede7469d30: pfd->events now 60 (POLLOUT:4)
0:00:00.020058337  2757 0x55fe31678360 DEBUG   GST_REGISTRY gstregistrychunks.c:582:gst_registry_chunks_load_feature: Plugin 'coretracers' feature 'log' typename : 'GstTracerFactory'
0:00:00.015141781  2758 0x55ede7445360 DEBUG   GST_POLL gstpoll.c:979:gst_poll_fd_ctl_write: 0x55ede7469d30: fd (fd:0, idx:1), active : 1
0:00:00.020071012  2757 0x55fe31678360 TRACE   GST_REFCOUNTING gstobject.c:208:gst_object_init: 0x55fe3169e850 new
0:00:00.015152539  2758 0x55ede7445360 LOG   GST_POLL gstpoll.c:994:gst_poll_fd_ctl_write: 0x55ede7469d30: pfd->events now 60 (POLLOUT:4)
0:00:00.020080292  2757 0x55fe31678360 DEBUG   GST_REGISTRY gstregistrychunks.c:716:gst_registry_chunks_load_feature: Reading/casting for GstRegistryChunkPluginFeature at address 0x55fe316990a8
0:00:00.015161945  2758 0x55ede7445360 DEBUG   GST_POLL gstpoll.c:979:gst_poll_fd_ctl_write: 0x55ede7469d30: fd (fd:0, idx:1), active : 1
0:00:00.020092747  2757 0x55fe31678360 DEBUG   GST_REGISTRY gstregistry.c:589:gst_registry_add_feature: adding feature 0x55fe3169e850 (log)
0:00:00.015171103  2758 0x55ede7445360 LOG   GST_POLL gstpoll.c:994:gst_poll_fd_ctl_write: 0x55ede7469d30: pfd->events now 60 (POLLOUT:4)
0:00:00.020100820  2757 0x55fe31678360 DEBUG   GST_REFCOUNTING gstobject.c:708:gst_object_set_parent: set parent (ref and sink)
0:00:00.015178330  2758 0x55ede7445360 DEBUG   GST_POLL gstpoll.c:979:gst_poll_fd_ctl_write: 0x55ede7469d30: fd (fd:0, idx:1), active : 1
0:00:00.020108940  2757 0x55fe31678360 TRACE   GST_REFCOUNTING gstobject.c:292:gst_object_ref_sink: 0x55fe3169e850 ref_sink 1->2
0:00:00.015184849  2758 0x55ede7445360 LOG   GST_POLL gstpoll.c:994:gst_poll_fd_ctl_write: 0x55ede7469d30: pfd->events now 60 (POLLOUT:4)
0:00:00.020116562  2757 0x55fe31678360 LOG   GST_REGISTRY gstregistry.c:607:gst_registry_add_feature: emitting feature-added for log
0:00:00.015192978  2758 0x55ede7445360 DEBUG   GST_POLL gstpoll.c:979:gst_poll_fd_ctl_write: 0x55ede7469d30: fd (fd:0, idx:1), active : 1
0:00:00.020126223  2757 0x55fe31678360 DEBUG   GST_REGISTRY gstregistrychunks.c:740:gst_registry_chunks_load_feature: Added feature log, plugin 0x55fe3169e000 coretracers
0:00:00.015202377  2758 0x55ede7445360 LOG   GST_POLL gstpoll.c:994:gst_poll_fd_ctl_write: 0x55ede7469d30: pfd->events now 60 (POLLOUT:4)
0:00:00.020134456  2757 0x55fe31678360 DEBUG   GST_REGISTRY gstregistrychunks.c:582:gst_registry_chunks_load_feature: Plugin 'coretracers' feature 'latency' typename : 'GstTracerFactory'
0:00:00.015211049  2758 0x55ede7445360 DEBUG   GST_POLL gstpoll.c:979:gst_poll_fd_ctl_write: 0x55ede7469d30: fd (fd:0, idx:1), active : 1
0:00:00.015217893  2758 0x55ede7445360 LOG   GST_POLL gstpoll.c:994:gst_poll_fd_ctl_write: 0x55ede7469d30: pfd->events now 60 (POLLOUT:4)
0:00:00.020143638  2757 0x55fe31678360 TRACE   GST_REFCOUNTING gstobject.c:208:gst_object_init: 0x55fe3169e9b0 new
0:00:00.015224154  2758 0x55ede7445360 DEBUG   GST_POLL gstpoll.c:979:gst_poll_fd_ctl_write: 0x55ede7469d30: fd (fd:0, idx:1), active : 1
0:00:00.020153193  2757 0x55fe31678360 DEBUG   GST_REGISTRY gstregistrychunks.c:716:gst_registry_chunks_load_feature: Reading/casting for GstRegistryChunkPluginFeature at address 0x55fe316990d0
0:00:00.015237834  2758 0x55ede7445360 LOG   GST_POLL gstpoll.c:994:gst_poll_fd_ctl_write: 0x55ede7469d30: pfd->events now 60 (POLLOUT:4)
0:00:00.020168480  2757 0x55fe31678360 DEBUG   GST_REGISTRY gstregistry.c:589:gst_registry_add_feature: adding feature 0x55fe3169e9b0 (latency)
0:00:00.015245278  2758 0x55ede7445360 DEBUG   GST_POLL gstpoll.c:979:gst_poll_fd_ctl_write: 0x55ede7469d30: fd (fd:0, idx:1), active : 1
0:00:00.020176489  2757 0x55fe31678360 DEBUG   GST_REFCOUNTING gstobject.c:708:gst_object_set_parent: set parent (ref and sink)
0:00:00.015253045  2758 0x55ede7445360 LOG   GST_POLL gstpoll.c:994:gst_poll_fd_ctl_write: 0x55ede7469d30: pfd->events now 60 (POLLOUT:4)
0:00:00.020184792  2757 0x55fe31678360 TRACE   GST_REFCOUNTING gstobject.c:292:gst_object_ref_sink: 0x55fe3169e9b0 ref_sink 1->2
0:00:00.015260837  2758 0x55ede7445360 DEBUG   GST_POLL gstpoll.c:979:gst_poll_fd_ctl_write: 0x55ede7469d30: fd (fd:0, idx:1), active : 1
0:00:00.020192229  2757 0x55fe31678360 LOG   GST_REGISTRY gstregistry.c:607:gst_registry_add_feature: emitting feature-added for latency
0:00:00.015270052  2758 0x55ede7445360 LOG   GST_POLL gstpoll.c:994:gst_poll_fd_ctl_write: 0x55ede7469d30: pfd->events now 60 (POLLOUT:4)
0:00:00.020201858  2757 0x55fe31678360 DEBUG   GST_REGISTRY gstregistrychunks.c:740:gst_registry_chunks_load_feature: Added feature latency, plugin 0x55fe3169e000 coretracers
0:00:00.015277504  2758 0x55ede7445360 DEBUG   GST_POLL gstpoll.c:979:gst_poll_fd_ctl_write: 0x55ede7469d30: fd (fd:0, idx:1), active : 1
0:00:00.020211289  2757 0x55fe31678360 LOG   GST_PLUGIN_LOADING gstpluginloader.c:886:handle_rx_packet: marking plugin 0x55fe3169e000 as registered as /home/conan/w/prod/BuildSingleReference/.conan/data/gstreamer/1.19.1/_/_/package/272fbcd9d24b96d15fa29c90965666ae8e9f2d35/lib/gstreamer-1.0/libgstcoretracers.so
0:00:00.020223312  2757 0x55fe31678360 DEBUG   GST_POLL gstpoll.c:1414:gst_poll_wait: 0x55fe3169d920: timeout :0:00:01.000000000
0:00:00.015301318  2758 0x55ede7445360 LOG   GST_POLL gstpoll.c:994:gst_poll_fd_ctl_write: 0x55ede7469d30: pfd->events now 60 (POLLOUT:4)
0:00:00.015316629  2758 0x55ede7445360 TRACE   GST_REFCOUNTING gstobject.c:264:gst_object_unref: 0x55ede746b3d0 unref 2->1
0:00:00.015327473  2758 0x55ede7445360 DEBUG   GST_POLL gstpoll.c:1241:gst_poll_fd_has_error: 0x55ede7469d30: fd (fd:0, idx:1) 0
0:00:00.015336120  2758 0x55ede7445360 DEBUG   GST_POLL gstpoll.c:1335:gst_poll_fd_can_write: 0x55ede7469d30: fd (fd:0, idx:1) 1
0:00:00.015343739  2758 0x55ede7445360 LOG   GST_PLUGIN_LOADING gstpluginloader.c:689:write_one: Writing packet of size 6872 bytes to fd 0
0:00:00.015370191  2758 0x55ede7445360 DEBUG   GST_POLL gstpoll.c:1414:gst_poll_wait: 0x55ede7469d30: timeout :0:00:01.000000000
0:00:00.020308986  2757 0x55fe31678360 LOG   GST_PLUGIN_LOADING gstpluginloader.c:1026:exchange_packets: Poll res = 1. 0 bytes pending for write
0:00:00.015382906  2758 0x55ede7445360 LOG   GST_PLUGIN_LOADING gstpluginloader.c:1026:exchange_packets: Poll res = 2. 488 bytes pending for write
0:00:00.020319601  2757 0x55fe31678360 DEBUG   GST_POLL gstpoll.c:1241:gst_poll_fd_has_error: 0x55fe3169d920: fd (fd:8, idx:2) 0
0:00:00.015402582  2758 0x55ede7445360 DEBUG   GST_POLL gstpoll.c:1241:gst_poll_fd_has_error: 0x55ede7469d30: fd (fd:5, idx:2) 0
0:00:00.020331709  2757 0x55fe31678360 DEBUG   GST_POLL gstpoll.c:1266:gst_poll_fd_can_read_unlocked: 0x55fe3169d920: fd (fd:8, idx:2) 1
0:00:00.015415132  2758 0x55ede7445360 DEBUG   GST_POLL gstpoll.c:1266:gst_poll_fd_can_read_unlocked: 0x55ede7469d30: fd (fd:5, idx:2) 1
0:00:00.020344851  2757 0x55fe31678360 LOG   GST_PLUGIN_LOADING gstpluginloader.c:984:read_one: Expanding rx buf from 512 to 7384
0:00:00.015429377  2758 0x55ede7445360 DEBUG   GST_PLUGIN_LOADING gstpluginloader.c:721:do_plugin_load: Plugin scanner loading file /home/conan/w/prod/BuildSingleReference/.conan/data/gstreamer/1.19.1/_/_/package/272fbcd9d24b96d15fa29c90965666ae8e9f2d35/lib/gstreamer-1.0/libgstcoreelements.so. tag 3
0:00:00.015441783  2758 0x55ede7445360 TRACE   GST_REFCOUNTING gstobject.c:237:gst_object_ref: 0x55ede746e900 ref 1->2
0:00:00.020374969  2757 0x55fe31678360 DEBUG   GST_PLUGIN_LOADING gstpluginloader.c:847:handle_rx_packet: Received plugin details from child w/ tag 1. 6860 bytes info
0:00:00.015455996  2758 0x55ede7445360 TRACE   GST_REFCOUNTING gstobject.c:237:gst_object_ref: 0x55ede748c770 ref 1->2
0:00:00.020385219  2757 0x55fe31678360 LOG   GST_REGISTRY gstregistrychunks.c:836:_priv_gst_registry_chunks_load_plugin: Reading/casting for GstRegistryChunkPluginElement at address 0x55fe3169ea80
0:00:00.015466765  2758 0x55ede7445360 TRACE   GST_REFCOUNTING gstobject.c:237:gst_object_ref: 0x55ede748b570 ref 1->2
0:00:00.020399641  2757 0x55fe31678360 TRACE   GST_REFCOUNTING gstobject.c:208:gst_object_init: 0x55fe316a7cf0 new
0:00:00.015477015  2758 0x55ede7445360 TRACE   GST_REFCOUNTING gstobject.c:237:gst_object_ref: 0x55ede7489a90 ref 1->2
0:00:00.020416790  2757 0x55fe31678360 LOG   GST_REGISTRY gstregistrychunks.c:858:_priv_gst_registry_chunks_load_plugin: read strings for name='coreelements'
0:00:00.020426384  2757 0x55fe31678360 LOG   GST_REGISTRY gstregistrychunks.c:859:_priv_gst_registry_chunks_load_plugin: desc.description='GStreamer core elements'
0:00:00.015502094  2758 0x55ede7445360 TRACE   GST_REFCOUNTING gstobject.c:237:gst_object_ref: 0x55ede7488aa0 ref 1->2
0:00:00.020432127  2757 0x55fe31678360 LOG   GST_REGISTRY gstregistrychunks.c:860:_priv_gst_registry_chunks_load_plugin: filename='/home/conan/w/prod/BuildSingleReference/.conan/data/gstreamer/1.19.1/_/_/package/272fbcd9d24b96d15fa29c90965666ae8e9f2d35/lib/gstreamer-1.0/libgstcoreelements.so'
0:00:00.015513214  2758 0x55ede7445360 TRACE   GST_REFCOUNTING gstobject.c:237:gst_object_ref: 0x55ede74876c0 ref 1->2
0:00:00.020440907  2757 0x55fe31678360 LOG   GST_REGISTRY gstregistrychunks.c:861:_priv_gst_registry_chunks_load_plugin: desc.version='1.19.1'
0:00:00.020449866  2757 0x55fe31678360 LOG   GST_REGISTRY gstregistrychunks.c:862:_priv_gst_registry_chunks_load_plugin: desc.license='LGPL'
0:00:00.015523793  2758 0x55ede7445360 TRACE   GST_REFCOUNTING gstobject.c:237:gst_object_ref: 0x55ede7486240 ref 1->2
0:00:00.020462763  2757 0x55fe31678360 LOG   GST_REGISTRY gstregistrychunks.c:863:_priv_gst_registry_chunks_load_plugin: desc.source='gstreamer'
0:00:00.015541667  2758 0x55ede7445360 TRACE   GST_REFCOUNTING gstobject.c:237:gst_object_ref: 0x55ede74849a0 ref 1->2
0:00:00.020471689  2757 0x55fe31678360 LOG   GST_REGISTRY gstregistrychunks.c:864:_priv_gst_registry_chunks_load_plugin: desc.package='GStreamer source release'
0:00:00.020483453  2757 0x55fe31678360 LOG   GST_REGISTRY gstregistrychunks.c:865:_priv_gst_registry_chunks_load_plugin: desc.origin='Unknown package origin'
0:00:00.020491267  2757 0x55fe31678360 LOG   GST_REGISTRY gstregistrychunks.c:866:_priv_gst_registry_chunks_load_plugin: desc.datetime=2021-06-01
0:00:00.020502215  2757 0x55fe31678360 DEBUG   GST_REGISTRY gstregistry.c:473:gst_registry_add_plugin: adding plugin 0x55fe316a7cf0 for filename "/home/conan/w/prod/BuildSingleReference/.conan/data/gstreamer/1.19.1/_/_/package/272fbcd9d24b96d15fa29c90965666ae8e9f2d35/lib/gstreamer-1.0/libgstcoreelements.so"
0:00:00.020513002  2757 0x55fe31678360 TRACE   GST_REFCOUNTING gstobject.c:292:gst_object_ref_sink: 0x55fe316a7cf0 ref_sink 1->2
0:00:00.015588514  2758 0x55ede7445360 TRACE   GST_REFCOUNTING gstobject.c:237:gst_object_ref: 0x55ede74826c0 ref 1->2
0:00:00.020526878  2757 0x55fe31678360 LOG   GST_REGISTRY gstregistry.c:486:gst_registry_add_plugin: emitting plugin-added for filename "/home/conan/w/prod/BuildSingleReference/.conan/data/gstreamer/1.19.1/_/_/package/272fbcd9d24b96d15fa29c90965666ae8e9f2d35/lib/gstreamer-1.0/libgstcoreelements.so"
0:00:00.015603193  2758 0x55ede7445360 TRACE   GST_REFCOUNTING gstobject.c:237:gst_object_ref: 0x55ede7481500 ref 1->2
0:00:00.020538041  2757 0x55fe31678360 DEBUG   GST_REGISTRY gstregistrychunks.c:886:_priv_gst_registry_chunks_load_plugin: Added plugin 'coreelements' plugin with 22 features from binary registry
0:00:00.015615050  2758 0x55ede7445360 TRACE   GST_REFCOUNTING gstobject.c:237:gst_object_ref: 0x55ede74802e0 ref 1->2
0:00:00.015630336  2758 0x55ede7445360 TRACE   GST_REFCOUNTING gstobject.c:237:gst_object_ref: 0x55ede747ed80 ref 1->2
0:00:00.020557433  2757 0x55fe31678360 DEBUG   GST_REGISTRY gstregistrychunks.c:582:gst_registry_chunks_load_feature: Plugin 'coreelements' feature 'streamiddemux' typename : 'GstElementFactory'
0:00:00.015641382  2758 0x55ede7445360 TRACE   GST_REFCOUNTING gstobject.c:237:gst_object_ref: 0x55ede747e010 ref 1->2
0:00:00.020577891  2757 0x55fe31678360 TRACE   GST_REFCOUNTING gstobject.c:208:gst_object_init: 0x55fe316a7320 new
0:00:00.020620505  2757 0x55fe31678360 LOG   GST_REGISTRY gstregistrychunks.c:609:gst_registry_chunks_load_feature: Reading/casting for GstRegistryChunkElementFactory at address 0x55fe3169ebd8
0:00:00.020632091  2757 0x55fe31678360 TRACE   structure gststructure.c:292:gst_structure_new_id_empty_with_size: created structure 0x55fe3169e450
0:00:00.015715489  2758 0x55ede7445360 TRACE   GST_REFCOUNTING gstobject.c:237:gst_object_ref: 0x55ede747d230 ref 1->2
0:00:00.020645460  2757 0x55fe31678360 DEBUG   structure gststructure.c:2258:gst_structure_parse_field: trying field name 'long-name'
0:00:00.015739145  2758 0x55ede7445360 TRACE   GST_REFCOUNTING gstobject.c:237:gst_object_ref: 0x55ede747c3b0 ref 1->2
0:00:00.020674976  2757 0x55fe31678360 DEBUG   default gstvalue.c:2776:_priv_gst_value_parse_value: trying type name 'string'
0:00:00.015753005  2758 0x55ede7445360 TRACE   GST_REFCOUNTING gstobject.c:237:gst_object_ref: 0x55ede7479f00 ref 1->2
0:00:00.015763941  2758 0x55ede7445360 TRACE   GST_REFCOUNTING gstobject.c:237:gst_object_ref: 0x55ede7477900 ref 1->2
0:00:00.020690069  2757 0x55fe31678360 DEBUG   structure gststructure.c:2258:gst_structure_parse_field: trying field name 'klass'
0:00:00.015774381  2758 0x55ede7445360 TRACE   GST_REFCOUNTING gstobject.c:237:gst_object_ref: 0x55ede7475c90 ref 1->2
0:00:00.020703315  2757 0x55fe31678360 DEBUG   default gstvalue.c:2776:_priv_gst_value_parse_value: trying type name 'string'
0:00:00.015786171  2758 0x55ede7445360 TRACE   GST_REFCOUNTING gstobject.c:237:gst_object_ref: 0x55ede7474ac0 ref 1->2
