0:00:00.022409550  2757 0x55fe31678360 DEBUG   structure gststructure.c:2258:gst_structure_parse_field: trying field name 'description'
0:00:00.017477874  2758 0x55ede7445360 LOG   GST_POLL gstpoll.c:994:gst_poll_fd_ctl_write: 0x55ede7469d30: pfd->events now 60 (POLLOUT:4)
0:00:00.022415366  2757 0x55fe31678360 DEBUG   default gstvalue.c:2776:_priv_gst_value_parse_value: trying type name 'string'
0:00:00.017494399  2758 0x55ede7445360 DEBUG   GST_POLL gstpoll.c:979:gst_poll_fd_ctl_write: 0x55ede7469d30: fd (fd:0, idx:1), active : 1
0:00:00.022422904  2757 0x55fe31678360 DEBUG   structure gststructure.c:2258:gst_structure_parse_field: trying field name 'author'
0:00:00.017501574  2758 0x55ede7445360 LOG   GST_POLL gstpoll.c:994:gst_poll_fd_ctl_write: 0x55ede7469d30: pfd->events now 60 (POLLOUT:4)
0:00:00.022431802  2757 0x55fe31678360 DEBUG   default gstvalue.c:2776:_priv_gst_value_parse_value: trying type name 'string'
0:00:00.017508791  2758 0x55ede7445360 DEBUG   GST_POLL gstpoll.c:979:gst_poll_fd_ctl_write: 0x55ede7469d30: fd (fd:0, idx:1), active : 1
0:00:00.022440428  2757 0x55fe31678360 DEBUG   GST_REGISTRY gstregistrychunks.c:626:gst_registry_chunks_load_feature: Element factory : npadtemplates=2
0:00:00.017515243  2758 0x55ede7445360 LOG   GST_POLL gstpoll.c:994:gst_poll_fd_ctl_write: 0x55ede7469d30: pfd->events now 60 (POLLOUT:4)
0:00:00.022446924  2757 0x55fe31678360 DEBUG   GST_REGISTRY gstregistrychunks.c:525:gst_registry_chunks_load_pad_template: Reading/casting for GstRegistryChunkPadTemplate at address 0x55fe3169f5c0
0:00:00.017525503  2758 0x55ede7445360 DEBUG   GST_POLL gstpoll.c:979:gst_poll_fd_ctl_write: 0x55ede7469d30: fd (fd:0, idx:1), active : 1
0:00:00.022457913  2757 0x55fe31678360 DEBUG   GST_REGISTRY gstregistrychunks.c:539:gst_registry_chunks_load_pad_template: Added pad_template src_%u
0:00:00.017534529  2758 0x55ede7445360 LOG   GST_POLL gstpoll.c:994:gst_poll_fd_ctl_write: 0x55ede7469d30: pfd->events now 60 (POLLOUT:4)
0:00:00.022466849  2757 0x55fe31678360 DEBUG   GST_REGISTRY gstregistrychunks.c:525:gst_registry_chunks_load_pad_template: Reading/casting for GstRegistryChunkPadTemplate at address 0x55fe3169f5d8
0:00:00.017543300  2758 0x55ede7445360 DEBUG   GST_POLL gstpoll.c:979:gst_poll_fd_ctl_write: 0x55ede7469d30: fd (fd:0, idx:1), active : 1
0:00:00.022474061  2757 0x55fe31678360 DEBUG   GST_REGISTRY gstregistrychunks.c:539:gst_registry_chunks_load_pad_template: Added pad_template sink
0:00:00.017550438  2758 0x55ede7445360 LOG   GST_POLL gstpoll.c:994:gst_poll_fd_ctl_write: 0x55ede7469d30: pfd->events now 60 (POLLOUT:4)
0:00:00.022482805  2757 0x55fe31678360 DEBUG   GST_REGISTRY gstregistry.c:589:gst_registry_add_feature: adding feature 0x55fe316a2ed0 (output-selector)
0:00:00.017559823  2758 0x55ede7445360 DEBUG   GST_POLL gstpoll.c:979:gst_poll_fd_ctl_write: 0x55ede7469d30: fd (fd:0, idx:1), active : 1
0:00:00.017567082  2758 0x55ede7445360 LOG   GST_POLL gstpoll.c:994:gst_poll_fd_ctl_write: 0x55ede7469d30: pfd->events now 60 (POLLOUT:4)
0:00:00.022492087  2757 0x55fe31678360 DEBUG   GST_REFCOUNTING gstobject.c:708:gst_object_set_parent: set parent (ref and sink)
0:00:00.017573706  2758 0x55ede7445360 DEBUG   GST_POLL gstpoll.c:979:gst_poll_fd_ctl_write: 0x55ede7469d30: fd (fd:0, idx:1), active : 1
0:00:00.022503517  2757 0x55fe31678360 TRACE   GST_REFCOUNTING gstobject.c:292:gst_object_ref_sink: 0x55fe316a2ed0 ref_sink 1->2
0:00:00.017580082  2758 0x55ede7445360 LOG   GST_POLL gstpoll.c:994:gst_poll_fd_ctl_write: 0x55ede7469d30: pfd->events now 60 (POLLOUT:4)
0:00:00.022511540  2757 0x55fe31678360 LOG   GST_REGISTRY gstregistry.c:607:gst_registry_add_feature: emitting feature-added for output-selector
0:00:00.017589422  2758 0x55ede7445360 DEBUG   GST_POLL gstpoll.c:979:gst_poll_fd_ctl_write: 0x55ede7469d30: fd (fd:0, idx:1), active : 1
0:00:00.022519179  2757 0x55fe31678360 DEBUG   GST_REGISTRY gstregistrychunks.c:740:gst_registry_chunks_load_feature: Added feature output-selector, plugin 0x55fe316a7cf0 coreelements
0:00:00.017596235  2758 0x55ede7445360 LOG   GST_POLL gstpoll.c:994:gst_poll_fd_ctl_write: 0x55ede7469d30: pfd->events now 60 (POLLOUT:4)
0:00:00.022526448  2757 0x55fe31678360 DEBUG   GST_REGISTRY gstregistrychunks.c:582:gst_registry_chunks_load_feature: Plugin 'coreelements' feature 'input-selector' typename : 'GstElementFactory'
0:00:00.017603195  2758 0x55ede7445360 DEBUG   GST_POLL gstpoll.c:979:gst_poll_fd_ctl_write: 0x55ede7469d30: fd (fd:0, idx:1), active : 1
0:00:00.017611173  2758 0x55ede7445360 LOG   GST_POLL gstpoll.c:994:gst_poll_fd_ctl_write: 0x55ede7469d30: pfd->events now 60 (POLLOUT:4)
0:00:00.022537944  2757 0x55fe31678360 TRACE   GST_REFCOUNTING gstobject.c:208:gst_object_init: 0x55fe316a3890 new
0:00:00.017620522  2758 0x55ede7445360 DEBUG   GST_POLL gstpoll.c:979:gst_poll_fd_ctl_write: 0x55ede7469d30: fd (fd:0, idx:1), active : 1
0:00:00.017637083  2758 0x55ede7445360 LOG   GST_POLL gstpoll.c:994:gst_poll_fd_ctl_write: 0x55ede7469d30: pfd->events now 60 (POLLOUT:4)
0:00:00.022562406  2757 0x55fe31678360 LOG   GST_REGISTRY gstregistrychunks.c:609:gst_registry_chunks_load_feature: Reading/casting for GstRegistryChunkElementFactory at address 0x55fe3169f610
0:00:00.017643897  2758 0x55ede7445360 DEBUG   GST_POLL gstpoll.c:979:gst_poll_fd_ctl_write: 0x55ede7469d30: fd (fd:0, idx:1), active : 1
0:00:00.022573618  2757 0x55fe31678360 TRACE   structure gststructure.c:292:gst_structure_new_id_empty_with_size: created structure 0x55fe316a3ac0
0:00:00.017650533  2758 0x55ede7445360 LOG   GST_POLL gstpoll.c:994:gst_poll_fd_ctl_write: 0x55ede7469d30: pfd->events now 60 (POLLOUT:4)
0:00:00.022582023  2757 0x55fe31678360 DEBUG   structure gststructure.c:2258:gst_structure_parse_field: trying field name 'long-name'
0:00:00.017660008  2758 0x55ede7445360 DEBUG   GST_POLL gstpoll.c:979:gst_poll_fd_ctl_write: 0x55ede7469d30: fd (fd:0, idx:1), active : 1
0:00:00.022589370  2757 0x55fe31678360 DEBUG   default gstvalue.c:2776:_priv_gst_value_parse_value: trying type name 'string'
0:00:00.017666902  2758 0x55ede7445360 LOG   GST_POLL gstpoll.c:994:gst_poll_fd_ctl_write: 0x55ede7469d30: pfd->events now 60 (POLLOUT:4)
0:00:00.022597446  2757 0x55fe31678360 DEBUG   structure gststructure.c:2258:gst_structure_parse_field: trying field name 'klass'
0:00:00.017673962  2758 0x55ede7445360 DEBUG   GST_POLL gstpoll.c:979:gst_poll_fd_ctl_write: 0x55ede7469d30: fd (fd:0, idx:1), active : 1
0:00:00.022603971  2757 0x55fe31678360 DEBUG   default gstvalue.c:2776:_priv_gst_value_parse_value: trying type name 'string'
0:00:00.017681001  2758 0x55ede7445360 LOG   GST_POLL gstpoll.c:994:gst_poll_fd_ctl_write: 0x55ede7469d30: pfd->events now 60 (POLLOUT:4)
0:00:00.022613330  2757 0x55fe31678360 DEBUG   structure gststructure.c:2258:gst_structure_parse_field: trying field name 'description'
0:00:00.017690308  2758 0x55ede7445360 DEBUG   GST_POLL gstpoll.c:979:gst_poll_fd_ctl_write: 0x55ede7469d30: fd (fd:0, idx:1), active : 1
0:00:00.022620766  2757 0x55fe31678360 DEBUG   default gstvalue.c:2776:_priv_gst_value_parse_value: trying type name 'string'
0:00:00.017697805  2758 0x55ede7445360 LOG   GST_POLL gstpoll.c:994:gst_poll_fd_ctl_write: 0x55ede7469d30: pfd->events now 60 (POLLOUT:4)
0:00:00.022628673  2757 0x55fe31678360 DEBUG   structure gststructure.c:2258:gst_structure_parse_field: trying field name 'author'
0:00:00.017704857  2758 0x55ede7445360 DEBUG   GST_POLL gstpoll.c:979:gst_poll_fd_ctl_write: 0x55ede7469d30: fd (fd:0, idx:1), active : 1
0:00:00.022635086  2757 0x55fe31678360 DEBUG   default gstvalue.c:2776:_priv_gst_value_parse_value: trying type name 'string'
0:00:00.017711994  2758 0x55ede7445360 LOG   GST_POLL gstpoll.c:994:gst_poll_fd_ctl_write: 0x55ede7469d30: pfd->events now 60 (POLLOUT:4)
0:00:00.022647043  2757 0x55fe31678360 DEBUG   GST_REGISTRY gstregistrychunks.c:626:gst_registry_chunks_load_feature: Element factory : npadtemplates=2
0:00:00.022654716  2757 0x55fe31678360 DEBUG   GST_REGISTRY gstregistrychunks.c:525:gst_registry_chunks_load_pad_template: Reading/casting for GstRegistryChunkPadTemplate at address 0x55fe3169f740
0:00:00.017728639  2758 0x55ede7445360 LOG   GST_PLUGIN_LOADING gstpluginloader.c:644:put_chunk: Expanding tx buf from 10158 to 13209 for chunk of size 209
0:00:00.022660839  2757 0x55fe31678360 DEBUG   GST_REGISTRY gstregistrychunks.c:539:gst_registry_chunks_load_pad_template: Added pad_template src
0:00:00.017738146  2758 0x55ede7445360 DEBUG   GST_POLL gstpoll.c:979:gst_poll_fd_ctl_write: 0x55ede7469d30: fd (fd:0, idx:1), active : 1
0:00:00.022667102  2757 0x55fe31678360 DEBUG   GST_REGISTRY gstregistrychunks.c:525:gst_registry_chunks_load_pad_template: Reading/casting for GstRegistryChunkPadTemplate at address 0x55fe3169f750
0:00:00.017744674  2758 0x55ede7445360 LOG   GST_POLL gstpoll.c:994:gst_poll_fd_ctl_write: 0x55ede7469d30: pfd->events now 60 (POLLOUT:4)
0:00:00.022675610  2757 0x55fe31678360 DEBUG   GST_REGISTRY gstregistrychunks.c:539:gst_registry_chunks_load_pad_template: Added pad_template sink_%u
0:00:00.017751635  2758 0x55ede7445360 DEBUG   GST_POLL gstpoll.c:979:gst_poll_fd_ctl_write: 0x55ede7469d30: fd (fd:0, idx:1), active : 1
0:00:00.017761291  2758 0x55ede7445360 LOG   GST_POLL gstpoll.c:994:gst_poll_fd_ctl_write: 0x55ede7469d30: pfd->events now 60 (POLLOUT:4)
0:00:00.022689178  2757 0x55fe31678360 DEBUG   GST_REGISTRY gstregistry.c:589:gst_registry_add_feature: adding feature 0x55fe316a3890 (input-selector)
0:00:00.017768171  2758 0x55ede7445360 DEBUG   GST_POLL gstpoll.c:979:gst_poll_fd_ctl_write: 0x55ede7469d30: fd (fd:0, idx:1), active : 1
0:00:00.022696205  2757 0x55fe31678360 DEBUG   GST_REFCOUNTING gstobject.c:708:gst_object_set_parent: set parent (ref and sink)
0:00:00.017774908  2758 0x55ede7445360 LOG   GST_POLL gstpoll.c:994:gst_poll_fd_ctl_write: 0x55ede7469d30: pfd->events now 60 (POLLOUT:4)
0:00:00.022704758  2757 0x55fe31678360 TRACE   GST_REFCOUNTING gstobject.c:292:gst_object_ref_sink: 0x55fe316a3890 ref_sink 1->2
0:00:00.017781762  2758 0x55ede7445360 DEBUG   GST_POLL gstpoll.c:979:gst_poll_fd_ctl_write: 0x55ede7469d30: fd (fd:0, idx:1), active : 1
0:00:00.022714853  2757 0x55fe31678360 LOG   GST_REGISTRY gstregistry.c:607:gst_registry_add_feature: emitting feature-added for input-selector
0:00:00.017791662  2758 0x55ede7445360 LOG   GST_POLL gstpoll.c:994:gst_poll_fd_ctl_write: 0x55ede7469d30: pfd->events now 60 (POLLOUT:4)
0:00:00.022722857  2757 0x55fe31678360 DEBUG   GST_REGISTRY gstregistrychunks.c:740:gst_registry_chunks_load_feature: Added feature input-selector, plugin 0x55fe316a7cf0 coreelements
0:00:00.017798960  2758 0x55ede7445360 DEBUG   GST_POLL gstpoll.c:979:gst_poll_fd_ctl_write: 0x55ede7469d30: fd (fd:0, idx:1), active : 1
0:00:00.022730213  2757 0x55fe31678360 DEBUG   GST_REGISTRY gstregistrychunks.c:582:gst_registry_chunks_load_feature: Plugin 'coreelements' feature 'identity' typename : 'GstElementFactory'
0:00:00.017806192  2758 0x55ede7445360 LOG   GST_POLL gstpoll.c:994:gst_poll_fd_ctl_write: 0x55ede7469d30: pfd->events now 60 (POLLOUT:4)
0:00:00.017818188  2758 0x55ede7445360 DEBUG   GST_POLL gstpoll.c:979:gst_poll_fd_ctl_write: 0x55ede7469d30: fd (fd:0, idx:1), active : 1
0:00:00.022743601  2757 0x55fe31678360 TRACE   GST_REFCOUNTING gstobject.c:208:gst_object_init: 0x55fe316a3f70 new
0:00:00.017827112  2758 0x55ede7445360 LOG   GST_POLL gstpoll.c:994:gst_poll_fd_ctl_write: 0x55ede7469d30: pfd->events now 60 (POLLOUT:4)
0:00:00.022757405  2757 0x55fe31678360 LOG   GST_REGISTRY gstregistrychunks.c:609:gst_registry_chunks_load_feature: Reading/casting for GstRegistryChunkElementFactory at address 0x55fe3169f780
0:00:00.017834390  2758 0x55ede7445360 DEBUG   GST_POLL gstpoll.c:979:gst_poll_fd_ctl_write: 0x55ede7469d30: fd (fd:0, idx:1), active : 1
0:00:00.022765298  2757 0x55fe31678360 TRACE   structure gststructure.c:292:gst_structure_new_id_empty_with_size: created structure 0x55fe316a41a0
0:00:00.017841092  2758 0x55ede7445360 LOG   GST_POLL gstpoll.c:994:gst_poll_fd_ctl_write: 0x55ede7469d30: pfd->events now 60 (POLLOUT:4)
0:00:00.022772094  2757 0x55fe31678360 DEBUG   structure gststructure.c:2258:gst_structure_parse_field: trying field name 'long-name'
0:00:00.017849130  2758 0x55ede7445360 DEBUG   GST_POLL gstpoll.c:979:gst_poll_fd_ctl_write: 0x55ede7469d30: fd (fd:0, idx:1), active : 1
0:00:00.022778274  2757 0x55fe31678360 DEBUG   default gstvalue.c:2776:_priv_gst_value_parse_value: trying type name 'string'
0:00:00.017858315  2758 0x55ede7445360 LOG   GST_POLL gstpoll.c:994:gst_poll_fd_ctl_write: 0x55ede7469d30: pfd->events now 60 (POLLOUT:4)
0:00:00.022788108  2757 0x55fe31678360 DEBUG   structure gststructure.c:2258:gst_structure_parse_field: trying field name 'klass'
0:00:00.017865520  2758 0x55ede7445360 DEBUG   GST_POLL gstpoll.c:979:gst_poll_fd_ctl_write: 0x55ede7469d30: fd (fd:0, idx:1), active : 1
0:00:00.022794836  2757 0x55fe31678360 DEBUG   default gstvalue.c:2776:_priv_gst_value_parse_value: trying type name 'string'
0:00:00.017872113  2758 0x55ede7445360 LOG   GST_POLL gstpoll.c:994:gst_poll_fd_ctl_write: 0x55ede7469d30: pfd->events now 60 (POLLOUT:4)
0:00:00.022801974  2757 0x55fe31678360 DEBUG   structure gststructure.c:2258:gst_structure_parse_field: trying field name 'description'
0:00:00.017878862  2758 0x55ede7445360 DEBUG   GST_POLL gstpoll.c:979:gst_poll_fd_ctl_write: 0x55ede7469d30: fd (fd:0, idx:1), active : 1
0:00:00.022808222  2757 0x55fe31678360 DEBUG   default gstvalue.c:2776:_priv_gst_value_parse_value: trying type name 'string'
0:00:00.017888165  2758 0x55ede7445360 LOG   GST_POLL gstpoll.c:994:gst_poll_fd_ctl_write: 0x55ede7469d30: pfd->events now 60 (POLLOUT:4)
0:00:00.022818817  2757 0x55fe31678360 DEBUG   structure gststructure.c:2258:gst_structure_parse_field: trying field name 'author'
0:00:00.017895338  2758 0x55ede7445360 DEBUG   GST_POLL gstpoll.c:979:gst_poll_fd_ctl_write: 0x55ede7469d30: fd (fd:0, idx:1), active : 1
0:00:00.022825624  2757 0x55fe31678360 DEBUG   default gstvalue.c:2776:_priv_gst_value_parse_value: trying type name 'string'
0:00:00.017902438  2758 0x55ede7445360 LOG   GST_POLL gstpoll.c:994:gst_poll_fd_ctl_write: 0x55ede7469d30: pfd->events now 60 (POLLOUT:4)
0:00:00.022837835  2757 0x55fe31678360 DEBUG   GST_REGISTRY gstregistrychunks.c:626:gst_registry_chunks_load_feature: Element factory : npadtemplates=2
0:00:00.017913575  2758 0x55ede7445360 DEBUG   GST_POLL gstpoll.c:979:gst_poll_fd_ctl_write: 0x55ede7469d30: fd (fd:0, idx:1), active : 1
0:00:00.022844474  2757 0x55fe31678360 DEBUG   GST_REGISTRY gstregistrychunks.c:525:gst_registry_chunks_load_pad_template: Reading/casting for GstRegistryChunkPadTemplate at address 0x55fe3169f850
0:00:00.017922921  2758 0x55ede7445360 LOG   GST_POLL gstpoll.c:994:gst_poll_fd_ctl_write: 0x55ede7469d30: pfd->events now 60 (POLLOUT:4)
0:00:00.022853535  2757 0x55fe31678360 DEBUG   GST_REGISTRY gstregistrychunks.c:539:gst_registry_chunks_load_pad_template: Added pad_template sink
0:00:00.017930176  2758 0x55ede7445360 DEBUG   GST_POLL gstpoll.c:979:gst_poll_fd_ctl_write: 0x55ede7469d30: fd (fd:0, idx:1), active : 1
0:00:00.022860193  2757 0x55fe31678360 DEBUG   GST_REGISTRY gstregistrychunks.c:525:gst_registry_chunks_load_pad_template: Reading/casting for GstRegistryChunkPadTemplate at address 0x55fe3169f868
0:00:00.017936754  2758 0x55ede7445360 LOG   GST_POLL gstpoll.c:994:gst_poll_fd_ctl_write: 0x55ede7469d30: pfd->events now 60 (POLLOUT:4)
0:00:00.022866904  2757 0x55fe31678360 DEBUG   GST_REGISTRY gstregistrychunks.c:539:gst_registry_chunks_load_pad_template: Added pad_template src
0:00:00.017943909  2758 0x55ede7445360 DEBUG   GST_POLL gstpoll.c:979:gst_poll_fd_ctl_write: 0x55ede7469d30: fd (fd:0, idx:1), active : 1
0:00:00.022875474  2757 0x55fe31678360 DEBUG   GST_REGISTRY gstregistry.c:589:gst_registry_add_feature: adding feature 0x55fe316a3f70 (identity)
0:00:00.017952852  2758 0x55ede7445360 LOG   GST_POLL gstpoll.c:994:gst_poll_fd_ctl_write: 0x55ede7469d30: pfd->events now 60 (POLLOUT:4)
0:00:00.022884625  2757 0x55fe31678360 DEBUG   GST_REFCOUNTING gstobject.c:708:gst_object_set_parent: set parent (ref and sink)
0:00:00.017960946  2758 0x55ede7445360 DEBUG   GST_POLL gstpoll.c:979:gst_poll_fd_ctl_write: 0x55ede7469d30: fd (fd:0, idx:1), active : 1
0:00:00.022893510  2757 0x55fe31678360 TRACE   GST_REFCOUNTING gstobject.c:292:gst_object_ref_sink: 0x55fe316a3f70 ref_sink 1->2
0:00:00.017968742  2758 0x55ede7445360 LOG   GST_POLL gstpoll.c:994:gst_poll_fd_ctl_write: 0x55ede7469d30: pfd->events now 60 (POLLOUT:4)
0:00:00.022900956  2757 0x55fe31678360 LOG   GST_REGISTRY gstregistry.c:607:gst_registry_add_feature: emitting feature-added for identity
0:00:00.017977613  2758 0x55ede7445360 DEBUG   GST_POLL gstpoll.c:979:gst_poll_fd_ctl_write: 0x55ede7469d30: fd (fd:0, idx:1), active : 1
0:00:00.022908378  2757 0x55fe31678360 DEBUG   GST_REGISTRY gstregistrychunks.c:740:gst_registry_chunks_load_feature: Added feature identity, plugin 0x55fe316a7cf0 coreelements
0:00:00.017986597  2758 0x55ede7445360 LOG   GST_POLL gstpoll.c:994:gst_poll_fd_ctl_write: 0x55ede7469d30: pfd->events now 60 (POLLOUT:4)
0:00:00.022918108  2757 0x55fe31678360 DEBUG   GST_REGISTRY gstregistrychunks.c:582:gst_registry_chunks_load_feature: Plugin 'coreelements' feature 'funnel' typename : 'GstElementFactory'
0:00:00.017998025  2758 0x55ede7445360 DEBUG   GST_POLL gstpoll.c:979:gst_poll_fd_ctl_write: 0x55ede7469d30: fd (fd:0, idx:1), active : 1
0:00:00.022927824  2757 0x55fe31678360 TRACE   GST_REFCOUNTING gstobject.c:208:gst_object_init: 0x55fe316a45e0 new
0:00:00.018004608  2758 0x55ede7445360 LOG   GST_POLL gstpoll.c:994:gst_poll_fd_ctl_write: 0x55ede7469d30: pfd->events now 60 (POLLOUT:4)
0:00:00.022937166  2757 0x55fe31678360 LOG   GST_REGISTRY gstregistrychunks.c:609:gst_registry_chunks_load_feature: Reading/casting for GstRegistryChunkElementFactory at address 0x55fe3169f898
0:00:00.018012092  2758 0x55ede7445360 DEBUG   GST_POLL gstpoll.c:979:gst_poll_fd_ctl_write: 0x55ede7469d30: fd (fd:0, idx:1), active : 1
0:00:00.022944510  2757 0x55fe31678360 TRACE   structure gststructure.c:292:gst_structure_new_id_empty_with_size: created structure 0x55fe316a4810
0:00:00.018022218  2758 0x55ede7445360 LOG   GST_POLL gstpoll.c:994:gst_poll_fd_ctl_write: 0x55ede7469d30: pfd->events now 60 (POLLOUT:4)
0:00:00.022953744  2757 0x55fe31678360 DEBUG   structure gststructure.c:2258:gst_structure_parse_field: trying field name 'long-name'
0:00:00.018030245  2758 0x55ede7445360 DEBUG   GST_POLL gstpoll.c:979:gst_poll_fd_ctl_write: 0x55ede7469d30: fd (fd:0, idx:1), active : 1
0:00:00.022960386  2757 0x55fe31678360 DEBUG   default gstvalue.c:2776:_priv_gst_value_parse_value: trying type name 'string'
0:00:00.018037343  2758 0x55ede7445360 LOG   GST_POLL gstpoll.c:994:gst_poll_fd_ctl_write: 0x55ede7469d30: pfd->events now 60 (POLLOUT:4)
0:00:00.022968178  2757 0x55fe31678360 DEBUG   structure gststructure.c:2258:gst_structure_parse_field: trying field name 'klass'
0:00:00.018044330  2758 0x55ede7445360 DEBUG   GST_POLL gstpoll.c:979:gst_poll_fd_ctl_write: 0x55ede7469d30: fd (fd:0, idx:1), active : 1
0:00:00.022974436  2757 0x55fe31678360 DEBUG   default gstvalue.c:2776:_priv_gst_value_parse_value: trying type name 'string'
0:00:00.018053463  2758 0x55ede7445360 LOG   GST_POLL gstpoll.c:994:gst_poll_fd_ctl_write: 0x55ede7469d30: pfd->events now 60 (POLLOUT:4)
0:00:00.022984628  2757 0x55fe31678360 DEBUG   structure gststructure.c:2258:gst_structure_parse_field: trying field name 'description'
0:00:00.018060829  2758 0x55ede7445360 DEBUG   GST_POLL gstpoll.c:979:gst_poll_fd_ctl_write: 0x55ede7469d30: fd (fd:0, idx:1), active : 1
0:00:00.022991474  2757 0x55fe31678360 DEBUG   default gstvalue.c:2776:_priv_gst_value_parse_value: trying type name 'string'
0:00:00.018068250  2758 0x55ede7445360 LOG   GST_POLL gstpoll.c:994:gst_poll_fd_ctl_write: 0x55ede7469d30: pfd->events now 60 (POLLOUT:4)
0:00:00.022999318  2757 0x55fe31678360 DEBUG   structure gststructure.c:2258:gst_structure_parse_field: trying field name 'author'
0:00:00.018075300  2758 0x55ede7445360 DEBUG   GST_POLL gstpoll.c:979:gst_poll_fd_ctl_write: 0x55ede7469d30: fd (fd:0, idx:1), active : 1
0:00:00.023005328  2757 0x55fe31678360 DEBUG   default gstvalue.c:2776:_priv_gst_value_parse_value: trying type name 'string'
0:00:00.018084394  2758 0x55ede7445360 LOG   GST_POLL gstpoll.c:994:gst_poll_fd_ctl_write: 0x55ede7469d30: pfd->events now 60 (POLLOUT:4)
0:00:00.023022666  2757 0x55fe31678360 DEBUG   GST_REGISTRY gstregistrychunks.c:626:gst_registry_chunks_load_feature: Element factory : npadtemplates=2
0:00:00.018097453  2758 0x55ede7445360 DEBUG   GST_POLL gstpoll.c:979:gst_poll_fd_ctl_write: 0x55ede7469d30: fd (fd:0, idx:1), active : 1
0:00:00.023029459  2757 0x55fe31678360 DEBUG   GST_REGISTRY gstregistrychunks.c:525:gst_registry_chunks_load_pad_template: Reading/casting for GstRegistryChunkPadTemplate at address 0x55fe3169f970
0:00:00.018106106  2758 0x55ede7445360 LOG   GST_POLL gstpoll.c:994:gst_poll_fd_ctl_write: 0x55ede7469d30: pfd->events now 60 (POLLOUT:4)
0:00:00.023036039  2757 0x55fe31678360 DEBUG   GST_REGISTRY gstregistrychunks.c:539:gst_registry_chunks_load_pad_template: Added pad_template src
0:00:00.018112934  2758 0x55ede7445360 DEBUG   GST_POLL gstpoll.c:979:gst_poll_fd_ctl_write: 0x55ede7469d30: fd (fd:0, idx:1), active : 1
0:00:00.023042310  2757 0x55fe31678360 DEBUG   GST_REGISTRY gstregistrychunks.c:525:gst_registry_chunks_load_pad_template: Reading/casting for GstRegistryChunkPadTemplate at address 0x55fe3169f980
0:00:00.018130988  2758 0x55ede7445360 LOG   GST_POLL gstpoll.c:994:gst_poll_fd_ctl_write: 0x55ede7469d30: pfd->events now 60 (POLLOUT:4)
0:00:00.023061026  2757 0x55fe31678360 DEBUG   GST_REGISTRY gstregistrychunks.c:539:gst_registry_chunks_load_pad_template: Added pad_template sink_%u
0:00:00.018139501  2758 0x55ede7445360 DEBUG   GST_POLL gstpoll.c:979:gst_poll_fd_ctl_write: 0x55ede7469d30: fd (fd:0, idx:1), active : 1
0:00:00.023070417  2757 0x55fe31678360 DEBUG   GST_REGISTRY gstregistry.c:589:gst_registry_add_feature: adding feature 0x55fe316a45e0 (funnel)
0:00:00.018146067  2758 0x55ede7445360 LOG   GST_POLL gstpoll.c:994:gst_poll_fd_ctl_write: 0x55ede7469d30: pfd->events now 60 (POLLOUT:4)
0:00:00.023077119  2757 0x55fe31678360 DEBUG   GST_REFCOUNTING gstobject.c:708:gst_object_set_parent: set parent (ref and sink)
0:00:00.018155470  2758 0x55ede7445360 DEBUG   GST_POLL gstpoll.c:979:gst_poll_fd_ctl_write: 0x55ede7469d30: fd (fd:0, idx:1), active : 1
0:00:00.018162515  2758 0x55ede7445360 LOG   GST_POLL gstpoll.c:994:gst_poll_fd_ctl_write: 0x55ede7469d30: pfd->events now 60 (POLLOUT:4)
0:00:00.023087712  2757 0x55fe31678360 TRACE   GST_REFCOUNTING gstobject.c:292:gst_object_ref_sink: 0x55fe316a45e0 ref_sink 1->2
0:00:00.018168814  2758 0x55ede7445360 DEBUG   GST_POLL gstpoll.c:979:gst_poll_fd_ctl_write: 0x55ede7469d30: fd (fd:0, idx:1), active : 1
0:00:00.023096648  2757 0x55fe31678360 LOG   GST_REGISTRY gstregistry.c:607:gst_registry_add_feature: emitting feature-added for funnel
0:00:00.018175316  2758 0x55ede7445360 LOG   GST_POLL gstpoll.c:994:gst_poll_fd_ctl_write: 0x55ede7469d30: pfd->events now 60 (POLLOUT:4)
0:00:00.023104248  2757 0x55fe31678360 DEBUG   GST_REGISTRY gstregistrychunks.c:740:gst_registry_chunks_load_feature: Added feature funnel, plugin 0x55fe316a7cf0 coreelements
0:00:00.018184835  2758 0x55ede7445360 DEBUG   GST_POLL gstpoll.c:979:gst_poll_fd_ctl_write: 0x55ede7469d30: fd (fd:0, idx:1), active : 1
0:00:00.023115722  2757 0x55fe31678360 DEBUG   GST_REGISTRY gstregistrychunks.c:582:gst_registry_chunks_load_feature: Plugin 'coreelements' feature 'filesrc' typename : 'GstElementFactory'
0:00:00.018192021  2758 0x55ede7445360 LOG   GST_POLL gstpoll.c:994:gst_poll_fd_ctl_write: 0x55ede7469d30: pfd->events now 60 (POLLOUT:4)
0:00:00.018200174  2758 0x55ede7445360 DEBUG   GST_POLL gstpoll.c:979:gst_poll_fd_ctl_write: 0x55ede7469d30: fd (fd:0, idx:1), active : 1
0:00:00.023126886  2757 0x55fe31678360 TRACE   GST_REFCOUNTING gstobject.c:208:gst_object_init: 0x55fe316a4ce0 new
0:00:00.018205971  2758 0x55ede7445360 LOG   GST_POLL gstpoll.c:994:gst_poll_fd_ctl_write: 0x55ede7469d30: pfd->events now 60 (POLLOUT:4)
0:00:00.023136854  2757 0x55fe31678360 LOG   GST_REGISTRY gstregistrychunks.c:609:gst_registry_chunks_load_feature: Reading/casting for GstRegistryChunkElementFactory at address 0x55fe3169f9b0
0:00:00.018215415  2758 0x55ede7445360 DEBUG   GST_POLL gstpoll.c:979:gst_poll_fd_ctl_write: 0x55ede7469d30: fd (fd:0, idx:1), active : 1
0:00:00.023144153  2757 0x55fe31678360 TRACE   structure gststructure.c:292:gst_structure_new_id_empty_with_size: created structure 0x55fe316a4fe0
0:00:00.018222225  2758 0x55ede7445360 LOG   GST_POLL gstpoll.c:994:gst_poll_fd_ctl_write: 0x55ede7469d30: pfd->events now 60 (POLLOUT:4)
0:00:00.023150795  2757 0x55fe31678360 DEBUG   structure gststructure.c:2258:gst_structure_parse_field: trying field name 'long-name'
0:00:00.018229374  2758 0x55ede7445360 DEBUG   GST_POLL gstpoll.c:979:gst_poll_fd_ctl_write: 0x55ede7469d30: fd (fd:0, idx:1), active : 1
0:00:00.023158923  2757 0x55fe31678360 DEBUG   default gstvalue.c:2776:_priv_gst_value_parse_value: trying type name 'string'
0:00:00.018235948  2758 0x55ede7445360 LOG   GST_POLL gstpoll.c:994:gst_poll_fd_ctl_write: 0x55ede7469d30: pfd->events now 60 (POLLOUT:4)
0:00:00.023167586  2757 0x55fe31678360 DEBUG   structure gststructure.c:2258:gst_structure_parse_field: trying field name 'klass'
0:00:00.018245868  2758 0x55ede7445360 DEBUG   GST_POLL gstpoll.c:979:gst_poll_fd_ctl_write: 0x55ede7469d30: fd (fd:0, idx:1), active : 1
0:00:00.023174089  2757 0x55fe31678360 DEBUG   default gstvalue.c:2776:_priv_gst_value_parse_value: trying type name 'string'
0:00:00.018252875  2758 0x55ede7445360 LOG   GST_POLL gstpoll.c:994:gst_poll_fd_ctl_write: 0x55ede7469d30: pfd->events now 60 (POLLOUT:4)
0:00:00.023181243  2757 0x55fe31678360 DEBUG   structure gststructure.c:2258:gst_structure_parse_field: trying field name 'description'
0:00:00.018260163  2758 0x55ede7445360 DEBUG   GST_POLL gstpoll.c:979:gst_poll_fd_ctl_write: 0x55ede7469d30: fd (fd:0, idx:1), active : 1
0:00:00.023189654  2757 0x55fe31678360 DEBUG   default gstvalue.c:2776:_priv_gst_value_parse_value: trying type name 'string'
0:00:00.018267072  2758 0x55ede7445360 LOG   GST_POLL gstpoll.c:994:gst_poll_fd_ctl_write: 0x55ede7469d30: pfd->events now 60 (POLLOUT:4)
0:00:00.023199185  2757 0x55fe31678360 DEBUG   structure gststructure.c:2258:gst_structure_parse_field: trying field name 'author'
0:00:00.018281470  2758 0x55ede7445360 DEBUG   GST_POLL gstpoll.c:979:gst_poll_fd_ctl_write: 0x55ede7469d30: fd (fd:0, idx:1), active : 1
0:00:00.023207574  2757 0x55fe31678360 DEBUG   default gstvalue.c:2776:_priv_gst_value_parse_value: trying type name 'string'
0:00:00.018288481  2758 0x55ede7445360 LOG   GST_POLL gstpoll.c:994:gst_poll_fd_ctl_write: 0x55ede7469d30: pfd->events now 60 (POLLOUT:4)
0:00:00.023216885  2757 0x55fe31678360 DEBUG   GST_REGISTRY gstregistrychunks.c:626:gst_registry_chunks_load_feature: Element factory : npadtemplates=1
0:00:00.018295394  2758 0x55ede7445360 DEBUG   GST_POLL gstpoll.c:979:gst_poll_fd_ctl_write: 0x55ede7469d30: fd (fd:0, idx:1), active : 1
0:00:00.023225169  2757 0x55fe31678360 DEBUG   GST_REGISTRY gstregistrychunks.c:525:gst_registry_chunks_load_pad_template: Reading/casting for GstRegistryChunkPadTemplate at address 0x55fe3169fa90
0:00:00.018301952  2758 0x55ede7445360 LOG   GST_POLL gstpoll.c:994:gst_poll_fd_ctl_write: 0x55ede7469d30: pfd->events now 60 (POLLOUT:4)
0:00:00.023232738  2757 0x55fe31678360 DEBUG   GST_REGISTRY gstregistrychunks.c:539:gst_registry_chunks_load_pad_template: Added pad_template src
0:00:00.018311406  2758 0x55ede7445360 DEBUG   GST_POLL gstpoll.c:979:gst_poll_fd_ctl_write: 0x55ede7469d30: fd (fd:0, idx:1), active : 1
0:00:00.023240315  2757 0x55fe31678360 DEBUG   GST_REGISTRY gstregistrychunks.c:639:gst_registry_chunks_load_feature: Reading 1 UriTypes at address 0x55fe3169faa0
0:00:00.018318302  2758 0x55ede7445360 LOG   GST_POLL gstpoll.c:994:gst_poll_fd_ctl_write: 0x55ede7469d30: pfd->events now 60 (POLLOUT:4)
0:00:00.023247905  2757 0x55fe31678360 DEBUG   GST_REGISTRY gstregistrychunks.c:654:gst_registry_chunks_load_feature: Reading 1 Interfaces at address 0x55fe3169faa9
0:00:00.018325457  2758 0x55ede7445360 DEBUG   GST_POLL gstpoll.c:979:gst_poll_fd_ctl_write: 0x55ede7469d30: fd (fd:0, idx:1), active : 1
0:00:00.023259393  2757 0x55fe31678360 DEBUG   GST_REGISTRY gstregistry.c:589:gst_registry_add_feature: adding feature 0x55fe316a4ce0 (filesrc)
0:00:00.018338382  2758 0x55ede7445360 LOG   GST_POLL gstpoll.c:994:gst_poll_fd_ctl_write: 0x55ede7469d30: pfd->events now 60 (POLLOUT:4)
0:00:00.023267202  2757 0x55fe31678360 DEBUG   GST_REFCOUNTING gstobject.c:708:gst_object_set_parent: set parent (ref and sink)
0:00:00.018348083  2758 0x55ede7445360 DEBUG   GST_POLL gstpoll.c:979:gst_poll_fd_ctl_write: 0x55ede7469d30: fd (fd:0, idx:1), active : 1
0:00:00.023275344  2757 0x55fe31678360 TRACE   GST_REFCOUNTING gstobject.c:292:gst_object_ref_sink: 0x55fe316a4ce0 ref_sink 1->2
0:00:00.018354899  2758 0x55ede7445360 LOG   GST_POLL gstpoll.c:994:gst_poll_fd_ctl_write: 0x55ede7469d30: pfd->events now 60 (POLLOUT:4)
0:00:00.023282718  2757 0x55fe31678360 LOG   GST_REGISTRY gstregistry.c:607:gst_registry_add_feature: emitting feature-added for filesrc
0:00:00.018361784  2758 0x55ede7445360 DEBUG   GST_POLL gstpoll.c:979:gst_poll_fd_ctl_write: 0x55ede7469d30: fd (fd:0, idx:1), active : 1
0:00:00.023292270  2757 0x55fe31678360 DEBUG   GST_REGISTRY gstregistrychunks.c:740:gst_registry_chunks_load_feature: Added feature filesrc, plugin 0x55fe316a7cf0 coreelements
0:00:00.018372102  2758 0x55ede7445360 LOG   GST_POLL gstpoll.c:994:gst_poll_fd_ctl_write: 0x55ede7469d30: pfd->events now 60 (POLLOUT:4)
0:00:00.023300727  2757 0x55fe31678360 DEBUG   GST_REGISTRY gstregistrychunks.c:582:gst_registry_chunks_load_feature: Plugin 'coreelements' feature 'fdsink' typename : 'GstElementFactory'
0:00:00.018381682  2758 0x55ede7445360 DEBUG   GST_POLL gstpoll.c:979:gst_poll_fd_ctl_write: 0x55ede7469d30: fd (fd:0, idx:1), active : 1
0:00:00.023310442  2757 0x55fe31678360 TRACE   GST_REFCOUNTING gstobject.c:208:gst_object_init: 0x55fe316a5490 new
0:00:00.018388570  2758 0x55ede7445360 LOG   GST_POLL gstpoll.c:994:gst_poll_fd_ctl_write: 0x55ede7469d30: pfd->events now 60 (POLLOUT:4)
0:00:00.023319629  2757 0x55fe31678360 LOG   GST_REGISTRY gstregistrychunks.c:609:gst_registry_chunks_load_feature: Reading/casting for GstRegistryChunkElementFactory at address 0x55fe3169fad0
0:00:00.018395782  2758 0x55ede7445360 DEBUG   GST_POLL gstpoll.c:979:gst_poll_fd_ctl_write: 0x55ede7469d30: fd (fd:0, idx:1), active : 1
0:00:00.023328759  2757 0x55fe31678360 TRACE   structure gststructure.c:292:gst_structure_new_id_empty_with_size: created structure 0x55fe316a5810
0:00:00.018403865  2758 0x55ede7445360 LOG   GST_POLL gstpoll.c:994:gst_poll_fd_ctl_write: 0x55ede7469d30: pfd->events now 60 (POLLOUT:4)
0:00:00.023336421  2757 0x55fe31678360 DEBUG   structure gststructure.c:2258:gst_structure_parse_field: trying field name 'long-name'
0:00:00.018415042  2758 0x55ede7445360 DEBUG   GST_POLL gstpoll.c:979:gst_poll_fd_ctl_write: 0x55ede7469d30: fd (fd:0, idx:1), active : 1
0:00:00.023342970  2757 0x55fe31678360 DEBUG   default gstvalue.c:2776:_priv_gst_value_parse_value: trying type name 'string'
0:00:00.018421818  2758 0x55ede7445360 LOG   GST_POLL gstpoll.c:994:gst_poll_fd_ctl_write: 0x55ede7469d30: pfd->events now 60 (POLLOUT:4)
0:00:00.023350758  2757 0x55fe31678360 DEBUG   structure gststructure.c:2258:gst_structure_parse_field: trying field name 'klass'
0:00:00.018428845  2758 0x55ede7445360 DEBUG   GST_POLL gstpoll.c:979:gst_poll_fd_ctl_write: 0x55ede7469d30: fd (fd:0, idx:1), active : 1
0:00:00.023358892  2757 0x55fe31678360 DEBUG   default gstvalue.c:2776:_priv_gst_value_parse_value: trying type name 'string'
0:00:00.018435354  2758 0x55ede7445360 LOG   GST_POLL gstpoll.c:994:gst_poll_fd_ctl_write: 0x55ede7469d30: pfd->events now 60 (POLLOUT:4)
0:00:00.023367601  2757 0x55fe31678360 DEBUG   structure gststructure.c:2258:gst_structure_parse_field: trying field name 'description'
0:00:00.018445075  2758 0x55ede7445360 DEBUG   GST_POLL gstpoll.c:979:gst_poll_fd_ctl_write: 0x55ede7469d30: fd (fd:0, idx:1), active : 1
0:00:00.023374143  2757 0x55fe31678360 DEBUG   default gstvalue.c:2776:_priv_gst_value_parse_value: trying type name 'string'
0:00:00.018451989  2758 0x55ede7445360 LOG   GST_POLL gstpoll.c:994:gst_poll_fd_ctl_write: 0x55ede7469d30: pfd->events now 60 (POLLOUT:4)
0:00:00.023381930  2757 0x55fe31678360 DEBUG   structure gststructure.c:2258:gst_structure_parse_field: trying field name 'author'
0:00:00.018463216  2758 0x55ede7445360 DEBUG   GST_POLL gstpoll.c:979:gst_poll_fd_ctl_write: 0x55ede7469d30: fd (fd:0, idx:1), active : 1
0:00:00.023391774  2757 0x55fe31678360 DEBUG   default gstvalue.c:2776:_priv_gst_value_parse_value: trying type name 'string'
0:00:00.018469873  2758 0x55ede7445360 LOG   GST_POLL gstpoll.c:994:gst_poll_fd_ctl_write: 0x55ede7469d30: pfd->events now 60 (POLLOUT:4)
0:00:00.023400687  2757 0x55fe31678360 DEBUG   GST_REGISTRY gstregistrychunks.c:626:gst_registry_chunks_load_feature: Element factory : npadtemplates=1
0:00:00.023407225  2757 0x55fe31678360 DEBUG   GST_REGISTRY gstregistrychunks.c:525:gst_registry_chunks_load_pad_template: Reading/casting for GstRegistryChunkPadTemplate at address 0x55fe3169fbb0
0:00:00.018484233  2758 0x55ede7445360 DEBUG   GST_POLL gstpoll.c:979:gst_poll_fd_ctl_write: 0x55ede7469d30: fd (fd:0, idx:1), active : 1
0:00:00.023412939  2757 0x55fe31678360 DEBUG   GST_REGISTRY gstregistrychunks.c:539:gst_registry_chunks_load_pad_template: Added pad_template sink
0:00:00.018491277  2758 0x55ede7445360 LOG   GST_POLL gstpoll.c:994:gst_poll_fd_ctl_write: 0x55ede7469d30: pfd->events now 60 (POLLOUT:4)
0:00:00.023421687  2757 0x55fe31678360 DEBUG   GST_REGISTRY gstregistrychunks.c:639:gst_registry_chunks_load_feature: Reading 1 UriTypes at address 0x55fe3169fbc1
0:00:00.018498145  2758 0x55ede7445360 DEBUG   GST_POLL gstpoll.c:979:gst_poll_fd_ctl_write: 0x55ede7469d30: fd (fd:0, idx:1), active : 1
0:00:00.023430254  2757 0x55fe31678360 DEBUG   GST_REGISTRY gstregistrychunks.c:654:gst_registry_chunks_load_feature: Reading 1 Interfaces at address 0x55fe3169fbcf
0:00:00.018507940  2758 0x55ede7445360 LOG   GST_POLL gstpoll.c:994:gst_poll_fd_ctl_write: 0x55ede7469d30: pfd->events now 60 (POLLOUT:4)
0:00:00.023439246  2757 0x55fe31678360 DEBUG   GST_REGISTRY gstregistry.c:589:gst_registry_add_feature: adding feature 0x55fe316a5490 (fdsink)
0:00:00.018515764  2758 0x55ede7445360 DEBUG   GST_POLL gstpoll.c:979:gst_poll_fd_ctl_write: 0x55ede7469d30: fd (fd:0, idx:1), active : 1
0:00:00.023445774  2757 0x55fe31678360 DEBUG   GST_REFCOUNTING gstobject.c:708:gst_object_set_parent: set parent (ref and sink)
0:00:00.018522525  2758 0x55ede7445360 LOG   GST_POLL gstpoll.c:994:gst_poll_fd_ctl_write: 0x55ede7469d30: pfd->events now 60 (POLLOUT:4)
0:00:00.018530696  2758 0x55ede7445360 DEBUG   GST_POLL gstpoll.c:979:gst_poll_fd_ctl_write: 0x55ede7469d30: fd (fd:0, idx:1), active : 1
0:00:00.023456075  2757 0x55fe31678360 TRACE   GST_REFCOUNTING gstobject.c:292:gst_object_ref_sink: 0x55fe316a5490 ref_sink 1->2
0:00:00.018539302  2758 0x55ede7445360 LOG   GST_POLL gstpoll.c:994:gst_poll_fd_ctl_write: 0x55ede7469d30: pfd->events now 60 (POLLOUT:4)
0:00:00.023466274  2757 0x55fe31678360 LOG   GST_REGISTRY gstregistry.c:607:gst_registry_add_feature: emitting feature-added for fdsink
0:00:00.018547183  2758 0x55ede7445360 DEBUG   GST_POLL gstpoll.c:979:gst_poll_fd_ctl_write: 0x55ede7469d30: fd (fd:0, idx:1), active : 1
0:00:00.023475056  2757 0x55fe31678360 DEBUG   GST_REGISTRY gstregistrychunks.c:740:gst_registry_chunks_load_feature: Added feature fdsink, plugin 0x55fe316a7cf0 coreelements
0:00:00.018558203  2758 0x55ede7445360 LOG   GST_POLL gstpoll.c:994:gst_poll_fd_ctl_write: 0x55ede7469d30: pfd->events now 60 (POLLOUT:4)
0:00:00.023486572  2757 0x55fe31678360 DEBUG   GST_REGISTRY gstregistrychunks.c:582:gst_registry_chunks_load_feature: Plugin 'coreelements' feature 'fdsrc' typename : 'GstElementFactory'
0:00:00.018565346  2758 0x55ede7445360 DEBUG   GST_POLL gstpoll.c:979:gst_poll_fd_ctl_write: 0x55ede7469d30: fd (fd:0, idx:1), active : 1
0:00:00.023497451  2757 0x55fe31678360 TRACE   GST_REFCOUNTING gstobject.c:208:gst_object_init: 0x55fe316a98f0 new
0:00:00.018574050  2758 0x55ede7445360 LOG   GST_POLL gstpoll.c:994:gst_poll_fd_ctl_write: 0x55ede7469d30: pfd->events now 60 (POLLOUT:4)
0:00:00.023507235  2757 0x55fe31678360 LOG   GST_REGISTRY gstregistrychunks.c:609:gst_registry_chunks_load_feature: Reading/casting for GstRegistryChunkElementFactory at address 0x55fe3169fbf8
0:00:00.018582822  2758 0x55ede7445360 DEBUG   GST_POLL gstpoll.c:979:gst_poll_fd_ctl_write: 0x55ede7469d30: fd (fd:0, idx:1), active : 1
0:00:00.023514442  2757 0x55fe31678360 TRACE   structure gststructure.c:292:gst_structure_new_id_empty_with_size: created structure 0x55fe316a9b20
0:00:00.018590852  2758 0x55ede7445360 LOG   GST_POLL gstpoll.c:994:gst_poll_fd_ctl_write: 0x55ede7469d30: pfd->events now 60 (POLLOUT:4)
0:00:00.023521230  2757 0x55fe31678360 DEBUG   structure gststructure.c:2258:gst_structure_parse_field: trying field name 'long-name'
0:00:00.018598265  2758 0x55ede7445360 DEBUG   GST_POLL gstpoll.c:979:gst_poll_fd_ctl_write: 0x55ede7469d30: fd (fd:0, idx:1), active : 1
0:00:00.023529276  2757 0x55fe31678360 DEBUG   default gstvalue.c:2776:_priv_gst_value_parse_value: trying type name 'string'
0:00:00.018607205  2758 0x55ede7445360 LOG   GST_POLL gstpoll.c:994:gst_poll_fd_ctl_write: 0x55ede7469d30: pfd->events now 60 (POLLOUT:4)
0:00:00.023538400  2757 0x55fe31678360 DEBUG   structure gststructure.c:2258:gst_structure_parse_field: trying field name 'klass'
0:00:00.018614938  2758 0x55ede7445360 DEBUG   GST_POLL gstpoll.c:979:gst_poll_fd_ctl_write: 0x55ede7469d30: fd (fd:0, idx:1), active : 1
0:00:00.023544830  2757 0x55fe31678360 DEBUG   default gstvalue.c:2776:_priv_gst_value_parse_value: trying type name 'string'
0:00:00.018621884  2758 0x55ede7445360 LOG   GST_POLL gstpoll.c:994:gst_poll_fd_ctl_write: 0x55ede7469d30: pfd->events now 60 (POLLOUT:4)
0:00:00.023557472  2757 0x55fe31678360 DEBUG   structure gststructure.c:2258:gst_structure_parse_field: trying field name 'description'
0:00:00.018633742  2758 0x55ede7445360 DEBUG   GST_POLL gstpoll.c:979:gst_poll_fd_ctl_write: 0x55ede7469d30: fd (fd:0, idx:1), active : 1
0:00:00.023565562  2757 0x55fe31678360 DEBUG   default gstvalue.c:2776:_priv_gst_value_parse_value: trying type name 'string'
0:00:00.018643732  2758 0x55ede7445360 LOG   GST_POLL gstpoll.c:994:gst_poll_fd_ctl_write: 0x55ede7469d30: pfd->events now 60 (POLLOUT:4)
0:00:00.023574438  2757 0x55fe31678360 DEBUG   structure gststructure.c:2258:gst_structure_parse_field: trying field name 'author'
0:00:00.018656129  2758 0x55ede7445360 DEBUG   GST_POLL gstpoll.c:979:gst_poll_fd_ctl_write: 0x55ede7469d30: fd (fd:0, idx:1), active : 1
0:00:00.023582722  2757 0x55fe31678360 DEBUG   default gstvalue.c:2776:_priv_gst_value_parse_value: trying type name 'string'
0:00:00.018662995  2758 0x55ede7445360 LOG   GST_POLL gstpoll.c:994:gst_poll_fd_ctl_write: 0x55ede7469d30: pfd->events now 60 (POLLOUT:4)
0:00:00.023591368  2757 0x55fe31678360 DEBUG   GST_REGISTRY gstregistrychunks.c:626:gst_registry_chunks_load_feature: Element factory : npadtemplates=1
0:00:00.018669781  2758 0x55ede7445360 DEBUG   GST_POLL gstpoll.c:979:gst_poll_fd_ctl_write: 0x55ede7469d30: fd (fd:0, idx:1), active : 1
0:00:00.023599723  2757 0x55fe31678360 DEBUG   GST_REGISTRY gstregistrychunks.c:525:gst_registry_chunks_load_pad_template: Reading/casting for GstRegistryChunkPadTemplate at address 0x55fe3169fcd8
0:00:00.018678336  2758 0x55ede7445360 LOG   GST_POLL gstpoll.c:994:gst_poll_fd_ctl_write: 0x55ede7469d30: pfd->events now 60 (POLLOUT:4)
0:00:00.023607389  2757 0x55fe31678360 DEBUG   GST_REGISTRY gstregistrychunks.c:539:gst_registry_chunks_load_pad_template: Added pad_template src
0:00:00.018686242  2758 0x55ede7445360 DEBUG   GST_POLL gstpoll.c:979:gst_poll_fd_ctl_write: 0x55ede7469d30: fd (fd:0, idx:1), active : 1
0:00:00.023614346  2757 0x55fe31678360 DEBUG   GST_REGISTRY gstregistrychunks.c:639:gst_registry_chunks_load_feature: Reading 1 UriTypes at address 0x55fe3169fce8
0:00:00.018692962  2758 0x55ede7445360 LOG   GST_POLL gstpoll.c:994:gst_poll_fd_ctl_write: 0x55ede7469d30: pfd->events now 60 (POLLOUT:4)
0:00:00.023621288  2757 0x55fe31678360 DEBUG   GST_REGISTRY gstregistrychunks.c:654:gst_registry_chunks_load_feature: Reading 1 Interfaces at address 0x55fe3169fcef
0:00:00.018699649  2758 0x55ede7445360 DEBUG   GST_POLL gstpoll.c:979:gst_poll_fd_ctl_write: 0x55ede7469d30: fd (fd:0, idx:1), active : 1
0:00:00.023632068  2757 0x55fe31678360 DEBUG   GST_REGISTRY gstregistry.c:589:gst_registry_add_feature: adding feature 0x55fe316a98f0 (fdsrc)
0:00:00.018708205  2758 0x55ede7445360 LOG   GST_POLL gstpoll.c:994:gst_poll_fd_ctl_write: 0x55ede7469d30: pfd->events now 60 (POLLOUT:4)
0:00:00.023639846  2757 0x55fe31678360 DEBUG   GST_REFCOUNTING gstobject.c:708:gst_object_set_parent: set parent (ref and sink)
0:00:00.018716970  2758 0x55ede7445360 DEBUG   GST_POLL gstpoll.c:979:gst_poll_fd_ctl_write: 0x55ede7469d30: fd (fd:0, idx:1), active : 1
0:00:00.018723454  2758 0x55ede7445360 LOG   GST_POLL gstpoll.c:994:gst_poll_fd_ctl_write: 0x55ede7469d30: pfd->events now 60 (POLLOUT:4)
0:00:00.023650823  2757 0x55fe31678360 TRACE   GST_REFCOUNTING gstobject.c:292:gst_object_ref_sink: 0x55fe316a98f0 ref_sink 1->2
0:00:00.018729586  2758 0x55ede7445360 DEBUG   GST_POLL gstpoll.c:979:gst_poll_fd_ctl_write: 0x55ede7469d30: fd (fd:0, idx:1), active : 1
0:00:00.023658206  2757 0x55fe31678360 LOG   GST_REGISTRY gstregistry.c:607:gst_registry_add_feature: emitting feature-added for fdsrc
0:00:00.018738148  2758 0x55ede7445360 LOG   GST_POLL gstpoll.c:994:gst_poll_fd_ctl_write: 0x55ede7469d30: pfd->events now 60 (POLLOUT:4)
0:00:00.023672855  2757 0x55fe31678360 DEBUG   GST_REGISTRY gstregistrychunks.c:740:gst_registry_chunks_load_feature: Added feature fdsrc, plugin 0x55fe316a7cf0 coreelements
0:00:00.018748817  2758 0x55ede7445360 DEBUG   GST_POLL gstpoll.c:979:gst_poll_fd_ctl_write: 0x55ede7469d30: fd (fd:0, idx:1), active : 1
0:00:00.023680498  2757 0x55fe31678360 DEBUG   GST_REGISTRY gstregistrychunks.c:582:gst_registry_chunks_load_feature: Plugin 'coreelements' feature 'fakesink' typename : 'GstElementFactory'
0:00:00.018756369  2758 0x55ede7445360 LOG   GST_POLL gstpoll.c:994:gst_poll_fd_ctl_write: 0x55ede7469d30: pfd->events now 60 (POLLOUT:4)
0:00:00.018764084  2758 0x55ede7445360 DEBUG   GST_POLL gstpoll.c:979:gst_poll_fd_ctl_write: 0x55ede7469d30: fd (fd:0, idx:1), active : 1
0:00:00.023689578  2757 0x55fe31678360 TRACE   GST_REFCOUNTING gstobject.c:208:gst_object_init: 0x55fe316a9fa0 new
0:00:00.023700458  2757 0x55fe31678360 LOG   GST_REGISTRY gstregistrychunks.c:609:gst_registry_chunks_load_feature: Reading/casting for GstRegistryChunkElementFactory at address 0x55fe3169fd18
0:00:00.018772516  2758 0x55ede7445360 LOG   GST_POLL gstpoll.c:994:gst_poll_fd_ctl_write: 0x55ede7469d30: pfd->events now 60 (POLLOUT:4)
0:00:00.023710001  2757 0x55fe31678360 TRACE   structure gststructure.c:292:gst_structure_new_id_empty_with_size: created structure 0x55fe316aa1d0
0:00:00.018786288  2758 0x55ede7445360 DEBUG   GST_POLL gstpoll.c:979:gst_poll_fd_ctl_write: 0x55ede7469d30: fd (fd:0, idx:1), active : 1
0:00:00.023716627  2757 0x55fe31678360 DEBUG   structure gststructure.c:2258:gst_structure_parse_field: trying field name 'long-name'
0:00:00.018793272  2758 0x55ede7445360 LOG   GST_POLL gstpoll.c:994:gst_poll_fd_ctl_write: 0x55ede7469d30: pfd->events now 60 (POLLOUT:4)
0:00:00.023722850  2757 0x55fe31678360 DEBUG   default gstvalue.c:2776:_priv_gst_value_parse_value: trying type name 'string'
0:00:00.018800277  2758 0x55ede7445360 DEBUG   GST_POLL gstpoll.c:979:gst_poll_fd_ctl_write: 0x55ede7469d30: fd (fd:0, idx:1), active : 1
0:00:00.023730225  2757 0x55fe31678360 DEBUG   structure gststructure.c:2258:gst_structure_parse_field: trying field name 'klass'
0:00:00.018809275  2758 0x55ede7445360 LOG   GST_POLL gstpoll.c:994:gst_poll_fd_ctl_write: 0x55ede7469d30: pfd->events now 60 (POLLOUT:4)
0:00:00.023738973  2757 0x55fe31678360 DEBUG   default gstvalue.c:2776:_priv_gst_value_parse_value: trying type name 'string'
0:00:00.018816615  2758 0x55ede7445360 DEBUG   GST_POLL gstpoll.c:979:gst_poll_fd_ctl_write: 0x55ede7469d30: fd (fd:0, idx:1), active : 1
0:00:00.023747056  2757 0x55fe31678360 DEBUG   structure gststructure.c:2258:gst_structure_parse_field: trying field name 'description'
0:00:00.018823214  2758 0x55ede7445360 LOG   GST_POLL gstpoll.c:994:gst_poll_fd_ctl_write: 0x55ede7469d30: pfd->events now 60 (POLLOUT:4)
0:00:00.023753461  2757 0x55fe31678360 DEBUG   default gstvalue.c:2776:_priv_gst_value_parse_value: trying type name 'string'
0:00:00.018830734  2758 0x55ede7445360 DEBUG   GST_POLL gstpoll.c:979:gst_poll_fd_ctl_write: 0x55ede7469d30: fd (fd:0, idx:1), active : 1
0:00:00.023764999  2757 0x55fe31678360 DEBUG   structure gststructure.c:2258:gst_structure_parse_field: trying field name 'author'
0:00:00.018842259  2758 0x55ede7445360 LOG   GST_POLL gstpoll.c:994:gst_poll_fd_ctl_write: 0x55ede7469d30: pfd->events now 60 (POLLOUT:4)
0:00:00.023773726  2757 0x55fe31678360 DEBUG   default gstvalue.c:2776:_priv_gst_value_parse_value: trying type name 'string'
0:00:00.018850713  2758 0x55ede7445360 DEBUG   GST_POLL gstpoll.c:979:gst_poll_fd_ctl_write: 0x55ede7469d30: fd (fd:0, idx:1), active : 1
0:00:00.018857290  2758 0x55ede7445360 LOG   GST_POLL gstpoll.c:994:gst_poll_fd_ctl_write: 0x55ede7469d30: pfd->events now 60 (POLLOUT:4)
0:00:00.023783818  2757 0x55fe31678360 DEBUG   GST_REGISTRY gstregistrychunks.c:626:gst_registry_chunks_load_feature: Element factory : npadtemplates=1
0:00:00.018863546  2758 0x55ede7445360 DEBUG   GST_POLL gstpoll.c:979:gst_poll_fd_ctl_write: 0x55ede7469d30: fd (fd:0, idx:1), active : 1
0:00:00.023790541  2757 0x55fe31678360 DEBUG   GST_REGISTRY gstregistrychunks.c:525:gst_registry_chunks_load_pad_template: Reading/casting for GstRegistryChunkPadTemplate at address 0x55fe3169fe40
0:00:00.018872716  2758 0x55ede7445360 LOG   GST_POLL gstpoll.c:994:gst_poll_fd_ctl_write: 0x55ede7469d30: pfd->events now 60 (POLLOUT:4)
0:00:00.023799539  2757 0x55fe31678360 DEBUG   GST_REGISTRY gstregistrychunks.c:539:gst_registry_chunks_load_pad_template: Added pad_template sink
0:00:00.018880177  2758 0x55ede7445360 DEBUG   GST_POLL gstpoll.c:979:gst_poll_fd_ctl_write: 0x55ede7469d30: fd (fd:0, idx:1), active : 1
0:00:00.023810624  2757 0x55fe31678360 DEBUG   GST_REGISTRY gstregistry.c:589:gst_registry_add_feature: adding feature 0x55fe316a9fa0 (fakesink)
0:00:00.018886871  2758 0x55ede7445360 LOG   GST_POLL gstpoll.c:994:gst_poll_fd_ctl_write: 0x55ede7469d30: pfd->events now 60 (POLLOUT:4)
0:00:00.023817877  2757 0x55fe31678360 DEBUG   GST_REFCOUNTING gstobject.c:708:gst_object_set_parent: set parent (ref and sink)
0:00:00.018894667  2758 0x55ede7445360 DEBUG   GST_POLL gstpoll.c:979:gst_poll_fd_ctl_write: 0x55ede7469d30: fd (fd:0, idx:1), active : 1
0:00:00.023826095  2757 0x55fe31678360 TRACE   GST_REFCOUNTING gstobject.c:292:gst_object_ref_sink: 0x55fe316a9fa0 ref_sink 1->2
0:00:00.018903878  2758 0x55ede7445360 LOG   GST_POLL gstpoll.c:994:gst_poll_fd_ctl_write: 0x55ede7469d30: pfd->events now 60 (POLLOUT:4)
0:00:00.023833529  2757 0x55fe31678360 LOG   GST_REGISTRY gstregistry.c:607:gst_registry_add_feature: emitting feature-added for fakesink
0:00:00.018911377  2758 0x55ede7445360 DEBUG   GST_POLL gstpoll.c:979:gst_poll_fd_ctl_write: 0x55ede7469d30: fd (fd:0, idx:1), active : 1
0:00:00.023843583  2757 0x55fe31678360 DEBUG   GST_REGISTRY gstregistrychunks.c:740:gst_registry_chunks_load_feature: Added feature fakesink, plugin 0x55fe316a7cf0 coreelements
0:00:00.018918717  2758 0x55ede7445360 LOG   GST_POLL gstpoll.c:994:gst_poll_fd_ctl_write: 0x55ede7469d30: pfd->events now 60 (POLLOUT:4)
0:00:00.023851176  2757 0x55fe31678360 DEBUG   GST_REGISTRY gstregistrychunks.c:582:gst_registry_chunks_load_feature: Plugin 'coreelements' feature 'fakesrc' typename : 'GstElementFactory'
0:00:00.018932984  2758 0x55ede7445360 DEBUG   GST_POLL gstpoll.c:979:gst_poll_fd_ctl_write: 0x55ede7469d30: fd (fd:0, idx:1), active : 1
0:00:00.023862450  2757 0x55fe31678360 TRACE   GST_REFCOUNTING gstobject.c:208:gst_object_init: 0x55fe316aa530 new
0:00:00.018942202  2758 0x55ede7445360 LOG   GST_POLL gstpoll.c:994:gst_poll_fd_ctl_write: 0x55ede7469d30: pfd->events now 60 (POLLOUT:4)
0:00:00.023871251  2757 0x55fe31678360 LOG   GST_REGISTRY gstregistrychunks.c:609:gst_registry_chunks_load_feature: Reading/casting for GstRegistryChunkElementFactory at address 0x55fe3169fe70
0:00:00.018949656  2758 0x55ede7445360 DEBUG   GST_POLL gstpoll.c:979:gst_poll_fd_ctl_write: 0x55ede7469d30: fd (fd:0, idx:1), active : 1
0:00:00.023880745  2757 0x55fe31678360 TRACE   structure gststructure.c:292:gst_structure_new_id_empty_with_size: created structure 0x55fe316aa620
0:00:00.018956342  2758 0x55ede7445360 LOG   GST_POLL gstpoll.c:994:gst_poll_fd_ctl_write: 0x55ede7469d30: pfd->events now 60 (POLLOUT:4)
0:00:00.023887620  2757 0x55fe31678360 DEBUG   structure gststructure.c:2258:gst_structure_parse_field: trying field name 'long-name'
0:00:00.018964609  2758 0x55ede7445360 DEBUG   GST_POLL gstpoll.c:979:gst_poll_fd_ctl_write: 0x55ede7469d30: fd (fd:0, idx:1), active : 1
0:00:00.023893826  2757 0x55fe31678360 DEBUG   default gstvalue.c:2776:_priv_gst_value_parse_value: trying type name 'string'
