0:00:00.006354240  2774 0x55a3cb0ca360 LOG   GST_PLUGIN_LOADING gstpluginloader.c:689:write_one: Writing packet of size 174 bytes to fd 7
0:00:00.006362036  2774 0x55a3cb0ca360 DEBUG   GST_POLL gstpoll.c:979:gst_poll_fd_ctl_write: 0x55a3cb0ef7b0: fd (fd:7, idx:1), active : 0
0:00:00.006368049  2774 0x55a3cb0ca360 LOG   GST_POLL gstpoll.c:994:gst_poll_fd_ctl_write: 0x55a3cb0ef7b0: pfd->events now 56 (POLLOUT:4)
0:00:00.006382506  2774 0x55a3cb0ca360 DEBUG   GST_REGISTRY gstregistry.c:1383:gst_registry_scan_path_internal: registry changed in path /home/conan/w/prod/BuildSingleReference/.conan/data/gstreamer/1.19.1/_/_/package/5a2a240dc39d481eff30f147f0e2f01ae047b26f/lib/gstreamer-1.0: 0
0:00:00.006390068  2774 0x55a3cb0ca360 DEBUG   GST_REGISTRY gstregistry.c:1659:scan_and_update_registry: GST_PLUGIN_SYSTEM_PATH not set
0:00:00.006401346  2774 0x55a3cb0ca360 DEBUG   GST_REGISTRY gstregistry.c:1666:scan_and_update_registry: scanning home plugins /home/conan/.local/share/gstreamer-1.0/plugins
0:00:00.006407660  2774 0x55a3cb0ca360 DEBUG   GST_REGISTRY gstregistry.c:1380:gst_registry_scan_path_internal: scanning path /home/conan/.local/share/gstreamer-1.0/plugins
0:00:00.006423709  2774 0x55a3cb0ca360 DEBUG   GST_REGISTRY gstregistry.c:1383:gst_registry_scan_path_internal: registry changed in path /home/conan/.local/share/gstreamer-1.0/plugins: 0
0:00:00.006430356  2774 0x55a3cb0ca360 DEBUG   GST_REGISTRY gstregistry.c:1691:scan_and_update_registry: scanning main plugins /home/conan/w/prod/BuildSingleReference/.conan/data/gstreamer/1.19.1/_/_/package/5a2a240dc39d481eff30f147f0e2f01ae047b26f/lib/gstreamer-1.0
0:00:00.006436391  2774 0x55a3cb0ca360 DEBUG   GST_REGISTRY gstregistry.c:1380:gst_registry_scan_path_internal: scanning path /home/conan/w/prod/BuildSingleReference/.conan/data/gstreamer/1.19.1/_/_/package/5a2a240dc39d481eff30f147f0e2f01ae047b26f/lib/gstreamer-1.0
0:00:00.002073694  2775 0x55906a42b360 TRACE   GST_REFCOUNTING gstobject.c:208:gst_object_init: 0x55906a451720 new
0:00:00.006482157  2774 0x55a3cb0ca360 LOG   GST_REGISTRY gstregistry.c:1299:gst_registry_scan_path_level: file /home/conan/w/prod/BuildSingleReference/.conan/data/gstreamer/1.19.1/_/_/package/5a2a240dc39d481eff30f147f0e2f01ae047b26f/lib/gstreamer-1.0/libgstcoretracers.so looks like a possible module
0:00:00.006489383  2774 0x55a3cb0ca360 DEBUG   GST_REGISTRY gstregistry.c:1360:gst_registry_scan_path_level: file /home/conan/w/prod/BuildSingleReference/.conan/data/gstreamer/1.19.1/_/_/package/5a2a240dc39d481eff30f147f0e2f01ae047b26f/lib/gstreamer-1.0/libgstcoretracers.so not yet in registry
0:00:00.002111758  2775 0x55906a42b360 LOG   GST_PLUGIN_LOADING gstplugin.c:889:_priv_gst_plugin_load_file_for_registry: Plugin 0x55906a451720 for file "/home/conan/w/prod/BuildSingleReference/.conan/data/gstreamer/1.19.1/_/_/package/5a2a240dc39d481eff30f147f0e2f01ae047b26f/lib/gstreamer-1.0/libgstcoretracers.so" prepared, calling entry function...
0:00:00.006495197  2774 0x55a3cb0ca360 DEBUG   GST_REGISTRY gstregistry.c:1172:gst_registry_scan_plugin_file: Using scan-helper to load plugin /home/conan/w/prod/BuildSingleReference/.conan/data/gstreamer/1.19.1/_/_/package/5a2a240dc39d481eff30f147f0e2f01ae047b26f/lib/gstreamer-1.0/libgstcoretracers.so
0:00:00.006521531  2774 0x55a3cb0ca360 LOG   GST_PLUGIN_LOADING gstpluginloader.c:235:plugin_loader_load: Sending file /home/conan/w/prod/BuildSingleReference/.conan/data/gstreamer/1.19.1/_/_/package/5a2a240dc39d481eff30f147f0e2f01ae047b26f/lib/gstreamer-1.0/libgstcoretracers.so to child. tag 2
0:00:00.002140467  2775 0x55906a42b360 LOG   GST_PLUGIN_LOADING gstplugin.c:896:_priv_gst_plugin_load_file_for_registry: Plugin 0x55906a451720 for file "/home/conan/w/prod/BuildSingleReference/.conan/data/gstreamer/1.19.1/_/_/package/5a2a240dc39d481eff30f147f0e2f01ae047b26f/lib/gstreamer-1.0/libgstcoretracers.so" prepared, registering...
0:00:00.006528413  2774 0x55a3cb0ca360 DEBUG   GST_POLL gstpoll.c:979:gst_poll_fd_ctl_write: 0x55a3cb0ef7b0: fd (fd:7, idx:1), active : 1
0:00:00.002149024  2775 0x55906a42b360 LOG   GST_PLUGIN_LOADING gstplugin.c:514:gst_plugin_register_func: plugin "/home/conan/w/prod/BuildSingleReference/.conan/data/gstreamer/1.19.1/_/_/package/5a2a240dc39d481eff30f147f0e2f01ae047b26f/lib/gstreamer-1.0/libgstcoretracers.so" looks good
0:00:00.006534622  2774 0x55a3cb0ca360 LOG   GST_POLL gstpoll.c:994:gst_poll_fd_ctl_write: 0x55a3cb0ef7b0: pfd->events now 60 (POLLOUT:4)
0:00:00.006541536  2774 0x55a3cb0ca360 DEBUG   GST_POLL gstpoll.c:1414:gst_poll_wait: 0x55a3cb0ef7b0: timeout :0:00:01.000000000
0:00:00.002166938  2775 0x55906a42b360 TRACE   GST_REFCOUNTING gstobject.c:208:gst_object_init: 0x55906a452410 new
0:00:00.006548717  2774 0x55a3cb0ca360 LOG   GST_PLUGIN_LOADING gstpluginloader.c:1026:exchange_packets: Poll res = 1. 173 bytes pending for write
0:00:00.002175417  2775 0x55906a42b360 DEBUG   GST_TRACER gsttracer.c:169:gst_tracer_register: new tracer factory for latency
0:00:00.006557227  2774 0x55a3cb0ca360 DEBUG   GST_POLL gstpoll.c:1241:gst_poll_fd_has_error: 0x55a3cb0ef7b0: fd (fd:8, idx:2) 0
0:00:00.002183765  2775 0x55906a42b360 DEBUG   GST_TRACER gsttracer.c:176:gst_tracer_register: tracer factory for 1782896944:GstLatencyTracer
0:00:00.006573342  2774 0x55a3cb0ca360 DEBUG   GST_POLL gstpoll.c:1266:gst_poll_fd_can_read_unlocked: 0x55a3cb0ef7b0: fd (fd:8, idx:2) 0
0:00:00.002195143  2775 0x55906a42b360 DEBUG   GST_REGISTRY gstregistry.c:589:gst_registry_add_feature: adding feature 0x55906a452410 (latency)
0:00:00.006579618  2774 0x55a3cb0ca360 DEBUG   GST_POLL gstpoll.c:1195:gst_poll_fd_has_closed: 0x55a3cb0ef7b0: fd (fd:8, idx:2) 0
0:00:00.002201541  2775 0x55906a42b360 DEBUG   GST_REFCOUNTING gstobject.c:708:gst_object_set_parent: set parent (ref and sink)
0:00:00.006585672  2774 0x55a3cb0ca360 DEBUG   GST_POLL gstpoll.c:1241:gst_poll_fd_has_error: 0x55a3cb0ef7b0: fd (fd:7, idx:1) 0
0:00:00.002208626  2775 0x55906a42b360 TRACE   GST_REFCOUNTING gstobject.c:292:gst_object_ref_sink: 0x55906a452410 ref_sink 1->2
0:00:00.006591795  2774 0x55a3cb0ca360 DEBUG   GST_POLL gstpoll.c:1335:gst_poll_fd_can_write: 0x55a3cb0ef7b0: fd (fd:7, idx:1) 1
0:00:00.002219370  2775 0x55906a42b360 LOG   GST_REGISTRY gstregistry.c:607:gst_registry_add_feature: emitting feature-added for latency
0:00:00.006602159  2774 0x55a3cb0ca360 LOG   GST_PLUGIN_LOADING gstpluginloader.c:689:write_one: Writing packet of size 173 bytes to fd 7
0:00:00.006628529  2774 0x55a3cb0ca360 DEBUG   GST_POLL gstpoll.c:979:gst_poll_fd_ctl_write: 0x55a3cb0ef7b0: fd (fd:7, idx:1), active : 0
0:00:00.002252384  2775 0x55906a42b360 TRACE   GST_REFCOUNTING gstobject.c:208:gst_object_init: 0x55906a4528c0 new
0:00:00.006634642  2774 0x55a3cb0ca360 LOG   GST_POLL gstpoll.c:994:gst_poll_fd_ctl_write: 0x55a3cb0ef7b0: pfd->events now 56 (POLLOUT:4)
0:00:00.002260975  2775 0x55906a42b360 DEBUG   GST_TRACER gsttracer.c:169:gst_tracer_register: new tracer factory for log
0:00:00.006650057  2774 0x55a3cb0ca360 LOG   GST_REGISTRY gstregistry.c:1299:gst_registry_scan_path_level: file /home/conan/w/prod/BuildSingleReference/.conan/data/gstreamer/1.19.1/_/_/package/5a2a240dc39d481eff30f147f0e2f01ae047b26f/lib/gstreamer-1.0/libgstcoreelements.so looks like a possible module
0:00:00.002269289  2775 0x55906a42b360 DEBUG   GST_TRACER gsttracer.c:176:gst_tracer_register: tracer factory for 1782916864:GstLogTracer
0:00:00.006656749  2774 0x55a3cb0ca360 DEBUG   GST_REGISTRY gstregistry.c:1360:gst_registry_scan_path_level: file /home/conan/w/prod/BuildSingleReference/.conan/data/gstreamer/1.19.1/_/_/package/5a2a240dc39d481eff30f147f0e2f01ae047b26f/lib/gstreamer-1.0/libgstcoreelements.so not yet in registry
0:00:00.002278785  2775 0x55906a42b360 DEBUG   GST_REGISTRY gstregistry.c:589:gst_registry_add_feature: adding feature 0x55906a4528c0 (log)
0:00:00.006662769  2774 0x55a3cb0ca360 DEBUG   GST_REGISTRY gstregistry.c:1172:gst_registry_scan_plugin_file: Using scan-helper to load plugin /home/conan/w/prod/BuildSingleReference/.conan/data/gstreamer/1.19.1/_/_/package/5a2a240dc39d481eff30f147f0e2f01ae047b26f/lib/gstreamer-1.0/libgstcoreelements.so
0:00:00.002285247  2775 0x55906a42b360 DEBUG   GST_REFCOUNTING gstobject.c:708:gst_object_set_parent: set parent (ref and sink)
0:00:00.006669385  2774 0x55a3cb0ca360 LOG   GST_PLUGIN_LOADING gstpluginloader.c:235:plugin_loader_load: Sending file /home/conan/w/prod/BuildSingleReference/.conan/data/gstreamer/1.19.1/_/_/package/5a2a240dc39d481eff30f147f0e2f01ae047b26f/lib/gstreamer-1.0/libgstcoreelements.so to child. tag 3
0:00:00.002292681  2775 0x55906a42b360 TRACE   GST_REFCOUNTING gstobject.c:292:gst_object_ref_sink: 0x55906a4528c0 ref_sink 1->2
0:00:00.006676581  2774 0x55a3cb0ca360 DEBUG   GST_POLL gstpoll.c:979:gst_poll_fd_ctl_write: 0x55a3cb0ef7b0: fd (fd:7, idx:1), active : 1
0:00:00.002299571  2775 0x55906a42b360 LOG   GST_REGISTRY gstregistry.c:607:gst_registry_add_feature: emitting feature-added for log
0:00:00.006683137  2774 0x55a3cb0ca360 LOG   GST_POLL gstpoll.c:994:gst_poll_fd_ctl_write: 0x55a3cb0ef7b0: pfd->events now 60 (POLLOUT:4)
0:00:00.002310459  2775 0x55906a42b360 TRACE   GST_REFCOUNTING gstobject.c:208:gst_object_init: 0x55906a452b90 new
0:00:00.006695094  2774 0x55a3cb0ca360 DEBUG   GST_POLL gstpoll.c:1414:gst_poll_wait: 0x55a3cb0ef7b0: timeout :0:00:01.000000000
0:00:00.002319100  2775 0x55906a42b360 DEBUG   GST_TRACER gsttracer.c:169:gst_tracer_register: new tracer factory for rusage
0:00:00.006703440  2774 0x55a3cb0ca360 LOG   GST_PLUGIN_LOADING gstpluginloader.c:1026:exchange_packets: Poll res = 1. 174 bytes pending for write
0:00:00.002326953  2775 0x55906a42b360 DEBUG   GST_TRACER gsttracer.c:176:gst_tracer_register: tracer factory for 1782917504:GstRUsageTracer
0:00:00.006710626  2774 0x55a3cb0ca360 DEBUG   GST_POLL gstpoll.c:1241:gst_poll_fd_has_error: 0x55a3cb0ef7b0: fd (fd:8, idx:2) 0
0:00:00.002334400  2775 0x55906a42b360 DEBUG   GST_REGISTRY gstregistry.c:589:gst_registry_add_feature: adding feature 0x55906a452b90 (rusage)
0:00:00.006717202  2774 0x55a3cb0ca360 DEBUG   GST_POLL gstpoll.c:1266:gst_poll_fd_can_read_unlocked: 0x55a3cb0ef7b0: fd (fd:8, idx:2) 0
0:00:00.002340648  2775 0x55906a42b360 DEBUG   GST_REFCOUNTING gstobject.c:708:gst_object_set_parent: set parent (ref and sink)
0:00:00.006724511  2774 0x55a3cb0ca360 DEBUG   GST_POLL gstpoll.c:1195:gst_poll_fd_has_closed: 0x55a3cb0ef7b0: fd (fd:8, idx:2) 0
0:00:00.002347974  2775 0x55906a42b360 TRACE   GST_REFCOUNTING gstobject.c:292:gst_object_ref_sink: 0x55906a452b90 ref_sink 1->2
0:00:00.006730922  2774 0x55a3cb0ca360 DEBUG   GST_POLL gstpoll.c:1241:gst_poll_fd_has_error: 0x55a3cb0ef7b0: fd (fd:7, idx:1) 0
0:00:00.002354750  2775 0x55906a42b360 LOG   GST_REGISTRY gstregistry.c:607:gst_registry_add_feature: emitting feature-added for rusage
0:00:00.006738407  2774 0x55a3cb0ca360 DEBUG   GST_POLL gstpoll.c:1335:gst_poll_fd_can_write: 0x55a3cb0ef7b0: fd (fd:7, idx:1) 1
0:00:00.006744328  2774 0x55a3cb0ca360 LOG   GST_PLUGIN_LOADING gstpluginloader.c:689:write_one: Writing packet of size 174 bytes to fd 7
0:00:00.002365688  2775 0x55906a42b360 TRACE   GST_REFCOUNTING gstobject.c:208:gst_object_init: 0x55906a452e60 new
0:00:00.006751705  2774 0x55a3cb0ca360 DEBUG   GST_POLL gstpoll.c:979:gst_poll_fd_ctl_write: 0x55a3cb0ef7b0: fd (fd:7, idx:1), active : 0
0:00:00.002373853  2775 0x55906a42b360 DEBUG   GST_TRACER gsttracer.c:169:gst_tracer_register: new tracer factory for stats
0:00:00.006758130  2774 0x55a3cb0ca360 LOG   GST_POLL gstpoll.c:994:gst_poll_fd_ctl_write: 0x55a3cb0ef7b0: pfd->events now 56 (POLLOUT:4)
0:00:00.002384238  2775 0x55906a42b360 DEBUG   GST_TRACER gsttracer.c:176:gst_tracer_register: tracer factory for 1782918224:GstStatsTracer
0:00:00.006768382  2774 0x55a3cb0ca360 DEBUG   GST_REGISTRY gstregistry.c:1383:gst_registry_scan_path_internal: registry changed in path /home/conan/w/prod/BuildSingleReference/.conan/data/gstreamer/1.19.1/_/_/package/5a2a240dc39d481eff30f147f0e2f01ae047b26f/lib/gstreamer-1.0: 0
0:00:00.002391475  2775 0x55906a42b360 DEBUG   GST_REGISTRY gstregistry.c:589:gst_registry_add_feature: adding feature 0x55906a452e60 (stats)
0:00:00.006778057  2774 0x55a3cb0ca360 DEBUG   GST_POLL gstpoll.c:979:gst_poll_fd_ctl_write: 0x55a3cb0ef7b0: fd (fd:7, idx:1), active : 1
0:00:00.002401363  2775 0x55906a42b360 DEBUG   GST_REFCOUNTING gstobject.c:708:gst_object_set_parent: set parent (ref and sink)
0:00:00.006785238  2774 0x55a3cb0ca360 LOG   GST_POLL gstpoll.c:994:gst_poll_fd_ctl_write: 0x55a3cb0ef7b0: pfd->events now 60 (POLLOUT:4)
0:00:00.002409058  2775 0x55906a42b360 TRACE   GST_REFCOUNTING gstobject.c:292:gst_object_ref_sink: 0x55906a452e60 ref_sink 1->2
0:00:00.006792839  2774 0x55a3cb0ca360 DEBUG   GST_POLL gstpoll.c:1414:gst_poll_wait: 0x55a3cb0ef7b0: timeout :0:00:01.000000000
0:00:00.002415933  2775 0x55906a42b360 LOG   GST_REGISTRY gstregistry.c:607:gst_registry_add_feature: emitting feature-added for stats
0:00:00.006800774  2774 0x55a3cb0ca360 LOG   GST_PLUGIN_LOADING gstpluginloader.c:1026:exchange_packets: Poll res = 1. 12 bytes pending for write
0:00:00.006807937  2774 0x55a3cb0ca360 DEBUG   GST_POLL gstpoll.c:1241:gst_poll_fd_has_error: 0x55a3cb0ef7b0: fd (fd:8, idx:2) 0
0:00:00.002426557  2775 0x55906a42b360 TRACE   GST_REFCOUNTING gstobject.c:208:gst_object_init: 0x55906a4530e0 new
0:00:00.006813997  2774 0x55a3cb0ca360 DEBUG   GST_POLL gstpoll.c:1266:gst_poll_fd_can_read_unlocked: 0x55a3cb0ef7b0: fd (fd:8, idx:2) 0
0:00:00.002436040  2775 0x55906a42b360 DEBUG   GST_TRACER gsttracer.c:169:gst_tracer_register: new tracer factory for leaks
0:00:00.006820439  2774 0x55a3cb0ca360 DEBUG   GST_POLL gstpoll.c:1195:gst_poll_fd_has_closed: 0x55a3cb0ef7b0: fd (fd:8, idx:2) 0
0:00:00.002443663  2775 0x55906a42b360 DEBUG   GST_TRACER gsttracer.c:176:gst_tracer_register: tracer factory for 1782918944:GstLeaksTracer
0:00:00.006826904  2774 0x55a3cb0ca360 DEBUG   GST_POLL gstpoll.c:1241:gst_poll_fd_has_error: 0x55a3cb0ef7b0: fd (fd:7, idx:1) 0
0:00:00.002450754  2775 0x55906a42b360 DEBUG   GST_REGISTRY gstregistry.c:589:gst_registry_add_feature: adding feature 0x55906a4530e0 (leaks)
0:00:00.006833896  2774 0x55a3cb0ca360 DEBUG   GST_POLL gstpoll.c:1335:gst_poll_fd_can_write: 0x55a3cb0ef7b0: fd (fd:7, idx:1) 1
0:00:00.002456983  2775 0x55906a42b360 DEBUG   GST_REFCOUNTING gstobject.c:708:gst_object_set_parent: set parent (ref and sink)
0:00:00.006840563  2774 0x55a3cb0ca360 LOG   GST_PLUGIN_LOADING gstpluginloader.c:689:write_one: Writing packet of size 12 bytes to fd 7
0:00:00.002464500  2775 0x55906a42b360 TRACE   GST_REFCOUNTING gstobject.c:292:gst_object_ref_sink: 0x55906a4530e0 ref_sink 1->2
0:00:00.006848899  2774 0x55a3cb0ca360 DEBUG   GST_POLL gstpoll.c:979:gst_poll_fd_ctl_write: 0x55a3cb0ef7b0: fd (fd:7, idx:1), active : 0
0:00:00.002471271  2775 0x55906a42b360 LOG   GST_REGISTRY gstregistry.c:607:gst_registry_add_feature: emitting feature-added for leaks
0:00:00.006855297  2774 0x55a3cb0ca360 LOG   GST_POLL gstpoll.c:994:gst_poll_fd_ctl_write: 0x55a3cb0ef7b0: pfd->events now 56 (POLLOUT:4)
0:00:00.002477860  2775 0x55906a42b360 LOG   GST_PLUGIN_LOADING gstplugin.c:541:gst_plugin_register_func: plugin "/home/conan/w/prod/BuildSingleReference/.conan/data/gstreamer/1.19.1/_/_/package/5a2a240dc39d481eff30f147f0e2f01ae047b26f/lib/gstreamer-1.0/libgstcoretracers.so" initialised
0:00:00.006862492  2774 0x55a3cb0ca360 DEBUG   GST_POLL gstpoll.c:1414:gst_poll_wait: 0x55a3cb0ef7b0: timeout :0:00:01.000000000
0:00:00.002489268  2775 0x55906a42b360 INFO   GST_PLUGIN_LOADING gstplugin.c:915:_priv_gst_plugin_load_file_for_registry: plugin "/home/conan/w/prod/BuildSingleReference/.conan/data/gstreamer/1.19.1/_/_/package/5a2a240dc39d481eff30f147f0e2f01ae047b26f/lib/gstreamer-1.0/libgstcoretracers.so" loaded
0:00:00.002496796  2775 0x55906a42b360 TRACE   GST_REFCOUNTING gstobject.c:237:gst_object_ref: 0x55906a451720 ref 1->2
0:00:00.002504441  2775 0x55906a42b360 DEBUG   GST_REGISTRY gstregistry.c:473:gst_registry_add_plugin: adding plugin 0x55906a451720 for filename "/home/conan/w/prod/BuildSingleReference/.conan/data/gstreamer/1.19.1/_/_/package/5a2a240dc39d481eff30f147f0e2f01ae047b26f/lib/gstreamer-1.0/libgstcoretracers.so"
0:00:00.002511688  2775 0x55906a42b360 TRACE   GST_REFCOUNTING gstobject.c:292:gst_object_ref_sink: 0x55906a451720 ref_sink 2->3
0:00:00.002518528  2775 0x55906a42b360 LOG   GST_REGISTRY gstregistry.c:486:gst_registry_add_plugin: emitting plugin-added for filename "/home/conan/w/prod/BuildSingleReference/.conan/data/gstreamer/1.19.1/_/_/package/5a2a240dc39d481eff30f147f0e2f01ae047b26f/lib/gstreamer-1.0/libgstcoretracers.so"
0:00:00.002526185  2775 0x55906a42b360 TRACE   GST_REFCOUNTING gstobject.c:237:gst_object_ref: 0x55906a4530e0 ref 1->2
0:00:00.002533800  2775 0x55906a42b360 TRACE   GST_REFCOUNTING gstobject.c:237:gst_object_ref: 0x55906a452e60 ref 1->2
0:00:00.002540899  2775 0x55906a42b360 TRACE   GST_REFCOUNTING gstobject.c:237:gst_object_ref: 0x55906a452b90 ref 1->2
0:00:00.002548216  2775 0x55906a42b360 TRACE   GST_REFCOUNTING gstobject.c:237:gst_object_ref: 0x55906a4528c0 ref 1->2
0:00:00.002555270  2775 0x55906a42b360 TRACE   GST_REFCOUNTING gstobject.c:237:gst_object_ref: 0x55906a452410 ref 1->2
0:00:00.002568237  2775 0x55906a42b360 TRACE   GST_REFCOUNTING gstobject.c:264:gst_object_unref: 0x55906a452410 unref 2->1
0:00:00.002576174  2775 0x55906a42b360 TRACE   GST_REFCOUNTING gstobject.c:264:gst_object_unref: 0x55906a4528c0 unref 2->1
0:00:00.002583225  2775 0x55906a42b360 TRACE   GST_REFCOUNTING gstobject.c:264:gst_object_unref: 0x55906a452b90 unref 2->1
0:00:00.002590168  2775 0x55906a42b360 TRACE   GST_REFCOUNTING gstobject.c:264:gst_object_unref: 0x55906a452e60 unref 2->1
0:00:00.002596851  2775 0x55906a42b360 TRACE   GST_REFCOUNTING gstobject.c:264:gst_object_unref: 0x55906a4530e0 unref 2->1
0:00:00.002627938  2775 0x55906a42b360 DEBUG   GST_REGISTRY gstregistrychunks.c:497:_priv_gst_registry_chunks_save_plugin: Found 5 features in plugin 0x55906a451720 (coretracers)
0:00:00.002635736  2775 0x55906a42b360 DEBUG   GST_POLL gstpoll.c:979:gst_poll_fd_ctl_write: 0x55906a44fcc0: fd (fd:0, idx:1), active : 1
0:00:00.002642599  2775 0x55906a42b360 LOG   GST_POLL gstpoll.c:994:gst_poll_fd_ctl_write: 0x55906a44fcc0: pfd->events now 60 (POLLOUT:4)
0:00:00.002653095  2775 0x55906a42b360 DEBUG   GST_POLL gstpoll.c:979:gst_poll_fd_ctl_write: 0x55906a44fcc0: fd (fd:0, idx:1), active : 1
0:00:00.002659340  2775 0x55906a42b360 LOG   GST_POLL gstpoll.c:994:gst_poll_fd_ctl_write: 0x55906a44fcc0: pfd->events now 60 (POLLOUT:4)
0:00:00.002666393  2775 0x55906a42b360 DEBUG   GST_POLL gstpoll.c:979:gst_poll_fd_ctl_write: 0x55906a44fcc0: fd (fd:0, idx:1), active : 1
0:00:00.002672331  2775 0x55906a42b360 LOG   GST_POLL gstpoll.c:994:gst_poll_fd_ctl_write: 0x55906a44fcc0: pfd->events now 60 (POLLOUT:4)
0:00:00.002678540  2775 0x55906a42b360 DEBUG   GST_POLL gstpoll.c:979:gst_poll_fd_ctl_write: 0x55906a44fcc0: fd (fd:0, idx:1), active : 1
0:00:00.002684437  2775 0x55906a42b360 LOG   GST_POLL gstpoll.c:994:gst_poll_fd_ctl_write: 0x55906a44fcc0: pfd->events now 60 (POLLOUT:4)
0:00:00.002690553  2775 0x55906a42b360 DEBUG   GST_POLL gstpoll.c:979:gst_poll_fd_ctl_write: 0x55906a44fcc0: fd (fd:0, idx:1), active : 1
0:00:00.002696349  2775 0x55906a42b360 LOG   GST_POLL gstpoll.c:994:gst_poll_fd_ctl_write: 0x55906a44fcc0: pfd->events now 60 (POLLOUT:4)
0:00:00.002702443  2775 0x55906a42b360 DEBUG   GST_POLL gstpoll.c:979:gst_poll_fd_ctl_write: 0x55906a44fcc0: fd (fd:0, idx:1), active : 1
0:00:00.002708205  2775 0x55906a42b360 LOG   GST_POLL gstpoll.c:994:gst_poll_fd_ctl_write: 0x55906a44fcc0: pfd->events now 60 (POLLOUT:4)
0:00:00.002714253  2775 0x55906a42b360 DEBUG   GST_POLL gstpoll.c:979:gst_poll_fd_ctl_write: 0x55906a44fcc0: fd (fd:0, idx:1), active : 1
0:00:00.002720026  2775 0x55906a42b360 LOG   GST_POLL gstpoll.c:994:gst_poll_fd_ctl_write: 0x55906a44fcc0: pfd->events now 60 (POLLOUT:4)
0:00:00.002726237  2775 0x55906a42b360 DEBUG   GST_POLL gstpoll.c:979:gst_poll_fd_ctl_write: 0x55906a44fcc0: fd (fd:0, idx:1), active : 1
0:00:00.002732090  2775 0x55906a42b360 LOG   GST_POLL gstpoll.c:994:gst_poll_fd_ctl_write: 0x55906a44fcc0: pfd->events now 60 (POLLOUT:4)
0:00:00.002738302  2775 0x55906a42b360 DEBUG   GST_POLL gstpoll.c:979:gst_poll_fd_ctl_write: 0x55906a44fcc0: fd (fd:0, idx:1), active : 1
0:00:00.002744308  2775 0x55906a42b360 LOG   GST_POLL gstpoll.c:994:gst_poll_fd_ctl_write: 0x55906a44fcc0: pfd->events now 60 (POLLOUT:4)
0:00:00.002750523  2775 0x55906a42b360 DEBUG   GST_POLL gstpoll.c:979:gst_poll_fd_ctl_write: 0x55906a44fcc0: fd (fd:0, idx:1), active : 1
0:00:00.002756450  2775 0x55906a42b360 LOG   GST_POLL gstpoll.c:994:gst_poll_fd_ctl_write: 0x55906a44fcc0: pfd->events now 60 (POLLOUT:4)
0:00:00.002762633  2775 0x55906a42b360 DEBUG   GST_POLL gstpoll.c:979:gst_poll_fd_ctl_write: 0x55906a44fcc0: fd (fd:0, idx:1), active : 1
0:00:00.002768580  2775 0x55906a42b360 LOG   GST_POLL gstpoll.c:994:gst_poll_fd_ctl_write: 0x55906a44fcc0: pfd->events now 60 (POLLOUT:4)
0:00:00.002774702  2775 0x55906a42b360 DEBUG   GST_POLL gstpoll.c:979:gst_poll_fd_ctl_write: 0x55906a44fcc0: fd (fd:0, idx:1), active : 1
0:00:00.002780586  2775 0x55906a42b360 LOG   GST_POLL gstpoll.c:994:gst_poll_fd_ctl_write: 0x55906a44fcc0: pfd->events now 60 (POLLOUT:4)
0:00:00.002786679  2775 0x55906a42b360 DEBUG   GST_POLL gstpoll.c:979:gst_poll_fd_ctl_write: 0x55906a44fcc0: fd (fd:0, idx:1), active : 1
0:00:00.002817597  2775 0x55906a42b360 LOG   GST_POLL gstpoll.c:994:gst_poll_fd_ctl_write: 0x55906a44fcc0: pfd->events now 60 (POLLOUT:4)
0:00:00.002830565  2775 0x55906a42b360 DEBUG   GST_POLL gstpoll.c:979:gst_poll_fd_ctl_write: 0x55906a44fcc0: fd (fd:0, idx:1), active : 1
0:00:00.002841458  2775 0x55906a42b360 LOG   GST_POLL gstpoll.c:994:gst_poll_fd_ctl_write: 0x55906a44fcc0: pfd->events now 60 (POLLOUT:4)
0:00:00.002850270  2775 0x55906a42b360 DEBUG   GST_POLL gstpoll.c:979:gst_poll_fd_ctl_write: 0x55906a44fcc0: fd (fd:0, idx:1), active : 1
0:00:00.002856445  2775 0x55906a42b360 LOG   GST_POLL gstpoll.c:994:gst_poll_fd_ctl_write: 0x55906a44fcc0: pfd->events now 60 (POLLOUT:4)
0:00:00.002862651  2775 0x55906a42b360 DEBUG   GST_POLL gstpoll.c:979:gst_poll_fd_ctl_write: 0x55906a44fcc0: fd (fd:0, idx:1), active : 1
0:00:00.002868478  2775 0x55906a42b360 LOG   GST_POLL gstpoll.c:994:gst_poll_fd_ctl_write: 0x55906a44fcc0: pfd->events now 60 (POLLOUT:4)
0:00:00.002874643  2775 0x55906a42b360 DEBUG   GST_POLL gstpoll.c:979:gst_poll_fd_ctl_write: 0x55906a44fcc0: fd (fd:0, idx:1), active : 1
0:00:00.002880453  2775 0x55906a42b360 LOG   GST_POLL gstpoll.c:994:gst_poll_fd_ctl_write: 0x55906a44fcc0: pfd->events now 60 (POLLOUT:4)
0:00:00.002886537  2775 0x55906a42b360 DEBUG   GST_POLL gstpoll.c:979:gst_poll_fd_ctl_write: 0x55906a44fcc0: fd (fd:0, idx:1), active : 1
0:00:00.002892409  2775 0x55906a42b360 LOG   GST_POLL gstpoll.c:994:gst_poll_fd_ctl_write: 0x55906a44fcc0: pfd->events now 60 (POLLOUT:4)
0:00:00.002898547  2775 0x55906a42b360 DEBUG   GST_POLL gstpoll.c:979:gst_poll_fd_ctl_write: 0x55906a44fcc0: fd (fd:0, idx:1), active : 1
0:00:00.002904425  2775 0x55906a42b360 LOG   GST_POLL gstpoll.c:994:gst_poll_fd_ctl_write: 0x55906a44fcc0: pfd->events now 60 (POLLOUT:4)
0:00:00.002910439  2775 0x55906a42b360 DEBUG   GST_POLL gstpoll.c:979:gst_poll_fd_ctl_write: 0x55906a44fcc0: fd (fd:0, idx:1), active : 1
0:00:00.002916268  2775 0x55906a42b360 LOG   GST_POLL gstpoll.c:994:gst_poll_fd_ctl_write: 0x55906a44fcc0: pfd->events now 60 (POLLOUT:4)
0:00:00.002922330  2775 0x55906a42b360 DEBUG   GST_POLL gstpoll.c:979:gst_poll_fd_ctl_write: 0x55906a44fcc0: fd (fd:0, idx:1), active : 1
0:00:00.002928169  2775 0x55906a42b360 LOG   GST_POLL gstpoll.c:994:gst_poll_fd_ctl_write: 0x55906a44fcc0: pfd->events now 60 (POLLOUT:4)
0:00:00.002934208  2775 0x55906a42b360 DEBUG   GST_POLL gstpoll.c:979:gst_poll_fd_ctl_write: 0x55906a44fcc0: fd (fd:0, idx:1), active : 1
0:00:00.002940025  2775 0x55906a42b360 LOG   GST_POLL gstpoll.c:994:gst_poll_fd_ctl_write: 0x55906a44fcc0: pfd->events now 60 (POLLOUT:4)
0:00:00.002946063  2775 0x55906a42b360 DEBUG   GST_POLL gstpoll.c:979:gst_poll_fd_ctl_write: 0x55906a44fcc0: fd (fd:0, idx:1), active : 1
0:00:00.002951867  2775 0x55906a42b360 LOG   GST_POLL gstpoll.c:994:gst_poll_fd_ctl_write: 0x55906a44fcc0: pfd->events now 60 (POLLOUT:4)
0:00:00.002957952  2775 0x55906a42b360 DEBUG   GST_POLL gstpoll.c:979:gst_poll_fd_ctl_write: 0x55906a44fcc0: fd (fd:0, idx:1), active : 1
0:00:00.002967995  2775 0x55906a42b360 LOG   GST_POLL gstpoll.c:994:gst_poll_fd_ctl_write: 0x55906a44fcc0: pfd->events now 60 (POLLOUT:4)
0:00:00.002974274  2775 0x55906a42b360 DEBUG   GST_POLL gstpoll.c:979:gst_poll_fd_ctl_write: 0x55906a44fcc0: fd (fd:0, idx:1), active : 1
0:00:00.002980129  2775 0x55906a42b360 LOG   GST_POLL gstpoll.c:994:gst_poll_fd_ctl_write: 0x55906a44fcc0: pfd->events now 60 (POLLOUT:4)
0:00:00.002986218  2775 0x55906a42b360 DEBUG   GST_POLL gstpoll.c:979:gst_poll_fd_ctl_write: 0x55906a44fcc0: fd (fd:0, idx:1), active : 1
0:00:00.002992050  2775 0x55906a42b360 LOG   GST_POLL gstpoll.c:994:gst_poll_fd_ctl_write: 0x55906a44fcc0: pfd->events now 60 (POLLOUT:4)
0:00:00.002998162  2775 0x55906a42b360 DEBUG   GST_POLL gstpoll.c:979:gst_poll_fd_ctl_write: 0x55906a44fcc0: fd (fd:0, idx:1), active : 1
0:00:00.003004024  2775 0x55906a42b360 LOG   GST_POLL gstpoll.c:994:gst_poll_fd_ctl_write: 0x55906a44fcc0: pfd->events now 60 (POLLOUT:4)
0:00:00.003011748  2775 0x55906a42b360 TRACE   GST_REFCOUNTING gstobject.c:264:gst_object_unref: 0x55906a451720 unref 2->1
0:00:00.003019357  2775 0x55906a42b360 DEBUG   GST_POLL gstpoll.c:1241:gst_poll_fd_has_error: 0x55906a44fcc0: fd (fd:0, idx:1) 0
0:00:00.003025943  2775 0x55906a42b360 DEBUG   GST_POLL gstpoll.c:1335:gst_poll_fd_can_write: 0x55906a44fcc0: fd (fd:0, idx:1) 0
0:00:00.003032384  2775 0x55906a42b360 DEBUG   GST_POLL gstpoll.c:1195:gst_poll_fd_has_closed: 0x55906a44fcc0: fd (fd:0, idx:1) 0
0:00:00.003039540  2775 0x55906a42b360 DEBUG   GST_POLL gstpoll.c:1414:gst_poll_wait: 0x55906a44fcc0: timeout :0:00:01.000000000
0:00:00.003049335  2775 0x55906a42b360 LOG   GST_PLUGIN_LOADING gstpluginloader.c:1026:exchange_packets: Poll res = 2. 488 bytes pending for write
0:00:00.003056237  2775 0x55906a42b360 DEBUG   GST_POLL gstpoll.c:1241:gst_poll_fd_has_error: 0x55906a44fcc0: fd (fd:5, idx:2) 0
0:00:00.003062505  2775 0x55906a42b360 DEBUG   GST_POLL gstpoll.c:1266:gst_poll_fd_can_read_unlocked: 0x55906a44fcc0: fd (fd:5, idx:2) 1
0:00:00.003072464  2775 0x55906a42b360 DEBUG   GST_PLUGIN_LOADING gstpluginloader.c:721:do_plugin_load: Plugin scanner loading file /home/conan/w/prod/BuildSingleReference/.conan/data/gstreamer/1.19.1/_/_/package/5a2a240dc39d481eff30f147f0e2f01ae047b26f/lib/gstreamer-1.0/libgstcoreelements.so. tag 1
0:00:00.003079905  2775 0x55906a42b360 DEBUG   GST_PLUGIN_LOADING gstplugin.c:767:_priv_gst_plugin_load_file_for_registry: attempt to load plugin "/home/conan/w/prod/BuildSingleReference/.conan/data/gstreamer/1.19.1/_/_/package/5a2a240dc39d481eff30f147f0e2f01ae047b26f/lib/gstreamer-1.0/libgstcoreelements.so"
0:00:00.003471685  2775 0x55906a42b360 TRACE   GST_REFCOUNTING gstobject.c:208:gst_object_init: 0x55906a454c30 new
0:00:00.003495071  2775 0x55906a42b360 LOG   GST_PLUGIN_LOADING gstplugin.c:889:_priv_gst_plugin_load_file_for_registry: Plugin 0x55906a454c30 for file "/home/conan/w/prod/BuildSingleReference/.conan/data/gstreamer/1.19.1/_/_/package/5a2a240dc39d481eff30f147f0e2f01ae047b26f/lib/gstreamer-1.0/libgstcoreelements.so" prepared, calling entry function...
0:00:00.003504947  2775 0x55906a42b360 LOG   GST_PLUGIN_LOADING gstplugin.c:896:_priv_gst_plugin_load_file_for_registry: Plugin 0x55906a454c30 for file "/home/conan/w/prod/BuildSingleReference/.conan/data/gstreamer/1.19.1/_/_/package/5a2a240dc39d481eff30f147f0e2f01ae047b26f/lib/gstreamer-1.0/libgstcoreelements.so" prepared, registering...
0:00:00.003518269  2775 0x55906a42b360 LOG   GST_PLUGIN_LOADING gstplugin.c:514:gst_plugin_register_func: plugin "/home/conan/w/prod/BuildSingleReference/.conan/data/gstreamer/1.19.1/_/_/package/5a2a240dc39d481eff30f147f0e2f01ae047b26f/lib/gstreamer-1.0/libgstcoreelements.so" looks good
0:00:00.003545310  2775 0x55906a42b360 TRACE   GST_REFCOUNTING gstobject.c:208:gst_object_init: 0x55906a455290 new
0:00:00.003554748  2775 0x55906a42b360 LOG   GST_ELEMENT_FACTORY gstelementfactory.c:237:gst_element_register: Created new elementfactory for type GstCapsFilter
0:00:00.003563103  2775 0x55906a42b360 TRACE   structure gststructure.c:292:gst_structure_new_id_empty_with_size: created structure 0x55906a455890
0:00:00.003570166  2775 0x55906a42b360 TRACE   GST_PERFORMANCE gststructure.c:511:gst_structure_copy: doing copy 0x55906a43a290 -> 0x55906a455890
0:00:00.003577845  2775 0x55906a42b360 DEBUG   GST_ELEMENT_PADS gstelement.c:311:gst_element_base_class_init: type GstBaseTransform : factory (nil)
0:00:00.003585745  2775 0x55906a42b360 DEBUG   basetransform gstbasetransform.c:333:gst_base_transform_class_init: gst_base_transform_class_init
0:00:00.003618217  2775 0x55906a42b360 TRACE   structure gststructure.c:292:gst_structure_new_id_empty_with_size: created structure 0x55906a455de0
0:00:00.003625805  2775 0x55906a42b360 TRACE   GST_PERFORMANCE gststructure.c:511:gst_structure_copy: doing copy 0x55906a455890 -> 0x55906a455de0
0:00:00.003633563  2775 0x55906a42b360 DEBUG   GST_ELEMENT_PADS gstelement.c:311:gst_element_base_class_init: type GstCapsFilter : factory 0x55906a455290
0:00:00.003655169  2775 0x55906a42b360 TRACE   GST_CAPS gstcaps.c:263:gst_caps_new_empty: created caps 0x55906a453e00
0:00:00.003663138  2775 0x55906a42b360 TRACE   GST_CAPS gstcaps.c:439:gst_static_caps_get: created 0x7f34074cdef0 from string ANY
0:00:00.003670808  2775 0x55906a42b360 TRACE   GST_REFCOUNTING gstminiobject.c:478:gst_mini_object_ref: 0x55906a453e00 ref 1->2
0:00:00.003690684  2775 0x55906a42b360 TRACE   GST_REFCOUNTING gstobject.c:208:gst_object_init: 0x55906a4567b0 new
0:00:00.003702462  2775 0x55906a42b360 TRACE   GST_REFCOUNTING gstminiobject.c:478:gst_mini_object_ref: 0x55906a453e00 ref 2->3
0:00:00.003714004  2775 0x55906a42b360 TRACE   GST_REFCOUNTING gstminiobject.c:660:gst_mini_object_unref: 0x55906a453e00 unref 3->2
0:00:00.003722180  2775 0x55906a42b360 TRACE   GST_REFCOUNTING gstobject.c:292:gst_object_ref_sink: 0x55906a4567b0 ref_sink 1->2
0:00:00.003729418  2775 0x55906a42b360 TRACE   GST_CAPS gstcaps.c:263:gst_caps_new_empty: created caps 0x55906a453200
0:00:00.003736142  2775 0x55906a42b360 TRACE   GST_CAPS gstcaps.c:439:gst_static_caps_get: created 0x7f34074cdf30 from string ANY
0:00:00.003742974  2775 0x55906a42b360 TRACE   GST_REFCOUNTING gstminiobject.c:478:gst_mini_object_ref: 0x55906a453200 ref 1->2
0:00:00.003756298  2775 0x55906a42b360 TRACE   GST_REFCOUNTING gstobject.c:208:gst_object_init: 0x55906a456a20 new
0:00:00.003764725  2775 0x55906a42b360 TRACE   GST_REFCOUNTING gstminiobject.c:478:gst_mini_object_ref: 0x55906a453200 ref 2->3
0:00:00.003772888  2775 0x55906a42b360 TRACE   GST_REFCOUNTING gstminiobject.c:660:gst_mini_object_unref: 0x55906a453200 unref 3->2
0:00:00.003780471  2775 0x55906a42b360 TRACE   GST_REFCOUNTING gstobject.c:292:gst_object_ref_sink: 0x55906a456a20 ref_sink 1->2
0:00:00.003808092  2775 0x55906a42b360 TRACE   structure gststructure.c:292:gst_structure_new_id_empty_with_size: created structure 0x55906a456be0
0:00:00.003820156  2775 0x55906a42b360 TRACE   GST_PERFORMANCE gststructure.c:511:gst_structure_copy: doing copy 0x55906a455de0 -> 0x55906a456be0
0:00:00.003836826  2775 0x55906a42b360 DEBUG   GST_REGISTRY gstregistry.c:589:gst_registry_add_feature: adding feature 0x55906a455290 (capsfilter)
0:00:00.003847412  2775 0x55906a42b360 DEBUG   GST_REFCOUNTING gstobject.c:708:gst_object_set_parent: set parent (ref and sink)
0:00:00.003858097  2775 0x55906a42b360 TRACE   GST_REFCOUNTING gstobject.c:292:gst_object_ref_sink: 0x55906a455290 ref_sink 1->2
0:00:00.003864913  2775 0x55906a42b360 LOG   GST_REGISTRY gstregistry.c:607:gst_registry_add_feature: emitting feature-added for capsfilter
0:00:00.003877403  2775 0x55906a42b360 TRACE   GST_REFCOUNTING gstobject.c:208:gst_object_init: 0x55906a457100 new
0:00:00.003886809  2775 0x55906a42b360 LOG   GST_ELEMENT_FACTORY gstelementfactory.c:237:gst_element_register: Created new elementfactory for type GstClockSync
0:00:00.003894526  2775 0x55906a42b360 TRACE   structure gststructure.c:292:gst_structure_new_id_empty_with_size: created structure 0x55906a4574e0
0:00:00.003900662  2775 0x55906a42b360 TRACE   GST_PERFORMANCE gststructure.c:511:gst_structure_copy: doing copy 0x55906a43a290 -> 0x55906a4574e0
0:00:00.003907240  2775 0x55906a42b360 DEBUG   GST_ELEMENT_PADS gstelement.c:311:gst_element_base_class_init: type GstClockSync : factory 0x55906a457100
0:00:00.003920067  2775 0x55906a42b360 TRACE   GST_CAPS gstcaps.c:263:gst_caps_new_empty: created caps 0x55906a457230
0:00:00.003926825  2775 0x55906a42b360 TRACE   GST_CAPS gstcaps.c:439:gst_static_caps_get: created 0x7f34074cdf70 from string ANY
0:00:00.003933455  2775 0x55906a42b360 TRACE   GST_REFCOUNTING gstminiobject.c:478:gst_mini_object_ref: 0x55906a457230 ref 1->2
0:00:00.003941611  2775 0x55906a42b360 TRACE   GST_REFCOUNTING gstobject.c:208:gst_object_init: 0x55906a4577a0 new
0:00:00.003949736  2775 0x55906a42b360 TRACE   GST_REFCOUNTING gstminiobject.c:478:gst_mini_object_ref: 0x55906a457230 ref 2->3
0:00:00.003957724  2775 0x55906a42b360 TRACE   GST_REFCOUNTING gstminiobject.c:660:gst_mini_object_unref: 0x55906a457230 unref 3->2
0:00:00.003964820  2775 0x55906a42b360 TRACE   GST_REFCOUNTING gstobject.c:292:gst_object_ref_sink: 0x55906a4577a0 ref_sink 1->2
0:00:00.003971403  2775 0x55906a42b360 TRACE   GST_CAPS gstcaps.c:263:gst_caps_new_empty: created caps 0x55906a42b660
0:00:00.003982643  2775 0x55906a42b360 TRACE   GST_CAPS gstcaps.c:439:gst_static_caps_get: created 0x7f34074cdfb0 from string ANY
0:00:00.003989042  2775 0x55906a42b360 TRACE   GST_REFCOUNTING gstminiobject.c:478:gst_mini_object_ref: 0x55906a42b660 ref 1->2
0:00:00.003996580  2775 0x55906a42b360 TRACE   GST_REFCOUNTING gstobject.c:208:gst_object_init: 0x55906a457a70 new
0:00:00.004004040  2775 0x55906a42b360 TRACE   GST_REFCOUNTING gstminiobject.c:478:gst_mini_object_ref: 0x55906a42b660 ref 2->3
0:00:00.004011346  2775 0x55906a42b360 TRACE   GST_REFCOUNTING gstminiobject.c:660:gst_mini_object_unref: 0x55906a42b660 unref 3->2
0:00:00.004018168  2775 0x55906a42b360 TRACE   GST_REFCOUNTING gstobject.c:292:gst_object_ref_sink: 0x55906a457a70 ref_sink 1->2
0:00:00.004025554  2775 0x55906a42b360 TRACE   structure gststructure.c:292:gst_structure_new_id_empty_with_size: created structure 0x55906a457bc0
0:00:00.004032225  2775 0x55906a42b360 TRACE   GST_PERFORMANCE gststructure.c:511:gst_structure_copy: doing copy 0x55906a4574e0 -> 0x55906a457bc0
0:00:00.004040354  2775 0x55906a42b360 DEBUG   GST_REGISTRY gstregistry.c:589:gst_registry_add_feature: adding feature 0x55906a457100 (clocksync)
0:00:00.004046458  2775 0x55906a42b360 DEBUG   GST_REFCOUNTING gstobject.c:708:gst_object_set_parent: set parent (ref and sink)
0:00:00.004056712  2775 0x55906a42b360 TRACE   GST_REFCOUNTING gstobject.c:292:gst_object_ref_sink: 0x55906a457100 ref_sink 1->2
0:00:00.004063187  2775 0x55906a42b360 LOG   GST_REGISTRY gstregistry.c:607:gst_registry_add_feature: emitting feature-added for clocksync
0:00:00.004073712  2775 0x55906a42b360 TRACE   GST_REFCOUNTING gstobject.c:208:gst_object_init: 0x55906a457f10 new
0:00:00.004081994  2775 0x55906a42b360 LOG   GST_ELEMENT_FACTORY gstelementfactory.c:237:gst_element_register: Created new elementfactory for type GstConcat
0:00:00.004089153  2775 0x55906a42b360 TRACE   structure gststructure.c:292:gst_structure_new_id_empty_with_size: created structure 0x55906a4582f0
0:00:00.004095338  2775 0x55906a42b360 TRACE   GST_PERFORMANCE gststructure.c:511:gst_structure_copy: doing copy 0x55906a43a290 -> 0x55906a4582f0
0:00:00.004101809  2775 0x55906a42b360 DEBUG   GST_ELEMENT_PADS gstelement.c:311:gst_element_base_class_init: type GstConcat : factory 0x55906a457f10
0:00:00.004112570  2775 0x55906a42b360 TRACE   GST_CAPS gstcaps.c:263:gst_caps_new_empty: created caps 0x55906a458040
0:00:00.004119053  2775 0x55906a42b360 TRACE   GST_CAPS gstcaps.c:439:gst_static_caps_get: created 0x7f34074ce030 from string ANY
0:00:00.004125342  2775 0x55906a42b360 TRACE   GST_REFCOUNTING gstminiobject.c:478:gst_mini_object_ref: 0x55906a458040 ref 1->2
0:00:00.004132906  2775 0x55906a42b360 TRACE   GST_REFCOUNTING gstobject.c:208:gst_object_init: 0x55906a458580 new
0:00:00.004140551  2775 0x55906a42b360 TRACE   GST_REFCOUNTING gstminiobject.c:478:gst_mini_object_ref: 0x55906a458040 ref 2->3
0:00:00.004152454  2775 0x55906a42b360 TRACE   GST_REFCOUNTING gstminiobject.c:660:gst_mini_object_unref: 0x55906a458040 unref 3->2
0:00:00.004159412  2775 0x55906a42b360 TRACE   GST_REFCOUNTING gstobject.c:292:gst_object_ref_sink: 0x55906a458580 ref_sink 1->2
0:00:00.004165815  2775 0x55906a42b360 TRACE   GST_CAPS gstcaps.c:263:gst_caps_new_empty: created caps 0x55906a457e80
0:00:00.004171987  2775 0x55906a42b360 TRACE   GST_CAPS gstcaps.c:439:gst_static_caps_get: created 0x7f34074cdff0 from string ANY
0:00:00.004178162  2775 0x55906a42b360 TRACE   GST_REFCOUNTING gstminiobject.c:478:gst_mini_object_ref: 0x55906a457e80 ref 1->2
0:00:00.004185530  2775 0x55906a42b360 TRACE   GST_REFCOUNTING gstobject.c:208:gst_object_init: 0x55906a458770 new
0:00:00.004193091  2775 0x55906a42b360 TRACE   GST_REFCOUNTING gstminiobject.c:478:gst_mini_object_ref: 0x55906a457e80 ref 2->3
0:00:00.004200470  2775 0x55906a42b360 TRACE   GST_REFCOUNTING gstminiobject.c:660:gst_mini_object_unref: 0x55906a457e80 unref 3->2
0:00:00.004207234  2775 0x55906a42b360 TRACE   GST_REFCOUNTING gstobject.c:292:gst_object_ref_sink: 0x55906a458770 ref_sink 1->2
0:00:00.004214770  2775 0x55906a42b360 TRACE   structure gststructure.c:292:gst_structure_new_id_empty_with_size: created structure 0x55906a458a50
0:00:00.004221584  2775 0x55906a42b360 TRACE   GST_PERFORMANCE gststructure.c:511:gst_structure_copy: doing copy 0x55906a4582f0 -> 0x55906a458a50
0:00:00.004229840  2775 0x55906a42b360 DEBUG   GST_REGISTRY gstregistry.c:589:gst_registry_add_feature: adding feature 0x55906a457f10 (concat)
0:00:00.004235768  2775 0x55906a42b360 DEBUG   GST_REFCOUNTING gstobject.c:708:gst_object_set_parent: set parent (ref and sink)
0:00:00.004242683  2775 0x55906a42b360 TRACE   GST_REFCOUNTING gstobject.c:292:gst_object_ref_sink: 0x55906a457f10 ref_sink 1->2
0:00:00.004248940  2775 0x55906a42b360 LOG   GST_REGISTRY gstregistry.c:607:gst_registry_add_feature: emitting feature-added for concat
0:00:00.004277534  2775 0x55906a42b360 TRACE   GST_REFCOUNTING gstobject.c:208:gst_object_init: 0x55906a458df0 new
0:00:00.004288992  2775 0x55906a42b360 LOG   GST_ELEMENT_FACTORY gstelementfactory.c:237:gst_element_register: Created new elementfactory for type GstDataURISrc
0:00:00.004296393  2775 0x55906a42b360 TRACE   structure gststructure.c:292:gst_structure_new_id_empty_with_size: created structure 0x55906a459310
0:00:00.004302299  2775 0x55906a42b360 TRACE   GST_PERFORMANCE gststructure.c:511:gst_structure_copy: doing copy 0x55906a43a290 -> 0x55906a459310
0:00:00.004308990  2775 0x55906a42b360 DEBUG   GST_ELEMENT_PADS gstelement.c:311:gst_element_base_class_init: type GstBaseSrc : factory (nil)
0:00:00.004330192  2775 0x55906a42b360 TRACE   structure gststructure.c:292:gst_structure_new_id_empty_with_size: created structure 0x55906a45a540
0:00:00.004336814  2775 0x55906a42b360 TRACE   GST_PERFORMANCE gststructure.c:511:gst_structure_copy: doing copy 0x55906a459310 -> 0x55906a45a540
0:00:00.004347960  2775 0x55906a42b360 DEBUG   GST_ELEMENT_PADS gstelement.c:311:gst_element_base_class_init: type GstDataURISrc : factory 0x55906a458df0
0:00:00.004356736  2775 0x55906a42b360 TRACE   GST_CAPS gstcaps.c:263:gst_caps_new_empty: created caps 0x55906a458f20
0:00:00.004363356  2775 0x55906a42b360 TRACE   GST_CAPS gstcaps.c:439:gst_static_caps_get: created 0x7f34074ce090 from string ANY
0:00:00.004369607  2775 0x55906a42b360 TRACE   GST_REFCOUNTING gstminiobject.c:478:gst_mini_object_ref: 0x55906a458f20 ref 1->2
0:00:00.004377083  2775 0x55906a42b360 TRACE   GST_REFCOUNTING gstobject.c:208:gst_object_init: 0x55906a45a670 new
0:00:00.004384846  2775 0x55906a42b360 TRACE   GST_REFCOUNTING gstminiobject.c:478:gst_mini_object_ref: 0x55906a458f20 ref 2->3
0:00:00.004392379  2775 0x55906a42b360 TRACE   GST_REFCOUNTING gstminiobject.c:660:gst_mini_object_unref: 0x55906a458f20 unref 3->2
0:00:00.004399211  2775 0x55906a42b360 TRACE   GST_REFCOUNTING gstobject.c:292:gst_object_ref_sink: 0x55906a45a670 ref_sink 1->2
0:00:00.004410308  2775 0x55906a42b360 TRACE   structure gststructure.c:292:gst_structure_new_id_empty_with_size: created structure 0x55906a45a890
0:00:00.004417250  2775 0x55906a42b360 TRACE   GST_PERFORMANCE gststructure.c:511:gst_structure_copy: doing copy 0x55906a45a540 -> 0x55906a45a890
0:00:00.004427770  2775 0x55906a42b360 DEBUG   GST_REGISTRY gstregistry.c:589:gst_registry_add_feature: adding feature 0x55906a458df0 (dataurisrc)
0:00:00.004433984  2775 0x55906a42b360 DEBUG   GST_REFCOUNTING gstobject.c:708:gst_object_set_parent: set parent (ref and sink)
0:00:00.004440888  2775 0x55906a42b360 TRACE   GST_REFCOUNTING gstobject.c:292:gst_object_ref_sink: 0x55906a458df0 ref_sink 1->2
0:00:00.004447226  2775 0x55906a42b360 LOG   GST_REGISTRY gstregistry.c:607:gst_registry_add_feature: emitting feature-added for dataurisrc
0:00:00.004457470  2775 0x55906a42b360 TRACE   GST_REFCOUNTING gstobject.c:208:gst_object_init: 0x55906a45ad10 new
0:00:00.004465833  2775 0x55906a42b360 LOG   GST_ELEMENT_FACTORY gstelementfactory.c:237:gst_element_register: Created new elementfactory for type GstDownloadBuffer
0:00:00.004478013  2775 0x55906a42b360 TRACE   structure gststructure.c:292:gst_structure_new_id_empty_with_size: created structure 0x55906a45b0f0
0:00:00.004484100  2775 0x55906a42b360 TRACE   GST_PERFORMANCE gststructure.c:511:gst_structure_copy: doing copy 0x55906a43a290 -> 0x55906a45b0f0
0:00:00.004490562  2775 0x55906a42b360 DEBUG   GST_ELEMENT_PADS gstelement.c:311:gst_element_base_class_init: type GstDownloadBuffer : factory 0x55906a45ad10
0:00:00.004504734  2775 0x55906a42b360 TRACE   GST_CAPS gstcaps.c:263:gst_caps_new_empty: created caps 0x55906a45ae40
0:00:00.004511211  2775 0x55906a42b360 TRACE   GST_CAPS gstcaps.c:439:gst_static_caps_get: created 0x7f34074ce0d0 from string ANY
0:00:00.004528911  2775 0x55906a42b360 TRACE   GST_REFCOUNTING gstminiobject.c:478:gst_mini_object_ref: 0x55906a45ae40 ref 1->2
0:00:00.004540000  2775 0x55906a42b360 TRACE   GST_REFCOUNTING gstobject.c:208:gst_object_init: 0x55906a45b5d0 new
0:00:00.004547200  2775 0x55906a42b360 TRACE   GST_REFCOUNTING gstminiobject.c:478:gst_mini_object_ref: 0x55906a45ae40 ref 2->3
0:00:00.004554168  2775 0x55906a42b360 TRACE   GST_REFCOUNTING gstminiobject.c:660:gst_mini_object_unref: 0x55906a45ae40 unref 3->2
0:00:00.004560654  2775 0x55906a42b360 TRACE   GST_REFCOUNTING gstobject.c:292:gst_object_ref_sink: 0x55906a45b5d0 ref_sink 1->2
0:00:00.004566645  2775 0x55906a42b360 TRACE   GST_CAPS gstcaps.c:263:gst_caps_new_empty: created caps 0x55906a45aac0
0:00:00.004572526  2775 0x55906a42b360 TRACE   GST_CAPS gstcaps.c:439:gst_static_caps_get: created 0x7f34074ce110 from string ANY
0:00:00.004578304  2775 0x55906a42b360 TRACE   GST_REFCOUNTING gstminiobject.c:478:gst_mini_object_ref: 0x55906a45aac0 ref 1->2
0:00:00.004585034  2775 0x55906a42b360 TRACE   GST_REFCOUNTING gstobject.c:208:gst_object_init: 0x55906a45b710 new
0:00:00.004591920  2775 0x55906a42b360 TRACE   GST_REFCOUNTING gstminiobject.c:478:gst_mini_object_ref: 0x55906a45aac0 ref 2->3
0:00:00.004598770  2775 0x55906a42b360 TRACE   GST_REFCOUNTING gstminiobject.c:660:gst_mini_object_unref: 0x55906a45aac0 unref 3->2
0:00:00.004610502  2775 0x55906a42b360 TRACE   GST_REFCOUNTING gstobject.c:292:gst_object_ref_sink: 0x55906a45b710 ref_sink 1->2
0:00:00.004618485  2775 0x55906a42b360 TRACE   structure gststructure.c:292:gst_structure_new_id_empty_with_size: created structure 0x55906a45b9f0
0:00:00.004624803  2775 0x55906a42b360 TRACE   GST_PERFORMANCE gststructure.c:511:gst_structure_copy: doing copy 0x55906a45b0f0 -> 0x55906a45b9f0
0:00:00.004643395  2775 0x55906a42b360 DEBUG   GST_REGISTRY gstregistry.c:589:gst_registry_add_feature: adding feature 0x55906a45ad10 (downloadbuffer)
0:00:00.004648841  2775 0x55906a42b360 DEBUG   GST_REFCOUNTING gstobject.c:708:gst_object_set_parent: set parent (ref and sink)
0:00:00.004654916  2775 0x55906a42b360 TRACE   GST_REFCOUNTING gstobject.c:292:gst_object_ref_sink: 0x55906a45ad10 ref_sink 1->2
0:00:00.004660436  2775 0x55906a42b360 LOG   GST_REGISTRY gstregistry.c:607:gst_registry_add_feature: emitting feature-added for downloadbuffer
0:00:00.004673733  2775 0x55906a42b360 TRACE   GST_REFCOUNTING gstobject.c:208:gst_object_init: 0x55906a45bd40 new
0:00:00.004681202  2775 0x55906a42b360 LOG   GST_ELEMENT_FACTORY gstelementfactory.c:237:gst_element_register: Created new elementfactory for type GstFakeSrc
0:00:00.004690195  2775 0x55906a42b360 TRACE   structure gststructure.c:292:gst_structure_new_id_empty_with_size: created structure 0x55906a45c260
0:00:00.004695467  2775 0x55906a42b360 TRACE   GST_PERFORMANCE gststructure.c:511:gst_structure_copy: doing copy 0x55906a459310 -> 0x55906a45c260
0:00:00.004701069  2775 0x55906a42b360 DEBUG   GST_ELEMENT_PADS gstelement.c:311:gst_element_base_class_init: type GstFakeSrc : factory 0x55906a45bd40
0:00:00.004731797  2775 0x55906a42b360 TRACE   GST_CAPS gstcaps.c:263:gst_caps_new_empty: created caps 0x55906a45be70
0:00:00.004742218  2775 0x55906a42b360 TRACE   GST_CAPS gstcaps.c:439:gst_static_caps_get: created 0x7f34074ce190 from string ANY
0:00:00.004747853  2775 0x55906a42b360 TRACE   GST_REFCOUNTING gstminiobject.c:478:gst_mini_object_ref: 0x55906a45be70 ref 1->2
0:00:00.004754632  2775 0x55906a42b360 TRACE   GST_REFCOUNTING gstobject.c:208:gst_object_init: 0x55906a45d1c0 new
0:00:00.004761220  2775 0x55906a42b360 TRACE   GST_REFCOUNTING gstminiobject.c:478:gst_mini_object_ref: 0x55906a45be70 ref 2->3
0:00:00.004767851  2775 0x55906a42b360 TRACE   GST_REFCOUNTING gstminiobject.c:660:gst_mini_object_unref: 0x55906a45be70 unref 3->2
0:00:00.004773794  2775 0x55906a42b360 TRACE   GST_REFCOUNTING gstobject.c:292:gst_object_ref_sink: 0x55906a45d1c0 ref_sink 1->2
0:00:00.004781294  2775 0x55906a42b360 TRACE   structure gststructure.c:292:gst_structure_new_id_empty_with_size: created structure 0x55906a45d420
0:00:00.004787056  2775 0x55906a42b360 TRACE   GST_PERFORMANCE gststructure.c:511:gst_structure_copy: doing copy 0x55906a45c260 -> 0x55906a45d420
0:00:00.004793937  2775 0x55906a42b360 DEBUG   GST_REGISTRY gstregistry.c:589:gst_registry_add_feature: adding feature 0x55906a45bd40 (fakesrc)
0:00:00.004799178  2775 0x55906a42b360 DEBUG   GST_REFCOUNTING gstobject.c:708:gst_object_set_parent: set parent (ref and sink)
0:00:00.004822904  2775 0x55906a42b360 TRACE   GST_REFCOUNTING gstobject.c:292:gst_object_ref_sink: 0x55906a45bd40 ref_sink 1->2
0:00:00.004834076  2775 0x55906a42b360 LOG   GST_REGISTRY gstregistry.c:607:gst_registry_add_feature: emitting feature-added for fakesrc
0:00:00.004849425  2775 0x55906a42b360 TRACE   GST_REFCOUNTING gstobject.c:208:gst_object_init: 0x55906a45d990 new
0:00:00.004857293  2775 0x55906a42b360 LOG   GST_ELEMENT_FACTORY gstelementfactory.c:237:gst_element_register: Created new elementfactory for type GstFakeSink
0:00:00.004866603  2775 0x55906a42b360 TRACE   structure gststructure.c:292:gst_structure_new_id_empty_with_size: created structure 0x55906a45dea0
0:00:00.004872006  2775 0x55906a42b360 TRACE   GST_PERFORMANCE gststructure.c:511:gst_structure_copy: doing copy 0x55906a43a290 -> 0x55906a45dea0
0:00:00.004877874  2775 0x55906a42b360 DEBUG   GST_ELEMENT_PADS gstelement.c:311:gst_element_base_class_init: type GstBaseSink : factory (nil)
0:00:00.004904950  2775 0x55906a42b360 TRACE   structure gststructure.c:292:gst_structure_new_id_empty_with_size: created structure 0x55906a45ebe0
0:00:00.004910669  2775 0x55906a42b360 TRACE   GST_PERFORMANCE gststructure.c:511:gst_structure_copy: doing copy 0x55906a45dea0 -> 0x55906a45ebe0
0:00:00.004916510  2775 0x55906a42b360 DEBUG   GST_ELEMENT_PADS gstelement.c:311:gst_element_base_class_init: type GstFakeSink : factory 0x55906a45d990
0:00:00.004938658  2775 0x55906a42b360 TRACE   GST_CAPS gstcaps.c:263:gst_caps_new_empty: created caps 0x55906a45dac0
0:00:00.004944721  2775 0x55906a42b360 TRACE   GST_CAPS gstcaps.c:439:gst_static_caps_get: created 0x7f34074ce150 from string ANY
0:00:00.004954676  2775 0x55906a42b360 TRACE   GST_REFCOUNTING gstminiobject.c:478:gst_mini_object_ref: 0x55906a45dac0 ref 1->2
0:00:00.004961779  2775 0x55906a42b360 TRACE   GST_REFCOUNTING gstobject.c:208:gst_object_init: 0x55906a45f620 new
0:00:00.004968721  2775 0x55906a42b360 TRACE   GST_REFCOUNTING gstminiobject.c:478:gst_mini_object_ref: 0x55906a45dac0 ref 2->3
0:00:00.004975504  2775 0x55906a42b360 TRACE   GST_REFCOUNTING gstminiobject.c:660:gst_mini_object_unref: 0x55906a45dac0 unref 3->2
0:00:00.004981734  2775 0x55906a42b360 TRACE   GST_REFCOUNTING gstobject.c:292:gst_object_ref_sink: 0x55906a45f620 ref_sink 1->2
0:00:00.004988654  2775 0x55906a42b360 TRACE   structure gststructure.c:292:gst_structure_new_id_empty_with_size: created structure 0x55906a45fa20
0:00:00.004994550  2775 0x55906a42b360 TRACE   GST_PERFORMANCE gststructure.c:511:gst_structure_copy: doing copy 0x55906a45ebe0 -> 0x55906a45fa20
0:00:00.005001538  2775 0x55906a42b360 DEBUG   GST_REGISTRY gstregistry.c:589:gst_registry_add_feature: adding feature 0x55906a45d990 (fakesink)
