0:00:00.019310899  2774 0x55a3cb0ca360 DEBUG   default gstvalue.c:2776:_priv_gst_value_parse_value: trying type name 'string'
0:00:00.014934606  2775 0x55906a42b360 LOG   GST_POLL gstpoll.c:994:gst_poll_fd_ctl_write: 0x55906a44fcc0: pfd->events now 60 (POLLOUT:4)
0:00:00.019318148  2774 0x55a3cb0ca360 DEBUG   structure gststructure.c:2258:gst_structure_parse_field: trying field name 'description'
0:00:00.014941399  2775 0x55906a42b360 DEBUG   GST_POLL gstpoll.c:979:gst_poll_fd_ctl_write: 0x55906a44fcc0: fd (fd:0, idx:1), active : 1
0:00:00.019324248  2774 0x55a3cb0ca360 DEBUG   default gstvalue.c:2776:_priv_gst_value_parse_value: trying type name 'string'
0:00:00.014948037  2775 0x55906a42b360 LOG   GST_POLL gstpoll.c:994:gst_poll_fd_ctl_write: 0x55906a44fcc0: pfd->events now 60 (POLLOUT:4)
0:00:00.019331875  2774 0x55a3cb0ca360 DEBUG   structure gststructure.c:2258:gst_structure_parse_field: trying field name 'author'
0:00:00.014954787  2775 0x55906a42b360 DEBUG   GST_POLL gstpoll.c:979:gst_poll_fd_ctl_write: 0x55906a44fcc0: fd (fd:0, idx:1), active : 1
0:00:00.019338016  2774 0x55a3cb0ca360 DEBUG   default gstvalue.c:2776:_priv_gst_value_parse_value: trying type name 'string'
0:00:00.014961326  2775 0x55906a42b360 LOG   GST_POLL gstpoll.c:994:gst_poll_fd_ctl_write: 0x55906a44fcc0: pfd->events now 60 (POLLOUT:4)
0:00:00.019345252  2774 0x55a3cb0ca360 DEBUG   GST_REGISTRY gstregistrychunks.c:626:gst_registry_chunks_load_feature: Element factory : npadtemplates=1
0:00:00.014968042  2775 0x55906a42b360 DEBUG   GST_POLL gstpoll.c:979:gst_poll_fd_ctl_write: 0x55906a44fcc0: fd (fd:0, idx:1), active : 1
0:00:00.019351259  2774 0x55a3cb0ca360 DEBUG   GST_REGISTRY gstregistrychunks.c:525:gst_registry_chunks_load_pad_template: Reading/casting for GstRegistryChunkPadTemplate at address 0x55a3cb0f1d30
0:00:00.014978665  2775 0x55906a42b360 LOG   GST_POLL gstpoll.c:994:gst_poll_fd_ctl_write: 0x55906a44fcc0: pfd->events now 60 (POLLOUT:4)
0:00:00.019361845  2774 0x55a3cb0ca360 DEBUG   GST_REGISTRY gstregistrychunks.c:539:gst_registry_chunks_load_pad_template: Added pad_template src
0:00:00.014985676  2775 0x55906a42b360 DEBUG   GST_POLL gstpoll.c:979:gst_poll_fd_ctl_write: 0x55906a44fcc0: fd (fd:0, idx:1), active : 1
0:00:00.019369483  2774 0x55a3cb0ca360 DEBUG   GST_REGISTRY gstregistry.c:589:gst_registry_add_feature: adding feature 0x55a3cb0fc470 (fakesrc)
0:00:00.014992171  2775 0x55906a42b360 LOG   GST_POLL gstpoll.c:994:gst_poll_fd_ctl_write: 0x55906a44fcc0: pfd->events now 60 (POLLOUT:4)
0:00:00.019375643  2774 0x55a3cb0ca360 DEBUG   GST_REFCOUNTING gstobject.c:708:gst_object_set_parent: set parent (ref and sink)
0:00:00.014999062  2775 0x55906a42b360 DEBUG   GST_POLL gstpoll.c:979:gst_poll_fd_ctl_write: 0x55906a44fcc0: fd (fd:0, idx:1), active : 1
0:00:00.019382915  2774 0x55a3cb0ca360 TRACE   GST_REFCOUNTING gstobject.c:292:gst_object_ref_sink: 0x55a3cb0fc470 ref_sink 1->2
0:00:00.015005517  2775 0x55906a42b360 LOG   GST_POLL gstpoll.c:994:gst_poll_fd_ctl_write: 0x55906a44fcc0: pfd->events now 60 (POLLOUT:4)
0:00:00.019389606  2774 0x55a3cb0ca360 LOG   GST_REGISTRY gstregistry.c:607:gst_registry_add_feature: emitting feature-added for fakesrc
0:00:00.015012516  2775 0x55906a42b360 DEBUG   GST_POLL gstpoll.c:979:gst_poll_fd_ctl_write: 0x55906a44fcc0: fd (fd:0, idx:1), active : 1
0:00:00.019396562  2774 0x55a3cb0ca360 DEBUG   GST_REGISTRY gstregistrychunks.c:740:gst_registry_chunks_load_feature: Added feature fakesrc, plugin 0x55a3cb0faad0 coreelements
0:00:00.015018867  2775 0x55906a42b360 LOG   GST_POLL gstpoll.c:994:gst_poll_fd_ctl_write: 0x55906a44fcc0: pfd->events now 60 (POLLOUT:4)
0:00:00.019403213  2774 0x55a3cb0ca360 DEBUG   GST_REGISTRY gstregistrychunks.c:582:gst_registry_chunks_load_feature: Plugin 'coreelements' feature 'downloadbuffer' typename : 'GstElementFactory'
0:00:00.015025633  2775 0x55906a42b360 DEBUG   GST_POLL gstpoll.c:979:gst_poll_fd_ctl_write: 0x55906a44fcc0: fd (fd:0, idx:1), active : 1
0:00:00.019410024  2774 0x55a3cb0ca360 TRACE   GST_REFCOUNTING gstobject.c:208:gst_object_init: 0x55a3cb0fc9b0 new
0:00:00.015032105  2775 0x55906a42b360 LOG   GST_POLL gstpoll.c:994:gst_poll_fd_ctl_write: 0x55906a44fcc0: pfd->events now 60 (POLLOUT:4)
0:00:00.019417364  2774 0x55a3cb0ca360 LOG   GST_REGISTRY gstregistrychunks.c:609:gst_registry_chunks_load_feature: Reading/casting for GstRegistryChunkElementFactory at address 0x55a3cb0f1d68
0:00:00.015038960  2775 0x55906a42b360 DEBUG   GST_POLL gstpoll.c:979:gst_poll_fd_ctl_write: 0x55906a44fcc0: fd (fd:0, idx:1), active : 1
0:00:00.019423643  2774 0x55a3cb0ca360 TRACE   structure gststructure.c:292:gst_structure_new_id_empty_with_size: created structure 0x55a3cb0fccb0
0:00:00.015045466  2775 0x55906a42b360 LOG   GST_POLL gstpoll.c:994:gst_poll_fd_ctl_write: 0x55906a44fcc0: pfd->events now 60 (POLLOUT:4)
0:00:00.019429722  2774 0x55a3cb0ca360 DEBUG   structure gststructure.c:2258:gst_structure_parse_field: trying field name 'long-name'
0:00:00.015058631  2775 0x55906a42b360 DEBUG   GST_POLL gstpoll.c:979:gst_poll_fd_ctl_write: 0x55906a44fcc0: fd (fd:0, idx:1), active : 1
0:00:00.019441503  2774 0x55a3cb0ca360 DEBUG   default gstvalue.c:2776:_priv_gst_value_parse_value: trying type name 'string'
0:00:00.015065367  2775 0x55906a42b360 LOG   GST_POLL gstpoll.c:994:gst_poll_fd_ctl_write: 0x55906a44fcc0: pfd->events now 60 (POLLOUT:4)
0:00:00.019448916  2774 0x55a3cb0ca360 DEBUG   structure gststructure.c:2258:gst_structure_parse_field: trying field name 'klass'
0:00:00.015072088  2775 0x55906a42b360 DEBUG   GST_POLL gstpoll.c:979:gst_poll_fd_ctl_write: 0x55906a44fcc0: fd (fd:0, idx:1), active : 1
0:00:00.019455213  2774 0x55a3cb0ca360 DEBUG   default gstvalue.c:2776:_priv_gst_value_parse_value: trying type name 'string'
0:00:00.015078678  2775 0x55906a42b360 LOG   GST_POLL gstpoll.c:994:gst_poll_fd_ctl_write: 0x55906a44fcc0: pfd->events now 60 (POLLOUT:4)
0:00:00.019462236  2774 0x55a3cb0ca360 DEBUG   structure gststructure.c:2258:gst_structure_parse_field: trying field name 'description'
0:00:00.015085434  2775 0x55906a42b360 DEBUG   GST_POLL gstpoll.c:979:gst_poll_fd_ctl_write: 0x55906a44fcc0: fd (fd:0, idx:1), active : 1
0:00:00.019468342  2774 0x55a3cb0ca360 DEBUG   default gstvalue.c:2776:_priv_gst_value_parse_value: trying type name 'string'
0:00:00.015091883  2775 0x55906a42b360 LOG   GST_POLL gstpoll.c:994:gst_poll_fd_ctl_write: 0x55906a44fcc0: pfd->events now 60 (POLLOUT:4)
0:00:00.019475523  2774 0x55a3cb0ca360 DEBUG   structure gststructure.c:2258:gst_structure_parse_field: trying field name 'author'
0:00:00.015098755  2775 0x55906a42b360 DEBUG   GST_POLL gstpoll.c:979:gst_poll_fd_ctl_write: 0x55906a44fcc0: fd (fd:0, idx:1), active : 1
0:00:00.019481683  2774 0x55a3cb0ca360 DEBUG   default gstvalue.c:2776:_priv_gst_value_parse_value: trying type name 'string'
0:00:00.015105307  2775 0x55906a42b360 LOG   GST_POLL gstpoll.c:994:gst_poll_fd_ctl_write: 0x55906a44fcc0: pfd->events now 60 (POLLOUT:4)
0:00:00.019488976  2774 0x55a3cb0ca360 DEBUG   GST_REGISTRY gstregistrychunks.c:626:gst_registry_chunks_load_feature: Element factory : npadtemplates=2
0:00:00.015112022  2775 0x55906a42b360 DEBUG   GST_POLL gstpoll.c:979:gst_poll_fd_ctl_write: 0x55906a44fcc0: fd (fd:0, idx:1), active : 1
0:00:00.019495005  2774 0x55a3cb0ca360 DEBUG   GST_REGISTRY gstregistrychunks.c:525:gst_registry_chunks_load_pad_template: Reading/casting for GstRegistryChunkPadTemplate at address 0x55a3cb0f1e30
0:00:00.015118420  2775 0x55906a42b360 LOG   GST_POLL gstpoll.c:994:gst_poll_fd_ctl_write: 0x55906a44fcc0: pfd->events now 60 (POLLOUT:4)
0:00:00.019501594  2774 0x55a3cb0ca360 DEBUG   GST_REGISTRY gstregistrychunks.c:539:gst_registry_chunks_load_pad_template: Added pad_template sink
0:00:00.015125297  2775 0x55906a42b360 DEBUG   GST_POLL gstpoll.c:979:gst_poll_fd_ctl_write: 0x55906a44fcc0: fd (fd:0, idx:1), active : 1
0:00:00.019510922  2774 0x55a3cb0ca360 DEBUG   GST_REGISTRY gstregistrychunks.c:525:gst_registry_chunks_load_pad_template: Reading/casting for GstRegistryChunkPadTemplate at address 0x55a3cb0f1e48
0:00:00.015135698  2775 0x55906a42b360 LOG   GST_POLL gstpoll.c:994:gst_poll_fd_ctl_write: 0x55906a44fcc0: pfd->events now 60 (POLLOUT:4)
0:00:00.019518891  2774 0x55a3cb0ca360 DEBUG   GST_REGISTRY gstregistrychunks.c:539:gst_registry_chunks_load_pad_template: Added pad_template src
0:00:00.015142651  2775 0x55906a42b360 DEBUG   GST_POLL gstpoll.c:979:gst_poll_fd_ctl_write: 0x55906a44fcc0: fd (fd:0, idx:1), active : 1
0:00:00.019526354  2774 0x55a3cb0ca360 DEBUG   GST_REGISTRY gstregistry.c:589:gst_registry_add_feature: adding feature 0x55a3cb0fc9b0 (downloadbuffer)
0:00:00.015149125  2775 0x55906a42b360 LOG   GST_POLL gstpoll.c:994:gst_poll_fd_ctl_write: 0x55906a44fcc0: pfd->events now 60 (POLLOUT:4)
0:00:00.019532473  2774 0x55a3cb0ca360 DEBUG   GST_REFCOUNTING gstobject.c:708:gst_object_set_parent: set parent (ref and sink)
0:00:00.015155888  2775 0x55906a42b360 DEBUG   GST_POLL gstpoll.c:979:gst_poll_fd_ctl_write: 0x55906a44fcc0: fd (fd:0, idx:1), active : 1
0:00:00.019539805  2774 0x55a3cb0ca360 TRACE   GST_REFCOUNTING gstobject.c:292:gst_object_ref_sink: 0x55a3cb0fc9b0 ref_sink 1->2
0:00:00.015162474  2775 0x55906a42b360 LOG   GST_POLL gstpoll.c:994:gst_poll_fd_ctl_write: 0x55906a44fcc0: pfd->events now 60 (POLLOUT:4)
0:00:00.019546559  2774 0x55a3cb0ca360 LOG   GST_REGISTRY gstregistry.c:607:gst_registry_add_feature: emitting feature-added for downloadbuffer
0:00:00.015169400  2775 0x55906a42b360 DEBUG   GST_POLL gstpoll.c:979:gst_poll_fd_ctl_write: 0x55906a44fcc0: fd (fd:0, idx:1), active : 1
0:00:00.019553279  2774 0x55a3cb0ca360 DEBUG   GST_REGISTRY gstregistrychunks.c:740:gst_registry_chunks_load_feature: Added feature downloadbuffer, plugin 0x55a3cb0faad0 coreelements
0:00:00.015175947  2775 0x55906a42b360 LOG   GST_POLL gstpoll.c:994:gst_poll_fd_ctl_write: 0x55906a44fcc0: pfd->events now 60 (POLLOUT:4)
0:00:00.015182708  2775 0x55906a42b360 DEBUG   GST_POLL gstpoll.c:979:gst_poll_fd_ctl_write: 0x55906a44fcc0: fd (fd:0, idx:1), active : 1
0:00:00.019559845  2774 0x55a3cb0ca360 DEBUG   GST_REGISTRY gstregistrychunks.c:582:gst_registry_chunks_load_feature: Plugin 'coreelements' feature 'dataurisrc' typename : 'GstElementFactory'
0:00:00.015188874  2775 0x55906a42b360 LOG   GST_POLL gstpoll.c:994:gst_poll_fd_ctl_write: 0x55906a44fcc0: pfd->events now 60 (POLLOUT:4)
0:00:00.019572979  2774 0x55a3cb0ca360 TRACE   GST_REFCOUNTING gstobject.c:208:gst_object_init: 0x55a3cb0fd190 new
0:00:00.015195720  2775 0x55906a42b360 DEBUG   GST_POLL gstpoll.c:979:gst_poll_fd_ctl_write: 0x55906a44fcc0: fd (fd:0, idx:1), active : 1
0:00:00.019580628  2774 0x55a3cb0ca360 LOG   GST_REGISTRY gstregistrychunks.c:609:gst_registry_chunks_load_feature: Reading/casting for GstRegistryChunkElementFactory at address 0x55a3cb0f1e78
0:00:00.015202334  2775 0x55906a42b360 LOG   GST_POLL gstpoll.c:994:gst_poll_fd_ctl_write: 0x55906a44fcc0: pfd->events now 60 (POLLOUT:4)
0:00:00.019587117  2774 0x55a3cb0ca360 TRACE   structure gststructure.c:292:gst_structure_new_id_empty_with_size: created structure 0x55a3cb0fd4a0
0:00:00.015213199  2775 0x55906a42b360 DEBUG   GST_POLL gstpoll.c:979:gst_poll_fd_ctl_write: 0x55906a44fcc0: fd (fd:0, idx:1), active : 1
0:00:00.019595939  2774 0x55a3cb0ca360 DEBUG   structure gststructure.c:2258:gst_structure_parse_field: trying field name 'long-name'
0:00:00.015219808  2775 0x55906a42b360 LOG   GST_POLL gstpoll.c:994:gst_poll_fd_ctl_write: 0x55906a44fcc0: pfd->events now 60 (POLLOUT:4)
0:00:00.019602942  2774 0x55a3cb0ca360 DEBUG   default gstvalue.c:2776:_priv_gst_value_parse_value: trying type name 'string'
0:00:00.015226618  2775 0x55906a42b360 DEBUG   GST_POLL gstpoll.c:979:gst_poll_fd_ctl_write: 0x55906a44fcc0: fd (fd:0, idx:1), active : 1
0:00:00.019610192  2774 0x55a3cb0ca360 DEBUG   structure gststructure.c:2258:gst_structure_parse_field: trying field name 'klass'
0:00:00.015233177  2775 0x55906a42b360 LOG   GST_POLL gstpoll.c:994:gst_poll_fd_ctl_write: 0x55906a44fcc0: pfd->events now 60 (POLLOUT:4)
0:00:00.019616428  2774 0x55a3cb0ca360 DEBUG   default gstvalue.c:2776:_priv_gst_value_parse_value: trying type name 'string'
0:00:00.015240025  2775 0x55906a42b360 DEBUG   GST_POLL gstpoll.c:979:gst_poll_fd_ctl_write: 0x55906a44fcc0: fd (fd:0, idx:1), active : 1
0:00:00.019623205  2774 0x55a3cb0ca360 DEBUG   structure gststructure.c:2258:gst_structure_parse_field: trying field name 'description'
0:00:00.015246554  2775 0x55906a42b360 LOG   GST_POLL gstpoll.c:994:gst_poll_fd_ctl_write: 0x55906a44fcc0: pfd->events now 60 (POLLOUT:4)
0:00:00.019629586  2774 0x55a3cb0ca360 DEBUG   default gstvalue.c:2776:_priv_gst_value_parse_value: trying type name 'string'
0:00:00.015253411  2775 0x55906a42b360 DEBUG   GST_POLL gstpoll.c:979:gst_poll_fd_ctl_write: 0x55906a44fcc0: fd (fd:0, idx:1), active : 1
0:00:00.019636662  2774 0x55a3cb0ca360 DEBUG   structure gststructure.c:2258:gst_structure_parse_field: trying field name 'author'
0:00:00.015260017  2775 0x55906a42b360 LOG   GST_POLL gstpoll.c:994:gst_poll_fd_ctl_write: 0x55906a44fcc0: pfd->events now 60 (POLLOUT:4)
0:00:00.019643074  2774 0x55a3cb0ca360 DEBUG   default gstvalue.c:2776:_priv_gst_value_parse_value: trying type name 'string'
0:00:00.015266867  2775 0x55906a42b360 LOG   GST_PLUGIN_LOADING gstpluginloader.c:644:put_chunk: Expanding tx buf from 13209 to 17023 for chunk of size 229
0:00:00.019651042  2774 0x55a3cb0ca360 DEBUG   GST_REGISTRY gstregistrychunks.c:626:gst_registry_chunks_load_feature: Element factory : npadtemplates=1
0:00:00.019657046  2774 0x55a3cb0ca360 DEBUG   GST_REGISTRY gstregistrychunks.c:525:gst_registry_chunks_load_pad_template: Reading/casting for GstRegistryChunkPadTemplate at address 0x55a3cb0f1f90
0:00:00.015277551  2775 0x55906a42b360 DEBUG   GST_POLL gstpoll.c:979:gst_poll_fd_ctl_write: 0x55906a44fcc0: fd (fd:0, idx:1), active : 1
0:00:00.019662576  2774 0x55a3cb0ca360 DEBUG   GST_REGISTRY gstregistrychunks.c:539:gst_registry_chunks_load_pad_template: Added pad_template src
0:00:00.015284301  2775 0x55906a42b360 LOG   GST_POLL gstpoll.c:994:gst_poll_fd_ctl_write: 0x55906a44fcc0: pfd->events now 60 (POLLOUT:4)
0:00:00.019668904  2774 0x55a3cb0ca360 DEBUG   GST_REGISTRY gstregistrychunks.c:639:gst_registry_chunks_load_feature: Reading 1 UriTypes at address 0x55a3cb0f1fa0
0:00:00.015295557  2775 0x55906a42b360 DEBUG   GST_POLL gstpoll.c:979:gst_poll_fd_ctl_write: 0x55906a44fcc0: fd (fd:0, idx:1), active : 1
0:00:00.019678835  2774 0x55a3cb0ca360 DEBUG   GST_REGISTRY gstregistrychunks.c:654:gst_registry_chunks_load_feature: Reading 1 Interfaces at address 0x55a3cb0f1fa9
0:00:00.015302330  2775 0x55906a42b360 LOG   GST_POLL gstpoll.c:994:gst_poll_fd_ctl_write: 0x55906a44fcc0: pfd->events now 60 (POLLOUT:4)
0:00:00.019686970  2774 0x55a3cb0ca360 DEBUG   GST_REGISTRY gstregistry.c:589:gst_registry_add_feature: adding feature 0x55a3cb0fd190 (dataurisrc)
0:00:00.015309177  2775 0x55906a42b360 DEBUG   GST_POLL gstpoll.c:979:gst_poll_fd_ctl_write: 0x55906a44fcc0: fd (fd:0, idx:1), active : 1
0:00:00.019693275  2774 0x55a3cb0ca360 DEBUG   GST_REFCOUNTING gstobject.c:708:gst_object_set_parent: set parent (ref and sink)
0:00:00.015315746  2775 0x55906a42b360 LOG   GST_POLL gstpoll.c:994:gst_poll_fd_ctl_write: 0x55906a44fcc0: pfd->events now 60 (POLLOUT:4)
0:00:00.019700662  2774 0x55a3cb0ca360 TRACE   GST_REFCOUNTING gstobject.c:292:gst_object_ref_sink: 0x55a3cb0fd190 ref_sink 1->2
0:00:00.015322487  2775 0x55906a42b360 DEBUG   GST_POLL gstpoll.c:979:gst_poll_fd_ctl_write: 0x55906a44fcc0: fd (fd:0, idx:1), active : 1
0:00:00.019707691  2774 0x55a3cb0ca360 LOG   GST_REGISTRY gstregistry.c:607:gst_registry_add_feature: emitting feature-added for dataurisrc
0:00:00.015329097  2775 0x55906a42b360 LOG   GST_POLL gstpoll.c:994:gst_poll_fd_ctl_write: 0x55906a44fcc0: pfd->events now 60 (POLLOUT:4)
0:00:00.019714607  2774 0x55a3cb0ca360 DEBUG   GST_REGISTRY gstregistrychunks.c:740:gst_registry_chunks_load_feature: Added feature dataurisrc, plugin 0x55a3cb0faad0 coreelements
0:00:00.015335933  2775 0x55906a42b360 DEBUG   GST_POLL gstpoll.c:979:gst_poll_fd_ctl_write: 0x55906a44fcc0: fd (fd:0, idx:1), active : 1
0:00:00.019721485  2774 0x55a3cb0ca360 DEBUG   GST_REGISTRY gstregistrychunks.c:582:gst_registry_chunks_load_feature: Plugin 'coreelements' feature 'concat' typename : 'GstElementFactory'
0:00:00.015342579  2775 0x55906a42b360 LOG   GST_POLL gstpoll.c:994:gst_poll_fd_ctl_write: 0x55906a44fcc0: pfd->events now 60 (POLLOUT:4)
0:00:00.019728624  2774 0x55a3cb0ca360 TRACE   GST_REFCOUNTING gstobject.c:208:gst_object_init: 0x55a3cb0fdbe0 new
0:00:00.015349548  2775 0x55906a42b360 DEBUG   GST_POLL gstpoll.c:979:gst_poll_fd_ctl_write: 0x55906a44fcc0: fd (fd:0, idx:1), active : 1
0:00:00.019735980  2774 0x55a3cb0ca360 LOG   GST_REGISTRY gstregistrychunks.c:609:gst_registry_chunks_load_feature: Reading/casting for GstRegistryChunkElementFactory at address 0x55a3cb0f1fd0
0:00:00.015357003  2775 0x55906a42b360 LOG   GST_POLL gstpoll.c:994:gst_poll_fd_ctl_write: 0x55906a44fcc0: pfd->events now 60 (POLLOUT:4)
0:00:00.019742627  2774 0x55a3cb0ca360 TRACE   structure gststructure.c:292:gst_structure_new_id_empty_with_size: created structure 0x55a3cb0fde10
0:00:00.015364174  2775 0x55906a42b360 DEBUG   GST_POLL gstpoll.c:979:gst_poll_fd_ctl_write: 0x55906a44fcc0: fd (fd:0, idx:1), active : 1
0:00:00.019754240  2774 0x55a3cb0ca360 DEBUG   structure gststructure.c:2258:gst_structure_parse_field: trying field name 'long-name'
0:00:00.015376006  2775 0x55906a42b360 LOG   GST_POLL gstpoll.c:994:gst_poll_fd_ctl_write: 0x55906a44fcc0: pfd->events now 60 (POLLOUT:4)
0:00:00.019760259  2774 0x55a3cb0ca360 DEBUG   default gstvalue.c:2776:_priv_gst_value_parse_value: trying type name 'string'
0:00:00.015382785  2775 0x55906a42b360 DEBUG   GST_POLL gstpoll.c:979:gst_poll_fd_ctl_write: 0x55906a44fcc0: fd (fd:0, idx:1), active : 1
0:00:00.019766634  2774 0x55a3cb0ca360 DEBUG   structure gststructure.c:2258:gst_structure_parse_field: trying field name 'klass'
0:00:00.015389475  2775 0x55906a42b360 LOG   GST_POLL gstpoll.c:994:gst_poll_fd_ctl_write: 0x55906a44fcc0: pfd->events now 60 (POLLOUT:4)
0:00:00.019772735  2774 0x55a3cb0ca360 DEBUG   default gstvalue.c:2776:_priv_gst_value_parse_value: trying type name 'string'
0:00:00.015396346  2775 0x55906a42b360 DEBUG   GST_POLL gstpoll.c:979:gst_poll_fd_ctl_write: 0x55906a44fcc0: fd (fd:0, idx:1), active : 1
0:00:00.019779533  2774 0x55a3cb0ca360 DEBUG   structure gststructure.c:2258:gst_structure_parse_field: trying field name 'description'
0:00:00.015403064  2775 0x55906a42b360 LOG   GST_POLL gstpoll.c:994:gst_poll_fd_ctl_write: 0x55906a44fcc0: pfd->events now 60 (POLLOUT:4)
0:00:00.019786144  2774 0x55a3cb0ca360 DEBUG   default gstvalue.c:2776:_priv_gst_value_parse_value: trying type name 'string'
0:00:00.015409904  2775 0x55906a42b360 DEBUG   GST_POLL gstpoll.c:979:gst_poll_fd_ctl_write: 0x55906a44fcc0: fd (fd:0, idx:1), active : 1
0:00:00.019793176  2774 0x55a3cb0ca360 DEBUG   structure gststructure.c:2258:gst_structure_parse_field: trying field name 'author'
0:00:00.015416654  2775 0x55906a42b360 LOG   GST_POLL gstpoll.c:994:gst_poll_fd_ctl_write: 0x55906a44fcc0: pfd->events now 60 (POLLOUT:4)
0:00:00.019799771  2774 0x55a3cb0ca360 DEBUG   default gstvalue.c:2776:_priv_gst_value_parse_value: trying type name 'string'
0:00:00.015423494  2775 0x55906a42b360 DEBUG   GST_POLL gstpoll.c:979:gst_poll_fd_ctl_write: 0x55906a44fcc0: fd (fd:0, idx:1), active : 1
0:00:00.019807229  2774 0x55a3cb0ca360 DEBUG   GST_REGISTRY gstregistrychunks.c:626:gst_registry_chunks_load_feature: Element factory : npadtemplates=2
0:00:00.015430130  2775 0x55906a42b360 LOG   GST_POLL gstpoll.c:994:gst_poll_fd_ctl_write: 0x55906a44fcc0: pfd->events now 60 (POLLOUT:4)
0:00:00.015436779  2775 0x55906a42b360 DEBUG   GST_POLL gstpoll.c:979:gst_poll_fd_ctl_write: 0x55906a44fcc0: fd (fd:0, idx:1), active : 1
0:00:00.019818896  2774 0x55a3cb0ca360 DEBUG   GST_REGISTRY gstregistrychunks.c:525:gst_registry_chunks_load_pad_template: Reading/casting for GstRegistryChunkPadTemplate at address 0x55a3cb0f20a8
0:00:00.015443071  2775 0x55906a42b360 LOG   GST_POLL gstpoll.c:994:gst_poll_fd_ctl_write: 0x55906a44fcc0: pfd->events now 60 (POLLOUT:4)
0:00:00.019826452  2774 0x55a3cb0ca360 DEBUG   GST_REGISTRY gstregistrychunks.c:539:gst_registry_chunks_load_pad_template: Added pad_template src
0:00:00.015454224  2775 0x55906a42b360 DEBUG   GST_POLL gstpoll.c:979:gst_poll_fd_ctl_write: 0x55906a44fcc0: fd (fd:0, idx:1), active : 1
0:00:00.019836962  2774 0x55a3cb0ca360 DEBUG   GST_REGISTRY gstregistrychunks.c:525:gst_registry_chunks_load_pad_template: Reading/casting for GstRegistryChunkPadTemplate at address 0x55a3cb0f20b8
0:00:00.015461034  2775 0x55906a42b360 LOG   GST_POLL gstpoll.c:994:gst_poll_fd_ctl_write: 0x55906a44fcc0: pfd->events now 60 (POLLOUT:4)
0:00:00.019843988  2774 0x55a3cb0ca360 DEBUG   GST_REGISTRY gstregistrychunks.c:539:gst_registry_chunks_load_pad_template: Added pad_template sink_%u
0:00:00.015467911  2775 0x55906a42b360 DEBUG   GST_POLL gstpoll.c:979:gst_poll_fd_ctl_write: 0x55906a44fcc0: fd (fd:0, idx:1), active : 1
0:00:00.019851728  2774 0x55a3cb0ca360 DEBUG   GST_REGISTRY gstregistry.c:589:gst_registry_add_feature: adding feature 0x55a3cb0fdbe0 (concat)
0:00:00.015474533  2775 0x55906a42b360 LOG   GST_POLL gstpoll.c:994:gst_poll_fd_ctl_write: 0x55906a44fcc0: pfd->events now 60 (POLLOUT:4)
0:00:00.019857823  2774 0x55a3cb0ca360 DEBUG   GST_REFCOUNTING gstobject.c:708:gst_object_set_parent: set parent (ref and sink)
0:00:00.015481389  2775 0x55906a42b360 DEBUG   GST_POLL gstpoll.c:979:gst_poll_fd_ctl_write: 0x55906a44fcc0: fd (fd:0, idx:1), active : 1
0:00:00.019865276  2774 0x55a3cb0ca360 TRACE   GST_REFCOUNTING gstobject.c:292:gst_object_ref_sink: 0x55a3cb0fdbe0 ref_sink 1->2
0:00:00.015487959  2775 0x55906a42b360 LOG   GST_POLL gstpoll.c:994:gst_poll_fd_ctl_write: 0x55906a44fcc0: pfd->events now 60 (POLLOUT:4)
0:00:00.019872228  2774 0x55a3cb0ca360 LOG   GST_REGISTRY gstregistry.c:607:gst_registry_add_feature: emitting feature-added for concat
0:00:00.015494821  2775 0x55906a42b360 DEBUG   GST_POLL gstpoll.c:979:gst_poll_fd_ctl_write: 0x55906a44fcc0: fd (fd:0, idx:1), active : 1
0:00:00.019878984  2774 0x55a3cb0ca360 DEBUG   GST_REGISTRY gstregistrychunks.c:740:gst_registry_chunks_load_feature: Added feature concat, plugin 0x55a3cb0faad0 coreelements
0:00:00.015501447  2775 0x55906a42b360 LOG   GST_POLL gstpoll.c:994:gst_poll_fd_ctl_write: 0x55906a44fcc0: pfd->events now 60 (POLLOUT:4)
0:00:00.019885651  2774 0x55a3cb0ca360 DEBUG   GST_REGISTRY gstregistrychunks.c:582:gst_registry_chunks_load_feature: Plugin 'coreelements' feature 'clocksync' typename : 'GstElementFactory'
0:00:00.015508392  2775 0x55906a42b360 DEBUG   GST_POLL gstpoll.c:979:gst_poll_fd_ctl_write: 0x55906a44fcc0: fd (fd:0, idx:1), active : 1
0:00:00.019892671  2774 0x55a3cb0ca360 TRACE   GST_REFCOUNTING gstobject.c:208:gst_object_init: 0x55a3cb0fda90 new
0:00:00.015515044  2775 0x55906a42b360 LOG   GST_POLL gstpoll.c:994:gst_poll_fd_ctl_write: 0x55906a44fcc0: pfd->events now 60 (POLLOUT:4)
0:00:00.019900028  2774 0x55a3cb0ca360 LOG   GST_REGISTRY gstregistrychunks.c:609:gst_registry_chunks_load_feature: Reading/casting for GstRegistryChunkElementFactory at address 0x55a3cb0f20e8
0:00:00.015521796  2775 0x55906a42b360 DEBUG   GST_POLL gstpoll.c:979:gst_poll_fd_ctl_write: 0x55906a44fcc0: fd (fd:0, idx:1), active : 1
0:00:00.019906370  2774 0x55a3cb0ca360 TRACE   structure gststructure.c:292:gst_structure_new_id_empty_with_size: created structure 0x55a3cb0fe3e0
0:00:00.015532282  2775 0x55906a42b360 LOG   GST_POLL gstpoll.c:994:gst_poll_fd_ctl_write: 0x55906a44fcc0: pfd->events now 60 (POLLOUT:4)
0:00:00.019915216  2774 0x55a3cb0ca360 DEBUG   structure gststructure.c:2258:gst_structure_parse_field: trying field name 'long-name'
0:00:00.015539271  2775 0x55906a42b360 DEBUG   GST_POLL gstpoll.c:979:gst_poll_fd_ctl_write: 0x55906a44fcc0: fd (fd:0, idx:1), active : 1
0:00:00.019922028  2774 0x55a3cb0ca360 DEBUG   default gstvalue.c:2776:_priv_gst_value_parse_value: trying type name 'string'
0:00:00.015545862  2775 0x55906a42b360 LOG   GST_POLL gstpoll.c:994:gst_poll_fd_ctl_write: 0x55906a44fcc0: pfd->events now 60 (POLLOUT:4)
0:00:00.019929376  2774 0x55a3cb0ca360 DEBUG   structure gststructure.c:2258:gst_structure_parse_field: trying field name 'klass'
0:00:00.015552588  2775 0x55906a42b360 DEBUG   GST_POLL gstpoll.c:979:gst_poll_fd_ctl_write: 0x55906a44fcc0: fd (fd:0, idx:1), active : 1
0:00:00.019935594  2774 0x55a3cb0ca360 DEBUG   default gstvalue.c:2776:_priv_gst_value_parse_value: trying type name 'string'
0:00:00.015559119  2775 0x55906a42b360 LOG   GST_POLL gstpoll.c:994:gst_poll_fd_ctl_write: 0x55906a44fcc0: pfd->events now 60 (POLLOUT:4)
0:00:00.019942511  2774 0x55a3cb0ca360 DEBUG   structure gststructure.c:2258:gst_structure_parse_field: trying field name 'description'
0:00:00.015565830  2775 0x55906a42b360 DEBUG   GST_POLL gstpoll.c:979:gst_poll_fd_ctl_write: 0x55906a44fcc0: fd (fd:0, idx:1), active : 1
0:00:00.019948580  2774 0x55a3cb0ca360 DEBUG   default gstvalue.c:2776:_priv_gst_value_parse_value: trying type name 'string'
0:00:00.015572404  2775 0x55906a42b360 LOG   GST_POLL gstpoll.c:994:gst_poll_fd_ctl_write: 0x55906a44fcc0: pfd->events now 60 (POLLOUT:4)
0:00:00.019956008  2774 0x55a3cb0ca360 DEBUG   structure gststructure.c:2258:gst_structure_parse_field: trying field name 'author'
0:00:00.015579134  2775 0x55906a42b360 DEBUG   GST_POLL gstpoll.c:979:gst_poll_fd_ctl_write: 0x55906a44fcc0: fd (fd:0, idx:1), active : 1
0:00:00.019962091  2774 0x55a3cb0ca360 DEBUG   default gstvalue.c:2776:_priv_gst_value_parse_value: trying type name 'string'
0:00:00.015585637  2775 0x55906a42b360 LOG   GST_POLL gstpoll.c:994:gst_poll_fd_ctl_write: 0x55906a44fcc0: pfd->events now 60 (POLLOUT:4)
0:00:00.019969334  2774 0x55a3cb0ca360 DEBUG   GST_REGISTRY gstregistrychunks.c:626:gst_registry_chunks_load_feature: Element factory : npadtemplates=2
0:00:00.015592322  2775 0x55906a42b360 DEBUG   GST_POLL gstpoll.c:979:gst_poll_fd_ctl_write: 0x55906a44fcc0: fd (fd:0, idx:1), active : 1
0:00:00.019975305  2774 0x55a3cb0ca360 DEBUG   GST_REGISTRY gstregistrychunks.c:525:gst_registry_chunks_load_pad_template: Reading/casting for GstRegistryChunkPadTemplate at address 0x55a3cb0f21b8
0:00:00.019982029  2774 0x55a3cb0ca360 DEBUG   GST_REGISTRY gstregistrychunks.c:539:gst_registry_chunks_load_pad_template: Added pad_template sink
0:00:00.015598925  2775 0x55906a42b360 LOG   GST_POLL gstpoll.c:994:gst_poll_fd_ctl_write: 0x55906a44fcc0: pfd->events now 60 (POLLOUT:4)
0:00:00.019991969  2774 0x55a3cb0ca360 DEBUG   GST_REGISTRY gstregistrychunks.c:525:gst_registry_chunks_load_pad_template: Reading/casting for GstRegistryChunkPadTemplate at address 0x55a3cb0f21d0
0:00:00.015614407  2775 0x55906a42b360 DEBUG   GST_POLL gstpoll.c:979:gst_poll_fd_ctl_write: 0x55906a44fcc0: fd (fd:0, idx:1), active : 1
0:00:00.019998217  2774 0x55a3cb0ca360 DEBUG   GST_REGISTRY gstregistrychunks.c:539:gst_registry_chunks_load_pad_template: Added pad_template src
0:00:00.015620917  2775 0x55906a42b360 LOG   GST_POLL gstpoll.c:994:gst_poll_fd_ctl_write: 0x55906a44fcc0: pfd->events now 60 (POLLOUT:4)
0:00:00.020005335  2774 0x55a3cb0ca360 DEBUG   GST_REGISTRY gstregistry.c:589:gst_registry_add_feature: adding feature 0x55a3cb0fda90 (clocksync)
0:00:00.015627732  2775 0x55906a42b360 DEBUG   GST_POLL gstpoll.c:979:gst_poll_fd_ctl_write: 0x55906a44fcc0: fd (fd:0, idx:1), active : 1
0:00:00.020011661  2774 0x55a3cb0ca360 DEBUG   GST_REFCOUNTING gstobject.c:708:gst_object_set_parent: set parent (ref and sink)
0:00:00.015634198  2775 0x55906a42b360 LOG   GST_POLL gstpoll.c:994:gst_poll_fd_ctl_write: 0x55906a44fcc0: pfd->events now 60 (POLLOUT:4)
0:00:00.020018817  2774 0x55a3cb0ca360 TRACE   GST_REFCOUNTING gstobject.c:292:gst_object_ref_sink: 0x55a3cb0fda90 ref_sink 1->2
0:00:00.015641061  2775 0x55906a42b360 DEBUG   GST_POLL gstpoll.c:979:gst_poll_fd_ctl_write: 0x55906a44fcc0: fd (fd:0, idx:1), active : 1
0:00:00.020025568  2774 0x55a3cb0ca360 LOG   GST_REGISTRY gstregistry.c:607:gst_registry_add_feature: emitting feature-added for clocksync
0:00:00.015647579  2775 0x55906a42b360 LOG   GST_POLL gstpoll.c:994:gst_poll_fd_ctl_write: 0x55906a44fcc0: pfd->events now 60 (POLLOUT:4)
0:00:00.020032222  2774 0x55a3cb0ca360 DEBUG   GST_REGISTRY gstregistrychunks.c:740:gst_registry_chunks_load_feature: Added feature clocksync, plugin 0x55a3cb0faad0 coreelements
0:00:00.015654419  2775 0x55906a42b360 DEBUG   GST_POLL gstpoll.c:979:gst_poll_fd_ctl_write: 0x55906a44fcc0: fd (fd:0, idx:1), active : 1
0:00:00.020038711  2774 0x55a3cb0ca360 DEBUG   GST_REGISTRY gstregistrychunks.c:582:gst_registry_chunks_load_feature: Plugin 'coreelements' feature 'capsfilter' typename : 'GstElementFactory'
0:00:00.015660945  2775 0x55906a42b360 LOG   GST_POLL gstpoll.c:994:gst_poll_fd_ctl_write: 0x55906a44fcc0: pfd->events now 60 (POLLOUT:4)
0:00:00.020045653  2774 0x55a3cb0ca360 TRACE   GST_REFCOUNTING gstobject.c:208:gst_object_init: 0x55a3cb0fe940 new
0:00:00.015667761  2775 0x55906a42b360 DEBUG   GST_POLL gstpoll.c:979:gst_poll_fd_ctl_write: 0x55906a44fcc0: fd (fd:0, idx:1), active : 1
0:00:00.020053098  2774 0x55a3cb0ca360 LOG   GST_REGISTRY gstregistrychunks.c:609:gst_registry_chunks_load_feature: Reading/casting for GstRegistryChunkElementFactory at address 0x55a3cb0f2200
0:00:00.015674220  2775 0x55906a42b360 LOG   GST_POLL gstpoll.c:994:gst_poll_fd_ctl_write: 0x55906a44fcc0: pfd->events now 60 (POLLOUT:4)
0:00:00.015681337  2775 0x55906a42b360 DEBUG   GST_POLL gstpoll.c:979:gst_poll_fd_ctl_write: 0x55906a44fcc0: fd (fd:0, idx:1), active : 1
0:00:00.015691697  2775 0x55906a42b360 LOG   GST_POLL gstpoll.c:994:gst_poll_fd_ctl_write: 0x55906a44fcc0: pfd->events now 60 (POLLOUT:4)
0:00:00.015698143  2775 0x55906a42b360 DEBUG   GST_POLL gstpoll.c:979:gst_poll_fd_ctl_write: 0x55906a44fcc0: fd (fd:0, idx:1), active : 1
0:00:00.015704175  2775 0x55906a42b360 LOG   GST_POLL gstpoll.c:994:gst_poll_fd_ctl_write: 0x55906a44fcc0: pfd->events now 60 (POLLOUT:4)
0:00:00.015710496  2775 0x55906a42b360 DEBUG   GST_POLL gstpoll.c:979:gst_poll_fd_ctl_write: 0x55906a44fcc0: fd (fd:0, idx:1), active : 1
0:00:00.015716590  2775 0x55906a42b360 LOG   GST_POLL gstpoll.c:994:gst_poll_fd_ctl_write: 0x55906a44fcc0: pfd->events now 60 (POLLOUT:4)
0:00:00.015722939  2775 0x55906a42b360 DEBUG   GST_POLL gstpoll.c:979:gst_poll_fd_ctl_write: 0x55906a44fcc0: fd (fd:0, idx:1), active : 1
0:00:00.015728982  2775 0x55906a42b360 LOG   GST_POLL gstpoll.c:994:gst_poll_fd_ctl_write: 0x55906a44fcc0: pfd->events now 60 (POLLOUT:4)
0:00:00.015735304  2775 0x55906a42b360 DEBUG   GST_POLL gstpoll.c:979:gst_poll_fd_ctl_write: 0x55906a44fcc0: fd (fd:0, idx:1), active : 1
0:00:00.015741350  2775 0x55906a42b360 LOG   GST_POLL gstpoll.c:994:gst_poll_fd_ctl_write: 0x55906a44fcc0: pfd->events now 60 (POLLOUT:4)
0:00:00.020059685  2774 0x55a3cb0ca360 TRACE   structure gststructure.c:292:gst_structure_new_id_empty_with_size: created structure 0x55a3cb0fec50
0:00:00.015747678  2775 0x55906a42b360 DEBUG   GST_POLL gstpoll.c:979:gst_poll_fd_ctl_write: 0x55906a44fcc0: fd (fd:0, idx:1), active : 1
0:00:00.020133900  2774 0x55a3cb0ca360 DEBUG   structure gststructure.c:2258:gst_structure_parse_field: trying field name 'long-name'
0:00:00.015754897  2775 0x55906a42b360 LOG   GST_POLL gstpoll.c:994:gst_poll_fd_ctl_write: 0x55906a44fcc0: pfd->events now 60 (POLLOUT:4)
0:00:00.020140307  2774 0x55a3cb0ca360 DEBUG   default gstvalue.c:2776:_priv_gst_value_parse_value: trying type name 'string'
0:00:00.015762196  2775 0x55906a42b360 DEBUG   GST_POLL gstpoll.c:979:gst_poll_fd_ctl_write: 0x55906a44fcc0: fd (fd:0, idx:1), active : 1
0:00:00.020147208  2774 0x55a3cb0ca360 DEBUG   structure gststructure.c:2258:gst_structure_parse_field: trying field name 'klass'
0:00:00.015768628  2775 0x55906a42b360 LOG   GST_POLL gstpoll.c:994:gst_poll_fd_ctl_write: 0x55906a44fcc0: pfd->events now 60 (POLLOUT:4)
0:00:00.020153210  2774 0x55a3cb0ca360 DEBUG   default gstvalue.c:2776:_priv_gst_value_parse_value: trying type name 'string'
0:00:00.015775379  2775 0x55906a42b360 DEBUG   GST_POLL gstpoll.c:979:gst_poll_fd_ctl_write: 0x55906a44fcc0: fd (fd:0, idx:1), active : 1
0:00:00.020159736  2774 0x55a3cb0ca360 DEBUG   structure gststructure.c:2258:gst_structure_parse_field: trying field name 'description'
0:00:00.015781859  2775 0x55906a42b360 LOG   GST_POLL gstpoll.c:994:gst_poll_fd_ctl_write: 0x55906a44fcc0: pfd->events now 60 (POLLOUT:4)
0:00:00.020166019  2774 0x55a3cb0ca360 DEBUG   default gstvalue.c:2776:_priv_gst_value_parse_value: trying type name 'string'
0:00:00.015788714  2775 0x55906a42b360 DEBUG   GST_POLL gstpoll.c:979:gst_poll_fd_ctl_write: 0x55906a44fcc0: fd (fd:0, idx:1), active : 1
0:00:00.020192283  2774 0x55a3cb0ca360 DEBUG   structure gststructure.c:2258:gst_structure_parse_field: trying field name 'author'
0:00:00.015813929  2775 0x55906a42b360 LOG   GST_POLL gstpoll.c:994:gst_poll_fd_ctl_write: 0x55906a44fcc0: pfd->events now 60 (POLLOUT:4)
0:00:00.020199018  2774 0x55a3cb0ca360 DEBUG   default gstvalue.c:2776:_priv_gst_value_parse_value: trying type name 'string'
0:00:00.015820894  2775 0x55906a42b360 DEBUG   GST_POLL gstpoll.c:979:gst_poll_fd_ctl_write: 0x55906a44fcc0: fd (fd:0, idx:1), active : 1
0:00:00.020205887  2774 0x55a3cb0ca360 DEBUG   GST_REGISTRY gstregistrychunks.c:626:gst_registry_chunks_load_feature: Element factory : npadtemplates=2
0:00:00.015839064  2775 0x55906a42b360 LOG   GST_POLL gstpoll.c:994:gst_poll_fd_ctl_write: 0x55906a44fcc0: pfd->events now 60 (POLLOUT:4)
0:00:00.020223687  2774 0x55a3cb0ca360 DEBUG   GST_REGISTRY gstregistrychunks.c:525:gst_registry_chunks_load_pad_template: Reading/casting for GstRegistryChunkPadTemplate at address 0x55a3cb0f22e0
0:00:00.015845787  2775 0x55906a42b360 DEBUG   GST_POLL gstpoll.c:979:gst_poll_fd_ctl_write: 0x55906a44fcc0: fd (fd:0, idx:1), active : 1
0:00:00.020229749  2774 0x55a3cb0ca360 DEBUG   GST_REGISTRY gstregistrychunks.c:539:gst_registry_chunks_load_pad_template: Added pad_template sink
0:00:00.015852089  2775 0x55906a42b360 LOG   GST_POLL gstpoll.c:994:gst_poll_fd_ctl_write: 0x55906a44fcc0: pfd->events now 60 (POLLOUT:4)
0:00:00.020235424  2774 0x55a3cb0ca360 DEBUG   GST_REGISTRY gstregistrychunks.c:525:gst_registry_chunks_load_pad_template: Reading/casting for GstRegistryChunkPadTemplate at address 0x55a3cb0f22f8
0:00:00.015858664  2775 0x55906a42b360 DEBUG   GST_POLL gstpoll.c:979:gst_poll_fd_ctl_write: 0x55906a44fcc0: fd (fd:0, idx:1), active : 1
0:00:00.020241332  2774 0x55a3cb0ca360 DEBUG   GST_REGISTRY gstregistrychunks.c:539:gst_registry_chunks_load_pad_template: Added pad_template src
0:00:00.015864959  2775 0x55906a42b360 LOG   GST_POLL gstpoll.c:994:gst_poll_fd_ctl_write: 0x55906a44fcc0: pfd->events now 60 (POLLOUT:4)
0:00:00.015871386  2775 0x55906a42b360 DEBUG   GST_POLL gstpoll.c:979:gst_poll_fd_ctl_write: 0x55906a44fcc0: fd (fd:0, idx:1), active : 1
0:00:00.020252808  2774 0x55a3cb0ca360 DEBUG   GST_REGISTRY gstregistry.c:589:gst_registry_add_feature: adding feature 0x55a3cb0fe940 (capsfilter)
0:00:00.015877242  2775 0x55906a42b360 LOG   GST_POLL gstpoll.c:994:gst_poll_fd_ctl_write: 0x55906a44fcc0: pfd->events now 60 (POLLOUT:4)
0:00:00.020260506  2774 0x55a3cb0ca360 DEBUG   GST_REFCOUNTING gstobject.c:708:gst_object_set_parent: set parent (ref and sink)
0:00:00.015883869  2775 0x55906a42b360 DEBUG   GST_POLL gstpoll.c:979:gst_poll_fd_ctl_write: 0x55906a44fcc0: fd (fd:0, idx:1), active : 1
0:00:00.020267626  2774 0x55a3cb0ca360 TRACE   GST_REFCOUNTING gstobject.c:292:gst_object_ref_sink: 0x55a3cb0fe940 ref_sink 1->2
0:00:00.015890177  2775 0x55906a42b360 LOG   GST_POLL gstpoll.c:994:gst_poll_fd_ctl_write: 0x55906a44fcc0: pfd->events now 60 (POLLOUT:4)
0:00:00.020274189  2774 0x55a3cb0ca360 LOG   GST_REGISTRY gstregistry.c:607:gst_registry_add_feature: emitting feature-added for capsfilter
0:00:00.015900920  2775 0x55906a42b360 DEBUG   GST_POLL gstpoll.c:979:gst_poll_fd_ctl_write: 0x55906a44fcc0: fd (fd:0, idx:1), active : 1
0:00:00.020284496  2774 0x55a3cb0ca360 DEBUG   GST_REGISTRY gstregistrychunks.c:740:gst_registry_chunks_load_feature: Added feature capsfilter, plugin 0x55a3cb0faad0 coreelements
0:00:00.015907260  2775 0x55906a42b360 LOG   GST_POLL gstpoll.c:994:gst_poll_fd_ctl_write: 0x55906a44fcc0: pfd->events now 60 (POLLOUT:4)
0:00:00.020291576  2774 0x55a3cb0ca360 LOG   GST_PLUGIN_LOADING gstpluginloader.c:886:handle_rx_packet: marking plugin 0x55a3cb0faad0 as registered as /home/conan/w/prod/BuildSingleReference/.conan/data/gstreamer/1.19.1/_/_/package/5a2a240dc39d481eff30f147f0e2f01ae047b26f/lib/gstreamer-1.0/libgstcoreelements.so
0:00:00.015913755  2775 0x55906a42b360 DEBUG   GST_POLL gstpoll.c:979:gst_poll_fd_ctl_write: 0x55906a44fcc0: fd (fd:0, idx:1), active : 1
0:00:00.020300196  2774 0x55a3cb0ca360 DEBUG   GST_POLL gstpoll.c:1414:gst_poll_wait: 0x55a3cb0ef7b0: timeout :0:00:01.000000000
0:00:00.015919992  2775 0x55906a42b360 LOG   GST_POLL gstpoll.c:994:gst_poll_fd_ctl_write: 0x55906a44fcc0: pfd->events now 60 (POLLOUT:4)
0:00:00.015928128  2775 0x55906a42b360 DEBUG   GST_POLL gstpoll.c:979:gst_poll_fd_ctl_write: 0x55906a44fcc0: fd (fd:0, idx:1), active : 1
0:00:00.015933936  2775 0x55906a42b360 LOG   GST_POLL gstpoll.c:994:gst_poll_fd_ctl_write: 0x55906a44fcc0: pfd->events now 60 (POLLOUT:4)
0:00:00.015940034  2775 0x55906a42b360 DEBUG   GST_POLL gstpoll.c:979:gst_poll_fd_ctl_write: 0x55906a44fcc0: fd (fd:0, idx:1), active : 1
0:00:00.015945809  2775 0x55906a42b360 LOG   GST_POLL gstpoll.c:994:gst_poll_fd_ctl_write: 0x55906a44fcc0: pfd->events now 60 (POLLOUT:4)
0:00:00.015951885  2775 0x55906a42b360 DEBUG   GST_POLL gstpoll.c:979:gst_poll_fd_ctl_write: 0x55906a44fcc0: fd (fd:0, idx:1), active : 1
0:00:00.015957673  2775 0x55906a42b360 LOG   GST_POLL gstpoll.c:994:gst_poll_fd_ctl_write: 0x55906a44fcc0: pfd->events now 60 (POLLOUT:4)
0:00:00.015963771  2775 0x55906a42b360 DEBUG   GST_POLL gstpoll.c:979:gst_poll_fd_ctl_write: 0x55906a44fcc0: fd (fd:0, idx:1), active : 1
0:00:00.015969552  2775 0x55906a42b360 LOG   GST_POLL gstpoll.c:994:gst_poll_fd_ctl_write: 0x55906a44fcc0: pfd->events now 60 (POLLOUT:4)
0:00:00.015975628  2775 0x55906a42b360 DEBUG   GST_POLL gstpoll.c:979:gst_poll_fd_ctl_write: 0x55906a44fcc0: fd (fd:0, idx:1), active : 1
0:00:00.015999143  2775 0x55906a42b360 LOG   GST_POLL gstpoll.c:994:gst_poll_fd_ctl_write: 0x55906a44fcc0: pfd->events now 60 (POLLOUT:4)
0:00:00.016005417  2775 0x55906a42b360 DEBUG   GST_POLL gstpoll.c:979:gst_poll_fd_ctl_write: 0x55906a44fcc0: fd (fd:0, idx:1), active : 1
0:00:00.016011464  2775 0x55906a42b360 LOG   GST_POLL gstpoll.c:994:gst_poll_fd_ctl_write: 0x55906a44fcc0: pfd->events now 60 (POLLOUT:4)
0:00:00.016017754  2775 0x55906a42b360 DEBUG   GST_POLL gstpoll.c:979:gst_poll_fd_ctl_write: 0x55906a44fcc0: fd (fd:0, idx:1), active : 1
0:00:00.016027668  2775 0x55906a42b360 LOG   GST_POLL gstpoll.c:994:gst_poll_fd_ctl_write: 0x55906a44fcc0: pfd->events now 60 (POLLOUT:4)
0:00:00.016034091  2775 0x55906a42b360 DEBUG   GST_POLL gstpoll.c:979:gst_poll_fd_ctl_write: 0x55906a44fcc0: fd (fd:0, idx:1), active : 1
0:00:00.016040112  2775 0x55906a42b360 LOG   GST_POLL gstpoll.c:994:gst_poll_fd_ctl_write: 0x55906a44fcc0: pfd->events now 60 (POLLOUT:4)
0:00:00.016046414  2775 0x55906a42b360 DEBUG   GST_POLL gstpoll.c:979:gst_poll_fd_ctl_write: 0x55906a44fcc0: fd (fd:0, idx:1), active : 1
0:00:00.016052435  2775 0x55906a42b360 LOG   GST_POLL gstpoll.c:994:gst_poll_fd_ctl_write: 0x55906a44fcc0: pfd->events now 60 (POLLOUT:4)
0:00:00.016058729  2775 0x55906a42b360 DEBUG   GST_POLL gstpoll.c:979:gst_poll_fd_ctl_write: 0x55906a44fcc0: fd (fd:0, idx:1), active : 1
0:00:00.016064744  2775 0x55906a42b360 LOG   GST_POLL gstpoll.c:994:gst_poll_fd_ctl_write: 0x55906a44fcc0: pfd->events now 60 (POLLOUT:4)
0:00:00.016074618  2775 0x55906a42b360 TRACE   GST_REFCOUNTING gstobject.c:264:gst_object_unref: 0x55906a454c30 unref 2->1
0:00:00.016081981  2775 0x55906a42b360 DEBUG   GST_POLL gstpoll.c:1241:gst_poll_fd_has_error: 0x55906a44fcc0: fd (fd:0, idx:1) 0
0:00:00.016088543  2775 0x55906a42b360 DEBUG   GST_POLL gstpoll.c:1335:gst_poll_fd_can_write: 0x55906a44fcc0: fd (fd:0, idx:1) 1
0:00:00.016094719  2775 0x55906a42b360 LOG   GST_PLUGIN_LOADING gstpluginloader.c:689:write_one: Writing packet of size 488 bytes to fd 0
0:00:00.016111202  2775 0x55906a42b360 DEBUG   GST_POLL gstpoll.c:1414:gst_poll_wait: 0x55906a44fcc0: timeout :0:00:01.000000000
0:00:00.016120742  2775 0x55906a42b360 LOG   GST_PLUGIN_LOADING gstpluginloader.c:1026:exchange_packets: Poll res = 2. 6872 bytes pending for write
0:00:00.016127499  2775 0x55906a42b360 DEBUG   GST_POLL gstpoll.c:1241:gst_poll_fd_has_error: 0x55906a44fcc0: fd (fd:5, idx:2) 0
0:00:00.020510032  2774 0x55a3cb0ca360 LOG   GST_PLUGIN_LOADING gstpluginloader.c:1026:exchange_packets: Poll res = 1. 0 bytes pending for write
0:00:00.016133821  2775 0x55906a42b360 DEBUG   GST_POLL gstpoll.c:1266:gst_poll_fd_can_read_unlocked: 0x55906a44fcc0: fd (fd:5, idx:2) 1
0:00:00.020519554  2774 0x55a3cb0ca360 DEBUG   GST_POLL gstpoll.c:1241:gst_poll_fd_has_error: 0x55a3cb0ef7b0: fd (fd:8, idx:2) 0
0:00:00.016142648  2775 0x55906a42b360 LOG   GST_PLUGIN_LOADING gstpluginloader.c:1004:read_one: No payload to read for 0 length packet type 1 tag 0
0:00:00.020526452  2774 0x55a3cb0ca360 DEBUG   GST_POLL gstpoll.c:1266:gst_poll_fd_can_read_unlocked: 0x55a3cb0ef7b0: fd (fd:8, idx:2) 1
0:00:00.016150149  2775 0x55906a42b360 DEBUG   GST_POLL gstpoll.c:1014:gst_poll_fd_ctl_read_unlocked: 0x55906a44fcc0: fd (fd:5, idx:2), active : 0
0:00:00.020537110  2774 0x55a3cb0ca360 DEBUG   GST_PLUGIN_LOADING gstpluginloader.c:847:handle_rx_packet: Received plugin details from child w/ tag 2. 476 bytes info
0:00:00.016157045  2775 0x55906a42b360 DEBUG   GST_POLL gstpoll.c:979:gst_poll_fd_ctl_write: 0x55906a44fcc0: fd (fd:0, idx:1), active : 1
0:00:00.020543617  2774 0x55a3cb0ca360 LOG   GST_REGISTRY gstregistrychunks.c:836:_priv_gst_registry_chunks_load_plugin: Reading/casting for GstRegistryChunkPluginElement at address 0x55a3cb0f0840
0:00:00.016165357  2775 0x55906a42b360 LOG   GST_POLL gstpoll.c:994:gst_poll_fd_ctl_write: 0x55906a44fcc0: pfd->events now 60 (POLLOUT:4)
0:00:00.020556614  2774 0x55a3cb0ca360 TRACE   GST_REFCOUNTING gstobject.c:208:gst_object_init: 0x55a3cb0ff0f0 new
0:00:00.016176779  2775 0x55906a42b360 DEBUG   GST_POLL gstpoll.c:1241:gst_poll_fd_has_error: 0x55906a44fcc0: fd (fd:0, idx:1) 0
0:00:00.016191522  2775 0x55906a42b360 DEBUG   GST_POLL gstpoll.c:1335:gst_poll_fd_can_write: 0x55906a44fcc0: fd (fd:0, idx:1) 1
0:00:00.016197520  2775 0x55906a42b360 LOG   GST_PLUGIN_LOADING gstpluginloader.c:689:write_one: Writing packet of size 6872 bytes to fd 0
0:00:00.016208099  2775 0x55906a42b360 DEBUG   GST_POLL gstpoll.c:1414:gst_poll_wait: 0x55906a44fcc0: timeout :0:00:01.000000000
0:00:00.016216036  2775 0x55906a42b360 LOG   GST_PLUGIN_LOADING gstpluginloader.c:1026:exchange_packets: Poll res = 1. 12 bytes pending for write
0:00:00.016222941  2775 0x55906a42b360 DEBUG   GST_POLL gstpoll.c:1241:gst_poll_fd_has_error: 0x55906a44fcc0: fd (fd:0, idx:1) 0
0:00:00.016229205  2775 0x55906a42b360 DEBUG   GST_POLL gstpoll.c:1335:gst_poll_fd_can_write: 0x55906a44fcc0: fd (fd:0, idx:1) 1
0:00:00.016237685  2775 0x55906a42b360 LOG   GST_PLUGIN_LOADING gstpluginloader.c:689:write_one: Writing packet of size 12 bytes to fd 0
0:00:00.020573803  2774 0x55a3cb0ca360 LOG   GST_REGISTRY gstregistrychunks.c:858:_priv_gst_registry_chunks_load_plugin: read strings for name='coretracers'
0:00:00.020633540  2774 0x55a3cb0ca360 LOG   GST_REGISTRY gstregistrychunks.c:859:_priv_gst_registry_chunks_load_plugin: desc.description='GStreamer core tracers'
0:00:00.016250222  2775 0x55906a42b360 DEBUG   GST_POLL gstpoll.c:979:gst_poll_fd_ctl_write: 0x55906a44fcc0: fd (fd:0, idx:1), active : 0
0:00:00.020639505  2774 0x55a3cb0ca360 LOG   GST_REGISTRY gstregistrychunks.c:860:_priv_gst_registry_chunks_load_plugin: filename='/home/conan/w/prod/BuildSingleReference/.conan/data/gstreamer/1.19.1/_/_/package/5a2a240dc39d481eff30f147f0e2f01ae047b26f/lib/gstreamer-1.0/libgstcoretracers.so'
0:00:00.020645812  2774 0x55a3cb0ca360 LOG   GST_REGISTRY gstregistrychunks.c:861:_priv_gst_registry_chunks_load_plugin: desc.version='1.19.1'
0:00:00.016263229  2775 0x55906a42b360 LOG   GST_POLL gstpoll.c:994:gst_poll_fd_ctl_write: 0x55906a44fcc0: pfd->events now 56 (POLLOUT:4)
0:00:00.020651259  2774 0x55a3cb0ca360 LOG   GST_REGISTRY gstregistrychunks.c:862:_priv_gst_registry_chunks_load_plugin: desc.license='LGPL'
0:00:00.020657214  2774 0x55a3cb0ca360 LOG   GST_REGISTRY gstregistrychunks.c:863:_priv_gst_registry_chunks_load_plugin: desc.source='gstreamer'
0:00:00.020662564  2774 0x55a3cb0ca360 LOG   GST_REGISTRY gstregistrychunks.c:864:_priv_gst_registry_chunks_load_plugin: desc.package='GStreamer source release'
0:00:00.016285319  2775 0x55906a42b360 DEBUG   GST_POLL gstpoll.c:772:gst_poll_free: 0x55906a44fcc0: freeing
0:00:00.020668040  2774 0x55a3cb0ca360 LOG   GST_REGISTRY gstregistrychunks.c:865:_priv_gst_registry_chunks_load_plugin: desc.origin='Unknown package origin'
0:00:00.020685742  2774 0x55a3cb0ca360 LOG   GST_REGISTRY gstregistrychunks.c:866:_priv_gst_registry_chunks_load_plugin: desc.datetime=2021-06-01
0:00:00.020701187  2774 0x55a3cb0ca360 DEBUG   GST_REGISTRY gstregistry.c:446:gst_registry_add_plugin: Replacing existing plugin "/home/conan/w/prod/BuildSingleReference/.conan/data/gstreamer/1.19.1/_/_/package/5a2a240dc39d481eff30f147f0e2f01ae047b26f/lib/gstreamer-1.0/libgstcoretracers.so" 0x55a3cb0efe60 with new plugin 0x55a3cb0ff0f0 for filename "/home/conan/w/prod/BuildSingleReference/.conan/data/gstreamer/1.19.1/_/_/package/5a2a240dc39d481eff30f147f0e2f01ae047b26f/lib/gstreamer-1.0/libgstcoretracers.so"
0:00:00.020716149  2774 0x55a3cb0ca360 TRACE   GST_REFCOUNTING gstobject.c:264:gst_object_unref: 0x55a3cb0efe60 unref 1->0
0:00:00.020729942  2774 0x55a3cb0ca360 TRACE   GST_REFCOUNTING gstobject.c:381:gst_object_dispose: 0x55a3cb0efe60 dispose
0:00:00.020741050  2774 0x55a3cb0ca360 DEBUG   GST_PLUGIN_LOADING gstplugin.c:136:gst_plugin_finalize: finalizing plugin
0:00:00.020749754  2774 0x55a3cb0ca360 TRACE   GST_REFCOUNTING gstobject.c:423:gst_object_finalize: 0x55a3cb0efe60 finalize
0:00:00.020765945  2774 0x55a3cb0ca360 DEBUG   GST_REGISTRY gstregistry.c:473:gst_registry_add_plugin: adding plugin 0x55a3cb0ff0f0 for filename "/home/conan/w/prod/BuildSingleReference/.conan/data/gstreamer/1.19.1/_/_/package/5a2a240dc39d481eff30f147f0e2f01ae047b26f/lib/gstreamer-1.0/libgstcoretracers.so"
0:00:00.020776211  2774 0x55a3cb0ca360 TRACE   GST_REFCOUNTING gstobject.c:292:gst_object_ref_sink: 0x55a3cb0ff0f0 ref_sink 1->2
0:00:00.020788685  2774 0x55a3cb0ca360 LOG   GST_REGISTRY gstregistry.c:486:gst_registry_add_plugin: emitting plugin-added for filename "/home/conan/w/prod/BuildSingleReference/.conan/data/gstreamer/1.19.1/_/_/package/5a2a240dc39d481eff30f147f0e2f01ae047b26f/lib/gstreamer-1.0/libgstcoretracers.so"
0:00:00.020801769  2774 0x55a3cb0ca360 DEBUG   GST_REGISTRY gstregistrychunks.c:886:_priv_gst_registry_chunks_load_plugin: Added plugin 'coretracers' plugin with 5 features from binary registry
0:00:00.020813442  2774 0x55a3cb0ca360 DEBUG   GST_REGISTRY gstregistrychunks.c:582:gst_registry_chunks_load_feature: Plugin 'coretracers' feature 'leaks' typename : 'GstTracerFactory'
0:00:00.020825570  2774 0x55a3cb0ca360 TRACE   GST_REFCOUNTING gstobject.c:208:gst_object_init: 0x55a3cb0efe50 new
0:00:00.020834714  2774 0x55a3cb0ca360 DEBUG   GST_REGISTRY gstregistrychunks.c:716:gst_registry_chunks_load_feature: Reading/casting for GstRegistryChunkPluginFeature at address 0x55a3cb0f0988
0:00:00.020841947  2774 0x55a3cb0ca360 DEBUG   GST_REGISTRY gstregistry.c:580:gst_registry_add_feature: replacing existing feature 0x55a3cb0f0210 (leaks)
0:00:00.020852970  2774 0x55a3cb0ca360 DEBUG   GST_REGISTRY gstregistry.c:589:gst_registry_add_feature: adding feature 0x55a3cb0efe50 (leaks)
0:00:00.020864274  2774 0x55a3cb0ca360 TRACE   GST_REFCOUNTING gstobject.c:788:gst_object_unparent: unparent
0:00:00.020875808  2774 0x55a3cb0ca360 TRACE   GST_REFCOUNTING gstobject.c:264:gst_object_unref: 0x55a3cb0f0210 unref 1->0
0:00:00.020895228  2774 0x55a3cb0ca360 TRACE   GST_REFCOUNTING gstobject.c:381:gst_object_dispose: 0x55a3cb0f0210 dispose
0:00:00.020914633  2774 0x55a3cb0ca360 DEBUG   GST_PLUGIN_LOADING gstpluginfeature.c:67:gst_plugin_feature_finalize: finalizing feature 0x55a3cb0f0210: 'leaks'
0:00:00.020926136  2774 0x55a3cb0ca360 TRACE   GST_REFCOUNTING gstobject.c:423:gst_object_finalize: 0x55a3cb0f0210 finalize
0:00:00.020938809  2774 0x55a3cb0ca360 DEBUG   GST_REFCOUNTING gstobject.c:708:gst_object_set_parent: set parent (ref and sink)
0:00:00.020950956  2774 0x55a3cb0ca360 TRACE   GST_REFCOUNTING gstobject.c:292:gst_object_ref_sink: 0x55a3cb0efe50 ref_sink 1->2
0:00:00.020961265  2774 0x55a3cb0ca360 LOG   GST_REGISTRY gstregistry.c:607:gst_registry_add_feature: emitting feature-added for leaks
0:00:00.020973438  2774 0x55a3cb0ca360 DEBUG   GST_REGISTRY gstregistrychunks.c:740:gst_registry_chunks_load_feature: Added feature leaks, plugin 0x55a3cb0ff0f0 coretracers
0:00:00.020983080  2774 0x55a3cb0ca360 DEBUG   GST_REGISTRY gstregistrychunks.c:582:gst_registry_chunks_load_feature: Plugin 'coretracers' feature 'stats' typename : 'GstTracerFactory'
0:00:00.020994951  2774 0x55a3cb0ca360 TRACE   GST_REFCOUNTING gstobject.c:208:gst_object_init: 0x55a3cb0f0210 new
0:00:00.021005619  2774 0x55a3cb0ca360 DEBUG   GST_REGISTRY gstregistrychunks.c:716:gst_registry_chunks_load_feature: Reading/casting for GstRegistryChunkPluginFeature at address 0x55a3cb0f09a8
