0:00:00.010512451  2775 0x55906a42b360 DEBUG   GST_POLL gstpoll.c:979:gst_poll_fd_ctl_write: 0x55906a44fcc0: fd (fd:0, idx:1), active : 1
0:00:00.010518201  2775 0x55906a42b360 LOG   GST_POLL gstpoll.c:994:gst_poll_fd_ctl_write: 0x55906a44fcc0: pfd->events now 60 (POLLOUT:4)
0:00:00.010524151  2775 0x55906a42b360 DEBUG   GST_POLL gstpoll.c:979:gst_poll_fd_ctl_write: 0x55906a44fcc0: fd (fd:0, idx:1), active : 1
0:00:00.010529898  2775 0x55906a42b360 LOG   GST_POLL gstpoll.c:994:gst_poll_fd_ctl_write: 0x55906a44fcc0: pfd->events now 60 (POLLOUT:4)
0:00:00.010535877  2775 0x55906a42b360 DEBUG   GST_POLL gstpoll.c:979:gst_poll_fd_ctl_write: 0x55906a44fcc0: fd (fd:0, idx:1), active : 1
0:00:00.010541604  2775 0x55906a42b360 LOG   GST_POLL gstpoll.c:994:gst_poll_fd_ctl_write: 0x55906a44fcc0: pfd->events now 60 (POLLOUT:4)
0:00:00.010547567  2775 0x55906a42b360 DEBUG   GST_POLL gstpoll.c:979:gst_poll_fd_ctl_write: 0x55906a44fcc0: fd (fd:0, idx:1), active : 1
0:00:00.010553273  2775 0x55906a42b360 LOG   GST_POLL gstpoll.c:994:gst_poll_fd_ctl_write: 0x55906a44fcc0: pfd->events now 60 (POLLOUT:4)
0:00:00.010559269  2775 0x55906a42b360 DEBUG   GST_POLL gstpoll.c:979:gst_poll_fd_ctl_write: 0x55906a44fcc0: fd (fd:0, idx:1), active : 1
0:00:00.010564995  2775 0x55906a42b360 LOG   GST_POLL gstpoll.c:994:gst_poll_fd_ctl_write: 0x55906a44fcc0: pfd->events now 60 (POLLOUT:4)
0:00:00.010570986  2775 0x55906a42b360 DEBUG   GST_POLL gstpoll.c:979:gst_poll_fd_ctl_write: 0x55906a44fcc0: fd (fd:0, idx:1), active : 1
0:00:00.010576685  2775 0x55906a42b360 LOG   GST_POLL gstpoll.c:994:gst_poll_fd_ctl_write: 0x55906a44fcc0: pfd->events now 60 (POLLOUT:4)
0:00:00.010582686  2775 0x55906a42b360 DEBUG   GST_POLL gstpoll.c:979:gst_poll_fd_ctl_write: 0x55906a44fcc0: fd (fd:0, idx:1), active : 1
0:00:00.010588414  2775 0x55906a42b360 LOG   GST_POLL gstpoll.c:994:gst_poll_fd_ctl_write: 0x55906a44fcc0: pfd->events now 60 (POLLOUT:4)
0:00:00.010594488  2775 0x55906a42b360 DEBUG   GST_POLL gstpoll.c:979:gst_poll_fd_ctl_write: 0x55906a44fcc0: fd (fd:0, idx:1), active : 1
0:00:00.010600207  2775 0x55906a42b360 LOG   GST_POLL gstpoll.c:994:gst_poll_fd_ctl_write: 0x55906a44fcc0: pfd->events now 60 (POLLOUT:4)
0:00:00.010615858  2775 0x55906a42b360 DEBUG   GST_POLL gstpoll.c:979:gst_poll_fd_ctl_write: 0x55906a44fcc0: fd (fd:0, idx:1), active : 1
0:00:00.010621772  2775 0x55906a42b360 LOG   GST_POLL gstpoll.c:994:gst_poll_fd_ctl_write: 0x55906a44fcc0: pfd->events now 60 (POLLOUT:4)
0:00:00.010627742  2775 0x55906a42b360 DEBUG   GST_POLL gstpoll.c:979:gst_poll_fd_ctl_write: 0x55906a44fcc0: fd (fd:0, idx:1), active : 1
0:00:00.010633501  2775 0x55906a42b360 LOG   GST_POLL gstpoll.c:994:gst_poll_fd_ctl_write: 0x55906a44fcc0: pfd->events now 60 (POLLOUT:4)
0:00:00.010639552  2775 0x55906a42b360 DEBUG   GST_POLL gstpoll.c:979:gst_poll_fd_ctl_write: 0x55906a44fcc0: fd (fd:0, idx:1), active : 1
0:00:00.010645377  2775 0x55906a42b360 LOG   GST_POLL gstpoll.c:994:gst_poll_fd_ctl_write: 0x55906a44fcc0: pfd->events now 60 (POLLOUT:4)
0:00:00.010651390  2775 0x55906a42b360 DEBUG   GST_POLL gstpoll.c:979:gst_poll_fd_ctl_write: 0x55906a44fcc0: fd (fd:0, idx:1), active : 1
0:00:00.010657100  2775 0x55906a42b360 LOG   GST_POLL gstpoll.c:994:gst_poll_fd_ctl_write: 0x55906a44fcc0: pfd->events now 60 (POLLOUT:4)
0:00:00.010663173  2775 0x55906a42b360 DEBUG   GST_POLL gstpoll.c:979:gst_poll_fd_ctl_write: 0x55906a44fcc0: fd (fd:0, idx:1), active : 1
0:00:00.010668921  2775 0x55906a42b360 LOG   GST_POLL gstpoll.c:994:gst_poll_fd_ctl_write: 0x55906a44fcc0: pfd->events now 60 (POLLOUT:4)
0:00:00.010674986  2775 0x55906a42b360 DEBUG   GST_POLL gstpoll.c:979:gst_poll_fd_ctl_write: 0x55906a44fcc0: fd (fd:0, idx:1), active : 1
0:00:00.010680709  2775 0x55906a42b360 LOG   GST_POLL gstpoll.c:994:gst_poll_fd_ctl_write: 0x55906a44fcc0: pfd->events now 60 (POLLOUT:4)
0:00:00.010686692  2775 0x55906a42b360 DEBUG   GST_POLL gstpoll.c:979:gst_poll_fd_ctl_write: 0x55906a44fcc0: fd (fd:0, idx:1), active : 1
0:00:00.010692462  2775 0x55906a42b360 LOG   GST_POLL gstpoll.c:994:gst_poll_fd_ctl_write: 0x55906a44fcc0: pfd->events now 60 (POLLOUT:4)
0:00:00.010698562  2775 0x55906a42b360 DEBUG   GST_POLL gstpoll.c:979:gst_poll_fd_ctl_write: 0x55906a44fcc0: fd (fd:0, idx:1), active : 1
0:00:00.010704291  2775 0x55906a42b360 LOG   GST_POLL gstpoll.c:994:gst_poll_fd_ctl_write: 0x55906a44fcc0: pfd->events now 60 (POLLOUT:4)
0:00:00.010710338  2775 0x55906a42b360 DEBUG   GST_POLL gstpoll.c:979:gst_poll_fd_ctl_write: 0x55906a44fcc0: fd (fd:0, idx:1), active : 1
0:00:00.010716104  2775 0x55906a42b360 LOG   GST_POLL gstpoll.c:994:gst_poll_fd_ctl_write: 0x55906a44fcc0: pfd->events now 60 (POLLOUT:4)
0:00:00.010722144  2775 0x55906a42b360 DEBUG   GST_POLL gstpoll.c:979:gst_poll_fd_ctl_write: 0x55906a44fcc0: fd (fd:0, idx:1), active : 1
0:00:00.010727914  2775 0x55906a42b360 LOG   GST_POLL gstpoll.c:994:gst_poll_fd_ctl_write: 0x55906a44fcc0: pfd->events now 60 (POLLOUT:4)
0:00:00.010733991  2775 0x55906a42b360 DEBUG   GST_POLL gstpoll.c:979:gst_poll_fd_ctl_write: 0x55906a44fcc0: fd (fd:0, idx:1), active : 1
0:00:00.010739863  2775 0x55906a42b360 LOG   GST_POLL gstpoll.c:994:gst_poll_fd_ctl_write: 0x55906a44fcc0: pfd->events now 60 (POLLOUT:4)
0:00:00.010750512  2775 0x55906a42b360 DEBUG   GST_POLL gstpoll.c:979:gst_poll_fd_ctl_write: 0x55906a44fcc0: fd (fd:0, idx:1), active : 1
0:00:00.010756432  2775 0x55906a42b360 LOG   GST_POLL gstpoll.c:994:gst_poll_fd_ctl_write: 0x55906a44fcc0: pfd->events now 60 (POLLOUT:4)
0:00:00.010762495  2775 0x55906a42b360 DEBUG   GST_POLL gstpoll.c:979:gst_poll_fd_ctl_write: 0x55906a44fcc0: fd (fd:0, idx:1), active : 1
0:00:00.010768359  2775 0x55906a42b360 LOG   GST_POLL gstpoll.c:994:gst_poll_fd_ctl_write: 0x55906a44fcc0: pfd->events now 60 (POLLOUT:4)
0:00:00.010774432  2775 0x55906a42b360 DEBUG   GST_POLL gstpoll.c:979:gst_poll_fd_ctl_write: 0x55906a44fcc0: fd (fd:0, idx:1), active : 1
0:00:00.010780198  2775 0x55906a42b360 LOG   GST_POLL gstpoll.c:994:gst_poll_fd_ctl_write: 0x55906a44fcc0: pfd->events now 60 (POLLOUT:4)
0:00:00.010786225  2775 0x55906a42b360 DEBUG   GST_POLL gstpoll.c:979:gst_poll_fd_ctl_write: 0x55906a44fcc0: fd (fd:0, idx:1), active : 1
0:00:00.010863218  2775 0x55906a42b360 LOG   GST_POLL gstpoll.c:994:gst_poll_fd_ctl_write: 0x55906a44fcc0: pfd->events now 60 (POLLOUT:4)
0:00:00.010871535  2775 0x55906a42b360 LOG   GST_PLUGIN_LOADING gstpluginloader.c:644:put_chunk: Expanding tx buf from 5764 to 7717 for chunk of size 229
0:00:00.010885584  2775 0x55906a42b360 DEBUG   GST_POLL gstpoll.c:979:gst_poll_fd_ctl_write: 0x55906a44fcc0: fd (fd:0, idx:1), active : 1
0:00:00.010891669  2775 0x55906a42b360 LOG   GST_POLL gstpoll.c:994:gst_poll_fd_ctl_write: 0x55906a44fcc0: pfd->events now 60 (POLLOUT:4)
0:00:00.010897736  2775 0x55906a42b360 DEBUG   GST_POLL gstpoll.c:979:gst_poll_fd_ctl_write: 0x55906a44fcc0: fd (fd:0, idx:1), active : 1
0:00:00.010903479  2775 0x55906a42b360 LOG   GST_POLL gstpoll.c:994:gst_poll_fd_ctl_write: 0x55906a44fcc0: pfd->events now 60 (POLLOUT:4)
0:00:00.010909533  2775 0x55906a42b360 DEBUG   GST_POLL gstpoll.c:979:gst_poll_fd_ctl_write: 0x55906a44fcc0: fd (fd:0, idx:1), active : 1
0:00:00.010915265  2775 0x55906a42b360 LOG   GST_POLL gstpoll.c:994:gst_poll_fd_ctl_write: 0x55906a44fcc0: pfd->events now 60 (POLLOUT:4)
0:00:00.010921221  2775 0x55906a42b360 DEBUG   GST_POLL gstpoll.c:979:gst_poll_fd_ctl_write: 0x55906a44fcc0: fd (fd:0, idx:1), active : 1
0:00:00.010944998  2775 0x55906a42b360 LOG   GST_POLL gstpoll.c:994:gst_poll_fd_ctl_write: 0x55906a44fcc0: pfd->events now 60 (POLLOUT:4)
0:00:00.010951335  2775 0x55906a42b360 DEBUG   GST_POLL gstpoll.c:979:gst_poll_fd_ctl_write: 0x55906a44fcc0: fd (fd:0, idx:1), active : 1
0:00:00.010957300  2775 0x55906a42b360 LOG   GST_POLL gstpoll.c:994:gst_poll_fd_ctl_write: 0x55906a44fcc0: pfd->events now 60 (POLLOUT:4)
0:00:00.010963538  2775 0x55906a42b360 DEBUG   GST_POLL gstpoll.c:979:gst_poll_fd_ctl_write: 0x55906a44fcc0: fd (fd:0, idx:1), active : 1
0:00:00.010969500  2775 0x55906a42b360 LOG   GST_POLL gstpoll.c:994:gst_poll_fd_ctl_write: 0x55906a44fcc0: pfd->events now 60 (POLLOUT:4)
0:00:00.010975709  2775 0x55906a42b360 DEBUG   GST_POLL gstpoll.c:979:gst_poll_fd_ctl_write: 0x55906a44fcc0: fd (fd:0, idx:1), active : 1
0:00:00.010986308  2775 0x55906a42b360 LOG   GST_POLL gstpoll.c:994:gst_poll_fd_ctl_write: 0x55906a44fcc0: pfd->events now 60 (POLLOUT:4)
0:00:00.010992799  2775 0x55906a42b360 DEBUG   GST_POLL gstpoll.c:979:gst_poll_fd_ctl_write: 0x55906a44fcc0: fd (fd:0, idx:1), active : 1
0:00:00.010998768  2775 0x55906a42b360 LOG   GST_POLL gstpoll.c:994:gst_poll_fd_ctl_write: 0x55906a44fcc0: pfd->events now 60 (POLLOUT:4)
0:00:00.011004991  2775 0x55906a42b360 DEBUG   GST_POLL gstpoll.c:979:gst_poll_fd_ctl_write: 0x55906a44fcc0: fd (fd:0, idx:1), active : 1
0:00:00.011010931  2775 0x55906a42b360 LOG   GST_POLL gstpoll.c:994:gst_poll_fd_ctl_write: 0x55906a44fcc0: pfd->events now 60 (POLLOUT:4)
0:00:00.011017079  2775 0x55906a42b360 DEBUG   GST_POLL gstpoll.c:979:gst_poll_fd_ctl_write: 0x55906a44fcc0: fd (fd:0, idx:1), active : 1
0:00:00.011023114  2775 0x55906a42b360 LOG   GST_POLL gstpoll.c:994:gst_poll_fd_ctl_write: 0x55906a44fcc0: pfd->events now 60 (POLLOUT:4)
0:00:00.011029351  2775 0x55906a42b360 DEBUG   GST_POLL gstpoll.c:979:gst_poll_fd_ctl_write: 0x55906a44fcc0: fd (fd:0, idx:1), active : 1
0:00:00.011035381  2775 0x55906a42b360 LOG   GST_POLL gstpoll.c:994:gst_poll_fd_ctl_write: 0x55906a44fcc0: pfd->events now 60 (POLLOUT:4)
0:00:00.011041494  2775 0x55906a42b360 DEBUG   GST_POLL gstpoll.c:979:gst_poll_fd_ctl_write: 0x55906a44fcc0: fd (fd:0, idx:1), active : 1
0:00:00.011047428  2775 0x55906a42b360 LOG   GST_POLL gstpoll.c:994:gst_poll_fd_ctl_write: 0x55906a44fcc0: pfd->events now 60 (POLLOUT:4)
0:00:00.011053605  2775 0x55906a42b360 DEBUG   GST_POLL gstpoll.c:979:gst_poll_fd_ctl_write: 0x55906a44fcc0: fd (fd:0, idx:1), active : 1
0:00:00.011059568  2775 0x55906a42b360 LOG   GST_POLL gstpoll.c:994:gst_poll_fd_ctl_write: 0x55906a44fcc0: pfd->events now 60 (POLLOUT:4)
0:00:00.011065676  2775 0x55906a42b360 DEBUG   GST_POLL gstpoll.c:979:gst_poll_fd_ctl_write: 0x55906a44fcc0: fd (fd:0, idx:1), active : 1
0:00:00.011071636  2775 0x55906a42b360 LOG   GST_POLL gstpoll.c:994:gst_poll_fd_ctl_write: 0x55906a44fcc0: pfd->events now 60 (POLLOUT:4)
0:00:00.011077806  2775 0x55906a42b360 DEBUG   GST_POLL gstpoll.c:979:gst_poll_fd_ctl_write: 0x55906a44fcc0: fd (fd:0, idx:1), active : 1
0:00:00.011083770  2775 0x55906a42b360 LOG   GST_POLL gstpoll.c:994:gst_poll_fd_ctl_write: 0x55906a44fcc0: pfd->events now 60 (POLLOUT:4)
0:00:00.011090020  2775 0x55906a42b360 DEBUG   GST_POLL gstpoll.c:979:gst_poll_fd_ctl_write: 0x55906a44fcc0: fd (fd:0, idx:1), active : 1
0:00:00.011095972  2775 0x55906a42b360 LOG   GST_POLL gstpoll.c:994:gst_poll_fd_ctl_write: 0x55906a44fcc0: pfd->events now 60 (POLLOUT:4)
0:00:00.011102165  2775 0x55906a42b360 DEBUG   GST_POLL gstpoll.c:979:gst_poll_fd_ctl_write: 0x55906a44fcc0: fd (fd:0, idx:1), active : 1
0:00:00.011108075  2775 0x55906a42b360 LOG   GST_POLL gstpoll.c:994:gst_poll_fd_ctl_write: 0x55906a44fcc0: pfd->events now 60 (POLLOUT:4)
0:00:00.011114308  2775 0x55906a42b360 DEBUG   GST_POLL gstpoll.c:979:gst_poll_fd_ctl_write: 0x55906a44fcc0: fd (fd:0, idx:1), active : 1
0:00:00.011120235  2775 0x55906a42b360 LOG   GST_POLL gstpoll.c:994:gst_poll_fd_ctl_write: 0x55906a44fcc0: pfd->events now 60 (POLLOUT:4)
0:00:00.011131907  2775 0x55906a42b360 DEBUG   GST_POLL gstpoll.c:979:gst_poll_fd_ctl_write: 0x55906a44fcc0: fd (fd:0, idx:1), active : 1
0:00:00.011138047  2775 0x55906a42b360 LOG   GST_POLL gstpoll.c:994:gst_poll_fd_ctl_write: 0x55906a44fcc0: pfd->events now 60 (POLLOUT:4)
0:00:00.011144289  2775 0x55906a42b360 DEBUG   GST_POLL gstpoll.c:979:gst_poll_fd_ctl_write: 0x55906a44fcc0: fd (fd:0, idx:1), active : 1
0:00:00.011150237  2775 0x55906a42b360 LOG   GST_POLL gstpoll.c:994:gst_poll_fd_ctl_write: 0x55906a44fcc0: pfd->events now 60 (POLLOUT:4)
0:00:00.011156477  2775 0x55906a42b360 DEBUG   GST_POLL gstpoll.c:979:gst_poll_fd_ctl_write: 0x55906a44fcc0: fd (fd:0, idx:1), active : 1
0:00:00.011162460  2775 0x55906a42b360 LOG   GST_POLL gstpoll.c:994:gst_poll_fd_ctl_write: 0x55906a44fcc0: pfd->events now 60 (POLLOUT:4)
0:00:00.011168680  2775 0x55906a42b360 DEBUG   GST_POLL gstpoll.c:979:gst_poll_fd_ctl_write: 0x55906a44fcc0: fd (fd:0, idx:1), active : 1
0:00:00.011174654  2775 0x55906a42b360 LOG   GST_POLL gstpoll.c:994:gst_poll_fd_ctl_write: 0x55906a44fcc0: pfd->events now 60 (POLLOUT:4)
0:00:00.011180844  2775 0x55906a42b360 DEBUG   GST_POLL gstpoll.c:979:gst_poll_fd_ctl_write: 0x55906a44fcc0: fd (fd:0, idx:1), active : 1
0:00:00.011186779  2775 0x55906a42b360 LOG   GST_POLL gstpoll.c:994:gst_poll_fd_ctl_write: 0x55906a44fcc0: pfd->events now 60 (POLLOUT:4)
0:00:00.011192999  2775 0x55906a42b360 DEBUG   GST_POLL gstpoll.c:979:gst_poll_fd_ctl_write: 0x55906a44fcc0: fd (fd:0, idx:1), active : 1
0:00:00.011198986  2775 0x55906a42b360 LOG   GST_POLL gstpoll.c:994:gst_poll_fd_ctl_write: 0x55906a44fcc0: pfd->events now 60 (POLLOUT:4)
0:00:00.011205183  2775 0x55906a42b360 DEBUG   GST_POLL gstpoll.c:979:gst_poll_fd_ctl_write: 0x55906a44fcc0: fd (fd:0, idx:1), active : 1
0:00:00.011211109  2775 0x55906a42b360 LOG   GST_POLL gstpoll.c:994:gst_poll_fd_ctl_write: 0x55906a44fcc0: pfd->events now 60 (POLLOUT:4)
0:00:00.011217295  2775 0x55906a42b360 DEBUG   GST_POLL gstpoll.c:979:gst_poll_fd_ctl_write: 0x55906a44fcc0: fd (fd:0, idx:1), active : 1
0:00:00.011223249  2775 0x55906a42b360 LOG   GST_POLL gstpoll.c:994:gst_poll_fd_ctl_write: 0x55906a44fcc0: pfd->events now 60 (POLLOUT:4)
0:00:00.011229522  2775 0x55906a42b360 DEBUG   GST_POLL gstpoll.c:979:gst_poll_fd_ctl_write: 0x55906a44fcc0: fd (fd:0, idx:1), active : 1
0:00:00.011235501  2775 0x55906a42b360 LOG   GST_POLL gstpoll.c:994:gst_poll_fd_ctl_write: 0x55906a44fcc0: pfd->events now 60 (POLLOUT:4)
0:00:00.011241759  2775 0x55906a42b360 DEBUG   GST_POLL gstpoll.c:979:gst_poll_fd_ctl_write: 0x55906a44fcc0: fd (fd:0, idx:1), active : 1
0:00:00.011247718  2775 0x55906a42b360 LOG   GST_POLL gstpoll.c:994:gst_poll_fd_ctl_write: 0x55906a44fcc0: pfd->events now 60 (POLLOUT:4)
0:00:00.011253981  2775 0x55906a42b360 DEBUG   GST_POLL gstpoll.c:979:gst_poll_fd_ctl_write: 0x55906a44fcc0: fd (fd:0, idx:1), active : 1
0:00:00.011259911  2775 0x55906a42b360 LOG   GST_POLL gstpoll.c:994:gst_poll_fd_ctl_write: 0x55906a44fcc0: pfd->events now 60 (POLLOUT:4)
0:00:00.011270144  2775 0x55906a42b360 DEBUG   GST_POLL gstpoll.c:979:gst_poll_fd_ctl_write: 0x55906a44fcc0: fd (fd:0, idx:1), active : 1
0:00:00.011276243  2775 0x55906a42b360 LOG   GST_POLL gstpoll.c:994:gst_poll_fd_ctl_write: 0x55906a44fcc0: pfd->events now 60 (POLLOUT:4)
0:00:00.011282402  2775 0x55906a42b360 DEBUG   GST_POLL gstpoll.c:979:gst_poll_fd_ctl_write: 0x55906a44fcc0: fd (fd:0, idx:1), active : 1
0:00:00.011288374  2775 0x55906a42b360 LOG   GST_POLL gstpoll.c:994:gst_poll_fd_ctl_write: 0x55906a44fcc0: pfd->events now 60 (POLLOUT:4)
0:00:00.011294599  2775 0x55906a42b360 DEBUG   GST_POLL gstpoll.c:979:gst_poll_fd_ctl_write: 0x55906a44fcc0: fd (fd:0, idx:1), active : 1
0:00:00.011300577  2775 0x55906a42b360 LOG   GST_POLL gstpoll.c:994:gst_poll_fd_ctl_write: 0x55906a44fcc0: pfd->events now 60 (POLLOUT:4)
0:00:00.011306802  2775 0x55906a42b360 DEBUG   GST_POLL gstpoll.c:979:gst_poll_fd_ctl_write: 0x55906a44fcc0: fd (fd:0, idx:1), active : 1
0:00:00.011312775  2775 0x55906a42b360 LOG   GST_POLL gstpoll.c:994:gst_poll_fd_ctl_write: 0x55906a44fcc0: pfd->events now 60 (POLLOUT:4)
0:00:00.011318970  2775 0x55906a42b360 DEBUG   GST_POLL gstpoll.c:979:gst_poll_fd_ctl_write: 0x55906a44fcc0: fd (fd:0, idx:1), active : 1
0:00:00.011324951  2775 0x55906a42b360 LOG   GST_POLL gstpoll.c:994:gst_poll_fd_ctl_write: 0x55906a44fcc0: pfd->events now 60 (POLLOUT:4)
0:00:00.011331121  2775 0x55906a42b360 DEBUG   GST_POLL gstpoll.c:979:gst_poll_fd_ctl_write: 0x55906a44fcc0: fd (fd:0, idx:1), active : 1
0:00:00.011337085  2775 0x55906a42b360 LOG   GST_POLL gstpoll.c:994:gst_poll_fd_ctl_write: 0x55906a44fcc0: pfd->events now 60 (POLLOUT:4)
0:00:00.011343324  2775 0x55906a42b360 DEBUG   GST_POLL gstpoll.c:979:gst_poll_fd_ctl_write: 0x55906a44fcc0: fd (fd:0, idx:1), active : 1
0:00:00.011349281  2775 0x55906a42b360 LOG   GST_POLL gstpoll.c:994:gst_poll_fd_ctl_write: 0x55906a44fcc0: pfd->events now 60 (POLLOUT:4)
0:00:00.011355534  2775 0x55906a42b360 DEBUG   GST_POLL gstpoll.c:979:gst_poll_fd_ctl_write: 0x55906a44fcc0: fd (fd:0, idx:1), active : 1
0:00:00.011361487  2775 0x55906a42b360 LOG   GST_POLL gstpoll.c:994:gst_poll_fd_ctl_write: 0x55906a44fcc0: pfd->events now 60 (POLLOUT:4)
0:00:00.011367794  2775 0x55906a42b360 DEBUG   GST_POLL gstpoll.c:979:gst_poll_fd_ctl_write: 0x55906a44fcc0: fd (fd:0, idx:1), active : 1
0:00:00.011373771  2775 0x55906a42b360 LOG   GST_POLL gstpoll.c:994:gst_poll_fd_ctl_write: 0x55906a44fcc0: pfd->events now 60 (POLLOUT:4)
0:00:00.011380045  2775 0x55906a42b360 DEBUG   GST_POLL gstpoll.c:979:gst_poll_fd_ctl_write: 0x55906a44fcc0: fd (fd:0, idx:1), active : 1
0:00:00.011386015  2775 0x55906a42b360 LOG   GST_POLL gstpoll.c:994:gst_poll_fd_ctl_write: 0x55906a44fcc0: pfd->events now 60 (POLLOUT:4)
0:00:00.011392251  2775 0x55906a42b360 DEBUG   GST_POLL gstpoll.c:979:gst_poll_fd_ctl_write: 0x55906a44fcc0: fd (fd:0, idx:1), active : 1
0:00:00.011398198  2775 0x55906a42b360 LOG   GST_POLL gstpoll.c:994:gst_poll_fd_ctl_write: 0x55906a44fcc0: pfd->events now 60 (POLLOUT:4)
0:00:00.011404376  2775 0x55906a42b360 DEBUG   GST_POLL gstpoll.c:979:gst_poll_fd_ctl_write: 0x55906a44fcc0: fd (fd:0, idx:1), active : 1
0:00:00.011414392  2775 0x55906a42b360 LOG   GST_POLL gstpoll.c:994:gst_poll_fd_ctl_write: 0x55906a44fcc0: pfd->events now 60 (POLLOUT:4)
0:00:00.011420785  2775 0x55906a42b360 DEBUG   GST_POLL gstpoll.c:979:gst_poll_fd_ctl_write: 0x55906a44fcc0: fd (fd:0, idx:1), active : 1
0:00:00.011426764  2775 0x55906a42b360 LOG   GST_POLL gstpoll.c:994:gst_poll_fd_ctl_write: 0x55906a44fcc0: pfd->events now 60 (POLLOUT:4)
0:00:00.011433011  2775 0x55906a42b360 DEBUG   GST_POLL gstpoll.c:979:gst_poll_fd_ctl_write: 0x55906a44fcc0: fd (fd:0, idx:1), active : 1
0:00:00.011438987  2775 0x55906a42b360 LOG   GST_POLL gstpoll.c:994:gst_poll_fd_ctl_write: 0x55906a44fcc0: pfd->events now 60 (POLLOUT:4)
0:00:00.011445187  2775 0x55906a42b360 DEBUG   GST_POLL gstpoll.c:979:gst_poll_fd_ctl_write: 0x55906a44fcc0: fd (fd:0, idx:1), active : 1
0:00:00.011451139  2775 0x55906a42b360 LOG   GST_POLL gstpoll.c:994:gst_poll_fd_ctl_write: 0x55906a44fcc0: pfd->events now 60 (POLLOUT:4)
0:00:00.011457354  2775 0x55906a42b360 DEBUG   GST_POLL gstpoll.c:979:gst_poll_fd_ctl_write: 0x55906a44fcc0: fd (fd:0, idx:1), active : 1
0:00:00.011463311  2775 0x55906a42b360 LOG   GST_POLL gstpoll.c:994:gst_poll_fd_ctl_write: 0x55906a44fcc0: pfd->events now 60 (POLLOUT:4)
0:00:00.011469527  2775 0x55906a42b360 DEBUG   GST_POLL gstpoll.c:979:gst_poll_fd_ctl_write: 0x55906a44fcc0: fd (fd:0, idx:1), active : 1
0:00:00.011475513  2775 0x55906a42b360 LOG   GST_POLL gstpoll.c:994:gst_poll_fd_ctl_write: 0x55906a44fcc0: pfd->events now 60 (POLLOUT:4)
0:00:00.011487919  2775 0x55906a42b360 DEBUG   GST_POLL gstpoll.c:979:gst_poll_fd_ctl_write: 0x55906a44fcc0: fd (fd:0, idx:1), active : 1
0:00:00.011493978  2775 0x55906a42b360 LOG   GST_POLL gstpoll.c:994:gst_poll_fd_ctl_write: 0x55906a44fcc0: pfd->events now 60 (POLLOUT:4)
0:00:00.011500284  2775 0x55906a42b360 DEBUG   GST_POLL gstpoll.c:979:gst_poll_fd_ctl_write: 0x55906a44fcc0: fd (fd:0, idx:1), active : 1
0:00:00.011509138  2775 0x55906a42b360 LOG   GST_POLL gstpoll.c:994:gst_poll_fd_ctl_write: 0x55906a44fcc0: pfd->events now 60 (POLLOUT:4)
0:00:00.011515465  2775 0x55906a42b360 DEBUG   GST_POLL gstpoll.c:979:gst_poll_fd_ctl_write: 0x55906a44fcc0: fd (fd:0, idx:1), active : 1
0:00:00.011521404  2775 0x55906a42b360 LOG   GST_POLL gstpoll.c:994:gst_poll_fd_ctl_write: 0x55906a44fcc0: pfd->events now 60 (POLLOUT:4)
0:00:00.011527657  2775 0x55906a42b360 DEBUG   GST_POLL gstpoll.c:979:gst_poll_fd_ctl_write: 0x55906a44fcc0: fd (fd:0, idx:1), active : 1
0:00:00.011533610  2775 0x55906a42b360 LOG   GST_POLL gstpoll.c:994:gst_poll_fd_ctl_write: 0x55906a44fcc0: pfd->events now 60 (POLLOUT:4)
0:00:00.011539857  2775 0x55906a42b360 DEBUG   GST_POLL gstpoll.c:979:gst_poll_fd_ctl_write: 0x55906a44fcc0: fd (fd:0, idx:1), active : 1
0:00:00.011545811  2775 0x55906a42b360 LOG   GST_POLL gstpoll.c:994:gst_poll_fd_ctl_write: 0x55906a44fcc0: pfd->events now 60 (POLLOUT:4)
0:00:00.011552026  2775 0x55906a42b360 DEBUG   GST_POLL gstpoll.c:979:gst_poll_fd_ctl_write: 0x55906a44fcc0: fd (fd:0, idx:1), active : 1
0:00:00.011562036  2775 0x55906a42b360 LOG   GST_POLL gstpoll.c:994:gst_poll_fd_ctl_write: 0x55906a44fcc0: pfd->events now 60 (POLLOUT:4)
0:00:00.011568408  2775 0x55906a42b360 DEBUG   GST_POLL gstpoll.c:979:gst_poll_fd_ctl_write: 0x55906a44fcc0: fd (fd:0, idx:1), active : 1
0:00:00.011574388  2775 0x55906a42b360 LOG   GST_POLL gstpoll.c:994:gst_poll_fd_ctl_write: 0x55906a44fcc0: pfd->events now 60 (POLLOUT:4)
0:00:00.011580658  2775 0x55906a42b360 DEBUG   GST_POLL gstpoll.c:979:gst_poll_fd_ctl_write: 0x55906a44fcc0: fd (fd:0, idx:1), active : 1
0:00:00.011586642  2775 0x55906a42b360 LOG   GST_POLL gstpoll.c:994:gst_poll_fd_ctl_write: 0x55906a44fcc0: pfd->events now 60 (POLLOUT:4)
0:00:00.011596584  2775 0x55906a42b360 TRACE   GST_REFCOUNTING gstobject.c:264:gst_object_unref: 0x55906a454c30 unref 2->1
0:00:00.011609974  2775 0x55906a42b360 DEBUG   GST_POLL gstpoll.c:1241:gst_poll_fd_has_error: 0x55906a44fcc0: fd (fd:0, idx:1) 0
0:00:00.011616731  2775 0x55906a42b360 DEBUG   GST_POLL gstpoll.c:1335:gst_poll_fd_can_write: 0x55906a44fcc0: fd (fd:0, idx:1) 1
0:00:00.011623010  2775 0x55906a42b360 LOG   GST_PLUGIN_LOADING gstpluginloader.c:689:write_one: Writing packet of size 488 bytes to fd 0
0:00:00.011641054  2775 0x55906a42b360 DEBUG   GST_POLL gstpoll.c:1414:gst_poll_wait: 0x55906a44fcc0: timeout :0:00:01.000000000
0:00:00.011651445  2775 0x55906a42b360 LOG   GST_PLUGIN_LOADING gstpluginloader.c:1026:exchange_packets: Poll res = 2. 6872 bytes pending for write
0:00:00.011658423  2775 0x55906a42b360 DEBUG   GST_POLL gstpoll.c:1241:gst_poll_fd_has_error: 0x55906a44fcc0: fd (fd:5, idx:2) 0
0:00:00.011664829  2775 0x55906a42b360 DEBUG   GST_POLL gstpoll.c:1266:gst_poll_fd_can_read_unlocked: 0x55906a44fcc0: fd (fd:5, idx:2) 1
0:00:00.016041663  2774 0x55a3cb0ca360 LOG   GST_PLUGIN_LOADING gstpluginloader.c:1026:exchange_packets: Poll res = 1. 0 bytes pending for write
0:00:00.011675110  2775 0x55906a42b360 DEBUG   GST_PLUGIN_LOADING gstpluginloader.c:721:do_plugin_load: Plugin scanner loading file /home/conan/w/prod/BuildSingleReference/.conan/data/gstreamer/1.19.1/_/_/package/5a2a240dc39d481eff30f147f0e2f01ae047b26f/lib/gstreamer-1.0/libgstcoretracers.so. tag 2
0:00:00.016062481  2774 0x55a3cb0ca360 DEBUG   GST_POLL gstpoll.c:1241:gst_poll_fd_has_error: 0x55a3cb0ef7b0: fd (fd:8, idx:2) 0
0:00:00.011683935  2775 0x55906a42b360 TRACE   GST_REFCOUNTING gstobject.c:237:gst_object_ref: 0x55906a451720 ref 1->2
0:00:00.016071143  2774 0x55a3cb0ca360 DEBUG   GST_POLL gstpoll.c:1266:gst_poll_fd_can_read_unlocked: 0x55a3cb0ef7b0: fd (fd:8, idx:2) 1
0:00:00.011693631  2775 0x55906a42b360 TRACE   GST_REFCOUNTING gstobject.c:237:gst_object_ref: 0x55906a4530e0 ref 1->2
0:00:00.011701354  2775 0x55906a42b360 TRACE   GST_REFCOUNTING gstobject.c:237:gst_object_ref: 0x55906a452e60 ref 1->2
0:00:00.016083456  2774 0x55a3cb0ca360 DEBUG   GST_PLUGIN_LOADING gstpluginloader.c:847:handle_rx_packet: Received plugin details from child w/ tag 0. 476 bytes info
0:00:00.011708213  2775 0x55906a42b360 TRACE   GST_REFCOUNTING gstobject.c:237:gst_object_ref: 0x55906a452b90 ref 1->2
0:00:00.016091873  2774 0x55a3cb0ca360 LOG   GST_REGISTRY gstregistrychunks.c:836:_priv_gst_registry_chunks_load_plugin: Reading/casting for GstRegistryChunkPluginElement at address 0x55a3cb0eae90
0:00:00.011719745  2775 0x55906a42b360 TRACE   GST_REFCOUNTING gstobject.c:237:gst_object_ref: 0x55906a4528c0 ref 1->2
0:00:00.011727344  2775 0x55906a42b360 TRACE   GST_REFCOUNTING gstobject.c:237:gst_object_ref: 0x55906a452410 ref 1->2
0:00:00.011736393  2775 0x55906a42b360 TRACE   GST_REFCOUNTING gstobject.c:264:gst_object_unref: 0x55906a452410 unref 2->1
0:00:00.016117726  2774 0x55a3cb0ca360 TRACE   GST_REFCOUNTING gstobject.c:208:gst_object_init: 0x55a3cb0efe60 new
0:00:00.011743609  2775 0x55906a42b360 TRACE   GST_REFCOUNTING gstobject.c:264:gst_object_unref: 0x55906a4528c0 unref 2->1
0:00:00.011751048  2775 0x55906a42b360 TRACE   GST_REFCOUNTING gstobject.c:264:gst_object_unref: 0x55906a452b90 unref 2->1
0:00:00.011757696  2775 0x55906a42b360 TRACE   GST_REFCOUNTING gstobject.c:264:gst_object_unref: 0x55906a452e60 unref 2->1
0:00:00.011764294  2775 0x55906a42b360 TRACE   GST_REFCOUNTING gstobject.c:264:gst_object_unref: 0x55906a4530e0 unref 2->1
0:00:00.016146491  2774 0x55a3cb0ca360 LOG   GST_REGISTRY gstregistrychunks.c:858:_priv_gst_registry_chunks_load_plugin: read strings for name='coretracers'
0:00:00.011772479  2775 0x55906a42b360 DEBUG   GST_REGISTRY gstregistrychunks.c:497:_priv_gst_registry_chunks_save_plugin: Found 5 features in plugin 0x55906a451720 (coretracers)
0:00:00.016154208  2774 0x55a3cb0ca360 LOG   GST_REGISTRY gstregistrychunks.c:859:_priv_gst_registry_chunks_load_plugin: desc.description='GStreamer core tracers'
0:00:00.011780200  2775 0x55906a42b360 DEBUG   GST_POLL gstpoll.c:979:gst_poll_fd_ctl_write: 0x55906a44fcc0: fd (fd:0, idx:1), active : 1
0:00:00.016163065  2774 0x55a3cb0ca360 LOG   GST_REGISTRY gstregistrychunks.c:860:_priv_gst_registry_chunks_load_plugin: filename='/home/conan/w/prod/BuildSingleReference/.conan/data/gstreamer/1.19.1/_/_/package/5a2a240dc39d481eff30f147f0e2f01ae047b26f/lib/gstreamer-1.0/libgstcoretracers.so'
0:00:00.011787162  2775 0x55906a42b360 LOG   GST_POLL gstpoll.c:994:gst_poll_fd_ctl_write: 0x55906a44fcc0: pfd->events now 60 (POLLOUT:4)
0:00:00.016170171  2774 0x55a3cb0ca360 LOG   GST_REGISTRY gstregistrychunks.c:861:_priv_gst_registry_chunks_load_plugin: desc.version='1.19.1'
0:00:00.011804199  2775 0x55906a42b360 DEBUG   GST_POLL gstpoll.c:979:gst_poll_fd_ctl_write: 0x55906a44fcc0: fd (fd:0, idx:1), active : 1
0:00:00.016186939  2774 0x55a3cb0ca360 LOG   GST_REGISTRY gstregistrychunks.c:862:_priv_gst_registry_chunks_load_plugin: desc.license='LGPL'
0:00:00.011810941  2775 0x55906a42b360 LOG   GST_POLL gstpoll.c:994:gst_poll_fd_ctl_write: 0x55906a44fcc0: pfd->events now 60 (POLLOUT:4)
0:00:00.016193936  2774 0x55a3cb0ca360 LOG   GST_REGISTRY gstregistrychunks.c:863:_priv_gst_registry_chunks_load_plugin: desc.source='gstreamer'
0:00:00.011817928  2775 0x55906a42b360 DEBUG   GST_POLL gstpoll.c:979:gst_poll_fd_ctl_write: 0x55906a44fcc0: fd (fd:0, idx:1), active : 1
0:00:00.016200723  2774 0x55a3cb0ca360 LOG   GST_REGISTRY gstregistrychunks.c:864:_priv_gst_registry_chunks_load_plugin: desc.package='GStreamer source release'
0:00:00.011828391  2775 0x55906a42b360 LOG   GST_POLL gstpoll.c:994:gst_poll_fd_ctl_write: 0x55906a44fcc0: pfd->events now 60 (POLLOUT:4)
0:00:00.016211427  2774 0x55a3cb0ca360 LOG   GST_REGISTRY gstregistrychunks.c:865:_priv_gst_registry_chunks_load_plugin: desc.origin='Unknown package origin'
0:00:00.011835617  2775 0x55906a42b360 DEBUG   GST_POLL gstpoll.c:979:gst_poll_fd_ctl_write: 0x55906a44fcc0: fd (fd:0, idx:1), active : 1
0:00:00.016218075  2774 0x55a3cb0ca360 LOG   GST_REGISTRY gstregistrychunks.c:866:_priv_gst_registry_chunks_load_plugin: desc.datetime=2021-06-01
0:00:00.011842148  2775 0x55906a42b360 LOG   GST_POLL gstpoll.c:994:gst_poll_fd_ctl_write: 0x55906a44fcc0: pfd->events now 60 (POLLOUT:4)
0:00:00.016228434  2774 0x55a3cb0ca360 DEBUG   GST_REGISTRY gstregistry.c:473:gst_registry_add_plugin: adding plugin 0x55a3cb0efe60 for filename "/home/conan/w/prod/BuildSingleReference/.conan/data/gstreamer/1.19.1/_/_/package/5a2a240dc39d481eff30f147f0e2f01ae047b26f/lib/gstreamer-1.0/libgstcoretracers.so"
0:00:00.011848919  2775 0x55906a42b360 DEBUG   GST_POLL gstpoll.c:979:gst_poll_fd_ctl_write: 0x55906a44fcc0: fd (fd:0, idx:1), active : 1
0:00:00.011856642  2775 0x55906a42b360 LOG   GST_POLL gstpoll.c:994:gst_poll_fd_ctl_write: 0x55906a44fcc0: pfd->events now 60 (POLLOUT:4)
0:00:00.016238587  2774 0x55a3cb0ca360 TRACE   GST_REFCOUNTING gstobject.c:292:gst_object_ref_sink: 0x55a3cb0efe60 ref_sink 1->2
0:00:00.011863065  2775 0x55906a42b360 DEBUG   GST_POLL gstpoll.c:979:gst_poll_fd_ctl_write: 0x55906a44fcc0: fd (fd:0, idx:1), active : 1
0:00:00.016246753  2774 0x55a3cb0ca360 LOG   GST_REGISTRY gstregistry.c:486:gst_registry_add_plugin: emitting plugin-added for filename "/home/conan/w/prod/BuildSingleReference/.conan/data/gstreamer/1.19.1/_/_/package/5a2a240dc39d481eff30f147f0e2f01ae047b26f/lib/gstreamer-1.0/libgstcoretracers.so"
0:00:00.011869431  2775 0x55906a42b360 LOG   GST_POLL gstpoll.c:994:gst_poll_fd_ctl_write: 0x55906a44fcc0: pfd->events now 60 (POLLOUT:4)
0:00:00.016254410  2774 0x55a3cb0ca360 DEBUG   GST_REGISTRY gstregistrychunks.c:886:_priv_gst_registry_chunks_load_plugin: Added plugin 'coretracers' plugin with 5 features from binary registry
0:00:00.011876151  2775 0x55906a42b360 DEBUG   GST_POLL gstpoll.c:979:gst_poll_fd_ctl_write: 0x55906a44fcc0: fd (fd:0, idx:1), active : 1
0:00:00.016261743  2774 0x55a3cb0ca360 DEBUG   GST_REGISTRY gstregistrychunks.c:582:gst_registry_chunks_load_feature: Plugin 'coretracers' feature 'leaks' typename : 'GstTracerFactory'
0:00:00.011882579  2775 0x55906a42b360 LOG   GST_POLL gstpoll.c:994:gst_poll_fd_ctl_write: 0x55906a44fcc0: pfd->events now 60 (POLLOUT:4)
0:00:00.011889839  2775 0x55906a42b360 DEBUG   GST_POLL gstpoll.c:979:gst_poll_fd_ctl_write: 0x55906a44fcc0: fd (fd:0, idx:1), active : 1
0:00:00.016273594  2774 0x55a3cb0ca360 TRACE   GST_REFCOUNTING gstobject.c:208:gst_object_init: 0x55a3cb0f0210 new
0:00:00.011895844  2775 0x55906a42b360 LOG   GST_POLL gstpoll.c:994:gst_poll_fd_ctl_write: 0x55906a44fcc0: pfd->events now 60 (POLLOUT:4)
0:00:00.016283094  2774 0x55a3cb0ca360 DEBUG   GST_REGISTRY gstregistrychunks.c:716:gst_registry_chunks_load_feature: Reading/casting for GstRegistryChunkPluginFeature at address 0x55a3cb0eafd8
0:00:00.011908504  2775 0x55906a42b360 DEBUG   GST_POLL gstpoll.c:979:gst_poll_fd_ctl_write: 0x55906a44fcc0: fd (fd:0, idx:1), active : 1
0:00:00.016292814  2774 0x55a3cb0ca360 DEBUG   GST_REGISTRY gstregistry.c:589:gst_registry_add_feature: adding feature 0x55a3cb0f0210 (leaks)
0:00:00.011914974  2775 0x55906a42b360 LOG   GST_POLL gstpoll.c:994:gst_poll_fd_ctl_write: 0x55906a44fcc0: pfd->events now 60 (POLLOUT:4)
0:00:00.011921834  2775 0x55906a42b360 DEBUG   GST_POLL gstpoll.c:979:gst_poll_fd_ctl_write: 0x55906a44fcc0: fd (fd:0, idx:1), active : 1
0:00:00.016302416  2774 0x55a3cb0ca360 DEBUG   GST_REFCOUNTING gstobject.c:708:gst_object_set_parent: set parent (ref and sink)
0:00:00.011927874  2775 0x55906a42b360 LOG   GST_POLL gstpoll.c:994:gst_poll_fd_ctl_write: 0x55906a44fcc0: pfd->events now 60 (POLLOUT:4)
0:00:00.016312096  2774 0x55a3cb0ca360 TRACE   GST_REFCOUNTING gstobject.c:292:gst_object_ref_sink: 0x55a3cb0f0210 ref_sink 1->2
0:00:00.011934692  2775 0x55906a42b360 DEBUG   GST_POLL gstpoll.c:979:gst_poll_fd_ctl_write: 0x55906a44fcc0: fd (fd:0, idx:1), active : 1
0:00:00.016319024  2774 0x55a3cb0ca360 LOG   GST_REGISTRY gstregistry.c:607:gst_registry_add_feature: emitting feature-added for leaks
0:00:00.011941097  2775 0x55906a42b360 LOG   GST_POLL gstpoll.c:994:gst_poll_fd_ctl_write: 0x55906a44fcc0: pfd->events now 60 (POLLOUT:4)
0:00:00.016326130  2774 0x55a3cb0ca360 DEBUG   GST_REGISTRY gstregistrychunks.c:740:gst_registry_chunks_load_feature: Added feature leaks, plugin 0x55a3cb0efe60 coretracers
0:00:00.011947929  2775 0x55906a42b360 DEBUG   GST_POLL gstpoll.c:979:gst_poll_fd_ctl_write: 0x55906a44fcc0: fd (fd:0, idx:1), active : 1
0:00:00.016332916  2774 0x55a3cb0ca360 DEBUG   GST_REGISTRY gstregistrychunks.c:582:gst_registry_chunks_load_feature: Plugin 'coretracers' feature 'stats' typename : 'GstTracerFactory'
0:00:00.011954314  2775 0x55906a42b360 LOG   GST_POLL gstpoll.c:994:gst_poll_fd_ctl_write: 0x55906a44fcc0: pfd->events now 60 (POLLOUT:4)
0:00:00.016340227  2774 0x55a3cb0ca360 TRACE   GST_REFCOUNTING gstobject.c:208:gst_object_init: 0x55a3cb0f0360 new
0:00:00.011961106  2775 0x55906a42b360 DEBUG   GST_POLL gstpoll.c:979:gst_poll_fd_ctl_write: 0x55906a44fcc0: fd (fd:0, idx:1), active : 1
0:00:00.016347897  2774 0x55a3cb0ca360 DEBUG   GST_REGISTRY gstregistrychunks.c:716:gst_registry_chunks_load_feature: Reading/casting for GstRegistryChunkPluginFeature at address 0x55a3cb0eaff8
0:00:00.011968408  2775 0x55906a42b360 LOG   GST_POLL gstpoll.c:994:gst_poll_fd_ctl_write: 0x55906a44fcc0: pfd->events now 60 (POLLOUT:4)
0:00:00.016354981  2774 0x55a3cb0ca360 DEBUG   GST_REGISTRY gstregistry.c:589:gst_registry_add_feature: adding feature 0x55a3cb0f0360 (stats)
0:00:00.011975898  2775 0x55906a42b360 DEBUG   GST_POLL gstpoll.c:979:gst_poll_fd_ctl_write: 0x55906a44fcc0: fd (fd:0, idx:1), active : 1
0:00:00.016361141  2774 0x55a3cb0ca360 DEBUG   GST_REFCOUNTING gstobject.c:708:gst_object_set_parent: set parent (ref and sink)
0:00:00.011987004  2775 0x55906a42b360 LOG   GST_POLL gstpoll.c:994:gst_poll_fd_ctl_write: 0x55906a44fcc0: pfd->events now 60 (POLLOUT:4)
0:00:00.016370845  2774 0x55a3cb0ca360 TRACE   GST_REFCOUNTING gstobject.c:292:gst_object_ref_sink: 0x55a3cb0f0360 ref_sink 1->2
0:00:00.011993923  2775 0x55906a42b360 DEBUG   GST_POLL gstpoll.c:979:gst_poll_fd_ctl_write: 0x55906a44fcc0: fd (fd:0, idx:1), active : 1
0:00:00.016377681  2774 0x55a3cb0ca360 LOG   GST_REGISTRY gstregistry.c:607:gst_registry_add_feature: emitting feature-added for stats
0:00:00.012000423  2775 0x55906a42b360 LOG   GST_POLL gstpoll.c:994:gst_poll_fd_ctl_write: 0x55906a44fcc0: pfd->events now 60 (POLLOUT:4)
0:00:00.016384419  2774 0x55a3cb0ca360 DEBUG   GST_REGISTRY gstregistrychunks.c:740:gst_registry_chunks_load_feature: Added feature stats, plugin 0x55a3cb0efe60 coretracers
0:00:00.012007397  2775 0x55906a42b360 LOG   GST_PLUGIN_LOADING gstpluginloader.c:644:put_chunk: Expanding tx buf from 7717 to 10158 for chunk of size 17
0:00:00.016391057  2774 0x55a3cb0ca360 DEBUG   GST_REGISTRY gstregistrychunks.c:582:gst_registry_chunks_load_feature: Plugin 'coretracers' feature 'rusage' typename : 'GstTracerFactory'
0:00:00.012014689  2775 0x55906a42b360 DEBUG   GST_POLL gstpoll.c:979:gst_poll_fd_ctl_write: 0x55906a44fcc0: fd (fd:0, idx:1), active : 1
0:00:00.016398199  2774 0x55a3cb0ca360 TRACE   GST_REFCOUNTING gstobject.c:208:gst_object_init: 0x55a3cb0f04b0 new
0:00:00.012021106  2775 0x55906a42b360 LOG   GST_POLL gstpoll.c:994:gst_poll_fd_ctl_write: 0x55906a44fcc0: pfd->events now 60 (POLLOUT:4)
0:00:00.016405697  2774 0x55a3cb0ca360 DEBUG   GST_REGISTRY gstregistrychunks.c:716:gst_registry_chunks_load_feature: Reading/casting for GstRegistryChunkPluginFeature at address 0x55a3cb0eb018
0:00:00.012027837  2775 0x55906a42b360 DEBUG   GST_POLL gstpoll.c:979:gst_poll_fd_ctl_write: 0x55906a44fcc0: fd (fd:0, idx:1), active : 1
0:00:00.016412669  2774 0x55a3cb0ca360 DEBUG   GST_REGISTRY gstregistry.c:589:gst_registry_add_feature: adding feature 0x55a3cb0f04b0 (rusage)
0:00:00.012034244  2775 0x55906a42b360 LOG   GST_POLL gstpoll.c:994:gst_poll_fd_ctl_write: 0x55906a44fcc0: pfd->events now 60 (POLLOUT:4)
0:00:00.016419033  2774 0x55a3cb0ca360 DEBUG   GST_REFCOUNTING gstobject.c:708:gst_object_set_parent: set parent (ref and sink)
0:00:00.012041105  2775 0x55906a42b360 DEBUG   GST_POLL gstpoll.c:979:gst_poll_fd_ctl_write: 0x55906a44fcc0: fd (fd:0, idx:1), active : 1
0:00:00.016425985  2774 0x55a3cb0ca360 TRACE   GST_REFCOUNTING gstobject.c:292:gst_object_ref_sink: 0x55a3cb0f04b0 ref_sink 1->2
0:00:00.012047551  2775 0x55906a42b360 LOG   GST_POLL gstpoll.c:994:gst_poll_fd_ctl_write: 0x55906a44fcc0: pfd->events now 60 (POLLOUT:4)
0:00:00.016432621  2774 0x55a3cb0ca360 LOG   GST_REGISTRY gstregistry.c:607:gst_registry_add_feature: emitting feature-added for rusage
0:00:00.012054344  2775 0x55906a42b360 DEBUG   GST_POLL gstpoll.c:979:gst_poll_fd_ctl_write: 0x55906a44fcc0: fd (fd:0, idx:1), active : 1
0:00:00.016439380  2774 0x55a3cb0ca360 DEBUG   GST_REGISTRY gstregistrychunks.c:740:gst_registry_chunks_load_feature: Added feature rusage, plugin 0x55a3cb0efe60 coretracers
0:00:00.012065056  2775 0x55906a42b360 LOG   GST_POLL gstpoll.c:994:gst_poll_fd_ctl_write: 0x55906a44fcc0: pfd->events now 60 (POLLOUT:4)
0:00:00.016461448  2774 0x55a3cb0ca360 DEBUG   GST_REGISTRY gstregistrychunks.c:582:gst_registry_chunks_load_feature: Plugin 'coretracers' feature 'log' typename : 'GstTracerFactory'
0:00:00.012085626  2775 0x55906a42b360 DEBUG   GST_POLL gstpoll.c:979:gst_poll_fd_ctl_write: 0x55906a44fcc0: fd (fd:0, idx:1), active : 1
0:00:00.016469392  2774 0x55a3cb0ca360 TRACE   GST_REFCOUNTING gstobject.c:208:gst_object_init: 0x55a3cb0f0610 new
0:00:00.012091934  2775 0x55906a42b360 LOG   GST_POLL gstpoll.c:994:gst_poll_fd_ctl_write: 0x55906a44fcc0: pfd->events now 60 (POLLOUT:4)
0:00:00.016476614  2774 0x55a3cb0ca360 DEBUG   GST_REGISTRY gstregistrychunks.c:716:gst_registry_chunks_load_feature: Reading/casting for GstRegistryChunkPluginFeature at address 0x55a3cb0eb038
0:00:00.012098499  2775 0x55906a42b360 DEBUG   GST_POLL gstpoll.c:979:gst_poll_fd_ctl_write: 0x55906a44fcc0: fd (fd:0, idx:1), active : 1
0:00:00.016483553  2774 0x55a3cb0ca360 DEBUG   GST_REGISTRY gstregistry.c:589:gst_registry_add_feature: adding feature 0x55a3cb0f0610 (log)
0:00:00.012104809  2775 0x55906a42b360 LOG   GST_POLL gstpoll.c:994:gst_poll_fd_ctl_write: 0x55906a44fcc0: pfd->events now 60 (POLLOUT:4)
0:00:00.016489383  2774 0x55a3cb0ca360 DEBUG   GST_REFCOUNTING gstobject.c:708:gst_object_set_parent: set parent (ref and sink)
0:00:00.012111362  2775 0x55906a42b360 DEBUG   GST_POLL gstpoll.c:979:gst_poll_fd_ctl_write: 0x55906a44fcc0: fd (fd:0, idx:1), active : 1
0:00:00.016496310  2774 0x55a3cb0ca360 TRACE   GST_REFCOUNTING gstobject.c:292:gst_object_ref_sink: 0x55a3cb0f0610 ref_sink 1->2
0:00:00.012117654  2775 0x55906a42b360 LOG   GST_POLL gstpoll.c:994:gst_poll_fd_ctl_write: 0x55906a44fcc0: pfd->events now 60 (POLLOUT:4)
0:00:00.016503237  2774 0x55a3cb0ca360 LOG   GST_REGISTRY gstregistry.c:607:gst_registry_add_feature: emitting feature-added for log
0:00:00.012124778  2775 0x55906a42b360 DEBUG   GST_POLL gstpoll.c:979:gst_poll_fd_ctl_write: 0x55906a44fcc0: fd (fd:0, idx:1), active : 1
0:00:00.016509689  2774 0x55a3cb0ca360 DEBUG   GST_REGISTRY gstregistrychunks.c:740:gst_registry_chunks_load_feature: Added feature log, plugin 0x55a3cb0efe60 coretracers
0:00:00.012131079  2775 0x55906a42b360 LOG   GST_POLL gstpoll.c:994:gst_poll_fd_ctl_write: 0x55906a44fcc0: pfd->events now 60 (POLLOUT:4)
0:00:00.016515881  2774 0x55a3cb0ca360 DEBUG   GST_REGISTRY gstregistrychunks.c:582:gst_registry_chunks_load_feature: Plugin 'coretracers' feature 'latency' typename : 'GstTracerFactory'
0:00:00.012137595  2775 0x55906a42b360 DEBUG   GST_POLL gstpoll.c:979:gst_poll_fd_ctl_write: 0x55906a44fcc0: fd (fd:0, idx:1), active : 1
0:00:00.016522487  2774 0x55a3cb0ca360 TRACE   GST_REFCOUNTING gstobject.c:208:gst_object_init: 0x55a3cb0f0770 new
0:00:00.012143836  2775 0x55906a42b360 LOG   GST_POLL gstpoll.c:994:gst_poll_fd_ctl_write: 0x55906a44fcc0: pfd->events now 60 (POLLOUT:4)
0:00:00.016537161  2774 0x55a3cb0ca360 DEBUG   GST_REGISTRY gstregistrychunks.c:716:gst_registry_chunks_load_feature: Reading/casting for GstRegistryChunkPluginFeature at address 0x55a3cb0eb060
0:00:00.012158275  2775 0x55906a42b360 DEBUG   GST_POLL gstpoll.c:979:gst_poll_fd_ctl_write: 0x55906a44fcc0: fd (fd:0, idx:1), active : 1
0:00:00.016544408  2774 0x55a3cb0ca360 DEBUG   GST_REGISTRY gstregistry.c:589:gst_registry_add_feature: adding feature 0x55a3cb0f0770 (latency)
0:00:00.012165053  2775 0x55906a42b360 LOG   GST_POLL gstpoll.c:994:gst_poll_fd_ctl_write: 0x55906a44fcc0: pfd->events now 60 (POLLOUT:4)
0:00:00.016550396  2774 0x55a3cb0ca360 DEBUG   GST_REFCOUNTING gstobject.c:708:gst_object_set_parent: set parent (ref and sink)
0:00:00.012172379  2775 0x55906a42b360 DEBUG   GST_POLL gstpoll.c:979:gst_poll_fd_ctl_write: 0x55906a44fcc0: fd (fd:0, idx:1), active : 1
0:00:00.016557304  2774 0x55a3cb0ca360 TRACE   GST_REFCOUNTING gstobject.c:292:gst_object_ref_sink: 0x55a3cb0f0770 ref_sink 1->2
0:00:00.012178569  2775 0x55906a42b360 LOG   GST_POLL gstpoll.c:994:gst_poll_fd_ctl_write: 0x55906a44fcc0: pfd->events now 60 (POLLOUT:4)
0:00:00.016570229  2774 0x55a3cb0ca360 LOG   GST_REGISTRY gstregistry.c:607:gst_registry_add_feature: emitting feature-added for latency
0:00:00.012191533  2775 0x55906a42b360 DEBUG   GST_POLL gstpoll.c:979:gst_poll_fd_ctl_write: 0x55906a44fcc0: fd (fd:0, idx:1), active : 1
0:00:00.016577234  2774 0x55a3cb0ca360 DEBUG   GST_REGISTRY gstregistrychunks.c:740:gst_registry_chunks_load_feature: Added feature latency, plugin 0x55a3cb0efe60 coretracers
0:00:00.012197906  2775 0x55906a42b360 LOG   GST_POLL gstpoll.c:994:gst_poll_fd_ctl_write: 0x55906a44fcc0: pfd->events now 60 (POLLOUT:4)
0:00:00.016584429  2774 0x55a3cb0ca360 LOG   GST_PLUGIN_LOADING gstpluginloader.c:886:handle_rx_packet: marking plugin 0x55a3cb0efe60 as registered as /home/conan/w/prod/BuildSingleReference/.conan/data/gstreamer/1.19.1/_/_/package/5a2a240dc39d481eff30f147f0e2f01ae047b26f/lib/gstreamer-1.0/libgstcoretracers.so
0:00:00.012205492  2775 0x55906a42b360 TRACE   GST_REFCOUNTING gstobject.c:264:gst_object_unref: 0x55906a451720 unref 2->1
0:00:00.012218122  2775 0x55906a42b360 DEBUG   GST_POLL gstpoll.c:1241:gst_poll_fd_has_error: 0x55906a44fcc0: fd (fd:0, idx:1) 0
0:00:00.016602351  2774 0x55a3cb0ca360 DEBUG   GST_POLL gstpoll.c:1414:gst_poll_wait: 0x55a3cb0ef7b0: timeout :0:00:01.000000000
0:00:00.012224357  2775 0x55906a42b360 DEBUG   GST_POLL gstpoll.c:1335:gst_poll_fd_can_write: 0x55906a44fcc0: fd (fd:0, idx:1) 1
0:00:00.012230890  2775 0x55906a42b360 LOG   GST_PLUGIN_LOADING gstpluginloader.c:689:write_one: Writing packet of size 6872 bytes to fd 0
0:00:00.012246627  2775 0x55906a42b360 DEBUG   GST_POLL gstpoll.c:1414:gst_poll_wait: 0x55906a44fcc0: timeout :0:00:01.000000000
0:00:00.016629185  2774 0x55a3cb0ca360 LOG   GST_PLUGIN_LOADING gstpluginloader.c:1026:exchange_packets: Poll res = 1. 0 bytes pending for write
0:00:00.012254993  2775 0x55906a42b360 LOG   GST_PLUGIN_LOADING gstpluginloader.c:1026:exchange_packets: Poll res = 2. 488 bytes pending for write
0:00:00.016636862  2774 0x55a3cb0ca360 DEBUG   GST_POLL gstpoll.c:1241:gst_poll_fd_has_error: 0x55a3cb0ef7b0: fd (fd:8, idx:2) 0
0:00:00.012266037  2775 0x55906a42b360 DEBUG   GST_POLL gstpoll.c:1241:gst_poll_fd_has_error: 0x55906a44fcc0: fd (fd:5, idx:2) 0
0:00:00.016661644  2774 0x55a3cb0ca360 DEBUG   GST_POLL gstpoll.c:1266:gst_poll_fd_can_read_unlocked: 0x55a3cb0ef7b0: fd (fd:8, idx:2) 1
0:00:00.012284071  2775 0x55906a42b360 DEBUG   GST_POLL gstpoll.c:1266:gst_poll_fd_can_read_unlocked: 0x55906a44fcc0: fd (fd:5, idx:2) 1
0:00:00.016669754  2774 0x55a3cb0ca360 LOG   GST_PLUGIN_LOADING gstpluginloader.c:984:read_one: Expanding rx buf from 512 to 7384
0:00:00.012292715  2775 0x55906a42b360 DEBUG   GST_PLUGIN_LOADING gstpluginloader.c:721:do_plugin_load: Plugin scanner loading file /home/conan/w/prod/BuildSingleReference/.conan/data/gstreamer/1.19.1/_/_/package/5a2a240dc39d481eff30f147f0e2f01ae047b26f/lib/gstreamer-1.0/libgstcoreelements.so. tag 3
0:00:00.012299751  2775 0x55906a42b360 TRACE   GST_REFCOUNTING gstobject.c:237:gst_object_ref: 0x55906a454c30 ref 1->2
0:00:00.016686830  2774 0x55a3cb0ca360 DEBUG   GST_PLUGIN_LOADING gstpluginloader.c:847:handle_rx_packet: Received plugin details from child w/ tag 1. 6860 bytes info
0:00:00.012306235  2775 0x55906a42b360 TRACE   GST_REFCOUNTING gstobject.c:237:gst_object_ref: 0x55906a472820 ref 1->2
0:00:00.016693194  2774 0x55a3cb0ca360 LOG   GST_REGISTRY gstregistrychunks.c:836:_priv_gst_registry_chunks_load_plugin: Reading/casting for GstRegistryChunkPluginElement at address 0x55a3cb0f0840
0:00:00.012314825  2775 0x55906a42b360 TRACE   GST_REFCOUNTING gstobject.c:237:gst_object_ref: 0x55906a471620 ref 1->2
0:00:00.016700012  2774 0x55a3cb0ca360 TRACE   GST_REFCOUNTING gstobject.c:208:gst_object_init: 0x55a3cb0faad0 new
0:00:00.012321409  2775 0x55906a42b360 TRACE   GST_REFCOUNTING gstobject.c:237:gst_object_ref: 0x55906a46fb40 ref 1->2
0:00:00.012327893  2775 0x55906a42b360 TRACE   GST_REFCOUNTING gstobject.c:237:gst_object_ref: 0x55906a46eb50 ref 1->2
0:00:00.016710835  2774 0x55a3cb0ca360 LOG   GST_REGISTRY gstregistrychunks.c:858:_priv_gst_registry_chunks_load_plugin: read strings for name='coreelements'
0:00:00.012334276  2775 0x55906a42b360 TRACE   GST_REFCOUNTING gstobject.c:237:gst_object_ref: 0x55906a46d770 ref 1->2
0:00:00.016717008  2774 0x55a3cb0ca360 LOG   GST_REGISTRY gstregistrychunks.c:859:_priv_gst_registry_chunks_load_plugin: desc.description='GStreamer core elements'
0:00:00.012340749  2775 0x55906a42b360 TRACE   GST_REFCOUNTING gstobject.c:237:gst_object_ref: 0x55906a46c2f0 ref 1->2
0:00:00.016723808  2774 0x55a3cb0ca360 LOG   GST_REGISTRY gstregistrychunks.c:860:_priv_gst_registry_chunks_load_plugin: filename='/home/conan/w/prod/BuildSingleReference/.conan/data/gstreamer/1.19.1/_/_/package/5a2a240dc39d481eff30f147f0e2f01ae047b26f/lib/gstreamer-1.0/libgstcoreelements.so'
0:00:00.012347325  2775 0x55906a42b360 TRACE   GST_REFCOUNTING gstobject.c:237:gst_object_ref: 0x55906a46aa50 ref 1->2
0:00:00.016729868  2774 0x55a3cb0ca360 LOG   GST_REGISTRY gstregistrychunks.c:861:_priv_gst_registry_chunks_load_plugin: desc.version='1.19.1'
0:00:00.012357403  2775 0x55906a42b360 TRACE   GST_REFCOUNTING gstobject.c:237:gst_object_ref: 0x55906a468770 ref 1->2
0:00:00.016739673  2774 0x55a3cb0ca360 LOG   GST_REGISTRY gstregistrychunks.c:862:_priv_gst_registry_chunks_load_plugin: desc.license='LGPL'
0:00:00.012364055  2775 0x55906a42b360 TRACE   GST_REFCOUNTING gstobject.c:237:gst_object_ref: 0x55906a4675b0 ref 1->2
0:00:00.016746657  2774 0x55a3cb0ca360 LOG   GST_REGISTRY gstregistrychunks.c:863:_priv_gst_registry_chunks_load_plugin: desc.source='gstreamer'
0:00:00.012370819  2775 0x55906a42b360 TRACE   GST_REFCOUNTING gstobject.c:237:gst_object_ref: 0x55906a4663a0 ref 1->2
0:00:00.016753314  2774 0x55a3cb0ca360 LOG   GST_REGISTRY gstregistrychunks.c:864:_priv_gst_registry_chunks_load_plugin: desc.package='GStreamer source release'
0:00:00.012377440  2775 0x55906a42b360 TRACE   GST_REFCOUNTING gstobject.c:237:gst_object_ref: 0x55906a464e30 ref 1->2
0:00:00.016759990  2774 0x55a3cb0ca360 LOG   GST_REGISTRY gstregistrychunks.c:865:_priv_gst_registry_chunks_load_plugin: desc.origin='Unknown package origin'
0:00:00.012383990  2775 0x55906a42b360 TRACE   GST_REFCOUNTING gstobject.c:237:gst_object_ref: 0x55906a4640c0 ref 1->2
0:00:00.016766436  2774 0x55a3cb0ca360 LOG   GST_REGISTRY gstregistrychunks.c:866:_priv_gst_registry_chunks_load_plugin: desc.datetime=2021-06-01
0:00:00.012390559  2775 0x55906a42b360 TRACE   GST_REFCOUNTING gstobject.c:237:gst_object_ref: 0x55906a4632e0 ref 1->2
0:00:00.016774474  2774 0x55a3cb0ca360 DEBUG   GST_REGISTRY gstregistry.c:473:gst_registry_add_plugin: adding plugin 0x55a3cb0faad0 for filename "/home/conan/w/prod/BuildSingleReference/.conan/data/gstreamer/1.19.1/_/_/package/5a2a240dc39d481eff30f147f0e2f01ae047b26f/lib/gstreamer-1.0/libgstcoreelements.so"
0:00:00.012397052  2775 0x55906a42b360 TRACE   GST_REFCOUNTING gstobject.c:237:gst_object_ref: 0x55906a462480 ref 1->2
0:00:00.016781520  2774 0x55a3cb0ca360 TRACE   GST_REFCOUNTING gstobject.c:292:gst_object_ref_sink: 0x55a3cb0faad0 ref_sink 1->2
0:00:00.012403497  2775 0x55906a42b360 TRACE   GST_REFCOUNTING gstobject.c:237:gst_object_ref: 0x55906a45ffd0 ref 1->2
0:00:00.016788292  2774 0x55a3cb0ca360 LOG   GST_REGISTRY gstregistry.c:486:gst_registry_add_plugin: emitting plugin-added for filename "/home/conan/w/prod/BuildSingleReference/.conan/data/gstreamer/1.19.1/_/_/package/5a2a240dc39d481eff30f147f0e2f01ae047b26f/lib/gstreamer-1.0/libgstcoreelements.so"
0:00:00.012409953  2775 0x55906a42b360 TRACE   GST_REFCOUNTING gstobject.c:237:gst_object_ref: 0x55906a45d990 ref 1->2
0:00:00.016795107  2774 0x55a3cb0ca360 DEBUG   GST_REGISTRY gstregistrychunks.c:886:_priv_gst_registry_chunks_load_plugin: Added plugin 'coreelements' plugin with 22 features from binary registry
0:00:00.012416421  2775 0x55906a42b360 TRACE   GST_REFCOUNTING gstobject.c:237:gst_object_ref: 0x55906a45bd40 ref 1->2
0:00:00.016801364  2774 0x55a3cb0ca360 DEBUG   GST_REGISTRY gstregistrychunks.c:582:gst_registry_chunks_load_feature: Plugin 'coreelements' feature 'streamiddemux' typename : 'GstElementFactory'
0:00:00.012423059  2775 0x55906a42b360 TRACE   GST_REFCOUNTING gstobject.c:237:gst_object_ref: 0x55906a45ad10 ref 1->2
0:00:00.016814306  2774 0x55a3cb0ca360 TRACE   GST_REFCOUNTING gstobject.c:208:gst_object_init: 0x55a3cb0fa350 new
0:00:00.012433487  2775 0x55906a42b360 TRACE   GST_REFCOUNTING gstobject.c:237:gst_object_ref: 0x55906a458df0 ref 1->2
0:00:00.016821662  2774 0x55a3cb0ca360 LOG   GST_REGISTRY gstregistrychunks.c:609:gst_registry_chunks_load_feature: Reading/casting for GstRegistryChunkElementFactory at address 0x55a3cb0f0998
0:00:00.012442337  2775 0x55906a42b360 TRACE   GST_REFCOUNTING gstobject.c:237:gst_object_ref: 0x55906a457f10 ref 1->2
0:00:00.016828671  2774 0x55a3cb0ca360 TRACE   structure gststructure.c:292:gst_structure_new_id_empty_with_size: created structure 0x55a3cb0f2510
0:00:00.012449093  2775 0x55906a42b360 TRACE   GST_REFCOUNTING gstobject.c:237:gst_object_ref: 0x55906a457100 ref 1->2
0:00:00.016835311  2774 0x55a3cb0ca360 DEBUG   structure gststructure.c:2258:gst_structure_parse_field: trying field name 'long-name'
