0:00:00.012456467  2775 0x55906a42b360 TRACE   GST_REFCOUNTING gstobject.c:237:gst_object_ref: 0x55906a455290 ref 1->2
0:00:00.012463447  2775 0x55906a42b360 DEBUG   GST_REGISTRY gstregistrychunks.c:264:gst_registry_chunks_save_feature: saved 0 interfaces 0 pad templates
0:00:00.016845740  2774 0x55a3cb0ca360 DEBUG   default gstvalue.c:2776:_priv_gst_value_parse_value: trying type name 'string'
0:00:00.012473229  2775 0x55906a42b360 DEBUG   GST_REGISTRY gstregistrychunks.c:264:gst_registry_chunks_save_feature: saved 0 interfaces 0 pad templates
0:00:00.016855588  2774 0x55a3cb0ca360 DEBUG   structure gststructure.c:2258:gst_structure_parse_field: trying field name 'klass'
0:00:00.016862578  2774 0x55a3cb0ca360 DEBUG   default gstvalue.c:2776:_priv_gst_value_parse_value: trying type name 'string'
0:00:00.012481512  2775 0x55906a42b360 DEBUG   GST_REGISTRY gstregistrychunks.c:264:gst_registry_chunks_save_feature: saved 0 interfaces 0 pad templates
0:00:00.016868521  2774 0x55a3cb0ca360 DEBUG   structure gststructure.c:2258:gst_structure_parse_field: trying field name 'description'
0:00:00.012491531  2775 0x55906a42b360 DEBUG   GST_REGISTRY gstregistrychunks.c:264:gst_registry_chunks_save_feature: saved 1 interfaces 0 pad templates
0:00:00.016874150  2774 0x55a3cb0ca360 DEBUG   default gstvalue.c:2776:_priv_gst_value_parse_value: trying type name 'string'
0:00:00.012497865  2775 0x55906a42b360 DEBUG   GST_REGISTRY gstregistrychunks.c:284:gst_registry_chunks_save_feature: Saved 1 UriTypes
0:00:00.016881291  2774 0x55a3cb0ca360 DEBUG   structure gststructure.c:2258:gst_structure_parse_field: trying field name 'author'
0:00:00.016887072  2774 0x55a3cb0ca360 DEBUG   default gstvalue.c:2776:_priv_gst_value_parse_value: trying type name 'string'
0:00:00.012506622  2775 0x55906a42b360 DEBUG   GST_REGISTRY gstregistrychunks.c:264:gst_registry_chunks_save_feature: saved 0 interfaces 0 pad templates
0:00:00.016892980  2774 0x55a3cb0ca360 DEBUG   GST_REGISTRY gstregistrychunks.c:626:gst_registry_chunks_load_feature: Element factory : npadtemplates=2
0:00:00.016900883  2774 0x55a3cb0ca360 DEBUG   GST_REGISTRY gstregistrychunks.c:525:gst_registry_chunks_load_pad_template: Reading/casting for GstRegistryChunkPadTemplate at address 0x55a3cb0f0a70
0:00:00.012519801  2775 0x55906a42b360 DEBUG   GST_REGISTRY gstregistrychunks.c:264:gst_registry_chunks_save_feature: saved 0 interfaces 0 pad templates
0:00:00.016906733  2774 0x55a3cb0ca360 DEBUG   GST_REGISTRY gstregistrychunks.c:539:gst_registry_chunks_load_pad_template: Added pad_template src_%u
0:00:00.012529960  2775 0x55906a42b360 DEBUG   GST_REGISTRY gstregistrychunks.c:264:gst_registry_chunks_save_feature: saved 0 interfaces 0 pad templates
0:00:00.016912319  2774 0x55a3cb0ca360 DEBUG   GST_REGISTRY gstregistrychunks.c:525:gst_registry_chunks_load_pad_template: Reading/casting for GstRegistryChunkPadTemplate at address 0x55a3cb0f0a88
0:00:00.012538573  2775 0x55906a42b360 DEBUG   GST_REGISTRY gstregistrychunks.c:264:gst_registry_chunks_save_feature: saved 1 interfaces 0 pad templates
0:00:00.016920652  2774 0x55a3cb0ca360 DEBUG   GST_REGISTRY gstregistrychunks.c:539:gst_registry_chunks_load_pad_template: Added pad_template sink
0:00:00.012544711  2775 0x55906a42b360 DEBUG   GST_REGISTRY gstregistrychunks.c:284:gst_registry_chunks_save_feature: Saved 1 UriTypes
0:00:00.016929191  2774 0x55a3cb0ca360 DEBUG   GST_REGISTRY gstregistry.c:589:gst_registry_add_feature: adding feature 0x55a3cb0fa350 (streamiddemux)
0:00:00.012552591  2775 0x55906a42b360 DEBUG   GST_REGISTRY gstregistrychunks.c:264:gst_registry_chunks_save_feature: saved 1 interfaces 0 pad templates
0:00:00.016935951  2774 0x55a3cb0ca360 DEBUG   GST_REFCOUNTING gstobject.c:708:gst_object_set_parent: set parent (ref and sink)
0:00:00.012558532  2775 0x55906a42b360 DEBUG   GST_REGISTRY gstregistrychunks.c:284:gst_registry_chunks_save_feature: Saved 1 UriTypes
0:00:00.016942856  2774 0x55a3cb0ca360 TRACE   GST_REFCOUNTING gstobject.c:292:gst_object_ref_sink: 0x55a3cb0fa350 ref_sink 1->2
0:00:00.012566100  2775 0x55906a42b360 DEBUG   GST_REGISTRY gstregistrychunks.c:264:gst_registry_chunks_save_feature: saved 1 interfaces 0 pad templates
0:00:00.016949222  2774 0x55a3cb0ca360 LOG   GST_REGISTRY gstregistry.c:607:gst_registry_add_feature: emitting feature-added for streamiddemux
0:00:00.012572057  2775 0x55906a42b360 DEBUG   GST_REGISTRY gstregistrychunks.c:284:gst_registry_chunks_save_feature: Saved 1 UriTypes
0:00:00.016955945  2774 0x55a3cb0ca360 DEBUG   GST_REGISTRY gstregistrychunks.c:740:gst_registry_chunks_load_feature: Added feature streamiddemux, plugin 0x55a3cb0faad0 coreelements
0:00:00.012579549  2775 0x55906a42b360 DEBUG   GST_REGISTRY gstregistrychunks.c:264:gst_registry_chunks_save_feature: saved 0 interfaces 0 pad templates
0:00:00.016962266  2774 0x55a3cb0ca360 DEBUG   GST_REGISTRY gstregistrychunks.c:582:gst_registry_chunks_load_feature: Plugin 'coreelements' feature 'valve' typename : 'GstElementFactory'
0:00:00.012587545  2775 0x55906a42b360 DEBUG   GST_REGISTRY gstregistrychunks.c:264:gst_registry_chunks_save_feature: saved 0 interfaces 0 pad templates
0:00:00.016974087  2774 0x55a3cb0ca360 TRACE   GST_REFCOUNTING gstobject.c:208:gst_object_init: 0x55a3cb0f9090 new
0:00:00.012596113  2775 0x55906a42b360 DEBUG   GST_REGISTRY gstregistrychunks.c:264:gst_registry_chunks_save_feature: saved 0 interfaces 0 pad templates
0:00:00.016981426  2774 0x55a3cb0ca360 LOG   GST_REGISTRY gstregistrychunks.c:609:gst_registry_chunks_load_feature: Reading/casting for GstRegistryChunkElementFactory at address 0x55a3cb0f0ab8
0:00:00.016987715  2774 0x55a3cb0ca360 TRACE   structure gststructure.c:292:gst_structure_new_id_empty_with_size: created structure 0x55a3cb0f27f0
0:00:00.012609301  2775 0x55906a42b360 DEBUG   GST_REGISTRY gstregistrychunks.c:264:gst_registry_chunks_save_feature: saved 0 interfaces 0 pad templates
0:00:00.016993058  2774 0x55a3cb0ca360 DEBUG   structure gststructure.c:2258:gst_structure_parse_field: trying field name 'long-name'
0:00:00.016998722  2774 0x55a3cb0ca360 DEBUG   default gstvalue.c:2776:_priv_gst_value_parse_value: trying type name 'string'
0:00:00.012617601  2775 0x55906a42b360 DEBUG   GST_REGISTRY gstregistrychunks.c:264:gst_registry_chunks_save_feature: saved 0 interfaces 0 pad templates
0:00:00.017004444  2774 0x55a3cb0ca360 DEBUG   structure gststructure.c:2258:gst_structure_parse_field: trying field name 'klass'
0:00:00.012626871  2775 0x55906a42b360 DEBUG   GST_REGISTRY gstregistrychunks.c:264:gst_registry_chunks_save_feature: saved 0 interfaces 0 pad templates
0:00:00.017010122  2774 0x55a3cb0ca360 DEBUG   default gstvalue.c:2776:_priv_gst_value_parse_value: trying type name 'string'
0:00:00.012635029  2775 0x55906a42b360 DEBUG   GST_REGISTRY gstregistrychunks.c:264:gst_registry_chunks_save_feature: saved 1 interfaces 0 pad templates
0:00:00.017016406  2774 0x55a3cb0ca360 DEBUG   structure gststructure.c:2258:gst_structure_parse_field: trying field name 'description'
0:00:00.012641041  2775 0x55906a42b360 DEBUG   GST_REGISTRY gstregistrychunks.c:284:gst_registry_chunks_save_feature: Saved 1 UriTypes
0:00:00.017024019  2774 0x55a3cb0ca360 DEBUG   default gstvalue.c:2776:_priv_gst_value_parse_value: trying type name 'string'
0:00:00.012649144  2775 0x55906a42b360 DEBUG   GST_REGISTRY gstregistrychunks.c:264:gst_registry_chunks_save_feature: saved 0 interfaces 0 pad templates
0:00:00.017030802  2774 0x55a3cb0ca360 DEBUG   structure gststructure.c:2258:gst_structure_parse_field: trying field name 'author'
0:00:00.017038347  2774 0x55a3cb0ca360 DEBUG   default gstvalue.c:2776:_priv_gst_value_parse_value: trying type name 'string'
0:00:00.012657361  2775 0x55906a42b360 DEBUG   GST_REGISTRY gstregistrychunks.c:264:gst_registry_chunks_save_feature: saved 0 interfaces 0 pad templates
0:00:00.017044246  2774 0x55a3cb0ca360 DEBUG   GST_REGISTRY gstregistrychunks.c:626:gst_registry_chunks_load_feature: Element factory : npadtemplates=2
0:00:00.012666959  2775 0x55906a42b360 DEBUG   GST_REGISTRY gstregistrychunks.c:264:gst_registry_chunks_save_feature: saved 0 interfaces 0 pad templates
0:00:00.017049793  2774 0x55a3cb0ca360 DEBUG   GST_REGISTRY gstregistrychunks.c:525:gst_registry_chunks_load_pad_template: Reading/casting for GstRegistryChunkPadTemplate at address 0x55a3cb0f0ba8
0:00:00.017059745  2774 0x55a3cb0ca360 DEBUG   GST_REGISTRY gstregistrychunks.c:539:gst_registry_chunks_load_pad_template: Added pad_template sink
0:00:00.012678843  2775 0x55906a42b360 DEBUG   GST_REGISTRY gstregistrychunks.c:264:gst_registry_chunks_save_feature: saved 0 interfaces 0 pad templates
0:00:00.017064808  2774 0x55a3cb0ca360 DEBUG   GST_REGISTRY gstregistrychunks.c:525:gst_registry_chunks_load_pad_template: Reading/casting for GstRegistryChunkPadTemplate at address 0x55a3cb0f0bc0
0:00:00.012688643  2775 0x55906a42b360 DEBUG   GST_REGISTRY gstregistrychunks.c:264:gst_registry_chunks_save_feature: saved 0 interfaces 0 pad templates
0:00:00.017070446  2774 0x55a3cb0ca360 DEBUG   GST_REGISTRY gstregistrychunks.c:539:gst_registry_chunks_load_pad_template: Added pad_template src
0:00:00.017078970  2774 0x55a3cb0ca360 DEBUG   GST_REGISTRY gstregistry.c:589:gst_registry_add_feature: adding feature 0x55a3cb0f9090 (valve)
0:00:00.012701201  2775 0x55906a42b360 TRACE   GST_REFCOUNTING gstobject.c:264:gst_object_unref: 0x55906a455290 unref 2->1
0:00:00.017084141  2774 0x55a3cb0ca360 DEBUG   GST_REFCOUNTING gstobject.c:708:gst_object_set_parent: set parent (ref and sink)
0:00:00.012708594  2775 0x55906a42b360 TRACE   GST_REFCOUNTING gstobject.c:264:gst_object_unref: 0x55906a457100 unref 2->1
0:00:00.017091731  2774 0x55a3cb0ca360 TRACE   GST_REFCOUNTING gstobject.c:292:gst_object_ref_sink: 0x55a3cb0f9090 ref_sink 1->2
0:00:00.012715401  2775 0x55906a42b360 TRACE   GST_REFCOUNTING gstobject.c:264:gst_object_unref: 0x55906a457f10 unref 2->1
0:00:00.017098196  2774 0x55a3cb0ca360 LOG   GST_REGISTRY gstregistry.c:607:gst_registry_add_feature: emitting feature-added for valve
0:00:00.012722019  2775 0x55906a42b360 TRACE   GST_REFCOUNTING gstobject.c:264:gst_object_unref: 0x55906a458df0 unref 2->1
0:00:00.017105378  2774 0x55a3cb0ca360 DEBUG   GST_REGISTRY gstregistrychunks.c:740:gst_registry_chunks_load_feature: Added feature valve, plugin 0x55a3cb0faad0 coreelements
0:00:00.012728491  2775 0x55906a42b360 TRACE   GST_REFCOUNTING gstobject.c:264:gst_object_unref: 0x55906a45ad10 unref 2->1
0:00:00.017111862  2774 0x55a3cb0ca360 DEBUG   GST_REGISTRY gstregistrychunks.c:582:gst_registry_chunks_load_feature: Plugin 'coreelements' feature 'multiqueue' typename : 'GstElementFactory'
0:00:00.012735097  2775 0x55906a42b360 TRACE   GST_REFCOUNTING gstobject.c:264:gst_object_unref: 0x55906a45bd40 unref 2->1
0:00:00.017118616  2774 0x55a3cb0ca360 TRACE   GST_REFCOUNTING gstobject.c:208:gst_object_init: 0x55a3cb0f29c0 new
0:00:00.012741555  2775 0x55906a42b360 TRACE   GST_REFCOUNTING gstobject.c:264:gst_object_unref: 0x55906a45d990 unref 2->1
0:00:00.017125359  2774 0x55a3cb0ca360 LOG   GST_REGISTRY gstregistrychunks.c:609:gst_registry_chunks_load_feature: Reading/casting for GstRegistryChunkElementFactory at address 0x55a3cb0f0bf0
0:00:00.012748075  2775 0x55906a42b360 TRACE   GST_REFCOUNTING gstobject.c:264:gst_object_unref: 0x55906a45ffd0 unref 2->1
0:00:00.017138300  2774 0x55a3cb0ca360 TRACE   structure gststructure.c:292:gst_structure_new_id_empty_with_size: created structure 0x55a3cb0f2b40
0:00:00.012759822  2775 0x55906a42b360 TRACE   GST_REFCOUNTING gstobject.c:264:gst_object_unref: 0x55906a462480 unref 2->1
0:00:00.017144198  2774 0x55a3cb0ca360 DEBUG   structure gststructure.c:2258:gst_structure_parse_field: trying field name 'long-name'
0:00:00.012766284  2775 0x55906a42b360 TRACE   GST_REFCOUNTING gstobject.c:264:gst_object_unref: 0x55906a4632e0 unref 2->1
0:00:00.017149898  2774 0x55a3cb0ca360 DEBUG   default gstvalue.c:2776:_priv_gst_value_parse_value: trying type name 'string'
0:00:00.012772806  2775 0x55906a42b360 TRACE   GST_REFCOUNTING gstobject.c:264:gst_object_unref: 0x55906a4640c0 unref 2->1
0:00:00.017156183  2774 0x55a3cb0ca360 DEBUG   structure gststructure.c:2258:gst_structure_parse_field: trying field name 'klass'
0:00:00.012779497  2775 0x55906a42b360 TRACE   GST_REFCOUNTING gstobject.c:264:gst_object_unref: 0x55906a464e30 unref 2->1
0:00:00.017162242  2774 0x55a3cb0ca360 DEBUG   default gstvalue.c:2776:_priv_gst_value_parse_value: trying type name 'string'
0:00:00.012785949  2775 0x55906a42b360 TRACE   GST_REFCOUNTING gstobject.c:264:gst_object_unref: 0x55906a4663a0 unref 2->1
0:00:00.017169172  2774 0x55a3cb0ca360 DEBUG   structure gststructure.c:2258:gst_structure_parse_field: trying field name 'description'
0:00:00.012800015  2775 0x55906a42b360 TRACE   GST_REFCOUNTING gstobject.c:264:gst_object_unref: 0x55906a4675b0 unref 2->1
0:00:00.012806733  2775 0x55906a42b360 TRACE   GST_REFCOUNTING gstobject.c:264:gst_object_unref: 0x55906a468770 unref 2->1
0:00:00.017193220  2774 0x55a3cb0ca360 DEBUG   default gstvalue.c:2776:_priv_gst_value_parse_value: trying type name 'string'
0:00:00.012812755  2775 0x55906a42b360 TRACE   GST_REFCOUNTING gstobject.c:264:gst_object_unref: 0x55906a46aa50 unref 2->1
0:00:00.017199825  2774 0x55a3cb0ca360 DEBUG   structure gststructure.c:2258:gst_structure_parse_field: trying field name 'author'
0:00:00.012820766  2775 0x55906a42b360 TRACE   GST_REFCOUNTING gstobject.c:264:gst_object_unref: 0x55906a46c2f0 unref 2->1
0:00:00.017205719  2774 0x55a3cb0ca360 DEBUG   default gstvalue.c:2776:_priv_gst_value_parse_value: trying type name 'string'
0:00:00.012827312  2775 0x55906a42b360 TRACE   GST_REFCOUNTING gstobject.c:264:gst_object_unref: 0x55906a46d770 unref 2->1
0:00:00.017212299  2774 0x55a3cb0ca360 DEBUG   GST_REGISTRY gstregistrychunks.c:626:gst_registry_chunks_load_feature: Element factory : npadtemplates=2
0:00:00.012833690  2775 0x55906a42b360 TRACE   GST_REFCOUNTING gstobject.c:264:gst_object_unref: 0x55906a46eb50 unref 2->1
0:00:00.017217893  2774 0x55a3cb0ca360 DEBUG   GST_REGISTRY gstregistrychunks.c:525:gst_registry_chunks_load_pad_template: Reading/casting for GstRegistryChunkPadTemplate at address 0x55a3cb0f0cb0
0:00:00.012840103  2775 0x55906a42b360 TRACE   GST_REFCOUNTING gstobject.c:264:gst_object_unref: 0x55906a46fb40 unref 2->1
0:00:00.017227738  2774 0x55a3cb0ca360 DEBUG   GST_REGISTRY gstregistrychunks.c:539:gst_registry_chunks_load_pad_template: Added pad_template src_%u
0:00:00.012849129  2775 0x55906a42b360 TRACE   GST_REFCOUNTING gstobject.c:264:gst_object_unref: 0x55906a471620 unref 2->1
0:00:00.012855525  2775 0x55906a42b360 TRACE   GST_REFCOUNTING gstobject.c:264:gst_object_unref: 0x55906a472820 unref 2->1
0:00:00.017239452  2774 0x55a3cb0ca360 DEBUG   GST_REGISTRY gstregistrychunks.c:525:gst_registry_chunks_load_pad_template: Reading/casting for GstRegistryChunkPadTemplate at address 0x55a3cb0f0cc8
0:00:00.012862896  2775 0x55906a42b360 DEBUG   GST_REGISTRY gstregistrychunks.c:497:_priv_gst_registry_chunks_save_plugin: Found 22 features in plugin 0x55906a454c30 (coreelements)
0:00:00.017245512  2774 0x55a3cb0ca360 DEBUG   GST_REGISTRY gstregistrychunks.c:539:gst_registry_chunks_load_pad_template: Added pad_template sink_%u
0:00:00.012869755  2775 0x55906a42b360 DEBUG   GST_POLL gstpoll.c:979:gst_poll_fd_ctl_write: 0x55906a44fcc0: fd (fd:0, idx:1), active : 1
0:00:00.017253504  2774 0x55a3cb0ca360 DEBUG   GST_REGISTRY gstregistry.c:589:gst_registry_add_feature: adding feature 0x55a3cb0f29c0 (multiqueue)
0:00:00.012876317  2775 0x55906a42b360 LOG   GST_POLL gstpoll.c:994:gst_poll_fd_ctl_write: 0x55906a44fcc0: pfd->events now 60 (POLLOUT:4)
0:00:00.017259248  2774 0x55a3cb0ca360 DEBUG   GST_REFCOUNTING gstobject.c:708:gst_object_set_parent: set parent (ref and sink)
0:00:00.012882849  2775 0x55906a42b360 DEBUG   GST_POLL gstpoll.c:979:gst_poll_fd_ctl_write: 0x55906a44fcc0: fd (fd:0, idx:1), active : 1
0:00:00.017266126  2774 0x55a3cb0ca360 TRACE   GST_REFCOUNTING gstobject.c:292:gst_object_ref_sink: 0x55a3cb0f29c0 ref_sink 1->2
0:00:00.012888915  2775 0x55906a42b360 LOG   GST_POLL gstpoll.c:994:gst_poll_fd_ctl_write: 0x55906a44fcc0: pfd->events now 60 (POLLOUT:4)
0:00:00.017272406  2774 0x55a3cb0ca360 LOG   GST_REGISTRY gstregistry.c:607:gst_registry_add_feature: emitting feature-added for multiqueue
0:00:00.012895165  2775 0x55906a42b360 DEBUG   GST_POLL gstpoll.c:979:gst_poll_fd_ctl_write: 0x55906a44fcc0: fd (fd:0, idx:1), active : 1
0:00:00.017278813  2774 0x55a3cb0ca360 DEBUG   GST_REGISTRY gstregistrychunks.c:740:gst_registry_chunks_load_feature: Added feature multiqueue, plugin 0x55a3cb0faad0 coreelements
0:00:00.012901229  2775 0x55906a42b360 LOG   GST_POLL gstpoll.c:994:gst_poll_fd_ctl_write: 0x55906a44fcc0: pfd->events now 60 (POLLOUT:4)
0:00:00.017285029  2774 0x55a3cb0ca360 DEBUG   GST_REGISTRY gstregistrychunks.c:582:gst_registry_chunks_load_feature: Plugin 'coreelements' feature 'typefind' typename : 'GstElementFactory'
0:00:00.012907305  2775 0x55906a42b360 DEBUG   GST_POLL gstpoll.c:979:gst_poll_fd_ctl_write: 0x55906a44fcc0: fd (fd:0, idx:1), active : 1
0:00:00.012913243  2775 0x55906a42b360 LOG   GST_POLL gstpoll.c:994:gst_poll_fd_ctl_write: 0x55906a44fcc0: pfd->events now 60 (POLLOUT:4)
0:00:00.017294379  2774 0x55a3cb0ca360 TRACE   GST_REFCOUNTING gstobject.c:208:gst_object_init: 0x55a3cb0f2dc0 new
0:00:00.012922729  2775 0x55906a42b360 DEBUG   GST_POLL gstpoll.c:979:gst_poll_fd_ctl_write: 0x55906a44fcc0: fd (fd:0, idx:1), active : 1
0:00:00.017306330  2774 0x55a3cb0ca360 LOG   GST_REGISTRY gstregistrychunks.c:609:gst_registry_chunks_load_feature: Reading/casting for GstRegistryChunkElementFactory at address 0x55a3cb0f0cf8
0:00:00.012928719  2775 0x55906a42b360 LOG   GST_POLL gstpoll.c:994:gst_poll_fd_ctl_write: 0x55906a44fcc0: pfd->events now 60 (POLLOUT:4)
0:00:00.017312468  2774 0x55a3cb0ca360 TRACE   structure gststructure.c:292:gst_structure_new_id_empty_with_size: created structure 0x55a3cb0f30d0
0:00:00.012934887  2775 0x55906a42b360 DEBUG   GST_POLL gstpoll.c:979:gst_poll_fd_ctl_write: 0x55906a44fcc0: fd (fd:0, idx:1), active : 1
0:00:00.017318302  2774 0x55a3cb0ca360 DEBUG   structure gststructure.c:2258:gst_structure_parse_field: trying field name 'long-name'
0:00:00.012940913  2775 0x55906a42b360 LOG   GST_POLL gstpoll.c:994:gst_poll_fd_ctl_write: 0x55906a44fcc0: pfd->events now 60 (POLLOUT:4)
0:00:00.017323914  2774 0x55a3cb0ca360 DEBUG   default gstvalue.c:2776:_priv_gst_value_parse_value: trying type name 'string'
0:00:00.012947153  2775 0x55906a42b360 DEBUG   GST_POLL gstpoll.c:979:gst_poll_fd_ctl_write: 0x55906a44fcc0: fd (fd:0, idx:1), active : 1
0:00:00.017330294  2774 0x55a3cb0ca360 DEBUG   structure gststructure.c:2258:gst_structure_parse_field: trying field name 'klass'
0:00:00.012953171  2775 0x55906a42b360 LOG   GST_POLL gstpoll.c:994:gst_poll_fd_ctl_write: 0x55906a44fcc0: pfd->events now 60 (POLLOUT:4)
0:00:00.017336036  2774 0x55a3cb0ca360 DEBUG   default gstvalue.c:2776:_priv_gst_value_parse_value: trying type name 'string'
0:00:00.012959239  2775 0x55906a42b360 DEBUG   GST_POLL gstpoll.c:979:gst_poll_fd_ctl_write: 0x55906a44fcc0: fd (fd:0, idx:1), active : 1
0:00:00.017342450  2774 0x55a3cb0ca360 DEBUG   structure gststructure.c:2258:gst_structure_parse_field: trying field name 'description'
0:00:00.012965132  2775 0x55906a42b360 LOG   GST_POLL gstpoll.c:994:gst_poll_fd_ctl_write: 0x55906a44fcc0: pfd->events now 60 (POLLOUT:4)
0:00:00.017348117  2774 0x55a3cb0ca360 DEBUG   default gstvalue.c:2776:_priv_gst_value_parse_value: trying type name 'string'
0:00:00.012971323  2775 0x55906a42b360 DEBUG   GST_POLL gstpoll.c:979:gst_poll_fd_ctl_write: 0x55906a44fcc0: fd (fd:0, idx:1), active : 1
0:00:00.017354820  2774 0x55a3cb0ca360 DEBUG   structure gststructure.c:2258:gst_structure_parse_field: trying field name 'author'
0:00:00.012977275  2775 0x55906a42b360 LOG   GST_POLL gstpoll.c:994:gst_poll_fd_ctl_write: 0x55906a44fcc0: pfd->events now 60 (POLLOUT:4)
0:00:00.017360592  2774 0x55a3cb0ca360 DEBUG   default gstvalue.c:2776:_priv_gst_value_parse_value: trying type name 'string'
0:00:00.012983202  2775 0x55906a42b360 DEBUG   GST_POLL gstpoll.c:979:gst_poll_fd_ctl_write: 0x55906a44fcc0: fd (fd:0, idx:1), active : 1
0:00:00.017367219  2774 0x55a3cb0ca360 DEBUG   GST_REGISTRY gstregistrychunks.c:626:gst_registry_chunks_load_feature: Element factory : npadtemplates=2
0:00:00.012992813  2775 0x55906a42b360 LOG   GST_POLL gstpoll.c:994:gst_poll_fd_ctl_write: 0x55906a44fcc0: pfd->events now 60 (POLLOUT:4)
0:00:00.017375832  2774 0x55a3cb0ca360 DEBUG   GST_REGISTRY gstregistrychunks.c:525:gst_registry_chunks_load_pad_template: Reading/casting for GstRegistryChunkPadTemplate at address 0x55a3cb0f0dd0
0:00:00.012998952  2775 0x55906a42b360 DEBUG   GST_POLL gstpoll.c:979:gst_poll_fd_ctl_write: 0x55906a44fcc0: fd (fd:0, idx:1), active : 1
0:00:00.017381722  2774 0x55a3cb0ca360 DEBUG   GST_REGISTRY gstregistrychunks.c:539:gst_registry_chunks_load_pad_template: Added pad_template sink
0:00:00.013005025  2775 0x55906a42b360 LOG   GST_POLL gstpoll.c:994:gst_poll_fd_ctl_write: 0x55906a44fcc0: pfd->events now 60 (POLLOUT:4)
0:00:00.017387875  2774 0x55a3cb0ca360 DEBUG   GST_REGISTRY gstregistrychunks.c:525:gst_registry_chunks_load_pad_template: Reading/casting for GstRegistryChunkPadTemplate at address 0x55a3cb0f0de8
0:00:00.013011205  2775 0x55906a42b360 DEBUG   GST_POLL gstpoll.c:979:gst_poll_fd_ctl_write: 0x55906a44fcc0: fd (fd:0, idx:1), active : 1
0:00:00.017393900  2774 0x55a3cb0ca360 DEBUG   GST_REGISTRY gstregistrychunks.c:539:gst_registry_chunks_load_pad_template: Added pad_template src
0:00:00.013017231  2775 0x55906a42b360 LOG   GST_POLL gstpoll.c:994:gst_poll_fd_ctl_write: 0x55906a44fcc0: pfd->events now 60 (POLLOUT:4)
0:00:00.017401355  2774 0x55a3cb0ca360 DEBUG   GST_REGISTRY gstregistry.c:589:gst_registry_add_feature: adding feature 0x55a3cb0f2dc0 (typefind)
0:00:00.013023237  2775 0x55906a42b360 DEBUG   GST_POLL gstpoll.c:979:gst_poll_fd_ctl_write: 0x55906a44fcc0: fd (fd:0, idx:1), active : 1
0:00:00.017407140  2774 0x55a3cb0ca360 DEBUG   GST_REFCOUNTING gstobject.c:708:gst_object_set_parent: set parent (ref and sink)
0:00:00.013029221  2775 0x55906a42b360 LOG   GST_POLL gstpoll.c:994:gst_poll_fd_ctl_write: 0x55906a44fcc0: pfd->events now 60 (POLLOUT:4)
0:00:00.017413976  2774 0x55a3cb0ca360 TRACE   GST_REFCOUNTING gstobject.c:292:gst_object_ref_sink: 0x55a3cb0f2dc0 ref_sink 1->2
0:00:00.013035335  2775 0x55906a42b360 DEBUG   GST_POLL gstpoll.c:979:gst_poll_fd_ctl_write: 0x55906a44fcc0: fd (fd:0, idx:1), active : 1
0:00:00.017420218  2774 0x55a3cb0ca360 LOG   GST_REGISTRY gstregistry.c:607:gst_registry_add_feature: emitting feature-added for typefind
0:00:00.013041220  2775 0x55906a42b360 LOG   GST_POLL gstpoll.c:994:gst_poll_fd_ctl_write: 0x55906a44fcc0: pfd->events now 60 (POLLOUT:4)
0:00:00.017426550  2774 0x55a3cb0ca360 DEBUG   GST_REGISTRY gstregistrychunks.c:740:gst_registry_chunks_load_feature: Added feature typefind, plugin 0x55a3cb0faad0 coreelements
0:00:00.013047337  2775 0x55906a42b360 DEBUG   GST_POLL gstpoll.c:979:gst_poll_fd_ctl_write: 0x55906a44fcc0: fd (fd:0, idx:1), active : 1
0:00:00.017432926  2774 0x55a3cb0ca360 DEBUG   GST_REGISTRY gstregistrychunks.c:582:gst_registry_chunks_load_feature: Plugin 'coreelements' feature 'tee' typename : 'GstElementFactory'
0:00:00.013053709  2775 0x55906a42b360 LOG   GST_POLL gstpoll.c:994:gst_poll_fd_ctl_write: 0x55906a44fcc0: pfd->events now 60 (POLLOUT:4)
0:00:00.017439577  2774 0x55a3cb0ca360 TRACE   GST_REFCOUNTING gstobject.c:208:gst_object_init: 0x55a3cb0f3320 new
0:00:00.013063788  2775 0x55906a42b360 DEBUG   GST_POLL gstpoll.c:979:gst_poll_fd_ctl_write: 0x55906a44fcc0: fd (fd:0, idx:1), active : 1
0:00:00.017447308  2774 0x55a3cb0ca360 LOG   GST_REGISTRY gstregistrychunks.c:609:gst_registry_chunks_load_feature: Reading/casting for GstRegistryChunkElementFactory at address 0x55a3cb0f0e10
0:00:00.013069689  2775 0x55906a42b360 LOG   GST_POLL gstpoll.c:994:gst_poll_fd_ctl_write: 0x55906a44fcc0: pfd->events now 60 (POLLOUT:4)
0:00:00.017453360  2774 0x55a3cb0ca360 TRACE   structure gststructure.c:292:gst_structure_new_id_empty_with_size: created structure 0x55a3cb0f36a0
0:00:00.013075921  2775 0x55906a42b360 DEBUG   GST_POLL gstpoll.c:979:gst_poll_fd_ctl_write: 0x55906a44fcc0: fd (fd:0, idx:1), active : 1
0:00:00.017459111  2774 0x55a3cb0ca360 DEBUG   structure gststructure.c:2258:gst_structure_parse_field: trying field name 'long-name'
0:00:00.013081833  2775 0x55906a42b360 LOG   GST_POLL gstpoll.c:994:gst_poll_fd_ctl_write: 0x55906a44fcc0: pfd->events now 60 (POLLOUT:4)
0:00:00.017464702  2774 0x55a3cb0ca360 DEBUG   default gstvalue.c:2776:_priv_gst_value_parse_value: trying type name 'string'
0:00:00.013088035  2775 0x55906a42b360 DEBUG   GST_POLL gstpoll.c:979:gst_poll_fd_ctl_write: 0x55906a44fcc0: fd (fd:0, idx:1), active : 1
0:00:00.017471386  2774 0x55a3cb0ca360 DEBUG   structure gststructure.c:2258:gst_structure_parse_field: trying field name 'klass'
0:00:00.013093921  2775 0x55906a42b360 LOG   GST_POLL gstpoll.c:994:gst_poll_fd_ctl_write: 0x55906a44fcc0: pfd->events now 60 (POLLOUT:4)
0:00:00.017476969  2774 0x55a3cb0ca360 DEBUG   default gstvalue.c:2776:_priv_gst_value_parse_value: trying type name 'string'
0:00:00.013100197  2775 0x55906a42b360 DEBUG   GST_POLL gstpoll.c:979:gst_poll_fd_ctl_write: 0x55906a44fcc0: fd (fd:0, idx:1), active : 1
0:00:00.017483287  2774 0x55a3cb0ca360 DEBUG   structure gststructure.c:2258:gst_structure_parse_field: trying field name 'description'
0:00:00.013106247  2775 0x55906a42b360 LOG   GST_POLL gstpoll.c:994:gst_poll_fd_ctl_write: 0x55906a44fcc0: pfd->events now 60 (POLLOUT:4)
0:00:00.017489169  2774 0x55a3cb0ca360 DEBUG   default gstvalue.c:2776:_priv_gst_value_parse_value: trying type name 'string'
0:00:00.013112431  2775 0x55906a42b360 DEBUG   GST_POLL gstpoll.c:979:gst_poll_fd_ctl_write: 0x55906a44fcc0: fd (fd:0, idx:1), active : 1
0:00:00.017495744  2774 0x55a3cb0ca360 DEBUG   structure gststructure.c:2258:gst_structure_parse_field: trying field name 'author'
0:00:00.013118445  2775 0x55906a42b360 LOG   GST_POLL gstpoll.c:994:gst_poll_fd_ctl_write: 0x55906a44fcc0: pfd->events now 60 (POLLOUT:4)
0:00:00.017501467  2774 0x55a3cb0ca360 DEBUG   default gstvalue.c:2776:_priv_gst_value_parse_value: trying type name 'string'
0:00:00.013124697  2775 0x55906a42b360 DEBUG   GST_POLL gstpoll.c:979:gst_poll_fd_ctl_write: 0x55906a44fcc0: fd (fd:0, idx:1), active : 1
0:00:00.017508714  2774 0x55a3cb0ca360 DEBUG   GST_REGISTRY gstregistrychunks.c:626:gst_registry_chunks_load_feature: Element factory : npadtemplates=2
0:00:00.013134375  2775 0x55906a42b360 LOG   GST_POLL gstpoll.c:994:gst_poll_fd_ctl_write: 0x55906a44fcc0: pfd->events now 60 (POLLOUT:4)
0:00:00.017517594  2774 0x55a3cb0ca360 DEBUG   GST_REGISTRY gstregistrychunks.c:525:gst_registry_chunks_load_pad_template: Reading/casting for GstRegistryChunkPadTemplate at address 0x55a3cb0f0f00
0:00:00.013140580  2775 0x55906a42b360 DEBUG   GST_POLL gstpoll.c:979:gst_poll_fd_ctl_write: 0x55906a44fcc0: fd (fd:0, idx:1), active : 1
0:00:00.017523386  2774 0x55a3cb0ca360 DEBUG   GST_REGISTRY gstregistrychunks.c:539:gst_registry_chunks_load_pad_template: Added pad_template src_%u
0:00:00.013146521  2775 0x55906a42b360 LOG   GST_POLL gstpoll.c:994:gst_poll_fd_ctl_write: 0x55906a44fcc0: pfd->events now 60 (POLLOUT:4)
0:00:00.017529423  2774 0x55a3cb0ca360 DEBUG   GST_REGISTRY gstregistrychunks.c:525:gst_registry_chunks_load_pad_template: Reading/casting for GstRegistryChunkPadTemplate at address 0x55a3cb0f0f18
0:00:00.013152659  2775 0x55906a42b360 DEBUG   GST_POLL gstpoll.c:979:gst_poll_fd_ctl_write: 0x55906a44fcc0: fd (fd:0, idx:1), active : 1
0:00:00.017535369  2774 0x55a3cb0ca360 DEBUG   GST_REGISTRY gstregistrychunks.c:539:gst_registry_chunks_load_pad_template: Added pad_template sink
0:00:00.013158575  2775 0x55906a42b360 LOG   GST_POLL gstpoll.c:994:gst_poll_fd_ctl_write: 0x55906a44fcc0: pfd->events now 60 (POLLOUT:4)
0:00:00.017542530  2774 0x55a3cb0ca360 DEBUG   GST_REGISTRY gstregistry.c:589:gst_registry_add_feature: adding feature 0x55a3cb0f3320 (tee)
0:00:00.013164573  2775 0x55906a42b360 DEBUG   GST_POLL gstpoll.c:979:gst_poll_fd_ctl_write: 0x55906a44fcc0: fd (fd:0, idx:1), active : 1
0:00:00.017548558  2774 0x55a3cb0ca360 DEBUG   GST_REFCOUNTING gstobject.c:708:gst_object_set_parent: set parent (ref and sink)
0:00:00.013170591  2775 0x55906a42b360 LOG   GST_POLL gstpoll.c:994:gst_poll_fd_ctl_write: 0x55906a44fcc0: pfd->events now 60 (POLLOUT:4)
0:00:00.017555532  2774 0x55a3cb0ca360 TRACE   GST_REFCOUNTING gstobject.c:292:gst_object_ref_sink: 0x55a3cb0f3320 ref_sink 1->2
0:00:00.013176825  2775 0x55906a42b360 DEBUG   GST_POLL gstpoll.c:979:gst_poll_fd_ctl_write: 0x55906a44fcc0: fd (fd:0, idx:1), active : 1
0:00:00.013183090  2775 0x55906a42b360 LOG   GST_POLL gstpoll.c:994:gst_poll_fd_ctl_write: 0x55906a44fcc0: pfd->events now 60 (POLLOUT:4)
0:00:00.017561946  2774 0x55a3cb0ca360 LOG   GST_REGISTRY gstregistry.c:607:gst_registry_add_feature: emitting feature-added for tee
0:00:00.013188725  2775 0x55906a42b360 DEBUG   GST_POLL gstpoll.c:979:gst_poll_fd_ctl_write: 0x55906a44fcc0: fd (fd:0, idx:1), active : 1
0:00:00.017572690  2774 0x55a3cb0ca360 DEBUG   GST_REGISTRY gstregistrychunks.c:740:gst_registry_chunks_load_feature: Added feature tee, plugin 0x55a3cb0faad0 coreelements
0:00:00.013194851  2775 0x55906a42b360 LOG   GST_POLL gstpoll.c:994:gst_poll_fd_ctl_write: 0x55906a44fcc0: pfd->events now 60 (POLLOUT:4)
0:00:00.017579194  2774 0x55a3cb0ca360 DEBUG   GST_REGISTRY gstregistrychunks.c:582:gst_registry_chunks_load_feature: Plugin 'coreelements' feature 'filesink' typename : 'GstElementFactory'
0:00:00.013200911  2775 0x55906a42b360 DEBUG   GST_POLL gstpoll.c:979:gst_poll_fd_ctl_write: 0x55906a44fcc0: fd (fd:0, idx:1), active : 1
0:00:00.017590065  2774 0x55a3cb0ca360 TRACE   GST_REFCOUNTING gstobject.c:208:gst_object_init: 0x55a3cb0f38f0 new
0:00:00.013210634  2775 0x55906a42b360 LOG   GST_POLL gstpoll.c:994:gst_poll_fd_ctl_write: 0x55906a44fcc0: pfd->events now 60 (POLLOUT:4)
0:00:00.017597203  2774 0x55a3cb0ca360 LOG   GST_REGISTRY gstregistrychunks.c:609:gst_registry_chunks_load_feature: Reading/casting for GstRegistryChunkElementFactory at address 0x55a3cb0f0f48
0:00:00.013217984  2775 0x55906a42b360 DEBUG   GST_POLL gstpoll.c:979:gst_poll_fd_ctl_write: 0x55906a44fcc0: fd (fd:0, idx:1), active : 1
0:00:00.017603284  2774 0x55a3cb0ca360 TRACE   structure gststructure.c:292:gst_structure_new_id_empty_with_size: created structure 0x55a3cb0f3bf0
0:00:00.013224227  2775 0x55906a42b360 LOG   GST_POLL gstpoll.c:994:gst_poll_fd_ctl_write: 0x55906a44fcc0: pfd->events now 60 (POLLOUT:4)
0:00:00.017609082  2774 0x55a3cb0ca360 DEBUG   structure gststructure.c:2258:gst_structure_parse_field: trying field name 'long-name'
0:00:00.013230425  2775 0x55906a42b360 DEBUG   GST_POLL gstpoll.c:979:gst_poll_fd_ctl_write: 0x55906a44fcc0: fd (fd:0, idx:1), active : 1
0:00:00.017614625  2774 0x55a3cb0ca360 DEBUG   default gstvalue.c:2776:_priv_gst_value_parse_value: trying type name 'string'
0:00:00.013236302  2775 0x55906a42b360 LOG   GST_POLL gstpoll.c:994:gst_poll_fd_ctl_write: 0x55906a44fcc0: pfd->events now 60 (POLLOUT:4)
0:00:00.017620687  2774 0x55a3cb0ca360 DEBUG   structure gststructure.c:2258:gst_structure_parse_field: trying field name 'klass'
0:00:00.013242425  2775 0x55906a42b360 DEBUG   GST_POLL gstpoll.c:979:gst_poll_fd_ctl_write: 0x55906a44fcc0: fd (fd:0, idx:1), active : 1
0:00:00.017626257  2774 0x55a3cb0ca360 DEBUG   default gstvalue.c:2776:_priv_gst_value_parse_value: trying type name 'string'
0:00:00.013248295  2775 0x55906a42b360 LOG   GST_POLL gstpoll.c:994:gst_poll_fd_ctl_write: 0x55906a44fcc0: pfd->events now 60 (POLLOUT:4)
0:00:00.017632221  2774 0x55a3cb0ca360 DEBUG   structure gststructure.c:2258:gst_structure_parse_field: trying field name 'description'
0:00:00.013254323  2775 0x55906a42b360 DEBUG   GST_POLL gstpoll.c:979:gst_poll_fd_ctl_write: 0x55906a44fcc0: fd (fd:0, idx:1), active : 1
0:00:00.017637815  2774 0x55a3cb0ca360 DEBUG   default gstvalue.c:2776:_priv_gst_value_parse_value: trying type name 'string'
0:00:00.013260209  2775 0x55906a42b360 LOG   GST_POLL gstpoll.c:994:gst_poll_fd_ctl_write: 0x55906a44fcc0: pfd->events now 60 (POLLOUT:4)
0:00:00.017643823  2774 0x55a3cb0ca360 DEBUG   structure gststructure.c:2258:gst_structure_parse_field: trying field name 'author'
0:00:00.013266196  2775 0x55906a42b360 DEBUG   GST_POLL gstpoll.c:979:gst_poll_fd_ctl_write: 0x55906a44fcc0: fd (fd:0, idx:1), active : 1
0:00:00.017649365  2774 0x55a3cb0ca360 DEBUG   default gstvalue.c:2776:_priv_gst_value_parse_value: trying type name 'string'
0:00:00.013271997  2775 0x55906a42b360 LOG   GST_POLL gstpoll.c:994:gst_poll_fd_ctl_write: 0x55906a44fcc0: pfd->events now 60 (POLLOUT:4)
0:00:00.017659480  2774 0x55a3cb0ca360 DEBUG   GST_REGISTRY gstregistrychunks.c:626:gst_registry_chunks_load_feature: Element factory : npadtemplates=1
0:00:00.013280376  2775 0x55906a42b360 DEBUG   GST_POLL gstpoll.c:979:gst_poll_fd_ctl_write: 0x55906a44fcc0: fd (fd:0, idx:1), active : 1
0:00:00.017665186  2774 0x55a3cb0ca360 DEBUG   GST_REGISTRY gstregistrychunks.c:525:gst_registry_chunks_load_pad_template: Reading/casting for GstRegistryChunkPadTemplate at address 0x55a3cb0f1028
0:00:00.013286693  2775 0x55906a42b360 LOG   GST_POLL gstpoll.c:994:gst_poll_fd_ctl_write: 0x55906a44fcc0: pfd->events now 60 (POLLOUT:4)
0:00:00.017670788  2774 0x55a3cb0ca360 DEBUG   GST_REGISTRY gstregistrychunks.c:539:gst_registry_chunks_load_pad_template: Added pad_template sink
0:00:00.013292758  2775 0x55906a42b360 DEBUG   GST_POLL gstpoll.c:979:gst_poll_fd_ctl_write: 0x55906a44fcc0: fd (fd:0, idx:1), active : 1
0:00:00.017676958  2774 0x55a3cb0ca360 DEBUG   GST_REGISTRY gstregistrychunks.c:639:gst_registry_chunks_load_feature: Reading 1 UriTypes at address 0x55a3cb0f1039
0:00:00.013298821  2775 0x55906a42b360 LOG   GST_POLL gstpoll.c:994:gst_poll_fd_ctl_write: 0x55906a44fcc0: pfd->events now 60 (POLLOUT:4)
0:00:00.017684050  2774 0x55a3cb0ca360 DEBUG   GST_REGISTRY gstregistrychunks.c:654:gst_registry_chunks_load_feature: Reading 1 Interfaces at address 0x55a3cb0f1049
0:00:00.013304970  2775 0x55906a42b360 DEBUG   GST_POLL gstpoll.c:979:gst_poll_fd_ctl_write: 0x55906a44fcc0: fd (fd:0, idx:1), active : 1
0:00:00.017691127  2774 0x55a3cb0ca360 DEBUG   GST_REGISTRY gstregistry.c:589:gst_registry_add_feature: adding feature 0x55a3cb0f38f0 (filesink)
0:00:00.013311318  2775 0x55906a42b360 LOG   GST_POLL gstpoll.c:994:gst_poll_fd_ctl_write: 0x55906a44fcc0: pfd->events now 60 (POLLOUT:4)
0:00:00.017696889  2774 0x55a3cb0ca360 DEBUG   GST_REFCOUNTING gstobject.c:708:gst_object_set_parent: set parent (ref and sink)
0:00:00.013318610  2775 0x55906a42b360 DEBUG   GST_POLL gstpoll.c:979:gst_poll_fd_ctl_write: 0x55906a44fcc0: fd (fd:0, idx:1), active : 1
0:00:00.017703676  2774 0x55a3cb0ca360 TRACE   GST_REFCOUNTING gstobject.c:292:gst_object_ref_sink: 0x55a3cb0f38f0 ref_sink 1->2
0:00:00.013324613  2775 0x55906a42b360 LOG   GST_POLL gstpoll.c:994:gst_poll_fd_ctl_write: 0x55906a44fcc0: pfd->events now 60 (POLLOUT:4)
0:00:00.017710072  2774 0x55a3cb0ca360 LOG   GST_REGISTRY gstregistry.c:607:gst_registry_add_feature: emitting feature-added for filesink
0:00:00.013331390  2775 0x55906a42b360 DEBUG   GST_POLL gstpoll.c:979:gst_poll_fd_ctl_write: 0x55906a44fcc0: fd (fd:0, idx:1), active : 1
0:00:00.013337360  2775 0x55906a42b360 LOG   GST_POLL gstpoll.c:994:gst_poll_fd_ctl_write: 0x55906a44fcc0: pfd->events now 60 (POLLOUT:4)
0:00:00.017719041  2774 0x55a3cb0ca360 DEBUG   GST_REGISTRY gstregistrychunks.c:740:gst_registry_chunks_load_feature: Added feature filesink, plugin 0x55a3cb0faad0 coreelements
0:00:00.013343003  2775 0x55906a42b360 DEBUG   GST_POLL gstpoll.c:979:gst_poll_fd_ctl_write: 0x55906a44fcc0: fd (fd:0, idx:1), active : 1
0:00:00.017726383  2774 0x55a3cb0ca360 DEBUG   GST_REGISTRY gstregistrychunks.c:582:gst_registry_chunks_load_feature: Plugin 'coreelements' feature 'queue2' typename : 'GstElementFactory'
0:00:00.013352773  2775 0x55906a42b360 LOG   GST_POLL gstpoll.c:994:gst_poll_fd_ctl_write: 0x55906a44fcc0: pfd->events now 60 (POLLOUT:4)
0:00:00.017736654  2774 0x55a3cb0ca360 TRACE   GST_REFCOUNTING gstobject.c:208:gst_object_init: 0x55a3cb0f3e40 new
0:00:00.013358984  2775 0x55906a42b360 DEBUG   GST_POLL gstpoll.c:979:gst_poll_fd_ctl_write: 0x55906a44fcc0: fd (fd:0, idx:1), active : 1
0:00:00.017743528  2774 0x55a3cb0ca360 LOG   GST_REGISTRY gstregistrychunks.c:609:gst_registry_chunks_load_feature: Reading/casting for GstRegistryChunkElementFactory at address 0x55a3cb0f1070
0:00:00.013364940  2775 0x55906a42b360 LOG   GST_POLL gstpoll.c:994:gst_poll_fd_ctl_write: 0x55906a44fcc0: pfd->events now 60 (POLLOUT:4)
0:00:00.017749462  2774 0x55a3cb0ca360 TRACE   structure gststructure.c:292:gst_structure_new_id_empty_with_size: created structure 0x55a3cb0f41a0
0:00:00.013371067  2775 0x55906a42b360 DEBUG   GST_POLL gstpoll.c:979:gst_poll_fd_ctl_write: 0x55906a44fcc0: fd (fd:0, idx:1), active : 1
0:00:00.017755325  2774 0x55a3cb0ca360 DEBUG   structure gststructure.c:2258:gst_structure_parse_field: trying field name 'long-name'
0:00:00.013376957  2775 0x55906a42b360 LOG   GST_POLL gstpoll.c:994:gst_poll_fd_ctl_write: 0x55906a44fcc0: pfd->events now 60 (POLLOUT:4)
0:00:00.017760786  2774 0x55a3cb0ca360 DEBUG   default gstvalue.c:2776:_priv_gst_value_parse_value: trying type name 'string'
0:00:00.013383126  2775 0x55906a42b360 DEBUG   GST_POLL gstpoll.c:979:gst_poll_fd_ctl_write: 0x55906a44fcc0: fd (fd:0, idx:1), active : 1
0:00:00.017766784  2774 0x55a3cb0ca360 DEBUG   structure gststructure.c:2258:gst_structure_parse_field: trying field name 'klass'
0:00:00.013388979  2775 0x55906a42b360 LOG   GST_POLL gstpoll.c:994:gst_poll_fd_ctl_write: 0x55906a44fcc0: pfd->events now 60 (POLLOUT:4)
0:00:00.017772300  2774 0x55a3cb0ca360 DEBUG   default gstvalue.c:2776:_priv_gst_value_parse_value: trying type name 'string'
0:00:00.013395012  2775 0x55906a42b360 DEBUG   GST_POLL gstpoll.c:979:gst_poll_fd_ctl_write: 0x55906a44fcc0: fd (fd:0, idx:1), active : 1
0:00:00.017778312  2774 0x55a3cb0ca360 DEBUG   structure gststructure.c:2258:gst_structure_parse_field: trying field name 'description'
0:00:00.013400901  2775 0x55906a42b360 LOG   GST_POLL gstpoll.c:994:gst_poll_fd_ctl_write: 0x55906a44fcc0: pfd->events now 60 (POLLOUT:4)
0:00:00.017784002  2774 0x55a3cb0ca360 DEBUG   default gstvalue.c:2776:_priv_gst_value_parse_value: trying type name 'string'
0:00:00.013406977  2775 0x55906a42b360 DEBUG   GST_POLL gstpoll.c:979:gst_poll_fd_ctl_write: 0x55906a44fcc0: fd (fd:0, idx:1), active : 1
0:00:00.017790318  2774 0x55a3cb0ca360 DEBUG   structure gststructure.c:2258:gst_structure_parse_field: trying field name 'author'
0:00:00.013412810  2775 0x55906a42b360 LOG   GST_POLL gstpoll.c:994:gst_poll_fd_ctl_write: 0x55906a44fcc0: pfd->events now 60 (POLLOUT:4)
0:00:00.017796032  2774 0x55a3cb0ca360 DEBUG   default gstvalue.c:2776:_priv_gst_value_parse_value: trying type name 'string'
0:00:00.013422571  2775 0x55906a42b360 DEBUG   GST_POLL gstpoll.c:979:gst_poll_fd_ctl_write: 0x55906a44fcc0: fd (fd:0, idx:1), active : 1
0:00:00.017806596  2774 0x55a3cb0ca360 DEBUG   GST_REGISTRY gstregistrychunks.c:626:gst_registry_chunks_load_feature: Element factory : npadtemplates=2
0:00:00.013428559  2775 0x55906a42b360 LOG   GST_POLL gstpoll.c:994:gst_poll_fd_ctl_write: 0x55906a44fcc0: pfd->events now 60 (POLLOUT:4)
0:00:00.017812212  2774 0x55a3cb0ca360 DEBUG   GST_REGISTRY gstregistrychunks.c:525:gst_registry_chunks_load_pad_template: Reading/casting for GstRegistryChunkPadTemplate at address 0x55a3cb0f1160
0:00:00.013434687  2775 0x55906a42b360 DEBUG   GST_POLL gstpoll.c:979:gst_poll_fd_ctl_write: 0x55906a44fcc0: fd (fd:0, idx:1), active : 1
0:00:00.017817898  2774 0x55a3cb0ca360 DEBUG   GST_REGISTRY gstregistrychunks.c:539:gst_registry_chunks_load_pad_template: Added pad_template sink
0:00:00.013440619  2775 0x55906a42b360 LOG   GST_POLL gstpoll.c:994:gst_poll_fd_ctl_write: 0x55906a44fcc0: pfd->events now 60 (POLLOUT:4)
0:00:00.017823424  2774 0x55a3cb0ca360 DEBUG   GST_REGISTRY gstregistrychunks.c:525:gst_registry_chunks_load_pad_template: Reading/casting for GstRegistryChunkPadTemplate at address 0x55a3cb0f1178
0:00:00.013446765  2775 0x55906a42b360 DEBUG   GST_POLL gstpoll.c:979:gst_poll_fd_ctl_write: 0x55906a44fcc0: fd (fd:0, idx:1), active : 1
0:00:00.017829418  2774 0x55a3cb0ca360 DEBUG   GST_REGISTRY gstregistrychunks.c:539:gst_registry_chunks_load_pad_template: Added pad_template src
0:00:00.013452734  2775 0x55906a42b360 LOG   GST_POLL gstpoll.c:994:gst_poll_fd_ctl_write: 0x55906a44fcc0: pfd->events now 60 (POLLOUT:4)
0:00:00.017836569  2774 0x55a3cb0ca360 DEBUG   GST_REGISTRY gstregistry.c:589:gst_registry_add_feature: adding feature 0x55a3cb0f3e40 (queue2)
0:00:00.013458908  2775 0x55906a42b360 DEBUG   GST_POLL gstpoll.c:979:gst_poll_fd_ctl_write: 0x55906a44fcc0: fd (fd:0, idx:1), active : 1
0:00:00.017842128  2774 0x55a3cb0ca360 DEBUG   GST_REFCOUNTING gstobject.c:708:gst_object_set_parent: set parent (ref and sink)
0:00:00.013464818  2775 0x55906a42b360 LOG   GST_POLL gstpoll.c:994:gst_poll_fd_ctl_write: 0x55906a44fcc0: pfd->events now 60 (POLLOUT:4)
0:00:00.017848756  2774 0x55a3cb0ca360 TRACE   GST_REFCOUNTING gstobject.c:292:gst_object_ref_sink: 0x55a3cb0f3e40 ref_sink 1->2
0:00:00.013470908  2775 0x55906a42b360 DEBUG   GST_POLL gstpoll.c:979:gst_poll_fd_ctl_write: 0x55906a44fcc0: fd (fd:0, idx:1), active : 1
0:00:00.017854865  2774 0x55a3cb0ca360 LOG   GST_REGISTRY gstregistry.c:607:gst_registry_add_feature: emitting feature-added for queue2
0:00:00.013476772  2775 0x55906a42b360 LOG   GST_POLL gstpoll.c:994:gst_poll_fd_ctl_write: 0x55906a44fcc0: pfd->events now 60 (POLLOUT:4)
0:00:00.017861020  2774 0x55a3cb0ca360 DEBUG   GST_REGISTRY gstregistrychunks.c:740:gst_registry_chunks_load_feature: Added feature queue2, plugin 0x55a3cb0faad0 coreelements
0:00:00.013482818  2775 0x55906a42b360 DEBUG   GST_POLL gstpoll.c:979:gst_poll_fd_ctl_write: 0x55906a44fcc0: fd (fd:0, idx:1), active : 1
0:00:00.017867042  2774 0x55a3cb0ca360 DEBUG   GST_REGISTRY gstregistrychunks.c:582:gst_registry_chunks_load_feature: Plugin 'coreelements' feature 'queue' typename : 'GstElementFactory'
0:00:00.013492119  2775 0x55906a42b360 LOG   GST_POLL gstpoll.c:994:gst_poll_fd_ctl_write: 0x55906a44fcc0: pfd->events now 60 (POLLOUT:4)
0:00:00.017875739  2774 0x55a3cb0ca360 TRACE   GST_REFCOUNTING gstobject.c:208:gst_object_init: 0x55a3cb0f44e0 new
0:00:00.013498208  2775 0x55906a42b360 DEBUG   GST_POLL gstpoll.c:979:gst_poll_fd_ctl_write: 0x55906a44fcc0: fd (fd:0, idx:1), active : 1
0:00:00.017882910  2774 0x55a3cb0ca360 LOG   GST_REGISTRY gstregistrychunks.c:609:gst_registry_chunks_load_feature: Reading/casting for GstRegistryChunkElementFactory at address 0x55a3cb0f11a0
0:00:00.013504180  2775 0x55906a42b360 LOG   GST_POLL gstpoll.c:994:gst_poll_fd_ctl_write: 0x55906a44fcc0: pfd->events now 60 (POLLOUT:4)
0:00:00.017888841  2774 0x55a3cb0ca360 TRACE   structure gststructure.c:292:gst_structure_new_id_empty_with_size: created structure 0x55a3cb0f4830
0:00:00.013510286  2775 0x55906a42b360 DEBUG   GST_POLL gstpoll.c:979:gst_poll_fd_ctl_write: 0x55906a44fcc0: fd (fd:0, idx:1), active : 1
0:00:00.017894454  2774 0x55a3cb0ca360 DEBUG   structure gststructure.c:2258:gst_structure_parse_field: trying field name 'long-name'
0:00:00.013516221  2775 0x55906a42b360 LOG   GST_POLL gstpoll.c:994:gst_poll_fd_ctl_write: 0x55906a44fcc0: pfd->events now 60 (POLLOUT:4)
0:00:00.017899950  2774 0x55a3cb0ca360 DEBUG   default gstvalue.c:2776:_priv_gst_value_parse_value: trying type name 'string'
0:00:00.013522267  2775 0x55906a42b360 DEBUG   GST_POLL gstpoll.c:979:gst_poll_fd_ctl_write: 0x55906a44fcc0: fd (fd:0, idx:1), active : 1
0:00:00.017905903  2774 0x55a3cb0ca360 DEBUG   structure gststructure.c:2258:gst_structure_parse_field: trying field name 'klass'
0:00:00.013528075  2775 0x55906a42b360 LOG   GST_POLL gstpoll.c:994:gst_poll_fd_ctl_write: 0x55906a44fcc0: pfd->events now 60 (POLLOUT:4)
0:00:00.017911400  2774 0x55a3cb0ca360 DEBUG   default gstvalue.c:2776:_priv_gst_value_parse_value: trying type name 'string'
0:00:00.013534231  2775 0x55906a42b360 DEBUG   GST_POLL gstpoll.c:979:gst_poll_fd_ctl_write: 0x55906a44fcc0: fd (fd:0, idx:1), active : 1
0:00:00.017917296  2774 0x55a3cb0ca360 DEBUG   structure gststructure.c:2258:gst_structure_parse_field: trying field name 'description'
0:00:00.013540205  2775 0x55906a42b360 LOG   GST_POLL gstpoll.c:994:gst_poll_fd_ctl_write: 0x55906a44fcc0: pfd->events now 60 (POLLOUT:4)
0:00:00.017923098  2774 0x55a3cb0ca360 DEBUG   default gstvalue.c:2776:_priv_gst_value_parse_value: trying type name 'string'
0:00:00.013546369  2775 0x55906a42b360 DEBUG   GST_POLL gstpoll.c:979:gst_poll_fd_ctl_write: 0x55906a44fcc0: fd (fd:0, idx:1), active : 1
0:00:00.017929681  2774 0x55a3cb0ca360 DEBUG   structure gststructure.c:2258:gst_structure_parse_field: trying field name 'author'
0:00:00.013552233  2775 0x55906a42b360 LOG   GST_POLL gstpoll.c:994:gst_poll_fd_ctl_write: 0x55906a44fcc0: pfd->events now 60 (POLLOUT:4)
0:00:00.017935151  2774 0x55a3cb0ca360 DEBUG   default gstvalue.c:2776:_priv_gst_value_parse_value: trying type name 'string'
0:00:00.013563947  2775 0x55906a42b360 DEBUG   GST_POLL gstpoll.c:979:gst_poll_fd_ctl_write: 0x55906a44fcc0: fd (fd:0, idx:1), active : 1
0:00:00.017947181  2774 0x55a3cb0ca360 DEBUG   GST_REGISTRY gstregistrychunks.c:626:gst_registry_chunks_load_feature: Element factory : npadtemplates=2
0:00:00.013570001  2775 0x55906a42b360 LOG   GST_POLL gstpoll.c:994:gst_poll_fd_ctl_write: 0x55906a44fcc0: pfd->events now 60 (POLLOUT:4)
0:00:00.017952815  2774 0x55a3cb0ca360 DEBUG   GST_REGISTRY gstregistrychunks.c:525:gst_registry_chunks_load_pad_template: Reading/casting for GstRegistryChunkPadTemplate at address 0x55a3cb0f1258
0:00:00.013576263  2775 0x55906a42b360 DEBUG   GST_POLL gstpoll.c:979:gst_poll_fd_ctl_write: 0x55906a44fcc0: fd (fd:0, idx:1), active : 1
0:00:00.017959054  2774 0x55a3cb0ca360 DEBUG   GST_REGISTRY gstregistrychunks.c:539:gst_registry_chunks_load_pad_template: Added pad_template sink
0:00:00.013582085  2775 0x55906a42b360 LOG   GST_POLL gstpoll.c:994:gst_poll_fd_ctl_write: 0x55906a44fcc0: pfd->events now 60 (POLLOUT:4)
0:00:00.017964930  2774 0x55a3cb0ca360 DEBUG   GST_REGISTRY gstregistrychunks.c:525:gst_registry_chunks_load_pad_template: Reading/casting for GstRegistryChunkPadTemplate at address 0x55a3cb0f1270
0:00:00.013588290  2775 0x55906a42b360 DEBUG   GST_POLL gstpoll.c:979:gst_poll_fd_ctl_write: 0x55906a44fcc0: fd (fd:0, idx:1), active : 1
0:00:00.017970995  2774 0x55a3cb0ca360 DEBUG   GST_REGISTRY gstregistrychunks.c:539:gst_registry_chunks_load_pad_template: Added pad_template src
0:00:00.013594261  2775 0x55906a42b360 LOG   GST_POLL gstpoll.c:994:gst_poll_fd_ctl_write: 0x55906a44fcc0: pfd->events now 60 (POLLOUT:4)
0:00:00.017978106  2774 0x55a3cb0ca360 DEBUG   GST_REGISTRY gstregistry.c:589:gst_registry_add_feature: adding feature 0x55a3cb0f44e0 (queue)
0:00:00.017983748  2774 0x55a3cb0ca360 DEBUG   GST_REFCOUNTING gstobject.c:708:gst_object_set_parent: set parent (ref and sink)
0:00:00.013600383  2775 0x55906a42b360 DEBUG   GST_POLL gstpoll.c:979:gst_poll_fd_ctl_write: 0x55906a44fcc0: fd (fd:0, idx:1), active : 1
0:00:00.017990030  2774 0x55a3cb0ca360 TRACE   GST_REFCOUNTING gstobject.c:292:gst_object_ref_sink: 0x55a3cb0f44e0 ref_sink 1->2
0:00:00.013610978  2775 0x55906a42b360 LOG   GST_POLL gstpoll.c:994:gst_poll_fd_ctl_write: 0x55906a44fcc0: pfd->events now 60 (POLLOUT:4)
0:00:00.017996338  2774 0x55a3cb0ca360 LOG   GST_REGISTRY gstregistry.c:607:gst_registry_add_feature: emitting feature-added for queue
0:00:00.013617561  2775 0x55906a42b360 DEBUG   GST_POLL gstpoll.c:979:gst_poll_fd_ctl_write: 0x55906a44fcc0: fd (fd:0, idx:1), active : 1
0:00:00.018002278  2774 0x55a3cb0ca360 DEBUG   GST_REGISTRY gstregistrychunks.c:740:gst_registry_chunks_load_feature: Added feature queue, plugin 0x55a3cb0faad0 coreelements
0:00:00.013623419  2775 0x55906a42b360 LOG   GST_POLL gstpoll.c:994:gst_poll_fd_ctl_write: 0x55906a44fcc0: pfd->events now 60 (POLLOUT:4)
0:00:00.018008313  2774 0x55a3cb0ca360 DEBUG   GST_REGISTRY gstregistrychunks.c:582:gst_registry_chunks_load_feature: Plugin 'coreelements' feature 'output-selector' typename : 'GstElementFactory'
0:00:00.013633158  2775 0x55906a42b360 DEBUG   GST_POLL gstpoll.c:979:gst_poll_fd_ctl_write: 0x55906a44fcc0: fd (fd:0, idx:1), active : 1
0:00:00.018016517  2774 0x55a3cb0ca360 TRACE   GST_REFCOUNTING gstobject.c:208:gst_object_init: 0x55a3cb0f4c60 new
0:00:00.013639169  2775 0x55906a42b360 LOG   GST_POLL gstpoll.c:994:gst_poll_fd_ctl_write: 0x55906a44fcc0: pfd->events now 60 (POLLOUT:4)
0:00:00.018023141  2774 0x55a3cb0ca360 LOG   GST_REGISTRY gstregistrychunks.c:609:gst_registry_chunks_load_feature: Reading/casting for GstRegistryChunkElementFactory at address 0x55a3cb0f12a8
0:00:00.013645210  2775 0x55906a42b360 DEBUG   GST_POLL gstpoll.c:979:gst_poll_fd_ctl_write: 0x55906a44fcc0: fd (fd:0, idx:1), active : 1
0:00:00.018031714  2774 0x55a3cb0ca360 TRACE   structure gststructure.c:292:gst_structure_new_id_empty_with_size: created structure 0x55a3cb0f4f60
0:00:00.013651091  2775 0x55906a42b360 LOG   GST_POLL gstpoll.c:994:gst_poll_fd_ctl_write: 0x55906a44fcc0: pfd->events now 60 (POLLOUT:4)
0:00:00.018037602  2774 0x55a3cb0ca360 DEBUG   structure gststructure.c:2258:gst_structure_parse_field: trying field name 'long-name'
0:00:00.013658979  2775 0x55906a42b360 DEBUG   GST_POLL gstpoll.c:979:gst_poll_fd_ctl_write: 0x55906a44fcc0: fd (fd:0, idx:1), active : 1
