0:00:00.018043153  2774 0x55a3cb0ca360 DEBUG   default gstvalue.c:2776:_priv_gst_value_parse_value: trying type name 'string'
0:00:00.013664781  2775 0x55906a42b360 LOG   GST_POLL gstpoll.c:994:gst_poll_fd_ctl_write: 0x55906a44fcc0: pfd->events now 60 (POLLOUT:4)
0:00:00.018049279  2774 0x55a3cb0ca360 DEBUG   structure gststructure.c:2258:gst_structure_parse_field: trying field name 'klass'
0:00:00.013670845  2775 0x55906a42b360 DEBUG   GST_POLL gstpoll.c:979:gst_poll_fd_ctl_write: 0x55906a44fcc0: fd (fd:0, idx:1), active : 1
0:00:00.018054869  2774 0x55a3cb0ca360 DEBUG   default gstvalue.c:2776:_priv_gst_value_parse_value: trying type name 'string'
0:00:00.013676764  2775 0x55906a42b360 LOG   GST_POLL gstpoll.c:994:gst_poll_fd_ctl_write: 0x55906a44fcc0: pfd->events now 60 (POLLOUT:4)
0:00:00.018060848  2774 0x55a3cb0ca360 DEBUG   structure gststructure.c:2258:gst_structure_parse_field: trying field name 'description'
0:00:00.013682813  2775 0x55906a42b360 DEBUG   GST_POLL gstpoll.c:979:gst_poll_fd_ctl_write: 0x55906a44fcc0: fd (fd:0, idx:1), active : 1
0:00:00.018066428  2774 0x55a3cb0ca360 DEBUG   default gstvalue.c:2776:_priv_gst_value_parse_value: trying type name 'string'
0:00:00.013688726  2775 0x55906a42b360 LOG   GST_POLL gstpoll.c:994:gst_poll_fd_ctl_write: 0x55906a44fcc0: pfd->events now 60 (POLLOUT:4)
0:00:00.018072770  2774 0x55a3cb0ca360 DEBUG   structure gststructure.c:2258:gst_structure_parse_field: trying field name 'author'
0:00:00.013694832  2775 0x55906a42b360 DEBUG   GST_POLL gstpoll.c:979:gst_poll_fd_ctl_write: 0x55906a44fcc0: fd (fd:0, idx:1), active : 1
0:00:00.018078440  2774 0x55a3cb0ca360 DEBUG   default gstvalue.c:2776:_priv_gst_value_parse_value: trying type name 'string'
0:00:00.013700729  2775 0x55906a42b360 LOG   GST_POLL gstpoll.c:994:gst_poll_fd_ctl_write: 0x55906a44fcc0: pfd->events now 60 (POLLOUT:4)
0:00:00.018087984  2774 0x55a3cb0ca360 DEBUG   GST_REGISTRY gstregistrychunks.c:626:gst_registry_chunks_load_feature: Element factory : npadtemplates=2
0:00:00.013709021  2775 0x55906a42b360 DEBUG   GST_POLL gstpoll.c:979:gst_poll_fd_ctl_write: 0x55906a44fcc0: fd (fd:0, idx:1), active : 1
0:00:00.018093668  2774 0x55a3cb0ca360 DEBUG   GST_REGISTRY gstregistrychunks.c:525:gst_registry_chunks_load_pad_template: Reading/casting for GstRegistryChunkPadTemplate at address 0x55a3cb0f1380
0:00:00.013715040  2775 0x55906a42b360 LOG   GST_POLL gstpoll.c:994:gst_poll_fd_ctl_write: 0x55906a44fcc0: pfd->events now 60 (POLLOUT:4)
0:00:00.018099450  2774 0x55a3cb0ca360 DEBUG   GST_REGISTRY gstregistrychunks.c:539:gst_registry_chunks_load_pad_template: Added pad_template src_%u
0:00:00.013721159  2775 0x55906a42b360 DEBUG   GST_POLL gstpoll.c:979:gst_poll_fd_ctl_write: 0x55906a44fcc0: fd (fd:0, idx:1), active : 1
0:00:00.018104807  2774 0x55a3cb0ca360 DEBUG   GST_REGISTRY gstregistrychunks.c:525:gst_registry_chunks_load_pad_template: Reading/casting for GstRegistryChunkPadTemplate at address 0x55a3cb0f1398
0:00:00.013727099  2775 0x55906a42b360 LOG   GST_POLL gstpoll.c:994:gst_poll_fd_ctl_write: 0x55906a44fcc0: pfd->events now 60 (POLLOUT:4)
0:00:00.018110262  2774 0x55a3cb0ca360 DEBUG   GST_REGISTRY gstregistrychunks.c:539:gst_registry_chunks_load_pad_template: Added pad_template sink
0:00:00.013733333  2775 0x55906a42b360 DEBUG   GST_POLL gstpoll.c:979:gst_poll_fd_ctl_write: 0x55906a44fcc0: fd (fd:0, idx:1), active : 1
0:00:00.018117145  2774 0x55a3cb0ca360 DEBUG   GST_REGISTRY gstregistry.c:589:gst_registry_add_feature: adding feature 0x55a3cb0f4c60 (output-selector)
0:00:00.013739301  2775 0x55906a42b360 LOG   GST_POLL gstpoll.c:994:gst_poll_fd_ctl_write: 0x55906a44fcc0: pfd->events now 60 (POLLOUT:4)
0:00:00.018123989  2774 0x55a3cb0ca360 DEBUG   GST_REFCOUNTING gstobject.c:708:gst_object_set_parent: set parent (ref and sink)
0:00:00.013745446  2775 0x55906a42b360 DEBUG   GST_POLL gstpoll.c:979:gst_poll_fd_ctl_write: 0x55906a44fcc0: fd (fd:0, idx:1), active : 1
0:00:00.018130840  2774 0x55a3cb0ca360 TRACE   GST_REFCOUNTING gstobject.c:292:gst_object_ref_sink: 0x55a3cb0f4c60 ref_sink 1->2
0:00:00.013751566  2775 0x55906a42b360 LOG   GST_POLL gstpoll.c:994:gst_poll_fd_ctl_write: 0x55906a44fcc0: pfd->events now 60 (POLLOUT:4)
0:00:00.018137303  2774 0x55a3cb0ca360 LOG   GST_REGISTRY gstregistry.c:607:gst_registry_add_feature: emitting feature-added for output-selector
0:00:00.013758587  2775 0x55906a42b360 DEBUG   GST_POLL gstpoll.c:979:gst_poll_fd_ctl_write: 0x55906a44fcc0: fd (fd:0, idx:1), active : 1
0:00:00.018143588  2774 0x55a3cb0ca360 DEBUG   GST_REGISTRY gstregistrychunks.c:740:gst_registry_chunks_load_feature: Added feature output-selector, plugin 0x55a3cb0faad0 coreelements
0:00:00.013764485  2775 0x55906a42b360 LOG   GST_POLL gstpoll.c:994:gst_poll_fd_ctl_write: 0x55906a44fcc0: pfd->events now 60 (POLLOUT:4)
0:00:00.018149747  2774 0x55a3cb0ca360 DEBUG   GST_REGISTRY gstregistrychunks.c:582:gst_registry_chunks_load_feature: Plugin 'coreelements' feature 'input-selector' typename : 'GstElementFactory'
0:00:00.013774768  2775 0x55906a42b360 DEBUG   GST_POLL gstpoll.c:979:gst_poll_fd_ctl_write: 0x55906a44fcc0: fd (fd:0, idx:1), active : 1
0:00:00.018158420  2774 0x55a3cb0ca360 TRACE   GST_REFCOUNTING gstobject.c:208:gst_object_init: 0x55a3cb0f5620 new
0:00:00.013780827  2775 0x55906a42b360 LOG   GST_POLL gstpoll.c:994:gst_poll_fd_ctl_write: 0x55906a44fcc0: pfd->events now 60 (POLLOUT:4)
0:00:00.018165313  2774 0x55a3cb0ca360 LOG   GST_REGISTRY gstregistrychunks.c:609:gst_registry_chunks_load_feature: Reading/casting for GstRegistryChunkElementFactory at address 0x55a3cb0f13d0
0:00:00.013786956  2775 0x55906a42b360 DEBUG   GST_POLL gstpoll.c:979:gst_poll_fd_ctl_write: 0x55906a44fcc0: fd (fd:0, idx:1), active : 1
0:00:00.018180133  2774 0x55a3cb0ca360 TRACE   structure gststructure.c:292:gst_structure_new_id_empty_with_size: created structure 0x55a3cb0f5710
0:00:00.013800595  2775 0x55906a42b360 LOG   GST_POLL gstpoll.c:994:gst_poll_fd_ctl_write: 0x55906a44fcc0: pfd->events now 60 (POLLOUT:4)
0:00:00.018187175  2774 0x55a3cb0ca360 DEBUG   structure gststructure.c:2258:gst_structure_parse_field: trying field name 'long-name'
0:00:00.013808613  2775 0x55906a42b360 DEBUG   GST_POLL gstpoll.c:979:gst_poll_fd_ctl_write: 0x55906a44fcc0: fd (fd:0, idx:1), active : 1
0:00:00.018192885  2774 0x55a3cb0ca360 DEBUG   default gstvalue.c:2776:_priv_gst_value_parse_value: trying type name 'string'
0:00:00.013814486  2775 0x55906a42b360 LOG   GST_POLL gstpoll.c:994:gst_poll_fd_ctl_write: 0x55906a44fcc0: pfd->events now 60 (POLLOUT:4)
0:00:00.018199040  2774 0x55a3cb0ca360 DEBUG   structure gststructure.c:2258:gst_structure_parse_field: trying field name 'klass'
0:00:00.013820554  2775 0x55906a42b360 DEBUG   GST_POLL gstpoll.c:979:gst_poll_fd_ctl_write: 0x55906a44fcc0: fd (fd:0, idx:1), active : 1
0:00:00.018204695  2774 0x55a3cb0ca360 DEBUG   default gstvalue.c:2776:_priv_gst_value_parse_value: trying type name 'string'
0:00:00.013826405  2775 0x55906a42b360 LOG   GST_POLL gstpoll.c:994:gst_poll_fd_ctl_write: 0x55906a44fcc0: pfd->events now 60 (POLLOUT:4)
0:00:00.018210722  2774 0x55a3cb0ca360 DEBUG   structure gststructure.c:2258:gst_structure_parse_field: trying field name 'description'
0:00:00.013832407  2775 0x55906a42b360 DEBUG   GST_POLL gstpoll.c:979:gst_poll_fd_ctl_write: 0x55906a44fcc0: fd (fd:0, idx:1), active : 1
0:00:00.018216320  2774 0x55a3cb0ca360 DEBUG   default gstvalue.c:2776:_priv_gst_value_parse_value: trying type name 'string'
0:00:00.013838373  2775 0x55906a42b360 LOG   GST_POLL gstpoll.c:994:gst_poll_fd_ctl_write: 0x55906a44fcc0: pfd->events now 60 (POLLOUT:4)
0:00:00.018222376  2774 0x55a3cb0ca360 DEBUG   structure gststructure.c:2258:gst_structure_parse_field: trying field name 'author'
0:00:00.013844649  2775 0x55906a42b360 LOG   GST_PLUGIN_LOADING gstpluginloader.c:644:put_chunk: Expanding tx buf from 10158 to 13209 for chunk of size 209
0:00:00.018231646  2774 0x55a3cb0ca360 DEBUG   default gstvalue.c:2776:_priv_gst_value_parse_value: trying type name 'string'
0:00:00.013856855  2775 0x55906a42b360 DEBUG   GST_POLL gstpoll.c:979:gst_poll_fd_ctl_write: 0x55906a44fcc0: fd (fd:0, idx:1), active : 1
0:00:00.018240767  2774 0x55a3cb0ca360 DEBUG   GST_REGISTRY gstregistrychunks.c:626:gst_registry_chunks_load_feature: Element factory : npadtemplates=2
0:00:00.013862809  2775 0x55906a42b360 LOG   GST_POLL gstpoll.c:994:gst_poll_fd_ctl_write: 0x55906a44fcc0: pfd->events now 60 (POLLOUT:4)
0:00:00.018246424  2774 0x55a3cb0ca360 DEBUG   GST_REGISTRY gstregistrychunks.c:525:gst_registry_chunks_load_pad_template: Reading/casting for GstRegistryChunkPadTemplate at address 0x55a3cb0f1500
0:00:00.013869041  2775 0x55906a42b360 DEBUG   GST_POLL gstpoll.c:979:gst_poll_fd_ctl_write: 0x55906a44fcc0: fd (fd:0, idx:1), active : 1
0:00:00.018252032  2774 0x55a3cb0ca360 DEBUG   GST_REGISTRY gstregistrychunks.c:539:gst_registry_chunks_load_pad_template: Added pad_template src
0:00:00.013875119  2775 0x55906a42b360 LOG   GST_POLL gstpoll.c:994:gst_poll_fd_ctl_write: 0x55906a44fcc0: pfd->events now 60 (POLLOUT:4)
0:00:00.018257924  2774 0x55a3cb0ca360 DEBUG   GST_REGISTRY gstregistrychunks.c:525:gst_registry_chunks_load_pad_template: Reading/casting for GstRegistryChunkPadTemplate at address 0x55a3cb0f1510
0:00:00.013881271  2775 0x55906a42b360 DEBUG   GST_POLL gstpoll.c:979:gst_poll_fd_ctl_write: 0x55906a44fcc0: fd (fd:0, idx:1), active : 1
0:00:00.018263977  2774 0x55a3cb0ca360 DEBUG   GST_REGISTRY gstregistrychunks.c:539:gst_registry_chunks_load_pad_template: Added pad_template sink_%u
0:00:00.013887216  2775 0x55906a42b360 LOG   GST_POLL gstpoll.c:994:gst_poll_fd_ctl_write: 0x55906a44fcc0: pfd->events now 60 (POLLOUT:4)
0:00:00.018271406  2774 0x55a3cb0ca360 DEBUG   GST_REGISTRY gstregistry.c:589:gst_registry_add_feature: adding feature 0x55a3cb0f5620 (input-selector)
0:00:00.013893285  2775 0x55906a42b360 DEBUG   GST_POLL gstpoll.c:979:gst_poll_fd_ctl_write: 0x55906a44fcc0: fd (fd:0, idx:1), active : 1
0:00:00.018277210  2774 0x55a3cb0ca360 DEBUG   GST_REFCOUNTING gstobject.c:708:gst_object_set_parent: set parent (ref and sink)
0:00:00.013899232  2775 0x55906a42b360 LOG   GST_POLL gstpoll.c:994:gst_poll_fd_ctl_write: 0x55906a44fcc0: pfd->events now 60 (POLLOUT:4)
0:00:00.018284317  2774 0x55a3cb0ca360 TRACE   GST_REFCOUNTING gstobject.c:292:gst_object_ref_sink: 0x55a3cb0f5620 ref_sink 1->2
0:00:00.013905340  2775 0x55906a42b360 DEBUG   GST_POLL gstpoll.c:979:gst_poll_fd_ctl_write: 0x55906a44fcc0: fd (fd:0, idx:1), active : 1
0:00:00.018290867  2774 0x55a3cb0ca360 LOG   GST_REGISTRY gstregistry.c:607:gst_registry_add_feature: emitting feature-added for input-selector
0:00:00.013912001  2775 0x55906a42b360 LOG   GST_POLL gstpoll.c:994:gst_poll_fd_ctl_write: 0x55906a44fcc0: pfd->events now 60 (POLLOUT:4)
0:00:00.018297309  2774 0x55a3cb0ca360 DEBUG   GST_REGISTRY gstregistrychunks.c:740:gst_registry_chunks_load_feature: Added feature input-selector, plugin 0x55a3cb0faad0 coreelements
0:00:00.013918042  2775 0x55906a42b360 DEBUG   GST_POLL gstpoll.c:979:gst_poll_fd_ctl_write: 0x55906a44fcc0: fd (fd:0, idx:1), active : 1
0:00:00.018307593  2774 0x55a3cb0ca360 DEBUG   GST_REGISTRY gstregistrychunks.c:582:gst_registry_chunks_load_feature: Plugin 'coreelements' feature 'identity' typename : 'GstElementFactory'
0:00:00.013928389  2775 0x55906a42b360 LOG   GST_POLL gstpoll.c:994:gst_poll_fd_ctl_write: 0x55906a44fcc0: pfd->events now 60 (POLLOUT:4)
0:00:00.018314384  2774 0x55a3cb0ca360 TRACE   GST_REFCOUNTING gstobject.c:208:gst_object_init: 0x55a3cb0f5ca0 new
0:00:00.013934959  2775 0x55906a42b360 DEBUG   GST_POLL gstpoll.c:979:gst_poll_fd_ctl_write: 0x55906a44fcc0: fd (fd:0, idx:1), active : 1
0:00:00.018321310  2774 0x55a3cb0ca360 LOG   GST_REGISTRY gstregistrychunks.c:609:gst_registry_chunks_load_feature: Reading/casting for GstRegistryChunkElementFactory at address 0x55a3cb0f1540
0:00:00.013941838  2775 0x55906a42b360 LOG   GST_POLL gstpoll.c:994:gst_poll_fd_ctl_write: 0x55906a44fcc0: pfd->events now 60 (POLLOUT:4)
0:00:00.013948733  2775 0x55906a42b360 DEBUG   GST_POLL gstpoll.c:979:gst_poll_fd_ctl_write: 0x55906a44fcc0: fd (fd:0, idx:1), active : 1
0:00:00.018330651  2774 0x55a3cb0ca360 TRACE   structure gststructure.c:292:gst_structure_new_id_empty_with_size: created structure 0x55a3cb0f5ed0
0:00:00.013954218  2775 0x55906a42b360 LOG   GST_POLL gstpoll.c:994:gst_poll_fd_ctl_write: 0x55906a44fcc0: pfd->events now 60 (POLLOUT:4)
0:00:00.018337365  2774 0x55a3cb0ca360 DEBUG   structure gststructure.c:2258:gst_structure_parse_field: trying field name 'long-name'
0:00:00.013960404  2775 0x55906a42b360 DEBUG   GST_POLL gstpoll.c:979:gst_poll_fd_ctl_write: 0x55906a44fcc0: fd (fd:0, idx:1), active : 1
0:00:00.018343267  2774 0x55a3cb0ca360 DEBUG   default gstvalue.c:2776:_priv_gst_value_parse_value: trying type name 'string'
0:00:00.013966396  2775 0x55906a42b360 LOG   GST_POLL gstpoll.c:994:gst_poll_fd_ctl_write: 0x55906a44fcc0: pfd->events now 60 (POLLOUT:4)
0:00:00.018349695  2774 0x55a3cb0ca360 DEBUG   structure gststructure.c:2258:gst_structure_parse_field: trying field name 'klass'
0:00:00.013972604  2775 0x55906a42b360 DEBUG   GST_POLL gstpoll.c:979:gst_poll_fd_ctl_write: 0x55906a44fcc0: fd (fd:0, idx:1), active : 1
0:00:00.018355448  2774 0x55a3cb0ca360 DEBUG   default gstvalue.c:2776:_priv_gst_value_parse_value: trying type name 'string'
0:00:00.013978525  2775 0x55906a42b360 LOG   GST_POLL gstpoll.c:994:gst_poll_fd_ctl_write: 0x55906a44fcc0: pfd->events now 60 (POLLOUT:4)
0:00:00.018361897  2774 0x55a3cb0ca360 DEBUG   structure gststructure.c:2258:gst_structure_parse_field: trying field name 'description'
0:00:00.013984607  2775 0x55906a42b360 DEBUG   GST_POLL gstpoll.c:979:gst_poll_fd_ctl_write: 0x55906a44fcc0: fd (fd:0, idx:1), active : 1
0:00:00.018367564  2774 0x55a3cb0ca360 DEBUG   default gstvalue.c:2776:_priv_gst_value_parse_value: trying type name 'string'
0:00:00.013990591  2775 0x55906a42b360 LOG   GST_POLL gstpoll.c:994:gst_poll_fd_ctl_write: 0x55906a44fcc0: pfd->events now 60 (POLLOUT:4)
0:00:00.018374051  2774 0x55a3cb0ca360 DEBUG   structure gststructure.c:2258:gst_structure_parse_field: trying field name 'author'
0:00:00.013996741  2775 0x55906a42b360 DEBUG   GST_POLL gstpoll.c:979:gst_poll_fd_ctl_write: 0x55906a44fcc0: fd (fd:0, idx:1), active : 1
0:00:00.018383448  2774 0x55a3cb0ca360 DEBUG   default gstvalue.c:2776:_priv_gst_value_parse_value: trying type name 'string'
0:00:00.014005137  2775 0x55906a42b360 LOG   GST_POLL gstpoll.c:994:gst_poll_fd_ctl_write: 0x55906a44fcc0: pfd->events now 60 (POLLOUT:4)
0:00:00.018392542  2774 0x55a3cb0ca360 DEBUG   GST_REGISTRY gstregistrychunks.c:626:gst_registry_chunks_load_feature: Element factory : npadtemplates=2
0:00:00.014013532  2775 0x55906a42b360 DEBUG   GST_POLL gstpoll.c:979:gst_poll_fd_ctl_write: 0x55906a44fcc0: fd (fd:0, idx:1), active : 1
0:00:00.018398190  2774 0x55a3cb0ca360 DEBUG   GST_REGISTRY gstregistrychunks.c:525:gst_registry_chunks_load_pad_template: Reading/casting for GstRegistryChunkPadTemplate at address 0x55a3cb0f1610
0:00:00.014019489  2775 0x55906a42b360 LOG   GST_POLL gstpoll.c:994:gst_poll_fd_ctl_write: 0x55906a44fcc0: pfd->events now 60 (POLLOUT:4)
0:00:00.018403767  2774 0x55a3cb0ca360 DEBUG   GST_REGISTRY gstregistrychunks.c:539:gst_registry_chunks_load_pad_template: Added pad_template sink
0:00:00.014025533  2775 0x55906a42b360 DEBUG   GST_POLL gstpoll.c:979:gst_poll_fd_ctl_write: 0x55906a44fcc0: fd (fd:0, idx:1), active : 1
0:00:00.018409207  2774 0x55a3cb0ca360 DEBUG   GST_REGISTRY gstregistrychunks.c:525:gst_registry_chunks_load_pad_template: Reading/casting for GstRegistryChunkPadTemplate at address 0x55a3cb0f1628
0:00:00.014031381  2775 0x55906a42b360 LOG   GST_POLL gstpoll.c:994:gst_poll_fd_ctl_write: 0x55906a44fcc0: pfd->events now 60 (POLLOUT:4)
0:00:00.018414669  2774 0x55a3cb0ca360 DEBUG   GST_REGISTRY gstregistrychunks.c:539:gst_registry_chunks_load_pad_template: Added pad_template src
0:00:00.014037442  2775 0x55906a42b360 DEBUG   GST_POLL gstpoll.c:979:gst_poll_fd_ctl_write: 0x55906a44fcc0: fd (fd:0, idx:1), active : 1
0:00:00.018421290  2774 0x55a3cb0ca360 DEBUG   GST_REGISTRY gstregistry.c:589:gst_registry_add_feature: adding feature 0x55a3cb0f5ca0 (identity)
0:00:00.014043217  2775 0x55906a42b360 LOG   GST_POLL gstpoll.c:994:gst_poll_fd_ctl_write: 0x55906a44fcc0: pfd->events now 60 (POLLOUT:4)
0:00:00.018426893  2774 0x55a3cb0ca360 DEBUG   GST_REFCOUNTING gstobject.c:708:gst_object_set_parent: set parent (ref and sink)
0:00:00.014049258  2775 0x55906a42b360 DEBUG   GST_POLL gstpoll.c:979:gst_poll_fd_ctl_write: 0x55906a44fcc0: fd (fd:0, idx:1), active : 1
0:00:00.018433786  2774 0x55a3cb0ca360 TRACE   GST_REFCOUNTING gstobject.c:292:gst_object_ref_sink: 0x55a3cb0f5ca0 ref_sink 1->2
0:00:00.014055060  2775 0x55906a42b360 LOG   GST_POLL gstpoll.c:994:gst_poll_fd_ctl_write: 0x55906a44fcc0: pfd->events now 60 (POLLOUT:4)
0:00:00.018440038  2774 0x55a3cb0ca360 LOG   GST_REGISTRY gstregistry.c:607:gst_registry_add_feature: emitting feature-added for identity
0:00:00.014061269  2775 0x55906a42b360 DEBUG   GST_POLL gstpoll.c:979:gst_poll_fd_ctl_write: 0x55906a44fcc0: fd (fd:0, idx:1), active : 1
0:00:00.018446613  2774 0x55a3cb0ca360 DEBUG   GST_REGISTRY gstregistrychunks.c:740:gst_registry_chunks_load_feature: Added feature identity, plugin 0x55a3cb0faad0 coreelements
0:00:00.014076775  2775 0x55906a42b360 LOG   GST_POLL gstpoll.c:994:gst_poll_fd_ctl_write: 0x55906a44fcc0: pfd->events now 60 (POLLOUT:4)
0:00:00.018460330  2774 0x55a3cb0ca360 DEBUG   GST_REGISTRY gstregistrychunks.c:582:gst_registry_chunks_load_feature: Plugin 'coreelements' feature 'funnel' typename : 'GstElementFactory'
0:00:00.014083103  2775 0x55906a42b360 DEBUG   GST_POLL gstpoll.c:979:gst_poll_fd_ctl_write: 0x55906a44fcc0: fd (fd:0, idx:1), active : 1
0:00:00.018466842  2774 0x55a3cb0ca360 TRACE   GST_REFCOUNTING gstobject.c:208:gst_object_init: 0x55a3cb0f6310 new
0:00:00.014088881  2775 0x55906a42b360 LOG   GST_POLL gstpoll.c:994:gst_poll_fd_ctl_write: 0x55906a44fcc0: pfd->events now 60 (POLLOUT:4)
0:00:00.018473724  2774 0x55a3cb0ca360 LOG   GST_REGISTRY gstregistrychunks.c:609:gst_registry_chunks_load_feature: Reading/casting for GstRegistryChunkElementFactory at address 0x55a3cb0f1658
0:00:00.014094866  2775 0x55906a42b360 DEBUG   GST_POLL gstpoll.c:979:gst_poll_fd_ctl_write: 0x55906a44fcc0: fd (fd:0, idx:1), active : 1
0:00:00.018479623  2774 0x55a3cb0ca360 TRACE   structure gststructure.c:292:gst_structure_new_id_empty_with_size: created structure 0x55a3cb0f6610
0:00:00.014100726  2775 0x55906a42b360 LOG   GST_POLL gstpoll.c:994:gst_poll_fd_ctl_write: 0x55906a44fcc0: pfd->events now 60 (POLLOUT:4)
0:00:00.018485300  2774 0x55a3cb0ca360 DEBUG   structure gststructure.c:2258:gst_structure_parse_field: trying field name 'long-name'
0:00:00.014106773  2775 0x55906a42b360 DEBUG   GST_POLL gstpoll.c:979:gst_poll_fd_ctl_write: 0x55906a44fcc0: fd (fd:0, idx:1), active : 1
0:00:00.018490794  2774 0x55a3cb0ca360 DEBUG   default gstvalue.c:2776:_priv_gst_value_parse_value: trying type name 'string'
0:00:00.014112663  2775 0x55906a42b360 LOG   GST_POLL gstpoll.c:994:gst_poll_fd_ctl_write: 0x55906a44fcc0: pfd->events now 60 (POLLOUT:4)
0:00:00.018496798  2774 0x55a3cb0ca360 DEBUG   structure gststructure.c:2258:gst_structure_parse_field: trying field name 'klass'
0:00:00.014118691  2775 0x55906a42b360 DEBUG   GST_POLL gstpoll.c:979:gst_poll_fd_ctl_write: 0x55906a44fcc0: fd (fd:0, idx:1), active : 1
0:00:00.018502549  2774 0x55a3cb0ca360 DEBUG   default gstvalue.c:2776:_priv_gst_value_parse_value: trying type name 'string'
0:00:00.014124535  2775 0x55906a42b360 LOG   GST_POLL gstpoll.c:994:gst_poll_fd_ctl_write: 0x55906a44fcc0: pfd->events now 60 (POLLOUT:4)
0:00:00.018508586  2774 0x55a3cb0ca360 DEBUG   structure gststructure.c:2258:gst_structure_parse_field: trying field name 'description'
0:00:00.014130675  2775 0x55906a42b360 DEBUG   GST_POLL gstpoll.c:979:gst_poll_fd_ctl_write: 0x55906a44fcc0: fd (fd:0, idx:1), active : 1
0:00:00.018514179  2774 0x55a3cb0ca360 DEBUG   default gstvalue.c:2776:_priv_gst_value_parse_value: trying type name 'string'
0:00:00.014136556  2775 0x55906a42b360 LOG   GST_POLL gstpoll.c:994:gst_poll_fd_ctl_write: 0x55906a44fcc0: pfd->events now 60 (POLLOUT:4)
0:00:00.018520390  2774 0x55a3cb0ca360 DEBUG   structure gststructure.c:2258:gst_structure_parse_field: trying field name 'author'
0:00:00.014146249  2775 0x55906a42b360 DEBUG   GST_POLL gstpoll.c:979:gst_poll_fd_ctl_write: 0x55906a44fcc0: fd (fd:0, idx:1), active : 1
0:00:00.018528955  2774 0x55a3cb0ca360 DEBUG   default gstvalue.c:2776:_priv_gst_value_parse_value: trying type name 'string'
0:00:00.014152261  2775 0x55906a42b360 LOG   GST_POLL gstpoll.c:994:gst_poll_fd_ctl_write: 0x55906a44fcc0: pfd->events now 60 (POLLOUT:4)
0:00:00.018536010  2774 0x55a3cb0ca360 DEBUG   GST_REGISTRY gstregistrychunks.c:626:gst_registry_chunks_load_feature: Element factory : npadtemplates=2
0:00:00.014158276  2775 0x55906a42b360 DEBUG   GST_POLL gstpoll.c:979:gst_poll_fd_ctl_write: 0x55906a44fcc0: fd (fd:0, idx:1), active : 1
0:00:00.018541562  2774 0x55a3cb0ca360 DEBUG   GST_REGISTRY gstregistrychunks.c:525:gst_registry_chunks_load_pad_template: Reading/casting for GstRegistryChunkPadTemplate at address 0x55a3cb0f1730
0:00:00.014164161  2775 0x55906a42b360 LOG   GST_POLL gstpoll.c:994:gst_poll_fd_ctl_write: 0x55906a44fcc0: pfd->events now 60 (POLLOUT:4)
0:00:00.018547086  2774 0x55a3cb0ca360 DEBUG   GST_REGISTRY gstregistrychunks.c:539:gst_registry_chunks_load_pad_template: Added pad_template src
0:00:00.014170321  2775 0x55906a42b360 DEBUG   GST_POLL gstpoll.c:979:gst_poll_fd_ctl_write: 0x55906a44fcc0: fd (fd:0, idx:1), active : 1
0:00:00.018553020  2774 0x55a3cb0ca360 DEBUG   GST_REGISTRY gstregistrychunks.c:525:gst_registry_chunks_load_pad_template: Reading/casting for GstRegistryChunkPadTemplate at address 0x55a3cb0f1740
0:00:00.014176448  2775 0x55906a42b360 LOG   GST_POLL gstpoll.c:994:gst_poll_fd_ctl_write: 0x55906a44fcc0: pfd->events now 60 (POLLOUT:4)
0:00:00.018559279  2774 0x55a3cb0ca360 DEBUG   GST_REGISTRY gstregistrychunks.c:539:gst_registry_chunks_load_pad_template: Added pad_template sink_%u
0:00:00.014182507  2775 0x55906a42b360 DEBUG   GST_POLL gstpoll.c:979:gst_poll_fd_ctl_write: 0x55906a44fcc0: fd (fd:0, idx:1), active : 1
0:00:00.018570518  2774 0x55a3cb0ca360 DEBUG   GST_REGISTRY gstregistry.c:589:gst_registry_add_feature: adding feature 0x55a3cb0f6310 (funnel)
0:00:00.014190865  2775 0x55906a42b360 LOG   GST_POLL gstpoll.c:994:gst_poll_fd_ctl_write: 0x55906a44fcc0: pfd->events now 60 (POLLOUT:4)
0:00:00.018576229  2774 0x55a3cb0ca360 DEBUG   GST_REFCOUNTING gstobject.c:708:gst_object_set_parent: set parent (ref and sink)
0:00:00.014197784  2775 0x55906a42b360 DEBUG   GST_POLL gstpoll.c:979:gst_poll_fd_ctl_write: 0x55906a44fcc0: fd (fd:0, idx:1), active : 1
0:00:00.018583095  2774 0x55a3cb0ca360 TRACE   GST_REFCOUNTING gstobject.c:292:gst_object_ref_sink: 0x55a3cb0f6310 ref_sink 1->2
0:00:00.014203752  2775 0x55906a42b360 LOG   GST_POLL gstpoll.c:994:gst_poll_fd_ctl_write: 0x55906a44fcc0: pfd->events now 60 (POLLOUT:4)
0:00:00.018589398  2774 0x55a3cb0ca360 LOG   GST_REGISTRY gstregistry.c:607:gst_registry_add_feature: emitting feature-added for funnel
0:00:00.014210728  2775 0x55906a42b360 DEBUG   GST_POLL gstpoll.c:979:gst_poll_fd_ctl_write: 0x55906a44fcc0: fd (fd:0, idx:1), active : 1
0:00:00.018595962  2774 0x55a3cb0ca360 DEBUG   GST_REGISTRY gstregistrychunks.c:740:gst_registry_chunks_load_feature: Added feature funnel, plugin 0x55a3cb0faad0 coreelements
0:00:00.014220103  2775 0x55906a42b360 LOG   GST_POLL gstpoll.c:994:gst_poll_fd_ctl_write: 0x55906a44fcc0: pfd->events now 60 (POLLOUT:4)
0:00:00.018603521  2774 0x55a3cb0ca360 DEBUG   GST_REGISTRY gstregistrychunks.c:582:gst_registry_chunks_load_feature: Plugin 'coreelements' feature 'filesrc' typename : 'GstElementFactory'
0:00:00.014226279  2775 0x55906a42b360 DEBUG   GST_POLL gstpoll.c:979:gst_poll_fd_ctl_write: 0x55906a44fcc0: fd (fd:0, idx:1), active : 1
0:00:00.018610062  2774 0x55a3cb0ca360 TRACE   GST_REFCOUNTING gstobject.c:208:gst_object_init: 0x55a3cb0f6a30 new
0:00:00.014232089  2775 0x55906a42b360 LOG   GST_POLL gstpoll.c:994:gst_poll_fd_ctl_write: 0x55906a44fcc0: pfd->events now 60 (POLLOUT:4)
0:00:00.018616988  2774 0x55a3cb0ca360 LOG   GST_REGISTRY gstregistrychunks.c:609:gst_registry_chunks_load_feature: Reading/casting for GstRegistryChunkElementFactory at address 0x55a3cb0f1770
0:00:00.014238217  2775 0x55906a42b360 DEBUG   GST_POLL gstpoll.c:979:gst_poll_fd_ctl_write: 0x55906a44fcc0: fd (fd:0, idx:1), active : 1
0:00:00.018622882  2774 0x55a3cb0ca360 TRACE   structure gststructure.c:292:gst_structure_new_id_empty_with_size: created structure 0x55a3cb0f6d30
0:00:00.014244067  2775 0x55906a42b360 LOG   GST_POLL gstpoll.c:994:gst_poll_fd_ctl_write: 0x55906a44fcc0: pfd->events now 60 (POLLOUT:4)
0:00:00.018628448  2774 0x55a3cb0ca360 DEBUG   structure gststructure.c:2258:gst_structure_parse_field: trying field name 'long-name'
0:00:00.014250197  2775 0x55906a42b360 DEBUG   GST_POLL gstpoll.c:979:gst_poll_fd_ctl_write: 0x55906a44fcc0: fd (fd:0, idx:1), active : 1
0:00:00.018633974  2774 0x55a3cb0ca360 DEBUG   default gstvalue.c:2776:_priv_gst_value_parse_value: trying type name 'string'
0:00:00.014256070  2775 0x55906a42b360 LOG   GST_POLL gstpoll.c:994:gst_poll_fd_ctl_write: 0x55906a44fcc0: pfd->events now 60 (POLLOUT:4)
0:00:00.018640021  2774 0x55a3cb0ca360 DEBUG   structure gststructure.c:2258:gst_structure_parse_field: trying field name 'klass'
0:00:00.014262451  2775 0x55906a42b360 DEBUG   GST_POLL gstpoll.c:979:gst_poll_fd_ctl_write: 0x55906a44fcc0: fd (fd:0, idx:1), active : 1
0:00:00.018645556  2774 0x55a3cb0ca360 DEBUG   default gstvalue.c:2776:_priv_gst_value_parse_value: trying type name 'string'
0:00:00.014268192  2775 0x55906a42b360 LOG   GST_POLL gstpoll.c:994:gst_poll_fd_ctl_write: 0x55906a44fcc0: pfd->events now 60 (POLLOUT:4)
0:00:00.018651578  2774 0x55a3cb0ca360 DEBUG   structure gststructure.c:2258:gst_structure_parse_field: trying field name 'description'
0:00:00.014274417  2775 0x55906a42b360 DEBUG   GST_POLL gstpoll.c:979:gst_poll_fd_ctl_write: 0x55906a44fcc0: fd (fd:0, idx:1), active : 1
0:00:00.018657170  2774 0x55a3cb0ca360 DEBUG   default gstvalue.c:2776:_priv_gst_value_parse_value: trying type name 'string'
0:00:00.014280288  2775 0x55906a42b360 LOG   GST_POLL gstpoll.c:994:gst_poll_fd_ctl_write: 0x55906a44fcc0: pfd->events now 60 (POLLOUT:4)
0:00:00.018663848  2774 0x55a3cb0ca360 DEBUG   structure gststructure.c:2258:gst_structure_parse_field: trying field name 'author'
0:00:00.014290011  2775 0x55906a42b360 DEBUG   GST_POLL gstpoll.c:979:gst_poll_fd_ctl_write: 0x55906a44fcc0: fd (fd:0, idx:1), active : 1
0:00:00.018672606  2774 0x55a3cb0ca360 DEBUG   default gstvalue.c:2776:_priv_gst_value_parse_value: trying type name 'string'
0:00:00.014296075  2775 0x55906a42b360 LOG   GST_POLL gstpoll.c:994:gst_poll_fd_ctl_write: 0x55906a44fcc0: pfd->events now 60 (POLLOUT:4)
0:00:00.018679688  2774 0x55a3cb0ca360 DEBUG   GST_REGISTRY gstregistrychunks.c:626:gst_registry_chunks_load_feature: Element factory : npadtemplates=1
0:00:00.014302205  2775 0x55906a42b360 DEBUG   GST_POLL gstpoll.c:979:gst_poll_fd_ctl_write: 0x55906a44fcc0: fd (fd:0, idx:1), active : 1
0:00:00.018685353  2774 0x55a3cb0ca360 DEBUG   GST_REGISTRY gstregistrychunks.c:525:gst_registry_chunks_load_pad_template: Reading/casting for GstRegistryChunkPadTemplate at address 0x55a3cb0f1850
0:00:00.014308203  2775 0x55906a42b360 LOG   GST_POLL gstpoll.c:994:gst_poll_fd_ctl_write: 0x55906a44fcc0: pfd->events now 60 (POLLOUT:4)
0:00:00.018691068  2774 0x55a3cb0ca360 DEBUG   GST_REGISTRY gstregistrychunks.c:539:gst_registry_chunks_load_pad_template: Added pad_template src
0:00:00.014314379  2775 0x55906a42b360 DEBUG   GST_POLL gstpoll.c:979:gst_poll_fd_ctl_write: 0x55906a44fcc0: fd (fd:0, idx:1), active : 1
0:00:00.018697556  2774 0x55a3cb0ca360 DEBUG   GST_REGISTRY gstregistrychunks.c:639:gst_registry_chunks_load_feature: Reading 1 UriTypes at address 0x55a3cb0f1860
0:00:00.014337264  2775 0x55906a42b360 LOG   GST_POLL gstpoll.c:994:gst_poll_fd_ctl_write: 0x55906a44fcc0: pfd->events now 60 (POLLOUT:4)
0:00:00.018722166  2774 0x55a3cb0ca360 DEBUG   GST_REGISTRY gstregistrychunks.c:654:gst_registry_chunks_load_feature: Reading 1 Interfaces at address 0x55a3cb0f1869
0:00:00.014344042  2775 0x55906a42b360 DEBUG   GST_POLL gstpoll.c:979:gst_poll_fd_ctl_write: 0x55906a44fcc0: fd (fd:0, idx:1), active : 1
0:00:00.018729968  2774 0x55a3cb0ca360 DEBUG   GST_REGISTRY gstregistry.c:589:gst_registry_add_feature: adding feature 0x55a3cb0f6a30 (filesrc)
0:00:00.014350318  2775 0x55906a42b360 LOG   GST_POLL gstpoll.c:994:gst_poll_fd_ctl_write: 0x55906a44fcc0: pfd->events now 60 (POLLOUT:4)
0:00:00.018736212  2774 0x55a3cb0ca360 DEBUG   GST_REFCOUNTING gstobject.c:708:gst_object_set_parent: set parent (ref and sink)
0:00:00.014358039  2775 0x55906a42b360 DEBUG   GST_POLL gstpoll.c:979:gst_poll_fd_ctl_write: 0x55906a44fcc0: fd (fd:0, idx:1), active : 1
0:00:00.018743240  2774 0x55a3cb0ca360 TRACE   GST_REFCOUNTING gstobject.c:292:gst_object_ref_sink: 0x55a3cb0f6a30 ref_sink 1->2
0:00:00.014364325  2775 0x55906a42b360 LOG   GST_POLL gstpoll.c:994:gst_poll_fd_ctl_write: 0x55906a44fcc0: pfd->events now 60 (POLLOUT:4)
0:00:00.018750044  2774 0x55a3cb0ca360 LOG   GST_REGISTRY gstregistry.c:607:gst_registry_add_feature: emitting feature-added for filesrc
0:00:00.014371487  2775 0x55906a42b360 DEBUG   GST_POLL gstpoll.c:979:gst_poll_fd_ctl_write: 0x55906a44fcc0: fd (fd:0, idx:1), active : 1
0:00:00.018756781  2774 0x55a3cb0ca360 DEBUG   GST_REGISTRY gstregistrychunks.c:740:gst_registry_chunks_load_feature: Added feature filesrc, plugin 0x55a3cb0faad0 coreelements
0:00:00.014383093  2775 0x55906a42b360 LOG   GST_POLL gstpoll.c:994:gst_poll_fd_ctl_write: 0x55906a44fcc0: pfd->events now 60 (POLLOUT:4)
0:00:00.018766699  2774 0x55a3cb0ca360 DEBUG   GST_REGISTRY gstregistrychunks.c:582:gst_registry_chunks_load_feature: Plugin 'coreelements' feature 'fdsink' typename : 'GstElementFactory'
0:00:00.014389799  2775 0x55906a42b360 DEBUG   GST_POLL gstpoll.c:979:gst_poll_fd_ctl_write: 0x55906a44fcc0: fd (fd:0, idx:1), active : 1
0:00:00.018773600  2774 0x55a3cb0ca360 TRACE   GST_REFCOUNTING gstobject.c:208:gst_object_init: 0x55a3cb0f71e0 new
0:00:00.014396149  2775 0x55906a42b360 LOG   GST_POLL gstpoll.c:994:gst_poll_fd_ctl_write: 0x55906a44fcc0: pfd->events now 60 (POLLOUT:4)
0:00:00.018780771  2774 0x55a3cb0ca360 LOG   GST_REGISTRY gstregistrychunks.c:609:gst_registry_chunks_load_feature: Reading/casting for GstRegistryChunkElementFactory at address 0x55a3cb0f1890
0:00:00.014402644  2775 0x55906a42b360 DEBUG   GST_POLL gstpoll.c:979:gst_poll_fd_ctl_write: 0x55906a44fcc0: fd (fd:0, idx:1), active : 1
0:00:00.018786983  2774 0x55a3cb0ca360 TRACE   structure gststructure.c:292:gst_structure_new_id_empty_with_size: created structure 0x55a3cb0f7560
0:00:00.014409007  2775 0x55906a42b360 LOG   GST_POLL gstpoll.c:994:gst_poll_fd_ctl_write: 0x55906a44fcc0: pfd->events now 60 (POLLOUT:4)
0:00:00.018792962  2774 0x55a3cb0ca360 DEBUG   structure gststructure.c:2258:gst_structure_parse_field: trying field name 'long-name'
0:00:00.014415579  2775 0x55906a42b360 DEBUG   GST_POLL gstpoll.c:979:gst_poll_fd_ctl_write: 0x55906a44fcc0: fd (fd:0, idx:1), active : 1
0:00:00.018798776  2774 0x55a3cb0ca360 DEBUG   default gstvalue.c:2776:_priv_gst_value_parse_value: trying type name 'string'
0:00:00.014422030  2775 0x55906a42b360 LOG   GST_POLL gstpoll.c:994:gst_poll_fd_ctl_write: 0x55906a44fcc0: pfd->events now 60 (POLLOUT:4)
0:00:00.018805447  2774 0x55a3cb0ca360 DEBUG   structure gststructure.c:2258:gst_structure_parse_field: trying field name 'klass'
0:00:00.014428530  2775 0x55906a42b360 DEBUG   GST_POLL gstpoll.c:979:gst_poll_fd_ctl_write: 0x55906a44fcc0: fd (fd:0, idx:1), active : 1
0:00:00.018811396  2774 0x55a3cb0ca360 DEBUG   default gstvalue.c:2776:_priv_gst_value_parse_value: trying type name 'string'
0:00:00.014434737  2775 0x55906a42b360 LOG   GST_POLL gstpoll.c:994:gst_poll_fd_ctl_write: 0x55906a44fcc0: pfd->events now 60 (POLLOUT:4)
0:00:00.018818124  2774 0x55a3cb0ca360 DEBUG   structure gststructure.c:2258:gst_structure_parse_field: trying field name 'description'
0:00:00.014441109  2775 0x55906a42b360 DEBUG   GST_POLL gstpoll.c:979:gst_poll_fd_ctl_write: 0x55906a44fcc0: fd (fd:0, idx:1), active : 1
0:00:00.018824039  2774 0x55a3cb0ca360 DEBUG   default gstvalue.c:2776:_priv_gst_value_parse_value: trying type name 'string'
0:00:00.014447392  2775 0x55906a42b360 LOG   GST_POLL gstpoll.c:994:gst_poll_fd_ctl_write: 0x55906a44fcc0: pfd->events now 60 (POLLOUT:4)
0:00:00.018830984  2774 0x55a3cb0ca360 DEBUG   structure gststructure.c:2258:gst_structure_parse_field: trying field name 'author'
0:00:00.014457792  2775 0x55906a42b360 DEBUG   GST_POLL gstpoll.c:979:gst_poll_fd_ctl_write: 0x55906a44fcc0: fd (fd:0, idx:1), active : 1
0:00:00.018840556  2774 0x55a3cb0ca360 DEBUG   default gstvalue.c:2776:_priv_gst_value_parse_value: trying type name 'string'
0:00:00.014464115  2775 0x55906a42b360 LOG   GST_POLL gstpoll.c:994:gst_poll_fd_ctl_write: 0x55906a44fcc0: pfd->events now 60 (POLLOUT:4)
0:00:00.018847659  2774 0x55a3cb0ca360 DEBUG   GST_REGISTRY gstregistrychunks.c:626:gst_registry_chunks_load_feature: Element factory : npadtemplates=1
0:00:00.014470689  2775 0x55906a42b360 DEBUG   GST_POLL gstpoll.c:979:gst_poll_fd_ctl_write: 0x55906a44fcc0: fd (fd:0, idx:1), active : 1
0:00:00.018853576  2774 0x55a3cb0ca360 DEBUG   GST_REGISTRY gstregistrychunks.c:525:gst_registry_chunks_load_pad_template: Reading/casting for GstRegistryChunkPadTemplate at address 0x55a3cb0f1970
0:00:00.014476959  2775 0x55906a42b360 LOG   GST_POLL gstpoll.c:994:gst_poll_fd_ctl_write: 0x55906a44fcc0: pfd->events now 60 (POLLOUT:4)
0:00:00.018860121  2774 0x55a3cb0ca360 DEBUG   GST_REGISTRY gstregistrychunks.c:539:gst_registry_chunks_load_pad_template: Added pad_template sink
0:00:00.014483475  2775 0x55906a42b360 DEBUG   GST_POLL gstpoll.c:979:gst_poll_fd_ctl_write: 0x55906a44fcc0: fd (fd:0, idx:1), active : 1
0:00:00.018867029  2774 0x55a3cb0ca360 DEBUG   GST_REGISTRY gstregistrychunks.c:639:gst_registry_chunks_load_feature: Reading 1 UriTypes at address 0x55a3cb0f1981
0:00:00.014489726  2775 0x55906a42b360 LOG   GST_POLL gstpoll.c:994:gst_poll_fd_ctl_write: 0x55906a44fcc0: pfd->events now 60 (POLLOUT:4)
0:00:00.018873709  2774 0x55a3cb0ca360 DEBUG   GST_REGISTRY gstregistrychunks.c:654:gst_registry_chunks_load_feature: Reading 1 Interfaces at address 0x55a3cb0f198f
0:00:00.014496408  2775 0x55906a42b360 DEBUG   GST_POLL gstpoll.c:979:gst_poll_fd_ctl_write: 0x55906a44fcc0: fd (fd:0, idx:1), active : 1
0:00:00.018880999  2774 0x55a3cb0ca360 DEBUG   GST_REGISTRY gstregistry.c:589:gst_registry_add_feature: adding feature 0x55a3cb0f71e0 (fdsink)
0:00:00.014502682  2775 0x55906a42b360 LOG   GST_POLL gstpoll.c:994:gst_poll_fd_ctl_write: 0x55906a44fcc0: pfd->events now 60 (POLLOUT:4)
0:00:00.018887096  2774 0x55a3cb0ca360 DEBUG   GST_REFCOUNTING gstobject.c:708:gst_object_set_parent: set parent (ref and sink)
0:00:00.014509258  2775 0x55906a42b360 DEBUG   GST_POLL gstpoll.c:979:gst_poll_fd_ctl_write: 0x55906a44fcc0: fd (fd:0, idx:1), active : 1
0:00:00.018894479  2774 0x55a3cb0ca360 TRACE   GST_REFCOUNTING gstobject.c:292:gst_object_ref_sink: 0x55a3cb0f71e0 ref_sink 1->2
0:00:00.014515522  2775 0x55906a42b360 LOG   GST_POLL gstpoll.c:994:gst_poll_fd_ctl_write: 0x55906a44fcc0: pfd->events now 60 (POLLOUT:4)
0:00:00.018901244  2774 0x55a3cb0ca360 LOG   GST_REGISTRY gstregistry.c:607:gst_registry_add_feature: emitting feature-added for fdsink
0:00:00.014522850  2775 0x55906a42b360 DEBUG   GST_POLL gstpoll.c:979:gst_poll_fd_ctl_write: 0x55906a44fcc0: fd (fd:0, idx:1), active : 1
0:00:00.018908061  2774 0x55a3cb0ca360 DEBUG   GST_REGISTRY gstregistrychunks.c:740:gst_registry_chunks_load_feature: Added feature fdsink, plugin 0x55a3cb0faad0 coreelements
0:00:00.014538701  2775 0x55906a42b360 LOG   GST_POLL gstpoll.c:994:gst_poll_fd_ctl_write: 0x55906a44fcc0: pfd->events now 60 (POLLOUT:4)
0:00:00.018922509  2774 0x55a3cb0ca360 DEBUG   GST_REGISTRY gstregistrychunks.c:582:gst_registry_chunks_load_feature: Plugin 'coreelements' feature 'fdsrc' typename : 'GstElementFactory'
0:00:00.014545450  2775 0x55906a42b360 DEBUG   GST_POLL gstpoll.c:979:gst_poll_fd_ctl_write: 0x55906a44fcc0: fd (fd:0, idx:1), active : 1
0:00:00.018929330  2774 0x55a3cb0ca360 TRACE   GST_REFCOUNTING gstobject.c:208:gst_object_init: 0x55a3cb0fb830 new
0:00:00.014551669  2775 0x55906a42b360 LOG   GST_POLL gstpoll.c:994:gst_poll_fd_ctl_write: 0x55906a44fcc0: pfd->events now 60 (POLLOUT:4)
0:00:00.018936361  2774 0x55a3cb0ca360 LOG   GST_REGISTRY gstregistrychunks.c:609:gst_registry_chunks_load_feature: Reading/casting for GstRegistryChunkElementFactory at address 0x55a3cb0f19b8
0:00:00.014558313  2775 0x55906a42b360 DEBUG   GST_POLL gstpoll.c:979:gst_poll_fd_ctl_write: 0x55906a44fcc0: fd (fd:0, idx:1), active : 1
0:00:00.018942747  2774 0x55a3cb0ca360 TRACE   structure gststructure.c:292:gst_structure_new_id_empty_with_size: created structure 0x55a3cb0fba60
0:00:00.014582190  2775 0x55906a42b360 LOG   GST_POLL gstpoll.c:994:gst_poll_fd_ctl_write: 0x55906a44fcc0: pfd->events now 60 (POLLOUT:4)
0:00:00.018967254  2774 0x55a3cb0ca360 DEBUG   structure gststructure.c:2258:gst_structure_parse_field: trying field name 'long-name'
0:00:00.014589105  2775 0x55906a42b360 DEBUG   GST_POLL gstpoll.c:979:gst_poll_fd_ctl_write: 0x55906a44fcc0: fd (fd:0, idx:1), active : 1
0:00:00.018973238  2774 0x55a3cb0ca360 DEBUG   default gstvalue.c:2776:_priv_gst_value_parse_value: trying type name 'string'
0:00:00.014595681  2775 0x55906a42b360 LOG   GST_POLL gstpoll.c:994:gst_poll_fd_ctl_write: 0x55906a44fcc0: pfd->events now 60 (POLLOUT:4)
0:00:00.018979971  2774 0x55a3cb0ca360 DEBUG   structure gststructure.c:2258:gst_structure_parse_field: trying field name 'klass'
0:00:00.018986093  2774 0x55a3cb0ca360 DEBUG   default gstvalue.c:2776:_priv_gst_value_parse_value: trying type name 'string'
0:00:00.014606619  2775 0x55906a42b360 DEBUG   GST_POLL gstpoll.c:979:gst_poll_fd_ctl_write: 0x55906a44fcc0: fd (fd:0, idx:1), active : 1
0:00:00.018991999  2774 0x55a3cb0ca360 DEBUG   structure gststructure.c:2258:gst_structure_parse_field: trying field name 'description'
0:00:00.014613188  2775 0x55906a42b360 LOG   GST_POLL gstpoll.c:994:gst_poll_fd_ctl_write: 0x55906a44fcc0: pfd->events now 60 (POLLOUT:4)
0:00:00.018997957  2774 0x55a3cb0ca360 DEBUG   default gstvalue.c:2776:_priv_gst_value_parse_value: trying type name 'string'
0:00:00.014619859  2775 0x55906a42b360 DEBUG   GST_POLL gstpoll.c:979:gst_poll_fd_ctl_write: 0x55906a44fcc0: fd (fd:0, idx:1), active : 1
0:00:00.019004624  2774 0x55a3cb0ca360 DEBUG   structure gststructure.c:2258:gst_structure_parse_field: trying field name 'author'
0:00:00.014626394  2775 0x55906a42b360 LOG   GST_POLL gstpoll.c:994:gst_poll_fd_ctl_write: 0x55906a44fcc0: pfd->events now 60 (POLLOUT:4)
0:00:00.019016022  2774 0x55a3cb0ca360 DEBUG   default gstvalue.c:2776:_priv_gst_value_parse_value: trying type name 'string'
0:00:00.014638237  2775 0x55906a42b360 DEBUG   GST_POLL gstpoll.c:979:gst_poll_fd_ctl_write: 0x55906a44fcc0: fd (fd:0, idx:1), active : 1
0:00:00.019022848  2774 0x55a3cb0ca360 DEBUG   GST_REGISTRY gstregistrychunks.c:626:gst_registry_chunks_load_feature: Element factory : npadtemplates=1
0:00:00.014644874  2775 0x55906a42b360 LOG   GST_POLL gstpoll.c:994:gst_poll_fd_ctl_write: 0x55906a44fcc0: pfd->events now 60 (POLLOUT:4)
0:00:00.019028870  2774 0x55a3cb0ca360 DEBUG   GST_REGISTRY gstregistrychunks.c:525:gst_registry_chunks_load_pad_template: Reading/casting for GstRegistryChunkPadTemplate at address 0x55a3cb0f1a98
0:00:00.014651664  2775 0x55906a42b360 DEBUG   GST_POLL gstpoll.c:979:gst_poll_fd_ctl_write: 0x55906a44fcc0: fd (fd:0, idx:1), active : 1
0:00:00.019035101  2774 0x55a3cb0ca360 DEBUG   GST_REGISTRY gstregistrychunks.c:539:gst_registry_chunks_load_pad_template: Added pad_template src
0:00:00.014658157  2775 0x55906a42b360 LOG   GST_POLL gstpoll.c:994:gst_poll_fd_ctl_write: 0x55906a44fcc0: pfd->events now 60 (POLLOUT:4)
0:00:00.019041659  2774 0x55a3cb0ca360 DEBUG   GST_REGISTRY gstregistrychunks.c:639:gst_registry_chunks_load_feature: Reading 1 UriTypes at address 0x55a3cb0f1aa8
0:00:00.014664926  2775 0x55906a42b360 DEBUG   GST_POLL gstpoll.c:979:gst_poll_fd_ctl_write: 0x55906a44fcc0: fd (fd:0, idx:1), active : 1
0:00:00.019048286  2774 0x55a3cb0ca360 DEBUG   GST_REGISTRY gstregistrychunks.c:654:gst_registry_chunks_load_feature: Reading 1 Interfaces at address 0x55a3cb0f1aaf
0:00:00.014671482  2775 0x55906a42b360 LOG   GST_POLL gstpoll.c:994:gst_poll_fd_ctl_write: 0x55906a44fcc0: pfd->events now 60 (POLLOUT:4)
0:00:00.019055724  2774 0x55a3cb0ca360 DEBUG   GST_REGISTRY gstregistry.c:589:gst_registry_add_feature: adding feature 0x55a3cb0fb830 (fdsrc)
0:00:00.014678192  2775 0x55906a42b360 DEBUG   GST_POLL gstpoll.c:979:gst_poll_fd_ctl_write: 0x55906a44fcc0: fd (fd:0, idx:1), active : 1
0:00:00.019062031  2774 0x55a3cb0ca360 DEBUG   GST_REFCOUNTING gstobject.c:708:gst_object_set_parent: set parent (ref and sink)
0:00:00.014684687  2775 0x55906a42b360 LOG   GST_POLL gstpoll.c:994:gst_poll_fd_ctl_write: 0x55906a44fcc0: pfd->events now 60 (POLLOUT:4)
0:00:00.014691468  2775 0x55906a42b360 DEBUG   GST_POLL gstpoll.c:979:gst_poll_fd_ctl_write: 0x55906a44fcc0: fd (fd:0, idx:1), active : 1
0:00:00.019072768  2774 0x55a3cb0ca360 TRACE   GST_REFCOUNTING gstobject.c:292:gst_object_ref_sink: 0x55a3cb0fb830 ref_sink 1->2
0:00:00.014697532  2775 0x55906a42b360 LOG   GST_POLL gstpoll.c:994:gst_poll_fd_ctl_write: 0x55906a44fcc0: pfd->events now 60 (POLLOUT:4)
0:00:00.019080982  2774 0x55a3cb0ca360 LOG   GST_REGISTRY gstregistry.c:607:gst_registry_add_feature: emitting feature-added for fdsrc
0:00:00.014704328  2775 0x55906a42b360 DEBUG   GST_POLL gstpoll.c:979:gst_poll_fd_ctl_write: 0x55906a44fcc0: fd (fd:0, idx:1), active : 1
0:00:00.019087834  2774 0x55a3cb0ca360 DEBUG   GST_REGISTRY gstregistrychunks.c:740:gst_registry_chunks_load_feature: Added feature fdsrc, plugin 0x55a3cb0faad0 coreelements
0:00:00.014715548  2775 0x55906a42b360 LOG   GST_POLL gstpoll.c:994:gst_poll_fd_ctl_write: 0x55906a44fcc0: pfd->events now 60 (POLLOUT:4)
0:00:00.019099372  2774 0x55a3cb0ca360 DEBUG   GST_REGISTRY gstregistrychunks.c:582:gst_registry_chunks_load_feature: Plugin 'coreelements' feature 'fakesink' typename : 'GstElementFactory'
0:00:00.014722494  2775 0x55906a42b360 DEBUG   GST_POLL gstpoll.c:979:gst_poll_fd_ctl_write: 0x55906a44fcc0: fd (fd:0, idx:1), active : 1
0:00:00.019106613  2774 0x55a3cb0ca360 TRACE   GST_REFCOUNTING gstobject.c:208:gst_object_init: 0x55a3cb0fbee0 new
0:00:00.014728902  2775 0x55906a42b360 LOG   GST_POLL gstpoll.c:994:gst_poll_fd_ctl_write: 0x55906a44fcc0: pfd->events now 60 (POLLOUT:4)
0:00:00.019114157  2774 0x55a3cb0ca360 LOG   GST_REGISTRY gstregistrychunks.c:609:gst_registry_chunks_load_feature: Reading/casting for GstRegistryChunkElementFactory at address 0x55a3cb0f1ad8
0:00:00.014735594  2775 0x55906a42b360 DEBUG   GST_POLL gstpoll.c:979:gst_poll_fd_ctl_write: 0x55906a44fcc0: fd (fd:0, idx:1), active : 1
0:00:00.019120711  2774 0x55a3cb0ca360 TRACE   structure gststructure.c:292:gst_structure_new_id_empty_with_size: created structure 0x55a3cb0fc110
0:00:00.014742013  2775 0x55906a42b360 LOG   GST_POLL gstpoll.c:994:gst_poll_fd_ctl_write: 0x55906a44fcc0: pfd->events now 60 (POLLOUT:4)
0:00:00.019126964  2774 0x55a3cb0ca360 DEBUG   structure gststructure.c:2258:gst_structure_parse_field: trying field name 'long-name'
0:00:00.014748728  2775 0x55906a42b360 DEBUG   GST_POLL gstpoll.c:979:gst_poll_fd_ctl_write: 0x55906a44fcc0: fd (fd:0, idx:1), active : 1
0:00:00.019133127  2774 0x55a3cb0ca360 DEBUG   default gstvalue.c:2776:_priv_gst_value_parse_value: trying type name 'string'
0:00:00.014755114  2775 0x55906a42b360 LOG   GST_POLL gstpoll.c:994:gst_poll_fd_ctl_write: 0x55906a44fcc0: pfd->events now 60 (POLLOUT:4)
0:00:00.019139801  2774 0x55a3cb0ca360 DEBUG   structure gststructure.c:2258:gst_structure_parse_field: trying field name 'klass'
0:00:00.014761891  2775 0x55906a42b360 DEBUG   GST_POLL gstpoll.c:979:gst_poll_fd_ctl_write: 0x55906a44fcc0: fd (fd:0, idx:1), active : 1
0:00:00.019145856  2774 0x55a3cb0ca360 DEBUG   default gstvalue.c:2776:_priv_gst_value_parse_value: trying type name 'string'
0:00:00.014768334  2775 0x55906a42b360 LOG   GST_POLL gstpoll.c:994:gst_poll_fd_ctl_write: 0x55906a44fcc0: pfd->events now 60 (POLLOUT:4)
0:00:00.019152535  2774 0x55a3cb0ca360 DEBUG   structure gststructure.c:2258:gst_structure_parse_field: trying field name 'description'
0:00:00.014775016  2775 0x55906a42b360 DEBUG   GST_POLL gstpoll.c:979:gst_poll_fd_ctl_write: 0x55906a44fcc0: fd (fd:0, idx:1), active : 1
0:00:00.019158717  2774 0x55a3cb0ca360 DEBUG   default gstvalue.c:2776:_priv_gst_value_parse_value: trying type name 'string'
0:00:00.014781569  2775 0x55906a42b360 LOG   GST_POLL gstpoll.c:994:gst_poll_fd_ctl_write: 0x55906a44fcc0: pfd->events now 60 (POLLOUT:4)
0:00:00.019165469  2774 0x55a3cb0ca360 DEBUG   structure gststructure.c:2258:gst_structure_parse_field: trying field name 'author'
0:00:00.019188843  2774 0x55a3cb0ca360 DEBUG   default gstvalue.c:2776:_priv_gst_value_parse_value: trying type name 'string'
0:00:00.014806643  2775 0x55906a42b360 DEBUG   GST_POLL gstpoll.c:979:gst_poll_fd_ctl_write: 0x55906a44fcc0: fd (fd:0, idx:1), active : 1
0:00:00.019195923  2774 0x55a3cb0ca360 DEBUG   GST_REGISTRY gstregistrychunks.c:626:gst_registry_chunks_load_feature: Element factory : npadtemplates=1
0:00:00.019201841  2774 0x55a3cb0ca360 DEBUG   GST_REGISTRY gstregistrychunks.c:525:gst_registry_chunks_load_pad_template: Reading/casting for GstRegistryChunkPadTemplate at address 0x55a3cb0f1c00
0:00:00.014819823  2775 0x55906a42b360 LOG   GST_POLL gstpoll.c:994:gst_poll_fd_ctl_write: 0x55906a44fcc0: pfd->events now 60 (POLLOUT:4)
0:00:00.019217686  2774 0x55a3cb0ca360 DEBUG   GST_REGISTRY gstregistrychunks.c:539:gst_registry_chunks_load_pad_template: Added pad_template sink
0:00:00.014841797  2775 0x55906a42b360 DEBUG   GST_POLL gstpoll.c:979:gst_poll_fd_ctl_write: 0x55906a44fcc0: fd (fd:0, idx:1), active : 1
0:00:00.019225235  2774 0x55a3cb0ca360 DEBUG   GST_REGISTRY gstregistry.c:589:gst_registry_add_feature: adding feature 0x55a3cb0fbee0 (fakesink)
0:00:00.014849555  2775 0x55906a42b360 LOG   GST_POLL gstpoll.c:994:gst_poll_fd_ctl_write: 0x55906a44fcc0: pfd->events now 60 (POLLOUT:4)
0:00:00.019232556  2774 0x55a3cb0ca360 DEBUG   GST_REFCOUNTING gstobject.c:708:gst_object_set_parent: set parent (ref and sink)
0:00:00.014856406  2775 0x55906a42b360 DEBUG   GST_POLL gstpoll.c:979:gst_poll_fd_ctl_write: 0x55906a44fcc0: fd (fd:0, idx:1), active : 1
0:00:00.019239891  2774 0x55a3cb0ca360 TRACE   GST_REFCOUNTING gstobject.c:292:gst_object_ref_sink: 0x55a3cb0fbee0 ref_sink 1->2
0:00:00.014862888  2775 0x55906a42b360 LOG   GST_POLL gstpoll.c:994:gst_poll_fd_ctl_write: 0x55906a44fcc0: pfd->events now 60 (POLLOUT:4)
0:00:00.019246663  2774 0x55a3cb0ca360 LOG   GST_REGISTRY gstregistry.c:607:gst_registry_add_feature: emitting feature-added for fakesink
0:00:00.014869745  2775 0x55906a42b360 DEBUG   GST_POLL gstpoll.c:979:gst_poll_fd_ctl_write: 0x55906a44fcc0: fd (fd:0, idx:1), active : 1
0:00:00.019253599  2774 0x55a3cb0ca360 DEBUG   GST_REGISTRY gstregistrychunks.c:740:gst_registry_chunks_load_feature: Added feature fakesink, plugin 0x55a3cb0faad0 coreelements
0:00:00.014876102  2775 0x55906a42b360 LOG   GST_POLL gstpoll.c:994:gst_poll_fd_ctl_write: 0x55906a44fcc0: pfd->events now 60 (POLLOUT:4)
0:00:00.019260280  2774 0x55a3cb0ca360 DEBUG   GST_REGISTRY gstregistrychunks.c:582:gst_registry_chunks_load_feature: Plugin 'coreelements' feature 'fakesrc' typename : 'GstElementFactory'
0:00:00.014882940  2775 0x55906a42b360 DEBUG   GST_POLL gstpoll.c:979:gst_poll_fd_ctl_write: 0x55906a44fcc0: fd (fd:0, idx:1), active : 1
0:00:00.019267153  2774 0x55a3cb0ca360 TRACE   GST_REFCOUNTING gstobject.c:208:gst_object_init: 0x55a3cb0fc470 new
0:00:00.014889331  2775 0x55906a42b360 LOG   GST_POLL gstpoll.c:994:gst_poll_fd_ctl_write: 0x55906a44fcc0: pfd->events now 60 (POLLOUT:4)
0:00:00.019274591  2774 0x55a3cb0ca360 LOG   GST_REGISTRY gstregistrychunks.c:609:gst_registry_chunks_load_feature: Reading/casting for GstRegistryChunkElementFactory at address 0x55a3cb0f1c30
0:00:00.014901082  2775 0x55906a42b360 DEBUG   GST_POLL gstpoll.c:979:gst_poll_fd_ctl_write: 0x55906a44fcc0: fd (fd:0, idx:1), active : 1
0:00:00.019284234  2774 0x55a3cb0ca360 TRACE   structure gststructure.c:292:gst_structure_new_id_empty_with_size: created structure 0x55a3cb0fc560
0:00:00.014907799  2775 0x55906a42b360 LOG   GST_POLL gstpoll.c:994:gst_poll_fd_ctl_write: 0x55906a44fcc0: pfd->events now 60 (POLLOUT:4)
0:00:00.019290919  2774 0x55a3cb0ca360 DEBUG   structure gststructure.c:2258:gst_structure_parse_field: trying field name 'long-name'
0:00:00.014914786  2775 0x55906a42b360 DEBUG   GST_POLL gstpoll.c:979:gst_poll_fd_ctl_write: 0x55906a44fcc0: fd (fd:0, idx:1), active : 1
0:00:00.019297443  2774 0x55a3cb0ca360 DEBUG   default gstvalue.c:2776:_priv_gst_value_parse_value: trying type name 'string'
0:00:00.014921333  2775 0x55906a42b360 LOG   GST_POLL gstpoll.c:994:gst_poll_fd_ctl_write: 0x55906a44fcc0: pfd->events now 60 (POLLOUT:4)
0:00:00.019304812  2774 0x55a3cb0ca360 DEBUG   structure gststructure.c:2258:gst_structure_parse_field: trying field name 'klass'
0:00:00.014928117  2775 0x55906a42b360 DEBUG   GST_POLL gstpoll.c:979:gst_poll_fd_ctl_write: 0x55906a44fcc0: fd (fd:0, idx:1), active : 1
