0:00:00.015492532  2763 0x557974116360 LOG   GST_POLL gstpoll.c:994:gst_poll_fd_ctl_write: 0x55797413ad30: pfd->events now 60 (POLLOUT:4)
0:00:00.020154887  2762 0x5577b7716360 DEBUG   GST_REGISTRY gstregistrychunks.c:582:gst_registry_chunks_load_feature: Plugin 'coreelements' feature 'output-selector' typename : 'GstElementFactory'
0:00:00.015499198  2763 0x557974116360 DEBUG   GST_POLL gstpoll.c:979:gst_poll_fd_ctl_write: 0x55797413ad30: fd (fd:0, idx:1), active : 1
0:00:00.020162761  2762 0x5577b7716360 TRACE   GST_REFCOUNTING gstobject.c:208:gst_object_init: 0x5577b7740ed0 new
0:00:00.015505288  2763 0x557974116360 LOG   GST_POLL gstpoll.c:994:gst_poll_fd_ctl_write: 0x55797413ad30: pfd->events now 60 (POLLOUT:4)
0:00:00.020171232  2762 0x5577b7716360 LOG   GST_REGISTRY gstregistrychunks.c:609:gst_registry_chunks_load_feature: Reading/casting for GstRegistryChunkElementFactory at address 0x5577b773d4e8
0:00:00.015515180  2763 0x557974116360 DEBUG   GST_POLL gstpoll.c:979:gst_poll_fd_ctl_write: 0x55797413ad30: fd (fd:0, idx:1), active : 1
0:00:00.020180511  2762 0x5577b7716360 TRACE   structure gststructure.c:292:gst_structure_new_id_empty_with_size: created structure 0x5577b77411d0
0:00:00.015522957  2763 0x557974116360 LOG   GST_POLL gstpoll.c:994:gst_poll_fd_ctl_write: 0x55797413ad30: pfd->events now 60 (POLLOUT:4)
0:00:00.020187261  2762 0x5577b7716360 DEBUG   structure gststructure.c:2258:gst_structure_parse_field: trying field name 'long-name'
0:00:00.015530893  2763 0x557974116360 DEBUG   GST_POLL gstpoll.c:979:gst_poll_fd_ctl_write: 0x55797413ad30: fd (fd:0, idx:1), active : 1
0:00:00.020193803  2762 0x5577b7716360 DEBUG   default gstvalue.c:2776:_priv_gst_value_parse_value: trying type name 'string'
0:00:00.015542698  2763 0x557974116360 LOG   GST_POLL gstpoll.c:994:gst_poll_fd_ctl_write: 0x55797413ad30: pfd->events now 60 (POLLOUT:4)
0:00:00.020204962  2762 0x5577b7716360 DEBUG   structure gststructure.c:2258:gst_structure_parse_field: trying field name 'klass'
0:00:00.015551682  2763 0x557974116360 DEBUG   GST_POLL gstpoll.c:979:gst_poll_fd_ctl_write: 0x55797413ad30: fd (fd:0, idx:1), active : 1
0:00:00.020214012  2762 0x5577b7716360 DEBUG   default gstvalue.c:2776:_priv_gst_value_parse_value: trying type name 'string'
0:00:00.015558773  2763 0x557974116360 LOG   GST_POLL gstpoll.c:994:gst_poll_fd_ctl_write: 0x55797413ad30: pfd->events now 60 (POLLOUT:4)
0:00:00.020221622  2762 0x5577b7716360 DEBUG   structure gststructure.c:2258:gst_structure_parse_field: trying field name 'description'
0:00:00.015565197  2763 0x557974116360 DEBUG   GST_POLL gstpoll.c:979:gst_poll_fd_ctl_write: 0x55797413ad30: fd (fd:0, idx:1), active : 1
0:00:00.020227767  2762 0x5577b7716360 DEBUG   default gstvalue.c:2776:_priv_gst_value_parse_value: trying type name 'string'
0:00:00.015571317  2763 0x557974116360 LOG   GST_POLL gstpoll.c:994:gst_poll_fd_ctl_write: 0x55797413ad30: pfd->events now 60 (POLLOUT:4)
0:00:00.020251480  2762 0x5577b7716360 DEBUG   structure gststructure.c:2258:gst_structure_parse_field: trying field name 'author'
0:00:00.015597322  2763 0x557974116360 DEBUG   GST_POLL gstpoll.c:979:gst_poll_fd_ctl_write: 0x55797413ad30: fd (fd:0, idx:1), active : 1
0:00:00.020260459  2762 0x5577b7716360 DEBUG   default gstvalue.c:2776:_priv_gst_value_parse_value: trying type name 'string'
0:00:00.015604710  2763 0x557974116360 LOG   GST_POLL gstpoll.c:994:gst_poll_fd_ctl_write: 0x55797413ad30: pfd->events now 60 (POLLOUT:4)
0:00:00.015612938  2763 0x557974116360 DEBUG   GST_POLL gstpoll.c:979:gst_poll_fd_ctl_write: 0x55797413ad30: fd (fd:0, idx:1), active : 1
0:00:00.020270984  2762 0x5577b7716360 DEBUG   GST_REGISTRY gstregistrychunks.c:626:gst_registry_chunks_load_feature: Element factory : npadtemplates=2
0:00:00.015621070  2763 0x557974116360 LOG   GST_POLL gstpoll.c:994:gst_poll_fd_ctl_write: 0x55797413ad30: pfd->events now 60 (POLLOUT:4)
0:00:00.020282667  2762 0x5577b7716360 DEBUG   GST_REGISTRY gstregistrychunks.c:525:gst_registry_chunks_load_pad_template: Reading/casting for GstRegistryChunkPadTemplate at address 0x5577b773d5c0
0:00:00.015628136  2763 0x557974116360 DEBUG   GST_POLL gstpoll.c:979:gst_poll_fd_ctl_write: 0x55797413ad30: fd (fd:0, idx:1), active : 1
0:00:00.020291441  2762 0x5577b7716360 DEBUG   GST_REGISTRY gstregistrychunks.c:539:gst_registry_chunks_load_pad_template: Added pad_template src_%u
0:00:00.015634620  2763 0x557974116360 LOG   GST_POLL gstpoll.c:994:gst_poll_fd_ctl_write: 0x55797413ad30: pfd->events now 60 (POLLOUT:4)
0:00:00.020298684  2762 0x5577b7716360 DEBUG   GST_REGISTRY gstregistrychunks.c:525:gst_registry_chunks_load_pad_template: Reading/casting for GstRegistryChunkPadTemplate at address 0x5577b773d5d8
0:00:00.015642396  2763 0x557974116360 DEBUG   GST_POLL gstpoll.c:979:gst_poll_fd_ctl_write: 0x55797413ad30: fd (fd:0, idx:1), active : 1
0:00:00.020305045  2762 0x5577b7716360 DEBUG   GST_REGISTRY gstregistrychunks.c:539:gst_registry_chunks_load_pad_template: Added pad_template sink
0:00:00.015658440  2763 0x557974116360 LOG   GST_POLL gstpoll.c:994:gst_poll_fd_ctl_write: 0x55797413ad30: pfd->events now 60 (POLLOUT:4)
0:00:00.020319767  2762 0x5577b7716360 DEBUG   GST_REGISTRY gstregistry.c:589:gst_registry_add_feature: adding feature 0x5577b7740ed0 (output-selector)
0:00:00.015665997  2763 0x557974116360 DEBUG   GST_POLL gstpoll.c:979:gst_poll_fd_ctl_write: 0x55797413ad30: fd (fd:0, idx:1), active : 1
0:00:00.015672406  2763 0x557974116360 LOG   GST_POLL gstpoll.c:994:gst_poll_fd_ctl_write: 0x55797413ad30: pfd->events now 60 (POLLOUT:4)
0:00:00.020329716  2762 0x5577b7716360 DEBUG   GST_REFCOUNTING gstobject.c:708:gst_object_set_parent: set parent (ref and sink)
0:00:00.015678934  2763 0x557974116360 LOG   GST_PLUGIN_LOADING gstpluginloader.c:644:put_chunk: Expanding tx buf from 10158 to 13209 for chunk of size 209
0:00:00.020340688  2762 0x5577b7716360 TRACE   GST_REFCOUNTING gstobject.c:292:gst_object_ref_sink: 0x5577b7740ed0 ref_sink 1->2
0:00:00.015688901  2763 0x557974116360 DEBUG   GST_POLL gstpoll.c:979:gst_poll_fd_ctl_write: 0x55797413ad30: fd (fd:0, idx:1), active : 1
0:00:00.020348902  2762 0x5577b7716360 LOG   GST_REGISTRY gstregistry.c:607:gst_registry_add_feature: emitting feature-added for output-selector
0:00:00.015696104  2763 0x557974116360 LOG   GST_POLL gstpoll.c:994:gst_poll_fd_ctl_write: 0x55797413ad30: pfd->events now 60 (POLLOUT:4)
0:00:00.020357658  2762 0x5577b7716360 DEBUG   GST_REGISTRY gstregistrychunks.c:740:gst_registry_chunks_load_feature: Added feature output-selector, plugin 0x5577b7745cf0 coreelements
0:00:00.015702786  2763 0x557974116360 DEBUG   GST_POLL gstpoll.c:979:gst_poll_fd_ctl_write: 0x55797413ad30: fd (fd:0, idx:1), active : 1
0:00:00.015708987  2763 0x557974116360 LOG   GST_POLL gstpoll.c:994:gst_poll_fd_ctl_write: 0x55797413ad30: pfd->events now 60 (POLLOUT:4)
0:00:00.020366980  2762 0x5577b7716360 DEBUG   GST_REGISTRY gstregistrychunks.c:582:gst_registry_chunks_load_feature: Plugin 'coreelements' feature 'input-selector' typename : 'GstElementFactory'
0:00:00.015717317  2763 0x557974116360 DEBUG   GST_POLL gstpoll.c:979:gst_poll_fd_ctl_write: 0x55797413ad30: fd (fd:0, idx:1), active : 1
0:00:00.020378992  2762 0x5577b7716360 TRACE   GST_REFCOUNTING gstobject.c:208:gst_object_init: 0x5577b7741890 new
0:00:00.015724333  2763 0x557974116360 LOG   GST_POLL gstpoll.c:994:gst_poll_fd_ctl_write: 0x55797413ad30: pfd->events now 60 (POLLOUT:4)
0:00:00.020387631  2762 0x5577b7716360 LOG   GST_REGISTRY gstregistrychunks.c:609:gst_registry_chunks_load_feature: Reading/casting for GstRegistryChunkElementFactory at address 0x5577b773d610
0:00:00.015730868  2763 0x557974116360 DEBUG   GST_POLL gstpoll.c:979:gst_poll_fd_ctl_write: 0x55797413ad30: fd (fd:0, idx:1), active : 1
0:00:00.015737301  2763 0x557974116360 LOG   GST_POLL gstpoll.c:994:gst_poll_fd_ctl_write: 0x55797413ad30: pfd->events now 60 (POLLOUT:4)
0:00:00.020396847  2762 0x5577b7716360 TRACE   structure gststructure.c:292:gst_structure_new_id_empty_with_size: created structure 0x5577b7741ac0
0:00:00.015750832  2763 0x557974116360 DEBUG   GST_POLL gstpoll.c:979:gst_poll_fd_ctl_write: 0x55797413ad30: fd (fd:0, idx:1), active : 1
0:00:00.020411446  2762 0x5577b7716360 DEBUG   structure gststructure.c:2258:gst_structure_parse_field: trying field name 'long-name'
0:00:00.015758716  2763 0x557974116360 LOG   GST_POLL gstpoll.c:994:gst_poll_fd_ctl_write: 0x55797413ad30: pfd->events now 60 (POLLOUT:4)
0:00:00.020419522  2762 0x5577b7716360 DEBUG   default gstvalue.c:2776:_priv_gst_value_parse_value: trying type name 'string'
0:00:00.015765496  2763 0x557974116360 DEBUG   GST_POLL gstpoll.c:979:gst_poll_fd_ctl_write: 0x55797413ad30: fd (fd:0, idx:1), active : 1
0:00:00.020426762  2762 0x5577b7716360 DEBUG   structure gststructure.c:2258:gst_structure_parse_field: trying field name 'klass'
0:00:00.015771624  2763 0x557974116360 LOG   GST_POLL gstpoll.c:994:gst_poll_fd_ctl_write: 0x55797413ad30: pfd->events now 60 (POLLOUT:4)
0:00:00.020432897  2762 0x5577b7716360 DEBUG   default gstvalue.c:2776:_priv_gst_value_parse_value: trying type name 'string'
0:00:00.015780231  2763 0x557974116360 DEBUG   GST_POLL gstpoll.c:979:gst_poll_fd_ctl_write: 0x55797413ad30: fd (fd:0, idx:1), active : 1
0:00:00.020442525  2762 0x5577b7716360 DEBUG   structure gststructure.c:2258:gst_structure_parse_field: trying field name 'description'
0:00:00.015787433  2763 0x557974116360 LOG   GST_POLL gstpoll.c:994:gst_poll_fd_ctl_write: 0x55797413ad30: pfd->events now 60 (POLLOUT:4)
0:00:00.020449222  2762 0x5577b7716360 DEBUG   default gstvalue.c:2776:_priv_gst_value_parse_value: trying type name 'string'
0:00:00.015794277  2763 0x557974116360 DEBUG   GST_POLL gstpoll.c:979:gst_poll_fd_ctl_write: 0x55797413ad30: fd (fd:0, idx:1), active : 1
0:00:00.020456550  2762 0x5577b7716360 DEBUG   structure gststructure.c:2258:gst_structure_parse_field: trying field name 'author'
0:00:00.015800740  2763 0x557974116360 LOG   GST_POLL gstpoll.c:994:gst_poll_fd_ctl_write: 0x55797413ad30: pfd->events now 60 (POLLOUT:4)
0:00:00.020463020  2762 0x5577b7716360 DEBUG   default gstvalue.c:2776:_priv_gst_value_parse_value: trying type name 'string'
0:00:00.015809891  2763 0x557974116360 DEBUG   GST_POLL gstpoll.c:979:gst_poll_fd_ctl_write: 0x55797413ad30: fd (fd:0, idx:1), active : 1
0:00:00.020474261  2762 0x5577b7716360 DEBUG   GST_REGISTRY gstregistrychunks.c:626:gst_registry_chunks_load_feature: Element factory : npadtemplates=2
0:00:00.015817210  2763 0x557974116360 LOG   GST_POLL gstpoll.c:994:gst_poll_fd_ctl_write: 0x55797413ad30: pfd->events now 60 (POLLOUT:4)
0:00:00.020481008  2762 0x5577b7716360 DEBUG   GST_REGISTRY gstregistrychunks.c:525:gst_registry_chunks_load_pad_template: Reading/casting for GstRegistryChunkPadTemplate at address 0x5577b773d740
0:00:00.015824953  2763 0x557974116360 DEBUG   GST_POLL gstpoll.c:979:gst_poll_fd_ctl_write: 0x55797413ad30: fd (fd:0, idx:1), active : 1
0:00:00.020487752  2762 0x5577b7716360 DEBUG   GST_REGISTRY gstregistrychunks.c:539:gst_registry_chunks_load_pad_template: Added pad_template src
0:00:00.015837230  2763 0x557974116360 LOG   GST_POLL gstpoll.c:994:gst_poll_fd_ctl_write: 0x55797413ad30: pfd->events now 60 (POLLOUT:4)
0:00:00.020498036  2762 0x5577b7716360 DEBUG   GST_REGISTRY gstregistrychunks.c:525:gst_registry_chunks_load_pad_template: Reading/casting for GstRegistryChunkPadTemplate at address 0x5577b773d750
0:00:00.015846569  2763 0x557974116360 DEBUG   GST_POLL gstpoll.c:979:gst_poll_fd_ctl_write: 0x55797413ad30: fd (fd:0, idx:1), active : 1
0:00:00.020507415  2762 0x5577b7716360 DEBUG   GST_REGISTRY gstregistrychunks.c:539:gst_registry_chunks_load_pad_template: Added pad_template sink_%u
0:00:00.015853621  2763 0x557974116360 LOG   GST_POLL gstpoll.c:994:gst_poll_fd_ctl_write: 0x55797413ad30: pfd->events now 60 (POLLOUT:4)
0:00:00.015860299  2763 0x557974116360 DEBUG   GST_POLL gstpoll.c:979:gst_poll_fd_ctl_write: 0x55797413ad30: fd (fd:0, idx:1), active : 1
0:00:00.020520064  2762 0x5577b7716360 DEBUG   GST_REGISTRY gstregistry.c:589:gst_registry_add_feature: adding feature 0x5577b7741890 (input-selector)
0:00:00.015866181  2763 0x557974116360 LOG   GST_POLL gstpoll.c:994:gst_poll_fd_ctl_write: 0x55797413ad30: pfd->events now 60 (POLLOUT:4)
0:00:00.020527326  2762 0x5577b7716360 DEBUG   GST_REFCOUNTING gstobject.c:708:gst_object_set_parent: set parent (ref and sink)
0:00:00.015874759  2763 0x557974116360 DEBUG   GST_POLL gstpoll.c:979:gst_poll_fd_ctl_write: 0x55797413ad30: fd (fd:0, idx:1), active : 1
0:00:00.020537370  2762 0x5577b7716360 TRACE   GST_REFCOUNTING gstobject.c:292:gst_object_ref_sink: 0x5577b7741890 ref_sink 1->2
0:00:00.015882456  2763 0x557974116360 LOG   GST_POLL gstpoll.c:994:gst_poll_fd_ctl_write: 0x55797413ad30: pfd->events now 60 (POLLOUT:4)
0:00:00.020545379  2762 0x5577b7716360 LOG   GST_REGISTRY gstregistry.c:607:gst_registry_add_feature: emitting feature-added for input-selector
0:00:00.020552556  2762 0x5577b7716360 DEBUG   GST_REGISTRY gstregistrychunks.c:740:gst_registry_chunks_load_feature: Added feature input-selector, plugin 0x5577b7745cf0 coreelements
0:00:00.015889116  2763 0x557974116360 DEBUG   GST_POLL gstpoll.c:979:gst_poll_fd_ctl_write: 0x55797413ad30: fd (fd:0, idx:1), active : 1
0:00:00.020558760  2762 0x5577b7716360 DEBUG   GST_REGISTRY gstregistrychunks.c:582:gst_registry_chunks_load_feature: Plugin 'coreelements' feature 'identity' typename : 'GstElementFactory'
0:00:00.015901727  2763 0x557974116360 LOG   GST_POLL gstpoll.c:994:gst_poll_fd_ctl_write: 0x55797413ad30: pfd->events now 60 (POLLOUT:4)
0:00:00.020569637  2762 0x5577b7716360 TRACE   GST_REFCOUNTING gstobject.c:208:gst_object_init: 0x5577b7741f70 new
0:00:00.015911893  2763 0x557974116360 DEBUG   GST_POLL gstpoll.c:979:gst_poll_fd_ctl_write: 0x55797413ad30: fd (fd:0, idx:1), active : 1
0:00:00.020579713  2762 0x5577b7716360 LOG   GST_REGISTRY gstregistrychunks.c:609:gst_registry_chunks_load_feature: Reading/casting for GstRegistryChunkElementFactory at address 0x5577b773d780
0:00:00.015921878  2763 0x557974116360 LOG   GST_POLL gstpoll.c:994:gst_poll_fd_ctl_write: 0x55797413ad30: pfd->events now 60 (POLLOUT:4)
0:00:00.020600212  2762 0x5577b7716360 TRACE   structure gststructure.c:292:gst_structure_new_id_empty_with_size: created structure 0x5577b77421a0
0:00:00.015942975  2763 0x557974116360 DEBUG   GST_POLL gstpoll.c:979:gst_poll_fd_ctl_write: 0x55797413ad30: fd (fd:0, idx:1), active : 1
0:00:00.020606852  2762 0x5577b7716360 DEBUG   structure gststructure.c:2258:gst_structure_parse_field: trying field name 'long-name'
0:00:00.015950119  2763 0x557974116360 LOG   GST_POLL gstpoll.c:994:gst_poll_fd_ctl_write: 0x55797413ad30: pfd->events now 60 (POLLOUT:4)
0:00:00.020614625  2762 0x5577b7716360 DEBUG   default gstvalue.c:2776:_priv_gst_value_parse_value: trying type name 'string'
0:00:00.015959332  2763 0x557974116360 DEBUG   GST_POLL gstpoll.c:979:gst_poll_fd_ctl_write: 0x55797413ad30: fd (fd:0, idx:1), active : 1
0:00:00.020622598  2762 0x5577b7716360 DEBUG   structure gststructure.c:2258:gst_structure_parse_field: trying field name 'klass'
0:00:00.015966271  2763 0x557974116360 LOG   GST_POLL gstpoll.c:994:gst_poll_fd_ctl_write: 0x55797413ad30: pfd->events now 60 (POLLOUT:4)
0:00:00.020629040  2762 0x5577b7716360 DEBUG   default gstvalue.c:2776:_priv_gst_value_parse_value: trying type name 'string'
0:00:00.015972773  2763 0x557974116360 DEBUG   GST_POLL gstpoll.c:979:gst_poll_fd_ctl_write: 0x55797413ad30: fd (fd:0, idx:1), active : 1
0:00:00.020635769  2762 0x5577b7716360 DEBUG   structure gststructure.c:2258:gst_structure_parse_field: trying field name 'description'
0:00:00.015978930  2763 0x557974116360 LOG   GST_POLL gstpoll.c:994:gst_poll_fd_ctl_write: 0x55797413ad30: pfd->events now 60 (POLLOUT:4)
0:00:00.020643410  2762 0x5577b7716360 DEBUG   default gstvalue.c:2776:_priv_gst_value_parse_value: trying type name 'string'
0:00:00.015988100  2763 0x557974116360 DEBUG   GST_POLL gstpoll.c:979:gst_poll_fd_ctl_write: 0x55797413ad30: fd (fd:0, idx:1), active : 1
0:00:00.020651917  2762 0x5577b7716360 DEBUG   structure gststructure.c:2258:gst_structure_parse_field: trying field name 'author'
0:00:00.015995213  2763 0x557974116360 LOG   GST_POLL gstpoll.c:994:gst_poll_fd_ctl_write: 0x55797413ad30: pfd->events now 60 (POLLOUT:4)
0:00:00.020658828  2762 0x5577b7716360 DEBUG   default gstvalue.c:2776:_priv_gst_value_parse_value: trying type name 'string'
0:00:00.016002524  2763 0x557974116360 DEBUG   GST_POLL gstpoll.c:979:gst_poll_fd_ctl_write: 0x55797413ad30: fd (fd:0, idx:1), active : 1
0:00:00.020665662  2762 0x5577b7716360 DEBUG   GST_REGISTRY gstregistrychunks.c:626:gst_registry_chunks_load_feature: Element factory : npadtemplates=2
0:00:00.016008584  2763 0x557974116360 LOG   GST_POLL gstpoll.c:994:gst_poll_fd_ctl_write: 0x55797413ad30: pfd->events now 60 (POLLOUT:4)
0:00:00.020673493  2762 0x5577b7716360 DEBUG   GST_REGISTRY gstregistrychunks.c:525:gst_registry_chunks_load_pad_template: Reading/casting for GstRegistryChunkPadTemplate at address 0x5577b773d850
0:00:00.016018603  2763 0x557974116360 DEBUG   GST_POLL gstpoll.c:979:gst_poll_fd_ctl_write: 0x55797413ad30: fd (fd:0, idx:1), active : 1
0:00:00.020680763  2762 0x5577b7716360 DEBUG   GST_REGISTRY gstregistrychunks.c:539:gst_registry_chunks_load_pad_template: Added pad_template sink
0:00:00.016031367  2763 0x557974116360 LOG   GST_POLL gstpoll.c:994:gst_poll_fd_ctl_write: 0x55797413ad30: pfd->events now 60 (POLLOUT:4)
0:00:00.020691471  2762 0x5577b7716360 DEBUG   GST_REGISTRY gstregistrychunks.c:525:gst_registry_chunks_load_pad_template: Reading/casting for GstRegistryChunkPadTemplate at address 0x5577b773d868
0:00:00.016038379  2763 0x557974116360 DEBUG   GST_POLL gstpoll.c:979:gst_poll_fd_ctl_write: 0x55797413ad30: fd (fd:0, idx:1), active : 1
0:00:00.020698687  2762 0x5577b7716360 DEBUG   GST_REGISTRY gstregistrychunks.c:539:gst_registry_chunks_load_pad_template: Added pad_template src
0:00:00.016044677  2763 0x557974116360 LOG   GST_POLL gstpoll.c:994:gst_poll_fd_ctl_write: 0x55797413ad30: pfd->events now 60 (POLLOUT:4)
0:00:00.020708777  2762 0x5577b7716360 DEBUG   GST_REGISTRY gstregistry.c:589:gst_registry_add_feature: adding feature 0x5577b7741f70 (identity)
0:00:00.016053126  2763 0x557974116360 DEBUG   GST_POLL gstpoll.c:979:gst_poll_fd_ctl_write: 0x55797413ad30: fd (fd:0, idx:1), active : 1
0:00:00.020715964  2762 0x5577b7716360 DEBUG   GST_REFCOUNTING gstobject.c:708:gst_object_set_parent: set parent (ref and sink)
0:00:00.016060150  2763 0x557974116360 LOG   GST_POLL gstpoll.c:994:gst_poll_fd_ctl_write: 0x55797413ad30: pfd->events now 60 (POLLOUT:4)
0:00:00.020723924  2762 0x5577b7716360 TRACE   GST_REFCOUNTING gstobject.c:292:gst_object_ref_sink: 0x5577b7741f70 ref_sink 1->2
0:00:00.016066643  2763 0x557974116360 DEBUG   GST_POLL gstpoll.c:979:gst_poll_fd_ctl_write: 0x55797413ad30: fd (fd:0, idx:1), active : 1
0:00:00.020730677  2762 0x5577b7716360 LOG   GST_REGISTRY gstregistry.c:607:gst_registry_add_feature: emitting feature-added for identity
0:00:00.016073924  2763 0x557974116360 LOG   GST_POLL gstpoll.c:994:gst_poll_fd_ctl_write: 0x55797413ad30: pfd->events now 60 (POLLOUT:4)
0:00:00.020739587  2762 0x5577b7716360 DEBUG   GST_REGISTRY gstregistrychunks.c:740:gst_registry_chunks_load_feature: Added feature identity, plugin 0x5577b7745cf0 coreelements
0:00:00.016083192  2763 0x557974116360 DEBUG   GST_POLL gstpoll.c:979:gst_poll_fd_ctl_write: 0x55797413ad30: fd (fd:0, idx:1), active : 1
0:00:00.020747248  2762 0x5577b7716360 DEBUG   GST_REGISTRY gstregistrychunks.c:582:gst_registry_chunks_load_feature: Plugin 'coreelements' feature 'funnel' typename : 'GstElementFactory'
0:00:00.016090338  2763 0x557974116360 LOG   GST_POLL gstpoll.c:994:gst_poll_fd_ctl_write: 0x55797413ad30: pfd->events now 60 (POLLOUT:4)
0:00:00.016097454  2763 0x557974116360 DEBUG   GST_POLL gstpoll.c:979:gst_poll_fd_ctl_write: 0x55797413ad30: fd (fd:0, idx:1), active : 1
0:00:00.020755576  2762 0x5577b7716360 TRACE   GST_REFCOUNTING gstobject.c:208:gst_object_init: 0x5577b77425e0 new
0:00:00.016103571  2763 0x557974116360 LOG   GST_POLL gstpoll.c:994:gst_poll_fd_ctl_write: 0x55797413ad30: pfd->events now 60 (POLLOUT:4)
0:00:00.020765612  2762 0x5577b7716360 LOG   GST_REGISTRY gstregistrychunks.c:609:gst_registry_chunks_load_feature: Reading/casting for GstRegistryChunkElementFactory at address 0x5577b773d898
0:00:00.016118343  2763 0x557974116360 DEBUG   GST_POLL gstpoll.c:979:gst_poll_fd_ctl_write: 0x55797413ad30: fd (fd:0, idx:1), active : 1
0:00:00.020780188  2762 0x5577b7716360 TRACE   structure gststructure.c:292:gst_structure_new_id_empty_with_size: created structure 0x5577b7742810
0:00:00.016125449  2763 0x557974116360 LOG   GST_POLL gstpoll.c:994:gst_poll_fd_ctl_write: 0x55797413ad30: pfd->events now 60 (POLLOUT:4)
0:00:00.020787457  2762 0x5577b7716360 DEBUG   structure gststructure.c:2258:gst_structure_parse_field: trying field name 'long-name'
0:00:00.016132118  2763 0x557974116360 DEBUG   GST_POLL gstpoll.c:979:gst_poll_fd_ctl_write: 0x55797413ad30: fd (fd:0, idx:1), active : 1
0:00:00.020793889  2762 0x5577b7716360 DEBUG   default gstvalue.c:2776:_priv_gst_value_parse_value: trying type name 'string'
0:00:00.016138380  2763 0x557974116360 LOG   GST_POLL gstpoll.c:994:gst_poll_fd_ctl_write: 0x55797413ad30: pfd->events now 60 (POLLOUT:4)
0:00:00.020800627  2762 0x5577b7716360 DEBUG   structure gststructure.c:2258:gst_structure_parse_field: trying field name 'klass'
0:00:00.016146839  2763 0x557974116360 DEBUG   GST_POLL gstpoll.c:979:gst_poll_fd_ctl_write: 0x55797413ad30: fd (fd:0, idx:1), active : 1
0:00:00.020808559  2762 0x5577b7716360 DEBUG   default gstvalue.c:2776:_priv_gst_value_parse_value: trying type name 'string'
0:00:00.016154207  2763 0x557974116360 LOG   GST_POLL gstpoll.c:994:gst_poll_fd_ctl_write: 0x55797413ad30: pfd->events now 60 (POLLOUT:4)
0:00:00.020816805  2762 0x5577b7716360 DEBUG   structure gststructure.c:2258:gst_structure_parse_field: trying field name 'description'
0:00:00.016160889  2763 0x557974116360 DEBUG   GST_POLL gstpoll.c:979:gst_poll_fd_ctl_write: 0x55797413ad30: fd (fd:0, idx:1), active : 1
0:00:00.020823033  2762 0x5577b7716360 DEBUG   default gstvalue.c:2776:_priv_gst_value_parse_value: trying type name 'string'
0:00:00.016167038  2763 0x557974116360 LOG   GST_POLL gstpoll.c:994:gst_poll_fd_ctl_write: 0x55797413ad30: pfd->events now 60 (POLLOUT:4)
0:00:00.020830053  2762 0x5577b7716360 DEBUG   structure gststructure.c:2258:gst_structure_parse_field: trying field name 'author'
0:00:00.016176061  2763 0x557974116360 DEBUG   GST_POLL gstpoll.c:979:gst_poll_fd_ctl_write: 0x55797413ad30: fd (fd:0, idx:1), active : 1
0:00:00.020838108  2762 0x5577b7716360 DEBUG   default gstvalue.c:2776:_priv_gst_value_parse_value: trying type name 'string'
0:00:00.016183065  2763 0x557974116360 LOG   GST_POLL gstpoll.c:994:gst_poll_fd_ctl_write: 0x55797413ad30: pfd->events now 60 (POLLOUT:4)
0:00:00.020846702  2762 0x5577b7716360 DEBUG   GST_REGISTRY gstregistrychunks.c:626:gst_registry_chunks_load_feature: Element factory : npadtemplates=2
0:00:00.016190227  2763 0x557974116360 DEBUG   GST_POLL gstpoll.c:979:gst_poll_fd_ctl_write: 0x55797413ad30: fd (fd:0, idx:1), active : 1
0:00:00.020852922  2762 0x5577b7716360 DEBUG   GST_REGISTRY gstregistrychunks.c:525:gst_registry_chunks_load_pad_template: Reading/casting for GstRegistryChunkPadTemplate at address 0x5577b773d970
0:00:00.016196475  2763 0x557974116360 LOG   GST_POLL gstpoll.c:994:gst_poll_fd_ctl_write: 0x55797413ad30: pfd->events now 60 (POLLOUT:4)
0:00:00.020867637  2762 0x5577b7716360 DEBUG   GST_REGISTRY gstregistrychunks.c:539:gst_registry_chunks_load_pad_template: Added pad_template src
0:00:00.016213298  2763 0x557974116360 DEBUG   GST_POLL gstpoll.c:979:gst_poll_fd_ctl_write: 0x55797413ad30: fd (fd:0, idx:1), active : 1
0:00:00.020875658  2762 0x5577b7716360 DEBUG   GST_REGISTRY gstregistrychunks.c:525:gst_registry_chunks_load_pad_template: Reading/casting for GstRegistryChunkPadTemplate at address 0x5577b773d980
0:00:00.016220507  2763 0x557974116360 LOG   GST_POLL gstpoll.c:994:gst_poll_fd_ctl_write: 0x55797413ad30: pfd->events now 60 (POLLOUT:4)
0:00:00.020882775  2762 0x5577b7716360 DEBUG   GST_REGISTRY gstregistrychunks.c:539:gst_registry_chunks_load_pad_template: Added pad_template sink_%u
0:00:00.016226869  2763 0x557974116360 DEBUG   GST_POLL gstpoll.c:979:gst_poll_fd_ctl_write: 0x55797413ad30: fd (fd:0, idx:1), active : 1
0:00:00.020891021  2762 0x5577b7716360 DEBUG   GST_REGISTRY gstregistry.c:589:gst_registry_add_feature: adding feature 0x5577b77425e0 (funnel)
0:00:00.016233132  2763 0x557974116360 LOG   GST_POLL gstpoll.c:994:gst_poll_fd_ctl_write: 0x55797413ad30: pfd->events now 60 (POLLOUT:4)
0:00:00.020897568  2762 0x5577b7716360 DEBUG   GST_REFCOUNTING gstobject.c:708:gst_object_set_parent: set parent (ref and sink)
0:00:00.016243712  2763 0x557974116360 DEBUG   GST_POLL gstpoll.c:979:gst_poll_fd_ctl_write: 0x55797413ad30: fd (fd:0, idx:1), active : 1
0:00:00.020907813  2762 0x5577b7716360 TRACE   GST_REFCOUNTING gstobject.c:292:gst_object_ref_sink: 0x5577b77425e0 ref_sink 1->2
0:00:00.016251250  2763 0x557974116360 LOG   GST_POLL gstpoll.c:994:gst_poll_fd_ctl_write: 0x55797413ad30: pfd->events now 60 (POLLOUT:4)
0:00:00.020915610  2762 0x5577b7716360 LOG   GST_REGISTRY gstregistry.c:607:gst_registry_add_feature: emitting feature-added for funnel
0:00:00.016258889  2763 0x557974116360 DEBUG   GST_POLL gstpoll.c:979:gst_poll_fd_ctl_write: 0x55797413ad30: fd (fd:0, idx:1), active : 1
0:00:00.020922657  2762 0x5577b7716360 DEBUG   GST_REGISTRY gstregistrychunks.c:740:gst_registry_chunks_load_feature: Added feature funnel, plugin 0x5577b7745cf0 coreelements
0:00:00.016265022  2763 0x557974116360 LOG   GST_POLL gstpoll.c:994:gst_poll_fd_ctl_write: 0x55797413ad30: pfd->events now 60 (POLLOUT:4)
0:00:00.020929629  2762 0x5577b7716360 DEBUG   GST_REGISTRY gstregistrychunks.c:582:gst_registry_chunks_load_feature: Plugin 'coreelements' feature 'filesrc' typename : 'GstElementFactory'
0:00:00.016274595  2763 0x557974116360 DEBUG   GST_POLL gstpoll.c:979:gst_poll_fd_ctl_write: 0x55797413ad30: fd (fd:0, idx:1), active : 1
0:00:00.016281652  2763 0x557974116360 LOG   GST_POLL gstpoll.c:994:gst_poll_fd_ctl_write: 0x55797413ad30: pfd->events now 60 (POLLOUT:4)
0:00:00.020939781  2762 0x5577b7716360 TRACE   GST_REFCOUNTING gstobject.c:208:gst_object_init: 0x5577b7742ce0 new
0:00:00.016288320  2763 0x557974116360 DEBUG   GST_POLL gstpoll.c:979:gst_poll_fd_ctl_write: 0x55797413ad30: fd (fd:0, idx:1), active : 1
0:00:00.016298115  2763 0x557974116360 LOG   GST_POLL gstpoll.c:994:gst_poll_fd_ctl_write: 0x55797413ad30: pfd->events now 60 (POLLOUT:4)
0:00:00.020956801  2762 0x5577b7716360 LOG   GST_REGISTRY gstregistrychunks.c:609:gst_registry_chunks_load_feature: Reading/casting for GstRegistryChunkElementFactory at address 0x5577b773d9b0
0:00:00.016306520  2763 0x557974116360 DEBUG   GST_POLL gstpoll.c:979:gst_poll_fd_ctl_write: 0x55797413ad30: fd (fd:0, idx:1), active : 1
0:00:00.020966123  2762 0x5577b7716360 TRACE   structure gststructure.c:292:gst_structure_new_id_empty_with_size: created structure 0x5577b7742fe0
0:00:00.016315580  2763 0x557974116360 LOG   GST_POLL gstpoll.c:994:gst_poll_fd_ctl_write: 0x55797413ad30: pfd->events now 60 (POLLOUT:4)
0:00:00.020979367  2762 0x5577b7716360 DEBUG   structure gststructure.c:2258:gst_structure_parse_field: trying field name 'long-name'
0:00:00.016323607  2763 0x557974116360 DEBUG   GST_POLL gstpoll.c:979:gst_poll_fd_ctl_write: 0x55797413ad30: fd (fd:0, idx:1), active : 1
0:00:00.020987200  2762 0x5577b7716360 DEBUG   default gstvalue.c:2776:_priv_gst_value_parse_value: trying type name 'string'
0:00:00.016329892  2763 0x557974116360 LOG   GST_POLL gstpoll.c:994:gst_poll_fd_ctl_write: 0x55797413ad30: pfd->events now 60 (POLLOUT:4)
0:00:00.020995338  2762 0x5577b7716360 DEBUG   structure gststructure.c:2258:gst_structure_parse_field: trying field name 'klass'
0:00:00.016340499  2763 0x557974116360 DEBUG   GST_POLL gstpoll.c:979:gst_poll_fd_ctl_write: 0x55797413ad30: fd (fd:0, idx:1), active : 1
0:00:00.021001798  2762 0x5577b7716360 DEBUG   default gstvalue.c:2776:_priv_gst_value_parse_value: trying type name 'string'
0:00:00.016347703  2763 0x557974116360 LOG   GST_POLL gstpoll.c:994:gst_poll_fd_ctl_write: 0x55797413ad30: pfd->events now 60 (POLLOUT:4)
0:00:00.021008777  2762 0x5577b7716360 DEBUG   structure gststructure.c:2258:gst_structure_parse_field: trying field name 'description'
0:00:00.016354211  2763 0x557974116360 DEBUG   GST_POLL gstpoll.c:979:gst_poll_fd_ctl_write: 0x55797413ad30: fd (fd:0, idx:1), active : 1
0:00:00.021016399  2762 0x5577b7716360 DEBUG   default gstvalue.c:2776:_priv_gst_value_parse_value: trying type name 'string'
0:00:00.016360270  2763 0x557974116360 LOG   GST_POLL gstpoll.c:994:gst_poll_fd_ctl_write: 0x55797413ad30: pfd->events now 60 (POLLOUT:4)
0:00:00.021024789  2762 0x5577b7716360 DEBUG   structure gststructure.c:2258:gst_structure_parse_field: trying field name 'author'
0:00:00.016369317  2763 0x557974116360 DEBUG   GST_POLL gstpoll.c:979:gst_poll_fd_ctl_write: 0x55797413ad30: fd (fd:0, idx:1), active : 1
0:00:00.021031296  2762 0x5577b7716360 DEBUG   default gstvalue.c:2776:_priv_gst_value_parse_value: trying type name 'string'
0:00:00.016377179  2763 0x557974116360 LOG   GST_POLL gstpoll.c:994:gst_poll_fd_ctl_write: 0x55797413ad30: pfd->events now 60 (POLLOUT:4)
0:00:00.021038302  2762 0x5577b7716360 DEBUG   GST_REGISTRY gstregistrychunks.c:626:gst_registry_chunks_load_feature: Element factory : npadtemplates=1
0:00:00.016384026  2763 0x557974116360 DEBUG   GST_POLL gstpoll.c:979:gst_poll_fd_ctl_write: 0x55797413ad30: fd (fd:0, idx:1), active : 1
0:00:00.021052090  2762 0x5577b7716360 DEBUG   GST_REGISTRY gstregistrychunks.c:525:gst_registry_chunks_load_pad_template: Reading/casting for GstRegistryChunkPadTemplate at address 0x5577b773da90
0:00:00.016394771  2763 0x557974116360 LOG   GST_POLL gstpoll.c:994:gst_poll_fd_ctl_write: 0x55797413ad30: pfd->events now 60 (POLLOUT:4)
0:00:00.021059510  2762 0x5577b7716360 DEBUG   GST_REGISTRY gstregistrychunks.c:539:gst_registry_chunks_load_pad_template: Added pad_template src
0:00:00.016405266  2763 0x557974116360 DEBUG   GST_POLL gstpoll.c:979:gst_poll_fd_ctl_write: 0x55797413ad30: fd (fd:0, idx:1), active : 1
0:00:00.021067057  2762 0x5577b7716360 DEBUG   GST_REGISTRY gstregistrychunks.c:639:gst_registry_chunks_load_feature: Reading 1 UriTypes at address 0x5577b773daa0
0:00:00.016412894  2763 0x557974116360 LOG   GST_POLL gstpoll.c:994:gst_poll_fd_ctl_write: 0x55797413ad30: pfd->events now 60 (POLLOUT:4)
0:00:00.021074139  2762 0x5577b7716360 DEBUG   GST_REGISTRY gstregistrychunks.c:654:gst_registry_chunks_load_feature: Reading 1 Interfaces at address 0x5577b773daa9
0:00:00.016419942  2763 0x557974116360 DEBUG   GST_POLL gstpoll.c:979:gst_poll_fd_ctl_write: 0x55797413ad30: fd (fd:0, idx:1), active : 1
0:00:00.016426619  2763 0x557974116360 LOG   GST_POLL gstpoll.c:994:gst_poll_fd_ctl_write: 0x55797413ad30: pfd->events now 60 (POLLOUT:4)
0:00:00.021085558  2762 0x5577b7716360 DEBUG   GST_REGISTRY gstregistry.c:589:gst_registry_add_feature: adding feature 0x5577b7742ce0 (filesrc)
0:00:00.016435411  2763 0x557974116360 DEBUG   GST_POLL gstpoll.c:979:gst_poll_fd_ctl_write: 0x55797413ad30: fd (fd:0, idx:1), active : 1
0:00:00.021095050  2762 0x5577b7716360 DEBUG   GST_REFCOUNTING gstobject.c:708:gst_object_set_parent: set parent (ref and sink)
0:00:00.016442841  2763 0x557974116360 LOG   GST_POLL gstpoll.c:994:gst_poll_fd_ctl_write: 0x55797413ad30: pfd->events now 60 (POLLOUT:4)
0:00:00.021104097  2762 0x5577b7716360 TRACE   GST_REFCOUNTING gstobject.c:292:gst_object_ref_sink: 0x5577b7742ce0 ref_sink 1->2
0:00:00.016449515  2763 0x557974116360 DEBUG   GST_POLL gstpoll.c:979:gst_poll_fd_ctl_write: 0x55797413ad30: fd (fd:0, idx:1), active : 1
0:00:00.021111077  2762 0x5577b7716360 LOG   GST_REGISTRY gstregistry.c:607:gst_registry_add_feature: emitting feature-added for filesrc
0:00:00.016455947  2763 0x557974116360 LOG   GST_POLL gstpoll.c:994:gst_poll_fd_ctl_write: 0x55797413ad30: pfd->events now 60 (POLLOUT:4)
0:00:00.021120708  2762 0x5577b7716360 DEBUG   GST_REGISTRY gstregistrychunks.c:740:gst_registry_chunks_load_feature: Added feature filesrc, plugin 0x5577b7745cf0 coreelements
0:00:00.016464812  2763 0x557974116360 DEBUG   GST_POLL gstpoll.c:979:gst_poll_fd_ctl_write: 0x55797413ad30: fd (fd:0, idx:1), active : 1
0:00:00.021128873  2762 0x5577b7716360 DEBUG   GST_REGISTRY gstregistrychunks.c:582:gst_registry_chunks_load_feature: Plugin 'coreelements' feature 'fdsink' typename : 'GstElementFactory'
0:00:00.016471951  2763 0x557974116360 LOG   GST_POLL gstpoll.c:994:gst_poll_fd_ctl_write: 0x55797413ad30: pfd->events now 60 (POLLOUT:4)
0:00:00.016483736  2763 0x557974116360 DEBUG   GST_POLL gstpoll.c:979:gst_poll_fd_ctl_write: 0x55797413ad30: fd (fd:0, idx:1), active : 1
0:00:00.021141873  2762 0x5577b7716360 TRACE   GST_REFCOUNTING gstobject.c:208:gst_object_init: 0x5577b7743490 new
0:00:00.016489363  2763 0x557974116360 LOG   GST_POLL gstpoll.c:994:gst_poll_fd_ctl_write: 0x55797413ad30: pfd->events now 60 (POLLOUT:4)
0:00:00.021151594  2762 0x5577b7716360 LOG   GST_REGISTRY gstregistrychunks.c:609:gst_registry_chunks_load_feature: Reading/casting for GstRegistryChunkElementFactory at address 0x5577b773dad0
0:00:00.016498208  2763 0x557974116360 DEBUG   GST_POLL gstpoll.c:979:gst_poll_fd_ctl_write: 0x55797413ad30: fd (fd:0, idx:1), active : 1
0:00:00.021160516  2762 0x5577b7716360 TRACE   structure gststructure.c:292:gst_structure_new_id_empty_with_size: created structure 0x5577b7743810
0:00:00.016505690  2763 0x557974116360 LOG   GST_POLL gstpoll.c:994:gst_poll_fd_ctl_write: 0x55797413ad30: pfd->events now 60 (POLLOUT:4)
0:00:00.021167863  2762 0x5577b7716360 DEBUG   structure gststructure.c:2258:gst_structure_parse_field: trying field name 'long-name'
0:00:00.016512366  2763 0x557974116360 DEBUG   GST_POLL gstpoll.c:979:gst_poll_fd_ctl_write: 0x55797413ad30: fd (fd:0, idx:1), active : 1
0:00:00.021174182  2762 0x5577b7716360 DEBUG   default gstvalue.c:2776:_priv_gst_value_parse_value: trying type name 'string'
0:00:00.016518436  2763 0x557974116360 LOG   GST_POLL gstpoll.c:994:gst_poll_fd_ctl_write: 0x55797413ad30: pfd->events now 60 (POLLOUT:4)
0:00:00.021180887  2762 0x5577b7716360 DEBUG   structure gststructure.c:2258:gst_structure_parse_field: trying field name 'klass'
0:00:00.016527131  2763 0x557974116360 DEBUG   GST_POLL gstpoll.c:979:gst_poll_fd_ctl_write: 0x55797413ad30: fd (fd:0, idx:1), active : 1
0:00:00.021188833  2762 0x5577b7716360 DEBUG   default gstvalue.c:2776:_priv_gst_value_parse_value: trying type name 'string'
0:00:00.016534200  2763 0x557974116360 LOG   GST_POLL gstpoll.c:994:gst_poll_fd_ctl_write: 0x55797413ad30: pfd->events now 60 (POLLOUT:4)
0:00:00.021196812  2762 0x5577b7716360 DEBUG   structure gststructure.c:2258:gst_structure_parse_field: trying field name 'description'
0:00:00.016540664  2763 0x557974116360 DEBUG   GST_POLL gstpoll.c:979:gst_poll_fd_ctl_write: 0x55797413ad30: fd (fd:0, idx:1), active : 1
0:00:00.021203272  2762 0x5577b7716360 DEBUG   default gstvalue.c:2776:_priv_gst_value_parse_value: trying type name 'string'
0:00:00.016546849  2763 0x557974116360 LOG   GST_POLL gstpoll.c:994:gst_poll_fd_ctl_write: 0x55797413ad30: pfd->events now 60 (POLLOUT:4)
0:00:00.021210328  2762 0x5577b7716360 DEBUG   structure gststructure.c:2258:gst_structure_parse_field: trying field name 'author'
0:00:00.016555330  2763 0x557974116360 DEBUG   GST_POLL gstpoll.c:979:gst_poll_fd_ctl_write: 0x55797413ad30: fd (fd:0, idx:1), active : 1
0:00:00.021218055  2762 0x5577b7716360 DEBUG   default gstvalue.c:2776:_priv_gst_value_parse_value: trying type name 'string'
0:00:00.016562261  2763 0x557974116360 LOG   GST_POLL gstpoll.c:994:gst_poll_fd_ctl_write: 0x55797413ad30: pfd->events now 60 (POLLOUT:4)
0:00:00.021246476  2762 0x5577b7716360 DEBUG   GST_REGISTRY gstregistrychunks.c:626:gst_registry_chunks_load_feature: Element factory : npadtemplates=1
0:00:00.016590892  2763 0x557974116360 DEBUG   GST_POLL gstpoll.c:979:gst_poll_fd_ctl_write: 0x55797413ad30: fd (fd:0, idx:1), active : 1
0:00:00.021258413  2762 0x5577b7716360 DEBUG   GST_REGISTRY gstregistrychunks.c:525:gst_registry_chunks_load_pad_template: Reading/casting for GstRegistryChunkPadTemplate at address 0x5577b773dbb0
0:00:00.016601931  2763 0x557974116360 LOG   GST_POLL gstpoll.c:994:gst_poll_fd_ctl_write: 0x55797413ad30: pfd->events now 60 (POLLOUT:4)
0:00:00.021271822  2762 0x5577b7716360 DEBUG   GST_REGISTRY gstregistrychunks.c:539:gst_registry_chunks_load_pad_template: Added pad_template sink
0:00:00.016615331  2763 0x557974116360 DEBUG   GST_POLL gstpoll.c:979:gst_poll_fd_ctl_write: 0x55797413ad30: fd (fd:0, idx:1), active : 1
0:00:00.021281859  2762 0x5577b7716360 DEBUG   GST_REGISTRY gstregistrychunks.c:639:gst_registry_chunks_load_feature: Reading 1 UriTypes at address 0x5577b773dbc1
0:00:00.016625050  2763 0x557974116360 LOG   GST_POLL gstpoll.c:994:gst_poll_fd_ctl_write: 0x55797413ad30: pfd->events now 60 (POLLOUT:4)
0:00:00.021288813  2762 0x5577b7716360 DEBUG   GST_REGISTRY gstregistrychunks.c:654:gst_registry_chunks_load_feature: Reading 1 Interfaces at address 0x5577b773dbcf
0:00:00.016631748  2763 0x557974116360 DEBUG   GST_POLL gstpoll.c:979:gst_poll_fd_ctl_write: 0x55797413ad30: fd (fd:0, idx:1), active : 1
0:00:00.021297166  2762 0x5577b7716360 DEBUG   GST_REGISTRY gstregistry.c:589:gst_registry_add_feature: adding feature 0x5577b7743490 (fdsink)
0:00:00.016639206  2763 0x557974116360 LOG   GST_POLL gstpoll.c:994:gst_poll_fd_ctl_write: 0x55797413ad30: pfd->events now 60 (POLLOUT:4)
0:00:00.021305857  2762 0x5577b7716360 DEBUG   GST_REFCOUNTING gstobject.c:708:gst_object_set_parent: set parent (ref and sink)
0:00:00.016650740  2763 0x557974116360 DEBUG   GST_POLL gstpoll.c:979:gst_poll_fd_ctl_write: 0x55797413ad30: fd (fd:0, idx:1), active : 1
0:00:00.021315468  2762 0x5577b7716360 TRACE   GST_REFCOUNTING gstobject.c:292:gst_object_ref_sink: 0x5577b7743490 ref_sink 1->2
0:00:00.016657832  2763 0x557974116360 LOG   GST_POLL gstpoll.c:994:gst_poll_fd_ctl_write: 0x55797413ad30: pfd->events now 60 (POLLOUT:4)
0:00:00.021323040  2762 0x5577b7716360 LOG   GST_REGISTRY gstregistry.c:607:gst_registry_add_feature: emitting feature-added for fdsink
0:00:00.016666354  2763 0x557974116360 DEBUG   GST_POLL gstpoll.c:979:gst_poll_fd_ctl_write: 0x55797413ad30: fd (fd:0, idx:1), active : 1
0:00:00.021330697  2762 0x5577b7716360 DEBUG   GST_REGISTRY gstregistrychunks.c:740:gst_registry_chunks_load_feature: Added feature fdsink, plugin 0x5577b7745cf0 coreelements
0:00:00.016673036  2763 0x557974116360 LOG   GST_POLL gstpoll.c:994:gst_poll_fd_ctl_write: 0x55797413ad30: pfd->events now 60 (POLLOUT:4)
0:00:00.021339460  2762 0x5577b7716360 DEBUG   GST_REGISTRY gstregistrychunks.c:582:gst_registry_chunks_load_feature: Plugin 'coreelements' feature 'fdsrc' typename : 'GstElementFactory'
0:00:00.016690931  2763 0x557974116360 DEBUG   GST_POLL gstpoll.c:979:gst_poll_fd_ctl_write: 0x55797413ad30: fd (fd:0, idx:1), active : 1
0:00:00.021352810  2762 0x5577b7716360 TRACE   GST_REFCOUNTING gstobject.c:208:gst_object_init: 0x5577b77478f0 new
0:00:00.016697790  2763 0x557974116360 LOG   GST_POLL gstpoll.c:994:gst_poll_fd_ctl_write: 0x55797413ad30: pfd->events now 60 (POLLOUT:4)
0:00:00.021361469  2762 0x5577b7716360 LOG   GST_REGISTRY gstregistrychunks.c:609:gst_registry_chunks_load_feature: Reading/casting for GstRegistryChunkElementFactory at address 0x5577b773dbf8
0:00:00.016704533  2763 0x557974116360 DEBUG   GST_POLL gstpoll.c:979:gst_poll_fd_ctl_write: 0x55797413ad30: fd (fd:0, idx:1), active : 1
0:00:00.021368527  2762 0x5577b7716360 TRACE   structure gststructure.c:292:gst_structure_new_id_empty_with_size: created structure 0x5577b7747b20
0:00:00.016711430  2763 0x557974116360 LOG   GST_POLL gstpoll.c:994:gst_poll_fd_ctl_write: 0x55797413ad30: pfd->events now 60 (POLLOUT:4)
0:00:00.021376661  2762 0x5577b7716360 DEBUG   structure gststructure.c:2258:gst_structure_parse_field: trying field name 'long-name'
0:00:00.016721338  2763 0x557974116360 DEBUG   GST_POLL gstpoll.c:979:gst_poll_fd_ctl_write: 0x55797413ad30: fd (fd:0, idx:1), active : 1
0:00:00.021384309  2762 0x5577b7716360 DEBUG   default gstvalue.c:2776:_priv_gst_value_parse_value: trying type name 'string'
0:00:00.016728265  2763 0x557974116360 LOG   GST_POLL gstpoll.c:994:gst_poll_fd_ctl_write: 0x55797413ad30: pfd->events now 60 (POLLOUT:4)
0:00:00.021391582  2762 0x5577b7716360 DEBUG   structure gststructure.c:2258:gst_structure_parse_field: trying field name 'klass'
0:00:00.016735024  2763 0x557974116360 DEBUG   GST_POLL gstpoll.c:979:gst_poll_fd_ctl_write: 0x55797413ad30: fd (fd:0, idx:1), active : 1
0:00:00.021398202  2762 0x5577b7716360 DEBUG   default gstvalue.c:2776:_priv_gst_value_parse_value: trying type name 'string'
0:00:00.016741764  2763 0x557974116360 LOG   GST_POLL gstpoll.c:994:gst_poll_fd_ctl_write: 0x55797413ad30: pfd->events now 60 (POLLOUT:4)
0:00:00.021406849  2762 0x5577b7716360 DEBUG   structure gststructure.c:2258:gst_structure_parse_field: trying field name 'description'
0:00:00.016751050  2763 0x557974116360 DEBUG   GST_POLL gstpoll.c:979:gst_poll_fd_ctl_write: 0x55797413ad30: fd (fd:0, idx:1), active : 1
0:00:00.021413869  2762 0x5577b7716360 DEBUG   default gstvalue.c:2776:_priv_gst_value_parse_value: trying type name 'string'
0:00:00.016757654  2763 0x557974116360 LOG   GST_POLL gstpoll.c:994:gst_poll_fd_ctl_write: 0x55797413ad30: pfd->events now 60 (POLLOUT:4)
0:00:00.021420776  2762 0x5577b7716360 DEBUG   structure gststructure.c:2258:gst_structure_parse_field: trying field name 'author'
0:00:00.016764283  2763 0x557974116360 DEBUG   GST_POLL gstpoll.c:979:gst_poll_fd_ctl_write: 0x55797413ad30: fd (fd:0, idx:1), active : 1
0:00:00.021426926  2762 0x5577b7716360 DEBUG   default gstvalue.c:2776:_priv_gst_value_parse_value: trying type name 'string'
0:00:00.016770554  2763 0x557974116360 LOG   GST_POLL gstpoll.c:994:gst_poll_fd_ctl_write: 0x55797413ad30: pfd->events now 60 (POLLOUT:4)
0:00:00.021442540  2762 0x5577b7716360 DEBUG   GST_REGISTRY gstregistrychunks.c:626:gst_registry_chunks_load_feature: Element factory : npadtemplates=1
0:00:00.016786406  2763 0x557974116360 DEBUG   GST_POLL gstpoll.c:979:gst_poll_fd_ctl_write: 0x55797413ad30: fd (fd:0, idx:1), active : 1
0:00:00.021449898  2762 0x5577b7716360 DEBUG   GST_REGISTRY gstregistrychunks.c:525:gst_registry_chunks_load_pad_template: Reading/casting for GstRegistryChunkPadTemplate at address 0x5577b773dcd8
0:00:00.016793555  2763 0x557974116360 LOG   GST_POLL gstpoll.c:994:gst_poll_fd_ctl_write: 0x55797413ad30: pfd->events now 60 (POLLOUT:4)
0:00:00.021456489  2762 0x5577b7716360 DEBUG   GST_REGISTRY gstregistrychunks.c:539:gst_registry_chunks_load_pad_template: Added pad_template src
0:00:00.016800304  2763 0x557974116360 DEBUG   GST_POLL gstpoll.c:979:gst_poll_fd_ctl_write: 0x55797413ad30: fd (fd:0, idx:1), active : 1
0:00:00.021462945  2762 0x5577b7716360 DEBUG   GST_REGISTRY gstregistrychunks.c:639:gst_registry_chunks_load_feature: Reading 1 UriTypes at address 0x5577b773dce8
0:00:00.016806359  2763 0x557974116360 LOG   GST_POLL gstpoll.c:994:gst_poll_fd_ctl_write: 0x55797413ad30: pfd->events now 60 (POLLOUT:4)
0:00:00.021471322  2762 0x5577b7716360 DEBUG   GST_REGISTRY gstregistrychunks.c:654:gst_registry_chunks_load_feature: Reading 1 Interfaces at address 0x5577b773dcef
0:00:00.016815509  2763 0x557974116360 DEBUG   GST_POLL gstpoll.c:979:gst_poll_fd_ctl_write: 0x55797413ad30: fd (fd:0, idx:1), active : 1
0:00:00.021480521  2762 0x5577b7716360 DEBUG   GST_REGISTRY gstregistry.c:589:gst_registry_add_feature: adding feature 0x5577b77478f0 (fdsrc)
0:00:00.016822371  2763 0x557974116360 LOG   GST_POLL gstpoll.c:994:gst_poll_fd_ctl_write: 0x55797413ad30: pfd->events now 60 (POLLOUT:4)
0:00:00.021487148  2762 0x5577b7716360 DEBUG   GST_REFCOUNTING gstobject.c:708:gst_object_set_parent: set parent (ref and sink)
0:00:00.016831366  2763 0x557974116360 DEBUG   GST_POLL gstpoll.c:979:gst_poll_fd_ctl_write: 0x55797413ad30: fd (fd:0, idx:1), active : 1
0:00:00.016837399  2763 0x557974116360 LOG   GST_POLL gstpoll.c:994:gst_poll_fd_ctl_write: 0x55797413ad30: pfd->events now 60 (POLLOUT:4)
0:00:00.021498725  2762 0x5577b7716360 TRACE   GST_REFCOUNTING gstobject.c:292:gst_object_ref_sink: 0x5577b77478f0 ref_sink 1->2
0:00:00.016846289  2763 0x557974116360 DEBUG   GST_POLL gstpoll.c:979:gst_poll_fd_ctl_write: 0x55797413ad30: fd (fd:0, idx:1), active : 1
0:00:00.021508655  2762 0x5577b7716360 LOG   GST_REGISTRY gstregistry.c:607:gst_registry_add_feature: emitting feature-added for fdsrc
0:00:00.016852976  2763 0x557974116360 LOG   GST_POLL gstpoll.c:994:gst_poll_fd_ctl_write: 0x55797413ad30: pfd->events now 60 (POLLOUT:4)
0:00:00.021516561  2762 0x5577b7716360 DEBUG   GST_REGISTRY gstregistrychunks.c:740:gst_registry_chunks_load_feature: Added feature fdsrc, plugin 0x5577b7745cf0 coreelements
0:00:00.016859529  2763 0x557974116360 DEBUG   GST_POLL gstpoll.c:979:gst_poll_fd_ctl_write: 0x55797413ad30: fd (fd:0, idx:1), active : 1
0:00:00.021528290  2762 0x5577b7716360 DEBUG   GST_REGISTRY gstregistrychunks.c:582:gst_registry_chunks_load_feature: Plugin 'coreelements' feature 'fakesink' typename : 'GstElementFactory'
0:00:00.016871413  2763 0x557974116360 LOG   GST_POLL gstpoll.c:994:gst_poll_fd_ctl_write: 0x55797413ad30: pfd->events now 60 (POLLOUT:4)
0:00:00.021536757  2762 0x5577b7716360 TRACE   GST_REFCOUNTING gstobject.c:208:gst_object_init: 0x5577b7747fa0 new
0:00:00.016881088  2763 0x557974116360 DEBUG   GST_POLL gstpoll.c:979:gst_poll_fd_ctl_write: 0x55797413ad30: fd (fd:0, idx:1), active : 1
0:00:00.021548473  2762 0x5577b7716360 LOG   GST_REGISTRY gstregistrychunks.c:609:gst_registry_chunks_load_feature: Reading/casting for GstRegistryChunkElementFactory at address 0x5577b773dd18
0:00:00.016895154  2763 0x557974116360 LOG   GST_POLL gstpoll.c:994:gst_poll_fd_ctl_write: 0x55797413ad30: pfd->events now 60 (POLLOUT:4)
0:00:00.021555863  2762 0x5577b7716360 TRACE   structure gststructure.c:292:gst_structure_new_id_empty_with_size: created structure 0x5577b77481d0
0:00:00.016901948  2763 0x557974116360 DEBUG   GST_POLL gstpoll.c:979:gst_poll_fd_ctl_write: 0x55797413ad30: fd (fd:0, idx:1), active : 1
0:00:00.021562230  2762 0x5577b7716360 DEBUG   structure gststructure.c:2258:gst_structure_parse_field: trying field name 'long-name'
0:00:00.016910021  2763 0x557974116360 LOG   GST_POLL gstpoll.c:994:gst_poll_fd_ctl_write: 0x55797413ad30: pfd->events now 60 (POLLOUT:4)
0:00:00.021569501  2762 0x5577b7716360 DEBUG   default gstvalue.c:2776:_priv_gst_value_parse_value: trying type name 'string'
0:00:00.016918208  2763 0x557974116360 DEBUG   GST_POLL gstpoll.c:979:gst_poll_fd_ctl_write: 0x55797413ad30: fd (fd:0, idx:1), active : 1
0:00:00.021580653  2762 0x5577b7716360 DEBUG   structure gststructure.c:2258:gst_structure_parse_field: trying field name 'klass'
0:00:00.016924511  2763 0x557974116360 LOG   GST_POLL gstpoll.c:994:gst_poll_fd_ctl_write: 0x55797413ad30: pfd->events now 60 (POLLOUT:4)
0:00:00.021593020  2762 0x5577b7716360 DEBUG   default gstvalue.c:2776:_priv_gst_value_parse_value: trying type name 'string'
0:00:00.016936574  2763 0x557974116360 DEBUG   GST_POLL gstpoll.c:979:gst_poll_fd_ctl_write: 0x55797413ad30: fd (fd:0, idx:1), active : 1
0:00:00.021599902  2762 0x5577b7716360 DEBUG   structure gststructure.c:2258:gst_structure_parse_field: trying field name 'description'
0:00:00.016944697  2763 0x557974116360 LOG   GST_POLL gstpoll.c:994:gst_poll_fd_ctl_write: 0x55797413ad30: pfd->events now 60 (POLLOUT:4)
0:00:00.021606244  2762 0x5577b7716360 DEBUG   default gstvalue.c:2776:_priv_gst_value_parse_value: trying type name 'string'
0:00:00.016952677  2763 0x557974116360 DEBUG   GST_POLL gstpoll.c:979:gst_poll_fd_ctl_write: 0x55797413ad30: fd (fd:0, idx:1), active : 1
0:00:00.021615742  2762 0x5577b7716360 DEBUG   structure gststructure.c:2258:gst_structure_parse_field: trying field name 'author'
0:00:00.016959271  2763 0x557974116360 LOG   GST_POLL gstpoll.c:994:gst_poll_fd_ctl_write: 0x55797413ad30: pfd->events now 60 (POLLOUT:4)
0:00:00.021622861  2762 0x5577b7716360 DEBUG   default gstvalue.c:2776:_priv_gst_value_parse_value: trying type name 'string'
0:00:00.016974283  2763 0x557974116360 DEBUG   GST_POLL gstpoll.c:979:gst_poll_fd_ctl_write: 0x55797413ad30: fd (fd:0, idx:1), active : 1
0:00:00.021636543  2762 0x5577b7716360 DEBUG   GST_REGISTRY gstregistrychunks.c:626:gst_registry_chunks_load_feature: Element factory : npadtemplates=1
0:00:00.016982531  2763 0x557974116360 LOG   GST_POLL gstpoll.c:994:gst_poll_fd_ctl_write: 0x55797413ad30: pfd->events now 60 (POLLOUT:4)
0:00:00.021642787  2762 0x5577b7716360 DEBUG   GST_REGISTRY gstregistrychunks.c:525:gst_registry_chunks_load_pad_template: Reading/casting for GstRegistryChunkPadTemplate at address 0x5577b773de40
0:00:00.016990060  2763 0x557974116360 DEBUG   GST_POLL gstpoll.c:979:gst_poll_fd_ctl_write: 0x55797413ad30: fd (fd:0, idx:1), active : 1
0:00:00.021651739  2762 0x5577b7716360 DEBUG   GST_REGISTRY gstregistrychunks.c:539:gst_registry_chunks_load_pad_template: Added pad_template sink
0:00:00.016996637  2763 0x557974116360 LOG   GST_POLL gstpoll.c:994:gst_poll_fd_ctl_write: 0x55797413ad30: pfd->events now 60 (POLLOUT:4)
0:00:00.021659963  2762 0x5577b7716360 DEBUG   GST_REGISTRY gstregistry.c:589:gst_registry_add_feature: adding feature 0x5577b7747fa0 (fakesink)
0:00:00.017002980  2763 0x557974116360 DEBUG   GST_POLL gstpoll.c:979:gst_poll_fd_ctl_write: 0x55797413ad30: fd (fd:0, idx:1), active : 1
