0:00:00.021666382  2762 0x5577b7716360 DEBUG   GST_REFCOUNTING gstobject.c:708:gst_object_set_parent: set parent (ref and sink)
0:00:00.017011610  2763 0x557974116360 LOG   GST_POLL gstpoll.c:994:gst_poll_fd_ctl_write: 0x55797413ad30: pfd->events now 60 (POLLOUT:4)
0:00:00.021674127  2762 0x5577b7716360 TRACE   GST_REFCOUNTING gstobject.c:292:gst_object_ref_sink: 0x5577b7747fa0 ref_sink 1->2
0:00:00.017019126  2763 0x557974116360 DEBUG   GST_POLL gstpoll.c:979:gst_poll_fd_ctl_write: 0x55797413ad30: fd (fd:0, idx:1), active : 1
0:00:00.021683549  2762 0x5577b7716360 LOG   GST_REGISTRY gstregistry.c:607:gst_registry_add_feature: emitting feature-added for fakesink
0:00:00.017025852  2763 0x557974116360 LOG   GST_POLL gstpoll.c:994:gst_poll_fd_ctl_write: 0x55797413ad30: pfd->events now 60 (POLLOUT:4)
0:00:00.021691521  2762 0x5577b7716360 DEBUG   GST_REGISTRY gstregistrychunks.c:740:gst_registry_chunks_load_feature: Added feature fakesink, plugin 0x5577b7745cf0 coreelements
0:00:00.017034761  2763 0x557974116360 DEBUG   GST_POLL gstpoll.c:979:gst_poll_fd_ctl_write: 0x55797413ad30: fd (fd:0, idx:1), active : 1
0:00:00.021698658  2762 0x5577b7716360 DEBUG   GST_REGISTRY gstregistrychunks.c:582:gst_registry_chunks_load_feature: Plugin 'coreelements' feature 'fakesrc' typename : 'GstElementFactory'
0:00:00.017043314  2763 0x557974116360 LOG   GST_POLL gstpoll.c:994:gst_poll_fd_ctl_write: 0x55797413ad30: pfd->events now 60 (POLLOUT:4)
0:00:00.021706772  2762 0x5577b7716360 TRACE   GST_REFCOUNTING gstobject.c:208:gst_object_init: 0x5577b7748530 new
0:00:00.017050677  2763 0x557974116360 DEBUG   GST_POLL gstpoll.c:979:gst_poll_fd_ctl_write: 0x55797413ad30: fd (fd:0, idx:1), active : 1
0:00:00.017065394  2763 0x557974116360 LOG   GST_POLL gstpoll.c:994:gst_poll_fd_ctl_write: 0x55797413ad30: pfd->events now 60 (POLLOUT:4)
0:00:00.021723978  2762 0x5577b7716360 LOG   GST_REGISTRY gstregistrychunks.c:609:gst_registry_chunks_load_feature: Reading/casting for GstRegistryChunkElementFactory at address 0x5577b773de70
0:00:00.017070994  2763 0x557974116360 DEBUG   GST_POLL gstpoll.c:979:gst_poll_fd_ctl_write: 0x55797413ad30: fd (fd:0, idx:1), active : 1
0:00:00.021732434  2762 0x5577b7716360 TRACE   structure gststructure.c:292:gst_structure_new_id_empty_with_size: created structure 0x5577b7748620
0:00:00.017079715  2763 0x557974116360 LOG   GST_POLL gstpoll.c:994:gst_poll_fd_ctl_write: 0x55797413ad30: pfd->events now 60 (POLLOUT:4)
0:00:00.021739102  2762 0x5577b7716360 DEBUG   structure gststructure.c:2258:gst_structure_parse_field: trying field name 'long-name'
0:00:00.017087284  2763 0x557974116360 DEBUG   GST_POLL gstpoll.c:979:gst_poll_fd_ctl_write: 0x55797413ad30: fd (fd:0, idx:1), active : 1
0:00:00.021747498  2762 0x5577b7716360 DEBUG   default gstvalue.c:2776:_priv_gst_value_parse_value: trying type name 'string'
0:00:00.017093693  2763 0x557974116360 LOG   GST_POLL gstpoll.c:994:gst_poll_fd_ctl_write: 0x55797413ad30: pfd->events now 60 (POLLOUT:4)
0:00:00.021756645  2762 0x5577b7716360 DEBUG   structure gststructure.c:2258:gst_structure_parse_field: trying field name 'klass'
0:00:00.017100191  2763 0x557974116360 DEBUG   GST_POLL gstpoll.c:979:gst_poll_fd_ctl_write: 0x55797413ad30: fd (fd:0, idx:1), active : 1
0:00:00.021763416  2762 0x5577b7716360 DEBUG   default gstvalue.c:2776:_priv_gst_value_parse_value: trying type name 'string'
0:00:00.017108440  2763 0x557974116360 LOG   GST_POLL gstpoll.c:994:gst_poll_fd_ctl_write: 0x55797413ad30: pfd->events now 60 (POLLOUT:4)
0:00:00.021770118  2762 0x5577b7716360 DEBUG   structure gststructure.c:2258:gst_structure_parse_field: trying field name 'description'
0:00:00.017116240  2763 0x557974116360 DEBUG   GST_POLL gstpoll.c:979:gst_poll_fd_ctl_write: 0x55797413ad30: fd (fd:0, idx:1), active : 1
0:00:00.021776485  2762 0x5577b7716360 DEBUG   default gstvalue.c:2776:_priv_gst_value_parse_value: trying type name 'string'
0:00:00.017122463  2763 0x557974116360 LOG   GST_POLL gstpoll.c:994:gst_poll_fd_ctl_write: 0x55797413ad30: pfd->events now 60 (POLLOUT:4)
0:00:00.021785958  2762 0x5577b7716360 DEBUG   structure gststructure.c:2258:gst_structure_parse_field: trying field name 'author'
0:00:00.017128846  2763 0x557974116360 DEBUG   GST_POLL gstpoll.c:979:gst_poll_fd_ctl_write: 0x55797413ad30: fd (fd:0, idx:1), active : 1
0:00:00.021792670  2762 0x5577b7716360 DEBUG   default gstvalue.c:2776:_priv_gst_value_parse_value: trying type name 'string'
0:00:00.017138240  2763 0x557974116360 LOG   GST_POLL gstpoll.c:994:gst_poll_fd_ctl_write: 0x55797413ad30: pfd->events now 60 (POLLOUT:4)
0:00:00.021800440  2762 0x5577b7716360 DEBUG   GST_REGISTRY gstregistrychunks.c:626:gst_registry_chunks_load_feature: Element factory : npadtemplates=1
0:00:00.017145793  2763 0x557974116360 DEBUG   GST_POLL gstpoll.c:979:gst_poll_fd_ctl_write: 0x55797413ad30: fd (fd:0, idx:1), active : 1
0:00:00.021812069  2762 0x5577b7716360 DEBUG   GST_REGISTRY gstregistrychunks.c:525:gst_registry_chunks_load_pad_template: Reading/casting for GstRegistryChunkPadTemplate at address 0x5577b773df70
0:00:00.017155923  2763 0x557974116360 LOG   GST_POLL gstpoll.c:994:gst_poll_fd_ctl_write: 0x55797413ad30: pfd->events now 60 (POLLOUT:4)
0:00:00.021820718  2762 0x5577b7716360 DEBUG   GST_REGISTRY gstregistrychunks.c:539:gst_registry_chunks_load_pad_template: Added pad_template src
0:00:00.017163967  2763 0x557974116360 DEBUG   GST_POLL gstpoll.c:979:gst_poll_fd_ctl_write: 0x55797413ad30: fd (fd:0, idx:1), active : 1
0:00:00.021829822  2762 0x5577b7716360 DEBUG   GST_REGISTRY gstregistry.c:589:gst_registry_add_feature: adding feature 0x5577b7748530 (fakesrc)
0:00:00.017172760  2763 0x557974116360 LOG   GST_POLL gstpoll.c:994:gst_poll_fd_ctl_write: 0x55797413ad30: pfd->events now 60 (POLLOUT:4)
0:00:00.021836131  2762 0x5577b7716360 DEBUG   GST_REFCOUNTING gstobject.c:708:gst_object_set_parent: set parent (ref and sink)
0:00:00.017180394  2763 0x557974116360 DEBUG   GST_POLL gstpoll.c:979:gst_poll_fd_ctl_write: 0x55797413ad30: fd (fd:0, idx:1), active : 1
0:00:00.017186591  2763 0x557974116360 LOG   GST_POLL gstpoll.c:994:gst_poll_fd_ctl_write: 0x55797413ad30: pfd->events now 60 (POLLOUT:4)
0:00:00.021843706  2762 0x5577b7716360 TRACE   GST_REFCOUNTING gstobject.c:292:gst_object_ref_sink: 0x5577b7748530 ref_sink 1->2
0:00:00.017192600  2763 0x557974116360 DEBUG   GST_POLL gstpoll.c:979:gst_poll_fd_ctl_write: 0x55797413ad30: fd (fd:0, idx:1), active : 1
0:00:00.021854678  2762 0x5577b7716360 LOG   GST_REGISTRY gstregistry.c:607:gst_registry_add_feature: emitting feature-added for fakesrc
0:00:00.017200814  2763 0x557974116360 LOG   GST_POLL gstpoll.c:994:gst_poll_fd_ctl_write: 0x55797413ad30: pfd->events now 60 (POLLOUT:4)
0:00:00.021862214  2762 0x5577b7716360 DEBUG   GST_REGISTRY gstregistrychunks.c:740:gst_registry_chunks_load_feature: Added feature fakesrc, plugin 0x5577b7745cf0 coreelements
0:00:00.017208071  2763 0x557974116360 DEBUG   GST_POLL gstpoll.c:979:gst_poll_fd_ctl_write: 0x55797413ad30: fd (fd:0, idx:1), active : 1
0:00:00.021868945  2762 0x5577b7716360 DEBUG   GST_REGISTRY gstregistrychunks.c:582:gst_registry_chunks_load_feature: Plugin 'coreelements' feature 'downloadbuffer' typename : 'GstElementFactory'
0:00:00.017214790  2763 0x557974116360 LOG   GST_POLL gstpoll.c:994:gst_poll_fd_ctl_write: 0x55797413ad30: pfd->events now 60 (POLLOUT:4)
0:00:00.021877390  2762 0x5577b7716360 TRACE   GST_REFCOUNTING gstobject.c:208:gst_object_init: 0x5577b7748a70 new
0:00:00.017221491  2763 0x557974116360 DEBUG   GST_POLL gstpoll.c:979:gst_poll_fd_ctl_write: 0x55797413ad30: fd (fd:0, idx:1), active : 1
0:00:00.021888339  2762 0x5577b7716360 LOG   GST_REGISTRY gstregistrychunks.c:609:gst_registry_chunks_load_feature: Reading/casting for GstRegistryChunkElementFactory at address 0x5577b773dfa8
0:00:00.017231905  2763 0x557974116360 LOG   GST_POLL gstpoll.c:994:gst_poll_fd_ctl_write: 0x55797413ad30: pfd->events now 60 (POLLOUT:4)
0:00:00.021901048  2762 0x5577b7716360 TRACE   structure gststructure.c:292:gst_structure_new_id_empty_with_size: created structure 0x5577b7748d70
0:00:00.017244571  2763 0x557974116360 DEBUG   GST_POLL gstpoll.c:979:gst_poll_fd_ctl_write: 0x55797413ad30: fd (fd:0, idx:1), active : 1
0:00:00.021907465  2762 0x5577b7716360 DEBUG   structure gststructure.c:2258:gst_structure_parse_field: trying field name 'long-name'
0:00:00.017251211  2763 0x557974116360 LOG   GST_POLL gstpoll.c:994:gst_poll_fd_ctl_write: 0x55797413ad30: pfd->events now 60 (POLLOUT:4)
0:00:00.021913662  2762 0x5577b7716360 DEBUG   default gstvalue.c:2776:_priv_gst_value_parse_value: trying type name 'string'
0:00:00.017257814  2763 0x557974116360 DEBUG   GST_POLL gstpoll.c:979:gst_poll_fd_ctl_write: 0x55797413ad30: fd (fd:0, idx:1), active : 1
0:00:00.021923504  2762 0x5577b7716360 DEBUG   structure gststructure.c:2258:gst_structure_parse_field: trying field name 'klass'
0:00:00.017267296  2763 0x557974116360 LOG   GST_POLL gstpoll.c:994:gst_poll_fd_ctl_write: 0x55797413ad30: pfd->events now 60 (POLLOUT:4)
0:00:00.021930293  2762 0x5577b7716360 DEBUG   default gstvalue.c:2776:_priv_gst_value_parse_value: trying type name 'string'
0:00:00.017274794  2763 0x557974116360 DEBUG   GST_POLL gstpoll.c:979:gst_poll_fd_ctl_write: 0x55797413ad30: fd (fd:0, idx:1), active : 1
0:00:00.021937099  2762 0x5577b7716360 DEBUG   structure gststructure.c:2258:gst_structure_parse_field: trying field name 'description'
0:00:00.017280948  2763 0x557974116360 LOG   GST_POLL gstpoll.c:994:gst_poll_fd_ctl_write: 0x55797413ad30: pfd->events now 60 (POLLOUT:4)
0:00:00.021943112  2762 0x5577b7716360 DEBUG   default gstvalue.c:2776:_priv_gst_value_parse_value: trying type name 'string'
0:00:00.017288172  2763 0x557974116360 LOG   GST_PLUGIN_LOADING gstpluginloader.c:644:put_chunk: Expanding tx buf from 13209 to 17023 for chunk of size 229
0:00:00.021952921  2762 0x5577b7716360 DEBUG   structure gststructure.c:2258:gst_structure_parse_field: trying field name 'author'
0:00:00.017302585  2763 0x557974116360 DEBUG   GST_POLL gstpoll.c:979:gst_poll_fd_ctl_write: 0x55797413ad30: fd (fd:0, idx:1), active : 1
0:00:00.021963090  2762 0x5577b7716360 DEBUG   default gstvalue.c:2776:_priv_gst_value_parse_value: trying type name 'string'
0:00:00.017310197  2763 0x557974116360 LOG   GST_POLL gstpoll.c:994:gst_poll_fd_ctl_write: 0x55797413ad30: pfd->events now 60 (POLLOUT:4)
0:00:00.021971562  2762 0x5577b7716360 DEBUG   GST_REGISTRY gstregistrychunks.c:626:gst_registry_chunks_load_feature: Element factory : npadtemplates=2
0:00:00.017317005  2763 0x557974116360 DEBUG   GST_POLL gstpoll.c:979:gst_poll_fd_ctl_write: 0x55797413ad30: fd (fd:0, idx:1), active : 1
0:00:00.021979235  2762 0x5577b7716360 DEBUG   GST_REGISTRY gstregistrychunks.c:525:gst_registry_chunks_load_pad_template: Reading/casting for GstRegistryChunkPadTemplate at address 0x5577b773e070
0:00:00.017323223  2763 0x557974116360 LOG   GST_POLL gstpoll.c:994:gst_poll_fd_ctl_write: 0x55797413ad30: pfd->events now 60 (POLLOUT:4)
0:00:00.021991548  2762 0x5577b7716360 DEBUG   GST_REGISTRY gstregistrychunks.c:539:gst_registry_chunks_load_pad_template: Added pad_template sink
0:00:00.017337028  2763 0x557974116360 DEBUG   GST_POLL gstpoll.c:979:gst_poll_fd_ctl_write: 0x55797413ad30: fd (fd:0, idx:1), active : 1
0:00:00.021997875  2762 0x5577b7716360 DEBUG   GST_REGISTRY gstregistrychunks.c:525:gst_registry_chunks_load_pad_template: Reading/casting for GstRegistryChunkPadTemplate at address 0x5577b773e088
0:00:00.017343880  2763 0x557974116360 LOG   GST_POLL gstpoll.c:994:gst_poll_fd_ctl_write: 0x55797413ad30: pfd->events now 60 (POLLOUT:4)
0:00:00.022004418  2762 0x5577b7716360 DEBUG   GST_REGISTRY gstregistrychunks.c:539:gst_registry_chunks_load_pad_template: Added pad_template src
0:00:00.017350735  2763 0x557974116360 DEBUG   GST_POLL gstpoll.c:979:gst_poll_fd_ctl_write: 0x55797413ad30: fd (fd:0, idx:1), active : 1
0:00:00.022014313  2762 0x5577b7716360 DEBUG   GST_REGISTRY gstregistry.c:589:gst_registry_add_feature: adding feature 0x5577b7748a70 (downloadbuffer)
0:00:00.017356864  2763 0x557974116360 LOG   GST_POLL gstpoll.c:994:gst_poll_fd_ctl_write: 0x55797413ad30: pfd->events now 60 (POLLOUT:4)
0:00:00.022021917  2762 0x5577b7716360 DEBUG   GST_REFCOUNTING gstobject.c:708:gst_object_set_parent: set parent (ref and sink)
0:00:00.017366873  2763 0x557974116360 DEBUG   GST_POLL gstpoll.c:979:gst_poll_fd_ctl_write: 0x55797413ad30: fd (fd:0, idx:1), active : 1
0:00:00.022029969  2762 0x5577b7716360 TRACE   GST_REFCOUNTING gstobject.c:292:gst_object_ref_sink: 0x5577b7748a70 ref_sink 1->2
0:00:00.017373793  2763 0x557974116360 LOG   GST_POLL gstpoll.c:994:gst_poll_fd_ctl_write: 0x55797413ad30: pfd->events now 60 (POLLOUT:4)
0:00:00.022036978  2762 0x5577b7716360 LOG   GST_REGISTRY gstregistry.c:607:gst_registry_add_feature: emitting feature-added for downloadbuffer
0:00:00.017380416  2763 0x557974116360 DEBUG   GST_POLL gstpoll.c:979:gst_poll_fd_ctl_write: 0x55797413ad30: fd (fd:0, idx:1), active : 1
0:00:00.022045659  2762 0x5577b7716360 DEBUG   GST_REGISTRY gstregistrychunks.c:740:gst_registry_chunks_load_feature: Added feature downloadbuffer, plugin 0x5577b7745cf0 coreelements
0:00:00.017387504  2763 0x557974116360 LOG   GST_POLL gstpoll.c:994:gst_poll_fd_ctl_write: 0x55797413ad30: pfd->events now 60 (POLLOUT:4)
0:00:00.022053285  2762 0x5577b7716360 DEBUG   GST_REGISTRY gstregistrychunks.c:582:gst_registry_chunks_load_feature: Plugin 'coreelements' feature 'dataurisrc' typename : 'GstElementFactory'
0:00:00.017397972  2763 0x557974116360 DEBUG   GST_POLL gstpoll.c:979:gst_poll_fd_ctl_write: 0x55797413ad30: fd (fd:0, idx:1), active : 1
0:00:00.022062589  2762 0x5577b7716360 TRACE   GST_REFCOUNTING gstobject.c:208:gst_object_init: 0x5577b7749250 new
0:00:00.017404697  2763 0x557974116360 LOG   GST_POLL gstpoll.c:994:gst_poll_fd_ctl_write: 0x55797413ad30: pfd->events now 60 (POLLOUT:4)
0:00:00.022070901  2762 0x5577b7716360 LOG   GST_REGISTRY gstregistrychunks.c:609:gst_registry_chunks_load_feature: Reading/casting for GstRegistryChunkElementFactory at address 0x5577b773e0b8
0:00:00.017413362  2763 0x557974116360 DEBUG   GST_POLL gstpoll.c:979:gst_poll_fd_ctl_write: 0x55797413ad30: fd (fd:0, idx:1), active : 1
0:00:00.022084550  2762 0x5577b7716360 TRACE   structure gststructure.c:292:gst_structure_new_id_empty_with_size: created structure 0x5577b7749560
0:00:00.017426972  2763 0x557974116360 LOG   GST_POLL gstpoll.c:994:gst_poll_fd_ctl_write: 0x55797413ad30: pfd->events now 60 (POLLOUT:4)
0:00:00.022092051  2762 0x5577b7716360 DEBUG   structure gststructure.c:2258:gst_structure_parse_field: trying field name 'long-name'
0:00:00.017437333  2763 0x557974116360 DEBUG   GST_POLL gstpoll.c:979:gst_poll_fd_ctl_write: 0x55797413ad30: fd (fd:0, idx:1), active : 1
0:00:00.022098400  2762 0x5577b7716360 DEBUG   default gstvalue.c:2776:_priv_gst_value_parse_value: trying type name 'string'
0:00:00.017444224  2763 0x557974116360 LOG   GST_POLL gstpoll.c:994:gst_poll_fd_ctl_write: 0x55797413ad30: pfd->events now 60 (POLLOUT:4)
0:00:00.022105618  2762 0x5577b7716360 DEBUG   structure gststructure.c:2258:gst_structure_parse_field: trying field name 'klass'
0:00:00.017450805  2763 0x557974116360 DEBUG   GST_POLL gstpoll.c:979:gst_poll_fd_ctl_write: 0x55797413ad30: fd (fd:0, idx:1), active : 1
0:00:00.022113359  2762 0x5577b7716360 DEBUG   default gstvalue.c:2776:_priv_gst_value_parse_value: trying type name 'string'
0:00:00.017457176  2763 0x557974116360 LOG   GST_POLL gstpoll.c:994:gst_poll_fd_ctl_write: 0x55797413ad30: pfd->events now 60 (POLLOUT:4)
0:00:00.022121363  2762 0x5577b7716360 DEBUG   structure gststructure.c:2258:gst_structure_parse_field: trying field name 'description'
0:00:00.017466164  2763 0x557974116360 DEBUG   GST_POLL gstpoll.c:979:gst_poll_fd_ctl_write: 0x55797413ad30: fd (fd:0, idx:1), active : 1
0:00:00.022127513  2762 0x5577b7716360 DEBUG   default gstvalue.c:2776:_priv_gst_value_parse_value: trying type name 'string'
0:00:00.017472860  2763 0x557974116360 LOG   GST_POLL gstpoll.c:994:gst_poll_fd_ctl_write: 0x55797413ad30: pfd->events now 60 (POLLOUT:4)
0:00:00.022134295  2762 0x5577b7716360 DEBUG   structure gststructure.c:2258:gst_structure_parse_field: trying field name 'author'
0:00:00.017479703  2763 0x557974116360 DEBUG   GST_POLL gstpoll.c:979:gst_poll_fd_ctl_write: 0x55797413ad30: fd (fd:0, idx:1), active : 1
0:00:00.022142156  2762 0x5577b7716360 DEBUG   default gstvalue.c:2776:_priv_gst_value_parse_value: trying type name 'string'
0:00:00.017485710  2763 0x557974116360 LOG   GST_POLL gstpoll.c:994:gst_poll_fd_ctl_write: 0x55797413ad30: pfd->events now 60 (POLLOUT:4)
0:00:00.022152110  2762 0x5577b7716360 DEBUG   GST_REGISTRY gstregistrychunks.c:626:gst_registry_chunks_load_feature: Element factory : npadtemplates=1
0:00:00.017495205  2763 0x557974116360 DEBUG   GST_POLL gstpoll.c:979:gst_poll_fd_ctl_write: 0x55797413ad30: fd (fd:0, idx:1), active : 1
0:00:00.022158477  2762 0x5577b7716360 DEBUG   GST_REGISTRY gstregistrychunks.c:525:gst_registry_chunks_load_pad_template: Reading/casting for GstRegistryChunkPadTemplate at address 0x5577b773e1d0
0:00:00.017502256  2763 0x557974116360 LOG   GST_POLL gstpoll.c:994:gst_poll_fd_ctl_write: 0x55797413ad30: pfd->events now 60 (POLLOUT:4)
0:00:00.022169854  2762 0x5577b7716360 DEBUG   GST_REGISTRY gstregistrychunks.c:539:gst_registry_chunks_load_pad_template: Added pad_template src
0:00:00.017513434  2763 0x557974116360 DEBUG   GST_POLL gstpoll.c:979:gst_poll_fd_ctl_write: 0x55797413ad30: fd (fd:0, idx:1), active : 1
0:00:00.022178415  2762 0x5577b7716360 DEBUG   GST_REGISTRY gstregistrychunks.c:639:gst_registry_chunks_load_feature: Reading 1 UriTypes at address 0x5577b773e1e0
0:00:00.017520374  2763 0x557974116360 LOG   GST_POLL gstpoll.c:994:gst_poll_fd_ctl_write: 0x55797413ad30: pfd->events now 60 (POLLOUT:4)
0:00:00.022186721  2762 0x5577b7716360 DEBUG   GST_REGISTRY gstregistrychunks.c:654:gst_registry_chunks_load_feature: Reading 1 Interfaces at address 0x5577b773e1e9
0:00:00.017531520  2763 0x557974116360 DEBUG   GST_POLL gstpoll.c:979:gst_poll_fd_ctl_write: 0x55797413ad30: fd (fd:0, idx:1), active : 1
0:00:00.022195349  2762 0x5577b7716360 DEBUG   GST_REGISTRY gstregistry.c:589:gst_registry_add_feature: adding feature 0x5577b7749250 (dataurisrc)
0:00:00.017538385  2763 0x557974116360 LOG   GST_POLL gstpoll.c:994:gst_poll_fd_ctl_write: 0x55797413ad30: pfd->events now 60 (POLLOUT:4)
0:00:00.022201855  2762 0x5577b7716360 DEBUG   GST_REFCOUNTING gstobject.c:708:gst_object_set_parent: set parent (ref and sink)
0:00:00.017545587  2763 0x557974116360 DEBUG   GST_POLL gstpoll.c:979:gst_poll_fd_ctl_write: 0x55797413ad30: fd (fd:0, idx:1), active : 1
0:00:00.017553146  2763 0x557974116360 LOG   GST_POLL gstpoll.c:994:gst_poll_fd_ctl_write: 0x55797413ad30: pfd->events now 60 (POLLOUT:4)
0:00:00.022211681  2762 0x5577b7716360 TRACE   GST_REFCOUNTING gstobject.c:292:gst_object_ref_sink: 0x5577b7749250 ref_sink 1->2
0:00:00.017561980  2763 0x557974116360 DEBUG   GST_POLL gstpoll.c:979:gst_poll_fd_ctl_write: 0x55797413ad30: fd (fd:0, idx:1), active : 1
0:00:00.022222186  2762 0x5577b7716360 LOG   GST_REGISTRY gstregistry.c:607:gst_registry_add_feature: emitting feature-added for dataurisrc
0:00:00.017569253  2763 0x557974116360 LOG   GST_POLL gstpoll.c:994:gst_poll_fd_ctl_write: 0x55797413ad30: pfd->events now 60 (POLLOUT:4)
0:00:00.022230456  2762 0x5577b7716360 DEBUG   GST_REGISTRY gstregistrychunks.c:740:gst_registry_chunks_load_feature: Added feature dataurisrc, plugin 0x5577b7745cf0 coreelements
0:00:00.017588740  2763 0x557974116360 DEBUG   GST_POLL gstpoll.c:979:gst_poll_fd_ctl_write: 0x55797413ad30: fd (fd:0, idx:1), active : 1
0:00:00.022249379  2762 0x5577b7716360 DEBUG   GST_REGISTRY gstregistrychunks.c:582:gst_registry_chunks_load_feature: Plugin 'coreelements' feature 'concat' typename : 'GstElementFactory'
0:00:00.017598016  2763 0x557974116360 LOG   GST_POLL gstpoll.c:994:gst_poll_fd_ctl_write: 0x55797413ad30: pfd->events now 60 (POLLOUT:4)
0:00:00.022261023  2762 0x5577b7716360 TRACE   GST_REFCOUNTING gstobject.c:208:gst_object_init: 0x5577b7749ca0 new
0:00:00.017605420  2763 0x557974116360 DEBUG   GST_POLL gstpoll.c:979:gst_poll_fd_ctl_write: 0x55797413ad30: fd (fd:0, idx:1), active : 1
0:00:00.022270302  2762 0x5577b7716360 LOG   GST_REGISTRY gstregistrychunks.c:609:gst_registry_chunks_load_feature: Reading/casting for GstRegistryChunkElementFactory at address 0x5577b773e210
0:00:00.017618427  2763 0x557974116360 LOG   GST_POLL gstpoll.c:994:gst_poll_fd_ctl_write: 0x55797413ad30: pfd->events now 60 (POLLOUT:4)
0:00:00.022279799  2762 0x5577b7716360 TRACE   structure gststructure.c:292:gst_structure_new_id_empty_with_size: created structure 0x5577b7749ed0
0:00:00.017624865  2763 0x557974116360 DEBUG   GST_POLL gstpoll.c:979:gst_poll_fd_ctl_write: 0x55797413ad30: fd (fd:0, idx:1), active : 1
0:00:00.022285930  2762 0x5577b7716360 DEBUG   structure gststructure.c:2258:gst_structure_parse_field: trying field name 'long-name'
0:00:00.017632942  2763 0x557974116360 LOG   GST_POLL gstpoll.c:994:gst_poll_fd_ctl_write: 0x55797413ad30: pfd->events now 60 (POLLOUT:4)
0:00:00.022294343  2762 0x5577b7716360 DEBUG   default gstvalue.c:2776:_priv_gst_value_parse_value: trying type name 'string'
0:00:00.017640266  2763 0x557974116360 DEBUG   GST_POLL gstpoll.c:979:gst_poll_fd_ctl_write: 0x55797413ad30: fd (fd:0, idx:1), active : 1
0:00:00.022301713  2762 0x5577b7716360 DEBUG   structure gststructure.c:2258:gst_structure_parse_field: trying field name 'klass'
0:00:00.017646650  2763 0x557974116360 LOG   GST_POLL gstpoll.c:994:gst_poll_fd_ctl_write: 0x55797413ad30: pfd->events now 60 (POLLOUT:4)
0:00:00.022307806  2762 0x5577b7716360 DEBUG   default gstvalue.c:2776:_priv_gst_value_parse_value: trying type name 'string'
0:00:00.017653086  2763 0x557974116360 DEBUG   GST_POLL gstpoll.c:979:gst_poll_fd_ctl_write: 0x55797413ad30: fd (fd:0, idx:1), active : 1
0:00:00.022314355  2762 0x5577b7716360 DEBUG   structure gststructure.c:2258:gst_structure_parse_field: trying field name 'description'
0:00:00.017661278  2763 0x557974116360 LOG   GST_POLL gstpoll.c:994:gst_poll_fd_ctl_write: 0x55797413ad30: pfd->events now 60 (POLLOUT:4)
0:00:00.017668564  2763 0x557974116360 DEBUG   GST_POLL gstpoll.c:979:gst_poll_fd_ctl_write: 0x55797413ad30: fd (fd:0, idx:1), active : 1
0:00:00.022329184  2762 0x5577b7716360 DEBUG   default gstvalue.c:2776:_priv_gst_value_parse_value: trying type name 'string'
0:00:00.017674312  2763 0x557974116360 LOG   GST_POLL gstpoll.c:994:gst_poll_fd_ctl_write: 0x55797413ad30: pfd->events now 60 (POLLOUT:4)
0:00:00.022337049  2762 0x5577b7716360 DEBUG   structure gststructure.c:2258:gst_structure_parse_field: trying field name 'author'
0:00:00.017680675  2763 0x557974116360 DEBUG   GST_POLL gstpoll.c:979:gst_poll_fd_ctl_write: 0x55797413ad30: fd (fd:0, idx:1), active : 1
0:00:00.022360262  2762 0x5577b7716360 DEBUG   default gstvalue.c:2776:_priv_gst_value_parse_value: trying type name 'string'
0:00:00.017707029  2763 0x557974116360 LOG   GST_POLL gstpoll.c:994:gst_poll_fd_ctl_write: 0x55797413ad30: pfd->events now 60 (POLLOUT:4)
0:00:00.022371339  2762 0x5577b7716360 DEBUG   GST_REGISTRY gstregistrychunks.c:626:gst_registry_chunks_load_feature: Element factory : npadtemplates=2
0:00:00.017715041  2763 0x557974116360 DEBUG   GST_POLL gstpoll.c:979:gst_poll_fd_ctl_write: 0x55797413ad30: fd (fd:0, idx:1), active : 1
0:00:00.022383654  2762 0x5577b7716360 DEBUG   GST_REGISTRY gstregistrychunks.c:525:gst_registry_chunks_load_pad_template: Reading/casting for GstRegistryChunkPadTemplate at address 0x5577b773e2e8
0:00:00.017727675  2763 0x557974116360 LOG   GST_POLL gstpoll.c:994:gst_poll_fd_ctl_write: 0x55797413ad30: pfd->events now 60 (POLLOUT:4)
0:00:00.022390513  2762 0x5577b7716360 DEBUG   GST_REGISTRY gstregistrychunks.c:539:gst_registry_chunks_load_pad_template: Added pad_template src
0:00:00.017734314  2763 0x557974116360 DEBUG   GST_POLL gstpoll.c:979:gst_poll_fd_ctl_write: 0x55797413ad30: fd (fd:0, idx:1), active : 1
0:00:00.022396195  2762 0x5577b7716360 DEBUG   GST_REGISTRY gstregistrychunks.c:525:gst_registry_chunks_load_pad_template: Reading/casting for GstRegistryChunkPadTemplate at address 0x5577b773e2f8
0:00:00.017742554  2763 0x557974116360 LOG   GST_POLL gstpoll.c:994:gst_poll_fd_ctl_write: 0x55797413ad30: pfd->events now 60 (POLLOUT:4)
0:00:00.022404870  2762 0x5577b7716360 DEBUG   GST_REGISTRY gstregistrychunks.c:539:gst_registry_chunks_load_pad_template: Added pad_template sink_%u
0:00:00.017750048  2763 0x557974116360 DEBUG   GST_POLL gstpoll.c:979:gst_poll_fd_ctl_write: 0x55797413ad30: fd (fd:0, idx:1), active : 1
0:00:00.022413219  2762 0x5577b7716360 DEBUG   GST_REGISTRY gstregistry.c:589:gst_registry_add_feature: adding feature 0x5577b7749ca0 (concat)
0:00:00.017756488  2763 0x557974116360 LOG   GST_POLL gstpoll.c:994:gst_poll_fd_ctl_write: 0x55797413ad30: pfd->events now 60 (POLLOUT:4)
0:00:00.022420042  2762 0x5577b7716360 DEBUG   GST_REFCOUNTING gstobject.c:708:gst_object_set_parent: set parent (ref and sink)
0:00:00.017763614  2763 0x557974116360 DEBUG   GST_POLL gstpoll.c:979:gst_poll_fd_ctl_write: 0x55797413ad30: fd (fd:0, idx:1), active : 1
0:00:00.022428108  2762 0x5577b7716360 TRACE   GST_REFCOUNTING gstobject.c:292:gst_object_ref_sink: 0x5577b7749ca0 ref_sink 1->2
0:00:00.017772507  2763 0x557974116360 LOG   GST_POLL gstpoll.c:994:gst_poll_fd_ctl_write: 0x55797413ad30: pfd->events now 60 (POLLOUT:4)
0:00:00.022437686  2762 0x5577b7716360 LOG   GST_REGISTRY gstregistry.c:607:gst_registry_add_feature: emitting feature-added for concat
0:00:00.017781014  2763 0x557974116360 DEBUG   GST_POLL gstpoll.c:979:gst_poll_fd_ctl_write: 0x55797413ad30: fd (fd:0, idx:1), active : 1
0:00:00.022445686  2762 0x5577b7716360 DEBUG   GST_REGISTRY gstregistrychunks.c:740:gst_registry_chunks_load_feature: Added feature concat, plugin 0x5577b7745cf0 coreelements
0:00:00.017790184  2763 0x557974116360 LOG   GST_POLL gstpoll.c:994:gst_poll_fd_ctl_write: 0x55797413ad30: pfd->events now 60 (POLLOUT:4)
0:00:00.022452463  2762 0x5577b7716360 DEBUG   GST_REGISTRY gstregistrychunks.c:582:gst_registry_chunks_load_feature: Plugin 'coreelements' feature 'clocksync' typename : 'GstElementFactory'
0:00:00.017797176  2763 0x557974116360 DEBUG   GST_POLL gstpoll.c:979:gst_poll_fd_ctl_write: 0x55797413ad30: fd (fd:0, idx:1), active : 1
0:00:00.022461388  2762 0x5577b7716360 TRACE   GST_REFCOUNTING gstobject.c:208:gst_object_init: 0x5577b7749b50 new
0:00:00.017805717  2763 0x557974116360 LOG   GST_POLL gstpoll.c:994:gst_poll_fd_ctl_write: 0x55797413ad30: pfd->events now 60 (POLLOUT:4)
0:00:00.022480834  2762 0x5577b7716360 LOG   GST_REGISTRY gstregistrychunks.c:609:gst_registry_chunks_load_feature: Reading/casting for GstRegistryChunkElementFactory at address 0x5577b773e328
0:00:00.017823116  2763 0x557974116360 DEBUG   GST_POLL gstpoll.c:979:gst_poll_fd_ctl_write: 0x55797413ad30: fd (fd:0, idx:1), active : 1
0:00:00.022487854  2762 0x5577b7716360 TRACE   structure gststructure.c:292:gst_structure_new_id_empty_with_size: created structure 0x5577b774a4a0
0:00:00.017830840  2763 0x557974116360 LOG   GST_POLL gstpoll.c:994:gst_poll_fd_ctl_write: 0x55797413ad30: pfd->events now 60 (POLLOUT:4)
0:00:00.022494236  2762 0x5577b7716360 DEBUG   structure gststructure.c:2258:gst_structure_parse_field: trying field name 'long-name'
0:00:00.017837892  2763 0x557974116360 DEBUG   GST_POLL gstpoll.c:979:gst_poll_fd_ctl_write: 0x55797413ad30: fd (fd:0, idx:1), active : 1
0:00:00.022500442  2762 0x5577b7716360 DEBUG   default gstvalue.c:2776:_priv_gst_value_parse_value: trying type name 'string'
0:00:00.017845868  2763 0x557974116360 LOG   GST_POLL gstpoll.c:994:gst_poll_fd_ctl_write: 0x55797413ad30: pfd->events now 60 (POLLOUT:4)
0:00:00.022509622  2762 0x5577b7716360 DEBUG   structure gststructure.c:2258:gst_structure_parse_field: trying field name 'klass'
0:00:00.017853085  2763 0x557974116360 DEBUG   GST_POLL gstpoll.c:979:gst_poll_fd_ctl_write: 0x55797413ad30: fd (fd:0, idx:1), active : 1
0:00:00.022516262  2762 0x5577b7716360 DEBUG   default gstvalue.c:2776:_priv_gst_value_parse_value: trying type name 'string'
0:00:00.017859494  2763 0x557974116360 LOG   GST_POLL gstpoll.c:994:gst_poll_fd_ctl_write: 0x55797413ad30: pfd->events now 60 (POLLOUT:4)
0:00:00.022523175  2762 0x5577b7716360 DEBUG   structure gststructure.c:2258:gst_structure_parse_field: trying field name 'description'
0:00:00.017866320  2763 0x557974116360 DEBUG   GST_POLL gstpoll.c:979:gst_poll_fd_ctl_write: 0x55797413ad30: fd (fd:0, idx:1), active : 1
0:00:00.022528966  2762 0x5577b7716360 DEBUG   default gstvalue.c:2776:_priv_gst_value_parse_value: trying type name 'string'
0:00:00.017874711  2763 0x557974116360 LOG   GST_POLL gstpoll.c:994:gst_poll_fd_ctl_write: 0x55797413ad30: pfd->events now 60 (POLLOUT:4)
0:00:00.022538981  2762 0x5577b7716360 DEBUG   structure gststructure.c:2258:gst_structure_parse_field: trying field name 'author'
0:00:00.017882581  2763 0x557974116360 DEBUG   GST_POLL gstpoll.c:979:gst_poll_fd_ctl_write: 0x55797413ad30: fd (fd:0, idx:1), active : 1
0:00:00.022546465  2762 0x5577b7716360 DEBUG   default gstvalue.c:2776:_priv_gst_value_parse_value: trying type name 'string'
0:00:00.017889617  2763 0x557974116360 LOG   GST_POLL gstpoll.c:994:gst_poll_fd_ctl_write: 0x55797413ad30: pfd->events now 60 (POLLOUT:4)
0:00:00.022553486  2762 0x5577b7716360 DEBUG   GST_REGISTRY gstregistrychunks.c:626:gst_registry_chunks_load_feature: Element factory : npadtemplates=2
0:00:00.017900853  2763 0x557974116360 DEBUG   GST_POLL gstpoll.c:979:gst_poll_fd_ctl_write: 0x55797413ad30: fd (fd:0, idx:1), active : 1
0:00:00.022565743  2762 0x5577b7716360 DEBUG   GST_REGISTRY gstregistrychunks.c:525:gst_registry_chunks_load_pad_template: Reading/casting for GstRegistryChunkPadTemplate at address 0x5577b773e3f8
0:00:00.017910905  2763 0x557974116360 LOG   GST_POLL gstpoll.c:994:gst_poll_fd_ctl_write: 0x55797413ad30: pfd->events now 60 (POLLOUT:4)
0:00:00.022574625  2762 0x5577b7716360 DEBUG   GST_REGISTRY gstregistrychunks.c:539:gst_registry_chunks_load_pad_template: Added pad_template sink
0:00:00.017917978  2763 0x557974116360 DEBUG   GST_POLL gstpoll.c:979:gst_poll_fd_ctl_write: 0x55797413ad30: fd (fd:0, idx:1), active : 1
0:00:00.022581070  2762 0x5577b7716360 DEBUG   GST_REGISTRY gstregistrychunks.c:525:gst_registry_chunks_load_pad_template: Reading/casting for GstRegistryChunkPadTemplate at address 0x5577b773e410
0:00:00.017924550  2763 0x557974116360 LOG   GST_POLL gstpoll.c:994:gst_poll_fd_ctl_write: 0x55797413ad30: pfd->events now 60 (POLLOUT:4)
0:00:00.022592339  2762 0x5577b7716360 DEBUG   GST_REGISTRY gstregistrychunks.c:539:gst_registry_chunks_load_pad_template: Added pad_template src
0:00:00.017935903  2763 0x557974116360 DEBUG   GST_POLL gstpoll.c:979:gst_poll_fd_ctl_write: 0x55797413ad30: fd (fd:0, idx:1), active : 1
0:00:00.022600120  2762 0x5577b7716360 DEBUG   GST_REGISTRY gstregistry.c:589:gst_registry_add_feature: adding feature 0x5577b7749b50 (clocksync)
0:00:00.017944539  2763 0x557974116360 LOG   GST_POLL gstpoll.c:994:gst_poll_fd_ctl_write: 0x55797413ad30: pfd->events now 60 (POLLOUT:4)
0:00:00.022608793  2762 0x5577b7716360 DEBUG   GST_REFCOUNTING gstobject.c:708:gst_object_set_parent: set parent (ref and sink)
0:00:00.017952064  2763 0x557974116360 DEBUG   GST_POLL gstpoll.c:979:gst_poll_fd_ctl_write: 0x55797413ad30: fd (fd:0, idx:1), active : 1
0:00:00.022617235  2762 0x5577b7716360 TRACE   GST_REFCOUNTING gstobject.c:292:gst_object_ref_sink: 0x5577b7749b50 ref_sink 1->2
0:00:00.017959626  2763 0x557974116360 LOG   GST_POLL gstpoll.c:994:gst_poll_fd_ctl_write: 0x55797413ad30: pfd->events now 60 (POLLOUT:4)
0:00:00.022624475  2762 0x5577b7716360 LOG   GST_REGISTRY gstregistry.c:607:gst_registry_add_feature: emitting feature-added for clocksync
0:00:00.017967576  2763 0x557974116360 DEBUG   GST_POLL gstpoll.c:979:gst_poll_fd_ctl_write: 0x55797413ad30: fd (fd:0, idx:1), active : 1
0:00:00.022631271  2762 0x5577b7716360 DEBUG   GST_REGISTRY gstregistrychunks.c:740:gst_registry_chunks_load_feature: Added feature clocksync, plugin 0x5577b7745cf0 coreelements
0:00:00.017976292  2763 0x557974116360 LOG   GST_POLL gstpoll.c:994:gst_poll_fd_ctl_write: 0x55797413ad30: pfd->events now 60 (POLLOUT:4)
0:00:00.022640276  2762 0x5577b7716360 DEBUG   GST_REGISTRY gstregistrychunks.c:582:gst_registry_chunks_load_feature: Plugin 'coreelements' feature 'capsfilter' typename : 'GstElementFactory'
0:00:00.017983214  2763 0x557974116360 DEBUG   GST_POLL gstpoll.c:979:gst_poll_fd_ctl_write: 0x55797413ad30: fd (fd:0, idx:1), active : 1
0:00:00.022649248  2762 0x5577b7716360 TRACE   GST_REFCOUNTING gstobject.c:208:gst_object_init: 0x5577b774aa00 new
0:00:00.017996096  2763 0x557974116360 LOG   GST_POLL gstpoll.c:994:gst_poll_fd_ctl_write: 0x55797413ad30: pfd->events now 60 (POLLOUT:4)
0:00:00.022658236  2762 0x5577b7716360 LOG   GST_REGISTRY gstregistrychunks.c:609:gst_registry_chunks_load_feature: Reading/casting for GstRegistryChunkElementFactory at address 0x5577b773e440
0:00:00.018002570  2763 0x557974116360 DEBUG   GST_POLL gstpoll.c:979:gst_poll_fd_ctl_write: 0x55797413ad30: fd (fd:0, idx:1), active : 1
0:00:00.022664844  2762 0x5577b7716360 TRACE   structure gststructure.c:292:gst_structure_new_id_empty_with_size: created structure 0x5577b774ad10
0:00:00.018011028  2763 0x557974116360 LOG   GST_POLL gstpoll.c:994:gst_poll_fd_ctl_write: 0x55797413ad30: pfd->events now 60 (POLLOUT:4)
0:00:00.022673135  2762 0x5577b7716360 DEBUG   structure gststructure.c:2258:gst_structure_parse_field: trying field name 'long-name'
0:00:00.018017934  2763 0x557974116360 DEBUG   GST_POLL gstpoll.c:979:gst_poll_fd_ctl_write: 0x55797413ad30: fd (fd:0, idx:1), active : 1
0:00:00.022679840  2762 0x5577b7716360 DEBUG   default gstvalue.c:2776:_priv_gst_value_parse_value: trying type name 'string'
0:00:00.018024284  2763 0x557974116360 LOG   GST_POLL gstpoll.c:994:gst_poll_fd_ctl_write: 0x55797413ad30: pfd->events now 60 (POLLOUT:4)
0:00:00.022686891  2762 0x5577b7716360 DEBUG   structure gststructure.c:2258:gst_structure_parse_field: trying field name 'klass'
0:00:00.018031183  2763 0x557974116360 DEBUG   GST_POLL gstpoll.c:979:gst_poll_fd_ctl_write: 0x55797413ad30: fd (fd:0, idx:1), active : 1
0:00:00.022693020  2762 0x5577b7716360 DEBUG   default gstvalue.c:2776:_priv_gst_value_parse_value: trying type name 'string'
0:00:00.018039835  2763 0x557974116360 LOG   GST_POLL gstpoll.c:994:gst_poll_fd_ctl_write: 0x55797413ad30: pfd->events now 60 (POLLOUT:4)
0:00:00.022702059  2762 0x5577b7716360 DEBUG   structure gststructure.c:2258:gst_structure_parse_field: trying field name 'description'
0:00:00.018046771  2763 0x557974116360 DEBUG   GST_POLL gstpoll.c:979:gst_poll_fd_ctl_write: 0x55797413ad30: fd (fd:0, idx:1), active : 1
0:00:00.022709208  2762 0x5577b7716360 DEBUG   default gstvalue.c:2776:_priv_gst_value_parse_value: trying type name 'string'
0:00:00.018053020  2763 0x557974116360 LOG   GST_POLL gstpoll.c:994:gst_poll_fd_ctl_write: 0x55797413ad30: pfd->events now 60 (POLLOUT:4)
0:00:00.022716564  2762 0x5577b7716360 DEBUG   structure gststructure.c:2258:gst_structure_parse_field: trying field name 'author'
0:00:00.018059328  2763 0x557974116360 DEBUG   GST_POLL gstpoll.c:979:gst_poll_fd_ctl_write: 0x55797413ad30: fd (fd:0, idx:1), active : 1
0:00:00.022722698  2762 0x5577b7716360 DEBUG   default gstvalue.c:2776:_priv_gst_value_parse_value: trying type name 'string'
0:00:00.018068289  2763 0x557974116360 LOG   GST_POLL gstpoll.c:994:gst_poll_fd_ctl_write: 0x55797413ad30: pfd->events now 60 (POLLOUT:4)
0:00:00.022732643  2762 0x5577b7716360 DEBUG   GST_REGISTRY gstregistrychunks.c:626:gst_registry_chunks_load_feature: Element factory : npadtemplates=2
0:00:00.018075521  2763 0x557974116360 DEBUG   GST_POLL gstpoll.c:979:gst_poll_fd_ctl_write: 0x55797413ad30: fd (fd:0, idx:1), active : 1
0:00:00.022744679  2762 0x5577b7716360 DEBUG   GST_REGISTRY gstregistrychunks.c:525:gst_registry_chunks_load_pad_template: Reading/casting for GstRegistryChunkPadTemplate at address 0x5577b773e520
0:00:00.018088280  2763 0x557974116360 LOG   GST_POLL gstpoll.c:994:gst_poll_fd_ctl_write: 0x55797413ad30: pfd->events now 60 (POLLOUT:4)
0:00:00.022751305  2762 0x5577b7716360 DEBUG   GST_REGISTRY gstregistrychunks.c:539:gst_registry_chunks_load_pad_template: Added pad_template sink
0:00:00.018094747  2763 0x557974116360 DEBUG   GST_POLL gstpoll.c:979:gst_poll_fd_ctl_write: 0x55797413ad30: fd (fd:0, idx:1), active : 1
0:00:00.018103394  2763 0x557974116360 LOG   GST_POLL gstpoll.c:994:gst_poll_fd_ctl_write: 0x55797413ad30: pfd->events now 60 (POLLOUT:4)
0:00:00.022761241  2762 0x5577b7716360 DEBUG   GST_REGISTRY gstregistrychunks.c:525:gst_registry_chunks_load_pad_template: Reading/casting for GstRegistryChunkPadTemplate at address 0x5577b773e538
0:00:00.018109991  2763 0x557974116360 DEBUG   GST_POLL gstpoll.c:979:gst_poll_fd_ctl_write: 0x55797413ad30: fd (fd:0, idx:1), active : 1
0:00:00.022771668  2762 0x5577b7716360 DEBUG   GST_REGISTRY gstregistrychunks.c:539:gst_registry_chunks_load_pad_template: Added pad_template src
0:00:00.018116156  2763 0x557974116360 LOG   GST_POLL gstpoll.c:994:gst_poll_fd_ctl_write: 0x55797413ad30: pfd->events now 60 (POLLOUT:4)
0:00:00.022779444  2762 0x5577b7716360 DEBUG   GST_REGISTRY gstregistry.c:589:gst_registry_add_feature: adding feature 0x5577b774aa00 (capsfilter)
0:00:00.018122601  2763 0x557974116360 DEBUG   GST_POLL gstpoll.c:979:gst_poll_fd_ctl_write: 0x55797413ad30: fd (fd:0, idx:1), active : 1
0:00:00.022786034  2762 0x5577b7716360 DEBUG   GST_REFCOUNTING gstobject.c:708:gst_object_set_parent: set parent (ref and sink)
0:00:00.018131410  2763 0x557974116360 LOG   GST_POLL gstpoll.c:994:gst_poll_fd_ctl_write: 0x55797413ad30: pfd->events now 60 (POLLOUT:4)
0:00:00.022795890  2762 0x5577b7716360 TRACE   GST_REFCOUNTING gstobject.c:292:gst_object_ref_sink: 0x5577b774aa00 ref_sink 1->2
0:00:00.018138709  2763 0x557974116360 DEBUG   GST_POLL gstpoll.c:979:gst_poll_fd_ctl_write: 0x55797413ad30: fd (fd:0, idx:1), active : 1
0:00:00.022804212  2762 0x5577b7716360 LOG   GST_REGISTRY gstregistry.c:607:gst_registry_add_feature: emitting feature-added for capsfilter
0:00:00.018147001  2763 0x557974116360 LOG   GST_POLL gstpoll.c:994:gst_poll_fd_ctl_write: 0x55797413ad30: pfd->events now 60 (POLLOUT:4)
0:00:00.022811815  2762 0x5577b7716360 DEBUG   GST_REGISTRY gstregistrychunks.c:740:gst_registry_chunks_load_feature: Added feature capsfilter, plugin 0x5577b7745cf0 coreelements
0:00:00.018154843  2763 0x557974116360 DEBUG   GST_POLL gstpoll.c:979:gst_poll_fd_ctl_write: 0x55797413ad30: fd (fd:0, idx:1), active : 1
0:00:00.022819529  2762 0x5577b7716360 LOG   GST_PLUGIN_LOADING gstpluginloader.c:886:handle_rx_packet: marking plugin 0x5577b7745cf0 as registered as /home/conan/w/prod/BuildSingleReference/.conan/data/gstreamer/1.19.1/_/_/package/62e0ab6106dfea3ec3ecb5db13d8d55a63451b50/lib/gstreamer-1.0/libgstcoreelements.so
0:00:00.018163715  2763 0x557974116360 LOG   GST_POLL gstpoll.c:994:gst_poll_fd_ctl_write: 0x55797413ad30: pfd->events now 60 (POLLOUT:4)
0:00:00.018178067  2763 0x557974116360 DEBUG   GST_POLL gstpoll.c:979:gst_poll_fd_ctl_write: 0x55797413ad30: fd (fd:0, idx:1), active : 1
0:00:00.022838604  2762 0x5577b7716360 DEBUG   GST_POLL gstpoll.c:1414:gst_poll_wait: 0x5577b773b920: timeout :0:00:01.000000000
0:00:00.018184103  2763 0x557974116360 LOG   GST_POLL gstpoll.c:994:gst_poll_fd_ctl_write: 0x55797413ad30: pfd->events now 60 (POLLOUT:4)
0:00:00.018191119  2763 0x557974116360 DEBUG   GST_POLL gstpoll.c:979:gst_poll_fd_ctl_write: 0x55797413ad30: fd (fd:0, idx:1), active : 1
0:00:00.018199471  2763 0x557974116360 LOG   GST_POLL gstpoll.c:994:gst_poll_fd_ctl_write: 0x55797413ad30: pfd->events now 60 (POLLOUT:4)
0:00:00.018210865  2763 0x557974116360 TRACE   GST_REFCOUNTING gstobject.c:264:gst_object_unref: 0x55797413fc40 unref 2->1
0:00:00.018218913  2763 0x557974116360 DEBUG   GST_POLL gstpoll.c:1241:gst_poll_fd_has_error: 0x55797413ad30: fd (fd:0, idx:1) 0
0:00:00.018225144  2763 0x557974116360 DEBUG   GST_POLL gstpoll.c:1335:gst_poll_fd_can_write: 0x55797413ad30: fd (fd:0, idx:1) 1
0:00:00.018234193  2763 0x557974116360 LOG   GST_PLUGIN_LOADING gstpluginloader.c:689:write_one: Writing packet of size 488 bytes to fd 0
0:00:00.018255497  2763 0x557974116360 DEBUG   GST_POLL gstpoll.c:1414:gst_poll_wait: 0x55797413ad30: timeout :0:00:01.000000000
0:00:00.018266672  2763 0x557974116360 LOG   GST_PLUGIN_LOADING gstpluginloader.c:1026:exchange_packets: Poll res = 2. 6872 bytes pending for write
0:00:00.022931627  2762 0x5577b7716360 LOG   GST_PLUGIN_LOADING gstpluginloader.c:1026:exchange_packets: Poll res = 1. 0 bytes pending for write
0:00:00.018277071  2763 0x557974116360 DEBUG   GST_POLL gstpoll.c:1241:gst_poll_fd_has_error: 0x55797413ad30: fd (fd:5, idx:2) 0
0:00:00.022942460  2762 0x5577b7716360 DEBUG   GST_POLL gstpoll.c:1241:gst_poll_fd_has_error: 0x5577b773b920: fd (fd:8, idx:2) 0
0:00:00.018285617  2763 0x557974116360 DEBUG   GST_POLL gstpoll.c:1266:gst_poll_fd_can_read_unlocked: 0x55797413ad30: fd (fd:5, idx:2) 1
0:00:00.022951779  2762 0x5577b7716360 DEBUG   GST_POLL gstpoll.c:1266:gst_poll_fd_can_read_unlocked: 0x5577b773b920: fd (fd:8, idx:2) 1
0:00:00.018296233  2763 0x557974116360 LOG   GST_PLUGIN_LOADING gstpluginloader.c:1004:read_one: No payload to read for 0 length packet type 1 tag 0
0:00:00.022964126  2762 0x5577b7716360 DEBUG   GST_PLUGIN_LOADING gstpluginloader.c:847:handle_rx_packet: Received plugin details from child w/ tag 2. 476 bytes info
0:00:00.018306580  2763 0x557974116360 DEBUG   GST_POLL gstpoll.c:1014:gst_poll_fd_ctl_read_unlocked: 0x55797413ad30: fd (fd:5, idx:2), active : 0
0:00:00.022971435  2762 0x5577b7716360 LOG   GST_REGISTRY gstregistrychunks.c:836:_priv_gst_registry_chunks_load_plugin: Reading/casting for GstRegistryChunkPluginElement at address 0x5577b773ca80
0:00:00.018315787  2763 0x557974116360 DEBUG   GST_POLL gstpoll.c:979:gst_poll_fd_ctl_write: 0x55797413ad30: fd (fd:0, idx:1), active : 1
0:00:00.022982060  2762 0x5577b7716360 TRACE   GST_REFCOUNTING gstobject.c:208:gst_object_init: 0x5577b774b1b0 new
0:00:00.018328484  2763 0x557974116360 LOG   GST_POLL gstpoll.c:994:gst_poll_fd_ctl_write: 0x55797413ad30: pfd->events now 60 (POLLOUT:4)
0:00:00.018335154  2763 0x557974116360 DEBUG   GST_POLL gstpoll.c:1241:gst_poll_fd_has_error: 0x55797413ad30: fd (fd:0, idx:1) 0
0:00:00.022995026  2762 0x5577b7716360 LOG   GST_REGISTRY gstregistrychunks.c:858:_priv_gst_registry_chunks_load_plugin: read strings for name='coretracers'
0:00:00.023003036  2762 0x5577b7716360 LOG   GST_REGISTRY gstregistrychunks.c:859:_priv_gst_registry_chunks_load_plugin: desc.description='GStreamer core tracers'
0:00:00.018343865  2763 0x557974116360 DEBUG   GST_POLL gstpoll.c:1335:gst_poll_fd_can_write: 0x55797413ad30: fd (fd:0, idx:1) 1
0:00:00.023009051  2762 0x5577b7716360 LOG   GST_REGISTRY gstregistrychunks.c:860:_priv_gst_registry_chunks_load_plugin: filename='/home/conan/w/prod/BuildSingleReference/.conan/data/gstreamer/1.19.1/_/_/package/62e0ab6106dfea3ec3ecb5db13d8d55a63451b50/lib/gstreamer-1.0/libgstcoretracers.so'
0:00:00.018352355  2763 0x557974116360 LOG   GST_PLUGIN_LOADING gstpluginloader.c:689:write_one: Writing packet of size 6872 bytes to fd 0
0:00:00.023017253  2762 0x5577b7716360 LOG   GST_REGISTRY gstregistrychunks.c:861:_priv_gst_registry_chunks_load_plugin: desc.version='1.19.1'
0:00:00.018364832  2763 0x557974116360 DEBUG   GST_POLL gstpoll.c:1414:gst_poll_wait: 0x55797413ad30: timeout :0:00:01.000000000
0:00:00.023024652  2762 0x5577b7716360 LOG   GST_REGISTRY gstregistrychunks.c:862:_priv_gst_registry_chunks_load_plugin: desc.license='LGPL'
0:00:00.023032058  2762 0x5577b7716360 LOG   GST_REGISTRY gstregistrychunks.c:863:_priv_gst_registry_chunks_load_plugin: desc.source='gstreamer'
0:00:00.018374785  2763 0x557974116360 LOG   GST_PLUGIN_LOADING gstpluginloader.c:1026:exchange_packets: Poll res = 1. 12 bytes pending for write
0:00:00.023037471  2762 0x5577b7716360 LOG   GST_REGISTRY gstregistrychunks.c:864:_priv_gst_registry_chunks_load_plugin: desc.package='GStreamer source release'
0:00:00.018383801  2763 0x557974116360 DEBUG   GST_POLL gstpoll.c:1241:gst_poll_fd_has_error: 0x55797413ad30: fd (fd:0, idx:1) 0
0:00:00.023045375  2762 0x5577b7716360 LOG   GST_REGISTRY gstregistrychunks.c:865:_priv_gst_registry_chunks_load_plugin: desc.origin='Unknown package origin'
0:00:00.018391179  2763 0x557974116360 DEBUG   GST_POLL gstpoll.c:1335:gst_poll_fd_can_write: 0x55797413ad30: fd (fd:0, idx:1) 1
0:00:00.023052788  2762 0x5577b7716360 LOG   GST_REGISTRY gstregistrychunks.c:866:_priv_gst_registry_chunks_load_plugin: desc.datetime=2021-06-01
0:00:00.018397352  2763 0x557974116360 LOG   GST_PLUGIN_LOADING gstpluginloader.c:689:write_one: Writing packet of size 12 bytes to fd 0
0:00:00.023061792  2762 0x5577b7716360 DEBUG   GST_REGISTRY gstregistry.c:446:gst_registry_add_plugin: Replacing existing plugin "/home/conan/w/prod/BuildSingleReference/.conan/data/gstreamer/1.19.1/_/_/package/62e0ab6106dfea3ec3ecb5db13d8d55a63451b50/lib/gstreamer-1.0/libgstcoretracers.so" 0x5577b773c000 with new plugin 0x5577b774b1b0 for filename "/home/conan/w/prod/BuildSingleReference/.conan/data/gstreamer/1.19.1/_/_/package/62e0ab6106dfea3ec3ecb5db13d8d55a63451b50/lib/gstreamer-1.0/libgstcoretracers.so"
0:00:00.018408001  2763 0x557974116360 DEBUG   GST_POLL gstpoll.c:979:gst_poll_fd_ctl_write: 0x55797413ad30: fd (fd:0, idx:1), active : 0
0:00:00.018418690  2763 0x557974116360 LOG   GST_POLL gstpoll.c:994:gst_poll_fd_ctl_write: 0x55797413ad30: pfd->events now 56 (POLLOUT:4)
0:00:00.023080556  2762 0x5577b7716360 TRACE   GST_REFCOUNTING gstobject.c:264:gst_object_unref: 0x5577b773c000 unref 1->0
0:00:00.023091941  2762 0x5577b7716360 TRACE   GST_REFCOUNTING gstobject.c:381:gst_object_dispose: 0x5577b773c000 dispose
0:00:00.018438083  2763 0x557974116360 DEBUG   GST_POLL gstpoll.c:772:gst_poll_free: 0x55797413ad30: freeing
0:00:00.023102012  2762 0x5577b7716360 DEBUG   GST_PLUGIN_LOADING gstplugin.c:136:gst_plugin_finalize: finalizing plugin
0:00:00.023112647  2762 0x5577b7716360 TRACE   GST_REFCOUNTING gstobject.c:423:gst_object_finalize: 0x5577b773c000 finalize
0:00:00.023125793  2762 0x5577b7716360 DEBUG   GST_REGISTRY gstregistry.c:473:gst_registry_add_plugin: adding plugin 0x5577b774b1b0 for filename "/home/conan/w/prod/BuildSingleReference/.conan/data/gstreamer/1.19.1/_/_/package/62e0ab6106dfea3ec3ecb5db13d8d55a63451b50/lib/gstreamer-1.0/libgstcoretracers.so"
0:00:00.023135371  2762 0x5577b7716360 TRACE   GST_REFCOUNTING gstobject.c:292:gst_object_ref_sink: 0x5577b774b1b0 ref_sink 1->2
0:00:00.023143563  2762 0x5577b7716360 LOG   GST_REGISTRY gstregistry.c:486:gst_registry_add_plugin: emitting plugin-added for filename "/home/conan/w/prod/BuildSingleReference/.conan/data/gstreamer/1.19.1/_/_/package/62e0ab6106dfea3ec3ecb5db13d8d55a63451b50/lib/gstreamer-1.0/libgstcoretracers.so"
0:00:00.023150907  2762 0x5577b7716360 DEBUG   GST_REGISTRY gstregistrychunks.c:886:_priv_gst_registry_chunks_load_plugin: Added plugin 'coretracers' plugin with 5 features from binary registry
0:00:00.023157135  2762 0x5577b7716360 DEBUG   GST_REGISTRY gstregistrychunks.c:582:gst_registry_chunks_load_feature: Plugin 'coretracers' feature 'leaks' typename : 'GstTracerFactory'
0:00:00.023167483  2762 0x5577b7716360 TRACE   GST_REFCOUNTING gstobject.c:208:gst_object_init: 0x5577b773bff0 new
0:00:00.023177198  2762 0x5577b7716360 DEBUG   GST_REGISTRY gstregistrychunks.c:716:gst_registry_chunks_load_feature: Reading/casting for GstRegistryChunkPluginFeature at address 0x5577b773cbc8
0:00:00.023184763  2762 0x5577b7716360 DEBUG   GST_REGISTRY gstregistry.c:580:gst_registry_add_feature: replacing existing feature 0x5577b773c390 (leaks)
0:00:00.023192301  2762 0x5577b7716360 DEBUG   GST_REGISTRY gstregistry.c:589:gst_registry_add_feature: adding feature 0x5577b773bff0 (leaks)
0:00:00.023200106  2762 0x5577b7716360 TRACE   GST_REFCOUNTING gstobject.c:788:gst_object_unparent: unparent
0:00:00.023208345  2762 0x5577b7716360 TRACE   GST_REFCOUNTING gstobject.c:264:gst_object_unref: 0x5577b773c390 unref 1->0
0:00:00.023215043  2762 0x5577b7716360 TRACE   GST_REFCOUNTING gstobject.c:381:gst_object_dispose: 0x5577b773c390 dispose
0:00:00.023228021  2762 0x5577b7716360 DEBUG   GST_PLUGIN_LOADING gstpluginfeature.c:67:gst_plugin_feature_finalize: finalizing feature 0x5577b773c390: 'leaks'
0:00:00.023259438  2762 0x5577b7716360 TRACE   GST_REFCOUNTING gstobject.c:423:gst_object_finalize: 0x5577b773c390 finalize
0:00:00.023269274  2762 0x5577b7716360 DEBUG   GST_REFCOUNTING gstobject.c:708:gst_object_set_parent: set parent (ref and sink)
0:00:00.023280827  2762 0x5577b7716360 TRACE   GST_REFCOUNTING gstobject.c:292:gst_object_ref_sink: 0x5577b773bff0 ref_sink 1->2
0:00:00.023293499  2762 0x5577b7716360 LOG   GST_REGISTRY gstregistry.c:607:gst_registry_add_feature: emitting feature-added for leaks
0:00:00.023302214  2762 0x5577b7716360 DEBUG   GST_REGISTRY gstregistrychunks.c:740:gst_registry_chunks_load_feature: Added feature leaks, plugin 0x5577b774b1b0 coretracers
0:00:00.023308476  2762 0x5577b7716360 DEBUG   GST_REGISTRY gstregistrychunks.c:582:gst_registry_chunks_load_feature: Plugin 'coretracers' feature 'stats' typename : 'GstTracerFactory'
0:00:00.023316160  2762 0x5577b7716360 TRACE   GST_REFCOUNTING gstobject.c:208:gst_object_init: 0x5577b773c390 new
0:00:00.023326791  2762 0x5577b7716360 DEBUG   GST_REGISTRY gstregistrychunks.c:716:gst_registry_chunks_load_feature: Reading/casting for GstRegistryChunkPluginFeature at address 0x5577b773cbe8
