0:00:00.013976976  2763 0x557974116360 DEBUG   GST_REGISTRY gstregistrychunks.c:264:gst_registry_chunks_save_feature: saved 0 interfaces 0 pad templates
0:00:00.018637162  2762 0x5577b7716360 TRACE   structure gststructure.c:292:gst_structure_new_id_empty_with_size: created structure 0x5577b773c450
0:00:00.013986310  2763 0x557974116360 DEBUG   GST_REGISTRY gstregistrychunks.c:264:gst_registry_chunks_save_feature: saved 0 interfaces 0 pad templates
0:00:00.018645321  2762 0x5577b7716360 DEBUG   structure gststructure.c:2258:gst_structure_parse_field: trying field name 'long-name'
0:00:00.013995713  2763 0x557974116360 DEBUG   GST_REGISTRY gstregistrychunks.c:264:gst_registry_chunks_save_feature: saved 1 interfaces 0 pad templates
0:00:00.018659695  2762 0x5577b7716360 DEBUG   default gstvalue.c:2776:_priv_gst_value_parse_value: trying type name 'string'
0:00:00.014004105  2763 0x557974116360 DEBUG   GST_REGISTRY gstregistrychunks.c:284:gst_registry_chunks_save_feature: Saved 1 UriTypes
0:00:00.014015520  2763 0x557974116360 DEBUG   GST_REGISTRY gstregistrychunks.c:264:gst_registry_chunks_save_feature: saved 0 interfaces 0 pad templates
0:00:00.018673849  2762 0x5577b7716360 DEBUG   structure gststructure.c:2258:gst_structure_parse_field: trying field name 'klass'
0:00:00.014023619  2763 0x557974116360 DEBUG   GST_REGISTRY gstregistrychunks.c:264:gst_registry_chunks_save_feature: saved 0 interfaces 0 pad templates
0:00:00.018682612  2762 0x5577b7716360 DEBUG   default gstvalue.c:2776:_priv_gst_value_parse_value: trying type name 'string'
0:00:00.014032534  2763 0x557974116360 DEBUG   GST_REGISTRY gstregistrychunks.c:264:gst_registry_chunks_save_feature: saved 0 interfaces 0 pad templates
0:00:00.018691656  2762 0x5577b7716360 DEBUG   structure gststructure.c:2258:gst_structure_parse_field: trying field name 'description'
0:00:00.014044622  2763 0x557974116360 DEBUG   GST_REGISTRY gstregistrychunks.c:264:gst_registry_chunks_save_feature: saved 1 interfaces 0 pad templates
0:00:00.018705518  2762 0x5577b7716360 DEBUG   default gstvalue.c:2776:_priv_gst_value_parse_value: trying type name 'string'
0:00:00.014051884  2763 0x557974116360 DEBUG   GST_REGISTRY gstregistrychunks.c:284:gst_registry_chunks_save_feature: Saved 1 UriTypes
0:00:00.018715631  2762 0x5577b7716360 DEBUG   structure gststructure.c:2258:gst_structure_parse_field: trying field name 'author'
0:00:00.014060397  2763 0x557974116360 DEBUG   GST_REGISTRY gstregistrychunks.c:264:gst_registry_chunks_save_feature: saved 1 interfaces 0 pad templates
0:00:00.018723009  2762 0x5577b7716360 DEBUG   default gstvalue.c:2776:_priv_gst_value_parse_value: trying type name 'string'
0:00:00.014066476  2763 0x557974116360 DEBUG   GST_REGISTRY gstregistrychunks.c:284:gst_registry_chunks_save_feature: Saved 1 UriTypes
0:00:00.018730341  2762 0x5577b7716360 DEBUG   GST_REGISTRY gstregistrychunks.c:626:gst_registry_chunks_load_feature: Element factory : npadtemplates=2
0:00:00.018736427  2762 0x5577b7716360 DEBUG   GST_REGISTRY gstregistrychunks.c:525:gst_registry_chunks_load_pad_template: Reading/casting for GstRegistryChunkPadTemplate at address 0x5577b773ccb0
0:00:00.014077380  2763 0x557974116360 DEBUG   GST_REGISTRY gstregistrychunks.c:264:gst_registry_chunks_save_feature: saved 1 interfaces 0 pad templates
0:00:00.014086756  2763 0x557974116360 DEBUG   GST_REGISTRY gstregistrychunks.c:284:gst_registry_chunks_save_feature: Saved 1 UriTypes
0:00:00.018744935  2762 0x5577b7716360 DEBUG   GST_REGISTRY gstregistrychunks.c:539:gst_registry_chunks_load_pad_template: Added pad_template src_%u
0:00:00.014094366  2763 0x557974116360 DEBUG   GST_REGISTRY gstregistrychunks.c:264:gst_registry_chunks_save_feature: saved 0 interfaces 0 pad templates
0:00:00.018753180  2762 0x5577b7716360 DEBUG   GST_REGISTRY gstregistrychunks.c:525:gst_registry_chunks_load_pad_template: Reading/casting for GstRegistryChunkPadTemplate at address 0x5577b773ccc8
0:00:00.014103407  2763 0x557974116360 DEBUG   GST_REGISTRY gstregistrychunks.c:264:gst_registry_chunks_save_feature: saved 0 interfaces 0 pad templates
0:00:00.018763549  2762 0x5577b7716360 DEBUG   GST_REGISTRY gstregistrychunks.c:539:gst_registry_chunks_load_pad_template: Added pad_template sink
0:00:00.014114431  2763 0x557974116360 DEBUG   GST_REGISTRY gstregistrychunks.c:264:gst_registry_chunks_save_feature: saved 0 interfaces 0 pad templates
0:00:00.018772796  2762 0x5577b7716360 DEBUG   GST_REGISTRY gstregistry.c:589:gst_registry_add_feature: adding feature 0x5577b7745320 (streamiddemux)
0:00:00.014124999  2763 0x557974116360 DEBUG   GST_REGISTRY gstregistrychunks.c:264:gst_registry_chunks_save_feature: saved 0 interfaces 0 pad templates
0:00:00.018785307  2762 0x5577b7716360 DEBUG   GST_REFCOUNTING gstobject.c:708:gst_object_set_parent: set parent (ref and sink)
0:00:00.014133414  2763 0x557974116360 DEBUG   GST_REGISTRY gstregistrychunks.c:264:gst_registry_chunks_save_feature: saved 0 interfaces 0 pad templates
0:00:00.018793823  2762 0x5577b7716360 TRACE   GST_REFCOUNTING gstobject.c:292:gst_object_ref_sink: 0x5577b7745320 ref_sink 1->2
0:00:00.014145772  2763 0x557974116360 DEBUG   GST_REGISTRY gstregistrychunks.c:264:gst_registry_chunks_save_feature: saved 0 interfaces 0 pad templates
0:00:00.018805194  2762 0x5577b7716360 LOG   GST_REGISTRY gstregistry.c:607:gst_registry_add_feature: emitting feature-added for streamiddemux
0:00:00.018814761  2762 0x5577b7716360 DEBUG   GST_REGISTRY gstregistrychunks.c:740:gst_registry_chunks_load_feature: Added feature streamiddemux, plugin 0x5577b7745cf0 coreelements
0:00:00.014157053  2763 0x557974116360 DEBUG   GST_REGISTRY gstregistrychunks.c:264:gst_registry_chunks_save_feature: saved 1 interfaces 0 pad templates
0:00:00.018824237  2762 0x5577b7716360 DEBUG   GST_REGISTRY gstregistrychunks.c:582:gst_registry_chunks_load_feature: Plugin 'coreelements' feature 'valve' typename : 'GstElementFactory'
0:00:00.014166453  2763 0x557974116360 DEBUG   GST_REGISTRY gstregistrychunks.c:284:gst_registry_chunks_save_feature: Saved 1 UriTypes
0:00:00.018833211  2762 0x5577b7716360 TRACE   GST_REFCOUNTING gstobject.c:208:gst_object_init: 0x5577b77471d0 new
0:00:00.014176566  2763 0x557974116360 DEBUG   GST_REGISTRY gstregistrychunks.c:264:gst_registry_chunks_save_feature: saved 0 interfaces 0 pad templates
0:00:00.018841251  2762 0x5577b7716360 LOG   GST_REGISTRY gstregistrychunks.c:609:gst_registry_chunks_load_feature: Reading/casting for GstRegistryChunkElementFactory at address 0x5577b773ccf8
0:00:00.014185815  2763 0x557974116360 DEBUG   GST_REGISTRY gstregistrychunks.c:264:gst_registry_chunks_save_feature: saved 0 interfaces 0 pad templates
0:00:00.018847975  2762 0x5577b7716360 TRACE   structure gststructure.c:292:gst_structure_new_id_empty_with_size: created structure 0x5577b773e910
0:00:00.018856575  2762 0x5577b7716360 DEBUG   structure gststructure.c:2258:gst_structure_parse_field: trying field name 'long-name'
0:00:00.014197867  2763 0x557974116360 DEBUG   GST_REGISTRY gstregistrychunks.c:264:gst_registry_chunks_save_feature: saved 0 interfaces 0 pad templates
0:00:00.018862774  2762 0x5577b7716360 DEBUG   default gstvalue.c:2776:_priv_gst_value_parse_value: trying type name 'string'
0:00:00.014208462  2763 0x557974116360 DEBUG   GST_REGISTRY gstregistrychunks.c:264:gst_registry_chunks_save_feature: saved 0 interfaces 0 pad templates
0:00:00.018869758  2762 0x5577b7716360 DEBUG   structure gststructure.c:2258:gst_structure_parse_field: trying field name 'klass'
0:00:00.014217469  2763 0x557974116360 DEBUG   GST_REGISTRY gstregistrychunks.c:264:gst_registry_chunks_save_feature: saved 0 interfaces 0 pad templates
0:00:00.018875986  2762 0x5577b7716360 DEBUG   default gstvalue.c:2776:_priv_gst_value_parse_value: trying type name 'string'
0:00:00.018886319  2762 0x5577b7716360 DEBUG   structure gststructure.c:2258:gst_structure_parse_field: trying field name 'description'
0:00:00.014231359  2763 0x557974116360 TRACE   GST_REFCOUNTING gstobject.c:264:gst_object_unref: 0x5579741402a0 unref 2->1
0:00:00.018892214  2762 0x5577b7716360 DEBUG   default gstvalue.c:2776:_priv_gst_value_parse_value: trying type name 'string'
0:00:00.014248746  2763 0x557974116360 TRACE   GST_REFCOUNTING gstobject.c:264:gst_object_unref: 0x557974142130 unref 2->1
0:00:00.018908782  2762 0x5577b7716360 DEBUG   structure gststructure.c:2258:gst_structure_parse_field: trying field name 'author'
0:00:00.014256603  2763 0x557974116360 TRACE   GST_REFCOUNTING gstobject.c:264:gst_object_unref: 0x557974142f60 unref 2->1
0:00:00.018916293  2762 0x5577b7716360 DEBUG   default gstvalue.c:2776:_priv_gst_value_parse_value: trying type name 'string'
0:00:00.014263491  2763 0x557974116360 TRACE   GST_REFCOUNTING gstobject.c:264:gst_object_unref: 0x557974143cd0 unref 2->1
0:00:00.018926556  2762 0x5577b7716360 DEBUG   GST_REGISTRY gstregistrychunks.c:626:gst_registry_chunks_load_feature: Element factory : npadtemplates=2
0:00:00.014270291  2763 0x557974116360 TRACE   GST_REFCOUNTING gstobject.c:264:gst_object_unref: 0x557974145c30 unref 2->1
0:00:00.018933236  2762 0x5577b7716360 DEBUG   GST_REGISTRY gstregistrychunks.c:525:gst_registry_chunks_load_pad_template: Reading/casting for GstRegistryChunkPadTemplate at address 0x5577b773cde8
0:00:00.014279551  2763 0x557974116360 TRACE   GST_REFCOUNTING gstobject.c:264:gst_object_unref: 0x557974146d30 unref 2->1
0:00:00.018939861  2762 0x5577b7716360 DEBUG   GST_REGISTRY gstregistrychunks.c:539:gst_registry_chunks_load_pad_template: Added pad_template sink
0:00:00.014286845  2763 0x557974116360 TRACE   GST_REFCOUNTING gstobject.c:264:gst_object_unref: 0x557974148990 unref 2->1
0:00:00.018946972  2762 0x5577b7716360 DEBUG   GST_REGISTRY gstregistrychunks.c:525:gst_registry_chunks_load_pad_template: Reading/casting for GstRegistryChunkPadTemplate at address 0x5577b773ce00
0:00:00.014293670  2763 0x557974116360 TRACE   GST_REFCOUNTING gstobject.c:264:gst_object_unref: 0x55797414afd0 unref 2->1
0:00:00.018955659  2762 0x5577b7716360 DEBUG   GST_REGISTRY gstregistrychunks.c:539:gst_registry_chunks_load_pad_template: Added pad_template src
0:00:00.014300409  2763 0x557974116360 TRACE   GST_REFCOUNTING gstobject.c:264:gst_object_unref: 0x55797414d480 unref 2->1
0:00:00.018963901  2762 0x5577b7716360 DEBUG   GST_REGISTRY gstregistry.c:589:gst_registry_add_feature: adding feature 0x5577b77471d0 (valve)
0:00:00.014309559  2763 0x557974116360 TRACE   GST_REFCOUNTING gstobject.c:264:gst_object_unref: 0x55797414e2e0 unref 2->1
0:00:00.018970297  2762 0x5577b7716360 DEBUG   GST_REFCOUNTING gstobject.c:708:gst_object_set_parent: set parent (ref and sink)
0:00:00.014316911  2763 0x557974116360 TRACE   GST_REFCOUNTING gstobject.c:264:gst_object_unref: 0x55797414f0c0 unref 2->1
0:00:00.018978095  2762 0x5577b7716360 TRACE   GST_REFCOUNTING gstobject.c:292:gst_object_ref_sink: 0x5577b77471d0 ref_sink 1->2
0:00:00.014323733  2763 0x557974116360 TRACE   GST_REFCOUNTING gstobject.c:264:gst_object_unref: 0x55797414fe30 unref 2->1
0:00:00.018987525  2762 0x5577b7716360 LOG   GST_REGISTRY gstregistry.c:607:gst_registry_add_feature: emitting feature-added for valve
0:00:00.014330397  2763 0x557974116360 TRACE   GST_REFCOUNTING gstobject.c:264:gst_object_unref: 0x5579741513a0 unref 2->1
0:00:00.018999946  2762 0x5577b7716360 DEBUG   GST_REGISTRY gstregistrychunks.c:740:gst_registry_chunks_load_feature: Added feature valve, plugin 0x5577b7745cf0 coreelements
0:00:00.014344183  2763 0x557974116360 TRACE   GST_REFCOUNTING gstobject.c:264:gst_object_unref: 0x5579741525b0 unref 2->1
0:00:00.019007098  2762 0x5577b7716360 DEBUG   GST_REGISTRY gstregistrychunks.c:582:gst_registry_chunks_load_feature: Plugin 'coreelements' feature 'multiqueue' typename : 'GstElementFactory'
0:00:00.014351451  2763 0x557974116360 TRACE   GST_REFCOUNTING gstobject.c:264:gst_object_unref: 0x557974153770 unref 2->1
0:00:00.019014831  2762 0x5577b7716360 TRACE   GST_REFCOUNTING gstobject.c:208:gst_object_init: 0x5577b773eb60 new
0:00:00.014358161  2763 0x557974116360 TRACE   GST_REFCOUNTING gstobject.c:264:gst_object_unref: 0x557974155a50 unref 2->1
0:00:00.019025466  2762 0x5577b7716360 LOG   GST_REGISTRY gstregistrychunks.c:609:gst_registry_chunks_load_feature: Reading/casting for GstRegistryChunkElementFactory at address 0x5577b773ce30
0:00:00.014366951  2763 0x557974116360 TRACE   GST_REFCOUNTING gstobject.c:264:gst_object_unref: 0x5579741572f0 unref 2->1
0:00:00.019033206  2762 0x5577b7716360 TRACE   structure gststructure.c:292:gst_structure_new_id_empty_with_size: created structure 0x5577b773ed90
0:00:00.014377791  2763 0x557974116360 TRACE   GST_REFCOUNTING gstobject.c:264:gst_object_unref: 0x557974158770 unref 2->1
0:00:00.019039392  2762 0x5577b7716360 DEBUG   structure gststructure.c:2258:gst_structure_parse_field: trying field name 'long-name'
0:00:00.014385064  2763 0x557974116360 TRACE   GST_REFCOUNTING gstobject.c:264:gst_object_unref: 0x557974159b50 unref 2->1
0:00:00.019045877  2762 0x5577b7716360 DEBUG   default gstvalue.c:2776:_priv_gst_value_parse_value: trying type name 'string'
0:00:00.014391877  2763 0x557974116360 TRACE   GST_REFCOUNTING gstobject.c:264:gst_object_unref: 0x55797415ab40 unref 2->1
0:00:00.019055268  2762 0x5577b7716360 DEBUG   structure gststructure.c:2258:gst_structure_parse_field: trying field name 'klass'
0:00:00.014398424  2763 0x557974116360 TRACE   GST_REFCOUNTING gstobject.c:264:gst_object_unref: 0x55797415c620 unref 2->1
0:00:00.019062019  2762 0x5577b7716360 DEBUG   default gstvalue.c:2776:_priv_gst_value_parse_value: trying type name 'string'
0:00:00.014407656  2763 0x557974116360 TRACE   GST_REFCOUNTING gstobject.c:264:gst_object_unref: 0x55797415d820 unref 2->1
0:00:00.019068640  2762 0x5577b7716360 DEBUG   structure gststructure.c:2258:gst_structure_parse_field: trying field name 'description'
0:00:00.014417084  2763 0x557974116360 DEBUG   GST_REGISTRY gstregistrychunks.c:497:_priv_gst_registry_chunks_save_plugin: Found 22 features in plugin 0x55797413fc40 (coreelements)
0:00:00.019075314  2762 0x5577b7716360 DEBUG   default gstvalue.c:2776:_priv_gst_value_parse_value: trying type name 'string'
0:00:00.014424345  2763 0x557974116360 DEBUG   GST_POLL gstpoll.c:979:gst_poll_fd_ctl_write: 0x55797413ad30: fd (fd:0, idx:1), active : 1
0:00:00.019091812  2762 0x5577b7716360 DEBUG   structure gststructure.c:2258:gst_structure_parse_field: trying field name 'author'
0:00:00.014433688  2763 0x557974116360 LOG   GST_POLL gstpoll.c:994:gst_poll_fd_ctl_write: 0x55797413ad30: pfd->events now 60 (POLLOUT:4)
0:00:00.019098759  2762 0x5577b7716360 DEBUG   default gstvalue.c:2776:_priv_gst_value_parse_value: trying type name 'string'
0:00:00.014444006  2763 0x557974116360 DEBUG   GST_POLL gstpoll.c:979:gst_poll_fd_ctl_write: 0x55797413ad30: fd (fd:0, idx:1), active : 1
0:00:00.019106249  2762 0x5577b7716360 DEBUG   GST_REGISTRY gstregistrychunks.c:626:gst_registry_chunks_load_feature: Element factory : npadtemplates=2
0:00:00.014450851  2763 0x557974116360 LOG   GST_POLL gstpoll.c:994:gst_poll_fd_ctl_write: 0x55797413ad30: pfd->events now 60 (POLLOUT:4)
0:00:00.019112841  2762 0x5577b7716360 DEBUG   GST_REGISTRY gstregistrychunks.c:525:gst_registry_chunks_load_pad_template: Reading/casting for GstRegistryChunkPadTemplate at address 0x5577b773cef0
0:00:00.014458115  2763 0x557974116360 DEBUG   GST_POLL gstpoll.c:979:gst_poll_fd_ctl_write: 0x55797413ad30: fd (fd:0, idx:1), active : 1
0:00:00.019121777  2762 0x5577b7716360 DEBUG   GST_REGISTRY gstregistrychunks.c:539:gst_registry_chunks_load_pad_template: Added pad_template src_%u
0:00:00.014464328  2763 0x557974116360 LOG   GST_POLL gstpoll.c:994:gst_poll_fd_ctl_write: 0x55797413ad30: pfd->events now 60 (POLLOUT:4)
0:00:00.019132025  2762 0x5577b7716360 DEBUG   GST_REGISTRY gstregistrychunks.c:525:gst_registry_chunks_load_pad_template: Reading/casting for GstRegistryChunkPadTemplate at address 0x5577b773cf08
0:00:00.014473680  2763 0x557974116360 DEBUG   GST_POLL gstpoll.c:979:gst_poll_fd_ctl_write: 0x55797413ad30: fd (fd:0, idx:1), active : 1
0:00:00.019138546  2762 0x5577b7716360 DEBUG   GST_REGISTRY gstregistrychunks.c:539:gst_registry_chunks_load_pad_template: Added pad_template sink_%u
0:00:00.014481998  2763 0x557974116360 LOG   GST_POLL gstpoll.c:994:gst_poll_fd_ctl_write: 0x55797413ad30: pfd->events now 60 (POLLOUT:4)
0:00:00.014489362  2763 0x557974116360 DEBUG   GST_POLL gstpoll.c:979:gst_poll_fd_ctl_write: 0x55797413ad30: fd (fd:0, idx:1), active : 1
0:00:00.019148281  2762 0x5577b7716360 DEBUG   GST_REGISTRY gstregistry.c:589:gst_registry_add_feature: adding feature 0x5577b773eb60 (multiqueue)
0:00:00.014495001  2763 0x557974116360 LOG   GST_POLL gstpoll.c:994:gst_poll_fd_ctl_write: 0x55797413ad30: pfd->events now 60 (POLLOUT:4)
0:00:00.019156034  2762 0x5577b7716360 DEBUG   GST_REFCOUNTING gstobject.c:708:gst_object_set_parent: set parent (ref and sink)
0:00:00.014503931  2763 0x557974116360 DEBUG   GST_POLL gstpoll.c:979:gst_poll_fd_ctl_write: 0x55797413ad30: fd (fd:0, idx:1), active : 1
0:00:00.019164958  2762 0x5577b7716360 TRACE   GST_REFCOUNTING gstobject.c:292:gst_object_ref_sink: 0x5577b773eb60 ref_sink 1->2
0:00:00.014510656  2763 0x557974116360 LOG   GST_POLL gstpoll.c:994:gst_poll_fd_ctl_write: 0x55797413ad30: pfd->events now 60 (POLLOUT:4)
0:00:00.019176680  2762 0x5577b7716360 LOG   GST_REGISTRY gstregistry.c:607:gst_registry_add_feature: emitting feature-added for multiqueue
0:00:00.014520157  2763 0x557974116360 DEBUG   GST_POLL gstpoll.c:979:gst_poll_fd_ctl_write: 0x55797413ad30: fd (fd:0, idx:1), active : 1
0:00:00.019185963  2762 0x5577b7716360 DEBUG   GST_REGISTRY gstregistrychunks.c:740:gst_registry_chunks_load_feature: Added feature multiqueue, plugin 0x5577b7745cf0 coreelements
0:00:00.014527378  2763 0x557974116360 LOG   GST_POLL gstpoll.c:994:gst_poll_fd_ctl_write: 0x55797413ad30: pfd->events now 60 (POLLOUT:4)
0:00:00.019193854  2762 0x5577b7716360 DEBUG   GST_REGISTRY gstregistrychunks.c:582:gst_registry_chunks_load_feature: Plugin 'coreelements' feature 'typefind' typename : 'GstElementFactory'
0:00:00.014538202  2763 0x557974116360 DEBUG   GST_POLL gstpoll.c:979:gst_poll_fd_ctl_write: 0x55797413ad30: fd (fd:0, idx:1), active : 1
0:00:00.019202026  2762 0x5577b7716360 TRACE   GST_REFCOUNTING gstobject.c:208:gst_object_init: 0x5577b773f040 new
0:00:00.014544590  2763 0x557974116360 LOG   GST_POLL gstpoll.c:994:gst_poll_fd_ctl_write: 0x55797413ad30: pfd->events now 60 (POLLOUT:4)
0:00:00.019209978  2762 0x5577b7716360 LOG   GST_REGISTRY gstregistrychunks.c:609:gst_registry_chunks_load_feature: Reading/casting for GstRegistryChunkElementFactory at address 0x5577b773cf38
0:00:00.014552333  2763 0x557974116360 DEBUG   GST_POLL gstpoll.c:979:gst_poll_fd_ctl_write: 0x55797413ad30: fd (fd:0, idx:1), active : 1
0:00:00.019218697  2762 0x5577b7716360 TRACE   structure gststructure.c:292:gst_structure_new_id_empty_with_size: created structure 0x5577b773f270
0:00:00.014560503  2763 0x557974116360 LOG   GST_POLL gstpoll.c:994:gst_poll_fd_ctl_write: 0x55797413ad30: pfd->events now 60 (POLLOUT:4)
0:00:00.019225758  2762 0x5577b7716360 DEBUG   structure gststructure.c:2258:gst_structure_parse_field: trying field name 'long-name'
0:00:00.019244474  2762 0x5577b7716360 DEBUG   default gstvalue.c:2776:_priv_gst_value_parse_value: trying type name 'string'
0:00:00.014570886  2763 0x557974116360 DEBUG   GST_POLL gstpoll.c:979:gst_poll_fd_ctl_write: 0x55797413ad30: fd (fd:0, idx:1), active : 1
0:00:00.014600855  2763 0x557974116360 LOG   GST_POLL gstpoll.c:994:gst_poll_fd_ctl_write: 0x55797413ad30: pfd->events now 60 (POLLOUT:4)
0:00:00.019259988  2762 0x5577b7716360 DEBUG   structure gststructure.c:2258:gst_structure_parse_field: trying field name 'klass'
0:00:00.014607100  2763 0x557974116360 DEBUG   GST_POLL gstpoll.c:979:gst_poll_fd_ctl_write: 0x55797413ad30: fd (fd:0, idx:1), active : 1
0:00:00.019270065  2762 0x5577b7716360 DEBUG   default gstvalue.c:2776:_priv_gst_value_parse_value: trying type name 'string'
0:00:00.014615891  2763 0x557974116360 LOG   GST_POLL gstpoll.c:994:gst_poll_fd_ctl_write: 0x55797413ad30: pfd->events now 60 (POLLOUT:4)
0:00:00.019280072  2762 0x5577b7716360 DEBUG   structure gststructure.c:2258:gst_structure_parse_field: trying field name 'description'
0:00:00.014623239  2763 0x557974116360 DEBUG   GST_POLL gstpoll.c:979:gst_poll_fd_ctl_write: 0x55797413ad30: fd (fd:0, idx:1), active : 1
0:00:00.019293574  2762 0x5577b7716360 DEBUG   default gstvalue.c:2776:_priv_gst_value_parse_value: trying type name 'string'
0:00:00.014637017  2763 0x557974116360 LOG   GST_POLL gstpoll.c:994:gst_poll_fd_ctl_write: 0x55797413ad30: pfd->events now 60 (POLLOUT:4)
0:00:00.019302784  2762 0x5577b7716360 DEBUG   structure gststructure.c:2258:gst_structure_parse_field: trying field name 'author'
0:00:00.014644732  2763 0x557974116360 DEBUG   GST_POLL gstpoll.c:979:gst_poll_fd_ctl_write: 0x55797413ad30: fd (fd:0, idx:1), active : 1
0:00:00.019310302  2762 0x5577b7716360 DEBUG   default gstvalue.c:2776:_priv_gst_value_parse_value: trying type name 'string'
0:00:00.014655144  2763 0x557974116360 LOG   GST_POLL gstpoll.c:994:gst_poll_fd_ctl_write: 0x55797413ad30: pfd->events now 60 (POLLOUT:4)
0:00:00.019318054  2762 0x5577b7716360 DEBUG   GST_REGISTRY gstregistrychunks.c:626:gst_registry_chunks_load_feature: Element factory : npadtemplates=2
0:00:00.014662606  2763 0x557974116360 DEBUG   GST_POLL gstpoll.c:979:gst_poll_fd_ctl_write: 0x55797413ad30: fd (fd:0, idx:1), active : 1
0:00:00.019324268  2762 0x5577b7716360 DEBUG   GST_REGISTRY gstregistrychunks.c:525:gst_registry_chunks_load_pad_template: Reading/casting for GstRegistryChunkPadTemplate at address 0x5577b773d010
0:00:00.014668934  2763 0x557974116360 LOG   GST_POLL gstpoll.c:994:gst_poll_fd_ctl_write: 0x55797413ad30: pfd->events now 60 (POLLOUT:4)
0:00:00.019332563  2762 0x5577b7716360 DEBUG   GST_REGISTRY gstregistrychunks.c:539:gst_registry_chunks_load_pad_template: Added pad_template sink
0:00:00.014675592  2763 0x557974116360 DEBUG   GST_POLL gstpoll.c:979:gst_poll_fd_ctl_write: 0x55797413ad30: fd (fd:0, idx:1), active : 1
0:00:00.019339694  2762 0x5577b7716360 DEBUG   GST_REGISTRY gstregistrychunks.c:525:gst_registry_chunks_load_pad_template: Reading/casting for GstRegistryChunkPadTemplate at address 0x5577b773d028
0:00:00.014684549  2763 0x557974116360 LOG   GST_POLL gstpoll.c:994:gst_poll_fd_ctl_write: 0x55797413ad30: pfd->events now 60 (POLLOUT:4)
0:00:00.019345828  2762 0x5577b7716360 DEBUG   GST_REGISTRY gstregistrychunks.c:539:gst_registry_chunks_load_pad_template: Added pad_template src
0:00:00.014691214  2763 0x557974116360 DEBUG   GST_POLL gstpoll.c:979:gst_poll_fd_ctl_write: 0x55797413ad30: fd (fd:0, idx:1), active : 1
0:00:00.019353938  2762 0x5577b7716360 DEBUG   GST_REGISTRY gstregistry.c:589:gst_registry_add_feature: adding feature 0x5577b773f040 (typefind)
0:00:00.014697700  2763 0x557974116360 LOG   GST_POLL gstpoll.c:994:gst_poll_fd_ctl_write: 0x55797413ad30: pfd->events now 60 (POLLOUT:4)
0:00:00.019362228  2762 0x5577b7716360 DEBUG   GST_REFCOUNTING gstobject.c:708:gst_object_set_parent: set parent (ref and sink)
0:00:00.014705188  2763 0x557974116360 DEBUG   GST_POLL gstpoll.c:979:gst_poll_fd_ctl_write: 0x55797413ad30: fd (fd:0, idx:1), active : 1
0:00:00.019371859  2762 0x5577b7716360 TRACE   GST_REFCOUNTING gstobject.c:292:gst_object_ref_sink: 0x5577b773f040 ref_sink 1->2
0:00:00.014715500  2763 0x557974116360 LOG   GST_POLL gstpoll.c:994:gst_poll_fd_ctl_write: 0x55797413ad30: pfd->events now 60 (POLLOUT:4)
0:00:00.019385177  2762 0x5577b7716360 LOG   GST_REGISTRY gstregistry.c:607:gst_registry_add_feature: emitting feature-added for typefind
0:00:00.014728785  2763 0x557974116360 DEBUG   GST_POLL gstpoll.c:979:gst_poll_fd_ctl_write: 0x55797413ad30: fd (fd:0, idx:1), active : 1
0:00:00.019392437  2762 0x5577b7716360 DEBUG   GST_REGISTRY gstregistrychunks.c:740:gst_registry_chunks_load_feature: Added feature typefind, plugin 0x5577b7745cf0 coreelements
0:00:00.014735311  2763 0x557974116360 LOG   GST_POLL gstpoll.c:994:gst_poll_fd_ctl_write: 0x55797413ad30: pfd->events now 60 (POLLOUT:4)
0:00:00.019401359  2762 0x5577b7716360 DEBUG   GST_REGISTRY gstregistrychunks.c:582:gst_registry_chunks_load_feature: Plugin 'coreelements' feature 'tee' typename : 'GstElementFactory'
0:00:00.014743285  2763 0x557974116360 DEBUG   GST_POLL gstpoll.c:979:gst_poll_fd_ctl_write: 0x55797413ad30: fd (fd:0, idx:1), active : 1
0:00:00.019411151  2762 0x5577b7716360 TRACE   GST_REFCOUNTING gstobject.c:208:gst_object_init: 0x5577b773f510 new
0:00:00.014753414  2763 0x557974116360 LOG   GST_POLL gstpoll.c:994:gst_poll_fd_ctl_write: 0x55797413ad30: pfd->events now 60 (POLLOUT:4)
0:00:00.019420262  2762 0x5577b7716360 LOG   GST_REGISTRY gstregistrychunks.c:609:gst_registry_chunks_load_feature: Reading/casting for GstRegistryChunkElementFactory at address 0x5577b773d050
0:00:00.014762621  2763 0x557974116360 DEBUG   GST_POLL gstpoll.c:979:gst_poll_fd_ctl_write: 0x55797413ad30: fd (fd:0, idx:1), active : 1
0:00:00.019427187  2762 0x5577b7716360 TRACE   structure gststructure.c:292:gst_structure_new_id_empty_with_size: created structure 0x5577b773f890
0:00:00.014769820  2763 0x557974116360 LOG   GST_POLL gstpoll.c:994:gst_poll_fd_ctl_write: 0x55797413ad30: pfd->events now 60 (POLLOUT:4)
0:00:00.019435219  2762 0x5577b7716360 DEBUG   structure gststructure.c:2258:gst_structure_parse_field: trying field name 'long-name'
0:00:00.014778225  2763 0x557974116360 DEBUG   GST_POLL gstpoll.c:979:gst_poll_fd_ctl_write: 0x55797413ad30: fd (fd:0, idx:1), active : 1
0:00:00.019442818  2762 0x5577b7716360 DEBUG   default gstvalue.c:2776:_priv_gst_value_parse_value: trying type name 'string'
0:00:00.014787732  2763 0x557974116360 LOG   GST_POLL gstpoll.c:994:gst_poll_fd_ctl_write: 0x55797413ad30: pfd->events now 60 (POLLOUT:4)
0:00:00.019450044  2762 0x5577b7716360 DEBUG   structure gststructure.c:2258:gst_structure_parse_field: trying field name 'klass'
0:00:00.014795005  2763 0x557974116360 DEBUG   GST_POLL gstpoll.c:979:gst_poll_fd_ctl_write: 0x55797413ad30: fd (fd:0, idx:1), active : 1
0:00:00.019456173  2762 0x5577b7716360 DEBUG   default gstvalue.c:2776:_priv_gst_value_parse_value: trying type name 'string'
0:00:00.014801278  2763 0x557974116360 LOG   GST_POLL gstpoll.c:994:gst_poll_fd_ctl_write: 0x55797413ad30: pfd->events now 60 (POLLOUT:4)
0:00:00.019464901  2762 0x5577b7716360 DEBUG   structure gststructure.c:2258:gst_structure_parse_field: trying field name 'description'
0:00:00.014807586  2763 0x557974116360 DEBUG   GST_POLL gstpoll.c:979:gst_poll_fd_ctl_write: 0x55797413ad30: fd (fd:0, idx:1), active : 1
0:00:00.019477238  2762 0x5577b7716360 DEBUG   default gstvalue.c:2776:_priv_gst_value_parse_value: trying type name 'string'
0:00:00.014822592  2763 0x557974116360 LOG   GST_POLL gstpoll.c:994:gst_poll_fd_ctl_write: 0x55797413ad30: pfd->events now 60 (POLLOUT:4)
0:00:00.019484582  2762 0x5577b7716360 DEBUG   structure gststructure.c:2258:gst_structure_parse_field: trying field name 'author'
0:00:00.014829730  2763 0x557974116360 DEBUG   GST_POLL gstpoll.c:979:gst_poll_fd_ctl_write: 0x55797413ad30: fd (fd:0, idx:1), active : 1
0:00:00.019490851  2762 0x5577b7716360 DEBUG   default gstvalue.c:2776:_priv_gst_value_parse_value: trying type name 'string'
0:00:00.014836334  2763 0x557974116360 LOG   GST_POLL gstpoll.c:994:gst_poll_fd_ctl_write: 0x55797413ad30: pfd->events now 60 (POLLOUT:4)
0:00:00.019500741  2762 0x5577b7716360 DEBUG   GST_REGISTRY gstregistrychunks.c:626:gst_registry_chunks_load_feature: Element factory : npadtemplates=2
0:00:00.014842813  2763 0x557974116360 DEBUG   GST_POLL gstpoll.c:979:gst_poll_fd_ctl_write: 0x55797413ad30: fd (fd:0, idx:1), active : 1
0:00:00.019508278  2762 0x5577b7716360 DEBUG   GST_REGISTRY gstregistrychunks.c:525:gst_registry_chunks_load_pad_template: Reading/casting for GstRegistryChunkPadTemplate at address 0x5577b773d140
0:00:00.014853548  2763 0x557974116360 LOG   GST_POLL gstpoll.c:994:gst_poll_fd_ctl_write: 0x55797413ad30: pfd->events now 60 (POLLOUT:4)
0:00:00.019515095  2762 0x5577b7716360 DEBUG   GST_REGISTRY gstregistrychunks.c:539:gst_registry_chunks_load_pad_template: Added pad_template src_%u
0:00:00.014860540  2763 0x557974116360 DEBUG   GST_POLL gstpoll.c:979:gst_poll_fd_ctl_write: 0x55797413ad30: fd (fd:0, idx:1), active : 1
0:00:00.019520885  2762 0x5577b7716360 DEBUG   GST_REGISTRY gstregistrychunks.c:525:gst_registry_chunks_load_pad_template: Reading/casting for GstRegistryChunkPadTemplate at address 0x5577b773d158
0:00:00.014867153  2763 0x557974116360 LOG   GST_POLL gstpoll.c:994:gst_poll_fd_ctl_write: 0x55797413ad30: pfd->events now 60 (POLLOUT:4)
0:00:00.019529214  2762 0x5577b7716360 DEBUG   GST_REGISTRY gstregistrychunks.c:539:gst_registry_chunks_load_pad_template: Added pad_template sink
0:00:00.014874266  2763 0x557974116360 DEBUG   GST_POLL gstpoll.c:979:gst_poll_fd_ctl_write: 0x55797413ad30: fd (fd:0, idx:1), active : 1
0:00:00.019538604  2762 0x5577b7716360 DEBUG   GST_REGISTRY gstregistry.c:589:gst_registry_add_feature: adding feature 0x5577b773f510 (tee)
0:00:00.014882721  2763 0x557974116360 LOG   GST_POLL gstpoll.c:994:gst_poll_fd_ctl_write: 0x55797413ad30: pfd->events now 60 (POLLOUT:4)
0:00:00.019545730  2762 0x5577b7716360 DEBUG   GST_REFCOUNTING gstobject.c:708:gst_object_set_parent: set parent (ref and sink)
0:00:00.019553583  2762 0x5577b7716360 TRACE   GST_REFCOUNTING gstobject.c:292:gst_object_ref_sink: 0x5577b773f510 ref_sink 1->2
0:00:00.014895482  2763 0x557974116360 DEBUG   GST_POLL gstpoll.c:979:gst_poll_fd_ctl_write: 0x55797413ad30: fd (fd:0, idx:1), active : 1
0:00:00.019562466  2762 0x5577b7716360 LOG   GST_REGISTRY gstregistry.c:607:gst_registry_add_feature: emitting feature-added for tee
0:00:00.014911407  2763 0x557974116360 LOG   GST_POLL gstpoll.c:994:gst_poll_fd_ctl_write: 0x55797413ad30: pfd->events now 60 (POLLOUT:4)
0:00:00.019573122  2762 0x5577b7716360 DEBUG   GST_REGISTRY gstregistrychunks.c:740:gst_registry_chunks_load_feature: Added feature tee, plugin 0x5577b7745cf0 coreelements
0:00:00.014920345  2763 0x557974116360 DEBUG   GST_POLL gstpoll.c:979:gst_poll_fd_ctl_write: 0x55797413ad30: fd (fd:0, idx:1), active : 1
0:00:00.014927465  2763 0x557974116360 LOG   GST_POLL gstpoll.c:994:gst_poll_fd_ctl_write: 0x55797413ad30: pfd->events now 60 (POLLOUT:4)
0:00:00.019580207  2762 0x5577b7716360 DEBUG   GST_REGISTRY gstregistrychunks.c:582:gst_registry_chunks_load_feature: Plugin 'coreelements' feature 'filesink' typename : 'GstElementFactory'
0:00:00.014933396  2763 0x557974116360 DEBUG   GST_POLL gstpoll.c:979:gst_poll_fd_ctl_write: 0x55797413ad30: fd (fd:0, idx:1), active : 1
0:00:00.014939595  2763 0x557974116360 LOG   GST_POLL gstpoll.c:994:gst_poll_fd_ctl_write: 0x55797413ad30: pfd->events now 60 (POLLOUT:4)
0:00:00.019598217  2762 0x5577b7716360 TRACE   GST_REFCOUNTING gstobject.c:208:gst_object_init: 0x5577b773fa40 new
0:00:00.014948001  2763 0x557974116360 DEBUG   GST_POLL gstpoll.c:979:gst_poll_fd_ctl_write: 0x55797413ad30: fd (fd:0, idx:1), active : 1
0:00:00.019610685  2762 0x5577b7716360 LOG   GST_REGISTRY gstregistrychunks.c:609:gst_registry_chunks_load_feature: Reading/casting for GstRegistryChunkElementFactory at address 0x5577b773d188
0:00:00.014955121  2763 0x557974116360 LOG   GST_POLL gstpoll.c:994:gst_poll_fd_ctl_write: 0x55797413ad30: pfd->events now 60 (POLLOUT:4)
0:00:00.019618837  2762 0x5577b7716360 TRACE   structure gststructure.c:292:gst_structure_new_id_empty_with_size: created structure 0x5577b773fd40
0:00:00.014961983  2763 0x557974116360 DEBUG   GST_POLL gstpoll.c:979:gst_poll_fd_ctl_write: 0x55797413ad30: fd (fd:0, idx:1), active : 1
0:00:00.019625355  2762 0x5577b7716360 DEBUG   structure gststructure.c:2258:gst_structure_parse_field: trying field name 'long-name'
0:00:00.014968780  2763 0x557974116360 LOG   GST_POLL gstpoll.c:994:gst_poll_fd_ctl_write: 0x55797413ad30: pfd->events now 60 (POLLOUT:4)
0:00:00.019631447  2762 0x5577b7716360 DEBUG   default gstvalue.c:2776:_priv_gst_value_parse_value: trying type name 'string'
0:00:00.014977934  2763 0x557974116360 DEBUG   GST_POLL gstpoll.c:979:gst_poll_fd_ctl_write: 0x55797413ad30: fd (fd:0, idx:1), active : 1
0:00:00.019641255  2762 0x5577b7716360 DEBUG   structure gststructure.c:2258:gst_structure_parse_field: trying field name 'klass'
0:00:00.014985656  2763 0x557974116360 LOG   GST_POLL gstpoll.c:994:gst_poll_fd_ctl_write: 0x55797413ad30: pfd->events now 60 (POLLOUT:4)
0:00:00.019648682  2762 0x5577b7716360 DEBUG   default gstvalue.c:2776:_priv_gst_value_parse_value: trying type name 'string'
0:00:00.014992864  2763 0x557974116360 DEBUG   GST_POLL gstpoll.c:979:gst_poll_fd_ctl_write: 0x55797413ad30: fd (fd:0, idx:1), active : 1
0:00:00.019655618  2762 0x5577b7716360 DEBUG   structure gststructure.c:2258:gst_structure_parse_field: trying field name 'description'
0:00:00.015004012  2763 0x557974116360 LOG   GST_POLL gstpoll.c:994:gst_poll_fd_ctl_write: 0x55797413ad30: pfd->events now 60 (POLLOUT:4)
0:00:00.019664815  2762 0x5577b7716360 DEBUG   default gstvalue.c:2776:_priv_gst_value_parse_value: trying type name 'string'
0:00:00.015012890  2763 0x557974116360 DEBUG   GST_POLL gstpoll.c:979:gst_poll_fd_ctl_write: 0x55797413ad30: fd (fd:0, idx:1), active : 1
0:00:00.019674785  2762 0x5577b7716360 DEBUG   structure gststructure.c:2258:gst_structure_parse_field: trying field name 'author'
0:00:00.015020043  2763 0x557974116360 LOG   GST_POLL gstpoll.c:994:gst_poll_fd_ctl_write: 0x55797413ad30: pfd->events now 60 (POLLOUT:4)
0:00:00.019682147  2762 0x5577b7716360 DEBUG   default gstvalue.c:2776:_priv_gst_value_parse_value: trying type name 'string'
0:00:00.015026530  2763 0x557974116360 DEBUG   GST_POLL gstpoll.c:979:gst_poll_fd_ctl_write: 0x55797413ad30: fd (fd:0, idx:1), active : 1
0:00:00.015033009  2763 0x557974116360 LOG   GST_POLL gstpoll.c:994:gst_poll_fd_ctl_write: 0x55797413ad30: pfd->events now 60 (POLLOUT:4)
0:00:00.019692158  2762 0x5577b7716360 DEBUG   GST_REGISTRY gstregistrychunks.c:626:gst_registry_chunks_load_feature: Element factory : npadtemplates=1
0:00:00.015041340  2763 0x557974116360 DEBUG   GST_POLL gstpoll.c:979:gst_poll_fd_ctl_write: 0x55797413ad30: fd (fd:0, idx:1), active : 1
0:00:00.019700422  2762 0x5577b7716360 DEBUG   GST_REGISTRY gstregistrychunks.c:525:gst_registry_chunks_load_pad_template: Reading/casting for GstRegistryChunkPadTemplate at address 0x5577b773d268
0:00:00.015048476  2763 0x557974116360 LOG   GST_POLL gstpoll.c:994:gst_poll_fd_ctl_write: 0x55797413ad30: pfd->events now 60 (POLLOUT:4)
0:00:00.019710431  2762 0x5577b7716360 DEBUG   GST_REGISTRY gstregistrychunks.c:539:gst_registry_chunks_load_pad_template: Added pad_template sink
0:00:00.015054785  2763 0x557974116360 DEBUG   GST_POLL gstpoll.c:979:gst_poll_fd_ctl_write: 0x55797413ad30: fd (fd:0, idx:1), active : 1
0:00:00.015061076  2763 0x557974116360 LOG   GST_POLL gstpoll.c:994:gst_poll_fd_ctl_write: 0x55797413ad30: pfd->events now 60 (POLLOUT:4)
0:00:00.019721336  2762 0x5577b7716360 DEBUG   GST_REGISTRY gstregistrychunks.c:639:gst_registry_chunks_load_feature: Reading 1 UriTypes at address 0x5577b773d279
0:00:00.015069687  2763 0x557974116360 DEBUG   GST_POLL gstpoll.c:979:gst_poll_fd_ctl_write: 0x55797413ad30: fd (fd:0, idx:1), active : 1
0:00:00.019731355  2762 0x5577b7716360 DEBUG   GST_REGISTRY gstregistrychunks.c:654:gst_registry_chunks_load_feature: Reading 1 Interfaces at address 0x5577b773d289
0:00:00.015076681  2763 0x557974116360 LOG   GST_POLL gstpoll.c:994:gst_poll_fd_ctl_write: 0x55797413ad30: pfd->events now 60 (POLLOUT:4)
0:00:00.015083530  2763 0x557974116360 DEBUG   GST_POLL gstpoll.c:979:gst_poll_fd_ctl_write: 0x55797413ad30: fd (fd:0, idx:1), active : 1
0:00:00.019742748  2762 0x5577b7716360 DEBUG   GST_REGISTRY gstregistry.c:589:gst_registry_add_feature: adding feature 0x5577b773fa40 (filesink)
0:00:00.015089771  2763 0x557974116360 LOG   GST_POLL gstpoll.c:994:gst_poll_fd_ctl_write: 0x55797413ad30: pfd->events now 60 (POLLOUT:4)
0:00:00.019757183  2762 0x5577b7716360 DEBUG   GST_REFCOUNTING gstobject.c:708:gst_object_set_parent: set parent (ref and sink)
0:00:00.015102559  2763 0x557974116360 DEBUG   GST_POLL gstpoll.c:979:gst_poll_fd_ctl_write: 0x55797413ad30: fd (fd:0, idx:1), active : 1
0:00:00.019765326  2762 0x5577b7716360 TRACE   GST_REFCOUNTING gstobject.c:292:gst_object_ref_sink: 0x5577b773fa40 ref_sink 1->2
0:00:00.015109481  2763 0x557974116360 LOG   GST_POLL gstpoll.c:994:gst_poll_fd_ctl_write: 0x55797413ad30: pfd->events now 60 (POLLOUT:4)
0:00:00.019772402  2762 0x5577b7716360 LOG   GST_REGISTRY gstregistry.c:607:gst_registry_add_feature: emitting feature-added for filesink
0:00:00.015116130  2763 0x557974116360 DEBUG   GST_POLL gstpoll.c:979:gst_poll_fd_ctl_write: 0x55797413ad30: fd (fd:0, idx:1), active : 1
0:00:00.015122769  2763 0x557974116360 LOG   GST_POLL gstpoll.c:994:gst_poll_fd_ctl_write: 0x55797413ad30: pfd->events now 60 (POLLOUT:4)
0:00:00.019781761  2762 0x5577b7716360 DEBUG   GST_REGISTRY gstregistrychunks.c:740:gst_registry_chunks_load_feature: Added feature filesink, plugin 0x5577b7745cf0 coreelements
0:00:00.015131279  2763 0x557974116360 DEBUG   GST_POLL gstpoll.c:979:gst_poll_fd_ctl_write: 0x55797413ad30: fd (fd:0, idx:1), active : 1
0:00:00.019791669  2762 0x5577b7716360 DEBUG   GST_REGISTRY gstregistrychunks.c:582:gst_registry_chunks_load_feature: Plugin 'coreelements' feature 'queue2' typename : 'GstElementFactory'
0:00:00.015138613  2763 0x557974116360 LOG   GST_POLL gstpoll.c:994:gst_poll_fd_ctl_write: 0x55797413ad30: pfd->events now 60 (POLLOUT:4)
0:00:00.019801496  2762 0x5577b7716360 TRACE   GST_REFCOUNTING gstobject.c:208:gst_object_init: 0x5577b7740300 new
0:00:00.015145029  2763 0x557974116360 DEBUG   GST_POLL gstpoll.c:979:gst_poll_fd_ctl_write: 0x55797413ad30: fd (fd:0, idx:1), active : 1
0:00:00.019810197  2762 0x5577b7716360 LOG   GST_REGISTRY gstregistrychunks.c:609:gst_registry_chunks_load_feature: Reading/casting for GstRegistryChunkElementFactory at address 0x5577b773d2b0
0:00:00.015152337  2763 0x557974116360 LOG   GST_POLL gstpoll.c:994:gst_poll_fd_ctl_write: 0x55797413ad30: pfd->events now 60 (POLLOUT:4)
0:00:00.019820442  2762 0x5577b7716360 TRACE   structure gststructure.c:292:gst_structure_new_id_empty_with_size: created structure 0x5577b7740530
0:00:00.015164221  2763 0x557974116360 DEBUG   GST_POLL gstpoll.c:979:gst_poll_fd_ctl_write: 0x55797413ad30: fd (fd:0, idx:1), active : 1
0:00:00.019828013  2762 0x5577b7716360 DEBUG   structure gststructure.c:2258:gst_structure_parse_field: trying field name 'long-name'
0:00:00.015171445  2763 0x557974116360 LOG   GST_POLL gstpoll.c:994:gst_poll_fd_ctl_write: 0x55797413ad30: pfd->events now 60 (POLLOUT:4)
0:00:00.019834630  2762 0x5577b7716360 DEBUG   default gstvalue.c:2776:_priv_gst_value_parse_value: trying type name 'string'
0:00:00.015178405  2763 0x557974116360 DEBUG   GST_POLL gstpoll.c:979:gst_poll_fd_ctl_write: 0x55797413ad30: fd (fd:0, idx:1), active : 1
0:00:00.019841980  2762 0x5577b7716360 DEBUG   structure gststructure.c:2258:gst_structure_parse_field: trying field name 'klass'
0:00:00.015191895  2763 0x557974116360 LOG   GST_POLL gstpoll.c:994:gst_poll_fd_ctl_write: 0x55797413ad30: pfd->events now 60 (POLLOUT:4)
0:00:00.019854531  2762 0x5577b7716360 DEBUG   default gstvalue.c:2776:_priv_gst_value_parse_value: trying type name 'string'
0:00:00.015200713  2763 0x557974116360 DEBUG   GST_POLL gstpoll.c:979:gst_poll_fd_ctl_write: 0x55797413ad30: fd (fd:0, idx:1), active : 1
0:00:00.019862575  2762 0x5577b7716360 DEBUG   structure gststructure.c:2258:gst_structure_parse_field: trying field name 'description'
0:00:00.015207885  2763 0x557974116360 LOG   GST_POLL gstpoll.c:994:gst_poll_fd_ctl_write: 0x55797413ad30: pfd->events now 60 (POLLOUT:4)
0:00:00.019868919  2762 0x5577b7716360 DEBUG   default gstvalue.c:2776:_priv_gst_value_parse_value: trying type name 'string'
0:00:00.015215006  2763 0x557974116360 DEBUG   GST_POLL gstpoll.c:979:gst_poll_fd_ctl_write: 0x55797413ad30: fd (fd:0, idx:1), active : 1
0:00:00.019876124  2762 0x5577b7716360 DEBUG   structure gststructure.c:2258:gst_structure_parse_field: trying field name 'author'
0:00:00.015221306  2763 0x557974116360 LOG   GST_POLL gstpoll.c:994:gst_poll_fd_ctl_write: 0x55797413ad30: pfd->events now 60 (POLLOUT:4)
0:00:00.019884092  2762 0x5577b7716360 DEBUG   default gstvalue.c:2776:_priv_gst_value_parse_value: trying type name 'string'
0:00:00.015230061  2763 0x557974116360 DEBUG   GST_POLL gstpoll.c:979:gst_poll_fd_ctl_write: 0x55797413ad30: fd (fd:0, idx:1), active : 1
0:00:00.019893036  2762 0x5577b7716360 DEBUG   GST_REGISTRY gstregistrychunks.c:626:gst_registry_chunks_load_feature: Element factory : npadtemplates=2
0:00:00.015236955  2763 0x557974116360 LOG   GST_POLL gstpoll.c:994:gst_poll_fd_ctl_write: 0x55797413ad30: pfd->events now 60 (POLLOUT:4)
0:00:00.019899564  2762 0x5577b7716360 DEBUG   GST_REGISTRY gstregistrychunks.c:525:gst_registry_chunks_load_pad_template: Reading/casting for GstRegistryChunkPadTemplate at address 0x5577b773d3a0
0:00:00.015243414  2763 0x557974116360 DEBUG   GST_POLL gstpoll.c:979:gst_poll_fd_ctl_write: 0x55797413ad30: fd (fd:0, idx:1), active : 1
0:00:00.019906199  2762 0x5577b7716360 DEBUG   GST_REGISTRY gstregistrychunks.c:539:gst_registry_chunks_load_pad_template: Added pad_template sink
0:00:00.015249885  2763 0x557974116360 LOG   GST_POLL gstpoll.c:994:gst_poll_fd_ctl_write: 0x55797413ad30: pfd->events now 60 (POLLOUT:4)
0:00:00.019914187  2762 0x5577b7716360 DEBUG   GST_REGISTRY gstregistrychunks.c:525:gst_registry_chunks_load_pad_template: Reading/casting for GstRegistryChunkPadTemplate at address 0x5577b773d3b8
0:00:00.015259387  2763 0x557974116360 DEBUG   GST_POLL gstpoll.c:979:gst_poll_fd_ctl_write: 0x55797413ad30: fd (fd:0, idx:1), active : 1
0:00:00.019921529  2762 0x5577b7716360 DEBUG   GST_REGISTRY gstregistrychunks.c:539:gst_registry_chunks_load_pad_template: Added pad_template src
0:00:00.015266868  2763 0x557974116360 LOG   GST_POLL gstpoll.c:994:gst_poll_fd_ctl_write: 0x55797413ad30: pfd->events now 60 (POLLOUT:4)
0:00:00.019929552  2762 0x5577b7716360 DEBUG   GST_REGISTRY gstregistry.c:589:gst_registry_add_feature: adding feature 0x5577b7740300 (queue2)
0:00:00.015278086  2763 0x557974116360 DEBUG   GST_POLL gstpoll.c:979:gst_poll_fd_ctl_write: 0x55797413ad30: fd (fd:0, idx:1), active : 1
0:00:00.019938827  2762 0x5577b7716360 DEBUG   GST_REFCOUNTING gstobject.c:708:gst_object_set_parent: set parent (ref and sink)
0:00:00.015284509  2763 0x557974116360 LOG   GST_POLL gstpoll.c:994:gst_poll_fd_ctl_write: 0x55797413ad30: pfd->events now 60 (POLLOUT:4)
0:00:00.019949071  2762 0x5577b7716360 TRACE   GST_REFCOUNTING gstobject.c:292:gst_object_ref_sink: 0x5577b7740300 ref_sink 1->2
0:00:00.015293280  2763 0x557974116360 DEBUG   GST_POLL gstpoll.c:979:gst_poll_fd_ctl_write: 0x55797413ad30: fd (fd:0, idx:1), active : 1
0:00:00.019957195  2762 0x5577b7716360 LOG   GST_REGISTRY gstregistry.c:607:gst_registry_add_feature: emitting feature-added for queue2
0:00:00.015300405  2763 0x557974116360 LOG   GST_POLL gstpoll.c:994:gst_poll_fd_ctl_write: 0x55797413ad30: pfd->events now 60 (POLLOUT:4)
0:00:00.019964410  2762 0x5577b7716360 DEBUG   GST_REGISTRY gstregistrychunks.c:740:gst_registry_chunks_load_feature: Added feature queue2, plugin 0x5577b7745cf0 coreelements
0:00:00.015307133  2763 0x557974116360 DEBUG   GST_POLL gstpoll.c:979:gst_poll_fd_ctl_write: 0x55797413ad30: fd (fd:0, idx:1), active : 1
0:00:00.019970997  2762 0x5577b7716360 DEBUG   GST_REGISTRY gstregistrychunks.c:582:gst_registry_chunks_load_feature: Plugin 'coreelements' feature 'queue' typename : 'GstElementFactory'
0:00:00.015313817  2763 0x557974116360 LOG   GST_POLL gstpoll.c:994:gst_poll_fd_ctl_write: 0x55797413ad30: pfd->events now 60 (POLLOUT:4)
0:00:00.019981021  2762 0x5577b7716360 TRACE   GST_REFCOUNTING gstobject.c:208:gst_object_init: 0x5577b77407c0 new
0:00:00.015323483  2763 0x557974116360 DEBUG   GST_POLL gstpoll.c:979:gst_poll_fd_ctl_write: 0x55797413ad30: fd (fd:0, idx:1), active : 1
0:00:00.019990459  2762 0x5577b7716360 LOG   GST_REGISTRY gstregistrychunks.c:609:gst_registry_chunks_load_feature: Reading/casting for GstRegistryChunkElementFactory at address 0x5577b773d3e0
0:00:00.015332538  2763 0x557974116360 LOG   GST_POLL gstpoll.c:994:gst_poll_fd_ctl_write: 0x55797413ad30: pfd->events now 60 (POLLOUT:4)
0:00:00.019997936  2762 0x5577b7716360 TRACE   structure gststructure.c:292:gst_structure_new_id_empty_with_size: created structure 0x5577b7740aa0
0:00:00.015341298  2763 0x557974116360 DEBUG   GST_POLL gstpoll.c:979:gst_poll_fd_ctl_write: 0x55797413ad30: fd (fd:0, idx:1), active : 1
0:00:00.020004174  2762 0x5577b7716360 DEBUG   structure gststructure.c:2258:gst_structure_parse_field: trying field name 'long-name'
0:00:00.015347736  2763 0x557974116360 LOG   GST_POLL gstpoll.c:994:gst_poll_fd_ctl_write: 0x55797413ad30: pfd->events now 60 (POLLOUT:4)
0:00:00.020012119  2762 0x5577b7716360 DEBUG   default gstvalue.c:2776:_priv_gst_value_parse_value: trying type name 'string'
0:00:00.015357065  2763 0x557974116360 DEBUG   GST_POLL gstpoll.c:979:gst_poll_fd_ctl_write: 0x55797413ad30: fd (fd:0, idx:1), active : 1
0:00:00.020020373  2762 0x5577b7716360 DEBUG   structure gststructure.c:2258:gst_structure_parse_field: trying field name 'klass'
0:00:00.015368793  2763 0x557974116360 LOG   GST_POLL gstpoll.c:994:gst_poll_fd_ctl_write: 0x55797413ad30: pfd->events now 60 (POLLOUT:4)
0:00:00.020029451  2762 0x5577b7716360 DEBUG   default gstvalue.c:2776:_priv_gst_value_parse_value: trying type name 'string'
0:00:00.015375402  2763 0x557974116360 DEBUG   GST_POLL gstpoll.c:979:gst_poll_fd_ctl_write: 0x55797413ad30: fd (fd:0, idx:1), active : 1
0:00:00.020036175  2762 0x5577b7716360 DEBUG   structure gststructure.c:2258:gst_structure_parse_field: trying field name 'description'
0:00:00.015381591  2763 0x557974116360 LOG   GST_POLL gstpoll.c:994:gst_poll_fd_ctl_write: 0x55797413ad30: pfd->events now 60 (POLLOUT:4)
0:00:00.020044159  2762 0x5577b7716360 DEBUG   default gstvalue.c:2776:_priv_gst_value_parse_value: trying type name 'string'
0:00:00.015390494  2763 0x557974116360 DEBUG   GST_POLL gstpoll.c:979:gst_poll_fd_ctl_write: 0x55797413ad30: fd (fd:0, idx:1), active : 1
0:00:00.020052880  2762 0x5577b7716360 DEBUG   structure gststructure.c:2258:gst_structure_parse_field: trying field name 'author'
0:00:00.015398043  2763 0x557974116360 LOG   GST_POLL gstpoll.c:994:gst_poll_fd_ctl_write: 0x55797413ad30: pfd->events now 60 (POLLOUT:4)
0:00:00.020059030  2762 0x5577b7716360 DEBUG   default gstvalue.c:2776:_priv_gst_value_parse_value: trying type name 'string'
0:00:00.015404829  2763 0x557974116360 DEBUG   GST_POLL gstpoll.c:979:gst_poll_fd_ctl_write: 0x55797413ad30: fd (fd:0, idx:1), active : 1
0:00:00.020066592  2762 0x5577b7716360 DEBUG   GST_REGISTRY gstregistrychunks.c:626:gst_registry_chunks_load_feature: Element factory : npadtemplates=2
0:00:00.015411206  2763 0x557974116360 LOG   GST_POLL gstpoll.c:994:gst_poll_fd_ctl_write: 0x55797413ad30: pfd->events now 60 (POLLOUT:4)
0:00:00.020074761  2762 0x5577b7716360 DEBUG   GST_REGISTRY gstregistrychunks.c:525:gst_registry_chunks_load_pad_template: Reading/casting for GstRegistryChunkPadTemplate at address 0x5577b773d498
0:00:00.015419817  2763 0x557974116360 DEBUG   GST_POLL gstpoll.c:979:gst_poll_fd_ctl_write: 0x55797413ad30: fd (fd:0, idx:1), active : 1
0:00:00.020082343  2762 0x5577b7716360 DEBUG   GST_REGISTRY gstregistrychunks.c:539:gst_registry_chunks_load_pad_template: Added pad_template sink
0:00:00.015426861  2763 0x557974116360 LOG   GST_POLL gstpoll.c:994:gst_poll_fd_ctl_write: 0x55797413ad30: pfd->events now 60 (POLLOUT:4)
0:00:00.020088559  2762 0x5577b7716360 DEBUG   GST_REGISTRY gstregistrychunks.c:525:gst_registry_chunks_load_pad_template: Reading/casting for GstRegistryChunkPadTemplate at address 0x5577b773d4b0
0:00:00.015433417  2763 0x557974116360 DEBUG   GST_POLL gstpoll.c:979:gst_poll_fd_ctl_write: 0x55797413ad30: fd (fd:0, idx:1), active : 1
0:00:00.020094650  2762 0x5577b7716360 DEBUG   GST_REGISTRY gstregistrychunks.c:539:gst_registry_chunks_load_pad_template: Added pad_template src
0:00:00.015439799  2763 0x557974116360 LOG   GST_POLL gstpoll.c:994:gst_poll_fd_ctl_write: 0x55797413ad30: pfd->events now 60 (POLLOUT:4)
0:00:00.020110458  2762 0x5577b7716360 DEBUG   GST_REGISTRY gstregistry.c:589:gst_registry_add_feature: adding feature 0x5577b77407c0 (queue)
0:00:00.015455413  2763 0x557974116360 DEBUG   GST_POLL gstpoll.c:979:gst_poll_fd_ctl_write: 0x55797413ad30: fd (fd:0, idx:1), active : 1
0:00:00.020118916  2762 0x5577b7716360 DEBUG   GST_REFCOUNTING gstobject.c:708:gst_object_set_parent: set parent (ref and sink)
0:00:00.015462402  2763 0x557974116360 LOG   GST_POLL gstpoll.c:994:gst_poll_fd_ctl_write: 0x55797413ad30: pfd->events now 60 (POLLOUT:4)
0:00:00.015470149  2763 0x557974116360 DEBUG   GST_POLL gstpoll.c:979:gst_poll_fd_ctl_write: 0x55797413ad30: fd (fd:0, idx:1), active : 1
0:00:00.020127708  2762 0x5577b7716360 TRACE   GST_REFCOUNTING gstobject.c:292:gst_object_ref_sink: 0x5577b77407c0 ref_sink 1->2
0:00:00.015476224  2763 0x557974116360 LOG   GST_POLL gstpoll.c:994:gst_poll_fd_ctl_write: 0x55797413ad30: pfd->events now 60 (POLLOUT:4)
0:00:00.020137422  2762 0x5577b7716360 LOG   GST_REGISTRY gstregistry.c:607:gst_registry_add_feature: emitting feature-added for queue
0:00:00.015485415  2763 0x557974116360 DEBUG   GST_POLL gstpoll.c:979:gst_poll_fd_ctl_write: 0x55797413ad30: fd (fd:0, idx:1), active : 1
0:00:00.020147595  2762 0x5577b7716360 DEBUG   GST_REGISTRY gstregistrychunks.c:740:gst_registry_chunks_load_feature: Added feature queue, plugin 0x5577b7745cf0 coreelements
