0:00:00.006901965  2762 0x5577b7716360 LOG   GST_PLUGIN_LOADING gstpluginloader.c:689:write_one: Writing packet of size 174 bytes to fd 7
0:00:00.006912286  2762 0x5577b7716360 DEBUG   GST_POLL gstpoll.c:979:gst_poll_fd_ctl_write: 0x5577b773b920: fd (fd:7, idx:1), active : 0
0:00:00.006918980  2762 0x5577b7716360 LOG   GST_POLL gstpoll.c:994:gst_poll_fd_ctl_write: 0x5577b773b920: pfd->events now 56 (POLLOUT:4)
0:00:00.006936913  2762 0x5577b7716360 DEBUG   GST_REGISTRY gstregistry.c:1383:gst_registry_scan_path_internal: registry changed in path /home/conan/w/prod/BuildSingleReference/.conan/data/gstreamer/1.19.1/_/_/package/62e0ab6106dfea3ec3ecb5db13d8d55a63451b50/lib/gstreamer-1.0: 0
0:00:00.006948121  2762 0x5577b7716360 DEBUG   GST_REGISTRY gstregistry.c:1659:scan_and_update_registry: GST_PLUGIN_SYSTEM_PATH not set
0:00:00.006960430  2762 0x5577b7716360 DEBUG   GST_REGISTRY gstregistry.c:1666:scan_and_update_registry: scanning home plugins /home/conan/.local/share/gstreamer-1.0/plugins
0:00:00.006966705  2762 0x5577b7716360 DEBUG   GST_REGISTRY gstregistry.c:1380:gst_registry_scan_path_internal: scanning path /home/conan/.local/share/gstreamer-1.0/plugins
0:00:00.006991633  2762 0x5577b7716360 DEBUG   GST_REGISTRY gstregistry.c:1383:gst_registry_scan_path_internal: registry changed in path /home/conan/.local/share/gstreamer-1.0/plugins: 0
0:00:00.006999098  2762 0x5577b7716360 DEBUG   GST_REGISTRY gstregistry.c:1691:scan_and_update_registry: scanning main plugins /home/conan/w/prod/BuildSingleReference/.conan/data/gstreamer/1.19.1/_/_/package/62e0ab6106dfea3ec3ecb5db13d8d55a63451b50/lib/gstreamer-1.0
0:00:00.007004990  2762 0x5577b7716360 DEBUG   GST_REGISTRY gstregistry.c:1380:gst_registry_scan_path_internal: scanning path /home/conan/w/prod/BuildSingleReference/.conan/data/gstreamer/1.19.1/_/_/package/62e0ab6106dfea3ec3ecb5db13d8d55a63451b50/lib/gstreamer-1.0
0:00:00.002357811  2763 0x557974116360 TRACE   GST_REFCOUNTING gstobject.c:208:gst_object_init: 0x55797413c730 new
0:00:00.007045070  2762 0x5577b7716360 LOG   GST_REGISTRY gstregistry.c:1299:gst_registry_scan_path_level: file /home/conan/w/prod/BuildSingleReference/.conan/data/gstreamer/1.19.1/_/_/package/62e0ab6106dfea3ec3ecb5db13d8d55a63451b50/lib/gstreamer-1.0/libgstcoretracers.so looks like a possible module
0:00:00.002387524  2763 0x557974116360 LOG   GST_PLUGIN_LOADING gstplugin.c:889:_priv_gst_plugin_load_file_for_registry: Plugin 0x55797413c730 for file "/home/conan/w/prod/BuildSingleReference/.conan/data/gstreamer/1.19.1/_/_/package/62e0ab6106dfea3ec3ecb5db13d8d55a63451b50/lib/gstreamer-1.0/libgstcoretracers.so" prepared, calling entry function...
0:00:00.007053506  2762 0x5577b7716360 DEBUG   GST_REGISTRY gstregistry.c:1360:gst_registry_scan_path_level: file /home/conan/w/prod/BuildSingleReference/.conan/data/gstreamer/1.19.1/_/_/package/62e0ab6106dfea3ec3ecb5db13d8d55a63451b50/lib/gstreamer-1.0/libgstcoretracers.so not yet in registry
0:00:00.002399360  2763 0x557974116360 LOG   GST_PLUGIN_LOADING gstplugin.c:896:_priv_gst_plugin_load_file_for_registry: Plugin 0x55797413c730 for file "/home/conan/w/prod/BuildSingleReference/.conan/data/gstreamer/1.19.1/_/_/package/62e0ab6106dfea3ec3ecb5db13d8d55a63451b50/lib/gstreamer-1.0/libgstcoretracers.so" prepared, registering...
0:00:00.007067797  2762 0x5577b7716360 DEBUG   GST_REGISTRY gstregistry.c:1172:gst_registry_scan_plugin_file: Using scan-helper to load plugin /home/conan/w/prod/BuildSingleReference/.conan/data/gstreamer/1.19.1/_/_/package/62e0ab6106dfea3ec3ecb5db13d8d55a63451b50/lib/gstreamer-1.0/libgstcoretracers.so
0:00:00.002412904  2763 0x557974116360 LOG   GST_PLUGIN_LOADING gstplugin.c:514:gst_plugin_register_func: plugin "/home/conan/w/prod/BuildSingleReference/.conan/data/gstreamer/1.19.1/_/_/package/62e0ab6106dfea3ec3ecb5db13d8d55a63451b50/lib/gstreamer-1.0/libgstcoretracers.so" looks good
0:00:00.007075952  2762 0x5577b7716360 LOG   GST_PLUGIN_LOADING gstpluginloader.c:235:plugin_loader_load: Sending file /home/conan/w/prod/BuildSingleReference/.conan/data/gstreamer/1.19.1/_/_/package/62e0ab6106dfea3ec3ecb5db13d8d55a63451b50/lib/gstreamer-1.0/libgstcoretracers.so to child. tag 2
0:00:00.007084089  2762 0x5577b7716360 DEBUG   GST_POLL gstpoll.c:979:gst_poll_fd_ctl_write: 0x5577b773b920: fd (fd:7, idx:1), active : 1
0:00:00.007090314  2762 0x5577b7716360 LOG   GST_POLL gstpoll.c:994:gst_poll_fd_ctl_write: 0x5577b773b920: pfd->events now 60 (POLLOUT:4)
0:00:00.002434309  2763 0x557974116360 TRACE   GST_REFCOUNTING gstobject.c:208:gst_object_init: 0x55797413d420 new
0:00:00.007100407  2762 0x5577b7716360 DEBUG   GST_POLL gstpoll.c:1414:gst_poll_wait: 0x5577b773b920: timeout :0:00:01.000000000
0:00:00.002444558  2763 0x557974116360 DEBUG   GST_TRACER gsttracer.c:169:gst_tracer_register: new tracer factory for latency
0:00:00.007109780  2762 0x5577b7716360 LOG   GST_PLUGIN_LOADING gstpluginloader.c:1026:exchange_packets: Poll res = 1. 173 bytes pending for write
0:00:00.002456214  2763 0x557974116360 DEBUG   GST_TRACER gsttracer.c:176:gst_tracer_register: tracer factory for 1947437472:GstLatencyTracer
0:00:00.007117327  2762 0x5577b7716360 DEBUG   GST_POLL gstpoll.c:1241:gst_poll_fd_has_error: 0x5577b773b920: fd (fd:8, idx:2) 0
0:00:00.002465294  2763 0x557974116360 DEBUG   GST_REGISTRY gstregistry.c:589:gst_registry_add_feature: adding feature 0x55797413d420 (latency)
0:00:00.007126804  2762 0x5577b7716360 DEBUG   GST_POLL gstpoll.c:1266:gst_poll_fd_can_read_unlocked: 0x5577b773b920: fd (fd:8, idx:2) 0
0:00:00.002472634  2763 0x557974116360 DEBUG   GST_REFCOUNTING gstobject.c:708:gst_object_set_parent: set parent (ref and sink)
0:00:00.007134717  2762 0x5577b7716360 DEBUG   GST_POLL gstpoll.c:1195:gst_poll_fd_has_closed: 0x5577b773b920: fd (fd:8, idx:2) 0
0:00:00.002480632  2763 0x557974116360 TRACE   GST_REFCOUNTING gstobject.c:292:gst_object_ref_sink: 0x55797413d420 ref_sink 1->2
0:00:00.007141467  2762 0x5577b7716360 DEBUG   GST_POLL gstpoll.c:1241:gst_poll_fd_has_error: 0x5577b773b920: fd (fd:7, idx:1) 0
0:00:00.002490328  2763 0x557974116360 LOG   GST_REGISTRY gstregistry.c:607:gst_registry_add_feature: emitting feature-added for latency
0:00:00.007155133  2762 0x5577b7716360 DEBUG   GST_POLL gstpoll.c:1335:gst_poll_fd_can_write: 0x5577b773b920: fd (fd:7, idx:1) 1
0:00:00.007163340  2762 0x5577b7716360 LOG   GST_PLUGIN_LOADING gstpluginloader.c:689:write_one: Writing packet of size 173 bytes to fd 7
0:00:00.002508984  2763 0x557974116360 TRACE   GST_REFCOUNTING gstobject.c:208:gst_object_init: 0x55797413d8d0 new
0:00:00.007172672  2762 0x5577b7716360 DEBUG   GST_POLL gstpoll.c:979:gst_poll_fd_ctl_write: 0x5577b773b920: fd (fd:7, idx:1), active : 0
0:00:00.002518300  2763 0x557974116360 DEBUG   GST_TRACER gsttracer.c:169:gst_tracer_register: new tracer factory for log
0:00:00.007179303  2762 0x5577b7716360 LOG   GST_POLL gstpoll.c:994:gst_poll_fd_ctl_write: 0x5577b773b920: pfd->events now 56 (POLLOUT:4)
0:00:00.002528951  2763 0x557974116360 DEBUG   GST_TRACER gsttracer.c:176:gst_tracer_register: tracer factory for 1947457296:GstLogTracer
0:00:00.007195498  2762 0x5577b7716360 LOG   GST_REGISTRY gstregistry.c:1299:gst_registry_scan_path_level: file /home/conan/w/prod/BuildSingleReference/.conan/data/gstreamer/1.19.1/_/_/package/62e0ab6106dfea3ec3ecb5db13d8d55a63451b50/lib/gstreamer-1.0/libgstcoreelements.so looks like a possible module
0:00:00.002538275  2763 0x557974116360 DEBUG   GST_REGISTRY gstregistry.c:589:gst_registry_add_feature: adding feature 0x55797413d8d0 (log)
0:00:00.007204374  2762 0x5577b7716360 DEBUG   GST_REGISTRY gstregistry.c:1360:gst_registry_scan_path_level: file /home/conan/w/prod/BuildSingleReference/.conan/data/gstreamer/1.19.1/_/_/package/62e0ab6106dfea3ec3ecb5db13d8d55a63451b50/lib/gstreamer-1.0/libgstcoreelements.so not yet in registry
0:00:00.002546944  2763 0x557974116360 DEBUG   GST_REFCOUNTING gstobject.c:708:gst_object_set_parent: set parent (ref and sink)
0:00:00.007211138  2762 0x5577b7716360 DEBUG   GST_REGISTRY gstregistry.c:1172:gst_registry_scan_plugin_file: Using scan-helper to load plugin /home/conan/w/prod/BuildSingleReference/.conan/data/gstreamer/1.19.1/_/_/package/62e0ab6106dfea3ec3ecb5db13d8d55a63451b50/lib/gstreamer-1.0/libgstcoreelements.so
0:00:00.002555103  2763 0x557974116360 TRACE   GST_REFCOUNTING gstobject.c:292:gst_object_ref_sink: 0x55797413d8d0 ref_sink 1->2
0:00:00.007218498  2762 0x5577b7716360 LOG   GST_PLUGIN_LOADING gstpluginloader.c:235:plugin_loader_load: Sending file /home/conan/w/prod/BuildSingleReference/.conan/data/gstreamer/1.19.1/_/_/package/62e0ab6106dfea3ec3ecb5db13d8d55a63451b50/lib/gstreamer-1.0/libgstcoreelements.so to child. tag 3
0:00:00.002563726  2763 0x557974116360 LOG   GST_REGISTRY gstregistry.c:607:gst_registry_add_feature: emitting feature-added for log
0:00:00.007228172  2762 0x5577b7716360 DEBUG   GST_POLL gstpoll.c:979:gst_poll_fd_ctl_write: 0x5577b773b920: fd (fd:7, idx:1), active : 1
0:00:00.007259589  2762 0x5577b7716360 LOG   GST_POLL gstpoll.c:994:gst_poll_fd_ctl_write: 0x5577b773b920: pfd->events now 60 (POLLOUT:4)
0:00:00.007275658  2762 0x5577b7716360 DEBUG   GST_POLL gstpoll.c:1414:gst_poll_wait: 0x5577b773b920: timeout :0:00:01.000000000
0:00:00.007286689  2762 0x5577b7716360 LOG   GST_PLUGIN_LOADING gstpluginloader.c:1026:exchange_packets: Poll res = 1. 174 bytes pending for write
0:00:00.007294470  2762 0x5577b7716360 DEBUG   GST_POLL gstpoll.c:1241:gst_poll_fd_has_error: 0x5577b773b920: fd (fd:8, idx:2) 0
0:00:00.007300756  2762 0x5577b7716360 DEBUG   GST_POLL gstpoll.c:1266:gst_poll_fd_can_read_unlocked: 0x5577b773b920: fd (fd:8, idx:2) 0
0:00:00.007306815  2762 0x5577b7716360 DEBUG   GST_POLL gstpoll.c:1195:gst_poll_fd_has_closed: 0x5577b773b920: fd (fd:8, idx:2) 0
0:00:00.007315990  2762 0x5577b7716360 DEBUG   GST_POLL gstpoll.c:1241:gst_poll_fd_has_error: 0x5577b773b920: fd (fd:7, idx:1) 0
0:00:00.007323401  2762 0x5577b7716360 DEBUG   GST_POLL gstpoll.c:1335:gst_poll_fd_can_write: 0x5577b773b920: fd (fd:7, idx:1) 1
0:00:00.002666236  2763 0x557974116360 TRACE   GST_REFCOUNTING gstobject.c:208:gst_object_init: 0x55797413dba0 new
0:00:00.007328898  2762 0x5577b7716360 LOG   GST_PLUGIN_LOADING gstpluginloader.c:689:write_one: Writing packet of size 174 bytes to fd 7
0:00:00.002678340  2763 0x557974116360 DEBUG   GST_TRACER gsttracer.c:169:gst_tracer_register: new tracer factory for rusage
0:00:00.007339833  2762 0x5577b7716360 DEBUG   GST_POLL gstpoll.c:979:gst_poll_fd_ctl_write: 0x5577b773b920: fd (fd:7, idx:1), active : 0
0:00:00.002689340  2763 0x557974116360 DEBUG   GST_TRACER gsttracer.c:176:gst_tracer_register: tracer factory for 1947457936:GstRUsageTracer
0:00:00.007348990  2762 0x5577b7716360 LOG   GST_POLL gstpoll.c:994:gst_poll_fd_ctl_write: 0x5577b773b920: pfd->events now 56 (POLLOUT:4)
0:00:00.002697539  2763 0x557974116360 DEBUG   GST_REGISTRY gstregistry.c:589:gst_registry_add_feature: adding feature 0x55797413dba0 (rusage)
0:00:00.002703821  2763 0x557974116360 DEBUG   GST_REFCOUNTING gstobject.c:708:gst_object_set_parent: set parent (ref and sink)
0:00:00.007362815  2762 0x5577b7716360 DEBUG   GST_REGISTRY gstregistry.c:1383:gst_registry_scan_path_internal: registry changed in path /home/conan/w/prod/BuildSingleReference/.conan/data/gstreamer/1.19.1/_/_/package/62e0ab6106dfea3ec3ecb5db13d8d55a63451b50/lib/gstreamer-1.0: 0
0:00:00.002710420  2763 0x557974116360 TRACE   GST_REFCOUNTING gstobject.c:292:gst_object_ref_sink: 0x55797413dba0 ref_sink 1->2
0:00:00.007376808  2762 0x5577b7716360 DEBUG   GST_POLL gstpoll.c:979:gst_poll_fd_ctl_write: 0x5577b773b920: fd (fd:7, idx:1), active : 1
0:00:00.002719604  2763 0x557974116360 LOG   GST_REGISTRY gstregistry.c:607:gst_registry_add_feature: emitting feature-added for rusage
0:00:00.007384729  2762 0x5577b7716360 LOG   GST_POLL gstpoll.c:994:gst_poll_fd_ctl_write: 0x5577b773b920: pfd->events now 60 (POLLOUT:4)
0:00:00.007392238  2762 0x5577b7716360 DEBUG   GST_POLL gstpoll.c:1414:gst_poll_wait: 0x5577b773b920: timeout :0:00:01.000000000
0:00:00.002734959  2763 0x557974116360 TRACE   GST_REFCOUNTING gstobject.c:208:gst_object_init: 0x55797413de70 new
0:00:00.007401353  2762 0x5577b7716360 LOG   GST_PLUGIN_LOADING gstpluginloader.c:1026:exchange_packets: Poll res = 1. 12 bytes pending for write
0:00:00.002751435  2763 0x557974116360 DEBUG   GST_TRACER gsttracer.c:169:gst_tracer_register: new tracer factory for stats
0:00:00.007411376  2762 0x5577b7716360 DEBUG   GST_POLL gstpoll.c:1241:gst_poll_fd_has_error: 0x5577b773b920: fd (fd:8, idx:2) 0
0:00:00.007421020  2762 0x5577b7716360 DEBUG   GST_POLL gstpoll.c:1266:gst_poll_fd_can_read_unlocked: 0x5577b773b920: fd (fd:8, idx:2) 0
0:00:00.002766507  2763 0x557974116360 DEBUG   GST_TRACER gsttracer.c:176:gst_tracer_register: tracer factory for 1947458656:GstStatsTracer
0:00:00.007427074  2762 0x5577b7716360 DEBUG   GST_POLL gstpoll.c:1195:gst_poll_fd_has_closed: 0x5577b773b920: fd (fd:8, idx:2) 0
0:00:00.002775284  2763 0x557974116360 DEBUG   GST_REGISTRY gstregistry.c:589:gst_registry_add_feature: adding feature 0x55797413de70 (stats)
0:00:00.007437116  2762 0x5577b7716360 DEBUG   GST_POLL gstpoll.c:1241:gst_poll_fd_has_error: 0x5577b773b920: fd (fd:7, idx:1) 0
0:00:00.002781735  2763 0x557974116360 DEBUG   GST_REFCOUNTING gstobject.c:708:gst_object_set_parent: set parent (ref and sink)
0:00:00.007444864  2762 0x5577b7716360 DEBUG   GST_POLL gstpoll.c:1335:gst_poll_fd_can_write: 0x5577b773b920: fd (fd:7, idx:1) 1
0:00:00.002789037  2763 0x557974116360 TRACE   GST_REFCOUNTING gstobject.c:292:gst_object_ref_sink: 0x55797413de70 ref_sink 1->2
0:00:00.007451133  2762 0x5577b7716360 LOG   GST_PLUGIN_LOADING gstpluginloader.c:689:write_one: Writing packet of size 12 bytes to fd 7
0:00:00.002798478  2763 0x557974116360 LOG   GST_REGISTRY gstregistry.c:607:gst_registry_add_feature: emitting feature-added for stats
0:00:00.007460110  2762 0x5577b7716360 DEBUG   GST_POLL gstpoll.c:979:gst_poll_fd_ctl_write: 0x5577b773b920: fd (fd:7, idx:1), active : 0
0:00:00.007469311  2762 0x5577b7716360 LOG   GST_POLL gstpoll.c:994:gst_poll_fd_ctl_write: 0x5577b773b920: pfd->events now 56 (POLLOUT:4)
0:00:00.002811342  2763 0x557974116360 TRACE   GST_REFCOUNTING gstobject.c:208:gst_object_init: 0x55797413e0f0 new
0:00:00.002820927  2763 0x557974116360 DEBUG   GST_TRACER gsttracer.c:169:gst_tracer_register: new tracer factory for leaks
0:00:00.007481177  2762 0x5577b7716360 DEBUG   GST_POLL gstpoll.c:1414:gst_poll_wait: 0x5577b773b920: timeout :0:00:01.000000000
0:00:00.002831059  2763 0x557974116360 DEBUG   GST_TRACER gsttracer.c:176:gst_tracer_register: tracer factory for 1947459376:GstLeaksTracer
0:00:00.002839502  2763 0x557974116360 DEBUG   GST_REGISTRY gstregistry.c:589:gst_registry_add_feature: adding feature 0x55797413e0f0 (leaks)
0:00:00.002845086  2763 0x557974116360 DEBUG   GST_REFCOUNTING gstobject.c:708:gst_object_set_parent: set parent (ref and sink)
0:00:00.002851669  2763 0x557974116360 TRACE   GST_REFCOUNTING gstobject.c:292:gst_object_ref_sink: 0x55797413e0f0 ref_sink 1->2
0:00:00.002860055  2763 0x557974116360 LOG   GST_REGISTRY gstregistry.c:607:gst_registry_add_feature: emitting feature-added for leaks
0:00:00.002872277  2763 0x557974116360 LOG   GST_PLUGIN_LOADING gstplugin.c:541:gst_plugin_register_func: plugin "/home/conan/w/prod/BuildSingleReference/.conan/data/gstreamer/1.19.1/_/_/package/62e0ab6106dfea3ec3ecb5db13d8d55a63451b50/lib/gstreamer-1.0/libgstcoretracers.so" initialised
0:00:00.002880251  2763 0x557974116360 INFO   GST_PLUGIN_LOADING gstplugin.c:915:_priv_gst_plugin_load_file_for_registry: plugin "/home/conan/w/prod/BuildSingleReference/.conan/data/gstreamer/1.19.1/_/_/package/62e0ab6106dfea3ec3ecb5db13d8d55a63451b50/lib/gstreamer-1.0/libgstcoretracers.so" loaded
0:00:00.002887080  2763 0x557974116360 TRACE   GST_REFCOUNTING gstobject.c:237:gst_object_ref: 0x55797413c730 ref 1->2
0:00:00.002914081  2763 0x557974116360 DEBUG   GST_REGISTRY gstregistry.c:473:gst_registry_add_plugin: adding plugin 0x55797413c730 for filename "/home/conan/w/prod/BuildSingleReference/.conan/data/gstreamer/1.19.1/_/_/package/62e0ab6106dfea3ec3ecb5db13d8d55a63451b50/lib/gstreamer-1.0/libgstcoretracers.so"
0:00:00.002922208  2763 0x557974116360 TRACE   GST_REFCOUNTING gstobject.c:292:gst_object_ref_sink: 0x55797413c730 ref_sink 2->3
0:00:00.002929038  2763 0x557974116360 LOG   GST_REGISTRY gstregistry.c:486:gst_registry_add_plugin: emitting plugin-added for filename "/home/conan/w/prod/BuildSingleReference/.conan/data/gstreamer/1.19.1/_/_/package/62e0ab6106dfea3ec3ecb5db13d8d55a63451b50/lib/gstreamer-1.0/libgstcoretracers.so"
0:00:00.002938976  2763 0x557974116360 TRACE   GST_REFCOUNTING gstobject.c:237:gst_object_ref: 0x55797413e0f0 ref 1->2
0:00:00.002947992  2763 0x557974116360 TRACE   GST_REFCOUNTING gstobject.c:237:gst_object_ref: 0x55797413de70 ref 1->2
0:00:00.002955143  2763 0x557974116360 TRACE   GST_REFCOUNTING gstobject.c:237:gst_object_ref: 0x55797413dba0 ref 1->2
0:00:00.002962367  2763 0x557974116360 TRACE   GST_REFCOUNTING gstobject.c:237:gst_object_ref: 0x55797413d8d0 ref 1->2
0:00:00.002972023  2763 0x557974116360 TRACE   GST_REFCOUNTING gstobject.c:237:gst_object_ref: 0x55797413d420 ref 1->2
0:00:00.002988594  2763 0x557974116360 TRACE   GST_REFCOUNTING gstobject.c:264:gst_object_unref: 0x55797413d420 unref 2->1
0:00:00.002997351  2763 0x557974116360 TRACE   GST_REFCOUNTING gstobject.c:264:gst_object_unref: 0x55797413d8d0 unref 2->1
0:00:00.003003972  2763 0x557974116360 TRACE   GST_REFCOUNTING gstobject.c:264:gst_object_unref: 0x55797413dba0 unref 2->1
0:00:00.003013871  2763 0x557974116360 TRACE   GST_REFCOUNTING gstobject.c:264:gst_object_unref: 0x55797413de70 unref 2->1
0:00:00.003020889  2763 0x557974116360 TRACE   GST_REFCOUNTING gstobject.c:264:gst_object_unref: 0x55797413e0f0 unref 2->1
0:00:00.003034395  2763 0x557974116360 DEBUG   GST_REGISTRY gstregistrychunks.c:497:_priv_gst_registry_chunks_save_plugin: Found 5 features in plugin 0x55797413c730 (coretracers)
0:00:00.003044342  2763 0x557974116360 DEBUG   GST_POLL gstpoll.c:979:gst_poll_fd_ctl_write: 0x55797413ad30: fd (fd:0, idx:1), active : 1
0:00:00.003052084  2763 0x557974116360 LOG   GST_POLL gstpoll.c:994:gst_poll_fd_ctl_write: 0x55797413ad30: pfd->events now 60 (POLLOUT:4)
0:00:00.003063278  2763 0x557974116360 DEBUG   GST_POLL gstpoll.c:979:gst_poll_fd_ctl_write: 0x55797413ad30: fd (fd:0, idx:1), active : 1
0:00:00.003069155  2763 0x557974116360 LOG   GST_POLL gstpoll.c:994:gst_poll_fd_ctl_write: 0x55797413ad30: pfd->events now 60 (POLLOUT:4)
0:00:00.003079210  2763 0x557974116360 DEBUG   GST_POLL gstpoll.c:979:gst_poll_fd_ctl_write: 0x55797413ad30: fd (fd:0, idx:1), active : 1
0:00:00.003086206  2763 0x557974116360 LOG   GST_POLL gstpoll.c:994:gst_poll_fd_ctl_write: 0x55797413ad30: pfd->events now 60 (POLLOUT:4)
0:00:00.003092501  2763 0x557974116360 DEBUG   GST_POLL gstpoll.c:979:gst_poll_fd_ctl_write: 0x55797413ad30: fd (fd:0, idx:1), active : 1
0:00:00.003097940  2763 0x557974116360 LOG   GST_POLL gstpoll.c:994:gst_poll_fd_ctl_write: 0x55797413ad30: pfd->events now 60 (POLLOUT:4)
0:00:00.003106830  2763 0x557974116360 DEBUG   GST_POLL gstpoll.c:979:gst_poll_fd_ctl_write: 0x55797413ad30: fd (fd:0, idx:1), active : 1
0:00:00.003113516  2763 0x557974116360 LOG   GST_POLL gstpoll.c:994:gst_poll_fd_ctl_write: 0x55797413ad30: pfd->events now 60 (POLLOUT:4)
0:00:00.003119468  2763 0x557974116360 DEBUG   GST_POLL gstpoll.c:979:gst_poll_fd_ctl_write: 0x55797413ad30: fd (fd:0, idx:1), active : 1
0:00:00.003124899  2763 0x557974116360 LOG   GST_POLL gstpoll.c:994:gst_poll_fd_ctl_write: 0x55797413ad30: pfd->events now 60 (POLLOUT:4)
0:00:00.003133161  2763 0x557974116360 DEBUG   GST_POLL gstpoll.c:979:gst_poll_fd_ctl_write: 0x55797413ad30: fd (fd:0, idx:1), active : 1
0:00:00.003139847  2763 0x557974116360 LOG   GST_POLL gstpoll.c:994:gst_poll_fd_ctl_write: 0x55797413ad30: pfd->events now 60 (POLLOUT:4)
0:00:00.003145898  2763 0x557974116360 DEBUG   GST_POLL gstpoll.c:979:gst_poll_fd_ctl_write: 0x55797413ad30: fd (fd:0, idx:1), active : 1
0:00:00.003151268  2763 0x557974116360 LOG   GST_POLL gstpoll.c:994:gst_poll_fd_ctl_write: 0x55797413ad30: pfd->events now 60 (POLLOUT:4)
0:00:00.003159685  2763 0x557974116360 DEBUG   GST_POLL gstpoll.c:979:gst_poll_fd_ctl_write: 0x55797413ad30: fd (fd:0, idx:1), active : 1
0:00:00.003166451  2763 0x557974116360 LOG   GST_POLL gstpoll.c:994:gst_poll_fd_ctl_write: 0x55797413ad30: pfd->events now 60 (POLLOUT:4)
0:00:00.003172604  2763 0x557974116360 DEBUG   GST_POLL gstpoll.c:979:gst_poll_fd_ctl_write: 0x55797413ad30: fd (fd:0, idx:1), active : 1
0:00:00.003178859  2763 0x557974116360 LOG   GST_POLL gstpoll.c:994:gst_poll_fd_ctl_write: 0x55797413ad30: pfd->events now 60 (POLLOUT:4)
0:00:00.003187752  2763 0x557974116360 DEBUG   GST_POLL gstpoll.c:979:gst_poll_fd_ctl_write: 0x55797413ad30: fd (fd:0, idx:1), active : 1
0:00:00.003194741  2763 0x557974116360 LOG   GST_POLL gstpoll.c:994:gst_poll_fd_ctl_write: 0x55797413ad30: pfd->events now 60 (POLLOUT:4)
0:00:00.003200741  2763 0x557974116360 DEBUG   GST_POLL gstpoll.c:979:gst_poll_fd_ctl_write: 0x55797413ad30: fd (fd:0, idx:1), active : 1
0:00:00.003206121  2763 0x557974116360 LOG   GST_POLL gstpoll.c:994:gst_poll_fd_ctl_write: 0x55797413ad30: pfd->events now 60 (POLLOUT:4)
0:00:00.003215020  2763 0x557974116360 DEBUG   GST_POLL gstpoll.c:979:gst_poll_fd_ctl_write: 0x55797413ad30: fd (fd:0, idx:1), active : 1
0:00:00.003227324  2763 0x557974116360 LOG   GST_POLL gstpoll.c:994:gst_poll_fd_ctl_write: 0x55797413ad30: pfd->events now 60 (POLLOUT:4)
0:00:00.003233186  2763 0x557974116360 DEBUG   GST_POLL gstpoll.c:979:gst_poll_fd_ctl_write: 0x55797413ad30: fd (fd:0, idx:1), active : 1
0:00:00.003238736  2763 0x557974116360 LOG   GST_POLL gstpoll.c:994:gst_poll_fd_ctl_write: 0x55797413ad30: pfd->events now 60 (POLLOUT:4)
0:00:00.003247053  2763 0x557974116360 DEBUG   GST_POLL gstpoll.c:979:gst_poll_fd_ctl_write: 0x55797413ad30: fd (fd:0, idx:1), active : 1
0:00:00.003253678  2763 0x557974116360 LOG   GST_POLL gstpoll.c:994:gst_poll_fd_ctl_write: 0x55797413ad30: pfd->events now 60 (POLLOUT:4)
0:00:00.003259642  2763 0x557974116360 DEBUG   GST_POLL gstpoll.c:979:gst_poll_fd_ctl_write: 0x55797413ad30: fd (fd:0, idx:1), active : 1
0:00:00.003265004  2763 0x557974116360 LOG   GST_POLL gstpoll.c:994:gst_poll_fd_ctl_write: 0x55797413ad30: pfd->events now 60 (POLLOUT:4)
0:00:00.003273333  2763 0x557974116360 DEBUG   GST_POLL gstpoll.c:979:gst_poll_fd_ctl_write: 0x55797413ad30: fd (fd:0, idx:1), active : 1
0:00:00.003280059  2763 0x557974116360 LOG   GST_POLL gstpoll.c:994:gst_poll_fd_ctl_write: 0x55797413ad30: pfd->events now 60 (POLLOUT:4)
0:00:00.003286009  2763 0x557974116360 DEBUG   GST_POLL gstpoll.c:979:gst_poll_fd_ctl_write: 0x55797413ad30: fd (fd:0, idx:1), active : 1
0:00:00.003291508  2763 0x557974116360 LOG   GST_POLL gstpoll.c:994:gst_poll_fd_ctl_write: 0x55797413ad30: pfd->events now 60 (POLLOUT:4)
0:00:00.003299944  2763 0x557974116360 DEBUG   GST_POLL gstpoll.c:979:gst_poll_fd_ctl_write: 0x55797413ad30: fd (fd:0, idx:1), active : 1
0:00:00.003306571  2763 0x557974116360 LOG   GST_POLL gstpoll.c:994:gst_poll_fd_ctl_write: 0x55797413ad30: pfd->events now 60 (POLLOUT:4)
0:00:00.003312419  2763 0x557974116360 DEBUG   GST_POLL gstpoll.c:979:gst_poll_fd_ctl_write: 0x55797413ad30: fd (fd:0, idx:1), active : 1
0:00:00.003317928  2763 0x557974116360 LOG   GST_POLL gstpoll.c:994:gst_poll_fd_ctl_write: 0x55797413ad30: pfd->events now 60 (POLLOUT:4)
0:00:00.003326162  2763 0x557974116360 DEBUG   GST_POLL gstpoll.c:979:gst_poll_fd_ctl_write: 0x55797413ad30: fd (fd:0, idx:1), active : 1
0:00:00.003332940  2763 0x557974116360 LOG   GST_POLL gstpoll.c:994:gst_poll_fd_ctl_write: 0x55797413ad30: pfd->events now 60 (POLLOUT:4)
0:00:00.003339262  2763 0x557974116360 DEBUG   GST_POLL gstpoll.c:979:gst_poll_fd_ctl_write: 0x55797413ad30: fd (fd:0, idx:1), active : 1
0:00:00.003344861  2763 0x557974116360 LOG   GST_POLL gstpoll.c:994:gst_poll_fd_ctl_write: 0x55797413ad30: pfd->events now 60 (POLLOUT:4)
0:00:00.003353011  2763 0x557974116360 DEBUG   GST_POLL gstpoll.c:979:gst_poll_fd_ctl_write: 0x55797413ad30: fd (fd:0, idx:1), active : 1
0:00:00.003359832  2763 0x557974116360 LOG   GST_POLL gstpoll.c:994:gst_poll_fd_ctl_write: 0x55797413ad30: pfd->events now 60 (POLLOUT:4)
0:00:00.003365779  2763 0x557974116360 DEBUG   GST_POLL gstpoll.c:979:gst_poll_fd_ctl_write: 0x55797413ad30: fd (fd:0, idx:1), active : 1
0:00:00.003376009  2763 0x557974116360 LOG   GST_POLL gstpoll.c:994:gst_poll_fd_ctl_write: 0x55797413ad30: pfd->events now 60 (POLLOUT:4)
0:00:00.003384981  2763 0x557974116360 DEBUG   GST_POLL gstpoll.c:979:gst_poll_fd_ctl_write: 0x55797413ad30: fd (fd:0, idx:1), active : 1
0:00:00.003391654  2763 0x557974116360 LOG   GST_POLL gstpoll.c:994:gst_poll_fd_ctl_write: 0x55797413ad30: pfd->events now 60 (POLLOUT:4)
0:00:00.003397484  2763 0x557974116360 DEBUG   GST_POLL gstpoll.c:979:gst_poll_fd_ctl_write: 0x55797413ad30: fd (fd:0, idx:1), active : 1
0:00:00.003402965  2763 0x557974116360 LOG   GST_POLL gstpoll.c:994:gst_poll_fd_ctl_write: 0x55797413ad30: pfd->events now 60 (POLLOUT:4)
0:00:00.003411328  2763 0x557974116360 DEBUG   GST_POLL gstpoll.c:979:gst_poll_fd_ctl_write: 0x55797413ad30: fd (fd:0, idx:1), active : 1
0:00:00.003417963  2763 0x557974116360 LOG   GST_POLL gstpoll.c:994:gst_poll_fd_ctl_write: 0x55797413ad30: pfd->events now 60 (POLLOUT:4)
0:00:00.003425582  2763 0x557974116360 TRACE   GST_REFCOUNTING gstobject.c:264:gst_object_unref: 0x55797413c730 unref 2->1
0:00:00.003433516  2763 0x557974116360 DEBUG   GST_POLL gstpoll.c:1241:gst_poll_fd_has_error: 0x55797413ad30: fd (fd:0, idx:1) 0
0:00:00.003443119  2763 0x557974116360 DEBUG   GST_POLL gstpoll.c:1335:gst_poll_fd_can_write: 0x55797413ad30: fd (fd:0, idx:1) 0
0:00:00.003451052  2763 0x557974116360 DEBUG   GST_POLL gstpoll.c:1195:gst_poll_fd_has_closed: 0x55797413ad30: fd (fd:0, idx:1) 0
0:00:00.003458673  2763 0x557974116360 DEBUG   GST_POLL gstpoll.c:1414:gst_poll_wait: 0x55797413ad30: timeout :0:00:01.000000000
0:00:00.003469750  2763 0x557974116360 LOG   GST_PLUGIN_LOADING gstpluginloader.c:1026:exchange_packets: Poll res = 2. 488 bytes pending for write
0:00:00.003479400  2763 0x557974116360 DEBUG   GST_POLL gstpoll.c:1241:gst_poll_fd_has_error: 0x55797413ad30: fd (fd:5, idx:2) 0
0:00:00.003485946  2763 0x557974116360 DEBUG   GST_POLL gstpoll.c:1266:gst_poll_fd_can_read_unlocked: 0x55797413ad30: fd (fd:5, idx:2) 1
0:00:00.003495999  2763 0x557974116360 DEBUG   GST_PLUGIN_LOADING gstpluginloader.c:721:do_plugin_load: Plugin scanner loading file /home/conan/w/prod/BuildSingleReference/.conan/data/gstreamer/1.19.1/_/_/package/62e0ab6106dfea3ec3ecb5db13d8d55a63451b50/lib/gstreamer-1.0/libgstcoreelements.so. tag 1
0:00:00.003506529  2763 0x557974116360 DEBUG   GST_PLUGIN_LOADING gstplugin.c:767:_priv_gst_plugin_load_file_for_registry: attempt to load plugin "/home/conan/w/prod/BuildSingleReference/.conan/data/gstreamer/1.19.1/_/_/package/62e0ab6106dfea3ec3ecb5db13d8d55a63451b50/lib/gstreamer-1.0/libgstcoreelements.so"
0:00:00.003982462  2763 0x557974116360 TRACE   GST_REFCOUNTING gstobject.c:208:gst_object_init: 0x55797413fc40 new
0:00:00.004014325  2763 0x557974116360 LOG   GST_PLUGIN_LOADING gstplugin.c:889:_priv_gst_plugin_load_file_for_registry: Plugin 0x55797413fc40 for file "/home/conan/w/prod/BuildSingleReference/.conan/data/gstreamer/1.19.1/_/_/package/62e0ab6106dfea3ec3ecb5db13d8d55a63451b50/lib/gstreamer-1.0/libgstcoreelements.so" prepared, calling entry function...
0:00:00.004026197  2763 0x557974116360 LOG   GST_PLUGIN_LOADING gstplugin.c:896:_priv_gst_plugin_load_file_for_registry: Plugin 0x55797413fc40 for file "/home/conan/w/prod/BuildSingleReference/.conan/data/gstreamer/1.19.1/_/_/package/62e0ab6106dfea3ec3ecb5db13d8d55a63451b50/lib/gstreamer-1.0/libgstcoreelements.so" prepared, registering...
0:00:00.004039389  2763 0x557974116360 LOG   GST_PLUGIN_LOADING gstplugin.c:514:gst_plugin_register_func: plugin "/home/conan/w/prod/BuildSingleReference/.conan/data/gstreamer/1.19.1/_/_/package/62e0ab6106dfea3ec3ecb5db13d8d55a63451b50/lib/gstreamer-1.0/libgstcoreelements.so" looks good
0:00:00.004070270  2763 0x557974116360 TRACE   GST_REFCOUNTING gstobject.c:208:gst_object_init: 0x5579741402a0 new
0:00:00.004082187  2763 0x557974116360 LOG   GST_ELEMENT_FACTORY gstelementfactory.c:237:gst_element_register: Created new elementfactory for type GstCapsFilter
0:00:00.004093808  2763 0x557974116360 TRACE   structure gststructure.c:292:gst_structure_new_id_empty_with_size: created structure 0x5579741408a0
0:00:00.004102176  2763 0x557974116360 TRACE   GST_PERFORMANCE gststructure.c:511:gst_structure_copy: doing copy 0x5579741252b0 -> 0x5579741408a0
0:00:00.004110628  2763 0x557974116360 DEBUG   GST_ELEMENT_PADS gstelement.c:311:gst_element_base_class_init: type GstBaseTransform : factory (nil)
0:00:00.004118828  2763 0x557974116360 DEBUG   basetransform gstbasetransform.c:333:gst_base_transform_class_init: gst_base_transform_class_init
0:00:00.004136714  2763 0x557974116360 TRACE   structure gststructure.c:292:gst_structure_new_id_empty_with_size: created structure 0x557974140df0
0:00:00.004144424  2763 0x557974116360 TRACE   GST_PERFORMANCE gststructure.c:511:gst_structure_copy: doing copy 0x5579741408a0 -> 0x557974140df0
0:00:00.004151418  2763 0x557974116360 DEBUG   GST_ELEMENT_PADS gstelement.c:311:gst_element_base_class_init: type GstCapsFilter : factory 0x5579741402a0
0:00:00.004169541  2763 0x557974116360 TRACE   GST_CAPS gstcaps.c:263:gst_caps_new_empty: created caps 0x55797413ee10
0:00:00.004179179  2763 0x557974116360 TRACE   GST_CAPS gstcaps.c:439:gst_static_caps_get: created 0x7f8e973d5ef0 from string ANY
0:00:00.004186571  2763 0x557974116360 TRACE   GST_REFCOUNTING gstminiobject.c:478:gst_mini_object_ref: 0x55797413ee10 ref 1->2
0:00:00.004209739  2763 0x557974116360 TRACE   GST_REFCOUNTING gstobject.c:208:gst_object_init: 0x557974141810 new
0:00:00.004227571  2763 0x557974116360 TRACE   GST_REFCOUNTING gstminiobject.c:478:gst_mini_object_ref: 0x55797413ee10 ref 2->3
0:00:00.004240269  2763 0x557974116360 TRACE   GST_REFCOUNTING gstminiobject.c:660:gst_mini_object_unref: 0x55797413ee10 unref 3->2
0:00:00.004247589  2763 0x557974116360 TRACE   GST_REFCOUNTING gstobject.c:292:gst_object_ref_sink: 0x557974141810 ref_sink 1->2
0:00:00.004253974  2763 0x557974116360 TRACE   GST_CAPS gstcaps.c:263:gst_caps_new_empty: created caps 0x55797413e210
0:00:00.004263057  2763 0x557974116360 TRACE   GST_CAPS gstcaps.c:439:gst_static_caps_get: created 0x7f8e973d5f30 from string ANY
0:00:00.004269536  2763 0x557974116360 TRACE   GST_REFCOUNTING gstminiobject.c:478:gst_mini_object_ref: 0x55797413e210 ref 1->2
0:00:00.004282687  2763 0x557974116360 TRACE   GST_REFCOUNTING gstobject.c:208:gst_object_init: 0x557974141a80 new
0:00:00.004290355  2763 0x557974116360 TRACE   GST_REFCOUNTING gstminiobject.c:478:gst_mini_object_ref: 0x55797413e210 ref 2->3
0:00:00.004301361  2763 0x557974116360 TRACE   GST_REFCOUNTING gstminiobject.c:660:gst_mini_object_unref: 0x55797413e210 unref 3->2
0:00:00.004308702  2763 0x557974116360 TRACE   GST_REFCOUNTING gstobject.c:292:gst_object_ref_sink: 0x557974141a80 ref_sink 1->2
0:00:00.004318138  2763 0x557974116360 TRACE   structure gststructure.c:292:gst_structure_new_id_empty_with_size: created structure 0x557974141c10
0:00:00.004325099  2763 0x557974116360 TRACE   GST_PERFORMANCE gststructure.c:511:gst_structure_copy: doing copy 0x557974140df0 -> 0x557974141c10
0:00:00.004338003  2763 0x557974116360 DEBUG   GST_REGISTRY gstregistry.c:589:gst_registry_add_feature: adding feature 0x5579741402a0 (capsfilter)
0:00:00.004346601  2763 0x557974116360 DEBUG   GST_REFCOUNTING gstobject.c:708:gst_object_set_parent: set parent (ref and sink)
0:00:00.004357142  2763 0x557974116360 TRACE   GST_REFCOUNTING gstobject.c:292:gst_object_ref_sink: 0x5579741402a0 ref_sink 1->2
0:00:00.004366023  2763 0x557974116360 LOG   GST_REGISTRY gstregistry.c:607:gst_registry_add_feature: emitting feature-added for capsfilter
0:00:00.004379565  2763 0x557974116360 TRACE   GST_REFCOUNTING gstobject.c:208:gst_object_init: 0x557974142130 new
0:00:00.004389107  2763 0x557974116360 LOG   GST_ELEMENT_FACTORY gstelementfactory.c:237:gst_element_register: Created new elementfactory for type GstClockSync
0:00:00.004396262  2763 0x557974116360 TRACE   structure gststructure.c:292:gst_structure_new_id_empty_with_size: created structure 0x557974142510
0:00:00.004405068  2763 0x557974116360 TRACE   GST_PERFORMANCE gststructure.c:511:gst_structure_copy: doing copy 0x5579741252b0 -> 0x557974142510
0:00:00.004411984  2763 0x557974116360 DEBUG   GST_ELEMENT_PADS gstelement.c:311:gst_element_base_class_init: type GstClockSync : factory 0x557974142130
0:00:00.004426047  2763 0x557974116360 TRACE   GST_CAPS gstcaps.c:263:gst_caps_new_empty: created caps 0x557974142260
0:00:00.004432096  2763 0x557974116360 TRACE   GST_CAPS gstcaps.c:439:gst_static_caps_get: created 0x7f8e973d5f70 from string ANY
0:00:00.004441298  2763 0x557974116360 TRACE   GST_REFCOUNTING gstminiobject.c:478:gst_mini_object_ref: 0x557974142260 ref 1->2
0:00:00.004450120  2763 0x557974116360 TRACE   GST_REFCOUNTING gstobject.c:208:gst_object_init: 0x5579741427d0 new
0:00:00.004458386  2763 0x557974116360 TRACE   GST_REFCOUNTING gstminiobject.c:478:gst_mini_object_ref: 0x557974142260 ref 2->3
0:00:00.004466088  2763 0x557974116360 TRACE   GST_REFCOUNTING gstminiobject.c:660:gst_mini_object_unref: 0x557974142260 unref 3->2
0:00:00.004475613  2763 0x557974116360 TRACE   GST_REFCOUNTING gstobject.c:292:gst_object_ref_sink: 0x5579741427d0 ref_sink 1->2
0:00:00.004482314  2763 0x557974116360 TRACE   GST_CAPS gstcaps.c:263:gst_caps_new_empty: created caps 0x5579741258d0
0:00:00.004492687  2763 0x557974116360 TRACE   GST_CAPS gstcaps.c:439:gst_static_caps_get: created 0x7f8e973d5fb0 from string ANY
0:00:00.004498549  2763 0x557974116360 TRACE   GST_REFCOUNTING gstminiobject.c:478:gst_mini_object_ref: 0x5579741258d0 ref 1->2
0:00:00.004509063  2763 0x557974116360 TRACE   GST_REFCOUNTING gstobject.c:208:gst_object_init: 0x557974142a30 new
0:00:00.004517467  2763 0x557974116360 TRACE   GST_REFCOUNTING gstminiobject.c:478:gst_mini_object_ref: 0x5579741258d0 ref 2->3
0:00:00.004525178  2763 0x557974116360 TRACE   GST_REFCOUNTING gstminiobject.c:660:gst_mini_object_unref: 0x5579741258d0 unref 3->2
0:00:00.004531726  2763 0x557974116360 TRACE   GST_REFCOUNTING gstobject.c:292:gst_object_ref_sink: 0x557974142a30 ref_sink 1->2
0:00:00.004541737  2763 0x557974116360 TRACE   structure gststructure.c:292:gst_structure_new_id_empty_with_size: created structure 0x557974142d70
0:00:00.004548658  2763 0x557974116360 TRACE   GST_PERFORMANCE gststructure.c:511:gst_structure_copy: doing copy 0x557974142510 -> 0x557974142d70
0:00:00.004556983  2763 0x557974116360 DEBUG   GST_REGISTRY gstregistry.c:589:gst_registry_add_feature: adding feature 0x557974142130 (clocksync)
0:00:00.004562751  2763 0x557974116360 DEBUG   GST_REFCOUNTING gstobject.c:708:gst_object_set_parent: set parent (ref and sink)
0:00:00.004592550  2763 0x557974116360 TRACE   GST_REFCOUNTING gstobject.c:292:gst_object_ref_sink: 0x557974142130 ref_sink 1->2
0:00:00.004604366  2763 0x557974116360 LOG   GST_REGISTRY gstregistry.c:607:gst_registry_add_feature: emitting feature-added for clocksync
0:00:00.004626255  2763 0x557974116360 TRACE   GST_REFCOUNTING gstobject.c:208:gst_object_init: 0x557974142f60 new
0:00:00.004637830  2763 0x557974116360 LOG   GST_ELEMENT_FACTORY gstelementfactory.c:237:gst_element_register: Created new elementfactory for type GstConcat
0:00:00.004645514  2763 0x557974116360 TRACE   structure gststructure.c:292:gst_structure_new_id_empty_with_size: created structure 0x557974143340
0:00:00.004651277  2763 0x557974116360 TRACE   GST_PERFORMANCE gststructure.c:511:gst_structure_copy: doing copy 0x5579741252b0 -> 0x557974143340
0:00:00.004660672  2763 0x557974116360 DEBUG   GST_ELEMENT_PADS gstelement.c:311:gst_element_base_class_init: type GstConcat : factory 0x557974142f60
0:00:00.004673610  2763 0x557974116360 TRACE   GST_CAPS gstcaps.c:263:gst_caps_new_empty: created caps 0x557974143090
0:00:00.004679823  2763 0x557974116360 TRACE   GST_CAPS gstcaps.c:439:gst_static_caps_get: created 0x7f8e973d6030 from string ANY
0:00:00.004685851  2763 0x557974116360 TRACE   GST_REFCOUNTING gstminiobject.c:478:gst_mini_object_ref: 0x557974143090 ref 1->2
0:00:00.004697291  2763 0x557974116360 TRACE   GST_REFCOUNTING gstobject.c:208:gst_object_init: 0x557974143520 new
0:00:00.004706011  2763 0x557974116360 TRACE   GST_REFCOUNTING gstminiobject.c:478:gst_mini_object_ref: 0x557974143090 ref 2->3
0:00:00.004718576  2763 0x557974116360 TRACE   GST_REFCOUNTING gstminiobject.c:660:gst_mini_object_unref: 0x557974143090 unref 3->2
0:00:00.004725183  2763 0x557974116360 TRACE   GST_REFCOUNTING gstobject.c:292:gst_object_ref_sink: 0x557974143520 ref_sink 1->2
0:00:00.004734365  2763 0x557974116360 TRACE   GST_CAPS gstcaps.c:263:gst_caps_new_empty: created caps 0x557974142c30
0:00:00.004740675  2763 0x557974116360 TRACE   GST_CAPS gstcaps.c:439:gst_static_caps_get: created 0x7f8e973d5ff0 from string ANY
0:00:00.004746394  2763 0x557974116360 TRACE   GST_REFCOUNTING gstminiobject.c:478:gst_mini_object_ref: 0x557974142c30 ref 1->2
0:00:00.004753987  2763 0x557974116360 TRACE   GST_REFCOUNTING gstobject.c:208:gst_object_init: 0x557974143720 new
0:00:00.004764515  2763 0x557974116360 TRACE   GST_REFCOUNTING gstminiobject.c:478:gst_mini_object_ref: 0x557974142c30 ref 2->3
0:00:00.004772363  2763 0x557974116360 TRACE   GST_REFCOUNTING gstminiobject.c:660:gst_mini_object_unref: 0x557974142c30 unref 3->2
0:00:00.004778896  2763 0x557974116360 TRACE   GST_REFCOUNTING gstobject.c:292:gst_object_ref_sink: 0x557974143720 ref_sink 1->2
0:00:00.004786686  2763 0x557974116360 TRACE   structure gststructure.c:292:gst_structure_new_id_empty_with_size: created structure 0x557974143840
0:00:00.004795956  2763 0x557974116360 TRACE   GST_PERFORMANCE gststructure.c:511:gst_structure_copy: doing copy 0x557974143340 -> 0x557974143840
0:00:00.004805391  2763 0x557974116360 DEBUG   GST_REGISTRY gstregistry.c:589:gst_registry_add_feature: adding feature 0x557974142f60 (concat)
0:00:00.004811200  2763 0x557974116360 DEBUG   GST_REFCOUNTING gstobject.c:708:gst_object_set_parent: set parent (ref and sink)
0:00:00.004817766  2763 0x557974116360 TRACE   GST_REFCOUNTING gstobject.c:292:gst_object_ref_sink: 0x557974142f60 ref_sink 1->2
0:00:00.004826846  2763 0x557974116360 LOG   GST_REGISTRY gstregistry.c:607:gst_registry_add_feature: emitting feature-added for concat
0:00:00.004842899  2763 0x557974116360 TRACE   GST_REFCOUNTING gstobject.c:208:gst_object_init: 0x557974143cd0 new
0:00:00.004851941  2763 0x557974116360 LOG   GST_ELEMENT_FACTORY gstelementfactory.c:237:gst_element_register: Created new elementfactory for type GstDataURISrc
0:00:00.004865546  2763 0x557974116360 TRACE   structure gststructure.c:292:gst_structure_new_id_empty_with_size: created structure 0x557974144220
0:00:00.004871984  2763 0x557974116360 TRACE   GST_PERFORMANCE gststructure.c:511:gst_structure_copy: doing copy 0x5579741252b0 -> 0x557974144220
0:00:00.004878387  2763 0x557974116360 DEBUG   GST_ELEMENT_PADS gstelement.c:311:gst_element_base_class_init: type GstBaseSrc : factory (nil)
0:00:00.004911462  2763 0x557974116360 TRACE   structure gststructure.c:292:gst_structure_new_id_empty_with_size: created structure 0x55797413a530
0:00:00.004918989  2763 0x557974116360 TRACE   GST_PERFORMANCE gststructure.c:511:gst_structure_copy: doing copy 0x557974144220 -> 0x55797413a530
0:00:00.004932083  2763 0x557974116360 DEBUG   GST_ELEMENT_PADS gstelement.c:311:gst_element_base_class_init: type GstDataURISrc : factory 0x557974143cd0
0:00:00.004943554  2763 0x557974116360 TRACE   GST_CAPS gstcaps.c:263:gst_caps_new_empty: created caps 0x557974143e00
0:00:00.004951021  2763 0x557974116360 TRACE   GST_CAPS gstcaps.c:439:gst_static_caps_get: created 0x7f8e973d6090 from string ANY
0:00:00.004957336  2763 0x557974116360 TRACE   GST_REFCOUNTING gstminiobject.c:478:gst_mini_object_ref: 0x557974143e00 ref 1->2
0:00:00.004965274  2763 0x557974116360 TRACE   GST_REFCOUNTING gstobject.c:208:gst_object_init: 0x557974145540 new
0:00:00.004975615  2763 0x557974116360 TRACE   GST_REFCOUNTING gstminiobject.c:478:gst_mini_object_ref: 0x557974143e00 ref 2->3
0:00:00.004984628  2763 0x557974116360 TRACE   GST_REFCOUNTING gstminiobject.c:660:gst_mini_object_unref: 0x557974143e00 unref 3->2
0:00:00.004991531  2763 0x557974116360 TRACE   GST_REFCOUNTING gstobject.c:292:gst_object_ref_sink: 0x557974145540 ref_sink 1->2
0:00:00.005003669  2763 0x557974116360 TRACE   structure gststructure.c:292:gst_structure_new_id_empty_with_size: created structure 0x557974145840
0:00:00.005012810  2763 0x557974116360 TRACE   GST_PERFORMANCE gststructure.c:511:gst_structure_copy: doing copy 0x55797413a530 -> 0x557974145840
0:00:00.005025235  2763 0x557974116360 DEBUG   GST_REGISTRY gstregistry.c:589:gst_registry_add_feature: adding feature 0x557974143cd0 (dataurisrc)
0:00:00.005031195  2763 0x557974116360 DEBUG   GST_REFCOUNTING gstobject.c:708:gst_object_set_parent: set parent (ref and sink)
0:00:00.005037830  2763 0x557974116360 TRACE   GST_REFCOUNTING gstobject.c:292:gst_object_ref_sink: 0x557974143cd0 ref_sink 1->2
0:00:00.005046456  2763 0x557974116360 LOG   GST_REGISTRY gstregistry.c:607:gst_registry_add_feature: emitting feature-added for dataurisrc
0:00:00.005059532  2763 0x557974116360 TRACE   GST_REFCOUNTING gstobject.c:208:gst_object_init: 0x557974145c30 new
0:00:00.005068675  2763 0x557974116360 LOG   GST_ELEMENT_FACTORY gstelementfactory.c:237:gst_element_register: Created new elementfactory for type GstDownloadBuffer
0:00:00.005079882  2763 0x557974116360 TRACE   structure gststructure.c:292:gst_structure_new_id_empty_with_size: created structure 0x557974146010
0:00:00.005088409  2763 0x557974116360 TRACE   GST_PERFORMANCE gststructure.c:511:gst_structure_copy: doing copy 0x5579741252b0 -> 0x557974146010
0:00:00.005095337  2763 0x557974116360 DEBUG   GST_ELEMENT_PADS gstelement.c:311:gst_element_base_class_init: type GstDownloadBuffer : factory 0x557974145c30
0:00:00.005111068  2763 0x557974116360 TRACE   GST_CAPS gstcaps.c:263:gst_caps_new_empty: created caps 0x557974145d60
0:00:00.005119268  2763 0x557974116360 TRACE   GST_CAPS gstcaps.c:439:gst_static_caps_get: created 0x7f8e973d60d0 from string ANY
0:00:00.005126103  2763 0x557974116360 TRACE   GST_REFCOUNTING gstminiobject.c:478:gst_mini_object_ref: 0x557974145d60 ref 1->2
0:00:00.005138566  2763 0x557974116360 TRACE   GST_REFCOUNTING gstobject.c:208:gst_object_init: 0x557974146570 new
0:00:00.005146414  2763 0x557974116360 TRACE   GST_REFCOUNTING gstminiobject.c:478:gst_mini_object_ref: 0x557974145d60 ref 2->3
0:00:00.005156851  2763 0x557974116360 TRACE   GST_REFCOUNTING gstminiobject.c:660:gst_mini_object_unref: 0x557974145d60 unref 3->2
0:00:00.005164559  2763 0x557974116360 TRACE   GST_REFCOUNTING gstobject.c:292:gst_object_ref_sink: 0x557974146570 ref_sink 1->2
0:00:00.005170780  2763 0x557974116360 TRACE   GST_CAPS gstcaps.c:263:gst_caps_new_empty: created caps 0x5579741466e0
0:00:00.005176372  2763 0x557974116360 TRACE   GST_CAPS gstcaps.c:439:gst_static_caps_get: created 0x7f8e973d6110 from string ANY
0:00:00.005184439  2763 0x557974116360 TRACE   GST_REFCOUNTING gstminiobject.c:478:gst_mini_object_ref: 0x5579741466e0 ref 1->2
0:00:00.005192813  2763 0x557974116360 TRACE   GST_REFCOUNTING gstobject.c:208:gst_object_init: 0x557974146750 new
0:00:00.005200537  2763 0x557974116360 TRACE   GST_REFCOUNTING gstminiobject.c:478:gst_mini_object_ref: 0x5579741466e0 ref 2->3
0:00:00.005208079  2763 0x557974116360 TRACE   GST_REFCOUNTING gstminiobject.c:660:gst_mini_object_unref: 0x5579741466e0 unref 3->2
0:00:00.005217456  2763 0x557974116360 TRACE   GST_REFCOUNTING gstobject.c:292:gst_object_ref_sink: 0x557974146750 ref_sink 1->2
0:00:00.005227076  2763 0x557974116360 TRACE   structure gststructure.c:292:gst_structure_new_id_empty_with_size: created structure 0x557974146a50
0:00:00.005233558  2763 0x557974116360 TRACE   GST_PERFORMANCE gststructure.c:511:gst_structure_copy: doing copy 0x557974146010 -> 0x557974146a50
0:00:00.005241731  2763 0x557974116360 DEBUG   GST_REGISTRY gstregistry.c:589:gst_registry_add_feature: adding feature 0x557974145c30 (downloadbuffer)
0:00:00.005249972  2763 0x557974116360 DEBUG   GST_REFCOUNTING gstobject.c:708:gst_object_set_parent: set parent (ref and sink)
0:00:00.005258160  2763 0x557974116360 TRACE   GST_REFCOUNTING gstobject.c:292:gst_object_ref_sink: 0x557974145c30 ref_sink 1->2
0:00:00.005264404  2763 0x557974116360 LOG   GST_REGISTRY gstregistry.c:607:gst_registry_add_feature: emitting feature-added for downloadbuffer
0:00:00.005281120  2763 0x557974116360 TRACE   GST_REFCOUNTING gstobject.c:208:gst_object_init: 0x557974146d30 new
0:00:00.005291993  2763 0x557974116360 LOG   GST_ELEMENT_FACTORY gstelementfactory.c:237:gst_element_register: Created new elementfactory for type GstFakeSrc
0:00:00.005302633  2763 0x557974116360 TRACE   structure gststructure.c:292:gst_structure_new_id_empty_with_size: created structure 0x557974147250
0:00:00.005308450  2763 0x557974116360 TRACE   GST_PERFORMANCE gststructure.c:511:gst_structure_copy: doing copy 0x557974144220 -> 0x557974147250
0:00:00.005317474  2763 0x557974116360 DEBUG   GST_ELEMENT_PADS gstelement.c:311:gst_element_base_class_init: type GstFakeSrc : factory 0x557974146d30
0:00:00.005357062  2763 0x557974116360 TRACE   GST_CAPS gstcaps.c:263:gst_caps_new_empty: created caps 0x557974146e60
0:00:00.005368316  2763 0x557974116360 TRACE   GST_CAPS gstcaps.c:439:gst_static_caps_get: created 0x7f8e973d6190 from string ANY
0:00:00.005376762  2763 0x557974116360 TRACE   GST_REFCOUNTING gstminiobject.c:478:gst_mini_object_ref: 0x557974146e60 ref 1->2
0:00:00.005386104  2763 0x557974116360 TRACE   GST_REFCOUNTING gstobject.c:208:gst_object_init: 0x5579741481e0 new
0:00:00.005394388  2763 0x557974116360 TRACE   GST_REFCOUNTING gstminiobject.c:478:gst_mini_object_ref: 0x557974146e60 ref 2->3
0:00:00.005402219  2763 0x557974116360 TRACE   GST_REFCOUNTING gstminiobject.c:660:gst_mini_object_unref: 0x557974146e60 unref 3->2
0:00:00.005411487  2763 0x557974116360 TRACE   GST_REFCOUNTING gstobject.c:292:gst_object_ref_sink: 0x5579741481e0 ref_sink 1->2
0:00:00.005421344  2763 0x557974116360 TRACE   structure gststructure.c:292:gst_structure_new_id_empty_with_size: created structure 0x557974148440
0:00:00.005427823  2763 0x557974116360 TRACE   GST_PERFORMANCE gststructure.c:511:gst_structure_copy: doing copy 0x557974147250 -> 0x557974148440
0:00:00.005435585  2763 0x557974116360 DEBUG   GST_REGISTRY gstregistry.c:589:gst_registry_add_feature: adding feature 0x557974146d30 (fakesrc)
0:00:00.005444061  2763 0x557974116360 DEBUG   GST_REFCOUNTING gstobject.c:708:gst_object_set_parent: set parent (ref and sink)
0:00:00.005452010  2763 0x557974116360 TRACE   GST_REFCOUNTING gstobject.c:292:gst_object_ref_sink: 0x557974146d30 ref_sink 1->2
0:00:00.005458108  2763 0x557974116360 LOG   GST_REGISTRY gstregistry.c:607:gst_registry_add_feature: emitting feature-added for fakesrc
0:00:00.005477832  2763 0x557974116360 TRACE   GST_REFCOUNTING gstobject.c:208:gst_object_init: 0x557974148990 new
0:00:00.005488721  2763 0x557974116360 LOG   GST_ELEMENT_FACTORY gstelementfactory.c:237:gst_element_register: Created new elementfactory for type GstFakeSink
0:00:00.005499074  2763 0x557974116360 TRACE   structure gststructure.c:292:gst_structure_new_id_empty_with_size: created structure 0x557974148ea0
0:00:00.005507092  2763 0x557974116360 TRACE   GST_PERFORMANCE gststructure.c:511:gst_structure_copy: doing copy 0x5579741252b0 -> 0x557974148ea0
0:00:00.005514566  2763 0x557974116360 DEBUG   GST_ELEMENT_PADS gstelement.c:311:gst_element_base_class_init: type GstBaseSink : factory (nil)
0:00:00.005543177  2763 0x557974116360 TRACE   structure gststructure.c:292:gst_structure_new_id_empty_with_size: created structure 0x557974149be0
0:00:00.005549018  2763 0x557974116360 TRACE   GST_PERFORMANCE gststructure.c:511:gst_structure_copy: doing copy 0x557974148ea0 -> 0x557974149be0
0:00:00.005557736  2763 0x557974116360 DEBUG   GST_ELEMENT_PADS gstelement.c:311:gst_element_base_class_init: type GstFakeSink : factory 0x557974148990
0:00:00.005668079  2763 0x557974116360 TRACE   GST_CAPS gstcaps.c:263:gst_caps_new_empty: created caps 0x557974148ac0
0:00:00.005678674  2763 0x557974116360 TRACE   GST_CAPS gstcaps.c:439:gst_static_caps_get: created 0x7f8e973d6150 from string ANY
0:00:00.005693252  2763 0x557974116360 TRACE   GST_REFCOUNTING gstminiobject.c:478:gst_mini_object_ref: 0x557974148ac0 ref 1->2
0:00:00.005702335  2763 0x557974116360 TRACE   GST_REFCOUNTING gstobject.c:208:gst_object_init: 0x55797414a620 new
0:00:00.005710460  2763 0x557974116360 TRACE   GST_REFCOUNTING gstminiobject.c:478:gst_mini_object_ref: 0x557974148ac0 ref 2->3
0:00:00.005718344  2763 0x557974116360 TRACE   GST_REFCOUNTING gstminiobject.c:660:gst_mini_object_unref: 0x557974148ac0 unref 3->2
0:00:00.005728372  2763 0x557974116360 TRACE   GST_REFCOUNTING gstobject.c:292:gst_object_ref_sink: 0x55797414a620 ref_sink 1->2
0:00:00.005737533  2763 0x557974116360 TRACE   structure gststructure.c:292:gst_structure_new_id_empty_with_size: created structure 0x55797414aa20
0:00:00.005744288  2763 0x557974116360 TRACE   GST_PERFORMANCE gststructure.c:511:gst_structure_copy: doing copy 0x557974149be0 -> 0x55797414aa20
0:00:00.005752408  2763 0x557974116360 DEBUG   GST_REGISTRY gstregistry.c:589:gst_registry_add_feature: adding feature 0x557974148990 (fakesink)
