0:00:00.011957718  2763 0x557974116360 DEBUG   GST_POLL gstpoll.c:979:gst_poll_fd_ctl_write: 0x55797413ad30: fd (fd:0, idx:1), active : 1
0:00:00.011963041  2763 0x557974116360 LOG   GST_POLL gstpoll.c:994:gst_poll_fd_ctl_write: 0x55797413ad30: pfd->events now 60 (POLLOUT:4)
0:00:00.011971618  2763 0x557974116360 DEBUG   GST_POLL gstpoll.c:979:gst_poll_fd_ctl_write: 0x55797413ad30: fd (fd:0, idx:1), active : 1
0:00:00.011977511  2763 0x557974116360 LOG   GST_POLL gstpoll.c:994:gst_poll_fd_ctl_write: 0x55797413ad30: pfd->events now 60 (POLLOUT:4)
0:00:00.011983126  2763 0x557974116360 DEBUG   GST_POLL gstpoll.c:979:gst_poll_fd_ctl_write: 0x55797413ad30: fd (fd:0, idx:1), active : 1
0:00:00.011988425  2763 0x557974116360 LOG   GST_POLL gstpoll.c:994:gst_poll_fd_ctl_write: 0x55797413ad30: pfd->events now 60 (POLLOUT:4)
0:00:00.011996894  2763 0x557974116360 DEBUG   GST_POLL gstpoll.c:979:gst_poll_fd_ctl_write: 0x55797413ad30: fd (fd:0, idx:1), active : 1
0:00:00.012002786  2763 0x557974116360 LOG   GST_POLL gstpoll.c:994:gst_poll_fd_ctl_write: 0x55797413ad30: pfd->events now 60 (POLLOUT:4)
0:00:00.012008497  2763 0x557974116360 DEBUG   GST_POLL gstpoll.c:979:gst_poll_fd_ctl_write: 0x55797413ad30: fd (fd:0, idx:1), active : 1
0:00:00.012013784  2763 0x557974116360 LOG   GST_POLL gstpoll.c:994:gst_poll_fd_ctl_write: 0x55797413ad30: pfd->events now 60 (POLLOUT:4)
0:00:00.012022304  2763 0x557974116360 DEBUG   GST_POLL gstpoll.c:979:gst_poll_fd_ctl_write: 0x55797413ad30: fd (fd:0, idx:1), active : 1
0:00:00.012028134  2763 0x557974116360 LOG   GST_POLL gstpoll.c:994:gst_poll_fd_ctl_write: 0x55797413ad30: pfd->events now 60 (POLLOUT:4)
0:00:00.012033811  2763 0x557974116360 DEBUG   GST_POLL gstpoll.c:979:gst_poll_fd_ctl_write: 0x55797413ad30: fd (fd:0, idx:1), active : 1
0:00:00.012039094  2763 0x557974116360 LOG   GST_POLL gstpoll.c:994:gst_poll_fd_ctl_write: 0x55797413ad30: pfd->events now 60 (POLLOUT:4)
0:00:00.012047788  2763 0x557974116360 DEBUG   GST_POLL gstpoll.c:979:gst_poll_fd_ctl_write: 0x55797413ad30: fd (fd:0, idx:1), active : 1
0:00:00.012053691  2763 0x557974116360 LOG   GST_POLL gstpoll.c:994:gst_poll_fd_ctl_write: 0x55797413ad30: pfd->events now 60 (POLLOUT:4)
0:00:00.012064232  2763 0x557974116360 DEBUG   GST_POLL gstpoll.c:979:gst_poll_fd_ctl_write: 0x55797413ad30: fd (fd:0, idx:1), active : 1
0:00:00.012069671  2763 0x557974116360 LOG   GST_POLL gstpoll.c:994:gst_poll_fd_ctl_write: 0x55797413ad30: pfd->events now 60 (POLLOUT:4)
0:00:00.012078277  2763 0x557974116360 DEBUG   GST_POLL gstpoll.c:979:gst_poll_fd_ctl_write: 0x55797413ad30: fd (fd:0, idx:1), active : 1
0:00:00.012084182  2763 0x557974116360 LOG   GST_POLL gstpoll.c:994:gst_poll_fd_ctl_write: 0x55797413ad30: pfd->events now 60 (POLLOUT:4)
0:00:00.012089936  2763 0x557974116360 DEBUG   GST_POLL gstpoll.c:979:gst_poll_fd_ctl_write: 0x55797413ad30: fd (fd:0, idx:1), active : 1
0:00:00.012095425  2763 0x557974116360 LOG   GST_POLL gstpoll.c:994:gst_poll_fd_ctl_write: 0x55797413ad30: pfd->events now 60 (POLLOUT:4)
0:00:00.012104201  2763 0x557974116360 DEBUG   GST_POLL gstpoll.c:979:gst_poll_fd_ctl_write: 0x55797413ad30: fd (fd:0, idx:1), active : 1
0:00:00.012110093  2763 0x557974116360 LOG   GST_POLL gstpoll.c:994:gst_poll_fd_ctl_write: 0x55797413ad30: pfd->events now 60 (POLLOUT:4)
0:00:00.012115728  2763 0x557974116360 DEBUG   GST_POLL gstpoll.c:979:gst_poll_fd_ctl_write: 0x55797413ad30: fd (fd:0, idx:1), active : 1
0:00:00.012121030  2763 0x557974116360 LOG   GST_POLL gstpoll.c:994:gst_poll_fd_ctl_write: 0x55797413ad30: pfd->events now 60 (POLLOUT:4)
0:00:00.012129553  2763 0x557974116360 DEBUG   GST_POLL gstpoll.c:979:gst_poll_fd_ctl_write: 0x55797413ad30: fd (fd:0, idx:1), active : 1
0:00:00.012135625  2763 0x557974116360 LOG   GST_POLL gstpoll.c:994:gst_poll_fd_ctl_write: 0x55797413ad30: pfd->events now 60 (POLLOUT:4)
0:00:00.012141300  2763 0x557974116360 DEBUG   GST_POLL gstpoll.c:979:gst_poll_fd_ctl_write: 0x55797413ad30: fd (fd:0, idx:1), active : 1
0:00:00.012146669  2763 0x557974116360 LOG   GST_POLL gstpoll.c:994:gst_poll_fd_ctl_write: 0x55797413ad30: pfd->events now 60 (POLLOUT:4)
0:00:00.012155448  2763 0x557974116360 DEBUG   GST_POLL gstpoll.c:979:gst_poll_fd_ctl_write: 0x55797413ad30: fd (fd:0, idx:1), active : 1
0:00:00.012161342  2763 0x557974116360 LOG   GST_POLL gstpoll.c:994:gst_poll_fd_ctl_write: 0x55797413ad30: pfd->events now 60 (POLLOUT:4)
0:00:00.012167177  2763 0x557974116360 DEBUG   GST_POLL gstpoll.c:979:gst_poll_fd_ctl_write: 0x55797413ad30: fd (fd:0, idx:1), active : 1
0:00:00.012172426  2763 0x557974116360 LOG   GST_POLL gstpoll.c:994:gst_poll_fd_ctl_write: 0x55797413ad30: pfd->events now 60 (POLLOUT:4)
0:00:00.012180976  2763 0x557974116360 DEBUG   GST_POLL gstpoll.c:979:gst_poll_fd_ctl_write: 0x55797413ad30: fd (fd:0, idx:1), active : 1
0:00:00.012186924  2763 0x557974116360 LOG   GST_POLL gstpoll.c:994:gst_poll_fd_ctl_write: 0x55797413ad30: pfd->events now 60 (POLLOUT:4)
0:00:00.012192727  2763 0x557974116360 DEBUG   GST_POLL gstpoll.c:979:gst_poll_fd_ctl_write: 0x55797413ad30: fd (fd:0, idx:1), active : 1
0:00:00.012198267  2763 0x557974116360 LOG   GST_POLL gstpoll.c:994:gst_poll_fd_ctl_write: 0x55797413ad30: pfd->events now 60 (POLLOUT:4)
0:00:00.012212097  2763 0x557974116360 DEBUG   GST_POLL gstpoll.c:979:gst_poll_fd_ctl_write: 0x55797413ad30: fd (fd:0, idx:1), active : 1
0:00:00.012217926  2763 0x557974116360 LOG   GST_POLL gstpoll.c:994:gst_poll_fd_ctl_write: 0x55797413ad30: pfd->events now 60 (POLLOUT:4)
0:00:00.012223433  2763 0x557974116360 DEBUG   GST_POLL gstpoll.c:979:gst_poll_fd_ctl_write: 0x55797413ad30: fd (fd:0, idx:1), active : 1
0:00:00.012228690  2763 0x557974116360 LOG   GST_POLL gstpoll.c:994:gst_poll_fd_ctl_write: 0x55797413ad30: pfd->events now 60 (POLLOUT:4)
0:00:00.012237189  2763 0x557974116360 DEBUG   GST_POLL gstpoll.c:979:gst_poll_fd_ctl_write: 0x55797413ad30: fd (fd:0, idx:1), active : 1
0:00:00.012243094  2763 0x557974116360 LOG   GST_POLL gstpoll.c:994:gst_poll_fd_ctl_write: 0x55797413ad30: pfd->events now 60 (POLLOUT:4)
0:00:00.012248945  2763 0x557974116360 DEBUG   GST_POLL gstpoll.c:979:gst_poll_fd_ctl_write: 0x55797413ad30: fd (fd:0, idx:1), active : 1
0:00:00.012254255  2763 0x557974116360 LOG   GST_POLL gstpoll.c:994:gst_poll_fd_ctl_write: 0x55797413ad30: pfd->events now 60 (POLLOUT:4)
0:00:00.012262683  2763 0x557974116360 LOG   GST_PLUGIN_LOADING gstpluginloader.c:644:put_chunk: Expanding tx buf from 5764 to 7717 for chunk of size 229
0:00:00.012273244  2763 0x557974116360 DEBUG   GST_POLL gstpoll.c:979:gst_poll_fd_ctl_write: 0x55797413ad30: fd (fd:0, idx:1), active : 1
0:00:00.012278933  2763 0x557974116360 LOG   GST_POLL gstpoll.c:994:gst_poll_fd_ctl_write: 0x55797413ad30: pfd->events now 60 (POLLOUT:4)
0:00:00.012287312  2763 0x557974116360 DEBUG   GST_POLL gstpoll.c:979:gst_poll_fd_ctl_write: 0x55797413ad30: fd (fd:0, idx:1), active : 1
0:00:00.012293633  2763 0x557974116360 LOG   GST_POLL gstpoll.c:994:gst_poll_fd_ctl_write: 0x55797413ad30: pfd->events now 60 (POLLOUT:4)
0:00:00.012299407  2763 0x557974116360 DEBUG   GST_POLL gstpoll.c:979:gst_poll_fd_ctl_write: 0x55797413ad30: fd (fd:0, idx:1), active : 1
0:00:00.012305145  2763 0x557974116360 LOG   GST_POLL gstpoll.c:994:gst_poll_fd_ctl_write: 0x55797413ad30: pfd->events now 60 (POLLOUT:4)
0:00:00.012313484  2763 0x557974116360 DEBUG   GST_POLL gstpoll.c:979:gst_poll_fd_ctl_write: 0x55797413ad30: fd (fd:0, idx:1), active : 1
0:00:00.012319865  2763 0x557974116360 LOG   GST_POLL gstpoll.c:994:gst_poll_fd_ctl_write: 0x55797413ad30: pfd->events now 60 (POLLOUT:4)
0:00:00.012325593  2763 0x557974116360 DEBUG   GST_POLL gstpoll.c:979:gst_poll_fd_ctl_write: 0x55797413ad30: fd (fd:0, idx:1), active : 1
0:00:00.012330870  2763 0x557974116360 LOG   GST_POLL gstpoll.c:994:gst_poll_fd_ctl_write: 0x55797413ad30: pfd->events now 60 (POLLOUT:4)
0:00:00.012338998  2763 0x557974116360 DEBUG   GST_POLL gstpoll.c:979:gst_poll_fd_ctl_write: 0x55797413ad30: fd (fd:0, idx:1), active : 1
0:00:00.012345277  2763 0x557974116360 LOG   GST_POLL gstpoll.c:994:gst_poll_fd_ctl_write: 0x55797413ad30: pfd->events now 60 (POLLOUT:4)
0:00:00.012351192  2763 0x557974116360 DEBUG   GST_POLL gstpoll.c:979:gst_poll_fd_ctl_write: 0x55797413ad30: fd (fd:0, idx:1), active : 1
0:00:00.012361407  2763 0x557974116360 LOG   GST_POLL gstpoll.c:994:gst_poll_fd_ctl_write: 0x55797413ad30: pfd->events now 60 (POLLOUT:4)
0:00:00.012369783  2763 0x557974116360 DEBUG   GST_POLL gstpoll.c:979:gst_poll_fd_ctl_write: 0x55797413ad30: fd (fd:0, idx:1), active : 1
0:00:00.012376080  2763 0x557974116360 LOG   GST_POLL gstpoll.c:994:gst_poll_fd_ctl_write: 0x55797413ad30: pfd->events now 60 (POLLOUT:4)
0:00:00.012381887  2763 0x557974116360 DEBUG   GST_POLL gstpoll.c:979:gst_poll_fd_ctl_write: 0x55797413ad30: fd (fd:0, idx:1), active : 1
0:00:00.012387106  2763 0x557974116360 LOG   GST_POLL gstpoll.c:994:gst_poll_fd_ctl_write: 0x55797413ad30: pfd->events now 60 (POLLOUT:4)
0:00:00.012395499  2763 0x557974116360 DEBUG   GST_POLL gstpoll.c:979:gst_poll_fd_ctl_write: 0x55797413ad30: fd (fd:0, idx:1), active : 1
0:00:00.012401856  2763 0x557974116360 LOG   GST_POLL gstpoll.c:994:gst_poll_fd_ctl_write: 0x55797413ad30: pfd->events now 60 (POLLOUT:4)
0:00:00.012407615  2763 0x557974116360 DEBUG   GST_POLL gstpoll.c:979:gst_poll_fd_ctl_write: 0x55797413ad30: fd (fd:0, idx:1), active : 1
0:00:00.012412865  2763 0x557974116360 LOG   GST_POLL gstpoll.c:994:gst_poll_fd_ctl_write: 0x55797413ad30: pfd->events now 60 (POLLOUT:4)
0:00:00.012421050  2763 0x557974116360 DEBUG   GST_POLL gstpoll.c:979:gst_poll_fd_ctl_write: 0x55797413ad30: fd (fd:0, idx:1), active : 1
0:00:00.012427385  2763 0x557974116360 LOG   GST_POLL gstpoll.c:994:gst_poll_fd_ctl_write: 0x55797413ad30: pfd->events now 60 (POLLOUT:4)
0:00:00.012433165  2763 0x557974116360 DEBUG   GST_POLL gstpoll.c:979:gst_poll_fd_ctl_write: 0x55797413ad30: fd (fd:0, idx:1), active : 1
0:00:00.012438675  2763 0x557974116360 LOG   GST_POLL gstpoll.c:994:gst_poll_fd_ctl_write: 0x55797413ad30: pfd->events now 60 (POLLOUT:4)
0:00:00.012446881  2763 0x557974116360 DEBUG   GST_POLL gstpoll.c:979:gst_poll_fd_ctl_write: 0x55797413ad30: fd (fd:0, idx:1), active : 1
0:00:00.012453314  2763 0x557974116360 LOG   GST_POLL gstpoll.c:994:gst_poll_fd_ctl_write: 0x55797413ad30: pfd->events now 60 (POLLOUT:4)
0:00:00.012459096  2763 0x557974116360 DEBUG   GST_POLL gstpoll.c:979:gst_poll_fd_ctl_write: 0x55797413ad30: fd (fd:0, idx:1), active : 1
0:00:00.012464470  2763 0x557974116360 LOG   GST_POLL gstpoll.c:994:gst_poll_fd_ctl_write: 0x55797413ad30: pfd->events now 60 (POLLOUT:4)
0:00:00.012472577  2763 0x557974116360 DEBUG   GST_POLL gstpoll.c:979:gst_poll_fd_ctl_write: 0x55797413ad30: fd (fd:0, idx:1), active : 1
0:00:00.012478896  2763 0x557974116360 LOG   GST_POLL gstpoll.c:994:gst_poll_fd_ctl_write: 0x55797413ad30: pfd->events now 60 (POLLOUT:4)
0:00:00.012484606  2763 0x557974116360 DEBUG   GST_POLL gstpoll.c:979:gst_poll_fd_ctl_write: 0x55797413ad30: fd (fd:0, idx:1), active : 1
0:00:00.012489841  2763 0x557974116360 LOG   GST_POLL gstpoll.c:994:gst_poll_fd_ctl_write: 0x55797413ad30: pfd->events now 60 (POLLOUT:4)
0:00:00.012497953  2763 0x557974116360 DEBUG   GST_POLL gstpoll.c:979:gst_poll_fd_ctl_write: 0x55797413ad30: fd (fd:0, idx:1), active : 1
0:00:00.012504285  2763 0x557974116360 LOG   GST_POLL gstpoll.c:994:gst_poll_fd_ctl_write: 0x55797413ad30: pfd->events now 60 (POLLOUT:4)
0:00:00.012515901  2763 0x557974116360 DEBUG   GST_POLL gstpoll.c:979:gst_poll_fd_ctl_write: 0x55797413ad30: fd (fd:0, idx:1), active : 1
0:00:00.012521272  2763 0x557974116360 LOG   GST_POLL gstpoll.c:994:gst_poll_fd_ctl_write: 0x55797413ad30: pfd->events now 60 (POLLOUT:4)
0:00:00.012529445  2763 0x557974116360 DEBUG   GST_POLL gstpoll.c:979:gst_poll_fd_ctl_write: 0x55797413ad30: fd (fd:0, idx:1), active : 1
0:00:00.012535878  2763 0x557974116360 LOG   GST_POLL gstpoll.c:994:gst_poll_fd_ctl_write: 0x55797413ad30: pfd->events now 60 (POLLOUT:4)
0:00:00.012541594  2763 0x557974116360 DEBUG   GST_POLL gstpoll.c:979:gst_poll_fd_ctl_write: 0x55797413ad30: fd (fd:0, idx:1), active : 1
0:00:00.012546902  2763 0x557974116360 LOG   GST_POLL gstpoll.c:994:gst_poll_fd_ctl_write: 0x55797413ad30: pfd->events now 60 (POLLOUT:4)
0:00:00.012555021  2763 0x557974116360 DEBUG   GST_POLL gstpoll.c:979:gst_poll_fd_ctl_write: 0x55797413ad30: fd (fd:0, idx:1), active : 1
0:00:00.012561369  2763 0x557974116360 LOG   GST_POLL gstpoll.c:994:gst_poll_fd_ctl_write: 0x55797413ad30: pfd->events now 60 (POLLOUT:4)
0:00:00.012567154  2763 0x557974116360 DEBUG   GST_POLL gstpoll.c:979:gst_poll_fd_ctl_write: 0x55797413ad30: fd (fd:0, idx:1), active : 1
0:00:00.012584722  2763 0x557974116360 LOG   GST_POLL gstpoll.c:994:gst_poll_fd_ctl_write: 0x55797413ad30: pfd->events now 60 (POLLOUT:4)
0:00:00.012594189  2763 0x557974116360 DEBUG   GST_POLL gstpoll.c:979:gst_poll_fd_ctl_write: 0x55797413ad30: fd (fd:0, idx:1), active : 1
0:00:00.012600104  2763 0x557974116360 LOG   GST_POLL gstpoll.c:994:gst_poll_fd_ctl_write: 0x55797413ad30: pfd->events now 60 (POLLOUT:4)
0:00:00.012605812  2763 0x557974116360 DEBUG   GST_POLL gstpoll.c:979:gst_poll_fd_ctl_write: 0x55797413ad30: fd (fd:0, idx:1), active : 1
0:00:00.012613533  2763 0x557974116360 LOG   GST_POLL gstpoll.c:994:gst_poll_fd_ctl_write: 0x55797413ad30: pfd->events now 60 (POLLOUT:4)
0:00:00.012619974  2763 0x557974116360 DEBUG   GST_POLL gstpoll.c:979:gst_poll_fd_ctl_write: 0x55797413ad30: fd (fd:0, idx:1), active : 1
0:00:00.012625361  2763 0x557974116360 LOG   GST_POLL gstpoll.c:994:gst_poll_fd_ctl_write: 0x55797413ad30: pfd->events now 60 (POLLOUT:4)
0:00:00.012630850  2763 0x557974116360 DEBUG   GST_POLL gstpoll.c:979:gst_poll_fd_ctl_write: 0x55797413ad30: fd (fd:0, idx:1), active : 1
0:00:00.012638582  2763 0x557974116360 LOG   GST_POLL gstpoll.c:994:gst_poll_fd_ctl_write: 0x55797413ad30: pfd->events now 60 (POLLOUT:4)
0:00:00.012645222  2763 0x557974116360 DEBUG   GST_POLL gstpoll.c:979:gst_poll_fd_ctl_write: 0x55797413ad30: fd (fd:0, idx:1), active : 1
0:00:00.012650874  2763 0x557974116360 LOG   GST_POLL gstpoll.c:994:gst_poll_fd_ctl_write: 0x55797413ad30: pfd->events now 60 (POLLOUT:4)
0:00:00.012656598  2763 0x557974116360 DEBUG   GST_POLL gstpoll.c:979:gst_poll_fd_ctl_write: 0x55797413ad30: fd (fd:0, idx:1), active : 1
0:00:00.012664341  2763 0x557974116360 LOG   GST_POLL gstpoll.c:994:gst_poll_fd_ctl_write: 0x55797413ad30: pfd->events now 60 (POLLOUT:4)
0:00:00.012675335  2763 0x557974116360 DEBUG   GST_POLL gstpoll.c:979:gst_poll_fd_ctl_write: 0x55797413ad30: fd (fd:0, idx:1), active : 1
0:00:00.012680813  2763 0x557974116360 LOG   GST_POLL gstpoll.c:994:gst_poll_fd_ctl_write: 0x55797413ad30: pfd->events now 60 (POLLOUT:4)
0:00:00.012686293  2763 0x557974116360 DEBUG   GST_POLL gstpoll.c:979:gst_poll_fd_ctl_write: 0x55797413ad30: fd (fd:0, idx:1), active : 1
0:00:00.012694210  2763 0x557974116360 LOG   GST_POLL gstpoll.c:994:gst_poll_fd_ctl_write: 0x55797413ad30: pfd->events now 60 (POLLOUT:4)
0:00:00.012700889  2763 0x557974116360 DEBUG   GST_POLL gstpoll.c:979:gst_poll_fd_ctl_write: 0x55797413ad30: fd (fd:0, idx:1), active : 1
0:00:00.012706478  2763 0x557974116360 LOG   GST_POLL gstpoll.c:994:gst_poll_fd_ctl_write: 0x55797413ad30: pfd->events now 60 (POLLOUT:4)
0:00:00.012712447  2763 0x557974116360 DEBUG   GST_POLL gstpoll.c:979:gst_poll_fd_ctl_write: 0x55797413ad30: fd (fd:0, idx:1), active : 1
0:00:00.012720307  2763 0x557974116360 LOG   GST_POLL gstpoll.c:994:gst_poll_fd_ctl_write: 0x55797413ad30: pfd->events now 60 (POLLOUT:4)
0:00:00.012726893  2763 0x557974116360 DEBUG   GST_POLL gstpoll.c:979:gst_poll_fd_ctl_write: 0x55797413ad30: fd (fd:0, idx:1), active : 1
0:00:00.012732292  2763 0x557974116360 LOG   GST_POLL gstpoll.c:994:gst_poll_fd_ctl_write: 0x55797413ad30: pfd->events now 60 (POLLOUT:4)
0:00:00.012737809  2763 0x557974116360 DEBUG   GST_POLL gstpoll.c:979:gst_poll_fd_ctl_write: 0x55797413ad30: fd (fd:0, idx:1), active : 1
0:00:00.012745720  2763 0x557974116360 LOG   GST_POLL gstpoll.c:994:gst_poll_fd_ctl_write: 0x55797413ad30: pfd->events now 60 (POLLOUT:4)
0:00:00.012752354  2763 0x557974116360 DEBUG   GST_POLL gstpoll.c:979:gst_poll_fd_ctl_write: 0x55797413ad30: fd (fd:0, idx:1), active : 1
0:00:00.012757926  2763 0x557974116360 LOG   GST_POLL gstpoll.c:994:gst_poll_fd_ctl_write: 0x55797413ad30: pfd->events now 60 (POLLOUT:4)
0:00:00.012763615  2763 0x557974116360 DEBUG   GST_POLL gstpoll.c:979:gst_poll_fd_ctl_write: 0x55797413ad30: fd (fd:0, idx:1), active : 1
0:00:00.012771394  2763 0x557974116360 LOG   GST_POLL gstpoll.c:994:gst_poll_fd_ctl_write: 0x55797413ad30: pfd->events now 60 (POLLOUT:4)
0:00:00.012777896  2763 0x557974116360 DEBUG   GST_POLL gstpoll.c:979:gst_poll_fd_ctl_write: 0x55797413ad30: fd (fd:0, idx:1), active : 1
0:00:00.012783347  2763 0x557974116360 LOG   GST_POLL gstpoll.c:994:gst_poll_fd_ctl_write: 0x55797413ad30: pfd->events now 60 (POLLOUT:4)
0:00:00.012789058  2763 0x557974116360 DEBUG   GST_POLL gstpoll.c:979:gst_poll_fd_ctl_write: 0x55797413ad30: fd (fd:0, idx:1), active : 1
0:00:00.012796911  2763 0x557974116360 LOG   GST_POLL gstpoll.c:994:gst_poll_fd_ctl_write: 0x55797413ad30: pfd->events now 60 (POLLOUT:4)
0:00:00.012803618  2763 0x557974116360 DEBUG   GST_POLL gstpoll.c:979:gst_poll_fd_ctl_write: 0x55797413ad30: fd (fd:0, idx:1), active : 1
0:00:00.012809270  2763 0x557974116360 LOG   GST_POLL gstpoll.c:994:gst_poll_fd_ctl_write: 0x55797413ad30: pfd->events now 60 (POLLOUT:4)
0:00:00.012814923  2763 0x557974116360 DEBUG   GST_POLL gstpoll.c:979:gst_poll_fd_ctl_write: 0x55797413ad30: fd (fd:0, idx:1), active : 1
0:00:00.012827774  2763 0x557974116360 LOG   GST_POLL gstpoll.c:994:gst_poll_fd_ctl_write: 0x55797413ad30: pfd->events now 60 (POLLOUT:4)
0:00:00.012834274  2763 0x557974116360 DEBUG   GST_POLL gstpoll.c:979:gst_poll_fd_ctl_write: 0x55797413ad30: fd (fd:0, idx:1), active : 1
0:00:00.012839739  2763 0x557974116360 LOG   GST_POLL gstpoll.c:994:gst_poll_fd_ctl_write: 0x55797413ad30: pfd->events now 60 (POLLOUT:4)
0:00:00.012845217  2763 0x557974116360 DEBUG   GST_POLL gstpoll.c:979:gst_poll_fd_ctl_write: 0x55797413ad30: fd (fd:0, idx:1), active : 1
0:00:00.012852994  2763 0x557974116360 LOG   GST_POLL gstpoll.c:994:gst_poll_fd_ctl_write: 0x55797413ad30: pfd->events now 60 (POLLOUT:4)
0:00:00.012859865  2763 0x557974116360 DEBUG   GST_POLL gstpoll.c:979:gst_poll_fd_ctl_write: 0x55797413ad30: fd (fd:0, idx:1), active : 1
0:00:00.012865482  2763 0x557974116360 LOG   GST_POLL gstpoll.c:994:gst_poll_fd_ctl_write: 0x55797413ad30: pfd->events now 60 (POLLOUT:4)
0:00:00.012871035  2763 0x557974116360 DEBUG   GST_POLL gstpoll.c:979:gst_poll_fd_ctl_write: 0x55797413ad30: fd (fd:0, idx:1), active : 1
0:00:00.012878803  2763 0x557974116360 LOG   GST_POLL gstpoll.c:994:gst_poll_fd_ctl_write: 0x55797413ad30: pfd->events now 60 (POLLOUT:4)
0:00:00.012885382  2763 0x557974116360 DEBUG   GST_POLL gstpoll.c:979:gst_poll_fd_ctl_write: 0x55797413ad30: fd (fd:0, idx:1), active : 1
0:00:00.012895543  2763 0x557974116360 LOG   GST_POLL gstpoll.c:994:gst_poll_fd_ctl_write: 0x55797413ad30: pfd->events now 60 (POLLOUT:4)
0:00:00.012901276  2763 0x557974116360 DEBUG   GST_POLL gstpoll.c:979:gst_poll_fd_ctl_write: 0x55797413ad30: fd (fd:0, idx:1), active : 1
0:00:00.012909484  2763 0x557974116360 LOG   GST_POLL gstpoll.c:994:gst_poll_fd_ctl_write: 0x55797413ad30: pfd->events now 60 (POLLOUT:4)
0:00:00.012915726  2763 0x557974116360 DEBUG   GST_POLL gstpoll.c:979:gst_poll_fd_ctl_write: 0x55797413ad30: fd (fd:0, idx:1), active : 1
0:00:00.012921226  2763 0x557974116360 LOG   GST_POLL gstpoll.c:994:gst_poll_fd_ctl_write: 0x55797413ad30: pfd->events now 60 (POLLOUT:4)
0:00:00.012926691  2763 0x557974116360 DEBUG   GST_POLL gstpoll.c:979:gst_poll_fd_ctl_write: 0x55797413ad30: fd (fd:0, idx:1), active : 1
0:00:00.012934794  2763 0x557974116360 LOG   GST_POLL gstpoll.c:994:gst_poll_fd_ctl_write: 0x55797413ad30: pfd->events now 60 (POLLOUT:4)
0:00:00.012941200  2763 0x557974116360 DEBUG   GST_POLL gstpoll.c:979:gst_poll_fd_ctl_write: 0x55797413ad30: fd (fd:0, idx:1), active : 1
0:00:00.012946650  2763 0x557974116360 LOG   GST_POLL gstpoll.c:994:gst_poll_fd_ctl_write: 0x55797413ad30: pfd->events now 60 (POLLOUT:4)
0:00:00.012952057  2763 0x557974116360 DEBUG   GST_POLL gstpoll.c:979:gst_poll_fd_ctl_write: 0x55797413ad30: fd (fd:0, idx:1), active : 1
0:00:00.012960200  2763 0x557974116360 LOG   GST_POLL gstpoll.c:994:gst_poll_fd_ctl_write: 0x55797413ad30: pfd->events now 60 (POLLOUT:4)
0:00:00.012966402  2763 0x557974116360 DEBUG   GST_POLL gstpoll.c:979:gst_poll_fd_ctl_write: 0x55797413ad30: fd (fd:0, idx:1), active : 1
0:00:00.012976095  2763 0x557974116360 LOG   GST_POLL gstpoll.c:994:gst_poll_fd_ctl_write: 0x55797413ad30: pfd->events now 60 (POLLOUT:4)
0:00:00.012981809  2763 0x557974116360 DEBUG   GST_POLL gstpoll.c:979:gst_poll_fd_ctl_write: 0x55797413ad30: fd (fd:0, idx:1), active : 1
0:00:00.012990054  2763 0x557974116360 LOG   GST_POLL gstpoll.c:994:gst_poll_fd_ctl_write: 0x55797413ad30: pfd->events now 60 (POLLOUT:4)
0:00:00.012996377  2763 0x557974116360 DEBUG   GST_POLL gstpoll.c:979:gst_poll_fd_ctl_write: 0x55797413ad30: fd (fd:0, idx:1), active : 1
0:00:00.013001742  2763 0x557974116360 LOG   GST_POLL gstpoll.c:994:gst_poll_fd_ctl_write: 0x55797413ad30: pfd->events now 60 (POLLOUT:4)
0:00:00.013012351  2763 0x557974116360 TRACE   GST_REFCOUNTING gstobject.c:264:gst_object_unref: 0x55797413fc40 unref 2->1
0:00:00.013022623  2763 0x557974116360 DEBUG   GST_POLL gstpoll.c:1241:gst_poll_fd_has_error: 0x55797413ad30: fd (fd:0, idx:1) 0
0:00:00.013029126  2763 0x557974116360 DEBUG   GST_POLL gstpoll.c:1335:gst_poll_fd_can_write: 0x55797413ad30: fd (fd:0, idx:1) 1
0:00:00.013034823  2763 0x557974116360 LOG   GST_PLUGIN_LOADING gstpluginloader.c:689:write_one: Writing packet of size 488 bytes to fd 0
0:00:00.013058123  2763 0x557974116360 DEBUG   GST_POLL gstpoll.c:1414:gst_poll_wait: 0x55797413ad30: timeout :0:00:01.000000000
0:00:00.013072399  2763 0x557974116360 LOG   GST_PLUGIN_LOADING gstpluginloader.c:1026:exchange_packets: Poll res = 2. 6872 bytes pending for write
0:00:00.013079182  2763 0x557974116360 DEBUG   GST_POLL gstpoll.c:1241:gst_poll_fd_has_error: 0x55797413ad30: fd (fd:5, idx:2) 0
0:00:00.013084919  2763 0x557974116360 DEBUG   GST_POLL gstpoll.c:1266:gst_poll_fd_can_read_unlocked: 0x55797413ad30: fd (fd:5, idx:2) 1
0:00:00.017746522  2762 0x5577b7716360 LOG   GST_PLUGIN_LOADING gstpluginloader.c:1026:exchange_packets: Poll res = 1. 0 bytes pending for write
0:00:00.013097739  2763 0x557974116360 DEBUG   GST_PLUGIN_LOADING gstpluginloader.c:721:do_plugin_load: Plugin scanner loading file /home/conan/w/prod/BuildSingleReference/.conan/data/gstreamer/1.19.1/_/_/package/62e0ab6106dfea3ec3ecb5db13d8d55a63451b50/lib/gstreamer-1.0/libgstcoretracers.so. tag 2
0:00:00.017773155  2762 0x5577b7716360 DEBUG   GST_POLL gstpoll.c:1241:gst_poll_fd_has_error: 0x5577b773b920: fd (fd:8, idx:2) 0
0:00:00.013116195  2763 0x557974116360 TRACE   GST_REFCOUNTING gstobject.c:237:gst_object_ref: 0x55797413c730 ref 1->2
0:00:00.017782040  2762 0x5577b7716360 DEBUG   GST_POLL gstpoll.c:1266:gst_poll_fd_can_read_unlocked: 0x5577b773b920: fd (fd:8, idx:2) 1
0:00:00.013126827  2763 0x557974116360 TRACE   GST_REFCOUNTING gstobject.c:237:gst_object_ref: 0x55797413e0f0 ref 1->2
0:00:00.013136743  2763 0x557974116360 TRACE   GST_REFCOUNTING gstobject.c:237:gst_object_ref: 0x55797413de70 ref 1->2
0:00:00.017795460  2762 0x5577b7716360 DEBUG   GST_PLUGIN_LOADING gstpluginloader.c:847:handle_rx_packet: Received plugin details from child w/ tag 0. 476 bytes info
0:00:00.013143483  2763 0x557974116360 TRACE   GST_REFCOUNTING gstobject.c:237:gst_object_ref: 0x55797413dba0 ref 1->2
0:00:00.017806118  2762 0x5577b7716360 LOG   GST_REGISTRY gstregistrychunks.c:836:_priv_gst_registry_chunks_load_plugin: Reading/casting for GstRegistryChunkPluginElement at address 0x5577b7736f00
0:00:00.013155214  2763 0x557974116360 TRACE   GST_REFCOUNTING gstobject.c:237:gst_object_ref: 0x55797413d8d0 ref 1->2
0:00:00.013162080  2763 0x557974116360 TRACE   GST_REFCOUNTING gstobject.c:237:gst_object_ref: 0x55797413d420 ref 1->2
0:00:00.013173319  2763 0x557974116360 TRACE   GST_REFCOUNTING gstobject.c:264:gst_object_unref: 0x55797413d420 unref 2->1
0:00:00.017831363  2762 0x5577b7716360 TRACE   GST_REFCOUNTING gstobject.c:208:gst_object_init: 0x5577b773c000 new
0:00:00.013180503  2763 0x557974116360 TRACE   GST_REFCOUNTING gstobject.c:264:gst_object_unref: 0x55797413d8d0 unref 2->1
0:00:00.013187310  2763 0x557974116360 TRACE   GST_REFCOUNTING gstobject.c:264:gst_object_unref: 0x55797413dba0 unref 2->1
0:00:00.013193393  2763 0x557974116360 TRACE   GST_REFCOUNTING gstobject.c:264:gst_object_unref: 0x55797413de70 unref 2->1
0:00:00.013202434  2763 0x557974116360 TRACE   GST_REFCOUNTING gstobject.c:264:gst_object_unref: 0x55797413e0f0 unref 2->1
0:00:00.017868524  2762 0x5577b7716360 LOG   GST_REGISTRY gstregistrychunks.c:858:_priv_gst_registry_chunks_load_plugin: read strings for name='coretracers'
0:00:00.013210839  2763 0x557974116360 DEBUG   GST_REGISTRY gstregistrychunks.c:497:_priv_gst_registry_chunks_save_plugin: Found 5 features in plugin 0x55797413c730 (coretracers)
0:00:00.017877747  2762 0x5577b7716360 LOG   GST_REGISTRY gstregistrychunks.c:859:_priv_gst_registry_chunks_load_plugin: desc.description='GStreamer core tracers'
0:00:00.013220837  2763 0x557974116360 DEBUG   GST_POLL gstpoll.c:979:gst_poll_fd_ctl_write: 0x55797413ad30: fd (fd:0, idx:1), active : 1
0:00:00.017885365  2762 0x5577b7716360 LOG   GST_REGISTRY gstregistrychunks.c:860:_priv_gst_registry_chunks_load_plugin: filename='/home/conan/w/prod/BuildSingleReference/.conan/data/gstreamer/1.19.1/_/_/package/62e0ab6106dfea3ec3ecb5db13d8d55a63451b50/lib/gstreamer-1.0/libgstcoretracers.so'
0:00:00.013228412  2763 0x557974116360 LOG   GST_POLL gstpoll.c:994:gst_poll_fd_ctl_write: 0x55797413ad30: pfd->events now 60 (POLLOUT:4)
0:00:00.017891784  2762 0x5577b7716360 LOG   GST_REGISTRY gstregistrychunks.c:861:_priv_gst_registry_chunks_load_plugin: desc.version='1.19.1'
0:00:00.013237383  2763 0x557974116360 DEBUG   GST_POLL gstpoll.c:979:gst_poll_fd_ctl_write: 0x55797413ad30: fd (fd:0, idx:1), active : 1
0:00:00.017897794  2762 0x5577b7716360 LOG   GST_REGISTRY gstregistrychunks.c:862:_priv_gst_registry_chunks_load_plugin: desc.license='LGPL'
0:00:00.013243958  2763 0x557974116360 LOG   GST_POLL gstpoll.c:994:gst_poll_fd_ctl_write: 0x55797413ad30: pfd->events now 60 (POLLOUT:4)
0:00:00.017905857  2762 0x5577b7716360 LOG   GST_REGISTRY gstregistrychunks.c:863:_priv_gst_registry_chunks_load_plugin: desc.source='gstreamer'
0:00:00.013250530  2763 0x557974116360 DEBUG   GST_POLL gstpoll.c:979:gst_poll_fd_ctl_write: 0x55797413ad30: fd (fd:0, idx:1), active : 1
0:00:00.017913001  2762 0x5577b7716360 LOG   GST_REGISTRY gstregistrychunks.c:864:_priv_gst_registry_chunks_load_plugin: desc.package='GStreamer source release'
0:00:00.013260884  2763 0x557974116360 LOG   GST_POLL gstpoll.c:994:gst_poll_fd_ctl_write: 0x55797413ad30: pfd->events now 60 (POLLOUT:4)
0:00:00.017921573  2762 0x5577b7716360 LOG   GST_REGISTRY gstregistrychunks.c:865:_priv_gst_registry_chunks_load_plugin: desc.origin='Unknown package origin'
0:00:00.013270011  2763 0x557974116360 DEBUG   GST_POLL gstpoll.c:979:gst_poll_fd_ctl_write: 0x55797413ad30: fd (fd:0, idx:1), active : 1
0:00:00.017929030  2762 0x5577b7716360 LOG   GST_REGISTRY gstregistrychunks.c:866:_priv_gst_registry_chunks_load_plugin: desc.datetime=2021-06-01
0:00:00.013276634  2763 0x557974116360 LOG   GST_POLL gstpoll.c:994:gst_poll_fd_ctl_write: 0x55797413ad30: pfd->events now 60 (POLLOUT:4)
0:00:00.013283097  2763 0x557974116360 DEBUG   GST_POLL gstpoll.c:979:gst_poll_fd_ctl_write: 0x55797413ad30: fd (fd:0, idx:1), active : 1
0:00:00.017943226  2762 0x5577b7716360 DEBUG   GST_REGISTRY gstregistry.c:473:gst_registry_add_plugin: adding plugin 0x5577b773c000 for filename "/home/conan/w/prod/BuildSingleReference/.conan/data/gstreamer/1.19.1/_/_/package/62e0ab6106dfea3ec3ecb5db13d8d55a63451b50/lib/gstreamer-1.0/libgstcoretracers.so"
0:00:00.013288569  2763 0x557974116360 LOG   GST_POLL gstpoll.c:994:gst_poll_fd_ctl_write: 0x55797413ad30: pfd->events now 60 (POLLOUT:4)
0:00:00.017954593  2762 0x5577b7716360 TRACE   GST_REFCOUNTING gstobject.c:292:gst_object_ref_sink: 0x5577b773c000 ref_sink 1->2
0:00:00.013297314  2763 0x557974116360 DEBUG   GST_POLL gstpoll.c:979:gst_poll_fd_ctl_write: 0x55797413ad30: fd (fd:0, idx:1), active : 1
0:00:00.017962451  2762 0x5577b7716360 LOG   GST_REGISTRY gstregistry.c:486:gst_registry_add_plugin: emitting plugin-added for filename "/home/conan/w/prod/BuildSingleReference/.conan/data/gstreamer/1.19.1/_/_/package/62e0ab6106dfea3ec3ecb5db13d8d55a63451b50/lib/gstreamer-1.0/libgstcoretracers.so"
0:00:00.013305215  2763 0x557974116360 LOG   GST_POLL gstpoll.c:994:gst_poll_fd_ctl_write: 0x55797413ad30: pfd->events now 60 (POLLOUT:4)
0:00:00.013312304  2763 0x557974116360 DEBUG   GST_POLL gstpoll.c:979:gst_poll_fd_ctl_write: 0x55797413ad30: fd (fd:0, idx:1), active : 1
0:00:00.017969924  2762 0x5577b7716360 DEBUG   GST_REGISTRY gstregistrychunks.c:886:_priv_gst_registry_chunks_load_plugin: Added plugin 'coretracers' plugin with 5 features from binary registry
0:00:00.013317760  2763 0x557974116360 LOG   GST_POLL gstpoll.c:994:gst_poll_fd_ctl_write: 0x55797413ad30: pfd->events now 60 (POLLOUT:4)
0:00:00.017980831  2762 0x5577b7716360 DEBUG   GST_REGISTRY gstregistrychunks.c:582:gst_registry_chunks_load_feature: Plugin 'coretracers' feature 'leaks' typename : 'GstTracerFactory'
0:00:00.013326690  2763 0x557974116360 DEBUG   GST_POLL gstpoll.c:979:gst_poll_fd_ctl_write: 0x55797413ad30: fd (fd:0, idx:1), active : 1
0:00:00.013333154  2763 0x557974116360 LOG   GST_POLL gstpoll.c:994:gst_poll_fd_ctl_write: 0x55797413ad30: pfd->events now 60 (POLLOUT:4)
0:00:00.013338884  2763 0x557974116360 DEBUG   GST_POLL gstpoll.c:979:gst_poll_fd_ctl_write: 0x55797413ad30: fd (fd:0, idx:1), active : 1
0:00:00.017997406  2762 0x5577b7716360 TRACE   GST_REFCOUNTING gstobject.c:208:gst_object_init: 0x5577b773c390 new
0:00:00.013350683  2763 0x557974116360 LOG   GST_POLL gstpoll.c:994:gst_poll_fd_ctl_write: 0x55797413ad30: pfd->events now 60 (POLLOUT:4)
0:00:00.018014805  2762 0x5577b7716360 DEBUG   GST_REGISTRY gstregistrychunks.c:716:gst_registry_chunks_load_feature: Reading/casting for GstRegistryChunkPluginFeature at address 0x5577b7737048
0:00:00.013359643  2763 0x557974116360 DEBUG   GST_POLL gstpoll.c:979:gst_poll_fd_ctl_write: 0x55797413ad30: fd (fd:0, idx:1), active : 1
0:00:00.013366439  2763 0x557974116360 LOG   GST_POLL gstpoll.c:994:gst_poll_fd_ctl_write: 0x55797413ad30: pfd->events now 60 (POLLOUT:4)
0:00:00.018025656  2762 0x5577b7716360 DEBUG   GST_REGISTRY gstregistry.c:589:gst_registry_add_feature: adding feature 0x5577b773c390 (leaks)
0:00:00.013372220  2763 0x557974116360 DEBUG   GST_POLL gstpoll.c:979:gst_poll_fd_ctl_write: 0x55797413ad30: fd (fd:0, idx:1), active : 1
0:00:00.018034867  2762 0x5577b7716360 DEBUG   GST_REFCOUNTING gstobject.c:708:gst_object_set_parent: set parent (ref and sink)
0:00:00.013378154  2763 0x557974116360 LOG   GST_POLL gstpoll.c:994:gst_poll_fd_ctl_write: 0x55797413ad30: pfd->events now 60 (POLLOUT:4)
0:00:00.018042636  2762 0x5577b7716360 TRACE   GST_REFCOUNTING gstobject.c:292:gst_object_ref_sink: 0x5577b773c390 ref_sink 1->2
0:00:00.013386905  2763 0x557974116360 DEBUG   GST_POLL gstpoll.c:979:gst_poll_fd_ctl_write: 0x55797413ad30: fd (fd:0, idx:1), active : 1
0:00:00.013393839  2763 0x557974116360 LOG   GST_POLL gstpoll.c:994:gst_poll_fd_ctl_write: 0x55797413ad30: pfd->events now 60 (POLLOUT:4)
0:00:00.018051746  2762 0x5577b7716360 LOG   GST_REGISTRY gstregistry.c:607:gst_registry_add_feature: emitting feature-added for leaks
0:00:00.013399864  2763 0x557974116360 DEBUG   GST_POLL gstpoll.c:979:gst_poll_fd_ctl_write: 0x55797413ad30: fd (fd:0, idx:1), active : 1
0:00:00.018061916  2762 0x5577b7716360 DEBUG   GST_REGISTRY gstregistrychunks.c:740:gst_registry_chunks_load_feature: Added feature leaks, plugin 0x5577b773c000 coretracers
0:00:00.013405925  2763 0x557974116360 LOG   GST_POLL gstpoll.c:994:gst_poll_fd_ctl_write: 0x55797413ad30: pfd->events now 60 (POLLOUT:4)
0:00:00.018068936  2762 0x5577b7716360 DEBUG   GST_REGISTRY gstregistrychunks.c:582:gst_registry_chunks_load_feature: Plugin 'coretracers' feature 'stats' typename : 'GstTracerFactory'
0:00:00.013414669  2763 0x557974116360 DEBUG   GST_POLL gstpoll.c:979:gst_poll_fd_ctl_write: 0x55797413ad30: fd (fd:0, idx:1), active : 1
0:00:00.018076920  2762 0x5577b7716360 TRACE   GST_REFCOUNTING gstobject.c:208:gst_object_init: 0x5577b773c5a0 new
0:00:00.013421143  2763 0x557974116360 LOG   GST_POLL gstpoll.c:994:gst_poll_fd_ctl_write: 0x55797413ad30: pfd->events now 60 (POLLOUT:4)
0:00:00.013428408  2763 0x557974116360 DEBUG   GST_POLL gstpoll.c:979:gst_poll_fd_ctl_write: 0x55797413ad30: fd (fd:0, idx:1), active : 1
0:00:00.018087504  2762 0x5577b7716360 DEBUG   GST_REGISTRY gstregistrychunks.c:716:gst_registry_chunks_load_feature: Reading/casting for GstRegistryChunkPluginFeature at address 0x5577b7737068
0:00:00.013433874  2763 0x557974116360 LOG   GST_POLL gstpoll.c:994:gst_poll_fd_ctl_write: 0x55797413ad30: pfd->events now 60 (POLLOUT:4)
0:00:00.018105826  2762 0x5577b7716360 DEBUG   GST_REGISTRY gstregistry.c:589:gst_registry_add_feature: adding feature 0x5577b773c5a0 (stats)
0:00:00.013449406  2763 0x557974116360 LOG   GST_PLUGIN_LOADING gstpluginloader.c:644:put_chunk: Expanding tx buf from 7717 to 10158 for chunk of size 17
0:00:00.018112464  2762 0x5577b7716360 DEBUG   GST_REFCOUNTING gstobject.c:708:gst_object_set_parent: set parent (ref and sink)
0:00:00.013456675  2763 0x557974116360 DEBUG   GST_POLL gstpoll.c:979:gst_poll_fd_ctl_write: 0x55797413ad30: fd (fd:0, idx:1), active : 1
0:00:00.018119751  2762 0x5577b7716360 TRACE   GST_REFCOUNTING gstobject.c:292:gst_object_ref_sink: 0x5577b773c5a0 ref_sink 1->2
0:00:00.013463099  2763 0x557974116360 LOG   GST_POLL gstpoll.c:994:gst_poll_fd_ctl_write: 0x55797413ad30: pfd->events now 60 (POLLOUT:4)
0:00:00.018128469  2762 0x5577b7716360 LOG   GST_REGISTRY gstregistry.c:607:gst_registry_add_feature: emitting feature-added for stats
0:00:00.013470812  2763 0x557974116360 DEBUG   GST_POLL gstpoll.c:979:gst_poll_fd_ctl_write: 0x55797413ad30: fd (fd:0, idx:1), active : 1
0:00:00.018136514  2762 0x5577b7716360 DEBUG   GST_REGISTRY gstregistrychunks.c:740:gst_registry_chunks_load_feature: Added feature stats, plugin 0x5577b773c000 coretracers
0:00:00.013480450  2763 0x557974116360 LOG   GST_POLL gstpoll.c:994:gst_poll_fd_ctl_write: 0x55797413ad30: pfd->events now 60 (POLLOUT:4)
0:00:00.018143373  2762 0x5577b7716360 DEBUG   GST_REGISTRY gstregistrychunks.c:582:gst_registry_chunks_load_feature: Plugin 'coretracers' feature 'rusage' typename : 'GstTracerFactory'
0:00:00.013487395  2763 0x557974116360 DEBUG   GST_POLL gstpoll.c:979:gst_poll_fd_ctl_write: 0x55797413ad30: fd (fd:0, idx:1), active : 1
0:00:00.018151120  2762 0x5577b7716360 TRACE   GST_REFCOUNTING gstobject.c:208:gst_object_init: 0x5577b773c6f0 new
0:00:00.013493489  2763 0x557974116360 LOG   GST_POLL gstpoll.c:994:gst_poll_fd_ctl_write: 0x55797413ad30: pfd->events now 60 (POLLOUT:4)
0:00:00.018161189  2762 0x5577b7716360 DEBUG   GST_REGISTRY gstregistrychunks.c:716:gst_registry_chunks_load_feature: Reading/casting for GstRegistryChunkPluginFeature at address 0x5577b7737088
0:00:00.013502421  2763 0x557974116360 DEBUG   GST_POLL gstpoll.c:979:gst_poll_fd_ctl_write: 0x55797413ad30: fd (fd:0, idx:1), active : 1
0:00:00.018169690  2762 0x5577b7716360 DEBUG   GST_REGISTRY gstregistry.c:589:gst_registry_add_feature: adding feature 0x5577b773c6f0 (rusage)
0:00:00.013513078  2763 0x557974116360 LOG   GST_POLL gstpoll.c:994:gst_poll_fd_ctl_write: 0x55797413ad30: pfd->events now 60 (POLLOUT:4)
0:00:00.018176278  2762 0x5577b7716360 DEBUG   GST_REFCOUNTING gstobject.c:708:gst_object_set_parent: set parent (ref and sink)
0:00:00.013520146  2763 0x557974116360 DEBUG   GST_POLL gstpoll.c:979:gst_poll_fd_ctl_write: 0x55797413ad30: fd (fd:0, idx:1), active : 1
0:00:00.018183459  2762 0x5577b7716360 TRACE   GST_REFCOUNTING gstobject.c:292:gst_object_ref_sink: 0x5577b773c6f0 ref_sink 1->2
0:00:00.013531059  2763 0x557974116360 LOG   GST_POLL gstpoll.c:994:gst_poll_fd_ctl_write: 0x55797413ad30: pfd->events now 60 (POLLOUT:4)
0:00:00.018193725  2762 0x5577b7716360 LOG   GST_REGISTRY gstregistry.c:607:gst_registry_add_feature: emitting feature-added for rusage
0:00:00.013537757  2763 0x557974116360 DEBUG   GST_POLL gstpoll.c:979:gst_poll_fd_ctl_write: 0x55797413ad30: fd (fd:0, idx:1), active : 1
0:00:00.018202011  2762 0x5577b7716360 DEBUG   GST_REGISTRY gstregistrychunks.c:740:gst_registry_chunks_load_feature: Added feature rusage, plugin 0x5577b773c000 coretracers
0:00:00.013546239  2763 0x557974116360 LOG   GST_POLL gstpoll.c:994:gst_poll_fd_ctl_write: 0x55797413ad30: pfd->events now 60 (POLLOUT:4)
0:00:00.018208800  2762 0x5577b7716360 DEBUG   GST_REGISTRY gstregistrychunks.c:582:gst_registry_chunks_load_feature: Plugin 'coretracers' feature 'log' typename : 'GstTracerFactory'
0:00:00.013553057  2763 0x557974116360 DEBUG   GST_POLL gstpoll.c:979:gst_poll_fd_ctl_write: 0x55797413ad30: fd (fd:0, idx:1), active : 1
0:00:00.018216335  2762 0x5577b7716360 TRACE   GST_REFCOUNTING gstobject.c:208:gst_object_init: 0x5577b773c850 new
0:00:00.013559146  2763 0x557974116360 LOG   GST_POLL gstpoll.c:994:gst_poll_fd_ctl_write: 0x55797413ad30: pfd->events now 60 (POLLOUT:4)
0:00:00.013567575  2763 0x557974116360 DEBUG   GST_POLL gstpoll.c:979:gst_poll_fd_ctl_write: 0x55797413ad30: fd (fd:0, idx:1), active : 1
0:00:00.018226341  2762 0x5577b7716360 DEBUG   GST_REGISTRY gstregistrychunks.c:716:gst_registry_chunks_load_feature: Reading/casting for GstRegistryChunkPluginFeature at address 0x5577b77370a8
0:00:00.013592259  2763 0x557974116360 LOG   GST_POLL gstpoll.c:994:gst_poll_fd_ctl_write: 0x55797413ad30: pfd->events now 60 (POLLOUT:4)
0:00:00.018262592  2762 0x5577b7716360 DEBUG   GST_REGISTRY gstregistry.c:589:gst_registry_add_feature: adding feature 0x5577b773c850 (log)
0:00:00.013605034  2763 0x557974116360 DEBUG   GST_POLL gstpoll.c:979:gst_poll_fd_ctl_write: 0x55797413ad30: fd (fd:0, idx:1), active : 1
0:00:00.018272109  2762 0x5577b7716360 DEBUG   GST_REFCOUNTING gstobject.c:708:gst_object_set_parent: set parent (ref and sink)
0:00:00.013616493  2763 0x557974116360 LOG   GST_POLL gstpoll.c:994:gst_poll_fd_ctl_write: 0x55797413ad30: pfd->events now 60 (POLLOUT:4)
0:00:00.018279468  2762 0x5577b7716360 TRACE   GST_REFCOUNTING gstobject.c:292:gst_object_ref_sink: 0x5577b773c850 ref_sink 1->2
0:00:00.013625207  2763 0x557974116360 DEBUG   GST_POLL gstpoll.c:979:gst_poll_fd_ctl_write: 0x55797413ad30: fd (fd:0, idx:1), active : 1
0:00:00.018288841  2762 0x5577b7716360 LOG   GST_REGISTRY gstregistry.c:607:gst_registry_add_feature: emitting feature-added for log
0:00:00.013632060  2763 0x557974116360 LOG   GST_POLL gstpoll.c:994:gst_poll_fd_ctl_write: 0x55797413ad30: pfd->events now 60 (POLLOUT:4)
0:00:00.018296888  2762 0x5577b7716360 DEBUG   GST_REGISTRY gstregistrychunks.c:740:gst_registry_chunks_load_feature: Added feature log, plugin 0x5577b773c000 coretracers
0:00:00.013639599  2763 0x557974116360 DEBUG   GST_POLL gstpoll.c:979:gst_poll_fd_ctl_write: 0x55797413ad30: fd (fd:0, idx:1), active : 1
0:00:00.018308894  2762 0x5577b7716360 DEBUG   GST_REGISTRY gstregistrychunks.c:582:gst_registry_chunks_load_feature: Plugin 'coretracers' feature 'latency' typename : 'GstTracerFactory'
0:00:00.013652015  2763 0x557974116360 LOG   GST_POLL gstpoll.c:994:gst_poll_fd_ctl_write: 0x55797413ad30: pfd->events now 60 (POLLOUT:4)
0:00:00.018316812  2762 0x5577b7716360 TRACE   GST_REFCOUNTING gstobject.c:208:gst_object_init: 0x5577b773c9b0 new
0:00:00.013660737  2763 0x557974116360 DEBUG   GST_POLL gstpoll.c:979:gst_poll_fd_ctl_write: 0x55797413ad30: fd (fd:0, idx:1), active : 1
0:00:00.018327661  2762 0x5577b7716360 DEBUG   GST_REGISTRY gstregistrychunks.c:716:gst_registry_chunks_load_feature: Reading/casting for GstRegistryChunkPluginFeature at address 0x5577b77370d0
0:00:00.013669244  2763 0x557974116360 LOG   GST_POLL gstpoll.c:994:gst_poll_fd_ctl_write: 0x55797413ad30: pfd->events now 60 (POLLOUT:4)
0:00:00.018335448  2762 0x5577b7716360 DEBUG   GST_REGISTRY gstregistry.c:589:gst_registry_add_feature: adding feature 0x5577b773c9b0 (latency)
0:00:00.013678785  2763 0x557974116360 TRACE   GST_REFCOUNTING gstobject.c:264:gst_object_unref: 0x55797413c730 unref 2->1
0:00:00.018341872  2762 0x5577b7716360 DEBUG   GST_REFCOUNTING gstobject.c:708:gst_object_set_parent: set parent (ref and sink)
0:00:00.013685978  2763 0x557974116360 DEBUG   GST_POLL gstpoll.c:1241:gst_poll_fd_has_error: 0x55797413ad30: fd (fd:0, idx:1) 0
0:00:00.018349033  2762 0x5577b7716360 TRACE   GST_REFCOUNTING gstobject.c:292:gst_object_ref_sink: 0x5577b773c9b0 ref_sink 1->2
0:00:00.013694687  2763 0x557974116360 DEBUG   GST_POLL gstpoll.c:1335:gst_poll_fd_can_write: 0x55797413ad30: fd (fd:0, idx:1) 1
0:00:00.018358702  2762 0x5577b7716360 LOG   GST_REGISTRY gstregistry.c:607:gst_registry_add_feature: emitting feature-added for latency
0:00:00.013701712  2763 0x557974116360 LOG   GST_PLUGIN_LOADING gstpluginloader.c:689:write_one: Writing packet of size 6872 bytes to fd 0
0:00:00.018366468  2762 0x5577b7716360 DEBUG   GST_REGISTRY gstregistrychunks.c:740:gst_registry_chunks_load_feature: Added feature latency, plugin 0x5577b773c000 coretracers
0:00:00.013714235  2763 0x557974116360 DEBUG   GST_POLL gstpoll.c:1414:gst_poll_wait: 0x55797413ad30: timeout :0:00:01.000000000
0:00:00.018374277  2762 0x5577b7716360 LOG   GST_PLUGIN_LOADING gstpluginloader.c:886:handle_rx_packet: marking plugin 0x5577b773c000 as registered as /home/conan/w/prod/BuildSingleReference/.conan/data/gstreamer/1.19.1/_/_/package/62e0ab6106dfea3ec3ecb5db13d8d55a63451b50/lib/gstreamer-1.0/libgstcoretracers.so
0:00:00.013724844  2763 0x557974116360 LOG   GST_PLUGIN_LOADING gstpluginloader.c:1026:exchange_packets: Poll res = 2. 488 bytes pending for write
0:00:00.018390285  2762 0x5577b7716360 DEBUG   GST_POLL gstpoll.c:1414:gst_poll_wait: 0x5577b773b920: timeout :0:00:01.000000000
0:00:00.013733367  2763 0x557974116360 DEBUG   GST_POLL gstpoll.c:1241:gst_poll_fd_has_error: 0x55797413ad30: fd (fd:5, idx:2) 0
0:00:00.018402671  2762 0x5577b7716360 LOG   GST_PLUGIN_LOADING gstpluginloader.c:1026:exchange_packets: Poll res = 1. 0 bytes pending for write
0:00:00.013747507  2763 0x557974116360 DEBUG   GST_POLL gstpoll.c:1266:gst_poll_fd_can_read_unlocked: 0x55797413ad30: fd (fd:5, idx:2) 1
0:00:00.018410706  2762 0x5577b7716360 DEBUG   GST_POLL gstpoll.c:1241:gst_poll_fd_has_error: 0x5577b773b920: fd (fd:8, idx:2) 0
0:00:00.013758222  2763 0x557974116360 DEBUG   GST_PLUGIN_LOADING gstpluginloader.c:721:do_plugin_load: Plugin scanner loading file /home/conan/w/prod/BuildSingleReference/.conan/data/gstreamer/1.19.1/_/_/package/62e0ab6106dfea3ec3ecb5db13d8d55a63451b50/lib/gstreamer-1.0/libgstcoreelements.so. tag 3
0:00:00.018417316  2762 0x5577b7716360 DEBUG   GST_POLL gstpoll.c:1266:gst_poll_fd_can_read_unlocked: 0x5577b773b920: fd (fd:8, idx:2) 1
0:00:00.013767865  2763 0x557974116360 TRACE   GST_REFCOUNTING gstobject.c:237:gst_object_ref: 0x55797413fc40 ref 1->2
0:00:00.018430540  2762 0x5577b7716360 LOG   GST_PLUGIN_LOADING gstpluginloader.c:984:read_one: Expanding rx buf from 512 to 7384
0:00:00.013775346  2763 0x557974116360 TRACE   GST_REFCOUNTING gstobject.c:237:gst_object_ref: 0x55797415d820 ref 1->2
0:00:00.013782385  2763 0x557974116360 TRACE   GST_REFCOUNTING gstobject.c:237:gst_object_ref: 0x55797415c620 ref 1->2
0:00:00.013791403  2763 0x557974116360 TRACE   GST_REFCOUNTING gstobject.c:237:gst_object_ref: 0x55797415ab40 ref 1->2
0:00:00.018455039  2762 0x5577b7716360 DEBUG   GST_PLUGIN_LOADING gstpluginloader.c:847:handle_rx_packet: Received plugin details from child w/ tag 1. 6860 bytes info
0:00:00.013799225  2763 0x557974116360 TRACE   GST_REFCOUNTING gstobject.c:237:gst_object_ref: 0x557974159b50 ref 1->2
0:00:00.018464521  2762 0x5577b7716360 LOG   GST_REGISTRY gstregistrychunks.c:836:_priv_gst_registry_chunks_load_plugin: Reading/casting for GstRegistryChunkPluginElement at address 0x5577b773ca80
0:00:00.013807560  2763 0x557974116360 TRACE   GST_REFCOUNTING gstobject.c:237:gst_object_ref: 0x557974158770 ref 1->2
0:00:00.018472973  2762 0x5577b7716360 TRACE   GST_REFCOUNTING gstobject.c:208:gst_object_init: 0x5577b7745cf0 new
0:00:00.013814961  2763 0x557974116360 TRACE   GST_REFCOUNTING gstobject.c:237:gst_object_ref: 0x5579741572f0 ref 1->2
0:00:00.013825839  2763 0x557974116360 TRACE   GST_REFCOUNTING gstobject.c:237:gst_object_ref: 0x557974155a50 ref 1->2
0:00:00.018486307  2762 0x5577b7716360 LOG   GST_REGISTRY gstregistrychunks.c:858:_priv_gst_registry_chunks_load_plugin: read strings for name='coreelements'
0:00:00.013833308  2763 0x557974116360 TRACE   GST_REFCOUNTING gstobject.c:237:gst_object_ref: 0x557974153770 ref 1->2
0:00:00.018495379  2762 0x5577b7716360 LOG   GST_REGISTRY gstregistrychunks.c:859:_priv_gst_registry_chunks_load_plugin: desc.description='GStreamer core elements'
0:00:00.013840206  2763 0x557974116360 TRACE   GST_REFCOUNTING gstobject.c:237:gst_object_ref: 0x5579741525b0 ref 1->2
0:00:00.018502793  2762 0x5577b7716360 LOG   GST_REGISTRY gstregistrychunks.c:860:_priv_gst_registry_chunks_load_plugin: filename='/home/conan/w/prod/BuildSingleReference/.conan/data/gstreamer/1.19.1/_/_/package/62e0ab6106dfea3ec3ecb5db13d8d55a63451b50/lib/gstreamer-1.0/libgstcoreelements.so'
0:00:00.013851352  2763 0x557974116360 TRACE   GST_REFCOUNTING gstobject.c:237:gst_object_ref: 0x5579741513a0 ref 1->2
0:00:00.018511645  2762 0x5577b7716360 LOG   GST_REGISTRY gstregistrychunks.c:861:_priv_gst_registry_chunks_load_plugin: desc.version='1.19.1'
0:00:00.018519073  2762 0x5577b7716360 LOG   GST_REGISTRY gstregistrychunks.c:862:_priv_gst_registry_chunks_load_plugin: desc.license='LGPL'
0:00:00.013860599  2763 0x557974116360 TRACE   GST_REFCOUNTING gstobject.c:237:gst_object_ref: 0x55797414fe30 ref 1->2
0:00:00.018526625  2762 0x5577b7716360 LOG   GST_REGISTRY gstregistrychunks.c:863:_priv_gst_registry_chunks_load_plugin: desc.source='gstreamer'
0:00:00.013869869  2763 0x557974116360 TRACE   GST_REFCOUNTING gstobject.c:237:gst_object_ref: 0x55797414f0c0 ref 1->2
0:00:00.018533551  2762 0x5577b7716360 LOG   GST_REGISTRY gstregistrychunks.c:864:_priv_gst_registry_chunks_load_plugin: desc.package='GStreamer source release'
0:00:00.013877433  2763 0x557974116360 TRACE   GST_REFCOUNTING gstobject.c:237:gst_object_ref: 0x55797414e2e0 ref 1->2
0:00:00.018539959  2762 0x5577b7716360 LOG   GST_REGISTRY gstregistrychunks.c:865:_priv_gst_registry_chunks_load_plugin: desc.origin='Unknown package origin'
0:00:00.013884160  2763 0x557974116360 TRACE   GST_REFCOUNTING gstobject.c:237:gst_object_ref: 0x55797414d480 ref 1->2
0:00:00.018545573  2762 0x5577b7716360 LOG   GST_REGISTRY gstregistrychunks.c:866:_priv_gst_registry_chunks_load_plugin: desc.datetime=2021-06-01
0:00:00.013898260  2763 0x557974116360 TRACE   GST_REFCOUNTING gstobject.c:237:gst_object_ref: 0x55797414afd0 ref 1->2
0:00:00.018560563  2762 0x5577b7716360 DEBUG   GST_REGISTRY gstregistry.c:473:gst_registry_add_plugin: adding plugin 0x5577b7745cf0 for filename "/home/conan/w/prod/BuildSingleReference/.conan/data/gstreamer/1.19.1/_/_/package/62e0ab6106dfea3ec3ecb5db13d8d55a63451b50/lib/gstreamer-1.0/libgstcoreelements.so"
0:00:00.013905901  2763 0x557974116360 TRACE   GST_REFCOUNTING gstobject.c:237:gst_object_ref: 0x557974148990 ref 1->2
0:00:00.018569026  2762 0x5577b7716360 TRACE   GST_REFCOUNTING gstobject.c:292:gst_object_ref_sink: 0x5577b7745cf0 ref_sink 1->2
0:00:00.013912914  2763 0x557974116360 TRACE   GST_REFCOUNTING gstobject.c:237:gst_object_ref: 0x557974146d30 ref 1->2
0:00:00.018576426  2762 0x5577b7716360 LOG   GST_REGISTRY gstregistry.c:486:gst_registry_add_plugin: emitting plugin-added for filename "/home/conan/w/prod/BuildSingleReference/.conan/data/gstreamer/1.19.1/_/_/package/62e0ab6106dfea3ec3ecb5db13d8d55a63451b50/lib/gstreamer-1.0/libgstcoreelements.so"
0:00:00.013919960  2763 0x557974116360 TRACE   GST_REFCOUNTING gstobject.c:237:gst_object_ref: 0x557974145c30 ref 1->2
0:00:00.013928824  2763 0x557974116360 TRACE   GST_REFCOUNTING gstobject.c:237:gst_object_ref: 0x557974143cd0 ref 1->2
0:00:00.018583175  2762 0x5577b7716360 DEBUG   GST_REGISTRY gstregistrychunks.c:886:_priv_gst_registry_chunks_load_plugin: Added plugin 'coreelements' plugin with 22 features from binary registry
0:00:00.013940659  2763 0x557974116360 TRACE   GST_REFCOUNTING gstobject.c:237:gst_object_ref: 0x557974142f60 ref 1->2
0:00:00.018603470  2762 0x5577b7716360 DEBUG   GST_REGISTRY gstregistrychunks.c:582:gst_registry_chunks_load_feature: Plugin 'coreelements' feature 'streamiddemux' typename : 'GstElementFactory'
0:00:00.013947762  2763 0x557974116360 TRACE   GST_REFCOUNTING gstobject.c:237:gst_object_ref: 0x557974142130 ref 1->2
0:00:00.013954920  2763 0x557974116360 TRACE   GST_REFCOUNTING gstobject.c:237:gst_object_ref: 0x5579741402a0 ref 1->2
0:00:00.018614329  2762 0x5577b7716360 TRACE   GST_REFCOUNTING gstobject.c:208:gst_object_init: 0x5577b7745320 new
0:00:00.013964499  2763 0x557974116360 DEBUG   GST_REGISTRY gstregistrychunks.c:264:gst_registry_chunks_save_feature: saved 0 interfaces 0 pad templates
0:00:00.018624997  2762 0x5577b7716360 LOG   GST_REGISTRY gstregistrychunks.c:609:gst_registry_chunks_load_feature: Reading/casting for GstRegistryChunkElementFactory at address 0x5577b773cbd8
