0:00:00.016301757  2727 0x5579ae6bd320 LOG   GST_POLL gstpoll.c:994:gst_poll_fd_ctl_write: 0x5579ae6e1cf0: pfd->events now 60 (POLLOUT:4)
0:00:00.020763222  2726 0x56364215b320 DEBUG   default gstvalue.c:2776:_priv_gst_value_parse_value: trying type name 'string'
0:00:00.016309201  2727 0x5579ae6bd320 DEBUG   GST_POLL gstpoll.c:980:gst_poll_fd_ctl_write: 0x5579ae6e1cf0: fd (fd:0, idx:1), active : 1
0:00:00.020770475  2726 0x56364215b320 DEBUG   structure gststructure.c:2258:gst_structure_parse_field: trying field name 'description'
0:00:00.016316133  2727 0x5579ae6bd320 LOG   GST_POLL gstpoll.c:994:gst_poll_fd_ctl_write: 0x5579ae6e1cf0: pfd->events now 60 (POLLOUT:4)
0:00:00.020777034  2726 0x56364215b320 DEBUG   default gstvalue.c:2776:_priv_gst_value_parse_value: trying type name 'string'
0:00:00.016323276  2727 0x5579ae6bd320 DEBUG   GST_POLL gstpoll.c:980:gst_poll_fd_ctl_write: 0x5579ae6e1cf0: fd (fd:0, idx:1), active : 1
0:00:00.020784777  2726 0x56364215b320 DEBUG   structure gststructure.c:2258:gst_structure_parse_field: trying field name 'author'
0:00:00.016329996  2727 0x5579ae6bd320 LOG   GST_POLL gstpoll.c:994:gst_poll_fd_ctl_write: 0x5579ae6e1cf0: pfd->events now 60 (POLLOUT:4)
0:00:00.020791697  2726 0x56364215b320 DEBUG   default gstvalue.c:2776:_priv_gst_value_parse_value: trying type name 'string'
0:00:00.016337324  2727 0x5579ae6bd320 DEBUG   GST_POLL gstpoll.c:980:gst_poll_fd_ctl_write: 0x5579ae6e1cf0: fd (fd:0, idx:1), active : 1
0:00:00.020799410  2726 0x56364215b320 DEBUG   GST_REGISTRY gstregistrychunks.c:626:gst_registry_chunks_load_feature: Element factory : npadtemplates=2
0:00:00.016344218  2727 0x5579ae6bd320 LOG   GST_POLL gstpoll.c:994:gst_poll_fd_ctl_write: 0x5579ae6e1cf0: pfd->events now 60 (POLLOUT:4)
0:00:00.020805967  2726 0x56364215b320 DEBUG   GST_REGISTRY gstregistrychunks.c:526:gst_registry_chunks_load_pad_template: Reading/casting for GstRegistryChunkPadTemplate at address 0x5636421825c0
0:00:00.020815622  2726 0x56364215b320 DEBUG   GST_REGISTRY gstregistrychunks.c:539:gst_registry_chunks_load_pad_template: Added pad_template src_%u
0:00:00.016356760  2727 0x5579ae6bd320 DEBUG   GST_POLL gstpoll.c:980:gst_poll_fd_ctl_write: 0x5579ae6e1cf0: fd (fd:0, idx:1), active : 1
0:00:00.020821442  2726 0x56364215b320 DEBUG   GST_REGISTRY gstregistrychunks.c:526:gst_registry_chunks_load_pad_template: Reading/casting for GstRegistryChunkPadTemplate at address 0x5636421825d8
0:00:00.016368410  2727 0x5579ae6bd320 LOG   GST_POLL gstpoll.c:994:gst_poll_fd_ctl_write: 0x5579ae6e1cf0: pfd->events now 60 (POLLOUT:4)
0:00:00.020827985  2726 0x56364215b320 DEBUG   GST_REGISTRY gstregistrychunks.c:539:gst_registry_chunks_load_pad_template: Added pad_template sink
0:00:00.016375751  2727 0x5579ae6bd320 DEBUG   GST_POLL gstpoll.c:980:gst_poll_fd_ctl_write: 0x5579ae6e1cf0: fd (fd:0, idx:1), active : 1
0:00:00.020836231  2726 0x56364215b320 DEBUG   GST_REGISTRY gstregistry.c:590:gst_registry_add_feature: adding feature 0x563642185ed0 (output-selector)
0:00:00.016382517  2727 0x5579ae6bd320 LOG   GST_POLL gstpoll.c:994:gst_poll_fd_ctl_write: 0x5579ae6e1cf0: pfd->events now 60 (POLLOUT:4)
0:00:00.016389561  2727 0x5579ae6bd320 DEBUG   GST_POLL gstpoll.c:980:gst_poll_fd_ctl_write: 0x5579ae6e1cf0: fd (fd:0, idx:1), active : 1
0:00:00.020850282  2726 0x56364215b320 DEBUG   GST_REFCOUNTING gstobject.c:709:gst_object_set_parent: set parent (ref and sink)
0:00:00.016395828  2727 0x5579ae6bd320 LOG   GST_POLL gstpoll.c:994:gst_poll_fd_ctl_write: 0x5579ae6e1cf0: pfd->events now 60 (POLLOUT:4)
0:00:00.020858763  2726 0x56364215b320 TRACE   GST_REFCOUNTING gstobject.c:294:gst_object_ref_sink: 0x563642185ed0 ref_sink 1->2
0:00:00.016403619  2727 0x5579ae6bd320 DEBUG   GST_POLL gstpoll.c:980:gst_poll_fd_ctl_write: 0x5579ae6e1cf0: fd (fd:0, idx:1), active : 1
0:00:00.020866324  2726 0x56364215b320 LOG   GST_REGISTRY gstregistry.c:608:gst_registry_add_feature: emitting feature-added for output-selector
0:00:00.016411204  2727 0x5579ae6bd320 LOG   GST_POLL gstpoll.c:994:gst_poll_fd_ctl_write: 0x5579ae6e1cf0: pfd->events now 60 (POLLOUT:4)
0:00:00.020874175  2726 0x56364215b320 DEBUG   GST_REGISTRY gstregistrychunks.c:741:gst_registry_chunks_load_feature: Added feature output-selector, plugin 0x56364218acf0 coreelements
0:00:00.016418868  2727 0x5579ae6bd320 DEBUG   GST_POLL gstpoll.c:980:gst_poll_fd_ctl_write: 0x5579ae6e1cf0: fd (fd:0, idx:1), active : 1
0:00:00.020881520  2726 0x56364215b320 DEBUG   GST_REGISTRY gstregistrychunks.c:583:gst_registry_chunks_load_feature: Plugin 'coreelements' feature 'input-selector' typename : 'GstElementFactory'
0:00:00.016426168  2727 0x5579ae6bd320 LOG   GST_POLL gstpoll.c:994:gst_poll_fd_ctl_write: 0x5579ae6e1cf0: pfd->events now 60 (POLLOUT:4)
0:00:00.020889912  2726 0x56364215b320 TRACE   GST_REFCOUNTING gstobject.c:208:gst_object_init: 0x563642186890 new
0:00:00.016434096  2727 0x5579ae6bd320 DEBUG   GST_POLL gstpoll.c:980:gst_poll_fd_ctl_write: 0x5579ae6e1cf0: fd (fd:0, idx:1), active : 1
0:00:00.020905721  2726 0x56364215b320 LOG   GST_REGISTRY gstregistrychunks.c:610:gst_registry_chunks_load_feature: Reading/casting for GstRegistryChunkElementFactory at address 0x563642182610
0:00:00.016449306  2727 0x5579ae6bd320 LOG   GST_POLL gstpoll.c:994:gst_poll_fd_ctl_write: 0x5579ae6e1cf0: pfd->events now 60 (POLLOUT:4)
0:00:00.020915204  2726 0x56364215b320 TRACE   structure gststructure.c:292:gst_structure_new_id_empty_with_size: created structure 0x563642186ac0
0:00:00.016458535  2727 0x5579ae6bd320 DEBUG   GST_POLL gstpoll.c:980:gst_poll_fd_ctl_write: 0x5579ae6e1cf0: fd (fd:0, idx:1), active : 1
0:00:00.020922184  2726 0x56364215b320 DEBUG   structure gststructure.c:2258:gst_structure_parse_field: trying field name 'long-name'
0:00:00.016467575  2727 0x5579ae6bd320 LOG   GST_POLL gstpoll.c:994:gst_poll_fd_ctl_write: 0x5579ae6e1cf0: pfd->events now 60 (POLLOUT:4)
0:00:00.020928564  2726 0x56364215b320 DEBUG   default gstvalue.c:2776:_priv_gst_value_parse_value: trying type name 'string'
0:00:00.016474486  2727 0x5579ae6bd320 DEBUG   GST_POLL gstpoll.c:980:gst_poll_fd_ctl_write: 0x5579ae6e1cf0: fd (fd:0, idx:1), active : 1
0:00:00.020936218  2726 0x56364215b320 DEBUG   structure gststructure.c:2258:gst_structure_parse_field: trying field name 'klass'
0:00:00.016481347  2727 0x5579ae6bd320 LOG   GST_POLL gstpoll.c:994:gst_poll_fd_ctl_write: 0x5579ae6e1cf0: pfd->events now 60 (POLLOUT:4)
0:00:00.020943041  2726 0x56364215b320 DEBUG   default gstvalue.c:2776:_priv_gst_value_parse_value: trying type name 'string'
0:00:00.016488688  2727 0x5579ae6bd320 DEBUG   GST_POLL gstpoll.c:980:gst_poll_fd_ctl_write: 0x5579ae6e1cf0: fd (fd:0, idx:1), active : 1
0:00:00.020950038  2726 0x56364215b320 DEBUG   structure gststructure.c:2258:gst_structure_parse_field: trying field name 'description'
0:00:00.016495416  2727 0x5579ae6bd320 LOG   GST_POLL gstpoll.c:994:gst_poll_fd_ctl_write: 0x5579ae6e1cf0: pfd->events now 60 (POLLOUT:4)
0:00:00.020956443  2726 0x56364215b320 DEBUG   default gstvalue.c:2776:_priv_gst_value_parse_value: trying type name 'string'
0:00:00.016502335  2727 0x5579ae6bd320 DEBUG   GST_POLL gstpoll.c:980:gst_poll_fd_ctl_write: 0x5579ae6e1cf0: fd (fd:0, idx:1), active : 1
0:00:00.020963911  2726 0x56364215b320 DEBUG   structure gststructure.c:2258:gst_structure_parse_field: trying field name 'author'
0:00:00.016509073  2727 0x5579ae6bd320 LOG   GST_POLL gstpoll.c:994:gst_poll_fd_ctl_write: 0x5579ae6e1cf0: pfd->events now 60 (POLLOUT:4)
0:00:00.020970488  2726 0x56364215b320 DEBUG   default gstvalue.c:2776:_priv_gst_value_parse_value: trying type name 'string'
0:00:00.016516375  2727 0x5579ae6bd320 DEBUG   GST_POLL gstpoll.c:980:gst_poll_fd_ctl_write: 0x5579ae6e1cf0: fd (fd:0, idx:1), active : 1
0:00:00.016523070  2727 0x5579ae6bd320 LOG   GST_POLL gstpoll.c:994:gst_poll_fd_ctl_write: 0x5579ae6e1cf0: pfd->events now 60 (POLLOUT:4)
0:00:00.020980035  2726 0x56364215b320 DEBUG   GST_REGISTRY gstregistrychunks.c:626:gst_registry_chunks_load_feature: Element factory : npadtemplates=2
0:00:00.016534133  2727 0x5579ae6bd320 LOG   GST_PLUGIN_LOADING gstpluginloader.c:645:put_chunk: Expanding tx buf from 10158 to 13209 for chunk of size 209
0:00:00.020992440  2726 0x56364215b320 DEBUG   GST_REGISTRY gstregistrychunks.c:526:gst_registry_chunks_load_pad_template: Reading/casting for GstRegistryChunkPadTemplate at address 0x563642182740
0:00:00.016542075  2727 0x5579ae6bd320 DEBUG   GST_POLL gstpoll.c:980:gst_poll_fd_ctl_write: 0x5579ae6e1cf0: fd (fd:0, idx:1), active : 1
0:00:00.021000684  2726 0x56364215b320 DEBUG   GST_REGISTRY gstregistrychunks.c:539:gst_registry_chunks_load_pad_template: Added pad_template src
0:00:00.016548947  2727 0x5579ae6bd320 LOG   GST_POLL gstpoll.c:994:gst_poll_fd_ctl_write: 0x5579ae6e1cf0: pfd->events now 60 (POLLOUT:4)
0:00:00.021007447  2726 0x56364215b320 DEBUG   GST_REGISTRY gstregistrychunks.c:526:gst_registry_chunks_load_pad_template: Reading/casting for GstRegistryChunkPadTemplate at address 0x563642182750
0:00:00.016556040  2727 0x5579ae6bd320 DEBUG   GST_POLL gstpoll.c:980:gst_poll_fd_ctl_write: 0x5579ae6e1cf0: fd (fd:0, idx:1), active : 1
0:00:00.021014544  2726 0x56364215b320 DEBUG   GST_REGISTRY gstregistrychunks.c:539:gst_registry_chunks_load_pad_template: Added pad_template sink_%u
0:00:00.016562885  2727 0x5579ae6bd320 LOG   GST_POLL gstpoll.c:994:gst_poll_fd_ctl_write: 0x5579ae6e1cf0: pfd->events now 60 (POLLOUT:4)
0:00:00.021026184  2726 0x56364215b320 DEBUG   GST_REGISTRY gstregistry.c:590:gst_registry_add_feature: adding feature 0x563642186890 (input-selector)
0:00:00.016569922  2727 0x5579ae6bd320 DEBUG   GST_POLL gstpoll.c:980:gst_poll_fd_ctl_write: 0x5579ae6e1cf0: fd (fd:0, idx:1), active : 1
0:00:00.021033195  2726 0x56364215b320 DEBUG   GST_REFCOUNTING gstobject.c:709:gst_object_set_parent: set parent (ref and sink)
0:00:00.016578441  2727 0x5579ae6bd320 LOG   GST_POLL gstpoll.c:994:gst_poll_fd_ctl_write: 0x5579ae6e1cf0: pfd->events now 60 (POLLOUT:4)
0:00:00.021041311  2726 0x56364215b320 TRACE   GST_REFCOUNTING gstobject.c:294:gst_object_ref_sink: 0x563642186890 ref_sink 1->2
0:00:00.016586333  2727 0x5579ae6bd320 DEBUG   GST_POLL gstpoll.c:980:gst_poll_fd_ctl_write: 0x5579ae6e1cf0: fd (fd:0, idx:1), active : 1
0:00:00.021048590  2726 0x56364215b320 LOG   GST_REGISTRY gstregistry.c:608:gst_registry_add_feature: emitting feature-added for input-selector
0:00:00.016593663  2727 0x5579ae6bd320 LOG   GST_POLL gstpoll.c:994:gst_poll_fd_ctl_write: 0x5579ae6e1cf0: pfd->events now 60 (POLLOUT:4)
0:00:00.021056218  2726 0x56364215b320 DEBUG   GST_REGISTRY gstregistrychunks.c:741:gst_registry_chunks_load_feature: Added feature input-selector, plugin 0x56364218acf0 coreelements
0:00:00.016601187  2727 0x5579ae6bd320 DEBUG   GST_POLL gstpoll.c:980:gst_poll_fd_ctl_write: 0x5579ae6e1cf0: fd (fd:0, idx:1), active : 1
0:00:00.021063415  2726 0x56364215b320 DEBUG   GST_REGISTRY gstregistrychunks.c:583:gst_registry_chunks_load_feature: Plugin 'coreelements' feature 'identity' typename : 'GstElementFactory'
0:00:00.016608208  2727 0x5579ae6bd320 LOG   GST_POLL gstpoll.c:994:gst_poll_fd_ctl_write: 0x5579ae6e1cf0: pfd->events now 60 (POLLOUT:4)
0:00:00.021075563  2726 0x56364215b320 TRACE   GST_REFCOUNTING gstobject.c:208:gst_object_init: 0x563642186f70 new
0:00:00.016619890  2727 0x5579ae6bd320 DEBUG   GST_POLL gstpoll.c:980:gst_poll_fd_ctl_write: 0x5579ae6e1cf0: fd (fd:0, idx:1), active : 1
0:00:00.021083944  2726 0x56364215b320 LOG   GST_REGISTRY gstregistrychunks.c:610:gst_registry_chunks_load_feature: Reading/casting for GstRegistryChunkElementFactory at address 0x563642182780
0:00:00.016627964  2727 0x5579ae6bd320 LOG   GST_POLL gstpoll.c:994:gst_poll_fd_ctl_write: 0x5579ae6e1cf0: pfd->events now 60 (POLLOUT:4)
0:00:00.021091179  2726 0x56364215b320 TRACE   structure gststructure.c:292:gst_structure_new_id_empty_with_size: created structure 0x5636421871a0
0:00:00.016636434  2727 0x5579ae6bd320 DEBUG   GST_POLL gstpoll.c:980:gst_poll_fd_ctl_write: 0x5579ae6e1cf0: fd (fd:0, idx:1), active : 1
0:00:00.021097644  2726 0x56364215b320 DEBUG   structure gststructure.c:2258:gst_structure_parse_field: trying field name 'long-name'
0:00:00.016643122  2727 0x5579ae6bd320 LOG   GST_POLL gstpoll.c:994:gst_poll_fd_ctl_write: 0x5579ae6e1cf0: pfd->events now 60 (POLLOUT:4)
0:00:00.021104246  2726 0x56364215b320 DEBUG   default gstvalue.c:2776:_priv_gst_value_parse_value: trying type name 'string'
0:00:00.016650064  2727 0x5579ae6bd320 DEBUG   GST_POLL gstpoll.c:980:gst_poll_fd_ctl_write: 0x5579ae6e1cf0: fd (fd:0, idx:1), active : 1
0:00:00.021111209  2726 0x56364215b320 DEBUG   structure gststructure.c:2258:gst_structure_parse_field: trying field name 'klass'
0:00:00.016656798  2727 0x5579ae6bd320 LOG   GST_POLL gstpoll.c:994:gst_poll_fd_ctl_write: 0x5579ae6e1cf0: pfd->events now 60 (POLLOUT:4)
0:00:00.021117427  2726 0x56364215b320 DEBUG   default gstvalue.c:2776:_priv_gst_value_parse_value: trying type name 'string'
0:00:00.016663565  2727 0x5579ae6bd320 DEBUG   GST_POLL gstpoll.c:980:gst_poll_fd_ctl_write: 0x5579ae6e1cf0: fd (fd:0, idx:1), active : 1
0:00:00.021124516  2726 0x56364215b320 DEBUG   structure gststructure.c:2258:gst_structure_parse_field: trying field name 'description'
0:00:00.016670296  2727 0x5579ae6bd320 LOG   GST_POLL gstpoll.c:994:gst_poll_fd_ctl_write: 0x5579ae6e1cf0: pfd->events now 60 (POLLOUT:4)
0:00:00.021130858  2726 0x56364215b320 DEBUG   default gstvalue.c:2776:_priv_gst_value_parse_value: trying type name 'string'
0:00:00.016677261  2727 0x5579ae6bd320 DEBUG   GST_POLL gstpoll.c:980:gst_poll_fd_ctl_write: 0x5579ae6e1cf0: fd (fd:0, idx:1), active : 1
0:00:00.021138292  2726 0x56364215b320 DEBUG   structure gststructure.c:2258:gst_structure_parse_field: trying field name 'author'
0:00:00.016683680  2727 0x5579ae6bd320 LOG   GST_POLL gstpoll.c:994:gst_poll_fd_ctl_write: 0x5579ae6e1cf0: pfd->events now 60 (POLLOUT:4)
0:00:00.021144807  2726 0x56364215b320 DEBUG   default gstvalue.c:2776:_priv_gst_value_parse_value: trying type name 'string'
0:00:00.016690970  2727 0x5579ae6bd320 DEBUG   GST_POLL gstpoll.c:980:gst_poll_fd_ctl_write: 0x5579ae6e1cf0: fd (fd:0, idx:1), active : 1
0:00:00.021152133  2726 0x56364215b320 DEBUG   GST_REGISTRY gstregistrychunks.c:626:gst_registry_chunks_load_feature: Element factory : npadtemplates=2
0:00:00.016701424  2727 0x5579ae6bd320 LOG   GST_POLL gstpoll.c:994:gst_poll_fd_ctl_write: 0x5579ae6e1cf0: pfd->events now 60 (POLLOUT:4)
0:00:00.021160356  2726 0x56364215b320 DEBUG   GST_REGISTRY gstregistrychunks.c:526:gst_registry_chunks_load_pad_template: Reading/casting for GstRegistryChunkPadTemplate at address 0x563642182850
0:00:00.016708672  2727 0x5579ae6bd320 DEBUG   GST_POLL gstpoll.c:980:gst_poll_fd_ctl_write: 0x5579ae6e1cf0: fd (fd:0, idx:1), active : 1
0:00:00.021167308  2726 0x56364215b320 DEBUG   GST_REGISTRY gstregistrychunks.c:539:gst_registry_chunks_load_pad_template: Added pad_template sink
0:00:00.016715225  2727 0x5579ae6bd320 LOG   GST_POLL gstpoll.c:994:gst_poll_fd_ctl_write: 0x5579ae6e1cf0: pfd->events now 60 (POLLOUT:4)
0:00:00.021174074  2726 0x56364215b320 DEBUG   GST_REGISTRY gstregistrychunks.c:526:gst_registry_chunks_load_pad_template: Reading/casting for GstRegistryChunkPadTemplate at address 0x563642182868
0:00:00.016722366  2727 0x5579ae6bd320 DEBUG   GST_POLL gstpoll.c:980:gst_poll_fd_ctl_write: 0x5579ae6e1cf0: fd (fd:0, idx:1), active : 1
0:00:00.021181049  2726 0x56364215b320 DEBUG   GST_REGISTRY gstregistrychunks.c:539:gst_registry_chunks_load_pad_template: Added pad_template src
0:00:00.016729053  2727 0x5579ae6bd320 LOG   GST_POLL gstpoll.c:994:gst_poll_fd_ctl_write: 0x5579ae6e1cf0: pfd->events now 60 (POLLOUT:4)
0:00:00.016736038  2727 0x5579ae6bd320 DEBUG   GST_POLL gstpoll.c:980:gst_poll_fd_ctl_write: 0x5579ae6e1cf0: fd (fd:0, idx:1), active : 1
0:00:00.021195545  2726 0x56364215b320 DEBUG   GST_REGISTRY gstregistry.c:590:gst_registry_add_feature: adding feature 0x563642186f70 (identity)
0:00:00.016742342  2727 0x5579ae6bd320 LOG   GST_POLL gstpoll.c:994:gst_poll_fd_ctl_write: 0x5579ae6e1cf0: pfd->events now 60 (POLLOUT:4)
0:00:00.021202465  2726 0x56364215b320 DEBUG   GST_REFCOUNTING gstobject.c:709:gst_object_set_parent: set parent (ref and sink)
0:00:00.016749234  2727 0x5579ae6bd320 DEBUG   GST_POLL gstpoll.c:980:gst_poll_fd_ctl_write: 0x5579ae6e1cf0: fd (fd:0, idx:1), active : 1
0:00:00.021210681  2726 0x56364215b320 TRACE   GST_REFCOUNTING gstobject.c:294:gst_object_ref_sink: 0x563642186f70 ref_sink 1->2
0:00:00.016755730  2727 0x5579ae6bd320 LOG   GST_POLL gstpoll.c:994:gst_poll_fd_ctl_write: 0x5579ae6e1cf0: pfd->events now 60 (POLLOUT:4)
0:00:00.021218100  2726 0x56364215b320 LOG   GST_REGISTRY gstregistry.c:608:gst_registry_add_feature: emitting feature-added for identity
0:00:00.016763845  2727 0x5579ae6bd320 DEBUG   GST_POLL gstpoll.c:980:gst_poll_fd_ctl_write: 0x5579ae6e1cf0: fd (fd:0, idx:1), active : 1
0:00:00.021225615  2726 0x56364215b320 DEBUG   GST_REGISTRY gstregistrychunks.c:741:gst_registry_chunks_load_feature: Added feature identity, plugin 0x56364218acf0 coreelements
0:00:00.016770349  2727 0x5579ae6bd320 LOG   GST_POLL gstpoll.c:994:gst_poll_fd_ctl_write: 0x5579ae6e1cf0: pfd->events now 60 (POLLOUT:4)
0:00:00.021233041  2726 0x56364215b320 DEBUG   GST_REGISTRY gstregistrychunks.c:583:gst_registry_chunks_load_feature: Plugin 'coreelements' feature 'funnel' typename : 'GstElementFactory'
0:00:00.016784264  2727 0x5579ae6bd320 DEBUG   GST_POLL gstpoll.c:980:gst_poll_fd_ctl_write: 0x5579ae6e1cf0: fd (fd:0, idx:1), active : 1
0:00:00.021244341  2726 0x56364215b320 TRACE   GST_REFCOUNTING gstobject.c:208:gst_object_init: 0x5636421875e0 new
0:00:00.016791436  2727 0x5579ae6bd320 LOG   GST_POLL gstpoll.c:994:gst_poll_fd_ctl_write: 0x5579ae6e1cf0: pfd->events now 60 (POLLOUT:4)
0:00:00.021252661  2726 0x56364215b320 LOG   GST_REGISTRY gstregistrychunks.c:610:gst_registry_chunks_load_feature: Reading/casting for GstRegistryChunkElementFactory at address 0x563642182898
0:00:00.016798500  2727 0x5579ae6bd320 DEBUG   GST_POLL gstpoll.c:980:gst_poll_fd_ctl_write: 0x5579ae6e1cf0: fd (fd:0, idx:1), active : 1
0:00:00.021259939  2726 0x56364215b320 TRACE   structure gststructure.c:292:gst_structure_new_id_empty_with_size: created structure 0x563642187810
0:00:00.016805182  2727 0x5579ae6bd320 LOG   GST_POLL gstpoll.c:994:gst_poll_fd_ctl_write: 0x5579ae6e1cf0: pfd->events now 60 (POLLOUT:4)
0:00:00.021266663  2726 0x56364215b320 DEBUG   structure gststructure.c:2258:gst_structure_parse_field: trying field name 'long-name'
0:00:00.016812567  2727 0x5579ae6bd320 DEBUG   GST_POLL gstpoll.c:980:gst_poll_fd_ctl_write: 0x5579ae6e1cf0: fd (fd:0, idx:1), active : 1
0:00:00.021272848  2726 0x56364215b320 DEBUG   default gstvalue.c:2776:_priv_gst_value_parse_value: trying type name 'string'
0:00:00.016819161  2727 0x5579ae6bd320 LOG   GST_POLL gstpoll.c:994:gst_poll_fd_ctl_write: 0x5579ae6e1cf0: pfd->events now 60 (POLLOUT:4)
0:00:00.021280205  2726 0x56364215b320 DEBUG   structure gststructure.c:2258:gst_structure_parse_field: trying field name 'klass'
0:00:00.016826127  2727 0x5579ae6bd320 DEBUG   GST_POLL gstpoll.c:980:gst_poll_fd_ctl_write: 0x5579ae6e1cf0: fd (fd:0, idx:1), active : 1
0:00:00.021286608  2726 0x56364215b320 DEBUG   default gstvalue.c:2776:_priv_gst_value_parse_value: trying type name 'string'
0:00:00.016832959  2727 0x5579ae6bd320 LOG   GST_POLL gstpoll.c:994:gst_poll_fd_ctl_write: 0x5579ae6e1cf0: pfd->events now 60 (POLLOUT:4)
0:00:00.021293826  2726 0x56364215b320 DEBUG   structure gststructure.c:2258:gst_structure_parse_field: trying field name 'description'
0:00:00.016839899  2727 0x5579ae6bd320 DEBUG   GST_POLL gstpoll.c:980:gst_poll_fd_ctl_write: 0x5579ae6e1cf0: fd (fd:0, idx:1), active : 1
0:00:00.021300241  2726 0x56364215b320 DEBUG   default gstvalue.c:2776:_priv_gst_value_parse_value: trying type name 'string'
0:00:00.016846486  2727 0x5579ae6bd320 LOG   GST_POLL gstpoll.c:994:gst_poll_fd_ctl_write: 0x5579ae6e1cf0: pfd->events now 60 (POLLOUT:4)
0:00:00.021307709  2726 0x56364215b320 DEBUG   structure gststructure.c:2258:gst_structure_parse_field: trying field name 'author'
0:00:00.016853860  2727 0x5579ae6bd320 DEBUG   GST_POLL gstpoll.c:980:gst_poll_fd_ctl_write: 0x5579ae6e1cf0: fd (fd:0, idx:1), active : 1
0:00:00.021314390  2726 0x56364215b320 DEBUG   default gstvalue.c:2776:_priv_gst_value_parse_value: trying type name 'string'
0:00:00.016860506  2727 0x5579ae6bd320 LOG   GST_POLL gstpoll.c:994:gst_poll_fd_ctl_write: 0x5579ae6e1cf0: pfd->events now 60 (POLLOUT:4)
0:00:00.021326582  2726 0x56364215b320 DEBUG   GST_REGISTRY gstregistrychunks.c:626:gst_registry_chunks_load_feature: Element factory : npadtemplates=2
0:00:00.016871032  2727 0x5579ae6bd320 DEBUG   GST_POLL gstpoll.c:980:gst_poll_fd_ctl_write: 0x5579ae6e1cf0: fd (fd:0, idx:1), active : 1
0:00:00.021333189  2726 0x56364215b320 DEBUG   GST_REGISTRY gstregistrychunks.c:526:gst_registry_chunks_load_pad_template: Reading/casting for GstRegistryChunkPadTemplate at address 0x563642182970
0:00:00.016878684  2727 0x5579ae6bd320 LOG   GST_POLL gstpoll.c:994:gst_poll_fd_ctl_write: 0x5579ae6e1cf0: pfd->events now 60 (POLLOUT:4)
0:00:00.021339793  2726 0x56364215b320 DEBUG   GST_REGISTRY gstregistrychunks.c:539:gst_registry_chunks_load_pad_template: Added pad_template src
0:00:00.016885692  2727 0x5579ae6bd320 DEBUG   GST_POLL gstpoll.c:980:gst_poll_fd_ctl_write: 0x5579ae6e1cf0: fd (fd:0, idx:1), active : 1
0:00:00.021346102  2726 0x56364215b320 DEBUG   GST_REGISTRY gstregistrychunks.c:526:gst_registry_chunks_load_pad_template: Reading/casting for GstRegistryChunkPadTemplate at address 0x563642182980
0:00:00.016892285  2727 0x5579ae6bd320 LOG   GST_POLL gstpoll.c:994:gst_poll_fd_ctl_write: 0x5579ae6e1cf0: pfd->events now 60 (POLLOUT:4)
0:00:00.021352544  2726 0x56364215b320 DEBUG   GST_REGISTRY gstregistrychunks.c:539:gst_registry_chunks_load_pad_template: Added pad_template sink_%u
0:00:00.016899153  2727 0x5579ae6bd320 DEBUG   GST_POLL gstpoll.c:980:gst_poll_fd_ctl_write: 0x5579ae6e1cf0: fd (fd:0, idx:1), active : 1
0:00:00.021360473  2726 0x56364215b320 DEBUG   GST_REGISTRY gstregistry.c:590:gst_registry_add_feature: adding feature 0x5636421875e0 (funnel)
0:00:00.016905679  2727 0x5579ae6bd320 LOG   GST_POLL gstpoll.c:994:gst_poll_fd_ctl_write: 0x5579ae6e1cf0: pfd->events now 60 (POLLOUT:4)
0:00:00.021367709  2726 0x56364215b320 DEBUG   GST_REFCOUNTING gstobject.c:709:gst_object_set_parent: set parent (ref and sink)
0:00:00.016913413  2727 0x5579ae6bd320 DEBUG   GST_POLL gstpoll.c:980:gst_poll_fd_ctl_write: 0x5579ae6e1cf0: fd (fd:0, idx:1), active : 1
0:00:00.021375857  2726 0x56364215b320 TRACE   GST_REFCOUNTING gstobject.c:294:gst_object_ref_sink: 0x5636421875e0 ref_sink 1->2
0:00:00.016920462  2727 0x5579ae6bd320 LOG   GST_POLL gstpoll.c:994:gst_poll_fd_ctl_write: 0x5579ae6e1cf0: pfd->events now 60 (POLLOUT:4)
0:00:00.021383184  2726 0x56364215b320 LOG   GST_REGISTRY gstregistry.c:608:gst_registry_add_feature: emitting feature-added for funnel
0:00:00.016928725  2727 0x5579ae6bd320 DEBUG   GST_POLL gstpoll.c:980:gst_poll_fd_ctl_write: 0x5579ae6e1cf0: fd (fd:0, idx:1), active : 1
0:00:00.021390622  2726 0x56364215b320 DEBUG   GST_REGISTRY gstregistrychunks.c:741:gst_registry_chunks_load_feature: Added feature funnel, plugin 0x56364218acf0 coreelements
0:00:00.016935240  2727 0x5579ae6bd320 LOG   GST_POLL gstpoll.c:994:gst_poll_fd_ctl_write: 0x5579ae6e1cf0: pfd->events now 60 (POLLOUT:4)
0:00:00.021397993  2726 0x56364215b320 DEBUG   GST_REGISTRY gstregistrychunks.c:583:gst_registry_chunks_load_feature: Plugin 'coreelements' feature 'filesrc' typename : 'GstElementFactory'
0:00:00.016947171  2727 0x5579ae6bd320 DEBUG   GST_POLL gstpoll.c:980:gst_poll_fd_ctl_write: 0x5579ae6e1cf0: fd (fd:0, idx:1), active : 1
0:00:00.021407421  2726 0x56364215b320 TRACE   GST_REFCOUNTING gstobject.c:208:gst_object_init: 0x563642187ce0 new
0:00:00.016953726  2727 0x5579ae6bd320 LOG   GST_POLL gstpoll.c:994:gst_poll_fd_ctl_write: 0x5579ae6e1cf0: pfd->events now 60 (POLLOUT:4)
0:00:00.021415848  2726 0x56364215b320 LOG   GST_REGISTRY gstregistrychunks.c:610:gst_registry_chunks_load_feature: Reading/casting for GstRegistryChunkElementFactory at address 0x5636421829b0
0:00:00.016960647  2727 0x5579ae6bd320 DEBUG   GST_POLL gstpoll.c:980:gst_poll_fd_ctl_write: 0x5579ae6e1cf0: fd (fd:0, idx:1), active : 1
0:00:00.021423012  2726 0x56364215b320 TRACE   structure gststructure.c:292:gst_structure_new_id_empty_with_size: created structure 0x563642187fe0
0:00:00.016968034  2727 0x5579ae6bd320 LOG   GST_POLL gstpoll.c:994:gst_poll_fd_ctl_write: 0x5579ae6e1cf0: pfd->events now 60 (POLLOUT:4)
0:00:00.021429664  2726 0x56364215b320 DEBUG   structure gststructure.c:2258:gst_structure_parse_field: trying field name 'long-name'
0:00:00.016975573  2727 0x5579ae6bd320 DEBUG   GST_POLL gstpoll.c:980:gst_poll_fd_ctl_write: 0x5579ae6e1cf0: fd (fd:0, idx:1), active : 1
0:00:00.021435927  2726 0x56364215b320 DEBUG   default gstvalue.c:2776:_priv_gst_value_parse_value: trying type name 'string'
0:00:00.016982274  2727 0x5579ae6bd320 LOG   GST_POLL gstpoll.c:994:gst_poll_fd_ctl_write: 0x5579ae6e1cf0: pfd->events now 60 (POLLOUT:4)
0:00:00.021443501  2726 0x56364215b320 DEBUG   structure gststructure.c:2258:gst_structure_parse_field: trying field name 'klass'
0:00:00.016989879  2727 0x5579ae6bd320 DEBUG   GST_POLL gstpoll.c:980:gst_poll_fd_ctl_write: 0x5579ae6e1cf0: fd (fd:0, idx:1), active : 1
0:00:00.021450097  2726 0x56364215b320 DEBUG   default gstvalue.c:2776:_priv_gst_value_parse_value: trying type name 'string'
0:00:00.017005665  2727 0x5579ae6bd320 LOG   GST_POLL gstpoll.c:994:gst_poll_fd_ctl_write: 0x5579ae6e1cf0: pfd->events now 60 (POLLOUT:4)
0:00:00.021465144  2726 0x56364215b320 DEBUG   structure gststructure.c:2258:gst_structure_parse_field: trying field name 'description'
0:00:00.017013591  2727 0x5579ae6bd320 DEBUG   GST_POLL gstpoll.c:980:gst_poll_fd_ctl_write: 0x5579ae6e1cf0: fd (fd:0, idx:1), active : 1
0:00:00.021471687  2726 0x56364215b320 DEBUG   default gstvalue.c:2776:_priv_gst_value_parse_value: trying type name 'string'
0:00:00.017020520  2727 0x5579ae6bd320 LOG   GST_POLL gstpoll.c:994:gst_poll_fd_ctl_write: 0x5579ae6e1cf0: pfd->events now 60 (POLLOUT:4)
0:00:00.021480766  2726 0x56364215b320 DEBUG   structure gststructure.c:2258:gst_structure_parse_field: trying field name 'author'
0:00:00.017027964  2727 0x5579ae6bd320 DEBUG   GST_POLL gstpoll.c:980:gst_poll_fd_ctl_write: 0x5579ae6e1cf0: fd (fd:0, idx:1), active : 1
0:00:00.021487208  2726 0x56364215b320 DEBUG   default gstvalue.c:2776:_priv_gst_value_parse_value: trying type name 'string'
0:00:00.017038537  2727 0x5579ae6bd320 LOG   GST_POLL gstpoll.c:994:gst_poll_fd_ctl_write: 0x5579ae6e1cf0: pfd->events now 60 (POLLOUT:4)
0:00:00.021498694  2726 0x56364215b320 DEBUG   GST_REGISTRY gstregistrychunks.c:626:gst_registry_chunks_load_feature: Element factory : npadtemplates=1
0:00:00.017046389  2727 0x5579ae6bd320 DEBUG   GST_POLL gstpoll.c:980:gst_poll_fd_ctl_write: 0x5579ae6e1cf0: fd (fd:0, idx:1), active : 1
0:00:00.021505416  2726 0x56364215b320 DEBUG   GST_REGISTRY gstregistrychunks.c:526:gst_registry_chunks_load_pad_template: Reading/casting for GstRegistryChunkPadTemplate at address 0x563642182a90
0:00:00.017053061  2727 0x5579ae6bd320 LOG   GST_POLL gstpoll.c:994:gst_poll_fd_ctl_write: 0x5579ae6e1cf0: pfd->events now 60 (POLLOUT:4)
0:00:00.021512087  2726 0x56364215b320 DEBUG   GST_REGISTRY gstregistrychunks.c:539:gst_registry_chunks_load_pad_template: Added pad_template src
0:00:00.017060239  2727 0x5579ae6bd320 DEBUG   GST_POLL gstpoll.c:980:gst_poll_fd_ctl_write: 0x5579ae6e1cf0: fd (fd:0, idx:1), active : 1
0:00:00.021519701  2726 0x56364215b320 DEBUG   GST_REGISTRY gstregistrychunks.c:639:gst_registry_chunks_load_feature: Reading 1 UriTypes at address 0x563642182aa0
0:00:00.017066853  2727 0x5579ae6bd320 LOG   GST_POLL gstpoll.c:994:gst_poll_fd_ctl_write: 0x5579ae6e1cf0: pfd->events now 60 (POLLOUT:4)
0:00:00.021527370  2726 0x56364215b320 DEBUG   GST_REGISTRY gstregistrychunks.c:654:gst_registry_chunks_load_feature: Reading 1 Interfaces at address 0x563642182aa9
0:00:00.017074101  2727 0x5579ae6bd320 DEBUG   GST_POLL gstpoll.c:980:gst_poll_fd_ctl_write: 0x5579ae6e1cf0: fd (fd:0, idx:1), active : 1
0:00:00.021536807  2726 0x56364215b320 DEBUG   GST_REGISTRY gstregistry.c:590:gst_registry_add_feature: adding feature 0x563642187ce0 (filesrc)
0:00:00.017080827  2727 0x5579ae6bd320 LOG   GST_POLL gstpoll.c:994:gst_poll_fd_ctl_write: 0x5579ae6e1cf0: pfd->events now 60 (POLLOUT:4)
0:00:00.021543716  2726 0x56364215b320 DEBUG   GST_REFCOUNTING gstobject.c:709:gst_object_set_parent: set parent (ref and sink)
0:00:00.017089504  2727 0x5579ae6bd320 DEBUG   GST_POLL gstpoll.c:980:gst_poll_fd_ctl_write: 0x5579ae6e1cf0: fd (fd:0, idx:1), active : 1
0:00:00.021551876  2726 0x56364215b320 TRACE   GST_REFCOUNTING gstobject.c:294:gst_object_ref_sink: 0x563642187ce0 ref_sink 1->2
0:00:00.017096521  2727 0x5579ae6bd320 LOG   GST_POLL gstpoll.c:994:gst_poll_fd_ctl_write: 0x5579ae6e1cf0: pfd->events now 60 (POLLOUT:4)
0:00:00.021559235  2726 0x56364215b320 LOG   GST_REGISTRY gstregistry.c:608:gst_registry_add_feature: emitting feature-added for filesrc
0:00:00.017104671  2727 0x5579ae6bd320 DEBUG   GST_POLL gstpoll.c:980:gst_poll_fd_ctl_write: 0x5579ae6e1cf0: fd (fd:0, idx:1), active : 1
0:00:00.021566625  2726 0x56364215b320 DEBUG   GST_REGISTRY gstregistrychunks.c:741:gst_registry_chunks_load_feature: Added feature filesrc, plugin 0x56364218acf0 coreelements
0:00:00.017127358  2727 0x5579ae6bd320 LOG   GST_POLL gstpoll.c:994:gst_poll_fd_ctl_write: 0x5579ae6e1cf0: pfd->events now 60 (POLLOUT:4)
0:00:00.021588962  2726 0x56364215b320 DEBUG   GST_REGISTRY gstregistrychunks.c:583:gst_registry_chunks_load_feature: Plugin 'coreelements' feature 'fdsink' typename : 'GstElementFactory'
0:00:00.017138238  2727 0x5579ae6bd320 DEBUG   GST_POLL gstpoll.c:980:gst_poll_fd_ctl_write: 0x5579ae6e1cf0: fd (fd:0, idx:1), active : 1
0:00:00.021598148  2726 0x56364215b320 TRACE   GST_REFCOUNTING gstobject.c:208:gst_object_init: 0x563642188490 new
0:00:00.017145125  2727 0x5579ae6bd320 LOG   GST_POLL gstpoll.c:994:gst_poll_fd_ctl_write: 0x5579ae6e1cf0: pfd->events now 60 (POLLOUT:4)
0:00:00.021606150  2726 0x56364215b320 LOG   GST_REGISTRY gstregistrychunks.c:610:gst_registry_chunks_load_feature: Reading/casting for GstRegistryChunkElementFactory at address 0x563642182ad0
0:00:00.017152040  2727 0x5579ae6bd320 DEBUG   GST_POLL gstpoll.c:980:gst_poll_fd_ctl_write: 0x5579ae6e1cf0: fd (fd:0, idx:1), active : 1
0:00:00.021612987  2726 0x56364215b320 TRACE   structure gststructure.c:292:gst_structure_new_id_empty_with_size: created structure 0x563642188810
0:00:00.017158551  2727 0x5579ae6bd320 LOG   GST_POLL gstpoll.c:994:gst_poll_fd_ctl_write: 0x5579ae6e1cf0: pfd->events now 60 (POLLOUT:4)
0:00:00.021622500  2726 0x56364215b320 DEBUG   structure gststructure.c:2258:gst_structure_parse_field: trying field name 'long-name'
0:00:00.017167330  2727 0x5579ae6bd320 DEBUG   GST_POLL gstpoll.c:980:gst_poll_fd_ctl_write: 0x5579ae6e1cf0: fd (fd:0, idx:1), active : 1
0:00:00.021643824  2726 0x56364215b320 DEBUG   default gstvalue.c:2776:_priv_gst_value_parse_value: trying type name 'string'
0:00:00.017191599  2727 0x5579ae6bd320 LOG   GST_POLL gstpoll.c:994:gst_poll_fd_ctl_write: 0x5579ae6e1cf0: pfd->events now 60 (POLLOUT:4)
0:00:00.021657496  2726 0x56364215b320 DEBUG   structure gststructure.c:2258:gst_structure_parse_field: trying field name 'klass'
0:00:00.017204696  2727 0x5579ae6bd320 DEBUG   GST_POLL gstpoll.c:980:gst_poll_fd_ctl_write: 0x5579ae6e1cf0: fd (fd:0, idx:1), active : 1
0:00:00.021666399  2726 0x56364215b320 DEBUG   default gstvalue.c:2776:_priv_gst_value_parse_value: trying type name 'string'
0:00:00.017213826  2727 0x5579ae6bd320 LOG   GST_POLL gstpoll.c:994:gst_poll_fd_ctl_write: 0x5579ae6e1cf0: pfd->events now 60 (POLLOUT:4)
0:00:00.021673464  2726 0x56364215b320 DEBUG   structure gststructure.c:2258:gst_structure_parse_field: trying field name 'description'
0:00:00.017221052  2727 0x5579ae6bd320 DEBUG   GST_POLL gstpoll.c:980:gst_poll_fd_ctl_write: 0x5579ae6e1cf0: fd (fd:0, idx:1), active : 1
0:00:00.021679785  2726 0x56364215b320 DEBUG   default gstvalue.c:2776:_priv_gst_value_parse_value: trying type name 'string'
0:00:00.017227532  2727 0x5579ae6bd320 LOG   GST_POLL gstpoll.c:994:gst_poll_fd_ctl_write: 0x5579ae6e1cf0: pfd->events now 60 (POLLOUT:4)
0:00:00.021687941  2726 0x56364215b320 DEBUG   structure gststructure.c:2258:gst_structure_parse_field: trying field name 'author'
0:00:00.017234522  2727 0x5579ae6bd320 DEBUG   GST_POLL gstpoll.c:980:gst_poll_fd_ctl_write: 0x5579ae6e1cf0: fd (fd:0, idx:1), active : 1
0:00:00.021694183  2726 0x56364215b320 DEBUG   default gstvalue.c:2776:_priv_gst_value_parse_value: trying type name 'string'
0:00:00.017248567  2727 0x5579ae6bd320 LOG   GST_POLL gstpoll.c:994:gst_poll_fd_ctl_write: 0x5579ae6e1cf0: pfd->events now 60 (POLLOUT:4)
0:00:00.021708376  2726 0x56364215b320 DEBUG   GST_REGISTRY gstregistrychunks.c:626:gst_registry_chunks_load_feature: Element factory : npadtemplates=1
0:00:00.017255655  2727 0x5579ae6bd320 DEBUG   GST_POLL gstpoll.c:980:gst_poll_fd_ctl_write: 0x5579ae6e1cf0: fd (fd:0, idx:1), active : 1
0:00:00.021714781  2726 0x56364215b320 DEBUG   GST_REGISTRY gstregistrychunks.c:526:gst_registry_chunks_load_pad_template: Reading/casting for GstRegistryChunkPadTemplate at address 0x563642182bb0
0:00:00.017262285  2727 0x5579ae6bd320 LOG   GST_POLL gstpoll.c:994:gst_poll_fd_ctl_write: 0x5579ae6e1cf0: pfd->events now 60 (POLLOUT:4)
0:00:00.021721361  2726 0x56364215b320 DEBUG   GST_REGISTRY gstregistrychunks.c:539:gst_registry_chunks_load_pad_template: Added pad_template sink
0:00:00.017269286  2727 0x5579ae6bd320 DEBUG   GST_POLL gstpoll.c:980:gst_poll_fd_ctl_write: 0x5579ae6e1cf0: fd (fd:0, idx:1), active : 1
0:00:00.021728202  2726 0x56364215b320 DEBUG   GST_REGISTRY gstregistrychunks.c:639:gst_registry_chunks_load_feature: Reading 1 UriTypes at address 0x563642182bc1
0:00:00.017276009  2727 0x5579ae6bd320 LOG   GST_POLL gstpoll.c:994:gst_poll_fd_ctl_write: 0x5579ae6e1cf0: pfd->events now 60 (POLLOUT:4)
0:00:00.021735736  2726 0x56364215b320 DEBUG   GST_REGISTRY gstregistrychunks.c:654:gst_registry_chunks_load_feature: Reading 1 Interfaces at address 0x563642182bcf
0:00:00.017282959  2727 0x5579ae6bd320 DEBUG   GST_POLL gstpoll.c:980:gst_poll_fd_ctl_write: 0x5579ae6e1cf0: fd (fd:0, idx:1), active : 1
0:00:00.021745163  2726 0x56364215b320 DEBUG   GST_REGISTRY gstregistry.c:590:gst_registry_add_feature: adding feature 0x563642188490 (fdsink)
0:00:00.017289478  2727 0x5579ae6bd320 LOG   GST_POLL gstpoll.c:994:gst_poll_fd_ctl_write: 0x5579ae6e1cf0: pfd->events now 60 (POLLOUT:4)
0:00:00.021751857  2726 0x56364215b320 DEBUG   GST_REFCOUNTING gstobject.c:709:gst_object_set_parent: set parent (ref and sink)
0:00:00.017297646  2727 0x5579ae6bd320 DEBUG   GST_POLL gstpoll.c:980:gst_poll_fd_ctl_write: 0x5579ae6e1cf0: fd (fd:0, idx:1), active : 1
0:00:00.021759960  2726 0x56364215b320 TRACE   GST_REFCOUNTING gstobject.c:294:gst_object_ref_sink: 0x563642188490 ref_sink 1->2
0:00:00.017304368  2727 0x5579ae6bd320 LOG   GST_POLL gstpoll.c:994:gst_poll_fd_ctl_write: 0x5579ae6e1cf0: pfd->events now 60 (POLLOUT:4)
0:00:00.021767125  2726 0x56364215b320 LOG   GST_REGISTRY gstregistry.c:608:gst_registry_add_feature: emitting feature-added for fdsink
0:00:00.017312488  2727 0x5579ae6bd320 DEBUG   GST_POLL gstpoll.c:980:gst_poll_fd_ctl_write: 0x5579ae6e1cf0: fd (fd:0, idx:1), active : 1
0:00:00.021774396  2726 0x56364215b320 DEBUG   GST_REGISTRY gstregistrychunks.c:741:gst_registry_chunks_load_feature: Added feature fdsink, plugin 0x56364218acf0 coreelements
0:00:00.017318998  2727 0x5579ae6bd320 LOG   GST_POLL gstpoll.c:994:gst_poll_fd_ctl_write: 0x5579ae6e1cf0: pfd->events now 60 (POLLOUT:4)
0:00:00.021781472  2726 0x56364215b320 DEBUG   GST_REGISTRY gstregistrychunks.c:583:gst_registry_chunks_load_feature: Plugin 'coreelements' feature 'fdsrc' typename : 'GstElementFactory'
0:00:00.017330541  2727 0x5579ae6bd320 DEBUG   GST_POLL gstpoll.c:980:gst_poll_fd_ctl_write: 0x5579ae6e1cf0: fd (fd:0, idx:1), active : 1
0:00:00.021791489  2726 0x56364215b320 TRACE   GST_REFCOUNTING gstobject.c:208:gst_object_init: 0x56364218c8f0 new
0:00:00.017337254  2727 0x5579ae6bd320 LOG   GST_POLL gstpoll.c:994:gst_poll_fd_ctl_write: 0x5579ae6e1cf0: pfd->events now 60 (POLLOUT:4)
0:00:00.021800801  2726 0x56364215b320 LOG   GST_REGISTRY gstregistrychunks.c:610:gst_registry_chunks_load_feature: Reading/casting for GstRegistryChunkElementFactory at address 0x563642182bf8
0:00:00.017344997  2727 0x5579ae6bd320 DEBUG   GST_POLL gstpoll.c:980:gst_poll_fd_ctl_write: 0x5579ae6e1cf0: fd (fd:0, idx:1), active : 1
0:00:00.021807985  2726 0x56364215b320 TRACE   structure gststructure.c:292:gst_structure_new_id_empty_with_size: created structure 0x56364218cb20
0:00:00.017352956  2727 0x5579ae6bd320 LOG   GST_POLL gstpoll.c:994:gst_poll_fd_ctl_write: 0x5579ae6e1cf0: pfd->events now 60 (POLLOUT:4)
0:00:00.021814593  2726 0x56364215b320 DEBUG   structure gststructure.c:2258:gst_structure_parse_field: trying field name 'long-name'
0:00:00.021820895  2726 0x56364215b320 DEBUG   default gstvalue.c:2776:_priv_gst_value_parse_value: trying type name 'string'
0:00:00.017365112  2727 0x5579ae6bd320 DEBUG   GST_POLL gstpoll.c:980:gst_poll_fd_ctl_write: 0x5579ae6e1cf0: fd (fd:0, idx:1), active : 1
0:00:00.021827646  2726 0x56364215b320 DEBUG   structure gststructure.c:2258:gst_structure_parse_field: trying field name 'klass'
0:00:00.017372618  2727 0x5579ae6bd320 LOG   GST_POLL gstpoll.c:994:gst_poll_fd_ctl_write: 0x5579ae6e1cf0: pfd->events now 60 (POLLOUT:4)
0:00:00.021833759  2726 0x56364215b320 DEBUG   default gstvalue.c:2776:_priv_gst_value_parse_value: trying type name 'string'
0:00:00.017379953  2727 0x5579ae6bd320 DEBUG   GST_POLL gstpoll.c:980:gst_poll_fd_ctl_write: 0x5579ae6e1cf0: fd (fd:0, idx:1), active : 1
0:00:00.017386619  2727 0x5579ae6bd320 LOG   GST_POLL gstpoll.c:994:gst_poll_fd_ctl_write: 0x5579ae6e1cf0: pfd->events now 60 (POLLOUT:4)
0:00:00.021840821  2726 0x56364215b320 DEBUG   structure gststructure.c:2258:gst_structure_parse_field: trying field name 'description'
0:00:00.017393184  2727 0x5579ae6bd320 DEBUG   GST_POLL gstpoll.c:980:gst_poll_fd_ctl_write: 0x5579ae6e1cf0: fd (fd:0, idx:1), active : 1
0:00:00.021852049  2726 0x56364215b320 DEBUG   default gstvalue.c:2776:_priv_gst_value_parse_value: trying type name 'string'
0:00:00.017399567  2727 0x5579ae6bd320 LOG   GST_POLL gstpoll.c:994:gst_poll_fd_ctl_write: 0x5579ae6e1cf0: pfd->events now 60 (POLLOUT:4)
0:00:00.021859506  2726 0x56364215b320 DEBUG   structure gststructure.c:2258:gst_structure_parse_field: trying field name 'author'
0:00:00.017406428  2727 0x5579ae6bd320 DEBUG   GST_POLL gstpoll.c:980:gst_poll_fd_ctl_write: 0x5579ae6e1cf0: fd (fd:0, idx:1), active : 1
0:00:00.021865802  2726 0x56364215b320 DEBUG   default gstvalue.c:2776:_priv_gst_value_parse_value: trying type name 'string'
0:00:00.017417188  2727 0x5579ae6bd320 LOG   GST_POLL gstpoll.c:994:gst_poll_fd_ctl_write: 0x5579ae6e1cf0: pfd->events now 60 (POLLOUT:4)
0:00:00.021877283  2726 0x56364215b320 DEBUG   GST_REGISTRY gstregistrychunks.c:626:gst_registry_chunks_load_feature: Element factory : npadtemplates=1
0:00:00.017424082  2727 0x5579ae6bd320 DEBUG   GST_POLL gstpoll.c:980:gst_poll_fd_ctl_write: 0x5579ae6e1cf0: fd (fd:0, idx:1), active : 1
0:00:00.021883516  2726 0x56364215b320 DEBUG   GST_REGISTRY gstregistrychunks.c:526:gst_registry_chunks_load_pad_template: Reading/casting for GstRegistryChunkPadTemplate at address 0x563642182cd8
0:00:00.017430591  2727 0x5579ae6bd320 LOG   GST_POLL gstpoll.c:994:gst_poll_fd_ctl_write: 0x5579ae6e1cf0: pfd->events now 60 (POLLOUT:4)
0:00:00.021890272  2726 0x56364215b320 DEBUG   GST_REGISTRY gstregistrychunks.c:539:gst_registry_chunks_load_pad_template: Added pad_template src
0:00:00.017437400  2727 0x5579ae6bd320 DEBUG   GST_POLL gstpoll.c:980:gst_poll_fd_ctl_write: 0x5579ae6e1cf0: fd (fd:0, idx:1), active : 1
0:00:00.021896771  2726 0x56364215b320 DEBUG   GST_REGISTRY gstregistrychunks.c:639:gst_registry_chunks_load_feature: Reading 1 UriTypes at address 0x563642182ce8
0:00:00.017443880  2727 0x5579ae6bd320 LOG   GST_POLL gstpoll.c:994:gst_poll_fd_ctl_write: 0x5579ae6e1cf0: pfd->events now 60 (POLLOUT:4)
0:00:00.021903984  2726 0x56364215b320 DEBUG   GST_REGISTRY gstregistrychunks.c:654:gst_registry_chunks_load_feature: Reading 1 Interfaces at address 0x563642182cef
0:00:00.017450637  2727 0x5579ae6bd320 DEBUG   GST_POLL gstpoll.c:980:gst_poll_fd_ctl_write: 0x5579ae6e1cf0: fd (fd:0, idx:1), active : 1
0:00:00.021912176  2726 0x56364215b320 DEBUG   GST_REGISTRY gstregistry.c:590:gst_registry_add_feature: adding feature 0x56364218c8f0 (fdsrc)
0:00:00.017457025  2727 0x5579ae6bd320 LOG   GST_POLL gstpoll.c:994:gst_poll_fd_ctl_write: 0x5579ae6e1cf0: pfd->events now 60 (POLLOUT:4)
0:00:00.021918809  2726 0x56364215b320 DEBUG   GST_REFCOUNTING gstobject.c:709:gst_object_set_parent: set parent (ref and sink)
0:00:00.017464550  2727 0x5579ae6bd320 DEBUG   GST_POLL gstpoll.c:980:gst_poll_fd_ctl_write: 0x5579ae6e1cf0: fd (fd:0, idx:1), active : 1
0:00:00.017471275  2727 0x5579ae6bd320 LOG   GST_POLL gstpoll.c:994:gst_poll_fd_ctl_write: 0x5579ae6e1cf0: pfd->events now 60 (POLLOUT:4)
0:00:00.021929873  2726 0x56364215b320 TRACE   GST_REFCOUNTING gstobject.c:294:gst_object_ref_sink: 0x56364218c8f0 ref_sink 1->2
0:00:00.017477939  2727 0x5579ae6bd320 DEBUG   GST_POLL gstpoll.c:980:gst_poll_fd_ctl_write: 0x5579ae6e1cf0: fd (fd:0, idx:1), active : 1
0:00:00.021937159  2726 0x56364215b320 LOG   GST_REGISTRY gstregistry.c:608:gst_registry_add_feature: emitting feature-added for fdsrc
0:00:00.017484435  2727 0x5579ae6bd320 LOG   GST_POLL gstpoll.c:994:gst_poll_fd_ctl_write: 0x5579ae6e1cf0: pfd->events now 60 (POLLOUT:4)
0:00:00.021944729  2726 0x56364215b320 DEBUG   GST_REGISTRY gstregistrychunks.c:741:gst_registry_chunks_load_feature: Added feature fdsrc, plugin 0x56364218acf0 coreelements
0:00:00.017491377  2727 0x5579ae6bd320 DEBUG   GST_POLL gstpoll.c:980:gst_poll_fd_ctl_write: 0x5579ae6e1cf0: fd (fd:0, idx:1), active : 1
0:00:00.021956891  2726 0x56364215b320 DEBUG   GST_REGISTRY gstregistrychunks.c:583:gst_registry_chunks_load_feature: Plugin 'coreelements' feature 'fakesink' typename : 'GstElementFactory'
0:00:00.017501770  2727 0x5579ae6bd320 LOG   GST_POLL gstpoll.c:994:gst_poll_fd_ctl_write: 0x5579ae6e1cf0: pfd->events now 60 (POLLOUT:4)
0:00:00.021965314  2726 0x56364215b320 TRACE   GST_REFCOUNTING gstobject.c:208:gst_object_init: 0x56364218cfa0 new
0:00:00.017509344  2727 0x5579ae6bd320 DEBUG   GST_POLL gstpoll.c:980:gst_poll_fd_ctl_write: 0x5579ae6e1cf0: fd (fd:0, idx:1), active : 1
0:00:00.021973479  2726 0x56364215b320 LOG   GST_REGISTRY gstregistrychunks.c:610:gst_registry_chunks_load_feature: Reading/casting for GstRegistryChunkElementFactory at address 0x563642182d18
0:00:00.017517672  2727 0x5579ae6bd320 LOG   GST_POLL gstpoll.c:994:gst_poll_fd_ctl_write: 0x5579ae6e1cf0: pfd->events now 60 (POLLOUT:4)
0:00:00.021980471  2726 0x56364215b320 TRACE   structure gststructure.c:292:gst_structure_new_id_empty_with_size: created structure 0x56364218d1d0
0:00:00.017525881  2727 0x5579ae6bd320 DEBUG   GST_POLL gstpoll.c:980:gst_poll_fd_ctl_write: 0x5579ae6e1cf0: fd (fd:0, idx:1), active : 1
0:00:00.021987249  2726 0x56364215b320 DEBUG   structure gststructure.c:2258:gst_structure_parse_field: trying field name 'long-name'
0:00:00.017532709  2727 0x5579ae6bd320 LOG   GST_POLL gstpoll.c:994:gst_poll_fd_ctl_write: 0x5579ae6e1cf0: pfd->events now 60 (POLLOUT:4)
0:00:00.021993224  2726 0x56364215b320 DEBUG   default gstvalue.c:2776:_priv_gst_value_parse_value: trying type name 'string'
0:00:00.017539687  2727 0x5579ae6bd320 DEBUG   GST_POLL gstpoll.c:980:gst_poll_fd_ctl_write: 0x5579ae6e1cf0: fd (fd:0, idx:1), active : 1
0:00:00.022000262  2726 0x56364215b320 DEBUG   structure gststructure.c:2258:gst_structure_parse_field: trying field name 'klass'
0:00:00.017546174  2727 0x5579ae6bd320 LOG   GST_POLL gstpoll.c:994:gst_poll_fd_ctl_write: 0x5579ae6e1cf0: pfd->events now 60 (POLLOUT:4)
0:00:00.022006584  2726 0x56364215b320 DEBUG   default gstvalue.c:2776:_priv_gst_value_parse_value: trying type name 'string'
0:00:00.017552966  2727 0x5579ae6bd320 DEBUG   GST_POLL gstpoll.c:980:gst_poll_fd_ctl_write: 0x5579ae6e1cf0: fd (fd:0, idx:1), active : 1
0:00:00.022013475  2726 0x56364215b320 DEBUG   structure gststructure.c:2258:gst_structure_parse_field: trying field name 'description'
0:00:00.017559621  2727 0x5579ae6bd320 LOG   GST_POLL gstpoll.c:994:gst_poll_fd_ctl_write: 0x5579ae6e1cf0: pfd->events now 60 (POLLOUT:4)
0:00:00.022019759  2726 0x56364215b320 DEBUG   default gstvalue.c:2776:_priv_gst_value_parse_value: trying type name 'string'
0:00:00.017566656  2727 0x5579ae6bd320 DEBUG   GST_POLL gstpoll.c:980:gst_poll_fd_ctl_write: 0x5579ae6e1cf0: fd (fd:0, idx:1), active : 1
0:00:00.022026952  2726 0x56364215b320 DEBUG   structure gststructure.c:2258:gst_structure_parse_field: trying field name 'author'
0:00:00.017573518  2727 0x5579ae6bd320 LOG   GST_POLL gstpoll.c:994:gst_poll_fd_ctl_write: 0x5579ae6e1cf0: pfd->events now 60 (POLLOUT:4)
0:00:00.022037550  2726 0x56364215b320 DEBUG   default gstvalue.c:2776:_priv_gst_value_parse_value: trying type name 'string'
0:00:00.017583221  2727 0x5579ae6bd320 DEBUG   GST_POLL gstpoll.c:980:gst_poll_fd_ctl_write: 0x5579ae6e1cf0: fd (fd:0, idx:1), active : 1
0:00:00.017590118  2727 0x5579ae6bd320 LOG   GST_POLL gstpoll.c:994:gst_poll_fd_ctl_write: 0x5579ae6e1cf0: pfd->events now 60 (POLLOUT:4)
0:00:00.022047132  2726 0x56364215b320 DEBUG   GST_REGISTRY gstregistrychunks.c:626:gst_registry_chunks_load_feature: Element factory : npadtemplates=1
0:00:00.017596692  2727 0x5579ae6bd320 DEBUG   GST_POLL gstpoll.c:980:gst_poll_fd_ctl_write: 0x5579ae6e1cf0: fd (fd:0, idx:1), active : 1
0:00:00.022055196  2726 0x56364215b320 DEBUG   GST_REGISTRY gstregistrychunks.c:526:gst_registry_chunks_load_pad_template: Reading/casting for GstRegistryChunkPadTemplate at address 0x563642182e40
0:00:00.017603769  2727 0x5579ae6bd320 LOG   GST_POLL gstpoll.c:994:gst_poll_fd_ctl_write: 0x5579ae6e1cf0: pfd->events now 60 (POLLOUT:4)
0:00:00.022062794  2726 0x56364215b320 DEBUG   GST_REGISTRY gstregistrychunks.c:539:gst_registry_chunks_load_pad_template: Added pad_template sink
0:00:00.017610737  2727 0x5579ae6bd320 DEBUG   GST_POLL gstpoll.c:980:gst_poll_fd_ctl_write: 0x5579ae6e1cf0: fd (fd:0, idx:1), active : 1
0:00:00.022070969  2726 0x56364215b320 DEBUG   GST_REGISTRY gstregistry.c:590:gst_registry_add_feature: adding feature 0x56364218cfa0 (fakesink)
0:00:00.017617230  2727 0x5579ae6bd320 LOG   GST_POLL gstpoll.c:994:gst_poll_fd_ctl_write: 0x5579ae6e1cf0: pfd->events now 60 (POLLOUT:4)
0:00:00.022077671  2726 0x56364215b320 DEBUG   GST_REFCOUNTING gstobject.c:709:gst_object_set_parent: set parent (ref and sink)
0:00:00.017624221  2727 0x5579ae6bd320 DEBUG   GST_POLL gstpoll.c:980:gst_poll_fd_ctl_write: 0x5579ae6e1cf0: fd (fd:0, idx:1), active : 1
0:00:00.022086159  2726 0x56364215b320 TRACE   GST_REFCOUNTING gstobject.c:294:gst_object_ref_sink: 0x56364218cfa0 ref_sink 1->2
0:00:00.017630803  2727 0x5579ae6bd320 LOG   GST_POLL gstpoll.c:994:gst_poll_fd_ctl_write: 0x5579ae6e1cf0: pfd->events now 60 (POLLOUT:4)
0:00:00.022093396  2726 0x56364215b320 LOG   GST_REGISTRY gstregistry.c:608:gst_registry_add_feature: emitting feature-added for fakesink
0:00:00.017638981  2727 0x5579ae6bd320 DEBUG   GST_POLL gstpoll.c:980:gst_poll_fd_ctl_write: 0x5579ae6e1cf0: fd (fd:0, idx:1), active : 1
0:00:00.022100736  2726 0x56364215b320 DEBUG   GST_REGISTRY gstregistrychunks.c:741:gst_registry_chunks_load_feature: Added feature fakesink, plugin 0x56364218acf0 coreelements
0:00:00.017645781  2727 0x5579ae6bd320 LOG   GST_POLL gstpoll.c:994:gst_poll_fd_ctl_write: 0x5579ae6e1cf0: pfd->events now 60 (POLLOUT:4)
0:00:00.022107843  2726 0x56364215b320 DEBUG   GST_REGISTRY gstregistrychunks.c:583:gst_registry_chunks_load_feature: Plugin 'coreelements' feature 'fakesrc' typename : 'GstElementFactory'
0:00:00.017653294  2727 0x5579ae6bd320 DEBUG   GST_POLL gstpoll.c:980:gst_poll_fd_ctl_write: 0x5579ae6e1cf0: fd (fd:0, idx:1), active : 1
0:00:00.022115739  2726 0x56364215b320 TRACE   GST_REFCOUNTING gstobject.c:208:gst_object_init: 0x56364218d530 new
0:00:00.017663930  2727 0x5579ae6bd320 LOG   GST_POLL gstpoll.c:994:gst_poll_fd_ctl_write: 0x5579ae6e1cf0: pfd->events now 60 (POLLOUT:4)
0:00:00.022124054  2726 0x56364215b320 LOG   GST_REGISTRY gstregistrychunks.c:610:gst_registry_chunks_load_feature: Reading/casting for GstRegistryChunkElementFactory at address 0x563642182e70
0:00:00.017671625  2727 0x5579ae6bd320 DEBUG   GST_POLL gstpoll.c:980:gst_poll_fd_ctl_write: 0x5579ae6e1cf0: fd (fd:0, idx:1), active : 1
0:00:00.022131301  2726 0x56364215b320 TRACE   structure gststructure.c:292:gst_structure_new_id_empty_with_size: created structure 0x56364218d620
0:00:00.017678095  2727 0x5579ae6bd320 LOG   GST_POLL gstpoll.c:994:gst_poll_fd_ctl_write: 0x5579ae6e1cf0: pfd->events now 60 (POLLOUT:4)
0:00:00.022137641  2726 0x56364215b320 DEBUG   structure gststructure.c:2258:gst_structure_parse_field: trying field name 'long-name'
0:00:00.017684993  2727 0x5579ae6bd320 DEBUG   GST_POLL gstpoll.c:980:gst_poll_fd_ctl_write: 0x5579ae6e1cf0: fd (fd:0, idx:1), active : 1
0:00:00.022143723  2726 0x56364215b320 DEBUG   default gstvalue.c:2776:_priv_gst_value_parse_value: trying type name 'string'
0:00:00.017691551  2727 0x5579ae6bd320 LOG   GST_POLL gstpoll.c:994:gst_poll_fd_ctl_write: 0x5579ae6e1cf0: pfd->events now 60 (POLLOUT:4)
