0:00:00.007096693  2726 0x56364215b320 LOG   GST_PLUGIN_LOADING gstpluginloader.c:689:write_one: Writing packet of size 174 bytes to fd 7
0:00:00.007123824  2726 0x56364215b320 DEBUG   GST_POLL gstpoll.c:980:gst_poll_fd_ctl_write: 0x563642180920: fd (fd:7, idx:1), active : 0
0:00:00.007130435  2726 0x56364215b320 LOG   GST_POLL gstpoll.c:994:gst_poll_fd_ctl_write: 0x563642180920: pfd->events now 56 (POLLOUT:4)
0:00:00.007149669  2726 0x56364215b320 DEBUG   GST_REGISTRY gstregistry.c:1384:gst_registry_scan_path_internal: registry changed in path /home/conan/w/prod/BuildSingleReference/.conan/data/gstreamer/1.19.1/_/_/package/7087a3df2991f0089c7fdba3f9b2a18fafecf068/lib/gstreamer-1.0: 0
0:00:00.007158175  2726 0x56364215b320 DEBUG   GST_REGISTRY gstregistry.c:1659:scan_and_update_registry: GST_PLUGIN_SYSTEM_PATH not set
0:00:00.007170405  2726 0x56364215b320 DEBUG   GST_REGISTRY gstregistry.c:1666:scan_and_update_registry: scanning home plugins /home/conan/.local/share/gstreamer-1.0/plugins
0:00:00.007177028  2726 0x56364215b320 DEBUG   GST_REGISTRY gstregistry.c:1380:gst_registry_scan_path_internal: scanning path /home/conan/.local/share/gstreamer-1.0/plugins
0:00:00.007199719  2726 0x56364215b320 DEBUG   GST_REGISTRY gstregistry.c:1384:gst_registry_scan_path_internal: registry changed in path /home/conan/.local/share/gstreamer-1.0/plugins: 0
0:00:00.007206818  2726 0x56364215b320 DEBUG   GST_REGISTRY gstregistry.c:1691:scan_and_update_registry: scanning main plugins /home/conan/w/prod/BuildSingleReference/.conan/data/gstreamer/1.19.1/_/_/package/7087a3df2991f0089c7fdba3f9b2a18fafecf068/lib/gstreamer-1.0
0:00:00.007213146  2726 0x56364215b320 DEBUG   GST_REGISTRY gstregistry.c:1380:gst_registry_scan_path_internal: scanning path /home/conan/w/prod/BuildSingleReference/.conan/data/gstreamer/1.19.1/_/_/package/7087a3df2991f0089c7fdba3f9b2a18fafecf068/lib/gstreamer-1.0
0:00:00.007251333  2726 0x56364215b320 LOG   GST_REGISTRY gstregistry.c:1300:gst_registry_scan_path_level: file /home/conan/w/prod/BuildSingleReference/.conan/data/gstreamer/1.19.1/_/_/package/7087a3df2991f0089c7fdba3f9b2a18fafecf068/lib/gstreamer-1.0/libgstcoretracers.so looks like a possible module
0:00:00.002795921  2727 0x5579ae6bd320 TRACE   GST_REFCOUNTING gstobject.c:208:gst_object_init: 0x5579ae6e3390 new
0:00:00.007259273  2726 0x56364215b320 DEBUG   GST_REGISTRY gstregistry.c:1361:gst_registry_scan_path_level: file /home/conan/w/prod/BuildSingleReference/.conan/data/gstreamer/1.19.1/_/_/package/7087a3df2991f0089c7fdba3f9b2a18fafecf068/lib/gstreamer-1.0/libgstcoretracers.so not yet in registry
0:00:00.007266377  2726 0x56364215b320 DEBUG   GST_REGISTRY gstregistry.c:1172:gst_registry_scan_plugin_file: Using scan-helper to load plugin /home/conan/w/prod/BuildSingleReference/.conan/data/gstreamer/1.19.1/_/_/package/7087a3df2991f0089c7fdba3f9b2a18fafecf068/lib/gstreamer-1.0/libgstcoretracers.so
0:00:00.007278183  2726 0x56364215b320 LOG   GST_PLUGIN_LOADING gstpluginloader.c:236:plugin_loader_load: Sending file /home/conan/w/prod/BuildSingleReference/.conan/data/gstreamer/1.19.1/_/_/package/7087a3df2991f0089c7fdba3f9b2a18fafecf068/lib/gstreamer-1.0/libgstcoretracers.so to child. tag 2
0:00:00.002826246  2727 0x5579ae6bd320 LOG   GST_PLUGIN_LOADING gstplugin.c:890:_priv_gst_plugin_load_file_for_registry: Plugin 0x5579ae6e3390 for file "/home/conan/w/prod/BuildSingleReference/.conan/data/gstreamer/1.19.1/_/_/package/7087a3df2991f0089c7fdba3f9b2a18fafecf068/lib/gstreamer-1.0/libgstcoretracers.so" prepared, calling entry function...
0:00:00.007286461  2726 0x56364215b320 DEBUG   GST_POLL gstpoll.c:980:gst_poll_fd_ctl_write: 0x563642180920: fd (fd:7, idx:1), active : 1
0:00:00.007294661  2726 0x56364215b320 LOG   GST_POLL gstpoll.c:994:gst_poll_fd_ctl_write: 0x563642180920: pfd->events now 60 (POLLOUT:4)
0:00:00.002838271  2727 0x5579ae6bd320 LOG   GST_PLUGIN_LOADING gstplugin.c:897:_priv_gst_plugin_load_file_for_registry: Plugin 0x5579ae6e3390 for file "/home/conan/w/prod/BuildSingleReference/.conan/data/gstreamer/1.19.1/_/_/package/7087a3df2991f0089c7fdba3f9b2a18fafecf068/lib/gstreamer-1.0/libgstcoretracers.so" prepared, registering...
0:00:00.007311481  2726 0x56364215b320 DEBUG   GST_POLL gstpoll.c:1414:gst_poll_wait: 0x563642180920: timeout :0:00:01.000000000
0:00:00.002855602  2727 0x5579ae6bd320 LOG   GST_PLUGIN_LOADING gstplugin.c:514:gst_plugin_register_func: plugin "/home/conan/w/prod/BuildSingleReference/.conan/data/gstreamer/1.19.1/_/_/package/7087a3df2991f0089c7fdba3f9b2a18fafecf068/lib/gstreamer-1.0/libgstcoretracers.so" looks good
0:00:00.007321072  2726 0x56364215b320 LOG   GST_PLUGIN_LOADING gstpluginloader.c:1027:exchange_packets: Poll res = 1. 173 bytes pending for write
0:00:00.007328839  2726 0x56364215b320 DEBUG   GST_POLL gstpoll.c:1241:gst_poll_fd_has_error: 0x563642180920: fd (fd:8, idx:2) 0
0:00:00.007335559  2726 0x56364215b320 DEBUG   GST_POLL gstpoll.c:1266:gst_poll_fd_can_read_unlocked: 0x563642180920: fd (fd:8, idx:2) 0
0:00:00.002882438  2727 0x5579ae6bd320 TRACE   GST_REFCOUNTING gstobject.c:208:gst_object_init: 0x5579ae6e43d0 new
0:00:00.007342202  2726 0x56364215b320 DEBUG   GST_POLL gstpoll.c:1195:gst_poll_fd_has_closed: 0x563642180920: fd (fd:8, idx:2) 0
0:00:00.007349724  2726 0x56364215b320 DEBUG   GST_POLL gstpoll.c:1241:gst_poll_fd_has_error: 0x563642180920: fd (fd:7, idx:1) 0
0:00:00.002893551  2727 0x5579ae6bd320 DEBUG   GST_TRACER gsttracer.c:169:gst_tracer_register: new tracer factory for latency
0:00:00.007356528  2726 0x56364215b320 DEBUG   GST_POLL gstpoll.c:1335:gst_poll_fd_can_write: 0x563642180920: fd (fd:7, idx:1) 1
0:00:00.002904603  2727 0x5579ae6bd320 DEBUG   GST_TRACER gsttracer.c:177:gst_tracer_register: tracer factory for 2926442848:GstLatencyTracer
0:00:00.007363379  2726 0x56364215b320 LOG   GST_PLUGIN_LOADING gstpluginloader.c:689:write_one: Writing packet of size 173 bytes to fd 7
0:00:00.002915766  2727 0x5579ae6bd320 DEBUG   GST_REGISTRY gstregistry.c:590:gst_registry_add_feature: adding feature 0x5579ae6e43d0 (latency)
0:00:00.007373334  2726 0x56364215b320 DEBUG   GST_POLL gstpoll.c:980:gst_poll_fd_ctl_write: 0x563642180920: fd (fd:7, idx:1), active : 0
0:00:00.002930131  2727 0x5579ae6bd320 DEBUG   GST_REFCOUNTING gstobject.c:709:gst_object_set_parent: set parent (ref and sink)
0:00:00.007389318  2726 0x56364215b320 LOG   GST_POLL gstpoll.c:994:gst_poll_fd_ctl_write: 0x563642180920: pfd->events now 56 (POLLOUT:4)
0:00:00.002939276  2727 0x5579ae6bd320 TRACE   GST_REFCOUNTING gstobject.c:294:gst_object_ref_sink: 0x5579ae6e43d0 ref_sink 1->2
0:00:00.002947321  2727 0x5579ae6bd320 LOG   GST_REGISTRY gstregistry.c:608:gst_registry_add_feature: emitting feature-added for latency
0:00:00.007405062  2726 0x56364215b320 LOG   GST_REGISTRY gstregistry.c:1300:gst_registry_scan_path_level: file /home/conan/w/prod/BuildSingleReference/.conan/data/gstreamer/1.19.1/_/_/package/7087a3df2991f0089c7fdba3f9b2a18fafecf068/lib/gstreamer-1.0/libgstcoreelements.so looks like a possible module
0:00:00.007413704  2726 0x56364215b320 DEBUG   GST_REGISTRY gstregistry.c:1361:gst_registry_scan_path_level: file /home/conan/w/prod/BuildSingleReference/.conan/data/gstreamer/1.19.1/_/_/package/7087a3df2991f0089c7fdba3f9b2a18fafecf068/lib/gstreamer-1.0/libgstcoreelements.so not yet in registry
0:00:00.007419943  2726 0x56364215b320 DEBUG   GST_REGISTRY gstregistry.c:1172:gst_registry_scan_plugin_file: Using scan-helper to load plugin /home/conan/w/prod/BuildSingleReference/.conan/data/gstreamer/1.19.1/_/_/package/7087a3df2991f0089c7fdba3f9b2a18fafecf068/lib/gstreamer-1.0/libgstcoreelements.so
0:00:00.002964086  2727 0x5579ae6bd320 TRACE   GST_REFCOUNTING gstobject.c:208:gst_object_init: 0x5579ae6e48e0 new
0:00:00.007426823  2726 0x56364215b320 LOG   GST_PLUGIN_LOADING gstpluginloader.c:236:plugin_loader_load: Sending file /home/conan/w/prod/BuildSingleReference/.conan/data/gstreamer/1.19.1/_/_/package/7087a3df2991f0089c7fdba3f9b2a18fafecf068/lib/gstreamer-1.0/libgstcoreelements.so to child. tag 3
0:00:00.002974346  2727 0x5579ae6bd320 DEBUG   GST_TRACER gsttracer.c:169:gst_tracer_register: new tracer factory for log
0:00:00.007434956  2726 0x56364215b320 DEBUG   GST_POLL gstpoll.c:980:gst_poll_fd_ctl_write: 0x563642180920: fd (fd:7, idx:1), active : 1
0:00:00.002983427  2727 0x5579ae6bd320 DEBUG   GST_TRACER gsttracer.c:177:gst_tracer_register: tracer factory for 2926462832:GstLogTracer
0:00:00.007441996  2726 0x56364215b320 LOG   GST_POLL gstpoll.c:994:gst_poll_fd_ctl_write: 0x563642180920: pfd->events now 60 (POLLOUT:4)
0:00:00.002992418  2727 0x5579ae6bd320 DEBUG   GST_REGISTRY gstregistry.c:590:gst_registry_add_feature: adding feature 0x5579ae6e48e0 (log)
0:00:00.007451333  2726 0x56364215b320 DEBUG   GST_POLL gstpoll.c:1414:gst_poll_wait: 0x563642180920: timeout :0:00:01.000000000
0:00:00.002999366  2727 0x5579ae6bd320 DEBUG   GST_REFCOUNTING gstobject.c:709:gst_object_set_parent: set parent (ref and sink)
0:00:00.007460719  2726 0x56364215b320 LOG   GST_PLUGIN_LOADING gstpluginloader.c:1027:exchange_packets: Poll res = 1. 174 bytes pending for write
0:00:00.003007563  2727 0x5579ae6bd320 TRACE   GST_REFCOUNTING gstobject.c:294:gst_object_ref_sink: 0x5579ae6e48e0 ref_sink 1->2
0:00:00.007472464  2726 0x56364215b320 DEBUG   GST_POLL gstpoll.c:1241:gst_poll_fd_has_error: 0x563642180920: fd (fd:8, idx:2) 0
0:00:00.003017917  2727 0x5579ae6bd320 LOG   GST_REGISTRY gstregistry.c:608:gst_registry_add_feature: emitting feature-added for log
0:00:00.007480006  2726 0x56364215b320 DEBUG   GST_POLL gstpoll.c:1266:gst_poll_fd_can_read_unlocked: 0x563642180920: fd (fd:8, idx:2) 0
0:00:00.007487524  2726 0x56364215b320 DEBUG   GST_POLL gstpoll.c:1195:gst_poll_fd_has_closed: 0x563642180920: fd (fd:8, idx:2) 0
0:00:00.003031596  2727 0x5579ae6bd320 TRACE   GST_REFCOUNTING gstobject.c:208:gst_object_init: 0x5579ae6e4bb0 new
0:00:00.007494043  2726 0x56364215b320 DEBUG   GST_POLL gstpoll.c:1241:gst_poll_fd_has_error: 0x563642180920: fd (fd:7, idx:1) 0
0:00:00.003041362  2727 0x5579ae6bd320 DEBUG   GST_TRACER gsttracer.c:169:gst_tracer_register: new tracer factory for rusage
0:00:00.007500843  2726 0x56364215b320 DEBUG   GST_POLL gstpoll.c:1335:gst_poll_fd_can_write: 0x563642180920: fd (fd:7, idx:1) 1
0:00:00.003050469  2727 0x5579ae6bd320 DEBUG   GST_TRACER gsttracer.c:177:gst_tracer_register: tracer factory for 2926463392:GstRUsageTracer
0:00:00.007508072  2726 0x56364215b320 LOG   GST_PLUGIN_LOADING gstpluginloader.c:689:write_one: Writing packet of size 174 bytes to fd 7
0:00:00.003058947  2727 0x5579ae6bd320 DEBUG   GST_REGISTRY gstregistry.c:590:gst_registry_add_feature: adding feature 0x5579ae6e4bb0 (rusage)
0:00:00.007519098  2726 0x56364215b320 DEBUG   GST_POLL gstpoll.c:980:gst_poll_fd_ctl_write: 0x563642180920: fd (fd:7, idx:1), active : 0
0:00:00.003065711  2727 0x5579ae6bd320 DEBUG   GST_REFCOUNTING gstobject.c:709:gst_object_set_parent: set parent (ref and sink)
0:00:00.007526240  2726 0x56364215b320 LOG   GST_POLL gstpoll.c:994:gst_poll_fd_ctl_write: 0x563642180920: pfd->events now 56 (POLLOUT:4)
0:00:00.003074047  2727 0x5579ae6bd320 TRACE   GST_REFCOUNTING gstobject.c:294:gst_object_ref_sink: 0x5579ae6e4bb0 ref_sink 1->2
0:00:00.007537532  2726 0x56364215b320 DEBUG   GST_REGISTRY gstregistry.c:1384:gst_registry_scan_path_internal: registry changed in path /home/conan/w/prod/BuildSingleReference/.conan/data/gstreamer/1.19.1/_/_/package/7087a3df2991f0089c7fdba3f9b2a18fafecf068/lib/gstreamer-1.0: 0
0:00:00.003081982  2727 0x5579ae6bd320 LOG   GST_REGISTRY gstregistry.c:608:gst_registry_add_feature: emitting feature-added for rusage
0:00:00.007548485  2726 0x56364215b320 DEBUG   GST_POLL gstpoll.c:980:gst_poll_fd_ctl_write: 0x563642180920: fd (fd:7, idx:1), active : 1
0:00:00.007555310  2726 0x56364215b320 LOG   GST_POLL gstpoll.c:994:gst_poll_fd_ctl_write: 0x563642180920: pfd->events now 60 (POLLOUT:4)
0:00:00.003099619  2727 0x5579ae6bd320 TRACE   GST_REFCOUNTING gstobject.c:208:gst_object_init: 0x5579ae6e4ed0 new
0:00:00.007562683  2726 0x56364215b320 DEBUG   GST_POLL gstpoll.c:1414:gst_poll_wait: 0x563642180920: timeout :0:00:01.000000000
0:00:00.003109838  2727 0x5579ae6bd320 DEBUG   GST_TRACER gsttracer.c:169:gst_tracer_register: new tracer factory for stats
0:00:00.007575405  2726 0x56364215b320 LOG   GST_PLUGIN_LOADING gstpluginloader.c:1027:exchange_packets: Poll res = 1. 12 bytes pending for write
0:00:00.003120462  2727 0x5579ae6bd320 DEBUG   GST_TRACER gsttracer.c:177:gst_tracer_register: tracer factory for 2926464192:GstStatsTracer
0:00:00.007583119  2726 0x56364215b320 DEBUG   GST_POLL gstpoll.c:1241:gst_poll_fd_has_error: 0x563642180920: fd (fd:8, idx:2) 0
0:00:00.003129392  2727 0x5579ae6bd320 DEBUG   GST_REGISTRY gstregistry.c:590:gst_registry_add_feature: adding feature 0x5579ae6e4ed0 (stats)
0:00:00.007591192  2726 0x56364215b320 DEBUG   GST_POLL gstpoll.c:1266:gst_poll_fd_can_read_unlocked: 0x563642180920: fd (fd:8, idx:2) 0
0:00:00.003135975  2727 0x5579ae6bd320 DEBUG   GST_REFCOUNTING gstobject.c:709:gst_object_set_parent: set parent (ref and sink)
0:00:00.007598215  2726 0x56364215b320 DEBUG   GST_POLL gstpoll.c:1195:gst_poll_fd_has_closed: 0x563642180920: fd (fd:8, idx:2) 0
0:00:00.003143952  2727 0x5579ae6bd320 TRACE   GST_REFCOUNTING gstobject.c:294:gst_object_ref_sink: 0x5579ae6e4ed0 ref_sink 1->2
0:00:00.007605090  2726 0x56364215b320 DEBUG   GST_POLL gstpoll.c:1241:gst_poll_fd_has_error: 0x563642180920: fd (fd:7, idx:1) 0
0:00:00.003151267  2727 0x5579ae6bd320 LOG   GST_REGISTRY gstregistry.c:608:gst_registry_add_feature: emitting feature-added for stats
0:00:00.007611912  2726 0x56364215b320 DEBUG   GST_POLL gstpoll.c:1335:gst_poll_fd_can_write: 0x563642180920: fd (fd:7, idx:1) 1
0:00:00.007637962  2726 0x56364215b320 LOG   GST_PLUGIN_LOADING gstpluginloader.c:689:write_one: Writing packet of size 12 bytes to fd 7
0:00:00.003164635  2727 0x5579ae6bd320 TRACE   GST_REFCOUNTING gstobject.c:208:gst_object_init: 0x5579ae6e5150 new
0:00:00.007654397  2726 0x56364215b320 DEBUG   GST_POLL gstpoll.c:980:gst_poll_fd_ctl_write: 0x563642180920: fd (fd:7, idx:1), active : 0
0:00:00.007668138  2726 0x56364215b320 LOG   GST_POLL gstpoll.c:994:gst_poll_fd_ctl_write: 0x563642180920: pfd->events now 56 (POLLOUT:4)
0:00:00.003212417  2727 0x5579ae6bd320 DEBUG   GST_TRACER gsttracer.c:169:gst_tracer_register: new tracer factory for leaks
0:00:00.007684647  2726 0x56364215b320 DEBUG   GST_POLL gstpoll.c:1414:gst_poll_wait: 0x563642180920: timeout :0:00:01.000000000
0:00:00.003227961  2727 0x5579ae6bd320 DEBUG   GST_TRACER gsttracer.c:177:gst_tracer_register: tracer factory for 2926464912:GstLeaksTracer
0:00:00.003238785  2727 0x5579ae6bd320 DEBUG   GST_REGISTRY gstregistry.c:590:gst_registry_add_feature: adding feature 0x5579ae6e5150 (leaks)
0:00:00.003245256  2727 0x5579ae6bd320 DEBUG   GST_REFCOUNTING gstobject.c:709:gst_object_set_parent: set parent (ref and sink)
0:00:00.003252792  2727 0x5579ae6bd320 TRACE   GST_REFCOUNTING gstobject.c:294:gst_object_ref_sink: 0x5579ae6e5150 ref_sink 1->2
0:00:00.003259739  2727 0x5579ae6bd320 LOG   GST_REGISTRY gstregistry.c:608:gst_registry_add_feature: emitting feature-added for leaks
0:00:00.003273002  2727 0x5579ae6bd320 LOG   GST_PLUGIN_LOADING gstplugin.c:541:gst_plugin_register_func: plugin "/home/conan/w/prod/BuildSingleReference/.conan/data/gstreamer/1.19.1/_/_/package/7087a3df2991f0089c7fdba3f9b2a18fafecf068/lib/gstreamer-1.0/libgstcoretracers.so" initialised
0:00:00.003281629  2727 0x5579ae6bd320 INFO   GST_PLUGIN_LOADING gstplugin.c:915:_priv_gst_plugin_load_file_for_registry: plugin "/home/conan/w/prod/BuildSingleReference/.conan/data/gstreamer/1.19.1/_/_/package/7087a3df2991f0089c7fdba3f9b2a18fafecf068/lib/gstreamer-1.0/libgstcoretracers.so" loaded
0:00:00.003289624  2727 0x5579ae6bd320 TRACE   GST_REFCOUNTING gstobject.c:238:gst_object_ref: 0x5579ae6e3390 ref 1->2
0:00:00.003298533  2727 0x5579ae6bd320 DEBUG   GST_REGISTRY gstregistry.c:474:gst_registry_add_plugin: adding plugin 0x5579ae6e3390 for filename "/home/conan/w/prod/BuildSingleReference/.conan/data/gstreamer/1.19.1/_/_/package/7087a3df2991f0089c7fdba3f9b2a18fafecf068/lib/gstreamer-1.0/libgstcoretracers.so"
0:00:00.003306652  2727 0x5579ae6bd320 TRACE   GST_REFCOUNTING gstobject.c:294:gst_object_ref_sink: 0x5579ae6e3390 ref_sink 2->3
0:00:00.003314169  2727 0x5579ae6bd320 LOG   GST_REGISTRY gstregistry.c:487:gst_registry_add_plugin: emitting plugin-added for filename "/home/conan/w/prod/BuildSingleReference/.conan/data/gstreamer/1.19.1/_/_/package/7087a3df2991f0089c7fdba3f9b2a18fafecf068/lib/gstreamer-1.0/libgstcoretracers.so"
0:00:00.003322580  2727 0x5579ae6bd320 TRACE   GST_REFCOUNTING gstobject.c:238:gst_object_ref: 0x5579ae6e5150 ref 1->2
0:00:00.003330806  2727 0x5579ae6bd320 TRACE   GST_REFCOUNTING gstobject.c:238:gst_object_ref: 0x5579ae6e4ed0 ref 1->2
0:00:00.003338463  2727 0x5579ae6bd320 TRACE   GST_REFCOUNTING gstobject.c:238:gst_object_ref: 0x5579ae6e4bb0 ref 1->2
0:00:00.003345826  2727 0x5579ae6bd320 TRACE   GST_REFCOUNTING gstobject.c:238:gst_object_ref: 0x5579ae6e48e0 ref 1->2
0:00:00.003353073  2727 0x5579ae6bd320 TRACE   GST_REFCOUNTING gstobject.c:238:gst_object_ref: 0x5579ae6e43d0 ref 1->2
0:00:00.003399264  2727 0x5579ae6bd320 TRACE   GST_REFCOUNTING gstobject.c:265:gst_object_unref: 0x5579ae6e43d0 unref 2->1
0:00:00.003409741  2727 0x5579ae6bd320 TRACE   GST_REFCOUNTING gstobject.c:265:gst_object_unref: 0x5579ae6e48e0 unref 2->1
0:00:00.003417486  2727 0x5579ae6bd320 TRACE   GST_REFCOUNTING gstobject.c:265:gst_object_unref: 0x5579ae6e4bb0 unref 2->1
0:00:00.003424735  2727 0x5579ae6bd320 TRACE   GST_REFCOUNTING gstobject.c:265:gst_object_unref: 0x5579ae6e4ed0 unref 2->1
0:00:00.003432016  2727 0x5579ae6bd320 TRACE   GST_REFCOUNTING gstobject.c:265:gst_object_unref: 0x5579ae6e5150 unref 2->1
0:00:00.003442226  2727 0x5579ae6bd320 DEBUG   GST_REGISTRY gstregistrychunks.c:498:_priv_gst_registry_chunks_save_plugin: Found 5 features in plugin 0x5579ae6e3390 (coretracers)
0:00:00.003454852  2727 0x5579ae6bd320 DEBUG   GST_POLL gstpoll.c:980:gst_poll_fd_ctl_write: 0x5579ae6e1cf0: fd (fd:0, idx:1), active : 1
0:00:00.003462733  2727 0x5579ae6bd320 LOG   GST_POLL gstpoll.c:994:gst_poll_fd_ctl_write: 0x5579ae6e1cf0: pfd->events now 60 (POLLOUT:4)
0:00:00.003474852  2727 0x5579ae6bd320 DEBUG   GST_POLL gstpoll.c:980:gst_poll_fd_ctl_write: 0x5579ae6e1cf0: fd (fd:0, idx:1), active : 1
0:00:00.003481677  2727 0x5579ae6bd320 LOG   GST_POLL gstpoll.c:994:gst_poll_fd_ctl_write: 0x5579ae6e1cf0: pfd->events now 60 (POLLOUT:4)
0:00:00.003489395  2727 0x5579ae6bd320 DEBUG   GST_POLL gstpoll.c:980:gst_poll_fd_ctl_write: 0x5579ae6e1cf0: fd (fd:0, idx:1), active : 1
0:00:00.003495904  2727 0x5579ae6bd320 LOG   GST_POLL gstpoll.c:994:gst_poll_fd_ctl_write: 0x5579ae6e1cf0: pfd->events now 60 (POLLOUT:4)
0:00:00.003502664  2727 0x5579ae6bd320 DEBUG   GST_POLL gstpoll.c:980:gst_poll_fd_ctl_write: 0x5579ae6e1cf0: fd (fd:0, idx:1), active : 1
0:00:00.003509135  2727 0x5579ae6bd320 LOG   GST_POLL gstpoll.c:994:gst_poll_fd_ctl_write: 0x5579ae6e1cf0: pfd->events now 60 (POLLOUT:4)
0:00:00.003515780  2727 0x5579ae6bd320 DEBUG   GST_POLL gstpoll.c:980:gst_poll_fd_ctl_write: 0x5579ae6e1cf0: fd (fd:0, idx:1), active : 1
0:00:00.003522119  2727 0x5579ae6bd320 LOG   GST_POLL gstpoll.c:994:gst_poll_fd_ctl_write: 0x5579ae6e1cf0: pfd->events now 60 (POLLOUT:4)
0:00:00.003528676  2727 0x5579ae6bd320 DEBUG   GST_POLL gstpoll.c:980:gst_poll_fd_ctl_write: 0x5579ae6e1cf0: fd (fd:0, idx:1), active : 1
0:00:00.003534960  2727 0x5579ae6bd320 LOG   GST_POLL gstpoll.c:994:gst_poll_fd_ctl_write: 0x5579ae6e1cf0: pfd->events now 60 (POLLOUT:4)
0:00:00.003541511  2727 0x5579ae6bd320 DEBUG   GST_POLL gstpoll.c:980:gst_poll_fd_ctl_write: 0x5579ae6e1cf0: fd (fd:0, idx:1), active : 1
0:00:00.003547788  2727 0x5579ae6bd320 LOG   GST_POLL gstpoll.c:994:gst_poll_fd_ctl_write: 0x5579ae6e1cf0: pfd->events now 60 (POLLOUT:4)
0:00:00.003554409  2727 0x5579ae6bd320 DEBUG   GST_POLL gstpoll.c:980:gst_poll_fd_ctl_write: 0x5579ae6e1cf0: fd (fd:0, idx:1), active : 1
0:00:00.003560778  2727 0x5579ae6bd320 LOG   GST_POLL gstpoll.c:994:gst_poll_fd_ctl_write: 0x5579ae6e1cf0: pfd->events now 60 (POLLOUT:4)
0:00:00.003567418  2727 0x5579ae6bd320 DEBUG   GST_POLL gstpoll.c:980:gst_poll_fd_ctl_write: 0x5579ae6e1cf0: fd (fd:0, idx:1), active : 1
0:00:00.003574001  2727 0x5579ae6bd320 LOG   GST_POLL gstpoll.c:994:gst_poll_fd_ctl_write: 0x5579ae6e1cf0: pfd->events now 60 (POLLOUT:4)
0:00:00.003580787  2727 0x5579ae6bd320 DEBUG   GST_POLL gstpoll.c:980:gst_poll_fd_ctl_write: 0x5579ae6e1cf0: fd (fd:0, idx:1), active : 1
0:00:00.003587058  2727 0x5579ae6bd320 LOG   GST_POLL gstpoll.c:994:gst_poll_fd_ctl_write: 0x5579ae6e1cf0: pfd->events now 60 (POLLOUT:4)
0:00:00.003593689  2727 0x5579ae6bd320 DEBUG   GST_POLL gstpoll.c:980:gst_poll_fd_ctl_write: 0x5579ae6e1cf0: fd (fd:0, idx:1), active : 1
0:00:00.003599974  2727 0x5579ae6bd320 LOG   GST_POLL gstpoll.c:994:gst_poll_fd_ctl_write: 0x5579ae6e1cf0: pfd->events now 60 (POLLOUT:4)
0:00:00.003606561  2727 0x5579ae6bd320 DEBUG   GST_POLL gstpoll.c:980:gst_poll_fd_ctl_write: 0x5579ae6e1cf0: fd (fd:0, idx:1), active : 1
0:00:00.003612918  2727 0x5579ae6bd320 LOG   GST_POLL gstpoll.c:994:gst_poll_fd_ctl_write: 0x5579ae6e1cf0: pfd->events now 60 (POLLOUT:4)
0:00:00.003619434  2727 0x5579ae6bd320 DEBUG   GST_POLL gstpoll.c:980:gst_poll_fd_ctl_write: 0x5579ae6e1cf0: fd (fd:0, idx:1), active : 1
0:00:00.003629997  2727 0x5579ae6bd320 LOG   GST_POLL gstpoll.c:994:gst_poll_fd_ctl_write: 0x5579ae6e1cf0: pfd->events now 60 (POLLOUT:4)
0:00:00.003636735  2727 0x5579ae6bd320 DEBUG   GST_POLL gstpoll.c:980:gst_poll_fd_ctl_write: 0x5579ae6e1cf0: fd (fd:0, idx:1), active : 1
0:00:00.003642955  2727 0x5579ae6bd320 LOG   GST_POLL gstpoll.c:994:gst_poll_fd_ctl_write: 0x5579ae6e1cf0: pfd->events now 60 (POLLOUT:4)
0:00:00.003649644  2727 0x5579ae6bd320 DEBUG   GST_POLL gstpoll.c:980:gst_poll_fd_ctl_write: 0x5579ae6e1cf0: fd (fd:0, idx:1), active : 1
0:00:00.003655852  2727 0x5579ae6bd320 LOG   GST_POLL gstpoll.c:994:gst_poll_fd_ctl_write: 0x5579ae6e1cf0: pfd->events now 60 (POLLOUT:4)
0:00:00.003662554  2727 0x5579ae6bd320 DEBUG   GST_POLL gstpoll.c:980:gst_poll_fd_ctl_write: 0x5579ae6e1cf0: fd (fd:0, idx:1), active : 1
0:00:00.003668820  2727 0x5579ae6bd320 LOG   GST_POLL gstpoll.c:994:gst_poll_fd_ctl_write: 0x5579ae6e1cf0: pfd->events now 60 (POLLOUT:4)
0:00:00.003675418  2727 0x5579ae6bd320 DEBUG   GST_POLL gstpoll.c:980:gst_poll_fd_ctl_write: 0x5579ae6e1cf0: fd (fd:0, idx:1), active : 1
0:00:00.003681703  2727 0x5579ae6bd320 LOG   GST_POLL gstpoll.c:994:gst_poll_fd_ctl_write: 0x5579ae6e1cf0: pfd->events now 60 (POLLOUT:4)
0:00:00.003688203  2727 0x5579ae6bd320 DEBUG   GST_POLL gstpoll.c:980:gst_poll_fd_ctl_write: 0x5579ae6e1cf0: fd (fd:0, idx:1), active : 1
0:00:00.003694456  2727 0x5579ae6bd320 LOG   GST_POLL gstpoll.c:994:gst_poll_fd_ctl_write: 0x5579ae6e1cf0: pfd->events now 60 (POLLOUT:4)
0:00:00.003701095  2727 0x5579ae6bd320 DEBUG   GST_POLL gstpoll.c:980:gst_poll_fd_ctl_write: 0x5579ae6e1cf0: fd (fd:0, idx:1), active : 1
0:00:00.003707380  2727 0x5579ae6bd320 LOG   GST_POLL gstpoll.c:994:gst_poll_fd_ctl_write: 0x5579ae6e1cf0: pfd->events now 60 (POLLOUT:4)
0:00:00.003714058  2727 0x5579ae6bd320 DEBUG   GST_POLL gstpoll.c:980:gst_poll_fd_ctl_write: 0x5579ae6e1cf0: fd (fd:0, idx:1), active : 1
0:00:00.003720304  2727 0x5579ae6bd320 LOG   GST_POLL gstpoll.c:994:gst_poll_fd_ctl_write: 0x5579ae6e1cf0: pfd->events now 60 (POLLOUT:4)
0:00:00.003726926  2727 0x5579ae6bd320 DEBUG   GST_POLL gstpoll.c:980:gst_poll_fd_ctl_write: 0x5579ae6e1cf0: fd (fd:0, idx:1), active : 1
0:00:00.003733204  2727 0x5579ae6bd320 LOG   GST_POLL gstpoll.c:994:gst_poll_fd_ctl_write: 0x5579ae6e1cf0: pfd->events now 60 (POLLOUT:4)
0:00:00.003739830  2727 0x5579ae6bd320 DEBUG   GST_POLL gstpoll.c:980:gst_poll_fd_ctl_write: 0x5579ae6e1cf0: fd (fd:0, idx:1), active : 1
0:00:00.003746145  2727 0x5579ae6bd320 LOG   GST_POLL gstpoll.c:994:gst_poll_fd_ctl_write: 0x5579ae6e1cf0: pfd->events now 60 (POLLOUT:4)
0:00:00.003752718  2727 0x5579ae6bd320 DEBUG   GST_POLL gstpoll.c:980:gst_poll_fd_ctl_write: 0x5579ae6e1cf0: fd (fd:0, idx:1), active : 1
0:00:00.003758989  2727 0x5579ae6bd320 LOG   GST_POLL gstpoll.c:994:gst_poll_fd_ctl_write: 0x5579ae6e1cf0: pfd->events now 60 (POLLOUT:4)
0:00:00.003765535  2727 0x5579ae6bd320 DEBUG   GST_POLL gstpoll.c:980:gst_poll_fd_ctl_write: 0x5579ae6e1cf0: fd (fd:0, idx:1), active : 1
0:00:00.003776146  2727 0x5579ae6bd320 LOG   GST_POLL gstpoll.c:994:gst_poll_fd_ctl_write: 0x5579ae6e1cf0: pfd->events now 60 (POLLOUT:4)
0:00:00.003783139  2727 0x5579ae6bd320 DEBUG   GST_POLL gstpoll.c:980:gst_poll_fd_ctl_write: 0x5579ae6e1cf0: fd (fd:0, idx:1), active : 1
0:00:00.003789393  2727 0x5579ae6bd320 LOG   GST_POLL gstpoll.c:994:gst_poll_fd_ctl_write: 0x5579ae6e1cf0: pfd->events now 60 (POLLOUT:4)
0:00:00.003796038  2727 0x5579ae6bd320 DEBUG   GST_POLL gstpoll.c:980:gst_poll_fd_ctl_write: 0x5579ae6e1cf0: fd (fd:0, idx:1), active : 1
0:00:00.003802323  2727 0x5579ae6bd320 LOG   GST_POLL gstpoll.c:994:gst_poll_fd_ctl_write: 0x5579ae6e1cf0: pfd->events now 60 (POLLOUT:4)
0:00:00.003808875  2727 0x5579ae6bd320 DEBUG   GST_POLL gstpoll.c:980:gst_poll_fd_ctl_write: 0x5579ae6e1cf0: fd (fd:0, idx:1), active : 1
0:00:00.003815113  2727 0x5579ae6bd320 LOG   GST_POLL gstpoll.c:994:gst_poll_fd_ctl_write: 0x5579ae6e1cf0: pfd->events now 60 (POLLOUT:4)
0:00:00.003822906  2727 0x5579ae6bd320 TRACE   GST_REFCOUNTING gstobject.c:265:gst_object_unref: 0x5579ae6e3390 unref 2->1
0:00:00.003831152  2727 0x5579ae6bd320 DEBUG   GST_POLL gstpoll.c:1241:gst_poll_fd_has_error: 0x5579ae6e1cf0: fd (fd:0, idx:1) 0
0:00:00.003838315  2727 0x5579ae6bd320 DEBUG   GST_POLL gstpoll.c:1335:gst_poll_fd_can_write: 0x5579ae6e1cf0: fd (fd:0, idx:1) 0
0:00:00.003845414  2727 0x5579ae6bd320 DEBUG   GST_POLL gstpoll.c:1195:gst_poll_fd_has_closed: 0x5579ae6e1cf0: fd (fd:0, idx:1) 0
0:00:00.003854143  2727 0x5579ae6bd320 DEBUG   GST_POLL gstpoll.c:1414:gst_poll_wait: 0x5579ae6e1cf0: timeout :0:00:01.000000000
0:00:00.003865581  2727 0x5579ae6bd320 LOG   GST_PLUGIN_LOADING gstpluginloader.c:1027:exchange_packets: Poll res = 2. 488 bytes pending for write
0:00:00.003872946  2727 0x5579ae6bd320 DEBUG   GST_POLL gstpoll.c:1241:gst_poll_fd_has_error: 0x5579ae6e1cf0: fd (fd:5, idx:2) 0
0:00:00.003879759  2727 0x5579ae6bd320 DEBUG   GST_POLL gstpoll.c:1266:gst_poll_fd_can_read_unlocked: 0x5579ae6e1cf0: fd (fd:5, idx:2) 1
0:00:00.003891009  2727 0x5579ae6bd320 DEBUG   GST_PLUGIN_LOADING gstpluginloader.c:721:do_plugin_load: Plugin scanner loading file /home/conan/w/prod/BuildSingleReference/.conan/data/gstreamer/1.19.1/_/_/package/7087a3df2991f0089c7fdba3f9b2a18fafecf068/lib/gstreamer-1.0/libgstcoreelements.so. tag 1
0:00:00.003898858  2727 0x5579ae6bd320 DEBUG   GST_PLUGIN_LOADING gstplugin.c:768:_priv_gst_plugin_load_file_for_registry: attempt to load plugin "/home/conan/w/prod/BuildSingleReference/.conan/data/gstreamer/1.19.1/_/_/package/7087a3df2991f0089c7fdba3f9b2a18fafecf068/lib/gstreamer-1.0/libgstcoreelements.so"
0:00:00.004325108  2727 0x5579ae6bd320 TRACE   GST_REFCOUNTING gstobject.c:208:gst_object_init: 0x5579ae6e6890 new
0:00:00.004349410  2727 0x5579ae6bd320 LOG   GST_PLUGIN_LOADING gstplugin.c:890:_priv_gst_plugin_load_file_for_registry: Plugin 0x5579ae6e6890 for file "/home/conan/w/prod/BuildSingleReference/.conan/data/gstreamer/1.19.1/_/_/package/7087a3df2991f0089c7fdba3f9b2a18fafecf068/lib/gstreamer-1.0/libgstcoreelements.so" prepared, calling entry function...
0:00:00.004366677  2727 0x5579ae6bd320 LOG   GST_PLUGIN_LOADING gstplugin.c:897:_priv_gst_plugin_load_file_for_registry: Plugin 0x5579ae6e6890 for file "/home/conan/w/prod/BuildSingleReference/.conan/data/gstreamer/1.19.1/_/_/package/7087a3df2991f0089c7fdba3f9b2a18fafecf068/lib/gstreamer-1.0/libgstcoreelements.so" prepared, registering...
0:00:00.004380290  2727 0x5579ae6bd320 LOG   GST_PLUGIN_LOADING gstplugin.c:514:gst_plugin_register_func: plugin "/home/conan/w/prod/BuildSingleReference/.conan/data/gstreamer/1.19.1/_/_/package/7087a3df2991f0089c7fdba3f9b2a18fafecf068/lib/gstreamer-1.0/libgstcoreelements.so" looks good
0:00:00.004414488  2727 0x5579ae6bd320 TRACE   GST_REFCOUNTING gstobject.c:208:gst_object_init: 0x5579ae6e6f50 new
0:00:00.004426334  2727 0x5579ae6bd320 LOG   GST_ELEMENT_FACTORY gstelementfactory.c:238:gst_element_register: Created new elementfactory for type GstCapsFilter
0:00:00.004435534  2727 0x5579ae6bd320 TRACE   structure gststructure.c:292:gst_structure_new_id_empty_with_size: created structure 0x5579ae6e75c0
0:00:00.004442723  2727 0x5579ae6bd320 TRACE   GST_PERFORMANCE gststructure.c:512:gst_structure_copy: doing copy 0x5579ae6cc270 -> 0x5579ae6e75c0
0:00:00.004450558  2727 0x5579ae6bd320 DEBUG   GST_ELEMENT_PADS gstelement.c:312:gst_element_base_class_init: type GstBaseTransform : factory (nil)
0:00:00.004458424  2727 0x5579ae6bd320 DEBUG   basetransform gstbasetransform.c:333:gst_base_transform_class_init: gst_base_transform_class_init
0:00:00.004472079  2727 0x5579ae6bd320 TRACE   structure gststructure.c:292:gst_structure_new_id_empty_with_size: created structure 0x5579ae6e7bd0
0:00:00.004479008  2727 0x5579ae6bd320 TRACE   GST_PERFORMANCE gststructure.c:512:gst_structure_copy: doing copy 0x5579ae6e75c0 -> 0x5579ae6e7bd0
0:00:00.004489418  2727 0x5579ae6bd320 DEBUG   GST_ELEMENT_PADS gstelement.c:312:gst_element_base_class_init: type GstCapsFilter : factory 0x5579ae6e6f50
0:00:00.004511595  2727 0x5579ae6bd320 TRACE   GST_CAPS gstcaps.c:263:gst_caps_new_empty: created caps 0x5579ae6e5d00
0:00:00.004519953  2727 0x5579ae6bd320 TRACE   GST_CAPS gstcaps.c:440:gst_static_caps_get: created 0x7f45ad333f70 from string ANY
0:00:00.004527849  2727 0x5579ae6bd320 TRACE   GST_REFCOUNTING gstminiobject.c:479:gst_mini_object_ref: 0x5579ae6e5d00 ref 1->2
0:00:00.004558070  2727 0x5579ae6bd320 TRACE   GST_REFCOUNTING gstobject.c:208:gst_object_init: 0x5579ae6e8570 new
0:00:00.004571220  2727 0x5579ae6bd320 TRACE   GST_REFCOUNTING gstminiobject.c:479:gst_mini_object_ref: 0x5579ae6e5d00 ref 2->3
0:00:00.004584281  2727 0x5579ae6bd320 TRACE   GST_REFCOUNTING gstminiobject.c:661:gst_mini_object_unref: 0x5579ae6e5d00 unref 3->2
0:00:00.004592720  2727 0x5579ae6bd320 TRACE   GST_REFCOUNTING gstobject.c:294:gst_object_ref_sink: 0x5579ae6e8570 ref_sink 1->2
0:00:00.004600010  2727 0x5579ae6bd320 TRACE   GST_CAPS gstcaps.c:263:gst_caps_new_empty: created caps 0x5579ae6e4b60
0:00:00.004606780  2727 0x5579ae6bd320 TRACE   GST_CAPS gstcaps.c:440:gst_static_caps_get: created 0x7f45ad333f30 from string ANY
0:00:00.004613414  2727 0x5579ae6bd320 TRACE   GST_REFCOUNTING gstminiobject.c:479:gst_mini_object_ref: 0x5579ae6e4b60 ref 1->2
0:00:00.004627941  2727 0x5579ae6bd320 TRACE   GST_REFCOUNTING gstobject.c:208:gst_object_init: 0x5579ae6e8910 new
0:00:00.004637118  2727 0x5579ae6bd320 TRACE   GST_REFCOUNTING gstminiobject.c:479:gst_mini_object_ref: 0x5579ae6e4b60 ref 2->3
0:00:00.004646018  2727 0x5579ae6bd320 TRACE   GST_REFCOUNTING gstminiobject.c:661:gst_mini_object_unref: 0x5579ae6e4b60 unref 3->2
0:00:00.004653512  2727 0x5579ae6bd320 TRACE   GST_REFCOUNTING gstobject.c:294:gst_object_ref_sink: 0x5579ae6e8910 ref_sink 1->2
0:00:00.004663784  2727 0x5579ae6bd320 TRACE   structure gststructure.c:292:gst_structure_new_id_empty_with_size: created structure 0x5579ae6e8a30
0:00:00.004671589  2727 0x5579ae6bd320 TRACE   GST_PERFORMANCE gststructure.c:512:gst_structure_copy: doing copy 0x5579ae6e7bd0 -> 0x5579ae6e8a30
0:00:00.004682893  2727 0x5579ae6bd320 DEBUG   GST_REGISTRY gstregistry.c:590:gst_registry_add_feature: adding feature 0x5579ae6e6f50 (capsfilter)
0:00:00.004691188  2727 0x5579ae6bd320 DEBUG   GST_REFCOUNTING gstobject.c:709:gst_object_set_parent: set parent (ref and sink)
0:00:00.004698650  2727 0x5579ae6bd320 TRACE   GST_REFCOUNTING gstobject.c:294:gst_object_ref_sink: 0x5579ae6e6f50 ref_sink 1->2
0:00:00.004705749  2727 0x5579ae6bd320 LOG   GST_REGISTRY gstregistry.c:608:gst_registry_add_feature: emitting feature-added for capsfilter
0:00:00.004721553  2727 0x5579ae6bd320 TRACE   GST_REFCOUNTING gstobject.c:208:gst_object_init: 0x5579ae6e8f70 new
0:00:00.004732185  2727 0x5579ae6bd320 LOG   GST_ELEMENT_FACTORY gstelementfactory.c:238:gst_element_register: Created new elementfactory for type GstClockSync
0:00:00.004740272  2727 0x5579ae6bd320 TRACE   structure gststructure.c:292:gst_structure_new_id_empty_with_size: created structure 0x5579ae6e9350
0:00:00.004746841  2727 0x5579ae6bd320 TRACE   GST_PERFORMANCE gststructure.c:512:gst_structure_copy: doing copy 0x5579ae6cc270 -> 0x5579ae6e9350
0:00:00.004754298  2727 0x5579ae6bd320 DEBUG   GST_ELEMENT_PADS gstelement.c:312:gst_element_base_class_init: type GstClockSync : factory 0x5579ae6e8f70
0:00:00.004771236  2727 0x5579ae6bd320 TRACE   GST_CAPS gstcaps.c:263:gst_caps_new_empty: created caps 0x5579ae6cc890
0:00:00.004778455  2727 0x5579ae6bd320 TRACE   GST_CAPS gstcaps.c:440:gst_static_caps_get: created 0x7f45ad333ff0 from string ANY
0:00:00.004785074  2727 0x5579ae6bd320 TRACE   GST_REFCOUNTING gstminiobject.c:479:gst_mini_object_ref: 0x5579ae6cc890 ref 1->2
0:00:00.004794370  2727 0x5579ae6bd320 TRACE   GST_REFCOUNTING gstobject.c:208:gst_object_init: 0x5579ae6e9670 new
0:00:00.004803407  2727 0x5579ae6bd320 TRACE   GST_REFCOUNTING gstminiobject.c:479:gst_mini_object_ref: 0x5579ae6cc890 ref 2->3
0:00:00.004812406  2727 0x5579ae6bd320 TRACE   GST_REFCOUNTING gstminiobject.c:661:gst_mini_object_unref: 0x5579ae6cc890 unref 3->2
0:00:00.004819960  2727 0x5579ae6bd320 TRACE   GST_REFCOUNTING gstobject.c:294:gst_object_ref_sink: 0x5579ae6e9670 ref_sink 1->2
0:00:00.004826938  2727 0x5579ae6bd320 TRACE   GST_CAPS gstcaps.c:263:gst_caps_new_empty: created caps 0x5579ae6d0430
0:00:00.004837936  2727 0x5579ae6bd320 TRACE   GST_CAPS gstcaps.c:440:gst_static_caps_get: created 0x7f45ad333fb0 from string ANY
0:00:00.004844478  2727 0x5579ae6bd320 TRACE   GST_REFCOUNTING gstminiobject.c:479:gst_mini_object_ref: 0x5579ae6d0430 ref 1->2
0:00:00.004853628  2727 0x5579ae6bd320 TRACE   GST_REFCOUNTING gstobject.c:208:gst_object_init: 0x5579ae6e9910 new
0:00:00.004862140  2727 0x5579ae6bd320 TRACE   GST_REFCOUNTING gstminiobject.c:479:gst_mini_object_ref: 0x5579ae6d0430 ref 2->3
0:00:00.004870883  2727 0x5579ae6bd320 TRACE   GST_REFCOUNTING gstminiobject.c:661:gst_mini_object_unref: 0x5579ae6d0430 unref 3->2
0:00:00.004878241  2727 0x5579ae6bd320 TRACE   GST_REFCOUNTING gstobject.c:294:gst_object_ref_sink: 0x5579ae6e9910 ref_sink 1->2
0:00:00.004886373  2727 0x5579ae6bd320 TRACE   structure gststructure.c:292:gst_structure_new_id_empty_with_size: created structure 0x5579ae6e9a60
0:00:00.004893773  2727 0x5579ae6bd320 TRACE   GST_PERFORMANCE gststructure.c:512:gst_structure_copy: doing copy 0x5579ae6e9350 -> 0x5579ae6e9a60
0:00:00.004902930  2727 0x5579ae6bd320 DEBUG   GST_REGISTRY gstregistry.c:590:gst_registry_add_feature: adding feature 0x5579ae6e8f70 (clocksync)
0:00:00.004909355  2727 0x5579ae6bd320 DEBUG   GST_REFCOUNTING gstobject.c:709:gst_object_set_parent: set parent (ref and sink)
0:00:00.004916643  2727 0x5579ae6bd320 TRACE   GST_REFCOUNTING gstobject.c:294:gst_object_ref_sink: 0x5579ae6e8f70 ref_sink 1->2
0:00:00.004923357  2727 0x5579ae6bd320 LOG   GST_REGISTRY gstregistry.c:608:gst_registry_add_feature: emitting feature-added for clocksync
0:00:00.004935439  2727 0x5579ae6bd320 TRACE   GST_REFCOUNTING gstobject.c:208:gst_object_init: 0x5579ae6e9d60 new
0:00:00.004945450  2727 0x5579ae6bd320 LOG   GST_ELEMENT_FACTORY gstelementfactory.c:238:gst_element_register: Created new elementfactory for type GstConcat
0:00:00.004956137  2727 0x5579ae6bd320 TRACE   structure gststructure.c:292:gst_structure_new_id_empty_with_size: created structure 0x5579ae6ea140
0:00:00.004962635  2727 0x5579ae6bd320 TRACE   GST_PERFORMANCE gststructure.c:512:gst_structure_copy: doing copy 0x5579ae6cc270 -> 0x5579ae6ea140
0:00:00.004969569  2727 0x5579ae6bd320 DEBUG   GST_ELEMENT_PADS gstelement.c:312:gst_element_base_class_init: type GstConcat : factory 0x5579ae6e9d60
0:00:00.004984123  2727 0x5579ae6bd320 TRACE   GST_CAPS gstcaps.c:263:gst_caps_new_empty: created caps 0x5579ae6e9e90
0:00:00.004991376  2727 0x5579ae6bd320 TRACE   GST_CAPS gstcaps.c:440:gst_static_caps_get: created 0x7f45ad334030 from string ANY
0:00:00.004997907  2727 0x5579ae6bd320 TRACE   GST_REFCOUNTING gstminiobject.c:479:gst_mini_object_ref: 0x5579ae6e9e90 ref 1->2
0:00:00.005006890  2727 0x5579ae6bd320 TRACE   GST_REFCOUNTING gstobject.c:208:gst_object_init: 0x5579ae6ea3d0 new
0:00:00.005015822  2727 0x5579ae6bd320 TRACE   GST_REFCOUNTING gstminiobject.c:479:gst_mini_object_ref: 0x5579ae6e9e90 ref 2->3
0:00:00.005029106  2727 0x5579ae6bd320 TRACE   GST_REFCOUNTING gstminiobject.c:661:gst_mini_object_unref: 0x5579ae6e9e90 unref 3->2
0:00:00.005036760  2727 0x5579ae6bd320 TRACE   GST_REFCOUNTING gstobject.c:294:gst_object_ref_sink: 0x5579ae6ea3d0 ref_sink 1->2
0:00:00.005043480  2727 0x5579ae6bd320 TRACE   GST_CAPS gstcaps.c:263:gst_caps_new_empty: created caps 0x5579ae6e90a0
0:00:00.005050024  2727 0x5579ae6bd320 TRACE   GST_CAPS gstcaps.c:440:gst_static_caps_get: created 0x7f45ad334070 from string ANY
0:00:00.005056333  2727 0x5579ae6bd320 TRACE   GST_REFCOUNTING gstminiobject.c:479:gst_mini_object_ref: 0x5579ae6e90a0 ref 1->2
0:00:00.005064992  2727 0x5579ae6bd320 TRACE   GST_REFCOUNTING gstobject.c:208:gst_object_init: 0x5579ae6ea5c0 new
0:00:00.005073720  2727 0x5579ae6bd320 TRACE   GST_REFCOUNTING gstminiobject.c:479:gst_mini_object_ref: 0x5579ae6e90a0 ref 2->3
0:00:00.005082208  2727 0x5579ae6bd320 TRACE   GST_REFCOUNTING gstminiobject.c:661:gst_mini_object_unref: 0x5579ae6e90a0 unref 3->2
0:00:00.005089683  2727 0x5579ae6bd320 TRACE   GST_REFCOUNTING gstobject.c:294:gst_object_ref_sink: 0x5579ae6ea5c0 ref_sink 1->2
0:00:00.005098472  2727 0x5579ae6bd320 TRACE   structure gststructure.c:292:gst_structure_new_id_empty_with_size: created structure 0x5579ae6ea8a0
0:00:00.005106033  2727 0x5579ae6bd320 TRACE   GST_PERFORMANCE gststructure.c:512:gst_structure_copy: doing copy 0x5579ae6ea140 -> 0x5579ae6ea8a0
0:00:00.005115468  2727 0x5579ae6bd320 DEBUG   GST_REGISTRY gstregistry.c:590:gst_registry_add_feature: adding feature 0x5579ae6e9d60 (concat)
0:00:00.005121885  2727 0x5579ae6bd320 DEBUG   GST_REFCOUNTING gstobject.c:709:gst_object_set_parent: set parent (ref and sink)
0:00:00.005129234  2727 0x5579ae6bd320 TRACE   GST_REFCOUNTING gstobject.c:294:gst_object_ref_sink: 0x5579ae6e9d60 ref_sink 1->2
0:00:00.005135930  2727 0x5579ae6bd320 LOG   GST_REGISTRY gstregistry.c:608:gst_registry_add_feature: emitting feature-added for concat
0:00:00.005179694  2727 0x5579ae6bd320 TRACE   GST_REFCOUNTING gstobject.c:208:gst_object_init: 0x5579ae6eac40 new
0:00:00.005200071  2727 0x5579ae6bd320 LOG   GST_ELEMENT_FACTORY gstelementfactory.c:238:gst_element_register: Created new elementfactory for type GstDataURISrc
0:00:00.005217093  2727 0x5579ae6bd320 TRACE   structure gststructure.c:292:gst_structure_new_id_empty_with_size: created structure 0x5579ae6eb160
0:00:00.005223904  2727 0x5579ae6bd320 TRACE   GST_PERFORMANCE gststructure.c:512:gst_structure_copy: doing copy 0x5579ae6cc270 -> 0x5579ae6eb160
0:00:00.005231045  2727 0x5579ae6bd320 DEBUG   GST_ELEMENT_PADS gstelement.c:312:gst_element_base_class_init: type GstBaseSrc : factory (nil)
0:00:00.005263550  2727 0x5579ae6bd320 TRACE   structure gststructure.c:292:gst_structure_new_id_empty_with_size: created structure 0x5579ae6ec390
0:00:00.005270559  2727 0x5579ae6bd320 TRACE   GST_PERFORMANCE gststructure.c:512:gst_structure_copy: doing copy 0x5579ae6eb160 -> 0x5579ae6ec390
0:00:00.005282965  2727 0x5579ae6bd320 DEBUG   GST_ELEMENT_PADS gstelement.c:312:gst_element_base_class_init: type GstDataURISrc : factory 0x5579ae6eac40
0:00:00.005293329  2727 0x5579ae6bd320 TRACE   GST_CAPS gstcaps.c:263:gst_caps_new_empty: created caps 0x5579ae6ead70
0:00:00.005300554  2727 0x5579ae6bd320 TRACE   GST_CAPS gstcaps.c:440:gst_static_caps_get: created 0x7f45ad3340b0 from string ANY
0:00:00.005307374  2727 0x5579ae6bd320 TRACE   GST_REFCOUNTING gstminiobject.c:479:gst_mini_object_ref: 0x5579ae6ead70 ref 1->2
0:00:00.005317430  2727 0x5579ae6bd320 TRACE   GST_REFCOUNTING gstobject.c:208:gst_object_init: 0x5579ae6e1510 new
0:00:00.005326928  2727 0x5579ae6bd320 TRACE   GST_REFCOUNTING gstminiobject.c:479:gst_mini_object_ref: 0x5579ae6ead70 ref 2->3
0:00:00.005336000  2727 0x5579ae6bd320 TRACE   GST_REFCOUNTING gstminiobject.c:661:gst_mini_object_unref: 0x5579ae6ead70 unref 3->2
0:00:00.005343640  2727 0x5579ae6bd320 TRACE   GST_REFCOUNTING gstobject.c:294:gst_object_ref_sink: 0x5579ae6e1510 ref_sink 1->2
0:00:00.005365823  2727 0x5579ae6bd320 TRACE   structure gststructure.c:292:gst_structure_new_id_empty_with_size: created structure 0x5579ae6ec5d0
0:00:00.005373828  2727 0x5579ae6bd320 TRACE   GST_PERFORMANCE gststructure.c:512:gst_structure_copy: doing copy 0x5579ae6ec390 -> 0x5579ae6ec5d0
0:00:00.005386670  2727 0x5579ae6bd320 DEBUG   GST_REGISTRY gstregistry.c:590:gst_registry_add_feature: adding feature 0x5579ae6eac40 (dataurisrc)
0:00:00.005393313  2727 0x5579ae6bd320 DEBUG   GST_REFCOUNTING gstobject.c:709:gst_object_set_parent: set parent (ref and sink)
0:00:00.005400806  2727 0x5579ae6bd320 TRACE   GST_REFCOUNTING gstobject.c:294:gst_object_ref_sink: 0x5579ae6eac40 ref_sink 1->2
0:00:00.005407664  2727 0x5579ae6bd320 LOG   GST_REGISTRY gstregistry.c:608:gst_registry_add_feature: emitting feature-added for dataurisrc
0:00:00.005420620  2727 0x5579ae6bd320 TRACE   GST_REFCOUNTING gstobject.c:208:gst_object_init: 0x5579ae6eca50 new
0:00:00.005431051  2727 0x5579ae6bd320 LOG   GST_ELEMENT_FACTORY gstelementfactory.c:238:gst_element_register: Created new elementfactory for type GstDownloadBuffer
0:00:00.005444267  2727 0x5579ae6bd320 TRACE   structure gststructure.c:292:gst_structure_new_id_empty_with_size: created structure 0x5579ae6ece30
0:00:00.005450771  2727 0x5579ae6bd320 TRACE   GST_PERFORMANCE gststructure.c:512:gst_structure_copy: doing copy 0x5579ae6cc270 -> 0x5579ae6ece30
0:00:00.005457645  2727 0x5579ae6bd320 DEBUG   GST_ELEMENT_PADS gstelement.c:312:gst_element_base_class_init: type GstDownloadBuffer : factory 0x5579ae6eca50
0:00:00.005480754  2727 0x5579ae6bd320 TRACE   GST_CAPS gstcaps.c:263:gst_caps_new_empty: created caps 0x5579ae6ecb80
0:00:00.005487699  2727 0x5579ae6bd320 TRACE   GST_CAPS gstcaps.c:440:gst_static_caps_get: created 0x7f45ad334150 from string ANY
0:00:00.005494251  2727 0x5579ae6bd320 TRACE   GST_REFCOUNTING gstminiobject.c:479:gst_mini_object_ref: 0x5579ae6ecb80 ref 1->2
0:00:00.005508278  2727 0x5579ae6bd320 TRACE   GST_REFCOUNTING gstobject.c:208:gst_object_init: 0x5579ae6ed390 new
0:00:00.005517397  2727 0x5579ae6bd320 TRACE   GST_REFCOUNTING gstminiobject.c:479:gst_mini_object_ref: 0x5579ae6ecb80 ref 2->3
0:00:00.005526268  2727 0x5579ae6bd320 TRACE   GST_REFCOUNTING gstminiobject.c:661:gst_mini_object_unref: 0x5579ae6ecb80 unref 3->2
0:00:00.005533708  2727 0x5579ae6bd320 TRACE   GST_REFCOUNTING gstobject.c:294:gst_object_ref_sink: 0x5579ae6ed390 ref_sink 1->2
0:00:00.005540197  2727 0x5579ae6bd320 TRACE   GST_CAPS gstcaps.c:263:gst_caps_new_empty: created caps 0x5579ae6ed500
0:00:00.005546618  2727 0x5579ae6bd320 TRACE   GST_CAPS gstcaps.c:440:gst_static_caps_get: created 0x7f45ad334110 from string ANY
0:00:00.005552987  2727 0x5579ae6bd320 TRACE   GST_REFCOUNTING gstminiobject.c:479:gst_mini_object_ref: 0x5579ae6ed500 ref 1->2
0:00:00.005561628  2727 0x5579ae6bd320 TRACE   GST_REFCOUNTING gstobject.c:208:gst_object_init: 0x5579ae6ed570 new
0:00:00.005570209  2727 0x5579ae6bd320 TRACE   GST_REFCOUNTING gstminiobject.c:479:gst_mini_object_ref: 0x5579ae6ed500 ref 2->3
0:00:00.005579200  2727 0x5579ae6bd320 TRACE   GST_REFCOUNTING gstminiobject.c:661:gst_mini_object_unref: 0x5579ae6ed500 unref 3->2
0:00:00.005586685  2727 0x5579ae6bd320 TRACE   GST_REFCOUNTING gstobject.c:294:gst_object_ref_sink: 0x5579ae6ed570 ref_sink 1->2
0:00:00.005596986  2727 0x5579ae6bd320 TRACE   structure gststructure.c:292:gst_structure_new_id_empty_with_size: created structure 0x5579ae6ed870
0:00:00.005604545  2727 0x5579ae6bd320 TRACE   GST_PERFORMANCE gststructure.c:512:gst_structure_copy: doing copy 0x5579ae6ece30 -> 0x5579ae6ed870
0:00:00.005613723  2727 0x5579ae6bd320 DEBUG   GST_REGISTRY gstregistry.c:590:gst_registry_add_feature: adding feature 0x5579ae6eca50 (downloadbuffer)
0:00:00.005620263  2727 0x5579ae6bd320 DEBUG   GST_REFCOUNTING gstobject.c:709:gst_object_set_parent: set parent (ref and sink)
0:00:00.005627522  2727 0x5579ae6bd320 TRACE   GST_REFCOUNTING gstobject.c:294:gst_object_ref_sink: 0x5579ae6eca50 ref_sink 1->2
0:00:00.005634450  2727 0x5579ae6bd320 LOG   GST_REGISTRY gstregistry.c:608:gst_registry_add_feature: emitting feature-added for downloadbuffer
0:00:00.005650897  2727 0x5579ae6bd320 TRACE   GST_REFCOUNTING gstobject.c:208:gst_object_init: 0x5579ae6edc20 new
0:00:00.005660848  2727 0x5579ae6bd320 LOG   GST_ELEMENT_FACTORY gstelementfactory.c:238:gst_element_register: Created new elementfactory for type GstFakeSrc
0:00:00.005671873  2727 0x5579ae6bd320 TRACE   structure gststructure.c:292:gst_structure_new_id_empty_with_size: created structure 0x5579ae6ee140
0:00:00.005678301  2727 0x5579ae6bd320 TRACE   GST_PERFORMANCE gststructure.c:512:gst_structure_copy: doing copy 0x5579ae6eb160 -> 0x5579ae6ee140
0:00:00.005685058  2727 0x5579ae6bd320 DEBUG   GST_ELEMENT_PADS gstelement.c:312:gst_element_base_class_init: type GstFakeSrc : factory 0x5579ae6edc20
0:00:00.005761675  2727 0x5579ae6bd320 TRACE   GST_CAPS gstcaps.c:263:gst_caps_new_empty: created caps 0x5579ae6edd50
0:00:00.005774478  2727 0x5579ae6bd320 TRACE   GST_CAPS gstcaps.c:440:gst_static_caps_get: created 0x7f45ad3341d0 from string ANY
0:00:00.005781622  2727 0x5579ae6bd320 TRACE   GST_REFCOUNTING gstminiobject.c:479:gst_mini_object_ref: 0x5579ae6edd50 ref 1->2
0:00:00.005791324  2727 0x5579ae6bd320 TRACE   GST_REFCOUNTING gstobject.c:208:gst_object_init: 0x5579ae6ef0a0 new
0:00:00.005800578  2727 0x5579ae6bd320 TRACE   GST_REFCOUNTING gstminiobject.c:479:gst_mini_object_ref: 0x5579ae6edd50 ref 2->3
0:00:00.005809672  2727 0x5579ae6bd320 TRACE   GST_REFCOUNTING gstminiobject.c:661:gst_mini_object_unref: 0x5579ae6edd50 unref 3->2
0:00:00.005817552  2727 0x5579ae6bd320 TRACE   GST_REFCOUNTING gstobject.c:294:gst_object_ref_sink: 0x5579ae6ef0a0 ref_sink 1->2
0:00:00.005828428  2727 0x5579ae6bd320 TRACE   structure gststructure.c:292:gst_structure_new_id_empty_with_size: created structure 0x5579ae6ef300
0:00:00.005836182  2727 0x5579ae6bd320 TRACE   GST_PERFORMANCE gststructure.c:512:gst_structure_copy: doing copy 0x5579ae6ee140 -> 0x5579ae6ef300
0:00:00.005845335  2727 0x5579ae6bd320 DEBUG   GST_REGISTRY gstregistry.c:590:gst_registry_add_feature: adding feature 0x5579ae6edc20 (fakesrc)
0:00:00.005851996  2727 0x5579ae6bd320 DEBUG   GST_REFCOUNTING gstobject.c:709:gst_object_set_parent: set parent (ref and sink)
0:00:00.005865243  2727 0x5579ae6bd320 TRACE   GST_REFCOUNTING gstobject.c:294:gst_object_ref_sink: 0x5579ae6edc20 ref_sink 1->2
0:00:00.005872409  2727 0x5579ae6bd320 LOG   GST_REGISTRY gstregistry.c:608:gst_registry_add_feature: emitting feature-added for fakesrc
0:00:00.005892941  2727 0x5579ae6bd320 TRACE   GST_REFCOUNTING gstobject.c:208:gst_object_init: 0x5579ae6ef890 new
0:00:00.005903600  2727 0x5579ae6bd320 LOG   GST_ELEMENT_FACTORY gstelementfactory.c:238:gst_element_register: Created new elementfactory for type GstFakeSink
0:00:00.005912029  2727 0x5579ae6bd320 TRACE   structure gststructure.c:292:gst_structure_new_id_empty_with_size: created structure 0x5579ae6efda0
0:00:00.005921506  2727 0x5579ae6bd320 TRACE   GST_PERFORMANCE gststructure.c:512:gst_structure_copy: doing copy 0x5579ae6cc270 -> 0x5579ae6efda0
0:00:00.005928675  2727 0x5579ae6bd320 DEBUG   GST_ELEMENT_PADS gstelement.c:312:gst_element_base_class_init: type GstBaseSink : factory (nil)
0:00:00.005972380  2727 0x5579ae6bd320 TRACE   structure gststructure.c:292:gst_structure_new_id_empty_with_size: created structure 0x5579ae6f0a70
0:00:00.005979586  2727 0x5579ae6bd320 TRACE   GST_PERFORMANCE gststructure.c:512:gst_structure_copy: doing copy 0x5579ae6efda0 -> 0x5579ae6f0a70
0:00:00.005986775  2727 0x5579ae6bd320 DEBUG   GST_ELEMENT_PADS gstelement.c:312:gst_element_base_class_init: type GstFakeSink : factory 0x5579ae6ef890
0:00:00.006025952  2727 0x5579ae6bd320 TRACE   GST_CAPS gstcaps.c:263:gst_caps_new_empty: created caps 0x5579ae6ef9c0
0:00:00.006033828  2727 0x5579ae6bd320 TRACE   GST_CAPS gstcaps.c:440:gst_static_caps_get: created 0x7f45ad334190 from string ANY
0:00:00.006045540  2727 0x5579ae6bd320 TRACE   GST_REFCOUNTING gstminiobject.c:479:gst_mini_object_ref: 0x5579ae6ef9c0 ref 1->2
0:00:00.006055481  2727 0x5579ae6bd320 TRACE   GST_REFCOUNTING gstobject.c:208:gst_object_init: 0x5579ae6f1570 new
0:00:00.006064925  2727 0x5579ae6bd320 TRACE   GST_REFCOUNTING gstminiobject.c:479:gst_mini_object_ref: 0x5579ae6ef9c0 ref 2->3
0:00:00.006074160  2727 0x5579ae6bd320 TRACE   GST_REFCOUNTING gstminiobject.c:661:gst_mini_object_unref: 0x5579ae6ef9c0 unref 3->2
0:00:00.006081980  2727 0x5579ae6bd320 TRACE   GST_REFCOUNTING gstobject.c:294:gst_object_ref_sink: 0x5579ae6f1570 ref_sink 1->2
0:00:00.006092172  2727 0x5579ae6bd320 TRACE   structure gststructure.c:292:gst_structure_new_id_empty_with_size: created structure 0x5579ae6f1970
0:00:00.006099729  2727 0x5579ae6bd320 TRACE   GST_PERFORMANCE gststructure.c:512:gst_structure_copy: doing copy 0x5579ae6f0a70 -> 0x5579ae6f1970
0:00:00.006108792  2727 0x5579ae6bd320 DEBUG   GST_REGISTRY gstregistry.c:590:gst_registry_add_feature: adding feature 0x5579ae6ef890 (fakesink)
