0:00:00.012724831  2727 0x5579ae6bd320 DEBUG   GST_POLL gstpoll.c:980:gst_poll_fd_ctl_write: 0x5579ae6e1cf0: fd (fd:0, idx:1), active : 1
0:00:00.012730888  2727 0x5579ae6bd320 LOG   GST_POLL gstpoll.c:994:gst_poll_fd_ctl_write: 0x5579ae6e1cf0: pfd->events now 60 (POLLOUT:4)
0:00:00.012737193  2727 0x5579ae6bd320 DEBUG   GST_POLL gstpoll.c:980:gst_poll_fd_ctl_write: 0x5579ae6e1cf0: fd (fd:0, idx:1), active : 1
0:00:00.012743193  2727 0x5579ae6bd320 LOG   GST_POLL gstpoll.c:994:gst_poll_fd_ctl_write: 0x5579ae6e1cf0: pfd->events now 60 (POLLOUT:4)
0:00:00.012749646  2727 0x5579ae6bd320 DEBUG   GST_POLL gstpoll.c:980:gst_poll_fd_ctl_write: 0x5579ae6e1cf0: fd (fd:0, idx:1), active : 1
0:00:00.012755695  2727 0x5579ae6bd320 LOG   GST_POLL gstpoll.c:994:gst_poll_fd_ctl_write: 0x5579ae6e1cf0: pfd->events now 60 (POLLOUT:4)
0:00:00.012762013  2727 0x5579ae6bd320 DEBUG   GST_POLL gstpoll.c:980:gst_poll_fd_ctl_write: 0x5579ae6e1cf0: fd (fd:0, idx:1), active : 1
0:00:00.012768187  2727 0x5579ae6bd320 LOG   GST_POLL gstpoll.c:994:gst_poll_fd_ctl_write: 0x5579ae6e1cf0: pfd->events now 60 (POLLOUT:4)
0:00:00.012774467  2727 0x5579ae6bd320 DEBUG   GST_POLL gstpoll.c:980:gst_poll_fd_ctl_write: 0x5579ae6e1cf0: fd (fd:0, idx:1), active : 1
0:00:00.012780519  2727 0x5579ae6bd320 LOG   GST_POLL gstpoll.c:994:gst_poll_fd_ctl_write: 0x5579ae6e1cf0: pfd->events now 60 (POLLOUT:4)
0:00:00.012786846  2727 0x5579ae6bd320 DEBUG   GST_POLL gstpoll.c:980:gst_poll_fd_ctl_write: 0x5579ae6e1cf0: fd (fd:0, idx:1), active : 1
0:00:00.012792884  2727 0x5579ae6bd320 LOG   GST_POLL gstpoll.c:994:gst_poll_fd_ctl_write: 0x5579ae6e1cf0: pfd->events now 60 (POLLOUT:4)
0:00:00.012799322  2727 0x5579ae6bd320 DEBUG   GST_POLL gstpoll.c:980:gst_poll_fd_ctl_write: 0x5579ae6e1cf0: fd (fd:0, idx:1), active : 1
0:00:00.012805454  2727 0x5579ae6bd320 LOG   GST_POLL gstpoll.c:994:gst_poll_fd_ctl_write: 0x5579ae6e1cf0: pfd->events now 60 (POLLOUT:4)
0:00:00.012811857  2727 0x5579ae6bd320 DEBUG   GST_POLL gstpoll.c:980:gst_poll_fd_ctl_write: 0x5579ae6e1cf0: fd (fd:0, idx:1), active : 1
0:00:00.012817959  2727 0x5579ae6bd320 LOG   GST_POLL gstpoll.c:994:gst_poll_fd_ctl_write: 0x5579ae6e1cf0: pfd->events now 60 (POLLOUT:4)
0:00:00.012828240  2727 0x5579ae6bd320 DEBUG   GST_POLL gstpoll.c:980:gst_poll_fd_ctl_write: 0x5579ae6e1cf0: fd (fd:0, idx:1), active : 1
0:00:00.012834360  2727 0x5579ae6bd320 LOG   GST_POLL gstpoll.c:994:gst_poll_fd_ctl_write: 0x5579ae6e1cf0: pfd->events now 60 (POLLOUT:4)
0:00:00.012840679  2727 0x5579ae6bd320 DEBUG   GST_POLL gstpoll.c:980:gst_poll_fd_ctl_write: 0x5579ae6e1cf0: fd (fd:0, idx:1), active : 1
0:00:00.012846658  2727 0x5579ae6bd320 LOG   GST_POLL gstpoll.c:994:gst_poll_fd_ctl_write: 0x5579ae6e1cf0: pfd->events now 60 (POLLOUT:4)
0:00:00.012853149  2727 0x5579ae6bd320 DEBUG   GST_POLL gstpoll.c:980:gst_poll_fd_ctl_write: 0x5579ae6e1cf0: fd (fd:0, idx:1), active : 1
0:00:00.012859252  2727 0x5579ae6bd320 LOG   GST_POLL gstpoll.c:994:gst_poll_fd_ctl_write: 0x5579ae6e1cf0: pfd->events now 60 (POLLOUT:4)
0:00:00.012865794  2727 0x5579ae6bd320 DEBUG   GST_POLL gstpoll.c:980:gst_poll_fd_ctl_write: 0x5579ae6e1cf0: fd (fd:0, idx:1), active : 1
0:00:00.012889257  2727 0x5579ae6bd320 LOG   GST_POLL gstpoll.c:994:gst_poll_fd_ctl_write: 0x5579ae6e1cf0: pfd->events now 60 (POLLOUT:4)
0:00:00.012895991  2727 0x5579ae6bd320 DEBUG   GST_POLL gstpoll.c:980:gst_poll_fd_ctl_write: 0x5579ae6e1cf0: fd (fd:0, idx:1), active : 1
0:00:00.012902264  2727 0x5579ae6bd320 LOG   GST_POLL gstpoll.c:994:gst_poll_fd_ctl_write: 0x5579ae6e1cf0: pfd->events now 60 (POLLOUT:4)
0:00:00.012908816  2727 0x5579ae6bd320 DEBUG   GST_POLL gstpoll.c:980:gst_poll_fd_ctl_write: 0x5579ae6e1cf0: fd (fd:0, idx:1), active : 1
0:00:00.012915090  2727 0x5579ae6bd320 LOG   GST_POLL gstpoll.c:994:gst_poll_fd_ctl_write: 0x5579ae6e1cf0: pfd->events now 60 (POLLOUT:4)
0:00:00.012921539  2727 0x5579ae6bd320 DEBUG   GST_POLL gstpoll.c:980:gst_poll_fd_ctl_write: 0x5579ae6e1cf0: fd (fd:0, idx:1), active : 1
0:00:00.012927791  2727 0x5579ae6bd320 LOG   GST_POLL gstpoll.c:994:gst_poll_fd_ctl_write: 0x5579ae6e1cf0: pfd->events now 60 (POLLOUT:4)
0:00:00.012934330  2727 0x5579ae6bd320 DEBUG   GST_POLL gstpoll.c:980:gst_poll_fd_ctl_write: 0x5579ae6e1cf0: fd (fd:0, idx:1), active : 1
0:00:00.012940577  2727 0x5579ae6bd320 LOG   GST_POLL gstpoll.c:994:gst_poll_fd_ctl_write: 0x5579ae6e1cf0: pfd->events now 60 (POLLOUT:4)
0:00:00.012947245  2727 0x5579ae6bd320 DEBUG   GST_POLL gstpoll.c:980:gst_poll_fd_ctl_write: 0x5579ae6e1cf0: fd (fd:0, idx:1), active : 1
0:00:00.012953455  2727 0x5579ae6bd320 LOG   GST_POLL gstpoll.c:994:gst_poll_fd_ctl_write: 0x5579ae6e1cf0: pfd->events now 60 (POLLOUT:4)
0:00:00.012960072  2727 0x5579ae6bd320 DEBUG   GST_POLL gstpoll.c:980:gst_poll_fd_ctl_write: 0x5579ae6e1cf0: fd (fd:0, idx:1), active : 1
0:00:00.012966292  2727 0x5579ae6bd320 LOG   GST_POLL gstpoll.c:994:gst_poll_fd_ctl_write: 0x5579ae6e1cf0: pfd->events now 60 (POLLOUT:4)
0:00:00.012972822  2727 0x5579ae6bd320 DEBUG   GST_POLL gstpoll.c:980:gst_poll_fd_ctl_write: 0x5579ae6e1cf0: fd (fd:0, idx:1), active : 1
0:00:00.012979071  2727 0x5579ae6bd320 LOG   GST_POLL gstpoll.c:994:gst_poll_fd_ctl_write: 0x5579ae6e1cf0: pfd->events now 60 (POLLOUT:4)
0:00:00.012989225  2727 0x5579ae6bd320 DEBUG   GST_POLL gstpoll.c:980:gst_poll_fd_ctl_write: 0x5579ae6e1cf0: fd (fd:0, idx:1), active : 1
0:00:00.012995484  2727 0x5579ae6bd320 LOG   GST_POLL gstpoll.c:994:gst_poll_fd_ctl_write: 0x5579ae6e1cf0: pfd->events now 60 (POLLOUT:4)
0:00:00.013002146  2727 0x5579ae6bd320 DEBUG   GST_POLL gstpoll.c:980:gst_poll_fd_ctl_write: 0x5579ae6e1cf0: fd (fd:0, idx:1), active : 1
0:00:00.013008427  2727 0x5579ae6bd320 LOG   GST_POLL gstpoll.c:994:gst_poll_fd_ctl_write: 0x5579ae6e1cf0: pfd->events now 60 (POLLOUT:4)
0:00:00.013015048  2727 0x5579ae6bd320 DEBUG   GST_POLL gstpoll.c:980:gst_poll_fd_ctl_write: 0x5579ae6e1cf0: fd (fd:0, idx:1), active : 1
0:00:00.013021462  2727 0x5579ae6bd320 LOG   GST_POLL gstpoll.c:994:gst_poll_fd_ctl_write: 0x5579ae6e1cf0: pfd->events now 60 (POLLOUT:4)
0:00:00.013028086  2727 0x5579ae6bd320 DEBUG   GST_POLL gstpoll.c:980:gst_poll_fd_ctl_write: 0x5579ae6e1cf0: fd (fd:0, idx:1), active : 1
0:00:00.013034295  2727 0x5579ae6bd320 LOG   GST_POLL gstpoll.c:994:gst_poll_fd_ctl_write: 0x5579ae6e1cf0: pfd->events now 60 (POLLOUT:4)
0:00:00.013040782  2727 0x5579ae6bd320 LOG   GST_PLUGIN_LOADING gstpluginloader.c:645:put_chunk: Expanding tx buf from 5764 to 7717 for chunk of size 229
0:00:00.013051239  2727 0x5579ae6bd320 DEBUG   GST_POLL gstpoll.c:980:gst_poll_fd_ctl_write: 0x5579ae6e1cf0: fd (fd:0, idx:1), active : 1
0:00:00.013057675  2727 0x5579ae6bd320 LOG   GST_POLL gstpoll.c:994:gst_poll_fd_ctl_write: 0x5579ae6e1cf0: pfd->events now 60 (POLLOUT:4)
0:00:00.013064379  2727 0x5579ae6bd320 DEBUG   GST_POLL gstpoll.c:980:gst_poll_fd_ctl_write: 0x5579ae6e1cf0: fd (fd:0, idx:1), active : 1
0:00:00.013070697  2727 0x5579ae6bd320 LOG   GST_POLL gstpoll.c:994:gst_poll_fd_ctl_write: 0x5579ae6e1cf0: pfd->events now 60 (POLLOUT:4)
0:00:00.013077359  2727 0x5579ae6bd320 DEBUG   GST_POLL gstpoll.c:980:gst_poll_fd_ctl_write: 0x5579ae6e1cf0: fd (fd:0, idx:1), active : 1
0:00:00.013083666  2727 0x5579ae6bd320 LOG   GST_POLL gstpoll.c:994:gst_poll_fd_ctl_write: 0x5579ae6e1cf0: pfd->events now 60 (POLLOUT:4)
0:00:00.013090259  2727 0x5579ae6bd320 DEBUG   GST_POLL gstpoll.c:980:gst_poll_fd_ctl_write: 0x5579ae6e1cf0: fd (fd:0, idx:1), active : 1
0:00:00.013096650  2727 0x5579ae6bd320 LOG   GST_POLL gstpoll.c:994:gst_poll_fd_ctl_write: 0x5579ae6e1cf0: pfd->events now 60 (POLLOUT:4)
0:00:00.013103126  2727 0x5579ae6bd320 DEBUG   GST_POLL gstpoll.c:980:gst_poll_fd_ctl_write: 0x5579ae6e1cf0: fd (fd:0, idx:1), active : 1
0:00:00.013109505  2727 0x5579ae6bd320 LOG   GST_POLL gstpoll.c:994:gst_poll_fd_ctl_write: 0x5579ae6e1cf0: pfd->events now 60 (POLLOUT:4)
0:00:00.013115998  2727 0x5579ae6bd320 DEBUG   GST_POLL gstpoll.c:980:gst_poll_fd_ctl_write: 0x5579ae6e1cf0: fd (fd:0, idx:1), active : 1
0:00:00.013122297  2727 0x5579ae6bd320 LOG   GST_POLL gstpoll.c:994:gst_poll_fd_ctl_write: 0x5579ae6e1cf0: pfd->events now 60 (POLLOUT:4)
0:00:00.013128882  2727 0x5579ae6bd320 DEBUG   GST_POLL gstpoll.c:980:gst_poll_fd_ctl_write: 0x5579ae6e1cf0: fd (fd:0, idx:1), active : 1
0:00:00.013138979  2727 0x5579ae6bd320 LOG   GST_POLL gstpoll.c:994:gst_poll_fd_ctl_write: 0x5579ae6e1cf0: pfd->events now 60 (POLLOUT:4)
0:00:00.013145685  2727 0x5579ae6bd320 DEBUG   GST_POLL gstpoll.c:980:gst_poll_fd_ctl_write: 0x5579ae6e1cf0: fd (fd:0, idx:1), active : 1
0:00:00.013151996  2727 0x5579ae6bd320 LOG   GST_POLL gstpoll.c:994:gst_poll_fd_ctl_write: 0x5579ae6e1cf0: pfd->events now 60 (POLLOUT:4)
0:00:00.013159621  2727 0x5579ae6bd320 DEBUG   GST_POLL gstpoll.c:980:gst_poll_fd_ctl_write: 0x5579ae6e1cf0: fd (fd:0, idx:1), active : 1
0:00:00.013169210  2727 0x5579ae6bd320 LOG   GST_POLL gstpoll.c:994:gst_poll_fd_ctl_write: 0x5579ae6e1cf0: pfd->events now 60 (POLLOUT:4)
0:00:00.013195135  2727 0x5579ae6bd320 DEBUG   GST_POLL gstpoll.c:980:gst_poll_fd_ctl_write: 0x5579ae6e1cf0: fd (fd:0, idx:1), active : 1
0:00:00.013205636  2727 0x5579ae6bd320 LOG   GST_POLL gstpoll.c:994:gst_poll_fd_ctl_write: 0x5579ae6e1cf0: pfd->events now 60 (POLLOUT:4)
0:00:00.013212437  2727 0x5579ae6bd320 DEBUG   GST_POLL gstpoll.c:980:gst_poll_fd_ctl_write: 0x5579ae6e1cf0: fd (fd:0, idx:1), active : 1
0:00:00.013218728  2727 0x5579ae6bd320 LOG   GST_POLL gstpoll.c:994:gst_poll_fd_ctl_write: 0x5579ae6e1cf0: pfd->events now 60 (POLLOUT:4)
0:00:00.013225315  2727 0x5579ae6bd320 DEBUG   GST_POLL gstpoll.c:980:gst_poll_fd_ctl_write: 0x5579ae6e1cf0: fd (fd:0, idx:1), active : 1
0:00:00.013231614  2727 0x5579ae6bd320 LOG   GST_POLL gstpoll.c:994:gst_poll_fd_ctl_write: 0x5579ae6e1cf0: pfd->events now 60 (POLLOUT:4)
0:00:00.013238209  2727 0x5579ae6bd320 DEBUG   GST_POLL gstpoll.c:980:gst_poll_fd_ctl_write: 0x5579ae6e1cf0: fd (fd:0, idx:1), active : 1
0:00:00.013244454  2727 0x5579ae6bd320 LOG   GST_POLL gstpoll.c:994:gst_poll_fd_ctl_write: 0x5579ae6e1cf0: pfd->events now 60 (POLLOUT:4)
0:00:00.013250968  2727 0x5579ae6bd320 DEBUG   GST_POLL gstpoll.c:980:gst_poll_fd_ctl_write: 0x5579ae6e1cf0: fd (fd:0, idx:1), active : 1
0:00:00.013257234  2727 0x5579ae6bd320 LOG   GST_POLL gstpoll.c:994:gst_poll_fd_ctl_write: 0x5579ae6e1cf0: pfd->events now 60 (POLLOUT:4)
0:00:00.013263775  2727 0x5579ae6bd320 DEBUG   GST_POLL gstpoll.c:980:gst_poll_fd_ctl_write: 0x5579ae6e1cf0: fd (fd:0, idx:1), active : 1
0:00:00.013270165  2727 0x5579ae6bd320 LOG   GST_POLL gstpoll.c:994:gst_poll_fd_ctl_write: 0x5579ae6e1cf0: pfd->events now 60 (POLLOUT:4)
0:00:00.013276782  2727 0x5579ae6bd320 DEBUG   GST_POLL gstpoll.c:980:gst_poll_fd_ctl_write: 0x5579ae6e1cf0: fd (fd:0, idx:1), active : 1
0:00:00.013283006  2727 0x5579ae6bd320 LOG   GST_POLL gstpoll.c:994:gst_poll_fd_ctl_write: 0x5579ae6e1cf0: pfd->events now 60 (POLLOUT:4)
0:00:00.013289567  2727 0x5579ae6bd320 DEBUG   GST_POLL gstpoll.c:980:gst_poll_fd_ctl_write: 0x5579ae6e1cf0: fd (fd:0, idx:1), active : 1
0:00:00.013295799  2727 0x5579ae6bd320 LOG   GST_POLL gstpoll.c:994:gst_poll_fd_ctl_write: 0x5579ae6e1cf0: pfd->events now 60 (POLLOUT:4)
0:00:00.013302297  2727 0x5579ae6bd320 DEBUG   GST_POLL gstpoll.c:980:gst_poll_fd_ctl_write: 0x5579ae6e1cf0: fd (fd:0, idx:1), active : 1
0:00:00.013308510  2727 0x5579ae6bd320 LOG   GST_POLL gstpoll.c:994:gst_poll_fd_ctl_write: 0x5579ae6e1cf0: pfd->events now 60 (POLLOUT:4)
0:00:00.013321205  2727 0x5579ae6bd320 DEBUG   GST_POLL gstpoll.c:980:gst_poll_fd_ctl_write: 0x5579ae6e1cf0: fd (fd:0, idx:1), active : 1
0:00:00.013327573  2727 0x5579ae6bd320 LOG   GST_POLL gstpoll.c:994:gst_poll_fd_ctl_write: 0x5579ae6e1cf0: pfd->events now 60 (POLLOUT:4)
0:00:00.013334193  2727 0x5579ae6bd320 DEBUG   GST_POLL gstpoll.c:980:gst_poll_fd_ctl_write: 0x5579ae6e1cf0: fd (fd:0, idx:1), active : 1
0:00:00.013340375  2727 0x5579ae6bd320 LOG   GST_POLL gstpoll.c:994:gst_poll_fd_ctl_write: 0x5579ae6e1cf0: pfd->events now 60 (POLLOUT:4)
0:00:00.013347053  2727 0x5579ae6bd320 DEBUG   GST_POLL gstpoll.c:980:gst_poll_fd_ctl_write: 0x5579ae6e1cf0: fd (fd:0, idx:1), active : 1
0:00:00.013353291  2727 0x5579ae6bd320 LOG   GST_POLL gstpoll.c:994:gst_poll_fd_ctl_write: 0x5579ae6e1cf0: pfd->events now 60 (POLLOUT:4)
0:00:00.013364054  2727 0x5579ae6bd320 DEBUG   GST_POLL gstpoll.c:980:gst_poll_fd_ctl_write: 0x5579ae6e1cf0: fd (fd:0, idx:1), active : 1
0:00:00.013370487  2727 0x5579ae6bd320 LOG   GST_POLL gstpoll.c:994:gst_poll_fd_ctl_write: 0x5579ae6e1cf0: pfd->events now 60 (POLLOUT:4)
0:00:00.013377019  2727 0x5579ae6bd320 DEBUG   GST_POLL gstpoll.c:980:gst_poll_fd_ctl_write: 0x5579ae6e1cf0: fd (fd:0, idx:1), active : 1
0:00:00.013383200  2727 0x5579ae6bd320 LOG   GST_POLL gstpoll.c:994:gst_poll_fd_ctl_write: 0x5579ae6e1cf0: pfd->events now 60 (POLLOUT:4)
0:00:00.013389795  2727 0x5579ae6bd320 DEBUG   GST_POLL gstpoll.c:980:gst_poll_fd_ctl_write: 0x5579ae6e1cf0: fd (fd:0, idx:1), active : 1
0:00:00.013396075  2727 0x5579ae6bd320 LOG   GST_POLL gstpoll.c:994:gst_poll_fd_ctl_write: 0x5579ae6e1cf0: pfd->events now 60 (POLLOUT:4)
0:00:00.013402561  2727 0x5579ae6bd320 DEBUG   GST_POLL gstpoll.c:980:gst_poll_fd_ctl_write: 0x5579ae6e1cf0: fd (fd:0, idx:1), active : 1
0:00:00.013408834  2727 0x5579ae6bd320 LOG   GST_POLL gstpoll.c:994:gst_poll_fd_ctl_write: 0x5579ae6e1cf0: pfd->events now 60 (POLLOUT:4)
0:00:00.013415393  2727 0x5579ae6bd320 DEBUG   GST_POLL gstpoll.c:980:gst_poll_fd_ctl_write: 0x5579ae6e1cf0: fd (fd:0, idx:1), active : 1
0:00:00.013421566  2727 0x5579ae6bd320 LOG   GST_POLL gstpoll.c:994:gst_poll_fd_ctl_write: 0x5579ae6e1cf0: pfd->events now 60 (POLLOUT:4)
0:00:00.013428295  2727 0x5579ae6bd320 DEBUG   GST_POLL gstpoll.c:980:gst_poll_fd_ctl_write: 0x5579ae6e1cf0: fd (fd:0, idx:1), active : 1
0:00:00.013434540  2727 0x5579ae6bd320 LOG   GST_POLL gstpoll.c:994:gst_poll_fd_ctl_write: 0x5579ae6e1cf0: pfd->events now 60 (POLLOUT:4)
0:00:00.013441274  2727 0x5579ae6bd320 DEBUG   GST_POLL gstpoll.c:980:gst_poll_fd_ctl_write: 0x5579ae6e1cf0: fd (fd:0, idx:1), active : 1
0:00:00.013447513  2727 0x5579ae6bd320 LOG   GST_POLL gstpoll.c:994:gst_poll_fd_ctl_write: 0x5579ae6e1cf0: pfd->events now 60 (POLLOUT:4)
0:00:00.013454102  2727 0x5579ae6bd320 DEBUG   GST_POLL gstpoll.c:980:gst_poll_fd_ctl_write: 0x5579ae6e1cf0: fd (fd:0, idx:1), active : 1
0:00:00.013460316  2727 0x5579ae6bd320 LOG   GST_POLL gstpoll.c:994:gst_poll_fd_ctl_write: 0x5579ae6e1cf0: pfd->events now 60 (POLLOUT:4)
0:00:00.013471234  2727 0x5579ae6bd320 DEBUG   GST_POLL gstpoll.c:980:gst_poll_fd_ctl_write: 0x5579ae6e1cf0: fd (fd:0, idx:1), active : 1
0:00:00.013484206  2727 0x5579ae6bd320 LOG   GST_POLL gstpoll.c:994:gst_poll_fd_ctl_write: 0x5579ae6e1cf0: pfd->events now 60 (POLLOUT:4)
0:00:00.013491021  2727 0x5579ae6bd320 DEBUG   GST_POLL gstpoll.c:980:gst_poll_fd_ctl_write: 0x5579ae6e1cf0: fd (fd:0, idx:1), active : 1
0:00:00.013497254  2727 0x5579ae6bd320 LOG   GST_POLL gstpoll.c:994:gst_poll_fd_ctl_write: 0x5579ae6e1cf0: pfd->events now 60 (POLLOUT:4)
0:00:00.013503844  2727 0x5579ae6bd320 DEBUG   GST_POLL gstpoll.c:980:gst_poll_fd_ctl_write: 0x5579ae6e1cf0: fd (fd:0, idx:1), active : 1
0:00:00.013510182  2727 0x5579ae6bd320 LOG   GST_POLL gstpoll.c:994:gst_poll_fd_ctl_write: 0x5579ae6e1cf0: pfd->events now 60 (POLLOUT:4)
0:00:00.013516728  2727 0x5579ae6bd320 DEBUG   GST_POLL gstpoll.c:980:gst_poll_fd_ctl_write: 0x5579ae6e1cf0: fd (fd:0, idx:1), active : 1
0:00:00.013522935  2727 0x5579ae6bd320 LOG   GST_POLL gstpoll.c:994:gst_poll_fd_ctl_write: 0x5579ae6e1cf0: pfd->events now 60 (POLLOUT:4)
0:00:00.013529482  2727 0x5579ae6bd320 DEBUG   GST_POLL gstpoll.c:980:gst_poll_fd_ctl_write: 0x5579ae6e1cf0: fd (fd:0, idx:1), active : 1
0:00:00.013535654  2727 0x5579ae6bd320 LOG   GST_POLL gstpoll.c:994:gst_poll_fd_ctl_write: 0x5579ae6e1cf0: pfd->events now 60 (POLLOUT:4)
0:00:00.013542201  2727 0x5579ae6bd320 DEBUG   GST_POLL gstpoll.c:980:gst_poll_fd_ctl_write: 0x5579ae6e1cf0: fd (fd:0, idx:1), active : 1
0:00:00.013548489  2727 0x5579ae6bd320 LOG   GST_POLL gstpoll.c:994:gst_poll_fd_ctl_write: 0x5579ae6e1cf0: pfd->events now 60 (POLLOUT:4)
0:00:00.013555106  2727 0x5579ae6bd320 DEBUG   GST_POLL gstpoll.c:980:gst_poll_fd_ctl_write: 0x5579ae6e1cf0: fd (fd:0, idx:1), active : 1
0:00:00.013561360  2727 0x5579ae6bd320 LOG   GST_POLL gstpoll.c:994:gst_poll_fd_ctl_write: 0x5579ae6e1cf0: pfd->events now 60 (POLLOUT:4)
0:00:00.013567944  2727 0x5579ae6bd320 DEBUG   GST_POLL gstpoll.c:980:gst_poll_fd_ctl_write: 0x5579ae6e1cf0: fd (fd:0, idx:1), active : 1
0:00:00.013574282  2727 0x5579ae6bd320 LOG   GST_POLL gstpoll.c:994:gst_poll_fd_ctl_write: 0x5579ae6e1cf0: pfd->events now 60 (POLLOUT:4)
0:00:00.013580891  2727 0x5579ae6bd320 DEBUG   GST_POLL gstpoll.c:980:gst_poll_fd_ctl_write: 0x5579ae6e1cf0: fd (fd:0, idx:1), active : 1
0:00:00.013587105  2727 0x5579ae6bd320 LOG   GST_POLL gstpoll.c:994:gst_poll_fd_ctl_write: 0x5579ae6e1cf0: pfd->events now 60 (POLLOUT:4)
0:00:00.013593662  2727 0x5579ae6bd320 DEBUG   GST_POLL gstpoll.c:980:gst_poll_fd_ctl_write: 0x5579ae6e1cf0: fd (fd:0, idx:1), active : 1
0:00:00.013599853  2727 0x5579ae6bd320 LOG   GST_POLL gstpoll.c:994:gst_poll_fd_ctl_write: 0x5579ae6e1cf0: pfd->events now 60 (POLLOUT:4)
0:00:00.013606395  2727 0x5579ae6bd320 DEBUG   GST_POLL gstpoll.c:980:gst_poll_fd_ctl_write: 0x5579ae6e1cf0: fd (fd:0, idx:1), active : 1
0:00:00.013612788  2727 0x5579ae6bd320 LOG   GST_POLL gstpoll.c:994:gst_poll_fd_ctl_write: 0x5579ae6e1cf0: pfd->events now 60 (POLLOUT:4)
0:00:00.013619351  2727 0x5579ae6bd320 DEBUG   GST_POLL gstpoll.c:980:gst_poll_fd_ctl_write: 0x5579ae6e1cf0: fd (fd:0, idx:1), active : 1
0:00:00.013629775  2727 0x5579ae6bd320 LOG   GST_POLL gstpoll.c:994:gst_poll_fd_ctl_write: 0x5579ae6e1cf0: pfd->events now 60 (POLLOUT:4)
0:00:00.013636456  2727 0x5579ae6bd320 DEBUG   GST_POLL gstpoll.c:980:gst_poll_fd_ctl_write: 0x5579ae6e1cf0: fd (fd:0, idx:1), active : 1
0:00:00.013642659  2727 0x5579ae6bd320 LOG   GST_POLL gstpoll.c:994:gst_poll_fd_ctl_write: 0x5579ae6e1cf0: pfd->events now 60 (POLLOUT:4)
0:00:00.013649259  2727 0x5579ae6bd320 DEBUG   GST_POLL gstpoll.c:980:gst_poll_fd_ctl_write: 0x5579ae6e1cf0: fd (fd:0, idx:1), active : 1
0:00:00.013655602  2727 0x5579ae6bd320 LOG   GST_POLL gstpoll.c:994:gst_poll_fd_ctl_write: 0x5579ae6e1cf0: pfd->events now 60 (POLLOUT:4)
0:00:00.013662249  2727 0x5579ae6bd320 DEBUG   GST_POLL gstpoll.c:980:gst_poll_fd_ctl_write: 0x5579ae6e1cf0: fd (fd:0, idx:1), active : 1
0:00:00.013668444  2727 0x5579ae6bd320 LOG   GST_POLL gstpoll.c:994:gst_poll_fd_ctl_write: 0x5579ae6e1cf0: pfd->events now 60 (POLLOUT:4)
0:00:00.013674957  2727 0x5579ae6bd320 DEBUG   GST_POLL gstpoll.c:980:gst_poll_fd_ctl_write: 0x5579ae6e1cf0: fd (fd:0, idx:1), active : 1
0:00:00.013681155  2727 0x5579ae6bd320 LOG   GST_POLL gstpoll.c:994:gst_poll_fd_ctl_write: 0x5579ae6e1cf0: pfd->events now 60 (POLLOUT:4)
0:00:00.013687668  2727 0x5579ae6bd320 DEBUG   GST_POLL gstpoll.c:980:gst_poll_fd_ctl_write: 0x5579ae6e1cf0: fd (fd:0, idx:1), active : 1
0:00:00.013693842  2727 0x5579ae6bd320 LOG   GST_POLL gstpoll.c:994:gst_poll_fd_ctl_write: 0x5579ae6e1cf0: pfd->events now 60 (POLLOUT:4)
0:00:00.013700331  2727 0x5579ae6bd320 DEBUG   GST_POLL gstpoll.c:980:gst_poll_fd_ctl_write: 0x5579ae6e1cf0: fd (fd:0, idx:1), active : 1
0:00:00.013706519  2727 0x5579ae6bd320 LOG   GST_POLL gstpoll.c:994:gst_poll_fd_ctl_write: 0x5579ae6e1cf0: pfd->events now 60 (POLLOUT:4)
0:00:00.013713226  2727 0x5579ae6bd320 DEBUG   GST_POLL gstpoll.c:980:gst_poll_fd_ctl_write: 0x5579ae6e1cf0: fd (fd:0, idx:1), active : 1
0:00:00.013719436  2727 0x5579ae6bd320 LOG   GST_POLL gstpoll.c:994:gst_poll_fd_ctl_write: 0x5579ae6e1cf0: pfd->events now 60 (POLLOUT:4)
0:00:00.013726017  2727 0x5579ae6bd320 DEBUG   GST_POLL gstpoll.c:980:gst_poll_fd_ctl_write: 0x5579ae6e1cf0: fd (fd:0, idx:1), active : 1
0:00:00.013732362  2727 0x5579ae6bd320 LOG   GST_POLL gstpoll.c:994:gst_poll_fd_ctl_write: 0x5579ae6e1cf0: pfd->events now 60 (POLLOUT:4)
0:00:00.013738926  2727 0x5579ae6bd320 DEBUG   GST_POLL gstpoll.c:980:gst_poll_fd_ctl_write: 0x5579ae6e1cf0: fd (fd:0, idx:1), active : 1
0:00:00.013745210  2727 0x5579ae6bd320 LOG   GST_POLL gstpoll.c:994:gst_poll_fd_ctl_write: 0x5579ae6e1cf0: pfd->events now 60 (POLLOUT:4)
0:00:00.013751697  2727 0x5579ae6bd320 DEBUG   GST_POLL gstpoll.c:980:gst_poll_fd_ctl_write: 0x5579ae6e1cf0: fd (fd:0, idx:1), active : 1
0:00:00.013757931  2727 0x5579ae6bd320 LOG   GST_POLL gstpoll.c:994:gst_poll_fd_ctl_write: 0x5579ae6e1cf0: pfd->events now 60 (POLLOUT:4)
0:00:00.013764469  2727 0x5579ae6bd320 DEBUG   GST_POLL gstpoll.c:980:gst_poll_fd_ctl_write: 0x5579ae6e1cf0: fd (fd:0, idx:1), active : 1
0:00:00.013774688  2727 0x5579ae6bd320 LOG   GST_POLL gstpoll.c:994:gst_poll_fd_ctl_write: 0x5579ae6e1cf0: pfd->events now 60 (POLLOUT:4)
0:00:00.013781360  2727 0x5579ae6bd320 DEBUG   GST_POLL gstpoll.c:980:gst_poll_fd_ctl_write: 0x5579ae6e1cf0: fd (fd:0, idx:1), active : 1
0:00:00.013787631  2727 0x5579ae6bd320 LOG   GST_POLL gstpoll.c:994:gst_poll_fd_ctl_write: 0x5579ae6e1cf0: pfd->events now 60 (POLLOUT:4)
0:00:00.013794163  2727 0x5579ae6bd320 DEBUG   GST_POLL gstpoll.c:980:gst_poll_fd_ctl_write: 0x5579ae6e1cf0: fd (fd:0, idx:1), active : 1
0:00:00.013800345  2727 0x5579ae6bd320 LOG   GST_POLL gstpoll.c:994:gst_poll_fd_ctl_write: 0x5579ae6e1cf0: pfd->events now 60 (POLLOUT:4)
0:00:00.013813405  2727 0x5579ae6bd320 TRACE   GST_REFCOUNTING gstobject.c:265:gst_object_unref: 0x5579ae6e6890 unref 2->1
0:00:00.013822196  2727 0x5579ae6bd320 DEBUG   GST_POLL gstpoll.c:1241:gst_poll_fd_has_error: 0x5579ae6e1cf0: fd (fd:0, idx:1) 0
0:00:00.013829049  2727 0x5579ae6bd320 DEBUG   GST_POLL gstpoll.c:1335:gst_poll_fd_can_write: 0x5579ae6e1cf0: fd (fd:0, idx:1) 1
0:00:00.013835702  2727 0x5579ae6bd320 LOG   GST_PLUGIN_LOADING gstpluginloader.c:689:write_one: Writing packet of size 488 bytes to fd 0
0:00:00.013855625  2727 0x5579ae6bd320 DEBUG   GST_POLL gstpoll.c:1414:gst_poll_wait: 0x5579ae6e1cf0: timeout :0:00:01.000000000
0:00:00.013866817  2727 0x5579ae6bd320 LOG   GST_PLUGIN_LOADING gstpluginloader.c:1027:exchange_packets: Poll res = 2. 6872 bytes pending for write
0:00:00.013874237  2727 0x5579ae6bd320 DEBUG   GST_POLL gstpoll.c:1241:gst_poll_fd_has_error: 0x5579ae6e1cf0: fd (fd:5, idx:2) 0
0:00:00.013881044  2727 0x5579ae6bd320 DEBUG   GST_POLL gstpoll.c:1266:gst_poll_fd_can_read_unlocked: 0x5579ae6e1cf0: fd (fd:5, idx:2) 1
0:00:00.018340077  2726 0x56364215b320 LOG   GST_PLUGIN_LOADING gstpluginloader.c:1027:exchange_packets: Poll res = 1. 0 bytes pending for write
0:00:00.013891918  2727 0x5579ae6bd320 DEBUG   GST_PLUGIN_LOADING gstpluginloader.c:721:do_plugin_load: Plugin scanner loading file /home/conan/w/prod/BuildSingleReference/.conan/data/gstreamer/1.19.1/_/_/package/7087a3df2991f0089c7fdba3f9b2a18fafecf068/lib/gstreamer-1.0/libgstcoretracers.so. tag 2
0:00:00.018367594  2726 0x56364215b320 DEBUG   GST_POLL gstpoll.c:1241:gst_poll_fd_has_error: 0x563642180920: fd (fd:8, idx:2) 0
0:00:00.013912173  2727 0x5579ae6bd320 TRACE   GST_REFCOUNTING gstobject.c:238:gst_object_ref: 0x5579ae6e3390 ref 1->2
0:00:00.018377142  2726 0x56364215b320 DEBUG   GST_POLL gstpoll.c:1266:gst_poll_fd_can_read_unlocked: 0x563642180920: fd (fd:8, idx:2) 1
0:00:00.013923650  2727 0x5579ae6bd320 TRACE   GST_REFCOUNTING gstobject.c:238:gst_object_ref: 0x5579ae6e5150 ref 1->2
0:00:00.013931620  2727 0x5579ae6bd320 TRACE   GST_REFCOUNTING gstobject.c:238:gst_object_ref: 0x5579ae6e4ed0 ref 1->2
0:00:00.018393322  2726 0x56364215b320 DEBUG   GST_PLUGIN_LOADING gstpluginloader.c:849:handle_rx_packet: Received plugin details from child w/ tag 0. 476 bytes info
0:00:00.013938823  2727 0x5579ae6bd320 TRACE   GST_REFCOUNTING gstobject.c:238:gst_object_ref: 0x5579ae6e4bb0 ref 1->2
0:00:00.018402017  2726 0x56364215b320 LOG   GST_REGISTRY gstregistrychunks.c:837:_priv_gst_registry_chunks_load_plugin: Reading/casting for GstRegistryChunkPluginElement at address 0x56364217bec0
0:00:00.013951665  2727 0x5579ae6bd320 TRACE   GST_REFCOUNTING gstobject.c:238:gst_object_ref: 0x5579ae6e48e0 ref 1->2
0:00:00.013959475  2727 0x5579ae6bd320 TRACE   GST_REFCOUNTING gstobject.c:238:gst_object_ref: 0x5579ae6e43d0 ref 1->2
0:00:00.018425904  2726 0x56364215b320 TRACE   GST_REFCOUNTING gstobject.c:208:gst_object_init: 0x563642181000 new
0:00:00.013970105  2727 0x5579ae6bd320 TRACE   GST_REFCOUNTING gstobject.c:265:gst_object_unref: 0x5579ae6e43d0 unref 2->1
0:00:00.013980259  2727 0x5579ae6bd320 TRACE   GST_REFCOUNTING gstobject.c:265:gst_object_unref: 0x5579ae6e48e0 unref 2->1
0:00:00.013987397  2727 0x5579ae6bd320 TRACE   GST_REFCOUNTING gstobject.c:265:gst_object_unref: 0x5579ae6e4bb0 unref 2->1
0:00:00.013994297  2727 0x5579ae6bd320 TRACE   GST_REFCOUNTING gstobject.c:265:gst_object_unref: 0x5579ae6e4ed0 unref 2->1
0:00:00.014001206  2727 0x5579ae6bd320 TRACE   GST_REFCOUNTING gstobject.c:265:gst_object_unref: 0x5579ae6e5150 unref 2->1
0:00:00.018462514  2726 0x56364215b320 LOG   GST_REGISTRY gstregistrychunks.c:858:_priv_gst_registry_chunks_load_plugin: read strings for name='coretracers'
0:00:00.014009910  2727 0x5579ae6bd320 DEBUG   GST_REGISTRY gstregistrychunks.c:498:_priv_gst_registry_chunks_save_plugin: Found 5 features in plugin 0x5579ae6e3390 (coretracers)
0:00:00.018469922  2726 0x56364215b320 LOG   GST_REGISTRY gstregistrychunks.c:859:_priv_gst_registry_chunks_load_plugin: desc.description='GStreamer core tracers'
0:00:00.014017679  2727 0x5579ae6bd320 DEBUG   GST_POLL gstpoll.c:980:gst_poll_fd_ctl_write: 0x5579ae6e1cf0: fd (fd:0, idx:1), active : 1
0:00:00.018476563  2726 0x56364215b320 LOG   GST_REGISTRY gstregistrychunks.c:860:_priv_gst_registry_chunks_load_plugin: filename='/home/conan/w/prod/BuildSingleReference/.conan/data/gstreamer/1.19.1/_/_/package/7087a3df2991f0089c7fdba3f9b2a18fafecf068/lib/gstreamer-1.0/libgstcoretracers.so'
0:00:00.014024528  2727 0x5579ae6bd320 LOG   GST_POLL gstpoll.c:994:gst_poll_fd_ctl_write: 0x5579ae6e1cf0: pfd->events now 60 (POLLOUT:4)
0:00:00.018483092  2726 0x56364215b320 LOG   GST_REGISTRY gstregistrychunks.c:861:_priv_gst_registry_chunks_load_plugin: desc.version='1.19.1'
0:00:00.014031654  2727 0x5579ae6bd320 DEBUG   GST_POLL gstpoll.c:980:gst_poll_fd_ctl_write: 0x5579ae6e1cf0: fd (fd:0, idx:1), active : 1
0:00:00.018489871  2726 0x56364215b320 LOG   GST_REGISTRY gstregistrychunks.c:862:_priv_gst_registry_chunks_load_plugin: desc.license='LGPL'
0:00:00.014038438  2727 0x5579ae6bd320 LOG   GST_POLL gstpoll.c:994:gst_poll_fd_ctl_write: 0x5579ae6e1cf0: pfd->events now 60 (POLLOUT:4)
0:00:00.018496970  2726 0x56364215b320 LOG   GST_REGISTRY gstregistrychunks.c:863:_priv_gst_registry_chunks_load_plugin: desc.source='gstreamer'
0:00:00.014045577  2727 0x5579ae6bd320 DEBUG   GST_POLL gstpoll.c:980:gst_poll_fd_ctl_write: 0x5579ae6e1cf0: fd (fd:0, idx:1), active : 1
0:00:00.018503800  2726 0x56364215b320 LOG   GST_REGISTRY gstregistrychunks.c:864:_priv_gst_registry_chunks_load_plugin: desc.package='GStreamer source release'
0:00:00.014056772  2727 0x5579ae6bd320 LOG   GST_POLL gstpoll.c:994:gst_poll_fd_ctl_write: 0x5579ae6e1cf0: pfd->events now 60 (POLLOUT:4)
0:00:00.018515337  2726 0x56364215b320 LOG   GST_REGISTRY gstregistrychunks.c:865:_priv_gst_registry_chunks_load_plugin: desc.origin='Unknown package origin'
0:00:00.014077062  2727 0x5579ae6bd320 DEBUG   GST_POLL gstpoll.c:980:gst_poll_fd_ctl_write: 0x5579ae6e1cf0: fd (fd:0, idx:1), active : 1
0:00:00.018535304  2726 0x56364215b320 LOG   GST_REGISTRY gstregistrychunks.c:866:_priv_gst_registry_chunks_load_plugin: desc.datetime=2021-06-01
0:00:00.014083584  2727 0x5579ae6bd320 LOG   GST_POLL gstpoll.c:994:gst_poll_fd_ctl_write: 0x5579ae6e1cf0: pfd->events now 60 (POLLOUT:4)
0:00:00.018546138  2726 0x56364215b320 DEBUG   GST_REGISTRY gstregistry.c:474:gst_registry_add_plugin: adding plugin 0x563642181000 for filename "/home/conan/w/prod/BuildSingleReference/.conan/data/gstreamer/1.19.1/_/_/package/7087a3df2991f0089c7fdba3f9b2a18fafecf068/lib/gstreamer-1.0/libgstcoretracers.so"
0:00:00.014090550  2727 0x5579ae6bd320 DEBUG   GST_POLL gstpoll.c:980:gst_poll_fd_ctl_write: 0x5579ae6e1cf0: fd (fd:0, idx:1), active : 1
0:00:00.014098324  2727 0x5579ae6bd320 LOG   GST_POLL gstpoll.c:994:gst_poll_fd_ctl_write: 0x5579ae6e1cf0: pfd->events now 60 (POLLOUT:4)
0:00:00.018557156  2726 0x56364215b320 TRACE   GST_REFCOUNTING gstobject.c:294:gst_object_ref_sink: 0x563642181000 ref_sink 1->2
0:00:00.014104685  2727 0x5579ae6bd320 DEBUG   GST_POLL gstpoll.c:980:gst_poll_fd_ctl_write: 0x5579ae6e1cf0: fd (fd:0, idx:1), active : 1
0:00:00.018583091  2726 0x56364215b320 LOG   GST_REGISTRY gstregistry.c:487:gst_registry_add_plugin: emitting plugin-added for filename "/home/conan/w/prod/BuildSingleReference/.conan/data/gstreamer/1.19.1/_/_/package/7087a3df2991f0089c7fdba3f9b2a18fafecf068/lib/gstreamer-1.0/libgstcoretracers.so"
0:00:00.014130032  2727 0x5579ae6bd320 LOG   GST_POLL gstpoll.c:994:gst_poll_fd_ctl_write: 0x5579ae6e1cf0: pfd->events now 60 (POLLOUT:4)
0:00:00.018591435  2726 0x56364215b320 DEBUG   GST_REGISTRY gstregistrychunks.c:887:_priv_gst_registry_chunks_load_plugin: Added plugin 'coretracers' plugin with 5 features from binary registry
0:00:00.014137042  2727 0x5579ae6bd320 DEBUG   GST_POLL gstpoll.c:980:gst_poll_fd_ctl_write: 0x5579ae6e1cf0: fd (fd:0, idx:1), active : 1
0:00:00.018599478  2726 0x56364215b320 DEBUG   GST_REGISTRY gstregistrychunks.c:583:gst_registry_chunks_load_feature: Plugin 'coretracers' feature 'leaks' typename : 'GstTracerFactory'
0:00:00.014143659  2727 0x5579ae6bd320 LOG   GST_POLL gstpoll.c:994:gst_poll_fd_ctl_write: 0x5579ae6e1cf0: pfd->events now 60 (POLLOUT:4)
0:00:00.014152031  2727 0x5579ae6bd320 DEBUG   GST_POLL gstpoll.c:980:gst_poll_fd_ctl_write: 0x5579ae6e1cf0: fd (fd:0, idx:1), active : 1
0:00:00.014159122  2727 0x5579ae6bd320 LOG   GST_POLL gstpoll.c:994:gst_poll_fd_ctl_write: 0x5579ae6e1cf0: pfd->events now 60 (POLLOUT:4)
0:00:00.018616558  2726 0x56364215b320 TRACE   GST_REFCOUNTING gstobject.c:208:gst_object_init: 0x563642181390 new
0:00:00.014169271  2727 0x5579ae6bd320 DEBUG   GST_POLL gstpoll.c:980:gst_poll_fd_ctl_write: 0x5579ae6e1cf0: fd (fd:0, idx:1), active : 1
0:00:00.018698787  2726 0x56364215b320 DEBUG   GST_REGISTRY gstregistrychunks.c:718:gst_registry_chunks_load_feature: Reading/casting for GstRegistryChunkPluginFeature at address 0x56364217c008
0:00:00.018710695  2726 0x56364215b320 DEBUG   GST_REGISTRY gstregistry.c:590:gst_registry_add_feature: adding feature 0x563642181390 (leaks)
0:00:00.014254869  2727 0x5579ae6bd320 LOG   GST_POLL gstpoll.c:994:gst_poll_fd_ctl_write: 0x5579ae6e1cf0: pfd->events now 60 (POLLOUT:4)
0:00:00.018719485  2726 0x56364215b320 DEBUG   GST_REFCOUNTING gstobject.c:709:gst_object_set_parent: set parent (ref and sink)
0:00:00.014271517  2727 0x5579ae6bd320 DEBUG   GST_POLL gstpoll.c:980:gst_poll_fd_ctl_write: 0x5579ae6e1cf0: fd (fd:0, idx:1), active : 1
0:00:00.018730973  2726 0x56364215b320 TRACE   GST_REFCOUNTING gstobject.c:294:gst_object_ref_sink: 0x563642181390 ref_sink 1->2
0:00:00.014278705  2727 0x5579ae6bd320 LOG   GST_POLL gstpoll.c:994:gst_poll_fd_ctl_write: 0x5579ae6e1cf0: pfd->events now 60 (POLLOUT:4)
0:00:00.018738529  2726 0x56364215b320 LOG   GST_REGISTRY gstregistry.c:608:gst_registry_add_feature: emitting feature-added for leaks
0:00:00.014285759  2727 0x5579ae6bd320 DEBUG   GST_POLL gstpoll.c:980:gst_poll_fd_ctl_write: 0x5579ae6e1cf0: fd (fd:0, idx:1), active : 1
0:00:00.018746465  2726 0x56364215b320 DEBUG   GST_REGISTRY gstregistrychunks.c:741:gst_registry_chunks_load_feature: Added feature leaks, plugin 0x563642181000 coretracers
0:00:00.014292776  2727 0x5579ae6bd320 LOG   GST_POLL gstpoll.c:994:gst_poll_fd_ctl_write: 0x5579ae6e1cf0: pfd->events now 60 (POLLOUT:4)
0:00:00.018754175  2726 0x56364215b320 DEBUG   GST_REGISTRY gstregistrychunks.c:583:gst_registry_chunks_load_feature: Plugin 'coretracers' feature 'stats' typename : 'GstTracerFactory'
0:00:00.014299846  2727 0x5579ae6bd320 DEBUG   GST_POLL gstpoll.c:980:gst_poll_fd_ctl_write: 0x5579ae6e1cf0: fd (fd:0, idx:1), active : 1
0:00:00.014306650  2727 0x5579ae6bd320 LOG   GST_POLL gstpoll.c:994:gst_poll_fd_ctl_write: 0x5579ae6e1cf0: pfd->events now 60 (POLLOUT:4)
0:00:00.018764015  2726 0x56364215b320 TRACE   GST_REFCOUNTING gstobject.c:208:gst_object_init: 0x5636421815a0 new
0:00:00.014313258  2727 0x5579ae6bd320 DEBUG   GST_POLL gstpoll.c:980:gst_poll_fd_ctl_write: 0x5579ae6e1cf0: fd (fd:0, idx:1), active : 1
0:00:00.018774478  2726 0x56364215b320 DEBUG   GST_REGISTRY gstregistrychunks.c:718:gst_registry_chunks_load_feature: Reading/casting for GstRegistryChunkPluginFeature at address 0x56364217c028
0:00:00.014319907  2727 0x5579ae6bd320 LOG   GST_POLL gstpoll.c:994:gst_poll_fd_ctl_write: 0x5579ae6e1cf0: pfd->events now 60 (POLLOUT:4)
0:00:00.018782482  2726 0x56364215b320 DEBUG   GST_REGISTRY gstregistry.c:590:gst_registry_add_feature: adding feature 0x5636421815a0 (stats)
0:00:00.014327048  2727 0x5579ae6bd320 DEBUG   GST_POLL gstpoll.c:980:gst_poll_fd_ctl_write: 0x5579ae6e1cf0: fd (fd:0, idx:1), active : 1
0:00:00.018789285  2726 0x56364215b320 DEBUG   GST_REFCOUNTING gstobject.c:709:gst_object_set_parent: set parent (ref and sink)
0:00:00.014341845  2727 0x5579ae6bd320 LOG   GST_POLL gstpoll.c:994:gst_poll_fd_ctl_write: 0x5579ae6e1cf0: pfd->events now 60 (POLLOUT:4)
0:00:00.018801785  2726 0x56364215b320 TRACE   GST_REFCOUNTING gstobject.c:294:gst_object_ref_sink: 0x5636421815a0 ref_sink 1->2
0:00:00.014349160  2727 0x5579ae6bd320 DEBUG   GST_POLL gstpoll.c:980:gst_poll_fd_ctl_write: 0x5579ae6e1cf0: fd (fd:0, idx:1), active : 1
0:00:00.018809020  2726 0x56364215b320 LOG   GST_REGISTRY gstregistry.c:608:gst_registry_add_feature: emitting feature-added for stats
0:00:00.014355962  2727 0x5579ae6bd320 LOG   GST_POLL gstpoll.c:994:gst_poll_fd_ctl_write: 0x5579ae6e1cf0: pfd->events now 60 (POLLOUT:4)
0:00:00.018816272  2726 0x56364215b320 DEBUG   GST_REGISTRY gstregistrychunks.c:741:gst_registry_chunks_load_feature: Added feature stats, plugin 0x563642181000 coretracers
0:00:00.014368014  2727 0x5579ae6bd320 LOG   GST_PLUGIN_LOADING gstpluginloader.c:645:put_chunk: Expanding tx buf from 7717 to 10158 for chunk of size 17
0:00:00.018826636  2726 0x56364215b320 DEBUG   GST_REGISTRY gstregistrychunks.c:583:gst_registry_chunks_load_feature: Plugin 'coretracers' feature 'rusage' typename : 'GstTracerFactory'
0:00:00.014376038  2727 0x5579ae6bd320 DEBUG   GST_POLL gstpoll.c:980:gst_poll_fd_ctl_write: 0x5579ae6e1cf0: fd (fd:0, idx:1), active : 1
0:00:00.018836307  2726 0x56364215b320 TRACE   GST_REFCOUNTING gstobject.c:208:gst_object_init: 0x5636421816f0 new
0:00:00.014382774  2727 0x5579ae6bd320 LOG   GST_POLL gstpoll.c:994:gst_poll_fd_ctl_write: 0x5579ae6e1cf0: pfd->events now 60 (POLLOUT:4)
0:00:00.014389730  2727 0x5579ae6bd320 DEBUG   GST_POLL gstpoll.c:980:gst_poll_fd_ctl_write: 0x5579ae6e1cf0: fd (fd:0, idx:1), active : 1
0:00:00.014396022  2727 0x5579ae6bd320 LOG   GST_POLL gstpoll.c:994:gst_poll_fd_ctl_write: 0x5579ae6e1cf0: pfd->events now 60 (POLLOUT:4)
0:00:00.014402583  2727 0x5579ae6bd320 DEBUG   GST_POLL gstpoll.c:980:gst_poll_fd_ctl_write: 0x5579ae6e1cf0: fd (fd:0, idx:1), active : 1
0:00:00.018860463  2726 0x56364215b320 DEBUG   GST_REGISTRY gstregistrychunks.c:718:gst_registry_chunks_load_feature: Reading/casting for GstRegistryChunkPluginFeature at address 0x56364217c048
0:00:00.014408878  2727 0x5579ae6bd320 LOG   GST_POLL gstpoll.c:994:gst_poll_fd_ctl_write: 0x5579ae6e1cf0: pfd->events now 60 (POLLOUT:4)
0:00:00.018869811  2726 0x56364215b320 DEBUG   GST_REGISTRY gstregistry.c:590:gst_registry_add_feature: adding feature 0x5636421816f0 (rusage)
0:00:00.014415885  2727 0x5579ae6bd320 DEBUG   GST_POLL gstpoll.c:980:gst_poll_fd_ctl_write: 0x5579ae6e1cf0: fd (fd:0, idx:1), active : 1
0:00:00.018876626  2726 0x56364215b320 DEBUG   GST_REFCOUNTING gstobject.c:709:gst_object_set_parent: set parent (ref and sink)
0:00:00.014422596  2727 0x5579ae6bd320 LOG   GST_POLL gstpoll.c:994:gst_poll_fd_ctl_write: 0x5579ae6e1cf0: pfd->events now 60 (POLLOUT:4)
0:00:00.018884487  2726 0x56364215b320 TRACE   GST_REFCOUNTING gstobject.c:294:gst_object_ref_sink: 0x5636421816f0 ref_sink 1->2
0:00:00.014429562  2727 0x5579ae6bd320 DEBUG   GST_POLL gstpoll.c:980:gst_poll_fd_ctl_write: 0x5579ae6e1cf0: fd (fd:0, idx:1), active : 1
0:00:00.018897811  2726 0x56364215b320 LOG   GST_REGISTRY gstregistry.c:608:gst_registry_add_feature: emitting feature-added for rusage
0:00:00.014443163  2727 0x5579ae6bd320 LOG   GST_POLL gstpoll.c:994:gst_poll_fd_ctl_write: 0x5579ae6e1cf0: pfd->events now 60 (POLLOUT:4)
0:00:00.018905477  2726 0x56364215b320 DEBUG   GST_REGISTRY gstregistrychunks.c:741:gst_registry_chunks_load_feature: Added feature rusage, plugin 0x563642181000 coretracers
0:00:00.014450481  2727 0x5579ae6bd320 DEBUG   GST_POLL gstpoll.c:980:gst_poll_fd_ctl_write: 0x5579ae6e1cf0: fd (fd:0, idx:1), active : 1
0:00:00.018912828  2726 0x56364215b320 DEBUG   GST_REGISTRY gstregistrychunks.c:583:gst_registry_chunks_load_feature: Plugin 'coretracers' feature 'log' typename : 'GstTracerFactory'
0:00:00.014457653  2727 0x5579ae6bd320 LOG   GST_POLL gstpoll.c:994:gst_poll_fd_ctl_write: 0x5579ae6e1cf0: pfd->events now 60 (POLLOUT:4)
0:00:00.018920907  2726 0x56364215b320 TRACE   GST_REFCOUNTING gstobject.c:208:gst_object_init: 0x563642181850 new
0:00:00.014464934  2727 0x5579ae6bd320 DEBUG   GST_POLL gstpoll.c:980:gst_poll_fd_ctl_write: 0x5579ae6e1cf0: fd (fd:0, idx:1), active : 1
0:00:00.018929399  2726 0x56364215b320 DEBUG   GST_REGISTRY gstregistrychunks.c:718:gst_registry_chunks_load_feature: Reading/casting for GstRegistryChunkPluginFeature at address 0x56364217c068
0:00:00.014473631  2727 0x5579ae6bd320 LOG   GST_POLL gstpoll.c:994:gst_poll_fd_ctl_write: 0x5579ae6e1cf0: pfd->events now 60 (POLLOUT:4)
0:00:00.018937454  2726 0x56364215b320 DEBUG   GST_REGISTRY gstregistry.c:590:gst_registry_add_feature: adding feature 0x563642181850 (log)
0:00:00.014481982  2727 0x5579ae6bd320 DEBUG   GST_POLL gstpoll.c:980:gst_poll_fd_ctl_write: 0x5579ae6e1cf0: fd (fd:0, idx:1), active : 1
0:00:00.018944028  2726 0x56364215b320 DEBUG   GST_REFCOUNTING gstobject.c:709:gst_object_set_parent: set parent (ref and sink)
0:00:00.014489465  2727 0x5579ae6bd320 LOG   GST_POLL gstpoll.c:994:gst_poll_fd_ctl_write: 0x5579ae6e1cf0: pfd->events now 60 (POLLOUT:4)
0:00:00.018952218  2726 0x56364215b320 TRACE   GST_REFCOUNTING gstobject.c:294:gst_object_ref_sink: 0x563642181850 ref_sink 1->2
0:00:00.014497202  2727 0x5579ae6bd320 DEBUG   GST_POLL gstpoll.c:980:gst_poll_fd_ctl_write: 0x5579ae6e1cf0: fd (fd:0, idx:1), active : 1
0:00:00.018959468  2726 0x56364215b320 LOG   GST_REGISTRY gstregistry.c:608:gst_registry_add_feature: emitting feature-added for log
0:00:00.014504564  2727 0x5579ae6bd320 LOG   GST_POLL gstpoll.c:994:gst_poll_fd_ctl_write: 0x5579ae6e1cf0: pfd->events now 60 (POLLOUT:4)
0:00:00.018966700  2726 0x56364215b320 DEBUG   GST_REGISTRY gstregistrychunks.c:741:gst_registry_chunks_load_feature: Added feature log, plugin 0x563642181000 coretracers
0:00:00.014511988  2727 0x5579ae6bd320 DEBUG   GST_POLL gstpoll.c:980:gst_poll_fd_ctl_write: 0x5579ae6e1cf0: fd (fd:0, idx:1), active : 1
0:00:00.018973834  2726 0x56364215b320 DEBUG   GST_REGISTRY gstregistrychunks.c:583:gst_registry_chunks_load_feature: Plugin 'coretracers' feature 'latency' typename : 'GstTracerFactory'
0:00:00.014518554  2727 0x5579ae6bd320 LOG   GST_POLL gstpoll.c:994:gst_poll_fd_ctl_write: 0x5579ae6e1cf0: pfd->events now 60 (POLLOUT:4)
0:00:00.018986177  2726 0x56364215b320 TRACE   GST_REFCOUNTING gstobject.c:208:gst_object_init: 0x5636421819b0 new
0:00:00.014530622  2727 0x5579ae6bd320 DEBUG   GST_POLL gstpoll.c:980:gst_poll_fd_ctl_write: 0x5579ae6e1cf0: fd (fd:0, idx:1), active : 1
0:00:00.018994742  2726 0x56364215b320 DEBUG   GST_REGISTRY gstregistrychunks.c:718:gst_registry_chunks_load_feature: Reading/casting for GstRegistryChunkPluginFeature at address 0x56364217c090
0:00:00.014539065  2727 0x5579ae6bd320 LOG   GST_POLL gstpoll.c:994:gst_poll_fd_ctl_write: 0x5579ae6e1cf0: pfd->events now 60 (POLLOUT:4)
0:00:00.019002854  2726 0x56364215b320 DEBUG   GST_REGISTRY gstregistry.c:590:gst_registry_add_feature: adding feature 0x5636421819b0 (latency)
0:00:00.014547214  2727 0x5579ae6bd320 DEBUG   GST_POLL gstpoll.c:980:gst_poll_fd_ctl_write: 0x5579ae6e1cf0: fd (fd:0, idx:1), active : 1
0:00:00.019009423  2726 0x56364215b320 DEBUG   GST_REFCOUNTING gstobject.c:709:gst_object_set_parent: set parent (ref and sink)
0:00:00.014555002  2727 0x5579ae6bd320 LOG   GST_POLL gstpoll.c:994:gst_poll_fd_ctl_write: 0x5579ae6e1cf0: pfd->events now 60 (POLLOUT:4)
0:00:00.019017149  2726 0x56364215b320 TRACE   GST_REFCOUNTING gstobject.c:294:gst_object_ref_sink: 0x5636421819b0 ref_sink 1->2
0:00:00.014563801  2727 0x5579ae6bd320 TRACE   GST_REFCOUNTING gstobject.c:265:gst_object_unref: 0x5579ae6e3390 unref 2->1
0:00:00.019024147  2726 0x56364215b320 LOG   GST_REGISTRY gstregistry.c:608:gst_registry_add_feature: emitting feature-added for latency
0:00:00.014572061  2727 0x5579ae6bd320 DEBUG   GST_POLL gstpoll.c:1241:gst_poll_fd_has_error: 0x5579ae6e1cf0: fd (fd:0, idx:1) 0
0:00:00.019031365  2726 0x56364215b320 DEBUG   GST_REGISTRY gstregistrychunks.c:741:gst_registry_chunks_load_feature: Added feature latency, plugin 0x563642181000 coretracers
0:00:00.014579202  2727 0x5579ae6bd320 DEBUG   GST_POLL gstpoll.c:1335:gst_poll_fd_can_write: 0x5579ae6e1cf0: fd (fd:0, idx:1) 1
0:00:00.019039541  2726 0x56364215b320 LOG   GST_PLUGIN_LOADING gstpluginloader.c:888:handle_rx_packet: marking plugin 0x563642181000 as registered as /home/conan/w/prod/BuildSingleReference/.conan/data/gstreamer/1.19.1/_/_/package/7087a3df2991f0089c7fdba3f9b2a18fafecf068/lib/gstreamer-1.0/libgstcoretracers.so
0:00:00.014586186  2727 0x5579ae6bd320 LOG   GST_PLUGIN_LOADING gstpluginloader.c:689:write_one: Writing packet of size 6872 bytes to fd 0
0:00:00.019051638  2726 0x56364215b320 DEBUG   GST_POLL gstpoll.c:1414:gst_poll_wait: 0x563642180920: timeout :0:00:01.000000000
0:00:00.014599385  2727 0x5579ae6bd320 DEBUG   GST_POLL gstpoll.c:1414:gst_poll_wait: 0x5579ae6e1cf0: timeout :0:00:01.000000000
0:00:00.019062741  2726 0x56364215b320 LOG   GST_PLUGIN_LOADING gstpluginloader.c:1027:exchange_packets: Poll res = 1. 0 bytes pending for write
0:00:00.014609528  2727 0x5579ae6bd320 LOG   GST_PLUGIN_LOADING gstpluginloader.c:1027:exchange_packets: Poll res = 2. 488 bytes pending for write
0:00:00.019071022  2726 0x56364215b320 DEBUG   GST_POLL gstpoll.c:1241:gst_poll_fd_has_error: 0x563642180920: fd (fd:8, idx:2) 0
0:00:00.014621619  2727 0x5579ae6bd320 DEBUG   GST_POLL gstpoll.c:1241:gst_poll_fd_has_error: 0x5579ae6e1cf0: fd (fd:5, idx:2) 0
0:00:00.019080789  2726 0x56364215b320 DEBUG   GST_POLL gstpoll.c:1266:gst_poll_fd_can_read_unlocked: 0x563642180920: fd (fd:8, idx:2) 1
0:00:00.014628839  2727 0x5579ae6bd320 DEBUG   GST_POLL gstpoll.c:1266:gst_poll_fd_can_read_unlocked: 0x5579ae6e1cf0: fd (fd:5, idx:2) 1
0:00:00.019090097  2726 0x56364215b320 LOG   GST_PLUGIN_LOADING gstpluginloader.c:985:read_one: Expanding rx buf from 512 to 7384
0:00:00.014639425  2727 0x5579ae6bd320 DEBUG   GST_PLUGIN_LOADING gstpluginloader.c:721:do_plugin_load: Plugin scanner loading file /home/conan/w/prod/BuildSingleReference/.conan/data/gstreamer/1.19.1/_/_/package/7087a3df2991f0089c7fdba3f9b2a18fafecf068/lib/gstreamer-1.0/libgstcoreelements.so. tag 3
0:00:00.014648498  2727 0x5579ae6bd320 TRACE   GST_REFCOUNTING gstobject.c:238:gst_object_ref: 0x5579ae6e6890 ref 1->2
0:00:00.019110588  2726 0x56364215b320 DEBUG   GST_PLUGIN_LOADING gstpluginloader.c:849:handle_rx_packet: Received plugin details from child w/ tag 1. 6860 bytes info
0:00:00.014656640  2727 0x5579ae6bd320 TRACE   GST_REFCOUNTING gstobject.c:238:gst_object_ref: 0x5579ae7046e0 ref 1->2
0:00:00.019117766  2726 0x56364215b320 LOG   GST_REGISTRY gstregistrychunks.c:837:_priv_gst_registry_chunks_load_plugin: Reading/casting for GstRegistryChunkPluginElement at address 0x563642181a80
0:00:00.014664559  2727 0x5579ae6bd320 TRACE   GST_REFCOUNTING gstobject.c:238:gst_object_ref: 0x5579ae7034e0 ref 1->2
0:00:00.019125759  2726 0x56364215b320 TRACE   GST_REFCOUNTING gstobject.c:208:gst_object_init: 0x56364218acf0 new
0:00:00.014672282  2727 0x5579ae6bd320 TRACE   GST_REFCOUNTING gstobject.c:238:gst_object_ref: 0x5579ae701a00 ref 1->2
0:00:00.014679949  2727 0x5579ae6bd320 TRACE   GST_REFCOUNTING gstobject.c:238:gst_object_ref: 0x5579ae700a10 ref 1->2
0:00:00.019140272  2726 0x56364215b320 LOG   GST_REGISTRY gstregistrychunks.c:858:_priv_gst_registry_chunks_load_plugin: read strings for name='coreelements'
0:00:00.014687232  2727 0x5579ae6bd320 TRACE   GST_REFCOUNTING gstobject.c:238:gst_object_ref: 0x5579ae6ff630 ref 1->2
0:00:00.019147150  2726 0x56364215b320 LOG   GST_REGISTRY gstregistrychunks.c:859:_priv_gst_registry_chunks_load_plugin: desc.description='GStreamer core elements'
0:00:00.014694831  2727 0x5579ae6bd320 TRACE   GST_REFCOUNTING gstobject.c:238:gst_object_ref: 0x5579ae6fe1b0 ref 1->2
0:00:00.019153767  2726 0x56364215b320 LOG   GST_REGISTRY gstregistrychunks.c:860:_priv_gst_registry_chunks_load_plugin: filename='/home/conan/w/prod/BuildSingleReference/.conan/data/gstreamer/1.19.1/_/_/package/7087a3df2991f0089c7fdba3f9b2a18fafecf068/lib/gstreamer-1.0/libgstcoreelements.so'
0:00:00.014702457  2727 0x5579ae6bd320 TRACE   GST_REFCOUNTING gstobject.c:238:gst_object_ref: 0x5579ae6fc910 ref 1->2
0:00:00.019161036  2726 0x56364215b320 LOG   GST_REGISTRY gstregistrychunks.c:861:_priv_gst_registry_chunks_load_plugin: desc.version='1.19.1'
0:00:00.014714030  2727 0x5579ae6bd320 TRACE   GST_REFCOUNTING gstobject.c:238:gst_object_ref: 0x5579ae6fa630 ref 1->2
0:00:00.019172310  2726 0x56364215b320 LOG   GST_REGISTRY gstregistrychunks.c:862:_priv_gst_registry_chunks_load_plugin: desc.license='LGPL'
0:00:00.014721719  2727 0x5579ae6bd320 TRACE   GST_REFCOUNTING gstobject.c:238:gst_object_ref: 0x5579ae6f9490 ref 1->2
0:00:00.019179765  2726 0x56364215b320 LOG   GST_REGISTRY gstregistrychunks.c:863:_priv_gst_registry_chunks_load_plugin: desc.source='gstreamer'
0:00:00.014729571  2727 0x5579ae6bd320 TRACE   GST_REFCOUNTING gstobject.c:238:gst_object_ref: 0x5579ae6f8310 ref 1->2
0:00:00.019187558  2726 0x56364215b320 LOG   GST_REGISTRY gstregistrychunks.c:864:_priv_gst_registry_chunks_load_plugin: desc.package='GStreamer source release'
0:00:00.014737382  2727 0x5579ae6bd320 TRACE   GST_REFCOUNTING gstobject.c:238:gst_object_ref: 0x5579ae6f6d10 ref 1->2
0:00:00.019195622  2726 0x56364215b320 LOG   GST_REGISTRY gstregistrychunks.c:865:_priv_gst_registry_chunks_load_plugin: desc.origin='Unknown package origin'
0:00:00.014744926  2727 0x5579ae6bd320 TRACE   GST_REFCOUNTING gstobject.c:238:gst_object_ref: 0x5579ae6f5fa0 ref 1->2
0:00:00.019203277  2726 0x56364215b320 LOG   GST_REGISTRY gstregistrychunks.c:866:_priv_gst_registry_chunks_load_plugin: desc.datetime=2021-06-01
0:00:00.014752396  2727 0x5579ae6bd320 TRACE   GST_REFCOUNTING gstobject.c:238:gst_object_ref: 0x5579ae6f51c0 ref 1->2
0:00:00.019212917  2726 0x56364215b320 DEBUG   GST_REGISTRY gstregistry.c:474:gst_registry_add_plugin: adding plugin 0x56364218acf0 for filename "/home/conan/w/prod/BuildSingleReference/.conan/data/gstreamer/1.19.1/_/_/package/7087a3df2991f0089c7fdba3f9b2a18fafecf068/lib/gstreamer-1.0/libgstcoreelements.so"
0:00:00.014760134  2727 0x5579ae6bd320 TRACE   GST_REFCOUNTING gstobject.c:238:gst_object_ref: 0x5579ae6f4340 ref 1->2
0:00:00.019220902  2726 0x56364215b320 TRACE   GST_REFCOUNTING gstobject.c:294:gst_object_ref_sink: 0x56364218acf0 ref_sink 1->2
0:00:00.014767646  2727 0x5579ae6bd320 TRACE   GST_REFCOUNTING gstobject.c:238:gst_object_ref: 0x5579ae6f1e90 ref 1->2
0:00:00.019228497  2726 0x56364215b320 LOG   GST_REGISTRY gstregistry.c:487:gst_registry_add_plugin: emitting plugin-added for filename "/home/conan/w/prod/BuildSingleReference/.conan/data/gstreamer/1.19.1/_/_/package/7087a3df2991f0089c7fdba3f9b2a18fafecf068/lib/gstreamer-1.0/libgstcoreelements.so"
0:00:00.014775102  2727 0x5579ae6bd320 TRACE   GST_REFCOUNTING gstobject.c:238:gst_object_ref: 0x5579ae6ef890 ref 1->2
0:00:00.019235912  2726 0x56364215b320 DEBUG   GST_REGISTRY gstregistrychunks.c:887:_priv_gst_registry_chunks_load_plugin: Added plugin 'coreelements' plugin with 22 features from binary registry
0:00:00.014782743  2727 0x5579ae6bd320 TRACE   GST_REFCOUNTING gstobject.c:238:gst_object_ref: 0x5579ae6edc20 ref 1->2
0:00:00.019243336  2726 0x56364215b320 DEBUG   GST_REGISTRY gstregistrychunks.c:583:gst_registry_chunks_load_feature: Plugin 'coreelements' feature 'streamiddemux' typename : 'GstElementFactory'
0:00:00.014790469  2727 0x5579ae6bd320 TRACE   GST_REFCOUNTING gstobject.c:238:gst_object_ref: 0x5579ae6eca50 ref 1->2
0:00:00.014800692  2727 0x5579ae6bd320 TRACE   GST_REFCOUNTING gstobject.c:238:gst_object_ref: 0x5579ae6eac40 ref 1->2
0:00:00.019258376  2726 0x56364215b320 TRACE   GST_REFCOUNTING gstobject.c:208:gst_object_init: 0x56364218a320 new
0:00:00.014807769  2727 0x5579ae6bd320 TRACE   GST_REFCOUNTING gstobject.c:238:gst_object_ref: 0x5579ae6e9d60 ref 1->2
0:00:00.019267928  2726 0x56364215b320 LOG   GST_REGISTRY gstregistrychunks.c:610:gst_registry_chunks_load_feature: Reading/casting for GstRegistryChunkElementFactory at address 0x563642181bd8
0:00:00.014815248  2727 0x5579ae6bd320 TRACE   GST_REFCOUNTING gstobject.c:238:gst_object_ref: 0x5579ae6e8f70 ref 1->2
0:00:00.019276754  2726 0x56364215b320 TRACE   structure gststructure.c:292:gst_structure_new_id_empty_with_size: created structure 0x563642181450
0:00:00.014822843  2727 0x5579ae6bd320 TRACE   GST_REFCOUNTING gstobject.c:238:gst_object_ref: 0x5579ae6e6f50 ref 1->2
