0:00:00.019286044  2726 0x56364215b320 DEBUG   structure gststructure.c:2258:gst_structure_parse_field: trying field name 'long-name'
0:00:00.014831332  2727 0x5579ae6bd320 DEBUG   GST_REGISTRY gstregistrychunks.c:265:gst_registry_chunks_save_feature: saved 0 interfaces 0 pad templates
0:00:00.019300277  2726 0x56364215b320 DEBUG   default gstvalue.c:2776:_priv_gst_value_parse_value: trying type name 'string'
0:00:00.014844799  2727 0x5579ae6bd320 DEBUG   GST_REGISTRY gstregistrychunks.c:265:gst_registry_chunks_save_feature: saved 0 interfaces 0 pad templates
0:00:00.019312506  2726 0x56364215b320 DEBUG   structure gststructure.c:2258:gst_structure_parse_field: trying field name 'klass'
0:00:00.014857212  2727 0x5579ae6bd320 DEBUG   GST_REGISTRY gstregistrychunks.c:265:gst_registry_chunks_save_feature: saved 0 interfaces 0 pad templates
0:00:00.019319177  2726 0x56364215b320 DEBUG   default gstvalue.c:2776:_priv_gst_value_parse_value: trying type name 'string'
0:00:00.014868792  2727 0x5579ae6bd320 DEBUG   GST_REGISTRY gstregistrychunks.c:265:gst_registry_chunks_save_feature: saved 1 interfaces 0 pad templates
0:00:00.019326862  2726 0x56364215b320 DEBUG   structure gststructure.c:2258:gst_structure_parse_field: trying field name 'description'
0:00:00.014875882  2727 0x5579ae6bd320 DEBUG   GST_REGISTRY gstregistrychunks.c:284:gst_registry_chunks_save_feature: Saved 1 UriTypes
0:00:00.019334711  2726 0x56364215b320 DEBUG   default gstvalue.c:2776:_priv_gst_value_parse_value: trying type name 'string'
0:00:00.019343640  2726 0x56364215b320 DEBUG   structure gststructure.c:2258:gst_structure_parse_field: trying field name 'author'
0:00:00.014887250  2727 0x5579ae6bd320 DEBUG   GST_REGISTRY gstregistrychunks.c:265:gst_registry_chunks_save_feature: saved 0 interfaces 0 pad templates
0:00:00.019349927  2726 0x56364215b320 DEBUG   default gstvalue.c:2776:_priv_gst_value_parse_value: trying type name 'string'
0:00:00.014903070  2727 0x5579ae6bd320 DEBUG   GST_REGISTRY gstregistrychunks.c:265:gst_registry_chunks_save_feature: saved 0 interfaces 0 pad templates
0:00:00.019360353  2726 0x56364215b320 DEBUG   GST_REGISTRY gstregistrychunks.c:626:gst_registry_chunks_load_feature: Element factory : npadtemplates=2
0:00:00.019369286  2726 0x56364215b320 DEBUG   GST_REGISTRY gstregistrychunks.c:526:gst_registry_chunks_load_pad_template: Reading/casting for GstRegistryChunkPadTemplate at address 0x563642181cb0
0:00:00.014914079  2727 0x5579ae6bd320 DEBUG   GST_REGISTRY gstregistrychunks.c:265:gst_registry_chunks_save_feature: saved 0 interfaces 0 pad templates
0:00:00.019376656  2726 0x56364215b320 DEBUG   GST_REGISTRY gstregistrychunks.c:539:gst_registry_chunks_load_pad_template: Added pad_template src_%u
0:00:00.014925629  2727 0x5579ae6bd320 DEBUG   GST_REGISTRY gstregistrychunks.c:265:gst_registry_chunks_save_feature: saved 1 interfaces 0 pad templates
0:00:00.019383169  2726 0x56364215b320 DEBUG   GST_REGISTRY gstregistrychunks.c:526:gst_registry_chunks_load_pad_template: Reading/casting for GstRegistryChunkPadTemplate at address 0x563642181cc8
0:00:00.014932637  2727 0x5579ae6bd320 DEBUG   GST_REGISTRY gstregistrychunks.c:284:gst_registry_chunks_save_feature: Saved 1 UriTypes
0:00:00.019394181  2726 0x56364215b320 DEBUG   GST_REGISTRY gstregistrychunks.c:539:gst_registry_chunks_load_pad_template: Added pad_template sink
0:00:00.014943012  2727 0x5579ae6bd320 DEBUG   GST_REGISTRY gstregistrychunks.c:265:gst_registry_chunks_save_feature: saved 1 interfaces 0 pad templates
0:00:00.019402887  2726 0x56364215b320 DEBUG   GST_REGISTRY gstregistry.c:590:gst_registry_add_feature: adding feature 0x56364218a320 (streamiddemux)
0:00:00.014949822  2727 0x5579ae6bd320 DEBUG   GST_REGISTRY gstregistrychunks.c:284:gst_registry_chunks_save_feature: Saved 1 UriTypes
0:00:00.019411808  2726 0x56364215b320 DEBUG   GST_REFCOUNTING gstobject.c:709:gst_object_set_parent: set parent (ref and sink)
0:00:00.014960073  2727 0x5579ae6bd320 DEBUG   GST_REGISTRY gstregistrychunks.c:265:gst_registry_chunks_save_feature: saved 1 interfaces 0 pad templates
0:00:00.019420169  2726 0x56364215b320 TRACE   GST_REFCOUNTING gstobject.c:294:gst_object_ref_sink: 0x56364218a320 ref_sink 1->2
0:00:00.014966757  2727 0x5579ae6bd320 DEBUG   GST_REGISTRY gstregistrychunks.c:284:gst_registry_chunks_save_feature: Saved 1 UriTypes
0:00:00.019427603  2726 0x56364215b320 LOG   GST_REGISTRY gstregistry.c:608:gst_registry_add_feature: emitting feature-added for streamiddemux
0:00:00.014976645  2727 0x5579ae6bd320 DEBUG   GST_REGISTRY gstregistrychunks.c:265:gst_registry_chunks_save_feature: saved 0 interfaces 0 pad templates
0:00:00.019435552  2726 0x56364215b320 DEBUG   GST_REGISTRY gstregistrychunks.c:741:gst_registry_chunks_load_feature: Added feature streamiddemux, plugin 0x56364218acf0 coreelements
0:00:00.019443577  2726 0x56364215b320 DEBUG   GST_REGISTRY gstregistrychunks.c:583:gst_registry_chunks_load_feature: Plugin 'coreelements' feature 'valve' typename : 'GstElementFactory'
0:00:00.014987068  2727 0x5579ae6bd320 DEBUG   GST_REGISTRY gstregistrychunks.c:265:gst_registry_chunks_save_feature: saved 0 interfaces 0 pad templates
0:00:00.019455968  2726 0x56364215b320 TRACE   GST_REFCOUNTING gstobject.c:208:gst_object_init: 0x56364218c1d0 new
0:00:00.015002505  2727 0x5579ae6bd320 DEBUG   GST_REGISTRY gstregistrychunks.c:265:gst_registry_chunks_save_feature: saved 0 interfaces 0 pad templates
0:00:00.019464832  2726 0x56364215b320 LOG   GST_REGISTRY gstregistrychunks.c:610:gst_registry_chunks_load_feature: Reading/casting for GstRegistryChunkElementFactory at address 0x563642181cf8
0:00:00.015014207  2727 0x5579ae6bd320 DEBUG   GST_REGISTRY gstregistrychunks.c:265:gst_registry_chunks_save_feature: saved 0 interfaces 0 pad templates
0:00:00.019472221  2726 0x56364215b320 TRACE   structure gststructure.c:292:gst_structure_new_id_empty_with_size: created structure 0x563642183910
0:00:00.019480726  2726 0x56364215b320 DEBUG   structure gststructure.c:2258:gst_structure_parse_field: trying field name 'long-name'
0:00:00.015024724  2727 0x5579ae6bd320 DEBUG   GST_REGISTRY gstregistrychunks.c:265:gst_registry_chunks_save_feature: saved 0 interfaces 0 pad templates
0:00:00.019486767  2726 0x56364215b320 DEBUG   default gstvalue.c:2776:_priv_gst_value_parse_value: trying type name 'string'
0:00:00.015035554  2727 0x5579ae6bd320 DEBUG   GST_REGISTRY gstregistrychunks.c:265:gst_registry_chunks_save_feature: saved 0 interfaces 0 pad templates
0:00:00.019493972  2726 0x56364215b320 DEBUG   structure gststructure.c:2258:gst_structure_parse_field: trying field name 'klass'
0:00:00.019501057  2726 0x56364215b320 DEBUG   default gstvalue.c:2776:_priv_gst_value_parse_value: trying type name 'string'
0:00:00.015045942  2727 0x5579ae6bd320 DEBUG   GST_REGISTRY gstregistrychunks.c:265:gst_registry_chunks_save_feature: saved 1 interfaces 0 pad templates
0:00:00.019507597  2726 0x56364215b320 DEBUG   structure gststructure.c:2258:gst_structure_parse_field: trying field name 'description'
0:00:00.015052953  2727 0x5579ae6bd320 DEBUG   GST_REGISTRY gstregistrychunks.c:284:gst_registry_chunks_save_feature: Saved 1 UriTypes
0:00:00.019513777  2726 0x56364215b320 DEBUG   default gstvalue.c:2776:_priv_gst_value_parse_value: trying type name 'string'
0:00:00.015063270  2727 0x5579ae6bd320 DEBUG   GST_REGISTRY gstregistrychunks.c:265:gst_registry_chunks_save_feature: saved 0 interfaces 0 pad templates
0:00:00.019521526  2726 0x56364215b320 DEBUG   structure gststructure.c:2258:gst_structure_parse_field: trying field name 'author'
0:00:00.019529142  2726 0x56364215b320 DEBUG   default gstvalue.c:2776:_priv_gst_value_parse_value: trying type name 'string'
0:00:00.015073911  2727 0x5579ae6bd320 DEBUG   GST_REGISTRY gstregistrychunks.c:265:gst_registry_chunks_save_feature: saved 0 interfaces 0 pad templates
0:00:00.019536664  2726 0x56364215b320 DEBUG   GST_REGISTRY gstregistrychunks.c:626:gst_registry_chunks_load_feature: Element factory : npadtemplates=2
0:00:00.015084571  2727 0x5579ae6bd320 DEBUG   GST_REGISTRY gstregistrychunks.c:265:gst_registry_chunks_save_feature: saved 0 interfaces 0 pad templates
0:00:00.019542968  2726 0x56364215b320 DEBUG   GST_REGISTRY gstregistrychunks.c:526:gst_registry_chunks_load_pad_template: Reading/casting for GstRegistryChunkPadTemplate at address 0x563642181de8
0:00:00.019554846  2726 0x56364215b320 DEBUG   GST_REGISTRY gstregistrychunks.c:539:gst_registry_chunks_load_pad_template: Added pad_template sink
0:00:00.015099073  2727 0x5579ae6bd320 DEBUG   GST_REGISTRY gstregistrychunks.c:265:gst_registry_chunks_save_feature: saved 0 interfaces 0 pad templates
0:00:00.019560787  2726 0x56364215b320 DEBUG   GST_REGISTRY gstregistrychunks.c:526:gst_registry_chunks_load_pad_template: Reading/casting for GstRegistryChunkPadTemplate at address 0x563642181e00
0:00:00.015110457  2727 0x5579ae6bd320 DEBUG   GST_REGISTRY gstregistrychunks.c:265:gst_registry_chunks_save_feature: saved 0 interfaces 0 pad templates
0:00:00.019567662  2726 0x56364215b320 DEBUG   GST_REGISTRY gstregistrychunks.c:539:gst_registry_chunks_load_pad_template: Added pad_template src
0:00:00.019578079  2726 0x56364215b320 DEBUG   GST_REGISTRY gstregistry.c:590:gst_registry_add_feature: adding feature 0x56364218c1d0 (valve)
0:00:00.015122347  2727 0x5579ae6bd320 TRACE   GST_REFCOUNTING gstobject.c:265:gst_object_unref: 0x5579ae6e6f50 unref 2->1
0:00:00.019584293  2726 0x56364215b320 DEBUG   GST_REFCOUNTING gstobject.c:709:gst_object_set_parent: set parent (ref and sink)
0:00:00.015130629  2727 0x5579ae6bd320 TRACE   GST_REFCOUNTING gstobject.c:265:gst_object_unref: 0x5579ae6e8f70 unref 2->1
0:00:00.019592264  2726 0x56364215b320 TRACE   GST_REFCOUNTING gstobject.c:294:gst_object_ref_sink: 0x56364218c1d0 ref_sink 1->2
0:00:00.015138300  2727 0x5579ae6bd320 TRACE   GST_REFCOUNTING gstobject.c:265:gst_object_unref: 0x5579ae6e9d60 unref 2->1
0:00:00.019599590  2726 0x56364215b320 LOG   GST_REGISTRY gstregistry.c:608:gst_registry_add_feature: emitting feature-added for valve
0:00:00.015145779  2727 0x5579ae6bd320 TRACE   GST_REFCOUNTING gstobject.c:265:gst_object_unref: 0x5579ae6eac40 unref 2->1
0:00:00.019606852  2726 0x56364215b320 DEBUG   GST_REGISTRY gstregistrychunks.c:741:gst_registry_chunks_load_feature: Added feature valve, plugin 0x56364218acf0 coreelements
0:00:00.015153464  2727 0x5579ae6bd320 TRACE   GST_REFCOUNTING gstobject.c:265:gst_object_unref: 0x5579ae6eca50 unref 2->1
0:00:00.015169985  2727 0x5579ae6bd320 TRACE   GST_REFCOUNTING gstobject.c:265:gst_object_unref: 0x5579ae6edc20 unref 2->1
0:00:00.019628803  2726 0x56364215b320 DEBUG   GST_REGISTRY gstregistrychunks.c:583:gst_registry_chunks_load_feature: Plugin 'coreelements' feature 'multiqueue' typename : 'GstElementFactory'
0:00:00.015177166  2727 0x5579ae6bd320 TRACE   GST_REFCOUNTING gstobject.c:265:gst_object_unref: 0x5579ae6ef890 unref 2->1
0:00:00.015185696  2727 0x5579ae6bd320 TRACE   GST_REFCOUNTING gstobject.c:265:gst_object_unref: 0x5579ae6f1e90 unref 2->1
0:00:00.019644201  2726 0x56364215b320 TRACE   GST_REFCOUNTING gstobject.c:208:gst_object_init: 0x563642183b60 new
0:00:00.015192588  2727 0x5579ae6bd320 TRACE   GST_REFCOUNTING gstobject.c:265:gst_object_unref: 0x5579ae6f4340 unref 2->1
0:00:00.019662702  2726 0x56364215b320 LOG   GST_REGISTRY gstregistrychunks.c:610:gst_registry_chunks_load_feature: Reading/casting for GstRegistryChunkElementFactory at address 0x563642181e30
0:00:00.015205952  2727 0x5579ae6bd320 TRACE   GST_REFCOUNTING gstobject.c:265:gst_object_unref: 0x5579ae6f51c0 unref 2->1
0:00:00.019670921  2726 0x56364215b320 TRACE   structure gststructure.c:292:gst_structure_new_id_empty_with_size: created structure 0x563642183d90
0:00:00.015216117  2727 0x5579ae6bd320 TRACE   GST_REFCOUNTING gstobject.c:265:gst_object_unref: 0x5579ae6f5fa0 unref 2->1
0:00:00.019677800  2726 0x56364215b320 DEBUG   structure gststructure.c:2258:gst_structure_parse_field: trying field name 'long-name'
0:00:00.015223521  2727 0x5579ae6bd320 TRACE   GST_REFCOUNTING gstobject.c:265:gst_object_unref: 0x5579ae6f6d10 unref 2->1
0:00:00.019684357  2726 0x56364215b320 DEBUG   default gstvalue.c:2776:_priv_gst_value_parse_value: trying type name 'string'
0:00:00.015230937  2727 0x5579ae6bd320 TRACE   GST_REFCOUNTING gstobject.c:265:gst_object_unref: 0x5579ae6f8310 unref 2->1
0:00:00.019692098  2726 0x56364215b320 DEBUG   structure gststructure.c:2258:gst_structure_parse_field: trying field name 'klass'
0:00:00.015238399  2727 0x5579ae6bd320 TRACE   GST_REFCOUNTING gstobject.c:265:gst_object_unref: 0x5579ae6f9490 unref 2->1
0:00:00.019698851  2726 0x56364215b320 DEBUG   default gstvalue.c:2776:_priv_gst_value_parse_value: trying type name 'string'
0:00:00.015245724  2727 0x5579ae6bd320 TRACE   GST_REFCOUNTING gstobject.c:265:gst_object_unref: 0x5579ae6fa630 unref 2->1
0:00:00.019706055  2726 0x56364215b320 DEBUG   structure gststructure.c:2258:gst_structure_parse_field: trying field name 'description'
0:00:00.015252992  2727 0x5579ae6bd320 TRACE   GST_REFCOUNTING gstobject.c:265:gst_object_unref: 0x5579ae6fc910 unref 2->1
0:00:00.019712627  2726 0x56364215b320 DEBUG   default gstvalue.c:2776:_priv_gst_value_parse_value: trying type name 'string'
0:00:00.015260694  2727 0x5579ae6bd320 TRACE   GST_REFCOUNTING gstobject.c:265:gst_object_unref: 0x5579ae6fe1b0 unref 2->1
0:00:00.019720228  2726 0x56364215b320 DEBUG   structure gststructure.c:2258:gst_structure_parse_field: trying field name 'author'
0:00:00.019728464  2726 0x56364215b320 DEBUG   default gstvalue.c:2776:_priv_gst_value_parse_value: trying type name 'string'
0:00:00.015271034  2727 0x5579ae6bd320 TRACE   GST_REFCOUNTING gstobject.c:265:gst_object_unref: 0x5579ae6ff630 unref 2->1
0:00:00.019735755  2726 0x56364215b320 DEBUG   GST_REGISTRY gstregistrychunks.c:626:gst_registry_chunks_load_feature: Element factory : npadtemplates=2
0:00:00.015282308  2727 0x5579ae6bd320 TRACE   GST_REFCOUNTING gstobject.c:265:gst_object_unref: 0x5579ae700a10 unref 2->1
0:00:00.019742237  2726 0x56364215b320 DEBUG   GST_REGISTRY gstregistrychunks.c:526:gst_registry_chunks_load_pad_template: Reading/casting for GstRegistryChunkPadTemplate at address 0x563642181ef0
0:00:00.015291444  2727 0x5579ae6bd320 TRACE   GST_REFCOUNTING gstobject.c:265:gst_object_unref: 0x5579ae701a00 unref 2->1
0:00:00.019754505  2726 0x56364215b320 DEBUG   GST_REGISTRY gstregistrychunks.c:539:gst_registry_chunks_load_pad_template: Added pad_template src_%u
0:00:00.015300106  2727 0x5579ae6bd320 TRACE   GST_REFCOUNTING gstobject.c:265:gst_object_unref: 0x5579ae7034e0 unref 2->1
0:00:00.019763784  2726 0x56364215b320 DEBUG   GST_REGISTRY gstregistrychunks.c:526:gst_registry_chunks_load_pad_template: Reading/casting for GstRegistryChunkPadTemplate at address 0x563642181f08
0:00:00.015307602  2727 0x5579ae6bd320 TRACE   GST_REFCOUNTING gstobject.c:265:gst_object_unref: 0x5579ae7046e0 unref 2->1
0:00:00.019771083  2726 0x56364215b320 DEBUG   GST_REGISTRY gstregistrychunks.c:539:gst_registry_chunks_load_pad_template: Added pad_template sink_%u
0:00:00.015318707  2727 0x5579ae6bd320 DEBUG   GST_REGISTRY gstregistrychunks.c:498:_priv_gst_registry_chunks_save_plugin: Found 22 features in plugin 0x5579ae6e6890 (coreelements)
0:00:00.019779912  2726 0x56364215b320 DEBUG   GST_REGISTRY gstregistry.c:590:gst_registry_add_feature: adding feature 0x563642183b60 (multiqueue)
0:00:00.019786759  2726 0x56364215b320 DEBUG   GST_REFCOUNTING gstobject.c:709:gst_object_set_parent: set parent (ref and sink)
0:00:00.015330394  2727 0x5579ae6bd320 DEBUG   GST_POLL gstpoll.c:980:gst_poll_fd_ctl_write: 0x5579ae6e1cf0: fd (fd:0, idx:1), active : 1
0:00:00.019794601  2726 0x56364215b320 TRACE   GST_REFCOUNTING gstobject.c:294:gst_object_ref_sink: 0x563642183b60 ref_sink 1->2
0:00:00.015339644  2727 0x5579ae6bd320 LOG   GST_POLL gstpoll.c:994:gst_poll_fd_ctl_write: 0x5579ae6e1cf0: pfd->events now 60 (POLLOUT:4)
0:00:00.019801868  2726 0x56364215b320 LOG   GST_REGISTRY gstregistry.c:608:gst_registry_add_feature: emitting feature-added for multiqueue
0:00:00.015347786  2727 0x5579ae6bd320 DEBUG   GST_POLL gstpoll.c:980:gst_poll_fd_ctl_write: 0x5579ae6e1cf0: fd (fd:0, idx:1), active : 1
0:00:00.019809445  2726 0x56364215b320 DEBUG   GST_REGISTRY gstregistrychunks.c:741:gst_registry_chunks_load_feature: Added feature multiqueue, plugin 0x56364218acf0 coreelements
0:00:00.015354737  2727 0x5579ae6bd320 LOG   GST_POLL gstpoll.c:994:gst_poll_fd_ctl_write: 0x5579ae6e1cf0: pfd->events now 60 (POLLOUT:4)
0:00:00.019817064  2726 0x56364215b320 DEBUG   GST_REGISTRY gstregistrychunks.c:583:gst_registry_chunks_load_feature: Plugin 'coreelements' feature 'typefind' typename : 'GstElementFactory'
0:00:00.015370494  2727 0x5579ae6bd320 DEBUG   GST_POLL gstpoll.c:980:gst_poll_fd_ctl_write: 0x5579ae6e1cf0: fd (fd:0, idx:1), active : 1
0:00:00.019830800  2726 0x56364215b320 TRACE   GST_REFCOUNTING gstobject.c:208:gst_object_init: 0x563642184040 new
0:00:00.015377466  2727 0x5579ae6bd320 LOG   GST_POLL gstpoll.c:994:gst_poll_fd_ctl_write: 0x5579ae6e1cf0: pfd->events now 60 (POLLOUT:4)
0:00:00.019839455  2726 0x56364215b320 LOG   GST_REGISTRY gstregistrychunks.c:610:gst_registry_chunks_load_feature: Reading/casting for GstRegistryChunkElementFactory at address 0x563642181f38
0:00:00.015384517  2727 0x5579ae6bd320 DEBUG   GST_POLL gstpoll.c:980:gst_poll_fd_ctl_write: 0x5579ae6e1cf0: fd (fd:0, idx:1), active : 1
0:00:00.019857077  2726 0x56364215b320 TRACE   structure gststructure.c:292:gst_structure_new_id_empty_with_size: created structure 0x563642184270
0:00:00.015401833  2727 0x5579ae6bd320 LOG   GST_POLL gstpoll.c:994:gst_poll_fd_ctl_write: 0x5579ae6e1cf0: pfd->events now 60 (POLLOUT:4)
0:00:00.019864028  2726 0x56364215b320 DEBUG   structure gststructure.c:2258:gst_structure_parse_field: trying field name 'long-name'
0:00:00.015410141  2727 0x5579ae6bd320 DEBUG   GST_POLL gstpoll.c:980:gst_poll_fd_ctl_write: 0x5579ae6e1cf0: fd (fd:0, idx:1), active : 1
0:00:00.019870420  2726 0x56364215b320 DEBUG   default gstvalue.c:2776:_priv_gst_value_parse_value: trying type name 'string'
0:00:00.015416790  2727 0x5579ae6bd320 LOG   GST_POLL gstpoll.c:994:gst_poll_fd_ctl_write: 0x5579ae6e1cf0: pfd->events now 60 (POLLOUT:4)
0:00:00.019877508  2726 0x56364215b320 DEBUG   structure gststructure.c:2258:gst_structure_parse_field: trying field name 'klass'
0:00:00.015423998  2727 0x5579ae6bd320 DEBUG   GST_POLL gstpoll.c:980:gst_poll_fd_ctl_write: 0x5579ae6e1cf0: fd (fd:0, idx:1), active : 1
0:00:00.019884023  2726 0x56364215b320 DEBUG   default gstvalue.c:2776:_priv_gst_value_parse_value: trying type name 'string'
0:00:00.015430859  2727 0x5579ae6bd320 LOG   GST_POLL gstpoll.c:994:gst_poll_fd_ctl_write: 0x5579ae6e1cf0: pfd->events now 60 (POLLOUT:4)
0:00:00.019890964  2726 0x56364215b320 DEBUG   structure gststructure.c:2258:gst_structure_parse_field: trying field name 'description'
0:00:00.015438247  2727 0x5579ae6bd320 DEBUG   GST_POLL gstpoll.c:980:gst_poll_fd_ctl_write: 0x5579ae6e1cf0: fd (fd:0, idx:1), active : 1
0:00:00.019897821  2726 0x56364215b320 DEBUG   default gstvalue.c:2776:_priv_gst_value_parse_value: trying type name 'string'
0:00:00.015444816  2727 0x5579ae6bd320 LOG   GST_POLL gstpoll.c:994:gst_poll_fd_ctl_write: 0x5579ae6e1cf0: pfd->events now 60 (POLLOUT:4)
0:00:00.019905591  2726 0x56364215b320 DEBUG   structure gststructure.c:2258:gst_structure_parse_field: trying field name 'author'
0:00:00.015451826  2727 0x5579ae6bd320 DEBUG   GST_POLL gstpoll.c:980:gst_poll_fd_ctl_write: 0x5579ae6e1cf0: fd (fd:0, idx:1), active : 1
0:00:00.019912202  2726 0x56364215b320 DEBUG   default gstvalue.c:2776:_priv_gst_value_parse_value: trying type name 'string'
0:00:00.015458452  2727 0x5579ae6bd320 LOG   GST_POLL gstpoll.c:994:gst_poll_fd_ctl_write: 0x5579ae6e1cf0: pfd->events now 60 (POLLOUT:4)
0:00:00.019920174  2726 0x56364215b320 DEBUG   GST_REGISTRY gstregistrychunks.c:626:gst_registry_chunks_load_feature: Element factory : npadtemplates=2
0:00:00.015465396  2727 0x5579ae6bd320 DEBUG   GST_POLL gstpoll.c:980:gst_poll_fd_ctl_write: 0x5579ae6e1cf0: fd (fd:0, idx:1), active : 1
0:00:00.019926876  2726 0x56364215b320 DEBUG   GST_REGISTRY gstregistrychunks.c:526:gst_registry_chunks_load_pad_template: Reading/casting for GstRegistryChunkPadTemplate at address 0x563642182010
0:00:00.015472406  2727 0x5579ae6bd320 LOG   GST_POLL gstpoll.c:994:gst_poll_fd_ctl_write: 0x5579ae6e1cf0: pfd->events now 60 (POLLOUT:4)
0:00:00.019937176  2726 0x56364215b320 DEBUG   GST_REGISTRY gstregistrychunks.c:539:gst_registry_chunks_load_pad_template: Added pad_template sink
0:00:00.015482948  2727 0x5579ae6bd320 DEBUG   GST_POLL gstpoll.c:980:gst_poll_fd_ctl_write: 0x5579ae6e1cf0: fd (fd:0, idx:1), active : 1
0:00:00.019943580  2726 0x56364215b320 DEBUG   GST_REGISTRY gstregistrychunks.c:526:gst_registry_chunks_load_pad_template: Reading/casting for GstRegistryChunkPadTemplate at address 0x563642182028
0:00:00.015489653  2727 0x5579ae6bd320 LOG   GST_POLL gstpoll.c:994:gst_poll_fd_ctl_write: 0x5579ae6e1cf0: pfd->events now 60 (POLLOUT:4)
0:00:00.019950227  2726 0x56364215b320 DEBUG   GST_REGISTRY gstregistrychunks.c:539:gst_registry_chunks_load_pad_template: Added pad_template src
0:00:00.015496680  2727 0x5579ae6bd320 DEBUG   GST_POLL gstpoll.c:980:gst_poll_fd_ctl_write: 0x5579ae6e1cf0: fd (fd:0, idx:1), active : 1
0:00:00.019958720  2726 0x56364215b320 DEBUG   GST_REGISTRY gstregistry.c:590:gst_registry_add_feature: adding feature 0x563642184040 (typefind)
0:00:00.015503405  2727 0x5579ae6bd320 LOG   GST_POLL gstpoll.c:994:gst_poll_fd_ctl_write: 0x5579ae6e1cf0: pfd->events now 60 (POLLOUT:4)
0:00:00.019965874  2726 0x56364215b320 DEBUG   GST_REFCOUNTING gstobject.c:709:gst_object_set_parent: set parent (ref and sink)
0:00:00.015511686  2727 0x5579ae6bd320 DEBUG   GST_POLL gstpoll.c:980:gst_poll_fd_ctl_write: 0x5579ae6e1cf0: fd (fd:0, idx:1), active : 1
0:00:00.019974921  2726 0x56364215b320 TRACE   GST_REFCOUNTING gstobject.c:294:gst_object_ref_sink: 0x563642184040 ref_sink 1->2
0:00:00.015519320  2727 0x5579ae6bd320 LOG   GST_POLL gstpoll.c:994:gst_poll_fd_ctl_write: 0x5579ae6e1cf0: pfd->events now 60 (POLLOUT:4)
0:00:00.019982356  2726 0x56364215b320 LOG   GST_REGISTRY gstregistry.c:608:gst_registry_add_feature: emitting feature-added for typefind
0:00:00.015527794  2727 0x5579ae6bd320 DEBUG   GST_POLL gstpoll.c:980:gst_poll_fd_ctl_write: 0x5579ae6e1cf0: fd (fd:0, idx:1), active : 1
0:00:00.019990024  2726 0x56364215b320 DEBUG   GST_REGISTRY gstregistrychunks.c:741:gst_registry_chunks_load_feature: Added feature typefind, plugin 0x56364218acf0 coreelements
0:00:00.015534506  2727 0x5579ae6bd320 LOG   GST_POLL gstpoll.c:994:gst_poll_fd_ctl_write: 0x5579ae6e1cf0: pfd->events now 60 (POLLOUT:4)
0:00:00.019997379  2726 0x56364215b320 DEBUG   GST_REGISTRY gstregistrychunks.c:583:gst_registry_chunks_load_feature: Plugin 'coreelements' feature 'tee' typename : 'GstElementFactory'
0:00:00.015542284  2727 0x5579ae6bd320 DEBUG   GST_POLL gstpoll.c:980:gst_poll_fd_ctl_write: 0x5579ae6e1cf0: fd (fd:0, idx:1), active : 1
0:00:00.020005686  2726 0x56364215b320 TRACE   GST_REFCOUNTING gstobject.c:208:gst_object_init: 0x563642184510 new
0:00:00.015549439  2727 0x5579ae6bd320 LOG   GST_POLL gstpoll.c:994:gst_poll_fd_ctl_write: 0x5579ae6e1cf0: pfd->events now 60 (POLLOUT:4)
0:00:00.020014260  2726 0x56364215b320 LOG   GST_REGISTRY gstregistrychunks.c:610:gst_registry_chunks_load_feature: Reading/casting for GstRegistryChunkElementFactory at address 0x563642182050
0:00:00.015558719  2727 0x5579ae6bd320 DEBUG   GST_POLL gstpoll.c:980:gst_poll_fd_ctl_write: 0x5579ae6e1cf0: fd (fd:0, idx:1), active : 1
0:00:00.020025585  2726 0x56364215b320 TRACE   structure gststructure.c:292:gst_structure_new_id_empty_with_size: created structure 0x563642184890
0:00:00.015570767  2727 0x5579ae6bd320 LOG   GST_POLL gstpoll.c:994:gst_poll_fd_ctl_write: 0x5579ae6e1cf0: pfd->events now 60 (POLLOUT:4)
0:00:00.020032390  2726 0x56364215b320 DEBUG   structure gststructure.c:2258:gst_structure_parse_field: trying field name 'long-name'
0:00:00.015578465  2727 0x5579ae6bd320 DEBUG   GST_POLL gstpoll.c:980:gst_poll_fd_ctl_write: 0x5579ae6e1cf0: fd (fd:0, idx:1), active : 1
0:00:00.020038718  2726 0x56364215b320 DEBUG   default gstvalue.c:2776:_priv_gst_value_parse_value: trying type name 'string'
0:00:00.015585027  2727 0x5579ae6bd320 LOG   GST_POLL gstpoll.c:994:gst_poll_fd_ctl_write: 0x5579ae6e1cf0: pfd->events now 60 (POLLOUT:4)
0:00:00.020046212  2726 0x56364215b320 DEBUG   structure gststructure.c:2258:gst_structure_parse_field: trying field name 'klass'
0:00:00.015592238  2727 0x5579ae6bd320 DEBUG   GST_POLL gstpoll.c:980:gst_poll_fd_ctl_write: 0x5579ae6e1cf0: fd (fd:0, idx:1), active : 1
0:00:00.020052470  2726 0x56364215b320 DEBUG   default gstvalue.c:2776:_priv_gst_value_parse_value: trying type name 'string'
0:00:00.015598822  2727 0x5579ae6bd320 LOG   GST_POLL gstpoll.c:994:gst_poll_fd_ctl_write: 0x5579ae6e1cf0: pfd->events now 60 (POLLOUT:4)
0:00:00.020060103  2726 0x56364215b320 DEBUG   structure gststructure.c:2258:gst_structure_parse_field: trying field name 'description'
0:00:00.015605817  2727 0x5579ae6bd320 DEBUG   GST_POLL gstpoll.c:980:gst_poll_fd_ctl_write: 0x5579ae6e1cf0: fd (fd:0, idx:1), active : 1
0:00:00.020066233  2726 0x56364215b320 DEBUG   default gstvalue.c:2776:_priv_gst_value_parse_value: trying type name 'string'
0:00:00.015612413  2727 0x5579ae6bd320 LOG   GST_POLL gstpoll.c:994:gst_poll_fd_ctl_write: 0x5579ae6e1cf0: pfd->events now 60 (POLLOUT:4)
0:00:00.020073352  2726 0x56364215b320 DEBUG   structure gststructure.c:2258:gst_structure_parse_field: trying field name 'author'
0:00:00.015619386  2727 0x5579ae6bd320 DEBUG   GST_POLL gstpoll.c:980:gst_poll_fd_ctl_write: 0x5579ae6e1cf0: fd (fd:0, idx:1), active : 1
0:00:00.020080073  2726 0x56364215b320 DEBUG   default gstvalue.c:2776:_priv_gst_value_parse_value: trying type name 'string'
0:00:00.015625977  2727 0x5579ae6bd320 LOG   GST_POLL gstpoll.c:994:gst_poll_fd_ctl_write: 0x5579ae6e1cf0: pfd->events now 60 (POLLOUT:4)
0:00:00.020088514  2726 0x56364215b320 DEBUG   GST_REGISTRY gstregistrychunks.c:626:gst_registry_chunks_load_feature: Element factory : npadtemplates=2
0:00:00.015632973  2727 0x5579ae6bd320 DEBUG   GST_POLL gstpoll.c:980:gst_poll_fd_ctl_write: 0x5579ae6e1cf0: fd (fd:0, idx:1), active : 1
0:00:00.020094813  2726 0x56364215b320 DEBUG   GST_REGISTRY gstregistrychunks.c:526:gst_registry_chunks_load_pad_template: Reading/casting for GstRegistryChunkPadTemplate at address 0x563642182140
0:00:00.015640391  2727 0x5579ae6bd320 LOG   GST_POLL gstpoll.c:994:gst_poll_fd_ctl_write: 0x5579ae6e1cf0: pfd->events now 60 (POLLOUT:4)
0:00:00.020104909  2726 0x56364215b320 DEBUG   GST_REGISTRY gstregistrychunks.c:539:gst_registry_chunks_load_pad_template: Added pad_template src_%u
0:00:00.015650761  2727 0x5579ae6bd320 DEBUG   GST_POLL gstpoll.c:980:gst_poll_fd_ctl_write: 0x5579ae6e1cf0: fd (fd:0, idx:1), active : 1
0:00:00.020111087  2726 0x56364215b320 DEBUG   GST_REGISTRY gstregistrychunks.c:526:gst_registry_chunks_load_pad_template: Reading/casting for GstRegistryChunkPadTemplate at address 0x563642182158
0:00:00.015657412  2727 0x5579ae6bd320 LOG   GST_POLL gstpoll.c:994:gst_poll_fd_ctl_write: 0x5579ae6e1cf0: pfd->events now 60 (POLLOUT:4)
0:00:00.020117470  2726 0x56364215b320 DEBUG   GST_REGISTRY gstregistrychunks.c:539:gst_registry_chunks_load_pad_template: Added pad_template sink
0:00:00.015664498  2727 0x5579ae6bd320 DEBUG   GST_POLL gstpoll.c:980:gst_poll_fd_ctl_write: 0x5579ae6e1cf0: fd (fd:0, idx:1), active : 1
0:00:00.020125676  2726 0x56364215b320 DEBUG   GST_REGISTRY gstregistry.c:590:gst_registry_add_feature: adding feature 0x563642184510 (tee)
0:00:00.015670988  2727 0x5579ae6bd320 LOG   GST_POLL gstpoll.c:994:gst_poll_fd_ctl_write: 0x5579ae6e1cf0: pfd->events now 60 (POLLOUT:4)
0:00:00.020132365  2726 0x56364215b320 DEBUG   GST_REFCOUNTING gstobject.c:709:gst_object_set_parent: set parent (ref and sink)
0:00:00.015678004  2727 0x5579ae6bd320 DEBUG   GST_POLL gstpoll.c:980:gst_poll_fd_ctl_write: 0x5579ae6e1cf0: fd (fd:0, idx:1), active : 1
0:00:00.020140436  2726 0x56364215b320 TRACE   GST_REFCOUNTING gstobject.c:294:gst_object_ref_sink: 0x563642184510 ref_sink 1->2
0:00:00.015684744  2727 0x5579ae6bd320 LOG   GST_POLL gstpoll.c:994:gst_poll_fd_ctl_write: 0x5579ae6e1cf0: pfd->events now 60 (POLLOUT:4)
0:00:00.020147752  2726 0x56364215b320 LOG   GST_REGISTRY gstregistry.c:608:gst_registry_add_feature: emitting feature-added for tee
0:00:00.015693099  2727 0x5579ae6bd320 DEBUG   GST_POLL gstpoll.c:980:gst_poll_fd_ctl_write: 0x5579ae6e1cf0: fd (fd:0, idx:1), active : 1
0:00:00.020154973  2726 0x56364215b320 DEBUG   GST_REGISTRY gstregistrychunks.c:741:gst_registry_chunks_load_feature: Added feature tee, plugin 0x56364218acf0 coreelements
0:00:00.015699631  2727 0x5579ae6bd320 LOG   GST_POLL gstpoll.c:994:gst_poll_fd_ctl_write: 0x5579ae6e1cf0: pfd->events now 60 (POLLOUT:4)
0:00:00.020162267  2726 0x56364215b320 DEBUG   GST_REGISTRY gstregistrychunks.c:583:gst_registry_chunks_load_feature: Plugin 'coreelements' feature 'filesink' typename : 'GstElementFactory'
0:00:00.015707230  2727 0x5579ae6bd320 DEBUG   GST_POLL gstpoll.c:980:gst_poll_fd_ctl_write: 0x5579ae6e1cf0: fd (fd:0, idx:1), active : 1
0:00:00.020170276  2726 0x56364215b320 TRACE   GST_REFCOUNTING gstobject.c:208:gst_object_init: 0x563642184a40 new
0:00:00.015713945  2727 0x5579ae6bd320 LOG   GST_POLL gstpoll.c:994:gst_poll_fd_ctl_write: 0x5579ae6e1cf0: pfd->events now 60 (POLLOUT:4)
0:00:00.020178540  2726 0x56364215b320 LOG   GST_REGISTRY gstregistrychunks.c:610:gst_registry_chunks_load_feature: Reading/casting for GstRegistryChunkElementFactory at address 0x563642182188
0:00:00.015723251  2727 0x5579ae6bd320 DEBUG   GST_POLL gstpoll.c:980:gst_poll_fd_ctl_write: 0x5579ae6e1cf0: fd (fd:0, idx:1), active : 1
0:00:00.020191741  2726 0x56364215b320 TRACE   structure gststructure.c:292:gst_structure_new_id_empty_with_size: created structure 0x563642184d40
0:00:00.015736690  2727 0x5579ae6bd320 LOG   GST_POLL gstpoll.c:994:gst_poll_fd_ctl_write: 0x5579ae6e1cf0: pfd->events now 60 (POLLOUT:4)
0:00:00.020198362  2726 0x56364215b320 DEBUG   structure gststructure.c:2258:gst_structure_parse_field: trying field name 'long-name'
0:00:00.015744482  2727 0x5579ae6bd320 DEBUG   GST_POLL gstpoll.c:980:gst_poll_fd_ctl_write: 0x5579ae6e1cf0: fd (fd:0, idx:1), active : 1
0:00:00.020204730  2726 0x56364215b320 DEBUG   default gstvalue.c:2776:_priv_gst_value_parse_value: trying type name 'string'
0:00:00.015751126  2727 0x5579ae6bd320 LOG   GST_POLL gstpoll.c:994:gst_poll_fd_ctl_write: 0x5579ae6e1cf0: pfd->events now 60 (POLLOUT:4)
0:00:00.020211828  2726 0x56364215b320 DEBUG   structure gststructure.c:2258:gst_structure_parse_field: trying field name 'klass'
0:00:00.015758170  2727 0x5579ae6bd320 DEBUG   GST_POLL gstpoll.c:980:gst_poll_fd_ctl_write: 0x5579ae6e1cf0: fd (fd:0, idx:1), active : 1
0:00:00.020218059  2726 0x56364215b320 DEBUG   default gstvalue.c:2776:_priv_gst_value_parse_value: trying type name 'string'
0:00:00.015764758  2727 0x5579ae6bd320 LOG   GST_POLL gstpoll.c:994:gst_poll_fd_ctl_write: 0x5579ae6e1cf0: pfd->events now 60 (POLLOUT:4)
0:00:00.020224958  2726 0x56364215b320 DEBUG   structure gststructure.c:2258:gst_structure_parse_field: trying field name 'description'
0:00:00.015771727  2727 0x5579ae6bd320 DEBUG   GST_POLL gstpoll.c:980:gst_poll_fd_ctl_write: 0x5579ae6e1cf0: fd (fd:0, idx:1), active : 1
0:00:00.020231182  2726 0x56364215b320 DEBUG   default gstvalue.c:2776:_priv_gst_value_parse_value: trying type name 'string'
0:00:00.015778461  2727 0x5579ae6bd320 LOG   GST_POLL gstpoll.c:994:gst_poll_fd_ctl_write: 0x5579ae6e1cf0: pfd->events now 60 (POLLOUT:4)
0:00:00.020238663  2726 0x56364215b320 DEBUG   structure gststructure.c:2258:gst_structure_parse_field: trying field name 'author'
0:00:00.015785447  2727 0x5579ae6bd320 DEBUG   GST_POLL gstpoll.c:980:gst_poll_fd_ctl_write: 0x5579ae6e1cf0: fd (fd:0, idx:1), active : 1
0:00:00.020245148  2726 0x56364215b320 DEBUG   default gstvalue.c:2776:_priv_gst_value_parse_value: trying type name 'string'
0:00:00.015792167  2727 0x5579ae6bd320 LOG   GST_POLL gstpoll.c:994:gst_poll_fd_ctl_write: 0x5579ae6e1cf0: pfd->events now 60 (POLLOUT:4)
0:00:00.020255004  2726 0x56364215b320 DEBUG   GST_REGISTRY gstregistrychunks.c:626:gst_registry_chunks_load_feature: Element factory : npadtemplates=1
0:00:00.015799238  2727 0x5579ae6bd320 DEBUG   GST_POLL gstpoll.c:980:gst_poll_fd_ctl_write: 0x5579ae6e1cf0: fd (fd:0, idx:1), active : 1
0:00:00.020261619  2726 0x56364215b320 DEBUG   GST_REGISTRY gstregistrychunks.c:526:gst_registry_chunks_load_pad_template: Reading/casting for GstRegistryChunkPadTemplate at address 0x563642182268
0:00:00.015807307  2727 0x5579ae6bd320 LOG   GST_POLL gstpoll.c:994:gst_poll_fd_ctl_write: 0x5579ae6e1cf0: pfd->events now 60 (POLLOUT:4)
0:00:00.020272663  2726 0x56364215b320 DEBUG   GST_REGISTRY gstregistrychunks.c:539:gst_registry_chunks_load_pad_template: Added pad_template sink
0:00:00.015818351  2727 0x5579ae6bd320 DEBUG   GST_POLL gstpoll.c:980:gst_poll_fd_ctl_write: 0x5579ae6e1cf0: fd (fd:0, idx:1), active : 1
0:00:00.015825040  2727 0x5579ae6bd320 LOG   GST_POLL gstpoll.c:994:gst_poll_fd_ctl_write: 0x5579ae6e1cf0: pfd->events now 60 (POLLOUT:4)
0:00:00.020282673  2726 0x56364215b320 DEBUG   GST_REGISTRY gstregistrychunks.c:639:gst_registry_chunks_load_feature: Reading 1 UriTypes at address 0x563642182279
0:00:00.015831681  2727 0x5579ae6bd320 DEBUG   GST_POLL gstpoll.c:980:gst_poll_fd_ctl_write: 0x5579ae6e1cf0: fd (fd:0, idx:1), active : 1
0:00:00.020291702  2726 0x56364215b320 DEBUG   GST_REGISTRY gstregistrychunks.c:654:gst_registry_chunks_load_feature: Reading 1 Interfaces at address 0x563642182289
0:00:00.015838648  2727 0x5579ae6bd320 LOG   GST_POLL gstpoll.c:994:gst_poll_fd_ctl_write: 0x5579ae6e1cf0: pfd->events now 60 (POLLOUT:4)
0:00:00.020301176  2726 0x56364215b320 DEBUG   GST_REGISTRY gstregistry.c:590:gst_registry_add_feature: adding feature 0x563642184a40 (filesink)
0:00:00.015845610  2727 0x5579ae6bd320 DEBUG   GST_POLL gstpoll.c:980:gst_poll_fd_ctl_write: 0x5579ae6e1cf0: fd (fd:0, idx:1), active : 1
0:00:00.020308078  2726 0x56364215b320 DEBUG   GST_REFCOUNTING gstobject.c:709:gst_object_set_parent: set parent (ref and sink)
0:00:00.015853478  2727 0x5579ae6bd320 LOG   GST_POLL gstpoll.c:994:gst_poll_fd_ctl_write: 0x5579ae6e1cf0: pfd->events now 60 (POLLOUT:4)
0:00:00.020316290  2726 0x56364215b320 TRACE   GST_REFCOUNTING gstobject.c:294:gst_object_ref_sink: 0x563642184a40 ref_sink 1->2
0:00:00.015864506  2727 0x5579ae6bd320 DEBUG   GST_POLL gstpoll.c:980:gst_poll_fd_ctl_write: 0x5579ae6e1cf0: fd (fd:0, idx:1), active : 1
0:00:00.020327464  2726 0x56364215b320 LOG   GST_REGISTRY gstregistry.c:608:gst_registry_add_feature: emitting feature-added for filesink
0:00:00.015872719  2727 0x5579ae6bd320 LOG   GST_POLL gstpoll.c:994:gst_poll_fd_ctl_write: 0x5579ae6e1cf0: pfd->events now 60 (POLLOUT:4)
0:00:00.020334912  2726 0x56364215b320 DEBUG   GST_REGISTRY gstregistrychunks.c:741:gst_registry_chunks_load_feature: Added feature filesink, plugin 0x56364218acf0 coreelements
0:00:00.015879809  2727 0x5579ae6bd320 DEBUG   GST_POLL gstpoll.c:980:gst_poll_fd_ctl_write: 0x5579ae6e1cf0: fd (fd:0, idx:1), active : 1
0:00:00.020342119  2726 0x56364215b320 DEBUG   GST_REGISTRY gstregistrychunks.c:583:gst_registry_chunks_load_feature: Plugin 'coreelements' feature 'queue2' typename : 'GstElementFactory'
0:00:00.015886975  2727 0x5579ae6bd320 LOG   GST_POLL gstpoll.c:994:gst_poll_fd_ctl_write: 0x5579ae6e1cf0: pfd->events now 60 (POLLOUT:4)
0:00:00.020350328  2726 0x56364215b320 TRACE   GST_REFCOUNTING gstobject.c:208:gst_object_init: 0x563642185300 new
0:00:00.015894600  2727 0x5579ae6bd320 DEBUG   GST_POLL gstpoll.c:980:gst_poll_fd_ctl_write: 0x5579ae6e1cf0: fd (fd:0, idx:1), active : 1
0:00:00.020363090  2726 0x56364215b320 LOG   GST_REGISTRY gstregistrychunks.c:610:gst_registry_chunks_load_feature: Reading/casting for GstRegistryChunkElementFactory at address 0x5636421822b0
0:00:00.015907041  2727 0x5579ae6bd320 LOG   GST_POLL gstpoll.c:994:gst_poll_fd_ctl_write: 0x5579ae6e1cf0: pfd->events now 60 (POLLOUT:4)
0:00:00.020370355  2726 0x56364215b320 TRACE   structure gststructure.c:292:gst_structure_new_id_empty_with_size: created structure 0x563642185530
0:00:00.015915797  2727 0x5579ae6bd320 DEBUG   GST_POLL gstpoll.c:980:gst_poll_fd_ctl_write: 0x5579ae6e1cf0: fd (fd:0, idx:1), active : 1
0:00:00.020376877  2726 0x56364215b320 DEBUG   structure gststructure.c:2258:gst_structure_parse_field: trying field name 'long-name'
0:00:00.015922578  2727 0x5579ae6bd320 LOG   GST_POLL gstpoll.c:994:gst_poll_fd_ctl_write: 0x5579ae6e1cf0: pfd->events now 60 (POLLOUT:4)
0:00:00.020383167  2726 0x56364215b320 DEBUG   default gstvalue.c:2776:_priv_gst_value_parse_value: trying type name 'string'
0:00:00.015929663  2727 0x5579ae6bd320 DEBUG   GST_POLL gstpoll.c:980:gst_poll_fd_ctl_write: 0x5579ae6e1cf0: fd (fd:0, idx:1), active : 1
0:00:00.020390273  2726 0x56364215b320 DEBUG   structure gststructure.c:2258:gst_structure_parse_field: trying field name 'klass'
0:00:00.015936448  2727 0x5579ae6bd320 LOG   GST_POLL gstpoll.c:994:gst_poll_fd_ctl_write: 0x5579ae6e1cf0: pfd->events now 60 (POLLOUT:4)
0:00:00.020396873  2726 0x56364215b320 DEBUG   default gstvalue.c:2776:_priv_gst_value_parse_value: trying type name 'string'
0:00:00.015943413  2727 0x5579ae6bd320 DEBUG   GST_POLL gstpoll.c:980:gst_poll_fd_ctl_write: 0x5579ae6e1cf0: fd (fd:0, idx:1), active : 1
0:00:00.020403825  2726 0x56364215b320 DEBUG   structure gststructure.c:2258:gst_structure_parse_field: trying field name 'description'
0:00:00.015950111  2727 0x5579ae6bd320 LOG   GST_POLL gstpoll.c:994:gst_poll_fd_ctl_write: 0x5579ae6e1cf0: pfd->events now 60 (POLLOUT:4)
0:00:00.020410062  2726 0x56364215b320 DEBUG   default gstvalue.c:2776:_priv_gst_value_parse_value: trying type name 'string'
0:00:00.015957152  2727 0x5579ae6bd320 DEBUG   GST_POLL gstpoll.c:980:gst_poll_fd_ctl_write: 0x5579ae6e1cf0: fd (fd:0, idx:1), active : 1
0:00:00.020417374  2726 0x56364215b320 DEBUG   structure gststructure.c:2258:gst_structure_parse_field: trying field name 'author'
0:00:00.015963890  2727 0x5579ae6bd320 LOG   GST_POLL gstpoll.c:994:gst_poll_fd_ctl_write: 0x5579ae6e1cf0: pfd->events now 60 (POLLOUT:4)
0:00:00.020423838  2726 0x56364215b320 DEBUG   default gstvalue.c:2776:_priv_gst_value_parse_value: trying type name 'string'
0:00:00.015970774  2727 0x5579ae6bd320 DEBUG   GST_POLL gstpoll.c:980:gst_poll_fd_ctl_write: 0x5579ae6e1cf0: fd (fd:0, idx:1), active : 1
0:00:00.020432261  2726 0x56364215b320 DEBUG   GST_REGISTRY gstregistrychunks.c:626:gst_registry_chunks_load_feature: Element factory : npadtemplates=2
0:00:00.015977462  2727 0x5579ae6bd320 LOG   GST_POLL gstpoll.c:994:gst_poll_fd_ctl_write: 0x5579ae6e1cf0: pfd->events now 60 (POLLOUT:4)
0:00:00.020438516  2726 0x56364215b320 DEBUG   GST_REGISTRY gstregistrychunks.c:526:gst_registry_chunks_load_pad_template: Reading/casting for GstRegistryChunkPadTemplate at address 0x5636421823a0
0:00:00.015989190  2727 0x5579ae6bd320 DEBUG   GST_POLL gstpoll.c:980:gst_poll_fd_ctl_write: 0x5579ae6e1cf0: fd (fd:0, idx:1), active : 1
0:00:00.020447821  2726 0x56364215b320 DEBUG   GST_REGISTRY gstregistrychunks.c:539:gst_registry_chunks_load_pad_template: Added pad_template sink
0:00:00.015995950  2727 0x5579ae6bd320 LOG   GST_POLL gstpoll.c:994:gst_poll_fd_ctl_write: 0x5579ae6e1cf0: pfd->events now 60 (POLLOUT:4)
0:00:00.020454704  2726 0x56364215b320 DEBUG   GST_REGISTRY gstregistrychunks.c:526:gst_registry_chunks_load_pad_template: Reading/casting for GstRegistryChunkPadTemplate at address 0x5636421823b8
0:00:00.016002964  2727 0x5579ae6bd320 DEBUG   GST_POLL gstpoll.c:980:gst_poll_fd_ctl_write: 0x5579ae6e1cf0: fd (fd:0, idx:1), active : 1
0:00:00.020461545  2726 0x56364215b320 DEBUG   GST_REGISTRY gstregistrychunks.c:539:gst_registry_chunks_load_pad_template: Added pad_template src
0:00:00.016009709  2727 0x5579ae6bd320 LOG   GST_POLL gstpoll.c:994:gst_poll_fd_ctl_write: 0x5579ae6e1cf0: pfd->events now 60 (POLLOUT:4)
0:00:00.020470376  2726 0x56364215b320 DEBUG   GST_REGISTRY gstregistry.c:590:gst_registry_add_feature: adding feature 0x563642185300 (queue2)
0:00:00.016016856  2727 0x5579ae6bd320 DEBUG   GST_POLL gstpoll.c:980:gst_poll_fd_ctl_write: 0x5579ae6e1cf0: fd (fd:0, idx:1), active : 1
0:00:00.020477054  2726 0x56364215b320 DEBUG   GST_REFCOUNTING gstobject.c:709:gst_object_set_parent: set parent (ref and sink)
0:00:00.016023524  2727 0x5579ae6bd320 LOG   GST_POLL gstpoll.c:994:gst_poll_fd_ctl_write: 0x5579ae6e1cf0: pfd->events now 60 (POLLOUT:4)
0:00:00.020484753  2726 0x56364215b320 TRACE   GST_REFCOUNTING gstobject.c:294:gst_object_ref_sink: 0x563642185300 ref_sink 1->2
0:00:00.016030658  2727 0x5579ae6bd320 DEBUG   GST_POLL gstpoll.c:980:gst_poll_fd_ctl_write: 0x5579ae6e1cf0: fd (fd:0, idx:1), active : 1
0:00:00.020491954  2726 0x56364215b320 LOG   GST_REGISTRY gstregistry.c:608:gst_registry_add_feature: emitting feature-added for queue2
0:00:00.016037396  2727 0x5579ae6bd320 LOG   GST_POLL gstpoll.c:994:gst_poll_fd_ctl_write: 0x5579ae6e1cf0: pfd->events now 60 (POLLOUT:4)
0:00:00.020499047  2726 0x56364215b320 DEBUG   GST_REGISTRY gstregistrychunks.c:741:gst_registry_chunks_load_feature: Added feature queue2, plugin 0x56364218acf0 coreelements
0:00:00.016044532  2727 0x5579ae6bd320 DEBUG   GST_POLL gstpoll.c:980:gst_poll_fd_ctl_write: 0x5579ae6e1cf0: fd (fd:0, idx:1), active : 1
0:00:00.020505969  2726 0x56364215b320 DEBUG   GST_REGISTRY gstregistrychunks.c:583:gst_registry_chunks_load_feature: Plugin 'coreelements' feature 'queue' typename : 'GstElementFactory'
0:00:00.016051296  2727 0x5579ae6bd320 LOG   GST_POLL gstpoll.c:994:gst_poll_fd_ctl_write: 0x5579ae6e1cf0: pfd->events now 60 (POLLOUT:4)
0:00:00.020514033  2726 0x56364215b320 TRACE   GST_REFCOUNTING gstobject.c:208:gst_object_init: 0x5636421857c0 new
0:00:00.016058310  2727 0x5579ae6bd320 DEBUG   GST_POLL gstpoll.c:980:gst_poll_fd_ctl_write: 0x5579ae6e1cf0: fd (fd:0, idx:1), active : 1
0:00:00.020526559  2726 0x56364215b320 LOG   GST_REGISTRY gstregistrychunks.c:610:gst_registry_chunks_load_feature: Reading/casting for GstRegistryChunkElementFactory at address 0x5636421823e0
0:00:00.016070715  2727 0x5579ae6bd320 LOG   GST_POLL gstpoll.c:994:gst_poll_fd_ctl_write: 0x5579ae6e1cf0: pfd->events now 60 (POLLOUT:4)
0:00:00.020534136  2726 0x56364215b320 TRACE   structure gststructure.c:292:gst_structure_new_id_empty_with_size: created structure 0x563642185aa0
0:00:00.016079673  2727 0x5579ae6bd320 DEBUG   GST_POLL gstpoll.c:980:gst_poll_fd_ctl_write: 0x5579ae6e1cf0: fd (fd:0, idx:1), active : 1
0:00:00.020540725  2726 0x56364215b320 DEBUG   structure gststructure.c:2258:gst_structure_parse_field: trying field name 'long-name'
0:00:00.016086350  2727 0x5579ae6bd320 LOG   GST_POLL gstpoll.c:994:gst_poll_fd_ctl_write: 0x5579ae6e1cf0: pfd->events now 60 (POLLOUT:4)
0:00:00.020547168  2726 0x56364215b320 DEBUG   default gstvalue.c:2776:_priv_gst_value_parse_value: trying type name 'string'
0:00:00.016093367  2727 0x5579ae6bd320 DEBUG   GST_POLL gstpoll.c:980:gst_poll_fd_ctl_write: 0x5579ae6e1cf0: fd (fd:0, idx:1), active : 1
0:00:00.020554148  2726 0x56364215b320 DEBUG   structure gststructure.c:2258:gst_structure_parse_field: trying field name 'klass'
0:00:00.016100276  2727 0x5579ae6bd320 LOG   GST_POLL gstpoll.c:994:gst_poll_fd_ctl_write: 0x5579ae6e1cf0: pfd->events now 60 (POLLOUT:4)
0:00:00.020560801  2726 0x56364215b320 DEBUG   default gstvalue.c:2776:_priv_gst_value_parse_value: trying type name 'string'
0:00:00.016107437  2727 0x5579ae6bd320 DEBUG   GST_POLL gstpoll.c:980:gst_poll_fd_ctl_write: 0x5579ae6e1cf0: fd (fd:0, idx:1), active : 1
0:00:00.020567783  2726 0x56364215b320 DEBUG   structure gststructure.c:2258:gst_structure_parse_field: trying field name 'description'
0:00:00.016113951  2727 0x5579ae6bd320 LOG   GST_POLL gstpoll.c:994:gst_poll_fd_ctl_write: 0x5579ae6e1cf0: pfd->events now 60 (POLLOUT:4)
0:00:00.020574101  2726 0x56364215b320 DEBUG   default gstvalue.c:2776:_priv_gst_value_parse_value: trying type name 'string'
0:00:00.016120881  2727 0x5579ae6bd320 DEBUG   GST_POLL gstpoll.c:980:gst_poll_fd_ctl_write: 0x5579ae6e1cf0: fd (fd:0, idx:1), active : 1
0:00:00.020581495  2726 0x56364215b320 DEBUG   structure gststructure.c:2258:gst_structure_parse_field: trying field name 'author'
0:00:00.016127555  2727 0x5579ae6bd320 LOG   GST_POLL gstpoll.c:994:gst_poll_fd_ctl_write: 0x5579ae6e1cf0: pfd->events now 60 (POLLOUT:4)
0:00:00.020588327  2726 0x56364215b320 DEBUG   default gstvalue.c:2776:_priv_gst_value_parse_value: trying type name 'string'
0:00:00.016134406  2727 0x5579ae6bd320 DEBUG   GST_POLL gstpoll.c:980:gst_poll_fd_ctl_write: 0x5579ae6e1cf0: fd (fd:0, idx:1), active : 1
0:00:00.020596170  2726 0x56364215b320 DEBUG   GST_REGISTRY gstregistrychunks.c:626:gst_registry_chunks_load_feature: Element factory : npadtemplates=2
0:00:00.016141056  2727 0x5579ae6bd320 LOG   GST_POLL gstpoll.c:994:gst_poll_fd_ctl_write: 0x5579ae6e1cf0: pfd->events now 60 (POLLOUT:4)
0:00:00.020602686  2726 0x56364215b320 DEBUG   GST_REGISTRY gstregistrychunks.c:526:gst_registry_chunks_load_pad_template: Reading/casting for GstRegistryChunkPadTemplate at address 0x563642182498
0:00:00.016173035  2727 0x5579ae6bd320 DEBUG   GST_POLL gstpoll.c:980:gst_poll_fd_ctl_write: 0x5579ae6e1cf0: fd (fd:0, idx:1), active : 1
0:00:00.020631075  2726 0x56364215b320 DEBUG   GST_REGISTRY gstregistrychunks.c:539:gst_registry_chunks_load_pad_template: Added pad_template sink
0:00:00.016187569  2727 0x5579ae6bd320 LOG   GST_POLL gstpoll.c:994:gst_poll_fd_ctl_write: 0x5579ae6e1cf0: pfd->events now 60 (POLLOUT:4)
0:00:00.020646307  2726 0x56364215b320 DEBUG   GST_REGISTRY gstregistrychunks.c:526:gst_registry_chunks_load_pad_template: Reading/casting for GstRegistryChunkPadTemplate at address 0x5636421824b0
0:00:00.020656804  2726 0x56364215b320 DEBUG   GST_REGISTRY gstregistrychunks.c:539:gst_registry_chunks_load_pad_template: Added pad_template src
0:00:00.016199003  2727 0x5579ae6bd320 DEBUG   GST_POLL gstpoll.c:980:gst_poll_fd_ctl_write: 0x5579ae6e1cf0: fd (fd:0, idx:1), active : 1
0:00:00.016209054  2727 0x5579ae6bd320 LOG   GST_POLL gstpoll.c:994:gst_poll_fd_ctl_write: 0x5579ae6e1cf0: pfd->events now 60 (POLLOUT:4)
0:00:00.020667952  2726 0x56364215b320 DEBUG   GST_REGISTRY gstregistry.c:590:gst_registry_add_feature: adding feature 0x5636421857c0 (queue)
0:00:00.016215814  2727 0x5579ae6bd320 DEBUG   GST_POLL gstpoll.c:980:gst_poll_fd_ctl_write: 0x5579ae6e1cf0: fd (fd:0, idx:1), active : 1
0:00:00.020674976  2726 0x56364215b320 DEBUG   GST_REFCOUNTING gstobject.c:709:gst_object_set_parent: set parent (ref and sink)
0:00:00.016222616  2727 0x5579ae6bd320 LOG   GST_POLL gstpoll.c:994:gst_poll_fd_ctl_write: 0x5579ae6e1cf0: pfd->events now 60 (POLLOUT:4)
0:00:00.020683022  2726 0x56364215b320 TRACE   GST_REFCOUNTING gstobject.c:294:gst_object_ref_sink: 0x5636421857c0 ref_sink 1->2
0:00:00.016229803  2727 0x5579ae6bd320 DEBUG   GST_POLL gstpoll.c:980:gst_poll_fd_ctl_write: 0x5579ae6e1cf0: fd (fd:0, idx:1), active : 1
0:00:00.020691044  2726 0x56364215b320 LOG   GST_REGISTRY gstregistry.c:608:gst_registry_add_feature: emitting feature-added for queue
0:00:00.016236496  2727 0x5579ae6bd320 LOG   GST_POLL gstpoll.c:994:gst_poll_fd_ctl_write: 0x5579ae6e1cf0: pfd->events now 60 (POLLOUT:4)
0:00:00.020698438  2726 0x56364215b320 DEBUG   GST_REGISTRY gstregistrychunks.c:741:gst_registry_chunks_load_feature: Added feature queue, plugin 0x56364218acf0 coreelements
0:00:00.016243558  2727 0x5579ae6bd320 DEBUG   GST_POLL gstpoll.c:980:gst_poll_fd_ctl_write: 0x5579ae6e1cf0: fd (fd:0, idx:1), active : 1
0:00:00.020705652  2726 0x56364215b320 DEBUG   GST_REGISTRY gstregistrychunks.c:583:gst_registry_chunks_load_feature: Plugin 'coreelements' feature 'output-selector' typename : 'GstElementFactory'
0:00:00.016250441  2727 0x5579ae6bd320 LOG   GST_POLL gstpoll.c:994:gst_poll_fd_ctl_write: 0x5579ae6e1cf0: pfd->events now 60 (POLLOUT:4)
0:00:00.020714456  2726 0x56364215b320 TRACE   GST_REFCOUNTING gstobject.c:208:gst_object_init: 0x563642185ed0 new
0:00:00.016258176  2727 0x5579ae6bd320 DEBUG   GST_POLL gstpoll.c:980:gst_poll_fd_ctl_write: 0x5579ae6e1cf0: fd (fd:0, idx:1), active : 1
0:00:00.020727876  2726 0x56364215b320 LOG   GST_REGISTRY gstregistrychunks.c:610:gst_registry_chunks_load_feature: Reading/casting for GstRegistryChunkElementFactory at address 0x5636421824e8
0:00:00.016271579  2727 0x5579ae6bd320 LOG   GST_POLL gstpoll.c:994:gst_poll_fd_ctl_write: 0x5579ae6e1cf0: pfd->events now 60 (POLLOUT:4)
0:00:00.020735239  2726 0x56364215b320 TRACE   structure gststructure.c:292:gst_structure_new_id_empty_with_size: created structure 0x5636421861d0
0:00:00.016280541  2727 0x5579ae6bd320 DEBUG   GST_POLL gstpoll.c:980:gst_poll_fd_ctl_write: 0x5579ae6e1cf0: fd (fd:0, idx:1), active : 1
0:00:00.020742181  2726 0x56364215b320 DEBUG   structure gststructure.c:2258:gst_structure_parse_field: trying field name 'long-name'
0:00:00.016287600  2727 0x5579ae6bd320 LOG   GST_POLL gstpoll.c:994:gst_poll_fd_ctl_write: 0x5579ae6e1cf0: pfd->events now 60 (POLLOUT:4)
0:00:00.020748775  2726 0x56364215b320 DEBUG   default gstvalue.c:2776:_priv_gst_value_parse_value: trying type name 'string'
0:00:00.016294858  2727 0x5579ae6bd320 DEBUG   GST_POLL gstpoll.c:980:gst_poll_fd_ctl_write: 0x5579ae6e1cf0: fd (fd:0, idx:1), active : 1
0:00:00.020756545  2726 0x56364215b320 DEBUG   structure gststructure.c:2258:gst_structure_parse_field: trying field name 'klass'
