0:00:00.022151132  2726 0x56364215b320 DEBUG   structure gststructure.c:2258:gst_structure_parse_field: trying field name 'klass'
0:00:00.017698523  2727 0x5579ae6bd320 DEBUG   GST_POLL gstpoll.c:980:gst_poll_fd_ctl_write: 0x5579ae6e1cf0: fd (fd:0, idx:1), active : 1
0:00:00.022157246  2726 0x56364215b320 DEBUG   default gstvalue.c:2776:_priv_gst_value_parse_value: trying type name 'string'
0:00:00.017705214  2727 0x5579ae6bd320 LOG   GST_POLL gstpoll.c:994:gst_poll_fd_ctl_write: 0x5579ae6e1cf0: pfd->events now 60 (POLLOUT:4)
0:00:00.022164674  2726 0x56364215b320 DEBUG   structure gststructure.c:2258:gst_structure_parse_field: trying field name 'description'
0:00:00.017712162  2727 0x5579ae6bd320 DEBUG   GST_POLL gstpoll.c:980:gst_poll_fd_ctl_write: 0x5579ae6e1cf0: fd (fd:0, idx:1), active : 1
0:00:00.022171271  2726 0x56364215b320 DEBUG   default gstvalue.c:2776:_priv_gst_value_parse_value: trying type name 'string'
0:00:00.017718667  2727 0x5579ae6bd320 LOG   GST_POLL gstpoll.c:994:gst_poll_fd_ctl_write: 0x5579ae6e1cf0: pfd->events now 60 (POLLOUT:4)
0:00:00.022178679  2726 0x56364215b320 DEBUG   structure gststructure.c:2258:gst_structure_parse_field: trying field name 'author'
0:00:00.017725558  2727 0x5579ae6bd320 DEBUG   GST_POLL gstpoll.c:980:gst_poll_fd_ctl_write: 0x5579ae6e1cf0: fd (fd:0, idx:1), active : 1
0:00:00.022185099  2726 0x56364215b320 DEBUG   default gstvalue.c:2776:_priv_gst_value_parse_value: trying type name 'string'
0:00:00.017732056  2727 0x5579ae6bd320 LOG   GST_POLL gstpoll.c:994:gst_poll_fd_ctl_write: 0x5579ae6e1cf0: pfd->events now 60 (POLLOUT:4)
0:00:00.022192954  2726 0x56364215b320 DEBUG   GST_REGISTRY gstregistrychunks.c:626:gst_registry_chunks_load_feature: Element factory : npadtemplates=1
0:00:00.017742583  2727 0x5579ae6bd320 DEBUG   GST_POLL gstpoll.c:980:gst_poll_fd_ctl_write: 0x5579ae6e1cf0: fd (fd:0, idx:1), active : 1
0:00:00.017749106  2727 0x5579ae6bd320 LOG   GST_POLL gstpoll.c:994:gst_poll_fd_ctl_write: 0x5579ae6e1cf0: pfd->events now 60 (POLLOUT:4)
0:00:00.022206419  2726 0x56364215b320 DEBUG   GST_REGISTRY gstregistrychunks.c:526:gst_registry_chunks_load_pad_template: Reading/casting for GstRegistryChunkPadTemplate at address 0x563642182f70
0:00:00.017755486  2727 0x5579ae6bd320 DEBUG   GST_POLL gstpoll.c:980:gst_poll_fd_ctl_write: 0x5579ae6e1cf0: fd (fd:0, idx:1), active : 1
0:00:00.022214139  2726 0x56364215b320 DEBUG   GST_REGISTRY gstregistrychunks.c:539:gst_registry_chunks_load_pad_template: Added pad_template src
0:00:00.017762149  2727 0x5579ae6bd320 LOG   GST_POLL gstpoll.c:994:gst_poll_fd_ctl_write: 0x5579ae6e1cf0: pfd->events now 60 (POLLOUT:4)
0:00:00.022222764  2726 0x56364215b320 DEBUG   GST_REGISTRY gstregistry.c:590:gst_registry_add_feature: adding feature 0x56364218d530 (fakesrc)
0:00:00.017769058  2727 0x5579ae6bd320 DEBUG   GST_POLL gstpoll.c:980:gst_poll_fd_ctl_write: 0x5579ae6e1cf0: fd (fd:0, idx:1), active : 1
0:00:00.022229329  2726 0x56364215b320 DEBUG   GST_REFCOUNTING gstobject.c:709:gst_object_set_parent: set parent (ref and sink)
0:00:00.017775716  2727 0x5579ae6bd320 LOG   GST_POLL gstpoll.c:994:gst_poll_fd_ctl_write: 0x5579ae6e1cf0: pfd->events now 60 (POLLOUT:4)
0:00:00.022237189  2726 0x56364215b320 TRACE   GST_REFCOUNTING gstobject.c:294:gst_object_ref_sink: 0x56364218d530 ref_sink 1->2
0:00:00.017782666  2727 0x5579ae6bd320 DEBUG   GST_POLL gstpoll.c:980:gst_poll_fd_ctl_write: 0x5579ae6e1cf0: fd (fd:0, idx:1), active : 1
0:00:00.022244172  2726 0x56364215b320 LOG   GST_REGISTRY gstregistry.c:608:gst_registry_add_feature: emitting feature-added for fakesrc
0:00:00.017789392  2727 0x5579ae6bd320 LOG   GST_POLL gstpoll.c:994:gst_poll_fd_ctl_write: 0x5579ae6e1cf0: pfd->events now 60 (POLLOUT:4)
0:00:00.022251178  2726 0x56364215b320 DEBUG   GST_REGISTRY gstregistrychunks.c:741:gst_registry_chunks_load_feature: Added feature fakesrc, plugin 0x56364218acf0 coreelements
0:00:00.017796303  2727 0x5579ae6bd320 DEBUG   GST_POLL gstpoll.c:980:gst_poll_fd_ctl_write: 0x5579ae6e1cf0: fd (fd:0, idx:1), active : 1
0:00:00.022257893  2726 0x56364215b320 DEBUG   GST_REGISTRY gstregistrychunks.c:583:gst_registry_chunks_load_feature: Plugin 'coreelements' feature 'downloadbuffer' typename : 'GstElementFactory'
0:00:00.017802707  2727 0x5579ae6bd320 LOG   GST_POLL gstpoll.c:994:gst_poll_fd_ctl_write: 0x5579ae6e1cf0: pfd->events now 60 (POLLOUT:4)
0:00:00.022265933  2726 0x56364215b320 TRACE   GST_REFCOUNTING gstobject.c:208:gst_object_init: 0x56364218da70 new
0:00:00.017810056  2727 0x5579ae6bd320 DEBUG   GST_POLL gstpoll.c:980:gst_poll_fd_ctl_write: 0x5579ae6e1cf0: fd (fd:0, idx:1), active : 1
0:00:00.022273870  2726 0x56364215b320 LOG   GST_REGISTRY gstregistrychunks.c:610:gst_registry_chunks_load_feature: Reading/casting for GstRegistryChunkElementFactory at address 0x563642182fa8
0:00:00.017818184  2727 0x5579ae6bd320 LOG   GST_POLL gstpoll.c:994:gst_poll_fd_ctl_write: 0x5579ae6e1cf0: pfd->events now 60 (POLLOUT:4)
0:00:00.022284988  2726 0x56364215b320 TRACE   structure gststructure.c:292:gst_structure_new_id_empty_with_size: created structure 0x56364218dd70
0:00:00.017830386  2727 0x5579ae6bd320 DEBUG   GST_POLL gstpoll.c:980:gst_poll_fd_ctl_write: 0x5579ae6e1cf0: fd (fd:0, idx:1), active : 1
0:00:00.022291408  2726 0x56364215b320 DEBUG   structure gststructure.c:2258:gst_structure_parse_field: trying field name 'long-name'
0:00:00.017836767  2727 0x5579ae6bd320 LOG   GST_POLL gstpoll.c:994:gst_poll_fd_ctl_write: 0x5579ae6e1cf0: pfd->events now 60 (POLLOUT:4)
0:00:00.022297824  2726 0x56364215b320 DEBUG   default gstvalue.c:2776:_priv_gst_value_parse_value: trying type name 'string'
0:00:00.017843527  2727 0x5579ae6bd320 DEBUG   GST_POLL gstpoll.c:980:gst_poll_fd_ctl_write: 0x5579ae6e1cf0: fd (fd:0, idx:1), active : 1
0:00:00.022305141  2726 0x56364215b320 DEBUG   structure gststructure.c:2258:gst_structure_parse_field: trying field name 'klass'
0:00:00.017849883  2727 0x5579ae6bd320 LOG   GST_POLL gstpoll.c:994:gst_poll_fd_ctl_write: 0x5579ae6e1cf0: pfd->events now 60 (POLLOUT:4)
0:00:00.022311349  2726 0x56364215b320 DEBUG   default gstvalue.c:2776:_priv_gst_value_parse_value: trying type name 'string'
0:00:00.017857378  2727 0x5579ae6bd320 DEBUG   GST_POLL gstpoll.c:980:gst_poll_fd_ctl_write: 0x5579ae6e1cf0: fd (fd:0, idx:1), active : 1
0:00:00.022318236  2726 0x56364215b320 DEBUG   structure gststructure.c:2258:gst_structure_parse_field: trying field name 'description'
0:00:00.017863607  2727 0x5579ae6bd320 LOG   GST_POLL gstpoll.c:994:gst_poll_fd_ctl_write: 0x5579ae6e1cf0: pfd->events now 60 (POLLOUT:4)
0:00:00.022324468  2726 0x56364215b320 DEBUG   default gstvalue.c:2776:_priv_gst_value_parse_value: trying type name 'string'
0:00:00.017870440  2727 0x5579ae6bd320 DEBUG   GST_POLL gstpoll.c:980:gst_poll_fd_ctl_write: 0x5579ae6e1cf0: fd (fd:0, idx:1), active : 1
0:00:00.022331570  2726 0x56364215b320 DEBUG   structure gststructure.c:2258:gst_structure_parse_field: trying field name 'author'
0:00:00.017877001  2727 0x5579ae6bd320 LOG   GST_POLL gstpoll.c:994:gst_poll_fd_ctl_write: 0x5579ae6e1cf0: pfd->events now 60 (POLLOUT:4)
0:00:00.017883845  2727 0x5579ae6bd320 DEBUG   GST_POLL gstpoll.c:980:gst_poll_fd_ctl_write: 0x5579ae6e1cf0: fd (fd:0, idx:1), active : 1
0:00:00.022342696  2726 0x56364215b320 DEBUG   default gstvalue.c:2776:_priv_gst_value_parse_value: trying type name 'string'
0:00:00.017889945  2727 0x5579ae6bd320 LOG   GST_POLL gstpoll.c:994:gst_poll_fd_ctl_write: 0x5579ae6e1cf0: pfd->events now 60 (POLLOUT:4)
0:00:00.022350284  2726 0x56364215b320 DEBUG   GST_REGISTRY gstregistrychunks.c:626:gst_registry_chunks_load_feature: Element factory : npadtemplates=2
0:00:00.017896747  2727 0x5579ae6bd320 DEBUG   GST_POLL gstpoll.c:980:gst_poll_fd_ctl_write: 0x5579ae6e1cf0: fd (fd:0, idx:1), active : 1
0:00:00.022356429  2726 0x56364215b320 DEBUG   GST_REGISTRY gstregistrychunks.c:526:gst_registry_chunks_load_pad_template: Reading/casting for GstRegistryChunkPadTemplate at address 0x563642183070
0:00:00.017907135  2727 0x5579ae6bd320 LOG   GST_POLL gstpoll.c:994:gst_poll_fd_ctl_write: 0x5579ae6e1cf0: pfd->events now 60 (POLLOUT:4)
0:00:00.022366146  2726 0x56364215b320 DEBUG   GST_REGISTRY gstregistrychunks.c:539:gst_registry_chunks_load_pad_template: Added pad_template sink
0:00:00.017914143  2727 0x5579ae6bd320 DEBUG   GST_POLL gstpoll.c:980:gst_poll_fd_ctl_write: 0x5579ae6e1cf0: fd (fd:0, idx:1), active : 1
0:00:00.022372534  2726 0x56364215b320 DEBUG   GST_REGISTRY gstregistrychunks.c:526:gst_registry_chunks_load_pad_template: Reading/casting for GstRegistryChunkPadTemplate at address 0x563642183088
0:00:00.017920539  2727 0x5579ae6bd320 LOG   GST_POLL gstpoll.c:994:gst_poll_fd_ctl_write: 0x5579ae6e1cf0: pfd->events now 60 (POLLOUT:4)
0:00:00.022379589  2726 0x56364215b320 DEBUG   GST_REGISTRY gstregistrychunks.c:539:gst_registry_chunks_load_pad_template: Added pad_template src
0:00:00.017927519  2727 0x5579ae6bd320 DEBUG   GST_POLL gstpoll.c:980:gst_poll_fd_ctl_write: 0x5579ae6e1cf0: fd (fd:0, idx:1), active : 1
0:00:00.022388043  2726 0x56364215b320 DEBUG   GST_REGISTRY gstregistry.c:590:gst_registry_add_feature: adding feature 0x56364218da70 (downloadbuffer)
0:00:00.017933994  2727 0x5579ae6bd320 LOG   GST_POLL gstpoll.c:994:gst_poll_fd_ctl_write: 0x5579ae6e1cf0: pfd->events now 60 (POLLOUT:4)
0:00:00.022394631  2726 0x56364215b320 DEBUG   GST_REFCOUNTING gstobject.c:709:gst_object_set_parent: set parent (ref and sink)
0:00:00.017940848  2727 0x5579ae6bd320 DEBUG   GST_POLL gstpoll.c:980:gst_poll_fd_ctl_write: 0x5579ae6e1cf0: fd (fd:0, idx:1), active : 1
0:00:00.022402374  2726 0x56364215b320 TRACE   GST_REFCOUNTING gstobject.c:294:gst_object_ref_sink: 0x56364218da70 ref_sink 1->2
0:00:00.017947426  2727 0x5579ae6bd320 LOG   GST_POLL gstpoll.c:994:gst_poll_fd_ctl_write: 0x5579ae6e1cf0: pfd->events now 60 (POLLOUT:4)
0:00:00.022409430  2726 0x56364215b320 LOG   GST_REGISTRY gstregistry.c:608:gst_registry_add_feature: emitting feature-added for downloadbuffer
0:00:00.017955031  2727 0x5579ae6bd320 DEBUG   GST_POLL gstpoll.c:980:gst_poll_fd_ctl_write: 0x5579ae6e1cf0: fd (fd:0, idx:1), active : 1
0:00:00.022416502  2726 0x56364215b320 DEBUG   GST_REGISTRY gstregistrychunks.c:741:gst_registry_chunks_load_feature: Added feature downloadbuffer, plugin 0x56364218acf0 coreelements
0:00:00.017961667  2727 0x5579ae6bd320 LOG   GST_POLL gstpoll.c:994:gst_poll_fd_ctl_write: 0x5579ae6e1cf0: pfd->events now 60 (POLLOUT:4)
0:00:00.022424243  2726 0x56364215b320 DEBUG   GST_REGISTRY gstregistrychunks.c:583:gst_registry_chunks_load_feature: Plugin 'coreelements' feature 'dataurisrc' typename : 'GstElementFactory'
0:00:00.017969583  2727 0x5579ae6bd320 DEBUG   GST_POLL gstpoll.c:980:gst_poll_fd_ctl_write: 0x5579ae6e1cf0: fd (fd:0, idx:1), active : 1
0:00:00.022432179  2726 0x56364215b320 TRACE   GST_REFCOUNTING gstobject.c:208:gst_object_init: 0x56364218e250 new
0:00:00.017975928  2727 0x5579ae6bd320 LOG   GST_POLL gstpoll.c:994:gst_poll_fd_ctl_write: 0x5579ae6e1cf0: pfd->events now 60 (POLLOUT:4)
0:00:00.022440339  2726 0x56364215b320 LOG   GST_REGISTRY gstregistrychunks.c:610:gst_registry_chunks_load_feature: Reading/casting for GstRegistryChunkElementFactory at address 0x5636421830b8
0:00:00.017988936  2727 0x5579ae6bd320 DEBUG   GST_POLL gstpoll.c:980:gst_poll_fd_ctl_write: 0x5579ae6e1cf0: fd (fd:0, idx:1), active : 1
0:00:00.022448100  2726 0x56364215b320 TRACE   structure gststructure.c:292:gst_structure_new_id_empty_with_size: created structure 0x56364218e560
0:00:00.017995548  2727 0x5579ae6bd320 LOG   GST_POLL gstpoll.c:994:gst_poll_fd_ctl_write: 0x5579ae6e1cf0: pfd->events now 60 (POLLOUT:4)
0:00:00.022454514  2726 0x56364215b320 DEBUG   structure gststructure.c:2258:gst_structure_parse_field: trying field name 'long-name'
0:00:00.018002613  2727 0x5579ae6bd320 DEBUG   GST_POLL gstpoll.c:980:gst_poll_fd_ctl_write: 0x5579ae6e1cf0: fd (fd:0, idx:1), active : 1
0:00:00.022461327  2726 0x56364215b320 DEBUG   default gstvalue.c:2776:_priv_gst_value_parse_value: trying type name 'string'
0:00:00.018009051  2727 0x5579ae6bd320 LOG   GST_POLL gstpoll.c:994:gst_poll_fd_ctl_write: 0x5579ae6e1cf0: pfd->events now 60 (POLLOUT:4)
0:00:00.022468968  2726 0x56364215b320 DEBUG   structure gststructure.c:2258:gst_structure_parse_field: trying field name 'klass'
0:00:00.018016101  2727 0x5579ae6bd320 DEBUG   GST_POLL gstpoll.c:980:gst_poll_fd_ctl_write: 0x5579ae6e1cf0: fd (fd:0, idx:1), active : 1
0:00:00.022475081  2726 0x56364215b320 DEBUG   default gstvalue.c:2776:_priv_gst_value_parse_value: trying type name 'string'
0:00:00.018022626  2727 0x5579ae6bd320 LOG   GST_POLL gstpoll.c:994:gst_poll_fd_ctl_write: 0x5579ae6e1cf0: pfd->events now 60 (POLLOUT:4)
0:00:00.022481992  2726 0x56364215b320 DEBUG   structure gststructure.c:2258:gst_structure_parse_field: trying field name 'description'
0:00:00.018029856  2727 0x5579ae6bd320 LOG   GST_PLUGIN_LOADING gstpluginloader.c:645:put_chunk: Expanding tx buf from 13209 to 17023 for chunk of size 229
0:00:00.022488232  2726 0x56364215b320 DEBUG   default gstvalue.c:2776:_priv_gst_value_parse_value: trying type name 'string'
0:00:00.022497009  2726 0x56364215b320 DEBUG   structure gststructure.c:2258:gst_structure_parse_field: trying field name 'author'
0:00:00.018040643  2727 0x5579ae6bd320 DEBUG   GST_POLL gstpoll.c:980:gst_poll_fd_ctl_write: 0x5579ae6e1cf0: fd (fd:0, idx:1), active : 1
0:00:00.022502674  2726 0x56364215b320 DEBUG   default gstvalue.c:2776:_priv_gst_value_parse_value: trying type name 'string'
0:00:00.018048676  2727 0x5579ae6bd320 LOG   GST_POLL gstpoll.c:994:gst_poll_fd_ctl_write: 0x5579ae6e1cf0: pfd->events now 60 (POLLOUT:4)
0:00:00.022511496  2726 0x56364215b320 DEBUG   GST_REGISTRY gstregistrychunks.c:626:gst_registry_chunks_load_feature: Element factory : npadtemplates=1
0:00:00.018055738  2727 0x5579ae6bd320 DEBUG   GST_POLL gstpoll.c:980:gst_poll_fd_ctl_write: 0x5579ae6e1cf0: fd (fd:0, idx:1), active : 1
0:00:00.022517687  2726 0x56364215b320 DEBUG   GST_REGISTRY gstregistrychunks.c:526:gst_registry_chunks_load_pad_template: Reading/casting for GstRegistryChunkPadTemplate at address 0x5636421831d0
0:00:00.018063405  2727 0x5579ae6bd320 LOG   GST_POLL gstpoll.c:994:gst_poll_fd_ctl_write: 0x5579ae6e1cf0: pfd->events now 60 (POLLOUT:4)
0:00:00.022528081  2726 0x56364215b320 DEBUG   GST_REGISTRY gstregistrychunks.c:539:gst_registry_chunks_load_pad_template: Added pad_template src
0:00:00.018074101  2727 0x5579ae6bd320 DEBUG   GST_POLL gstpoll.c:980:gst_poll_fd_ctl_write: 0x5579ae6e1cf0: fd (fd:0, idx:1), active : 1
0:00:00.022534928  2726 0x56364215b320 DEBUG   GST_REGISTRY gstregistrychunks.c:639:gst_registry_chunks_load_feature: Reading 1 UriTypes at address 0x5636421831e0
0:00:00.018080734  2727 0x5579ae6bd320 LOG   GST_POLL gstpoll.c:994:gst_poll_fd_ctl_write: 0x5579ae6e1cf0: pfd->events now 60 (POLLOUT:4)
0:00:00.022541953  2726 0x56364215b320 DEBUG   GST_REGISTRY gstregistrychunks.c:654:gst_registry_chunks_load_feature: Reading 1 Interfaces at address 0x5636421831e9
0:00:00.018087650  2727 0x5579ae6bd320 DEBUG   GST_POLL gstpoll.c:980:gst_poll_fd_ctl_write: 0x5579ae6e1cf0: fd (fd:0, idx:1), active : 1
0:00:00.022550463  2726 0x56364215b320 DEBUG   GST_REGISTRY gstregistry.c:590:gst_registry_add_feature: adding feature 0x56364218e250 (dataurisrc)
0:00:00.018094211  2727 0x5579ae6bd320 LOG   GST_POLL gstpoll.c:994:gst_poll_fd_ctl_write: 0x5579ae6e1cf0: pfd->events now 60 (POLLOUT:4)
0:00:00.022557184  2726 0x56364215b320 DEBUG   GST_REFCOUNTING gstobject.c:709:gst_object_set_parent: set parent (ref and sink)
0:00:00.018103385  2727 0x5579ae6bd320 DEBUG   GST_POLL gstpoll.c:980:gst_poll_fd_ctl_write: 0x5579ae6e1cf0: fd (fd:0, idx:1), active : 1
0:00:00.022564837  2726 0x56364215b320 TRACE   GST_REFCOUNTING gstobject.c:294:gst_object_ref_sink: 0x56364218e250 ref_sink 1->2
0:00:00.018109939  2727 0x5579ae6bd320 LOG   GST_POLL gstpoll.c:994:gst_poll_fd_ctl_write: 0x5579ae6e1cf0: pfd->events now 60 (POLLOUT:4)
0:00:00.022571931  2726 0x56364215b320 LOG   GST_REGISTRY gstregistry.c:608:gst_registry_add_feature: emitting feature-added for dataurisrc
0:00:00.018117604  2727 0x5579ae6bd320 DEBUG   GST_POLL gstpoll.c:980:gst_poll_fd_ctl_write: 0x5579ae6e1cf0: fd (fd:0, idx:1), active : 1
0:00:00.022579156  2726 0x56364215b320 DEBUG   GST_REGISTRY gstregistrychunks.c:741:gst_registry_chunks_load_feature: Added feature dataurisrc, plugin 0x56364218acf0 coreelements
0:00:00.018124094  2727 0x5579ae6bd320 LOG   GST_POLL gstpoll.c:994:gst_poll_fd_ctl_write: 0x5579ae6e1cf0: pfd->events now 60 (POLLOUT:4)
0:00:00.022586080  2726 0x56364215b320 DEBUG   GST_REGISTRY gstregistrychunks.c:583:gst_registry_chunks_load_feature: Plugin 'coreelements' feature 'concat' typename : 'GstElementFactory'
0:00:00.018131356  2727 0x5579ae6bd320 DEBUG   GST_POLL gstpoll.c:980:gst_poll_fd_ctl_write: 0x5579ae6e1cf0: fd (fd:0, idx:1), active : 1
0:00:00.022593827  2726 0x56364215b320 TRACE   GST_REFCOUNTING gstobject.c:208:gst_object_init: 0x56364218eca0 new
0:00:00.018137886  2727 0x5579ae6bd320 LOG   GST_POLL gstpoll.c:994:gst_poll_fd_ctl_write: 0x5579ae6e1cf0: pfd->events now 60 (POLLOUT:4)
0:00:00.022602438  2726 0x56364215b320 LOG   GST_REGISTRY gstregistrychunks.c:610:gst_registry_chunks_load_feature: Reading/casting for GstRegistryChunkElementFactory at address 0x563642183210
0:00:00.018150671  2727 0x5579ae6bd320 DEBUG   GST_POLL gstpoll.c:980:gst_poll_fd_ctl_write: 0x5579ae6e1cf0: fd (fd:0, idx:1), active : 1
0:00:00.022609663  2726 0x56364215b320 TRACE   structure gststructure.c:292:gst_structure_new_id_empty_with_size: created structure 0x56364218eed0
0:00:00.018172685  2727 0x5579ae6bd320 LOG   GST_POLL gstpoll.c:994:gst_poll_fd_ctl_write: 0x5579ae6e1cf0: pfd->events now 60 (POLLOUT:4)
0:00:00.022628974  2726 0x56364215b320 DEBUG   structure gststructure.c:2258:gst_structure_parse_field: trying field name 'long-name'
0:00:00.018180278  2727 0x5579ae6bd320 DEBUG   GST_POLL gstpoll.c:980:gst_poll_fd_ctl_write: 0x5579ae6e1cf0: fd (fd:0, idx:1), active : 1
0:00:00.018187748  2727 0x5579ae6bd320 LOG   GST_POLL gstpoll.c:994:gst_poll_fd_ctl_write: 0x5579ae6e1cf0: pfd->events now 60 (POLLOUT:4)
0:00:00.022643882  2726 0x56364215b320 DEBUG   default gstvalue.c:2776:_priv_gst_value_parse_value: trying type name 'string'
0:00:00.018194317  2727 0x5579ae6bd320 DEBUG   GST_POLL gstpoll.c:980:gst_poll_fd_ctl_write: 0x5579ae6e1cf0: fd (fd:0, idx:1), active : 1
0:00:00.018200999  2727 0x5579ae6bd320 LOG   GST_POLL gstpoll.c:994:gst_poll_fd_ctl_write: 0x5579ae6e1cf0: pfd->events now 60 (POLLOUT:4)
0:00:00.022657600  2726 0x56364215b320 DEBUG   structure gststructure.c:2258:gst_structure_parse_field: trying field name 'klass'
0:00:00.018207426  2727 0x5579ae6bd320 DEBUG   GST_POLL gstpoll.c:980:gst_poll_fd_ctl_write: 0x5579ae6e1cf0: fd (fd:0, idx:1), active : 1
0:00:00.022667934  2726 0x56364215b320 DEBUG   default gstvalue.c:2776:_priv_gst_value_parse_value: trying type name 'string'
0:00:00.018213949  2727 0x5579ae6bd320 LOG   GST_POLL gstpoll.c:994:gst_poll_fd_ctl_write: 0x5579ae6e1cf0: pfd->events now 60 (POLLOUT:4)
0:00:00.022675112  2726 0x56364215b320 DEBUG   structure gststructure.c:2258:gst_structure_parse_field: trying field name 'description'
0:00:00.018220838  2727 0x5579ae6bd320 DEBUG   GST_POLL gstpoll.c:980:gst_poll_fd_ctl_write: 0x5579ae6e1cf0: fd (fd:0, idx:1), active : 1
0:00:00.018227416  2727 0x5579ae6bd320 LOG   GST_POLL gstpoll.c:994:gst_poll_fd_ctl_write: 0x5579ae6e1cf0: pfd->events now 60 (POLLOUT:4)
0:00:00.022684793  2726 0x56364215b320 DEBUG   default gstvalue.c:2776:_priv_gst_value_parse_value: trying type name 'string'
0:00:00.018234035  2727 0x5579ae6bd320 DEBUG   GST_POLL gstpoll.c:980:gst_poll_fd_ctl_write: 0x5579ae6e1cf0: fd (fd:0, idx:1), active : 1
0:00:00.022694088  2726 0x56364215b320 DEBUG   structure gststructure.c:2258:gst_structure_parse_field: trying field name 'author'
0:00:00.018240750  2727 0x5579ae6bd320 LOG   GST_POLL gstpoll.c:994:gst_poll_fd_ctl_write: 0x5579ae6e1cf0: pfd->events now 60 (POLLOUT:4)
0:00:00.022700457  2726 0x56364215b320 DEBUG   default gstvalue.c:2776:_priv_gst_value_parse_value: trying type name 'string'
0:00:00.018247663  2727 0x5579ae6bd320 DEBUG   GST_POLL gstpoll.c:980:gst_poll_fd_ctl_write: 0x5579ae6e1cf0: fd (fd:0, idx:1), active : 1
0:00:00.022708360  2726 0x56364215b320 DEBUG   GST_REGISTRY gstregistrychunks.c:626:gst_registry_chunks_load_feature: Element factory : npadtemplates=2
0:00:00.018258263  2727 0x5579ae6bd320 LOG   GST_POLL gstpoll.c:994:gst_poll_fd_ctl_write: 0x5579ae6e1cf0: pfd->events now 60 (POLLOUT:4)
0:00:00.022717381  2726 0x56364215b320 DEBUG   GST_REGISTRY gstregistrychunks.c:526:gst_registry_chunks_load_pad_template: Reading/casting for GstRegistryChunkPadTemplate at address 0x5636421832e8
0:00:00.018265233  2727 0x5579ae6bd320 DEBUG   GST_POLL gstpoll.c:980:gst_poll_fd_ctl_write: 0x5579ae6e1cf0: fd (fd:0, idx:1), active : 1
0:00:00.022723854  2726 0x56364215b320 DEBUG   GST_REGISTRY gstregistrychunks.c:539:gst_registry_chunks_load_pad_template: Added pad_template src
0:00:00.018271829  2727 0x5579ae6bd320 LOG   GST_POLL gstpoll.c:994:gst_poll_fd_ctl_write: 0x5579ae6e1cf0: pfd->events now 60 (POLLOUT:4)
0:00:00.022730733  2726 0x56364215b320 DEBUG   GST_REGISTRY gstregistrychunks.c:526:gst_registry_chunks_load_pad_template: Reading/casting for GstRegistryChunkPadTemplate at address 0x5636421832f8
0:00:00.018278697  2727 0x5579ae6bd320 DEBUG   GST_POLL gstpoll.c:980:gst_poll_fd_ctl_write: 0x5579ae6e1cf0: fd (fd:0, idx:1), active : 1
0:00:00.022737418  2726 0x56364215b320 DEBUG   GST_REGISTRY gstregistrychunks.c:539:gst_registry_chunks_load_pad_template: Added pad_template sink_%u
0:00:00.018285398  2727 0x5579ae6bd320 LOG   GST_POLL gstpoll.c:994:gst_poll_fd_ctl_write: 0x5579ae6e1cf0: pfd->events now 60 (POLLOUT:4)
0:00:00.022747301  2726 0x56364215b320 DEBUG   GST_REGISTRY gstregistry.c:590:gst_registry_add_feature: adding feature 0x56364218eca0 (concat)
0:00:00.018292443  2727 0x5579ae6bd320 DEBUG   GST_POLL gstpoll.c:980:gst_poll_fd_ctl_write: 0x5579ae6e1cf0: fd (fd:0, idx:1), active : 1
0:00:00.022754606  2726 0x56364215b320 DEBUG   GST_REFCOUNTING gstobject.c:709:gst_object_set_parent: set parent (ref and sink)
0:00:00.018299912  2727 0x5579ae6bd320 LOG   GST_POLL gstpoll.c:994:gst_poll_fd_ctl_write: 0x5579ae6e1cf0: pfd->events now 60 (POLLOUT:4)
0:00:00.022762551  2726 0x56364215b320 TRACE   GST_REFCOUNTING gstobject.c:294:gst_object_ref_sink: 0x56364218eca0 ref_sink 1->2
0:00:00.018307855  2727 0x5579ae6bd320 DEBUG   GST_POLL gstpoll.c:980:gst_poll_fd_ctl_write: 0x5579ae6e1cf0: fd (fd:0, idx:1), active : 1
0:00:00.022769810  2726 0x56364215b320 LOG   GST_REGISTRY gstregistry.c:608:gst_registry_add_feature: emitting feature-added for concat
0:00:00.018315373  2727 0x5579ae6bd320 LOG   GST_POLL gstpoll.c:994:gst_poll_fd_ctl_write: 0x5579ae6e1cf0: pfd->events now 60 (POLLOUT:4)
0:00:00.022777131  2726 0x56364215b320 DEBUG   GST_REGISTRY gstregistrychunks.c:741:gst_registry_chunks_load_feature: Added feature concat, plugin 0x56364218acf0 coreelements
0:00:00.018322562  2727 0x5579ae6bd320 DEBUG   GST_POLL gstpoll.c:980:gst_poll_fd_ctl_write: 0x5579ae6e1cf0: fd (fd:0, idx:1), active : 1
0:00:00.022784159  2726 0x56364215b320 DEBUG   GST_REGISTRY gstregistrychunks.c:583:gst_registry_chunks_load_feature: Plugin 'coreelements' feature 'clocksync' typename : 'GstElementFactory'
0:00:00.018329177  2727 0x5579ae6bd320 LOG   GST_POLL gstpoll.c:994:gst_poll_fd_ctl_write: 0x5579ae6e1cf0: pfd->events now 60 (POLLOUT:4)
0:00:00.018341204  2727 0x5579ae6bd320 DEBUG   GST_POLL gstpoll.c:980:gst_poll_fd_ctl_write: 0x5579ae6e1cf0: fd (fd:0, idx:1), active : 1
0:00:00.022797696  2726 0x56364215b320 TRACE   GST_REFCOUNTING gstobject.c:208:gst_object_init: 0x56364218eb50 new
0:00:00.018347588  2727 0x5579ae6bd320 LOG   GST_POLL gstpoll.c:994:gst_poll_fd_ctl_write: 0x5579ae6e1cf0: pfd->events now 60 (POLLOUT:4)
0:00:00.022808269  2726 0x56364215b320 LOG   GST_REGISTRY gstregistrychunks.c:610:gst_registry_chunks_load_feature: Reading/casting for GstRegistryChunkElementFactory at address 0x563642183328
0:00:00.018354708  2727 0x5579ae6bd320 DEBUG   GST_POLL gstpoll.c:980:gst_poll_fd_ctl_write: 0x5579ae6e1cf0: fd (fd:0, idx:1), active : 1
0:00:00.022815378  2726 0x56364215b320 TRACE   structure gststructure.c:292:gst_structure_new_id_empty_with_size: created structure 0x56364218f4a0
0:00:00.018366218  2727 0x5579ae6bd320 LOG   GST_POLL gstpoll.c:994:gst_poll_fd_ctl_write: 0x5579ae6e1cf0: pfd->events now 60 (POLLOUT:4)
0:00:00.022824916  2726 0x56364215b320 DEBUG   structure gststructure.c:2258:gst_structure_parse_field: trying field name 'long-name'
0:00:00.018373500  2727 0x5579ae6bd320 DEBUG   GST_POLL gstpoll.c:980:gst_poll_fd_ctl_write: 0x5579ae6e1cf0: fd (fd:0, idx:1), active : 1
0:00:00.022832098  2726 0x56364215b320 DEBUG   default gstvalue.c:2776:_priv_gst_value_parse_value: trying type name 'string'
0:00:00.018380136  2727 0x5579ae6bd320 LOG   GST_POLL gstpoll.c:994:gst_poll_fd_ctl_write: 0x5579ae6e1cf0: pfd->events now 60 (POLLOUT:4)
0:00:00.022839691  2726 0x56364215b320 DEBUG   structure gststructure.c:2258:gst_structure_parse_field: trying field name 'klass'
0:00:00.018387286  2727 0x5579ae6bd320 DEBUG   GST_POLL gstpoll.c:980:gst_poll_fd_ctl_write: 0x5579ae6e1cf0: fd (fd:0, idx:1), active : 1
0:00:00.022854583  2726 0x56364215b320 DEBUG   default gstvalue.c:2776:_priv_gst_value_parse_value: trying type name 'string'
0:00:00.018400184  2727 0x5579ae6bd320 LOG   GST_POLL gstpoll.c:994:gst_poll_fd_ctl_write: 0x5579ae6e1cf0: pfd->events now 60 (POLLOUT:4)
0:00:00.022861791  2726 0x56364215b320 DEBUG   structure gststructure.c:2258:gst_structure_parse_field: trying field name 'description'
0:00:00.018407044  2727 0x5579ae6bd320 DEBUG   GST_POLL gstpoll.c:980:gst_poll_fd_ctl_write: 0x5579ae6e1cf0: fd (fd:0, idx:1), active : 1
0:00:00.022867950  2726 0x56364215b320 DEBUG   default gstvalue.c:2776:_priv_gst_value_parse_value: trying type name 'string'
0:00:00.018413771  2727 0x5579ae6bd320 LOG   GST_POLL gstpoll.c:994:gst_poll_fd_ctl_write: 0x5579ae6e1cf0: pfd->events now 60 (POLLOUT:4)
0:00:00.022875370  2726 0x56364215b320 DEBUG   structure gststructure.c:2258:gst_structure_parse_field: trying field name 'author'
0:00:00.018420838  2727 0x5579ae6bd320 DEBUG   GST_POLL gstpoll.c:980:gst_poll_fd_ctl_write: 0x5579ae6e1cf0: fd (fd:0, idx:1), active : 1
0:00:00.022881496  2726 0x56364215b320 DEBUG   default gstvalue.c:2776:_priv_gst_value_parse_value: trying type name 'string'
0:00:00.018427399  2727 0x5579ae6bd320 LOG   GST_POLL gstpoll.c:994:gst_poll_fd_ctl_write: 0x5579ae6e1cf0: pfd->events now 60 (POLLOUT:4)
0:00:00.022893772  2726 0x56364215b320 DEBUG   GST_REGISTRY gstregistrychunks.c:626:gst_registry_chunks_load_feature: Element factory : npadtemplates=2
0:00:00.018438735  2727 0x5579ae6bd320 DEBUG   GST_POLL gstpoll.c:980:gst_poll_fd_ctl_write: 0x5579ae6e1cf0: fd (fd:0, idx:1), active : 1
0:00:00.022900256  2726 0x56364215b320 DEBUG   GST_REGISTRY gstregistrychunks.c:526:gst_registry_chunks_load_pad_template: Reading/casting for GstRegistryChunkPadTemplate at address 0x5636421833f8
0:00:00.018446050  2727 0x5579ae6bd320 LOG   GST_POLL gstpoll.c:994:gst_poll_fd_ctl_write: 0x5579ae6e1cf0: pfd->events now 60 (POLLOUT:4)
0:00:00.022906424  2726 0x56364215b320 DEBUG   GST_REGISTRY gstregistrychunks.c:539:gst_registry_chunks_load_pad_template: Added pad_template sink
0:00:00.018452911  2727 0x5579ae6bd320 DEBUG   GST_POLL gstpoll.c:980:gst_poll_fd_ctl_write: 0x5579ae6e1cf0: fd (fd:0, idx:1), active : 1
0:00:00.022913091  2726 0x56364215b320 DEBUG   GST_REGISTRY gstregistrychunks.c:526:gst_registry_chunks_load_pad_template: Reading/casting for GstRegistryChunkPadTemplate at address 0x563642183410
0:00:00.018459497  2727 0x5579ae6bd320 LOG   GST_POLL gstpoll.c:994:gst_poll_fd_ctl_write: 0x5579ae6e1cf0: pfd->events now 60 (POLLOUT:4)
0:00:00.022919251  2726 0x56364215b320 DEBUG   GST_REGISTRY gstregistrychunks.c:539:gst_registry_chunks_load_pad_template: Added pad_template src
0:00:00.018466423  2727 0x5579ae6bd320 DEBUG   GST_POLL gstpoll.c:980:gst_poll_fd_ctl_write: 0x5579ae6e1cf0: fd (fd:0, idx:1), active : 1
0:00:00.022927198  2726 0x56364215b320 DEBUG   GST_REGISTRY gstregistry.c:590:gst_registry_add_feature: adding feature 0x56364218eb50 (clocksync)
0:00:00.018473087  2727 0x5579ae6bd320 LOG   GST_POLL gstpoll.c:994:gst_poll_fd_ctl_write: 0x5579ae6e1cf0: pfd->events now 60 (POLLOUT:4)
0:00:00.022933724  2726 0x56364215b320 DEBUG   GST_REFCOUNTING gstobject.c:709:gst_object_set_parent: set parent (ref and sink)
0:00:00.018480056  2727 0x5579ae6bd320 DEBUG   GST_POLL gstpoll.c:980:gst_poll_fd_ctl_write: 0x5579ae6e1cf0: fd (fd:0, idx:1), active : 1
0:00:00.022941392  2726 0x56364215b320 TRACE   GST_REFCOUNTING gstobject.c:294:gst_object_ref_sink: 0x56364218eb50 ref_sink 1->2
0:00:00.018486678  2727 0x5579ae6bd320 LOG   GST_POLL gstpoll.c:994:gst_poll_fd_ctl_write: 0x5579ae6e1cf0: pfd->events now 60 (POLLOUT:4)
0:00:00.022948317  2726 0x56364215b320 LOG   GST_REGISTRY gstregistry.c:608:gst_registry_add_feature: emitting feature-added for clocksync
0:00:00.018494268  2727 0x5579ae6bd320 DEBUG   GST_POLL gstpoll.c:980:gst_poll_fd_ctl_write: 0x5579ae6e1cf0: fd (fd:0, idx:1), active : 1
0:00:00.022955338  2726 0x56364215b320 DEBUG   GST_REGISTRY gstregistrychunks.c:741:gst_registry_chunks_load_feature: Added feature clocksync, plugin 0x56364218acf0 coreelements
0:00:00.018501010  2727 0x5579ae6bd320 LOG   GST_POLL gstpoll.c:994:gst_poll_fd_ctl_write: 0x5579ae6e1cf0: pfd->events now 60 (POLLOUT:4)
0:00:00.022962309  2726 0x56364215b320 DEBUG   GST_REGISTRY gstregistrychunks.c:583:gst_registry_chunks_load_feature: Plugin 'coreelements' feature 'capsfilter' typename : 'GstElementFactory'
0:00:00.018512493  2727 0x5579ae6bd320 DEBUG   GST_POLL gstpoll.c:980:gst_poll_fd_ctl_write: 0x5579ae6e1cf0: fd (fd:0, idx:1), active : 1
0:00:00.022972791  2726 0x56364215b320 TRACE   GST_REFCOUNTING gstobject.c:208:gst_object_init: 0x56364218fa00 new
0:00:00.018519533  2727 0x5579ae6bd320 LOG   GST_POLL gstpoll.c:994:gst_poll_fd_ctl_write: 0x5579ae6e1cf0: pfd->events now 60 (POLLOUT:4)
0:00:00.022981351  2726 0x56364215b320 LOG   GST_REGISTRY gstregistrychunks.c:610:gst_registry_chunks_load_feature: Reading/casting for GstRegistryChunkElementFactory at address 0x563642183440
0:00:00.018526486  2727 0x5579ae6bd320 DEBUG   GST_POLL gstpoll.c:980:gst_poll_fd_ctl_write: 0x5579ae6e1cf0: fd (fd:0, idx:1), active : 1
0:00:00.022988360  2726 0x56364215b320 TRACE   structure gststructure.c:292:gst_structure_new_id_empty_with_size: created structure 0x56364218fd10
0:00:00.018533670  2727 0x5579ae6bd320 LOG   GST_POLL gstpoll.c:994:gst_poll_fd_ctl_write: 0x5579ae6e1cf0: pfd->events now 60 (POLLOUT:4)
0:00:00.022994684  2726 0x56364215b320 DEBUG   structure gststructure.c:2258:gst_structure_parse_field: trying field name 'long-name'
0:00:00.018540811  2727 0x5579ae6bd320 DEBUG   GST_POLL gstpoll.c:980:gst_poll_fd_ctl_write: 0x5579ae6e1cf0: fd (fd:0, idx:1), active : 1
0:00:00.023000794  2726 0x56364215b320 DEBUG   default gstvalue.c:2776:_priv_gst_value_parse_value: trying type name 'string'
0:00:00.018547630  2727 0x5579ae6bd320 LOG   GST_POLL gstpoll.c:994:gst_poll_fd_ctl_write: 0x5579ae6e1cf0: pfd->events now 60 (POLLOUT:4)
0:00:00.023007544  2726 0x56364215b320 DEBUG   structure gststructure.c:2258:gst_structure_parse_field: trying field name 'klass'
0:00:00.018554651  2727 0x5579ae6bd320 DEBUG   GST_POLL gstpoll.c:980:gst_poll_fd_ctl_write: 0x5579ae6e1cf0: fd (fd:0, idx:1), active : 1
0:00:00.023013688  2726 0x56364215b320 DEBUG   default gstvalue.c:2776:_priv_gst_value_parse_value: trying type name 'string'
0:00:00.018561328  2727 0x5579ae6bd320 LOG   GST_POLL gstpoll.c:994:gst_poll_fd_ctl_write: 0x5579ae6e1cf0: pfd->events now 60 (POLLOUT:4)
0:00:00.023020565  2726 0x56364215b320 DEBUG   structure gststructure.c:2258:gst_structure_parse_field: trying field name 'description'
0:00:00.018568330  2727 0x5579ae6bd320 DEBUG   GST_POLL gstpoll.c:980:gst_poll_fd_ctl_write: 0x5579ae6e1cf0: fd (fd:0, idx:1), active : 1
0:00:00.023027116  2726 0x56364215b320 DEBUG   default gstvalue.c:2776:_priv_gst_value_parse_value: trying type name 'string'
0:00:00.018575066  2727 0x5579ae6bd320 LOG   GST_POLL gstpoll.c:994:gst_poll_fd_ctl_write: 0x5579ae6e1cf0: pfd->events now 60 (POLLOUT:4)
0:00:00.023035336  2726 0x56364215b320 DEBUG   structure gststructure.c:2258:gst_structure_parse_field: trying field name 'author'
0:00:00.018581893  2727 0x5579ae6bd320 DEBUG   GST_POLL gstpoll.c:980:gst_poll_fd_ctl_write: 0x5579ae6e1cf0: fd (fd:0, idx:1), active : 1
0:00:00.023041461  2726 0x56364215b320 DEBUG   default gstvalue.c:2776:_priv_gst_value_parse_value: trying type name 'string'
0:00:00.018592141  2727 0x5579ae6bd320 LOG   GST_POLL gstpoll.c:994:gst_poll_fd_ctl_write: 0x5579ae6e1cf0: pfd->events now 60 (POLLOUT:4)
0:00:00.023052179  2726 0x56364215b320 DEBUG   GST_REGISTRY gstregistrychunks.c:626:gst_registry_chunks_load_feature: Element factory : npadtemplates=2
0:00:00.018599170  2727 0x5579ae6bd320 DEBUG   GST_POLL gstpoll.c:980:gst_poll_fd_ctl_write: 0x5579ae6e1cf0: fd (fd:0, idx:1), active : 1
0:00:00.023058568  2726 0x56364215b320 DEBUG   GST_REGISTRY gstregistrychunks.c:526:gst_registry_chunks_load_pad_template: Reading/casting for GstRegistryChunkPadTemplate at address 0x563642183520
0:00:00.018605765  2727 0x5579ae6bd320 LOG   GST_POLL gstpoll.c:994:gst_poll_fd_ctl_write: 0x5579ae6e1cf0: pfd->events now 60 (POLLOUT:4)
0:00:00.023064756  2726 0x56364215b320 DEBUG   GST_REGISTRY gstregistrychunks.c:539:gst_registry_chunks_load_pad_template: Added pad_template sink
0:00:00.018612758  2727 0x5579ae6bd320 DEBUG   GST_POLL gstpoll.c:980:gst_poll_fd_ctl_write: 0x5579ae6e1cf0: fd (fd:0, idx:1), active : 1
0:00:00.023073601  2726 0x56364215b320 DEBUG   GST_REGISTRY gstregistrychunks.c:526:gst_registry_chunks_load_pad_template: Reading/casting for GstRegistryChunkPadTemplate at address 0x563642183538
0:00:00.018619375  2727 0x5579ae6bd320 LOG   GST_POLL gstpoll.c:994:gst_poll_fd_ctl_write: 0x5579ae6e1cf0: pfd->events now 60 (POLLOUT:4)
0:00:00.023079889  2726 0x56364215b320 DEBUG   GST_REGISTRY gstregistrychunks.c:539:gst_registry_chunks_load_pad_template: Added pad_template src
0:00:00.018626233  2727 0x5579ae6bd320 DEBUG   GST_POLL gstpoll.c:980:gst_poll_fd_ctl_write: 0x5579ae6e1cf0: fd (fd:0, idx:1), active : 1
0:00:00.023087829  2726 0x56364215b320 DEBUG   GST_REGISTRY gstregistry.c:590:gst_registry_add_feature: adding feature 0x56364218fa00 (capsfilter)
0:00:00.018632731  2727 0x5579ae6bd320 LOG   GST_POLL gstpoll.c:994:gst_poll_fd_ctl_write: 0x5579ae6e1cf0: pfd->events now 60 (POLLOUT:4)
0:00:00.023094304  2726 0x56364215b320 DEBUG   GST_REFCOUNTING gstobject.c:709:gst_object_set_parent: set parent (ref and sink)
0:00:00.018640148  2727 0x5579ae6bd320 DEBUG   GST_POLL gstpoll.c:980:gst_poll_fd_ctl_write: 0x5579ae6e1cf0: fd (fd:0, idx:1), active : 1
0:00:00.023101816  2726 0x56364215b320 TRACE   GST_REFCOUNTING gstobject.c:294:gst_object_ref_sink: 0x56364218fa00 ref_sink 1->2
0:00:00.018646712  2727 0x5579ae6bd320 LOG   GST_POLL gstpoll.c:994:gst_poll_fd_ctl_write: 0x5579ae6e1cf0: pfd->events now 60 (POLLOUT:4)
0:00:00.023108919  2726 0x56364215b320 LOG   GST_REGISTRY gstregistry.c:608:gst_registry_add_feature: emitting feature-added for capsfilter
0:00:00.018654803  2727 0x5579ae6bd320 DEBUG   GST_POLL gstpoll.c:980:gst_poll_fd_ctl_write: 0x5579ae6e1cf0: fd (fd:0, idx:1), active : 1
0:00:00.023115755  2726 0x56364215b320 DEBUG   GST_REGISTRY gstregistrychunks.c:741:gst_registry_chunks_load_feature: Added feature capsfilter, plugin 0x56364218acf0 coreelements
0:00:00.018661438  2727 0x5579ae6bd320 LOG   GST_POLL gstpoll.c:994:gst_poll_fd_ctl_write: 0x5579ae6e1cf0: pfd->events now 60 (POLLOUT:4)
0:00:00.023123468  2726 0x56364215b320 LOG   GST_PLUGIN_LOADING gstpluginloader.c:888:handle_rx_packet: marking plugin 0x56364218acf0 as registered as /home/conan/w/prod/BuildSingleReference/.conan/data/gstreamer/1.19.1/_/_/package/7087a3df2991f0089c7fdba3f9b2a18fafecf068/lib/gstreamer-1.0/libgstcoreelements.so
0:00:00.018672030  2727 0x5579ae6bd320 DEBUG   GST_POLL gstpoll.c:980:gst_poll_fd_ctl_write: 0x5579ae6e1cf0: fd (fd:0, idx:1), active : 1
0:00:00.023133580  2726 0x56364215b320 DEBUG   GST_POLL gstpoll.c:1414:gst_poll_wait: 0x563642180920: timeout :0:00:01.000000000
0:00:00.018678910  2727 0x5579ae6bd320 LOG   GST_POLL gstpoll.c:994:gst_poll_fd_ctl_write: 0x5579ae6e1cf0: pfd->events now 60 (POLLOUT:4)
0:00:00.018686048  2727 0x5579ae6bd320 DEBUG   GST_POLL gstpoll.c:980:gst_poll_fd_ctl_write: 0x5579ae6e1cf0: fd (fd:0, idx:1), active : 1
0:00:00.018692212  2727 0x5579ae6bd320 LOG   GST_POLL gstpoll.c:994:gst_poll_fd_ctl_write: 0x5579ae6e1cf0: pfd->events now 60 (POLLOUT:4)
0:00:00.018698551  2727 0x5579ae6bd320 DEBUG   GST_POLL gstpoll.c:980:gst_poll_fd_ctl_write: 0x5579ae6e1cf0: fd (fd:0, idx:1), active : 1
0:00:00.018704669  2727 0x5579ae6bd320 LOG   GST_POLL gstpoll.c:994:gst_poll_fd_ctl_write: 0x5579ae6e1cf0: pfd->events now 60 (POLLOUT:4)
0:00:00.018711011  2727 0x5579ae6bd320 DEBUG   GST_POLL gstpoll.c:980:gst_poll_fd_ctl_write: 0x5579ae6e1cf0: fd (fd:0, idx:1), active : 1
0:00:00.018717141  2727 0x5579ae6bd320 LOG   GST_POLL gstpoll.c:994:gst_poll_fd_ctl_write: 0x5579ae6e1cf0: pfd->events now 60 (POLLOUT:4)
0:00:00.018723451  2727 0x5579ae6bd320 DEBUG   GST_POLL gstpoll.c:980:gst_poll_fd_ctl_write: 0x5579ae6e1cf0: fd (fd:0, idx:1), active : 1
0:00:00.018729520  2727 0x5579ae6bd320 LOG   GST_POLL gstpoll.c:994:gst_poll_fd_ctl_write: 0x5579ae6e1cf0: pfd->events now 60 (POLLOUT:4)
0:00:00.018735995  2727 0x5579ae6bd320 DEBUG   GST_POLL gstpoll.c:980:gst_poll_fd_ctl_write: 0x5579ae6e1cf0: fd (fd:0, idx:1), active : 1
0:00:00.018742187  2727 0x5579ae6bd320 LOG   GST_POLL gstpoll.c:994:gst_poll_fd_ctl_write: 0x5579ae6e1cf0: pfd->events now 60 (POLLOUT:4)
0:00:00.018748653  2727 0x5579ae6bd320 DEBUG   GST_POLL gstpoll.c:980:gst_poll_fd_ctl_write: 0x5579ae6e1cf0: fd (fd:0, idx:1), active : 1
0:00:00.018754764  2727 0x5579ae6bd320 LOG   GST_POLL gstpoll.c:994:gst_poll_fd_ctl_write: 0x5579ae6e1cf0: pfd->events now 60 (POLLOUT:4)
0:00:00.018761094  2727 0x5579ae6bd320 DEBUG   GST_POLL gstpoll.c:980:gst_poll_fd_ctl_write: 0x5579ae6e1cf0: fd (fd:0, idx:1), active : 1
0:00:00.018767230  2727 0x5579ae6bd320 LOG   GST_POLL gstpoll.c:994:gst_poll_fd_ctl_write: 0x5579ae6e1cf0: pfd->events now 60 (POLLOUT:4)
0:00:00.018773595  2727 0x5579ae6bd320 DEBUG   GST_POLL gstpoll.c:980:gst_poll_fd_ctl_write: 0x5579ae6e1cf0: fd (fd:0, idx:1), active : 1
0:00:00.018779651  2727 0x5579ae6bd320 LOG   GST_POLL gstpoll.c:994:gst_poll_fd_ctl_write: 0x5579ae6e1cf0: pfd->events now 60 (POLLOUT:4)
0:00:00.018786045  2727 0x5579ae6bd320 DEBUG   GST_POLL gstpoll.c:980:gst_poll_fd_ctl_write: 0x5579ae6e1cf0: fd (fd:0, idx:1), active : 1
0:00:00.018796021  2727 0x5579ae6bd320 LOG   GST_POLL gstpoll.c:994:gst_poll_fd_ctl_write: 0x5579ae6e1cf0: pfd->events now 60 (POLLOUT:4)
0:00:00.018802513  2727 0x5579ae6bd320 DEBUG   GST_POLL gstpoll.c:980:gst_poll_fd_ctl_write: 0x5579ae6e1cf0: fd (fd:0, idx:1), active : 1
0:00:00.018808612  2727 0x5579ae6bd320 LOG   GST_POLL gstpoll.c:994:gst_poll_fd_ctl_write: 0x5579ae6e1cf0: pfd->events now 60 (POLLOUT:4)
0:00:00.018815093  2727 0x5579ae6bd320 DEBUG   GST_POLL gstpoll.c:980:gst_poll_fd_ctl_write: 0x5579ae6e1cf0: fd (fd:0, idx:1), active : 1
0:00:00.018821238  2727 0x5579ae6bd320 LOG   GST_POLL gstpoll.c:994:gst_poll_fd_ctl_write: 0x5579ae6e1cf0: pfd->events now 60 (POLLOUT:4)
0:00:00.018827598  2727 0x5579ae6bd320 DEBUG   GST_POLL gstpoll.c:980:gst_poll_fd_ctl_write: 0x5579ae6e1cf0: fd (fd:0, idx:1), active : 1
0:00:00.018833741  2727 0x5579ae6bd320 LOG   GST_POLL gstpoll.c:994:gst_poll_fd_ctl_write: 0x5579ae6e1cf0: pfd->events now 60 (POLLOUT:4)
0:00:00.018845762  2727 0x5579ae6bd320 TRACE   GST_REFCOUNTING gstobject.c:265:gst_object_unref: 0x5579ae6e6890 unref 2->1
0:00:00.018853458  2727 0x5579ae6bd320 DEBUG   GST_POLL gstpoll.c:1241:gst_poll_fd_has_error: 0x5579ae6e1cf0: fd (fd:0, idx:1) 0
0:00:00.018859993  2727 0x5579ae6bd320 DEBUG   GST_POLL gstpoll.c:1335:gst_poll_fd_can_write: 0x5579ae6e1cf0: fd (fd:0, idx:1) 1
0:00:00.018866336  2727 0x5579ae6bd320 LOG   GST_PLUGIN_LOADING gstpluginloader.c:689:write_one: Writing packet of size 488 bytes to fd 0
0:00:00.018883623  2727 0x5579ae6bd320 DEBUG   GST_POLL gstpoll.c:1414:gst_poll_wait: 0x5579ae6e1cf0: timeout :0:00:01.000000000
0:00:00.018893578  2727 0x5579ae6bd320 LOG   GST_PLUGIN_LOADING gstpluginloader.c:1027:exchange_packets: Poll res = 2. 6872 bytes pending for write
0:00:00.018900563  2727 0x5579ae6bd320 DEBUG   GST_POLL gstpoll.c:1241:gst_poll_fd_has_error: 0x5579ae6e1cf0: fd (fd:5, idx:2) 0
0:00:00.023361843  2726 0x56364215b320 LOG   GST_PLUGIN_LOADING gstpluginloader.c:1027:exchange_packets: Poll res = 1. 0 bytes pending for write
0:00:00.018907183  2727 0x5579ae6bd320 DEBUG   GST_POLL gstpoll.c:1266:gst_poll_fd_can_read_unlocked: 0x5579ae6e1cf0: fd (fd:5, idx:2) 1
0:00:00.023372415  2726 0x56364215b320 DEBUG   GST_POLL gstpoll.c:1241:gst_poll_fd_has_error: 0x563642180920: fd (fd:8, idx:2) 0
0:00:00.018919327  2727 0x5579ae6bd320 LOG   GST_PLUGIN_LOADING gstpluginloader.c:1005:read_one: No payload to read for 0 length packet type 1 tag 0
0:00:00.023379617  2726 0x56364215b320 DEBUG   GST_POLL gstpoll.c:1266:gst_poll_fd_can_read_unlocked: 0x563642180920: fd (fd:8, idx:2) 1
0:00:00.018926745  2727 0x5579ae6bd320 DEBUG   GST_POLL gstpoll.c:1015:gst_poll_fd_ctl_read_unlocked: 0x5579ae6e1cf0: fd (fd:5, idx:2), active : 0
0:00:00.018934013  2727 0x5579ae6bd320 DEBUG   GST_POLL gstpoll.c:980:gst_poll_fd_ctl_write: 0x5579ae6e1cf0: fd (fd:0, idx:1), active : 1
0:00:00.023391072  2726 0x56364215b320 DEBUG   GST_PLUGIN_LOADING gstpluginloader.c:849:handle_rx_packet: Received plugin details from child w/ tag 2. 476 bytes info
0:00:00.018940324  2727 0x5579ae6bd320 LOG   GST_POLL gstpoll.c:994:gst_poll_fd_ctl_write: 0x5579ae6e1cf0: pfd->events now 60 (POLLOUT:4)
0:00:00.023399665  2726 0x56364215b320 LOG   GST_REGISTRY gstregistrychunks.c:837:_priv_gst_registry_chunks_load_plugin: Reading/casting for GstRegistryChunkPluginElement at address 0x563642181a80
0:00:00.018951878  2727 0x5579ae6bd320 DEBUG   GST_POLL gstpoll.c:1241:gst_poll_fd_has_error: 0x5579ae6e1cf0: fd (fd:0, idx:1) 0
0:00:00.023412701  2726 0x56364215b320 TRACE   GST_REFCOUNTING gstobject.c:208:gst_object_init: 0x5636421901b0 new
0:00:00.018958834  2727 0x5579ae6bd320 DEBUG   GST_POLL gstpoll.c:1335:gst_poll_fd_can_write: 0x5579ae6e1cf0: fd (fd:0, idx:1) 1
0:00:00.018965335  2727 0x5579ae6bd320 LOG   GST_PLUGIN_LOADING gstpluginloader.c:689:write_one: Writing packet of size 6872 bytes to fd 0
0:00:00.023425361  2726 0x56364215b320 LOG   GST_REGISTRY gstregistrychunks.c:858:_priv_gst_registry_chunks_load_plugin: read strings for name='coretracers'
0:00:00.023431994  2726 0x56364215b320 LOG   GST_REGISTRY gstregistrychunks.c:859:_priv_gst_registry_chunks_load_plugin: desc.description='GStreamer core tracers'
0:00:00.018975849  2727 0x5579ae6bd320 DEBUG   GST_POLL gstpoll.c:1414:gst_poll_wait: 0x5579ae6e1cf0: timeout :0:00:01.000000000
0:00:00.023437623  2726 0x56364215b320 LOG   GST_REGISTRY gstregistrychunks.c:860:_priv_gst_registry_chunks_load_plugin: filename='/home/conan/w/prod/BuildSingleReference/.conan/data/gstreamer/1.19.1/_/_/package/7087a3df2991f0089c7fdba3f9b2a18fafecf068/lib/gstreamer-1.0/libgstcoretracers.so'
0:00:00.018985418  2727 0x5579ae6bd320 LOG   GST_PLUGIN_LOADING gstpluginloader.c:1027:exchange_packets: Poll res = 1. 12 bytes pending for write
0:00:00.023443673  2726 0x56364215b320 LOG   GST_REGISTRY gstregistrychunks.c:861:_priv_gst_registry_chunks_load_plugin: desc.version='1.19.1'
0:00:00.018992586  2727 0x5579ae6bd320 DEBUG   GST_POLL gstpoll.c:1241:gst_poll_fd_has_error: 0x5579ae6e1cf0: fd (fd:0, idx:1) 0
0:00:00.023450714  2726 0x56364215b320 LOG   GST_REGISTRY gstregistrychunks.c:862:_priv_gst_registry_chunks_load_plugin: desc.license='LGPL'
0:00:00.018999391  2727 0x5579ae6bd320 DEBUG   GST_POLL gstpoll.c:1335:gst_poll_fd_can_write: 0x5579ae6e1cf0: fd (fd:0, idx:1) 1
0:00:00.023457680  2726 0x56364215b320 LOG   GST_REGISTRY gstregistrychunks.c:863:_priv_gst_registry_chunks_load_plugin: desc.source='gstreamer'
0:00:00.019005811  2727 0x5579ae6bd320 LOG   GST_PLUGIN_LOADING gstpluginloader.c:689:write_one: Writing packet of size 12 bytes to fd 0
0:00:00.023464602  2726 0x56364215b320 LOG   GST_REGISTRY gstregistrychunks.c:864:_priv_gst_registry_chunks_load_plugin: desc.package='GStreamer source release'
0:00:00.023471254  2726 0x56364215b320 LOG   GST_REGISTRY gstregistrychunks.c:865:_priv_gst_registry_chunks_load_plugin: desc.origin='Unknown package origin'
0:00:00.019014371  2727 0x5579ae6bd320 DEBUG   GST_POLL gstpoll.c:980:gst_poll_fd_ctl_write: 0x5579ae6e1cf0: fd (fd:0, idx:1), active : 0
0:00:00.023476502  2726 0x56364215b320 LOG   GST_REGISTRY gstregistrychunks.c:866:_priv_gst_registry_chunks_load_plugin: desc.datetime=2021-06-01
0:00:00.019022639  2727 0x5579ae6bd320 LOG   GST_POLL gstpoll.c:994:gst_poll_fd_ctl_write: 0x5579ae6e1cf0: pfd->events now 56 (POLLOUT:4)
0:00:00.023485806  2726 0x56364215b320 DEBUG   GST_REGISTRY gstregistry.c:449:gst_registry_add_plugin: Replacing existing plugin "/home/conan/w/prod/BuildSingleReference/.conan/data/gstreamer/1.19.1/_/_/package/7087a3df2991f0089c7fdba3f9b2a18fafecf068/lib/gstreamer-1.0/libgstcoretracers.so" 0x563642181000 with new plugin 0x5636421901b0 for filename "/home/conan/w/prod/BuildSingleReference/.conan/data/gstreamer/1.19.1/_/_/package/7087a3df2991f0089c7fdba3f9b2a18fafecf068/lib/gstreamer-1.0/libgstcoretracers.so"
0:00:00.023498686  2726 0x56364215b320 TRACE   GST_REFCOUNTING gstobject.c:265:gst_object_unref: 0x563642181000 unref 1->0
0:00:00.019046281  2727 0x5579ae6bd320 DEBUG   GST_POLL gstpoll.c:772:gst_poll_free: 0x5579ae6e1cf0: freeing
0:00:00.023506849  2726 0x56364215b320 TRACE   GST_REFCOUNTING gstobject.c:381:gst_object_dispose: 0x563642181000 dispose
0:00:00.023516604  2726 0x56364215b320 DEBUG   GST_PLUGIN_LOADING gstplugin.c:136:gst_plugin_finalize: finalizing plugin
0:00:00.023525554  2726 0x56364215b320 TRACE   GST_REFCOUNTING gstobject.c:423:gst_object_finalize: 0x563642181000 finalize
0:00:00.023539510  2726 0x56364215b320 DEBUG   GST_REGISTRY gstregistry.c:474:gst_registry_add_plugin: adding plugin 0x5636421901b0 for filename "/home/conan/w/prod/BuildSingleReference/.conan/data/gstreamer/1.19.1/_/_/package/7087a3df2991f0089c7fdba3f9b2a18fafecf068/lib/gstreamer-1.0/libgstcoretracers.so"
0:00:00.023547026  2726 0x56364215b320 TRACE   GST_REFCOUNTING gstobject.c:294:gst_object_ref_sink: 0x5636421901b0 ref_sink 1->2
0:00:00.023554131  2726 0x56364215b320 LOG   GST_REGISTRY gstregistry.c:487:gst_registry_add_plugin: emitting plugin-added for filename "/home/conan/w/prod/BuildSingleReference/.conan/data/gstreamer/1.19.1/_/_/package/7087a3df2991f0089c7fdba3f9b2a18fafecf068/lib/gstreamer-1.0/libgstcoretracers.so"
0:00:00.023561047  2726 0x56364215b320 DEBUG   GST_REGISTRY gstregistrychunks.c:887:_priv_gst_registry_chunks_load_plugin: Added plugin 'coretracers' plugin with 5 features from binary registry
0:00:00.023567749  2726 0x56364215b320 DEBUG   GST_REGISTRY gstregistrychunks.c:583:gst_registry_chunks_load_feature: Plugin 'coretracers' feature 'leaks' typename : 'GstTracerFactory'
0:00:00.023575770  2726 0x56364215b320 TRACE   GST_REFCOUNTING gstobject.c:208:gst_object_init: 0x563642180ff0 new
0:00:00.023584641  2726 0x56364215b320 DEBUG   GST_REGISTRY gstregistrychunks.c:718:gst_registry_chunks_load_feature: Reading/casting for GstRegistryChunkPluginFeature at address 0x563642181bc8
0:00:00.023592160  2726 0x56364215b320 DEBUG   GST_REGISTRY gstregistry.c:581:gst_registry_add_feature: replacing existing feature 0x563642181390 (leaks)
0:00:00.023599922  2726 0x56364215b320 DEBUG   GST_REGISTRY gstregistry.c:590:gst_registry_add_feature: adding feature 0x563642180ff0 (leaks)
0:00:00.023605796  2726 0x56364215b320 TRACE   GST_REFCOUNTING gstobject.c:788:gst_object_unparent: unparent
0:00:00.023613116  2726 0x56364215b320 TRACE   GST_REFCOUNTING gstobject.c:265:gst_object_unref: 0x563642181390 unref 1->0
0:00:00.023644034  2726 0x56364215b320 TRACE   GST_REFCOUNTING gstobject.c:381:gst_object_dispose: 0x563642181390 dispose
0:00:00.023666512  2726 0x56364215b320 DEBUG   GST_PLUGIN_LOADING gstpluginfeature.c:67:gst_plugin_feature_finalize: finalizing feature 0x563642181390: 'leaks'
0:00:00.023675819  2726 0x56364215b320 TRACE   GST_REFCOUNTING gstobject.c:423:gst_object_finalize: 0x563642181390 finalize
0:00:00.023683071  2726 0x56364215b320 DEBUG   GST_REFCOUNTING gstobject.c:709:gst_object_set_parent: set parent (ref and sink)
0:00:00.023690285  2726 0x56364215b320 TRACE   GST_REFCOUNTING gstobject.c:294:gst_object_ref_sink: 0x563642180ff0 ref_sink 1->2
0:00:00.023696738  2726 0x56364215b320 LOG   GST_REGISTRY gstregistry.c:608:gst_registry_add_feature: emitting feature-added for leaks
0:00:00.023703596  2726 0x56364215b320 DEBUG   GST_REGISTRY gstregistrychunks.c:741:gst_registry_chunks_load_feature: Added feature leaks, plugin 0x5636421901b0 coretracers
0:00:00.023710336  2726 0x56364215b320 DEBUG   GST_REGISTRY gstregistrychunks.c:583:gst_registry_chunks_load_feature: Plugin 'coretracers' feature 'stats' typename : 'GstTracerFactory'
0:00:00.023718604  2726 0x56364215b320 TRACE   GST_REFCOUNTING gstobject.c:208:gst_object_init: 0x563642181390 new
0:00:00.023727187  2726 0x56364215b320 DEBUG   GST_REGISTRY gstregistrychunks.c:718:gst_registry_chunks_load_feature: Reading/casting for GstRegistryChunkPluginFeature at address 0x563642181be8
